2026-05-21 20:42:43.208 9 INFO neutron.db.ovn_revision_numbers_db [None req-aff7448f-8476-4309-9e4c-2da6f8501fe6 d225479571cf494f838b2423f89135fe c630ddfab35443bab7f2b3f6481e28b9 - - default default] Successfully bumped revision number for resource a8e6d796-adcd-469d-a03a-85f8b27753ed (type: security_groups) to 1 /var/lib/openstack/lib/python3.10/site-packages/pycadf/identifier.py:71: UserWarning: Invalid uuid: neutron. To ensure interoperability, identifiers should be a valid uuid. warnings.warn(('Invalid uuid: %s. To ensure interoperability, '
2026-05-21 20:42:43.237 9 INFO neutron.db.ovn_revision_numbers_db [None req-aff7448f-8476-4309-9e4c-2da6f8501fe6 d225479571cf494f838b2423f89135fe c630ddfab35443bab7f2b3f6481e28b9 - - default default] Successfully bumped revision number for resource 29ad061f-5b63-4812-a15a-c85078eaf430 (type: security_group_rules) to 0
2026-05-21 20:42:43.282 9 INFO neutron.db.ovn_revision_numbers_db [None req-aff7448f-8476-4309-9e4c-2da6f8501fe6 d225479571cf494f838b2423f89135fe c630ddfab35443bab7f2b3f6481e28b9 - - default default] Successfully bumped revision number for resource 8c19a21c-c913-4a46-9912-b1cbfb5e12c3 (type: security_group_rules) to 0
2026-05-21 20:42:43.299 9 INFO neutron.db.ovn_revision_numbers_db [None req-aff7448f-8476-4309-9e4c-2da6f8501fe6 d225479571cf494f838b2423f89135fe c630ddfab35443bab7f2b3f6481e28b9 - - default default] Successfully bumped revision number for resource 9e553a90-234c-4933-8284-c7a83e273bd8 (type: security_group_rules) to 0
2026-05-21 20:42:43.348 10 INFO neutron.wsgi [req-b20e830d-29ef-4f41-a261-daa21422dbe0 req-958a7c8c-b992-49e7-b64d-ba758d038fe1 51e5523ab4b0442e84b9e24ac7e4d1ab 05b8d930d0f04709acd11e1d04d24ced - - default default] 10.0.0.222 "GET /v2.0/ports?device_id=9f27008a-471e-48d3-9abd-a80d1ca48674 HTTP/1.1" status: 200 len: 1168 time: 0.0686152
2026-05-21 20:42:43.364 9 INFO neutron.db.ovn_revision_numbers_db [None req-aff7448f-8476-4309-9e4c-2da6f8501fe6 d225479571cf494f838b2423f89135fe c630ddfab35443bab7f2b3f6481e28b9 - - default default] Successfully bumped revision number for resource fd8b775f-6ea8-477c-bb9f-b0187df1ba38 (type: security_group_rules) to 0
2026-05-21 20:42:43.406 10 INFO neutron.wsgi [req-b20e830d-29ef-4f41-a261-daa21422dbe0 req-12897dae-d840-450d-b3ff-ae3c0bd66b39 51e5523ab4b0442e84b9e24ac7e4d1ab 05b8d930d0f04709acd11e1d04d24ced - - default default] 10.0.0.222 "GET /v2.0/security-groups?id=32accfcd-7bd1-402e-ba4c-ee2afc21f845&fields=id&fields=name HTTP/1.1" status: 200 len: 312 time: 0.0495732
2026-05-21 20:42:43.544 9 INFO neutron.wsgi [None req-aff7448f-8476-4309-9e4c-2da6f8501fe6 d225479571cf494f838b2423f89135fe c630ddfab35443bab7f2b3f6481e28b9 - - default default] 10.0.0.170 "GET /v2.0/security-groups?tenant_id=5186c9b0c3d44899b0875db7b536b1d9&name=default HTTP/1.1" status: 200 len: 2996 time: 0.5981617
2026-05-21 20:42:43.548 9 INFO neutron.db.ovn_revision_numbers_db [req-22bc0833-5282-44c7-815d-2b125a94b1b5 req-c6db9282-db50-431e-a290-7c0e067a17f7 69d4311732694ce3beae4333b61e2427 2a9faab92e384d0da575fc126fdc5b0b - - 4e12037ead924f5c973c3cd06db7653e 4e12037ead924f5c973c3cd06db7653e] Successfully bumped revision number for resource c9a47dea-6caf-4219-b7e8-cc91a9ce5d7c (type: ports) to 2
2026-05-21 20:42:43.709 10 WARNING neutron.scheduler.dhcp_agent_scheduler [None req-398b765c-285c-4906-be73-0cfc38a11103 d225479571cf494f838b2423f89135fe c630ddfab35443bab7f2b3f6481e28b9 - - default default] No more DHCP agents
2026-05-21 20:42:43.713 10 WARNING neutron.api.rpc.agentnotifiers.dhcp_rpc_agent_api [None req-398b765c-285c-4906-be73-0cfc38a11103 d225479571cf494f838b2423f89135fe c630ddfab35443bab7f2b3f6481e28b9 - - default default] Unable to schedule network 4932d8c9-7e3a-4d28-9b14-f57e6e03ed0d: no agents available; will retry on subsequent port and subnet creation events.
2026-05-21 20:42:43.806 9 INFO neutron.db.ovn_revision_numbers_db [req-22bc0833-5282-44c7-815d-2b125a94b1b5 req-c6db9282-db50-431e-a290-7c0e067a17f7 69d4311732694ce3beae4333b61e2427 2a9faab92e384d0da575fc126fdc5b0b - - 4e12037ead924f5c973c3cd06db7653e 4e12037ead924f5c973c3cd06db7653e] Successfully bumped revision number for resource c9a47dea-6caf-4219-b7e8-cc91a9ce5d7c (type: ports) to 2
2026-05-21 20:42:43.828 10 INFO neutron.wsgi [None req-2034edba-55e4-49e4-a554-2fdd8cf29859 d225479571cf494f838b2423f89135fe c630ddfab35443bab7f2b3f6481e28b9 - - default default] 10.0.0.170 "DELETE /v2.0/security-groups/a8e6d796-adcd-469d-a03a-85f8b27753ed HTTP/1.1" status: 204 len: 168 time: 0.2787125
2026-05-21 20:42:43.829 9 INFO neutron.wsgi [req-22bc0833-5282-44c7-815d-2b125a94b1b5 req-c6db9282-db50-431e-a290-7c0e067a17f7 69d4311732694ce3beae4333b61e2427 2a9faab92e384d0da575fc126fdc5b0b - - 4e12037ead924f5c973c3cd06db7653e 4e12037ead924f5c973c3cd06db7653e] 199.19.213.31 "PUT /v2.0/ports/c9a47dea-6caf-4219-b7e8-cc91a9ce5d7c HTTP/1.1" status: 200 len: 1376 time: 1.2028968
2026-05-21 20:42:43.867 10 INFO neutron.db.ovn_revision_numbers_db [None req-398b765c-285c-4906-be73-0cfc38a11103 d225479571cf494f838b2423f89135fe c630ddfab35443bab7f2b3f6481e28b9 - - default default] Successfully bumped revision number for resource 99d87711-2f1c-430b-bb41-fd0ea33b2e60 (type: ports) to 1 /var/lib/openstack/lib/python3.10/site-packages/pycadf/identifier.py:71: UserWarning: Invalid uuid: neutron. To ensure interoperability, identifiers should be a valid uuid. warnings.warn(('Invalid uuid: %s. To ensure interoperability, '
2026-05-21 20:42:43.933 9 WARNING neutron.scheduler.dhcp_agent_scheduler [None req-1354b349-28f6-4f56-bafe-f33a12a604a4 d225479571cf494f838b2423f89135fe c630ddfab35443bab7f2b3f6481e28b9 - - default default] No more DHCP agents
2026-05-21 20:42:43.937 9 WARNING neutron.api.rpc.agentnotifiers.dhcp_rpc_agent_api [None req-1354b349-28f6-4f56-bafe-f33a12a604a4 d225479571cf494f838b2423f89135fe c630ddfab35443bab7f2b3f6481e28b9 - - default default] Unable to schedule network 4932d8c9-7e3a-4d28-9b14-f57e6e03ed0d: no agents available; will retry on subsequent port and subnet creation events.
2026-05-21 20:42:43.944 9 INFO neutron.wsgi [req-22bc0833-5282-44c7-815d-2b125a94b1b5 req-97feb5f8-f2eb-431d-982e-28371e3e1675 69d4311732694ce3beae4333b61e2427 2a9faab92e384d0da575fc126fdc5b0b - - 4e12037ead924f5c973c3cd06db7653e 4e12037ead924f5c973c3cd06db7653e] 199.19.213.31 "GET /v2.0/ports?tenant_id=05b8d930d0f04709acd11e1d04d24ced&device_id=9f27008a-471e-48d3-9abd-a80d1ca48674 HTTP/1.1" status: 200 len: 1407 time: 0.0618405
2026-05-21 20:42:43.981 9 INFO neutron.wsgi [req-22bc0833-5282-44c7-815d-2b125a94b1b5 req-46eef66e-7955-4a01-a04d-79947a42271a 69d4311732694ce3beae4333b61e2427 2a9faab92e384d0da575fc126fdc5b0b - - 4e12037ead924f5c973c3cd06db7653e 4e12037ead924f5c973c3cd06db7653e] 199.19.213.31 "GET /v2.0/floatingips?fixed_ip_address=10.100.0.4&port_id=c9a47dea-6caf-4219-b7e8-cc91a9ce5d7c HTTP/1.1" status: 200 len: 217 time: 0.0265000
2026-05-21 20:42:44.028 9 INFO neutron.wsgi [req-22bc0833-5282-44c7-815d-2b125a94b1b5 req-2a99c036-222d-41ce-b8b4-a61aa3069dbc 69d4311732694ce3beae4333b61e2427 2a9faab92e384d0da575fc126fdc5b0b - - 4e12037ead924f5c973c3cd06db7653e 4e12037ead924f5c973c3cd06db7653e] 199.19.213.31 "GET /v2.0/subnets?id=b80ff007-9e4c-47c0-96fe-a66009ee374e HTTP/1.1" status: 200 len: 877 time: 0.0388370
2026-05-21 20:42:44.072 9 INFO neutron.wsgi [req-22bc0833-5282-44c7-815d-2b125a94b1b5 req-a5c68779-e85c-450f-b209-32236773e140 69d4311732694ce3beae4333b61e2427 2a9faab92e384d0da575fc126fdc5b0b - - 4e12037ead924f5c973c3cd06db7653e 4e12037ead924f5c973c3cd06db7653e] 199.19.213.31 "GET /v2.0/ports?network_id=d3d65d0d-a94b-4c11-bbb8-8f137fb98d70&device_owner=network%3Adhcp HTTP/1.1" status: 200 len: 210 time: 0.0361655
2026-05-21 20:42:44.174 9 INFO neutron.wsgi [req-22bc0833-5282-44c7-815d-2b125a94b1b5 req-7fb00874-1baf-4f51-99c9-e8ec70480175 69d4311732694ce3beae4333b61e2427 2a9faab92e384d0da575fc126fdc5b0b - - 4e12037ead924f5c973c3cd06db7653e 4e12037ead924f5c973c3cd06db7653e] 199.19.213.31 "GET /v2.0/networks/d3d65d0d-a94b-4c11-bbb8-8f137fb98d70?fields=segments HTTP/1.1" status: 200 len: 212 time: 0.0932269
2026-05-21 20:42:44.188 9 INFO neutron.db.ovn_revision_numbers_db [None req-1354b349-28f6-4f56-bafe-f33a12a604a4 d225479571cf494f838b2423f89135fe c630ddfab35443bab7f2b3f6481e28b9 - - default default] Successfully bumped revision number for resource 3c03a826-8ac6-4b53-933c-5eb363089d4b (type: ports) to 1
2026-05-21 20:42:44.301 9 INFO neutron.wsgi [req-22bc0833-5282-44c7-815d-2b125a94b1b5 req-3623faed-d61e-44bc-8558-be66d0f9f2e0 69d4311732694ce3beae4333b61e2427 2a9faab92e384d0da575fc126fdc5b0b - - 4e12037ead924f5c973c3cd06db7653e 4e12037ead924f5c973c3cd06db7653e] 199.19.213.31 "GET /v2.0/networks/d3d65d0d-a94b-4c11-bbb8-8f137fb98d70?fields=provider%3Aphysical_network&fields=provider%3Anetwork_type HTTP/1.1" status: 200 len: 277 time: 0.1199071
2026-05-21 20:42:44.401 9 INFO neutron.notifiers.nova [-] Nova event matching ['req-2444c91f-791b-4a19-afad-5d2c544d3ef5'] response: {'name': 'network-changed', 'server_uuid': '9f27008a-471e-48d3-9abd-a80d1ca48674', 'tag': 'c9a47dea-6caf-4219-b7e8-cc91a9ce5d7c', 'status': 'completed', 'code': 200}
2026-05-21 20:42:44.475 10 INFO neutron.plugins.ml2.drivers.ovn.mech_driver.mech_driver [None req-0bc2fed7-fd0f-4b81-82e3-5a2310703042 - - - - - -] OVN reports status up for port: 99d87711-2f1c-430b-bb41-fd0ea33b2e60
2026-05-21 20:42:44.493 9 INFO neutron.wsgi [req-2ef58e88-2aa5-4ac7-b9ff-803c792e5d16 req-9c17cf5a-cc7c-4d2a-99c9-480595ca1ef3 69d4311732694ce3beae4333b61e2427 2a9faab92e384d0da575fc126fdc5b0b - - 4e12037ead924f5c973c3cd06db7653e 4e12037ead924f5c973c3cd06db7653e] 199.19.213.31 "GET /v2.0/ports?tenant_id=05b8d930d0f04709acd11e1d04d24ced&device_id=9f27008a-471e-48d3-9abd-a80d1ca48674 HTTP/1.1" status: 200 len: 1407 time: 0.0672805
2026-05-21 20:42:44.506 10 INFO neutron.plugins.ml2.plugin [None req-0bc2fed7-fd0f-4b81-82e3-5a2310703042 - - - - - -] Attempt 1 to provision port 99d87711-2f1c-430b-bb41-fd0ea33b2e60
2026-05-21 20:42:44.509 9 INFO neutron.plugins.ml2.drivers.ovn.mech_driver.ovsdb.ovsdb_monitor [None req-f2775d54-2d3c-4655-9267-832f7f2b65a6 - - - - - -] Router e701bea9-9c1a-4a02-96ee-e7940e908792 is bound to host instance
2026-05-21 20:42:44.672 9 INFO neutron.wsgi [req-2ef58e88-2aa5-4ac7-b9ff-803c792e5d16 req-c3151772-64be-4422-92dc-184f5072edf2 69d4311732694ce3beae4333b61e2427 2a9faab92e384d0da575fc126fdc5b0b - - 4e12037ead924f5c973c3cd06db7653e 4e12037ead924f5c973c3cd06db7653e] 199.19.213.31 "GET /v2.0/networks?id=d3d65d0d-a94b-4c11-bbb8-8f137fb98d70 HTTP/1.1" status: 200 len: 982 time: 0.1650460
2026-05-21 20:42:44.762 9 INFO neutron.wsgi [req-2ef58e88-2aa5-4ac7-b9ff-803c792e5d16 req-1c6f9453-da64-4b4c-99e9-03392f276068 69d4311732694ce3beae4333b61e2427 2a9faab92e384d0da575fc126fdc5b0b - - 4e12037ead924f5c973c3cd06db7653e 4e12037ead924f5c973c3cd06db7653e] 199.19.213.31 "GET /v2.0/floatingips?fixed_ip_address=10.100.0.4&port_id=c9a47dea-6caf-4219-b7e8-cc91a9ce5d7c HTTP/1.1" status: 200 len: 217 time: 0.0431259
2026-05-21 20:42:44.797 10 INFO neutron.db.ovn_revision_numbers_db [None req-398b765c-285c-4906-be73-0cfc38a11103 d225479571cf494f838b2423f89135fe c630ddfab35443bab7f2b3f6481e28b9 - - default default] Successfully bumped revision number for resource 99d87711-2f1c-430b-bb41-fd0ea33b2e60 (type: router_ports) to 1
2026-05-21 20:42:44.812 9 INFO neutron.wsgi [req-2ef58e88-2aa5-4ac7-b9ff-803c792e5d16 req-0e868381-7b8d-49a4-8397-9ce5300a492e 69d4311732694ce3beae4333b61e2427 2a9faab92e384d0da575fc126fdc5b0b - - 4e12037ead924f5c973c3cd06db7653e 4e12037ead924f5c973c3cd06db7653e] 199.19.213.31 "GET /v2.0/subnets?id=b80ff007-9e4c-47c0-96fe-a66009ee374e HTTP/1.1" status: 200 len: 877 time: 0.0408440
2026-05-21 20:42:44.842 9 INFO neutron.wsgi [req-2ef58e88-2aa5-4ac7-b9ff-803c792e5d16 req-20d48783-2372-4af2-9fd6-d70e09da2ebd 69d4311732694ce3beae4333b61e2427 2a9faab92e384d0da575fc126fdc5b0b - - 4e12037ead924f5c973c3cd06db7653e 4e12037ead924f5c973c3cd06db7653e] 199.19.213.31 "GET /v2.0/ports?network_id=d3d65d0d-a94b-4c11-bbb8-8f137fb98d70&device_owner=network%3Adhcp HTTP/1.1" status: 200 len: 210 time: 0.0193934
2026-05-21 20:42:44.913 10 INFO neutron.wsgi [req-3cf5d95d-e176-4ae7-bf07-296cb3ce0697 req-7cfc1b1e-decc-4b4c-a61f-b6d692ad6af5 51e5523ab4b0442e84b9e24ac7e4d1ab 05b8d930d0f04709acd11e1d04d24ced - - default default] 10.0.0.222 "GET /v2.0/ports?device_id=9f27008a-471e-48d3-9abd-a80d1ca48674 HTTP/1.1" status: 200 len: 1168 time: 0.4295893
2026-05-21 20:42:44.913 10 INFO neutron.db.ovn_revision_numbers_db [None req-398b765c-285c-4906-be73-0cfc38a11103 d225479571cf494f838b2423f89135fe c630ddfab35443bab7f2b3f6481e28b9 - - default default] Successfully bumped revision number for resource e701bea9-9c1a-4a02-96ee-e7940e908792 (type: routers) to 2
2026-05-21 20:42:44.936 10 INFO neutron.wsgi [None req-398b765c-285c-4906-be73-0cfc38a11103 d225479571cf494f838b2423f89135fe c630ddfab35443bab7f2b3f6481e28b9 - - default default] 10.0.0.170 "POST /v2.0/routers HTTP/1.1" status: 201 len: 879 time: 1.7512600
2026-05-21 20:42:44.974 10 INFO neutron.wsgi [req-3cf5d95d-e176-4ae7-bf07-296cb3ce0697 req-be884543-fcef-4b10-94de-34ce8779c694 51e5523ab4b0442e84b9e24ac7e4d1ab 05b8d930d0f04709acd11e1d04d24ced - - default default] 10.0.0.222 "GET /v2.0/security-groups?id=32accfcd-7bd1-402e-ba4c-ee2afc21f845&fields=id&fields=name HTTP/1.1" status: 200 len: 312 time: 0.0528543
2026-05-21 20:42:45.120 9 INFO neutron.wsgi [req-2ef58e88-2aa5-4ac7-b9ff-803c792e5d16 req-fa6c7c2c-1ad9-4fdf-a1e6-6572063aa631 69d4311732694ce3beae4333b61e2427 2a9faab92e384d0da575fc126fdc5b0b - - 4e12037ead924f5c973c3cd06db7653e 4e12037ead924f5c973c3cd06db7653e] 199.19.213.31 "GET /v2.0/networks/d3d65d0d-a94b-4c11-bbb8-8f137fb98d70?fields=segments HTTP/1.1" status: 200 len: 212 time: 0.2688222
2026-05-21 20:42:45.243 9 INFO neutron.wsgi [req-2ef58e88-2aa5-4ac7-b9ff-803c792e5d16 req-79db2715-6d75-40db-84bf-122d7c54bee7 69d4311732694ce3beae4333b61e2427 2a9faab92e384d0da575fc126fdc5b0b - - 4e12037ead924f5c973c3cd06db7653e 4e12037ead924f5c973c3cd06db7653e] 199.19.213.31 "GET /v2.0/networks/d3d65d0d-a94b-4c11-bbb8-8f137fb98d70?fields=provider%3Aphysical_network&fields=provider%3Anetwork_type HTTP/1.1" status: 200 len: 277 time: 0.1157005
2026-05-21 20:42:45.331 9 INFO neutron.plugins.ml2.drivers.ovn.mech_driver.mech_driver [None req-b5e239f1-8ce8-44b3-a5a1-0fa2726ca751 - - - - - -] OVN reports status up for port: 3c03a826-8ac6-4b53-933c-5eb363089d4b
2026-05-21 20:42:45.356 9 INFO neutron.plugins.ml2.plugin [None req-b5e239f1-8ce8-44b3-a5a1-0fa2726ca751 - - - - - -] Attempt 1 to provision port 3c03a826-8ac6-4b53-933c-5eb363089d4b
2026-05-21 20:42:45.385 9 INFO neutron.db.ovn_revision_numbers_db [None req-1354b349-28f6-4f56-bafe-f33a12a604a4 d225479571cf494f838b2423f89135fe c630ddfab35443bab7f2b3f6481e28b9 - - default default] Successfully bumped revision number for resource 3c03a826-8ac6-4b53-933c-5eb363089d4b (type: router_ports) to 1
2026-05-21 20:42:45.399 10 WARNING neutron.scheduler.dhcp_agent_scheduler [None req-c22a9c3c-2faf-4f43-8b57-6a626258f66e d225479571cf494f838b2423f89135fe c630ddfab35443bab7f2b3f6481e28b9 - - default default] No more DHCP agents
2026-05-21 20:42:45.402 10 WARNING neutron.api.rpc.agentnotifiers.dhcp_rpc_agent_api [None req-c22a9c3c-2faf-4f43-8b57-6a626258f66e d225479571cf494f838b2423f89135fe c630ddfab35443bab7f2b3f6481e28b9 - - default default] Unable to schedule network 6de52d32-e15a-4c5d-9d28-60c0396d1262: no agents available; will retry on subsequent port and subnet creation events.
2026-05-21 20:42:45.485 9 INFO neutron.db.ovn_revision_numbers_db [None req-1354b349-28f6-4f56-bafe-f33a12a604a4 d225479571cf494f838b2423f89135fe c630ddfab35443bab7f2b3f6481e28b9 - - default default] Successfully bumped revision number for resource d48b9805-19d7-4e37-9638-380beb6208c2 (type: routers) to 2
2026-05-21 20:42:45.502 9 INFO neutron.wsgi [None req-1354b349-28f6-4f56-bafe-f33a12a604a4 d225479571cf494f838b2423f89135fe c630ddfab35443bab7f2b3f6481e28b9 - - default default] 10.0.0.170 "POST /v2.0/routers HTTP/1.1" status: 201 len: 876 time: 2.2926247
2026-05-21 20:42:45.511 9 INFO neutron.db.ovn_revision_numbers_db [None req-f2775d54-2d3c-4655-9267-832f7f2b65a6 - - - - - -] Successfully bumped revision number for resource 99d87711-2f1c-430b-bb41-fd0ea33b2e60 (type: ports) to 1
2026-05-21 20:42:45.592 10 INFO neutron.db.ovn_revision_numbers_db [None req-c22a9c3c-2faf-4f43-8b57-6a626258f66e d225479571cf494f838b2423f89135fe c630ddfab35443bab7f2b3f6481e28b9 - - default default] Successfully bumped revision number for resource 396cf4dd-1b60-4e41-8b52-0978af449f86 (type: ports) to 1
2026-05-21 20:42:45.711 9 INFO neutron.db.ovn_revision_numbers_db [None req-f2775d54-2d3c-4655-9267-832f7f2b65a6 - - - - - -] Successfully bumped revision number for resource 99d87711-2f1c-430b-bb41-fd0ea33b2e60 (type: router_ports) to 3
2026-05-21 20:42:45.898 9 INFO neutron.db.ovn_revision_numbers_db [None req-f2775d54-2d3c-4655-9267-832f7f2b65a6 - - - - - -] Successfully bumped revision number for resource 99d87711-2f1c-430b-bb41-fd0ea33b2e60 (type: ports) to 2
2026-05-21 20:42:46.115 10 INFO neutron.wsgi [req-dcffef29-b9f6-43fe-96e9-22bfb367b9c3 req-634e7959-d519-4e9a-96d1-28f2fa3a3166 51e5523ab4b0442e84b9e24ac7e4d1ab 05b8d930d0f04709acd11e1d04d24ced - - default default] 10.0.0.222 "GET /v2.0/ports?device_id=9f27008a-471e-48d3-9abd-a80d1ca48674 HTTP/1.1" status: 200 len: 1168 time: 0.0550120
2026-05-21 20:42:46.140 9 INFO neutron.db.ovn_revision_numbers_db [None req-f2775d54-2d3c-4655-9267-832f7f2b65a6 - - - - - -] Successfully bumped revision number for resource 99d87711-2f1c-430b-bb41-fd0ea33b2e60 (type: ports) to 4
2026-05-21 20:42:46.204 10 WARNING neutron.scheduler.dhcp_agent_scheduler [None req-a2b5c8b3-d41d-4077-8ca6-1acbd754dba8 d225479571cf494f838b2423f89135fe c630ddfab35443bab7f2b3f6481e28b9 - - default default] No more DHCP agents
2026-05-21 20:42:46.215 10 WARNING neutron.api.rpc.agentnotifiers.dhcp_rpc_agent_api [None req-a2b5c8b3-d41d-4077-8ca6-1acbd754dba8 d225479571cf494f838b2423f89135fe c630ddfab35443bab7f2b3f6481e28b9 - - default default] Unable to schedule network 029cc365-1e2b-4281-a510-cb202e21d602: no agents available; will retry on subsequent port and subnet creation events.
2026-05-21 20:42:46.224 10 INFO neutron.wsgi [req-dcffef29-b9f6-43fe-96e9-22bfb367b9c3 req-8963bfcf-64d8-4c53-bbd8-37fb27ce053b 51e5523ab4b0442e84b9e24ac7e4d1ab 05b8d930d0f04709acd11e1d04d24ced - - default default] 10.0.0.222 "GET /v2.0/security-groups?id=32accfcd-7bd1-402e-ba4c-ee2afc21f845&fields=id&fields=name HTTP/1.1" status: 200 len: 312 time: 0.0934637
2026-05-21 20:42:46.251 10 INFO neutron.db.ovn_revision_numbers_db [None req-c22a9c3c-2faf-4f43-8b57-6a626258f66e d225479571cf494f838b2423f89135fe c630ddfab35443bab7f2b3f6481e28b9 - - default default] Successfully bumped revision number for resource 396cf4dd-1b60-4e41-8b52-0978af449f86 (type: router_ports) to 1
2026-05-21 20:42:46.335 9 INFO neutron.db.ovn_revision_numbers_db [None req-f2775d54-2d3c-4655-9267-832f7f2b65a6 - - - - - -] Successfully bumped revision number for resource 99d87711-2f1c-430b-bb41-fd0ea33b2e60 (type: router_ports) to 4
2026-05-21 20:42:46.382 9 INFO neutron.plugins.ml2.drivers.ovn.mech_driver.ovsdb.ovsdb_monitor [None req-f2775d54-2d3c-4655-9267-832f7f2b65a6 - - - - - -] Router d48b9805-19d7-4e37-9638-380beb6208c2 is bound to host instance
2026-05-21 20:42:46.412 10 INFO neutron.db.ovn_revision_numbers_db [None req-a2b5c8b3-d41d-4077-8ca6-1acbd754dba8 d225479571cf494f838b2423f89135fe c630ddfab35443bab7f2b3f6481e28b9 - - default default] Successfully bumped revision number for resource 58e12c14-c4d0-4b51-b5fa-22c84a8b5014 (type: ports) to 1
2026-05-21 20:42:46.428 10 INFO neutron.db.ovn_revision_numbers_db [None req-c22a9c3c-2faf-4f43-8b57-6a626258f66e d225479571cf494f838b2423f89135fe c630ddfab35443bab7f2b3f6481e28b9 - - default default] Successfully bumped revision number for resource 396cf4dd-1b60-4e41-8b52-0978af449f86 (type: ports) to 1
2026-05-21 20:42:46.821 9 INFO neutron.db.ovn_revision_numbers_db [None req-f2775d54-2d3c-4655-9267-832f7f2b65a6 - - - - - -] Successfully bumped revision number for resource 3c03a826-8ac6-4b53-933c-5eb363089d4b (type: ports) to 1
2026-05-21 20:42:46.843 10 WARNING neutron.scheduler.dhcp_agent_scheduler [None req-c22a9c3c-2faf-4f43-8b57-6a626258f66e d225479571cf494f838b2423f89135fe c630ddfab35443bab7f2b3f6481e28b9 - - default default] No more DHCP agents
2026-05-21 20:42:46.845 10 WARNING neutron.api.rpc.agentnotifiers.dhcp_rpc_agent_api [None req-c22a9c3c-2faf-4f43-8b57-6a626258f66e d225479571cf494f838b2423f89135fe c630ddfab35443bab7f2b3f6481e28b9 - - default default] Unable to schedule network 6de52d32-e15a-4c5d-9d28-60c0396d1262: no agents available; will retry on subsequent port and subnet creation events.
2026-05-21 20:42:47.255 10 INFO neutron.plugins.ml2.drivers.ovn.mech_driver.mech_driver [None req-0bc2fed7-fd0f-4b81-82e3-5a2310703042 - - - - - -] OVN reports status up for port: 58e12c14-c4d0-4b51-b5fa-22c84a8b5014
2026-05-21 20:42:47.282 10 INFO neutron.plugins.ml2.plugin [None req-0bc2fed7-fd0f-4b81-82e3-5a2310703042 - - - - - -] Attempt 1 to provision port 58e12c14-c4d0-4b51-b5fa-22c84a8b5014
2026-05-21 20:42:47.314 9 INFO neutron.db.ovn_revision_numbers_db [None req-f2775d54-2d3c-4655-9267-832f7f2b65a6 - - - - - -] Successfully bumped revision number for resource 3c03a826-8ac6-4b53-933c-5eb363089d4b (type: router_ports) to 3
2026-05-21 20:42:47.343 10 INFO neutron.db.ovn_revision_numbers_db [None req-a2b5c8b3-d41d-4077-8ca6-1acbd754dba8 d225479571cf494f838b2423f89135fe c630ddfab35443bab7f2b3f6481e28b9 - - default default] Successfully bumped revision number for resource 58e12c14-c4d0-4b51-b5fa-22c84a8b5014 (type: router_ports) to 1
2026-05-21 20:42:47.388 10 INFO neutron.wsgi [req-3a72f552-7402-408d-952a-688b2faeed83 req-2c925b81-d3ca-4ee0-b907-31dce0567786 51e5523ab4b0442e84b9e24ac7e4d1ab 05b8d930d0f04709acd11e1d04d24ced - - default default] 10.0.0.222 "GET /v2.0/ports?device_id=9f27008a-471e-48d3-9abd-a80d1ca48674 HTTP/1.1" status: 200 len: 1168 time: 0.0822427
2026-05-21 20:42:47.507 9 INFO neutron.db.ovn_revision_numbers_db [None req-f2775d54-2d3c-4655-9267-832f7f2b65a6 - - - - - -] Successfully bumped revision number for resource 3c03a826-8ac6-4b53-933c-5eb363089d4b (type: ports) to 2
2026-05-21 20:42:47.516 10 INFO neutron.wsgi [req-3a72f552-7402-408d-952a-688b2faeed83 req-b2d45591-c892-4cfb-b868-ca0fdfd50b14 51e5523ab4b0442e84b9e24ac7e4d1ab 05b8d930d0f04709acd11e1d04d24ced - - default default] 10.0.0.222 "GET /v2.0/security-groups?id=32accfcd-7bd1-402e-ba4c-ee2afc21f845&fields=id&fields=name HTTP/1.1" status: 200 len: 312 time: 0.1138563
2026-05-21 20:42:47.714 10 INFO neutron.db.ovn_revision_numbers_db [None req-a2b5c8b3-d41d-4077-8ca6-1acbd754dba8 d225479571cf494f838b2423f89135fe c630ddfab35443bab7f2b3f6481e28b9 - - default default] Successfully bumped revision number for resource 58e12c14-c4d0-4b51-b5fa-22c84a8b5014 (type: ports) to 1
2026-05-21 20:42:47.794 9 INFO neutron.db.ovn_revision_numbers_db [None req-f2775d54-2d3c-4655-9267-832f7f2b65a6 - - - - - -] Successfully bumped revision number for resource 3c03a826-8ac6-4b53-933c-5eb363089d4b (type: ports) to 4
2026-05-21 20:42:47.984 9 INFO neutron.db.ovn_revision_numbers_db [None req-f2775d54-2d3c-4655-9267-832f7f2b65a6 - - - - - -] Successfully bumped revision number for resource 3c03a826-8ac6-4b53-933c-5eb363089d4b (type: router_ports) to 4
2026-05-21 20:42:48.012 10 WARNING neutron.scheduler.dhcp_agent_scheduler [None req-a2b5c8b3-d41d-4077-8ca6-1acbd754dba8 d225479571cf494f838b2423f89135fe c630ddfab35443bab7f2b3f6481e28b9 - - default default] No more DHCP agents
2026-05-21 20:42:48.017 10 WARNING neutron.api.rpc.agentnotifiers.dhcp_rpc_agent_api [None req-a2b5c8b3-d41d-4077-8ca6-1acbd754dba8 d225479571cf494f838b2423f89135fe c630ddfab35443bab7f2b3f6481e28b9 - - default default] Unable to schedule network 029cc365-1e2b-4281-a510-cb202e21d602: no agents available; will retry on subsequent port and subnet creation events.
2026-05-21 20:42:48.061 10 INFO neutron.db.ovn_revision_numbers_db [None req-0bc2fed7-fd0f-4b81-82e3-5a2310703042 - - - - - -] Successfully bumped revision number for resource 58e12c14-c4d0-4b51-b5fa-22c84a8b5014 (type: ports) to 2
2026-05-21 20:42:48.186 9 INFO neutron.plugins.ml2.drivers.ovn.mech_driver.mech_driver [None req-b5e239f1-8ce8-44b3-a5a1-0fa2726ca751 - - - - - -] OVN reports status up for port: 396cf4dd-1b60-4e41-8b52-0978af449f86
2026-05-21 20:42:48.194 9 INFO neutron.plugins.ml2.plugin [None req-b5e239f1-8ce8-44b3-a5a1-0fa2726ca751 - - - - - -] Attempt 1 to provision port 396cf4dd-1b60-4e41-8b52-0978af449f86
2026-05-21 20:42:48.194 10 INFO neutron.db.ovn_revision_numbers_db [None req-c22a9c3c-2faf-4f43-8b57-6a626258f66e d225479571cf494f838b2423f89135fe c630ddfab35443bab7f2b3f6481e28b9 - - default default] Successfully bumped revision number for resource 396cf4dd-1b60-4e41-8b52-0978af449f86 (type: router_ports) to 1
2026-05-21 20:42:48.196 10 INFO neutron.wsgi [None req-c22a9c3c-2faf-4f43-8b57-6a626258f66e d225479571cf494f838b2423f89135fe c630ddfab35443bab7f2b3f6481e28b9 - - default default] 10.0.0.170 "PUT /v2.0/routers/e701bea9-9c1a-4a02-96ee-e7940e908792/add_router_interface HTTP/1.1" status: 200 len: 503 time: 3.2540884
2026-05-21 20:42:48.214 10 INFO neutron.db.ovn_revision_numbers_db [None req-0bc2fed7-fd0f-4b81-82e3-5a2310703042 - - - - - -] Successfully bumped revision number for resource 58e12c14-c4d0-4b51-b5fa-22c84a8b5014 (type: router_ports) to 2
2026-05-21 20:42:48.518 9 INFO neutron.db.ovn_revision_numbers_db [None req-b5e239f1-8ce8-44b3-a5a1-0fa2726ca751 - - - - - -] Successfully bumped revision number for resource 396cf4dd-1b60-4e41-8b52-0978af449f86 (type: ports) to 2
2026-05-21 20:42:48.643 9 INFO neutron.wsgi [None req-aabd3fd6-a478-4678-aa61-ed5e228fa4ab d225479571cf494f838b2423f89135fe c630ddfab35443bab7f2b3f6481e28b9 - - default default] 10.0.0.74 "GET /v2.0/agents HTTP/1.1" status: 200 len: 997 time: 0.2525365
2026-05-21 20:42:48.644 9 INFO neutron.db.ovn_revision_numbers_db [None req-b5e239f1-8ce8-44b3-a5a1-0fa2726ca751 - - - - - -] Successfully bumped revision number for resource 396cf4dd-1b60-4e41-8b52-0978af449f86 (type: router_ports) to 2
2026-05-21 20:42:48.668 10 INFO neutron.wsgi [req-06ae660d-d5dd-4803-8f11-99027517a43a req-adb0137c-e54c-4788-8827-611cc3a849f2 51e5523ab4b0442e84b9e24ac7e4d1ab 05b8d930d0f04709acd11e1d04d24ced - - default default] 10.0.0.222 "GET /v2.0/ports?device_id=9f27008a-471e-48d3-9abd-a80d1ca48674 HTTP/1.1" status: 200 len: 1168 time: 0.0643246
2026-05-21 20:42:48.705 9 INFO neutron.wsgi [None req-ebb80d09-2aff-48bc-887b-8cc0ca22b037 d225479571cf494f838b2423f89135fe c630ddfab35443bab7f2b3f6481e28b9 - - default default] 10.0.0.74 "GET /v2.0/subnets HTTP/1.1" status: 200 len: 3417 time: 0.0586510
2026-05-21 20:42:48.717 10 INFO neutron.wsgi [req-06ae660d-d5dd-4803-8f11-99027517a43a req-305078e2-4c14-44c8-892c-e8ce2d9c2e15 51e5523ab4b0442e84b9e24ac7e4d1ab 05b8d930d0f04709acd11e1d04d24ced - - default default] 10.0.0.222 "GET /v2.0/security-groups?id=32accfcd-7bd1-402e-ba4c-ee2afc21f845&fields=id&fields=name HTTP/1.1" status: 200 len: 312 time: 0.0437541
2026-05-21 20:42:48.722 9 INFO neutron.wsgi [None req-31eb6aa4-8707-47de-bf5a-776727f34938 d225479571cf494f838b2423f89135fe c630ddfab35443bab7f2b3f6481e28b9 - - default default] 10.0.0.74 "GET /v2.0/subnetpools HTTP/1.1" status: 200 len: 193 time: 0.0144057
2026-05-21 20:42:48.759 10 WARNING neutron_lib.context [None req-b1472601-9856-486f-8f4f-5f5cae0418e1 b23ed2aeb4ef468c8387b5028dab3294 7381fd21785f4b2eabb245df81d17175 - - default default] Method 'is_advsvc' is deprecated since 2023.2 release (neutron-lib 3.8.0) and will be removed once support for the old RBAC API policies will be removed from Neutron. Please use method 'is_service_role' instead.
2026-05-21 20:42:48.804 9 INFO neutron.wsgi [None req-117ccd28-7bbb-4886-bff0-391d0a7c271a d225479571cf494f838b2423f89135fe c630ddfab35443bab7f2b3f6481e28b9 - - default default] 10.0.0.74 "GET /v2.0/ports HTTP/1.1" status: 200 len: 17217 time: 0.0798855
2026-05-21 20:42:48.806 10 INFO neutron.db.ovn_revision_numbers_db [None req-a2b5c8b3-d41d-4077-8ca6-1acbd754dba8 d225479571cf494f838b2423f89135fe c630ddfab35443bab7f2b3f6481e28b9 - - default default] Successfully bumped revision number for resource 58e12c14-c4d0-4b51-b5fa-22c84a8b5014 (type: router_ports) to 2
2026-05-21 20:42:48.808 10 INFO neutron.wsgi [None req-a2b5c8b3-d41d-4077-8ca6-1acbd754dba8 d225479571cf494f838b2423f89135fe c630ddfab35443bab7f2b3f6481e28b9 - - default default] 10.0.0.170 "PUT /v2.0/routers/d48b9805-19d7-4e37-9638-380beb6208c2/add_router_interface HTTP/1.1" status: 200 len: 503 time: 3.2921405
2026-05-21 20:42:48.833 9 INFO neutron.wsgi [None req-4d39b854-01ba-44cf-b4d9-9a4832d7578f d225479571cf494f838b2423f89135fe c630ddfab35443bab7f2b3f6481e28b9 - - default default] 10.0.0.74 "GET /v2.0/network-ip-availabilities HTTP/1.1" status: 200 len: 2732 time: 0.0172806
2026-05-21 20:42:48.865 9 INFO neutron.wsgi [None req-b0a253bc-dd52-4ebf-a6e6-1289c68fa849 d225479571cf494f838b2423f89135fe c630ddfab35443bab7f2b3f6481e28b9 - - default default] 10.0.0.74 "GET /v2.0/floatingips HTTP/1.1" status: 200 len: 730 time: 0.0307543
2026-05-21 20:42:48.868 10 INFO neutron.db.ovn_revision_numbers_db [None req-b1472601-9856-486f-8f4f-5f5cae0418e1 b23ed2aeb4ef468c8387b5028dab3294 7381fd21785f4b2eabb245df81d17175 - - default default] Successfully bumped revision number for resource 3253f66c-9d9a-4928-887f-13ff24794f74 (type: security_groups) to 1
2026-05-21 20:42:48.886 10 INFO neutron.db.ovn_revision_numbers_db [None req-b1472601-9856-486f-8f4f-5f5cae0418e1 b23ed2aeb4ef468c8387b5028dab3294 7381fd21785f4b2eabb245df81d17175 - - default default] Successfully bumped revision number for resource 80f57d3a-a124-4beb-90ca-14e1e95c18f0 (type: security_group_rules) to 0
2026-05-21 20:42:48.898 10 INFO neutron.db.ovn_revision_numbers_db [None req-b1472601-9856-486f-8f4f-5f5cae0418e1 b23ed2aeb4ef468c8387b5028dab3294 7381fd21785f4b2eabb245df81d17175 - - default default] Successfully bumped revision number for resource f4564a3e-4693-415f-a1e5-99c770eb0f7b (type: security_group_rules) to 0
2026-05-21 20:42:48.928 10 INFO neutron.wsgi [None req-b1472601-9856-486f-8f4f-5f5cae0418e1 b23ed2aeb4ef468c8387b5028dab3294 7381fd21785f4b2eabb245df81d17175 - - default default] 10.0.0.170 "POST /v2.0/security-groups HTTP/1.1" status: 201 len: 1796 time: 0.1739237
2026-05-21 20:42:48.928 9 INFO neutron.wsgi [None req-ef068724-b9f0-45ca-93b1-3f4a9596b64c d225479571cf494f838b2423f89135fe c630ddfab35443bab7f2b3f6481e28b9 - - default default] 10.0.0.74 "GET /v2.0/networks HTTP/1.1" status: 200 len: 4640 time: 0.0606174
2026-05-21 20:42:48.936 10 WARNING neutron_lib.context [None req-117a2cb6-4e98-47fe-87f8-d90301fb2800 b23ed2aeb4ef468c8387b5028dab3294 7381fd21785f4b2eabb245df81d17175 - - default default] Method 'is_advsvc' is deprecated since 2023.2 release (neutron-lib 3.8.0) and will be removed once support for the old RBAC API policies will be removed from Neutron. Please use method 'is_service_role' instead.
2026-05-21 20:42:48.966 9 INFO neutron.wsgi [None req-d5a9aa9a-6560-41c0-a21b-ea2a91154e43 d225479571cf494f838b2423f89135fe c630ddfab35443bab7f2b3f6481e28b9 - - default default] 10.0.0.74 "GET /v2.0/subnets HTTP/1.1" status: 200 len: 3417 time: 0.0365567
2026-05-21 20:42:49.064 10 INFO neutron.db.ovn_revision_numbers_db [None req-117a2cb6-4e98-47fe-87f8-d90301fb2800 b23ed2aeb4ef468c8387b5028dab3294 7381fd21785f4b2eabb245df81d17175 - - default default] Successfully bumped revision number for resource 4bb9fc7a-5ef0-4342-872a-30ddefbb2a8c (type: security_group_rules) to 0
2026-05-21 20:42:49.086 10 INFO neutron.wsgi [None req-117a2cb6-4e98-47fe-87f8-d90301fb2800 b23ed2aeb4ef468c8387b5028dab3294 7381fd21785f4b2eabb245df81d17175 - - default default] 10.0.0.170 "POST /v2.0/security-group-rules HTTP/1.1" status: 201 len: 764 time: 0.1542983
2026-05-21 20:42:49.095 10 WARNING neutron_lib.context [None req-e58e50bf-6541-4c6e-b8db-a3c3b040c35f b23ed2aeb4ef468c8387b5028dab3294 7381fd21785f4b2eabb245df81d17175 - - default default] Method 'is_advsvc' is deprecated since 2023.2 release (neutron-lib 3.8.0) and will be removed once support for the old RBAC API policies will be removed from Neutron. Please use method 'is_service_role' instead.
2026-05-21 20:42:49.103 9 INFO neutron.wsgi [None req-074273e9-cf96-47fe-aa57-ea5af90a3bea d225479571cf494f838b2423f89135fe c630ddfab35443bab7f2b3f6481e28b9 - - default default] 10.0.0.74 "GET /v2.0/routers HTTP/1.1" status: 200 len: 2220 time: 0.1340327
2026-05-21 20:42:49.118 9 INFO neutron.wsgi [None req-6bbf08c7-bd4f-4ab1-9556-110d02418114 d225479571cf494f838b2423f89135fe c630ddfab35443bab7f2b3f6481e28b9 - - default default] 10.0.0.74 "GET /v2.0/agents?binary=ovn-controller HTTP/1.1" status: 200 len: 591 time: 0.0145330
2026-05-21 20:42:49.209 9 INFO neutron.wsgi [None req-19a18680-99c5-48d1-a98a-f218e5bc25e5 d225479571cf494f838b2423f89135fe c630ddfab35443bab7f2b3f6481e28b9 - - default default] 10.0.0.74 "GET /v2.0/security-groups HTTP/1.1" status: 200 len: 30037 time: 0.0875235
2026-05-21 20:42:49.212 9 INFO neutron.db.ovn_revision_numbers_db [None req-a38a96d5-4efa-4a56-92c8-8b667e73e4de d225479571cf494f838b2423f89135fe c630ddfab35443bab7f2b3f6481e28b9 - - default default] Successfully bumped revision number for resource 3408130e-85a7-4f5e-8b13-4b931553447f (type: security_groups) to 1
2026-05-21 20:42:49.222 10 INFO neutron.db.ovn_revision_numbers_db [None req-e58e50bf-6541-4c6e-b8db-a3c3b040c35f b23ed2aeb4ef468c8387b5028dab3294 7381fd21785f4b2eabb245df81d17175 - - default default] Successfully bumped revision number for resource fc78eeb6-3c9d-4c91-aaa1-3da41be1f9f6 (type: security_group_rules) to 0
2026-05-21 20:42:49.227 9 INFO neutron.db.ovn_revision_numbers_db [None req-a38a96d5-4efa-4a56-92c8-8b667e73e4de d225479571cf494f838b2423f89135fe c630ddfab35443bab7f2b3f6481e28b9 - - default default] Successfully bumped revision number for resource 09c0b932-52ae-41a9-abff-538834ee8dcb (type: security_group_rules) to 0
2026-05-21 20:42:49.239 9 INFO neutron.db.ovn_revision_numbers_db [None req-a38a96d5-4efa-4a56-92c8-8b667e73e4de d225479571cf494f838b2423f89135fe c630ddfab35443bab7f2b3f6481e28b9 - - default default] Successfully bumped revision number for resource 0ad25299-0581-4d13-89ec-2ff0145348f1 (type: security_group_rules) to 0
2026-05-21 20:42:49.247 10 INFO neutron.wsgi [None req-e58e50bf-6541-4c6e-b8db-a3c3b040c35f b23ed2aeb4ef468c8387b5028dab3294 7381fd21785f4b2eabb245df81d17175 - - default default] 10.0.0.170 "POST /v2.0/security-group-rules HTTP/1.1" status: 201 len: 769 time: 0.1569357
2026-05-21 20:42:49.252 9 INFO neutron.db.ovn_revision_numbers_db [None req-a38a96d5-4efa-4a56-92c8-8b667e73e4de d225479571cf494f838b2423f89135fe c630ddfab35443bab7f2b3f6481e28b9 - - default default] Successfully bumped revision number for resource 12b41e6d-08da-4056-88c0-aa22187a56fe (type: security_group_rules) to 0
2026-05-21 20:42:49.256 9 WARNING neutron_lib.context [None req-6b94bb33-e092-4e90-bc37-5c6e70be7d34 b23ed2aeb4ef468c8387b5028dab3294 7381fd21785f4b2eabb245df81d17175 - - default default] Method 'is_advsvc' is deprecated since 2023.2 release (neutron-lib 3.8.0) and will be removed once support for the old RBAC API policies will be removed from Neutron. Please use method 'is_service_role' instead.
2026-05-21 20:42:49.270 9 INFO neutron.db.ovn_revision_numbers_db [None req-a38a96d5-4efa-4a56-92c8-8b667e73e4de d225479571cf494f838b2423f89135fe c630ddfab35443bab7f2b3f6481e28b9 - - default default] Successfully bumped revision number for resource 485f6922-3c51-4f70-a4a1-cb71d3d974ab (type: security_group_rules) to 0
2026-05-21 20:42:49.304 10 WARNING neutron_lib.context [None req-a7f5b39d-38f1-464c-83e6-426226c8c8d4 65eb73df730e47fda6bd68ae592ddca0 1792ab2d03b74166bc641d0ab6ea5f60 - - default default] Method 'is_advsvc' is deprecated since 2023.2 release (neutron-lib 3.8.0) and will be removed once support for the old RBAC API policies will be removed from Neutron. Please use method 'is_service_role' instead.
2026-05-21 20:42:49.307 9 INFO neutron.wsgi [None req-a38a96d5-4efa-4a56-92c8-8b667e73e4de d225479571cf494f838b2423f89135fe c630ddfab35443bab7f2b3f6481e28b9 - - default default] 10.0.0.170 "GET /v2.0/security-groups?tenant_id=5091d81c4846430d9c2b9540137f8add&name=default HTTP/1.1" status: 200 len: 2996 time: 0.4661963
2026-05-21 20:42:49.398 10 INFO neutron.db.ovn_revision_numbers_db [None req-a7f5b39d-38f1-464c-83e6-426226c8c8d4 65eb73df730e47fda6bd68ae592ddca0 1792ab2d03b74166bc641d0ab6ea5f60 - - default default] Successfully bumped revision number for resource c562f551-86fa-44da-89d4-491b80588aab (type: security_groups) to 1
2026-05-21 20:42:49.411 10 INFO neutron.db.ovn_revision_numbers_db [None req-a7f5b39d-38f1-464c-83e6-426226c8c8d4 65eb73df730e47fda6bd68ae592ddca0 1792ab2d03b74166bc641d0ab6ea5f60 - - default default] Successfully bumped revision number for resource 5652f81e-333b-48e6-8064-35b6349421a8 (type: security_group_rules) to 0
2026-05-21 20:42:49.425 10 INFO neutron.db.ovn_revision_numbers_db [None req-a7f5b39d-38f1-464c-83e6-426226c8c8d4 65eb73df730e47fda6bd68ae592ddca0 1792ab2d03b74166bc641d0ab6ea5f60 - - default default] Successfully bumped revision number for resource d75c6bb9-1a4f-4be6-be3b-abaa08616563 (type: security_group_rules) to 0
2026-05-21 20:42:49.444 10 INFO neutron.wsgi [None req-a7f5b39d-38f1-464c-83e6-426226c8c8d4 65eb73df730e47fda6bd68ae592ddca0 1792ab2d03b74166bc641d0ab6ea5f60 - - default default] 10.0.0.170 "POST /v2.0/security-groups HTTP/1.1" status: 201 len: 1796 time: 0.1470802
2026-05-21 20:42:49.453 10 WARNING neutron_lib.context [None req-2be7a5ec-f548-4e36-bca2-1321acc3e979 65eb73df730e47fda6bd68ae592ddca0 1792ab2d03b74166bc641d0ab6ea5f60 - - default default] Method 'is_advsvc' is deprecated since 2023.2 release (neutron-lib 3.8.0) and will be removed once support for the old RBAC API policies will be removed from Neutron. Please use method 'is_service_role' instead.
2026-05-21 20:42:49.538 9 WARNING neutron.scheduler.dhcp_agent_scheduler [None req-6b94bb33-e092-4e90-bc37-5c6e70be7d34 b23ed2aeb4ef468c8387b5028dab3294 7381fd21785f4b2eabb245df81d17175 - - default default] No more DHCP agents
2026-05-21 20:42:49.540 9 WARNING neutron.api.rpc.agentnotifiers.dhcp_rpc_agent_api [None req-6b94bb33-e092-4e90-bc37-5c6e70be7d34 b23ed2aeb4ef468c8387b5028dab3294 7381fd21785f4b2eabb245df81d17175 - - default default] Unable to schedule network 4932d8c9-7e3a-4d28-9b14-f57e6e03ed0d: no agents available; will retry on subsequent port and subnet creation events.
2026-05-21 20:42:49.589 9 INFO neutron.wsgi [None req-565d7dcb-bad6-4137-bbcc-320f23052263 d225479571cf494f838b2423f89135fe c630ddfab35443bab7f2b3f6481e28b9 - - default default] 10.0.0.170 "DELETE /v2.0/security-groups/3408130e-85a7-4f5e-8b13-4b931553447f HTTP/1.1" status: 204 len: 168 time: 0.2765887
2026-05-21 20:42:49.599 10 INFO neutron.db.ovn_revision_numbers_db [None req-2be7a5ec-f548-4e36-bca2-1321acc3e979 65eb73df730e47fda6bd68ae592ddca0 1792ab2d03b74166bc641d0ab6ea5f60 - - default default] Successfully bumped revision number for resource 662df012-f916-420d-924b-69347c17f15d (type: security_group_rules) to 0
2026-05-21 20:42:49.624 10 INFO neutron.wsgi [None req-2be7a5ec-f548-4e36-bca2-1321acc3e979 65eb73df730e47fda6bd68ae592ddca0 1792ab2d03b74166bc641d0ab6ea5f60 - - default default] 10.0.0.170 "POST /v2.0/security-group-rules HTTP/1.1" status: 201 len: 764 time: 0.1746125
2026-05-21 20:42:49.633 10 WARNING neutron_lib.context [None req-5ffba60d-f4bc-4221-ac50-4bda577273ed 65eb73df730e47fda6bd68ae592ddca0 1792ab2d03b74166bc641d0ab6ea5f60 - - default default] Method 'is_advsvc' is deprecated since 2023.2 release (neutron-lib 3.8.0) and will be removed once support for the old RBAC API policies will be removed from Neutron. Please use method 'is_service_role' instead.
2026-05-21 20:42:49.761 10 INFO neutron.db.ovn_revision_numbers_db [None req-5ffba60d-f4bc-4221-ac50-4bda577273ed 65eb73df730e47fda6bd68ae592ddca0 1792ab2d03b74166bc641d0ab6ea5f60 - - default default] Successfully bumped revision number for resource c015c7d2-a0ac-42d3-925c-d110e89fdcf1 (type: security_group_rules) to 0
2026-05-21 20:42:49.789 10 INFO neutron.wsgi [None req-5ffba60d-f4bc-4221-ac50-4bda577273ed 65eb73df730e47fda6bd68ae592ddca0 1792ab2d03b74166bc641d0ab6ea5f60 - - default default] 10.0.0.170 "POST /v2.0/security-group-rules HTTP/1.1" status: 201 len: 769 time: 0.1607842
2026-05-21 20:42:49.803 10 WARNING neutron_lib.context [None req-d41d4c46-b447-4f91-b66b-000fc6576b14 65eb73df730e47fda6bd68ae592ddca0 1792ab2d03b74166bc641d0ab6ea5f60 - - default default] Method 'is_advsvc' is deprecated since 2023.2 release (neutron-lib 3.8.0) and will be removed once support for the old RBAC API policies will be removed from Neutron. Please use method 'is_service_role' instead.
2026-05-21 20:42:49.878 9 INFO neutron.db.ovn_revision_numbers_db [None req-6b94bb33-e092-4e90-bc37-5c6e70be7d34 b23ed2aeb4ef468c8387b5028dab3294 7381fd21785f4b2eabb245df81d17175 - - default default] Successfully bumped revision number for resource bff1bc38-f387-4b05-a05b-dcafa6c376e9 (type: floatingips) to 0
2026-05-21 20:42:49.892 9 INFO neutron.wsgi [None req-6b94bb33-e092-4e90-bc37-5c6e70be7d34 b23ed2aeb4ef468c8387b5028dab3294 7381fd21785f4b2eabb245df81d17175 - - default default] 10.0.0.170 "POST /v2.0/floatingips HTTP/1.1" status: 201 len: 751 time: 0.6412017
2026-05-21 20:42:50.023 10 INFO neutron.wsgi [req-667e5d3b-9faf-49a1-b6a6-c8445b3e3a08 req-4dbb6524-cbdf-40ec-9e0c-fed739552fb4 51e5523ab4b0442e84b9e24ac7e4d1ab 05b8d930d0f04709acd11e1d04d24ced - - default default] 10.0.0.222 "GET /v2.0/ports?device_id=9f27008a-471e-48d3-9abd-a80d1ca48674 HTTP/1.1" status: 200 len: 1168 time: 0.1254966
2026-05-21 20:42:50.082 10 INFO neutron.wsgi [req-667e5d3b-9faf-49a1-b6a6-c8445b3e3a08 req-a39cfa9b-798d-441c-9f6f-0da1d0642a76 51e5523ab4b0442e84b9e24ac7e4d1ab 05b8d930d0f04709acd11e1d04d24ced - - default default] 10.0.0.222 "GET /v2.0/security-groups?id=32accfcd-7bd1-402e-ba4c-ee2afc21f845&fields=id&fields=name HTTP/1.1" status: 200 len: 312 time: 0.0535877
2026-05-21 20:42:50.152 10 WARNING neutron.scheduler.dhcp_agent_scheduler [None req-d41d4c46-b447-4f91-b66b-000fc6576b14 65eb73df730e47fda6bd68ae592ddca0 1792ab2d03b74166bc641d0ab6ea5f60 - - default default] No more DHCP agents
2026-05-21 20:42:50.154 10 WARNING neutron.api.rpc.agentnotifiers.dhcp_rpc_agent_api [None req-d41d4c46-b447-4f91-b66b-000fc6576b14 65eb73df730e47fda6bd68ae592ddca0 1792ab2d03b74166bc641d0ab6ea5f60 - - default default] Unable to schedule network 4932d8c9-7e3a-4d28-9b14-f57e6e03ed0d: no agents available; will retry on subsequent port and subnet creation events.
2026-05-21 20:42:50.452 10 INFO neutron.db.ovn_revision_numbers_db [None req-d41d4c46-b447-4f91-b66b-000fc6576b14 65eb73df730e47fda6bd68ae592ddca0 1792ab2d03b74166bc641d0ab6ea5f60 - - default default] Successfully bumped revision number for resource 392cb090-6b4e-46b5-9976-1a5ab157680b (type: floatingips) to 0
2026-05-21 20:42:50.468 10 INFO neutron.wsgi [None req-d41d4c46-b447-4f91-b66b-000fc6576b14 65eb73df730e47fda6bd68ae592ddca0 1792ab2d03b74166bc641d0ab6ea5f60 - - default default] 10.0.0.170 "POST /v2.0/floatingips HTTP/1.1" status: 201 len: 751 time: 0.6726735
2026-05-21 20:42:50.914 10 INFO neutron.wsgi [req-1d27422b-f180-4813-b90e-b4a0c1be2153 req-819e801b-7863-4d27-b002-e6fc4c20a757 65eb73df730e47fda6bd68ae592ddca0 1792ab2d03b74166bc641d0ab6ea5f60 - - default default] 10.0.0.222 "GET /v2.0/security-groups?name=tempest-securitygroup--1824597004&fields=id&tenant_id=1792ab2d03b74166bc641d0ab6ea5f60 HTTP/1.1" status: 200 len: 267 time: 0.0403550
2026-05-21 20:42:51.126 10 INFO neutron.wsgi [req-1d27422b-f180-4813-b90e-b4a0c1be2153 req-cb38abdf-c320-415a-9167-990107abaa83 65eb73df730e47fda6bd68ae592ddca0 1792ab2d03b74166bc641d0ab6ea5f60 - - default default] 10.0.0.222 "GET /v2.0/networks?id=029cc365-1e2b-4281-a510-cb202e21d602 HTTP/1.1" status: 200 len: 874 time: 0.2049286
2026-05-21 20:42:51.141 10 INFO neutron.wsgi [req-1d27422b-f180-4813-b90e-b4a0c1be2153 req-01d1f582-022f-4f51-9232-4ef814f30e82 65eb73df730e47fda6bd68ae592ddca0 1792ab2d03b74166bc641d0ab6ea5f60 - - default default] 10.0.0.222 "GET /v2.0/quotas/1792ab2d03b74166bc641d0ab6ea5f60 HTTP/1.1" status: 200 len: 386 time: 0.0092707
2026-05-21 20:42:51.222 10 INFO neutron.wsgi [req-2dd6a911-f3a4-453c-b027-59e192fc0270 req-a69668ff-9a81-4af5-bb7f-96834b3285af 51e5523ab4b0442e84b9e24ac7e4d1ab 05b8d930d0f04709acd11e1d04d24ced - - default default] 10.0.0.222 "GET /v2.0/ports?device_id=9f27008a-471e-48d3-9abd-a80d1ca48674 HTTP/1.1" status: 200 len: 1168 time: 0.0506277
2026-05-21 20:42:51.266 10 INFO neutron.wsgi [req-1d27422b-f180-4813-b90e-b4a0c1be2153 req-bfeb9116-9f11-416c-8721-627ee7e781d6 65eb73df730e47fda6bd68ae592ddca0 1792ab2d03b74166bc641d0ab6ea5f60 - - default default] 10.0.0.222 "GET /v2.0/ports?tenant_id=1792ab2d03b74166bc641d0ab6ea5f60&fields=id HTTP/1.1" status: 200 len: 302 time: 0.1182222
2026-05-21 20:42:51.271 10 INFO neutron.wsgi [req-2dd6a911-f3a4-453c-b027-59e192fc0270 req-310ead45-9dfb-42f1-a747-17e391198a2c 51e5523ab4b0442e84b9e24ac7e4d1ab 05b8d930d0f04709acd11e1d04d24ced - - default default] 10.0.0.222 "GET /v2.0/security-groups?id=32accfcd-7bd1-402e-ba4c-ee2afc21f845&fields=id&fields=name HTTP/1.1" status: 200 len: 312 time: 0.0404487
2026-05-21 20:42:51.336 10 INFO neutron.wsgi [req-1d27422b-f180-4813-b90e-b4a0c1be2153 req-f5631d58-d077-49d0-a694-1f0b268a98bb 69d4311732694ce3beae4333b61e2427 2a9faab92e384d0da575fc126fdc5b0b - - 4e12037ead924f5c973c3cd06db7653e 4e12037ead924f5c973c3cd06db7653e] 10.0.0.222 "GET /v2.0/networks/029cc365-1e2b-4281-a510-cb202e21d602?fields=segments HTTP/1.1" status: 200 len: 212 time: 0.0577364
2026-05-21 20:42:51.394 10 INFO neutron.wsgi [req-1d27422b-f180-4813-b90e-b4a0c1be2153 req-c62a6667-b521-4f70-8e8a-59d0f7ea261d 69d4311732694ce3beae4333b61e2427 2a9faab92e384d0da575fc126fdc5b0b - - 4e12037ead924f5c973c3cd06db7653e 4e12037ead924f5c973c3cd06db7653e] 10.0.0.222 "GET /v2.0/networks/029cc365-1e2b-4281-a510-cb202e21d602?fields=provider%3Aphysical_network&fields=provider%3Anetwork_type HTTP/1.1" status: 200 len: 277 time: 0.0520191
2026-05-21 20:42:51.559 10 INFO neutron.wsgi [req-a6487d7f-5f6a-47ef-b5d2-edd8ab998fd9 req-8011698d-910c-45cf-8640-638e19eb129f 65eb73df730e47fda6bd68ae592ddca0 1792ab2d03b74166bc641d0ab6ea5f60 - - default default] 10.0.0.222 "GET /v2.0/ports?device_id=78cef4b7-fb7b-4cb7-89bb-a8dd800340e9 HTTP/1.1" status: 200 len: 210 time: 0.0325494
2026-05-21 20:42:51.668 10 INFO neutron.wsgi [-] 10.0.0.209 "GET / HTTP/1.1" status: 200 len: 247 time: 0.0035858
2026-05-21 20:42:51.668 9 INFO neutron.wsgi [-] 10.0.0.209 "GET / HTTP/1.1" status: 200 len: 247 time: 0.0040922
2026-05-21 20:42:51.979 10 INFO neutron.db.ovn_revision_numbers_db [None req-2ad45794-0650-4dc6-ae3a-a0a765688066 d225479571cf494f838b2423f89135fe c630ddfab35443bab7f2b3f6481e28b9 - - default default] Successfully bumped revision number for resource 73d682cd-30e5-4b72-9ce6-fcbd47933b59 (type: security_groups) to 1
2026-05-21 20:42:51.993 10 INFO neutron.db.ovn_revision_numbers_db [None req-2ad45794-0650-4dc6-ae3a-a0a765688066 d225479571cf494f838b2423f89135fe c630ddfab35443bab7f2b3f6481e28b9 - - default default] Successfully bumped revision number for resource 15fec59c-c4c0-44b6-a52a-be8aa42a8840 (type: security_group_rules) to 0
2026-05-21 20:42:52.007 10 INFO neutron.db.ovn_revision_numbers_db [None req-2ad45794-0650-4dc6-ae3a-a0a765688066 d225479571cf494f838b2423f89135fe c630ddfab35443bab7f2b3f6481e28b9 - - default default] Successfully bumped revision number for resource 3da42e2e-0b16-4352-b1e8-7f28d87cea13 (type: security_group_rules) to 0
2026-05-21 20:42:52.025 10 INFO neutron.db.ovn_revision_numbers_db [None req-2ad45794-0650-4dc6-ae3a-a0a765688066 d225479571cf494f838b2423f89135fe c630ddfab35443bab7f2b3f6481e28b9 - - default default] Successfully bumped revision number for resource 94139ea7-722f-4fe7-819f-d2be9f561f90 (type: security_group_rules) to 0
2026-05-21 20:42:52.039 10 INFO neutron.db.ovn_revision_numbers_db [None req-2ad45794-0650-4dc6-ae3a-a0a765688066 d225479571cf494f838b2423f89135fe c630ddfab35443bab7f2b3f6481e28b9 - - default default] Successfully bumped revision number for resource cca93c25-ce6a-43be-8938-01c809a2c7d0 (type: security_group_rules) to 0
2026-05-21 20:42:52.069 10 INFO neutron.wsgi [None req-2ad45794-0650-4dc6-ae3a-a0a765688066 d225479571cf494f838b2423f89135fe c630ddfab35443bab7f2b3f6481e28b9 - - default default] 10.0.0.170 "GET /v2.0/security-groups?tenant_id=8684a9fd38e64a569335e62029a6384e&name=default HTTP/1.1" status: 200 len: 2996 time: 0.3116975
2026-05-21 20:42:52.252 10 INFO neutron.wsgi [None req-924e3ac0-7129-457b-bf49-e4ef093a6eac d225479571cf494f838b2423f89135fe c630ddfab35443bab7f2b3f6481e28b9 - - default default] 10.0.0.170 "DELETE /v2.0/security-groups/73d682cd-30e5-4b72-9ce6-fcbd47933b59 HTTP/1.1" status: 204 len: 168 time: 0.1790259
2026-05-21 20:42:52.386 10 INFO neutron.wsgi [req-c7dc9b97-32b1-403c-8ef8-7bddfe7fad3e req-a3af54d5-3201-447d-a4bc-a0f72c367483 51e5523ab4b0442e84b9e24ac7e4d1ab 05b8d930d0f04709acd11e1d04d24ced - - default default] 10.0.0.222 "GET /v2.0/ports?device_id=9f27008a-471e-48d3-9abd-a80d1ca48674 HTTP/1.1" status: 200 len: 1168 time: 0.0396841
2026-05-21 20:42:52.431 10 INFO neutron.wsgi [req-c7dc9b97-32b1-403c-8ef8-7bddfe7fad3e req-a4f1fd41-6952-4d3e-970f-07a2ff31dbeb 51e5523ab4b0442e84b9e24ac7e4d1ab 05b8d930d0f04709acd11e1d04d24ced - - default default] 10.0.0.222 "GET /v2.0/security-groups?id=32accfcd-7bd1-402e-ba4c-ee2afc21f845&fields=id&fields=name HTTP/1.1" status: 200 len: 312 time: 0.0382586
