2026-05-21 20:45:25.302 9 INFO neutron.db.ovn_revision_numbers_db [None req-a709ed40-917e-4d88-b807-826fd74123f7 b7a0c85bb2a24684a76d91de5e6f205d b1d2e8cf65064674ae6bf8eab8503800 - - default default] Successfully bumped revision number for resource 6c3c6222-d868-4297-9c43-c5deb9cfbd45 (type: security_group_rules) to 0
2026-05-21 20:45:25.341 9 INFO neutron.wsgi [None req-a709ed40-917e-4d88-b807-826fd74123f7 b7a0c85bb2a24684a76d91de5e6f205d b1d2e8cf65064674ae6bf8eab8503800 - - default default] 10.0.0.170 "POST /v2.0/security-groups HTTP/1.1" status: 201 len: 1737 time: 0.1785755
2026-05-21 20:45:25.395 10 INFO neutron.wsgi [None req-17bf1c15-2608-44bd-b90d-ec46c3c43e26 b7a0c85bb2a24684a76d91de5e6f205d b1d2e8cf65064674ae6bf8eab8503800 - - default default] 10.0.0.170 "PUT /v2.0/security-groups/9165bf6a-094e-42a8-a386-9aad501f9305/tags HTTP/1.1" status: 200 len: 210 time: 0.0498276
2026-05-21 20:45:25.439 10 INFO neutron.wsgi [None req-d4513b93-15d7-4b5d-9516-8ac1e9ab7637 b7a0c85bb2a24684a76d91de5e6f205d b1d2e8cf65064674ae6bf8eab8503800 - - default default] 10.0.0.170 "PUT /v2.0/security-groups/df780c21-48a8-4e0b-bfba-5a50a55b408f/tags HTTP/1.1" status: 200 len: 218 time: 0.0383208
2026-05-21 20:45:25.477 10 INFO neutron.wsgi [None req-35bd38a3-47c5-4d66-9774-2ec758e8d0fc b7a0c85bb2a24684a76d91de5e6f205d b1d2e8cf65064674ae6bf8eab8503800 - - default default] 10.0.0.170 "PUT /v2.0/security-groups/8ee9f219-03b7-4371-b399-16d5e7395457/tags HTTP/1.1" status: 200 len: 227 time: 0.0343149
2026-05-21 20:45:25.514 10 INFO neutron.wsgi [None req-efdb5916-68f3-4cb5-955c-738b82558b70 b7a0c85bb2a24684a76d91de5e6f205d b1d2e8cf65064674ae6bf8eab8503800 - - default default] 10.0.0.170 "PUT /v2.0/security-groups/fbc1893c-c0be-4cf6-adad-9ca6817c5645/tags HTTP/1.1" status: 200 len: 212 time: 0.0318666
2026-05-21 20:45:25.579 10 INFO neutron.wsgi [None req-2ee8bbb6-0a5d-47fc-972f-5c8621469515 b7a0c85bb2a24684a76d91de5e6f205d b1d2e8cf65064674ae6bf8eab8503800 - - default default] 10.0.0.170 "GET /v2.0/security-groups?tags=red HTTP/1.1" status: 200 len: 4813 time: 0.0595303
2026-05-21 20:45:25.626 10 INFO neutron.wsgi [None req-1cbac33c-2c41-422d-9f23-4482741840d5 b7a0c85bb2a24684a76d91de5e6f205d b1d2e8cf65064674ae6bf8eab8503800 - - default default] 10.0.0.170 "GET /v2.0/security-groups?tags=red%2Cblue HTTP/1.1" status: 200 len: 3289 time: 0.0427523
2026-05-21 20:45:25.661 9 INFO neutron.db.ovn_revision_numbers_db [None req-fd03d9b1-591e-449d-86e1-833e1bd12a8a d225479571cf494f838b2423f89135fe c630ddfab35443bab7f2b3f6481e28b9 - - default default] Successfully bumped revision number for resource bffb8c35-2154-4b5c-8ea8-b9ba219e2c9b (type: security_groups) to 1
2026-05-21 20:45:25.678 9 INFO neutron.db.ovn_revision_numbers_db [None req-fd03d9b1-591e-449d-86e1-833e1bd12a8a d225479571cf494f838b2423f89135fe c630ddfab35443bab7f2b3f6481e28b9 - - default default] Successfully bumped revision number for resource 2d51eed4-d9d2-4ceb-ad0e-389e88bbfc5b (type: security_group_rules) to 0
2026-05-21 20:45:25.683 9 INFO neutron.wsgi [None req-a1e7013e-9c17-43df-a380-54569379f56f b7a0c85bb2a24684a76d91de5e6f205d b1d2e8cf65064674ae6bf8eab8503800 - - default default] 10.0.0.170 "GET /v2.0/security-groups?tags-any=blue HTTP/1.1" status: 200 len: 3289 time: 0.0504646
2026-05-21 20:45:25.696 9 INFO neutron.db.ovn_revision_numbers_db [None req-fd03d9b1-591e-449d-86e1-833e1bd12a8a d225479571cf494f838b2423f89135fe c630ddfab35443bab7f2b3f6481e28b9 - - default default] Successfully bumped revision number for resource 4b0a0dfa-7927-41dc-9bad-1b8d6073633a (type: security_group_rules) to 0
2026-05-21 20:45:25.721 9 INFO neutron.db.ovn_revision_numbers_db [None req-fd03d9b1-591e-449d-86e1-833e1bd12a8a d225479571cf494f838b2423f89135fe c630ddfab35443bab7f2b3f6481e28b9 - - default default] Successfully bumped revision number for resource 776a7764-ef43-4075-81e7-c6fe574f44f1 (type: security_group_rules) to 0
2026-05-21 20:45:25.734 9 INFO neutron.db.ovn_revision_numbers_db [None req-fd03d9b1-591e-449d-86e1-833e1bd12a8a d225479571cf494f838b2423f89135fe c630ddfab35443bab7f2b3f6481e28b9 - - default default] Successfully bumped revision number for resource ebbacc96-75fa-4a73-893d-0c5bd1757614 (type: security_group_rules) to 0
2026-05-21 20:45:25.736 10 INFO neutron.wsgi [None req-d8df3b60-cd7d-4239-8df0-eb4c0381e02d b7a0c85bb2a24684a76d91de5e6f205d b1d2e8cf65064674ae6bf8eab8503800 - - default default] 10.0.0.170 "GET /v2.0/security-groups?tags-any=red%2Cblue HTTP/1.1" status: 200 len: 4813 time: 0.0484281
2026-05-21 20:45:25.768 9 INFO neutron.wsgi [None req-fd03d9b1-591e-449d-86e1-833e1bd12a8a d225479571cf494f838b2423f89135fe c630ddfab35443bab7f2b3f6481e28b9 - - default default] 10.0.0.170 "GET /v2.0/security-groups?tenant_id=2b1983b0dfe9440d812e162d32e16970&name=default HTTP/1.1" status: 200 len: 2996 time: 0.3492200
2026-05-21 20:45:25.804 10 INFO neutron.wsgi [None req-91aab892-c9ba-4e95-b0b4-397cac9bc4b4 b7a0c85bb2a24684a76d91de5e6f205d b1d2e8cf65064674ae6bf8eab8503800 - - default default] 10.0.0.170 "GET /v2.0/security-groups?not-tags=red HTTP/1.1" status: 200 len: 6041 time: 0.0641174
2026-05-21 20:45:25.830 9 INFO neutron.wsgi [req-29cb09d4-8b9e-44a7-818b-fbfb316b467b req-eaca9e65-6781-4d02-a3a5-68da0da2744a 5d74b7f325344479ab564f5cffd116ef f7b7eaf41bc34eb5a477f5b3a1f72136 - - default default] 199.19.213.31 "GET /v2.0/networks?id=eccd111a-041f-49f9-a02e-3c4d588106d6 HTTP/1.1" status: 200 len: 860 time: 0.0821934
2026-05-21 20:45:25.863 9 INFO neutron.wsgi [None req-642bbcfb-ecde-4058-a6c5-b810f3c804e0 b7a0c85bb2a24684a76d91de5e6f205d b1d2e8cf65064674ae6bf8eab8503800 - - default default] 10.0.0.170 "GET /v2.0/security-groups?not-tags=red%2Cblue HTTP/1.1" status: 200 len: 7565 time: 0.0546188
2026-05-21 20:45:25.890 9 INFO neutron.wsgi [req-29cb09d4-8b9e-44a7-818b-fbfb316b467b req-9bf7e446-df6a-4129-8943-ed1c261c6c05 5d74b7f325344479ab564f5cffd116ef f7b7eaf41bc34eb5a477f5b3a1f72136 - - default default] 199.19.213.31 "GET /v2.0/security-groups?fields=id&fields=name&tenant_id=f7b7eaf41bc34eb5a477f5b3a1f72136 HTTP/1.1" status: 200 len: 379 time: 0.0523794
2026-05-21 20:45:25.899 9 WARNING neutron_lib.context [req-29cb09d4-8b9e-44a7-818b-fbfb316b467b req-7eb97813-5e45-45ce-bd30-511547675ff9 5d74b7f325344479ab564f5cffd116ef f7b7eaf41bc34eb5a477f5b3a1f72136 - - default default] Method 'is_advsvc' is deprecated since 2023.2 release (neutron-lib 3.8.0) and will be removed once support for the old RBAC API policies will be removed from Neutron. Please use method 'is_service_role' instead.
2026-05-21 20:45:25.935 10 INFO neutron.wsgi [None req-f84954b4-46ce-433e-bccb-750cc72d6a43 b7a0c85bb2a24684a76d91de5e6f205d b1d2e8cf65064674ae6bf8eab8503800 - - default default] 10.0.0.170 "GET /v2.0/security-groups?not-tags-any=blue HTTP/1.1" status: 200 len: 7565 time: 0.0600743
2026-05-21 20:45:25.991 10 INFO neutron.wsgi [None req-7c8fdaa1-99a6-4dd5-96a2-f8afc67b5ed3 b7a0c85bb2a24684a76d91de5e6f205d b1d2e8cf65064674ae6bf8eab8503800 - - default default] 10.0.0.170 "GET /v2.0/security-groups?not-tags-any=red%2Cblue HTTP/1.1" status: 200 len: 6041 time: 0.0462527
2026-05-21 20:45:26.077 10 INFO neutron.wsgi [None req-e43b5999-e5c0-4e86-a399-0718d1a30730 d225479571cf494f838b2423f89135fe c630ddfab35443bab7f2b3f6481e28b9 - - default default] 10.0.0.170 "DELETE /v2.0/security-groups/bffb8c35-2154-4b5c-8ea8-b9ba219e2c9b HTTP/1.1" status: 204 len: 168 time: 0.3019924
2026-05-21 20:45:26.136 10 INFO neutron.wsgi [None req-fa25e122-35c1-4d57-9a0a-a0b28692333c b7a0c85bb2a24684a76d91de5e6f205d b1d2e8cf65064674ae6bf8eab8503800 - - default default] 10.0.0.170 "DELETE /v2.0/security-groups/9165bf6a-094e-42a8-a386-9aad501f9305 HTTP/1.1" status: 204 len: 168 time: 0.1385767
2026-05-21 20:45:26.228 9 WARNING neutron.scheduler.dhcp_agent_scheduler [req-29cb09d4-8b9e-44a7-818b-fbfb316b467b req-7eb97813-5e45-45ce-bd30-511547675ff9 5d74b7f325344479ab564f5cffd116ef f7b7eaf41bc34eb5a477f5b3a1f72136 - - default default] No more DHCP agents
2026-05-21 20:45:26.229 9 WARNING neutron.api.rpc.agentnotifiers.dhcp_rpc_agent_api [req-29cb09d4-8b9e-44a7-818b-fbfb316b467b req-7eb97813-5e45-45ce-bd30-511547675ff9 5d74b7f325344479ab564f5cffd116ef f7b7eaf41bc34eb5a477f5b3a1f72136 - - default default] Unable to schedule network eccd111a-041f-49f9-a02e-3c4d588106d6: no agents available; will retry on subsequent port and subnet creation events.
2026-05-21 20:45:26.246 10 INFO neutron.wsgi [req-8562d71e-48ad-4f4d-a94e-3af905b5311a req-f904f505-e6f4-44c3-b034-cbf4994187a6 5d74b7f325344479ab564f5cffd116ef f7b7eaf41bc34eb5a477f5b3a1f72136 - - default default] 10.0.0.222 "GET /v2.0/ports?device_id=0d50b202-ebbb-4aba-8d3c-1f01c193e11c HTTP/1.1" status: 200 len: 1160 time: 0.0419791
2026-05-21 20:45:26.298 10 INFO neutron.wsgi [req-8562d71e-48ad-4f4d-a94e-3af905b5311a req-12f53941-9ab2-43b4-b54f-e97ffe0e2dec 5d74b7f325344479ab564f5cffd116ef f7b7eaf41bc34eb5a477f5b3a1f72136 - - default default] 10.0.0.222 "GET /v2.0/security-groups?id=c9cb61e7-7d80-402d-8d2f-670744064bf4&fields=id&fields=name HTTP/1.1" status: 200 len: 312 time: 0.0438845
2026-05-21 20:45:26.310 10 INFO neutron.wsgi [None req-b2804a0b-c79a-4140-b07b-b6bb0b6223f9 b7a0c85bb2a24684a76d91de5e6f205d b1d2e8cf65064674ae6bf8eab8503800 - - default default] 10.0.0.170 "DELETE /v2.0/security-groups/df780c21-48a8-4e0b-bfba-5a50a55b408f HTTP/1.1" status: 204 len: 168 time: 0.1667888
2026-05-21 20:45:26.408 9 INFO neutron.db.ovn_revision_numbers_db [req-29cb09d4-8b9e-44a7-818b-fbfb316b467b req-7eb97813-5e45-45ce-bd30-511547675ff9 5d74b7f325344479ab564f5cffd116ef f7b7eaf41bc34eb5a477f5b3a1f72136 - - default default] Successfully bumped revision number for resource d6468b38-069f-4eb9-9d71-bb5e8a0a8ab1 (type: ports) to 1
2026-05-21 20:45:26.414 10 INFO neutron.wsgi [None req-cfaf7093-9e48-47ee-991a-d17f919f3024 b7a0c85bb2a24684a76d91de5e6f205d b1d2e8cf65064674ae6bf8eab8503800 - - default default] 10.0.0.170 "DELETE /v2.0/security-groups/8ee9f219-03b7-4371-b399-16d5e7395457 HTTP/1.1" status: 204 len: 168 time: 0.0990379
2026-05-21 20:45:26.440 9 INFO neutron.wsgi [req-29cb09d4-8b9e-44a7-818b-fbfb316b467b req-7eb97813-5e45-45ce-bd30-511547675ff9 5d74b7f325344479ab564f5cffd116ef f7b7eaf41bc34eb5a477f5b3a1f72136 - - default default] 199.19.213.31 "POST /v2.0/ports HTTP/1.1" status: 201 len: 1162 time: 0.5462809 /var/lib/openstack/lib/python3.10/site-packages/pycadf/identifier.py:71: UserWarning: Invalid uuid: neutron. To ensure interoperability, identifiers should be a valid uuid. warnings.warn(('Invalid uuid: %s. To ensure interoperability, '
2026-05-21 20:45:26.527 10 INFO neutron.wsgi [None req-7a1ca66a-8687-4834-a43e-0419c73855d0 b7a0c85bb2a24684a76d91de5e6f205d b1d2e8cf65064674ae6bf8eab8503800 - - default default] 10.0.0.170 "DELETE /v2.0/security-groups/fbc1893c-c0be-4cf6-adad-9ca6817c5645 HTTP/1.1" status: 204 len: 168 time: 0.1087821
2026-05-21 20:45:26.631 10 INFO neutron.wsgi [None req-d0831b9f-d3d1-4bc5-8cc3-0a07dc86231b b7a0c85bb2a24684a76d91de5e6f205d b1d2e8cf65064674ae6bf8eab8503800 - - default default] 10.0.0.170 "DELETE /v2.0/security-groups/bf161aa8-aa43-41e4-aaf5-f02e76bf3ec5 HTTP/1.1" status: 204 len: 168 time: 0.0990510
2026-05-21 20:45:26.878 9 INFO neutron.db.ovn_revision_numbers_db [req-29cb09d4-8b9e-44a7-818b-fbfb316b467b req-f8082cb2-dbb1-41e3-972f-5054057c0fdb 69d4311732694ce3beae4333b61e2427 2a9faab92e384d0da575fc126fdc5b0b - - 4e12037ead924f5c973c3cd06db7653e 4e12037ead924f5c973c3cd06db7653e] Successfully bumped revision number for resource d6468b38-069f-4eb9-9d71-bb5e8a0a8ab1 (type: ports) to 2
2026-05-21 20:45:27.093 9 INFO neutron.db.ovn_revision_numbers_db [req-29cb09d4-8b9e-44a7-818b-fbfb316b467b req-f8082cb2-dbb1-41e3-972f-5054057c0fdb 69d4311732694ce3beae4333b61e2427 2a9faab92e384d0da575fc126fdc5b0b - - 4e12037ead924f5c973c3cd06db7653e 4e12037ead924f5c973c3cd06db7653e] Successfully bumped revision number for resource d6468b38-069f-4eb9-9d71-bb5e8a0a8ab1 (type: ports) to 2
2026-05-21 20:45:27.116 9 INFO neutron.wsgi [req-29cb09d4-8b9e-44a7-818b-fbfb316b467b req-f8082cb2-dbb1-41e3-972f-5054057c0fdb 69d4311732694ce3beae4333b61e2427 2a9faab92e384d0da575fc126fdc5b0b - - 4e12037ead924f5c973c3cd06db7653e 4e12037ead924f5c973c3cd06db7653e] 199.19.213.31 "PUT /v2.0/ports/d6468b38-069f-4eb9-9d71-bb5e8a0a8ab1 HTTP/1.1" status: 200 len: 1380 time: 0.6684308 /var/lib/openstack/lib/python3.10/site-packages/pycadf/identifier.py:71: UserWarning: Invalid uuid: neutron. To ensure interoperability, identifiers should be a valid uuid. warnings.warn(('Invalid uuid: %s. To ensure interoperability, '
2026-05-21 20:45:27.169 9 INFO neutron.notifiers.nova [-] Nova event matching ['req-4b927170-1d73-4631-b20c-a42c0b4f744c'] response: {'name': 'network-changed', 'server_uuid': '0d50b202-ebbb-4aba-8d3c-1f01c193e11c', 'tag': 'd6468b38-069f-4eb9-9d71-bb5e8a0a8ab1', 'status': 'completed', 'code': 200}
2026-05-21 20:45:27.198 9 INFO neutron.wsgi [req-29cb09d4-8b9e-44a7-818b-fbfb316b467b req-f27d934d-7e91-43cd-abd7-65918e3af378 69d4311732694ce3beae4333b61e2427 2a9faab92e384d0da575fc126fdc5b0b - - 4e12037ead924f5c973c3cd06db7653e 4e12037ead924f5c973c3cd06db7653e] 199.19.213.31 "GET /v2.0/ports?tenant_id=f7b7eaf41bc34eb5a477f5b3a1f72136&device_id=0d50b202-ebbb-4aba-8d3c-1f01c193e11c HTTP/1.1" status: 200 len: 1411 time: 0.0423028
2026-05-21 20:45:27.225 9 INFO neutron.wsgi [req-29cb09d4-8b9e-44a7-818b-fbfb316b467b req-dfb594d2-3c7c-4d5c-8102-f04c9d29e7f5 69d4311732694ce3beae4333b61e2427 2a9faab92e384d0da575fc126fdc5b0b - - 4e12037ead924f5c973c3cd06db7653e 4e12037ead924f5c973c3cd06db7653e] 199.19.213.31 "GET /v2.0/floatingips?fixed_ip_address=10.100.0.12&port_id=d6468b38-069f-4eb9-9d71-bb5e8a0a8ab1 HTTP/1.1" status: 200 len: 217 time: 0.0196908
2026-05-21 20:45:27.261 9 INFO neutron.wsgi [req-29cb09d4-8b9e-44a7-818b-fbfb316b467b req-77da9a4f-0199-40a5-ae50-b2c3ef7e3899 69d4311732694ce3beae4333b61e2427 2a9faab92e384d0da575fc126fdc5b0b - - 4e12037ead924f5c973c3cd06db7653e 4e12037ead924f5c973c3cd06db7653e] 199.19.213.31 "GET /v2.0/subnets?id=d664abe9-cb6f-4922-9a1a-040d564ed40c HTTP/1.1" status: 200 len: 853 time: 0.0285656
2026-05-21 20:45:27.283 9 INFO neutron.wsgi [req-29cb09d4-8b9e-44a7-818b-fbfb316b467b req-de6d47bd-40ed-40e2-9f70-858eeefa8193 69d4311732694ce3beae4333b61e2427 2a9faab92e384d0da575fc126fdc5b0b - - 4e12037ead924f5c973c3cd06db7653e 4e12037ead924f5c973c3cd06db7653e] 199.19.213.31 "GET /v2.0/ports?network_id=eccd111a-041f-49f9-a02e-3c4d588106d6&device_owner=network%3Adhcp HTTP/1.1" status: 200 len: 210 time: 0.0153773
2026-05-21 20:45:27.352 10 WARNING neutron.plugins.ml2.drivers.ovn.mech_driver.ovsdb.ovn_client [None req-0bc2fed7-fd0f-4b81-82e3-5a2310703042 - - - - - -] No hosting information found for port 576e9727-5b9c-43d4-9b36-3ffe0f8ea2b3: RuntimeError: No hosting information found for port 576e9727-5b9c-43d4-9b36-3ffe0f8ea2b3
2026-05-21 20:45:27.360 9 INFO neutron.wsgi [req-29cb09d4-8b9e-44a7-818b-fbfb316b467b req-6f42f087-571b-4085-9ba5-fd0c0f8e37b4 69d4311732694ce3beae4333b61e2427 2a9faab92e384d0da575fc126fdc5b0b - - 4e12037ead924f5c973c3cd06db7653e 4e12037ead924f5c973c3cd06db7653e] 199.19.213.31 "GET /v2.0/networks/eccd111a-041f-49f9-a02e-3c4d588106d6?fields=segments HTTP/1.1" status: 200 len: 212 time: 0.0710201
2026-05-21 20:45:27.407 10 INFO neutron.wsgi [req-49e60a80-4a9f-403a-bfed-17cddf27719f req-756036c8-564d-4af5-8978-eb2d6c932fa8 5d74b7f325344479ab564f5cffd116ef f7b7eaf41bc34eb5a477f5b3a1f72136 - - default default] 10.0.0.222 "GET /v2.0/ports?device_id=0d50b202-ebbb-4aba-8d3c-1f01c193e11c HTTP/1.1" status: 200 len: 1172 time: 0.0466495
2026-05-21 20:45:27.425 9 INFO neutron.wsgi [req-29cb09d4-8b9e-44a7-818b-fbfb316b467b req-13d573b0-4351-446f-860e-22c20d9301d1 69d4311732694ce3beae4333b61e2427 2a9faab92e384d0da575fc126fdc5b0b - - 4e12037ead924f5c973c3cd06db7653e 4e12037ead924f5c973c3cd06db7653e] 199.19.213.31 "GET /v2.0/networks/eccd111a-041f-49f9-a02e-3c4d588106d6?fields=provider%3Aphysical_network&fields=provider%3Anetwork_type HTTP/1.1" status: 200 len: 277 time: 0.0599163
2026-05-21 20:45:27.451 10 INFO neutron.wsgi [req-49e60a80-4a9f-403a-bfed-17cddf27719f req-c3ab3e52-6478-477a-87fe-001e1037764f 5d74b7f325344479ab564f5cffd116ef f7b7eaf41bc34eb5a477f5b3a1f72136 - - default default] 10.0.0.222 "GET /v2.0/security-groups?id=c9cb61e7-7d80-402d-8d2f-670744064bf4&fields=id&fields=name HTTP/1.1" status: 200 len: 312 time: 0.0380445
2026-05-21 20:45:27.516 9 INFO neutron.wsgi [req-6da6d2e3-1189-4c09-8b01-07cedfe8f491 req-e2395370-1bc0-459d-b8a1-aafcf6adfedc 69d4311732694ce3beae4333b61e2427 2a9faab92e384d0da575fc126fdc5b0b - - 4e12037ead924f5c973c3cd06db7653e 4e12037ead924f5c973c3cd06db7653e] 199.19.213.31 "GET /v2.0/ports?tenant_id=f7b7eaf41bc34eb5a477f5b3a1f72136&device_id=0d50b202-ebbb-4aba-8d3c-1f01c193e11c HTTP/1.1" status: 200 len: 1411 time: 0.0432372
2026-05-21 20:45:27.603 9 INFO neutron.wsgi [req-6da6d2e3-1189-4c09-8b01-07cedfe8f491 req-d7490bd0-fa90-480e-ad84-ea4b1d4754c1 69d4311732694ce3beae4333b61e2427 2a9faab92e384d0da575fc126fdc5b0b - - 4e12037ead924f5c973c3cd06db7653e 4e12037ead924f5c973c3cd06db7653e] 199.19.213.31 "GET /v2.0/networks?id=eccd111a-041f-49f9-a02e-3c4d588106d6 HTTP/1.1" status: 200 len: 959 time: 0.0811858
2026-05-21 20:45:27.618 10 INFO neutron.plugins.ml2.drivers.ovn.mech_driver.mech_driver [None req-0bc2fed7-fd0f-4b81-82e3-5a2310703042 - - - - - -] OVN reports status up for port: d6468b38-069f-4eb9-9d71-bb5e8a0a8ab1
2026-05-21 20:45:27.629 10 INFO neutron.plugins.ml2.plugin [None req-0bc2fed7-fd0f-4b81-82e3-5a2310703042 - - - - - -] Attempt 1 to provision port d6468b38-069f-4eb9-9d71-bb5e8a0a8ab1
2026-05-21 20:45:27.646 9 INFO neutron.wsgi [req-6da6d2e3-1189-4c09-8b01-07cedfe8f491 req-d61428a5-2fe6-4233-b307-9890768b5976 69d4311732694ce3beae4333b61e2427 2a9faab92e384d0da575fc126fdc5b0b - - 4e12037ead924f5c973c3cd06db7653e 4e12037ead924f5c973c3cd06db7653e] 199.19.213.31 "GET /v2.0/floatingips?fixed_ip_address=10.100.0.12&port_id=d6468b38-069f-4eb9-9d71-bb5e8a0a8ab1 HTTP/1.1" status: 200 len: 217 time: 0.0336599
2026-05-21 20:45:27.705 9 INFO neutron.wsgi [req-6da6d2e3-1189-4c09-8b01-07cedfe8f491 req-7d17e4b1-dac3-4a6f-8ecf-0f9de2694bab 69d4311732694ce3beae4333b61e2427 2a9faab92e384d0da575fc126fdc5b0b - - 4e12037ead924f5c973c3cd06db7653e 4e12037ead924f5c973c3cd06db7653e] 199.19.213.31 "GET /v2.0/subnets?id=d664abe9-cb6f-4922-9a1a-040d564ed40c HTTP/1.1" status: 200 len: 853 time: 0.0464337
2026-05-21 20:45:27.734 9 INFO neutron.wsgi [req-6da6d2e3-1189-4c09-8b01-07cedfe8f491 req-9c0b1b4d-cdf9-4e25-b02d-c49c037f0a42 69d4311732694ce3beae4333b61e2427 2a9faab92e384d0da575fc126fdc5b0b - - 4e12037ead924f5c973c3cd06db7653e 4e12037ead924f5c973c3cd06db7653e] 199.19.213.31 "GET /v2.0/ports?network_id=eccd111a-041f-49f9-a02e-3c4d588106d6&device_owner=network%3Adhcp HTTP/1.1" status: 200 len: 210 time: 0.0217757
2026-05-21 20:45:27.751 9 INFO neutron.db.ovn_revision_numbers_db [None req-1d6d1c78-f6a1-46ea-899f-45b893e08666 d225479571cf494f838b2423f89135fe c630ddfab35443bab7f2b3f6481e28b9 - - default default] Successfully bumped revision number for resource 230dd783-d5ac-4f2b-84ed-a7387f8d1a35 (type: security_groups) to 1
2026-05-21 20:45:27.786 9 INFO neutron.db.ovn_revision_numbers_db [None req-1d6d1c78-f6a1-46ea-899f-45b893e08666 d225479571cf494f838b2423f89135fe c630ddfab35443bab7f2b3f6481e28b9 - - default default] Successfully bumped revision number for resource 1c63f01a-9ca7-440a-ad40-ec7511942f03 (type: security_group_rules) to 0
2026-05-21 20:45:27.792 10 INFO neutron.notifiers.nova [-] Nova event matching ['req-c73166f0-9157-48b6-89f9-6c30ec03f60c'] response: {'server_uuid': '0d50b202-ebbb-4aba-8d3c-1f01c193e11c', 'name': 'network-vif-plugged', 'status': 'completed', 'tag': 'd6468b38-069f-4eb9-9d71-bb5e8a0a8ab1', 'code': 200}
2026-05-21 20:45:27.800 9 INFO neutron.db.ovn_revision_numbers_db [None req-1d6d1c78-f6a1-46ea-899f-45b893e08666 d225479571cf494f838b2423f89135fe c630ddfab35443bab7f2b3f6481e28b9 - - default default] Successfully bumped revision number for resource d130c9a4-67ce-4d91-b104-555e0eb481b0 (type: security_group_rules) to 0
2026-05-21 20:45:27.810 9 INFO neutron.wsgi [req-6da6d2e3-1189-4c09-8b01-07cedfe8f491 req-f90daaee-1982-42b3-af5b-e67e1f47ff4d 69d4311732694ce3beae4333b61e2427 2a9faab92e384d0da575fc126fdc5b0b - - 4e12037ead924f5c973c3cd06db7653e 4e12037ead924f5c973c3cd06db7653e] 199.19.213.31 "GET /v2.0/networks/eccd111a-041f-49f9-a02e-3c4d588106d6?fields=segments HTTP/1.1" status: 200 len: 212 time: 0.0667241
2026-05-21 20:45:27.816 9 INFO neutron.db.ovn_revision_numbers_db [None req-1d6d1c78-f6a1-46ea-899f-45b893e08666 d225479571cf494f838b2423f89135fe c630ddfab35443bab7f2b3f6481e28b9 - - default default] Successfully bumped revision number for resource e06ca9f1-7212-417b-a7fb-3f46222394be (type: security_group_rules) to 0
2026-05-21 20:45:27.846 9 INFO neutron.db.ovn_revision_numbers_db [None req-1d6d1c78-f6a1-46ea-899f-45b893e08666 d225479571cf494f838b2423f89135fe c630ddfab35443bab7f2b3f6481e28b9 - - default default] Successfully bumped revision number for resource f8d88f4a-9660-45c3-96df-685166a59a3f (type: security_group_rules) to 0
2026-05-21 20:45:27.961 10 INFO neutron.db.ovn_revision_numbers_db [None req-0bc2fed7-fd0f-4b81-82e3-5a2310703042 - - - - - -] Successfully bumped revision number for resource d6468b38-069f-4eb9-9d71-bb5e8a0a8ab1 (type: ports) to 4
2026-05-21 20:45:28.153 9 INFO neutron.wsgi [None req-1d6d1c78-f6a1-46ea-899f-45b893e08666 d225479571cf494f838b2423f89135fe c630ddfab35443bab7f2b3f6481e28b9 - - default default] 10.0.0.170 "GET /v2.0/security-groups?tenant_id=ed89171e87b5471f8a26453561a2c2cd&name=default HTTP/1.1" status: 200 len: 2996 time: 0.8224580
2026-05-21 20:45:28.178 9 INFO neutron.wsgi [req-6da6d2e3-1189-4c09-8b01-07cedfe8f491 req-b9c171ca-f0ce-43eb-9a01-3f24c1de81ab 69d4311732694ce3beae4333b61e2427 2a9faab92e384d0da575fc126fdc5b0b - - 4e12037ead924f5c973c3cd06db7653e 4e12037ead924f5c973c3cd06db7653e] 199.19.213.31 "GET /v2.0/networks/eccd111a-041f-49f9-a02e-3c4d588106d6?fields=provider%3Aphysical_network&fields=provider%3Anetwork_type HTTP/1.1" status: 200 len: 277 time: 0.3611045
2026-05-21 20:45:28.393 9 INFO neutron.wsgi [None req-4bc2b99f-62f7-40a4-8fb6-846e0ffc637c d225479571cf494f838b2423f89135fe c630ddfab35443bab7f2b3f6481e28b9 - - default default] 10.0.0.170 "DELETE /v2.0/security-groups/230dd783-d5ac-4f2b-84ed-a7387f8d1a35 HTTP/1.1" status: 204 len: 168 time: 0.2346518 /var/lib/openstack/lib/python3.10/site-packages/pycadf/identifier.py:71: UserWarning: Invalid uuid: neutron. To ensure interoperability, identifiers should be a valid uuid. warnings.warn(('Invalid uuid: %s. To ensure interoperability, '
2026-05-21 20:45:28.578 10 INFO neutron.wsgi [req-9accd2c1-841a-40be-ae1b-0afffb5169a4 req-1084f23d-c45a-4dd4-8458-cf9ae1cf6d8b 5d74b7f325344479ab564f5cffd116ef f7b7eaf41bc34eb5a477f5b3a1f72136 - - default default] 10.0.0.222 "GET /v2.0/ports?device_id=0d50b202-ebbb-4aba-8d3c-1f01c193e11c HTTP/1.1" status: 200 len: 1174 time: 0.0541508
2026-05-21 20:45:28.626 10 INFO neutron.wsgi [req-9accd2c1-841a-40be-ae1b-0afffb5169a4 req-ca7cba23-d0b1-4acd-847e-260bd79e5fe1 5d74b7f325344479ab564f5cffd116ef f7b7eaf41bc34eb5a477f5b3a1f72136 - - default default] 10.0.0.222 "GET /v2.0/security-groups?id=c9cb61e7-7d80-402d-8d2f-670744064bf4&fields=id&fields=name HTTP/1.1" status: 200 len: 312 time: 0.0415945
2026-05-21 20:45:28.655 9 INFO neutron.db.ovn_revision_numbers_db [None req-169ed238-1a87-4fdc-97cb-1dae724a437a d225479571cf494f838b2423f89135fe c630ddfab35443bab7f2b3f6481e28b9 - - default default] Successfully bumped revision number for resource 2deeaeb8-d9d4-4ceb-8f2f-50beda1382c3 (type: security_groups) to 1
2026-05-21 20:45:28.672 9 INFO neutron.db.ovn_revision_numbers_db [None req-169ed238-1a87-4fdc-97cb-1dae724a437a d225479571cf494f838b2423f89135fe c630ddfab35443bab7f2b3f6481e28b9 - - default default] Successfully bumped revision number for resource 63e3a59e-30b5-42da-8ba3-64ed53b24e5e (type: security_group_rules) to 0
2026-05-21 20:45:28.692 9 INFO neutron.db.ovn_revision_numbers_db [None req-169ed238-1a87-4fdc-97cb-1dae724a437a d225479571cf494f838b2423f89135fe c630ddfab35443bab7f2b3f6481e28b9 - - default default] Successfully bumped revision number for resource 6965f907-b6a2-4447-be83-abcab01425f6 (type: security_group_rules) to 0
2026-05-21 20:45:28.709 9 INFO neutron.db.ovn_revision_numbers_db [None req-169ed238-1a87-4fdc-97cb-1dae724a437a d225479571cf494f838b2423f89135fe c630ddfab35443bab7f2b3f6481e28b9 - - default default] Successfully bumped revision number for resource a502426d-4262-4b61-ae15-f8228eb5432a (type: security_group_rules) to 0
2026-05-21 20:45:28.734 9 INFO neutron.db.ovn_revision_numbers_db [None req-169ed238-1a87-4fdc-97cb-1dae724a437a d225479571cf494f838b2423f89135fe c630ddfab35443bab7f2b3f6481e28b9 - - default default] Successfully bumped revision number for resource e8c84975-7ddf-420b-9eed-b196a1b9a040 (type: security_group_rules) to 0
2026-05-21 20:45:28.750 10 INFO neutron.wsgi [req-4dd7e433-0698-460b-ae0c-f060e3640aca req-4d6214c6-7d50-4c7a-bf25-5b66d1ca1800 5d74b7f325344479ab564f5cffd116ef f7b7eaf41bc34eb5a477f5b3a1f72136 - - default default] 10.0.0.222 "GET /v2.0/ports?device_id=0d50b202-ebbb-4aba-8d3c-1f01c193e11c HTTP/1.1" status: 200 len: 1174 time: 0.0465729
2026-05-21 20:45:28.756 9 INFO neutron.wsgi [None req-169ed238-1a87-4fdc-97cb-1dae724a437a d225479571cf494f838b2423f89135fe c630ddfab35443bab7f2b3f6481e28b9 - - default default] 10.0.0.170 "GET /v2.0/security-groups?tenant_id=ade2b2a997d64872abdcaef7c01a9ca8&name=default HTTP/1.1" status: 200 len: 2996 time: 0.2239094
2026-05-21 20:45:28.833 10 INFO neutron.wsgi [req-4dd7e433-0698-460b-ae0c-f060e3640aca req-3d6b4dda-2f6d-427e-9aac-4899f69dd5d4 5d74b7f325344479ab564f5cffd116ef f7b7eaf41bc34eb5a477f5b3a1f72136 - - default default] 10.0.0.222 "GET /v2.0/security-groups?id=c9cb61e7-7d80-402d-8d2f-670744064bf4&fields=id&fields=name HTTP/1.1" status: 200 len: 312 time: 0.0753071
2026-05-21 20:45:28.911 9 INFO neutron.wsgi [None req-9f06c71e-28e4-4377-b008-d2e6cd5b01e5 60fd3eba527d4b038db8ffcf453219a9 a18c1c3c41014d9ba0cd9d4ac87f7f0d - - default default] 10.0.0.170 "GET /v2.0/ports?device_id=0d50b202-ebbb-4aba-8d3c-1f01c193e11c HTTP/1.1" status: 200 len: 1408 time: 0.0502117
2026-05-21 20:45:28.922 9 WARNING neutron_lib.context [None req-914618b6-4bc1-4bf6-8f2b-7df9c7928aec 5d74b7f325344479ab564f5cffd116ef f7b7eaf41bc34eb5a477f5b3a1f72136 - - default default] Method 'is_advsvc' is deprecated since 2023.2 release (neutron-lib 3.8.0) and will be removed once support for the old RBAC API policies will be removed from Neutron. Please use method 'is_service_role' instead.
2026-05-21 20:45:29.002 10 INFO neutron.wsgi [None req-454ec912-f72a-4b5a-b9e7-eb4c5ab8792f d225479571cf494f838b2423f89135fe c630ddfab35443bab7f2b3f6481e28b9 - - default default] 10.0.0.170 "DELETE /v2.0/security-groups/2deeaeb8-d9d4-4ceb-8f2f-50beda1382c3 HTTP/1.1" status: 204 len: 168 time: 0.2423637
2026-05-21 20:45:29.185 9 WARNING neutron.scheduler.dhcp_agent_scheduler [None req-914618b6-4bc1-4bf6-8f2b-7df9c7928aec 5d74b7f325344479ab564f5cffd116ef f7b7eaf41bc34eb5a477f5b3a1f72136 - - default default] No more DHCP agents
2026-05-21 20:45:29.187 9 WARNING neutron.api.rpc.agentnotifiers.dhcp_rpc_agent_api [None req-914618b6-4bc1-4bf6-8f2b-7df9c7928aec 5d74b7f325344479ab564f5cffd116ef f7b7eaf41bc34eb5a477f5b3a1f72136 - - default default] Unable to schedule network 4932d8c9-7e3a-4d28-9b14-f57e6e03ed0d: no agents available; will retry on subsequent port and subnet creation events.
2026-05-21 20:45:29.206 10 INFO neutron.wsgi [None req-818df6cf-c7f3-46f6-8629-d55302ff47ab d225479571cf494f838b2423f89135fe c630ddfab35443bab7f2b3f6481e28b9 - - default default] 10.0.0.170 "GET /v2.0/security-groups?tenant_id=b1d2e8cf65064674ae6bf8eab8503800&name=default HTTP/1.1" status: 200 len: 2996 time: 0.0357292
2026-05-21 20:45:29.551 9 INFO neutron.wsgi [None req-ae3580a9-40a4-4410-9ca0-c3b8b380b003 d225479571cf494f838b2423f89135fe c630ddfab35443bab7f2b3f6481e28b9 - - default default] 10.0.0.170 "DELETE /v2.0/security-groups/513d1c4f-54f8-48dd-9a45-3daf3aa0050f HTTP/1.1" status: 204 len: 168 time: 0.3409457
2026-05-21 20:45:29.747 9 INFO neutron.db.l3_db [None req-914618b6-4bc1-4bf6-8f2b-7df9c7928aec 5d74b7f325344479ab564f5cffd116ef f7b7eaf41bc34eb5a477f5b3a1f72136 - - default default] Floating IP 3a1e19a9-50ee-4ad7-9ce8-24a2703ddf25 associated. External IP: 10.96.250.204, port: d6468b38-069f-4eb9-9d71-bb5e8a0a8ab1.
2026-05-21 20:45:29.856 10 INFO neutron.notifiers.nova [-] Nova event matching ['req-6cbdbf1b-657d-46e7-a7a9-0ee1c0e00c7d'] response: {'server_uuid': '0d50b202-ebbb-4aba-8d3c-1f01c193e11c', 'name': 'network-vif-plugged', 'status': 'completed', 'tag': 'd6468b38-069f-4eb9-9d71-bb5e8a0a8ab1', 'code': 200}
2026-05-21 20:45:29.966 9 INFO neutron.db.ovn_revision_numbers_db [None req-914618b6-4bc1-4bf6-8f2b-7df9c7928aec 5d74b7f325344479ab564f5cffd116ef f7b7eaf41bc34eb5a477f5b3a1f72136 - - default default] Successfully bumped revision number for resource 3a1e19a9-50ee-4ad7-9ce8-24a2703ddf25 (type: floatingips) to 0
2026-05-21 20:45:30.073 9 INFO neutron.db.ovn_revision_numbers_db [None req-914618b6-4bc1-4bf6-8f2b-7df9c7928aec 5d74b7f325344479ab564f5cffd116ef f7b7eaf41bc34eb5a477f5b3a1f72136 - - default default] Successfully bumped revision number for resource 3a1e19a9-50ee-4ad7-9ce8-24a2703ddf25 (type: floatingips) to 1
2026-05-21 20:45:30.118 9 INFO neutron.wsgi [None req-914618b6-4bc1-4bf6-8f2b-7df9c7928aec 5d74b7f325344479ab564f5cffd116ef f7b7eaf41bc34eb5a477f5b3a1f72136 - - default default] 10.0.0.170 "POST /v2.0/floatingips HTTP/1.1" status: 201 len: 1055 time: 1.2006648 /var/lib/openstack/lib/python3.10/site-packages/pycadf/identifier.py:71: UserWarning: Invalid uuid: neutron. To ensure interoperability, identifiers should be a valid uuid. warnings.warn(('Invalid uuid: %s. To ensure interoperability, '
2026-05-21 20:45:30.149 9 INFO neutron.notifiers.nova [-] Nova event matching ['req-c07dce43-d386-4b11-b1da-5a983fee31fc'] response: {'name': 'network-changed', 'server_uuid': '0d50b202-ebbb-4aba-8d3c-1f01c193e11c', 'tag': 'd6468b38-069f-4eb9-9d71-bb5e8a0a8ab1', 'status': 'completed', 'code': 200}
2026-05-21 20:45:30.184 10 INFO neutron.wsgi [None req-657f58fb-53e9-4dbf-a466-eef6b7b00524 5d74b7f325344479ab564f5cffd116ef f7b7eaf41bc34eb5a477f5b3a1f72136 - - default default] 10.0.0.170 "GET /v2.0/floatingips/3a1e19a9-50ee-4ad7-9ce8-24a2703ddf25 HTTP/1.1" status: 200 len: 1052 time: 0.0586412
2026-05-21 20:45:30.209 9 INFO neutron.wsgi [req-1973abc6-b521-4642-acf8-20227681c2b5 req-ebefb058-48de-4430-bec6-18b0c060b938 69d4311732694ce3beae4333b61e2427 2a9faab92e384d0da575fc126fdc5b0b - - 4e12037ead924f5c973c3cd06db7653e 4e12037ead924f5c973c3cd06db7653e] 199.19.213.31 "GET /v2.0/ports?tenant_id=f7b7eaf41bc34eb5a477f5b3a1f72136&device_id=0d50b202-ebbb-4aba-8d3c-1f01c193e11c HTTP/1.1" status: 200 len: 1413 time: 0.0400746
2026-05-21 20:45:30.279 9 INFO neutron.wsgi [req-1973abc6-b521-4642-acf8-20227681c2b5 req-96bb5949-571e-46c0-8bd1-bd78f947e0af 69d4311732694ce3beae4333b61e2427 2a9faab92e384d0da575fc126fdc5b0b - - 4e12037ead924f5c973c3cd06db7653e 4e12037ead924f5c973c3cd06db7653e] 199.19.213.31 "GET /v2.0/networks?id=eccd111a-041f-49f9-a02e-3c4d588106d6 HTTP/1.1" status: 200 len: 959 time: 0.0625973
2026-05-21 20:45:30.341 9 INFO neutron.wsgi [req-1973abc6-b521-4642-acf8-20227681c2b5 req-ae332382-08a8-49de-929b-7fa183550633 69d4311732694ce3beae4333b61e2427 2a9faab92e384d0da575fc126fdc5b0b - - 4e12037ead924f5c973c3cd06db7653e 4e12037ead924f5c973c3cd06db7653e] 199.19.213.31 "GET /v2.0/floatingips?fixed_ip_address=10.100.0.12&port_id=d6468b38-069f-4eb9-9d71-bb5e8a0a8ab1 HTTP/1.1" status: 200 len: 1060 time: 0.0565119
2026-05-21 20:45:30.375 9 INFO neutron.wsgi [req-1973abc6-b521-4642-acf8-20227681c2b5 req-557c328d-3b0c-4a30-a403-e1099f1c5d8c 69d4311732694ce3beae4333b61e2427 2a9faab92e384d0da575fc126fdc5b0b - - 4e12037ead924f5c973c3cd06db7653e 4e12037ead924f5c973c3cd06db7653e] 199.19.213.31 "GET /v2.0/subnets?id=d664abe9-cb6f-4922-9a1a-040d564ed40c HTTP/1.1" status: 200 len: 853 time: 0.0274472
2026-05-21 20:45:30.399 9 INFO neutron.wsgi [req-1973abc6-b521-4642-acf8-20227681c2b5 req-404a44df-59e1-4bfa-914b-207610adeb08 69d4311732694ce3beae4333b61e2427 2a9faab92e384d0da575fc126fdc5b0b - - 4e12037ead924f5c973c3cd06db7653e 4e12037ead924f5c973c3cd06db7653e] 199.19.213.31 "GET /v2.0/ports?network_id=eccd111a-041f-49f9-a02e-3c4d588106d6&device_owner=network%3Adhcp HTTP/1.1" status: 200 len: 210 time: 0.0183883
2026-05-21 20:45:30.461 9 INFO neutron.wsgi [req-1973abc6-b521-4642-acf8-20227681c2b5 req-ee809caf-57fc-498e-af28-13cb28e3560a 69d4311732694ce3beae4333b61e2427 2a9faab92e384d0da575fc126fdc5b0b - - 4e12037ead924f5c973c3cd06db7653e 4e12037ead924f5c973c3cd06db7653e] 199.19.213.31 "GET /v2.0/networks/eccd111a-041f-49f9-a02e-3c4d588106d6?fields=segments HTTP/1.1" status: 200 len: 212 time: 0.0576367
2026-05-21 20:45:30.533 9 INFO neutron.wsgi [req-1973abc6-b521-4642-acf8-20227681c2b5 req-5d3a9250-3ef0-4290-9da4-08aeb98a635d 69d4311732694ce3beae4333b61e2427 2a9faab92e384d0da575fc126fdc5b0b - - 4e12037ead924f5c973c3cd06db7653e 4e12037ead924f5c973c3cd06db7653e] 199.19.213.31 "GET /v2.0/networks/eccd111a-041f-49f9-a02e-3c4d588106d6?fields=provider%3Aphysical_network&fields=provider%3Anetwork_type HTTP/1.1" status: 200 len: 277 time: 0.0642524
2026-05-21 20:45:30.805 9 WARNING neutron_lib.context [None req-6c62253c-605a-458a-8ed4-f91605422c13 6aab2ec4b3794063ba8b2461e38533ec abc7bdd40050499ab5c2cf34186b0e20 - - default default] Method 'is_advsvc' is deprecated since 2023.2 release (neutron-lib 3.8.0) and will be removed once support for the old RBAC API policies will be removed from Neutron. Please use method 'is_service_role' instead.
2026-05-21 20:45:31.062 9 WARNING neutron.scheduler.dhcp_agent_scheduler [None req-6c62253c-605a-458a-8ed4-f91605422c13 6aab2ec4b3794063ba8b2461e38533ec abc7bdd40050499ab5c2cf34186b0e20 - - default default] No more DHCP agents
2026-05-21 20:45:31.065 9 WARNING neutron.api.rpc.agentnotifiers.dhcp_rpc_agent_api [None req-6c62253c-605a-458a-8ed4-f91605422c13 6aab2ec4b3794063ba8b2461e38533ec abc7bdd40050499ab5c2cf34186b0e20 - - default default] Unable to schedule network 4932d8c9-7e3a-4d28-9b14-f57e6e03ed0d: no agents available; will retry on subsequent port and subnet creation events.
2026-05-21 20:45:31.374 9 INFO neutron.db.ovn_revision_numbers_db [None req-6c62253c-605a-458a-8ed4-f91605422c13 6aab2ec4b3794063ba8b2461e38533ec abc7bdd40050499ab5c2cf34186b0e20 - - default default] Successfully bumped revision number for resource 4fae8ab6-3c79-4706-9c38-15b4b7872569 (type: floatingips) to 0
2026-05-21 20:45:31.386 9 INFO neutron.wsgi [None req-6c62253c-605a-458a-8ed4-f91605422c13 6aab2ec4b3794063ba8b2461e38533ec abc7bdd40050499ab5c2cf34186b0e20 - - default default] 10.0.0.170 "POST /v2.0/floatingips HTTP/1.1" status: 201 len: 751 time: 0.7541678
2026-05-21 20:45:31.396 9 WARNING neutron_lib.context [None req-2e615645-348b-4e3c-b2c3-9cfcf9ad476b 6aab2ec4b3794063ba8b2461e38533ec abc7bdd40050499ab5c2cf34186b0e20 - - default default] Method 'is_advsvc' is deprecated since 2023.2 release (neutron-lib 3.8.0) and will be removed once support for the old RBAC API policies will be removed from Neutron. Please use method 'is_service_role' instead.
2026-05-21 20:45:31.683 9 WARNING neutron.scheduler.dhcp_agent_scheduler [None req-2e615645-348b-4e3c-b2c3-9cfcf9ad476b 6aab2ec4b3794063ba8b2461e38533ec abc7bdd40050499ab5c2cf34186b0e20 - - default default] No more DHCP agents
2026-05-21 20:45:31.686 9 WARNING neutron.api.rpc.agentnotifiers.dhcp_rpc_agent_api [None req-2e615645-348b-4e3c-b2c3-9cfcf9ad476b 6aab2ec4b3794063ba8b2461e38533ec abc7bdd40050499ab5c2cf34186b0e20 - - default default] Unable to schedule network 4932d8c9-7e3a-4d28-9b14-f57e6e03ed0d: no agents available; will retry on subsequent port and subnet creation events.
2026-05-21 20:45:32.280 9 INFO neutron.db.ovn_revision_numbers_db [None req-2e615645-348b-4e3c-b2c3-9cfcf9ad476b 6aab2ec4b3794063ba8b2461e38533ec abc7bdd40050499ab5c2cf34186b0e20 - - default default] Successfully bumped revision number for resource 14c23285-1dfa-433d-b425-9975590ee6f3 (type: floatingips) to 0
2026-05-21 20:45:32.294 9 INFO neutron.wsgi [None req-2e615645-348b-4e3c-b2c3-9cfcf9ad476b 6aab2ec4b3794063ba8b2461e38533ec abc7bdd40050499ab5c2cf34186b0e20 - - default default] 10.0.0.170 "POST /v2.0/floatingips HTTP/1.1" status: 201 len: 751 time: 0.9018307
2026-05-21 20:45:32.302 9 WARNING neutron_lib.context [None req-82eb97cf-9b13-49ff-8d33-0e04bad4bb9e 6aab2ec4b3794063ba8b2461e38533ec abc7bdd40050499ab5c2cf34186b0e20 - - default default] Method 'is_advsvc' is deprecated since 2023.2 release (neutron-lib 3.8.0) and will be removed once support for the old RBAC API policies will be removed from Neutron. Please use method 'is_service_role' instead.
2026-05-21 20:45:32.541 9 WARNING neutron.scheduler.dhcp_agent_scheduler [None req-82eb97cf-9b13-49ff-8d33-0e04bad4bb9e 6aab2ec4b3794063ba8b2461e38533ec abc7bdd40050499ab5c2cf34186b0e20 - - default default] No more DHCP agents
2026-05-21 20:45:32.543 9 WARNING neutron.api.rpc.agentnotifiers.dhcp_rpc_agent_api [None req-82eb97cf-9b13-49ff-8d33-0e04bad4bb9e 6aab2ec4b3794063ba8b2461e38533ec abc7bdd40050499ab5c2cf34186b0e20 - - default default] Unable to schedule network 4932d8c9-7e3a-4d28-9b14-f57e6e03ed0d: no agents available; will retry on subsequent port and subnet creation events.
2026-05-21 20:45:32.851 9 INFO neutron.db.ovn_revision_numbers_db [None req-82eb97cf-9b13-49ff-8d33-0e04bad4bb9e 6aab2ec4b3794063ba8b2461e38533ec abc7bdd40050499ab5c2cf34186b0e20 - - default default] Successfully bumped revision number for resource bfb1c142-69d6-4002-9b51-817a12c5ab34 (type: floatingips) to 0
2026-05-21 20:45:32.865 9 INFO neutron.wsgi [None req-82eb97cf-9b13-49ff-8d33-0e04bad4bb9e 6aab2ec4b3794063ba8b2461e38533ec abc7bdd40050499ab5c2cf34186b0e20 - - default default] 10.0.0.170 "POST /v2.0/floatingips HTTP/1.1" status: 201 len: 751 time: 0.5667078
2026-05-21 20:45:32.873 9 WARNING neutron_lib.context [None req-bb5cf504-fe28-4395-824a-351761d1893c 6aab2ec4b3794063ba8b2461e38533ec abc7bdd40050499ab5c2cf34186b0e20 - - default default] Method 'is_advsvc' is deprecated since 2023.2 release (neutron-lib 3.8.0) and will be removed once support for the old RBAC API policies will be removed from Neutron. Please use method 'is_service_role' instead.
2026-05-21 20:45:33.102 9 WARNING neutron.scheduler.dhcp_agent_scheduler [None req-bb5cf504-fe28-4395-824a-351761d1893c 6aab2ec4b3794063ba8b2461e38533ec abc7bdd40050499ab5c2cf34186b0e20 - - default default] No more DHCP agents
2026-05-21 20:45:33.104 9 WARNING neutron.api.rpc.agentnotifiers.dhcp_rpc_agent_api [None req-bb5cf504-fe28-4395-824a-351761d1893c 6aab2ec4b3794063ba8b2461e38533ec abc7bdd40050499ab5c2cf34186b0e20 - - default default] Unable to schedule network 4932d8c9-7e3a-4d28-9b14-f57e6e03ed0d: no agents available; will retry on subsequent port and subnet creation events.
2026-05-21 20:45:33.412 9 INFO neutron.db.ovn_revision_numbers_db [None req-bb5cf504-fe28-4395-824a-351761d1893c 6aab2ec4b3794063ba8b2461e38533ec abc7bdd40050499ab5c2cf34186b0e20 - - default default] Successfully bumped revision number for resource 5dc0fe27-35c3-411b-9ddf-8b368c53f169 (type: floatingips) to 0
2026-05-21 20:45:33.426 9 INFO neutron.wsgi [None req-bb5cf504-fe28-4395-824a-351761d1893c 6aab2ec4b3794063ba8b2461e38533ec abc7bdd40050499ab5c2cf34186b0e20 - - default default] 10.0.0.170 "POST /v2.0/floatingips HTTP/1.1" status: 201 len: 751 time: 0.5572143
2026-05-21 20:45:33.436 9 WARNING neutron_lib.context [None req-3992312b-351f-4fe3-953d-93fcc45a0c9b 6aab2ec4b3794063ba8b2461e38533ec abc7bdd40050499ab5c2cf34186b0e20 - - default default] Method 'is_advsvc' is deprecated since 2023.2 release (neutron-lib 3.8.0) and will be removed once support for the old RBAC API policies will be removed from Neutron. Please use method 'is_service_role' instead.
2026-05-21 20:45:33.719 9 WARNING neutron.scheduler.dhcp_agent_scheduler [None req-3992312b-351f-4fe3-953d-93fcc45a0c9b 6aab2ec4b3794063ba8b2461e38533ec abc7bdd40050499ab5c2cf34186b0e20 - - default default] No more DHCP agents
2026-05-21 20:45:33.721 9 WARNING neutron.api.rpc.agentnotifiers.dhcp_rpc_agent_api [None req-3992312b-351f-4fe3-953d-93fcc45a0c9b 6aab2ec4b3794063ba8b2461e38533ec abc7bdd40050499ab5c2cf34186b0e20 - - default default] Unable to schedule network 4932d8c9-7e3a-4d28-9b14-f57e6e03ed0d: no agents available; will retry on subsequent port and subnet creation events.
2026-05-21 20:45:33.783 10 WARNING neutron_lib.context [None req-dc3bf032-4df7-4283-9088-baae1690567b ed5d3c0c3e734e01b8ee99b12067616b fc1ad8550d374b1a8031db6d91f2133b - - default default] Method 'is_advsvc' is deprecated since 2023.2 release (neutron-lib 3.8.0) and will be removed once support for the old RBAC API policies will be removed from Neutron. Please use method 'is_service_role' instead.
2026-05-21 20:45:33.907 10 INFO neutron.db.ovn_revision_numbers_db [None req-dc3bf032-4df7-4283-9088-baae1690567b ed5d3c0c3e734e01b8ee99b12067616b fc1ad8550d374b1a8031db6d91f2133b - - default default] Successfully bumped revision number for resource 4a492123-69c3-4ab9-8c56-dda8b680ddb5 (type: security_groups) to 1
2026-05-21 20:45:33.921 10 INFO neutron.db.ovn_revision_numbers_db [None req-dc3bf032-4df7-4283-9088-baae1690567b ed5d3c0c3e734e01b8ee99b12067616b fc1ad8550d374b1a8031db6d91f2133b - - default default] Successfully bumped revision number for resource 0cd3ffbe-e39a-40a0-b489-fb1bb7615d1a (type: security_group_rules) to 0
2026-05-21 20:45:33.935 10 INFO neutron.db.ovn_revision_numbers_db [None req-dc3bf032-4df7-4283-9088-baae1690567b ed5d3c0c3e734e01b8ee99b12067616b fc1ad8550d374b1a8031db6d91f2133b - - default default] Successfully bumped revision number for resource 5c4f670c-291b-4e24-8be2-f6bfc309d1ed (type: security_group_rules) to 0
2026-05-21 20:45:33.950 10 INFO neutron.db.ovn_revision_numbers_db [None req-dc3bf032-4df7-4283-9088-baae1690567b ed5d3c0c3e734e01b8ee99b12067616b fc1ad8550d374b1a8031db6d91f2133b - - default default] Successfully bumped revision number for resource 86760ea0-374e-44b9-b096-7fb997b8297f (type: security_group_rules) to 0
2026-05-21 20:45:33.964 10 INFO neutron.db.ovn_revision_numbers_db [None req-dc3bf032-4df7-4283-9088-baae1690567b ed5d3c0c3e734e01b8ee99b12067616b fc1ad8550d374b1a8031db6d91f2133b - - default default] Successfully bumped revision number for resource d0e85e08-676a-4b2a-86cb-ccbf0f55cab7 (type: security_group_rules) to 0
2026-05-21 20:45:34.015 10 INFO neutron.db.segments_db [None req-dc3bf032-4df7-4283-9088-baae1690567b ed5d3c0c3e734e01b8ee99b12067616b fc1ad8550d374b1a8031db6d91f2133b - - default default] Added segment c49833e8-7980-4565-80d8-27bdf61f1dac of type geneve for network 862a8cc1-8a56-4c01-bc8b-dc0f1f617c4f
2026-05-21 20:45:34.039 9 INFO neutron.db.ovn_revision_numbers_db [None req-3992312b-351f-4fe3-953d-93fcc45a0c9b 6aab2ec4b3794063ba8b2461e38533ec abc7bdd40050499ab5c2cf34186b0e20 - - default default] Successfully bumped revision number for resource ea2270d2-16e0-453c-b0cf-8d44a6842306 (type: floatingips) to 0
2026-05-21 20:45:34.052 9 INFO neutron.wsgi [None req-3992312b-351f-4fe3-953d-93fcc45a0c9b 6aab2ec4b3794063ba8b2461e38533ec abc7bdd40050499ab5c2cf34186b0e20 - - default default] 10.0.0.170 "POST /v2.0/floatingips HTTP/1.1" status: 201 len: 751 time: 0.6203859
2026-05-21 20:45:34.098 9 INFO neutron.wsgi [None req-e528268a-71c2-4b05-87a6-849f80c3bc50 6aab2ec4b3794063ba8b2461e38533ec abc7bdd40050499ab5c2cf34186b0e20 - - default default] 10.0.0.170 "PUT /v2.0/floatingips/4fae8ab6-3c79-4706-9c38-15b4b7872569/tags HTTP/1.1" status: 200 len: 210 time: 0.0400722
2026-05-21 20:45:34.146 9 INFO neutron.wsgi [None req-cd3a4695-666a-4e05-ae27-33d39df4b6d4 6aab2ec4b3794063ba8b2461e38533ec abc7bdd40050499ab5c2cf34186b0e20 - - default default] 10.0.0.170 "PUT /v2.0/floatingips/14c23285-1dfa-433d-b425-9975590ee6f3/tags HTTP/1.1" status: 200 len: 218 time: 0.0421288
2026-05-21 20:45:34.162 10 INFO neutron.db.ovn_revision_numbers_db [None req-dc3bf032-4df7-4283-9088-baae1690567b ed5d3c0c3e734e01b8ee99b12067616b fc1ad8550d374b1a8031db6d91f2133b - - default default] Successfully bumped revision number for resource 862a8cc1-8a56-4c01-bc8b-dc0f1f617c4f (type: networks) to 1
2026-05-21 20:45:34.193 9 INFO neutron.wsgi [None req-4a543fc2-2725-424d-b5b9-ec287ece0524 6aab2ec4b3794063ba8b2461e38533ec abc7bdd40050499ab5c2cf34186b0e20 - - default default] 10.0.0.170 "PUT /v2.0/floatingips/bfb1c142-69d6-4002-9b51-817a12c5ab34/tags HTTP/1.1" status: 200 len: 227 time: 0.0420768
2026-05-21 20:45:34.241 9 INFO neutron.wsgi [None req-4e338b6d-659d-486c-92a4-b4410af98203 6aab2ec4b3794063ba8b2461e38533ec abc7bdd40050499ab5c2cf34186b0e20 - - default default] 10.0.0.170 "PUT /v2.0/floatingips/5dc0fe27-35c3-411b-9ddf-8b368c53f169/tags HTTP/1.1" status: 200 len: 212 time: 0.0441787
2026-05-21 20:45:34.284 9 INFO neutron.wsgi [None req-ef5e608b-9712-4b26-a6a0-0d3dcfd99892 6aab2ec4b3794063ba8b2461e38533ec abc7bdd40050499ab5c2cf34186b0e20 - - default default] 10.0.0.170 "GET /v2.0/floatingips?tags=red HTTP/1.1" status: 200 len: 1866 time: 0.0372314
2026-05-21 20:45:34.331 9 INFO neutron.wsgi [None req-64e32812-01ff-4919-aa97-ee82c3eda3e5 6aab2ec4b3794063ba8b2461e38533ec abc7bdd40050499ab5c2cf34186b0e20 - - default default] 10.0.0.170 "GET /v2.0/floatingips?tags=red%2Cblue HTTP/1.1" status: 200 len: 1323 time: 0.0428903
2026-05-21 20:45:34.335 10 WARNING neutron.scheduler.dhcp_agent_scheduler [None req-dc3bf032-4df7-4283-9088-baae1690567b ed5d3c0c3e734e01b8ee99b12067616b fc1ad8550d374b1a8031db6d91f2133b - - default default] No more DHCP agents
2026-05-21 20:45:34.337 10 WARNING neutron.api.rpc.agentnotifiers.dhcp_rpc_agent_api [None req-dc3bf032-4df7-4283-9088-baae1690567b ed5d3c0c3e734e01b8ee99b12067616b fc1ad8550d374b1a8031db6d91f2133b - - default default] Unable to schedule network 862a8cc1-8a56-4c01-bc8b-dc0f1f617c4f: no agents available; will retry on subsequent port and subnet creation events.
2026-05-21 20:45:34.380 9 INFO neutron.wsgi [None req-e231bb72-b5b2-4dc2-9194-15986e6dfa75 6aab2ec4b3794063ba8b2461e38533ec abc7bdd40050499ab5c2cf34186b0e20 - - default default] 10.0.0.170 "GET /v2.0/floatingips?tags-any=blue HTTP/1.1" status: 200 len: 1323 time: 0.0450292
2026-05-21 20:45:34.421 10 INFO neutron.db.ovn_revision_numbers_db [None req-dc3bf032-4df7-4283-9088-baae1690567b ed5d3c0c3e734e01b8ee99b12067616b fc1ad8550d374b1a8031db6d91f2133b - - default default] Successfully bumped revision number for resource 13531b6c-1197-4bdd-951b-8490543dc117 (type: ports) to 1
2026-05-21 20:45:34.422 9 INFO neutron.wsgi [None req-c1a8a5d9-4f7c-464d-b5dd-7e5b66b3cbb8 6aab2ec4b3794063ba8b2461e38533ec abc7bdd40050499ab5c2cf34186b0e20 - - default default] 10.0.0.170 "GET /v2.0/floatingips?tags-any=red%2Cblue HTTP/1.1" status: 200 len: 1866 time: 0.0355453
2026-05-21 20:45:34.455 10 INFO neutron.wsgi [None req-dc3bf032-4df7-4283-9088-baae1690567b ed5d3c0c3e734e01b8ee99b12067616b fc1ad8550d374b1a8031db6d91f2133b - - default default] 10.0.0.170 "POST /v2.0/networks HTTP/1.1" status: 201 len: 831 time: 0.8541195
2026-05-21 20:45:34.464 10 WARNING neutron_lib.context [None req-ae14784c-5340-48df-b1fd-9096d4c00eb6 ed5d3c0c3e734e01b8ee99b12067616b fc1ad8550d374b1a8031db6d91f2133b - - default default] Method 'is_advsvc' is deprecated since 2023.2 release (neutron-lib 3.8.0) and will be removed once support for the old RBAC API policies will be removed from Neutron. Please use method 'is_service_role' instead.
2026-05-21 20:45:34.469 9 INFO neutron.wsgi [None req-af670121-1b6e-43f5-b3e4-e2836b8747a7 6aab2ec4b3794063ba8b2461e38533ec abc7bdd40050499ab5c2cf34186b0e20 - - default default] 10.0.0.170 "GET /v2.0/floatingips?not-tags=red HTTP/1.1" status: 200 len: 1295 time: 0.0434046
2026-05-21 20:45:34.517 9 INFO neutron.wsgi [None req-8d46a40f-c7ec-44a6-b7c7-2cdce1096136 6aab2ec4b3794063ba8b2461e38533ec abc7bdd40050499ab5c2cf34186b0e20 - - default default] 10.0.0.170 "GET /v2.0/floatingips?not-tags=red%2Cblue HTTP/1.1" status: 200 len: 1838 time: 0.0434875
2026-05-21 20:45:34.559 9 INFO neutron.wsgi [None req-92e9910b-7169-4967-9db8-4c75142b82ad 6aab2ec4b3794063ba8b2461e38533ec abc7bdd40050499ab5c2cf34186b0e20 - - default default] 10.0.0.170 "GET /v2.0/floatingips?not-tags-any=blue HTTP/1.1" status: 200 len: 1838 time: 0.0366158
2026-05-21 20:45:34.593 9 INFO neutron.wsgi [None req-f99f5d25-b6f1-4f68-abcf-fcb92cff8b65 6aab2ec4b3794063ba8b2461e38533ec abc7bdd40050499ab5c2cf34186b0e20 - - default default] 10.0.0.170 "GET /v2.0/floatingips?not-tags-any=red%2Cblue HTTP/1.1" status: 200 len: 1295 time: 0.0289564
2026-05-21 20:45:35.006 10 WARNING neutron.scheduler.dhcp_agent_scheduler [None req-ae14784c-5340-48df-b1fd-9096d4c00eb6 ed5d3c0c3e734e01b8ee99b12067616b fc1ad8550d374b1a8031db6d91f2133b - - default default] No more DHCP agents
2026-05-21 20:45:35.008 10 WARNING neutron.api.rpc.agentnotifiers.dhcp_rpc_agent_api [None req-ae14784c-5340-48df-b1fd-9096d4c00eb6 ed5d3c0c3e734e01b8ee99b12067616b fc1ad8550d374b1a8031db6d91f2133b - - default default] Unable to schedule network 862a8cc1-8a56-4c01-bc8b-dc0f1f617c4f: no agents available; will retry on subsequent port and subnet creation events.
2026-05-21 20:45:35.314 10 INFO neutron.wsgi [None req-15e36ff3-0115-4ad2-8936-e99c94c703f0 6aab2ec4b3794063ba8b2461e38533ec abc7bdd40050499ab5c2cf34186b0e20 - - default default] 10.0.0.170 "DELETE /v2.0/floatingips/4fae8ab6-3c79-4706-9c38-15b4b7872569 HTTP/1.1" status: 204 len: 168 time: 0.7143376
