2026-05-21 20:43:58.441 9 INFO neutron.wsgi [req-3dfcb726-5767-42a7-8452-7ab902f2f939 req-b7aa8bab-c3f0-40d8-9901-f1265c0fcdeb 69d4311732694ce3beae4333b61e2427 2a9faab92e384d0da575fc126fdc5b0b - - 4e12037ead924f5c973c3cd06db7653e 4e12037ead924f5c973c3cd06db7653e] 199.19.213.31 "GET /v2.0/subnets?id=2ff415f8-7644-4567-9378-e2c7013b6a27 HTTP/1.1" status: 200 len: 868 time: 0.0384269
2026-05-21 20:43:58.469 9 INFO neutron.wsgi [req-3dfcb726-5767-42a7-8452-7ab902f2f939 req-42eecfa7-5d2e-4497-9aed-526caa473cbd 69d4311732694ce3beae4333b61e2427 2a9faab92e384d0da575fc126fdc5b0b - - 4e12037ead924f5c973c3cd06db7653e 4e12037ead924f5c973c3cd06db7653e] 199.19.213.31 "GET /v2.0/ports?network_id=0353e3c4-1c05-4885-9fef-19553f8cdae6&device_owner=network%3Adhcp HTTP/1.1" status: 200 len: 210 time: 0.0216742
2026-05-21 20:43:58.514 9 WARNING neutron.scheduler.dhcp_agent_scheduler [None req-01a75d44-69b2-4587-b24e-97fdc62479f2 d4a29964b5e9449291ace324927bea86 e3a766d85d0c4c5ca5e8dc235978f5d3 - - default default] No more DHCP agents
2026-05-21 20:43:58.517 9 WARNING neutron.api.rpc.agentnotifiers.dhcp_rpc_agent_api [None req-01a75d44-69b2-4587-b24e-97fdc62479f2 d4a29964b5e9449291ace324927bea86 e3a766d85d0c4c5ca5e8dc235978f5d3 - - default default] Unable to schedule network ce4ed8cd-ee48-483c-85ea-b0c151652986: no agents available; will retry on subsequent port and subnet creation events.
2026-05-21 20:43:58.568 9 INFO neutron.wsgi [req-3dfcb726-5767-42a7-8452-7ab902f2f939 req-26db26d9-eb6e-40b4-b061-29c950e81b03 69d4311732694ce3beae4333b61e2427 2a9faab92e384d0da575fc126fdc5b0b - - 4e12037ead924f5c973c3cd06db7653e 4e12037ead924f5c973c3cd06db7653e] 199.19.213.31 "GET /v2.0/networks/0353e3c4-1c05-4885-9fef-19553f8cdae6?fields=segments HTTP/1.1" status: 200 len: 212 time: 0.0871041
2026-05-21 20:43:58.618 9 INFO neutron.db.ovn_revision_numbers_db [None req-01a75d44-69b2-4587-b24e-97fdc62479f2 d4a29964b5e9449291ace324927bea86 e3a766d85d0c4c5ca5e8dc235978f5d3 - - default default] Successfully bumped revision number for resource d469d808-25c9-47f2-813a-22636c1911ac (type: ports) to 1
2026-05-21 20:43:58.636 10 INFO neutron.notifiers.nova [-] Nova event matching ['req-536d29ef-e21b-43d5-9d87-c598e05f7751'] response: {'server_uuid': '16a90cab-04d2-43fd-bfdb-b3f11aa53133', 'name': 'network-vif-plugged', 'status': 'completed', 'tag': 'a8272e77-a1df-4e18-aba1-edebc6e167b4', 'code': 200}
2026-05-21 20:43:58.639 9 INFO neutron.wsgi [req-3dfcb726-5767-42a7-8452-7ab902f2f939 req-bfde040c-02f9-4c01-a1ae-ce1566df437d 69d4311732694ce3beae4333b61e2427 2a9faab92e384d0da575fc126fdc5b0b - - 4e12037ead924f5c973c3cd06db7653e 4e12037ead924f5c973c3cd06db7653e] 199.19.213.31 "GET /v2.0/networks/0353e3c4-1c05-4885-9fef-19553f8cdae6?fields=provider%3Aphysical_network&fields=provider%3Anetwork_type HTTP/1.1" status: 200 len: 277 time: 0.0648513
2026-05-21 20:43:58.644 9 INFO neutron.wsgi [None req-01a75d44-69b2-4587-b24e-97fdc62479f2 d4a29964b5e9449291ace324927bea86 e3a766d85d0c4c5ca5e8dc235978f5d3 - - default default] 10.0.0.170 "POST /v2.0/networks HTTP/1.1" status: 201 len: 828 time: 0.7110672
2026-05-21 20:43:58.653 9 WARNING neutron_lib.context [None req-f9f9ae35-b93f-47ee-a3fe-fe5f63aeb19a d4a29964b5e9449291ace324927bea86 e3a766d85d0c4c5ca5e8dc235978f5d3 - - default default] Method 'is_advsvc' is deprecated since 2023.2 release (neutron-lib 3.8.0) and will be removed once support for the old RBAC API policies will be removed from Neutron. Please use method 'is_service_role' instead.
2026-05-21 20:43:58.677 10 INFO neutron.db.ovn_revision_numbers_db [None req-1f69373b-f1f0-4f7a-b14f-f97619e33557 d225479571cf494f838b2423f89135fe c630ddfab35443bab7f2b3f6481e28b9 - - default default] Successfully bumped revision number for resource 021c429e-f3d4-45e7-b837-a7272dc57cbb (type: security_groups) to 1
2026-05-21 20:43:58.694 10 INFO neutron.wsgi [req-d4e1bbd7-224c-4c8c-9510-9b3f4b5fcb5e req-8c47803b-c985-4260-8152-5dedc4373f07 5c5c9b1be724457f830b960e334a9d5b c1fa1c637720475ab7082818daefbd48 - - default default] 10.0.0.222 "GET /v2.0/ports?device_id=16a90cab-04d2-43fd-bfdb-b3f11aa53133 HTTP/1.1" status: 200 len: 1168 time: 0.0889721
2026-05-21 20:43:58.739 10 INFO neutron.db.ovn_revision_numbers_db [None req-1f69373b-f1f0-4f7a-b14f-f97619e33557 d225479571cf494f838b2423f89135fe c630ddfab35443bab7f2b3f6481e28b9 - - default default] Successfully bumped revision number for resource 2d2e69a6-6cb2-4187-a768-290b69c98669 (type: security_group_rules) to 0
2026-05-21 20:43:58.781 10 INFO neutron.db.ovn_revision_numbers_db [None req-1f69373b-f1f0-4f7a-b14f-f97619e33557 d225479571cf494f838b2423f89135fe c630ddfab35443bab7f2b3f6481e28b9 - - default default] Successfully bumped revision number for resource 337c51b5-7831-4445-9d03-2698a277046a (type: security_group_rules) to 0
2026-05-21 20:43:58.792 10 INFO neutron.wsgi [req-d4e1bbd7-224c-4c8c-9510-9b3f4b5fcb5e req-3817d775-4d7b-4f1f-982f-d348b6046759 5c5c9b1be724457f830b960e334a9d5b c1fa1c637720475ab7082818daefbd48 - - default default] 10.0.0.222 "GET /v2.0/security-groups?id=d67ff4e1-70fe-4e6d-a275-3d161c921202&fields=id&fields=name HTTP/1.1" status: 200 len: 313 time: 0.0875838
2026-05-21 20:43:58.822 10 INFO neutron.db.ovn_revision_numbers_db [None req-1f69373b-f1f0-4f7a-b14f-f97619e33557 d225479571cf494f838b2423f89135fe c630ddfab35443bab7f2b3f6481e28b9 - - default default] Successfully bumped revision number for resource 8bf84391-1bc2-42d0-a223-079a22c6d785 (type: security_group_rules) to 0
2026-05-21 20:43:58.865 10 INFO neutron.db.ovn_revision_numbers_db [None req-1f69373b-f1f0-4f7a-b14f-f97619e33557 d225479571cf494f838b2423f89135fe c630ddfab35443bab7f2b3f6481e28b9 - - default default] Successfully bumped revision number for resource f5c4c372-b26b-4fe3-8ea5-20d8ab69a420 (type: security_group_rules) to 0
2026-05-21 20:43:58.887 9 WARNING neutron.scheduler.dhcp_agent_scheduler [None req-f9f9ae35-b93f-47ee-a3fe-fe5f63aeb19a d4a29964b5e9449291ace324927bea86 e3a766d85d0c4c5ca5e8dc235978f5d3 - - default default] No more DHCP agents
2026-05-21 20:43:58.888 9 WARNING neutron.api.rpc.agentnotifiers.dhcp_rpc_agent_api [None req-f9f9ae35-b93f-47ee-a3fe-fe5f63aeb19a d4a29964b5e9449291ace324927bea86 e3a766d85d0c4c5ca5e8dc235978f5d3 - - default default] Unable to schedule network ce4ed8cd-ee48-483c-85ea-b0c151652986: no agents available; will retry on subsequent port and subnet creation events.
2026-05-21 20:43:58.894 10 INFO neutron.wsgi [None req-1f69373b-f1f0-4f7a-b14f-f97619e33557 d225479571cf494f838b2423f89135fe c630ddfab35443bab7f2b3f6481e28b9 - - default default] 10.0.0.170 "GET /v2.0/security-groups?tenant_id=22e0740e433f45348ed31d5d12f6bc08&name=default HTTP/1.1" status: 200 len: 2996 time: 0.6979773
2026-05-21 20:43:58.923 10 INFO neutron.wsgi [None req-8dfc220c-3b84-437b-bb8b-cb5911dff31c 856bfc1be2fb428280b78c363a5871df 0a2feb508c444467b8354e5d297b20e9 - - default default] 10.0.0.170 "DELETE /v2.0/networks/d92bc0a5-cdd1-47c4-a1ce-fff2d7dc961a HTTP/1.1" status: 204 len: 168 time: 0.6832731
2026-05-21 20:43:58.933 9 WARNING neutron_lib.context [None req-7690b223-ee4c-4c94-bdfd-e58e4c2ebc01 856bfc1be2fb428280b78c363a5871df 0a2feb508c444467b8354e5d297b20e9 - - default default] Method 'is_advsvc' is deprecated since 2023.2 release (neutron-lib 3.8.0) and will be removed once support for the old RBAC API policies will be removed from Neutron. Please use method 'is_service_role' instead.
2026-05-21 20:43:58.976 10 INFO neutron.db.ovn_revision_numbers_db [None req-0bc2fed7-fd0f-4b81-82e3-5a2310703042 - - - - - -] Successfully bumped revision number for resource a8272e77-a1df-4e18-aba1-edebc6e167b4 (type: ports) to 4
2026-05-21 20:43:59.041 9 INFO neutron.db.segments_db [None req-7690b223-ee4c-4c94-bdfd-e58e4c2ebc01 856bfc1be2fb428280b78c363a5871df 0a2feb508c444467b8354e5d297b20e9 - - default default] Added segment bbcb5fa7-0c6f-4ff9-8159-3afc67764b05 of type geneve for network 58705172-390b-4b41-b07f-f4c778371c88
2026-05-21 20:43:59.132 10 INFO neutron.wsgi [None req-da8f036a-953f-4ab9-84b0-c73b6c92eb8a d225479571cf494f838b2423f89135fe c630ddfab35443bab7f2b3f6481e28b9 - - default default] 10.0.0.170 "DELETE /v2.0/security-groups/021c429e-f3d4-45e7-b837-a7272dc57cbb HTTP/1.1" status: 204 len: 168 time: 0.2296283
2026-05-21 20:43:59.212 9 INFO neutron.db.ovn_revision_numbers_db [None req-7690b223-ee4c-4c94-bdfd-e58e4c2ebc01 856bfc1be2fb428280b78c363a5871df 0a2feb508c444467b8354e5d297b20e9 - - default default] Successfully bumped revision number for resource 58705172-390b-4b41-b07f-f4c778371c88 (type: networks) to 1 /var/lib/openstack/lib/python3.10/site-packages/pycadf/identifier.py:71: UserWarning: Invalid uuid: neutron. To ensure interoperability, identifiers should be a valid uuid. warnings.warn(('Invalid uuid: %s. To ensure interoperability, '
2026-05-21 20:43:59.327 10 INFO neutron.db.ovn_revision_numbers_db [None req-b18625f8-0f02-4e54-a258-d6513969c37a d225479571cf494f838b2423f89135fe c630ddfab35443bab7f2b3f6481e28b9 - - default default] Successfully bumped revision number for resource 7fe229ea-d801-43cc-a164-3f930af81f30 (type: security_groups) to 1
2026-05-21 20:43:59.341 10 INFO neutron.db.ovn_revision_numbers_db [None req-b18625f8-0f02-4e54-a258-d6513969c37a d225479571cf494f838b2423f89135fe c630ddfab35443bab7f2b3f6481e28b9 - - default default] Successfully bumped revision number for resource 1c5421df-44a1-473c-bfc4-48667733da8e (type: security_group_rules) to 0
2026-05-21 20:43:59.354 10 INFO neutron.db.ovn_revision_numbers_db [None req-b18625f8-0f02-4e54-a258-d6513969c37a d225479571cf494f838b2423f89135fe c630ddfab35443bab7f2b3f6481e28b9 - - default default] Successfully bumped revision number for resource abc2c8aa-5c35-43d1-bdf7-2c78fe4941af (type: security_group_rules) to 0
2026-05-21 20:43:59.369 10 INFO neutron.db.ovn_revision_numbers_db [None req-b18625f8-0f02-4e54-a258-d6513969c37a d225479571cf494f838b2423f89135fe c630ddfab35443bab7f2b3f6481e28b9 - - default default] Successfully bumped revision number for resource cdfa2621-69c4-485e-ad86-e9a88c96a7d9 (type: security_group_rules) to 0
2026-05-21 20:43:59.398 10 INFO neutron.db.ovn_revision_numbers_db [None req-b18625f8-0f02-4e54-a258-d6513969c37a d225479571cf494f838b2423f89135fe c630ddfab35443bab7f2b3f6481e28b9 - - default default] Successfully bumped revision number for resource fbec4b14-1ad6-432e-b655-b5e9c079d2f2 (type: security_group_rules) to 0
2026-05-21 20:43:59.418 10 INFO neutron.wsgi [None req-b18625f8-0f02-4e54-a258-d6513969c37a d225479571cf494f838b2423f89135fe c630ddfab35443bab7f2b3f6481e28b9 - - default default] 10.0.0.170 "GET /v2.0/security-groups?tenant_id=5a191285f337468ca85ff240c7e9844e&name=default HTTP/1.1" status: 200 len: 2996 time: 0.1980541
2026-05-21 20:43:59.443 9 WARNING neutron.scheduler.dhcp_agent_scheduler [None req-7690b223-ee4c-4c94-bdfd-e58e4c2ebc01 856bfc1be2fb428280b78c363a5871df 0a2feb508c444467b8354e5d297b20e9 - - default default] No more DHCP agents
2026-05-21 20:43:59.447 9 WARNING neutron.api.rpc.agentnotifiers.dhcp_rpc_agent_api [None req-7690b223-ee4c-4c94-bdfd-e58e4c2ebc01 856bfc1be2fb428280b78c363a5871df 0a2feb508c444467b8354e5d297b20e9 - - default default] Unable to schedule network 58705172-390b-4b41-b07f-f4c778371c88: no agents available; will retry on subsequent port and subnet creation events.
2026-05-21 20:43:59.534 9 INFO neutron.db.ovn_revision_numbers_db [None req-f9f9ae35-b93f-47ee-a3fe-fe5f63aeb19a d4a29964b5e9449291ace324927bea86 e3a766d85d0c4c5ca5e8dc235978f5d3 - - default default] Successfully bumped revision number for resource d469d808-25c9-47f2-813a-22636c1911ac (type: ports) to 2
2026-05-21 20:43:59.553 9 INFO neutron.db.ovn_revision_numbers_db [None req-7690b223-ee4c-4c94-bdfd-e58e4c2ebc01 856bfc1be2fb428280b78c363a5871df 0a2feb508c444467b8354e5d297b20e9 - - default default] Successfully bumped revision number for resource 58f0de84-e435-4496-9106-fc4627de3122 (type: ports) to 1
2026-05-21 20:43:59.570 9 INFO neutron.db.ovn_revision_numbers_db [None req-f9f9ae35-b93f-47ee-a3fe-fe5f63aeb19a d4a29964b5e9449291ace324927bea86 e3a766d85d0c4c5ca5e8dc235978f5d3 - - default default] Successfully bumped revision number for resource 94b00c13-1629-420d-b3fc-fa6a986312c3 (type: subnets) to 0
2026-05-21 20:43:59.575 9 INFO neutron.wsgi [None req-7690b223-ee4c-4c94-bdfd-e58e4c2ebc01 856bfc1be2fb428280b78c363a5871df 0a2feb508c444467b8354e5d297b20e9 - - default default] 10.0.0.170 "POST /v2.0/networks HTTP/1.1" status: 201 len: 835 time: 0.6456468
2026-05-21 20:43:59.583 9 WARNING neutron_lib.context [None req-da6e6ad4-9a4e-449b-8600-cbaf59914295 856bfc1be2fb428280b78c363a5871df 0a2feb508c444467b8354e5d297b20e9 - - default default] Method 'is_advsvc' is deprecated since 2023.2 release (neutron-lib 3.8.0) and will be removed once support for the old RBAC API policies will be removed from Neutron. Please use method 'is_service_role' instead.
2026-05-21 20:43:59.588 9 INFO neutron.wsgi [None req-f9f9ae35-b93f-47ee-a3fe-fe5f63aeb19a d4a29964b5e9449291ace324927bea86 e3a766d85d0c4c5ca5e8dc235978f5d3 - - default default] 10.0.0.170 "POST /v2.0/subnets HTTP/1.1" status: 201 len: 801 time: 0.9397089
2026-05-21 20:43:59.595 10 WARNING neutron_lib.context [None req-0e129a0f-46b2-43c8-934e-87a44a14efe5 d4a29964b5e9449291ace324927bea86 e3a766d85d0c4c5ca5e8dc235978f5d3 - - default default] Method 'is_advsvc' is deprecated since 2023.2 release (neutron-lib 3.8.0) and will be removed once support for the old RBAC API policies will be removed from Neutron. Please use method 'is_service_role' instead.
2026-05-21 20:43:59.655 10 INFO neutron.wsgi [None req-b72989c6-fc64-48d7-9d62-905c80d9f38e d225479571cf494f838b2423f89135fe c630ddfab35443bab7f2b3f6481e28b9 - - default default] 10.0.0.170 "DELETE /v2.0/security-groups/7fe229ea-d801-43cc-a164-3f930af81f30 HTTP/1.1" status: 204 len: 168 time: 0.2289886
2026-05-21 20:43:59.743 10 INFO neutron.db.ovn_revision_numbers_db [None req-0e129a0f-46b2-43c8-934e-87a44a14efe5 d4a29964b5e9449291ace324927bea86 e3a766d85d0c4c5ca5e8dc235978f5d3 - - default default] Successfully bumped revision number for resource 9aa1a8c2-445a-4c88-9168-f6956dbd8178 (type: routers) to 1
2026-05-21 20:43:59.757 10 INFO neutron.wsgi [None req-0e129a0f-46b2-43c8-934e-87a44a14efe5 d4a29964b5e9449291ace324927bea86 e3a766d85d0c4c5ca5e8dc235978f5d3 - - default default] 10.0.0.170 "POST /v2.0/routers HTTP/1.1" status: 201 len: 686 time: 0.1663039
2026-05-21 20:43:59.923 10 INFO neutron.services.segments.plugin [-] Segment 41f065a6-3aef-498d-af4e-6a8afcc87ec1 resource provider aggregate not found
2026-05-21 20:43:59.929 10 INFO neutron.services.segments.plugin [-] Segment 41f065a6-3aef-498d-af4e-6a8afcc87ec1 resource provider aggregate not found
2026-05-21 20:43:59.940 10 INFO neutron.services.segments.plugin [-] Segment 41f065a6-3aef-498d-af4e-6a8afcc87ec1 resource provider not found; error: Placement Client Error (4xx): {"errors": [{"status": 404, "title": "Not Found", "detail": "The resource could not be found.\n\n No resource provider with uuid 41f065a6-3aef-498d-af4e-6a8afcc87ec1 found for delete ", "request_id": "req-13c720e7-a0b3-4fbd-8b71-20a9e1245d59"}]}
2026-05-21 20:43:59.942 10 INFO neutron.services.segments.plugin [-] Segment 41f065a6-3aef-498d-af4e-6a8afcc87ec1 resource provider not found; error: Placement Client Error (4xx): {"errors": [{"status": 404, "title": "Not Found", "detail": "The resource could not be found.\n\n No resource provider with uuid 41f065a6-3aef-498d-af4e-6a8afcc87ec1 found for delete ", "request_id": "req-92f90b85-643f-42c4-aa61-2d1266b2f33e"}]}
2026-05-21 20:44:00.039 15 INFO neutron.plugins.ml2.drivers.ovn.mech_driver.ovsdb.maintenance [None req-1141bc0f-37ad-4b87-b116-20164885829a - - - - - -] Maintenance task: Synchronization finished (took 0.72 seconds)
2026-05-21 20:44:00.071 10 INFO neutron.wsgi [req-a8264804-52f6-4615-891f-3c31523d3138 req-43aa74b8-8610-43d0-b6c6-ba80667eb73e 5c5c9b1be724457f830b960e334a9d5b c1fa1c637720475ab7082818daefbd48 - - default default] 10.0.0.222 "GET /v2.0/ports?device_id=16a90cab-04d2-43fd-bfdb-b3f11aa53133 HTTP/1.1" status: 200 len: 1170 time: 0.1935117
2026-05-21 20:44:00.136 10 INFO neutron.wsgi [req-a8264804-52f6-4615-891f-3c31523d3138 req-5959482c-551a-4478-be2e-9c3d23149e95 5c5c9b1be724457f830b960e334a9d5b c1fa1c637720475ab7082818daefbd48 - - default default] 10.0.0.222 "GET /v2.0/security-groups?id=d67ff4e1-70fe-4e6d-a275-3d161c921202&fields=id&fields=name HTTP/1.1" status: 200 len: 313 time: 0.0566432
2026-05-21 20:44:00.151 9 WARNING neutron.scheduler.dhcp_agent_scheduler [None req-da6e6ad4-9a4e-449b-8600-cbaf59914295 856bfc1be2fb428280b78c363a5871df 0a2feb508c444467b8354e5d297b20e9 - - default default] No more DHCP agents
2026-05-21 20:44:00.153 9 WARNING neutron.api.rpc.agentnotifiers.dhcp_rpc_agent_api [None req-da6e6ad4-9a4e-449b-8600-cbaf59914295 856bfc1be2fb428280b78c363a5871df 0a2feb508c444467b8354e5d297b20e9 - - default default] Unable to schedule network 58705172-390b-4b41-b07f-f4c778371c88: no agents available; will retry on subsequent port and subnet creation events.
2026-05-21 20:44:00.189 9 INFO neutron.db.ovn_revision_numbers_db [None req-da6e6ad4-9a4e-449b-8600-cbaf59914295 856bfc1be2fb428280b78c363a5871df 0a2feb508c444467b8354e5d297b20e9 - - default default] Successfully bumped revision number for resource dfec5f53-417b-47e7-a5e9-5298cf6d39a0 (type: subnets) to 0
2026-05-21 20:44:00.202 9 INFO neutron.wsgi [None req-da6e6ad4-9a4e-449b-8600-cbaf59914295 856bfc1be2fb428280b78c363a5871df 0a2feb508c444467b8354e5d297b20e9 - - default default] 10.0.0.170 "POST /v2.0/subnets HTTP/1.1" status: 201 len: 821 time: 0.6226158
2026-05-21 20:44:00.212 9 WARNING neutron_lib.context [None req-91739c99-4ee4-4304-bbb8-3e5773587e4a 856bfc1be2fb428280b78c363a5871df 0a2feb508c444467b8354e5d297b20e9 - - default default] Method 'is_advsvc' is deprecated since 2023.2 release (neutron-lib 3.8.0) and will be removed once support for the old RBAC API policies will be removed from Neutron. Please use method 'is_service_role' instead.
2026-05-21 20:44:00.256 10 INFO neutron.wsgi [req-0a1c8af6-2303-4086-9613-c9ce83d6826d req-b7a140cc-b853-49ab-a169-d1d578a1f249 5c5c9b1be724457f830b960e334a9d5b c1fa1c637720475ab7082818daefbd48 - - default default] 10.0.0.222 "GET /v2.0/ports?device_id=16a90cab-04d2-43fd-bfdb-b3f11aa53133 HTTP/1.1" status: 200 len: 1170 time: 0.0586629
2026-05-21 20:44:00.384 10 WARNING neutron.scheduler.dhcp_agent_scheduler [None req-5eaad80d-bb5d-44f0-b460-05992ddd4e54 d4a29964b5e9449291ace324927bea86 e3a766d85d0c4c5ca5e8dc235978f5d3 - - default default] No more DHCP agents
2026-05-21 20:44:00.388 10 WARNING neutron.api.rpc.agentnotifiers.dhcp_rpc_agent_api [None req-5eaad80d-bb5d-44f0-b460-05992ddd4e54 d4a29964b5e9449291ace324927bea86 e3a766d85d0c4c5ca5e8dc235978f5d3 - - default default] Unable to schedule network ce4ed8cd-ee48-483c-85ea-b0c151652986: no agents available; will retry on subsequent port and subnet creation events.
2026-05-21 20:44:00.513 9 WARNING neutron.scheduler.dhcp_agent_scheduler [None req-91739c99-4ee4-4304-bbb8-3e5773587e4a 856bfc1be2fb428280b78c363a5871df 0a2feb508c444467b8354e5d297b20e9 - - default default] No more DHCP agents
2026-05-21 20:44:00.518 9 WARNING neutron.api.rpc.agentnotifiers.dhcp_rpc_agent_api [None req-91739c99-4ee4-4304-bbb8-3e5773587e4a 856bfc1be2fb428280b78c363a5871df 0a2feb508c444467b8354e5d297b20e9 - - default default] Unable to schedule network 58705172-390b-4b41-b07f-f4c778371c88: no agents available; will retry on subsequent port and subnet creation events.
2026-05-21 20:44:00.575 10 INFO neutron.db.l3_db [None req-e7f05c40-f82e-421f-8769-82ee3026170e 5c5c9b1be724457f830b960e334a9d5b c1fa1c637720475ab7082818daefbd48 - - default default] Floating IP 28c06356-43ab-4971-8687-c4d36152ad18 associated. External IP: 10.96.250.210, port: a8272e77-a1df-4e18-aba1-edebc6e167b4.
2026-05-21 20:44:00.629 9 INFO neutron.db.ovn_revision_numbers_db [None req-91739c99-4ee4-4304-bbb8-3e5773587e4a 856bfc1be2fb428280b78c363a5871df 0a2feb508c444467b8354e5d297b20e9 - - default default] Successfully bumped revision number for resource fc1e4efc-25c8-422a-a8a9-3a61a9fab514 (type: ports) to 1
2026-05-21 20:44:00.655 9 INFO neutron.wsgi [None req-91739c99-4ee4-4304-bbb8-3e5773587e4a 856bfc1be2fb428280b78c363a5871df 0a2feb508c444467b8354e5d297b20e9 - - default default] 10.0.0.170 "POST /v2.0/ports HTTP/1.1" status: 201 len: 1127 time: 0.4473581
2026-05-21 20:44:00.682 10 INFO neutron.notifiers.nova [-] Nova event matching ['req-a0d3c0be-9856-4b29-9274-0a24d7f49995'] response: {'server_uuid': '16a90cab-04d2-43fd-bfdb-b3f11aa53133', 'name': 'network-vif-plugged', 'status': 'completed', 'tag': 'a8272e77-a1df-4e18-aba1-edebc6e167b4', 'code': 200}
2026-05-21 20:44:00.683 10 INFO neutron.db.ovn_revision_numbers_db [None req-5eaad80d-bb5d-44f0-b460-05992ddd4e54 d4a29964b5e9449291ace324927bea86 e3a766d85d0c4c5ca5e8dc235978f5d3 - - default default] Successfully bumped revision number for resource dd37aa8b-ad9f-4be8-afa5-45b24a883baa (type: ports) to 1
2026-05-21 20:44:00.870 10 INFO neutron.db.ovn_revision_numbers_db [None req-e7f05c40-f82e-421f-8769-82ee3026170e 5c5c9b1be724457f830b960e334a9d5b c1fa1c637720475ab7082818daefbd48 - - default default] Successfully bumped revision number for resource 28c06356-43ab-4971-8687-c4d36152ad18 (type: floatingips) to 1
2026-05-21 20:44:00.921 9 INFO neutron.wsgi [None req-0fbd0861-1427-490e-819f-e7904077c6c3 856bfc1be2fb428280b78c363a5871df 0a2feb508c444467b8354e5d297b20e9 - - default default] 10.0.0.170 "DELETE /v2.0/ports/fc1e4efc-25c8-422a-a8a9-3a61a9fab514 HTTP/1.1" status: 204 len: 168 time: 0.2595639
2026-05-21 20:44:00.945 9 INFO neutron.pecan_wsgi.hooks.translation [None req-0ac060b0-7fe7-476d-990e-b3cf7d3653c1 856bfc1be2fb428280b78c363a5871df 0a2feb508c444467b8354e5d297b20e9 - - default default] GET failed (client error): The resource could not be found.
2026-05-21 20:44:00.946 9 INFO neutron.wsgi [None req-0ac060b0-7fe7-476d-990e-b3cf7d3653c1 856bfc1be2fb428280b78c363a5871df 0a2feb508c444467b8354e5d297b20e9 - - default default] 10.0.0.170 "GET /v2.0/ports/fc1e4efc-25c8-422a-a8a9-3a61a9fab514 HTTP/1.1" status: 404 len: 333 time: 0.0192914
2026-05-21 20:44:01.140 9 INFO neutron.wsgi [None req-c1d178a8-1eef-40ef-a0d2-ca1306ad9f27 856bfc1be2fb428280b78c363a5871df 0a2feb508c444467b8354e5d297b20e9 - - default default] 10.0.0.170 "DELETE /v2.0/subnets/dfec5f53-417b-47e7-a5e9-5298cf6d39a0 HTTP/1.1" status: 204 len: 168 time: 0.1891694
2026-05-21 20:44:01.352 10 INFO neutron.db.ovn_revision_numbers_db [None req-e7f05c40-f82e-421f-8769-82ee3026170e 5c5c9b1be724457f830b960e334a9d5b c1fa1c637720475ab7082818daefbd48 - - default default] Successfully bumped revision number for resource 28c06356-43ab-4971-8687-c4d36152ad18 (type: floatingips) to 2
2026-05-21 20:44:01.378 10 INFO neutron.wsgi [None req-e7f05c40-f82e-421f-8769-82ee3026170e 5c5c9b1be724457f830b960e334a9d5b c1fa1c637720475ab7082818daefbd48 - - default default] 10.0.0.170 "PUT /v2.0/floatingips/28c06356-43ab-4971-8687-c4d36152ad18 HTTP/1.1" status: 200 len: 1049 time: 1.1076555
2026-05-21 20:44:01.427 10 INFO neutron.plugins.ml2.drivers.ovn.mech_driver.mech_driver [None req-0bc2fed7-fd0f-4b81-82e3-5a2310703042 - - - - - -] OVN reports status up for port: dd37aa8b-ad9f-4be8-afa5-45b24a883baa
2026-05-21 20:44:01.442 10 INFO neutron.plugins.ml2.plugin [None req-0bc2fed7-fd0f-4b81-82e3-5a2310703042 - - - - - -] Attempt 1 to provision port dd37aa8b-ad9f-4be8-afa5-45b24a883baa
2026-05-21 20:44:01.459 9 INFO neutron.services.segments.plugin [-] Segment bbcb5fa7-0c6f-4ff9-8159-3afc67764b05 resource provider aggregate not found
2026-05-21 20:44:01.461 10 INFO neutron.db.ovn_revision_numbers_db [None req-5eaad80d-bb5d-44f0-b460-05992ddd4e54 d4a29964b5e9449291ace324927bea86 e3a766d85d0c4c5ca5e8dc235978f5d3 - - default default] Successfully bumped revision number for resource dd37aa8b-ad9f-4be8-afa5-45b24a883baa (type: router_ports) to 1
2026-05-21 20:44:01.464 9 INFO neutron.services.segments.plugin [-] Segment bbcb5fa7-0c6f-4ff9-8159-3afc67764b05 resource provider aggregate not found
2026-05-21 20:44:01.477 9 INFO neutron.services.segments.plugin [-] Segment bbcb5fa7-0c6f-4ff9-8159-3afc67764b05 resource provider not found; error: Placement Client Error (4xx): {"errors": [{"status": 404, "title": "Not Found", "detail": "The resource could not be found.\n\n No resource provider with uuid bbcb5fa7-0c6f-4ff9-8159-3afc67764b05 found for delete ", "request_id": "req-a106fa29-89e2-46f7-b410-c4a430fdad99"}]}
2026-05-21 20:44:01.481 9 INFO neutron.services.segments.plugin [-] Segment bbcb5fa7-0c6f-4ff9-8159-3afc67764b05 resource provider not found; error: Placement Client Error (4xx): {"errors": [{"status": 404, "title": "Not Found", "detail": "The resource could not be found.\n\n No resource provider with uuid bbcb5fa7-0c6f-4ff9-8159-3afc67764b05 found for delete ", "request_id": "req-e7aea67a-514d-4f3c-a004-97b0fedc6392"}]}
2026-05-21 20:44:01.505 9 INFO neutron.wsgi [None req-60f97bd1-b741-442f-afc7-99e70b181cb1 856bfc1be2fb428280b78c363a5871df 0a2feb508c444467b8354e5d297b20e9 - - default default] 10.0.0.170 "DELETE /v2.0/networks/58705172-390b-4b41-b07f-f4c778371c88 HTTP/1.1" status: 204 len: 168 time: 0.3593817
2026-05-21 20:44:01.518 9 WARNING neutron_lib.context [None req-8d6cbca1-ebfd-4b94-809e-9c669679edff 856bfc1be2fb428280b78c363a5871df 0a2feb508c444467b8354e5d297b20e9 - - default default] Method 'is_advsvc' is deprecated since 2023.2 release (neutron-lib 3.8.0) and will be removed once support for the old RBAC API policies will be removed from Neutron. Please use method 'is_service_role' instead.
2026-05-21 20:44:01.675 10 INFO neutron.db.ovn_revision_numbers_db [None req-5eaad80d-bb5d-44f0-b460-05992ddd4e54 d4a29964b5e9449291ace324927bea86 e3a766d85d0c4c5ca5e8dc235978f5d3 - - default default] Successfully bumped revision number for resource dd37aa8b-ad9f-4be8-afa5-45b24a883baa (type: ports) to 1
2026-05-21 20:44:01.778 10 WARNING neutron.scheduler.dhcp_agent_scheduler [None req-5eaad80d-bb5d-44f0-b460-05992ddd4e54 d4a29964b5e9449291ace324927bea86 e3a766d85d0c4c5ca5e8dc235978f5d3 - - default default] No more DHCP agents
2026-05-21 20:44:01.778 9 WARNING neutron.scheduler.dhcp_agent_scheduler [None req-8d6cbca1-ebfd-4b94-809e-9c669679edff 856bfc1be2fb428280b78c363a5871df 0a2feb508c444467b8354e5d297b20e9 - - default default] No more DHCP agents
2026-05-21 20:44:01.781 10 WARNING neutron.api.rpc.agentnotifiers.dhcp_rpc_agent_api [None req-5eaad80d-bb5d-44f0-b460-05992ddd4e54 d4a29964b5e9449291ace324927bea86 e3a766d85d0c4c5ca5e8dc235978f5d3 - - default default] Unable to schedule network ce4ed8cd-ee48-483c-85ea-b0c151652986: no agents available; will retry on subsequent port and subnet creation events.
2026-05-21 20:44:01.783 9 WARNING neutron.api.rpc.agentnotifiers.dhcp_rpc_agent_api [None req-8d6cbca1-ebfd-4b94-809e-9c669679edff 856bfc1be2fb428280b78c363a5871df 0a2feb508c444467b8354e5d297b20e9 - - default default] Unable to schedule network 7a15fd3c-ece3-4cab-8068-9e0a9a645c13: no agents available; will retry on subsequent port and subnet creation events.
2026-05-21 20:44:01.859 10 INFO neutron.db.ovn_revision_numbers_db [None req-0bc2fed7-fd0f-4b81-82e3-5a2310703042 - - - - - -] Successfully bumped revision number for resource dd37aa8b-ad9f-4be8-afa5-45b24a883baa (type: ports) to 2
2026-05-21 20:44:01.875 9 INFO neutron.db.ovn_revision_numbers_db [None req-8d6cbca1-ebfd-4b94-809e-9c669679edff 856bfc1be2fb428280b78c363a5871df 0a2feb508c444467b8354e5d297b20e9 - - default default] Successfully bumped revision number for resource 8479fc92-015a-4d4f-8530-bb0de8d4eaaf (type: ports) to 1
2026-05-21 20:44:01.897 9 INFO neutron.wsgi [None req-8d6cbca1-ebfd-4b94-809e-9c669679edff 856bfc1be2fb428280b78c363a5871df 0a2feb508c444467b8354e5d297b20e9 - - default default] 10.0.0.170 "POST /v2.0/ports HTTP/1.1" status: 201 len: 978 time: 0.3838208 /var/lib/openstack/lib/python3.10/site-packages/pycadf/identifier.py:71: UserWarning: Invalid uuid: neutron. To ensure interoperability, identifiers should be a valid uuid. warnings.warn(('Invalid uuid: %s. To ensure interoperability, '
2026-05-21 20:44:01.975 10 INFO neutron.db.ovn_revision_numbers_db [None req-5eaad80d-bb5d-44f0-b460-05992ddd4e54 d4a29964b5e9449291ace324927bea86 e3a766d85d0c4c5ca5e8dc235978f5d3 - - default default] Successfully bumped revision number for resource dd37aa8b-ad9f-4be8-afa5-45b24a883baa (type: router_ports) to 2
2026-05-21 20:44:01.978 10 INFO neutron.wsgi [None req-5eaad80d-bb5d-44f0-b460-05992ddd4e54 d4a29964b5e9449291ace324927bea86 e3a766d85d0c4c5ca5e8dc235978f5d3 - - default default] 10.0.0.170 "PUT /v2.0/routers/9aa1a8c2-445a-4c88-9168-f6956dbd8178/add_router_interface HTTP/1.1" status: 200 len: 503 time: 2.2154896
2026-05-21 20:44:01.980 10 INFO neutron.db.ovn_revision_numbers_db [None req-0bc2fed7-fd0f-4b81-82e3-5a2310703042 - - - - - -] Successfully bumped revision number for resource dd37aa8b-ad9f-4be8-afa5-45b24a883baa (type: router_ports) to 2
2026-05-21 20:44:02.029 9 INFO neutron.wsgi [None req-660b04f3-daab-4495-85ef-2722bcee422a d4a29964b5e9449291ace324927bea86 e3a766d85d0c4c5ca5e8dc235978f5d3 - - default default] 10.0.0.170 "GET /v2.0/ports/dd37aa8b-ad9f-4be8-afa5-45b24a883baa HTTP/1.1" status: 200 len: 1137 time: 0.0468590 /var/lib/openstack/lib/python3.10/site-packages/pycadf/identifier.py:71: UserWarning: Invalid uuid: neutron. To ensure interoperability, identifiers should be a valid uuid. warnings.warn(('Invalid uuid: %s. To ensure interoperability, '
2026-05-21 20:44:02.133 10 INFO neutron.wsgi [None req-36f91ab3-cd9b-4614-a023-71c8917fe041 d4a29964b5e9449291ace324927bea86 e3a766d85d0c4c5ca5e8dc235978f5d3 - - default default] 10.0.0.170 "GET /v2.0/ports/dd37aa8b-ad9f-4be8-afa5-45b24a883baa HTTP/1.1" status: 200 len: 1137 time: 0.0988274
2026-05-21 20:44:02.254 9 INFO neutron.db.ovn_revision_numbers_db [None req-a0320e4e-eee1-4939-a6e8-8d69bd923820 856bfc1be2fb428280b78c363a5871df 0a2feb508c444467b8354e5d297b20e9 - - default default] Successfully bumped revision number for resource 8479fc92-015a-4d4f-8530-bb0de8d4eaaf (type: ports) to 2
2026-05-21 20:44:02.263 9 INFO neutron.wsgi [None req-a0320e4e-eee1-4939-a6e8-8d69bd923820 856bfc1be2fb428280b78c363a5871df 0a2feb508c444467b8354e5d297b20e9 - - default default] 10.0.0.170 "PUT /v2.0/ports/8479fc92-015a-4d4f-8530-bb0de8d4eaaf HTTP/1.1" status: 200 len: 946 time: 0.3609612 /var/lib/openstack/lib/python3.10/site-packages/pycadf/identifier.py:71: UserWarning: Invalid uuid: neutron. To ensure interoperability, identifiers should be a valid uuid. warnings.warn(('Invalid uuid: %s. To ensure interoperability, '
2026-05-21 20:44:02.599 9 INFO neutron.wsgi [None req-a7edbe78-d406-41e4-833e-40402a6ef389 856bfc1be2fb428280b78c363a5871df 0a2feb508c444467b8354e5d297b20e9 - - default default] 10.0.0.170 "DELETE /v2.0/ports/8479fc92-015a-4d4f-8530-bb0de8d4eaaf HTTP/1.1" status: 204 len: 168 time: 0.3289113
2026-05-21 20:44:02.708 10 INFO neutron.wsgi [None req-73091dd5-55ae-46ed-86e3-40ddeb57ee2b 856bfc1be2fb428280b78c363a5871df 0a2feb508c444467b8354e5d297b20e9 - - default default] 10.0.0.170 "GET /v2.0/ports HTTP/1.1" status: 200 len: 1733 time: 0.1034555
2026-05-21 20:44:02.726 10 INFO neutron.notifiers.nova [-] Nova event matching ['req-a94f5af9-e59a-48fd-9f16-c1763f790175'] response: {'name': 'network-changed', 'server_uuid': '16a90cab-04d2-43fd-bfdb-b3f11aa53133', 'tag': 'a8272e77-a1df-4e18-aba1-edebc6e167b4', 'status': 'completed', 'code': 200}
2026-05-21 20:44:02.737 10 INFO neutron.pecan_wsgi.hooks.translation [None req-9fb25755-ff0a-452e-817f-3d60bd4f108f 856bfc1be2fb428280b78c363a5871df 0a2feb508c444467b8354e5d297b20e9 - - default default] GET failed (client error): The resource could not be found.
2026-05-21 20:44:02.739 10 INFO neutron.wsgi [None req-9fb25755-ff0a-452e-817f-3d60bd4f108f 856bfc1be2fb428280b78c363a5871df 0a2feb508c444467b8354e5d297b20e9 - - default default] 10.0.0.170 "GET /v2.0/ports/8479fc92-015a-4d4f-8530-bb0de8d4eaaf HTTP/1.1" status: 404 len: 333 time: 0.0234165
2026-05-21 20:44:02.782 9 INFO neutron.wsgi [req-e3c1c854-cad0-4a64-a4f4-2456eaa528aa req-6b8b50c7-d9fa-4a95-8029-027c2610d81f 69d4311732694ce3beae4333b61e2427 2a9faab92e384d0da575fc126fdc5b0b - - 4e12037ead924f5c973c3cd06db7653e 4e12037ead924f5c973c3cd06db7653e] 199.19.213.31 "GET /v2.0/ports?tenant_id=c1fa1c637720475ab7082818daefbd48&device_id=16a90cab-04d2-43fd-bfdb-b3f11aa53133 HTTP/1.1" status: 200 len: 1409 time: 0.0395675
2026-05-21 20:44:02.793 10 INFO neutron.wsgi [None req-012d441d-8d74-4deb-8985-0b9cce16a864 856bfc1be2fb428280b78c363a5871df 0a2feb508c444467b8354e5d297b20e9 - - default default] 10.0.0.170 "GET /v2.0/ports HTTP/1.1" status: 200 len: 1733 time: 0.0476284
2026-05-21 20:44:02.831 10 INFO neutron.wsgi [None req-d392495b-f4bb-48af-896c-4ea1a9c4aa52 856bfc1be2fb428280b78c363a5871df 0a2feb508c444467b8354e5d297b20e9 - - default default] 10.0.0.170 "GET /v2.0/ports/6c76a6d3-1b7c-4c00-a4f1-1dc232021578 HTTP/1.1" status: 200 len: 973 time: 0.0337620
2026-05-21 20:44:02.858 10 INFO neutron.pecan_wsgi.hooks.translation [None req-4d1745d2-c2ea-4a35-a1cf-7d454e9775e4 856bfc1be2fb428280b78c363a5871df 0a2feb508c444467b8354e5d297b20e9 - - default default] DELETE failed (client error): The resource could not be found.
2026-05-21 20:44:02.861 10 INFO neutron.wsgi [None req-4d1745d2-c2ea-4a35-a1cf-7d454e9775e4 856bfc1be2fb428280b78c363a5871df 0a2feb508c444467b8354e5d297b20e9 - - default default] 10.0.0.170 "DELETE /v2.0/ports/fc1e4efc-25c8-422a-a8a9-3a61a9fab514 HTTP/1.1" status: 404 len: 333 time: 0.0251062
2026-05-21 20:44:02.880 10 INFO neutron.pecan_wsgi.hooks.translation [None req-238bb6b4-6d11-4491-b370-7ecb686a6b8e 856bfc1be2fb428280b78c363a5871df 0a2feb508c444467b8354e5d297b20e9 - - default default] DELETE failed (client error): The resource could not be found.
2026-05-21 20:44:02.882 10 INFO neutron.wsgi [None req-238bb6b4-6d11-4491-b370-7ecb686a6b8e 856bfc1be2fb428280b78c363a5871df 0a2feb508c444467b8354e5d297b20e9 - - default default] 10.0.0.170 "DELETE /v2.0/subnets/dfec5f53-417b-47e7-a5e9-5298cf6d39a0 HTTP/1.1" status: 404 len: 337 time: 0.0154512
2026-05-21 20:44:02.903 10 INFO neutron.pecan_wsgi.hooks.translation [None req-8c449838-1997-4ea5-ab67-4ca2232a2c4d 856bfc1be2fb428280b78c363a5871df 0a2feb508c444467b8354e5d297b20e9 - - default default] DELETE failed (client error): The resource could not be found.
2026-05-21 20:44:02.906 10 INFO neutron.wsgi [None req-8c449838-1997-4ea5-ab67-4ca2232a2c4d 856bfc1be2fb428280b78c363a5871df 0a2feb508c444467b8354e5d297b20e9 - - default default] 10.0.0.170 "DELETE /v2.0/subnets/075defe0-8170-4761-888a-0d091aeaff9d HTTP/1.1" status: 404 len: 337 time: 0.0197330
2026-05-21 20:44:02.913 9 INFO neutron.wsgi [req-e3c1c854-cad0-4a64-a4f4-2456eaa528aa req-3469f674-15c7-47ab-8b3f-fce79cb92f31 69d4311732694ce3beae4333b61e2427 2a9faab92e384d0da575fc126fdc5b0b - - 4e12037ead924f5c973c3cd06db7653e 4e12037ead924f5c973c3cd06db7653e] 199.19.213.31 "GET /v2.0/networks?id=0353e3c4-1c05-4885-9fef-19553f8cdae6 HTTP/1.1" status: 200 len: 973 time: 0.1126366
2026-05-21 20:44:02.966 9 INFO neutron.wsgi [None req-69f39097-817f-42df-8547-90079fff9252 d4a29964b5e9449291ace324927bea86 e3a766d85d0c4c5ca5e8dc235978f5d3 - - default default] 10.0.0.170 "PUT /v2.0/routers/9aa1a8c2-445a-4c88-9168-f6956dbd8178/remove_router_interface HTTP/1.1" status: 200 len: 503 time: 0.8280792 /var/lib/openstack/lib/python3.10/site-packages/pycadf/identifier.py:71: UserWarning: Invalid uuid: neutron. To ensure interoperability, identifiers should be a valid uuid. warnings.warn(('Invalid uuid: %s. To ensure interoperability, '
2026-05-21 20:44:03.001 9 INFO neutron.wsgi [None req-a1b9bf34-317a-423b-9288-eaa8f4055b12 d4a29964b5e9449291ace324927bea86 e3a766d85d0c4c5ca5e8dc235978f5d3 - - default default] 10.0.0.170 "GET /v2.0/ports?device_id=9aa1a8c2-445a-4c88-9168-f6956dbd8178 HTTP/1.1" status: 200 len: 205 time: 0.0297823
2026-05-21 20:44:03.014 9 INFO neutron.wsgi [req-e3c1c854-cad0-4a64-a4f4-2456eaa528aa req-83cc30da-d7e0-42f0-b5f3-397c7c00ed77 69d4311732694ce3beae4333b61e2427 2a9faab92e384d0da575fc126fdc5b0b - - 4e12037ead924f5c973c3cd06db7653e 4e12037ead924f5c973c3cd06db7653e] 199.19.213.31 "GET /v2.0/floatingips?fixed_ip_address=10.100.0.3&port_id=a8272e77-a1df-4e18-aba1-edebc6e167b4 HTTP/1.1" status: 200 len: 1059 time: 0.0950625
2026-05-21 20:44:03.095 9 INFO neutron.wsgi [req-e3c1c854-cad0-4a64-a4f4-2456eaa528aa req-42e2cafb-a187-4d0f-9fb7-7433c7f3b81b 69d4311732694ce3beae4333b61e2427 2a9faab92e384d0da575fc126fdc5b0b - - 4e12037ead924f5c973c3cd06db7653e 4e12037ead924f5c973c3cd06db7653e] 199.19.213.31 "GET /v2.0/subnets?id=2ff415f8-7644-4567-9378-e2c7013b6a27 HTTP/1.1" status: 200 len: 868 time: 0.0649264
2026-05-21 20:44:03.129 9 INFO neutron.wsgi [req-e3c1c854-cad0-4a64-a4f4-2456eaa528aa req-499f8388-518c-4a0c-ac4c-a5298e79a719 69d4311732694ce3beae4333b61e2427 2a9faab92e384d0da575fc126fdc5b0b - - 4e12037ead924f5c973c3cd06db7653e 4e12037ead924f5c973c3cd06db7653e] 199.19.213.31 "GET /v2.0/ports?network_id=0353e3c4-1c05-4885-9fef-19553f8cdae6&device_owner=network%3Adhcp HTTP/1.1" status: 200 len: 210 time: 0.0197883
2026-05-21 20:44:03.170 10 INFO neutron.wsgi [None req-159a9ae2-83d6-4f70-a5b5-0b767600d0f2 856bfc1be2fb428280b78c363a5871df 0a2feb508c444467b8354e5d297b20e9 - - default default] 10.0.0.170 "DELETE /v2.0/ports/6c76a6d3-1b7c-4c00-a4f1-1dc232021578 HTTP/1.1" status: 204 len: 168 time: 0.2595229
2026-05-21 20:44:03.496 9 INFO neutron.wsgi [req-e3c1c854-cad0-4a64-a4f4-2456eaa528aa req-ddd8141b-63e9-4aae-bd7d-5c166b2630ff 69d4311732694ce3beae4333b61e2427 2a9faab92e384d0da575fc126fdc5b0b - - 4e12037ead924f5c973c3cd06db7653e 4e12037ead924f5c973c3cd06db7653e] 199.19.213.31 "GET /v2.0/networks/0353e3c4-1c05-4885-9fef-19553f8cdae6?fields=segments HTTP/1.1" status: 200 len: 212 time: 0.3554354
2026-05-21 20:44:03.520 10 INFO neutron.services.segments.plugin [-] Segment 8ac58ff5-9a0a-47cb-8cf7-f5afa1258b30 resource provider aggregate not found
2026-05-21 20:44:03.524 10 INFO neutron.services.segments.plugin [-] Segment 8ac58ff5-9a0a-47cb-8cf7-f5afa1258b30 resource provider aggregate not found
2026-05-21 20:44:03.539 10 INFO neutron.services.segments.plugin [-] Segment 8ac58ff5-9a0a-47cb-8cf7-f5afa1258b30 resource provider not found; error: Placement Client Error (4xx): {"errors": [{"status": 404, "title": "Not Found", "detail": "The resource could not be found.\n\n No resource provider with uuid 8ac58ff5-9a0a-47cb-8cf7-f5afa1258b30 found for delete ", "request_id": "req-42f9de3e-c20d-4d12-b242-1a7bd63ea4d7"}]}
2026-05-21 20:44:03.546 10 INFO neutron.services.segments.plugin [-] Segment 8ac58ff5-9a0a-47cb-8cf7-f5afa1258b30 resource provider not found; error: Placement Client Error (4xx): {"errors": [{"status": 404, "title": "Not Found", "detail": "The resource could not be found.\n\n No resource provider with uuid 8ac58ff5-9a0a-47cb-8cf7-f5afa1258b30 found for delete ", "request_id": "req-135ff2ff-1da2-46ee-95a6-587150763ec4"}]}
2026-05-21 20:44:03.584 10 INFO neutron.wsgi [None req-ebb7fbf2-992e-4c73-8472-7728d41f0560 856bfc1be2fb428280b78c363a5871df 0a2feb508c444467b8354e5d297b20e9 - - default default] 10.0.0.170 "DELETE /v2.0/networks/7a15fd3c-ece3-4cab-8068-9e0a9a645c13 HTTP/1.1" status: 204 len: 168 time: 0.4100766
2026-05-21 20:44:03.585 9 INFO neutron.wsgi [None req-89657c28-8bc2-47c2-aa87-656288d52e72 d4a29964b5e9449291ace324927bea86 e3a766d85d0c4c5ca5e8dc235978f5d3 - - default default] 10.0.0.170 "DELETE /v2.0/routers/9aa1a8c2-445a-4c88-9168-f6956dbd8178 HTTP/1.1" status: 204 len: 168 time: 0.5779245
2026-05-21 20:44:03.629 9 INFO neutron.wsgi [req-e3c1c854-cad0-4a64-a4f4-2456eaa528aa req-c50ee87f-a8e2-445d-b958-51c454f2394b 69d4311732694ce3beae4333b61e2427 2a9faab92e384d0da575fc126fdc5b0b - - 4e12037ead924f5c973c3cd06db7653e 4e12037ead924f5c973c3cd06db7653e] 199.19.213.31 "GET /v2.0/networks/0353e3c4-1c05-4885-9fef-19553f8cdae6?fields=provider%3Aphysical_network&fields=provider%3Anetwork_type HTTP/1.1" status: 200 len: 277 time: 0.1185353
2026-05-21 20:44:03.831 9 INFO neutron.wsgi [None req-43253522-4bcc-48dc-bb7d-aae91549fd83 d4a29964b5e9449291ace324927bea86 e3a766d85d0c4c5ca5e8dc235978f5d3 - - default default] 10.0.0.170 "DELETE /v2.0/subnets/94b00c13-1629-420d-b3fc-fa6a986312c3 HTTP/1.1" status: 204 len: 168 time: 0.2392776
2026-05-21 20:44:03.938 10 INFO neutron.db.ovn_revision_numbers_db [None req-4256edf0-8c4b-44eb-a90e-bb9258f6b3e2 d225479571cf494f838b2423f89135fe c630ddfab35443bab7f2b3f6481e28b9 - - default default] Successfully bumped revision number for resource 0a360034-c6f3-4a3c-9d15-15b9dbc96570 (type: security_groups) to 1
2026-05-21 20:44:03.950 10 INFO neutron.db.ovn_revision_numbers_db [None req-4256edf0-8c4b-44eb-a90e-bb9258f6b3e2 d225479571cf494f838b2423f89135fe c630ddfab35443bab7f2b3f6481e28b9 - - default default] Successfully bumped revision number for resource c99eff0d-1b51-44f8-83ba-8dc358d28f32 (type: security_group_rules) to 0
2026-05-21 20:44:03.962 10 INFO neutron.db.ovn_revision_numbers_db [None req-4256edf0-8c4b-44eb-a90e-bb9258f6b3e2 d225479571cf494f838b2423f89135fe c630ddfab35443bab7f2b3f6481e28b9 - - default default] Successfully bumped revision number for resource d5ad6843-797f-45ce-8644-eaa00efdbccb (type: security_group_rules) to 0
2026-05-21 20:44:03.978 10 INFO neutron.db.ovn_revision_numbers_db [None req-4256edf0-8c4b-44eb-a90e-bb9258f6b3e2 d225479571cf494f838b2423f89135fe c630ddfab35443bab7f2b3f6481e28b9 - - default default] Successfully bumped revision number for resource eba512cb-017b-4940-a3cb-336ae2155806 (type: security_group_rules) to 0
2026-05-21 20:44:03.991 10 INFO neutron.db.ovn_revision_numbers_db [None req-4256edf0-8c4b-44eb-a90e-bb9258f6b3e2 d225479571cf494f838b2423f89135fe c630ddfab35443bab7f2b3f6481e28b9 - - default default] Successfully bumped revision number for resource f8edc936-373a-46b0-a950-970788c91e5f (type: security_group_rules) to 0
2026-05-21 20:44:04.019 10 INFO neutron.wsgi [None req-4256edf0-8c4b-44eb-a90e-bb9258f6b3e2 d225479571cf494f838b2423f89135fe c630ddfab35443bab7f2b3f6481e28b9 - - default default] 10.0.0.170 "GET /v2.0/security-groups?tenant_id=89cffe733e804c50a87d49a62a2b94c0&name=default HTTP/1.1" status: 200 len: 2996 time: 0.3995590
2026-05-21 20:44:04.181 9 INFO neutron.services.segments.plugin [-] Segment 856f6004-2706-434d-abc8-8a6a2226e4c6 resource provider aggregate not found
2026-05-21 20:44:04.185 9 INFO neutron.services.segments.plugin [-] Segment 856f6004-2706-434d-abc8-8a6a2226e4c6 resource provider aggregate not found
2026-05-21 20:44:04.206 9 INFO neutron.services.segments.plugin [-] Segment 856f6004-2706-434d-abc8-8a6a2226e4c6 resource provider not found; error: Placement Client Error (4xx): {"errors": [{"status": 404, "title": "Not Found", "detail": "The resource could not be found.\n\n No resource provider with uuid 856f6004-2706-434d-abc8-8a6a2226e4c6 found for delete ", "request_id": "req-9fcc8bd1-cd5a-4678-b55b-3cff884b9ad4"}]}
2026-05-21 20:44:04.208 9 INFO neutron.services.segments.plugin [-] Segment 856f6004-2706-434d-abc8-8a6a2226e4c6 resource provider not found; error: Placement Client Error (4xx): {"errors": [{"status": 404, "title": "Not Found", "detail": "The resource could not be found.\n\n No resource provider with uuid 856f6004-2706-434d-abc8-8a6a2226e4c6 found for delete ", "request_id": "req-57af15f1-7783-462f-8ce7-a3879df6da1d"}]}
2026-05-21 20:44:04.222 10 INFO neutron.wsgi [None req-5b79f977-ed65-4a8e-b709-b41141229385 d225479571cf494f838b2423f89135fe c630ddfab35443bab7f2b3f6481e28b9 - - default default] 10.0.0.170 "DELETE /v2.0/security-groups/0a360034-c6f3-4a3c-9d15-15b9dbc96570 HTTP/1.1" status: 204 len: 168 time: 0.1965890
2026-05-21 20:44:04.238 9 INFO neutron.wsgi [None req-9e1c3774-e88e-4b72-a747-a6bbc92bdaba d4a29964b5e9449291ace324927bea86 e3a766d85d0c4c5ca5e8dc235978f5d3 - - default default] 10.0.0.170 "DELETE /v2.0/networks/ce4ed8cd-ee48-483c-85ea-b0c151652986 HTTP/1.1" status: 204 len: 168 time: 0.4029107
2026-05-21 20:44:04.250 10 WARNING neutron_lib.context [None req-d0af12ae-b5b3-46e1-865c-9510fc7e4947 d4a29964b5e9449291ace324927bea86 e3a766d85d0c4c5ca5e8dc235978f5d3 - - default default] Method 'is_advsvc' is deprecated since 2023.2 release (neutron-lib 3.8.0) and will be removed once support for the old RBAC API policies will be removed from Neutron. Please use method 'is_service_role' instead.
2026-05-21 20:44:04.282 9 INFO neutron.wsgi [None req-2fa21091-c27c-418d-8b83-0ccdd873f6cb d225479571cf494f838b2423f89135fe c630ddfab35443bab7f2b3f6481e28b9 - - default default] 10.0.0.170 "GET /v2.0/security-groups?tenant_id=0a2feb508c444467b8354e5d297b20e9&name=default HTTP/1.1" status: 200 len: 2996 time: 0.1984863
2026-05-21 20:44:04.477 9 INFO neutron.wsgi [None req-c1923666-2c51-418c-a884-1e71c9a16efa d225479571cf494f838b2423f89135fe c630ddfab35443bab7f2b3f6481e28b9 - - default default] 10.0.0.170 "DELETE /v2.0/security-groups/264bc5a1-405f-42f7-b277-9d498221dbbb HTTP/1.1" status: 204 len: 168 time: 0.1900024
2026-05-21 20:44:04.546 10 INFO neutron.db.ovn_revision_numbers_db [None req-3177ef05-f096-4222-8e52-c5631e8d6326 d225479571cf494f838b2423f89135fe c630ddfab35443bab7f2b3f6481e28b9 - - default default] Successfully bumped revision number for resource e048091d-28ed-4374-ad7e-75d0c5a0ffdb (type: security_groups) to 1
2026-05-21 20:44:04.581 10 INFO neutron.db.ovn_revision_numbers_db [None req-3177ef05-f096-4222-8e52-c5631e8d6326 d225479571cf494f838b2423f89135fe c630ddfab35443bab7f2b3f6481e28b9 - - default default] Successfully bumped revision number for resource 667e161f-ffab-4269-b035-7c630ac08504 (type: security_group_rules) to 0
2026-05-21 20:44:04.610 10 INFO neutron.db.ovn_revision_numbers_db [None req-3177ef05-f096-4222-8e52-c5631e8d6326 d225479571cf494f838b2423f89135fe c630ddfab35443bab7f2b3f6481e28b9 - - default default] Successfully bumped revision number for resource 988ce5d0-6828-4a35-bcdd-8773c45162cf (type: security_group_rules) to 0
2026-05-21 20:44:04.628 10 INFO neutron.db.ovn_revision_numbers_db [None req-3177ef05-f096-4222-8e52-c5631e8d6326 d225479571cf494f838b2423f89135fe c630ddfab35443bab7f2b3f6481e28b9 - - default default] Successfully bumped revision number for resource b35d2aef-0118-4a2f-9159-eea69373cb25 (type: security_group_rules) to 0
2026-05-21 20:44:04.653 10 INFO neutron.db.ovn_revision_numbers_db [None req-3177ef05-f096-4222-8e52-c5631e8d6326 d225479571cf494f838b2423f89135fe c630ddfab35443bab7f2b3f6481e28b9 - - default default] Successfully bumped revision number for resource d1b910c0-6ad9-4f4c-bac6-4c9d909d0def (type: security_group_rules) to 0
2026-05-21 20:44:04.681 10 INFO neutron.wsgi [None req-3177ef05-f096-4222-8e52-c5631e8d6326 d225479571cf494f838b2423f89135fe c630ddfab35443bab7f2b3f6481e28b9 - - default default] 10.0.0.170 "GET /v2.0/security-groups?tenant_id=6914d261943c4fc5998c4193577508d5&name=default HTTP/1.1" status: 200 len: 2996 time: 0.3545275
2026-05-21 20:44:04.750 10 WARNING neutron.scheduler.dhcp_agent_scheduler [None req-d0af12ae-b5b3-46e1-865c-9510fc7e4947 d4a29964b5e9449291ace324927bea86 e3a766d85d0c4c5ca5e8dc235978f5d3 - - default default] No more DHCP agents
2026-05-21 20:44:04.756 10 WARNING neutron.api.rpc.agentnotifiers.dhcp_rpc_agent_api [None req-d0af12ae-b5b3-46e1-865c-9510fc7e4947 d4a29964b5e9449291ace324927bea86 e3a766d85d0c4c5ca5e8dc235978f5d3 - - default default] Unable to schedule network 4932d8c9-7e3a-4d28-9b14-f57e6e03ed0d: no agents available; will retry on subsequent port and subnet creation events.
2026-05-21 20:44:04.887 9 INFO neutron.wsgi [None req-d9339c12-804c-4a69-bf09-227254e5b880 d225479571cf494f838b2423f89135fe c630ddfab35443bab7f2b3f6481e28b9 - - default default] 10.0.0.170 "DELETE /v2.0/security-groups/e048091d-28ed-4374-ad7e-75d0c5a0ffdb HTTP/1.1" status: 204 len: 168 time: 0.2002637
2026-05-21 20:44:04.909 10 INFO neutron.db.ovn_revision_numbers_db [None req-d0af12ae-b5b3-46e1-865c-9510fc7e4947 d4a29964b5e9449291ace324927bea86 e3a766d85d0c4c5ca5e8dc235978f5d3 - - default default] Successfully bumped revision number for resource 211b8f80-92c5-417b-81f8-a91e1972aa3f (type: ports) to 1
2026-05-21 20:44:05.576 9 INFO neutron.plugins.ml2.drivers.ovn.mech_driver.mech_driver [None req-b5e239f1-8ce8-44b3-a5a1-0fa2726ca751 - - - - - -] OVN reports status up for port: 211b8f80-92c5-417b-81f8-a91e1972aa3f
2026-05-21 20:44:05.583 9 INFO neutron.plugins.ml2.plugin [None req-b5e239f1-8ce8-44b3-a5a1-0fa2726ca751 - - - - - -] Attempt 1 to provision port 211b8f80-92c5-417b-81f8-a91e1972aa3f
2026-05-21 20:44:05.600 10 INFO neutron.db.ovn_revision_numbers_db [None req-d0af12ae-b5b3-46e1-865c-9510fc7e4947 d4a29964b5e9449291ace324927bea86 e3a766d85d0c4c5ca5e8dc235978f5d3 - - default default] Successfully bumped revision number for resource 211b8f80-92c5-417b-81f8-a91e1972aa3f (type: router_ports) to 1
2026-05-21 20:44:05.665 10 INFO neutron.db.ovn_revision_numbers_db [None req-d0af12ae-b5b3-46e1-865c-9510fc7e4947 d4a29964b5e9449291ace324927bea86 e3a766d85d0c4c5ca5e8dc235978f5d3 - - default default] Successfully bumped revision number for resource 3dc97fa6-3384-4f20-a68f-51c1ac47e567 (type: routers) to 2
2026-05-21 20:44:05.679 10 INFO neutron.wsgi [None req-d0af12ae-b5b3-46e1-865c-9510fc7e4947 d4a29964b5e9449291ace324927bea86 e3a766d85d0c4c5ca5e8dc235978f5d3 - - default default] 10.0.0.170 "POST /v2.0/routers HTTP/1.1" status: 201 len: 867 time: 1.4339304
2026-05-21 20:44:05.760 10 INFO neutron.wsgi [None req-d96624ad-8c5f-40b8-ada4-c10dd61c7fd2 d4a29964b5e9449291ace324927bea86 e3a766d85d0c4c5ca5e8dc235978f5d3 - - default default] 10.0.0.170 "GET /v2.0/routers/3dc97fa6-3384-4f20-a68f-51c1ac47e567 HTTP/1.1" status: 200 len: 868 time: 0.0750525
