2026-05-21 20:43:41.839 10 INFO neutron.wsgi [None req-e9a39eeb-e750-49b2-889a-d9c2e97139e3 d225479571cf494f838b2423f89135fe c630ddfab35443bab7f2b3f6481e28b9 - - default default] 10.0.0.170 "DELETE /v2.0/routers/ff4a5ee2-4c99-4ca0-b3a7-262ecad0730e HTTP/1.1" status: 204 len: 168 time: 0.9262195
2026-05-21 20:43:41.972 9 INFO neutron.db.ovn_revision_numbers_db [None req-151bc5f2-4f48-415b-85bd-a32842c40378 d4a29964b5e9449291ace324927bea86 e3a766d85d0c4c5ca5e8dc235978f5d3 - - default default] Successfully bumped revision number for resource 22a69422-25c2-44df-9363-74798a355a38 (type: routers) to 1
2026-05-21 20:43:41.993 9 INFO neutron.wsgi [None req-151bc5f2-4f48-415b-85bd-a32842c40378 d4a29964b5e9449291ace324927bea86 e3a766d85d0c4c5ca5e8dc235978f5d3 - - default default] 10.0.0.170 "POST /v2.0/routers HTTP/1.1" status: 201 len: 686 time: 0.2665453
2026-05-21 20:43:42.245 10 INFO neutron.wsgi [None req-ac91e484-3dba-44af-ab80-fcb7693a837e d225479571cf494f838b2423f89135fe c630ddfab35443bab7f2b3f6481e28b9 - - default default] 10.0.0.170 "DELETE /v2.0/subnets/d01e232d-8301-4475-bd88-15037b791720 HTTP/1.1" status: 204 len: 168 time: 0.4004507
2026-05-21 20:43:42.280 9 INFO neutron.db.l3_db [None req-21b28ca3-faf3-4e2b-9442-bac561bf5027 223ebcab6c074175862891d3beefc034 5aa9bad640dd497986e03211c9d177c2 - - default default] Floating IP 119e350f-8a01-45b0-82b5-d8092df47c85 associated. External IP: 10.96.250.217, port: f47b59d0-eb65-4d63-8bfe-f6b904175afe.
2026-05-21 20:43:42.594 10 INFO neutron.services.segments.plugin [-] Segment c9f1311d-e1f8-4606-a54a-ee9c4c33f695 resource provider aggregate not found
2026-05-21 20:43:42.601 10 INFO neutron.services.segments.plugin [-] Segment c9f1311d-e1f8-4606-a54a-ee9c4c33f695 resource provider aggregate not found
2026-05-21 20:43:42.619 10 INFO neutron.services.segments.plugin [-] Segment c9f1311d-e1f8-4606-a54a-ee9c4c33f695 resource provider not found; error: Placement Client Error (4xx): {"errors": [{"status": 404, "title": "Not Found", "detail": "The resource could not be found.\n\n No resource provider with uuid c9f1311d-e1f8-4606-a54a-ee9c4c33f695 found for delete ", "request_id": "req-e9102d4d-f92c-4e67-9715-ac7d67f8c456"}]}
2026-05-21 20:43:42.623 10 INFO neutron.services.segments.plugin [-] Segment c9f1311d-e1f8-4606-a54a-ee9c4c33f695 resource provider not found; error: Placement Client Error (4xx): {"errors": [{"status": 404, "title": "Not Found", "detail": "The resource could not be found.\n\n No resource provider with uuid c9f1311d-e1f8-4606-a54a-ee9c4c33f695 found for delete ", "request_id": "req-146e2467-801f-479e-9fd5-a8d43b7f6912"}]}
2026-05-21 20:43:42.650 10 INFO neutron.wsgi [None req-674e1492-44b1-4d72-b45e-cbe37a343fb3 d225479571cf494f838b2423f89135fe c630ddfab35443bab7f2b3f6481e28b9 - - default default] 10.0.0.170 "DELETE /v2.0/networks/60958086-cfc8-4eb4-b39a-92050498693f HTTP/1.1" status: 204 len: 168 time: 0.4001207
2026-05-21 20:43:42.739 9 WARNING neutron.scheduler.dhcp_agent_scheduler [None req-e39718c2-29fc-4eba-bf91-afb7df6e7c9e d4a29964b5e9449291ace324927bea86 e3a766d85d0c4c5ca5e8dc235978f5d3 - - default default] No more DHCP agents
2026-05-21 20:43:42.746 9 WARNING neutron.api.rpc.agentnotifiers.dhcp_rpc_agent_api [None req-e39718c2-29fc-4eba-bf91-afb7df6e7c9e d4a29964b5e9449291ace324927bea86 e3a766d85d0c4c5ca5e8dc235978f5d3 - - default default] Unable to schedule network 4d88cc72-bf54-4c5f-b565-b265818d33e6: no agents available; will retry on subsequent port and subnet creation events.
2026-05-21 20:43:42.772 9 INFO neutron.db.ovn_revision_numbers_db [None req-21b28ca3-faf3-4e2b-9442-bac561bf5027 223ebcab6c074175862891d3beefc034 5aa9bad640dd497986e03211c9d177c2 - - default default] Successfully bumped revision number for resource 119e350f-8a01-45b0-82b5-d8092df47c85 (type: floatingips) to 0
2026-05-21 20:43:42.918 9 INFO neutron.db.ovn_revision_numbers_db [None req-21b28ca3-faf3-4e2b-9442-bac561bf5027 223ebcab6c074175862891d3beefc034 5aa9bad640dd497986e03211c9d177c2 - - default default] Successfully bumped revision number for resource 119e350f-8a01-45b0-82b5-d8092df47c85 (type: floatingips) to 1
2026-05-21 20:43:42.943 10 INFO neutron.wsgi [None req-9ec39e63-7d9d-4eaa-bd9d-4b73ef3057bc d225479571cf494f838b2423f89135fe c630ddfab35443bab7f2b3f6481e28b9 - - default default] 10.0.0.170 "GET /v2.0/security-groups?tenant_id=002d85e280bd454c9be6f9746e8279ba&name=default HTTP/1.1" status: 200 len: 2996 time: 0.0427341
2026-05-21 20:43:42.960 9 INFO neutron.db.ovn_revision_numbers_db [None req-e39718c2-29fc-4eba-bf91-afb7df6e7c9e d4a29964b5e9449291ace324927bea86 e3a766d85d0c4c5ca5e8dc235978f5d3 - - default default] Successfully bumped revision number for resource efdfaa24-6f9d-44fe-928e-0df24bc0c6aa (type: ports) to 1
2026-05-21 20:43:42.964 9 INFO neutron.wsgi [None req-21b28ca3-faf3-4e2b-9442-bac561bf5027 223ebcab6c074175862891d3beefc034 5aa9bad640dd497986e03211c9d177c2 - - default default] 10.0.0.170 "POST /v2.0/floatingips HTTP/1.1" status: 201 len: 1041 time: 1.6182039
2026-05-21 20:43:43.139 10 INFO neutron.wsgi [None req-6704d289-3c6a-497e-b5d6-170457855ff4 d225479571cf494f838b2423f89135fe c630ddfab35443bab7f2b3f6481e28b9 - - default default] 10.0.0.170 "DELETE /v2.0/security-groups/77221b99-9e5f-40e0-bc77-f522cc8a48df HTTP/1.1" status: 204 len: 168 time: 0.1894138
2026-05-21 20:43:43.142 9 INFO neutron.db.l3_db [None req-4671f473-e63c-49ac-b3f2-54b26961f62b 223ebcab6c074175862891d3beefc034 5aa9bad640dd497986e03211c9d177c2 - - default default] Floating IP 119e350f-8a01-45b0-82b5-d8092df47c85 disassociated. External IP: 10.96.250.217, port: f47b59d0-eb65-4d63-8bfe-f6b904175afe.
2026-05-21 20:43:43.198 9 INFO neutron.db.ovn_revision_numbers_db [None req-4671f473-e63c-49ac-b3f2-54b26961f62b 223ebcab6c074175862891d3beefc034 5aa9bad640dd497986e03211c9d177c2 - - default default] Successfully bumped revision number for resource 119e350f-8a01-45b0-82b5-d8092df47c85 (type: floatingips) to 2
2026-05-21 20:43:43.258 10 WARNING neutron.plugins.ml2.drivers.ovn.mech_driver.ovsdb.ovn_client [None req-0bc2fed7-fd0f-4b81-82e3-5a2310703042 - - - - - -] No hosting information found for port 92908936-8530-4458-8abc-a73b3318527d: RuntimeError: No hosting information found for port 92908936-8530-4458-8abc-a73b3318527d
2026-05-21 20:43:43.307 9 INFO neutron.wsgi [None req-4671f473-e63c-49ac-b3f2-54b26961f62b 223ebcab6c074175862891d3beefc034 5aa9bad640dd497986e03211c9d177c2 - - default default] 10.0.0.170 "PUT /v2.0/floatingips/119e350f-8a01-45b0-82b5-d8092df47c85 HTTP/1.1" status: 200 len: 748 time: 0.3377578 /var/lib/openstack/lib/python3.10/site-packages/pycadf/identifier.py:71: UserWarning: Invalid uuid: neutron. To ensure interoperability, identifiers should be a valid uuid. warnings.warn(('Invalid uuid: %s. To ensure interoperability, '
2026-05-21 20:43:43.413 10 INFO neutron.plugins.ml2.drivers.ovn.mech_driver.mech_driver [None req-0bc2fed7-fd0f-4b81-82e3-5a2310703042 - - - - - -] OVN reports status up for port: efdfaa24-6f9d-44fe-928e-0df24bc0c6aa
2026-05-21 20:43:43.423 10 INFO neutron.plugins.ml2.plugin [None req-0bc2fed7-fd0f-4b81-82e3-5a2310703042 - - - - - -] Attempt 1 to provision port efdfaa24-6f9d-44fe-928e-0df24bc0c6aa
2026-05-21 20:43:43.439 9 INFO neutron.db.ovn_revision_numbers_db [None req-e39718c2-29fc-4eba-bf91-afb7df6e7c9e d4a29964b5e9449291ace324927bea86 e3a766d85d0c4c5ca5e8dc235978f5d3 - - default default] Successfully bumped revision number for resource efdfaa24-6f9d-44fe-928e-0df24bc0c6aa (type: router_ports) to 1
2026-05-21 20:43:43.633 9 INFO neutron.db.ovn_revision_numbers_db [None req-e39718c2-29fc-4eba-bf91-afb7df6e7c9e d4a29964b5e9449291ace324927bea86 e3a766d85d0c4c5ca5e8dc235978f5d3 - - default default] Successfully bumped revision number for resource efdfaa24-6f9d-44fe-928e-0df24bc0c6aa (type: ports) to 1
2026-05-21 20:43:43.711 9 WARNING neutron.scheduler.dhcp_agent_scheduler [None req-e39718c2-29fc-4eba-bf91-afb7df6e7c9e d4a29964b5e9449291ace324927bea86 e3a766d85d0c4c5ca5e8dc235978f5d3 - - default default] No more DHCP agents
2026-05-21 20:43:43.712 9 WARNING neutron.api.rpc.agentnotifiers.dhcp_rpc_agent_api [None req-e39718c2-29fc-4eba-bf91-afb7df6e7c9e d4a29964b5e9449291ace324927bea86 e3a766d85d0c4c5ca5e8dc235978f5d3 - - default default] Unable to schedule network 4d88cc72-bf54-4c5f-b565-b265818d33e6: no agents available; will retry on subsequent port and subnet creation events.
2026-05-21 20:43:43.714 9 INFO neutron.db.ovn_revision_numbers_db [None req-4787d19c-7576-4ac8-a1f8-2c3db8d90bdd d225479571cf494f838b2423f89135fe c630ddfab35443bab7f2b3f6481e28b9 - - default default] Successfully bumped revision number for resource 9eb675b9-5b51-4b01-ac4e-f65a1644524e (type: security_groups) to 1
2026-05-21 20:43:43.738 9 INFO neutron.db.ovn_revision_numbers_db [None req-4787d19c-7576-4ac8-a1f8-2c3db8d90bdd d225479571cf494f838b2423f89135fe c630ddfab35443bab7f2b3f6481e28b9 - - default default] Successfully bumped revision number for resource 545c7acd-92e2-4e78-934e-efe6068139c0 (type: security_group_rules) to 0
2026-05-21 20:43:43.777 9 INFO neutron.db.ovn_revision_numbers_db [None req-4787d19c-7576-4ac8-a1f8-2c3db8d90bdd d225479571cf494f838b2423f89135fe c630ddfab35443bab7f2b3f6481e28b9 - - default default] Successfully bumped revision number for resource 87b7a2ff-46f0-4650-9b3e-95b9c96201e2 (type: security_group_rules) to 0
2026-05-21 20:43:43.780 10 INFO neutron.wsgi [None req-c95d1686-7c05-40ed-ab46-20218cddf15c 223ebcab6c074175862891d3beefc034 5aa9bad640dd497986e03211c9d177c2 - - default default] 10.0.0.170 "DELETE /v2.0/floatingips/119e350f-8a01-45b0-82b5-d8092df47c85 HTTP/1.1" status: 204 len: 168 time: 0.4630418
2026-05-21 20:43:43.797 9 WARNING neutron_lib.context [None req-57d9a348-e93a-4efc-81d7-4850a255f987 223ebcab6c074175862891d3beefc034 5aa9bad640dd497986e03211c9d177c2 - - default default] Method 'is_advsvc' is deprecated since 2023.2 release (neutron-lib 3.8.0) and will be removed once support for the old RBAC API policies will be removed from Neutron. Please use method 'is_service_role' instead.
2026-05-21 20:43:43.807 10 INFO neutron.db.ovn_revision_numbers_db [None req-0bc2fed7-fd0f-4b81-82e3-5a2310703042 - - - - - -] Successfully bumped revision number for resource efdfaa24-6f9d-44fe-928e-0df24bc0c6aa (type: ports) to 2
2026-05-21 20:43:43.813 9 INFO neutron.db.ovn_revision_numbers_db [None req-4787d19c-7576-4ac8-a1f8-2c3db8d90bdd d225479571cf494f838b2423f89135fe c630ddfab35443bab7f2b3f6481e28b9 - - default default] Successfully bumped revision number for resource ab3f73c3-542d-42b5-9faa-d3b8b689a326 (type: security_group_rules) to 0
2026-05-21 20:43:43.841 9 INFO neutron.db.ovn_revision_numbers_db [None req-4787d19c-7576-4ac8-a1f8-2c3db8d90bdd d225479571cf494f838b2423f89135fe c630ddfab35443bab7f2b3f6481e28b9 - - default default] Successfully bumped revision number for resource d0ba8940-4442-4209-8f7f-1f97fc180233 (type: security_group_rules) to 0
2026-05-21 20:43:43.880 10 INFO neutron.db.ovn_revision_numbers_db [None req-0bc2fed7-fd0f-4b81-82e3-5a2310703042 - - - - - -] Successfully bumped revision number for resource efdfaa24-6f9d-44fe-928e-0df24bc0c6aa (type: router_ports) to 2
2026-05-21 20:43:43.888 9 INFO neutron.wsgi [None req-4787d19c-7576-4ac8-a1f8-2c3db8d90bdd d225479571cf494f838b2423f89135fe c630ddfab35443bab7f2b3f6481e28b9 - - default default] 10.0.0.170 "GET /v2.0/security-groups?tenant_id=65a300703dc5407c862fcf166e936784&name=default HTTP/1.1" status: 200 len: 2996 time: 0.5198402
2026-05-21 20:43:43.924 9 INFO neutron.db.ovn_revision_numbers_db [None req-e39718c2-29fc-4eba-bf91-afb7df6e7c9e d4a29964b5e9449291ace324927bea86 e3a766d85d0c4c5ca5e8dc235978f5d3 - - default default] Successfully bumped revision number for resource efdfaa24-6f9d-44fe-928e-0df24bc0c6aa (type: router_ports) to 2
2026-05-21 20:43:43.926 9 INFO neutron.wsgi [None req-e39718c2-29fc-4eba-bf91-afb7df6e7c9e d4a29964b5e9449291ace324927bea86 e3a766d85d0c4c5ca5e8dc235978f5d3 - - default default] 10.0.0.170 "PUT /v2.0/routers/22a69422-25c2-44df-9363-74798a355a38/add_router_interface HTTP/1.1" status: 200 len: 503 time: 1.9263372
2026-05-21 20:43:43.986 10 INFO neutron.wsgi [None req-cef1427b-c56d-4cde-9450-587e0571663a d4a29964b5e9449291ace324927bea86 e3a766d85d0c4c5ca5e8dc235978f5d3 - - default default] 10.0.0.170 "GET /v2.0/ports/efdfaa24-6f9d-44fe-928e-0df24bc0c6aa HTTP/1.1" status: 200 len: 1137 time: 0.0550141
2026-05-21 20:43:44.105 9 WARNING neutron.scheduler.dhcp_agent_scheduler [None req-57d9a348-e93a-4efc-81d7-4850a255f987 223ebcab6c074175862891d3beefc034 5aa9bad640dd497986e03211c9d177c2 - - default default] No more DHCP agents
2026-05-21 20:43:44.108 9 WARNING neutron.api.rpc.agentnotifiers.dhcp_rpc_agent_api [None req-57d9a348-e93a-4efc-81d7-4850a255f987 223ebcab6c074175862891d3beefc034 5aa9bad640dd497986e03211c9d177c2 - - default default] Unable to schedule network 4932d8c9-7e3a-4d28-9b14-f57e6e03ed0d: no agents available; will retry on subsequent port and subnet creation events.
2026-05-21 20:43:44.243 10 INFO neutron.wsgi [None req-91bfd92d-0224-4445-83a2-2e33dd096f60 d225479571cf494f838b2423f89135fe c630ddfab35443bab7f2b3f6481e28b9 - - default default] 10.0.0.170 "DELETE /v2.0/security-groups/9eb675b9-5b51-4b01-ac4e-f65a1644524e HTTP/1.1" status: 204 len: 168 time: 0.3491731
2026-05-21 20:43:44.458 9 INFO neutron.db.l3_db [None req-57d9a348-e93a-4efc-81d7-4850a255f987 223ebcab6c074175862891d3beefc034 5aa9bad640dd497986e03211c9d177c2 - - default default] Floating IP d2fb5ada-98d1-41a7-be7b-e5c3363ed4a7 associated. External IP: 10.96.250.210, port: 7b33b6f7-01d2-4299-95d1-ac3d673fea07.
2026-05-21 20:43:44.493 10 INFO neutron.db.ovn_revision_numbers_db [None req-d7736393-8ff1-4e90-8846-797c8d58c1ca d225479571cf494f838b2423f89135fe c630ddfab35443bab7f2b3f6481e28b9 - - default default] Successfully bumped revision number for resource b5c9d005-8751-4da3-9a81-990d563fdf7c (type: security_groups) to 1
2026-05-21 20:43:44.519 10 WARNING neutron.scheduler.dhcp_agent_scheduler [None req-5292d1c5-d6fc-4790-882a-537dd5525349 d4a29964b5e9449291ace324927bea86 e3a766d85d0c4c5ca5e8dc235978f5d3 - - default default] No more DHCP agents
2026-05-21 20:43:44.521 10 INFO neutron.db.ovn_revision_numbers_db [None req-d7736393-8ff1-4e90-8846-797c8d58c1ca d225479571cf494f838b2423f89135fe c630ddfab35443bab7f2b3f6481e28b9 - - default default] Successfully bumped revision number for resource 70b311a1-6334-4fa8-ad60-118181d7099d (type: security_group_rules) to 0
2026-05-21 20:43:44.523 10 WARNING neutron.api.rpc.agentnotifiers.dhcp_rpc_agent_api [None req-5292d1c5-d6fc-4790-882a-537dd5525349 d4a29964b5e9449291ace324927bea86 e3a766d85d0c4c5ca5e8dc235978f5d3 - - default default] Unable to schedule network f994499e-ca7a-4e86-9e5c-e83dbf9c70ef: no agents available; will retry on subsequent port and subnet creation events.
2026-05-21 20:43:44.546 10 INFO neutron.db.ovn_revision_numbers_db [None req-d7736393-8ff1-4e90-8846-797c8d58c1ca d225479571cf494f838b2423f89135fe c630ddfab35443bab7f2b3f6481e28b9 - - default default] Successfully bumped revision number for resource da1038c8-1bc3-4415-bbc5-4bbf0b9ded47 (type: security_group_rules) to 0
2026-05-21 20:43:44.567 10 INFO neutron.db.ovn_revision_numbers_db [None req-d7736393-8ff1-4e90-8846-797c8d58c1ca d225479571cf494f838b2423f89135fe c630ddfab35443bab7f2b3f6481e28b9 - - default default] Successfully bumped revision number for resource df8a18df-6513-49dd-8196-2374fa46e3ca (type: security_group_rules) to 0
2026-05-21 20:43:44.587 10 INFO neutron.db.ovn_revision_numbers_db [None req-d7736393-8ff1-4e90-8846-797c8d58c1ca d225479571cf494f838b2423f89135fe c630ddfab35443bab7f2b3f6481e28b9 - - default default] Successfully bumped revision number for resource e1790ac0-2a56-4ef9-acc3-bd90c3043c60 (type: security_group_rules) to 0
2026-05-21 20:43:44.638 10 INFO neutron.wsgi [None req-d7736393-8ff1-4e90-8846-797c8d58c1ca d225479571cf494f838b2423f89135fe c630ddfab35443bab7f2b3f6481e28b9 - - default default] 10.0.0.170 "GET /v2.0/security-groups?tenant_id=84c47a36bc0049e8ab9dd61b292ec1ae&name=default HTTP/1.1" status: 200 len: 2996 time: 0.3052051
2026-05-21 20:43:44.680 9 INFO neutron.db.ovn_revision_numbers_db [None req-57d9a348-e93a-4efc-81d7-4850a255f987 223ebcab6c074175862891d3beefc034 5aa9bad640dd497986e03211c9d177c2 - - default default] Successfully bumped revision number for resource d2fb5ada-98d1-41a7-be7b-e5c3363ed4a7 (type: floatingips) to 0
2026-05-21 20:43:44.760 10 INFO neutron.db.ovn_revision_numbers_db [None req-5292d1c5-d6fc-4790-882a-537dd5525349 d4a29964b5e9449291ace324927bea86 e3a766d85d0c4c5ca5e8dc235978f5d3 - - default default] Successfully bumped revision number for resource d3e07843-adc0-4be5-81cf-a3dfcd375a19 (type: ports) to 1
2026-05-21 20:43:44.825 9 INFO neutron.db.ovn_revision_numbers_db [None req-57d9a348-e93a-4efc-81d7-4850a255f987 223ebcab6c074175862891d3beefc034 5aa9bad640dd497986e03211c9d177c2 - - default default] Successfully bumped revision number for resource d2fb5ada-98d1-41a7-be7b-e5c3363ed4a7 (type: floatingips) to 1
2026-05-21 20:43:44.869 9 INFO neutron.wsgi [None req-57d9a348-e93a-4efc-81d7-4850a255f987 223ebcab6c074175862891d3beefc034 5aa9bad640dd497986e03211c9d177c2 - - default default] 10.0.0.170 "POST /v2.0/floatingips HTTP/1.1" status: 201 len: 1041 time: 1.0777400
2026-05-21 20:43:44.926 9 INFO neutron.wsgi [None req-6f2ef697-cccf-44be-a79a-8fd80e638541 223ebcab6c074175862891d3beefc034 5aa9bad640dd497986e03211c9d177c2 - - default default] 10.0.0.170 "GET /v2.0/floatingips/d2fb5ada-98d1-41a7-be7b-e5c3363ed4a7 HTTP/1.1" status: 200 len: 1038 time: 0.0500469
2026-05-21 20:43:44.989 10 INFO neutron.wsgi [None req-54e514b4-cde6-4187-b168-6c3d55a7b856 d225479571cf494f838b2423f89135fe c630ddfab35443bab7f2b3f6481e28b9 - - default default] 10.0.0.170 "DELETE /v2.0/security-groups/b5c9d005-8751-4da3-9a81-990d563fdf7c HTTP/1.1" status: 204 len: 168 time: 0.3319206
2026-05-21 20:43:45.019 10 INFO neutron.wsgi [None req-eca50661-7692-4577-90a9-1faa9757dfac 223ebcab6c074175862891d3beefc034 5aa9bad640dd497986e03211c9d177c2 - - default default] 10.0.0.170 "GET /v2.0/floatingips HTTP/1.1" status: 200 len: 1041 time: 0.0859241
2026-05-21 20:43:45.131 9 WARNING neutron.plugins.ml2.drivers.ovn.mech_driver.ovsdb.ovn_client [None req-b5e239f1-8ce8-44b3-a5a1-0fa2726ca751 - - - - - -] No hosting information found for port 456002fe-ad4e-4a85-a19b-a69b88d0b8dd: RuntimeError: No hosting information found for port 456002fe-ad4e-4a85-a19b-a69b88d0b8dd
2026-05-21 20:43:45.292 9 INFO neutron.db.ovn_revision_numbers_db [None req-6318278d-9970-4a52-ba8a-0164c4f2545f d225479571cf494f838b2423f89135fe c630ddfab35443bab7f2b3f6481e28b9 - - default default] Successfully bumped revision number for resource 4055fbaf-3142-4955-b5b1-b3e68ef95a20 (type: security_groups) to 1
2026-05-21 20:43:45.307 9 INFO neutron.db.ovn_revision_numbers_db [None req-6318278d-9970-4a52-ba8a-0164c4f2545f d225479571cf494f838b2423f89135fe c630ddfab35443bab7f2b3f6481e28b9 - - default default] Successfully bumped revision number for resource 01a1d1e6-d4fb-4c5f-a9a0-6d0e87be660b (type: security_group_rules) to 0
2026-05-21 20:43:45.319 9 INFO neutron.db.ovn_revision_numbers_db [None req-6318278d-9970-4a52-ba8a-0164c4f2545f d225479571cf494f838b2423f89135fe c630ddfab35443bab7f2b3f6481e28b9 - - default default] Successfully bumped revision number for resource 3c000596-b3c6-4b8d-afbe-36fabe0d9f82 (type: security_group_rules) to 0
2026-05-21 20:43:45.333 9 INFO neutron.db.ovn_revision_numbers_db [None req-6318278d-9970-4a52-ba8a-0164c4f2545f d225479571cf494f838b2423f89135fe c630ddfab35443bab7f2b3f6481e28b9 - - default default] Successfully bumped revision number for resource 3c6747fe-1c77-4094-a4bd-bc30a063e70c (type: security_group_rules) to 0
2026-05-21 20:43:45.355 9 INFO neutron.db.ovn_revision_numbers_db [None req-6318278d-9970-4a52-ba8a-0164c4f2545f d225479571cf494f838b2423f89135fe c630ddfab35443bab7f2b3f6481e28b9 - - default default] Successfully bumped revision number for resource dd97e4bd-9448-45a0-b047-a71eb257619c (type: security_group_rules) to 0
2026-05-21 20:43:45.410 9 INFO neutron.db.segments_db [None req-6318278d-9970-4a52-ba8a-0164c4f2545f d225479571cf494f838b2423f89135fe c630ddfab35443bab7f2b3f6481e28b9 - - default default] Added segment b43d5702-9ead-4998-ad2f-fdf29fed67f8 of type geneve for network 0353e3c4-1c05-4885-9fef-19553f8cdae6
2026-05-21 20:43:45.643 10 INFO neutron.db.l3_db [None req-ed5d123f-720e-4cf9-985a-8c62ef7a8639 223ebcab6c074175862891d3beefc034 5aa9bad640dd497986e03211c9d177c2 - - default default] Floating IP d2fb5ada-98d1-41a7-be7b-e5c3363ed4a7 associated. External IP: 10.96.250.210, port: 7b33b6f7-01d2-4299-95d1-ac3d673fea07.
2026-05-21 20:43:45.669 10 INFO neutron.db.ovn_revision_numbers_db [None req-5292d1c5-d6fc-4790-882a-537dd5525349 d4a29964b5e9449291ace324927bea86 e3a766d85d0c4c5ca5e8dc235978f5d3 - - default default] Successfully bumped revision number for resource d3e07843-adc0-4be5-81cf-a3dfcd375a19 (type: router_ports) to 1
2026-05-21 20:43:45.669 9 INFO neutron.plugins.ml2.drivers.ovn.mech_driver.mech_driver [None req-b5e239f1-8ce8-44b3-a5a1-0fa2726ca751 - - - - - -] OVN reports status up for port: d3e07843-adc0-4be5-81cf-a3dfcd375a19
2026-05-21 20:43:45.682 9 INFO neutron.plugins.ml2.plugin [None req-b5e239f1-8ce8-44b3-a5a1-0fa2726ca751 - - - - - -] Attempt 1 to provision port d3e07843-adc0-4be5-81cf-a3dfcd375a19
2026-05-21 20:43:45.808 9 INFO neutron.db.ovn_revision_numbers_db [None req-6318278d-9970-4a52-ba8a-0164c4f2545f d225479571cf494f838b2423f89135fe c630ddfab35443bab7f2b3f6481e28b9 - - default default] Successfully bumped revision number for resource 0353e3c4-1c05-4885-9fef-19553f8cdae6 (type: networks) to 1
2026-05-21 20:43:45.892 10 INFO neutron.db.ovn_revision_numbers_db [None req-5292d1c5-d6fc-4790-882a-537dd5525349 d4a29964b5e9449291ace324927bea86 e3a766d85d0c4c5ca5e8dc235978f5d3 - - default default] Successfully bumped revision number for resource d3e07843-adc0-4be5-81cf-a3dfcd375a19 (type: ports) to 1
2026-05-21 20:43:45.945 10 INFO neutron.db.ovn_revision_numbers_db [None req-ed5d123f-720e-4cf9-985a-8c62ef7a8639 223ebcab6c074175862891d3beefc034 5aa9bad640dd497986e03211c9d177c2 - - default default] Successfully bumped revision number for resource d2fb5ada-98d1-41a7-be7b-e5c3363ed4a7 (type: floatingips) to 2
2026-05-21 20:43:45.981 10 WARNING neutron.scheduler.dhcp_agent_scheduler [None req-5292d1c5-d6fc-4790-882a-537dd5525349 d4a29964b5e9449291ace324927bea86 e3a766d85d0c4c5ca5e8dc235978f5d3 - - default default] No more DHCP agents
2026-05-21 20:43:45.983 10 WARNING neutron.api.rpc.agentnotifiers.dhcp_rpc_agent_api [None req-5292d1c5-d6fc-4790-882a-537dd5525349 d4a29964b5e9449291ace324927bea86 e3a766d85d0c4c5ca5e8dc235978f5d3 - - default default] Unable to schedule network f994499e-ca7a-4e86-9e5c-e83dbf9c70ef: no agents available; will retry on subsequent port and subnet creation events.
2026-05-21 20:43:46.045 9 WARNING neutron.scheduler.dhcp_agent_scheduler [None req-6318278d-9970-4a52-ba8a-0164c4f2545f d225479571cf494f838b2423f89135fe c630ddfab35443bab7f2b3f6481e28b9 - - default default] No more DHCP agents
2026-05-21 20:43:46.049 9 WARNING neutron.api.rpc.agentnotifiers.dhcp_rpc_agent_api [None req-6318278d-9970-4a52-ba8a-0164c4f2545f d225479571cf494f838b2423f89135fe c630ddfab35443bab7f2b3f6481e28b9 - - default default] Unable to schedule network 0353e3c4-1c05-4885-9fef-19553f8cdae6: no agents available; will retry on subsequent port and subnet creation events.
2026-05-21 20:43:46.077 9 INFO neutron.db.ovn_revision_numbers_db [None req-b5e239f1-8ce8-44b3-a5a1-0fa2726ca751 - - - - - -] Successfully bumped revision number for resource d3e07843-adc0-4be5-81cf-a3dfcd375a19 (type: ports) to 2
2026-05-21 20:43:46.099 10 INFO neutron.db.ovn_revision_numbers_db [None req-ed5d123f-720e-4cf9-985a-8c62ef7a8639 223ebcab6c074175862891d3beefc034 5aa9bad640dd497986e03211c9d177c2 - - default default] Successfully bumped revision number for resource d2fb5ada-98d1-41a7-be7b-e5c3363ed4a7 (type: floatingips) to 2
2026-05-21 20:43:46.154 10 INFO neutron.wsgi [None req-ed5d123f-720e-4cf9-985a-8c62ef7a8639 223ebcab6c074175862891d3beefc034 5aa9bad640dd497986e03211c9d177c2 - - default default] 10.0.0.170 "PUT /v2.0/floatingips/d2fb5ada-98d1-41a7-be7b-e5c3363ed4a7 HTTP/1.1" status: 200 len: 1038 time: 1.1283958
2026-05-21 20:43:46.158 10 INFO neutron.db.ovn_revision_numbers_db [None req-5292d1c5-d6fc-4790-882a-537dd5525349 d4a29964b5e9449291ace324927bea86 e3a766d85d0c4c5ca5e8dc235978f5d3 - - default default] Successfully bumped revision number for resource d3e07843-adc0-4be5-81cf-a3dfcd375a19 (type: router_ports) to 2
2026-05-21 20:43:46.160 10 INFO neutron.wsgi [None req-5292d1c5-d6fc-4790-882a-537dd5525349 d4a29964b5e9449291ace324927bea86 e3a766d85d0c4c5ca5e8dc235978f5d3 - - default default] 10.0.0.170 "PUT /v2.0/routers/22a69422-25c2-44df-9363-74798a355a38/add_router_interface HTTP/1.1" status: 200 len: 503 time: 2.1689961 /var/lib/openstack/lib/python3.10/site-packages/pycadf/identifier.py:71: UserWarning: Invalid uuid: neutron. To ensure interoperability, identifiers should be a valid uuid. warnings.warn(('Invalid uuid: %s. To ensure interoperability, '
2026-05-21 20:43:46.215 9 INFO neutron.db.ovn_revision_numbers_db [None req-6318278d-9970-4a52-ba8a-0164c4f2545f d225479571cf494f838b2423f89135fe c630ddfab35443bab7f2b3f6481e28b9 - - default default] Successfully bumped revision number for resource 13792598-c0ce-49f6-be3f-af6c7a64d566 (type: ports) to 1
2026-05-21 20:43:46.249 10 INFO neutron.wsgi [None req-3c77082b-f8e2-4cf8-bd6d-9390904bb271 d4a29964b5e9449291ace324927bea86 e3a766d85d0c4c5ca5e8dc235978f5d3 - - default default] 10.0.0.170 "GET /v2.0/ports/d3e07843-adc0-4be5-81cf-a3dfcd375a19 HTTP/1.1" status: 200 len: 1137 time: 0.0828297
2026-05-21 20:43:46.260 9 INFO neutron.wsgi [None req-6318278d-9970-4a52-ba8a-0164c4f2545f d225479571cf494f838b2423f89135fe c630ddfab35443bab7f2b3f6481e28b9 - - default default] 10.0.0.170 "POST /v2.0/networks HTTP/1.1" status: 201 len: 945 time: 1.3830531
2026-05-21 20:43:46.288 10 INFO neutron.wsgi [None req-a7ed643e-8e57-40d3-96af-ce3f55cd4d22 d4a29964b5e9449291ace324927bea86 e3a766d85d0c4c5ca5e8dc235978f5d3 - - default default] 10.0.0.170 "GET /v2.0/ports/d3e07843-adc0-4be5-81cf-a3dfcd375a19 HTTP/1.1" status: 200 len: 1137 time: 0.0342400
2026-05-21 20:43:46.349 9 INFO neutron.db.l3_db [None req-7872243e-a044-47cb-9e60-ed8abcee170e 223ebcab6c074175862891d3beefc034 5aa9bad640dd497986e03211c9d177c2 - - default default] Floating IP d2fb5ada-98d1-41a7-be7b-e5c3363ed4a7 disassociated. External IP: 10.96.250.210, port: f47b59d0-eb65-4d63-8bfe-f6b904175afe.
2026-05-21 20:43:46.390 9 INFO neutron.db.ovn_revision_numbers_db [None req-7872243e-a044-47cb-9e60-ed8abcee170e 223ebcab6c074175862891d3beefc034 5aa9bad640dd497986e03211c9d177c2 - - default default] Successfully bumped revision number for resource d2fb5ada-98d1-41a7-be7b-e5c3363ed4a7 (type: floatingips) to 3
2026-05-21 20:43:46.473 9 INFO neutron.wsgi [None req-7872243e-a044-47cb-9e60-ed8abcee170e 223ebcab6c074175862891d3beefc034 5aa9bad640dd497986e03211c9d177c2 - - default default] 10.0.0.170 "PUT /v2.0/floatingips/d2fb5ada-98d1-41a7-be7b-e5c3363ed4a7 HTTP/1.1" status: 200 len: 748 time: 0.3120694
2026-05-21 20:43:46.477 9 WARNING neutron.scheduler.dhcp_agent_scheduler [None req-60d6f1b5-7392-459c-876f-dafdcadfbd49 d225479571cf494f838b2423f89135fe c630ddfab35443bab7f2b3f6481e28b9 - - default default] No more DHCP agents
2026-05-21 20:43:46.479 9 WARNING neutron.api.rpc.agentnotifiers.dhcp_rpc_agent_api [None req-60d6f1b5-7392-459c-876f-dafdcadfbd49 d225479571cf494f838b2423f89135fe c630ddfab35443bab7f2b3f6481e28b9 - - default default] Unable to schedule network 0353e3c4-1c05-4885-9fef-19553f8cdae6: no agents available; will retry on subsequent port and subnet creation events.
2026-05-21 20:43:46.904 9 INFO neutron.wsgi [None req-c4d57baf-2755-4430-9506-c460b819421c 223ebcab6c074175862891d3beefc034 5aa9bad640dd497986e03211c9d177c2 - - default default] 10.0.0.170 "DELETE /v2.0/floatingips/d2fb5ada-98d1-41a7-be7b-e5c3363ed4a7 HTTP/1.1" status: 204 len: 168 time: 0.4221277
2026-05-21 20:43:46.928 10 INFO neutron.api.v2.resource [None req-0fe1cf1b-4958-4263-b10e-4adcbe72447f 223ebcab6c074175862891d3beefc034 5aa9bad640dd497986e03211c9d177c2 - - default default] delete failed (client error): The resource could not be found.
2026-05-21 20:43:46.929 10 INFO neutron.wsgi [None req-0fe1cf1b-4958-4263-b10e-4adcbe72447f 223ebcab6c074175862891d3beefc034 5aa9bad640dd497986e03211c9d177c2 - - default default] 10.0.0.170 "DELETE /v2.0/floatingips/d2fb5ada-98d1-41a7-be7b-e5c3363ed4a7 HTTP/1.1" status: 404 len: 345 time: 0.0205889
2026-05-21 20:43:47.002 10 INFO neutron.wsgi [None req-48f887b7-595d-4bdc-b4af-cb3f3e49c474 d4a29964b5e9449291ace324927bea86 e3a766d85d0c4c5ca5e8dc235978f5d3 - - default default] 10.0.0.170 "PUT /v2.0/routers/22a69422-25c2-44df-9363-74798a355a38/remove_router_interface HTTP/1.1" status: 200 len: 503 time: 0.7097631
2026-05-21 20:43:47.083 9 INFO neutron.db.ovn_revision_numbers_db [None req-60d6f1b5-7392-459c-876f-dafdcadfbd49 d225479571cf494f838b2423f89135fe c630ddfab35443bab7f2b3f6481e28b9 - - default default] Successfully bumped revision number for resource 13792598-c0ce-49f6-be3f-af6c7a64d566 (type: ports) to 2
2026-05-21 20:43:47.119 9 INFO neutron.wsgi [None req-b8e2f6e6-e73a-4c78-a102-f7486851bbd1 d4a29964b5e9449291ace324927bea86 e3a766d85d0c4c5ca5e8dc235978f5d3 - - default default] 10.0.0.170 "GET /v2.0/ports/efdfaa24-6f9d-44fe-928e-0df24bc0c6aa HTTP/1.1" status: 200 len: 1137 time: 0.1126530
2026-05-21 20:43:47.142 9 INFO neutron.db.ovn_revision_numbers_db [None req-60d6f1b5-7392-459c-876f-dafdcadfbd49 d225479571cf494f838b2423f89135fe c630ddfab35443bab7f2b3f6481e28b9 - - default default] Successfully bumped revision number for resource 2ff415f8-7644-4567-9378-e2c7013b6a27 (type: subnets) to 0
2026-05-21 20:43:47.167 9 INFO neutron.wsgi [None req-60d6f1b5-7392-459c-876f-dafdcadfbd49 d225479571cf494f838b2423f89135fe c630ddfab35443bab7f2b3f6481e28b9 - - default default] 10.0.0.170 "POST /v2.0/subnets HTTP/1.1" status: 201 len: 865 time: 0.9012012
2026-05-21 20:43:47.326 10 INFO neutron.wsgi [None req-c655873b-91b4-41d7-9eb4-8de8698c7e03 223ebcab6c074175862891d3beefc034 5aa9bad640dd497986e03211c9d177c2 - - default default] 10.0.0.170 "DELETE /v2.0/ports/f47b59d0-eb65-4d63-8bfe-f6b904175afe HTTP/1.1" status: 204 len: 168 time: 0.3912873 /var/lib/openstack/lib/python3.10/site-packages/pycadf/identifier.py:71: UserWarning: Invalid uuid: neutron. To ensure interoperability, identifiers should be a valid uuid. warnings.warn(('Invalid uuid: %s. To ensure interoperability, '
2026-05-21 20:43:47.670 10 INFO neutron.wsgi [None req-dbcd71f3-8d1d-4374-80dd-9b305eee81bc 223ebcab6c074175862891d3beefc034 5aa9bad640dd497986e03211c9d177c2 - - default default] 10.0.0.170 "DELETE /v2.0/ports/7b33b6f7-01d2-4299-95d1-ac3d673fea07 HTTP/1.1" status: 204 len: 168 time: 0.3386166
2026-05-21 20:43:47.766 10 INFO neutron.wsgi [None req-7706154a-125a-40b3-85f3-a6b33753cc52 223ebcab6c074175862891d3beefc034 5aa9bad640dd497986e03211c9d177c2 - - default default] 10.0.0.170 "GET /v2.0/ports?device_id=cedfe32c-2d32-4585-b039-58c6473690f4 HTTP/1.1" status: 200 len: 1140 time: 0.0895605
2026-05-21 20:43:47.985 9 WARNING neutron.scheduler.dhcp_agent_scheduler [None req-bc700a21-a86c-4bf8-86df-7f520648ba75 d225479571cf494f838b2423f89135fe c630ddfab35443bab7f2b3f6481e28b9 - - default default] No more DHCP agents
2026-05-21 20:43:47.987 9 WARNING neutron.api.rpc.agentnotifiers.dhcp_rpc_agent_api [None req-bc700a21-a86c-4bf8-86df-7f520648ba75 d225479571cf494f838b2423f89135fe c630ddfab35443bab7f2b3f6481e28b9 - - default default] Unable to schedule network 4932d8c9-7e3a-4d28-9b14-f57e6e03ed0d: no agents available; will retry on subsequent port and subnet creation events.
2026-05-21 20:43:48.192 9 INFO neutron.db.ovn_revision_numbers_db [None req-bc700a21-a86c-4bf8-86df-7f520648ba75 d225479571cf494f838b2423f89135fe c630ddfab35443bab7f2b3f6481e28b9 - - default default] Successfully bumped revision number for resource 3d848d9b-dc87-4eac-a43a-a0e851292440 (type: ports) to 1
2026-05-21 20:43:48.279 9 INFO neutron.wsgi [None req-6283cc86-5823-48f3-992d-e7700beb8a58 d4a29964b5e9449291ace324927bea86 e3a766d85d0c4c5ca5e8dc235978f5d3 - - default default] 10.0.0.170 "PUT /v2.0/routers/22a69422-25c2-44df-9363-74798a355a38/remove_router_interface HTTP/1.1" status: 200 len: 503 time: 1.1560690
2026-05-21 20:43:48.320 10 INFO neutron.wsgi [None req-a3e2d15c-094b-4cdd-a73d-ce4e69e3adb4 d4a29964b5e9449291ace324927bea86 e3a766d85d0c4c5ca5e8dc235978f5d3 - - default default] 10.0.0.170 "GET /v2.0/ports?device_id=22a69422-25c2-44df-9363-74798a355a38 HTTP/1.1" status: 200 len: 205 time: 0.0363314 /var/lib/openstack/lib/python3.10/site-packages/pycadf/identifier.py:71: UserWarning: Invalid uuid: neutron. To ensure interoperability, identifiers should be a valid uuid. warnings.warn(('Invalid uuid: %s. To ensure interoperability, '
2026-05-21 20:43:48.562 9 INFO neutron.wsgi [None req-a8439661-9949-4a80-8107-411f0d0fea8f d225479571cf494f838b2423f89135fe c630ddfab35443bab7f2b3f6481e28b9 - - default default] 10.0.0.74 "GET /v2.0/floatingips HTTP/1.1" status: 200 len: 193 time: 0.1709499
2026-05-21 20:43:48.669 9 INFO neutron.wsgi [None req-19b10d52-2859-40d5-94dc-394028b23c93 d225479571cf494f838b2423f89135fe c630ddfab35443bab7f2b3f6481e28b9 - - default default] 10.0.0.74 "GET /v2.0/networks HTTP/1.1" status: 200 len: 5354 time: 0.1061974
2026-05-21 20:43:48.696 9 INFO neutron.wsgi [None req-7d46251c-bb8b-43df-ac56-85c51c3c722e d225479571cf494f838b2423f89135fe c630ddfab35443bab7f2b3f6481e28b9 - - default default] 10.0.0.74 "GET /v2.0/network-ip-availabilities HTTP/1.1" status: 200 len: 3011 time: 0.0176980
2026-05-21 20:43:48.750 9 INFO neutron.wsgi [None req-570d8eb3-25e0-480e-8065-93d1a4310134 d225479571cf494f838b2423f89135fe c630ddfab35443bab7f2b3f6481e28b9 - - default default] 10.0.0.74 "GET /v2.0/subnets HTTP/1.1" status: 200 len: 3924 time: 0.0523701
2026-05-21 20:43:48.770 9 INFO neutron.wsgi [None req-faa9c487-f04b-485b-b797-d3e035892658 d225479571cf494f838b2423f89135fe c630ddfab35443bab7f2b3f6481e28b9 - - default default] 10.0.0.74 "GET /v2.0/subnetpools HTTP/1.1" status: 200 len: 193 time: 0.0154829
2026-05-21 20:43:48.789 9 INFO neutron.wsgi [None req-e78bcff5-ab18-445c-aeac-142bb5c5ac7b d225479571cf494f838b2423f89135fe c630ddfab35443bab7f2b3f6481e28b9 - - default default] 10.0.0.74 "GET /v2.0/agents HTTP/1.1" status: 200 len: 997 time: 0.0180016
2026-05-21 20:43:48.874 9 INFO neutron.wsgi [None req-ef94ac24-026d-4ca7-ba75-93c96af303d1 d225479571cf494f838b2423f89135fe c630ddfab35443bab7f2b3f6481e28b9 - - default default] 10.0.0.74 "GET /v2.0/security-groups HTTP/1.1" status: 200 len: 25143 time: 0.0838499
2026-05-21 20:43:48.884 10 INFO neutron.wsgi [None req-ad253ab5-e803-4bea-bc7b-44e7c956409d d4a29964b5e9449291ace324927bea86 e3a766d85d0c4c5ca5e8dc235978f5d3 - - default default] 10.0.0.170 "DELETE /v2.0/routers/22a69422-25c2-44df-9363-74798a355a38 HTTP/1.1" status: 204 len: 168 time: 0.5602205
2026-05-21 20:43:48.929 9 INFO neutron.wsgi [None req-91a14215-f7a3-48e3-960a-640cdeafe2b5 d225479571cf494f838b2423f89135fe c630ddfab35443bab7f2b3f6481e28b9 - - default default] 10.0.0.74 "GET /v2.0/subnets HTTP/1.1" status: 200 len: 3924 time: 0.0483031
2026-05-21 20:43:48.987 9 INFO neutron.plugins.ml2.drivers.ovn.mech_driver.ovsdb.ovsdb_monitor [None req-f2775d54-2d3c-4655-9267-832f7f2b65a6 - - - - - -] Router 5ac3cebd-b21d-4d93-8673-8c06f8d1f600 is bound to host instance
2026-05-21 20:43:49.015 9 INFO neutron.wsgi [None req-993d2a9d-d0d5-4c15-a82c-2d3ce9a0bb25 d225479571cf494f838b2423f89135fe c630ddfab35443bab7f2b3f6481e28b9 - - default default] 10.0.0.74 "GET /v2.0/ports HTTP/1.1" status: 200 len: 11379 time: 0.0801518
2026-05-21 20:43:49.030 10 INFO neutron.wsgi [None req-b2bf3bb3-ec37-4e42-b97b-8932a011688d 223ebcab6c074175862891d3beefc034 5aa9bad640dd497986e03211c9d177c2 - - default default] 10.0.0.170 "PUT /v2.0/routers/cedfe32c-2d32-4585-b039-58c6473690f4/remove_router_interface HTTP/1.1" status: 200 len: 503 time: 1.2594335 /var/lib/openstack/lib/python3.10/site-packages/pycadf/identifier.py:71: UserWarning: Invalid uuid: neutron. To ensure interoperability, identifiers should be a valid uuid. warnings.warn(('Invalid uuid: %s. To ensure interoperability, '
2026-05-21 20:43:49.233 10 INFO neutron.wsgi [None req-9f2879e3-a4d7-4d69-bf4c-af6be40d2c20 d4a29964b5e9449291ace324927bea86 e3a766d85d0c4c5ca5e8dc235978f5d3 - - default default] 10.0.0.170 "DELETE /v2.0/subnets/41fbbdd6-5a97-4012-9601-6f8f6d952751 HTTP/1.1" status: 204 len: 168 time: 0.3425589
2026-05-21 20:43:49.263 10 WARNING neutron.plugins.ml2.drivers.ovn.mech_driver.ovsdb.ovn_client [None req-0bc2fed7-fd0f-4b81-82e3-5a2310703042 - - - - - -] No port found with ID efdfaa24-6f9d-44fe-928e-0df24bc0c6aa: RuntimeError: No port found with ID efdfaa24-6f9d-44fe-928e-0df24bc0c6aa
2026-05-21 20:43:49.304 9 INFO neutron.db.ovn_revision_numbers_db [None req-bc700a21-a86c-4bf8-86df-7f520648ba75 d225479571cf494f838b2423f89135fe c630ddfab35443bab7f2b3f6481e28b9 - - default default] Successfully bumped revision number for resource 3d848d9b-dc87-4eac-a43a-a0e851292440 (type: router_ports) to 1
2026-05-21 20:43:49.395 9 INFO neutron.wsgi [None req-e8946b56-b6f2-404d-8c7f-e9b2bf3ce4bd d225479571cf494f838b2423f89135fe c630ddfab35443bab7f2b3f6481e28b9 - - default default] 10.0.0.74 "GET /v2.0/routers HTTP/1.1" status: 200 len: 1533 time: 0.3730671
2026-05-21 20:43:49.407 10 INFO neutron.plugins.ml2.drivers.ovn.mech_driver.mech_driver [None req-0bc2fed7-fd0f-4b81-82e3-5a2310703042 - - - - - -] OVN reports status up for port: 3d848d9b-dc87-4eac-a43a-a0e851292440
2026-05-21 20:43:49.420 9 INFO neutron.wsgi [None req-618852e1-8bdf-4d96-8133-b37fbbf127d6 d225479571cf494f838b2423f89135fe c630ddfab35443bab7f2b3f6481e28b9 - - default default] 10.0.0.74 "GET /v2.0/agents?binary=ovn-controller HTTP/1.1" status: 200 len: 591 time: 0.0208292
2026-05-21 20:43:49.423 10 INFO neutron.plugins.ml2.plugin [None req-0bc2fed7-fd0f-4b81-82e3-5a2310703042 - - - - - -] Attempt 1 to provision port 3d848d9b-dc87-4eac-a43a-a0e851292440
2026-05-21 20:43:49.436 9 INFO neutron.db.ovn_revision_numbers_db [None req-bc700a21-a86c-4bf8-86df-7f520648ba75 d225479571cf494f838b2423f89135fe c630ddfab35443bab7f2b3f6481e28b9 - - default default] Successfully bumped revision number for resource 5ac3cebd-b21d-4d93-8673-8c06f8d1f600 (type: routers) to 2
2026-05-21 20:43:49.459 9 INFO neutron.wsgi [None req-bc700a21-a86c-4bf8-86df-7f520648ba75 d225479571cf494f838b2423f89135fe c630ddfab35443bab7f2b3f6481e28b9 - - default default] 10.0.0.170 "POST /v2.0/routers HTTP/1.1" status: 201 len: 876 time: 2.2870133
2026-05-21 20:43:49.687 10 INFO neutron.wsgi [None req-b3416c72-14bb-4145-81c0-8ce38d2455b7 d4a29964b5e9449291ace324927bea86 e3a766d85d0c4c5ca5e8dc235978f5d3 - - default default] 10.0.0.170 "DELETE /v2.0/subnets/b26765bd-4d6b-41a4-83bd-85df7d14d84c HTTP/1.1" status: 204 len: 168 time: 0.4426570 /var/lib/openstack/lib/python3.10/site-packages/pycadf/identifier.py:71: UserWarning: Invalid uuid: neutron. To ensure interoperability, identifiers should be a valid uuid. warnings.warn(('Invalid uuid: %s. To ensure interoperability, '
2026-05-21 20:43:49.958 9 INFO neutron.db.ovn_revision_numbers_db [None req-f2775d54-2d3c-4655-9267-832f7f2b65a6 - - - - - -] Successfully bumped revision number for resource 3d848d9b-dc87-4eac-a43a-a0e851292440 (type: ports) to 1
2026-05-21 20:43:50.016 9 WARNING neutron.scheduler.dhcp_agent_scheduler [None req-6333dc49-e9e2-4366-9829-e4def249aa34 d225479571cf494f838b2423f89135fe c630ddfab35443bab7f2b3f6481e28b9 - - default default] No more DHCP agents
2026-05-21 20:43:50.019 9 WARNING neutron.api.rpc.agentnotifiers.dhcp_rpc_agent_api [None req-6333dc49-e9e2-4366-9829-e4def249aa34 d225479571cf494f838b2423f89135fe c630ddfab35443bab7f2b3f6481e28b9 - - default default] Unable to schedule network 0353e3c4-1c05-4885-9fef-19553f8cdae6: no agents available; will retry on subsequent port and subnet creation events.
2026-05-21 20:43:50.025 10 INFO neutron.db.ovn_revision_numbers_db [None req-4799adb3-4b5f-4a96-bffc-0724b3fc83b9 d225479571cf494f838b2423f89135fe c630ddfab35443bab7f2b3f6481e28b9 - - default default] Successfully bumped revision number for resource 09453a6f-4c35-42a1-a1b0-6bec78b42f12 (type: security_groups) to 1
2026-05-21 20:43:50.045 10 INFO neutron.db.ovn_revision_numbers_db [None req-4799adb3-4b5f-4a96-bffc-0724b3fc83b9 d225479571cf494f838b2423f89135fe c630ddfab35443bab7f2b3f6481e28b9 - - default default] Successfully bumped revision number for resource 90874468-4ac5-4436-8329-c58ff023cfeb (type: security_group_rules) to 0
2026-05-21 20:43:50.092 10 INFO neutron.db.ovn_revision_numbers_db [None req-4799adb3-4b5f-4a96-bffc-0724b3fc83b9 d225479571cf494f838b2423f89135fe c630ddfab35443bab7f2b3f6481e28b9 - - default default] Successfully bumped revision number for resource b9765f61-64d6-417d-a079-69c2c90cd485 (type: security_group_rules) to 0
2026-05-21 20:43:50.131 10 INFO neutron.db.ovn_revision_numbers_db [None req-4799adb3-4b5f-4a96-bffc-0724b3fc83b9 d225479571cf494f838b2423f89135fe c630ddfab35443bab7f2b3f6481e28b9 - - default default] Successfully bumped revision number for resource dbf84931-0f53-49fa-845d-da9506dd8770 (type: security_group_rules) to 0
2026-05-21 20:43:50.175 10 INFO neutron.db.ovn_revision_numbers_db [None req-4799adb3-4b5f-4a96-bffc-0724b3fc83b9 d225479571cf494f838b2423f89135fe c630ddfab35443bab7f2b3f6481e28b9 - - default default] Successfully bumped revision number for resource e08131a9-2bf5-4154-92ad-1b97f0004012 (type: security_group_rules) to 0
2026-05-21 20:43:50.215 10 INFO neutron.wsgi [None req-4799adb3-4b5f-4a96-bffc-0724b3fc83b9 d225479571cf494f838b2423f89135fe c630ddfab35443bab7f2b3f6481e28b9 - - default default] 10.0.0.170 "GET /v2.0/security-groups?tenant_id=5f5814d433f049f3873228e45bc1164c&name=default HTTP/1.1" status: 200 len: 2996 time: 0.5827427
2026-05-21 20:43:50.307 9 INFO neutron.db.ovn_revision_numbers_db [None req-f2775d54-2d3c-4655-9267-832f7f2b65a6 - - - - - -] Successfully bumped revision number for resource 3d848d9b-dc87-4eac-a43a-a0e851292440 (type: router_ports) to 3
2026-05-21 20:43:50.313 10 INFO neutron.services.segments.plugin [-] Segment 413b261a-3aed-469b-af3e-ab948de50c7a resource provider aggregate not found
2026-05-21 20:43:50.320 10 INFO neutron.services.segments.plugin [-] Segment 413b261a-3aed-469b-af3e-ab948de50c7a resource provider aggregate not found
2026-05-21 20:43:50.330 9 INFO neutron.db.ovn_revision_numbers_db [None req-6333dc49-e9e2-4366-9829-e4def249aa34 d225479571cf494f838b2423f89135fe c630ddfab35443bab7f2b3f6481e28b9 - - default default] Successfully bumped revision number for resource 029468bb-e042-4648-8c0e-b70e0cea219c (type: ports) to 1
2026-05-21 20:43:50.331 10 INFO neutron.services.segments.plugin [-] Segment 413b261a-3aed-469b-af3e-ab948de50c7a resource provider not found; error: Placement Client Error (4xx): {"errors": [{"status": 404, "title": "Not Found", "detail": "The resource could not be found.\n\n No resource provider with uuid 413b261a-3aed-469b-af3e-ab948de50c7a found for delete ", "request_id": "req-26880e0c-8d5b-4e0d-b915-5c2173f3aaf6"}]}
2026-05-21 20:43:50.345 10 INFO neutron.services.segments.plugin [-] Segment 413b261a-3aed-469b-af3e-ab948de50c7a resource provider not found; error: Placement Client Error (4xx): {"errors": [{"status": 404, "title": "Not Found", "detail": "The resource could not be found.\n\n No resource provider with uuid 413b261a-3aed-469b-af3e-ab948de50c7a found for delete ", "request_id": "req-ea9215ab-edf8-4e04-a9d9-1238a7f38405"}]}
2026-05-21 20:43:50.414 10 INFO neutron.wsgi [None req-22cfa7f3-2f7f-445e-9c46-eaf91d8b5615 d4a29964b5e9449291ace324927bea86 e3a766d85d0c4c5ca5e8dc235978f5d3 - - default default] 10.0.0.170 "DELETE /v2.0/networks/f994499e-ca7a-4e86-9e5c-e83dbf9c70ef HTTP/1.1" status: 204 len: 168 time: 0.7214611
2026-05-21 20:43:50.437 10 INFO neutron.wsgi [None req-c05e27e3-2e46-4e37-a86e-762495e3bc53 223ebcab6c074175862891d3beefc034 5aa9bad640dd497986e03211c9d177c2 - - default default] 10.0.0.170 "DELETE /v2.0/routers/cedfe32c-2d32-4585-b039-58c6473690f4 HTTP/1.1" status: 204 len: 168 time: 1.3968332
2026-05-21 20:43:50.567 9 INFO neutron.db.ovn_revision_numbers_db [None req-f2775d54-2d3c-4655-9267-832f7f2b65a6 - - - - - -] Successfully bumped revision number for resource 3d848d9b-dc87-4eac-a43a-a0e851292440 (type: ports) to 2
2026-05-21 20:43:50.612 9 WARNING neutron.plugins.ml2.drivers.ovn.mech_driver.ovsdb.ovn_client [None req-b5e239f1-8ce8-44b3-a5a1-0fa2726ca751 - - - - - -] No port found with ID d3e07843-adc0-4be5-81cf-a3dfcd375a19: RuntimeError: No port found with ID d3e07843-adc0-4be5-81cf-a3dfcd375a19
2026-05-21 20:43:50.803 10 INFO neutron.wsgi [None req-2b1577ce-db69-430b-88fd-dc3183b49780 d225479571cf494f838b2423f89135fe c630ddfab35443bab7f2b3f6481e28b9 - - default default] 10.0.0.170 "DELETE /v2.0/security-groups/09453a6f-4c35-42a1-a1b0-6bec78b42f12 HTTP/1.1" status: 204 len: 168 time: 0.5733254
2026-05-21 20:43:50.831 10 INFO neutron.wsgi [None req-38b36a13-35c2-4867-946d-8d80c3273fc4 223ebcab6c074175862891d3beefc034 5aa9bad640dd497986e03211c9d177c2 - - default default] 10.0.0.170 "DELETE /v2.0/subnets/c874d265-aac1-416e-aedc-9c65ef2b88d6 HTTP/1.1" status: 204 len: 168 time: 0.3877769
2026-05-21 20:43:51.071 10 INFO neutron.db.ovn_revision_numbers_db [None req-5082cd61-2385-49b4-b842-c4b612447ee6 d225479571cf494f838b2423f89135fe c630ddfab35443bab7f2b3f6481e28b9 - - default default] Successfully bumped revision number for resource 75082f27-a830-4b73-b0aa-9c9b6d4ba25e (type: security_groups) to 1
2026-05-21 20:43:51.105 10 INFO neutron.db.ovn_revision_numbers_db [None req-5082cd61-2385-49b4-b842-c4b612447ee6 d225479571cf494f838b2423f89135fe c630ddfab35443bab7f2b3f6481e28b9 - - default default] Successfully bumped revision number for resource 144228c5-6fbd-4adf-961d-5c27527e039a (type: security_group_rules) to 0
2026-05-21 20:43:51.126 10 INFO neutron.db.ovn_revision_numbers_db [None req-5082cd61-2385-49b4-b842-c4b612447ee6 d225479571cf494f838b2423f89135fe c630ddfab35443bab7f2b3f6481e28b9 - - default default] Successfully bumped revision number for resource 6d90e33d-e610-407f-8e1a-c412a1bd32b5 (type: security_group_rules) to 0
2026-05-21 20:43:51.158 10 INFO neutron.db.ovn_revision_numbers_db [None req-5082cd61-2385-49b4-b842-c4b612447ee6 d225479571cf494f838b2423f89135fe c630ddfab35443bab7f2b3f6481e28b9 - - default default] Successfully bumped revision number for resource c3f59fdc-27c2-45ab-b8e7-0e1835d8c0de (type: security_group_rules) to 0
2026-05-21 20:43:51.176 10 INFO neutron.db.ovn_revision_numbers_db [None req-5082cd61-2385-49b4-b842-c4b612447ee6 d225479571cf494f838b2423f89135fe c630ddfab35443bab7f2b3f6481e28b9 - - default default] Successfully bumped revision number for resource f9281c9e-2271-4e03-a537-424a6d26c419 (type: security_group_rules) to 0
2026-05-21 20:43:51.206 10 INFO neutron.wsgi [None req-5082cd61-2385-49b4-b842-c4b612447ee6 d225479571cf494f838b2423f89135fe c630ddfab35443bab7f2b3f6481e28b9 - - default default] 10.0.0.170 "GET /v2.0/security-groups?tenant_id=4b174f25d6d8499588cb44e71feccf9f&name=default HTTP/1.1" status: 200 len: 2996 time: 0.2920091
2026-05-21 20:43:51.267 10 INFO neutron.wsgi [None req-f241868f-556d-401f-84da-e809a630ccad 223ebcab6c074175862891d3beefc034 5aa9bad640dd497986e03211c9d177c2 - - default default] 10.0.0.170 "DELETE /v2.0/networks/8c693270-712e-4bad-ba99-a4d43cc5df12 HTTP/1.1" status: 204 len: 168 time: 0.4313576
2026-05-21 20:43:51.295 9 INFO neutron.services.segments.plugin [-] Segment 2fac5b1a-94bf-4652-ae61-5a72608ac92c resource provider aggregate not found
2026-05-21 20:43:51.307 9 INFO neutron.services.segments.plugin [-] Segment 2fac5b1a-94bf-4652-ae61-5a72608ac92c resource provider aggregate not found
2026-05-21 20:43:51.325 9 INFO neutron.db.ovn_revision_numbers_db [None req-6333dc49-e9e2-4366-9829-e4def249aa34 d225479571cf494f838b2423f89135fe c630ddfab35443bab7f2b3f6481e28b9 - - default default] Successfully bumped revision number for resource 029468bb-e042-4648-8c0e-b70e0cea219c (type: router_ports) to 1
2026-05-21 20:43:51.339 9 INFO neutron.services.segments.plugin [-] Segment 2fac5b1a-94bf-4652-ae61-5a72608ac92c resource provider not found; error: Placement Client Error (4xx): {"errors": [{"status": 404, "title": "Not Found", "detail": "The resource could not be found.\n\n No resource provider with uuid 2fac5b1a-94bf-4652-ae61-5a72608ac92c found for delete ", "request_id": "req-a0a11185-39b2-4492-9f28-676dbc833258"}]}
2026-05-21 20:43:51.347 9 INFO neutron.services.segments.plugin [-] Segment 2fac5b1a-94bf-4652-ae61-5a72608ac92c resource provider not found; error: Placement Client Error (4xx): {"errors": [{"status": 404, "title": "Not Found", "detail": "The resource could not be found.\n\n No resource provider with uuid 2fac5b1a-94bf-4652-ae61-5a72608ac92c found for delete ", "request_id": "req-d545f9bb-db5c-426e-8c63-5eb02b0de87d"}]}
2026-05-21 20:43:51.367 9 INFO neutron.db.ovn_revision_numbers_db [None req-f2775d54-2d3c-4655-9267-832f7f2b65a6 - - - - - -] Successfully bumped revision number for resource 3d848d9b-dc87-4eac-a43a-a0e851292440 (type: ports) to 4
2026-05-21 20:43:51.394 9 INFO neutron.wsgi [None req-fcb62374-553b-4471-9ac2-cc218f69eb71 d4a29964b5e9449291ace324927bea86 e3a766d85d0c4c5ca5e8dc235978f5d3 - - default default] 10.0.0.170 "DELETE /v2.0/networks/4d88cc72-bf54-4c5f-b565-b265818d33e6 HTTP/1.1" status: 204 len: 168 time: 0.9749632
