2026-05-21 20:42:25.438 10 INFO neutron.db.segments_db [None req-9fa0d5e5-d07c-40fb-b309-04d408feb468 d225479571cf494f838b2423f89135fe c630ddfab35443bab7f2b3f6481e28b9 - - default default] Added segment f1495b6b-da83-45c1-a3b6-110d96f1be54 of type geneve for network 4f168cf2-ebd4-47cf-aa62-8a7ea9ff2e87
2026-05-21 20:42:25.545 9 INFO neutron.db.ovn_revision_numbers_db [None req-8def272f-233b-4eef-b39c-68075ee441d2 d225479571cf494f838b2423f89135fe c630ddfab35443bab7f2b3f6481e28b9 - - default default] Successfully bumped revision number for resource 7b5d7c7f-6d7e-40c9-811f-d5efd03923c8 (type: networks) to 1
2026-05-21 20:42:25.610 10 INFO neutron.db.ovn_revision_numbers_db [None req-9fa0d5e5-d07c-40fb-b309-04d408feb468 d225479571cf494f838b2423f89135fe c630ddfab35443bab7f2b3f6481e28b9 - - default default] Successfully bumped revision number for resource 4f168cf2-ebd4-47cf-aa62-8a7ea9ff2e87 (type: networks) to 1
2026-05-21 20:42:25.693 9 WARNING neutron.scheduler.dhcp_agent_scheduler [None req-8def272f-233b-4eef-b39c-68075ee441d2 d225479571cf494f838b2423f89135fe c630ddfab35443bab7f2b3f6481e28b9 - - default default] No more DHCP agents
2026-05-21 20:42:25.696 9 WARNING neutron.api.rpc.agentnotifiers.dhcp_rpc_agent_api [None req-8def272f-233b-4eef-b39c-68075ee441d2 d225479571cf494f838b2423f89135fe c630ddfab35443bab7f2b3f6481e28b9 - - default default] Unable to schedule network 7b5d7c7f-6d7e-40c9-811f-d5efd03923c8: no agents available; will retry on subsequent port and subnet creation events.
2026-05-21 20:42:25.770 9 INFO neutron.db.ovn_revision_numbers_db [None req-8def272f-233b-4eef-b39c-68075ee441d2 d225479571cf494f838b2423f89135fe c630ddfab35443bab7f2b3f6481e28b9 - - default default] Successfully bumped revision number for resource c1afb35c-b4a3-4794-bb3c-61badea707dc (type: ports) to 1
2026-05-21 20:42:25.792 9 INFO neutron.wsgi [None req-8def272f-233b-4eef-b39c-68075ee441d2 d225479571cf494f838b2423f89135fe c630ddfab35443bab7f2b3f6481e28b9 - - default default] 10.0.0.170 "POST /v2.0/networks HTTP/1.1" status: 201 len: 950 time: 0.8290591
2026-05-21 20:42:25.833 10 WARNING neutron.scheduler.dhcp_agent_scheduler [None req-9fa0d5e5-d07c-40fb-b309-04d408feb468 d225479571cf494f838b2423f89135fe c630ddfab35443bab7f2b3f6481e28b9 - - default default] No more DHCP agents
2026-05-21 20:42:25.834 10 WARNING neutron.api.rpc.agentnotifiers.dhcp_rpc_agent_api [None req-9fa0d5e5-d07c-40fb-b309-04d408feb468 d225479571cf494f838b2423f89135fe c630ddfab35443bab7f2b3f6481e28b9 - - default default] Unable to schedule network 4f168cf2-ebd4-47cf-aa62-8a7ea9ff2e87: no agents available; will retry on subsequent port and subnet creation events.
2026-05-21 20:42:26.026 10 INFO neutron.db.ovn_revision_numbers_db [None req-9fa0d5e5-d07c-40fb-b309-04d408feb468 d225479571cf494f838b2423f89135fe c630ddfab35443bab7f2b3f6481e28b9 - - default default] Successfully bumped revision number for resource 6c452a18-c70f-469e-b738-4e5839a257bc (type: ports) to 1
2026-05-21 20:42:26.065 10 INFO neutron.wsgi [None req-9fa0d5e5-d07c-40fb-b309-04d408feb468 d225479571cf494f838b2423f89135fe c630ddfab35443bab7f2b3f6481e28b9 - - default default] 10.0.0.170 "POST /v2.0/networks HTTP/1.1" status: 201 len: 947 time: 0.9769061
2026-05-21 20:42:26.075 10 WARNING neutron.scheduler.dhcp_agent_scheduler [None req-20c6c69c-c3eb-47b5-b388-3c410b7d889d d225479571cf494f838b2423f89135fe c630ddfab35443bab7f2b3f6481e28b9 - - default default] No more DHCP agents
2026-05-21 20:42:26.088 10 WARNING neutron.api.rpc.agentnotifiers.dhcp_rpc_agent_api [None req-20c6c69c-c3eb-47b5-b388-3c410b7d889d d225479571cf494f838b2423f89135fe c630ddfab35443bab7f2b3f6481e28b9 - - default default] Unable to schedule network 7b5d7c7f-6d7e-40c9-811f-d5efd03923c8: no agents available; will retry on subsequent port and subnet creation events.
2026-05-21 20:42:26.147 10 INFO neutron.db.ovn_revision_numbers_db [None req-d138b528-241c-43e3-b40e-c3a83be7c366 d225479571cf494f838b2423f89135fe c630ddfab35443bab7f2b3f6481e28b9 - - default default] Successfully bumped revision number for resource 00a98009-b039-4a9d-9f60-57b4368b8407 (type: security_groups) to 1
2026-05-21 20:42:26.164 10 INFO neutron.db.ovn_revision_numbers_db [None req-d138b528-241c-43e3-b40e-c3a83be7c366 d225479571cf494f838b2423f89135fe c630ddfab35443bab7f2b3f6481e28b9 - - default default] Successfully bumped revision number for resource 2035e592-ba71-48f3-9946-07add4a9804e (type: security_group_rules) to 0
2026-05-21 20:42:26.188 10 INFO neutron.db.ovn_revision_numbers_db [None req-d138b528-241c-43e3-b40e-c3a83be7c366 d225479571cf494f838b2423f89135fe c630ddfab35443bab7f2b3f6481e28b9 - - default default] Successfully bumped revision number for resource 2ae9b6ba-930a-4e90-8897-c74bd648df37 (type: security_group_rules) to 0
2026-05-21 20:42:26.205 10 INFO neutron.db.ovn_revision_numbers_db [None req-d138b528-241c-43e3-b40e-c3a83be7c366 d225479571cf494f838b2423f89135fe c630ddfab35443bab7f2b3f6481e28b9 - - default default] Successfully bumped revision number for resource 94c49600-333e-490b-a3f3-f2f58bc73f6c (type: security_group_rules) to 0
2026-05-21 20:42:26.252 9 WARNING neutron.scheduler.dhcp_agent_scheduler [None req-eb44c88e-753d-4430-834f-b553ad66df34 d225479571cf494f838b2423f89135fe c630ddfab35443bab7f2b3f6481e28b9 - - default default] No more DHCP agents
2026-05-21 20:42:26.254 9 WARNING neutron.api.rpc.agentnotifiers.dhcp_rpc_agent_api [None req-eb44c88e-753d-4430-834f-b553ad66df34 d225479571cf494f838b2423f89135fe c630ddfab35443bab7f2b3f6481e28b9 - - default default] Unable to schedule network 4f168cf2-ebd4-47cf-aa62-8a7ea9ff2e87: no agents available; will retry on subsequent port and subnet creation events.
2026-05-21 20:42:26.293 10 INFO neutron.db.ovn_revision_numbers_db [None req-d138b528-241c-43e3-b40e-c3a83be7c366 d225479571cf494f838b2423f89135fe c630ddfab35443bab7f2b3f6481e28b9 - - default default] Successfully bumped revision number for resource f555dc1b-fe2d-4675-9d96-b55c29fd3027 (type: security_group_rules) to 0
2026-05-21 20:42:26.328 10 INFO neutron.wsgi [None req-d138b528-241c-43e3-b40e-c3a83be7c366 d225479571cf494f838b2423f89135fe c630ddfab35443bab7f2b3f6481e28b9 - - default default] 10.0.0.170 "GET /v2.0/security-groups?tenant_id=41a3a3f7c9f54c388ffbac6bd8112679&name=default HTTP/1.1" status: 200 len: 2992 time: 0.6093106
2026-05-21 20:42:26.672 9 INFO neutron.wsgi [None req-22205793-e80d-4b87-a49e-2fb46d0f3470 d225479571cf494f838b2423f89135fe c630ddfab35443bab7f2b3f6481e28b9 - - default default] 10.0.0.170 "DELETE /v2.0/security-groups/00a98009-b039-4a9d-9f60-57b4368b8407 HTTP/1.1" status: 204 len: 168 time: 0.3396773
2026-05-21 20:42:26.713 10 INFO neutron.db.ovn_revision_numbers_db [None req-20c6c69c-c3eb-47b5-b388-3c410b7d889d d225479571cf494f838b2423f89135fe c630ddfab35443bab7f2b3f6481e28b9 - - default default] Successfully bumped revision number for resource c1afb35c-b4a3-4794-bb3c-61badea707dc (type: ports) to 2
2026-05-21 20:42:26.757 10 INFO neutron.db.ovn_revision_numbers_db [None req-20c6c69c-c3eb-47b5-b388-3c410b7d889d d225479571cf494f838b2423f89135fe c630ddfab35443bab7f2b3f6481e28b9 - - default default] Successfully bumped revision number for resource cbaf222e-dde3-4232-a8ce-0191e96a850f (type: subnets) to 0
2026-05-21 20:42:26.776 10 INFO neutron.wsgi [None req-20c6c69c-c3eb-47b5-b388-3c410b7d889d d225479571cf494f838b2423f89135fe c630ddfab35443bab7f2b3f6481e28b9 - - default default] 10.0.0.170 "POST /v2.0/subnets HTTP/1.1" status: 201 len: 870 time: 0.9792008
2026-05-21 20:42:26.793 9 INFO neutron.db.ovn_revision_numbers_db [None req-eb44c88e-753d-4430-834f-b553ad66df34 d225479571cf494f838b2423f89135fe c630ddfab35443bab7f2b3f6481e28b9 - - default default] Successfully bumped revision number for resource 6c452a18-c70f-469e-b738-4e5839a257bc (type: ports) to 2
2026-05-21 20:42:26.826 9 INFO neutron.db.ovn_revision_numbers_db [None req-eb44c88e-753d-4430-834f-b553ad66df34 d225479571cf494f838b2423f89135fe c630ddfab35443bab7f2b3f6481e28b9 - - default default] Successfully bumped revision number for resource a3d16505-c1f9-40cd-ab0e-72e228270997 (type: subnets) to 0
2026-05-21 20:42:26.841 9 INFO neutron.wsgi [None req-eb44c88e-753d-4430-834f-b553ad66df34 d225479571cf494f838b2423f89135fe c630ddfab35443bab7f2b3f6481e28b9 - - default default] 10.0.0.170 "POST /v2.0/subnets HTTP/1.1" status: 201 len: 867 time: 0.7704756
2026-05-21 20:42:27.310 10 WARNING neutron.scheduler.dhcp_agent_scheduler [None req-1379dc59-dc9a-43b0-a539-21b49430e06c d225479571cf494f838b2423f89135fe c630ddfab35443bab7f2b3f6481e28b9 - - default default] No more DHCP agents
2026-05-21 20:42:27.312 10 WARNING neutron.api.rpc.agentnotifiers.dhcp_rpc_agent_api [None req-1379dc59-dc9a-43b0-a539-21b49430e06c d225479571cf494f838b2423f89135fe c630ddfab35443bab7f2b3f6481e28b9 - - default default] Unable to schedule network 4932d8c9-7e3a-4d28-9b14-f57e6e03ed0d: no agents available; will retry on subsequent port and subnet creation events.
2026-05-21 20:42:27.449 10 INFO neutron.db.ovn_revision_numbers_db [None req-1379dc59-dc9a-43b0-a539-21b49430e06c d225479571cf494f838b2423f89135fe c630ddfab35443bab7f2b3f6481e28b9 - - default default] Successfully bumped revision number for resource 370e22fb-8d4f-4b34-95d9-396a319debc3 (type: ports) to 1
2026-05-21 20:42:27.540 9 WARNING neutron.scheduler.dhcp_agent_scheduler [None req-36f9f798-6e76-498a-87f3-ca0683a763d9 d225479571cf494f838b2423f89135fe c630ddfab35443bab7f2b3f6481e28b9 - - default default] No more DHCP agents
2026-05-21 20:42:27.544 9 WARNING neutron.api.rpc.agentnotifiers.dhcp_rpc_agent_api [None req-36f9f798-6e76-498a-87f3-ca0683a763d9 d225479571cf494f838b2423f89135fe c630ddfab35443bab7f2b3f6481e28b9 - - default default] Unable to schedule network 4932d8c9-7e3a-4d28-9b14-f57e6e03ed0d: no agents available; will retry on subsequent port and subnet creation events.
2026-05-21 20:42:27.682 9 INFO neutron.db.ovn_revision_numbers_db [None req-36f9f798-6e76-498a-87f3-ca0683a763d9 d225479571cf494f838b2423f89135fe c630ddfab35443bab7f2b3f6481e28b9 - - default default] Successfully bumped revision number for resource 2acb4b8a-0ecc-416f-ad55-780949e17145 (type: ports) to 1
2026-05-21 20:42:27.738 10 INFO neutron.db.ovn_revision_numbers_db [None req-b34fe3f7-a002-4759-bdea-7d3fdb3dc4ae d225479571cf494f838b2423f89135fe c630ddfab35443bab7f2b3f6481e28b9 - - default default] Successfully bumped revision number for resource 699e7604-8d9f-40a7-9606-44c60b9c3820 (type: security_groups) to 1
2026-05-21 20:42:27.764 10 INFO neutron.db.ovn_revision_numbers_db [None req-b34fe3f7-a002-4759-bdea-7d3fdb3dc4ae d225479571cf494f838b2423f89135fe c630ddfab35443bab7f2b3f6481e28b9 - - default default] Successfully bumped revision number for resource 2f81b6f8-b108-47a0-8b12-1a511cc4864e (type: security_group_rules) to 0
2026-05-21 20:42:27.805 10 INFO neutron.db.ovn_revision_numbers_db [None req-b34fe3f7-a002-4759-bdea-7d3fdb3dc4ae d225479571cf494f838b2423f89135fe c630ddfab35443bab7f2b3f6481e28b9 - - default default] Successfully bumped revision number for resource 628a9720-ab7b-438b-8001-e5b0cc50516e (type: security_group_rules) to 0
2026-05-21 20:42:27.829 10 INFO neutron.db.ovn_revision_numbers_db [None req-b34fe3f7-a002-4759-bdea-7d3fdb3dc4ae d225479571cf494f838b2423f89135fe c630ddfab35443bab7f2b3f6481e28b9 - - default default] Successfully bumped revision number for resource cc6b2acc-10b6-45ae-8ab2-aef685ca3e5c (type: security_group_rules) to 0
2026-05-21 20:42:27.872 10 INFO neutron.db.ovn_revision_numbers_db [None req-b34fe3f7-a002-4759-bdea-7d3fdb3dc4ae d225479571cf494f838b2423f89135fe c630ddfab35443bab7f2b3f6481e28b9 - - default default] Successfully bumped revision number for resource dac2dcda-f738-47b2-abbd-508e5d13e5d9 (type: security_group_rules) to 0
2026-05-21 20:42:27.900 10 INFO neutron.wsgi [None req-b34fe3f7-a002-4759-bdea-7d3fdb3dc4ae d225479571cf494f838b2423f89135fe c630ddfab35443bab7f2b3f6481e28b9 - - default default] 10.0.0.170 "GET /v2.0/security-groups?tenant_id=5495b47bcafa4020ba2d85e838751849&name=default HTTP/1.1" status: 200 len: 2992 time: 0.4982531
2026-05-21 20:42:27.924 10 INFO neutron.plugins.ml2.drivers.ovn.mech_driver.ovsdb.extensions.qos [None req-1379dc59-dc9a-43b0-a539-21b49430e06c d225479571cf494f838b2423f89135fe c630ddfab35443bab7f2b3f6481e28b9 - - default default] Starting OVNClientQosExtension
2026-05-21 20:42:28.025 9 INFO neutron.plugins.ml2.drivers.ovn.mech_driver.ovsdb.extensions.qos [None req-36f9f798-6e76-498a-87f3-ca0683a763d9 d225479571cf494f838b2423f89135fe c630ddfab35443bab7f2b3f6481e28b9 - - default default] Starting OVNClientQosExtension
2026-05-21 20:42:28.198 10 INFO neutron.wsgi [None req-9c50612e-bb09-4b89-b353-3929dfd9837f d225479571cf494f838b2423f89135fe c630ddfab35443bab7f2b3f6481e28b9 - - default default] 10.0.0.170 "DELETE /v2.0/security-groups/699e7604-8d9f-40a7-9606-44c60b9c3820 HTTP/1.1" status: 204 len: 168 time: 0.2935340
2026-05-21 20:42:28.222 10 INFO neutron.plugins.ml2.drivers.ovn.mech_driver.mech_driver [None req-0bc2fed7-fd0f-4b81-82e3-5a2310703042 - - - - - -] OVN reports status up for port: 370e22fb-8d4f-4b34-95d9-396a319debc3
2026-05-21 20:42:28.246 10 INFO neutron.plugins.ml2.drivers.ovn.mech_driver.ovsdb.ovsdb_monitor [-] Router df03e14d-1550-4dc3-b4ea-b346ede06af6 is bound to host instance
2026-05-21 20:42:28.267 10 INFO neutron.plugins.ml2.plugin [None req-0bc2fed7-fd0f-4b81-82e3-5a2310703042 - - - - - -] Attempt 1 to provision port 370e22fb-8d4f-4b34-95d9-396a319debc3
2026-05-21 20:42:28.295 10 INFO neutron.db.ovn_revision_numbers_db [None req-1379dc59-dc9a-43b0-a539-21b49430e06c d225479571cf494f838b2423f89135fe c630ddfab35443bab7f2b3f6481e28b9 - - default default] Successfully bumped revision number for resource 370e22fb-8d4f-4b34-95d9-396a319debc3 (type: router_ports) to 1
2026-05-21 20:42:28.416 9 INFO neutron.plugins.ml2.drivers.ovn.mech_driver.ovsdb.ovsdb_monitor [-] Router f27d80c7-b52d-4414-81d5-ff76dce791a3 is bound to host instance
2026-05-21 20:42:28.442 10 INFO neutron.db.ovn_revision_numbers_db [None req-1379dc59-dc9a-43b0-a539-21b49430e06c d225479571cf494f838b2423f89135fe c630ddfab35443bab7f2b3f6481e28b9 - - default default] Successfully bumped revision number for resource df03e14d-1550-4dc3-b4ea-b346ede06af6 (type: routers) to 2
2026-05-21 20:42:28.447 9 INFO neutron.db.ovn_revision_numbers_db [None req-36f9f798-6e76-498a-87f3-ca0683a763d9 d225479571cf494f838b2423f89135fe c630ddfab35443bab7f2b3f6481e28b9 - - default default] Successfully bumped revision number for resource 2acb4b8a-0ecc-416f-ad55-780949e17145 (type: router_ports) to 1
2026-05-21 20:42:28.541 10 INFO neutron.wsgi [None req-1379dc59-dc9a-43b0-a539-21b49430e06c d225479571cf494f838b2423f89135fe c630ddfab35443bab7f2b3f6481e28b9 - - default default] 10.0.0.170 "POST /v2.0/routers HTTP/1.1" status: 201 len: 881 time: 1.7577357
2026-05-21 20:42:28.567 9 INFO neutron.db.ovn_revision_numbers_db [None req-36f9f798-6e76-498a-87f3-ca0683a763d9 d225479571cf494f838b2423f89135fe c630ddfab35443bab7f2b3f6481e28b9 - - default default] Successfully bumped revision number for resource f27d80c7-b52d-4414-81d5-ff76dce791a3 (type: routers) to 2
2026-05-21 20:42:28.588 9 INFO neutron.wsgi [None req-36f9f798-6e76-498a-87f3-ca0683a763d9 d225479571cf494f838b2423f89135fe c630ddfab35443bab7f2b3f6481e28b9 - - default default] 10.0.0.170 "POST /v2.0/routers HTTP/1.1" status: 201 len: 878 time: 1.7368119
2026-05-21 20:42:28.596 9 INFO neutron.db.ovn_revision_numbers_db [None req-41c9718f-ec7c-4f83-bab2-6e65ffaea8b6 d225479571cf494f838b2423f89135fe c630ddfab35443bab7f2b3f6481e28b9 - - default default] Successfully bumped revision number for resource 47966c59-bf9f-4376-80d9-2b8e85268e49 (type: security_groups) to 1
2026-05-21 20:42:28.652 9 INFO neutron.db.ovn_revision_numbers_db [None req-41c9718f-ec7c-4f83-bab2-6e65ffaea8b6 d225479571cf494f838b2423f89135fe c630ddfab35443bab7f2b3f6481e28b9 - - default default] Successfully bumped revision number for resource 40068369-f681-41af-8424-2262a5ae2f4a (type: security_group_rules) to 0
2026-05-21 20:42:28.696 9 INFO neutron.db.ovn_revision_numbers_db [None req-41c9718f-ec7c-4f83-bab2-6e65ffaea8b6 d225479571cf494f838b2423f89135fe c630ddfab35443bab7f2b3f6481e28b9 - - default default] Successfully bumped revision number for resource 69e86519-67ac-483a-9237-b1c695f24082 (type: security_group_rules) to 0
2026-05-21 20:42:28.746 9 INFO neutron.db.ovn_revision_numbers_db [None req-41c9718f-ec7c-4f83-bab2-6e65ffaea8b6 d225479571cf494f838b2423f89135fe c630ddfab35443bab7f2b3f6481e28b9 - - default default] Successfully bumped revision number for resource 7d7cb4b6-17d9-4a71-8397-f5160a736f42 (type: security_group_rules) to 0
2026-05-21 20:42:28.790 9 INFO neutron.db.ovn_revision_numbers_db [None req-41c9718f-ec7c-4f83-bab2-6e65ffaea8b6 d225479571cf494f838b2423f89135fe c630ddfab35443bab7f2b3f6481e28b9 - - default default] Successfully bumped revision number for resource cca8160a-a960-4d7a-8b19-2daf2c39bd45 (type: security_group_rules) to 0
2026-05-21 20:42:28.830 9 INFO neutron.wsgi [None req-41c9718f-ec7c-4f83-bab2-6e65ffaea8b6 d225479571cf494f838b2423f89135fe c630ddfab35443bab7f2b3f6481e28b9 - - default default] 10.0.0.170 "GET /v2.0/security-groups?tenant_id=8430e97b9b2b4673adb67a286d4a488b&name=default HTTP/1.1" status: 200 len: 2992 time: 0.4791546
2026-05-21 20:42:28.972 9 INFO neutron.db.ovn_revision_numbers_db [None req-4bbc97f5-2eae-4b7c-8271-bec76d6f32bf d225479571cf494f838b2423f89135fe c630ddfab35443bab7f2b3f6481e28b9 - - default default] Successfully bumped revision number for resource 337ef455-ac92-4fa1-8dbc-40a69a83afdb (type: security_groups) to 1
2026-05-21 20:42:28.995 9 INFO neutron.db.ovn_revision_numbers_db [None req-4bbc97f5-2eae-4b7c-8271-bec76d6f32bf d225479571cf494f838b2423f89135fe c630ddfab35443bab7f2b3f6481e28b9 - - default default] Successfully bumped revision number for resource 063c0853-30ba-4670-a906-63f251db0aad (type: security_group_rules) to 0
2026-05-21 20:42:29.024 9 INFO neutron.db.ovn_revision_numbers_db [None req-4bbc97f5-2eae-4b7c-8271-bec76d6f32bf d225479571cf494f838b2423f89135fe c630ddfab35443bab7f2b3f6481e28b9 - - default default] Successfully bumped revision number for resource 4e42a6ad-391a-4305-a74a-74974424f8fe (type: security_group_rules) to 0
2026-05-21 20:42:29.058 9 INFO neutron.db.ovn_revision_numbers_db [None req-4bbc97f5-2eae-4b7c-8271-bec76d6f32bf d225479571cf494f838b2423f89135fe c630ddfab35443bab7f2b3f6481e28b9 - - default default] Successfully bumped revision number for resource 85eee810-7d6f-4078-a51f-1987bd4971e7 (type: security_group_rules) to 0
2026-05-21 20:42:29.083 10 INFO neutron.db.ovn_revision_numbers_db [None req-f2092438-5e60-42e4-a0cb-9bb0348f2452 - - - - - -] Successfully bumped revision number for resource 370e22fb-8d4f-4b34-95d9-396a319debc3 (type: ports) to 1
2026-05-21 20:42:29.087 9 INFO neutron.db.ovn_revision_numbers_db [None req-4bbc97f5-2eae-4b7c-8271-bec76d6f32bf d225479571cf494f838b2423f89135fe c630ddfab35443bab7f2b3f6481e28b9 - - default default] Successfully bumped revision number for resource f71926fa-d6b8-427a-a434-13e95bc64945 (type: security_group_rules) to 0
2026-05-21 20:42:29.145 9 INFO neutron.db.segments_db [None req-4bbc97f5-2eae-4b7c-8271-bec76d6f32bf d225479571cf494f838b2423f89135fe c630ddfab35443bab7f2b3f6481e28b9 - - default default] Added segment 9a2f261b-3f25-4936-a28d-e7788aa24c10 of type geneve for network d3d65d0d-a94b-4c11-bbb8-8f137fb98d70
2026-05-21 20:42:29.199 10 WARNING neutron.scheduler.dhcp_agent_scheduler [None req-33f62945-bccc-4fef-8405-f0b0af6c0bf2 d225479571cf494f838b2423f89135fe c630ddfab35443bab7f2b3f6481e28b9 - - default default] No more DHCP agents
2026-05-21 20:42:29.205 10 WARNING neutron.api.rpc.agentnotifiers.dhcp_rpc_agent_api [None req-33f62945-bccc-4fef-8405-f0b0af6c0bf2 d225479571cf494f838b2423f89135fe c630ddfab35443bab7f2b3f6481e28b9 - - default default] Unable to schedule network 7b5d7c7f-6d7e-40c9-811f-d5efd03923c8: no agents available; will retry on subsequent port and subnet creation events.
2026-05-21 20:42:29.249 10 INFO neutron.wsgi [None req-bed5c742-d572-4737-8849-bf290a2d627b d225479571cf494f838b2423f89135fe c630ddfab35443bab7f2b3f6481e28b9 - - default default] 10.0.0.170 "DELETE /v2.0/security-groups/47966c59-bf9f-4376-80d9-2b8e85268e49 HTTP/1.1" status: 204 len: 168 time: 0.4124601
2026-05-21 20:42:29.342 9 INFO neutron.db.ovn_revision_numbers_db [None req-f2775d54-2d3c-4655-9267-832f7f2b65a6 - - - - - -] Successfully bumped revision number for resource 2acb4b8a-0ecc-416f-ad55-780949e17145 (type: ports) to 1
2026-05-21 20:42:29.409 10 INFO neutron.db.ovn_revision_numbers_db [None req-f2092438-5e60-42e4-a0cb-9bb0348f2452 - - - - - -] Successfully bumped revision number for resource 370e22fb-8d4f-4b34-95d9-396a319debc3 (type: router_ports) to 3
2026-05-21 20:42:29.410 10 INFO neutron.db.ovn_revision_numbers_db [None req-33f62945-bccc-4fef-8405-f0b0af6c0bf2 d225479571cf494f838b2423f89135fe c630ddfab35443bab7f2b3f6481e28b9 - - default default] Successfully bumped revision number for resource 94239ca2-d1ae-4ee1-8cf7-ba00a6410a5a (type: ports) to 1
2026-05-21 20:42:29.448 9 WARNING neutron.scheduler.dhcp_agent_scheduler [None req-0a744bc8-e91e-4c9b-8f53-d5c9cc390ba8 d225479571cf494f838b2423f89135fe c630ddfab35443bab7f2b3f6481e28b9 - - default default] No more DHCP agents
2026-05-21 20:42:29.454 9 WARNING neutron.api.rpc.agentnotifiers.dhcp_rpc_agent_api [None req-0a744bc8-e91e-4c9b-8f53-d5c9cc390ba8 d225479571cf494f838b2423f89135fe c630ddfab35443bab7f2b3f6481e28b9 - - default default] Unable to schedule network 4f168cf2-ebd4-47cf-aa62-8a7ea9ff2e87: no agents available; will retry on subsequent port and subnet creation events.
2026-05-21 20:42:29.484 9 INFO neutron.db.ovn_revision_numbers_db [None req-4bbc97f5-2eae-4b7c-8271-bec76d6f32bf d225479571cf494f838b2423f89135fe c630ddfab35443bab7f2b3f6481e28b9 - - default default] Successfully bumped revision number for resource d3d65d0d-a94b-4c11-bbb8-8f137fb98d70 (type: networks) to 1
2026-05-21 20:42:29.722 9 INFO neutron.db.ovn_revision_numbers_db [None req-0a744bc8-e91e-4c9b-8f53-d5c9cc390ba8 d225479571cf494f838b2423f89135fe c630ddfab35443bab7f2b3f6481e28b9 - - default default] Successfully bumped revision number for resource eed91413-1fc5-4bb7-9871-dd99b6cf7769 (type: ports) to 1
2026-05-21 20:42:29.738 10 INFO neutron.db.ovn_revision_numbers_db [None req-f2092438-5e60-42e4-a0cb-9bb0348f2452 - - - - - -] Successfully bumped revision number for resource 370e22fb-8d4f-4b34-95d9-396a319debc3 (type: ports) to 2
2026-05-21 20:42:29.805 9 INFO neutron.db.ovn_revision_numbers_db [None req-f2775d54-2d3c-4655-9267-832f7f2b65a6 - - - - - -] Successfully bumped revision number for resource 2acb4b8a-0ecc-416f-ad55-780949e17145 (type: router_ports) to 3
2026-05-21 20:42:29.845 9 WARNING neutron.scheduler.dhcp_agent_scheduler [None req-4bbc97f5-2eae-4b7c-8271-bec76d6f32bf d225479571cf494f838b2423f89135fe c630ddfab35443bab7f2b3f6481e28b9 - - default default] No more DHCP agents
2026-05-21 20:42:29.851 9 WARNING neutron.api.rpc.agentnotifiers.dhcp_rpc_agent_api [None req-4bbc97f5-2eae-4b7c-8271-bec76d6f32bf d225479571cf494f838b2423f89135fe c630ddfab35443bab7f2b3f6481e28b9 - - default default] Unable to schedule network d3d65d0d-a94b-4c11-bbb8-8f137fb98d70: no agents available; will retry on subsequent port and subnet creation events.
2026-05-21 20:42:30.003 9 INFO neutron.plugins.ml2.drivers.ovn.mech_driver.mech_driver [-] OVN reports status up for port: 94239ca2-d1ae-4ee1-8cf7-ba00a6410a5a
2026-05-21 20:42:30.022 9 INFO neutron.plugins.ml2.plugin [None req-b5e239f1-8ce8-44b3-a5a1-0fa2726ca751 - - - - - -] Attempt 1 to provision port 94239ca2-d1ae-4ee1-8cf7-ba00a6410a5a
2026-05-21 20:42:30.037 10 INFO neutron.db.ovn_revision_numbers_db [None req-33f62945-bccc-4fef-8405-f0b0af6c0bf2 d225479571cf494f838b2423f89135fe c630ddfab35443bab7f2b3f6481e28b9 - - default default] Successfully bumped revision number for resource 94239ca2-d1ae-4ee1-8cf7-ba00a6410a5a (type: router_ports) to 1
2026-05-21 20:42:30.042 9 INFO neutron.db.ovn_revision_numbers_db [None req-4bbc97f5-2eae-4b7c-8271-bec76d6f32bf d225479571cf494f838b2423f89135fe c630ddfab35443bab7f2b3f6481e28b9 - - default default] Successfully bumped revision number for resource d2544b02-c6d6-450c-9e8e-4d13bb41574d (type: ports) to 1
2026-05-21 20:42:30.049 10 INFO neutron.db.ovn_revision_numbers_db [None req-f2092438-5e60-42e4-a0cb-9bb0348f2452 - - - - - -] Successfully bumped revision number for resource 370e22fb-8d4f-4b34-95d9-396a319debc3 (type: ports) to 4
2026-05-21 20:42:30.107 9 INFO neutron.wsgi [None req-4bbc97f5-2eae-4b7c-8271-bec76d6f32bf d225479571cf494f838b2423f89135fe c630ddfab35443bab7f2b3f6481e28b9 - - default default] 10.0.0.170 "POST /v2.0/networks HTTP/1.1" status: 201 len: 954 time: 1.6269457
2026-05-21 20:42:30.133 9 INFO neutron.db.ovn_revision_numbers_db [None req-f2775d54-2d3c-4655-9267-832f7f2b65a6 - - - - - -] Successfully bumped revision number for resource 2acb4b8a-0ecc-416f-ad55-780949e17145 (type: ports) to 2
2026-05-21 20:42:30.252 10 INFO neutron.db.ovn_revision_numbers_db [None req-33f62945-bccc-4fef-8405-f0b0af6c0bf2 d225479571cf494f838b2423f89135fe c630ddfab35443bab7f2b3f6481e28b9 - - default default] Successfully bumped revision number for resource 94239ca2-d1ae-4ee1-8cf7-ba00a6410a5a (type: ports) to 1
2026-05-21 20:42:30.325 10 INFO neutron.db.ovn_revision_numbers_db [None req-f2092438-5e60-42e4-a0cb-9bb0348f2452 - - - - - -] Successfully bumped revision number for resource 370e22fb-8d4f-4b34-95d9-396a319debc3 (type: router_ports) to 4
2026-05-21 20:42:30.343 10 WARNING neutron.scheduler.dhcp_agent_scheduler [None req-33f62945-bccc-4fef-8405-f0b0af6c0bf2 d225479571cf494f838b2423f89135fe c630ddfab35443bab7f2b3f6481e28b9 - - default default] No more DHCP agents
2026-05-21 20:42:30.346 10 WARNING neutron.api.rpc.agentnotifiers.dhcp_rpc_agent_api [None req-33f62945-bccc-4fef-8405-f0b0af6c0bf2 d225479571cf494f838b2423f89135fe c630ddfab35443bab7f2b3f6481e28b9 - - default default] Unable to schedule network 7b5d7c7f-6d7e-40c9-811f-d5efd03923c8: no agents available; will retry on subsequent port and subnet creation events.
2026-05-21 20:42:30.617 9 WARNING neutron.scheduler.dhcp_agent_scheduler [None req-901ff0d9-0fdf-4084-b8fc-544e9344918f d225479571cf494f838b2423f89135fe c630ddfab35443bab7f2b3f6481e28b9 - - default default] No more DHCP agents
2026-05-21 20:42:30.634 9 WARNING neutron.api.rpc.agentnotifiers.dhcp_rpc_agent_api [None req-901ff0d9-0fdf-4084-b8fc-544e9344918f d225479571cf494f838b2423f89135fe c630ddfab35443bab7f2b3f6481e28b9 - - default default] Unable to schedule network d3d65d0d-a94b-4c11-bbb8-8f137fb98d70: no agents available; will retry on subsequent port and subnet creation events.
2026-05-21 20:42:30.774 10 INFO neutron.plugins.ml2.drivers.ovn.mech_driver.mech_driver [None req-0bc2fed7-fd0f-4b81-82e3-5a2310703042 - - - - - -] OVN reports status up for port: 2acb4b8a-0ecc-416f-ad55-780949e17145
2026-05-21 20:42:30.792 10 INFO neutron.plugins.ml2.plugin [None req-0bc2fed7-fd0f-4b81-82e3-5a2310703042 - - - - - -] Attempt 1 to provision port 2acb4b8a-0ecc-416f-ad55-780949e17145
2026-05-21 20:42:30.824 9 INFO neutron.db.ovn_revision_numbers_db [None req-0a744bc8-e91e-4c9b-8f53-d5c9cc390ba8 d225479571cf494f838b2423f89135fe c630ddfab35443bab7f2b3f6481e28b9 - - default default] Successfully bumped revision number for resource eed91413-1fc5-4bb7-9871-dd99b6cf7769 (type: router_ports) to 1
2026-05-21 20:42:30.836 9 INFO neutron.db.ovn_revision_numbers_db [None req-b5e239f1-8ce8-44b3-a5a1-0fa2726ca751 - - - - - -] Successfully bumped revision number for resource 94239ca2-d1ae-4ee1-8cf7-ba00a6410a5a (type: ports) to 2
2026-05-21 20:42:30.902 10 INFO neutron.plugins.ml2.drivers.ovn.mech_driver.mech_driver [None req-0bc2fed7-fd0f-4b81-82e3-5a2310703042 - - - - - -] OVN reports status up for port: eed91413-1fc5-4bb7-9871-dd99b6cf7769
2026-05-21 20:42:30.909 9 INFO neutron.db.ovn_revision_numbers_db [None req-f2775d54-2d3c-4655-9267-832f7f2b65a6 - - - - - -] Successfully bumped revision number for resource 2acb4b8a-0ecc-416f-ad55-780949e17145 (type: ports) to 4
2026-05-21 20:42:30.912 10 INFO neutron.plugins.ml2.plugin [None req-0bc2fed7-fd0f-4b81-82e3-5a2310703042 - - - - - -] Attempt 1 to provision port eed91413-1fc5-4bb7-9871-dd99b6cf7769
2026-05-21 20:42:31.018 10 INFO neutron.db.ovn_revision_numbers_db [None req-33f62945-bccc-4fef-8405-f0b0af6c0bf2 d225479571cf494f838b2423f89135fe c630ddfab35443bab7f2b3f6481e28b9 - - default default] Successfully bumped revision number for resource 94239ca2-d1ae-4ee1-8cf7-ba00a6410a5a (type: router_ports) to 1
2026-05-21 20:42:31.020 10 INFO neutron.wsgi [None req-33f62945-bccc-4fef-8405-f0b0af6c0bf2 d225479571cf494f838b2423f89135fe c630ddfab35443bab7f2b3f6481e28b9 - - default default] 10.0.0.170 "PUT /v2.0/routers/df03e14d-1550-4dc3-b4ea-b346ede06af6/add_router_interface HTTP/1.1" status: 200 len: 503 time: 2.4736257
2026-05-21 20:42:31.062 9 INFO neutron.db.ovn_revision_numbers_db [None req-b5e239f1-8ce8-44b3-a5a1-0fa2726ca751 - - - - - -] Successfully bumped revision number for resource 94239ca2-d1ae-4ee1-8cf7-ba00a6410a5a (type: router_ports) to 2
2026-05-21 20:42:31.213 10 INFO neutron.db.ovn_revision_numbers_db [None req-0bc2fed7-fd0f-4b81-82e3-5a2310703042 - - - - - -] Successfully bumped revision number for resource eed91413-1fc5-4bb7-9871-dd99b6cf7769 (type: ports) to 2
2026-05-21 20:42:31.257 9 INFO neutron.db.ovn_revision_numbers_db [None req-0a744bc8-e91e-4c9b-8f53-d5c9cc390ba8 d225479571cf494f838b2423f89135fe c630ddfab35443bab7f2b3f6481e28b9 - - default default] Successfully bumped revision number for resource eed91413-1fc5-4bb7-9871-dd99b6cf7769 (type: ports) to 1
2026-05-21 20:42:31.284 10 INFO neutron.db.ovn_revision_numbers_db [None req-0bc2fed7-fd0f-4b81-82e3-5a2310703042 - - - - - -] Successfully bumped revision number for resource eed91413-1fc5-4bb7-9871-dd99b6cf7769 (type: router_ports) to 2
2026-05-21 20:42:31.410 9 WARNING neutron.scheduler.dhcp_agent_scheduler [None req-0a744bc8-e91e-4c9b-8f53-d5c9cc390ba8 d225479571cf494f838b2423f89135fe c630ddfab35443bab7f2b3f6481e28b9 - - default default] No more DHCP agents
2026-05-21 20:42:31.422 9 WARNING neutron.api.rpc.agentnotifiers.dhcp_rpc_agent_api [None req-0a744bc8-e91e-4c9b-8f53-d5c9cc390ba8 d225479571cf494f838b2423f89135fe c630ddfab35443bab7f2b3f6481e28b9 - - default default] Unable to schedule network 4f168cf2-ebd4-47cf-aa62-8a7ea9ff2e87: no agents available; will retry on subsequent port and subnet creation events.
2026-05-21 20:42:31.425 9 INFO neutron.db.ovn_revision_numbers_db [None req-f2775d54-2d3c-4655-9267-832f7f2b65a6 - - - - - -] Successfully bumped revision number for resource 2acb4b8a-0ecc-416f-ad55-780949e17145 (type: router_ports) to 4
2026-05-21 20:42:31.663 9 INFO neutron.db.ovn_revision_numbers_db [None req-901ff0d9-0fdf-4084-b8fc-544e9344918f d225479571cf494f838b2423f89135fe c630ddfab35443bab7f2b3f6481e28b9 - - default default] Successfully bumped revision number for resource d2544b02-c6d6-450c-9e8e-4d13bb41574d (type: ports) to 2
2026-05-21 20:42:31.734 9 INFO neutron.db.ovn_revision_numbers_db [None req-901ff0d9-0fdf-4084-b8fc-544e9344918f d225479571cf494f838b2423f89135fe c630ddfab35443bab7f2b3f6481e28b9 - - default default] Successfully bumped revision number for resource b80ff007-9e4c-47c0-96fe-a66009ee374e (type: subnets) to 0
2026-05-21 20:42:31.753 9 INFO neutron.wsgi [None req-901ff0d9-0fdf-4084-b8fc-544e9344918f d225479571cf494f838b2423f89135fe c630ddfab35443bab7f2b3f6481e28b9 - - default default] 10.0.0.170 "POST /v2.0/subnets HTTP/1.1" status: 201 len: 874 time: 1.6413908
2026-05-21 20:42:32.140 10 WARNING neutron_lib.context [req-9745a854-b78e-4018-8991-ae8a5310358a req-e7643488-9f48-4b61-9d53-50872100451a f5315707aab14991ad71dac9e51f9bcc 8cdd78401b2d46fbbb43b69793d28a30 - - default default] Method 'is_advsvc' is deprecated since 2023.2 release (neutron-lib 3.8.0) and will be removed once support for the old RBAC API policies will be removed from Neutron. Please use method 'is_service_role' instead.
2026-05-21 20:42:32.266 9 INFO neutron.db.ovn_revision_numbers_db [None req-0a744bc8-e91e-4c9b-8f53-d5c9cc390ba8 d225479571cf494f838b2423f89135fe c630ddfab35443bab7f2b3f6481e28b9 - - default default] Successfully bumped revision number for resource eed91413-1fc5-4bb7-9871-dd99b6cf7769 (type: router_ports) to 2
2026-05-21 20:42:32.268 9 INFO neutron.wsgi [None req-0a744bc8-e91e-4c9b-8f53-d5c9cc390ba8 d225479571cf494f838b2423f89135fe c630ddfab35443bab7f2b3f6481e28b9 - - default default] 10.0.0.170 "PUT /v2.0/routers/f27d80c7-b52d-4414-81d5-ff76dce791a3/add_router_interface HTTP/1.1" status: 200 len: 503 time: 3.6708381
2026-05-21 20:42:32.277 10 INFO neutron.db.ovn_revision_numbers_db [req-9745a854-b78e-4018-8991-ae8a5310358a req-e7643488-9f48-4b61-9d53-50872100451a f5315707aab14991ad71dac9e51f9bcc 8cdd78401b2d46fbbb43b69793d28a30 - - default default] Successfully bumped revision number for resource 03ccc271-73b8-4431-a9d2-765024d7705e (type: security_groups) to 1
2026-05-21 20:42:32.290 10 INFO neutron.db.ovn_revision_numbers_db [req-9745a854-b78e-4018-8991-ae8a5310358a req-e7643488-9f48-4b61-9d53-50872100451a f5315707aab14991ad71dac9e51f9bcc 8cdd78401b2d46fbbb43b69793d28a30 - - default default] Successfully bumped revision number for resource c4f0b62a-47ab-4ccf-a18b-60c658b12859 (type: security_group_rules) to 0
2026-05-21 20:42:32.305 10 INFO neutron.db.ovn_revision_numbers_db [req-9745a854-b78e-4018-8991-ae8a5310358a req-e7643488-9f48-4b61-9d53-50872100451a f5315707aab14991ad71dac9e51f9bcc 8cdd78401b2d46fbbb43b69793d28a30 - - default default] Successfully bumped revision number for resource e5829807-235d-4fd7-816a-528e40561832 (type: security_group_rules) to 0
2026-05-21 20:42:32.328 10 INFO neutron.wsgi [req-9745a854-b78e-4018-8991-ae8a5310358a req-e7643488-9f48-4b61-9d53-50872100451a f5315707aab14991ad71dac9e51f9bcc 8cdd78401b2d46fbbb43b69793d28a30 - - default default] 10.0.0.222 "POST /v2.0/security-groups HTTP/1.1" status: 201 len: 1825 time: 0.3010190
2026-05-21 20:42:32.379 9 WARNING neutron.scheduler.dhcp_agent_scheduler [None req-58815b38-8418-48f8-b145-9ff94a732071 d225479571cf494f838b2423f89135fe c630ddfab35443bab7f2b3f6481e28b9 - - default default] No more DHCP agents
2026-05-21 20:42:32.382 9 WARNING neutron.api.rpc.agentnotifiers.dhcp_rpc_agent_api [None req-58815b38-8418-48f8-b145-9ff94a732071 d225479571cf494f838b2423f89135fe c630ddfab35443bab7f2b3f6481e28b9 - - default default] Unable to schedule network 4932d8c9-7e3a-4d28-9b14-f57e6e03ed0d: no agents available; will retry on subsequent port and subnet creation events.
2026-05-21 20:42:32.493 9 INFO neutron.db.ovn_revision_numbers_db [None req-58815b38-8418-48f8-b145-9ff94a732071 d225479571cf494f838b2423f89135fe c630ddfab35443bab7f2b3f6481e28b9 - - default default] Successfully bumped revision number for resource de64f9eb-fd5e-4d95-9047-a8a4e6c487e9 (type: ports) to 1
2026-05-21 20:42:32.752 10 WARNING neutron_lib.context [req-cd940a65-badf-4d08-813e-93a8fbcca33e req-d12623c9-4a55-4205-b150-386328320e16 3b078131315b4c1cb7e055512b29dd87 381c5a25b7b74ee687bab10ff741ce87 - - default default] Method 'is_advsvc' is deprecated since 2023.2 release (neutron-lib 3.8.0) and will be removed once support for the old RBAC API policies will be removed from Neutron. Please use method 'is_service_role' instead.
2026-05-21 20:42:32.857 10 INFO neutron.wsgi [req-b4da3654-caba-4d03-9cc9-c40ecc4acb38 req-22b204e1-d3a7-4c9a-917f-5afea3a1f353 f5315707aab14991ad71dac9e51f9bcc 8cdd78401b2d46fbbb43b69793d28a30 - - default default] 10.0.0.222 "GET /v2.0/security-groups/03ccc271-73b8-4431-a9d2-765024d7705e HTTP/1.1" status: 200 len: 1820 time: 0.1277194
2026-05-21 20:42:32.858 10 INFO neutron.db.ovn_revision_numbers_db [req-cd940a65-badf-4d08-813e-93a8fbcca33e req-d12623c9-4a55-4205-b150-386328320e16 3b078131315b4c1cb7e055512b29dd87 381c5a25b7b74ee687bab10ff741ce87 - - default default] Successfully bumped revision number for resource 1c567f2a-6a31-4a5b-ad43-b432843299ca (type: security_groups) to 1
2026-05-21 20:42:32.871 10 WARNING neutron_lib.context [req-b4da3654-caba-4d03-9cc9-c40ecc4acb38 req-c7a9e45a-94f8-4fac-bab2-88d1490dae86 f5315707aab14991ad71dac9e51f9bcc 8cdd78401b2d46fbbb43b69793d28a30 - - default default] Method 'is_advsvc' is deprecated since 2023.2 release (neutron-lib 3.8.0) and will be removed once support for the old RBAC API policies will be removed from Neutron. Please use method 'is_service_role' instead.
2026-05-21 20:42:32.874 10 INFO neutron.db.ovn_revision_numbers_db [req-cd940a65-badf-4d08-813e-93a8fbcca33e req-d12623c9-4a55-4205-b150-386328320e16 3b078131315b4c1cb7e055512b29dd87 381c5a25b7b74ee687bab10ff741ce87 - - default default] Successfully bumped revision number for resource 515307ac-7661-4108-9012-5bfc8231f870 (type: security_group_rules) to 0
2026-05-21 20:42:32.889 10 INFO neutron.db.ovn_revision_numbers_db [req-cd940a65-badf-4d08-813e-93a8fbcca33e req-d12623c9-4a55-4205-b150-386328320e16 3b078131315b4c1cb7e055512b29dd87 381c5a25b7b74ee687bab10ff741ce87 - - default default] Successfully bumped revision number for resource 67c13d27-cbba-4c58-a97e-02bb4093aa38 (type: security_group_rules) to 0
2026-05-21 20:42:32.912 10 INFO neutron.wsgi [req-cd940a65-badf-4d08-813e-93a8fbcca33e req-d12623c9-4a55-4205-b150-386328320e16 3b078131315b4c1cb7e055512b29dd87 381c5a25b7b74ee687bab10ff741ce87 - - default default] 10.0.0.222 "POST /v2.0/security-groups HTTP/1.1" status: 201 len: 1823 time: 0.1663706
2026-05-21 20:42:32.947 10 WARNING neutron_lib.context [req-d7eb3967-65a3-402f-9a3c-f15e6aa1c39f req-65ca7a5e-aa43-4d7a-ba00-0b5bb4cb93cd 3b078131315b4c1cb7e055512b29dd87 381c5a25b7b74ee687bab10ff741ce87 - - default default] Method 'is_advsvc' is deprecated since 2023.2 release (neutron-lib 3.8.0) and will be removed once support for the old RBAC API policies will be removed from Neutron. Please use method 'is_service_role' instead.
2026-05-21 20:42:33.022 10 INFO neutron.plugins.ml2.drivers.ovn.mech_driver.ovsdb.ovsdb_monitor [None req-f2092438-5e60-42e4-a0cb-9bb0348f2452 - - - - - -] Router 0ead1e48-0500-400f-b4ae-87164267f18b is bound to host instance
2026-05-21 20:42:33.037 9 INFO neutron.db.ovn_revision_numbers_db [None req-58815b38-8418-48f8-b145-9ff94a732071 d225479571cf494f838b2423f89135fe c630ddfab35443bab7f2b3f6481e28b9 - - default default] Successfully bumped revision number for resource de64f9eb-fd5e-4d95-9047-a8a4e6c487e9 (type: router_ports) to 1
2026-05-21 20:42:33.064 10 INFO neutron.db.ovn_revision_numbers_db [req-b4da3654-caba-4d03-9cc9-c40ecc4acb38 req-c7a9e45a-94f8-4fac-bab2-88d1490dae86 f5315707aab14991ad71dac9e51f9bcc 8cdd78401b2d46fbbb43b69793d28a30 - - default default] Successfully bumped revision number for resource 4135ac3c-e5a8-46be-b55e-66dacca3de33 (type: security_group_rules) to 0
2026-05-21 20:42:33.108 10 INFO neutron.wsgi [req-b4da3654-caba-4d03-9cc9-c40ecc4acb38 req-c7a9e45a-94f8-4fac-bab2-88d1490dae86 f5315707aab14991ad71dac9e51f9bcc 8cdd78401b2d46fbbb43b69793d28a30 - - default default] 10.0.0.222 "POST /v2.0/security-group-rules HTTP/1.1" status: 201 len: 786 time: 0.2417936
2026-05-21 20:42:33.124 10 INFO neutron.db.ovn_revision_numbers_db [req-d7eb3967-65a3-402f-9a3c-f15e6aa1c39f req-65ca7a5e-aa43-4d7a-ba00-0b5bb4cb93cd 3b078131315b4c1cb7e055512b29dd87 381c5a25b7b74ee687bab10ff741ce87 - - default default] Successfully bumped revision number for resource 7685a076-fa8e-404a-b913-15b0fad5006d (type: security_groups) to 1
2026-05-21 20:42:33.135 9 INFO neutron.db.ovn_revision_numbers_db [None req-58815b38-8418-48f8-b145-9ff94a732071 d225479571cf494f838b2423f89135fe c630ddfab35443bab7f2b3f6481e28b9 - - default default] Successfully bumped revision number for resource 0ead1e48-0500-400f-b4ae-87164267f18b (type: routers) to 2
2026-05-21 20:42:33.155 9 INFO neutron.wsgi [None req-58815b38-8418-48f8-b145-9ff94a732071 d225479571cf494f838b2423f89135fe c630ddfab35443bab7f2b3f6481e28b9 - - default default] 10.0.0.170 "POST /v2.0/routers HTTP/1.1" status: 201 len: 885 time: 1.3922606
2026-05-21 20:42:33.161 10 WARNING neutron_lib.context [req-0a2c34fc-2063-4cdf-bffc-e30debfba197 req-181b056c-ca57-48cc-9714-9003527b7255 f5315707aab14991ad71dac9e51f9bcc 8cdd78401b2d46fbbb43b69793d28a30 - - default default] Method 'is_advsvc' is deprecated since 2023.2 release (neutron-lib 3.8.0) and will be removed once support for the old RBAC API policies will be removed from Neutron. Please use method 'is_service_role' instead.
2026-05-21 20:42:33.170 10 INFO neutron.db.ovn_revision_numbers_db [req-d7eb3967-65a3-402f-9a3c-f15e6aa1c39f req-65ca7a5e-aa43-4d7a-ba00-0b5bb4cb93cd 3b078131315b4c1cb7e055512b29dd87 381c5a25b7b74ee687bab10ff741ce87 - - default default] Successfully bumped revision number for resource 6423fe86-c548-484a-94ec-7dd5b1a6ed0a (type: security_group_rules) to 0
2026-05-21 20:42:33.205 10 INFO neutron.db.ovn_revision_numbers_db [req-d7eb3967-65a3-402f-9a3c-f15e6aa1c39f req-65ca7a5e-aa43-4d7a-ba00-0b5bb4cb93cd 3b078131315b4c1cb7e055512b29dd87 381c5a25b7b74ee687bab10ff741ce87 - - default default] Successfully bumped revision number for resource 64ce8790-f9a8-4f2d-aad1-5ccb51a10a2f (type: security_group_rules) to 0
2026-05-21 20:42:33.234 10 INFO neutron.wsgi [req-d7eb3967-65a3-402f-9a3c-f15e6aa1c39f req-65ca7a5e-aa43-4d7a-ba00-0b5bb4cb93cd 3b078131315b4c1cb7e055512b29dd87 381c5a25b7b74ee687bab10ff741ce87 - - default default] 10.0.0.222 "POST /v2.0/security-groups HTTP/1.1" status: 201 len: 1822 time: 0.2925811
2026-05-21 20:42:33.266 10 WARNING neutron_lib.context [req-edf12fd4-7947-4ec6-9676-f0e5ceb5ba8c req-c190528a-154d-41b4-b01b-4b9203e34bb1 3b078131315b4c1cb7e055512b29dd87 381c5a25b7b74ee687bab10ff741ce87 - - default default] Method 'is_advsvc' is deprecated since 2023.2 release (neutron-lib 3.8.0) and will be removed once support for the old RBAC API policies will be removed from Neutron. Please use method 'is_service_role' instead.
2026-05-21 20:42:33.482 10 INFO neutron.db.ovn_revision_numbers_db [req-0a2c34fc-2063-4cdf-bffc-e30debfba197 req-181b056c-ca57-48cc-9714-9003527b7255 f5315707aab14991ad71dac9e51f9bcc 8cdd78401b2d46fbbb43b69793d28a30 - - default default] Successfully bumped revision number for resource a08a8d97-9786-434f-b185-31384c36348c (type: security_groups) to 1
2026-05-21 20:42:33.522 10 INFO neutron.db.ovn_revision_numbers_db [req-0a2c34fc-2063-4cdf-bffc-e30debfba197 req-181b056c-ca57-48cc-9714-9003527b7255 f5315707aab14991ad71dac9e51f9bcc 8cdd78401b2d46fbbb43b69793d28a30 - - default default] Successfully bumped revision number for resource 478946ab-9158-4676-841d-fe0705a316a7 (type: security_group_rules) to 0
2026-05-21 20:42:33.563 10 INFO neutron.db.ovn_revision_numbers_db [req-edf12fd4-7947-4ec6-9676-f0e5ceb5ba8c req-c190528a-154d-41b4-b01b-4b9203e34bb1 3b078131315b4c1cb7e055512b29dd87 381c5a25b7b74ee687bab10ff741ce87 - - default default] Successfully bumped revision number for resource 6c2632c1-3df0-4d10-9734-24cb927b83d6 (type: security_groups) to 1
2026-05-21 20:42:33.565 10 INFO neutron.db.ovn_revision_numbers_db [req-0a2c34fc-2063-4cdf-bffc-e30debfba197 req-181b056c-ca57-48cc-9714-9003527b7255 f5315707aab14991ad71dac9e51f9bcc 8cdd78401b2d46fbbb43b69793d28a30 - - default default] Successfully bumped revision number for resource 6e452232-b77e-4ddf-bf6c-c7b06e17949b (type: security_group_rules) to 0
2026-05-21 20:42:33.591 10 INFO neutron.wsgi [req-0a2c34fc-2063-4cdf-bffc-e30debfba197 req-181b056c-ca57-48cc-9714-9003527b7255 f5315707aab14991ad71dac9e51f9bcc 8cdd78401b2d46fbbb43b69793d28a30 - - default default] 10.0.0.222 "POST /v2.0/security-groups HTTP/1.1" status: 201 len: 1826 time: 0.4400003
2026-05-21 20:42:33.594 10 INFO neutron.db.ovn_revision_numbers_db [req-edf12fd4-7947-4ec6-9676-f0e5ceb5ba8c req-c190528a-154d-41b4-b01b-4b9203e34bb1 3b078131315b4c1cb7e055512b29dd87 381c5a25b7b74ee687bab10ff741ce87 - - default default] Successfully bumped revision number for resource 2e02f5e7-4cff-43b7-bec9-674a6a3d36f1 (type: security_group_rules) to 0
2026-05-21 20:42:33.610 9 WARNING neutron.scheduler.dhcp_agent_scheduler [None req-796b5187-e1d3-46e9-815e-e6b9c2e584bf d225479571cf494f838b2423f89135fe c630ddfab35443bab7f2b3f6481e28b9 - - default default] No more DHCP agents
2026-05-21 20:42:33.612 9 WARNING neutron.api.rpc.agentnotifiers.dhcp_rpc_agent_api [None req-796b5187-e1d3-46e9-815e-e6b9c2e584bf d225479571cf494f838b2423f89135fe c630ddfab35443bab7f2b3f6481e28b9 - - default default] Unable to schedule network d3d65d0d-a94b-4c11-bbb8-8f137fb98d70: no agents available; will retry on subsequent port and subnet creation events.
2026-05-21 20:42:33.622 10 INFO neutron.db.ovn_revision_numbers_db [req-edf12fd4-7947-4ec6-9676-f0e5ceb5ba8c req-c190528a-154d-41b4-b01b-4b9203e34bb1 3b078131315b4c1cb7e055512b29dd87 381c5a25b7b74ee687bab10ff741ce87 - - default default] Successfully bumped revision number for resource f2d6d44e-b679-48c1-b315-0b89146fc135 (type: security_group_rules) to 0
2026-05-21 20:42:33.657 10 INFO neutron.wsgi [req-edf12fd4-7947-4ec6-9676-f0e5ceb5ba8c req-c190528a-154d-41b4-b01b-4b9203e34bb1 3b078131315b4c1cb7e055512b29dd87 381c5a25b7b74ee687bab10ff741ce87 - - default default] 10.0.0.222 "POST /v2.0/security-groups HTTP/1.1" status: 201 len: 1821 time: 0.3983855
2026-05-21 20:42:33.687 10 INFO neutron.wsgi [req-f6df34ce-d856-49cf-8458-9bbfe48a3713 req-3e93c130-e96e-4690-831d-936c3d5a9a2f f5315707aab14991ad71dac9e51f9bcc 8cdd78401b2d46fbbb43b69793d28a30 - - default default] 10.0.0.222 "GET /v2.0/security-groups/a08a8d97-9786-434f-b185-31384c36348c HTTP/1.1" status: 200 len: 1821 time: 0.0669668
2026-05-21 20:42:33.702 10 WARNING neutron_lib.context [req-f6df34ce-d856-49cf-8458-9bbfe48a3713 req-87a9c51e-f1c9-4db7-9750-9f1aacb661b0 f5315707aab14991ad71dac9e51f9bcc 8cdd78401b2d46fbbb43b69793d28a30 - - default default] Method 'is_advsvc' is deprecated since 2023.2 release (neutron-lib 3.8.0) and will be removed once support for the old RBAC API policies will be removed from Neutron. Please use method 'is_service_role' instead.
2026-05-21 20:42:33.760 10 INFO neutron.wsgi [req-bc92341d-d646-47a2-a77f-bca235e98e9e req-43aea7ff-25da-4eff-9b06-870787c9a35a 3b078131315b4c1cb7e055512b29dd87 381c5a25b7b74ee687bab10ff741ce87 - - default default] 10.0.0.222 "GET /v2.0/security-groups?tenant_id=381c5a25b7b74ee687bab10ff741ce87 HTTP/1.1" status: 200 len: 7794 time: 0.0804157
2026-05-21 20:42:33.767 9 INFO neutron.db.ovn_revision_numbers_db [None req-796b5187-e1d3-46e9-815e-e6b9c2e584bf d225479571cf494f838b2423f89135fe c630ddfab35443bab7f2b3f6481e28b9 - - default default] Successfully bumped revision number for resource b1e1b4c3-8a83-49e3-9c44-f3ce95f261d6 (type: ports) to 1
2026-05-21 20:42:33.823 10 INFO neutron.wsgi [req-bc92341d-d646-47a2-a77f-bca235e98e9e req-e5f293c4-c776-4ae7-881a-8e2310bcaf81 3b078131315b4c1cb7e055512b29dd87 381c5a25b7b74ee687bab10ff741ce87 - - default default] 10.0.0.222 "GET /v2.0/security-groups/e503e155-bc70-49da-bf2e-fac9d7d0d213 HTTP/1.1" status: 200 len: 2994 time: 0.0531287
2026-05-21 20:42:33.834 10 INFO neutron.db.ovn_revision_numbers_db [None req-f2092438-5e60-42e4-a0cb-9bb0348f2452 - - - - - -] Successfully bumped revision number for resource de64f9eb-fd5e-4d95-9047-a8a4e6c487e9 (type: ports) to 1
2026-05-21 20:42:33.877 10 INFO neutron.wsgi [req-bc92341d-d646-47a2-a77f-bca235e98e9e req-d30af8b7-d582-4986-95de-431c2f9ef2e3 3b078131315b4c1cb7e055512b29dd87 381c5a25b7b74ee687bab10ff741ce87 - - default default] 10.0.0.222 "GET /v2.0/security-groups/e503e155-bc70-49da-bf2e-fac9d7d0d213 HTTP/1.1" status: 200 len: 2994 time: 0.0466411
2026-05-21 20:42:33.919 10 INFO neutron.db.ovn_revision_numbers_db [req-f6df34ce-d856-49cf-8458-9bbfe48a3713 req-87a9c51e-f1c9-4db7-9750-9f1aacb661b0 f5315707aab14991ad71dac9e51f9bcc 8cdd78401b2d46fbbb43b69793d28a30 - - default default] Successfully bumped revision number for resource b0a402a7-e0bc-4495-8b3d-43707ad679d3 (type: security_group_rules) to 0
2026-05-21 20:42:33.952 10 INFO neutron.wsgi [req-a02fb0fc-46da-4e70-9b81-37becd4606d6 req-2abe3285-8118-4282-85ed-86cb4077b2ef 3b078131315b4c1cb7e055512b29dd87 381c5a25b7b74ee687bab10ff741ce87 - - default default] 10.0.0.222 "GET /v2.0/security-groups/1c567f2a-6a31-4a5b-ad43-b432843299ca HTTP/1.1" status: 200 len: 1818 time: 0.0433469
2026-05-21 20:42:33.972 10 INFO neutron.wsgi [req-f6df34ce-d856-49cf-8458-9bbfe48a3713 req-87a9c51e-f1c9-4db7-9750-9f1aacb661b0 f5315707aab14991ad71dac9e51f9bcc 8cdd78401b2d46fbbb43b69793d28a30 - - default default] 10.0.0.222 "POST /v2.0/security-group-rules HTTP/1.1" status: 201 len: 786 time: 0.2755630
2026-05-21 20:42:34.084 10 INFO neutron.wsgi [req-7de3e9e9-3768-4357-ac2f-e6c8c1ff8f72 req-1df2981c-5110-462a-86b0-7b8e57b86af3 f5315707aab14991ad71dac9e51f9bcc 8cdd78401b2d46fbbb43b69793d28a30 - - default default] 10.0.0.222 "GET /v2.0/security-groups/a08a8d97-9786-434f-b185-31384c36348c HTTP/1.1" status: 200 len: 2414 time: 0.0831320
2026-05-21 20:42:34.100 10 WARNING neutron_lib.context [req-7de3e9e9-3768-4357-ac2f-e6c8c1ff8f72 req-26bf01d2-34ed-46dd-8b46-7e8d60bcbf65 f5315707aab14991ad71dac9e51f9bcc 8cdd78401b2d46fbbb43b69793d28a30 - - default default] Method 'is_advsvc' is deprecated since 2023.2 release (neutron-lib 3.8.0) and will be removed once support for the old RBAC API policies will be removed from Neutron. Please use method 'is_service_role' instead.
2026-05-21 20:42:34.191 10 INFO neutron.wsgi [req-a02fb0fc-46da-4e70-9b81-37becd4606d6 req-3c99dea0-7fcc-4259-9c97-64c828f6a67f 3b078131315b4c1cb7e055512b29dd87 381c5a25b7b74ee687bab10ff741ce87 - - default default] 10.0.0.222 "DELETE /v2.0/security-groups/1c567f2a-6a31-4a5b-ad43-b432843299ca HTTP/1.1" status: 204 len: 173 time: 0.2295036
