2026-05-21 20:42:34.228 10 INFO neutron.api.v2.resource [req-cd399531-7c2e-458c-a27c-a8869533669b req-78e620cb-cb0b-49a8-9ef0-092f19ace687 3b078131315b4c1cb7e055512b29dd87 381c5a25b7b74ee687bab10ff741ce87 - - default default] show failed (client error): The resource could not be found.
2026-05-21 20:42:34.229 10 INFO neutron.wsgi [req-cd399531-7c2e-458c-a27c-a8869533669b req-78e620cb-cb0b-49a8-9ef0-092f19ace687 3b078131315b4c1cb7e055512b29dd87 381c5a25b7b74ee687bab10ff741ce87 - - default default] 10.0.0.222 "GET /v2.0/security-groups/1c567f2a-6a31-4a5b-ad43-b432843299ca HTTP/1.1" status: 404 len: 352 time: 0.0172341
2026-05-21 20:42:34.234 10 INFO neutron.db.ovn_revision_numbers_db [None req-f2092438-5e60-42e4-a0cb-9bb0348f2452 - - - - - -] Successfully bumped revision number for resource de64f9eb-fd5e-4d95-9047-a8a4e6c487e9 (type: router_ports) to 3
2026-05-21 20:42:34.305 9 INFO neutron.db.ovn_revision_numbers_db [None req-796b5187-e1d3-46e9-815e-e6b9c2e584bf d225479571cf494f838b2423f89135fe c630ddfab35443bab7f2b3f6481e28b9 - - default default] Successfully bumped revision number for resource b1e1b4c3-8a83-49e3-9c44-f3ce95f261d6 (type: router_ports) to 1
2026-05-21 20:42:34.308 10 INFO neutron.wsgi [req-e16b2b05-a28d-4426-8b6e-7e0ea5dfb78e req-24de6d85-fa49-4ac4-b570-8781c8d3d9ab 3b078131315b4c1cb7e055512b29dd87 381c5a25b7b74ee687bab10ff741ce87 - - default default] 10.0.0.222 "GET /v2.0/security-groups/7685a076-fa8e-404a-b913-15b0fad5006d HTTP/1.1" status: 200 len: 1817 time: 0.0571210
2026-05-21 20:42:34.332 10 INFO neutron.db.ovn_revision_numbers_db [req-7de3e9e9-3768-4357-ac2f-e6c8c1ff8f72 req-26bf01d2-34ed-46dd-8b46-7e8d60bcbf65 f5315707aab14991ad71dac9e51f9bcc 8cdd78401b2d46fbbb43b69793d28a30 - - default default] Successfully bumped revision number for resource 3f0c7122-0b0f-456d-996b-c0c180bffc0e (type: security_group_rules) to 0
2026-05-21 20:42:34.371 10 INFO neutron.wsgi [req-7de3e9e9-3768-4357-ac2f-e6c8c1ff8f72 req-26bf01d2-34ed-46dd-8b46-7e8d60bcbf65 f5315707aab14991ad71dac9e51f9bcc 8cdd78401b2d46fbbb43b69793d28a30 - - default default] 10.0.0.222 "POST /v2.0/security-group-rules HTTP/1.1" status: 201 len: 791 time: 0.2765846
2026-05-21 20:42:34.428 9 INFO neutron.db.ovn_revision_numbers_db [None req-796b5187-e1d3-46e9-815e-e6b9c2e584bf d225479571cf494f838b2423f89135fe c630ddfab35443bab7f2b3f6481e28b9 - - default default] Successfully bumped revision number for resource b1e1b4c3-8a83-49e3-9c44-f3ce95f261d6 (type: ports) to 1
2026-05-21 20:42:34.445 10 INFO neutron.db.ovn_revision_numbers_db [None req-f2092438-5e60-42e4-a0cb-9bb0348f2452 - - - - - -] Successfully bumped revision number for resource de64f9eb-fd5e-4d95-9047-a8a4e6c487e9 (type: ports) to 2
2026-05-21 20:42:34.454 10 INFO neutron.wsgi [req-81d59236-151c-4f7b-9727-7a9b6abdcdba req-7bf9c790-df2f-433c-8508-e7e2503effdc f5315707aab14991ad71dac9e51f9bcc 8cdd78401b2d46fbbb43b69793d28a30 - - default default] 10.0.0.222 "GET /v2.0/security-groups/a08a8d97-9786-434f-b185-31384c36348c HTTP/1.1" status: 200 len: 3012 time: 0.0518079
2026-05-21 20:42:34.493 9 WARNING neutron.scheduler.dhcp_agent_scheduler [None req-796b5187-e1d3-46e9-815e-e6b9c2e584bf d225479571cf494f838b2423f89135fe c630ddfab35443bab7f2b3f6481e28b9 - - default default] No more DHCP agents
2026-05-21 20:42:34.494 9 WARNING neutron.api.rpc.agentnotifiers.dhcp_rpc_agent_api [None req-796b5187-e1d3-46e9-815e-e6b9c2e584bf d225479571cf494f838b2423f89135fe c630ddfab35443bab7f2b3f6481e28b9 - - default default] Unable to schedule network d3d65d0d-a94b-4c11-bbb8-8f137fb98d70: no agents available; will retry on subsequent port and subnet creation events.
2026-05-21 20:42:34.501 10 INFO neutron.wsgi [req-d2ed9537-ca1f-4f08-ac6b-4acfa2f297da req-ad178d9f-4b09-49fd-9a6a-240319eb3866 f5315707aab14991ad71dac9e51f9bcc 8cdd78401b2d46fbbb43b69793d28a30 - - default default] 10.0.0.222 "GET /v2.0/security-group-rules/3f0c7122-0b0f-456d-996b-c0c180bffc0e HTTP/1.1" status: 200 len: 783 time: 0.0209863
2026-05-21 20:42:34.528 10 INFO neutron.wsgi [req-e16b2b05-a28d-4426-8b6e-7e0ea5dfb78e req-6c8c7020-1a70-4a46-8bd2-bbea2df70101 3b078131315b4c1cb7e055512b29dd87 381c5a25b7b74ee687bab10ff741ce87 - - default default] 10.0.0.222 "DELETE /v2.0/security-groups/7685a076-fa8e-404a-b913-15b0fad5006d HTTP/1.1" status: 204 len: 173 time: 0.2120600
2026-05-21 20:42:34.573 10 INFO neutron.wsgi [req-d2ed9537-ca1f-4f08-ac6b-4acfa2f297da req-5054e103-fdf5-4a11-8d96-d30cc09e0c3f f5315707aab14991ad71dac9e51f9bcc 8cdd78401b2d46fbbb43b69793d28a30 - - default default] 10.0.0.222 "GET /v2.0/security-groups/a08a8d97-9786-434f-b185-31384c36348c HTTP/1.1" status: 200 len: 3012 time: 0.0630038
2026-05-21 20:42:34.575 10 INFO neutron.api.v2.resource [req-f40e4d7e-063c-450a-bfba-41e660257637 req-37462c32-815c-4e07-a81d-719d715376b9 3b078131315b4c1cb7e055512b29dd87 381c5a25b7b74ee687bab10ff741ce87 - - default default] show failed (client error): The resource could not be found.
2026-05-21 20:42:34.576 10 INFO neutron.wsgi [req-f40e4d7e-063c-450a-bfba-41e660257637 req-37462c32-815c-4e07-a81d-719d715376b9 3b078131315b4c1cb7e055512b29dd87 381c5a25b7b74ee687bab10ff741ce87 - - default default] 10.0.0.222 "GET /v2.0/security-groups/7685a076-fa8e-404a-b913-15b0fad5006d HTTP/1.1" status: 404 len: 352 time: 0.0245011
2026-05-21 20:42:34.657 10 INFO neutron.wsgi [req-e74eea70-7852-45b5-ba08-89f091b81f53 req-40ee4442-b589-41dc-a9f9-82a1793e4544 3b078131315b4c1cb7e055512b29dd87 381c5a25b7b74ee687bab10ff741ce87 - - default default] 10.0.0.222 "GET /v2.0/security-groups/6c2632c1-3df0-4d10-9734-24cb927b83d6 HTTP/1.1" status: 200 len: 1816 time: 0.0590386
2026-05-21 20:42:34.789 10 INFO neutron.wsgi [req-d2ed9537-ca1f-4f08-ac6b-4acfa2f297da req-de6e11de-da96-4809-8c19-1db8458dffcc f5315707aab14991ad71dac9e51f9bcc 8cdd78401b2d46fbbb43b69793d28a30 - - default default] 10.0.0.222 "DELETE /v2.0/security-group-rules/3f0c7122-0b0f-456d-996b-c0c180bffc0e HTTP/1.1" status: 204 len: 173 time: 0.2070842
2026-05-21 20:42:34.821 10 INFO neutron.wsgi [req-e74eea70-7852-45b5-ba08-89f091b81f53 req-0f0cf0fa-88bc-4489-b2c0-f7a7bee1959c 3b078131315b4c1cb7e055512b29dd87 381c5a25b7b74ee687bab10ff741ce87 - - default default] 10.0.0.222 "DELETE /v2.0/security-groups/6c2632c1-3df0-4d10-9734-24cb927b83d6 HTTP/1.1" status: 204 len: 173 time: 0.1533208
2026-05-21 20:42:34.924 10 INFO neutron.db.ovn_revision_numbers_db [None req-f2092438-5e60-42e4-a0cb-9bb0348f2452 - - - - - -] Successfully bumped revision number for resource de64f9eb-fd5e-4d95-9047-a8a4e6c487e9 (type: ports) to 4
2026-05-21 20:42:34.936 10 INFO neutron.api.v2.resource [req-640877d9-9f07-4be7-9a20-b2767e4646ad req-f51ebcd5-78f9-48b3-a28e-dce95441e855 3b078131315b4c1cb7e055512b29dd87 381c5a25b7b74ee687bab10ff741ce87 - - default default] show failed (client error): The resource could not be found.
2026-05-21 20:42:34.937 10 INFO neutron.wsgi [req-640877d9-9f07-4be7-9a20-b2767e4646ad req-f51ebcd5-78f9-48b3-a28e-dce95441e855 3b078131315b4c1cb7e055512b29dd87 381c5a25b7b74ee687bab10ff741ce87 - - default default] 10.0.0.222 "GET /v2.0/security-groups/6c2632c1-3df0-4d10-9734-24cb927b83d6 HTTP/1.1" status: 404 len: 352 time: 0.0137196
2026-05-21 20:42:34.945 10 INFO neutron.wsgi [req-b1c1018b-30ce-477b-9cba-23a3c6f6c9fd req-5e6e7446-acf1-4286-a8c6-b5ea5dac3316 f5315707aab14991ad71dac9e51f9bcc 8cdd78401b2d46fbbb43b69793d28a30 - - default default] 10.0.0.222 "GET /v2.0/security-groups/a08a8d97-9786-434f-b185-31384c36348c HTTP/1.1" status: 200 len: 2414 time: 0.1350431
2026-05-21 20:42:35.050 10 INFO neutron.wsgi [req-a14154e9-3836-422c-821a-76c6cfdb3a17 req-a1ff7a39-1621-4317-b59f-e70b79dad11f 3b078131315b4c1cb7e055512b29dd87 381c5a25b7b74ee687bab10ff741ce87 - - default default] 10.0.0.222 "GET /v2.0/security-groups?tenant_id=381c5a25b7b74ee687bab10ff741ce87 HTTP/1.1" status: 200 len: 2997 time: 0.0858028
2026-05-21 20:42:35.117 10 INFO neutron.wsgi [req-a14154e9-3836-422c-821a-76c6cfdb3a17 req-fa103b3e-19f3-4c57-8709-934e260a9b4c 3b078131315b4c1cb7e055512b29dd87 381c5a25b7b74ee687bab10ff741ce87 - - default default] 10.0.0.222 "GET /v2.0/security-groups/e503e155-bc70-49da-bf2e-fac9d7d0d213 HTTP/1.1" status: 200 len: 2994 time: 0.0588245
2026-05-21 20:42:35.176 10 INFO neutron.wsgi [req-a14154e9-3836-422c-821a-76c6cfdb3a17 req-6a734731-cd2c-42d7-9701-eb64fb2fb343 3b078131315b4c1cb7e055512b29dd87 381c5a25b7b74ee687bab10ff741ce87 - - default default] 10.0.0.222 "GET /v2.0/security-groups/e503e155-bc70-49da-bf2e-fac9d7d0d213 HTTP/1.1" status: 200 len: 2994 time: 0.0502648
2026-05-21 20:42:35.187 9 INFO neutron.db.ovn_revision_numbers_db [None req-796b5187-e1d3-46e9-815e-e6b9c2e584bf d225479571cf494f838b2423f89135fe c630ddfab35443bab7f2b3f6481e28b9 - - default default] Successfully bumped revision number for resource b1e1b4c3-8a83-49e3-9c44-f3ce95f261d6 (type: router_ports) to 1
2026-05-21 20:42:35.190 9 INFO neutron.wsgi [None req-796b5187-e1d3-46e9-815e-e6b9c2e584bf d225479571cf494f838b2423f89135fe c630ddfab35443bab7f2b3f6481e28b9 - - default default] 10.0.0.170 "PUT /v2.0/routers/0ead1e48-0500-400f-b4ae-87164267f18b/add_router_interface HTTP/1.1" status: 200 len: 503 time: 2.0294662
2026-05-21 20:42:35.213 10 INFO neutron.wsgi [req-b1c1018b-30ce-477b-9cba-23a3c6f6c9fd req-a0bc5c4c-e0f3-47b3-ba81-337849cb6d7b f5315707aab14991ad71dac9e51f9bcc 8cdd78401b2d46fbbb43b69793d28a30 - - default default] 10.0.0.222 "DELETE /v2.0/security-groups/a08a8d97-9786-434f-b185-31384c36348c HTTP/1.1" status: 204 len: 173 time: 0.2512462
2026-05-21 20:42:35.229 10 INFO neutron.api.v2.resource [req-48caf01d-30b0-4714-a9df-11faa2e09e3b req-971cd576-6b4a-439c-86ad-e97bb8882f1c 3b078131315b4c1cb7e055512b29dd87 381c5a25b7b74ee687bab10ff741ce87 - - default default] show failed (client error): The resource could not be found.
2026-05-21 20:42:35.230 10 INFO neutron.wsgi [req-48caf01d-30b0-4714-a9df-11faa2e09e3b req-971cd576-6b4a-439c-86ad-e97bb8882f1c 3b078131315b4c1cb7e055512b29dd87 381c5a25b7b74ee687bab10ff741ce87 - - default default] 10.0.0.222 "GET /v2.0/security-groups/6c2632c1-3df0-4d10-9734-24cb927b83d6 HTTP/1.1" status: 404 len: 352 time: 0.0224843
2026-05-21 20:42:35.235 10 INFO neutron.db.ovn_revision_numbers_db [None req-f2092438-5e60-42e4-a0cb-9bb0348f2452 - - - - - -] Successfully bumped revision number for resource de64f9eb-fd5e-4d95-9047-a8a4e6c487e9 (type: router_ports) to 4
2026-05-21 20:42:35.285 10 INFO neutron.api.v2.resource [req-73eef7ac-653a-4586-8b3c-368d06b4c24d req-471d93ec-6c9d-4496-a19a-9a0c2a5d4077 3b078131315b4c1cb7e055512b29dd87 381c5a25b7b74ee687bab10ff741ce87 - - default default] show failed (client error): The resource could not be found.
2026-05-21 20:42:35.286 10 INFO neutron.wsgi [req-73eef7ac-653a-4586-8b3c-368d06b4c24d req-471d93ec-6c9d-4496-a19a-9a0c2a5d4077 3b078131315b4c1cb7e055512b29dd87 381c5a25b7b74ee687bab10ff741ce87 - - default default] 10.0.0.222 "GET /v2.0/security-groups/7685a076-fa8e-404a-b913-15b0fad5006d HTTP/1.1" status: 404 len: 352 time: 0.0271208
2026-05-21 20:42:35.294 10 INFO neutron.wsgi [req-e9fcb716-073c-4634-8526-0458f21dc313 req-4e426c4f-42a9-4317-bc24-6b014b7a3953 f5315707aab14991ad71dac9e51f9bcc 8cdd78401b2d46fbbb43b69793d28a30 - - default default] 10.0.0.222 "GET /v2.0/security-groups/03ccc271-73b8-4431-a9d2-765024d7705e HTTP/1.1" status: 200 len: 2413 time: 0.0575538
2026-05-21 20:42:35.322 10 INFO neutron.api.v2.resource [req-06d48b5c-c606-467a-9bfd-8731aa3f0578 req-468ff328-98a5-4075-b755-fe34a1cec991 3b078131315b4c1cb7e055512b29dd87 381c5a25b7b74ee687bab10ff741ce87 - - default default] show failed (client error): The resource could not be found.
2026-05-21 20:42:35.323 10 INFO neutron.wsgi [req-06d48b5c-c606-467a-9bfd-8731aa3f0578 req-468ff328-98a5-4075-b755-fe34a1cec991 3b078131315b4c1cb7e055512b29dd87 381c5a25b7b74ee687bab10ff741ce87 - - default default] 10.0.0.222 "GET /v2.0/security-groups/1c567f2a-6a31-4a5b-ad43-b432843299ca HTTP/1.1" status: 404 len: 352 time: 0.0169322
2026-05-21 20:42:35.425 10 INFO neutron.wsgi [req-e9fcb716-073c-4634-8526-0458f21dc313 req-b9414702-cbca-44df-b15c-527cf05f85c2 f5315707aab14991ad71dac9e51f9bcc 8cdd78401b2d46fbbb43b69793d28a30 - - default default] 10.0.0.222 "DELETE /v2.0/security-groups/03ccc271-73b8-4431-a9d2-765024d7705e HTTP/1.1" status: 204 len: 173 time: 0.1265569
2026-05-21 20:42:35.544 9 INFO neutron.db.ovn_revision_numbers_db [None req-f435217a-ad91-4b3c-a4e4-ab2d7af83fd8 d225479571cf494f838b2423f89135fe c630ddfab35443bab7f2b3f6481e28b9 - - default default] Successfully bumped revision number for resource 238ca809-e9f0-4254-a75a-3c4a4b73edb4 (type: security_groups) to 1
2026-05-21 20:42:35.583 9 INFO neutron.db.ovn_revision_numbers_db [None req-f435217a-ad91-4b3c-a4e4-ab2d7af83fd8 d225479571cf494f838b2423f89135fe c630ddfab35443bab7f2b3f6481e28b9 - - default default] Successfully bumped revision number for resource 184e99a7-6ddd-4aab-a515-5caed2ebc0a7 (type: security_group_rules) to 0
2026-05-21 20:42:35.599 9 INFO neutron.db.ovn_revision_numbers_db [None req-f435217a-ad91-4b3c-a4e4-ab2d7af83fd8 d225479571cf494f838b2423f89135fe c630ddfab35443bab7f2b3f6481e28b9 - - default default] Successfully bumped revision number for resource 4b9c7fe6-2301-4f32-a4bc-d848bdae92f0 (type: security_group_rules) to 0
2026-05-21 20:42:35.621 9 INFO neutron.db.ovn_revision_numbers_db [None req-f435217a-ad91-4b3c-a4e4-ab2d7af83fd8 d225479571cf494f838b2423f89135fe c630ddfab35443bab7f2b3f6481e28b9 - - default default] Successfully bumped revision number for resource 5b20654c-9aaa-4d97-aa47-056076ff70a1 (type: security_group_rules) to 0
2026-05-21 20:42:35.648 9 INFO neutron.db.ovn_revision_numbers_db [None req-f435217a-ad91-4b3c-a4e4-ab2d7af83fd8 d225479571cf494f838b2423f89135fe c630ddfab35443bab7f2b3f6481e28b9 - - default default] Successfully bumped revision number for resource 86510f83-fcb6-4923-9749-ec137380b72f (type: security_group_rules) to 0
2026-05-21 20:42:35.685 9 INFO neutron.wsgi [None req-f435217a-ad91-4b3c-a4e4-ab2d7af83fd8 d225479571cf494f838b2423f89135fe c630ddfab35443bab7f2b3f6481e28b9 - - default default] 10.0.0.170 "GET /v2.0/security-groups?tenant_id=9509e16b1e4640f8965211ccefaa90cf&name=default HTTP/1.1" status: 200 len: 2996 time: 0.5237238
2026-05-21 20:42:35.793 9 WARNING neutron_lib.context [None req-4cb52821-505b-4bf9-9740-cde3bb168e5b 51e5523ab4b0442e84b9e24ac7e4d1ab 05b8d930d0f04709acd11e1d04d24ced - - default default] Method 'is_advsvc' is deprecated since 2023.2 release (neutron-lib 3.8.0) and will be removed once support for the old RBAC API policies will be removed from Neutron. Please use method 'is_service_role' instead.
2026-05-21 20:42:36.146 9 INFO neutron.db.ovn_revision_numbers_db [None req-4cb52821-505b-4bf9-9740-cde3bb168e5b 51e5523ab4b0442e84b9e24ac7e4d1ab 05b8d930d0f04709acd11e1d04d24ced - - default default] Successfully bumped revision number for resource 32accfcd-7bd1-402e-ba4c-ee2afc21f845 (type: security_groups) to 1
2026-05-21 20:42:36.166 9 INFO neutron.db.ovn_revision_numbers_db [None req-4cb52821-505b-4bf9-9740-cde3bb168e5b 51e5523ab4b0442e84b9e24ac7e4d1ab 05b8d930d0f04709acd11e1d04d24ced - - default default] Successfully bumped revision number for resource 4d4465a6-e3b6-438d-9ac8-c721cddda886 (type: security_group_rules) to 0
2026-05-21 20:42:36.186 9 INFO neutron.db.ovn_revision_numbers_db [None req-4cb52821-505b-4bf9-9740-cde3bb168e5b 51e5523ab4b0442e84b9e24ac7e4d1ab 05b8d930d0f04709acd11e1d04d24ced - - default default] Successfully bumped revision number for resource 9e603ca8-31cd-4e41-a78f-ff237fc89144 (type: security_group_rules) to 0
2026-05-21 20:42:36.204 9 INFO neutron.wsgi [None req-4cb52821-505b-4bf9-9740-cde3bb168e5b 51e5523ab4b0442e84b9e24ac7e4d1ab 05b8d930d0f04709acd11e1d04d24ced - - default default] 10.0.0.170 "POST /v2.0/security-groups HTTP/1.1" status: 201 len: 1796 time: 0.4192991
2026-05-21 20:42:36.209 9 INFO neutron.wsgi [None req-e6c2da42-9b2c-4c12-8f70-a4c2d0bda99c d225479571cf494f838b2423f89135fe c630ddfab35443bab7f2b3f6481e28b9 - - default default] 10.0.0.170 "DELETE /v2.0/security-groups/238ca809-e9f0-4254-a75a-3c4a4b73edb4 HTTP/1.1" status: 204 len: 168 time: 0.5141733
2026-05-21 20:42:36.220 9 WARNING neutron_lib.context [None req-d4f73f0d-bde2-4014-8c8b-3e5c07539a4f 51e5523ab4b0442e84b9e24ac7e4d1ab 05b8d930d0f04709acd11e1d04d24ced - - default default] Method 'is_advsvc' is deprecated since 2023.2 release (neutron-lib 3.8.0) and will be removed once support for the old RBAC API policies will be removed from Neutron. Please use method 'is_service_role' instead.
2026-05-21 20:42:36.456 9 INFO neutron.db.ovn_revision_numbers_db [None req-d4f73f0d-bde2-4014-8c8b-3e5c07539a4f 51e5523ab4b0442e84b9e24ac7e4d1ab 05b8d930d0f04709acd11e1d04d24ced - - default default] Successfully bumped revision number for resource fdaa45f5-7860-4285-982c-cf9fa8aac43b (type: security_group_rules) to 0
2026-05-21 20:42:36.500 9 INFO neutron.wsgi [None req-d4f73f0d-bde2-4014-8c8b-3e5c07539a4f 51e5523ab4b0442e84b9e24ac7e4d1ab 05b8d930d0f04709acd11e1d04d24ced - - default default] 10.0.0.170 "POST /v2.0/security-group-rules HTTP/1.1" status: 201 len: 764 time: 0.2860620
2026-05-21 20:42:36.513 9 WARNING neutron_lib.context [None req-48441489-0e90-453f-8b79-197fd7f9aa2c 51e5523ab4b0442e84b9e24ac7e4d1ab 05b8d930d0f04709acd11e1d04d24ced - - default default] Method 'is_advsvc' is deprecated since 2023.2 release (neutron-lib 3.8.0) and will be removed once support for the old RBAC API policies will be removed from Neutron. Please use method 'is_service_role' instead.
2026-05-21 20:42:36.520 9 INFO neutron.db.ovn_revision_numbers_db [None req-f67ceec6-0930-4c1a-8434-c23e58db39de d225479571cf494f838b2423f89135fe c630ddfab35443bab7f2b3f6481e28b9 - - default default] Successfully bumped revision number for resource ef956f76-c0aa-4cfa-b971-7b68fd1937c9 (type: security_groups) to 1
2026-05-21 20:42:36.557 9 INFO neutron.db.ovn_revision_numbers_db [None req-f67ceec6-0930-4c1a-8434-c23e58db39de d225479571cf494f838b2423f89135fe c630ddfab35443bab7f2b3f6481e28b9 - - default default] Successfully bumped revision number for resource 135e30eb-c300-4935-9d14-827ada8d8800 (type: security_group_rules) to 0
2026-05-21 20:42:36.579 9 INFO neutron.db.ovn_revision_numbers_db [None req-f67ceec6-0930-4c1a-8434-c23e58db39de d225479571cf494f838b2423f89135fe c630ddfab35443bab7f2b3f6481e28b9 - - default default] Successfully bumped revision number for resource 6f8580e2-4dae-403f-8445-5357888ae973 (type: security_group_rules) to 0
2026-05-21 20:42:36.579 10 WARNING neutron.plugins.ml2.drivers.ovn.mech_driver.ovsdb.ovn_client [None req-0bc2fed7-fd0f-4b81-82e3-5a2310703042 - - - - - -] No port found with ID eed91413-1fc5-4bb7-9871-dd99b6cf7769: RuntimeError: No port found with ID eed91413-1fc5-4bb7-9871-dd99b6cf7769
2026-05-21 20:42:36.580 10 INFO neutron.plugins.ml2.drivers.ovn.mech_driver.mech_driver [None req-0bc2fed7-fd0f-4b81-82e3-5a2310703042 - - - - - -] OVN reports status up for port: b1e1b4c3-8a83-49e3-9c44-f3ce95f261d6
2026-05-21 20:42:36.598 9 INFO neutron.db.ovn_revision_numbers_db [None req-f67ceec6-0930-4c1a-8434-c23e58db39de d225479571cf494f838b2423f89135fe c630ddfab35443bab7f2b3f6481e28b9 - - default default] Successfully bumped revision number for resource b6c1066f-fc75-4197-b980-d3a457947bb3 (type: security_group_rules) to 0
2026-05-21 20:42:36.601 10 INFO neutron.plugins.ml2.plugin [None req-0bc2fed7-fd0f-4b81-82e3-5a2310703042 - - - - - -] Attempt 1 to provision port b1e1b4c3-8a83-49e3-9c44-f3ce95f261d6
2026-05-21 20:42:36.645 9 INFO neutron.db.ovn_revision_numbers_db [None req-f67ceec6-0930-4c1a-8434-c23e58db39de d225479571cf494f838b2423f89135fe c630ddfab35443bab7f2b3f6481e28b9 - - default default] Successfully bumped revision number for resource f53998d7-001f-477f-bfd0-d476b23ef686 (type: security_group_rules) to 0
2026-05-21 20:42:36.665 10 INFO neutron.wsgi [-] 10.0.0.209 "GET / HTTP/1.1" status: 200 len: 247 time: 0.0012901
2026-05-21 20:42:36.666 10 INFO neutron.wsgi [-] 10.0.0.209 "GET / HTTP/1.1" status: 200 len: 247 time: 0.0009539
2026-05-21 20:42:36.690 9 INFO neutron.wsgi [None req-f67ceec6-0930-4c1a-8434-c23e58db39de d225479571cf494f838b2423f89135fe c630ddfab35443bab7f2b3f6481e28b9 - - default default] 10.0.0.170 "GET /v2.0/security-groups?tenant_id=e3e2049309f14f77be92e7be69418874&name=default HTTP/1.1" status: 200 len: 2996 time: 0.3830919
2026-05-21 20:42:36.752 9 INFO neutron.db.ovn_revision_numbers_db [None req-48441489-0e90-453f-8b79-197fd7f9aa2c 51e5523ab4b0442e84b9e24ac7e4d1ab 05b8d930d0f04709acd11e1d04d24ced - - default default] Successfully bumped revision number for resource 2b18c598-b639-40e8-9aae-2b985aff453a (type: security_group_rules) to 0
2026-05-21 20:42:36.797 9 INFO neutron.wsgi [None req-48441489-0e90-453f-8b79-197fd7f9aa2c 51e5523ab4b0442e84b9e24ac7e4d1ab 05b8d930d0f04709acd11e1d04d24ced - - default default] 10.0.0.170 "POST /v2.0/security-group-rules HTTP/1.1" status: 201 len: 769 time: 0.2895048
2026-05-21 20:42:36.812 9 WARNING neutron_lib.context [None req-8e17f4c1-c8bf-487d-944a-68701bcc4b7f 51e5523ab4b0442e84b9e24ac7e4d1ab 05b8d930d0f04709acd11e1d04d24ced - - default default] Method 'is_advsvc' is deprecated since 2023.2 release (neutron-lib 3.8.0) and will be removed once support for the old RBAC API policies will be removed from Neutron. Please use method 'is_service_role' instead.
2026-05-21 20:42:36.896 10 INFO neutron.wsgi [None req-e92e0b4c-8357-4e15-a041-73cc44cece6a d225479571cf494f838b2423f89135fe c630ddfab35443bab7f2b3f6481e28b9 - - default default] 10.0.0.170 "PUT /v2.0/routers/df03e14d-1550-4dc3-b4ea-b346ede06af6/remove_router_interface HTTP/1.1" status: 200 len: 503 time: 1.4632926 /var/lib/openstack/lib/python3.10/site-packages/pycadf/identifier.py:71: UserWarning: Invalid uuid: neutron. To ensure interoperability, identifiers should be a valid uuid. warnings.warn(('Invalid uuid: %s. To ensure interoperability, '
2026-05-21 20:42:37.051 9 INFO neutron.wsgi [None req-b9ad34d6-680e-46f8-9f5a-f70e00a45778 d225479571cf494f838b2423f89135fe c630ddfab35443bab7f2b3f6481e28b9 - - default default] 10.0.0.170 "PUT /v2.0/routers/f27d80c7-b52d-4414-81d5-ff76dce791a3/remove_router_interface HTTP/1.1" status: 200 len: 503 time: 1.7207797
2026-05-21 20:42:37.054 10 INFO neutron.db.ovn_revision_numbers_db [None req-0bc2fed7-fd0f-4b81-82e3-5a2310703042 - - - - - -] Successfully bumped revision number for resource b1e1b4c3-8a83-49e3-9c44-f3ce95f261d6 (type: ports) to 2
2026-05-21 20:42:37.097 9 INFO neutron.wsgi [None req-9bf37c10-f005-41fc-a350-a1a28b063a92 d225479571cf494f838b2423f89135fe c630ddfab35443bab7f2b3f6481e28b9 - - default default] 10.0.0.170 "DELETE /v2.0/security-groups/ef956f76-c0aa-4cfa-b971-7b68fd1937c9 HTTP/1.1" status: 204 len: 168 time: 0.4000747
2026-05-21 20:42:37.236 10 INFO neutron.db.ovn_revision_numbers_db [None req-0bc2fed7-fd0f-4b81-82e3-5a2310703042 - - - - - -] Successfully bumped revision number for resource b1e1b4c3-8a83-49e3-9c44-f3ce95f261d6 (type: router_ports) to 2
2026-05-21 20:42:37.238 9 WARNING neutron.plugins.ml2.drivers.ovn.mech_driver.ovsdb.ovn_client [None req-b5e239f1-8ce8-44b3-a5a1-0fa2726ca751 - - - - - -] No port found with ID 94239ca2-d1ae-4ee1-8cf7-ba00a6410a5a: RuntimeError: No port found with ID 94239ca2-d1ae-4ee1-8cf7-ba00a6410a5a
2026-05-21 20:42:37.238 9 INFO neutron.plugins.ml2.drivers.ovn.mech_driver.mech_driver [None req-b5e239f1-8ce8-44b3-a5a1-0fa2726ca751 - - - - - -] OVN reports status up for port: de64f9eb-fd5e-4d95-9047-a8a4e6c487e9
2026-05-21 20:42:37.252 9 INFO neutron.plugins.ml2.plugin [None req-b5e239f1-8ce8-44b3-a5a1-0fa2726ca751 - - - - - -] Attempt 1 to provision port de64f9eb-fd5e-4d95-9047-a8a4e6c487e9
2026-05-21 20:42:37.316 9 WARNING neutron.scheduler.dhcp_agent_scheduler [None req-8e17f4c1-c8bf-487d-944a-68701bcc4b7f 51e5523ab4b0442e84b9e24ac7e4d1ab 05b8d930d0f04709acd11e1d04d24ced - - default default] No more DHCP agents
2026-05-21 20:42:37.319 9 WARNING neutron.api.rpc.agentnotifiers.dhcp_rpc_agent_api [None req-8e17f4c1-c8bf-487d-944a-68701bcc4b7f 51e5523ab4b0442e84b9e24ac7e4d1ab 05b8d930d0f04709acd11e1d04d24ced - - default default] Unable to schedule network 4932d8c9-7e3a-4d28-9b14-f57e6e03ed0d: no agents available; will retry on subsequent port and subnet creation events.
2026-05-21 20:42:37.636 9 INFO neutron.db.ovn_revision_numbers_db [None req-8e17f4c1-c8bf-487d-944a-68701bcc4b7f 51e5523ab4b0442e84b9e24ac7e4d1ab 05b8d930d0f04709acd11e1d04d24ced - - default default] Successfully bumped revision number for resource 6bdf674e-70fb-43b2-bb82-df02693edb8e (type: floatingips) to 0
2026-05-21 20:42:37.651 9 INFO neutron.wsgi [None req-8e17f4c1-c8bf-487d-944a-68701bcc4b7f 51e5523ab4b0442e84b9e24ac7e4d1ab 05b8d930d0f04709acd11e1d04d24ced - - default default] 10.0.0.170 "POST /v2.0/floatingips HTTP/1.1" status: 201 len: 751 time: 0.8455343
2026-05-21 20:42:38.069 10 INFO neutron.wsgi [None req-c6251e9d-6f06-4153-89b1-6037824f238c d225479571cf494f838b2423f89135fe c630ddfab35443bab7f2b3f6481e28b9 - - default default] 10.0.0.170 "DELETE /v2.0/routers/df03e14d-1550-4dc3-b4ea-b346ede06af6 HTTP/1.1" status: 204 len: 168 time: 1.1678805 /var/lib/openstack/lib/python3.10/site-packages/pycadf/identifier.py:71: UserWarning: Invalid uuid: neutron. To ensure interoperability, identifiers should be a valid uuid. warnings.warn(('Invalid uuid: %s. To ensure interoperability, '
2026-05-21 20:42:38.138 10 INFO neutron.wsgi [req-22bc0833-5282-44c7-815d-2b125a94b1b5 req-73bf9ccc-a828-4271-8de2-3c36078beda9 51e5523ab4b0442e84b9e24ac7e4d1ab 05b8d930d0f04709acd11e1d04d24ced - - default default] 10.0.0.222 "GET /v2.0/security-groups?name=tempest-securitygroup--541980887&fields=id&tenant_id=05b8d930d0f04709acd11e1d04d24ced HTTP/1.1" status: 200 len: 267 time: 0.0538046
2026-05-21 20:42:38.272 9 INFO neutron.wsgi [None req-57334f1b-f483-48e1-911e-14f106d58456 d225479571cf494f838b2423f89135fe c630ddfab35443bab7f2b3f6481e28b9 - - default default] 10.0.0.170 "DELETE /v2.0/subnets/cbaf222e-dde3-4232-a8ce-0191e96a850f HTTP/1.1" status: 204 len: 168 time: 0.1948833
2026-05-21 20:42:38.385 10 INFO neutron.wsgi [req-22bc0833-5282-44c7-815d-2b125a94b1b5 req-0e2e8562-1257-43d6-b7a5-40dc1f437cfa 51e5523ab4b0442e84b9e24ac7e4d1ab 05b8d930d0f04709acd11e1d04d24ced - - default default] 10.0.0.222 "GET /v2.0/networks?id=d3d65d0d-a94b-4c11-bbb8-8f137fb98d70 HTTP/1.1" status: 200 len: 883 time: 0.2362213
2026-05-21 20:42:38.417 10 INFO neutron.wsgi [req-22bc0833-5282-44c7-815d-2b125a94b1b5 req-221d7a5f-8018-4ebe-89d8-33a2bdd92aa5 51e5523ab4b0442e84b9e24ac7e4d1ab 05b8d930d0f04709acd11e1d04d24ced - - default default] 10.0.0.222 "GET /v2.0/quotas/05b8d930d0f04709acd11e1d04d24ced HTTP/1.1" status: 200 len: 386 time: 0.0202599
2026-05-21 20:42:38.448 10 INFO neutron.wsgi [None req-29cbab58-3c48-4117-bd8a-69277370d1a9 d225479571cf494f838b2423f89135fe c630ddfab35443bab7f2b3f6481e28b9 - - default default] 10.0.0.170 "DELETE /v2.0/routers/f27d80c7-b52d-4414-81d5-ff76dce791a3 HTTP/1.1" status: 204 len: 168 time: 1.3909574
2026-05-21 20:42:38.538 10 INFO neutron.wsgi [req-22bc0833-5282-44c7-815d-2b125a94b1b5 req-a3fb5c6d-6e96-44c7-bbea-44fcc75a49cf 51e5523ab4b0442e84b9e24ac7e4d1ab 05b8d930d0f04709acd11e1d04d24ced - - default default] 10.0.0.222 "GET /v2.0/ports?tenant_id=05b8d930d0f04709acd11e1d04d24ced&fields=id HTTP/1.1" status: 200 len: 302 time: 0.1136315
2026-05-21 20:42:38.743 9 INFO neutron.wsgi [None req-c5161bab-ec44-4b05-af2b-ec3d59219aad d225479571cf494f838b2423f89135fe c630ddfab35443bab7f2b3f6481e28b9 - - default default] 10.0.0.170 "DELETE /v2.0/subnets/a3d16505-c1f9-40cd-ab0e-72e228270997 HTTP/1.1" status: 204 len: 168 time: 0.2858114
2026-05-21 20:42:38.794 9 INFO neutron.wsgi [None req-e9ebc8c0-d313-46f3-aafd-c77acff18ebf d225479571cf494f838b2423f89135fe c630ddfab35443bab7f2b3f6481e28b9 - - default default] 10.0.0.170 "DELETE /v2.0/networks/7b5d7c7f-6d7e-40c9-811f-d5efd03923c8 HTTP/1.1" status: 204 len: 168 time: 0.5182643
2026-05-21 20:42:39.051 9 INFO neutron.wsgi [None req-3b389168-52fc-4c6b-8ee8-36b8d77880b1 d225479571cf494f838b2423f89135fe c630ddfab35443bab7f2b3f6481e28b9 - - default default] 10.0.0.170 "GET /v2.0/security-groups?tenant_id=8cdd78401b2d46fbbb43b69793d28a30&name=default HTTP/1.1" status: 200 len: 2992 time: 0.0461862
2026-05-21 20:42:39.173 10 INFO neutron.wsgi [req-22bc0833-5282-44c7-815d-2b125a94b1b5 req-6e77efd4-ff9a-42f2-a205-f73a196a00a9 69d4311732694ce3beae4333b61e2427 2a9faab92e384d0da575fc126fdc5b0b - - 4e12037ead924f5c973c3cd06db7653e 4e12037ead924f5c973c3cd06db7653e] 10.0.0.222 "GET /v2.0/extensions HTTP/1.1" status: 200 len: 16980 time: 0.2496133
2026-05-21 20:42:39.220 9 INFO neutron.wsgi [None req-25b45860-1cb3-4238-acbc-4ab2c86307f7 d225479571cf494f838b2423f89135fe c630ddfab35443bab7f2b3f6481e28b9 - - default default] 10.0.0.170 "DELETE /v2.0/networks/4f168cf2-ebd4-47cf-aa62-8a7ea9ff2e87 HTTP/1.1" status: 204 len: 168 time: 0.4731505
2026-05-21 20:42:39.244 9 INFO neutron.services.segments.plugin [-] Segment 3885e69c-3152-40e5-a147-a1281cece432 resource provider aggregate not found
2026-05-21 20:42:39.251 9 INFO neutron.services.segments.plugin [-] Segment 3885e69c-3152-40e5-a147-a1281cece432 resource provider aggregate not found
2026-05-21 20:42:39.255 10 INFO neutron.wsgi [req-22bc0833-5282-44c7-815d-2b125a94b1b5 req-47c975b4-4d22-4457-8a13-351de598a70d 69d4311732694ce3beae4333b61e2427 2a9faab92e384d0da575fc126fdc5b0b - - 4e12037ead924f5c973c3cd06db7653e 4e12037ead924f5c973c3cd06db7653e] 10.0.0.222 "GET /v2.0/networks/d3d65d0d-a94b-4c11-bbb8-8f137fb98d70?fields=segments HTTP/1.1" status: 200 len: 212 time: 0.0754352
2026-05-21 20:42:39.260 9 INFO neutron.services.segments.plugin [-] Segment 3885e69c-3152-40e5-a147-a1281cece432 resource provider not found; error: Placement Client Error (4xx): {"errors": [{"status": 404, "title": "Not Found", "detail": "The resource could not be found.\n\n No resource provider with uuid 3885e69c-3152-40e5-a147-a1281cece432 found for delete ", "request_id": "req-71649241-e5e0-44b6-b94e-1cac6904adc5"}]}
2026-05-21 20:42:39.267 9 INFO neutron.services.segments.plugin [-] Segment 3885e69c-3152-40e5-a147-a1281cece432 resource provider not found; error: Placement Client Error (4xx): {"errors": [{"status": 404, "title": "Not Found", "detail": "The resource could not be found.\n\n No resource provider with uuid 3885e69c-3152-40e5-a147-a1281cece432 found for delete ", "request_id": "req-6f505c62-1ec3-4567-b24d-d650729af8d6"}]}
2026-05-21 20:42:39.336 10 INFO neutron.wsgi [req-22bc0833-5282-44c7-815d-2b125a94b1b5 req-cf68dc36-5a96-4889-b3f1-99ccd82466f3 69d4311732694ce3beae4333b61e2427 2a9faab92e384d0da575fc126fdc5b0b - - 4e12037ead924f5c973c3cd06db7653e 4e12037ead924f5c973c3cd06db7653e] 10.0.0.222 "GET /v2.0/networks/d3d65d0d-a94b-4c11-bbb8-8f137fb98d70?fields=provider%3Aphysical_network&fields=provider%3Anetwork_type HTTP/1.1" status: 200 len: 277 time: 0.0746031
2026-05-21 20:42:39.400 10 INFO neutron.wsgi [None req-04a5f1e5-46e9-42c9-b172-c937bea78e9f d225479571cf494f838b2423f89135fe c630ddfab35443bab7f2b3f6481e28b9 - - default default] 10.0.0.170 "DELETE /v2.0/security-groups/443efe94-f7c6-4fbc-a746-87983996a95a HTTP/1.1" status: 204 len: 168 time: 0.3431678
2026-05-21 20:42:39.471 10 INFO neutron.wsgi [None req-95a54e35-0fb4-41c3-b60c-3001d83a09c9 d225479571cf494f838b2423f89135fe c630ddfab35443bab7f2b3f6481e28b9 - - default default] 10.0.0.170 "GET /v2.0/security-groups?tenant_id=381c5a25b7b74ee687bab10ff741ce87&name=default HTTP/1.1" status: 200 len: 2992 time: 0.0383456
2026-05-21 20:42:39.563 10 INFO neutron.wsgi [req-92ca8c2b-9edd-464c-9503-430eecf8d34f req-0e0fde81-0be1-4a3f-944c-fb9d104d2672 51e5523ab4b0442e84b9e24ac7e4d1ab 05b8d930d0f04709acd11e1d04d24ced - - default default] 10.0.0.222 "GET /v2.0/ports?device_id=9f27008a-471e-48d3-9abd-a80d1ca48674 HTTP/1.1" status: 200 len: 210 time: 0.0388329
2026-05-21 20:42:39.719 9 INFO neutron.wsgi [None req-f8aa674c-1220-4714-a285-a6591e358145 d225479571cf494f838b2423f89135fe c630ddfab35443bab7f2b3f6481e28b9 - - default default] 10.0.0.170 "DELETE /v2.0/security-groups/e503e155-bc70-49da-bf2e-fac9d7d0d213 HTTP/1.1" status: 204 len: 168 time: 0.2416160
2026-05-21 20:42:39.916 10 INFO neutron.db.ovn_revision_numbers_db [None req-4a3fea8d-43cf-4bd6-992e-c108070b1e28 d225479571cf494f838b2423f89135fe c630ddfab35443bab7f2b3f6481e28b9 - - default default] Successfully bumped revision number for resource 42b9cc5b-6b25-4d62-a8b2-f7bbbcf5ab9f (type: security_groups) to 1
2026-05-21 20:42:39.928 10 INFO neutron.db.ovn_revision_numbers_db [None req-4a3fea8d-43cf-4bd6-992e-c108070b1e28 d225479571cf494f838b2423f89135fe c630ddfab35443bab7f2b3f6481e28b9 - - default default] Successfully bumped revision number for resource 3631dbe6-a81a-4b48-9d46-3b02456ddd5f (type: security_group_rules) to 0
2026-05-21 20:42:39.940 10 INFO neutron.db.ovn_revision_numbers_db [None req-4a3fea8d-43cf-4bd6-992e-c108070b1e28 d225479571cf494f838b2423f89135fe c630ddfab35443bab7f2b3f6481e28b9 - - default default] Successfully bumped revision number for resource 8bd75017-c8f8-43c0-b418-7ceee36944db (type: security_group_rules) to 0
2026-05-21 20:42:39.959 10 INFO neutron.db.ovn_revision_numbers_db [None req-4a3fea8d-43cf-4bd6-992e-c108070b1e28 d225479571cf494f838b2423f89135fe c630ddfab35443bab7f2b3f6481e28b9 - - default default] Successfully bumped revision number for resource a5ed609a-0b42-4288-8f7a-b42b3182b866 (type: security_group_rules) to 0
2026-05-21 20:42:39.975 10 INFO neutron.db.ovn_revision_numbers_db [None req-4a3fea8d-43cf-4bd6-992e-c108070b1e28 d225479571cf494f838b2423f89135fe c630ddfab35443bab7f2b3f6481e28b9 - - default default] Successfully bumped revision number for resource c4c97f73-8358-4372-b272-542ae6ab154e (type: security_group_rules) to 0
2026-05-21 20:42:39.998 10 INFO neutron.wsgi [None req-4a3fea8d-43cf-4bd6-992e-c108070b1e28 d225479571cf494f838b2423f89135fe c630ddfab35443bab7f2b3f6481e28b9 - - default default] 10.0.0.170 "GET /v2.0/security-groups?tenant_id=c2f87717b2a342b8933536f059a2cd70&name=default HTTP/1.1" status: 200 len: 2996 time: 0.3536522
2026-05-21 20:42:40.224 10 INFO neutron.wsgi [None req-9ad81ec2-1a88-417d-824b-9dc697a86abe d225479571cf494f838b2423f89135fe c630ddfab35443bab7f2b3f6481e28b9 - - default default] 10.0.0.170 "DELETE /v2.0/security-groups/42b9cc5b-6b25-4d62-a8b2-f7bbbcf5ab9f HTTP/1.1" status: 204 len: 168 time: 0.2200894
2026-05-21 20:42:40.834 10 INFO neutron.wsgi [req-84391ce5-4f41-40dc-af72-54f7dfa8603b req-ef07c7a3-c470-42c4-b99a-55cca65db7bb 51e5523ab4b0442e84b9e24ac7e4d1ab 05b8d930d0f04709acd11e1d04d24ced - - default default] 10.0.0.222 "GET /v2.0/ports?device_id=9f27008a-471e-48d3-9abd-a80d1ca48674 HTTP/1.1" status: 200 len: 210 time: 0.0224564
2026-05-21 20:42:41.282 9 INFO neutron.services.segments.plugin [-] Segment f1495b6b-da83-45c1-a3b6-110d96f1be54 resource provider aggregate not found
2026-05-21 20:42:41.293 9 INFO neutron.services.segments.plugin [-] Segment f1495b6b-da83-45c1-a3b6-110d96f1be54 resource provider aggregate not found
2026-05-21 20:42:41.300 9 INFO neutron.wsgi [req-22bc0833-5282-44c7-815d-2b125a94b1b5 req-33f46269-3799-43d7-8e0a-12b0fb85b2e0 51e5523ab4b0442e84b9e24ac7e4d1ab 05b8d930d0f04709acd11e1d04d24ced - - default default] 199.19.213.31 "GET /v2.0/networks?id=d3d65d0d-a94b-4c11-bbb8-8f137fb98d70 HTTP/1.1" status: 200 len: 883 time: 0.3033562
2026-05-21 20:42:41.301 9 INFO neutron.services.segments.plugin [-] Segment f1495b6b-da83-45c1-a3b6-110d96f1be54 resource provider not found; error: Placement Client Error (4xx): {"errors": [{"status": 404, "title": "Not Found", "detail": "The resource could not be found.\n\n No resource provider with uuid f1495b6b-da83-45c1-a3b6-110d96f1be54 found for delete ", "request_id": "req-083cfdf3-f4ca-4d98-8415-56db931ea1f7"}]}
2026-05-21 20:42:41.305 9 INFO neutron.services.segments.plugin [-] Segment f1495b6b-da83-45c1-a3b6-110d96f1be54 resource provider not found; error: Placement Client Error (4xx): {"errors": [{"status": 404, "title": "Not Found", "detail": "The resource could not be found.\n\n No resource provider with uuid f1495b6b-da83-45c1-a3b6-110d96f1be54 found for delete ", "request_id": "req-12f8520f-b831-431c-9c80-b27d2a8bdca1"}]}
2026-05-21 20:42:41.374 9 INFO neutron.wsgi [req-22bc0833-5282-44c7-815d-2b125a94b1b5 req-61d9c6c8-11de-4b13-8bda-d291a9597899 51e5523ab4b0442e84b9e24ac7e4d1ab 05b8d930d0f04709acd11e1d04d24ced - - default default] 199.19.213.31 "GET /v2.0/security-groups?fields=id&fields=name&tenant_id=05b8d930d0f04709acd11e1d04d24ced HTTP/1.1" status: 200 len: 379 time: 0.0566592
2026-05-21 20:42:41.382 9 WARNING neutron_lib.context [req-22bc0833-5282-44c7-815d-2b125a94b1b5 req-db0daf04-a2ea-453f-8abe-005d9c21c464 51e5523ab4b0442e84b9e24ac7e4d1ab 05b8d930d0f04709acd11e1d04d24ced - - default default] Method 'is_advsvc' is deprecated since 2023.2 release (neutron-lib 3.8.0) and will be removed once support for the old RBAC API policies will be removed from Neutron. Please use method 'is_service_role' instead.
2026-05-21 20:42:41.573 9 INFO neutron.db.ovn_revision_numbers_db [None req-8e5558e3-3d74-4144-9da2-99ef15dd4148 d225479571cf494f838b2423f89135fe c630ddfab35443bab7f2b3f6481e28b9 - - default default] Successfully bumped revision number for resource 7b1f55c7-da73-4a2a-94de-f206eb6caebc (type: security_groups) to 1
2026-05-21 20:42:41.604 9 INFO neutron.db.ovn_revision_numbers_db [None req-8e5558e3-3d74-4144-9da2-99ef15dd4148 d225479571cf494f838b2423f89135fe c630ddfab35443bab7f2b3f6481e28b9 - - default default] Successfully bumped revision number for resource 9b81ad6d-fa11-428b-91ca-0980f6298175 (type: security_group_rules) to 0
2026-05-21 20:42:41.628 9 INFO neutron.db.ovn_revision_numbers_db [None req-8e5558e3-3d74-4144-9da2-99ef15dd4148 d225479571cf494f838b2423f89135fe c630ddfab35443bab7f2b3f6481e28b9 - - default default] Successfully bumped revision number for resource c25617a8-d06d-4e1a-b95f-88a4f6abd1fb (type: security_group_rules) to 0
2026-05-21 20:42:41.656 10 INFO neutron.db.ovn_revision_numbers_db [None req-3c346150-2c18-4f03-ba89-0bfe5b85cdda d225479571cf494f838b2423f89135fe c630ddfab35443bab7f2b3f6481e28b9 - - default default] Successfully bumped revision number for resource 17ea07b9-94cb-44a2-bc7e-6cf403c7900b (type: security_groups) to 1
2026-05-21 20:42:41.662 9 INFO neutron.db.ovn_revision_numbers_db [None req-8e5558e3-3d74-4144-9da2-99ef15dd4148 d225479571cf494f838b2423f89135fe c630ddfab35443bab7f2b3f6481e28b9 - - default default] Successfully bumped revision number for resource f42cf51d-68e6-430c-9900-ac4c71f2fe60 (type: security_group_rules) to 0
2026-05-21 20:42:41.672 10 INFO neutron.db.ovn_revision_numbers_db [None req-3c346150-2c18-4f03-ba89-0bfe5b85cdda d225479571cf494f838b2423f89135fe c630ddfab35443bab7f2b3f6481e28b9 - - default default] Successfully bumped revision number for resource 45e4fa73-d427-4270-8dee-db5dc0522ac1 (type: security_group_rules) to 0
2026-05-21 20:42:41.679 9 INFO neutron.db.ovn_revision_numbers_db [None req-8e5558e3-3d74-4144-9da2-99ef15dd4148 d225479571cf494f838b2423f89135fe c630ddfab35443bab7f2b3f6481e28b9 - - default default] Successfully bumped revision number for resource f7a49c04-544d-4db6-b776-470a12b175b9 (type: security_group_rules) to 0
2026-05-21 20:42:41.704 10 INFO neutron.db.ovn_revision_numbers_db [None req-3c346150-2c18-4f03-ba89-0bfe5b85cdda d225479571cf494f838b2423f89135fe c630ddfab35443bab7f2b3f6481e28b9 - - default default] Successfully bumped revision number for resource 690c64f6-23e3-4df5-ab7a-37ca82b281eb (type: security_group_rules) to 0
2026-05-21 20:42:41.838 10 INFO neutron.db.ovn_revision_numbers_db [None req-3c346150-2c18-4f03-ba89-0bfe5b85cdda d225479571cf494f838b2423f89135fe c630ddfab35443bab7f2b3f6481e28b9 - - default default] Successfully bumped revision number for resource 707cc805-1622-46d5-954c-7537861c19fb (type: security_group_rules) to 0
2026-05-21 20:42:41.862 10 INFO neutron.db.ovn_revision_numbers_db [None req-3c346150-2c18-4f03-ba89-0bfe5b85cdda d225479571cf494f838b2423f89135fe c630ddfab35443bab7f2b3f6481e28b9 - - default default] Successfully bumped revision number for resource 8e07b2b6-fe86-48f7-9836-205224194600 (type: security_group_rules) to 0
2026-05-21 20:42:41.891 9 INFO neutron.db.segments_db [None req-8e5558e3-3d74-4144-9da2-99ef15dd4148 d225479571cf494f838b2423f89135fe c630ddfab35443bab7f2b3f6481e28b9 - - default default] Added segment 280cfb84-aa02-4f6b-9e25-8d922df52629 of type geneve for network 6de52d32-e15a-4c5d-9d28-60c0396d1262
2026-05-21 20:42:41.926 10 INFO neutron.db.segments_db [None req-3c346150-2c18-4f03-ba89-0bfe5b85cdda d225479571cf494f838b2423f89135fe c630ddfab35443bab7f2b3f6481e28b9 - - default default] Added segment db3393f6-ac23-41ac-a48a-6daf46a3a37f of type geneve for network 029cc365-1e2b-4281-a510-cb202e21d602
2026-05-21 20:42:41.937 9 WARNING neutron.scheduler.dhcp_agent_scheduler [req-22bc0833-5282-44c7-815d-2b125a94b1b5 req-db0daf04-a2ea-453f-8abe-005d9c21c464 51e5523ab4b0442e84b9e24ac7e4d1ab 05b8d930d0f04709acd11e1d04d24ced - - default default] No more DHCP agents
2026-05-21 20:42:41.950 9 WARNING neutron.api.rpc.agentnotifiers.dhcp_rpc_agent_api [req-22bc0833-5282-44c7-815d-2b125a94b1b5 req-db0daf04-a2ea-453f-8abe-005d9c21c464 51e5523ab4b0442e84b9e24ac7e4d1ab 05b8d930d0f04709acd11e1d04d24ced - - default default] Unable to schedule network d3d65d0d-a94b-4c11-bbb8-8f137fb98d70: no agents available; will retry on subsequent port and subnet creation events.
2026-05-21 20:42:42.070 9 INFO neutron.db.ovn_revision_numbers_db [None req-8e5558e3-3d74-4144-9da2-99ef15dd4148 d225479571cf494f838b2423f89135fe c630ddfab35443bab7f2b3f6481e28b9 - - default default] Successfully bumped revision number for resource 6de52d32-e15a-4c5d-9d28-60c0396d1262 (type: networks) to 1
2026-05-21 20:42:42.104 10 INFO neutron.wsgi [req-aa00225e-ced9-409f-a4b2-3f481d9d98f2 req-271c38a9-03af-4910-8aed-36c9b058236c 51e5523ab4b0442e84b9e24ac7e4d1ab 05b8d930d0f04709acd11e1d04d24ced - - default default] 10.0.0.222 "GET /v2.0/ports?device_id=9f27008a-471e-48d3-9abd-a80d1ca48674 HTTP/1.1" status: 200 len: 1156 time: 0.0702164
2026-05-21 20:42:42.105 10 INFO neutron.db.ovn_revision_numbers_db [None req-3c346150-2c18-4f03-ba89-0bfe5b85cdda d225479571cf494f838b2423f89135fe c630ddfab35443bab7f2b3f6481e28b9 - - default default] Successfully bumped revision number for resource 029cc365-1e2b-4281-a510-cb202e21d602 (type: networks) to 1
2026-05-21 20:42:42.196 9 INFO neutron.db.ovn_revision_numbers_db [req-22bc0833-5282-44c7-815d-2b125a94b1b5 req-db0daf04-a2ea-453f-8abe-005d9c21c464 51e5523ab4b0442e84b9e24ac7e4d1ab 05b8d930d0f04709acd11e1d04d24ced - - default default] Successfully bumped revision number for resource c9a47dea-6caf-4219-b7e8-cc91a9ce5d7c (type: ports) to 1
2026-05-21 20:42:42.204 10 INFO neutron.wsgi [req-aa00225e-ced9-409f-a4b2-3f481d9d98f2 req-80c2d54b-8467-40fb-9369-235cd5b44cec 51e5523ab4b0442e84b9e24ac7e4d1ab 05b8d930d0f04709acd11e1d04d24ced - - default default] 10.0.0.222 "GET /v2.0/security-groups?id=32accfcd-7bd1-402e-ba4c-ee2afc21f845&fields=id&fields=name HTTP/1.1" status: 200 len: 312 time: 0.0905328
2026-05-21 20:42:42.240 9 INFO neutron.wsgi [req-22bc0833-5282-44c7-815d-2b125a94b1b5 req-db0daf04-a2ea-453f-8abe-005d9c21c464 51e5523ab4b0442e84b9e24ac7e4d1ab 05b8d930d0f04709acd11e1d04d24ced - - default default] 199.19.213.31 "POST /v2.0/ports HTTP/1.1" status: 201 len: 1158 time: 0.8635004 /var/lib/openstack/lib/python3.10/site-packages/pycadf/identifier.py:71: UserWarning: Invalid uuid: neutron. To ensure interoperability, identifiers should be a valid uuid. warnings.warn(('Invalid uuid: %s. To ensure interoperability, '
2026-05-21 20:42:42.252 9 INFO neutron.wsgi [req-22bc0833-5282-44c7-815d-2b125a94b1b5 req-fd5374af-b9c8-41c1-b2a6-7ccf2e4e5bca 51e5523ab4b0442e84b9e24ac7e4d1ab 05b8d930d0f04709acd11e1d04d24ced - - default default] 199.19.213.31 "GET /v2.0/extensions HTTP/1.1" status: 200 len: 16980 time: 0.0074027
2026-05-21 20:42:42.264 9 WARNING neutron.scheduler.dhcp_agent_scheduler [None req-8e5558e3-3d74-4144-9da2-99ef15dd4148 d225479571cf494f838b2423f89135fe c630ddfab35443bab7f2b3f6481e28b9 - - default default] No more DHCP agents
2026-05-21 20:42:42.266 9 WARNING neutron.api.rpc.agentnotifiers.dhcp_rpc_agent_api [None req-8e5558e3-3d74-4144-9da2-99ef15dd4148 d225479571cf494f838b2423f89135fe c630ddfab35443bab7f2b3f6481e28b9 - - default default] Unable to schedule network 6de52d32-e15a-4c5d-9d28-60c0396d1262: no agents available; will retry on subsequent port and subnet creation events.
2026-05-21 20:42:42.281 10 WARNING neutron.scheduler.dhcp_agent_scheduler [None req-3c346150-2c18-4f03-ba89-0bfe5b85cdda d225479571cf494f838b2423f89135fe c630ddfab35443bab7f2b3f6481e28b9 - - default default] No more DHCP agents
2026-05-21 20:42:42.283 10 WARNING neutron.api.rpc.agentnotifiers.dhcp_rpc_agent_api [None req-3c346150-2c18-4f03-ba89-0bfe5b85cdda d225479571cf494f838b2423f89135fe c630ddfab35443bab7f2b3f6481e28b9 - - default default] Unable to schedule network 029cc365-1e2b-4281-a510-cb202e21d602: no agents available; will retry on subsequent port and subnet creation events.
2026-05-21 20:42:42.356 9 INFO neutron.db.ovn_revision_numbers_db [None req-8e5558e3-3d74-4144-9da2-99ef15dd4148 d225479571cf494f838b2423f89135fe c630ddfab35443bab7f2b3f6481e28b9 - - default default] Successfully bumped revision number for resource dbfad9bf-521a-4b16-bed1-8d90a2da7fe6 (type: ports) to 1
2026-05-21 20:42:42.378 10 INFO neutron.db.ovn_revision_numbers_db [None req-3c346150-2c18-4f03-ba89-0bfe5b85cdda d225479571cf494f838b2423f89135fe c630ddfab35443bab7f2b3f6481e28b9 - - default default] Successfully bumped revision number for resource fce3f67e-9992-49bd-9ee5-1fa13aa910f1 (type: ports) to 1
2026-05-21 20:42:42.382 9 INFO neutron.wsgi [None req-8e5558e3-3d74-4144-9da2-99ef15dd4148 d225479571cf494f838b2423f89135fe c630ddfab35443bab7f2b3f6481e28b9 - - default default] 10.0.0.170 "POST /v2.0/networks HTTP/1.1" status: 201 len: 947 time: 1.1570821
2026-05-21 20:42:42.411 10 INFO neutron.wsgi [None req-3c346150-2c18-4f03-ba89-0bfe5b85cdda d225479571cf494f838b2423f89135fe c630ddfab35443bab7f2b3f6481e28b9 - - default default] 10.0.0.170 "POST /v2.0/networks HTTP/1.1" status: 201 len: 945 time: 0.9849634
2026-05-21 20:42:42.531 10 WARNING neutron.scheduler.dhcp_agent_scheduler [None req-cde93f55-dc0f-475a-88e5-3fa3ab896ed0 d225479571cf494f838b2423f89135fe c630ddfab35443bab7f2b3f6481e28b9 - - default default] No more DHCP agents
2026-05-21 20:42:42.534 10 WARNING neutron.api.rpc.agentnotifiers.dhcp_rpc_agent_api [None req-cde93f55-dc0f-475a-88e5-3fa3ab896ed0 d225479571cf494f838b2423f89135fe c630ddfab35443bab7f2b3f6481e28b9 - - default default] Unable to schedule network 6de52d32-e15a-4c5d-9d28-60c0396d1262: no agents available; will retry on subsequent port and subnet creation events.
2026-05-21 20:42:42.538 9 WARNING neutron.scheduler.dhcp_agent_scheduler [None req-055c3e8c-7da6-45cf-a25b-ea7335852acd d225479571cf494f838b2423f89135fe c630ddfab35443bab7f2b3f6481e28b9 - - default default] No more DHCP agents
2026-05-21 20:42:42.541 9 WARNING neutron.api.rpc.agentnotifiers.dhcp_rpc_agent_api [None req-055c3e8c-7da6-45cf-a25b-ea7335852acd d225479571cf494f838b2423f89135fe c630ddfab35443bab7f2b3f6481e28b9 - - default default] Unable to schedule network 029cc365-1e2b-4281-a510-cb202e21d602: no agents available; will retry on subsequent port and subnet creation events.
2026-05-21 20:42:42.700 10 WARNING neutron.plugins.ml2.drivers.ovn.mech_driver.ovsdb.ovn_client [None req-0bc2fed7-fd0f-4b81-82e3-5a2310703042 - - - - - -] No hosting information found for port b1e1b4c3-8a83-49e3-9c44-f3ce95f261d6: RuntimeError: No hosting information found for port b1e1b4c3-8a83-49e3-9c44-f3ce95f261d6
2026-05-21 20:42:43.103 9 INFO neutron.db.ovn_revision_numbers_db [None req-055c3e8c-7da6-45cf-a25b-ea7335852acd d225479571cf494f838b2423f89135fe c630ddfab35443bab7f2b3f6481e28b9 - - default default] Successfully bumped revision number for resource fce3f67e-9992-49bd-9ee5-1fa13aa910f1 (type: ports) to 2
2026-05-21 20:42:43.123 10 INFO neutron.db.ovn_revision_numbers_db [None req-cde93f55-dc0f-475a-88e5-3fa3ab896ed0 d225479571cf494f838b2423f89135fe c630ddfab35443bab7f2b3f6481e28b9 - - default default] Successfully bumped revision number for resource dbfad9bf-521a-4b16-bed1-8d90a2da7fe6 (type: ports) to 2
2026-05-21 20:42:43.153 10 INFO neutron.db.ovn_revision_numbers_db [None req-cde93f55-dc0f-475a-88e5-3fa3ab896ed0 d225479571cf494f838b2423f89135fe c630ddfab35443bab7f2b3f6481e28b9 - - default default] Successfully bumped revision number for resource ccf48904-af72-418d-912b-e8061fa17377 (type: subnets) to 0
2026-05-21 20:42:43.178 10 INFO neutron.wsgi [None req-cde93f55-dc0f-475a-88e5-3fa3ab896ed0 d225479571cf494f838b2423f89135fe c630ddfab35443bab7f2b3f6481e28b9 - - default default] 10.0.0.170 "POST /v2.0/subnets HTTP/1.1" status: 201 len: 868 time: 0.7925494
2026-05-21 20:42:43.179 9 INFO neutron.db.ovn_revision_numbers_db [None req-055c3e8c-7da6-45cf-a25b-ea7335852acd d225479571cf494f838b2423f89135fe c630ddfab35443bab7f2b3f6481e28b9 - - default default] Successfully bumped revision number for resource 4bb0c3a4-6476-4137-ae4a-d7c79a3ec9e9 (type: subnets) to 0
2026-05-21 20:42:43.203 9 INFO neutron.wsgi [None req-055c3e8c-7da6-45cf-a25b-ea7335852acd d225479571cf494f838b2423f89135fe c630ddfab35443bab7f2b3f6481e28b9 - - default default] 10.0.0.170 "POST /v2.0/subnets HTTP/1.1" status: 201 len: 865 time: 0.7868986
