2026-05-21 20:47:08.324 10 INFO neutron.wsgi [req-b9e527ee-c7ea-41a8-ad54-d54725efa989 req-3d5712b9-0ace-40ac-a39e-345e6864aeaa af748aa8c6d048e9909fb39888e3bc5c c8a7ce15d18741f3ba39c8122d0ef995 - - default default] 10.0.0.222 "GET /v2.0/networks?id=93a585dc-da8b-4105-b011-c32c09cfb564 HTTP/1.1" status: 200 len: 903 time: 0.0729308
2026-05-21 20:47:08.346 10 INFO neutron.wsgi [req-b9e527ee-c7ea-41a8-ad54-d54725efa989 req-687aa160-7da5-4dbc-9d69-6e2c605956e9 af748aa8c6d048e9909fb39888e3bc5c c8a7ce15d18741f3ba39c8122d0ef995 - - default default] 10.0.0.222 "GET /v2.0/quotas/c8a7ce15d18741f3ba39c8122d0ef995 HTTP/1.1" status: 200 len: 386 time: 0.0125599
2026-05-21 20:47:08.386 9 WARNING neutron.plugins.ml2.drivers.ovn.mech_driver.ovsdb.ovn_client [None req-b5e239f1-8ce8-44b3-a5a1-0fa2726ca751 - - - - - -] No hosting information found for port b1be8b54-3983-408a-8300-6a5a72f3ba86: RuntimeError: No hosting information found for port b1be8b54-3983-408a-8300-6a5a72f3ba86
2026-05-21 20:47:08.387 9 INFO neutron.plugins.ml2.drivers.ovn.mech_driver.mech_driver [None req-b5e239f1-8ce8-44b3-a5a1-0fa2726ca751 - - - - - -] OVN reports status up for port: 10f0ec37-2755-410f-9324-f61801def311
2026-05-21 20:47:08.394 9 INFO neutron.plugins.ml2.plugin [None req-b5e239f1-8ce8-44b3-a5a1-0fa2726ca751 - - - - - -] Attempt 1 to provision port 10f0ec37-2755-410f-9324-f61801def311
2026-05-21 20:47:08.592 10 INFO neutron.wsgi [req-b9e527ee-c7ea-41a8-ad54-d54725efa989 req-3167809d-c884-4e56-86d4-0d5995e8e6fc af748aa8c6d048e9909fb39888e3bc5c c8a7ce15d18741f3ba39c8122d0ef995 - - default default] 10.0.0.222 "GET /v2.0/ports?tenant_id=c8a7ce15d18741f3ba39c8122d0ef995&fields=id HTTP/1.1" status: 200 len: 486 time: 0.2389805
2026-05-21 20:47:08.667 10 INFO neutron.wsgi [req-b9e527ee-c7ea-41a8-ad54-d54725efa989 req-f5542323-e790-4986-a9cc-0deb6d13f7b0 69d4311732694ce3beae4333b61e2427 2a9faab92e384d0da575fc126fdc5b0b - - 4e12037ead924f5c973c3cd06db7653e 4e12037ead924f5c973c3cd06db7653e] 10.0.0.222 "GET /v2.0/networks/93a585dc-da8b-4105-b011-c32c09cfb564?fields=segments HTTP/1.1" status: 200 len: 212 time: 0.0607934
2026-05-21 20:47:08.681 9 INFO neutron.db.ovn_revision_numbers_db [None req-b5e239f1-8ce8-44b3-a5a1-0fa2726ca751 - - - - - -] Successfully bumped revision number for resource 10f0ec37-2755-410f-9324-f61801def311 (type: ports) to 2
2026-05-21 20:47:08.735 10 INFO neutron.wsgi [req-b9e527ee-c7ea-41a8-ad54-d54725efa989 req-233f456a-dc43-4472-90b8-6a47cc199f72 69d4311732694ce3beae4333b61e2427 2a9faab92e384d0da575fc126fdc5b0b - - 4e12037ead924f5c973c3cd06db7653e 4e12037ead924f5c973c3cd06db7653e] 10.0.0.222 "GET /v2.0/networks/93a585dc-da8b-4105-b011-c32c09cfb564?fields=provider%3Aphysical_network&fields=provider%3Anetwork_type HTTP/1.1" status: 200 len: 277 time: 0.0605445
2026-05-21 20:47:08.755 9 INFO neutron.db.ovn_revision_numbers_db [None req-b5e239f1-8ce8-44b3-a5a1-0fa2726ca751 - - - - - -] Successfully bumped revision number for resource 10f0ec37-2755-410f-9324-f61801def311 (type: router_ports) to 2
2026-05-21 20:47:08.876 10 INFO neutron.wsgi [req-e6f1448f-988c-4dd1-8ecf-301f48ca1d16 req-1c6cf9dd-379a-432c-8226-000cf92c6cf4 af748aa8c6d048e9909fb39888e3bc5c c8a7ce15d18741f3ba39c8122d0ef995 - - default default] 10.0.0.222 "GET /v2.0/ports?device_id=effd13e8-8a19-48e0-8bc8-769c05e66dc6 HTTP/1.1" status: 200 len: 210 time: 0.0246089
2026-05-21 20:47:09.685 9 INFO neutron.wsgi [req-b9e527ee-c7ea-41a8-ad54-d54725efa989 req-0b1a5a42-12e9-4390-b268-12a61609e175 af748aa8c6d048e9909fb39888e3bc5c c8a7ce15d18741f3ba39c8122d0ef995 - - default default] 199.19.213.31 "GET /v2.0/networks?id=93a585dc-da8b-4105-b011-c32c09cfb564 HTTP/1.1" status: 200 len: 903 time: 0.0823770
2026-05-21 20:47:09.738 9 INFO neutron.wsgi [req-b9e527ee-c7ea-41a8-ad54-d54725efa989 req-46f30223-59c7-4a2e-ae75-87b1a2fb268d af748aa8c6d048e9909fb39888e3bc5c c8a7ce15d18741f3ba39c8122d0ef995 - - default default] 199.19.213.31 "GET /v2.0/security-groups?fields=id&fields=name&tenant_id=c8a7ce15d18741f3ba39c8122d0ef995 HTTP/1.1" status: 200 len: 377 time: 0.0481825
2026-05-21 20:47:09.747 9 WARNING neutron_lib.context [req-b9e527ee-c7ea-41a8-ad54-d54725efa989 req-800dd49f-c815-4505-b6e4-8a10bbb488ec af748aa8c6d048e9909fb39888e3bc5c c8a7ce15d18741f3ba39c8122d0ef995 - - default default] Method 'is_advsvc' is deprecated since 2023.2 release (neutron-lib 3.8.0) and will be removed once support for the old RBAC API policies will be removed from Neutron. Please use method 'is_service_role' instead.
2026-05-21 20:47:10.127 9 WARNING neutron.scheduler.dhcp_agent_scheduler [req-b9e527ee-c7ea-41a8-ad54-d54725efa989 req-800dd49f-c815-4505-b6e4-8a10bbb488ec af748aa8c6d048e9909fb39888e3bc5c c8a7ce15d18741f3ba39c8122d0ef995 - - default default] No more DHCP agents
2026-05-21 20:47:10.129 9 WARNING neutron.api.rpc.agentnotifiers.dhcp_rpc_agent_api [req-b9e527ee-c7ea-41a8-ad54-d54725efa989 req-800dd49f-c815-4505-b6e4-8a10bbb488ec af748aa8c6d048e9909fb39888e3bc5c c8a7ce15d18741f3ba39c8122d0ef995 - - default default] Unable to schedule network 93a585dc-da8b-4105-b011-c32c09cfb564: no agents available; will retry on subsequent port and subnet creation events.
2026-05-21 20:47:10.307 9 INFO neutron.db.ovn_revision_numbers_db [req-b9e527ee-c7ea-41a8-ad54-d54725efa989 req-800dd49f-c815-4505-b6e4-8a10bbb488ec af748aa8c6d048e9909fb39888e3bc5c c8a7ce15d18741f3ba39c8122d0ef995 - - default default] Successfully bumped revision number for resource 53cfca99-5c24-40c0-9412-904a867837ff (type: ports) to 1
2026-05-21 20:47:10.331 9 INFO neutron.wsgi [req-b9e527ee-c7ea-41a8-ad54-d54725efa989 req-800dd49f-c815-4505-b6e4-8a10bbb488ec af748aa8c6d048e9909fb39888e3bc5c c8a7ce15d18741f3ba39c8122d0ef995 - - default default] 199.19.213.31 "POST /v2.0/ports HTTP/1.1" status: 201 len: 1388 time: 0.5891106 /var/lib/openstack/lib/python3.10/site-packages/pycadf/identifier.py:71: UserWarning: Invalid uuid: neutron. To ensure interoperability, identifiers should be a valid uuid. warnings.warn(('Invalid uuid: %s. To ensure interoperability, ' /var/lib/openstack/lib/python3.10/site-packages/pycadf/identifier.py:71: UserWarning: Invalid uuid: neutron. To ensure interoperability, identifiers should be a valid uuid. warnings.warn(('Invalid uuid: %s. To ensure interoperability, '
2026-05-21 20:47:10.816 9 INFO neutron.db.ovn_revision_numbers_db [req-b9e527ee-c7ea-41a8-ad54-d54725efa989 req-f5bc7dad-7b20-4c28-9309-577a39dcdebc 69d4311732694ce3beae4333b61e2427 2a9faab92e384d0da575fc126fdc5b0b - - 4e12037ead924f5c973c3cd06db7653e 4e12037ead924f5c973c3cd06db7653e] Successfully bumped revision number for resource 53cfca99-5c24-40c0-9412-904a867837ff (type: ports) to 2
2026-05-21 20:47:10.821 9 INFO neutron.wsgi [None req-b1091cd7-72ba-4623-8c04-5432b760d8bf 5576ee3bbd354b5d8107393cc4b78b79 b47d4746a010418e98188e76437fe354 - - default default] 10.0.0.170 "POST /v2.0/qos/policies HTTP/1.1" status: 201 len: 558 time: 0.2154000
2026-05-21 20:47:10.881 10 INFO neutron.wsgi [None req-b2591d49-7f38-4caa-8999-eae2929109bb 5576ee3bbd354b5d8107393cc4b78b79 b47d4746a010418e98188e76437fe354 - - default default] 10.0.0.170 "POST /v2.0/qos/policies HTTP/1.1" status: 201 len: 558 time: 0.0543933
2026-05-21 20:47:10.925 10 INFO neutron.wsgi [None req-cae014e5-5c08-4d2b-9986-746b421d3eb7 5576ee3bbd354b5d8107393cc4b78b79 b47d4746a010418e98188e76437fe354 - - default default] 10.0.0.170 "POST /v2.0/qos/policies HTTP/1.1" status: 201 len: 558 time: 0.0396826
2026-05-21 20:47:10.965 10 INFO neutron.wsgi [None req-1748aa96-87ac-4141-8c99-9b5eac7c193e 5576ee3bbd354b5d8107393cc4b78b79 b47d4746a010418e98188e76437fe354 - - default default] 10.0.0.170 "POST /v2.0/qos/policies HTTP/1.1" status: 201 len: 558 time: 0.0343480
2026-05-21 20:47:11.008 10 INFO neutron.wsgi [None req-5dde3024-c3ce-4633-abea-0fc6c9ea99f2 5576ee3bbd354b5d8107393cc4b78b79 b47d4746a010418e98188e76437fe354 - - default default] 10.0.0.170 "POST /v2.0/qos/policies HTTP/1.1" status: 201 len: 558 time: 0.0374746
2026-05-21 20:47:11.032 9 INFO neutron.db.ovn_revision_numbers_db [req-b9e527ee-c7ea-41a8-ad54-d54725efa989 req-f5bc7dad-7b20-4c28-9309-577a39dcdebc 69d4311732694ce3beae4333b61e2427 2a9faab92e384d0da575fc126fdc5b0b - - 4e12037ead924f5c973c3cd06db7653e 4e12037ead924f5c973c3cd06db7653e] Successfully bumped revision number for resource 53cfca99-5c24-40c0-9412-904a867837ff (type: ports) to 2
2026-05-21 20:47:11.040 10 INFO neutron.wsgi [None req-67702188-ac4a-49b4-b1e5-f8193b8886f8 5576ee3bbd354b5d8107393cc4b78b79 b47d4746a010418e98188e76437fe354 - - default default] 10.0.0.170 "PUT /v2.0/policies/ee5ef0a2-5078-4bba-a140-f403de87c123/tags HTTP/1.1" status: 200 len: 210 time: 0.0279186
2026-05-21 20:47:11.055 9 INFO neutron.wsgi [req-b9e527ee-c7ea-41a8-ad54-d54725efa989 req-f5bc7dad-7b20-4c28-9309-577a39dcdebc 69d4311732694ce3beae4333b61e2427 2a9faab92e384d0da575fc126fdc5b0b - - 4e12037ead924f5c973c3cd06db7653e 4e12037ead924f5c973c3cd06db7653e] 199.19.213.31 "PUT /v2.0/ports/53cfca99-5c24-40c0-9412-904a867837ff HTTP/1.1" status: 200 len: 1605 time: 0.7179308
2026-05-21 20:47:11.074 10 INFO neutron.wsgi [None req-37104ad6-10d1-43a5-b5a3-7d7188545844 5576ee3bbd354b5d8107393cc4b78b79 b47d4746a010418e98188e76437fe354 - - default default] 10.0.0.170 "PUT /v2.0/policies/d5e8aeca-cd8e-447c-88ba-e9a77a3ba09f/tags HTTP/1.1" status: 200 len: 218 time: 0.0289783 /var/lib/openstack/lib/python3.10/site-packages/pycadf/identifier.py:71: UserWarning: Invalid uuid: neutron. To ensure interoperability, identifiers should be a valid uuid. warnings.warn(('Invalid uuid: %s. To ensure interoperability, '
2026-05-21 20:47:11.095 9 INFO neutron.notifiers.nova [-] Nova event matching ['req-5efaa7df-19ec-49d4-abee-0fda91535af9'] response: {'name': 'network-changed', 'server_uuid': 'effd13e8-8a19-48e0-8bc8-769c05e66dc6', 'tag': '53cfca99-5c24-40c0-9412-904a867837ff', 'status': 'completed', 'code': 200}
2026-05-21 20:47:11.114 10 INFO neutron.wsgi [None req-154acaaf-8af5-433c-a712-7823747d3153 5576ee3bbd354b5d8107393cc4b78b79 b47d4746a010418e98188e76437fe354 - - default default] 10.0.0.170 "PUT /v2.0/policies/dd9383a9-9632-44ed-a5c0-98ea397e6e86/tags HTTP/1.1" status: 200 len: 227 time: 0.0333750
2026-05-21 20:47:11.123 9 INFO neutron.wsgi [req-b9e527ee-c7ea-41a8-ad54-d54725efa989 req-2df3b780-6839-4f61-949b-48ba56445ce0 69d4311732694ce3beae4333b61e2427 2a9faab92e384d0da575fc126fdc5b0b - - 4e12037ead924f5c973c3cd06db7653e 4e12037ead924f5c973c3cd06db7653e] 199.19.213.31 "GET /v2.0/ports?tenant_id=c8a7ce15d18741f3ba39c8122d0ef995&device_id=effd13e8-8a19-48e0-8bc8-769c05e66dc6 HTTP/1.1" status: 200 len: 1636 time: 0.0373721
2026-05-21 20:47:11.147 10 INFO neutron.wsgi [None req-9b629e84-38c6-4899-98b5-b6415b2478fc 5576ee3bbd354b5d8107393cc4b78b79 b47d4746a010418e98188e76437fe354 - - default default] 10.0.0.170 "PUT /v2.0/policies/2844f858-f647-4fa7-aa3a-47139f6ced0e/tags HTTP/1.1" status: 200 len: 212 time: 0.0279782
2026-05-21 20:47:11.159 9 INFO neutron.wsgi [req-b9e527ee-c7ea-41a8-ad54-d54725efa989 req-6da33ee2-9472-48ea-898b-eea7f18c8507 69d4311732694ce3beae4333b61e2427 2a9faab92e384d0da575fc126fdc5b0b - - 4e12037ead924f5c973c3cd06db7653e 4e12037ead924f5c973c3cd06db7653e] 199.19.213.31 "GET /v2.0/floatingips?fixed_ip_address=10.2.1.152&port_id=53cfca99-5c24-40c0-9412-904a867837ff HTTP/1.1" status: 200 len: 217 time: 0.0285075
2026-05-21 20:47:11.190 9 INFO neutron.wsgi [req-b9e527ee-c7ea-41a8-ad54-d54725efa989 req-1c5df74f-df17-4948-9885-7ee5d8f4387c 69d4311732694ce3beae4333b61e2427 2a9faab92e384d0da575fc126fdc5b0b - - 4e12037ead924f5c973c3cd06db7653e 4e12037ead924f5c973c3cd06db7653e] 199.19.213.31 "GET /v2.0/floatingips?fixed_ip_address=fd7b%3Af9f7%3Afff%3A4eca%3A%3A2c4&port_id=53cfca99-5c24-40c0-9412-904a867837ff HTTP/1.1" status: 200 len: 217 time: 0.0243492
2026-05-21 20:47:11.238 9 INFO neutron.wsgi [req-b9e527ee-c7ea-41a8-ad54-d54725efa989 req-cbb6e1e5-ef94-45b6-968c-5a840605668b 69d4311732694ce3beae4333b61e2427 2a9faab92e384d0da575fc126fdc5b0b - - 4e12037ead924f5c973c3cd06db7653e 4e12037ead924f5c973c3cd06db7653e] 199.19.213.31 "GET /v2.0/subnets?id=61b576ea-ea08-4f5a-9b14-5dd3f191ed5d&id=af58cd9d-2240-4e18-9540-8269fd27aba7 HTTP/1.1" status: 200 len: 1563 time: 0.0410502
2026-05-21 20:47:11.267 9 INFO neutron.wsgi [req-b9e527ee-c7ea-41a8-ad54-d54725efa989 req-f14cc3ee-bc70-445a-97cb-9d1f8c1e729c 69d4311732694ce3beae4333b61e2427 2a9faab92e384d0da575fc126fdc5b0b - - 4e12037ead924f5c973c3cd06db7653e 4e12037ead924f5c973c3cd06db7653e] 199.19.213.31 "GET /v2.0/ports?network_id=93a585dc-da8b-4105-b011-c32c09cfb564&device_owner=network%3Adhcp HTTP/1.1" status: 200 len: 210 time: 0.0219231
2026-05-21 20:47:11.297 9 INFO neutron.wsgi [req-b9e527ee-c7ea-41a8-ad54-d54725efa989 req-d22718fe-f17e-4a8e-b6c4-8ccc5484eecf 69d4311732694ce3beae4333b61e2427 2a9faab92e384d0da575fc126fdc5b0b - - 4e12037ead924f5c973c3cd06db7653e 4e12037ead924f5c973c3cd06db7653e] 199.19.213.31 "GET /v2.0/ports?network_id=93a585dc-da8b-4105-b011-c32c09cfb564&device_owner=network%3Adhcp HTTP/1.1" status: 200 len: 210 time: 0.0237575
2026-05-21 20:47:11.364 9 INFO neutron.wsgi [req-b9e527ee-c7ea-41a8-ad54-d54725efa989 req-1ae5da58-b725-444b-973f-92b9d1e13423 69d4311732694ce3beae4333b61e2427 2a9faab92e384d0da575fc126fdc5b0b - - 4e12037ead924f5c973c3cd06db7653e 4e12037ead924f5c973c3cd06db7653e] 199.19.213.31 "GET /v2.0/networks/93a585dc-da8b-4105-b011-c32c09cfb564?fields=segments HTTP/1.1" status: 200 len: 212 time: 0.0591450
2026-05-21 20:47:11.427 9 INFO neutron.wsgi [req-b9e527ee-c7ea-41a8-ad54-d54725efa989 req-60d860d2-c77f-45e7-8696-62b6065f5c9b 69d4311732694ce3beae4333b61e2427 2a9faab92e384d0da575fc126fdc5b0b - - 4e12037ead924f5c973c3cd06db7653e 4e12037ead924f5c973c3cd06db7653e] 199.19.213.31 "GET /v2.0/networks/93a585dc-da8b-4105-b011-c32c09cfb564?fields=provider%3Aphysical_network&fields=provider%3Anetwork_type HTTP/1.1" status: 200 len: 277 time: 0.0585227
2026-05-21 20:47:11.501 9 INFO neutron.wsgi [req-52bb8b72-20ab-4ba0-83d4-33c3f66ffd13 req-d3a12a27-dda7-4cab-89c5-722108a764d6 69d4311732694ce3beae4333b61e2427 2a9faab92e384d0da575fc126fdc5b0b - - 4e12037ead924f5c973c3cd06db7653e 4e12037ead924f5c973c3cd06db7653e] 199.19.213.31 "GET /v2.0/ports?tenant_id=c8a7ce15d18741f3ba39c8122d0ef995&device_id=effd13e8-8a19-48e0-8bc8-769c05e66dc6 HTTP/1.1" status: 200 len: 1636 time: 0.0380168
2026-05-21 20:47:11.592 9 INFO neutron.wsgi [req-52bb8b72-20ab-4ba0-83d4-33c3f66ffd13 req-89a02dfb-51b9-4921-a5f5-f3e12916a966 69d4311732694ce3beae4333b61e2427 2a9faab92e384d0da575fc126fdc5b0b - - 4e12037ead924f5c973c3cd06db7653e 4e12037ead924f5c973c3cd06db7653e] 199.19.213.31 "GET /v2.0/networks?id=93a585dc-da8b-4105-b011-c32c09cfb564 HTTP/1.1" status: 200 len: 1002 time: 0.0823042
2026-05-21 20:47:11.631 9 INFO neutron.wsgi [req-52bb8b72-20ab-4ba0-83d4-33c3f66ffd13 req-ccee652c-0ccd-41cd-ab08-c10792974fe5 69d4311732694ce3beae4333b61e2427 2a9faab92e384d0da575fc126fdc5b0b - - 4e12037ead924f5c973c3cd06db7653e 4e12037ead924f5c973c3cd06db7653e] 199.19.213.31 "GET /v2.0/floatingips?fixed_ip_address=10.2.1.152&port_id=53cfca99-5c24-40c0-9412-904a867837ff HTTP/1.1" status: 200 len: 217 time: 0.0314589
2026-05-21 20:47:11.646 10 INFO neutron.plugins.ml2.drivers.ovn.mech_driver.mech_driver [None req-0bc2fed7-fd0f-4b81-82e3-5a2310703042 - - - - - -] OVN reports status up for port: 53cfca99-5c24-40c0-9412-904a867837ff
2026-05-21 20:47:11.660 10 INFO neutron.plugins.ml2.plugin [None req-0bc2fed7-fd0f-4b81-82e3-5a2310703042 - - - - - -] Attempt 1 to provision port 53cfca99-5c24-40c0-9412-904a867837ff
2026-05-21 20:47:11.673 9 INFO neutron.wsgi [req-52bb8b72-20ab-4ba0-83d4-33c3f66ffd13 req-bc6f84a6-f4f0-4f61-af91-cd34e687a994 69d4311732694ce3beae4333b61e2427 2a9faab92e384d0da575fc126fdc5b0b - - 4e12037ead924f5c973c3cd06db7653e 4e12037ead924f5c973c3cd06db7653e] 199.19.213.31 "GET /v2.0/floatingips?fixed_ip_address=fd7b%3Af9f7%3Afff%3A4eca%3A%3A2c4&port_id=53cfca99-5c24-40c0-9412-904a867837ff HTTP/1.1" status: 200 len: 217 time: 0.0260544
2026-05-21 20:47:11.716 9 INFO neutron.wsgi [req-52bb8b72-20ab-4ba0-83d4-33c3f66ffd13 req-c10732a5-8882-4b45-aacf-e1b4a6bfeefb 69d4311732694ce3beae4333b61e2427 2a9faab92e384d0da575fc126fdc5b0b - - 4e12037ead924f5c973c3cd06db7653e 4e12037ead924f5c973c3cd06db7653e] 199.19.213.31 "GET /v2.0/subnets?id=61b576ea-ea08-4f5a-9b14-5dd3f191ed5d&id=af58cd9d-2240-4e18-9540-8269fd27aba7 HTTP/1.1" status: 200 len: 1563 time: 0.0376737
2026-05-21 20:47:11.724 9 INFO neutron.wsgi [None req-ed6391f4-e636-4f71-8275-aa2fbcea33f6 b1121ed972af482dbf441512d1802167 66160f7297e148a297a996197455b72a - - default default] 10.0.0.170 "GET /v2.0/qos/policies?tags=red HTTP/1.1" status: 200 len: 1296 time: 0.2184958
2026-05-21 20:47:11.740 9 INFO neutron.wsgi [req-52bb8b72-20ab-4ba0-83d4-33c3f66ffd13 req-83f4e46a-71a4-4a2a-a01f-b29d5d594458 69d4311732694ce3beae4333b61e2427 2a9faab92e384d0da575fc126fdc5b0b - - 4e12037ead924f5c973c3cd06db7653e 4e12037ead924f5c973c3cd06db7653e] 199.19.213.31 "GET /v2.0/ports?network_id=93a585dc-da8b-4105-b011-c32c09cfb564&device_owner=network%3Adhcp HTTP/1.1" status: 200 len: 210 time: 0.0155575
2026-05-21 20:47:11.763 9 INFO neutron.wsgi [req-52bb8b72-20ab-4ba0-83d4-33c3f66ffd13 req-2d5b5256-14c4-4aa6-8505-2ecca964a993 69d4311732694ce3beae4333b61e2427 2a9faab92e384d0da575fc126fdc5b0b - - 4e12037ead924f5c973c3cd06db7653e 4e12037ead924f5c973c3cd06db7653e] 199.19.213.31 "GET /v2.0/ports?network_id=93a585dc-da8b-4105-b011-c32c09cfb564&device_owner=network%3Adhcp HTTP/1.1" status: 200 len: 210 time: 0.0152681
2026-05-21 20:47:11.802 10 INFO neutron.notifiers.nova [-] Nova event matching ['req-3f474adb-d579-482d-92f8-6812a58f7be5'] response: {'server_uuid': 'effd13e8-8a19-48e0-8bc8-769c05e66dc6', 'name': 'network-vif-plugged', 'status': 'completed', 'tag': '53cfca99-5c24-40c0-9412-904a867837ff', 'code': 200}
2026-05-21 20:47:11.822 10 INFO neutron.wsgi [None req-35ec2491-1ff9-43a6-a9e6-178702c43936 b1121ed972af482dbf441512d1802167 66160f7297e148a297a996197455b72a - - default default] 10.0.0.170 "GET /v2.0/qos/policies?tags=red%2Cblue HTTP/1.1" status: 200 len: 941 time: 0.0944781
2026-05-21 20:47:11.838 9 INFO neutron.wsgi [req-52bb8b72-20ab-4ba0-83d4-33c3f66ffd13 req-0e945e98-3f31-4975-8076-c0f2c46a5cab 69d4311732694ce3beae4333b61e2427 2a9faab92e384d0da575fc126fdc5b0b - - 4e12037ead924f5c973c3cd06db7653e 4e12037ead924f5c973c3cd06db7653e] 199.19.213.31 "GET /v2.0/networks/93a585dc-da8b-4105-b011-c32c09cfb564?fields=segments HTTP/1.1" status: 200 len: 212 time: 0.0672896
2026-05-21 20:47:11.908 9 INFO neutron.wsgi [req-52bb8b72-20ab-4ba0-83d4-33c3f66ffd13 req-3d339009-5188-4f47-89d8-ea40351da58a 69d4311732694ce3beae4333b61e2427 2a9faab92e384d0da575fc126fdc5b0b - - 4e12037ead924f5c973c3cd06db7653e 4e12037ead924f5c973c3cd06db7653e] 199.19.213.31 "GET /v2.0/networks/93a585dc-da8b-4105-b011-c32c09cfb564?fields=provider%3Aphysical_network&fields=provider%3Anetwork_type HTTP/1.1" status: 200 len: 277 time: 0.0637398
2026-05-21 20:47:11.912 10 INFO neutron.wsgi [None req-98927092-6395-4afe-83f7-64117de01fd1 b1121ed972af482dbf441512d1802167 66160f7297e148a297a996197455b72a - - default default] 10.0.0.170 "GET /v2.0/qos/policies?tags-any=blue HTTP/1.1" status: 200 len: 941 time: 0.0839131
2026-05-21 20:47:11.991 9 INFO neutron.wsgi [None req-15c7613d-0872-4657-803c-9612df1e1d65 b1121ed972af482dbf441512d1802167 66160f7297e148a297a996197455b72a - - default default] 10.0.0.170 "GET /v2.0/qos/policies?tags-any=red%2Cblue HTTP/1.1" status: 200 len: 1296 time: 0.0717928
2026-05-21 20:47:11.991 10 INFO neutron.db.ovn_revision_numbers_db [None req-0bc2fed7-fd0f-4b81-82e3-5a2310703042 - - - - - -] Successfully bumped revision number for resource 53cfca99-5c24-40c0-9412-904a867837ff (type: ports) to 4
2026-05-21 20:47:12.052 9 INFO neutron.wsgi [None req-9e68434e-f6f0-4823-a49a-fcc825203e3b b1121ed972af482dbf441512d1802167 66160f7297e148a297a996197455b72a - - default default] 10.0.0.170 "GET /v2.0/qos/policies?not-tags=red HTTP/1.1" status: 200 len: 913 time: 0.0563669
2026-05-21 20:47:12.134 9 INFO neutron.wsgi [None req-815854c9-9131-421d-87b9-b0c67b31be54 b1121ed972af482dbf441512d1802167 66160f7297e148a297a996197455b72a - - default default] 10.0.0.170 "GET /v2.0/qos/policies?not-tags=red%2Cblue HTTP/1.1" status: 200 len: 1268 time: 0.0773945
2026-05-21 20:47:12.216 9 INFO neutron.wsgi [None req-030c0c82-9dea-4bf8-8213-28467d97de56 b1121ed972af482dbf441512d1802167 66160f7297e148a297a996197455b72a - - default default] 10.0.0.170 "GET /v2.0/qos/policies?not-tags-any=blue HTTP/1.1" status: 200 len: 1268 time: 0.0763614
2026-05-21 20:47:12.273 9 INFO neutron.wsgi [None req-552aebfc-2de7-42fe-9219-00973cd2cd11 b1121ed972af482dbf441512d1802167 66160f7297e148a297a996197455b72a - - default default] 10.0.0.170 "GET /v2.0/qos/policies?not-tags-any=red%2Cblue HTTP/1.1" status: 200 len: 913 time: 0.0513461
2026-05-21 20:47:12.353 9 INFO neutron.wsgi [None req-18dabd3b-3b5e-42ce-84b1-09e614d8ed63 5576ee3bbd354b5d8107393cc4b78b79 b47d4746a010418e98188e76437fe354 - - default default] 10.0.0.170 "DELETE /v2.0/qos/policies/ee5ef0a2-5078-4bba-a140-f403de87c123 HTTP/1.1" status: 204 len: 168 time: 0.0587180
2026-05-21 20:47:12.430 9 INFO neutron.wsgi [None req-5cf586ca-5763-432c-b6bf-2fed8453b42e 5576ee3bbd354b5d8107393cc4b78b79 b47d4746a010418e98188e76437fe354 - - default default] 10.0.0.170 "DELETE /v2.0/qos/policies/d5e8aeca-cd8e-447c-88ba-e9a77a3ba09f HTTP/1.1" status: 204 len: 168 time: 0.0682392
2026-05-21 20:47:12.487 9 INFO neutron.wsgi [None req-2ba2cbe1-5df1-483b-bbe6-19b284c028d2 5576ee3bbd354b5d8107393cc4b78b79 b47d4746a010418e98188e76437fe354 - - default default] 10.0.0.170 "DELETE /v2.0/qos/policies/dd9383a9-9632-44ed-a5c0-98ea397e6e86 HTTP/1.1" status: 204 len: 168 time: 0.0513458
2026-05-21 20:47:12.558 9 INFO neutron.wsgi [None req-7342d6c3-3afe-4f43-bdd1-70323f9ef91e 5576ee3bbd354b5d8107393cc4b78b79 b47d4746a010418e98188e76437fe354 - - default default] 10.0.0.170 "DELETE /v2.0/qos/policies/2844f858-f647-4fa7-aa3a-47139f6ced0e HTTP/1.1" status: 204 len: 168 time: 0.0655370
2026-05-21 20:47:12.620 9 INFO neutron.wsgi [None req-d52ab54b-1ef2-4cbe-9e07-3d9d2d783363 5576ee3bbd354b5d8107393cc4b78b79 b47d4746a010418e98188e76437fe354 - - default default] 10.0.0.170 "DELETE /v2.0/qos/policies/28cc1149-12d0-42a3-b2ce-24a3579f9426 HTTP/1.1" status: 204 len: 168 time: 0.0573139
2026-05-21 20:47:13.846 10 INFO neutron.notifiers.nova [-] Nova event matching ['req-dcceebf8-cd22-4c7e-b015-d314f9713702'] response: {'server_uuid': 'effd13e8-8a19-48e0-8bc8-769c05e66dc6', 'name': 'network-vif-plugged', 'status': 'completed', 'tag': '53cfca99-5c24-40c0-9412-904a867837ff', 'code': 200} /var/lib/openstack/lib/python3.10/site-packages/pycadf/identifier.py:71: UserWarning: Invalid uuid: neutron. To ensure interoperability, identifiers should be a valid uuid. warnings.warn(('Invalid uuid: %s. To ensure interoperability, '
2026-05-21 20:47:13.969 9 INFO neutron.db.ovn_revision_numbers_db [None req-3cd7578c-582d-4a45-865e-2f5a40d42d25 d225479571cf494f838b2423f89135fe c630ddfab35443bab7f2b3f6481e28b9 - - default default] Successfully bumped revision number for resource 4ea24016-b610-45f6-a12b-6c4041613484 (type: security_groups) to 1
2026-05-21 20:47:13.981 9 INFO neutron.db.ovn_revision_numbers_db [None req-3cd7578c-582d-4a45-865e-2f5a40d42d25 d225479571cf494f838b2423f89135fe c630ddfab35443bab7f2b3f6481e28b9 - - default default] Successfully bumped revision number for resource 1d20a611-0bbf-4e66-83b9-53f845fa0a86 (type: security_group_rules) to 0
2026-05-21 20:47:13.993 9 INFO neutron.db.ovn_revision_numbers_db [None req-3cd7578c-582d-4a45-865e-2f5a40d42d25 d225479571cf494f838b2423f89135fe c630ddfab35443bab7f2b3f6481e28b9 - - default default] Successfully bumped revision number for resource 62258c5a-a10c-4621-b8de-11e3c5878084 (type: security_group_rules) to 0
2026-05-21 20:47:14.005 9 INFO neutron.db.ovn_revision_numbers_db [None req-3cd7578c-582d-4a45-865e-2f5a40d42d25 d225479571cf494f838b2423f89135fe c630ddfab35443bab7f2b3f6481e28b9 - - default default] Successfully bumped revision number for resource 95dc4297-1e43-46f4-9f23-28f34473c7a3 (type: security_group_rules) to 0
2026-05-21 20:47:14.024 10 INFO neutron.wsgi [req-cf606ab2-fad1-44e5-bc58-d10da7f48454 req-7a2607f1-0e19-427a-af39-fd49b85d3470 af748aa8c6d048e9909fb39888e3bc5c c8a7ce15d18741f3ba39c8122d0ef995 - - default default] 10.0.0.222 "GET /v2.0/ports?device_id=effd13e8-8a19-48e0-8bc8-769c05e66dc6 HTTP/1.1" status: 200 len: 1400 time: 0.0899251
2026-05-21 20:47:14.026 9 INFO neutron.db.ovn_revision_numbers_db [None req-3cd7578c-582d-4a45-865e-2f5a40d42d25 d225479571cf494f838b2423f89135fe c630ddfab35443bab7f2b3f6481e28b9 - - default default] Successfully bumped revision number for resource f36b6fac-63a2-4ce0-9d61-e4632250d535 (type: security_group_rules) to 0
2026-05-21 20:47:14.036 9 WARNING neutron.plugins.ml2.drivers.ovn.mech_driver.ovsdb.ovn_client [None req-b5e239f1-8ce8-44b3-a5a1-0fa2726ca751 - - - - - -] No hosting information found for port 10f0ec37-2755-410f-9324-f61801def311: RuntimeError: No hosting information found for port 10f0ec37-2755-410f-9324-f61801def311
2026-05-21 20:47:14.048 9 INFO neutron.wsgi [None req-3cd7578c-582d-4a45-865e-2f5a40d42d25 d225479571cf494f838b2423f89135fe c630ddfab35443bab7f2b3f6481e28b9 - - default default] 10.0.0.170 "GET /v2.0/security-groups?tenant_id=b47d4746a010418e98188e76437fe354&name=default HTTP/1.1" status: 200 len: 3000 time: 0.6170349
2026-05-21 20:47:14.073 10 INFO neutron.wsgi [req-cf606ab2-fad1-44e5-bc58-d10da7f48454 req-2bbd1760-844d-4a2d-ba43-542e5695779a af748aa8c6d048e9909fb39888e3bc5c c8a7ce15d18741f3ba39c8122d0ef995 - - default default] 10.0.0.222 "GET /v2.0/security-groups?id=afdd9c85-7b44-4b24-848a-10b23cecdaa4&fields=id&fields=name HTTP/1.1" status: 200 len: 310 time: 0.0408201
2026-05-21 20:47:14.150 10 INFO neutron.wsgi [None req-951bf7a2-5e91-4ac3-b6fc-186705ee819e af748aa8c6d048e9909fb39888e3bc5c c8a7ce15d18741f3ba39c8122d0ef995 - - default default] 10.0.0.170 "GET /v2.0/ports?network_id=93a585dc-da8b-4105-b011-c32c09cfb564&mac_address=fa%3A16%3A3e%3A61%3A5d%3A35 HTTP/1.1" status: 200 len: 1395 time: 0.0506356
2026-05-21 20:47:14.161 9 WARNING neutron_lib.context [None req-102f8126-5a54-49c8-936e-b62aa4cc2d6e af748aa8c6d048e9909fb39888e3bc5c c8a7ce15d18741f3ba39c8122d0ef995 - - default default] Method 'is_advsvc' is deprecated since 2023.2 release (neutron-lib 3.8.0) and will be removed once support for the old RBAC API policies will be removed from Neutron. Please use method 'is_service_role' instead.
2026-05-21 20:47:14.293 9 INFO neutron.wsgi [None req-fa20f94f-7138-4a7f-bc69-c79024af53d3 d225479571cf494f838b2423f89135fe c630ddfab35443bab7f2b3f6481e28b9 - - default default] 10.0.0.170 "DELETE /v2.0/security-groups/4ea24016-b610-45f6-a12b-6c4041613484 HTTP/1.1" status: 204 len: 168 time: 0.2381799
2026-05-21 20:47:14.414 9 WARNING neutron.scheduler.dhcp_agent_scheduler [None req-102f8126-5a54-49c8-936e-b62aa4cc2d6e af748aa8c6d048e9909fb39888e3bc5c c8a7ce15d18741f3ba39c8122d0ef995 - - default default] No more DHCP agents
2026-05-21 20:47:14.415 9 WARNING neutron.api.rpc.agentnotifiers.dhcp_rpc_agent_api [None req-102f8126-5a54-49c8-936e-b62aa4cc2d6e af748aa8c6d048e9909fb39888e3bc5c c8a7ce15d18741f3ba39c8122d0ef995 - - default default] Unable to schedule network 4932d8c9-7e3a-4d28-9b14-f57e6e03ed0d: no agents available; will retry on subsequent port and subnet creation events.
2026-05-21 20:47:14.501 10 INFO neutron.db.ovn_revision_numbers_db [None req-b70f06df-8af7-4782-8c7a-c1139ef806b6 d225479571cf494f838b2423f89135fe c630ddfab35443bab7f2b3f6481e28b9 - - default default] Successfully bumped revision number for resource 33bca88b-c208-4818-921e-3b5d45e9460c (type: security_groups) to 1
2026-05-21 20:47:14.515 10 INFO neutron.db.ovn_revision_numbers_db [None req-b70f06df-8af7-4782-8c7a-c1139ef806b6 d225479571cf494f838b2423f89135fe c630ddfab35443bab7f2b3f6481e28b9 - - default default] Successfully bumped revision number for resource 0f39107a-8075-4f43-9482-370a383f901b (type: security_group_rules) to 0
2026-05-21 20:47:14.529 10 INFO neutron.db.ovn_revision_numbers_db [None req-b70f06df-8af7-4782-8c7a-c1139ef806b6 d225479571cf494f838b2423f89135fe c630ddfab35443bab7f2b3f6481e28b9 - - default default] Successfully bumped revision number for resource 5fe6033b-2ae4-42ae-ba8f-27f1136c86bd (type: security_group_rules) to 0
2026-05-21 20:47:14.543 10 INFO neutron.db.ovn_revision_numbers_db [None req-b70f06df-8af7-4782-8c7a-c1139ef806b6 d225479571cf494f838b2423f89135fe c630ddfab35443bab7f2b3f6481e28b9 - - default default] Successfully bumped revision number for resource 795bef0f-c0f9-403a-b85e-0c600492ab70 (type: security_group_rules) to 0
2026-05-21 20:47:14.557 10 INFO neutron.db.ovn_revision_numbers_db [None req-b70f06df-8af7-4782-8c7a-c1139ef806b6 d225479571cf494f838b2423f89135fe c630ddfab35443bab7f2b3f6481e28b9 - - default default] Successfully bumped revision number for resource 91731c37-5bd2-4b12-a4ab-0a7231d71983 (type: security_group_rules) to 0
2026-05-21 20:47:14.581 10 INFO neutron.wsgi [None req-b70f06df-8af7-4782-8c7a-c1139ef806b6 d225479571cf494f838b2423f89135fe c630ddfab35443bab7f2b3f6481e28b9 - - default default] 10.0.0.170 "GET /v2.0/security-groups?tenant_id=66160f7297e148a297a996197455b72a&name=default HTTP/1.1" status: 200 len: 3000 time: 0.1959918
2026-05-21 20:47:14.770 10 INFO neutron.wsgi [None req-bf08023c-eee9-4f0c-ad11-d5c4972c2eef d225479571cf494f838b2423f89135fe c630ddfab35443bab7f2b3f6481e28b9 - - default default] 10.0.0.170 "DELETE /v2.0/security-groups/33bca88b-c208-4818-921e-3b5d45e9460c HTTP/1.1" status: 204 len: 168 time: 0.1823056
2026-05-21 20:47:14.847 9 INFO neutron.db.l3_db [None req-102f8126-5a54-49c8-936e-b62aa4cc2d6e af748aa8c6d048e9909fb39888e3bc5c c8a7ce15d18741f3ba39c8122d0ef995 - - default default] Floating IP 27507588-9794-43fa-86f4-e33336a4dce8 associated. External IP: 10.96.250.209, port: 53cfca99-5c24-40c0-9412-904a867837ff.
2026-05-21 20:47:15.066 9 INFO neutron.db.ovn_revision_numbers_db [None req-102f8126-5a54-49c8-936e-b62aa4cc2d6e af748aa8c6d048e9909fb39888e3bc5c c8a7ce15d18741f3ba39c8122d0ef995 - - default default] Successfully bumped revision number for resource 27507588-9794-43fa-86f4-e33336a4dce8 (type: floatingips) to 0
2026-05-21 20:47:15.076 10 INFO neutron.db.ovn_revision_numbers_db [None req-f714ac0c-a13e-44b2-9dfb-e64546c9a49a d225479571cf494f838b2423f89135fe c630ddfab35443bab7f2b3f6481e28b9 - - default default] Successfully bumped revision number for resource 1cb6e511-c479-4387-bb20-36c0a8121093 (type: security_groups) to 1
2026-05-21 20:47:15.094 10 INFO neutron.db.ovn_revision_numbers_db [None req-f714ac0c-a13e-44b2-9dfb-e64546c9a49a d225479571cf494f838b2423f89135fe c630ddfab35443bab7f2b3f6481e28b9 - - default default] Successfully bumped revision number for resource 22dc43ca-5d70-4f50-87a0-c3b91c4c2fc8 (type: security_group_rules) to 0
2026-05-21 20:47:15.109 10 INFO neutron.db.ovn_revision_numbers_db [None req-f714ac0c-a13e-44b2-9dfb-e64546c9a49a d225479571cf494f838b2423f89135fe c630ddfab35443bab7f2b3f6481e28b9 - - default default] Successfully bumped revision number for resource 48fca7c2-8ff5-47dd-b7f1-fe4f2d507d6b (type: security_group_rules) to 0
2026-05-21 20:47:15.124 10 INFO neutron.db.ovn_revision_numbers_db [None req-f714ac0c-a13e-44b2-9dfb-e64546c9a49a d225479571cf494f838b2423f89135fe c630ddfab35443bab7f2b3f6481e28b9 - - default default] Successfully bumped revision number for resource a7092df1-7304-4ae9-b32b-d10039efa51e (type: security_group_rules) to 0
2026-05-21 20:47:15.138 10 INFO neutron.db.ovn_revision_numbers_db [None req-f714ac0c-a13e-44b2-9dfb-e64546c9a49a d225479571cf494f838b2423f89135fe c630ddfab35443bab7f2b3f6481e28b9 - - default default] Successfully bumped revision number for resource b05379e0-274b-4eef-a826-749601ff940a (type: security_group_rules) to 0
2026-05-21 20:47:15.171 10 INFO neutron.wsgi [None req-f714ac0c-a13e-44b2-9dfb-e64546c9a49a d225479571cf494f838b2423f89135fe c630ddfab35443bab7f2b3f6481e28b9 - - default default] 10.0.0.170 "GET /v2.0/security-groups?tenant_id=1db9badbfe1b4ff697533ac81a372488&name=default HTTP/1.1" status: 200 len: 3000 time: 0.2580724 /var/lib/openstack/lib/python3.10/site-packages/pycadf/identifier.py:71: UserWarning: Invalid uuid: neutron. To ensure interoperability, identifiers should be a valid uuid. warnings.warn(('Invalid uuid: %s. To ensure interoperability, '
2026-05-21 20:47:15.204 9 INFO neutron.db.ovn_revision_numbers_db [None req-102f8126-5a54-49c8-936e-b62aa4cc2d6e af748aa8c6d048e9909fb39888e3bc5c c8a7ce15d18741f3ba39c8122d0ef995 - - default default] Successfully bumped revision number for resource 27507588-9794-43fa-86f4-e33336a4dce8 (type: floatingips) to 1
2026-05-21 20:47:15.241 9 INFO neutron.wsgi [None req-102f8126-5a54-49c8-936e-b62aa4cc2d6e af748aa8c6d048e9909fb39888e3bc5c c8a7ce15d18741f3ba39c8122d0ef995 - - default default] 10.0.0.170 "POST /v2.0/floatingips HTTP/1.1" status: 201 len: 1054 time: 1.0835772
2026-05-21 20:47:15.274 9 INFO neutron.notifiers.nova [-] Nova event matching ['req-a49644d3-0e3b-4405-9a4a-ef1306fa429f'] response: {'name': 'network-changed', 'server_uuid': 'effd13e8-8a19-48e0-8bc8-769c05e66dc6', 'tag': '53cfca99-5c24-40c0-9412-904a867837ff', 'status': 'completed', 'code': 200}
2026-05-21 20:47:15.353 9 INFO neutron.wsgi [req-b441f275-8fec-4f98-8f48-6f38cd96a3e5 req-85b964c6-ed08-4eca-af7c-c99b43744298 69d4311732694ce3beae4333b61e2427 2a9faab92e384d0da575fc126fdc5b0b - - 4e12037ead924f5c973c3cd06db7653e 4e12037ead924f5c973c3cd06db7653e] 199.19.213.31 "GET /v2.0/ports?tenant_id=c8a7ce15d18741f3ba39c8122d0ef995&device_id=effd13e8-8a19-48e0-8bc8-769c05e66dc6 HTTP/1.1" status: 200 len: 1638 time: 0.0509052
2026-05-21 20:47:15.367 10 INFO neutron.wsgi [req-1ffb529b-a0ad-4b33-a9eb-118c696fa361 req-b3cf729b-c5f8-4e60-8f04-05dcc6d9987d af748aa8c6d048e9909fb39888e3bc5c c8a7ce15d18741f3ba39c8122d0ef995 - - default default] 10.0.0.222 "GET /v2.0/security-groups?name=tempest-lb_member_SG-246288134&fields=id&tenant_id=c8a7ce15d18741f3ba39c8122d0ef995 HTTP/1.1" status: 200 len: 267 time: 0.0588613
2026-05-21 20:47:15.414 9 INFO neutron.wsgi [req-b441f275-8fec-4f98-8f48-6f38cd96a3e5 req-eb167743-117c-40d1-a135-de2c3c56e5fb 69d4311732694ce3beae4333b61e2427 2a9faab92e384d0da575fc126fdc5b0b - - 4e12037ead924f5c973c3cd06db7653e 4e12037ead924f5c973c3cd06db7653e] 199.19.213.31 "GET /v2.0/networks?id=93a585dc-da8b-4105-b011-c32c09cfb564 HTTP/1.1" status: 200 len: 1002 time: 0.0557258
2026-05-21 20:47:15.480 10 INFO neutron.wsgi [req-1ffb529b-a0ad-4b33-a9eb-118c696fa361 req-a0ab932d-a262-4064-8598-2dff1b1757ad af748aa8c6d048e9909fb39888e3bc5c c8a7ce15d18741f3ba39c8122d0ef995 - - default default] 10.0.0.222 "GET /v2.0/networks?id=f31356f6-d7b8-42ee-a021-937556d2d1dd HTTP/1.1" status: 200 len: 904 time: 0.1022618
2026-05-21 20:47:15.483 9 INFO neutron.wsgi [req-b441f275-8fec-4f98-8f48-6f38cd96a3e5 req-9ec4903c-fe8c-453b-b3aa-fe1fab310d05 69d4311732694ce3beae4333b61e2427 2a9faab92e384d0da575fc126fdc5b0b - - 4e12037ead924f5c973c3cd06db7653e 4e12037ead924f5c973c3cd06db7653e] 199.19.213.31 "GET /v2.0/floatingips?fixed_ip_address=10.2.1.152&port_id=53cfca99-5c24-40c0-9412-904a867837ff HTTP/1.1" status: 200 len: 1059 time: 0.0633838
2026-05-21 20:47:15.495 10 INFO neutron.wsgi [None req-5f75976d-2d25-40e0-b6ea-fc6ff473986e d225479571cf494f838b2423f89135fe c630ddfab35443bab7f2b3f6481e28b9 - - default default] 10.0.0.170 "DELETE /v2.0/security-groups/1cb6e511-c479-4387-bb20-36c0a8121093 HTTP/1.1" status: 204 len: 168 time: 0.3183229
2026-05-21 20:47:15.498 10 INFO neutron.wsgi [req-1ffb529b-a0ad-4b33-a9eb-118c696fa361 req-3b6698c8-a15f-4139-ba70-4f2387ce723c af748aa8c6d048e9909fb39888e3bc5c c8a7ce15d18741f3ba39c8122d0ef995 - - default default] 10.0.0.222 "GET /v2.0/quotas/c8a7ce15d18741f3ba39c8122d0ef995 HTTP/1.1" status: 200 len: 386 time: 0.0107934
2026-05-21 20:47:15.512 9 INFO neutron.wsgi [req-b441f275-8fec-4f98-8f48-6f38cd96a3e5 req-ccacfc53-23d2-495c-8d41-6bb757d97f0a 69d4311732694ce3beae4333b61e2427 2a9faab92e384d0da575fc126fdc5b0b - - 4e12037ead924f5c973c3cd06db7653e 4e12037ead924f5c973c3cd06db7653e] 199.19.213.31 "GET /v2.0/floatingips?fixed_ip_address=fd7b%3Af9f7%3Afff%3A4eca%3A%3A2c4&port_id=53cfca99-5c24-40c0-9412-904a867837ff HTTP/1.1" status: 200 len: 217 time: 0.0246038
2026-05-21 20:47:15.580 9 INFO neutron.wsgi [req-b441f275-8fec-4f98-8f48-6f38cd96a3e5 req-bccd6fa6-1f8e-484a-b52a-ab0a0cc28061 69d4311732694ce3beae4333b61e2427 2a9faab92e384d0da575fc126fdc5b0b - - 4e12037ead924f5c973c3cd06db7653e 4e12037ead924f5c973c3cd06db7653e] 199.19.213.31 "GET /v2.0/subnets?id=61b576ea-ea08-4f5a-9b14-5dd3f191ed5d&id=af58cd9d-2240-4e18-9540-8269fd27aba7 HTTP/1.1" status: 200 len: 1563 time: 0.0599194
2026-05-21 20:47:15.611 9 INFO neutron.wsgi [req-b441f275-8fec-4f98-8f48-6f38cd96a3e5 req-8d29a73a-a12e-4f23-8bf6-afe7c15b86a9 69d4311732694ce3beae4333b61e2427 2a9faab92e384d0da575fc126fdc5b0b - - 4e12037ead924f5c973c3cd06db7653e 4e12037ead924f5c973c3cd06db7653e] 199.19.213.31 "GET /v2.0/ports?network_id=93a585dc-da8b-4105-b011-c32c09cfb564&device_owner=network%3Adhcp HTTP/1.1" status: 200 len: 210 time: 0.0239749
2026-05-21 20:47:15.637 9 INFO neutron.wsgi [req-b441f275-8fec-4f98-8f48-6f38cd96a3e5 req-8c99c9d0-e0a4-4465-9e6c-9f1cc13459f9 69d4311732694ce3beae4333b61e2427 2a9faab92e384d0da575fc126fdc5b0b - - 4e12037ead924f5c973c3cd06db7653e 4e12037ead924f5c973c3cd06db7653e] 199.19.213.31 "GET /v2.0/ports?network_id=93a585dc-da8b-4105-b011-c32c09cfb564&device_owner=network%3Adhcp HTTP/1.1" status: 200 len: 210 time: 0.0199547
2026-05-21 20:47:15.651 10 INFO neutron.wsgi [req-1ffb529b-a0ad-4b33-a9eb-118c696fa361 req-b1b3c435-0b4b-420d-b1ad-d039f6529444 af748aa8c6d048e9909fb39888e3bc5c c8a7ce15d18741f3ba39c8122d0ef995 - - default default] 10.0.0.222 "GET /v2.0/ports?tenant_id=c8a7ce15d18741f3ba39c8122d0ef995&fields=id HTTP/1.1" status: 200 len: 532 time: 0.1447513
2026-05-21 20:47:15.716 9 INFO neutron.wsgi [req-b441f275-8fec-4f98-8f48-6f38cd96a3e5 req-11d39c82-f9c9-4fb0-9123-646f63c7867f 69d4311732694ce3beae4333b61e2427 2a9faab92e384d0da575fc126fdc5b0b - - 4e12037ead924f5c973c3cd06db7653e 4e12037ead924f5c973c3cd06db7653e] 199.19.213.31 "GET /v2.0/networks/93a585dc-da8b-4105-b011-c32c09cfb564?fields=segments HTTP/1.1" status: 200 len: 212 time: 0.0722830
2026-05-21 20:47:15.751 10 INFO neutron.wsgi [req-1ffb529b-a0ad-4b33-a9eb-118c696fa361 req-bfe85bbb-f3f5-4a8a-9c87-270fe2d3eba3 69d4311732694ce3beae4333b61e2427 2a9faab92e384d0da575fc126fdc5b0b - - 4e12037ead924f5c973c3cd06db7653e 4e12037ead924f5c973c3cd06db7653e] 10.0.0.222 "GET /v2.0/networks/f31356f6-d7b8-42ee-a021-937556d2d1dd?fields=segments HTTP/1.1" status: 200 len: 212 time: 0.0871167
2026-05-21 20:47:15.828 10 INFO neutron.wsgi [req-1ffb529b-a0ad-4b33-a9eb-118c696fa361 req-ba284871-5c81-4940-aba4-fd111a249edf 69d4311732694ce3beae4333b61e2427 2a9faab92e384d0da575fc126fdc5b0b - - 4e12037ead924f5c973c3cd06db7653e 4e12037ead924f5c973c3cd06db7653e] 10.0.0.222 "GET /v2.0/networks/f31356f6-d7b8-42ee-a021-937556d2d1dd?fields=provider%3Aphysical_network&fields=provider%3Anetwork_type HTTP/1.1" status: 200 len: 277 time: 0.0692163
2026-05-21 20:47:15.829 9 INFO neutron.wsgi [req-b441f275-8fec-4f98-8f48-6f38cd96a3e5 req-d0ef71fc-00d4-4f0c-871e-3e0f1b6abaf6 69d4311732694ce3beae4333b61e2427 2a9faab92e384d0da575fc126fdc5b0b - - 4e12037ead924f5c973c3cd06db7653e 4e12037ead924f5c973c3cd06db7653e] 199.19.213.31 "GET /v2.0/networks/93a585dc-da8b-4105-b011-c32c09cfb564?fields=provider%3Aphysical_network&fields=provider%3Anetwork_type HTTP/1.1" status: 200 len: 277 time: 0.1069918
2026-05-21 20:47:15.961 10 INFO neutron.wsgi [req-7796fd25-bea6-48b4-af69-d70484f1e9c2 req-7a95783c-0065-434a-9b6a-15fc5dd49400 af748aa8c6d048e9909fb39888e3bc5c c8a7ce15d18741f3ba39c8122d0ef995 - - default default] 10.0.0.222 "GET /v2.0/ports?device_id=72a6efbf-82bc-49cc-a386-eb8ced647914 HTTP/1.1" status: 200 len: 210 time: 0.0252330
2026-05-21 20:47:16.690 9 INFO neutron.wsgi [req-1ffb529b-a0ad-4b33-a9eb-118c696fa361 req-eb49e7aa-16bf-44e4-8a33-de83afaa0c6b af748aa8c6d048e9909fb39888e3bc5c c8a7ce15d18741f3ba39c8122d0ef995 - - default default] 199.19.213.31 "GET /v2.0/networks?id=f31356f6-d7b8-42ee-a021-937556d2d1dd HTTP/1.1" status: 200 len: 904 time: 0.0767083
2026-05-21 20:47:16.745 9 INFO neutron.wsgi [req-1ffb529b-a0ad-4b33-a9eb-118c696fa361 req-bbdc8c83-67ca-43bb-ad05-7bb5b6efccc0 af748aa8c6d048e9909fb39888e3bc5c c8a7ce15d18741f3ba39c8122d0ef995 - - default default] 199.19.213.31 "GET /v2.0/security-groups?fields=id&fields=name&tenant_id=c8a7ce15d18741f3ba39c8122d0ef995 HTTP/1.1" status: 200 len: 377 time: 0.0480652
2026-05-21 20:47:16.769 9 WARNING neutron_lib.context [req-1ffb529b-a0ad-4b33-a9eb-118c696fa361 req-9d678fdf-58f3-42ce-96b3-d5aaa686f72f af748aa8c6d048e9909fb39888e3bc5c c8a7ce15d18741f3ba39c8122d0ef995 - - default default] Method 'is_advsvc' is deprecated since 2023.2 release (neutron-lib 3.8.0) and will be removed once support for the old RBAC API policies will be removed from Neutron. Please use method 'is_service_role' instead.
2026-05-21 20:47:17.105 9 WARNING neutron.scheduler.dhcp_agent_scheduler [req-1ffb529b-a0ad-4b33-a9eb-118c696fa361 req-9d678fdf-58f3-42ce-96b3-d5aaa686f72f af748aa8c6d048e9909fb39888e3bc5c c8a7ce15d18741f3ba39c8122d0ef995 - - default default] No more DHCP agents
2026-05-21 20:47:17.108 9 WARNING neutron.api.rpc.agentnotifiers.dhcp_rpc_agent_api [req-1ffb529b-a0ad-4b33-a9eb-118c696fa361 req-9d678fdf-58f3-42ce-96b3-d5aaa686f72f af748aa8c6d048e9909fb39888e3bc5c c8a7ce15d18741f3ba39c8122d0ef995 - - default default] Unable to schedule network f31356f6-d7b8-42ee-a021-937556d2d1dd: no agents available; will retry on subsequent port and subnet creation events.
2026-05-21 20:47:17.275 9 INFO neutron.db.ovn_revision_numbers_db [req-1ffb529b-a0ad-4b33-a9eb-118c696fa361 req-9d678fdf-58f3-42ce-96b3-d5aaa686f72f af748aa8c6d048e9909fb39888e3bc5c c8a7ce15d18741f3ba39c8122d0ef995 - - default default] Successfully bumped revision number for resource c055a55d-ff66-4327-b89d-31bffad8d558 (type: ports) to 1
2026-05-21 20:47:17.299 9 INFO neutron.wsgi [req-1ffb529b-a0ad-4b33-a9eb-118c696fa361 req-9d678fdf-58f3-42ce-96b3-d5aaa686f72f af748aa8c6d048e9909fb39888e3bc5c c8a7ce15d18741f3ba39c8122d0ef995 - - default default] 199.19.213.31 "POST /v2.0/ports HTTP/1.1" status: 201 len: 1392 time: 0.5353999 /var/lib/openstack/lib/python3.10/site-packages/pycadf/identifier.py:71: UserWarning: Invalid uuid: neutron. To ensure interoperability, identifiers should be a valid uuid. warnings.warn(('Invalid uuid: %s. To ensure interoperability, '
2026-05-21 20:47:17.746 9 INFO neutron.db.ovn_revision_numbers_db [req-1ffb529b-a0ad-4b33-a9eb-118c696fa361 req-ab320a5d-f17b-48e7-8cc6-6af959a2d234 69d4311732694ce3beae4333b61e2427 2a9faab92e384d0da575fc126fdc5b0b - - 4e12037ead924f5c973c3cd06db7653e 4e12037ead924f5c973c3cd06db7653e] Successfully bumped revision number for resource c055a55d-ff66-4327-b89d-31bffad8d558 (type: ports) to 2
2026-05-21 20:47:17.953 9 INFO neutron.db.ovn_revision_numbers_db [req-1ffb529b-a0ad-4b33-a9eb-118c696fa361 req-ab320a5d-f17b-48e7-8cc6-6af959a2d234 69d4311732694ce3beae4333b61e2427 2a9faab92e384d0da575fc126fdc5b0b - - 4e12037ead924f5c973c3cd06db7653e 4e12037ead924f5c973c3cd06db7653e] Successfully bumped revision number for resource c055a55d-ff66-4327-b89d-31bffad8d558 (type: ports) to 2
2026-05-21 20:47:17.969 9 INFO neutron.wsgi [req-1ffb529b-a0ad-4b33-a9eb-118c696fa361 req-ab320a5d-f17b-48e7-8cc6-6af959a2d234 69d4311732694ce3beae4333b61e2427 2a9faab92e384d0da575fc126fdc5b0b - - 4e12037ead924f5c973c3cd06db7653e 4e12037ead924f5c973c3cd06db7653e] 199.19.213.31 "PUT /v2.0/ports/c055a55d-ff66-4327-b89d-31bffad8d558 HTTP/1.1" status: 200 len: 1609 time: 0.6604097 /var/lib/openstack/lib/python3.10/site-packages/pycadf/identifier.py:71: UserWarning: Invalid uuid: neutron. To ensure interoperability, identifiers should be a valid uuid. warnings.warn(('Invalid uuid: %s. To ensure interoperability, '
2026-05-21 20:47:18.016 9 INFO neutron.notifiers.nova [-] Nova event matching ['req-76e071ec-ad9a-47cf-9f89-11f652c0f0d8'] response: {'name': 'network-changed', 'server_uuid': '72a6efbf-82bc-49cc-a386-eb8ced647914', 'tag': 'c055a55d-ff66-4327-b89d-31bffad8d558', 'status': 'completed', 'code': 200}
2026-05-21 20:47:18.043 9 INFO neutron.wsgi [req-1ffb529b-a0ad-4b33-a9eb-118c696fa361 req-7bd6abab-1c3f-4f00-8909-c05054acc943 69d4311732694ce3beae4333b61e2427 2a9faab92e384d0da575fc126fdc5b0b - - 4e12037ead924f5c973c3cd06db7653e 4e12037ead924f5c973c3cd06db7653e] 199.19.213.31 "GET /v2.0/ports?tenant_id=c8a7ce15d18741f3ba39c8122d0ef995&device_id=72a6efbf-82bc-49cc-a386-eb8ced647914 HTTP/1.1" status: 200 len: 1640 time: 0.0382280
2026-05-21 20:47:18.084 9 INFO neutron.wsgi [req-1ffb529b-a0ad-4b33-a9eb-118c696fa361 req-3c20863d-0552-4946-a7fe-1712827c9ee2 69d4311732694ce3beae4333b61e2427 2a9faab92e384d0da575fc126fdc5b0b - - 4e12037ead924f5c973c3cd06db7653e 4e12037ead924f5c973c3cd06db7653e] 199.19.213.31 "GET /v2.0/floatingips?fixed_ip_address=10.2.2.145&port_id=c055a55d-ff66-4327-b89d-31bffad8d558 HTTP/1.1" status: 200 len: 217 time: 0.0332885
2026-05-21 20:47:18.113 9 INFO neutron.wsgi [req-1ffb529b-a0ad-4b33-a9eb-118c696fa361 req-a69401d8-4585-48b4-a96f-0065b6a7a77f 69d4311732694ce3beae4333b61e2427 2a9faab92e384d0da575fc126fdc5b0b - - 4e12037ead924f5c973c3cd06db7653e 4e12037ead924f5c973c3cd06db7653e] 199.19.213.31 "GET /v2.0/floatingips?fixed_ip_address=fd77%3A1457%3A4cf0%3A26a8%3A%3A344&port_id=c055a55d-ff66-4327-b89d-31bffad8d558 HTTP/1.1" status: 200 len: 217 time: 0.0227818
2026-05-21 20:47:18.162 9 INFO neutron.wsgi [req-1ffb529b-a0ad-4b33-a9eb-118c696fa361 req-1df6f6a2-f3ab-4c95-a4c5-a194611d51cb 69d4311732694ce3beae4333b61e2427 2a9faab92e384d0da575fc126fdc5b0b - - 4e12037ead924f5c973c3cd06db7653e 4e12037ead924f5c973c3cd06db7653e] 199.19.213.31 "GET /v2.0/subnets?id=a9a5df9a-774f-4ad6-a743-c091f1f7a2c0&id=0a3907b8-7034-4bfc-a11a-2fd04e30e286 HTTP/1.1" status: 200 len: 1566 time: 0.0430465
2026-05-21 20:47:18.190 9 INFO neutron.wsgi [req-1ffb529b-a0ad-4b33-a9eb-118c696fa361 req-50577886-f4df-4fe6-ad98-af5a7b81a63e 69d4311732694ce3beae4333b61e2427 2a9faab92e384d0da575fc126fdc5b0b - - 4e12037ead924f5c973c3cd06db7653e 4e12037ead924f5c973c3cd06db7653e] 199.19.213.31 "GET /v2.0/ports?network_id=f31356f6-d7b8-42ee-a021-937556d2d1dd&device_owner=network%3Adhcp HTTP/1.1" status: 200 len: 210 time: 0.0235548
2026-05-21 20:47:18.222 9 INFO neutron.wsgi [req-1ffb529b-a0ad-4b33-a9eb-118c696fa361 req-cbcb3599-927a-4374-acbd-7660b6f8bef1 69d4311732694ce3beae4333b61e2427 2a9faab92e384d0da575fc126fdc5b0b - - 4e12037ead924f5c973c3cd06db7653e 4e12037ead924f5c973c3cd06db7653e] 199.19.213.31 "GET /v2.0/ports?network_id=f31356f6-d7b8-42ee-a021-937556d2d1dd&device_owner=network%3Adhcp HTTP/1.1" status: 200 len: 210 time: 0.0245972
2026-05-21 20:47:18.307 9 INFO neutron.wsgi [req-1ffb529b-a0ad-4b33-a9eb-118c696fa361 req-80f3eaad-a647-4c25-a6c5-4ff5f191beed 69d4311732694ce3beae4333b61e2427 2a9faab92e384d0da575fc126fdc5b0b - - 4e12037ead924f5c973c3cd06db7653e 4e12037ead924f5c973c3cd06db7653e] 199.19.213.31 "GET /v2.0/networks/f31356f6-d7b8-42ee-a021-937556d2d1dd?fields=segments HTTP/1.1" status: 200 len: 212 time: 0.0782070
2026-05-21 20:47:18.374 9 INFO neutron.wsgi [req-1ffb529b-a0ad-4b33-a9eb-118c696fa361 req-5f1daf06-077c-4372-a10e-ea3e285e8407 69d4311732694ce3beae4333b61e2427 2a9faab92e384d0da575fc126fdc5b0b - - 4e12037ead924f5c973c3cd06db7653e 4e12037ead924f5c973c3cd06db7653e] 199.19.213.31 "GET /v2.0/networks/f31356f6-d7b8-42ee-a021-937556d2d1dd?fields=provider%3Aphysical_network&fields=provider%3Anetwork_type HTTP/1.1" status: 200 len: 277 time: 0.0606680
2026-05-21 20:47:18.463 9 INFO neutron.wsgi [req-506a46ee-1dac-47ae-9061-7939d8257097 req-113aed4f-b4c6-4278-bded-2c47f486777b 69d4311732694ce3beae4333b61e2427 2a9faab92e384d0da575fc126fdc5b0b - - 4e12037ead924f5c973c3cd06db7653e 4e12037ead924f5c973c3cd06db7653e] 199.19.213.31 "GET /v2.0/ports?tenant_id=c8a7ce15d18741f3ba39c8122d0ef995&device_id=72a6efbf-82bc-49cc-a386-eb8ced647914 HTTP/1.1" status: 200 len: 1640 time: 0.0462365
2026-05-21 20:47:18.534 9 INFO neutron.wsgi [req-506a46ee-1dac-47ae-9061-7939d8257097 req-96d2ef5f-ae07-46b6-9204-be8e8d328145 69d4311732694ce3beae4333b61e2427 2a9faab92e384d0da575fc126fdc5b0b - - 4e12037ead924f5c973c3cd06db7653e 4e12037ead924f5c973c3cd06db7653e] 199.19.213.31 "GET /v2.0/networks?id=f31356f6-d7b8-42ee-a021-937556d2d1dd HTTP/1.1" status: 200 len: 1003 time: 0.0641806
2026-05-21 20:47:18.562 9 INFO neutron.wsgi [req-506a46ee-1dac-47ae-9061-7939d8257097 req-5b04c146-d88a-4e67-a551-b9e4490e7ddb 69d4311732694ce3beae4333b61e2427 2a9faab92e384d0da575fc126fdc5b0b - - 4e12037ead924f5c973c3cd06db7653e 4e12037ead924f5c973c3cd06db7653e] 199.19.213.31 "GET /v2.0/floatingips?fixed_ip_address=10.2.2.145&port_id=c055a55d-ff66-4327-b89d-31bffad8d558 HTTP/1.1" status: 200 len: 217 time: 0.0231252
2026-05-21 20:47:18.584 9 INFO neutron.plugins.ml2.drivers.ovn.mech_driver.mech_driver [None req-b5e239f1-8ce8-44b3-a5a1-0fa2726ca751 - - - - - -] OVN reports status up for port: c055a55d-ff66-4327-b89d-31bffad8d558
2026-05-21 20:47:18.600 9 INFO neutron.wsgi [req-506a46ee-1dac-47ae-9061-7939d8257097 req-e4f07cdb-78bf-4eab-8f93-83b564501b90 69d4311732694ce3beae4333b61e2427 2a9faab92e384d0da575fc126fdc5b0b - - 4e12037ead924f5c973c3cd06db7653e 4e12037ead924f5c973c3cd06db7653e] 199.19.213.31 "GET /v2.0/floatingips?fixed_ip_address=fd77%3A1457%3A4cf0%3A26a8%3A%3A344&port_id=c055a55d-ff66-4327-b89d-31bffad8d558 HTTP/1.1" status: 200 len: 217 time: 0.0280604
2026-05-21 20:47:18.606 9 INFO neutron.plugins.ml2.plugin [None req-b5e239f1-8ce8-44b3-a5a1-0fa2726ca751 - - - - - -] Attempt 1 to provision port c055a55d-ff66-4327-b89d-31bffad8d558
