2026-07-02 06:16:42.725 9 INFO neutron.wsgi [req-497e833d-edb6-4812-837e-946352813389 req-f1dcbc0d-6097-4449-8473-8bf8851db81f b622ab4571e44e8384e1cca29e6b8500 a0663b1f2d3e4bfca5f61877b3730974 - - 1a81c6fec90b48cbaf890ff682313246 1a81c6fec90b48cbaf890ff682313246] 199.204.45.57 "GET /v2.0/networks/d80dae0b-a690-4edd-99c0-7465363b94d2?fields=provider%3Aphysical_network&fields=provider%3Anetwork_type HTTP/1.1" status: 200 len: 277 time: 0.0724583
2026-07-02 06:16:42.941 10 INFO neutron.plugins.ml2.drivers.ovn.mech_driver.mech_driver [None req-db4354f1-5bf8-4fc7-90fa-3838a405342e - - - - - -] OVN reports status down for port: 7d3b6fa3-e446-4a8c-838f-f20737940697
2026-07-02 06:16:43.138 10 INFO neutron.notifiers.nova [-] Nova event matching ['req-8393d97e-1b07-42d7-8b0a-cc0eafd595e7'] response: {'server_uuid': '3f80cb9e-8582-4ca6-bbea-8660015e2ca9', 'name': 'network-vif-unplugged', 'status': 'completed', 'tag': '7d3b6fa3-e446-4a8c-838f-f20737940697', 'code': 200}
2026-07-02 06:16:43.321 9 INFO neutron.db.ovn_revision_numbers_db [None req-8338072d-188a-4aa8-9444-113a7f9022f7 d76d727f0982434a981787f1f102e8d9 d0459e9ac28f4b70b46d1ea36527355b - - default default] Successfully bumped revision number for resource 9d5c4706-b4c0-483d-a380-5dab3d105f02 (type: security_groups) to 1
2026-07-02 06:16:43.339 9 INFO neutron.db.ovn_revision_numbers_db [None req-8338072d-188a-4aa8-9444-113a7f9022f7 d76d727f0982434a981787f1f102e8d9 d0459e9ac28f4b70b46d1ea36527355b - - default default] Successfully bumped revision number for resource 8355083b-b4cf-47c9-bbe9-31d0adcbe764 (type: security_group_rules) to 0
2026-07-02 06:16:43.354 9 INFO neutron.db.ovn_revision_numbers_db [None req-8338072d-188a-4aa8-9444-113a7f9022f7 d76d727f0982434a981787f1f102e8d9 d0459e9ac28f4b70b46d1ea36527355b - - default default] Successfully bumped revision number for resource 9305a299-fcbe-4868-94f3-a2b316f7e550 (type: security_group_rules) to 0
2026-07-02 06:16:43.376 9 INFO neutron.db.ovn_revision_numbers_db [None req-8338072d-188a-4aa8-9444-113a7f9022f7 d76d727f0982434a981787f1f102e8d9 d0459e9ac28f4b70b46d1ea36527355b - - default default] Successfully bumped revision number for resource bbb7cfaa-c001-4834-8de2-c26e5ceed558 (type: security_group_rules) to 0
2026-07-02 06:16:43.398 9 INFO neutron.db.ovn_revision_numbers_db [None req-8338072d-188a-4aa8-9444-113a7f9022f7 d76d727f0982434a981787f1f102e8d9 d0459e9ac28f4b70b46d1ea36527355b - - default default] Successfully bumped revision number for resource e10e5d1c-759a-4df8-aa20-6b445112b67f (type: security_group_rules) to 0
2026-07-02 06:16:43.420 9 INFO neutron.wsgi [None req-8338072d-188a-4aa8-9444-113a7f9022f7 d76d727f0982434a981787f1f102e8d9 d0459e9ac28f4b70b46d1ea36527355b - - default default] 10.0.0.183 "GET /v2.0/security-groups?tenant_id=375a52f9261e4eaaa52996b628abc80d&name=default HTTP/1.1" status: 200 len: 3120 time: 0.4693232
2026-07-02 06:16:43.421 10 INFO neutron.db.ovn_revision_numbers_db [None req-db4354f1-5bf8-4fc7-90fa-3838a405342e - - - - - -] Successfully bumped revision number for resource 7d3b6fa3-e446-4a8c-838f-f20737940697 (type: ports) to 5
2026-07-02 06:16:43.571 10 INFO neutron.wsgi [req-493f1b48-f264-4fdb-8cde-e0d813385528 req-1c49b75a-5234-4fde-b001-aa4b810517b0 680a7032aa3549f9b288e59cc7d1f553 268be6239c664b26a9162e5ee3887919 - - default default] 10.0.0.195 "GET /v2.0/ports?device_id=3f80cb9e-8582-4ca6-bbea-8660015e2ca9 HTTP/1.1" status: 200 len: 1168 time: 0.0802655
2026-07-02 06:16:43.610 10 INFO neutron.plugins.ml2.drivers.ovn.mech_driver.mech_driver [None req-db4354f1-5bf8-4fc7-90fa-3838a405342e - - - - - -] OVN reports status up for port: 7d3b6fa3-e446-4a8c-838f-f20737940697
2026-07-02 06:16:43.626 10 INFO neutron.wsgi [None req-4540f3e9-3250-48f4-9ff2-93f325a158a7 d76d727f0982434a981787f1f102e8d9 d0459e9ac28f4b70b46d1ea36527355b - - default default] 10.0.0.183 "DELETE /v2.0/routers/5acacec3-48ba-40f6-9c53-4d79ce48a6fa HTTP/1.1" status: 204 len: 168 time: 1.0844264
2026-07-02 06:16:43.649 10 INFO neutron.wsgi [req-493f1b48-f264-4fdb-8cde-e0d813385528 req-610bdabb-9e1d-45d6-b8d2-659b34144a5d 680a7032aa3549f9b288e59cc7d1f553 268be6239c664b26a9162e5ee3887919 - - default default] 10.0.0.195 "GET /v2.0/security-groups?id=0c1a36d1-3700-4a81-bf5e-6bff17dee6c8&fields=id&fields=name HTTP/1.1" status: 200 len: 312 time: 0.0723662
2026-07-02 06:16:43.649 10 INFO neutron.plugins.ml2.plugin [None req-db4354f1-5bf8-4fc7-90fa-3838a405342e - - - - - -] Attempt 1 to provision port 7d3b6fa3-e446-4a8c-838f-f20737940697
2026-07-02 06:16:43.719 9 INFO neutron.wsgi [None req-aedbaa90-1407-4ac0-952c-7032bc3a1156 d76d727f0982434a981787f1f102e8d9 d0459e9ac28f4b70b46d1ea36527355b - - default default] 10.0.0.183 "DELETE /v2.0/security-groups/9d5c4706-b4c0-483d-a380-5dab3d105f02 HTTP/1.1" status: 204 len: 168 time: 0.2905855
2026-07-02 06:16:43.883 9 INFO neutron.wsgi [None req-76c37471-48da-4302-8db2-ce4d5e3b03fa d76d727f0982434a981787f1f102e8d9 d0459e9ac28f4b70b46d1ea36527355b - - default default] 10.0.0.183 "DELETE /v2.0/subnets/00b75776-f3a5-4f62-9e57-2a203bc21973 HTTP/1.1" status: 204 len: 168 time: 0.2497745
2026-07-02 06:16:43.979 10 INFO neutron.db.ovn_revision_numbers_db [None req-db4354f1-5bf8-4fc7-90fa-3838a405342e - - - - - -] Successfully bumped revision number for resource 7d3b6fa3-e446-4a8c-838f-f20737940697 (type: ports) to 6
2026-07-02 06:16:44.282 9 INFO neutron.services.segments.plugin [-] Segment 5aafe3d1-e71c-4f01-ab06-70a0be559529 resource provider aggregate not found
2026-07-02 06:16:44.287 9 INFO neutron.services.segments.plugin [-] Segment 5aafe3d1-e71c-4f01-ab06-70a0be559529 resource provider aggregate not found
2026-07-02 06:16:44.296 9 INFO neutron.services.segments.plugin [-] Segment 5aafe3d1-e71c-4f01-ab06-70a0be559529 resource provider not found; error: Placement Client Error (4xx): {"errors": [{"status": 404, "title": "Not Found", "detail": "The resource could not be found.\n\n No resource provider with uuid 5aafe3d1-e71c-4f01-ab06-70a0be559529 found for delete ", "request_id": "req-78d42e26-8825-4a4e-9afb-f6e9e252a5a7"}]}
2026-07-02 06:16:44.307 9 INFO neutron.wsgi [None req-2da9abdd-64ca-4cae-a8e0-6fa733580f05 d76d727f0982434a981787f1f102e8d9 d0459e9ac28f4b70b46d1ea36527355b - - default default] 10.0.0.183 "DELETE /v2.0/networks/aa4777ad-2b52-46a2-9771-32a2d3ef9027 HTTP/1.1" status: 204 len: 168 time: 0.4188452
2026-07-02 06:16:44.309 9 INFO neutron.services.segments.plugin [-] Segment 5aafe3d1-e71c-4f01-ab06-70a0be559529 resource provider not found; error: Placement Client Error (4xx): {"errors": [{"status": 404, "title": "Not Found", "detail": "The resource could not be found.\n\n No resource provider with uuid 5aafe3d1-e71c-4f01-ab06-70a0be559529 found for delete ", "request_id": "req-0e369e8c-6f1e-4bd3-b5dd-0bea388819b4"}]} /var/lib/openstack/lib/python3.10/site-packages/pycadf/identifier.py:71: UserWarning: Invalid uuid: neutron. To ensure interoperability, identifiers should be a valid uuid. warnings.warn(('Invalid uuid: %s. To ensure interoperability, '
2026-07-02 06:16:44.522 10 INFO neutron.wsgi [None req-c1cf43d7-c49f-4aac-9156-8157e815d9e5 d76d727f0982434a981787f1f102e8d9 d0459e9ac28f4b70b46d1ea36527355b - - default default] 10.0.0.183 "GET /v2.0/security-groups?tenant_id=b342be8709934eef80ead16dc4a604ea&name=default HTTP/1.1" status: 200 len: 3120 time: 0.0441413
2026-07-02 06:16:44.775 9 INFO neutron.db.ovn_revision_numbers_db [None req-b49022dc-fc71-4516-8df6-de433cca456a d76d727f0982434a981787f1f102e8d9 d0459e9ac28f4b70b46d1ea36527355b - - default default] Successfully bumped revision number for resource df6bcf13-9a6c-4a2c-80fd-597d2e0da9e5 (type: security_groups) to 1
2026-07-02 06:16:44.787 10 INFO neutron.wsgi [req-4343f5ba-4abb-425f-85aa-bca2bd80eb4b req-7ddd05da-df02-4489-87b0-8b211f1341bf 680a7032aa3549f9b288e59cc7d1f553 268be6239c664b26a9162e5ee3887919 - - default default] 10.0.0.195 "GET /v2.0/ports?device_id=3f80cb9e-8582-4ca6-bbea-8660015e2ca9 HTTP/1.1" status: 200 len: 1170 time: 0.0466659
2026-07-02 06:16:44.797 9 INFO neutron.db.ovn_revision_numbers_db [None req-b49022dc-fc71-4516-8df6-de433cca456a d76d727f0982434a981787f1f102e8d9 d0459e9ac28f4b70b46d1ea36527355b - - default default] Successfully bumped revision number for resource 3abf0866-030b-4d37-947c-c52d7dafaea5 (type: security_group_rules) to 0
2026-07-02 06:16:44.819 9 INFO neutron.db.ovn_revision_numbers_db [None req-b49022dc-fc71-4516-8df6-de433cca456a d76d727f0982434a981787f1f102e8d9 d0459e9ac28f4b70b46d1ea36527355b - - default default] Successfully bumped revision number for resource 50c83838-0538-4eed-947f-0dba755ebea9 (type: security_group_rules) to 0
2026-07-02 06:16:44.823 10 INFO neutron.wsgi [None req-3ce0b2c9-ee9c-4dee-8d5b-cbc12314b076 d76d727f0982434a981787f1f102e8d9 d0459e9ac28f4b70b46d1ea36527355b - - default default] 10.0.0.183 "DELETE /v2.0/security-groups/17aaebec-2810-401d-8ecf-d6ee83ce1664 HTTP/1.1" status: 204 len: 168 time: 0.2967560
2026-07-02 06:16:44.859 10 INFO neutron.wsgi [req-4343f5ba-4abb-425f-85aa-bca2bd80eb4b req-261ae869-c040-4f9e-a9f9-fab382e64f3a 680a7032aa3549f9b288e59cc7d1f553 268be6239c664b26a9162e5ee3887919 - - default default] 10.0.0.195 "GET /v2.0/security-groups?id=0c1a36d1-3700-4a81-bf5e-6bff17dee6c8&fields=id&fields=name HTTP/1.1" status: 200 len: 312 time: 0.0675533
2026-07-02 06:16:44.860 9 INFO neutron.db.ovn_revision_numbers_db [None req-b49022dc-fc71-4516-8df6-de433cca456a d76d727f0982434a981787f1f102e8d9 d0459e9ac28f4b70b46d1ea36527355b - - default default] Successfully bumped revision number for resource da82956e-0fd5-47e5-91eb-e815b431deb1 (type: security_group_rules) to 0
2026-07-02 06:16:44.883 9 INFO neutron.db.ovn_revision_numbers_db [None req-b49022dc-fc71-4516-8df6-de433cca456a d76d727f0982434a981787f1f102e8d9 d0459e9ac28f4b70b46d1ea36527355b - - default default] Successfully bumped revision number for resource fc8a4396-75ed-4cb6-80da-9dc0bb7dfc8d (type: security_group_rules) to 0
2026-07-02 06:16:44.901 9 INFO neutron.wsgi [None req-b49022dc-fc71-4516-8df6-de433cca456a d76d727f0982434a981787f1f102e8d9 d0459e9ac28f4b70b46d1ea36527355b - - default default] 10.0.0.183 "GET /v2.0/security-groups?tenant_id=fbccd045a544475a9bcefff525a20d16&name=default HTTP/1.1" status: 200 len: 3120 time: 0.3887370
2026-07-02 06:16:45.152 10 INFO neutron.wsgi [None req-06738579-139b-4b80-a325-71ca7e3b264b d76d727f0982434a981787f1f102e8d9 d0459e9ac28f4b70b46d1ea36527355b - - default default] 10.0.0.183 "DELETE /v2.0/security-groups/df6bcf13-9a6c-4a2c-80fd-597d2e0da9e5 HTTP/1.1" status: 204 len: 168 time: 0.2435026
2026-07-02 06:16:45.200 10 INFO neutron.notifiers.nova [-] Nova event matching ['req-3c4fb9d6-13a0-477b-90c5-51d6442e4dcf'] response: {'server_uuid': '3f80cb9e-8582-4ca6-bbea-8660015e2ca9', 'name': 'network-vif-unplugged', 'status': 'completed', 'tag': '7d3b6fa3-e446-4a8c-838f-f20737940697', 'code': 200}
2026-07-02 06:16:45.201 10 INFO neutron.notifiers.nova [-] Nova event matching ['req-3c4fb9d6-13a0-477b-90c5-51d6442e4dcf'] response: {'server_uuid': '3f80cb9e-8582-4ca6-bbea-8660015e2ca9', 'name': 'network-vif-plugged', 'status': 'completed', 'tag': '7d3b6fa3-e446-4a8c-838f-f20737940697', 'code': 200}
2026-07-02 06:16:45.201 10 INFO neutron.notifiers.nova [-] Nova event matching ['req-3c4fb9d6-13a0-477b-90c5-51d6442e4dcf'] response: {'server_uuid': '3f80cb9e-8582-4ca6-bbea-8660015e2ca9', 'name': 'network-vif-plugged', 'status': 'completed', 'tag': '7d3b6fa3-e446-4a8c-838f-f20737940697', 'code': 200}
2026-07-02 06:16:45.357 10 INFO neutron.db.ovn_revision_numbers_db [None req-3b7c2411-3db9-42cc-87a7-c2733f165f6c d76d727f0982434a981787f1f102e8d9 d0459e9ac28f4b70b46d1ea36527355b - - default default] Successfully bumped revision number for resource 390b9a36-6cda-4f94-984a-9120282053ca (type: security_groups) to 1
2026-07-02 06:16:45.384 10 INFO neutron.db.ovn_revision_numbers_db [None req-3b7c2411-3db9-42cc-87a7-c2733f165f6c d76d727f0982434a981787f1f102e8d9 d0459e9ac28f4b70b46d1ea36527355b - - default default] Successfully bumped revision number for resource 10936026-9124-4372-aabb-66a4c6fef5db (type: security_group_rules) to 0
2026-07-02 06:16:45.400 10 INFO neutron.db.ovn_revision_numbers_db [None req-3b7c2411-3db9-42cc-87a7-c2733f165f6c d76d727f0982434a981787f1f102e8d9 d0459e9ac28f4b70b46d1ea36527355b - - default default] Successfully bumped revision number for resource 3e7feffd-75c0-4e8e-8688-616d0b61907e (type: security_group_rules) to 0
2026-07-02 06:16:45.417 10 INFO neutron.db.ovn_revision_numbers_db [None req-3b7c2411-3db9-42cc-87a7-c2733f165f6c d76d727f0982434a981787f1f102e8d9 d0459e9ac28f4b70b46d1ea36527355b - - default default] Successfully bumped revision number for resource 633a2a0d-55f5-4238-80c2-993721c79982 (type: security_group_rules) to 0
2026-07-02 06:16:45.432 10 INFO neutron.db.ovn_revision_numbers_db [None req-3b7c2411-3db9-42cc-87a7-c2733f165f6c d76d727f0982434a981787f1f102e8d9 d0459e9ac28f4b70b46d1ea36527355b - - default default] Successfully bumped revision number for resource 786af386-b9b0-4db1-ad56-54e4bf076b44 (type: security_group_rules) to 0
2026-07-02 06:16:45.463 10 INFO neutron.wsgi [None req-3b7c2411-3db9-42cc-87a7-c2733f165f6c d76d727f0982434a981787f1f102e8d9 d0459e9ac28f4b70b46d1ea36527355b - - default default] 10.0.0.183 "GET /v2.0/security-groups?tenant_id=96d0ee49b23d42e8a399a8dd9499d651&name=default HTTP/1.1" status: 200 len: 3120 time: 0.2293866
2026-07-02 06:16:45.577 9 INFO neutron.wsgi [None req-73c312e1-6857-4a26-af94-9f4a26f7e6fc d76d727f0982434a981787f1f102e8d9 d0459e9ac28f4b70b46d1ea36527355b - - default default] 10.0.0.186 "GET /v2.0/routers HTTP/1.1" status: 200 len: 1153 time: 0.4016869
2026-07-02 06:16:45.594 9 INFO neutron.wsgi [None req-392843af-23fe-4fca-ad31-403feb0c9124 d76d727f0982434a981787f1f102e8d9 d0459e9ac28f4b70b46d1ea36527355b - - default default] 10.0.0.186 "GET /v2.0/agents?binary=ovn-controller HTTP/1.1" status: 200 len: 591 time: 0.0157654
2026-07-02 06:16:45.665 9 INFO neutron.wsgi [None req-387850ac-0df8-485d-bffa-056a6bf3c429 d76d727f0982434a981787f1f102e8d9 d0459e9ac28f4b70b46d1ea36527355b - - default default] 10.0.0.186 "GET /v2.0/subnets HTTP/1.1" status: 200 len: 2094 time: 0.0632305
2026-07-02 06:16:45.695 9 INFO neutron.wsgi [None req-2e127462-d25f-4d36-88c6-2e74ead4a164 d76d727f0982434a981787f1f102e8d9 d0459e9ac28f4b70b46d1ea36527355b - - default default] 10.0.0.186 "GET /v2.0/subnetpools HTTP/1.1" status: 200 len: 193 time: 0.0271552
2026-07-02 06:16:45.727 9 INFO neutron.wsgi [None req-718302aa-59be-4d19-a505-57db0a710300 d76d727f0982434a981787f1f102e8d9 d0459e9ac28f4b70b46d1ea36527355b - - default default] 10.0.0.186 "GET /v2.0/network-ip-availabilities HTTP/1.1" status: 200 len: 1758 time: 0.0311368
2026-07-02 06:16:45.742 9 INFO neutron.wsgi [None req-80fd91f6-fc0d-40b8-86df-a241d3ca2725 d76d727f0982434a981787f1f102e8d9 d0459e9ac28f4b70b46d1ea36527355b - - default default] 10.0.0.186 "GET /v2.0/agents HTTP/1.1" status: 200 len: 1390 time: 0.0132415
2026-07-02 06:16:45.837 9 INFO neutron.wsgi [None req-071fdbba-ab62-4ff4-8e70-50e8edf1a1ae d76d727f0982434a981787f1f102e8d9 d0459e9ac28f4b70b46d1ea36527355b - - default default] 10.0.0.186 "GET /v2.0/networks HTTP/1.1" status: 200 len: 3110 time: 0.0927997
2026-07-02 06:16:45.888 9 INFO neutron.wsgi [None req-e582264b-ecb9-45ba-89d6-d781ea936576 d76d727f0982434a981787f1f102e8d9 d0459e9ac28f4b70b46d1ea36527355b - - default default] 10.0.0.186 "GET /v2.0/security-groups HTTP/1.1" status: 200 len: 26246 time: 0.0472751
2026-07-02 06:16:45.932 9 INFO neutron.wsgi [None req-f2ee72c3-537c-49ae-96d4-ce36d4c0527e d76d727f0982434a981787f1f102e8d9 d0459e9ac28f4b70b46d1ea36527355b - - default default] 10.0.0.186 "GET /v2.0/subnets HTTP/1.1" status: 200 len: 2094 time: 0.0363319
2026-07-02 06:16:46.033 9 INFO neutron.wsgi [None req-a3fae057-e35b-4ad9-923d-1aff0463272e d76d727f0982434a981787f1f102e8d9 d0459e9ac28f4b70b46d1ea36527355b - - default default] 10.0.0.186 "GET /v2.0/ports HTTP/1.1" status: 200 len: 10765 time: 0.0999923
2026-07-02 06:16:46.064 9 INFO neutron.wsgi [None req-270b4a58-8aea-4afd-8794-e407cc2ff9df d76d727f0982434a981787f1f102e8d9 d0459e9ac28f4b70b46d1ea36527355b - - default default] 10.0.0.183 "DELETE /v2.0/security-groups/390b9a36-6cda-4f94-984a-9120282053ca HTTP/1.1" status: 204 len: 168 time: 0.5924566
2026-07-02 06:16:46.114 9 INFO neutron.wsgi [None req-3dca80db-b573-4d4e-ade4-ce1da4a5fd47 d76d727f0982434a981787f1f102e8d9 d0459e9ac28f4b70b46d1ea36527355b - - default default] 10.0.0.186 "GET /v2.0/floatingips HTTP/1.1" status: 200 len: 1035 time: 0.0704238
2026-07-02 06:16:46.507 9 INFO neutron.wsgi [-] 10.0.0.57 "GET / HTTP/1.1" status: 200 len: 247 time: 0.0031457
2026-07-02 06:16:46.509 9 INFO neutron.wsgi [-] 10.0.0.57 "GET / HTTP/1.1" status: 200 len: 247 time: 0.0015357
2026-07-02 06:16:47.281 9 INFO neutron.wsgi [req-06a3c5c9-a316-48d5-8dde-6b07d3564829 req-4f3661af-8ea0-4edd-9227-9cf050869ab7 b622ab4571e44e8384e1cca29e6b8500 a0663b1f2d3e4bfca5f61877b3730974 - - 1a81c6fec90b48cbaf890ff682313246 1a81c6fec90b48cbaf890ff682313246] 199.204.45.57 "GET /v2.0/ports?device_id=3f80cb9e-8582-4ca6-bbea-8660015e2ca9&fields=binding%3Ahost_id&fields=binding%3Avif_type HTTP/1.1" status: 200 len: 265 time: 0.0334823
2026-07-02 06:16:47.385 9 INFO neutron.wsgi [req-06a3c5c9-a316-48d5-8dde-6b07d3564829 req-3504cc72-9a01-4229-b87a-15836e4ccb9a b622ab4571e44e8384e1cca29e6b8500 a0663b1f2d3e4bfca5f61877b3730974 - - 1a81c6fec90b48cbaf890ff682313246 1a81c6fec90b48cbaf890ff682313246] 199.204.45.57 "GET /v2.0/ports?tenant_id=268be6239c664b26a9162e5ee3887919&device_id=3f80cb9e-8582-4ca6-bbea-8660015e2ca9 HTTP/1.1" status: 200 len: 1409 time: 0.0509427
2026-07-02 06:16:47.475 9 INFO neutron.wsgi [req-06a3c5c9-a316-48d5-8dde-6b07d3564829 req-c81c8083-0d98-4c31-b220-3db52dc38582 b622ab4571e44e8384e1cca29e6b8500 a0663b1f2d3e4bfca5f61877b3730974 - - 1a81c6fec90b48cbaf890ff682313246 1a81c6fec90b48cbaf890ff682313246] 199.204.45.57 "GET /v2.0/networks?id=d80dae0b-a690-4edd-99c0-7465363b94d2 HTTP/1.1" status: 200 len: 973 time: 0.0711706
2026-07-02 06:16:47.527 9 INFO neutron.wsgi [req-06a3c5c9-a316-48d5-8dde-6b07d3564829 req-0c78d3a9-7d06-4eb7-8fc6-4689e8c57128 b622ab4571e44e8384e1cca29e6b8500 a0663b1f2d3e4bfca5f61877b3730974 - - 1a81c6fec90b48cbaf890ff682313246 1a81c6fec90b48cbaf890ff682313246] 199.204.45.57 "GET /v2.0/floatingips?fixed_ip_address=10.100.0.5&port_id=7d3b6fa3-e446-4a8c-838f-f20737940697 HTTP/1.1" status: 200 len: 1059 time: 0.0474713
2026-07-02 06:16:47.567 9 INFO neutron.wsgi [req-06a3c5c9-a316-48d5-8dde-6b07d3564829 req-c48c8c84-bab7-4aeb-9d52-3cc0e0d4ca0b b622ab4571e44e8384e1cca29e6b8500 a0663b1f2d3e4bfca5f61877b3730974 - - 1a81c6fec90b48cbaf890ff682313246 1a81c6fec90b48cbaf890ff682313246] 199.204.45.57 "GET /v2.0/subnets?id=f649ed83-1957-4234-83c6-b9d1d5da7fcd HTTP/1.1" status: 200 len: 869 time: 0.0370624
2026-07-02 06:16:47.590 9 INFO neutron.wsgi [req-06a3c5c9-a316-48d5-8dde-6b07d3564829 req-2e5c68c1-9195-4dfe-b8b1-d25d1a6a98cc b622ab4571e44e8384e1cca29e6b8500 a0663b1f2d3e4bfca5f61877b3730974 - - 1a81c6fec90b48cbaf890ff682313246 1a81c6fec90b48cbaf890ff682313246] 199.204.45.57 "GET /v2.0/ports?network_id=d80dae0b-a690-4edd-99c0-7465363b94d2&device_owner=network%3Adhcp HTTP/1.1" status: 200 len: 210 time: 0.0187883
2026-07-02 06:16:47.658 9 INFO neutron.wsgi [req-06a3c5c9-a316-48d5-8dde-6b07d3564829 req-1fa2882f-0a41-4bda-8e41-eef37f8a2972 b622ab4571e44e8384e1cca29e6b8500 a0663b1f2d3e4bfca5f61877b3730974 - - 1a81c6fec90b48cbaf890ff682313246 1a81c6fec90b48cbaf890ff682313246] 199.204.45.57 "GET /v2.0/networks/d80dae0b-a690-4edd-99c0-7465363b94d2?fields=segments HTTP/1.1" status: 200 len: 212 time: 0.0615537
2026-07-02 06:16:47.750 9 INFO neutron.wsgi [req-06a3c5c9-a316-48d5-8dde-6b07d3564829 req-196dc2a2-65d0-4d7a-8041-2c37134b764c b622ab4571e44e8384e1cca29e6b8500 a0663b1f2d3e4bfca5f61877b3730974 - - 1a81c6fec90b48cbaf890ff682313246 1a81c6fec90b48cbaf890ff682313246] 199.204.45.57 "GET /v2.0/networks/d80dae0b-a690-4edd-99c0-7465363b94d2?fields=provider%3Aphysical_network&fields=provider%3Anetwork_type HTTP/1.1" status: 200 len: 277 time: 0.0863683
2026-07-02 06:16:50.725 9 INFO neutron.db.ovn_revision_numbers_db [None req-71778d02-6645-4e89-80b5-77512c804137 d76d727f0982434a981787f1f102e8d9 d0459e9ac28f4b70b46d1ea36527355b - - default default] Successfully bumped revision number for resource 524d322d-cf7e-40e0-b062-0099e84ce050 (type: security_groups) to 1
2026-07-02 06:16:50.745 9 INFO neutron.db.ovn_revision_numbers_db [None req-71778d02-6645-4e89-80b5-77512c804137 d76d727f0982434a981787f1f102e8d9 d0459e9ac28f4b70b46d1ea36527355b - - default default] Successfully bumped revision number for resource 03cdf895-f0f6-49f4-9902-b60f934e785a (type: security_group_rules) to 0
2026-07-02 06:16:50.764 9 INFO neutron.db.ovn_revision_numbers_db [None req-71778d02-6645-4e89-80b5-77512c804137 d76d727f0982434a981787f1f102e8d9 d0459e9ac28f4b70b46d1ea36527355b - - default default] Successfully bumped revision number for resource 4f84f090-7fcb-4423-a6fb-9a4f5e23a8cc (type: security_group_rules) to 0
2026-07-02 06:16:50.778 9 INFO neutron.db.ovn_revision_numbers_db [None req-71778d02-6645-4e89-80b5-77512c804137 d76d727f0982434a981787f1f102e8d9 d0459e9ac28f4b70b46d1ea36527355b - - default default] Successfully bumped revision number for resource b42a3c7d-bd12-45f5-bf71-8b3b841c2e49 (type: security_group_rules) to 0
2026-07-02 06:16:50.794 9 INFO neutron.db.ovn_revision_numbers_db [None req-71778d02-6645-4e89-80b5-77512c804137 d76d727f0982434a981787f1f102e8d9 d0459e9ac28f4b70b46d1ea36527355b - - default default] Successfully bumped revision number for resource fa8c9ff8-d2f3-4991-8a98-4a776e73e8fd (type: security_group_rules) to 0
2026-07-02 06:16:50.819 9 INFO neutron.wsgi [None req-71778d02-6645-4e89-80b5-77512c804137 d76d727f0982434a981787f1f102e8d9 d0459e9ac28f4b70b46d1ea36527355b - - default default] 10.0.0.183 "GET /v2.0/security-groups?tenant_id=1ace2dc2249c4f39816df24e221e2d4a&name=default HTTP/1.1" status: 200 len: 3120 time: 0.4216137
2026-07-02 06:16:51.022 10 INFO neutron.wsgi [None req-68bc6684-5a77-4659-bc4f-11a953dcfd0b d76d727f0982434a981787f1f102e8d9 d0459e9ac28f4b70b46d1ea36527355b - - default default] 10.0.0.183 "DELETE /v2.0/security-groups/524d322d-cf7e-40e0-b062-0099e84ce050 HTTP/1.1" status: 204 len: 168 time: 0.1975682
2026-07-02 06:16:51.238 10 INFO neutron.db.ovn_revision_numbers_db [None req-2d2e8888-11bc-4129-be42-9bd41f25ca7f d76d727f0982434a981787f1f102e8d9 d0459e9ac28f4b70b46d1ea36527355b - - default default] Successfully bumped revision number for resource 9403618b-8ccf-403c-955a-026c20816fe2 (type: security_groups) to 1
2026-07-02 06:16:51.254 10 INFO neutron.db.ovn_revision_numbers_db [None req-2d2e8888-11bc-4129-be42-9bd41f25ca7f d76d727f0982434a981787f1f102e8d9 d0459e9ac28f4b70b46d1ea36527355b - - default default] Successfully bumped revision number for resource 0e67ee3c-11ca-4e01-8228-e6149a3a1d68 (type: security_group_rules) to 0
2026-07-02 06:16:51.269 10 INFO neutron.db.ovn_revision_numbers_db [None req-2d2e8888-11bc-4129-be42-9bd41f25ca7f d76d727f0982434a981787f1f102e8d9 d0459e9ac28f4b70b46d1ea36527355b - - default default] Successfully bumped revision number for resource ca551edc-cab6-4ff1-9a5d-3c46c00b3fb4 (type: security_group_rules) to 0
2026-07-02 06:16:51.277 9 INFO neutron.db.ovn_revision_numbers_db [None req-b0942600-17fd-4e46-99dc-0514e5161b53 d76d727f0982434a981787f1f102e8d9 d0459e9ac28f4b70b46d1ea36527355b - - default default] Successfully bumped revision number for resource c99de036-7b03-44e6-904a-20c102508595 (type: security_groups) to 1
2026-07-02 06:16:51.282 10 INFO neutron.db.ovn_revision_numbers_db [None req-2d2e8888-11bc-4129-be42-9bd41f25ca7f d76d727f0982434a981787f1f102e8d9 d0459e9ac28f4b70b46d1ea36527355b - - default default] Successfully bumped revision number for resource d4cafe45-e5d7-4d12-99f4-74c24dfcd78d (type: security_group_rules) to 0
2026-07-02 06:16:51.290 9 INFO neutron.db.ovn_revision_numbers_db [None req-b0942600-17fd-4e46-99dc-0514e5161b53 d76d727f0982434a981787f1f102e8d9 d0459e9ac28f4b70b46d1ea36527355b - - default default] Successfully bumped revision number for resource 4f45384e-af16-49d2-b2ea-bb263d13fa13 (type: security_group_rules) to 0
2026-07-02 06:16:51.295 10 INFO neutron.db.ovn_revision_numbers_db [None req-2d2e8888-11bc-4129-be42-9bd41f25ca7f d76d727f0982434a981787f1f102e8d9 d0459e9ac28f4b70b46d1ea36527355b - - default default] Successfully bumped revision number for resource ff5b30d6-3d77-49f4-a6ad-07f2c63de925 (type: security_group_rules) to 0
2026-07-02 06:16:51.304 9 INFO neutron.db.ovn_revision_numbers_db [None req-b0942600-17fd-4e46-99dc-0514e5161b53 d76d727f0982434a981787f1f102e8d9 d0459e9ac28f4b70b46d1ea36527355b - - default default] Successfully bumped revision number for resource 8cbb70e1-1fbd-41f4-af31-b252583872c4 (type: security_group_rules) to 0
2026-07-02 06:16:51.319 9 INFO neutron.db.ovn_revision_numbers_db [None req-b0942600-17fd-4e46-99dc-0514e5161b53 d76d727f0982434a981787f1f102e8d9 d0459e9ac28f4b70b46d1ea36527355b - - default default] Successfully bumped revision number for resource 8cbcee77-19dc-474f-a13e-dbc09213a1b6 (type: security_group_rules) to 0
2026-07-02 06:16:51.322 10 INFO neutron.wsgi [None req-2d2e8888-11bc-4129-be42-9bd41f25ca7f d76d727f0982434a981787f1f102e8d9 d0459e9ac28f4b70b46d1ea36527355b - - default default] 10.0.0.183 "GET /v2.0/security-groups?tenant_id=23ba188860c6496a810614587bb21f61&name=default HTTP/1.1" status: 200 len: 3120 time: 0.2178862
2026-07-02 06:16:51.334 9 INFO neutron.db.ovn_revision_numbers_db [None req-b0942600-17fd-4e46-99dc-0514e5161b53 d76d727f0982434a981787f1f102e8d9 d0459e9ac28f4b70b46d1ea36527355b - - default default] Successfully bumped revision number for resource b5c5207a-62f1-4202-b29e-042c527e6932 (type: security_group_rules) to 0
2026-07-02 06:16:51.354 9 INFO neutron.wsgi [None req-b0942600-17fd-4e46-99dc-0514e5161b53 d76d727f0982434a981787f1f102e8d9 d0459e9ac28f4b70b46d1ea36527355b - - default default] 10.0.0.183 "GET /v2.0/security-groups?tenant_id=0ad2cb8da25646c09cd815845e9b41fe&name=default HTTP/1.1" status: 200 len: 3120 time: 0.3200483
2026-07-02 06:16:51.550 10 INFO neutron.wsgi [None req-f529b6cf-7015-4668-a4bb-1786805d9ec0 d76d727f0982434a981787f1f102e8d9 d0459e9ac28f4b70b46d1ea36527355b - - default default] 10.0.0.183 "DELETE /v2.0/security-groups/9403618b-8ccf-403c-955a-026c20816fe2 HTTP/1.1" status: 204 len: 168 time: 0.2239439
2026-07-02 06:16:51.576 9 INFO neutron.wsgi [None req-a2ddcd57-8176-48f7-b30e-c26ef5456a8b d76d727f0982434a981787f1f102e8d9 d0459e9ac28f4b70b46d1ea36527355b - - default default] 10.0.0.183 "DELETE /v2.0/security-groups/c99de036-7b03-44e6-904a-20c102508595 HTTP/1.1" status: 204 len: 168 time: 0.2178543
2026-07-02 06:16:51.874 10 INFO neutron.db.ovn_revision_numbers_db [None req-c9cce20c-5f9c-4506-bacf-6b6843d714eb d76d727f0982434a981787f1f102e8d9 d0459e9ac28f4b70b46d1ea36527355b - - default default] Successfully bumped revision number for resource 8d294de9-ffc1-48c4-b848-b6eb27dfacd6 (type: security_groups) to 1
2026-07-02 06:16:51.887 10 INFO neutron.db.ovn_revision_numbers_db [None req-c9cce20c-5f9c-4506-bacf-6b6843d714eb d76d727f0982434a981787f1f102e8d9 d0459e9ac28f4b70b46d1ea36527355b - - default default] Successfully bumped revision number for resource 07725dd4-2056-42a0-8891-9c4d47cb9720 (type: security_group_rules) to 0
2026-07-02 06:16:51.900 10 INFO neutron.db.ovn_revision_numbers_db [None req-c9cce20c-5f9c-4506-bacf-6b6843d714eb d76d727f0982434a981787f1f102e8d9 d0459e9ac28f4b70b46d1ea36527355b - - default default] Successfully bumped revision number for resource d782a911-95de-40da-8382-0f07090e2fbe (type: security_group_rules) to 0
2026-07-02 06:16:51.913 10 INFO neutron.db.ovn_revision_numbers_db [None req-c9cce20c-5f9c-4506-bacf-6b6843d714eb d76d727f0982434a981787f1f102e8d9 d0459e9ac28f4b70b46d1ea36527355b - - default default] Successfully bumped revision number for resource e2423540-cb1d-4eb7-9c96-60ecc86fa4cb (type: security_group_rules) to 0
2026-07-02 06:16:51.926 10 INFO neutron.db.ovn_revision_numbers_db [None req-c9cce20c-5f9c-4506-bacf-6b6843d714eb d76d727f0982434a981787f1f102e8d9 d0459e9ac28f4b70b46d1ea36527355b - - default default] Successfully bumped revision number for resource ec037aa0-897b-4b4c-a936-8540bf18bbce (type: security_group_rules) to 0
2026-07-02 06:16:51.946 10 INFO neutron.wsgi [None req-c9cce20c-5f9c-4506-bacf-6b6843d714eb d76d727f0982434a981787f1f102e8d9 d0459e9ac28f4b70b46d1ea36527355b - - default default] 10.0.0.183 "GET /v2.0/security-groups?tenant_id=9d94673178e64612b6278059568f9904&name=default HTTP/1.1" status: 200 len: 3120 time: 0.1978664
2026-07-02 06:16:52.164 10 INFO neutron.wsgi [None req-d948ff6f-c5ae-41cb-aa9c-dd8648a0a3fb d76d727f0982434a981787f1f102e8d9 d0459e9ac28f4b70b46d1ea36527355b - - default default] 10.0.0.183 "DELETE /v2.0/security-groups/8d294de9-ffc1-48c4-b848-b6eb27dfacd6 HTTP/1.1" status: 204 len: 168 time: 0.2119069
2026-07-02 06:16:54.061 9 INFO neutron.wsgi [req-4b55a805-0c4c-4871-a113-61d535865c92 req-ffb5f602-e650-49cc-9d21-0bb1c31a01ad b622ab4571e44e8384e1cca29e6b8500 a0663b1f2d3e4bfca5f61877b3730974 - - 1a81c6fec90b48cbaf890ff682313246 1a81c6fec90b48cbaf890ff682313246] 10.0.0.11 "GET /v2.0/ports?device_id=3f80cb9e-8582-4ca6-bbea-8660015e2ca9 HTTP/1.1" status: 200 len: 1409 time: 0.0475590
2026-07-02 06:16:54.122 9 INFO neutron.wsgi [req-4b55a805-0c4c-4871-a113-61d535865c92 req-e6aeecef-0a19-49c5-8eef-efd8990904ba b622ab4571e44e8384e1cca29e6b8500 a0663b1f2d3e4bfca5f61877b3730974 - - 1a81c6fec90b48cbaf890ff682313246 1a81c6fec90b48cbaf890ff682313246] 10.0.0.11 "GET /v2.0/security-groups?id=0c1a36d1-3700-4a81-bf5e-6bff17dee6c8&fields=id&fields=name HTTP/1.1" status: 200 len: 312 time: 0.0525992
2026-07-02 06:16:54.336 9 INFO neutron.db.ovn_revision_numbers_db [None req-6a4afcfa-78f3-44f5-9e30-c5ef254152f5 d76d727f0982434a981787f1f102e8d9 d0459e9ac28f4b70b46d1ea36527355b - - default default] Successfully bumped revision number for resource 1d7aac24-01f5-4789-8aae-649f46aa000a (type: security_groups) to 1
2026-07-02 06:16:54.350 9 INFO neutron.db.ovn_revision_numbers_db [None req-6a4afcfa-78f3-44f5-9e30-c5ef254152f5 d76d727f0982434a981787f1f102e8d9 d0459e9ac28f4b70b46d1ea36527355b - - default default] Successfully bumped revision number for resource b2faa1e1-2522-4d26-b9a8-d278a1eb8e33 (type: security_group_rules) to 0
2026-07-02 06:16:54.372 9 INFO neutron.db.ovn_revision_numbers_db [None req-6a4afcfa-78f3-44f5-9e30-c5ef254152f5 d76d727f0982434a981787f1f102e8d9 d0459e9ac28f4b70b46d1ea36527355b - - default default] Successfully bumped revision number for resource c8a95bcd-01bc-448d-9e38-b636cb0f2c2f (type: security_group_rules) to 0
2026-07-02 06:16:54.392 9 INFO neutron.db.ovn_revision_numbers_db [None req-6a4afcfa-78f3-44f5-9e30-c5ef254152f5 d76d727f0982434a981787f1f102e8d9 d0459e9ac28f4b70b46d1ea36527355b - - default default] Successfully bumped revision number for resource f8421f95-ef36-440c-afae-40dfc17deb90 (type: security_group_rules) to 0
2026-07-02 06:16:54.409 9 INFO neutron.db.ovn_revision_numbers_db [None req-6a4afcfa-78f3-44f5-9e30-c5ef254152f5 d76d727f0982434a981787f1f102e8d9 d0459e9ac28f4b70b46d1ea36527355b - - default default] Successfully bumped revision number for resource fc355c8a-144c-43af-aeaf-74155a29c52f (type: security_group_rules) to 0
2026-07-02 06:16:54.442 9 INFO neutron.wsgi [None req-6a4afcfa-78f3-44f5-9e30-c5ef254152f5 d76d727f0982434a981787f1f102e8d9 d0459e9ac28f4b70b46d1ea36527355b - - default default] 10.0.0.183 "GET /v2.0/security-groups?tenant_id=10426444305c47fd80665b1e588311af&name=default HTTP/1.1" status: 200 len: 3120 time: 0.4483755
2026-07-02 06:16:54.678 10 INFO neutron.wsgi [None req-05734b2d-4d4c-4952-83f4-b48ad4f040b4 d76d727f0982434a981787f1f102e8d9 d0459e9ac28f4b70b46d1ea36527355b - - default default] 10.0.0.183 "DELETE /v2.0/security-groups/1d7aac24-01f5-4789-8aae-649f46aa000a HTTP/1.1" status: 204 len: 168 time: 0.2312629
2026-07-02 06:16:55.445 9 WARNING neutron_lib.context [None req-007b1224-727c-4614-9161-266fc6a27531 52497f9ab81f476b889df2109202a5d0 ea830491300b46b385351517e1613da8 - - default default] Method 'is_advsvc' is deprecated since 2023.2 release (neutron-lib 3.8.0) and will be removed once support for the old RBAC API policies will be removed from Neutron. Please use method 'is_service_role' instead.
2026-07-02 06:16:55.587 9 INFO neutron.db.ovn_revision_numbers_db [None req-007b1224-727c-4614-9161-266fc6a27531 52497f9ab81f476b889df2109202a5d0 ea830491300b46b385351517e1613da8 - - default default] Successfully bumped revision number for resource 5b7c688f-bb29-4405-8bb6-b40052b36c7c (type: security_groups) to 1
2026-07-02 06:16:55.601 9 INFO neutron.db.ovn_revision_numbers_db [None req-007b1224-727c-4614-9161-266fc6a27531 52497f9ab81f476b889df2109202a5d0 ea830491300b46b385351517e1613da8 - - default default] Successfully bumped revision number for resource 0edb9d14-48d5-4472-b254-86977c41cb7e (type: security_group_rules) to 0
2026-07-02 06:16:55.613 9 INFO neutron.db.ovn_revision_numbers_db [None req-007b1224-727c-4614-9161-266fc6a27531 52497f9ab81f476b889df2109202a5d0 ea830491300b46b385351517e1613da8 - - default default] Successfully bumped revision number for resource 5a89961d-c826-4abc-af78-340f379ca728 (type: security_group_rules) to 0
2026-07-02 06:16:55.649 9 INFO neutron.db.ovn_revision_numbers_db [None req-007b1224-727c-4614-9161-266fc6a27531 52497f9ab81f476b889df2109202a5d0 ea830491300b46b385351517e1613da8 - - default default] Successfully bumped revision number for resource b5a38450-fb88-4783-8462-dd1bc63249a6 (type: security_group_rules) to 0
2026-07-02 06:16:55.668 9 INFO neutron.db.ovn_revision_numbers_db [None req-007b1224-727c-4614-9161-266fc6a27531 52497f9ab81f476b889df2109202a5d0 ea830491300b46b385351517e1613da8 - - default default] Successfully bumped revision number for resource c66625fb-59a3-4bb7-be89-224da3c8bb53 (type: security_group_rules) to 0
2026-07-02 06:16:55.732 9 INFO neutron.db.segments_db [None req-007b1224-727c-4614-9161-266fc6a27531 52497f9ab81f476b889df2109202a5d0 ea830491300b46b385351517e1613da8 - - default default] Added segment e7d15a2b-1d98-456b-ab99-221115e607ec of type geneve for network bc377fe3-b2b2-4752-9753-275d7a73eb0e
2026-07-02 06:16:55.906 9 INFO neutron.db.ovn_revision_numbers_db [None req-007b1224-727c-4614-9161-266fc6a27531 52497f9ab81f476b889df2109202a5d0 ea830491300b46b385351517e1613da8 - - default default] Successfully bumped revision number for resource bc377fe3-b2b2-4752-9753-275d7a73eb0e (type: networks) to 1
2026-07-02 06:16:56.322 9 WARNING neutron.scheduler.dhcp_agent_scheduler [None req-007b1224-727c-4614-9161-266fc6a27531 52497f9ab81f476b889df2109202a5d0 ea830491300b46b385351517e1613da8 - - default default] No more DHCP agents
2026-07-02 06:16:56.326 9 WARNING neutron.api.rpc.agentnotifiers.dhcp_rpc_agent_api [None req-007b1224-727c-4614-9161-266fc6a27531 52497f9ab81f476b889df2109202a5d0 ea830491300b46b385351517e1613da8 - - default default] Unable to schedule network bc377fe3-b2b2-4752-9753-275d7a73eb0e: no agents available; will retry on subsequent port and subnet creation events.
2026-07-02 06:16:56.400 9 INFO neutron.db.ovn_revision_numbers_db [None req-007b1224-727c-4614-9161-266fc6a27531 52497f9ab81f476b889df2109202a5d0 ea830491300b46b385351517e1613da8 - - default default] Successfully bumped revision number for resource 4a899baf-10b8-4916-84e9-7505f0681b78 (type: ports) to 1
2026-07-02 06:16:56.436 9 INFO neutron.wsgi [None req-007b1224-727c-4614-9161-266fc6a27531 52497f9ab81f476b889df2109202a5d0 ea830491300b46b385351517e1613da8 - - default default] 10.0.0.183 "POST /v2.0/networks HTTP/1.1" status: 201 len: 831 time: 1.1554399
2026-07-02 06:16:56.447 9 WARNING neutron_lib.context [None req-bff8536c-a3a8-46e7-889c-f643f78d486b 52497f9ab81f476b889df2109202a5d0 ea830491300b46b385351517e1613da8 - - default default] Method 'is_advsvc' is deprecated since 2023.2 release (neutron-lib 3.8.0) and will be removed once support for the old RBAC API policies will be removed from Neutron. Please use method 'is_service_role' instead.
2026-07-02 06:16:56.993 9 WARNING neutron.scheduler.dhcp_agent_scheduler [None req-bff8536c-a3a8-46e7-889c-f643f78d486b 52497f9ab81f476b889df2109202a5d0 ea830491300b46b385351517e1613da8 - - default default] No more DHCP agents
2026-07-02 06:16:56.994 9 WARNING neutron.api.rpc.agentnotifiers.dhcp_rpc_agent_api [None req-bff8536c-a3a8-46e7-889c-f643f78d486b 52497f9ab81f476b889df2109202a5d0 ea830491300b46b385351517e1613da8 - - default default] Unable to schedule network 7d57e7b6-4b86-4af9-8a9e-1685c851b98d: no agents available; will retry on subsequent port and subnet creation events.
2026-07-02 06:16:57.130 9 INFO neutron.db.ovn_revision_numbers_db [None req-bff8536c-a3a8-46e7-889c-f643f78d486b 52497f9ab81f476b889df2109202a5d0 ea830491300b46b385351517e1613da8 - - default default] Successfully bumped revision number for resource 4512ac19-2529-4b3b-86cb-58e14f58ef70 (type: ports) to 1
2026-07-02 06:16:57.801 9 INFO neutron.plugins.ml2.drivers.ovn.mech_driver.ovsdb.commands [None req-c3cfa029-d3ce-47dc-bd72-eeab7ee3d055 - - - - - -] Schedule LRP lrp-4512ac19-2529-4b3b-86cb-58e14f58ef70 on gateway eee7eaa8-8adf-4fea-95b4-d1986b3dad97 with priority 1
2026-07-02 06:16:57.821 10 INFO neutron.plugins.ml2.drivers.ovn.mech_driver.mech_driver [None req-db4354f1-5bf8-4fc7-90fa-3838a405342e - - - - - -] OVN reports status up for port: 4512ac19-2529-4b3b-86cb-58e14f58ef70
2026-07-02 06:16:57.831 10 INFO neutron.plugins.ml2.plugin [None req-db4354f1-5bf8-4fc7-90fa-3838a405342e - - - - - -] Attempt 1 to provision port 4512ac19-2529-4b3b-86cb-58e14f58ef70
2026-07-02 06:16:57.850 9 INFO neutron.db.ovn_revision_numbers_db [None req-bff8536c-a3a8-46e7-889c-f643f78d486b 52497f9ab81f476b889df2109202a5d0 ea830491300b46b385351517e1613da8 - - default default] Successfully bumped revision number for resource 4512ac19-2529-4b3b-86cb-58e14f58ef70 (type: router_ports) to 1
2026-07-02 06:16:57.857 10 INFO neutron.plugins.ml2.drivers.ovn.mech_driver.ovsdb.ovsdb_monitor [None req-10cf7592-8c51-4a21-a194-064c69e79608 - - - - - -] Router 4eaaf98f-baa6-4a5a-8cdf-37f5d6f5fef5 is bound to host instance
2026-07-02 06:16:57.932 9 INFO neutron.db.ovn_revision_numbers_db [None req-bff8536c-a3a8-46e7-889c-f643f78d486b 52497f9ab81f476b889df2109202a5d0 ea830491300b46b385351517e1613da8 - - default default] Successfully bumped revision number for resource 4eaaf98f-baa6-4a5a-8cdf-37f5d6f5fef5 (type: routers) to 2
2026-07-02 06:16:57.950 9 INFO neutron.wsgi [None req-bff8536c-a3a8-46e7-889c-f643f78d486b 52497f9ab81f476b889df2109202a5d0 ea830491300b46b385351517e1613da8 - - default default] 10.0.0.183 "POST /v2.0/routers HTTP/1.1" status: 201 len: 1153 time: 1.5086398
2026-07-02 06:16:58.188 9 INFO neutron.wsgi [None req-d605ae0d-ab6e-4d8f-bd08-9e35cc982ebf 217513ba95344530b06636cc8f28f34e db6ce2d1f16c4c34a7ce3fbcc1c362cf - - default default] 10.0.0.183 "GET /v2.0/subnets?project_id=ea830491300b46b385351517e1613da8&cidr=10.100.0.0%2F28 HTTP/1.1" status: 200 len: 207 time: 0.2182894
2026-07-02 06:16:58.307 10 INFO neutron.wsgi [None req-5b71156d-6225-4a44-9946-9c82bcc6e37c cd787ce806aa4f0cbed0920057cedc93 16169e840da5425baa1cb6b79841a434 - - default default] 10.0.0.179 "GET /v2.0/extensions HTTP/1.1" status: 200 len: 18683 time: 0.0609138
2026-07-02 06:16:58.453 9 INFO neutron.wsgi [None req-dd436383-ac55-4c12-86c4-42f9740ee2af 217513ba95344530b06636cc8f28f34e db6ce2d1f16c4c34a7ce3fbcc1c362cf - - default default] 10.0.0.183 "GET /v2.0/networks?router%3Aexternal=True HTTP/1.1" status: 200 len: 947 time: 0.2593215
2026-07-02 06:16:58.476 9 INFO neutron.wsgi [None req-da74bd3a-f838-4b81-860b-a79cbb82c673 217513ba95344530b06636cc8f28f34e db6ce2d1f16c4c34a7ce3fbcc1c362cf - - default default] 10.0.0.183 "GET /v2.0/subnets?network_id=7d57e7b6-4b86-4af9-8a9e-1685c851b98d&cidr=10.100.0.0%2F28 HTTP/1.1" status: 200 len: 207 time: 0.0196173
2026-07-02 06:16:58.487 9 WARNING neutron_lib.context [None req-1a860b60-bc1b-4616-aa62-390075bbb60e 52497f9ab81f476b889df2109202a5d0 ea830491300b46b385351517e1613da8 - - default default] Method 'is_advsvc' is deprecated since 2023.2 release (neutron-lib 3.8.0) and will be removed once support for the old RBAC API policies will be removed from Neutron. Please use method 'is_service_role' instead.
2026-07-02 06:16:58.544 10 INFO neutron.db.ovn_revision_numbers_db [None req-f9fa9645-ad3e-4469-8568-1d0aac1395a3 d76d727f0982434a981787f1f102e8d9 d0459e9ac28f4b70b46d1ea36527355b - - default default] Successfully bumped revision number for resource fa7d70cb-75f0-45af-bb97-404d00cdf245 (type: security_groups) to 1
2026-07-02 06:16:58.571 10 INFO neutron.db.ovn_revision_numbers_db [None req-f9fa9645-ad3e-4469-8568-1d0aac1395a3 d76d727f0982434a981787f1f102e8d9 d0459e9ac28f4b70b46d1ea36527355b - - default default] Successfully bumped revision number for resource 027c47e8-8a15-457f-81c3-081c0c62c519 (type: security_group_rules) to 0
2026-07-02 06:16:58.584 10 INFO neutron.wsgi [None req-63478a38-d89c-4fce-83de-1656c36a90c0 cd787ce806aa4f0cbed0920057cedc93 16169e840da5425baa1cb6b79841a434 - - default default] 10.0.0.179 "GET /v2.0/quotas/16169e840da5425baa1cb6b79841a434/details HTTP/1.1" status: 200 len: 1046 time: 0.2598410
2026-07-02 06:16:58.604 10 INFO neutron.db.ovn_revision_numbers_db [None req-f9fa9645-ad3e-4469-8568-1d0aac1395a3 d76d727f0982434a981787f1f102e8d9 d0459e9ac28f4b70b46d1ea36527355b - - default default] Successfully bumped revision number for resource 1d5131f1-ddcf-460c-bde9-fb1bc06cfee5 (type: security_group_rules) to 0
2026-07-02 06:16:58.626 10 INFO neutron.db.ovn_revision_numbers_db [None req-f9fa9645-ad3e-4469-8568-1d0aac1395a3 d76d727f0982434a981787f1f102e8d9 d0459e9ac28f4b70b46d1ea36527355b - - default default] Successfully bumped revision number for resource 421d5684-28e7-4a5a-87a6-9605081d3e2d (type: security_group_rules) to 0
2026-07-02 06:16:58.653 10 INFO neutron.db.ovn_revision_numbers_db [None req-f9fa9645-ad3e-4469-8568-1d0aac1395a3 d76d727f0982434a981787f1f102e8d9 d0459e9ac28f4b70b46d1ea36527355b - - default default] Successfully bumped revision number for resource 4d91db86-8c7f-4806-87fd-127d3d1130f1 (type: security_group_rules) to 0
2026-07-02 06:16:58.690 10 INFO neutron.wsgi [None req-f9fa9645-ad3e-4469-8568-1d0aac1395a3 d76d727f0982434a981787f1f102e8d9 d0459e9ac28f4b70b46d1ea36527355b - - default default] 10.0.0.183 "GET /v2.0/security-groups?tenant_id=9d55632452584d3a9edc55e02ae92e6c&name=default HTTP/1.1" status: 200 len: 3120 time: 0.4087260
2026-07-02 06:16:58.731 9 WARNING neutron.scheduler.dhcp_agent_scheduler [None req-1a860b60-bc1b-4616-aa62-390075bbb60e 52497f9ab81f476b889df2109202a5d0 ea830491300b46b385351517e1613da8 - - default default] No more DHCP agents
2026-07-02 06:16:58.734 9 WARNING neutron.api.rpc.agentnotifiers.dhcp_rpc_agent_api [None req-1a860b60-bc1b-4616-aa62-390075bbb60e 52497f9ab81f476b889df2109202a5d0 ea830491300b46b385351517e1613da8 - - default default] Unable to schedule network bc377fe3-b2b2-4752-9753-275d7a73eb0e: no agents available; will retry on subsequent port and subnet creation events.
2026-07-02 06:16:58.954 10 INFO neutron.db.ovn_revision_numbers_db [None req-10cf7592-8c51-4a21-a194-064c69e79608 - - - - - -] Successfully bumped revision number for resource 4512ac19-2529-4b3b-86cb-58e14f58ef70 (type: ports) to 1
2026-07-02 06:16:59.007 9 INFO neutron.wsgi [None req-5e5c7a04-b963-41d8-b9d0-eeb04902b7cf d76d727f0982434a981787f1f102e8d9 d0459e9ac28f4b70b46d1ea36527355b - - default default] 10.0.0.183 "DELETE /v2.0/security-groups/fa7d70cb-75f0-45af-bb97-404d00cdf245 HTTP/1.1" status: 204 len: 168 time: 0.3126552
2026-07-02 06:16:59.292 9 INFO neutron.db.ovn_revision_numbers_db [None req-d35d947c-a20d-4f76-a8bd-d7313bd52236 d76d727f0982434a981787f1f102e8d9 d0459e9ac28f4b70b46d1ea36527355b - - default default] Successfully bumped revision number for resource 21e81677-a427-40ae-b6df-339d84030d8d (type: security_groups) to 1
2026-07-02 06:16:59.314 9 INFO neutron.db.ovn_revision_numbers_db [None req-d35d947c-a20d-4f76-a8bd-d7313bd52236 d76d727f0982434a981787f1f102e8d9 d0459e9ac28f4b70b46d1ea36527355b - - default default] Successfully bumped revision number for resource 800f8e04-1ef7-47fc-b7ce-eea7bca50e78 (type: security_group_rules) to 0
2026-07-02 06:16:59.316 9 INFO neutron.db.ovn_revision_numbers_db [None req-1a860b60-bc1b-4616-aa62-390075bbb60e 52497f9ab81f476b889df2109202a5d0 ea830491300b46b385351517e1613da8 - - default default] Successfully bumped revision number for resource 4a899baf-10b8-4916-84e9-7505f0681b78 (type: ports) to 2
2026-07-02 06:16:59.316 10 INFO neutron.db.ovn_revision_numbers_db [None req-10cf7592-8c51-4a21-a194-064c69e79608 - - - - - -] Successfully bumped revision number for resource 4512ac19-2529-4b3b-86cb-58e14f58ef70 (type: router_ports) to 3
2026-07-02 06:16:59.332 9 INFO neutron.db.ovn_revision_numbers_db [None req-d35d947c-a20d-4f76-a8bd-d7313bd52236 d76d727f0982434a981787f1f102e8d9 d0459e9ac28f4b70b46d1ea36527355b - - default default] Successfully bumped revision number for resource 8a3e0fdd-31c8-4b6a-a58e-6ec34e8d3e8e (type: security_group_rules) to 0
2026-07-02 06:16:59.358 9 INFO neutron.db.ovn_revision_numbers_db [None req-d35d947c-a20d-4f76-a8bd-d7313bd52236 d76d727f0982434a981787f1f102e8d9 d0459e9ac28f4b70b46d1ea36527355b - - default default] Successfully bumped revision number for resource be65b6f6-896e-4b8a-8480-360bf3bf8008 (type: security_group_rules) to 0
2026-07-02 06:16:59.363 9 INFO neutron.db.ovn_revision_numbers_db [None req-1a860b60-bc1b-4616-aa62-390075bbb60e 52497f9ab81f476b889df2109202a5d0 ea830491300b46b385351517e1613da8 - - default default] Successfully bumped revision number for resource 1dd4bf3d-155b-4786-a3f2-7c51649816ce (type: subnets) to 0
2026-07-02 06:16:59.376 9 INFO neutron.db.ovn_revision_numbers_db [None req-d35d947c-a20d-4f76-a8bd-d7313bd52236 d76d727f0982434a981787f1f102e8d9 d0459e9ac28f4b70b46d1ea36527355b - - default default] Successfully bumped revision number for resource e2653658-1640-4cff-9c37-9d0d33d86f4d (type: security_group_rules) to 0
2026-07-02 06:16:59.381 9 INFO neutron.wsgi [None req-1a860b60-bc1b-4616-aa62-390075bbb60e 52497f9ab81f476b889df2109202a5d0 ea830491300b46b385351517e1613da8 - - default default] 10.0.0.183 "POST /v2.0/subnets HTTP/1.1" status: 201 len: 831 time: 0.8998907
2026-07-02 06:16:59.404 9 INFO neutron.wsgi [None req-d35d947c-a20d-4f76-a8bd-d7313bd52236 d76d727f0982434a981787f1f102e8d9 d0459e9ac28f4b70b46d1ea36527355b - - default default] 10.0.0.183 "GET /v2.0/security-groups?tenant_id=6dbda4b5a7d94d50ba8fa393e9aba49b&name=default HTTP/1.1" status: 200 len: 3120 time: 0.2961550
2026-07-02 06:16:59.618 9 INFO neutron.wsgi [None req-7e7424e1-8c73-4e0f-a152-a88eb8ae427e d76d727f0982434a981787f1f102e8d9 d0459e9ac28f4b70b46d1ea36527355b - - default default] 10.0.0.183 "DELETE /v2.0/security-groups/21e81677-a427-40ae-b6df-339d84030d8d HTTP/1.1" status: 204 len: 168 time: 0.2102082
2026-07-02 06:16:59.882 10 INFO neutron.db.ovn_revision_numbers_db [None req-10cf7592-8c51-4a21-a194-064c69e79608 - - - - - -] Successfully bumped revision number for resource 4512ac19-2529-4b3b-86cb-58e14f58ef70 (type: ports) to 2
2026-07-02 06:17:00.443 10 INFO neutron.db.ovn_revision_numbers_db [None req-10cf7592-8c51-4a21-a194-064c69e79608 - - - - - -] Successfully bumped revision number for resource 4512ac19-2529-4b3b-86cb-58e14f58ef70 (type: ports) to 4
2026-07-02 06:17:00.468 10 WARNING neutron.scheduler.dhcp_agent_scheduler [None req-bf5b4f8f-4651-4389-8377-1e716f4bf5b4 52497f9ab81f476b889df2109202a5d0 ea830491300b46b385351517e1613da8 - - default default] No more DHCP agents
2026-07-02 06:17:00.471 10 WARNING neutron.api.rpc.agentnotifiers.dhcp_rpc_agent_api [None req-bf5b4f8f-4651-4389-8377-1e716f4bf5b4 52497f9ab81f476b889df2109202a5d0 ea830491300b46b385351517e1613da8 - - default default] Unable to schedule network bc377fe3-b2b2-4752-9753-275d7a73eb0e: no agents available; will retry on subsequent port and subnet creation events.
2026-07-02 06:17:00.723 10 INFO neutron.wsgi [req-1e740a73-8535-4fb8-9f48-c9049b16950b req-ff0083f4-a304-4599-9691-e93d9e41224e 680a7032aa3549f9b288e59cc7d1f553 268be6239c664b26a9162e5ee3887919 - - default default] 10.0.0.195 "GET /v2.0/ports?device_id=3f80cb9e-8582-4ca6-bbea-8660015e2ca9 HTTP/1.1" status: 200 len: 1170 time: 0.1701701
2026-07-02 06:17:00.813 10 INFO neutron.db.ovn_revision_numbers_db [None req-bf5b4f8f-4651-4389-8377-1e716f4bf5b4 52497f9ab81f476b889df2109202a5d0 ea830491300b46b385351517e1613da8 - - default default] Successfully bumped revision number for resource d47293b2-df1a-49f7-adbf-2c10eadd3144 (type: ports) to 1
2026-07-02 06:17:00.818 10 INFO neutron.wsgi [req-1e740a73-8535-4fb8-9f48-c9049b16950b req-b67ad70d-aad7-4354-9402-6f3fc55cca42 680a7032aa3549f9b288e59cc7d1f553 268be6239c664b26a9162e5ee3887919 - - default default] 10.0.0.195 "GET /v2.0/security-groups?id=0c1a36d1-3700-4a81-bf5e-6bff17dee6c8&fields=id&fields=name HTTP/1.1" status: 200 len: 312 time: 0.0779450
2026-07-02 06:17:00.870 10 INFO neutron.db.ovn_revision_numbers_db [None req-10cf7592-8c51-4a21-a194-064c69e79608 - - - - - -] Successfully bumped revision number for resource 4512ac19-2529-4b3b-86cb-58e14f58ef70 (type: router_ports) to 4
2026-07-02 06:17:01.041 10 INFO neutron.wsgi [req-5479a7a8-3e57-49b9-8a6a-f6b0640f0f9e req-9ec1c990-e745-436b-a3ff-e88bde517388 680a7032aa3549f9b288e59cc7d1f553 268be6239c664b26a9162e5ee3887919 - - default default] 10.0.0.195 "GET /v2.0/ports?device_id=3f80cb9e-8582-4ca6-bbea-8660015e2ca9 HTTP/1.1" status: 200 len: 1170 time: 0.0478306
2026-07-02 06:17:01.042 10 INFO neutron.plugins.ml2.drivers.ovn.mech_driver.mech_driver [None req-db4354f1-5bf8-4fc7-90fa-3838a405342e - - - - - -] OVN reports status down for port: 7d3b6fa3-e446-4a8c-838f-f20737940697
