2026-07-02 06:18:59.403 10 INFO neutron.wsgi [None req-6d91a10e-6614-49dc-9fbf-bbb40a2fbc9e c41ed67d2c7c4b198eb372e3ed939287 141e47aa0d52409b9862d1d85a317e5d - - default default] 10.0.0.183 "GET /v2.0/subnetpools?not-tags=red%2Cblue HTTP/1.1" status: 200 len: 1730 time: 0.0389204
2026-07-02 06:18:59.437 9 INFO neutron.wsgi [None req-65a201ba-d92c-4343-a2a6-9ff887a3653e c41ed67d2c7c4b198eb372e3ed939287 141e47aa0d52409b9862d1d85a317e5d - - default default] 10.0.0.183 "GET /v2.0/subnetpools?not-tags-any=blue HTTP/1.1" status: 200 len: 1730 time: 0.0298562
2026-07-02 06:18:59.464 9 INFO neutron.wsgi [None req-0d52063b-5e00-49b8-9aaf-cd1fed1ae67d c41ed67d2c7c4b198eb372e3ed939287 141e47aa0d52409b9862d1d85a317e5d - - default default] 10.0.0.183 "GET /v2.0/subnetpools?not-tags-any=red%2Cblue HTTP/1.1" status: 200 len: 1223 time: 0.0219259
2026-07-02 06:18:59.508 9 INFO neutron.db.ovn_revision_numbers_db [None req-b93038bd-b187-456a-8fa7-4676a3e3e5d7 d76d727f0982434a981787f1f102e8d9 d0459e9ac28f4b70b46d1ea36527355b - - default default] Successfully bumped revision number for resource 6e9d5f2e-0cec-4a1c-81f4-f17e859673cb (type: security_groups) to 1
2026-07-02 06:18:59.530 9 INFO neutron.wsgi [None req-31d8fe23-a766-4a34-b9e6-4ebd4732a981 c41ed67d2c7c4b198eb372e3ed939287 141e47aa0d52409b9862d1d85a317e5d - - default default] 10.0.0.183 "DELETE /v2.0/subnetpools/63b62250-9c47-46e6-ac31-539e475eae47 HTTP/1.1" status: 204 len: 168 time: 0.0600843
2026-07-02 06:18:59.531 9 INFO neutron.db.ovn_revision_numbers_db [None req-b93038bd-b187-456a-8fa7-4676a3e3e5d7 d76d727f0982434a981787f1f102e8d9 d0459e9ac28f4b70b46d1ea36527355b - - default default] Successfully bumped revision number for resource 063008f3-b402-4210-8334-8814bc3a1278 (type: security_group_rules) to 0
2026-07-02 06:18:59.543 9 INFO neutron.db.ovn_revision_numbers_db [None req-b93038bd-b187-456a-8fa7-4676a3e3e5d7 d76d727f0982434a981787f1f102e8d9 d0459e9ac28f4b70b46d1ea36527355b - - default default] Successfully bumped revision number for resource 94d91fe1-18a5-4f44-a3c9-139c43e6443e (type: security_group_rules) to 0
2026-07-02 06:18:59.561 9 INFO neutron.db.ovn_revision_numbers_db [None req-b93038bd-b187-456a-8fa7-4676a3e3e5d7 d76d727f0982434a981787f1f102e8d9 d0459e9ac28f4b70b46d1ea36527355b - - default default] Successfully bumped revision number for resource 9c82ac5f-fe74-4847-80a6-95139307def5 (type: security_group_rules) to 0
2026-07-02 06:18:59.578 9 INFO neutron.db.ovn_revision_numbers_db [None req-b93038bd-b187-456a-8fa7-4676a3e3e5d7 d76d727f0982434a981787f1f102e8d9 d0459e9ac28f4b70b46d1ea36527355b - - default default] Successfully bumped revision number for resource ae3914d0-1021-4ff4-8431-599f525a50f1 (type: security_group_rules) to 0
2026-07-02 06:18:59.600 9 INFO neutron.wsgi [None req-b93038bd-b187-456a-8fa7-4676a3e3e5d7 d76d727f0982434a981787f1f102e8d9 d0459e9ac28f4b70b46d1ea36527355b - - default default] 10.0.0.183 "GET /v2.0/security-groups?tenant_id=bf2fa33244b94b329219364ec9b49aef&name=default HTTP/1.1" status: 200 len: 3120 time: 0.3647692
2026-07-02 06:18:59.603 10 INFO neutron.wsgi [None req-2a5f1041-ce6f-4595-857b-aac93e66768f c41ed67d2c7c4b198eb372e3ed939287 141e47aa0d52409b9862d1d85a317e5d - - default default] 10.0.0.183 "DELETE /v2.0/subnetpools/5ab05c10-ef24-42a2-95ee-462e338b7187 HTTP/1.1" status: 204 len: 168 time: 0.0661428
2026-07-02 06:18:59.665 9 INFO neutron.wsgi [None req-6253b151-b47b-47d3-b2ab-94d2b1ac55db c41ed67d2c7c4b198eb372e3ed939287 141e47aa0d52409b9862d1d85a317e5d - - default default] 10.0.0.183 "DELETE /v2.0/subnetpools/8f43d077-2e99-4f06-af61-9c48859d00ff HTTP/1.1" status: 204 len: 168 time: 0.0565202
2026-07-02 06:18:59.749 10 INFO neutron.wsgi [None req-f0bee69c-4cdc-4c06-8e6f-5342d7329dcd c41ed67d2c7c4b198eb372e3ed939287 141e47aa0d52409b9862d1d85a317e5d - - default default] 10.0.0.183 "DELETE /v2.0/subnetpools/23088a95-b72e-4fa8-ad8d-38f779b05abd HTTP/1.1" status: 204 len: 168 time: 0.0785708
2026-07-02 06:18:59.837 10 INFO neutron.wsgi [None req-541152a1-d0fd-45bb-87ef-27afd8227ab6 c41ed67d2c7c4b198eb372e3ed939287 141e47aa0d52409b9862d1d85a317e5d - - default default] 10.0.0.183 "DELETE /v2.0/subnetpools/bd94ce29-b94a-4dc5-9cf7-0f78c2fa211f HTTP/1.1" status: 204 len: 168 time: 0.0819890
2026-07-02 06:18:59.903 10 INFO neutron.wsgi [None req-1b511c81-4266-46db-9e4b-0ffb571a7382 d76d727f0982434a981787f1f102e8d9 d0459e9ac28f4b70b46d1ea36527355b - - default default] 10.0.0.183 "DELETE /v2.0/security-groups/6e9d5f2e-0cec-4a1c-81f4-f17e859673cb HTTP/1.1" status: 204 len: 168 time: 0.2987001
2026-07-02 06:19:00.035 9 INFO neutron.wsgi [None req-24fa5424-5856-438f-9531-8c2ec1106089 d76d727f0982434a981787f1f102e8d9 d0459e9ac28f4b70b46d1ea36527355b - - default default] 10.0.0.183 "GET /v2.0/security-groups?tenant_id=cc04038dd7274618a2fcb7b2e645e64f&name=default HTTP/1.1" status: 200 len: 3120 time: 0.0398886
2026-07-02 06:19:00.250 9 INFO neutron.wsgi [None req-16a4c99e-34b3-45ae-b952-a8a7ef07ea92 d76d727f0982434a981787f1f102e8d9 d0459e9ac28f4b70b46d1ea36527355b - - default default] 10.0.0.183 "DELETE /v2.0/security-groups/5e155121-ccbb-42e5-acb8-c6b724448d02 HTTP/1.1" status: 204 len: 168 time: 0.2103868
2026-07-02 06:19:00.391 10 INFO neutron.db.ovn_revision_numbers_db [None req-4c970a1a-657d-4936-84f5-76ca42d1495e d76d727f0982434a981787f1f102e8d9 d0459e9ac28f4b70b46d1ea36527355b - - default default] Successfully bumped revision number for resource 391f9168-4ac1-4aad-a147-10528ec087bc (type: security_groups) to 1
2026-07-02 06:19:00.405 10 INFO neutron.db.ovn_revision_numbers_db [None req-4c970a1a-657d-4936-84f5-76ca42d1495e d76d727f0982434a981787f1f102e8d9 d0459e9ac28f4b70b46d1ea36527355b - - default default] Successfully bumped revision number for resource adc1412c-ae92-48fc-87ec-440c6c035a28 (type: security_group_rules) to 0
2026-07-02 06:19:00.421 10 INFO neutron.db.ovn_revision_numbers_db [None req-4c970a1a-657d-4936-84f5-76ca42d1495e d76d727f0982434a981787f1f102e8d9 d0459e9ac28f4b70b46d1ea36527355b - - default default] Successfully bumped revision number for resource baecff74-b457-49f6-bcff-bc498fc1e22f (type: security_group_rules) to 0
2026-07-02 06:19:00.436 10 INFO neutron.db.ovn_revision_numbers_db [None req-4c970a1a-657d-4936-84f5-76ca42d1495e d76d727f0982434a981787f1f102e8d9 d0459e9ac28f4b70b46d1ea36527355b - - default default] Successfully bumped revision number for resource e3a5fbef-4020-4335-b605-546646add0cf (type: security_group_rules) to 0
2026-07-02 06:19:00.451 10 INFO neutron.db.ovn_revision_numbers_db [None req-4c970a1a-657d-4936-84f5-76ca42d1495e d76d727f0982434a981787f1f102e8d9 d0459e9ac28f4b70b46d1ea36527355b - - default default] Successfully bumped revision number for resource f3aab451-bfb1-46e6-80f8-131306da520f (type: security_group_rules) to 0
2026-07-02 06:19:00.474 10 INFO neutron.wsgi [None req-4c970a1a-657d-4936-84f5-76ca42d1495e d76d727f0982434a981787f1f102e8d9 d0459e9ac28f4b70b46d1ea36527355b - - default default] 10.0.0.183 "GET /v2.0/security-groups?tenant_id=c6c367610b704ad7bb0c061aa96dda4f&name=default HTTP/1.1" status: 200 len: 3120 time: 0.4257045
2026-07-02 06:19:00.713 10 INFO neutron.wsgi [None req-7e22c309-3102-4f1f-ba1c-879f3b60caa7 d76d727f0982434a981787f1f102e8d9 d0459e9ac28f4b70b46d1ea36527355b - - default default] 10.0.0.183 "DELETE /v2.0/security-groups/391f9168-4ac1-4aad-a147-10528ec087bc HTTP/1.1" status: 204 len: 168 time: 0.2338514
2026-07-02 06:19:01.026 9 INFO neutron.db.ovn_revision_numbers_db [None req-2e889bcd-5999-44f5-946b-8e6f42c1de05 d76d727f0982434a981787f1f102e8d9 d0459e9ac28f4b70b46d1ea36527355b - - default default] Successfully bumped revision number for resource 82549d49-3452-449b-af42-0352452f482f (type: security_groups) to 1
2026-07-02 06:19:01.041 9 INFO neutron.db.ovn_revision_numbers_db [None req-2e889bcd-5999-44f5-946b-8e6f42c1de05 d76d727f0982434a981787f1f102e8d9 d0459e9ac28f4b70b46d1ea36527355b - - default default] Successfully bumped revision number for resource 2918e44f-5317-4890-a801-cefab280c460 (type: security_group_rules) to 0
2026-07-02 06:19:01.055 9 INFO neutron.db.ovn_revision_numbers_db [None req-2e889bcd-5999-44f5-946b-8e6f42c1de05 d76d727f0982434a981787f1f102e8d9 d0459e9ac28f4b70b46d1ea36527355b - - default default] Successfully bumped revision number for resource 5fda2373-aaf1-4a8f-9ba6-4d66043d96f7 (type: security_group_rules) to 0
2026-07-02 06:19:01.072 9 INFO neutron.db.ovn_revision_numbers_db [None req-2e889bcd-5999-44f5-946b-8e6f42c1de05 d76d727f0982434a981787f1f102e8d9 d0459e9ac28f4b70b46d1ea36527355b - - default default] Successfully bumped revision number for resource 67f89fd6-a9bb-4cf3-a477-57dd2dfc3ca5 (type: security_group_rules) to 0
2026-07-02 06:19:01.085 9 INFO neutron.db.ovn_revision_numbers_db [None req-2e889bcd-5999-44f5-946b-8e6f42c1de05 d76d727f0982434a981787f1f102e8d9 d0459e9ac28f4b70b46d1ea36527355b - - default default] Successfully bumped revision number for resource 6bfa5bd2-78d7-4a58-849b-f82e17e573b9 (type: security_group_rules) to 0
2026-07-02 06:19:01.105 9 INFO neutron.wsgi [None req-2e889bcd-5999-44f5-946b-8e6f42c1de05 d76d727f0982434a981787f1f102e8d9 d0459e9ac28f4b70b46d1ea36527355b - - default default] 10.0.0.183 "GET /v2.0/security-groups?tenant_id=62f4e640b5ae4edaadf3116a95653271&name=default HTTP/1.1" status: 200 len: 3120 time: 0.4382854
2026-07-02 06:19:01.359 10 INFO neutron.wsgi [None req-dc0fed26-b86e-4617-95f6-2219008f0bf0 d76d727f0982434a981787f1f102e8d9 d0459e9ac28f4b70b46d1ea36527355b - - default default] 10.0.0.183 "DELETE /v2.0/security-groups/82549d49-3452-449b-af42-0352452f482f HTTP/1.1" status: 204 len: 168 time: 0.2490718
2026-07-02 06:19:01.503 9 INFO neutron.wsgi [-] 10.0.0.57 "GET / HTTP/1.1" status: 200 len: 247 time: 0.0014601
2026-07-02 06:19:01.504 10 INFO neutron.wsgi [-] 10.0.0.57 "GET / HTTP/1.1" status: 200 len: 247 time: 0.0021820
2026-07-02 06:19:01.583 9 INFO neutron.db.ovn_revision_numbers_db [None req-058fede3-9ef9-46c6-90e4-1d9c1c643c28 d76d727f0982434a981787f1f102e8d9 d0459e9ac28f4b70b46d1ea36527355b - - default default] Successfully bumped revision number for resource 5ee48247-32d6-4008-a71a-a53d51a3ce7b (type: security_groups) to 1
2026-07-02 06:19:01.598 9 INFO neutron.db.ovn_revision_numbers_db [None req-058fede3-9ef9-46c6-90e4-1d9c1c643c28 d76d727f0982434a981787f1f102e8d9 d0459e9ac28f4b70b46d1ea36527355b - - default default] Successfully bumped revision number for resource 1fd865be-a1e5-45ed-a535-492b3a3e24f7 (type: security_group_rules) to 0
2026-07-02 06:19:01.623 9 INFO neutron.db.ovn_revision_numbers_db [None req-058fede3-9ef9-46c6-90e4-1d9c1c643c28 d76d727f0982434a981787f1f102e8d9 d0459e9ac28f4b70b46d1ea36527355b - - default default] Successfully bumped revision number for resource 2e7a380a-d130-42ce-a70f-aef60497704f (type: security_group_rules) to 0
2026-07-02 06:19:01.640 9 INFO neutron.db.ovn_revision_numbers_db [None req-058fede3-9ef9-46c6-90e4-1d9c1c643c28 d76d727f0982434a981787f1f102e8d9 d0459e9ac28f4b70b46d1ea36527355b - - default default] Successfully bumped revision number for resource a3515e91-3299-42e9-a7ac-ffbc2753eba8 (type: security_group_rules) to 0
2026-07-02 06:19:01.659 9 INFO neutron.db.ovn_revision_numbers_db [None req-058fede3-9ef9-46c6-90e4-1d9c1c643c28 d76d727f0982434a981787f1f102e8d9 d0459e9ac28f4b70b46d1ea36527355b - - default default] Successfully bumped revision number for resource e49b643f-fff7-40dd-aa6a-effb3c4f545d (type: security_group_rules) to 0
2026-07-02 06:19:01.684 9 INFO neutron.wsgi [None req-058fede3-9ef9-46c6-90e4-1d9c1c643c28 d76d727f0982434a981787f1f102e8d9 d0459e9ac28f4b70b46d1ea36527355b - - default default] 10.0.0.183 "GET /v2.0/security-groups?tenant_id=141e47aa0d52409b9862d1d85a317e5d&name=default HTTP/1.1" status: 200 len: 3120 time: 0.2366531
2026-07-02 06:19:01.904 10 INFO neutron.wsgi [None req-6e3b7871-bdae-4abd-82ab-da10cccfe38e d76d727f0982434a981787f1f102e8d9 d0459e9ac28f4b70b46d1ea36527355b - - default default] 10.0.0.183 "DELETE /v2.0/security-groups/5ee48247-32d6-4008-a71a-a53d51a3ce7b HTTP/1.1" status: 204 len: 168 time: 0.2167661
2026-07-02 06:19:02.177 9 INFO neutron.db.ovn_revision_numbers_db [None req-960e9188-5ce6-452a-8370-19d939792ce3 d76d727f0982434a981787f1f102e8d9 d0459e9ac28f4b70b46d1ea36527355b - - default default] Successfully bumped revision number for resource b4179031-9df9-4b64-8b33-8c9ed975c162 (type: security_groups) to 1
2026-07-02 06:19:02.191 9 INFO neutron.db.ovn_revision_numbers_db [None req-960e9188-5ce6-452a-8370-19d939792ce3 d76d727f0982434a981787f1f102e8d9 d0459e9ac28f4b70b46d1ea36527355b - - default default] Successfully bumped revision number for resource 2ac1aae5-bb89-4091-a6ca-6d7927090869 (type: security_group_rules) to 0
2026-07-02 06:19:02.203 9 INFO neutron.db.ovn_revision_numbers_db [None req-960e9188-5ce6-452a-8370-19d939792ce3 d76d727f0982434a981787f1f102e8d9 d0459e9ac28f4b70b46d1ea36527355b - - default default] Successfully bumped revision number for resource 37dbd433-e8d2-4b4b-8039-f3a2d5618d76 (type: security_group_rules) to 0
2026-07-02 06:19:02.217 9 INFO neutron.db.ovn_revision_numbers_db [None req-960e9188-5ce6-452a-8370-19d939792ce3 d76d727f0982434a981787f1f102e8d9 d0459e9ac28f4b70b46d1ea36527355b - - default default] Successfully bumped revision number for resource 3b81d1bb-3830-4297-8bf1-34f0e09c3cb5 (type: security_group_rules) to 0
2026-07-02 06:19:02.230 9 INFO neutron.db.ovn_revision_numbers_db [None req-960e9188-5ce6-452a-8370-19d939792ce3 d76d727f0982434a981787f1f102e8d9 d0459e9ac28f4b70b46d1ea36527355b - - default default] Successfully bumped revision number for resource f16e0f0c-f4c2-40c2-a898-34d10be45229 (type: security_group_rules) to 0
2026-07-02 06:19:02.251 9 INFO neutron.wsgi [None req-960e9188-5ce6-452a-8370-19d939792ce3 d76d727f0982434a981787f1f102e8d9 d0459e9ac28f4b70b46d1ea36527355b - - default default] 10.0.0.183 "GET /v2.0/security-groups?tenant_id=2ccdd914c25a4fe9b9bee435705d3974&name=default HTTP/1.1" status: 200 len: 3120 time: 0.1972055
2026-07-02 06:19:02.464 10 INFO neutron.wsgi [None req-c5d11d26-5cc8-410e-8323-3df3e16c1660 d76d727f0982434a981787f1f102e8d9 d0459e9ac28f4b70b46d1ea36527355b - - default default] 10.0.0.183 "DELETE /v2.0/security-groups/b4179031-9df9-4b64-8b33-8c9ed975c162 HTTP/1.1" status: 204 len: 168 time: 0.2072108
2026-07-02 06:19:02.685 9 INFO neutron.db.ovn_revision_numbers_db [None req-39c8a7a9-4653-4f42-a907-1dcbe4294864 d76d727f0982434a981787f1f102e8d9 d0459e9ac28f4b70b46d1ea36527355b - - default default] Successfully bumped revision number for resource 8e2b6b19-d9ef-47b7-a4c5-9109fc14e2de (type: security_groups) to 1
2026-07-02 06:19:02.703 9 INFO neutron.db.ovn_revision_numbers_db [None req-39c8a7a9-4653-4f42-a907-1dcbe4294864 d76d727f0982434a981787f1f102e8d9 d0459e9ac28f4b70b46d1ea36527355b - - default default] Successfully bumped revision number for resource 2c985755-1f56-4de3-83f2-6f015ef5daa2 (type: security_group_rules) to 0
2026-07-02 06:19:02.724 9 INFO neutron.db.ovn_revision_numbers_db [None req-39c8a7a9-4653-4f42-a907-1dcbe4294864 d76d727f0982434a981787f1f102e8d9 d0459e9ac28f4b70b46d1ea36527355b - - default default] Successfully bumped revision number for resource 6c6afafe-42ba-4ff2-8f4d-b37f476dbedc (type: security_group_rules) to 0
2026-07-02 06:19:02.976 9 INFO neutron.db.ovn_revision_numbers_db [None req-39c8a7a9-4653-4f42-a907-1dcbe4294864 d76d727f0982434a981787f1f102e8d9 d0459e9ac28f4b70b46d1ea36527355b - - default default] Successfully bumped revision number for resource 744542a5-1145-4406-b413-0f2fddc32b4b (type: security_group_rules) to 0
2026-07-02 06:19:02.989 9 INFO neutron.db.ovn_revision_numbers_db [None req-39c8a7a9-4653-4f42-a907-1dcbe4294864 d76d727f0982434a981787f1f102e8d9 d0459e9ac28f4b70b46d1ea36527355b - - default default] Successfully bumped revision number for resource a901b0d5-5ce4-4bac-b0fd-547446aa5634 (type: security_group_rules) to 0
2026-07-02 06:19:03.044 9 INFO neutron.db.segments_db [None req-39c8a7a9-4653-4f42-a907-1dcbe4294864 d76d727f0982434a981787f1f102e8d9 d0459e9ac28f4b70b46d1ea36527355b - - default default] Added segment 8c1ab12b-e191-4324-b9df-170feabbe94e of type geneve for network 660fbf7a-2259-40a8-a526-c15b437c653a
2026-07-02 06:19:03.200 9 INFO neutron.db.ovn_revision_numbers_db [None req-39c8a7a9-4653-4f42-a907-1dcbe4294864 d76d727f0982434a981787f1f102e8d9 d0459e9ac28f4b70b46d1ea36527355b - - default default] Successfully bumped revision number for resource 660fbf7a-2259-40a8-a526-c15b437c653a (type: networks) to 1
2026-07-02 06:19:03.377 9 WARNING neutron.scheduler.dhcp_agent_scheduler [None req-39c8a7a9-4653-4f42-a907-1dcbe4294864 d76d727f0982434a981787f1f102e8d9 d0459e9ac28f4b70b46d1ea36527355b - - default default] No more DHCP agents
2026-07-02 06:19:03.380 9 WARNING neutron.api.rpc.agentnotifiers.dhcp_rpc_agent_api [None req-39c8a7a9-4653-4f42-a907-1dcbe4294864 d76d727f0982434a981787f1f102e8d9 d0459e9ac28f4b70b46d1ea36527355b - - default default] Unable to schedule network 660fbf7a-2259-40a8-a526-c15b437c653a: no agents available; will retry on subsequent port and subnet creation events.
2026-07-02 06:19:03.482 9 INFO neutron.db.ovn_revision_numbers_db [None req-39c8a7a9-4653-4f42-a907-1dcbe4294864 d76d727f0982434a981787f1f102e8d9 d0459e9ac28f4b70b46d1ea36527355b - - default default] Successfully bumped revision number for resource 149a0018-565b-4587-b329-e04762a86876 (type: ports) to 1
2026-07-02 06:19:03.511 9 INFO neutron.wsgi [None req-39c8a7a9-4653-4f42-a907-1dcbe4294864 d76d727f0982434a981787f1f102e8d9 d0459e9ac28f4b70b46d1ea36527355b - - default default] 10.0.0.183 "POST /v2.0/networks HTTP/1.1" status: 201 len: 942 time: 1.1183839
2026-07-02 06:19:03.555 10 WARNING neutron_lib.context [None req-578433f0-4151-4f3f-aca4-de1cae89a33d 03364d73a7264327ab48053d519a8288 a0cda093fc8d41778b4edc248e680c0d - - default default] Method 'is_advsvc' is deprecated since 2023.2 release (neutron-lib 3.8.0) and will be removed once support for the old RBAC API policies will be removed from Neutron. Please use method 'is_service_role' instead.
2026-07-02 06:19:03.598 10 INFO neutron.wsgi [None req-578433f0-4151-4f3f-aca4-de1cae89a33d 03364d73a7264327ab48053d519a8288 a0cda093fc8d41778b4edc248e680c0d - - default default] 10.0.0.183 "POST /v2.0/subnetpools HTTP/1.1" status: 201 len: 715 time: 0.2295678
2026-07-02 06:19:03.647 9 INFO neutron.wsgi [None req-18b94200-94d5-4e9b-ad4b-bb2de028b21a 03364d73a7264327ab48053d519a8288 a0cda093fc8d41778b4edc248e680c0d - - default default] 10.0.0.183 "PUT /v2.0/subnetpools/8ed62434-915c-4229-a955-6bfd199a4f8f/tags HTTP/1.1" status: 200 len: 218 time: 0.0446048
2026-07-02 06:19:03.693 9 INFO neutron.wsgi [None req-3b05cc13-ba61-403f-8741-52bbf9589c31 03364d73a7264327ab48053d519a8288 a0cda093fc8d41778b4edc248e680c0d - - default default] 10.0.0.183 "GET /v2.0/subnetpools/8ed62434-915c-4229-a955-6bfd199a4f8f/tags HTTP/1.1" status: 200 len: 218 time: 0.0399063
2026-07-02 06:19:03.699 9 WARNING neutron.scheduler.dhcp_agent_scheduler [None req-8584da75-2001-427d-9814-34ca54dbfe75 d76d727f0982434a981787f1f102e8d9 d0459e9ac28f4b70b46d1ea36527355b - - default default] No more DHCP agents
2026-07-02 06:19:03.701 9 WARNING neutron.api.rpc.agentnotifiers.dhcp_rpc_agent_api [None req-8584da75-2001-427d-9814-34ca54dbfe75 d76d727f0982434a981787f1f102e8d9 d0459e9ac28f4b70b46d1ea36527355b - - default default] Unable to schedule network 660fbf7a-2259-40a8-a526-c15b437c653a: no agents available; will retry on subsequent port and subnet creation events.
2026-07-02 06:19:03.743 10 INFO neutron.wsgi [None req-06dad4fd-f5f4-47a9-ae36-80b58d4ed589 03364d73a7264327ab48053d519a8288 a0cda093fc8d41778b4edc248e680c0d - - default default] 10.0.0.183 "PUT /v2.0/subnetpools/8ed62434-915c-4229-a955-6bfd199a4f8f/tags/green HTTP/1.1" status: 201 len: 201 time: 0.0438995
2026-07-02 06:19:03.777 10 INFO neutron.wsgi [None req-4029393b-617e-4bd9-93a2-fd172ddbd03a 03364d73a7264327ab48053d519a8288 a0cda093fc8d41778b4edc248e680c0d - - default default] 10.0.0.183 "GET /v2.0/subnetpools/8ed62434-915c-4229-a955-6bfd199a4f8f/tags HTTP/1.1" status: 200 len: 227 time: 0.0273910
2026-07-02 06:19:03.809 10 INFO neutron.wsgi [None req-7e8f32d5-ad13-4de1-9f3a-49cfb69805d9 03364d73a7264327ab48053d519a8288 a0cda093fc8d41778b4edc248e680c0d - - default default] 10.0.0.183 "PUT /v2.0/subnetpools/8ed62434-915c-4229-a955-6bfd199a4f8f/tags/red HTTP/1.1" status: 201 len: 201 time: 0.0271907
2026-07-02 06:19:03.837 10 INFO neutron.wsgi [None req-e73882b7-1bbb-45d9-99be-46cee48a07d8 03364d73a7264327ab48053d519a8288 a0cda093fc8d41778b4edc248e680c0d - - default default] 10.0.0.183 "GET /v2.0/subnetpools/8ed62434-915c-4229-a955-6bfd199a4f8f/tags HTTP/1.1" status: 200 len: 227 time: 0.0228219
2026-07-02 06:19:03.877 10 INFO neutron.wsgi [None req-065b71e5-7da9-4615-9423-0c3dbd6e4838 03364d73a7264327ab48053d519a8288 a0cda093fc8d41778b4edc248e680c0d - - default default] 10.0.0.183 "PUT /v2.0/subnetpools/8ed62434-915c-4229-a955-6bfd199a4f8f/tags/black.or.white HTTP/1.1" status: 201 len: 201 time: 0.0348029
2026-07-02 06:19:03.904 10 INFO neutron.wsgi [None req-cbbd95da-f425-40c5-9b6a-b96c40870b31 03364d73a7264327ab48053d519a8288 a0cda093fc8d41778b4edc248e680c0d - - default default] 10.0.0.183 "GET /v2.0/subnetpools/8ed62434-915c-4229-a955-6bfd199a4f8f/tags HTTP/1.1" status: 200 len: 245 time: 0.0203302
2026-07-02 06:19:03.952 10 INFO neutron.wsgi [None req-2930e6e6-0b00-405c-a316-ef24030690d9 03364d73a7264327ab48053d519a8288 a0cda093fc8d41778b4edc248e680c0d - - default default] 10.0.0.183 "PUT /v2.0/subnetpools/8ed62434-915c-4229-a955-6bfd199a4f8f/tags HTTP/1.1" status: 200 len: 230 time: 0.0447571
2026-07-02 06:19:03.982 9 INFO neutron.wsgi [None req-50b28889-7f18-469c-b3b2-6f500d70d859 03364d73a7264327ab48053d519a8288 a0cda093fc8d41778b4edc248e680c0d - - default default] 10.0.0.183 "GET /v2.0/subnetpools/8ed62434-915c-4229-a955-6bfd199a4f8f/tags HTTP/1.1" status: 200 len: 230 time: 0.0249116
2026-07-02 06:19:04.026 9 INFO neutron.wsgi [None req-146ae221-7c06-481e-97e9-66be45bbc609 03364d73a7264327ab48053d519a8288 a0cda093fc8d41778b4edc248e680c0d - - default default] 10.0.0.183 "GET /v2.0/subnetpools/8ed62434-915c-4229-a955-6bfd199a4f8f/tags/red HTTP/1.1" status: 204 len: 168 time: 0.0340297
2026-07-02 06:19:04.066 10 INFO neutron.api.v2.resource [None req-5a6d63b5-4181-468b-8fc7-680b79d00aa8 03364d73a7264327ab48053d519a8288 a0cda093fc8d41778b4edc248e680c0d - - default default] show failed (client error): The resource could not be found.
2026-07-02 06:19:04.068 10 INFO neutron.wsgi [None req-5a6d63b5-4181-468b-8fc7-680b79d00aa8 03364d73a7264327ab48053d519a8288 a0cda093fc8d41778b4edc248e680c0d - - default default] 10.0.0.183 "GET /v2.0/subnetpools/8ed62434-915c-4229-a955-6bfd199a4f8f/tags/green HTTP/1.1" status: 404 len: 299 time: 0.0248110
2026-07-02 06:19:04.107 10 INFO neutron.wsgi [None req-7fd4bbe0-e2e8-45a3-9766-7140e91971aa 03364d73a7264327ab48053d519a8288 a0cda093fc8d41778b4edc248e680c0d - - default default] 10.0.0.183 "DELETE /v2.0/subnetpools/8ed62434-915c-4229-a955-6bfd199a4f8f/tags/red HTTP/1.1" status: 204 len: 168 time: 0.0321758
2026-07-02 06:19:04.134 10 INFO neutron.wsgi [None req-59174ab5-48ee-4f5e-b59f-a086f8061869 03364d73a7264327ab48053d519a8288 a0cda093fc8d41778b4edc248e680c0d - - default default] 10.0.0.183 "GET /v2.0/subnetpools/8ed62434-915c-4229-a955-6bfd199a4f8f/tags HTTP/1.1" status: 200 len: 223 time: 0.0235348
2026-07-02 06:19:04.178 9 INFO neutron.api.v2.resource [None req-61a39d70-b040-461c-b282-4188373ab23c 03364d73a7264327ab48053d519a8288 a0cda093fc8d41778b4edc248e680c0d - - default default] delete failed (client error): The resource could not be found.
2026-07-02 06:19:04.179 9 INFO neutron.wsgi [None req-61a39d70-b040-461c-b282-4188373ab23c 03364d73a7264327ab48053d519a8288 a0cda093fc8d41778b4edc248e680c0d - - default default] 10.0.0.183 "DELETE /v2.0/subnetpools/8ed62434-915c-4229-a955-6bfd199a4f8f/tags/green HTTP/1.1" status: 404 len: 299 time: 0.0410659
2026-07-02 06:19:04.228 9 INFO neutron.wsgi [None req-bbf85be1-3e9d-4a3b-bbd3-0591e2f2540f 03364d73a7264327ab48053d519a8288 a0cda093fc8d41778b4edc248e680c0d - - default default] 10.0.0.183 "DELETE /v2.0/subnetpools/8ed62434-915c-4229-a955-6bfd199a4f8f/tags HTTP/1.1" status: 204 len: 168 time: 0.0453255
2026-07-02 06:19:04.238 9 INFO neutron.db.ovn_revision_numbers_db [None req-8584da75-2001-427d-9814-34ca54dbfe75 d76d727f0982434a981787f1f102e8d9 d0459e9ac28f4b70b46d1ea36527355b - - default default] Successfully bumped revision number for resource 149a0018-565b-4587-b329-e04762a86876 (type: ports) to 2
2026-07-02 06:19:04.256 9 INFO neutron.wsgi [None req-76d122f8-aac0-4c5c-a6dd-93f3146ae21a 03364d73a7264327ab48053d519a8288 a0cda093fc8d41778b4edc248e680c0d - - default default] 10.0.0.183 "GET /v2.0/subnetpools/8ed62434-915c-4229-a955-6bfd199a4f8f/tags HTTP/1.1" status: 200 len: 205 time: 0.0236640
2026-07-02 06:19:04.269 9 INFO neutron.db.ovn_revision_numbers_db [None req-8584da75-2001-427d-9814-34ca54dbfe75 d76d727f0982434a981787f1f102e8d9 d0459e9ac28f4b70b46d1ea36527355b - - default default] Successfully bumped revision number for resource b34aaf92-2d60-4b43-b601-fb46b9f65998 (type: subnets) to 0
2026-07-02 06:19:04.290 9 INFO neutron.wsgi [None req-8584da75-2001-427d-9814-34ca54dbfe75 d76d727f0982434a981787f1f102e8d9 d0459e9ac28f4b70b46d1ea36527355b - - default default] 10.0.0.183 "POST /v2.0/subnets HTTP/1.1" status: 201 len: 862 time: 0.7713509
2026-07-02 06:19:04.312 10 INFO neutron.wsgi [None req-1563ebb6-da88-43e1-938a-efbede5e1359 03364d73a7264327ab48053d519a8288 a0cda093fc8d41778b4edc248e680c0d - - default default] 10.0.0.183 "DELETE /v2.0/subnetpools/8ed62434-915c-4229-a955-6bfd199a4f8f HTTP/1.1" status: 204 len: 168 time: 0.0498178
2026-07-02 06:19:04.805 9 WARNING neutron.scheduler.dhcp_agent_scheduler [None req-50df70cd-e8c1-4810-a542-6735b68f7802 d76d727f0982434a981787f1f102e8d9 d0459e9ac28f4b70b46d1ea36527355b - - default default] No more DHCP agents
2026-07-02 06:19:04.808 9 WARNING neutron.api.rpc.agentnotifiers.dhcp_rpc_agent_api [None req-50df70cd-e8c1-4810-a542-6735b68f7802 d76d727f0982434a981787f1f102e8d9 d0459e9ac28f4b70b46d1ea36527355b - - default default] Unable to schedule network 7d57e7b6-4b86-4af9-8a9e-1685c851b98d: no agents available; will retry on subsequent port and subnet creation events.
2026-07-02 06:19:04.975 9 INFO neutron.db.ovn_revision_numbers_db [None req-50df70cd-e8c1-4810-a542-6735b68f7802 d76d727f0982434a981787f1f102e8d9 d0459e9ac28f4b70b46d1ea36527355b - - default default] Successfully bumped revision number for resource 186e6243-4afb-4101-b05c-e79f2f264577 (type: ports) to 1
2026-07-02 06:19:05.260 9 INFO neutron.db.ovn_revision_numbers_db [None req-c21dbb53-2a93-4f30-991f-26cb7f2ab7e7 d76d727f0982434a981787f1f102e8d9 d0459e9ac28f4b70b46d1ea36527355b - - default default] Successfully bumped revision number for resource 776c09a8-7477-4c2e-9087-73cc8143ecf4 (type: security_groups) to 1
2026-07-02 06:19:05.276 9 INFO neutron.db.ovn_revision_numbers_db [None req-c21dbb53-2a93-4f30-991f-26cb7f2ab7e7 d76d727f0982434a981787f1f102e8d9 d0459e9ac28f4b70b46d1ea36527355b - - default default] Successfully bumped revision number for resource 14b83e83-69fb-4ff6-b455-d496bc5bf1fa (type: security_group_rules) to 0
2026-07-02 06:19:05.294 9 INFO neutron.db.ovn_revision_numbers_db [None req-c21dbb53-2a93-4f30-991f-26cb7f2ab7e7 d76d727f0982434a981787f1f102e8d9 d0459e9ac28f4b70b46d1ea36527355b - - default default] Successfully bumped revision number for resource 4efb3cd9-cb52-4fa5-8660-2ca46ee1b309 (type: security_group_rules) to 0
2026-07-02 06:19:05.312 9 INFO neutron.db.ovn_revision_numbers_db [None req-c21dbb53-2a93-4f30-991f-26cb7f2ab7e7 d76d727f0982434a981787f1f102e8d9 d0459e9ac28f4b70b46d1ea36527355b - - default default] Successfully bumped revision number for resource cffa5375-60bf-49f6-be30-f1aa8f4da2dc (type: security_group_rules) to 0
2026-07-02 06:19:05.518 9 INFO neutron.db.ovn_revision_numbers_db [None req-c21dbb53-2a93-4f30-991f-26cb7f2ab7e7 d76d727f0982434a981787f1f102e8d9 d0459e9ac28f4b70b46d1ea36527355b - - default default] Successfully bumped revision number for resource d95383ce-1c3a-471a-b264-937f3144e605 (type: security_group_rules) to 0
2026-07-02 06:19:05.544 9 INFO neutron.wsgi [None req-c21dbb53-2a93-4f30-991f-26cb7f2ab7e7 d76d727f0982434a981787f1f102e8d9 d0459e9ac28f4b70b46d1ea36527355b - - default default] 10.0.0.183 "GET /v2.0/security-groups?tenant_id=800e0ba4c038414988f58723d516f94c&name=default HTTP/1.1" status: 200 len: 3124 time: 0.6080332
2026-07-02 06:19:05.642 9 WARNING neutron_lib.context [None req-03abd67e-69ce-4de3-ac31-3a0cc2af706c 638ebe0eb81247b9a3b16e97e983d26e b8b585b174b040449856646e3f914732 - - default default] Method 'is_advsvc' is deprecated since 2023.2 release (neutron-lib 3.8.0) and will be removed once support for the old RBAC API policies will be removed from Neutron. Please use method 'is_service_role' instead.
2026-07-02 06:19:05.770 10 INFO neutron.wsgi [None req-10cbbbe5-d77d-408e-b83b-e080934b803d d76d727f0982434a981787f1f102e8d9 d0459e9ac28f4b70b46d1ea36527355b - - default default] 10.0.0.183 "DELETE /v2.0/security-groups/776c09a8-7477-4c2e-9087-73cc8143ecf4 HTTP/1.1" status: 204 len: 168 time: 0.2185171
2026-07-02 06:19:05.905 9 INFO neutron.plugins.ml2.drivers.ovn.mech_driver.ovsdb.commands [None req-c3cfa029-d3ce-47dc-bd72-eeab7ee3d055 - - - - - -] Schedule LRP lrp-186e6243-4afb-4101-b05c-e79f2f264577 on gateway eee7eaa8-8adf-4fea-95b4-d1986b3dad97 with priority 1
2026-07-02 06:19:05.912 10 INFO neutron.plugins.ml2.drivers.ovn.mech_driver.mech_driver [None req-db4354f1-5bf8-4fc7-90fa-3838a405342e - - - - - -] OVN reports status up for port: 186e6243-4afb-4101-b05c-e79f2f264577
2026-07-02 06:19:05.928 10 INFO neutron.plugins.ml2.drivers.ovn.mech_driver.ovsdb.ovsdb_monitor [None req-10cf7592-8c51-4a21-a194-064c69e79608 - - - - - -] Router 5954f153-56f8-4223-8ebd-88a20ed2e115 is bound to host instance
2026-07-02 06:19:05.971 10 INFO neutron.plugins.ml2.plugin [None req-db4354f1-5bf8-4fc7-90fa-3838a405342e - - - - - -] Attempt 1 to provision port 186e6243-4afb-4101-b05c-e79f2f264577
2026-07-02 06:19:05.993 9 INFO neutron.db.ovn_revision_numbers_db [None req-50df70cd-e8c1-4810-a542-6735b68f7802 d76d727f0982434a981787f1f102e8d9 d0459e9ac28f4b70b46d1ea36527355b - - default default] Successfully bumped revision number for resource 186e6243-4afb-4101-b05c-e79f2f264577 (type: router_ports) to 1
2026-07-02 06:19:06.038 9 WARNING neutron.scheduler.dhcp_agent_scheduler [None req-03abd67e-69ce-4de3-ac31-3a0cc2af706c 638ebe0eb81247b9a3b16e97e983d26e b8b585b174b040449856646e3f914732 - - default default] No more DHCP agents
2026-07-02 06:19:06.041 9 WARNING neutron.api.rpc.agentnotifiers.dhcp_rpc_agent_api [None req-03abd67e-69ce-4de3-ac31-3a0cc2af706c 638ebe0eb81247b9a3b16e97e983d26e b8b585b174b040449856646e3f914732 - - default default] Unable to schedule network 7d57e7b6-4b86-4af9-8a9e-1685c851b98d: no agents available; will retry on subsequent port and subnet creation events.
2026-07-02 06:19:06.062 10 INFO neutron.db.ovn_revision_numbers_db [None req-c29e7228-b30e-4acc-a4ab-71458757293d d76d727f0982434a981787f1f102e8d9 d0459e9ac28f4b70b46d1ea36527355b - - default default] Successfully bumped revision number for resource 342f3915-bf1a-4797-962d-c6d303e68e2b (type: security_groups) to 1
2026-07-02 06:19:06.097 9 INFO neutron.db.ovn_revision_numbers_db [None req-50df70cd-e8c1-4810-a542-6735b68f7802 d76d727f0982434a981787f1f102e8d9 d0459e9ac28f4b70b46d1ea36527355b - - default default] Successfully bumped revision number for resource 5954f153-56f8-4223-8ebd-88a20ed2e115 (type: routers) to 2
2026-07-02 06:19:06.099 10 INFO neutron.db.ovn_revision_numbers_db [None req-c29e7228-b30e-4acc-a4ab-71458757293d d76d727f0982434a981787f1f102e8d9 d0459e9ac28f4b70b46d1ea36527355b - - default default] Successfully bumped revision number for resource 03885dd4-e8fd-43ff-97ca-3fd3a1c993dd (type: security_group_rules) to 0
2026-07-02 06:19:06.121 9 INFO neutron.wsgi [None req-50df70cd-e8c1-4810-a542-6735b68f7802 d76d727f0982434a981787f1f102e8d9 d0459e9ac28f4b70b46d1ea36527355b - - default default] 10.0.0.183 "POST /v2.0/routers HTTP/1.1" status: 201 len: 1164 time: 1.8266001
2026-07-02 06:19:06.123 10 INFO neutron.db.ovn_revision_numbers_db [None req-c29e7228-b30e-4acc-a4ab-71458757293d d76d727f0982434a981787f1f102e8d9 d0459e9ac28f4b70b46d1ea36527355b - - default default] Successfully bumped revision number for resource 07505180-27f8-402f-8af0-362d50b373c4 (type: security_group_rules) to 0
2026-07-02 06:19:06.166 10 INFO neutron.db.ovn_revision_numbers_db [None req-c29e7228-b30e-4acc-a4ab-71458757293d d76d727f0982434a981787f1f102e8d9 d0459e9ac28f4b70b46d1ea36527355b - - default default] Successfully bumped revision number for resource 136fda3a-b8e8-438b-bee6-760f1530cf06 (type: security_group_rules) to 0
2026-07-02 06:19:06.197 10 INFO neutron.db.ovn_revision_numbers_db [None req-c29e7228-b30e-4acc-a4ab-71458757293d d76d727f0982434a981787f1f102e8d9 d0459e9ac28f4b70b46d1ea36527355b - - default default] Successfully bumped revision number for resource c38086c0-91e6-47b0-8dcb-a2ccf54361d9 (type: security_group_rules) to 0
2026-07-02 06:19:06.238 10 INFO neutron.wsgi [None req-c29e7228-b30e-4acc-a4ab-71458757293d d76d727f0982434a981787f1f102e8d9 d0459e9ac28f4b70b46d1ea36527355b - - default default] 10.0.0.183 "GET /v2.0/security-groups?tenant_id=a0cda093fc8d41778b4edc248e680c0d&name=default HTTP/1.1" status: 200 len: 3124 time: 0.3792679
2026-07-02 06:19:06.417 9 INFO neutron.wsgi [None req-03abd67e-69ce-4de3-ac31-3a0cc2af706c 638ebe0eb81247b9a3b16e97e983d26e b8b585b174b040449856646e3f914732 - - default default] 10.0.0.183 "POST /v2.0/floatingips HTTP/1.1" status: 201 len: 751 time: 0.8064852
2026-07-02 06:19:06.494 9 INFO neutron.wsgi [None req-7920dfc1-0e80-433a-b49b-f214a332551b d76d727f0982434a981787f1f102e8d9 d0459e9ac28f4b70b46d1ea36527355b - - default default] 10.0.0.183 "DELETE /v2.0/security-groups/342f3915-bf1a-4797-962d-c6d303e68e2b HTTP/1.1" status: 204 len: 168 time: 0.2503824
2026-07-02 06:19:06.500 10 INFO neutron.wsgi [None req-70aed315-3c71-4cd2-9491-c7b0bf25aa8a 638ebe0eb81247b9a3b16e97e983d26e b8b585b174b040449856646e3f914732 - - default default] 10.0.0.183 "PUT /v2.0/floatingips/7004a948-a66a-4657-bec9-bcc12193ad82/tags HTTP/1.1" status: 200 len: 218 time: 0.0737538
2026-07-02 06:19:06.552 10 INFO neutron.wsgi [None req-7e7dfa8c-3122-4d42-b91a-a6c76b498f05 638ebe0eb81247b9a3b16e97e983d26e b8b585b174b040449856646e3f914732 - - default default] 10.0.0.183 "GET /v2.0/floatingips/7004a948-a66a-4657-bec9-bcc12193ad82/tags HTTP/1.1" status: 200 len: 218 time: 0.0490937
2026-07-02 06:19:06.615 9 INFO neutron.wsgi [None req-46a76906-e3bb-4d9a-9341-3053b6d1d688 638ebe0eb81247b9a3b16e97e983d26e b8b585b174b040449856646e3f914732 - - default default] 10.0.0.183 "PUT /v2.0/floatingips/7004a948-a66a-4657-bec9-bcc12193ad82/tags/green HTTP/1.1" status: 201 len: 201 time: 0.0578294
2026-07-02 06:19:06.654 9 INFO neutron.wsgi [None req-b0a47e17-debf-4760-b8e2-fc5f612549a2 638ebe0eb81247b9a3b16e97e983d26e b8b585b174b040449856646e3f914732 - - default default] 10.0.0.183 "GET /v2.0/floatingips/7004a948-a66a-4657-bec9-bcc12193ad82/tags HTTP/1.1" status: 200 len: 227 time: 0.0333631
2026-07-02 06:19:06.709 9 INFO neutron.wsgi [None req-17f9caf4-4384-4609-b761-2f747739b226 638ebe0eb81247b9a3b16e97e983d26e b8b585b174b040449856646e3f914732 - - default default] 10.0.0.183 "PUT /v2.0/floatingips/7004a948-a66a-4657-bec9-bcc12193ad82/tags/red HTTP/1.1" status: 201 len: 201 time: 0.0474019
2026-07-02 06:19:06.752 9 INFO neutron.wsgi [None req-f70398a3-a950-4131-bb06-8e60a142b5a3 638ebe0eb81247b9a3b16e97e983d26e b8b585b174b040449856646e3f914732 - - default default] 10.0.0.183 "GET /v2.0/floatingips/7004a948-a66a-4657-bec9-bcc12193ad82/tags HTTP/1.1" status: 200 len: 227 time: 0.0342679
2026-07-02 06:19:06.812 9 INFO neutron.wsgi [None req-aec4a1b4-0b3f-4f0d-9534-f774b4d6952d 638ebe0eb81247b9a3b16e97e983d26e b8b585b174b040449856646e3f914732 - - default default] 10.0.0.183 "PUT /v2.0/floatingips/7004a948-a66a-4657-bec9-bcc12193ad82/tags/black.or.white HTTP/1.1" status: 201 len: 201 time: 0.0534608
2026-07-02 06:19:06.848 9 INFO neutron.wsgi [None req-2f0771f4-6d7b-4df7-92ec-c993d7298ebe 638ebe0eb81247b9a3b16e97e983d26e b8b585b174b040449856646e3f914732 - - default default] 10.0.0.183 "GET /v2.0/floatingips/7004a948-a66a-4657-bec9-bcc12193ad82/tags HTTP/1.1" status: 200 len: 245 time: 0.0306029
2026-07-02 06:19:06.906 9 INFO neutron.wsgi [None req-464a2c41-6cc0-42cd-986a-8b708f787451 638ebe0eb81247b9a3b16e97e983d26e b8b585b174b040449856646e3f914732 - - default default] 10.0.0.183 "PUT /v2.0/floatingips/7004a948-a66a-4657-bec9-bcc12193ad82/tags HTTP/1.1" status: 200 len: 230 time: 0.0452104
2026-07-02 06:19:06.940 9 INFO neutron.wsgi [None req-8ad98bd4-ca34-4b23-b0e8-0f709822e5ea 638ebe0eb81247b9a3b16e97e983d26e b8b585b174b040449856646e3f914732 - - default default] 10.0.0.183 "GET /v2.0/floatingips/7004a948-a66a-4657-bec9-bcc12193ad82/tags HTTP/1.1" status: 200 len: 230 time: 0.0296040
2026-07-02 06:19:06.970 9 INFO neutron.wsgi [None req-956b3908-8896-4a42-8b88-e8cf4202f4cc 638ebe0eb81247b9a3b16e97e983d26e b8b585b174b040449856646e3f914732 - - default default] 10.0.0.183 "GET /v2.0/floatingips/7004a948-a66a-4657-bec9-bcc12193ad82/tags/red HTTP/1.1" status: 204 len: 168 time: 0.0262616
2026-07-02 06:19:06.999 9 INFO neutron.api.v2.resource [None req-02b78e19-133f-4e47-ac24-c282cdcacd7a 638ebe0eb81247b9a3b16e97e983d26e b8b585b174b040449856646e3f914732 - - default default] show failed (client error): The resource could not be found.
2026-07-02 06:19:07.000 9 INFO neutron.wsgi [None req-02b78e19-133f-4e47-ac24-c282cdcacd7a 638ebe0eb81247b9a3b16e97e983d26e b8b585b174b040449856646e3f914732 - - default default] 10.0.0.183 "GET /v2.0/floatingips/7004a948-a66a-4657-bec9-bcc12193ad82/tags/green HTTP/1.1" status: 404 len: 299 time: 0.0268974
2026-07-02 06:19:07.042 9 INFO neutron.wsgi [None req-923a3565-9372-4b95-90d3-765e4a713cdb 638ebe0eb81247b9a3b16e97e983d26e b8b585b174b040449856646e3f914732 - - default default] 10.0.0.183 "DELETE /v2.0/floatingips/7004a948-a66a-4657-bec9-bcc12193ad82/tags/red HTTP/1.1" status: 204 len: 168 time: 0.0385933
2026-07-02 06:19:07.092 10 INFO neutron.wsgi [None req-8dffe0b4-fedd-41ae-b08b-e5fba8ea9c55 638ebe0eb81247b9a3b16e97e983d26e b8b585b174b040449856646e3f914732 - - default default] 10.0.0.183 "GET /v2.0/floatingips/7004a948-a66a-4657-bec9-bcc12193ad82/tags HTTP/1.1" status: 200 len: 223 time: 0.0455256
2026-07-02 06:19:07.092 10 WARNING neutron.scheduler.dhcp_agent_scheduler [None req-50936bb1-0b00-4758-a25e-f01bd7085e9b d76d727f0982434a981787f1f102e8d9 d0459e9ac28f4b70b46d1ea36527355b - - default default] No more DHCP agents
2026-07-02 06:19:07.095 10 WARNING neutron.api.rpc.agentnotifiers.dhcp_rpc_agent_api [None req-50936bb1-0b00-4758-a25e-f01bd7085e9b d76d727f0982434a981787f1f102e8d9 d0459e9ac28f4b70b46d1ea36527355b - - default default] Unable to schedule network 660fbf7a-2259-40a8-a526-c15b437c653a: no agents available; will retry on subsequent port and subnet creation events.
2026-07-02 06:19:07.136 9 INFO neutron.api.v2.resource [None req-2467e550-b83f-4bd0-a92a-5b0de317b86e 638ebe0eb81247b9a3b16e97e983d26e b8b585b174b040449856646e3f914732 - - default default] delete failed (client error): The resource could not be found.
2026-07-02 06:19:07.137 9 INFO neutron.wsgi [None req-2467e550-b83f-4bd0-a92a-5b0de317b86e 638ebe0eb81247b9a3b16e97e983d26e b8b585b174b040449856646e3f914732 - - default default] 10.0.0.183 "DELETE /v2.0/floatingips/7004a948-a66a-4657-bec9-bcc12193ad82/tags/green HTTP/1.1" status: 404 len: 299 time: 0.0397987
2026-07-02 06:19:07.184 10 INFO neutron.db.ovn_revision_numbers_db [None req-10cf7592-8c51-4a21-a194-064c69e79608 - - - - - -] Successfully bumped revision number for resource 186e6243-4afb-4101-b05c-e79f2f264577 (type: ports) to 1
2026-07-02 06:19:07.188 9 INFO neutron.wsgi [None req-d149cd12-d224-4852-a147-b3a4c9cc76de 638ebe0eb81247b9a3b16e97e983d26e b8b585b174b040449856646e3f914732 - - default default] 10.0.0.183 "DELETE /v2.0/floatingips/7004a948-a66a-4657-bec9-bcc12193ad82/tags HTTP/1.1" status: 204 len: 168 time: 0.0456417
2026-07-02 06:19:07.225 9 INFO neutron.wsgi [None req-30b267ea-1a3b-4df0-ba7e-10673cf55a72 638ebe0eb81247b9a3b16e97e983d26e b8b585b174b040449856646e3f914732 - - default default] 10.0.0.183 "GET /v2.0/floatingips/7004a948-a66a-4657-bec9-bcc12193ad82/tags HTTP/1.1" status: 200 len: 205 time: 0.0324519
2026-07-02 06:19:07.290 10 INFO neutron.db.ovn_revision_numbers_db [None req-50936bb1-0b00-4758-a25e-f01bd7085e9b d76d727f0982434a981787f1f102e8d9 d0459e9ac28f4b70b46d1ea36527355b - - default default] Successfully bumped revision number for resource 4522d723-c9e9-4f1e-92bb-5307ca4cc263 (type: ports) to 1
2026-07-02 06:19:07.591 9 INFO neutron.wsgi [None req-c73c462c-eb65-42f2-bbc5-67d076d5b124 638ebe0eb81247b9a3b16e97e983d26e b8b585b174b040449856646e3f914732 - - default default] 10.0.0.183 "DELETE /v2.0/floatingips/7004a948-a66a-4657-bec9-bcc12193ad82 HTTP/1.1" status: 204 len: 168 time: 0.3614063
2026-07-02 06:19:07.775 10 INFO neutron.db.ovn_revision_numbers_db [None req-10cf7592-8c51-4a21-a194-064c69e79608 - - - - - -] Successfully bumped revision number for resource 186e6243-4afb-4101-b05c-e79f2f264577 (type: router_ports) to 3
2026-07-02 06:19:08.017 10 ERROR ovsdbapp.backend.ovs_idl.command [None req-50936bb1-0b00-4758-a25e-f01bd7085e9b d76d727f0982434a981787f1f102e8d9 d0459e9ac28f4b70b46d1ea36527355b - - default default] Error executing command (DbGetCommand): ovsdbapp.backend.ovs_idl.idlutils.RowNotFound: Cannot find Logical_Router_Port with name=lrp-4522d723-c9e9-4f1e-92bb-5307ca4cc263
2026-07-02 06:19:08.017 10 ERROR ovsdbapp.backend.ovs_idl.command
Traceback (most recent call last):
2026-07-02 06:19:08.017 10 ERROR ovsdbapp.backend.ovs_idl.command
File "/var/lib/openstack/lib/python3.10/site-packages/ovsdbapp/backend/ovs_idl/command.py", line 47, in execute
2026-07-02 06:19:08.017 10 ERROR ovsdbapp.backend.ovs_idl.command self.run_idl(None)
2026-07-02 06:19:08.017 10 ERROR ovsdbapp.backend.ovs_idl.command
File "/var/lib/openstack/lib/python3.10/site-packages/ovsdbapp/backend/ovs_idl/command.py", line 235, in run_idl
2026-07-02 06:19:08.017 10 ERROR ovsdbapp.backend.ovs_idl.command record = self.api.lookup(self.table, self.record)
2026-07-02 06:19:08.017 10 ERROR ovsdbapp.backend.ovs_idl.command
File "/var/lib/openstack/lib/python3.10/site-packages/ovsdbapp/backend/ovs_idl/__init__.py", line 184, in lookup
2026-07-02 06:19:08.017 10 ERROR ovsdbapp.backend.ovs_idl.command return self._lookup(table, record)
2026-07-02 06:19:08.017 10 ERROR ovsdbapp.backend.ovs_idl.command
File "/var/lib/openstack/lib/python3.10/site-packages/ovsdbapp/backend/ovs_idl/__init__.py", line 235, in _lookup
2026-07-02 06:19:08.017 10 ERROR ovsdbapp.backend.ovs_idl.command row = idlutils.row_by_value(self, rl.table, rl.column, record)
2026-07-02 06:19:08.017 10 ERROR ovsdbapp.backend.ovs_idl.command
File "/var/lib/openstack/lib/python3.10/site-packages/ovsdbapp/backend/ovs_idl/idlutils.py", line 114, in row_by_value
2026-07-02 06:19:08.017 10 ERROR ovsdbapp.backend.ovs_idl.command raise RowNotFound(table=table, col=column, match=match)
2026-07-02 06:19:08.017 10 ERROR ovsdbapp.backend.ovs_idl.command ovsdbapp.backend.ovs_idl.idlutils.RowNotFound: Cannot find Logical_Router_Port with name=lrp-4522d723-c9e9-4f1e-92bb-5307ca4cc263
2026-07-02 06:19:08.017 10 ERROR ovsdbapp.backend.ovs_idl.command 
2026-07-02 06:19:08.018 10 ERROR neutron_lib.callbacks.manager [None req-50936bb1-0b00-4758-a25e-f01bd7085e9b d76d727f0982434a981787f1f102e8d9 d0459e9ac28f4b70b46d1ea36527355b - - default default] Error during notification for neutron.services.ovn_l3.plugin.OVNL3RouterPlugin._port_update-8790254931686 port, after_update: ovsdbapp.backend.ovs_idl.idlutils.RowNotFound: Cannot find Logical_Router_Port with name=lrp-4522d723-c9e9-4f1e-92bb-5307ca4cc263
2026-07-02 06:19:08.018 10 ERROR neutron_lib.callbacks.manager
Traceback (most recent call last):
2026-07-02 06:19:08.018 10 ERROR neutron_lib.callbacks.manager
File "/var/lib/openstack/lib/python3.10/site-packages/neutron_lib/callbacks/manager.py", line 189, in _notify_loop
2026-07-02 06:19:08.018 10 ERROR neutron_lib.callbacks.manager callback.method(resource, event, trigger, payload=payload)
2026-07-02 06:19:08.018 10 ERROR neutron_lib.callbacks.manager
File "/var/lib/openstack/lib/python3.10/site-packages/neutron/services/ovn_l3/plugin.py", line 391, in _port_update
2026-07-02 06:19:08.018 10 ERROR neutron_lib.callbacks.manager l3plugin._ovn_client.update_router_port(context,
2026-07-02 06:19:08.018 10 ERROR neutron_lib.callbacks.manager
File "/var/lib/openstack/lib/python3.10/site-packages/neutron/plugins/ml2/drivers/ovn/mech_driver/ovsdb/ovn_client.py", line 1878, in update_router_port
2026-07-02 06:19:08.018 10 ERROR neutron_lib.callbacks.manager self._update_lrouter_port(context, port, if_exists=if_exists,
2026-07-02 06:19:08.018 10 ERROR neutron_lib.callbacks.manager
File "/var/lib/openstack/lib/python3.10/site-packages/neutron/plugins/ml2/drivers/ovn/mech_driver/ovsdb/ovn_client.py", line 1855, in _update_lrouter_port
2026-07-02 06:19:08.018 10 ERROR neutron_lib.callbacks.manager external_ids = self._nb_idl.db_get(
2026-07-02 06:19:08.018 10 ERROR neutron_lib.callbacks.manager
File "/var/lib/openstack/lib/python3.10/site-packages/ovsdbapp/backend/ovs_idl/command.py", line 47, in execute
2026-07-02 06:19:08.018 10 ERROR neutron_lib.callbacks.manager self.run_idl(None)
2026-07-02 06:19:08.018 10 ERROR neutron_lib.callbacks.manager
File "/var/lib/openstack/lib/python3.10/site-packages/ovsdbapp/backend/ovs_idl/command.py", line 235, in run_idl
2026-07-02 06:19:08.018 10 ERROR neutron_lib.callbacks.manager record = self.api.lookup(self.table, self.record)
2026-07-02 06:19:08.018 10 ERROR neutron_lib.callbacks.manager
File "/var/lib/openstack/lib/python3.10/site-packages/ovsdbapp/backend/ovs_idl/__init__.py", line 184, in lookup
2026-07-02 06:19:08.018 10 ERROR neutron_lib.callbacks.manager return self._lookup(table, record)
2026-07-02 06:19:08.018 10 ERROR neutron_lib.callbacks.manager
File "/var/lib/openstack/lib/python3.10/site-packages/ovsdbapp/backend/ovs_idl/__init__.py", line 235, in _lookup
2026-07-02 06:19:08.018 10 ERROR neutron_lib.callbacks.manager row = idlutils.row_by_value(self, rl.table, rl.column, record)
2026-07-02 06:19:08.018 10 ERROR neutron_lib.callbacks.manager
File "/var/lib/openstack/lib/python3.10/site-packages/ovsdbapp/backend/ovs_idl/idlutils.py", line 114, in row_by_value
2026-07-02 06:19:08.018 10 ERROR neutron_lib.callbacks.manager raise RowNotFound(table=table, col=column, match=match)
2026-07-02 06:19:08.018 10 ERROR neutron_lib.callbacks.manager ovsdbapp.backend.ovs_idl.idlutils.RowNotFound: Cannot find Logical_Router_Port with name=lrp-4522d723-c9e9-4f1e-92bb-5307ca4cc263
2026-07-02 06:19:08.018 10 ERROR neutron_lib.callbacks.manager 
2026-07-02 06:19:08.093 10 INFO neutron.db.ovn_revision_numbers_db [None req-10cf7592-8c51-4a21-a194-064c69e79608 - - - - - -] Successfully bumped revision number for resource 186e6243-4afb-4101-b05c-e79f2f264577 (type: ports) to 2
2026-07-02 06:19:08.465 9 INFO neutron.db.ovn_revision_numbers_db [None req-af293e4b-c6a1-4ef0-b849-f97a3ac323b8 d76d727f0982434a981787f1f102e8d9 d0459e9ac28f4b70b46d1ea36527355b - - default default] Successfully bumped revision number for resource 98775c1b-6108-4d0a-8eff-ef8d3f877d63 (type: security_groups) to 1
2026-07-02 06:19:08.490 9 INFO neutron.db.ovn_revision_numbers_db [None req-af293e4b-c6a1-4ef0-b849-f97a3ac323b8 d76d727f0982434a981787f1f102e8d9 d0459e9ac28f4b70b46d1ea36527355b - - default default] Successfully bumped revision number for resource 005bdb17-61ce-4d09-83c5-34ef46168df3 (type: security_group_rules) to 0
2026-07-02 06:19:08.497 9 INFO neutron.plugins.ml2.drivers.ovn.mech_driver.mech_driver [None req-3af5761c-a03c-4acf-8020-3ee41da057ac - - - - - -] OVN reports status up for port: 4522d723-c9e9-4f1e-92bb-5307ca4cc263
2026-07-02 06:19:08.509 9 INFO neutron.plugins.ml2.plugin [None req-3af5761c-a03c-4acf-8020-3ee41da057ac - - - - - -] Attempt 1 to provision port 4522d723-c9e9-4f1e-92bb-5307ca4cc263
2026-07-02 06:19:08.522 10 INFO neutron.db.ovn_revision_numbers_db [None req-50936bb1-0b00-4758-a25e-f01bd7085e9b d76d727f0982434a981787f1f102e8d9 d0459e9ac28f4b70b46d1ea36527355b - - default default] Successfully bumped revision number for resource 4522d723-c9e9-4f1e-92bb-5307ca4cc263 (type: ports) to 1
2026-07-02 06:19:08.522 9 INFO neutron.db.ovn_revision_numbers_db [None req-af293e4b-c6a1-4ef0-b849-f97a3ac323b8 d76d727f0982434a981787f1f102e8d9 d0459e9ac28f4b70b46d1ea36527355b - - default default] Successfully bumped revision number for resource 413e1f2b-53e1-4b1a-bce5-7bf9445b05c0 (type: security_group_rules) to 0
2026-07-02 06:19:08.547 9 INFO neutron.db.ovn_revision_numbers_db [None req-af293e4b-c6a1-4ef0-b849-f97a3ac323b8 d76d727f0982434a981787f1f102e8d9 d0459e9ac28f4b70b46d1ea36527355b - - default default] Successfully bumped revision number for resource 765ded75-e89b-4647-af57-e6bdeef2bd78 (type: security_group_rules) to 0
2026-07-02 06:19:08.574 9 INFO neutron.db.ovn_revision_numbers_db [None req-af293e4b-c6a1-4ef0-b849-f97a3ac323b8 d76d727f0982434a981787f1f102e8d9 d0459e9ac28f4b70b46d1ea36527355b - - default default] Successfully bumped revision number for resource 8847cb99-0d90-451b-9b57-259abce69157 (type: security_group_rules) to 0
2026-07-02 06:19:08.607 10 WARNING neutron.scheduler.dhcp_agent_scheduler [None req-50936bb1-0b00-4758-a25e-f01bd7085e9b d76d727f0982434a981787f1f102e8d9 d0459e9ac28f4b70b46d1ea36527355b - - default default] No more DHCP agents
