2026-07-02 06:16:32.020 10 ERROR ovsdbapp.backend.ovs_idl.command ovsdbapp.backend.ovs_idl.idlutils.RowNotFound: Cannot find Logical_Router_Port with name=lrp-a9770fbf-e412-4780-b1e9-4b59417be4bc
2026-07-02 06:16:32.020 10 ERROR ovsdbapp.backend.ovs_idl.command 
2026-07-02 06:16:32.021 10 ERROR neutron_lib.callbacks.manager [None req-db4354f1-5bf8-4fc7-90fa-3838a405342e - - - - - -] Error during notification for neutron.services.ovn_l3.plugin.OVNL3RouterPlugin._port_update-8790254931686 port, after_update: ovsdbapp.backend.ovs_idl.idlutils.RowNotFound: Cannot find Logical_Router_Port with name=lrp-a9770fbf-e412-4780-b1e9-4b59417be4bc
2026-07-02 06:16:32.021 10 ERROR neutron_lib.callbacks.manager
Traceback (most recent call last):
2026-07-02 06:16:32.021 10 ERROR neutron_lib.callbacks.manager
File "/var/lib/openstack/lib/python3.10/site-packages/neutron_lib/callbacks/manager.py", line 189, in _notify_loop
2026-07-02 06:16:32.021 10 ERROR neutron_lib.callbacks.manager callback.method(resource, event, trigger, payload=payload)
2026-07-02 06:16:32.021 10 ERROR neutron_lib.callbacks.manager
File "/var/lib/openstack/lib/python3.10/site-packages/neutron/services/ovn_l3/plugin.py", line 391, in _port_update
2026-07-02 06:16:32.021 10 ERROR neutron_lib.callbacks.manager l3plugin._ovn_client.update_router_port(context,
2026-07-02 06:16:32.021 10 ERROR neutron_lib.callbacks.manager
File "/var/lib/openstack/lib/python3.10/site-packages/neutron/plugins/ml2/drivers/ovn/mech_driver/ovsdb/ovn_client.py", line 1878, in update_router_port
2026-07-02 06:16:32.021 10 ERROR neutron_lib.callbacks.manager self._update_lrouter_port(context, port, if_exists=if_exists,
2026-07-02 06:16:32.021 10 ERROR neutron_lib.callbacks.manager
File "/var/lib/openstack/lib/python3.10/site-packages/neutron/plugins/ml2/drivers/ovn/mech_driver/ovsdb/ovn_client.py", line 1855, in _update_lrouter_port
2026-07-02 06:16:32.021 10 ERROR neutron_lib.callbacks.manager external_ids = self._nb_idl.db_get(
2026-07-02 06:16:32.021 10 ERROR neutron_lib.callbacks.manager
File "/var/lib/openstack/lib/python3.10/site-packages/ovsdbapp/backend/ovs_idl/command.py", line 47, in execute
2026-07-02 06:16:32.021 10 ERROR neutron_lib.callbacks.manager self.run_idl(None)
2026-07-02 06:16:32.021 10 ERROR neutron_lib.callbacks.manager
File "/var/lib/openstack/lib/python3.10/site-packages/ovsdbapp/backend/ovs_idl/command.py", line 235, in run_idl
2026-07-02 06:16:32.021 10 ERROR neutron_lib.callbacks.manager record = self.api.lookup(self.table, self.record)
2026-07-02 06:16:32.021 10 ERROR neutron_lib.callbacks.manager
File "/var/lib/openstack/lib/python3.10/site-packages/ovsdbapp/backend/ovs_idl/__init__.py", line 184, in lookup
2026-07-02 06:16:32.021 10 ERROR neutron_lib.callbacks.manager return self._lookup(table, record)
2026-07-02 06:16:32.021 10 ERROR neutron_lib.callbacks.manager
File "/var/lib/openstack/lib/python3.10/site-packages/ovsdbapp/backend/ovs_idl/__init__.py", line 235, in _lookup
2026-07-02 06:16:32.021 10 ERROR neutron_lib.callbacks.manager row = idlutils.row_by_value(self, rl.table, rl.column, record)
2026-07-02 06:16:32.021 10 ERROR neutron_lib.callbacks.manager
File "/var/lib/openstack/lib/python3.10/site-packages/ovsdbapp/backend/ovs_idl/idlutils.py", line 114, in row_by_value
2026-07-02 06:16:32.021 10 ERROR neutron_lib.callbacks.manager raise RowNotFound(table=table, col=column, match=match)
2026-07-02 06:16:32.021 10 ERROR neutron_lib.callbacks.manager ovsdbapp.backend.ovs_idl.idlutils.RowNotFound: Cannot find Logical_Router_Port with name=lrp-a9770fbf-e412-4780-b1e9-4b59417be4bc
2026-07-02 06:16:32.021 10 ERROR neutron_lib.callbacks.manager 
2026-07-02 06:16:32.175 10 INFO neutron.db.ovn_revision_numbers_db [None req-8be409e1-ddfb-485a-ac3b-a79697bc5ac5 d76d727f0982434a981787f1f102e8d9 d0459e9ac28f4b70b46d1ea36527355b - - default default] Successfully bumped revision number for resource a9770fbf-e412-4780-b1e9-4b59417be4bc (type: router_ports) to 1
2026-07-02 06:16:32.181 10 INFO neutron.wsgi [None req-8be409e1-ddfb-485a-ac3b-a79697bc5ac5 d76d727f0982434a981787f1f102e8d9 d0459e9ac28f4b70b46d1ea36527355b - - default default] 10.0.0.183 "PUT /v2.0/routers/5acacec3-48ba-40f6-9c53-4d79ce48a6fa/add_router_interface HTTP/1.1" status: 200 len: 503 time: 2.8549573
2026-07-02 06:16:32.617 10 WARNING neutron_lib.context [None req-764290c3-e805-4e03-9432-184f094fa027 98190ac2c7774e23a707eb8ddc23f9df eb0455b0c7f04705a9753965773aa64d - - default default] Method 'is_advsvc' is deprecated since 2023.2 release (neutron-lib 3.8.0) and will be removed once support for the old RBAC API policies will be removed from Neutron. Please use method 'is_service_role' instead.
2026-07-02 06:16:32.764 10 INFO neutron.db.ovn_revision_numbers_db [None req-764290c3-e805-4e03-9432-184f094fa027 98190ac2c7774e23a707eb8ddc23f9df eb0455b0c7f04705a9753965773aa64d - - default default] Successfully bumped revision number for resource 6a0d68df-59da-4168-93aa-3dced486939f (type: security_groups) to 1
2026-07-02 06:16:32.782 10 INFO neutron.db.ovn_revision_numbers_db [None req-764290c3-e805-4e03-9432-184f094fa027 98190ac2c7774e23a707eb8ddc23f9df eb0455b0c7f04705a9753965773aa64d - - default default] Successfully bumped revision number for resource 67236889-f5e2-4547-ac2d-8642d83e4b2b (type: security_group_rules) to 0
2026-07-02 06:16:32.803 10 INFO neutron.db.ovn_revision_numbers_db [None req-764290c3-e805-4e03-9432-184f094fa027 98190ac2c7774e23a707eb8ddc23f9df eb0455b0c7f04705a9753965773aa64d - - default default] Successfully bumped revision number for resource 6bd7295a-ae86-4a3a-bf7b-30fa8bb54e92 (type: security_group_rules) to 0
2026-07-02 06:16:32.817 10 INFO neutron.db.ovn_revision_numbers_db [None req-764290c3-e805-4e03-9432-184f094fa027 98190ac2c7774e23a707eb8ddc23f9df eb0455b0c7f04705a9753965773aa64d - - default default] Successfully bumped revision number for resource f2a0f633-3206-4d4f-8efa-a46ca226a91c (type: security_group_rules) to 0
2026-07-02 06:16:32.828 10 INFO neutron.db.ovn_revision_numbers_db [None req-764290c3-e805-4e03-9432-184f094fa027 98190ac2c7774e23a707eb8ddc23f9df eb0455b0c7f04705a9753965773aa64d - - default default] Successfully bumped revision number for resource fe8434df-7510-4272-a997-21792fd32524 (type: security_group_rules) to 0
2026-07-02 06:16:32.921 10 INFO neutron.db.ovn_revision_numbers_db [None req-764290c3-e805-4e03-9432-184f094fa027 98190ac2c7774e23a707eb8ddc23f9df eb0455b0c7f04705a9753965773aa64d - - default default] Successfully bumped revision number for resource 0a1c0c60-0556-4414-b143-fc5ab20352d0 (type: security_groups) to 1
2026-07-02 06:16:32.939 10 INFO neutron.db.ovn_revision_numbers_db [None req-764290c3-e805-4e03-9432-184f094fa027 98190ac2c7774e23a707eb8ddc23f9df eb0455b0c7f04705a9753965773aa64d - - default default] Successfully bumped revision number for resource 020ba419-92ca-4a84-9a5e-81866fe40777 (type: security_group_rules) to 0
2026-07-02 06:16:32.954 10 INFO neutron.db.ovn_revision_numbers_db [None req-764290c3-e805-4e03-9432-184f094fa027 98190ac2c7774e23a707eb8ddc23f9df eb0455b0c7f04705a9753965773aa64d - - default default] Successfully bumped revision number for resource 087c574e-3a6e-4704-b132-fad6cd4372ad (type: security_group_rules) to 0
2026-07-02 06:16:32.984 10 INFO neutron.wsgi [None req-764290c3-e805-4e03-9432-184f094fa027 98190ac2c7774e23a707eb8ddc23f9df eb0455b0c7f04705a9753965773aa64d - - default default] 10.0.0.183 "POST /v2.0/security-groups HTTP/1.1" status: 201 len: 1825 time: 0.5234268
2026-07-02 06:16:33.044 10 INFO neutron.wsgi [None req-efe0f828-6aca-40c0-8694-59d5da84e3e0 98190ac2c7774e23a707eb8ddc23f9df eb0455b0c7f04705a9753965773aa64d - - default default] 10.0.0.183 "GET /v2.0/security-groups HTTP/1.1" status: 200 len: 4725 time: 0.0549846
2026-07-02 06:16:33.149 10 INFO neutron.wsgi [req-11be0a62-2bda-4fc1-84d4-2585029fb86a req-86d5d018-21af-4e32-9234-19ba1ddb8110 d0320a1c231e4646b8ee78d8dbda8daa b342be8709934eef80ead16dc4a604ea - - default default] 10.0.0.195 "GET /v2.0/networks?id=aa4777ad-2b52-46a2-9771-32a2d3ef9027 HTTP/1.1" status: 200 len: 876 time: 0.0693693
2026-07-02 06:16:33.163 10 INFO neutron.db.ovn_revision_numbers_db [None req-cbb9b643-ede9-47db-bae3-035d7191ae84 98190ac2c7774e23a707eb8ddc23f9df eb0455b0c7f04705a9753965773aa64d - - default default] Successfully bumped revision number for resource 0a1c0c60-0556-4414-b143-fc5ab20352d0 (type: security_groups) to 2
2026-07-02 06:16:33.166 10 INFO neutron.wsgi [None req-cbb9b643-ede9-47db-bae3-035d7191ae84 98190ac2c7774e23a707eb8ddc23f9df eb0455b0c7f04705a9753965773aa64d - - default default] 10.0.0.183 "PUT /v2.0/security-groups/0a1c0c60-0556-4414-b143-fc5ab20352d0 HTTP/1.1" status: 200 len: 1857 time: 0.1155753
2026-07-02 06:16:33.171 10 INFO neutron.wsgi [req-11be0a62-2bda-4fc1-84d4-2585029fb86a req-7925d2ef-a500-44af-8e08-d0524ded77a3 d0320a1c231e4646b8ee78d8dbda8daa b342be8709934eef80ead16dc4a604ea - - default default] 10.0.0.195 "GET /v2.0/quotas/b342be8709934eef80ead16dc4a604ea HTTP/1.1" status: 200 len: 491 time: 0.0146334
2026-07-02 06:16:33.211 10 INFO neutron.wsgi [None req-096e5419-d204-40c1-99c5-f0be7726506c 98190ac2c7774e23a707eb8ddc23f9df eb0455b0c7f04705a9753965773aa64d - - default default] 10.0.0.183 "GET /v2.0/security-groups/0a1c0c60-0556-4414-b143-fc5ab20352d0 HTTP/1.1" status: 200 len: 1857 time: 0.0383115
2026-07-02 06:16:33.269 10 INFO neutron.wsgi [req-11be0a62-2bda-4fc1-84d4-2585029fb86a req-7866fda2-16bb-43a2-857d-961eabdd7d7c d0320a1c231e4646b8ee78d8dbda8daa b342be8709934eef80ead16dc4a604ea - - default default] 10.0.0.195 "GET /v2.0/ports?tenant_id=b342be8709934eef80ead16dc4a604ea&fields=id HTTP/1.1" status: 200 len: 302 time: 0.0903809
2026-07-02 06:16:33.328 9 INFO neutron.wsgi [None req-b24aa3ac-e321-4d69-b23e-66b4704e1800 98190ac2c7774e23a707eb8ddc23f9df eb0455b0c7f04705a9753965773aa64d - - default default] 10.0.0.183 "DELETE /v2.0/security-groups/0a1c0c60-0556-4414-b143-fc5ab20352d0 HTTP/1.1" status: 204 len: 168 time: 0.1114440
2026-07-02 06:16:33.334 10 INFO neutron.wsgi [req-11be0a62-2bda-4fc1-84d4-2585029fb86a req-e1487670-cc72-494a-90e7-e28b30a3ff03 b622ab4571e44e8384e1cca29e6b8500 a0663b1f2d3e4bfca5f61877b3730974 - - 1a81c6fec90b48cbaf890ff682313246 1a81c6fec90b48cbaf890ff682313246] 10.0.0.195 "GET /v2.0/networks/aa4777ad-2b52-46a2-9771-32a2d3ef9027?fields=segments HTTP/1.1" status: 200 len: 212 time: 0.0571580
2026-07-02 06:16:33.373 9 INFO neutron.wsgi [None req-54660ee6-6282-4417-a5ec-bbcfbb0bd879 98190ac2c7774e23a707eb8ddc23f9df eb0455b0c7f04705a9753965773aa64d - - default default] 10.0.0.183 "GET /v2.0/security-groups HTTP/1.1" status: 200 len: 3120 time: 0.0400352
2026-07-02 06:16:33.389 9 INFO neutron.api.v2.resource [None req-85fa3623-457f-430a-a42b-44c129f02c40 98190ac2c7774e23a707eb8ddc23f9df eb0455b0c7f04705a9753965773aa64d - - default default] delete failed (client error): The resource could not be found.
2026-07-02 06:16:33.390 9 INFO neutron.wsgi [None req-85fa3623-457f-430a-a42b-44c129f02c40 98190ac2c7774e23a707eb8ddc23f9df eb0455b0c7f04705a9753965773aa64d - - default default] 10.0.0.183 "DELETE /v2.0/security-groups/0a1c0c60-0556-4414-b143-fc5ab20352d0 HTTP/1.1" status: 404 len: 347 time: 0.0121982
2026-07-02 06:16:33.398 10 INFO neutron.wsgi [req-11be0a62-2bda-4fc1-84d4-2585029fb86a req-beef9675-1944-489f-a88d-1c3dd306b5b3 b622ab4571e44e8384e1cca29e6b8500 a0663b1f2d3e4bfca5f61877b3730974 - - 1a81c6fec90b48cbaf890ff682313246 1a81c6fec90b48cbaf890ff682313246] 10.0.0.195 "GET /v2.0/networks/aa4777ad-2b52-46a2-9771-32a2d3ef9027?fields=provider%3Aphysical_network&fields=provider%3Anetwork_type HTTP/1.1" status: 200 len: 277 time: 0.0552769
2026-07-02 06:16:33.401 9 WARNING neutron_lib.context [None req-8dea5009-b76a-44d9-a805-26975bce912e 98190ac2c7774e23a707eb8ddc23f9df eb0455b0c7f04705a9753965773aa64d - - default default] Method 'is_advsvc' is deprecated since 2023.2 release (neutron-lib 3.8.0) and will be removed once support for the old RBAC API policies will be removed from Neutron. Please use method 'is_service_role' instead.
2026-07-02 06:16:33.515 9 INFO neutron.db.ovn_revision_numbers_db [None req-8dea5009-b76a-44d9-a805-26975bce912e 98190ac2c7774e23a707eb8ddc23f9df eb0455b0c7f04705a9753965773aa64d - - default default] Successfully bumped revision number for resource 1f6af295-be46-4810-90e2-6447fed13692 (type: security_groups) to 1
2026-07-02 06:16:33.525 10 INFO neutron.wsgi [req-b7916d81-189e-4eb0-878f-27a9a9947dd3 req-1e14d53c-2251-4e83-b34c-7218e6a2cf14 d0320a1c231e4646b8ee78d8dbda8daa b342be8709934eef80ead16dc4a604ea - - default default] 10.0.0.195 "GET /v2.0/ports?device_id=4c7ec471-6ef1-4638-b52d-c76e7cb49602 HTTP/1.1" status: 200 len: 210 time: 0.0229645
2026-07-02 06:16:33.526 9 INFO neutron.db.ovn_revision_numbers_db [None req-8dea5009-b76a-44d9-a805-26975bce912e 98190ac2c7774e23a707eb8ddc23f9df eb0455b0c7f04705a9753965773aa64d - - default default] Successfully bumped revision number for resource 9134cc45-6ac0-4bb9-863b-d9fff39c8829 (type: security_group_rules) to 0
2026-07-02 06:16:33.538 9 INFO neutron.db.ovn_revision_numbers_db [None req-8dea5009-b76a-44d9-a805-26975bce912e 98190ac2c7774e23a707eb8ddc23f9df eb0455b0c7f04705a9753965773aa64d - - default default] Successfully bumped revision number for resource ddd68db4-343d-4ec7-8e11-0236aa94ff8c (type: security_group_rules) to 0
2026-07-02 06:16:33.554 9 INFO neutron.wsgi [None req-8dea5009-b76a-44d9-a805-26975bce912e 98190ac2c7774e23a707eb8ddc23f9df eb0455b0c7f04705a9753965773aa64d - - default default] 10.0.0.183 "POST /v2.0/security-groups HTTP/1.1" status: 201 len: 1825 time: 0.1588414
2026-07-02 06:16:33.568 10 WARNING neutron_lib.context [None req-33a97f7f-1aa2-4cc1-91c2-32791f43fce7 98190ac2c7774e23a707eb8ddc23f9df eb0455b0c7f04705a9753965773aa64d - - default default] Method 'is_advsvc' is deprecated since 2023.2 release (neutron-lib 3.8.0) and will be removed once support for the old RBAC API policies will be removed from Neutron. Please use method 'is_service_role' instead.
2026-07-02 06:16:33.697 10 INFO neutron.db.ovn_revision_numbers_db [None req-33a97f7f-1aa2-4cc1-91c2-32791f43fce7 98190ac2c7774e23a707eb8ddc23f9df eb0455b0c7f04705a9753965773aa64d - - default default] Successfully bumped revision number for resource c92bc616-ae9f-4db2-946b-3efa3ca258d1 (type: security_group_rules) to 0
2026-07-02 06:16:33.730 10 INFO neutron.wsgi [None req-33a97f7f-1aa2-4cc1-91c2-32791f43fce7 98190ac2c7774e23a707eb8ddc23f9df eb0455b0c7f04705a9753965773aa64d - - default default] 10.0.0.183 "POST /v2.0/security-group-rules HTTP/1.1" status: 201 len: 800 time: 0.1697319
2026-07-02 06:16:33.773 9 INFO neutron.wsgi [None req-d2c8d184-f06c-4f19-9c12-4077ac5423d6 98190ac2c7774e23a707eb8ddc23f9df eb0455b0c7f04705a9753965773aa64d - - default default] 10.0.0.183 "GET /v2.0/security-group-rules/c92bc616-ae9f-4db2-946b-3efa3ca258d1 HTTP/1.1" status: 200 len: 795 time: 0.0376711
2026-07-02 06:16:33.858 9 INFO neutron.wsgi [None req-2d0ebf3a-8f3b-4a91-aab2-632cd782660a 98190ac2c7774e23a707eb8ddc23f9df eb0455b0c7f04705a9753965773aa64d - - default default] 10.0.0.183 "GET /v2.0/security-group-rules HTTP/1.1" status: 200 len: 4333 time: 0.0811110
2026-07-02 06:16:33.981 9 INFO neutron.wsgi [None req-f6c2305a-23de-4be2-a95a-f6526b25ab61 98190ac2c7774e23a707eb8ddc23f9df eb0455b0c7f04705a9753965773aa64d - - default default] 10.0.0.183 "DELETE /v2.0/security-group-rules/c92bc616-ae9f-4db2-946b-3efa3ca258d1 HTTP/1.1" status: 204 len: 168 time: 0.1178596
2026-07-02 06:16:34.049 9 INFO neutron.wsgi [None req-4527aeb4-20a0-4e4a-b380-7bc0c62b2910 98190ac2c7774e23a707eb8ddc23f9df eb0455b0c7f04705a9753965773aa64d - - default default] 10.0.0.183 "GET /v2.0/security-group-rules HTTP/1.1" status: 200 len: 3755 time: 0.0637534
2026-07-02 06:16:34.061 9 WARNING neutron_lib.context [None req-3b08b56d-b012-4ce7-b906-81c15402131e 98190ac2c7774e23a707eb8ddc23f9df eb0455b0c7f04705a9753965773aa64d - - default default] Method 'is_advsvc' is deprecated since 2023.2 release (neutron-lib 3.8.0) and will be removed once support for the old RBAC API policies will be removed from Neutron. Please use method 'is_service_role' instead.
2026-07-02 06:16:34.198 9 INFO neutron.db.ovn_revision_numbers_db [None req-3b08b56d-b012-4ce7-b906-81c15402131e 98190ac2c7774e23a707eb8ddc23f9df eb0455b0c7f04705a9753965773aa64d - - default default] Successfully bumped revision number for resource 26df22f6-7f3a-4d70-9cf9-51944e7f0deb (type: security_group_rules) to 0
2026-07-02 06:16:34.248 9 INFO neutron.wsgi [None req-3b08b56d-b012-4ce7-b906-81c15402131e 98190ac2c7774e23a707eb8ddc23f9df eb0455b0c7f04705a9753965773aa64d - - default default] 10.0.0.183 "POST /v2.0/security-group-rules HTTP/1.1" status: 201 len: 800 time: 0.1937928
2026-07-02 06:16:34.266 9 INFO neutron.wsgi [req-11be0a62-2bda-4fc1-84d4-2585029fb86a req-9a4acb28-ab8a-481c-a0c5-5daf2cb430a0 d0320a1c231e4646b8ee78d8dbda8daa b342be8709934eef80ead16dc4a604ea - - default default] 199.204.45.57 "GET /v2.0/networks?id=aa4777ad-2b52-46a2-9771-32a2d3ef9027 HTTP/1.1" status: 200 len: 876 time: 0.0758321
2026-07-02 06:16:34.279 9 WARNING neutron_lib.context [req-11be0a62-2bda-4fc1-84d4-2585029fb86a req-c18ace53-05c5-446f-b0c8-b893e8ac4d7a d0320a1c231e4646b8ee78d8dbda8daa b342be8709934eef80ead16dc4a604ea - - default default] Method 'is_advsvc' is deprecated since 2023.2 release (neutron-lib 3.8.0) and will be removed once support for the old RBAC API policies will be removed from Neutron. Please use method 'is_service_role' instead.
2026-07-02 06:16:34.279 10 INFO neutron.wsgi [None req-af24b134-c4a4-4c70-9118-56fec367cb5d 98190ac2c7774e23a707eb8ddc23f9df eb0455b0c7f04705a9753965773aa64d - - default default] 10.0.0.183 "GET /v2.0/security-group-rules/26df22f6-7f3a-4d70-9cf9-51944e7f0deb HTTP/1.1" status: 200 len: 795 time: 0.0255277
2026-07-02 06:16:34.367 10 INFO neutron.wsgi [None req-d3de2618-5fa0-4e09-8a31-f6691d523046 98190ac2c7774e23a707eb8ddc23f9df eb0455b0c7f04705a9753965773aa64d - - default default] 10.0.0.183 "GET /v2.0/security-group-rules HTTP/1.1" status: 200 len: 4333 time: 0.0840657
2026-07-02 06:16:34.486 10 INFO neutron.wsgi [None req-2aea62d1-8a57-4cd2-8eb9-ecb1edc7d0c7 98190ac2c7774e23a707eb8ddc23f9df eb0455b0c7f04705a9753965773aa64d - - default default] 10.0.0.183 "DELETE /v2.0/security-group-rules/26df22f6-7f3a-4d70-9cf9-51944e7f0deb HTTP/1.1" status: 204 len: 168 time: 0.1136761
2026-07-02 06:16:34.557 10 INFO neutron.wsgi [None req-19f85051-a05a-4646-9efd-e80e6e2c6aca 98190ac2c7774e23a707eb8ddc23f9df eb0455b0c7f04705a9753965773aa64d - - default default] 10.0.0.183 "GET /v2.0/security-group-rules HTTP/1.1" status: 200 len: 3755 time: 0.0668218
2026-07-02 06:16:34.567 10 WARNING neutron_lib.context [None req-d7c72582-f2d4-4d47-9eb4-2e5989ccd8b6 98190ac2c7774e23a707eb8ddc23f9df eb0455b0c7f04705a9753965773aa64d - - default default] Method 'is_advsvc' is deprecated since 2023.2 release (neutron-lib 3.8.0) and will be removed once support for the old RBAC API policies will be removed from Neutron. Please use method 'is_service_role' instead.
2026-07-02 06:16:34.611 10 INFO neutron.wsgi [req-d5d08d28-2d91-43fe-9bde-662e098bcbfc req-87849f76-8933-490f-be1f-d676ed44d6b9 d0320a1c231e4646b8ee78d8dbda8daa b342be8709934eef80ead16dc4a604ea - - default default] 10.0.0.195 "GET /v2.0/ports?device_id=4c7ec471-6ef1-4638-b52d-c76e7cb49602 HTTP/1.1" status: 200 len: 210 time: 0.0187018
2026-07-02 06:16:34.612 10 INFO neutron.db.securitygroups_db [None req-d7c72582-f2d4-4d47-9eb4-2e5989ccd8b6 98190ac2c7774e23a707eb8ddc23f9df eb0455b0c7f04705a9753965773aa64d - - default default] Project eb0455b0c7f04705a9753965773aa64d added a security group rule with legacy IPv6 ICMP protocol name icmp, ipv6-icmp should be used instead. It was automatically converted.
2026-07-02 06:16:34.634 9 WARNING neutron.scheduler.dhcp_agent_scheduler [req-11be0a62-2bda-4fc1-84d4-2585029fb86a req-c18ace53-05c5-446f-b0c8-b893e8ac4d7a d0320a1c231e4646b8ee78d8dbda8daa b342be8709934eef80ead16dc4a604ea - - default default] No more DHCP agents
2026-07-02 06:16:34.636 9 WARNING neutron.api.rpc.agentnotifiers.dhcp_rpc_agent_api [req-11be0a62-2bda-4fc1-84d4-2585029fb86a req-c18ace53-05c5-446f-b0c8-b893e8ac4d7a d0320a1c231e4646b8ee78d8dbda8daa b342be8709934eef80ead16dc4a604ea - - default default] Unable to schedule network aa4777ad-2b52-46a2-9771-32a2d3ef9027: no agents available; will retry on subsequent port and subnet creation events.
2026-07-02 06:16:34.697 10 INFO neutron.db.ovn_revision_numbers_db [None req-d7c72582-f2d4-4d47-9eb4-2e5989ccd8b6 98190ac2c7774e23a707eb8ddc23f9df eb0455b0c7f04705a9753965773aa64d - - default default] Successfully bumped revision number for resource a0419b5a-31d7-42f5-a0bb-d0c95c352f0d (type: security_group_rules) to 0
2026-07-02 06:16:34.731 10 INFO neutron.wsgi [None req-d7c72582-f2d4-4d47-9eb4-2e5989ccd8b6 98190ac2c7774e23a707eb8ddc23f9df eb0455b0c7f04705a9753965773aa64d - - default default] 10.0.0.183 "POST /v2.0/security-group-rules HTTP/1.1" status: 201 len: 806 time: 0.1692960 /var/lib/openstack/lib/python3.10/site-packages/pycadf/identifier.py:71: UserWarning: Invalid uuid: neutron. To ensure interoperability, identifiers should be a valid uuid. warnings.warn(('Invalid uuid: %s. To ensure interoperability, '
2026-07-02 06:16:34.783 9 INFO neutron.wsgi [None req-a10843de-bb8b-4fcd-8367-bd7efc4dcc4d 98190ac2c7774e23a707eb8ddc23f9df eb0455b0c7f04705a9753965773aa64d - - default default] 10.0.0.183 "GET /v2.0/security-group-rules/a0419b5a-31d7-42f5-a0bb-d0c95c352f0d HTTP/1.1" status: 200 len: 801 time: 0.0463293
2026-07-02 06:16:34.848 9 INFO neutron.db.ovn_revision_numbers_db [req-11be0a62-2bda-4fc1-84d4-2585029fb86a req-c18ace53-05c5-446f-b0c8-b893e8ac4d7a d0320a1c231e4646b8ee78d8dbda8daa b342be8709934eef80ead16dc4a604ea - - default default] Successfully bumped revision number for resource f0426f34-4a5b-4ade-b96a-3fbdd7cc268d (type: ports) to 1
2026-07-02 06:16:34.865 10 INFO neutron.wsgi [None req-9aae9495-f229-40cd-bd88-ed2b5fb8670d 98190ac2c7774e23a707eb8ddc23f9df eb0455b0c7f04705a9753965773aa64d - - default default] 10.0.0.183 "GET /v2.0/security-group-rules HTTP/1.1" status: 200 len: 4339 time: 0.0763998
2026-07-02 06:16:34.879 9 INFO neutron.wsgi [req-11be0a62-2bda-4fc1-84d4-2585029fb86a req-c18ace53-05c5-446f-b0c8-b893e8ac4d7a d0320a1c231e4646b8ee78d8dbda8daa b342be8709934eef80ead16dc4a604ea - - default default] 199.204.45.57 "POST /v2.0/ports HTTP/1.1" status: 201 len: 1162 time: 0.6065707
2026-07-02 06:16:35.034 9 INFO neutron.wsgi [None req-69741798-87b0-4014-a74b-a36ba95040db 98190ac2c7774e23a707eb8ddc23f9df eb0455b0c7f04705a9753965773aa64d - - default default] 10.0.0.183 "DELETE /v2.0/security-group-rules/a0419b5a-31d7-42f5-a0bb-d0c95c352f0d HTTP/1.1" status: 204 len: 168 time: 0.1649840
2026-07-02 06:16:35.099 10 INFO neutron.wsgi [None req-7157c832-e7ea-4618-a01b-8fa0dba3689d 98190ac2c7774e23a707eb8ddc23f9df eb0455b0c7f04705a9753965773aa64d - - default default] 10.0.0.183 "GET /v2.0/security-group-rules HTTP/1.1" status: 200 len: 3755 time: 0.0595970
2026-07-02 06:16:35.227 10 INFO neutron.wsgi [None req-4f3c40bb-c2af-4998-917b-503b80003ece 98190ac2c7774e23a707eb8ddc23f9df eb0455b0c7f04705a9753965773aa64d - - default default] 10.0.0.183 "DELETE /v2.0/security-groups/1f6af295-be46-4810-90e2-6447fed13692 HTTP/1.1" status: 204 len: 168 time: 0.1224139
2026-07-02 06:16:35.280 10 INFO neutron.wsgi [None req-6088f8fe-403a-4b75-83a2-904acc2ef27b 98190ac2c7774e23a707eb8ddc23f9df eb0455b0c7f04705a9753965773aa64d - - default default] 10.0.0.183 "GET /v2.0/security-groups HTTP/1.1" status: 200 len: 3120 time: 0.0471323
2026-07-02 06:16:35.315 9 INFO neutron.db.ovn_revision_numbers_db [req-11be0a62-2bda-4fc1-84d4-2585029fb86a req-d42c7379-71a1-45d9-a789-d6f29bb08fe9 b622ab4571e44e8384e1cca29e6b8500 a0663b1f2d3e4bfca5f61877b3730974 - - 1a81c6fec90b48cbaf890ff682313246 1a81c6fec90b48cbaf890ff682313246] Successfully bumped revision number for resource f0426f34-4a5b-4ade-b96a-3fbdd7cc268d (type: ports) to 2
2026-07-02 06:16:35.329 10 INFO neutron.wsgi [None req-67fdb826-e0dd-400c-ae0e-7c339e61b321 98190ac2c7774e23a707eb8ddc23f9df eb0455b0c7f04705a9753965773aa64d - - default default] 10.0.0.183 "GET /v2.0/security-groups HTTP/1.1" status: 200 len: 3120 time: 0.0415709
2026-07-02 06:16:35.533 9 INFO neutron.db.ovn_revision_numbers_db [req-11be0a62-2bda-4fc1-84d4-2585029fb86a req-d42c7379-71a1-45d9-a789-d6f29bb08fe9 b622ab4571e44e8384e1cca29e6b8500 a0663b1f2d3e4bfca5f61877b3730974 - - 1a81c6fec90b48cbaf890ff682313246 1a81c6fec90b48cbaf890ff682313246] Successfully bumped revision number for resource f0426f34-4a5b-4ade-b96a-3fbdd7cc268d (type: ports) to 2
2026-07-02 06:16:35.554 9 INFO neutron.wsgi [req-11be0a62-2bda-4fc1-84d4-2585029fb86a req-d42c7379-71a1-45d9-a789-d6f29bb08fe9 b622ab4571e44e8384e1cca29e6b8500 a0663b1f2d3e4bfca5f61877b3730974 - - 1a81c6fec90b48cbaf890ff682313246 1a81c6fec90b48cbaf890ff682313246] 199.204.45.57 "PUT /v2.0/ports/f0426f34-4a5b-4ade-b96a-3fbdd7cc268d HTTP/1.1" status: 200 len: 1380 time: 0.6674883 /var/lib/openstack/lib/python3.10/site-packages/pycadf/identifier.py:71: UserWarning: Invalid uuid: neutron. To ensure interoperability, identifiers should be a valid uuid. warnings.warn(('Invalid uuid: %s. To ensure interoperability, '
2026-07-02 06:16:35.589 9 INFO neutron.notifiers.nova [-] Nova event matching ['req-21bd370a-2a4e-42ee-a1e3-3b0a074a57a8'] response: {'name': 'network-changed', 'server_uuid': '4c7ec471-6ef1-4638-b52d-c76e7cb49602', 'tag': 'f0426f34-4a5b-4ade-b96a-3fbdd7cc268d', 'status': 'completed', 'code': 200}
2026-07-02 06:16:35.618 9 INFO neutron.wsgi [req-b3c0d826-e5bd-4a6d-82b7-477513f85cb2 req-612947a3-216d-47b5-b06e-1cacfb1a229b b622ab4571e44e8384e1cca29e6b8500 a0663b1f2d3e4bfca5f61877b3730974 - - 1a81c6fec90b48cbaf890ff682313246 1a81c6fec90b48cbaf890ff682313246] 10.0.0.11 "GET /v2.0/ports?device_id=3f80cb9e-8582-4ca6-bbea-8660015e2ca9 HTTP/1.1" status: 200 len: 1409 time: 0.0578685
2026-07-02 06:16:35.637 9 INFO neutron.wsgi [req-11be0a62-2bda-4fc1-84d4-2585029fb86a req-90cad77e-effa-4a05-b8a3-b37aa5844a7c b622ab4571e44e8384e1cca29e6b8500 a0663b1f2d3e4bfca5f61877b3730974 - - 1a81c6fec90b48cbaf890ff682313246 1a81c6fec90b48cbaf890ff682313246] 199.204.45.57 "GET /v2.0/ports?tenant_id=b342be8709934eef80ead16dc4a604ea&device_id=4c7ec471-6ef1-4638-b52d-c76e7cb49602 HTTP/1.1" status: 200 len: 1411 time: 0.0436049
2026-07-02 06:16:35.691 9 INFO neutron.wsgi [req-11be0a62-2bda-4fc1-84d4-2585029fb86a req-236c3d8b-55b5-469f-b266-1f1281b32ba4 b622ab4571e44e8384e1cca29e6b8500 a0663b1f2d3e4bfca5f61877b3730974 - - 1a81c6fec90b48cbaf890ff682313246 1a81c6fec90b48cbaf890ff682313246] 199.204.45.57 "GET /v2.0/floatingips?fixed_ip_address=10.100.0.10&port_id=f0426f34-4a5b-4ade-b96a-3fbdd7cc268d HTTP/1.1" status: 200 len: 217 time: 0.0453160
2026-07-02 06:16:35.728 10 INFO neutron.wsgi [req-4cfd3672-4fcc-49b8-86ae-f2c6793b6028 req-d91aeebb-61ba-4d50-b764-6ae6c64b2aef d0320a1c231e4646b8ee78d8dbda8daa b342be8709934eef80ead16dc4a604ea - - default default] 10.0.0.195 "GET /v2.0/ports?device_id=4c7ec471-6ef1-4638-b52d-c76e7cb49602 HTTP/1.1" status: 200 len: 1172 time: 0.0542827
2026-07-02 06:16:35.734 9 INFO neutron.wsgi [req-b3c0d826-e5bd-4a6d-82b7-477513f85cb2 req-e38b5a47-b60d-4e76-beec-857110db8046 b622ab4571e44e8384e1cca29e6b8500 a0663b1f2d3e4bfca5f61877b3730974 - - 1a81c6fec90b48cbaf890ff682313246 1a81c6fec90b48cbaf890ff682313246] 10.0.0.11 "GET /v2.0/security-groups?id=0c1a36d1-3700-4a81-bf5e-6bff17dee6c8&fields=id&fields=name HTTP/1.1" status: 200 len: 312 time: 0.1078448
2026-07-02 06:16:35.740 9 INFO neutron.wsgi [req-11be0a62-2bda-4fc1-84d4-2585029fb86a req-2668c18c-8106-4a0c-bd41-92d4853549d5 b622ab4571e44e8384e1cca29e6b8500 a0663b1f2d3e4bfca5f61877b3730974 - - 1a81c6fec90b48cbaf890ff682313246 1a81c6fec90b48cbaf890ff682313246] 199.204.45.57 "GET /v2.0/subnets?id=00b75776-f3a5-4f62-9e57-2a203bc21973 HTTP/1.1" status: 200 len: 870 time: 0.0441692
2026-07-02 06:16:35.769 9 INFO neutron.wsgi [req-11be0a62-2bda-4fc1-84d4-2585029fb86a req-e3c84cf5-b061-42fd-8208-3a52850461cc b622ab4571e44e8384e1cca29e6b8500 a0663b1f2d3e4bfca5f61877b3730974 - - 1a81c6fec90b48cbaf890ff682313246 1a81c6fec90b48cbaf890ff682313246] 199.204.45.57 "GET /v2.0/ports?network_id=aa4777ad-2b52-46a2-9771-32a2d3ef9027&device_owner=network%3Adhcp HTTP/1.1" status: 200 len: 210 time: 0.0200646
2026-07-02 06:16:35.794 10 INFO neutron.wsgi [req-4cfd3672-4fcc-49b8-86ae-f2c6793b6028 req-15197fa1-a804-4d05-a05a-7ed45daa4d64 d0320a1c231e4646b8ee78d8dbda8daa b342be8709934eef80ead16dc4a604ea - - default default] 10.0.0.195 "GET /v2.0/security-groups?id=17aaebec-2810-401d-8ecf-d6ee83ce1664&fields=id&fields=name HTTP/1.1" status: 200 len: 286 time: 0.0582755
2026-07-02 06:16:35.847 9 INFO neutron.wsgi [req-11be0a62-2bda-4fc1-84d4-2585029fb86a req-221fea61-b81e-4169-88f3-d8fef30535e8 b622ab4571e44e8384e1cca29e6b8500 a0663b1f2d3e4bfca5f61877b3730974 - - 1a81c6fec90b48cbaf890ff682313246 1a81c6fec90b48cbaf890ff682313246] 199.204.45.57 "GET /v2.0/networks/aa4777ad-2b52-46a2-9771-32a2d3ef9027?fields=segments HTTP/1.1" status: 200 len: 212 time: 0.0727391
2026-07-02 06:16:35.911 9 INFO neutron.wsgi [req-11be0a62-2bda-4fc1-84d4-2585029fb86a req-6c1dd5ee-45f4-43b3-9c67-bfd20a6aeda7 b622ab4571e44e8384e1cca29e6b8500 a0663b1f2d3e4bfca5f61877b3730974 - - 1a81c6fec90b48cbaf890ff682313246 1a81c6fec90b48cbaf890ff682313246] 199.204.45.57 "GET /v2.0/networks/aa4777ad-2b52-46a2-9771-32a2d3ef9027?fields=provider%3Aphysical_network&fields=provider%3Anetwork_type HTTP/1.1" status: 200 len: 277 time: 0.0558825
2026-07-02 06:16:35.988 9 INFO neutron.wsgi [req-5973a24f-90d4-4f73-9d43-594ee0c1e4b2 req-cba46240-cd77-4c41-a4ec-b80e44f3e404 b622ab4571e44e8384e1cca29e6b8500 a0663b1f2d3e4bfca5f61877b3730974 - - 1a81c6fec90b48cbaf890ff682313246 1a81c6fec90b48cbaf890ff682313246] 199.204.45.57 "GET /v2.0/ports?tenant_id=b342be8709934eef80ead16dc4a604ea&device_id=4c7ec471-6ef1-4638-b52d-c76e7cb49602 HTTP/1.1" status: 200 len: 1411 time: 0.0359125
2026-07-02 06:16:35.999 10 INFO neutron.wsgi [None req-839b8dd4-33bd-40b0-b98c-714d305cce9f d76d727f0982434a981787f1f102e8d9 d0459e9ac28f4b70b46d1ea36527355b - - default default] 10.0.0.183 "GET /v2.0/security-groups?tenant_id=eb0455b0c7f04705a9753965773aa64d&name=default HTTP/1.1" status: 200 len: 3120 time: 0.1210527
2026-07-02 06:16:36.058 9 INFO neutron.wsgi [req-5973a24f-90d4-4f73-9d43-594ee0c1e4b2 req-16e9ff95-8ea9-493d-ab7c-dd486bd1e838 b622ab4571e44e8384e1cca29e6b8500 a0663b1f2d3e4bfca5f61877b3730974 - - 1a81c6fec90b48cbaf890ff682313246 1a81c6fec90b48cbaf890ff682313246] 199.204.45.57 "GET /v2.0/networks?id=aa4777ad-2b52-46a2-9771-32a2d3ef9027 HTTP/1.1" status: 200 len: 975 time: 0.0627158
2026-07-02 06:16:36.093 9 INFO neutron.wsgi [req-5973a24f-90d4-4f73-9d43-594ee0c1e4b2 req-09e62e6b-be33-4fc4-b3cb-00e0dba608c1 b622ab4571e44e8384e1cca29e6b8500 a0663b1f2d3e4bfca5f61877b3730974 - - 1a81c6fec90b48cbaf890ff682313246 1a81c6fec90b48cbaf890ff682313246] 199.204.45.57 "GET /v2.0/floatingips?fixed_ip_address=10.100.0.10&port_id=f0426f34-4a5b-4ade-b96a-3fbdd7cc268d HTTP/1.1" status: 200 len: 217 time: 0.0246820
2026-07-02 06:16:36.108 9 INFO neutron.plugins.ml2.drivers.ovn.mech_driver.mech_driver [None req-3af5761c-a03c-4acf-8020-3ee41da057ac - - - - - -] OVN reports status up for port: f0426f34-4a5b-4ade-b96a-3fbdd7cc268d
2026-07-02 06:16:36.132 9 INFO neutron.plugins.ml2.plugin [None req-3af5761c-a03c-4acf-8020-3ee41da057ac - - - - - -] Attempt 1 to provision port f0426f34-4a5b-4ade-b96a-3fbdd7cc268d
2026-07-02 06:16:36.150 9 INFO neutron.wsgi [req-5973a24f-90d4-4f73-9d43-594ee0c1e4b2 req-bae88c91-5eb8-4fb7-9bc3-bedd2022b0e0 b622ab4571e44e8384e1cca29e6b8500 a0663b1f2d3e4bfca5f61877b3730974 - - 1a81c6fec90b48cbaf890ff682313246 1a81c6fec90b48cbaf890ff682313246] 199.204.45.57 "GET /v2.0/subnets?id=00b75776-f3a5-4f62-9e57-2a203bc21973 HTTP/1.1" status: 200 len: 870 time: 0.0515289
2026-07-02 06:16:36.176 9 INFO neutron.wsgi [req-5973a24f-90d4-4f73-9d43-594ee0c1e4b2 req-b30ecd24-2dbc-4f3b-a6ae-57dd674b7818 b622ab4571e44e8384e1cca29e6b8500 a0663b1f2d3e4bfca5f61877b3730974 - - 1a81c6fec90b48cbaf890ff682313246 1a81c6fec90b48cbaf890ff682313246] 199.204.45.57 "GET /v2.0/ports?network_id=aa4777ad-2b52-46a2-9771-32a2d3ef9027&device_owner=network%3Adhcp HTTP/1.1" status: 200 len: 210 time: 0.0172338
2026-07-02 06:16:36.256 9 INFO neutron.wsgi [req-5973a24f-90d4-4f73-9d43-594ee0c1e4b2 req-7d57fdc2-33c3-4085-8cf4-0f3568dfd992 b622ab4571e44e8384e1cca29e6b8500 a0663b1f2d3e4bfca5f61877b3730974 - - 1a81c6fec90b48cbaf890ff682313246 1a81c6fec90b48cbaf890ff682313246] 199.204.45.57 "GET /v2.0/networks/aa4777ad-2b52-46a2-9771-32a2d3ef9027?fields=segments HTTP/1.1" status: 200 len: 212 time: 0.0706148
2026-07-02 06:16:36.272 10 INFO neutron.wsgi [None req-b1710c32-841a-4e1c-adbc-46363c370a75 d76d727f0982434a981787f1f102e8d9 d0459e9ac28f4b70b46d1ea36527355b - - default default] 10.0.0.183 "DELETE /v2.0/security-groups/6a0d68df-59da-4168-93aa-3dced486939f HTTP/1.1" status: 204 len: 168 time: 0.2681873
2026-07-02 06:16:36.333 9 INFO neutron.wsgi [req-5973a24f-90d4-4f73-9d43-594ee0c1e4b2 req-3936ef38-e772-426c-951c-98e2b9886a7d b622ab4571e44e8384e1cca29e6b8500 a0663b1f2d3e4bfca5f61877b3730974 - - 1a81c6fec90b48cbaf890ff682313246 1a81c6fec90b48cbaf890ff682313246] 199.204.45.57 "GET /v2.0/networks/aa4777ad-2b52-46a2-9771-32a2d3ef9027?fields=provider%3Aphysical_network&fields=provider%3Anetwork_type HTTP/1.1" status: 200 len: 277 time: 0.0714304
2026-07-02 06:16:36.447 9 INFO neutron.db.ovn_revision_numbers_db [None req-3af5761c-a03c-4acf-8020-3ee41da057ac - - - - - -] Successfully bumped revision number for resource f0426f34-4a5b-4ade-b96a-3fbdd7cc268d (type: ports) to 4
2026-07-02 06:16:36.624 10 WARNING neutron.plugins.ml2.drivers.ovn.mech_driver.ovsdb.ovn_client [None req-db4354f1-5bf8-4fc7-90fa-3838a405342e - - - - - -] No hosting information found for port a9770fbf-e412-4780-b1e9-4b59417be4bc: RuntimeError: No hosting information found for port a9770fbf-e412-4780-b1e9-4b59417be4bc
2026-07-02 06:16:36.908 10 INFO neutron.wsgi [req-a41774fb-bace-43c1-9d37-8b79b73c7f8c req-aada9311-b99d-4bcc-be97-14dbc2654bea d0320a1c231e4646b8ee78d8dbda8daa b342be8709934eef80ead16dc4a604ea - - default default] 10.0.0.195 "GET /v2.0/ports?device_id=4c7ec471-6ef1-4638-b52d-c76e7cb49602 HTTP/1.1" status: 200 len: 1174 time: 0.0497463
2026-07-02 06:16:36.952 10 INFO neutron.wsgi [req-a41774fb-bace-43c1-9d37-8b79b73c7f8c req-cda4a54c-de50-4da6-8dc4-d6a9a102621b d0320a1c231e4646b8ee78d8dbda8daa b342be8709934eef80ead16dc4a604ea - - default default] 10.0.0.195 "GET /v2.0/security-groups?id=17aaebec-2810-401d-8ecf-d6ee83ce1664&fields=id&fields=name HTTP/1.1" status: 200 len: 286 time: 0.0375547
2026-07-02 06:16:37.640 9 INFO neutron.notifiers.nova [-] Nova event matching ['req-674bffc3-6e88-4369-9374-ed80beb27a23'] response: {'server_uuid': '4c7ec471-6ef1-4638-b52d-c76e7cb49602', 'name': 'network-vif-plugged', 'status': 'completed', 'tag': 'f0426f34-4a5b-4ade-b96a-3fbdd7cc268d', 'code': 200}
2026-07-02 06:16:37.640 9 INFO neutron.notifiers.nova [-] Nova event matching ['req-674bffc3-6e88-4369-9374-ed80beb27a23'] response: {'server_uuid': '4c7ec471-6ef1-4638-b52d-c76e7cb49602', 'name': 'network-vif-plugged', 'status': 'completed', 'tag': 'f0426f34-4a5b-4ade-b96a-3fbdd7cc268d', 'code': 200}
2026-07-02 06:16:38.128 10 INFO neutron.wsgi [req-f1545904-7cba-46a8-857b-5fb26b944251 req-a06e63ea-1945-4804-a402-f0af394ae679 d0320a1c231e4646b8ee78d8dbda8daa b342be8709934eef80ead16dc4a604ea - - default default] 10.0.0.195 "GET /v2.0/ports?device_id=4c7ec471-6ef1-4638-b52d-c76e7cb49602 HTTP/1.1" status: 200 len: 1174 time: 0.0635774 /var/lib/openstack/lib/python3.10/site-packages/pycadf/identifier.py:71: UserWarning: Invalid uuid: neutron. To ensure interoperability, identifiers should be a valid uuid. warnings.warn(('Invalid uuid: %s. To ensure interoperability, '
2026-07-02 06:16:38.156 9 WARNING neutron_lib.context [None req-f4d78600-fa74-46cd-8ed9-b5ffb0aef9f8 ad035624ceda4fa0a09b1f2c9fe60070 d4784d49934a4087b221eb5de45cfb10 - - default default] Method 'is_advsvc' is deprecated since 2023.2 release (neutron-lib 3.8.0) and will be removed once support for the old RBAC API policies will be removed from Neutron. Please use method 'is_service_role' instead.
2026-07-02 06:16:38.185 10 INFO neutron.wsgi [req-f1545904-7cba-46a8-857b-5fb26b944251 req-74f16f30-87cf-4b2a-b2af-4e84edce9dee d0320a1c231e4646b8ee78d8dbda8daa b342be8709934eef80ead16dc4a604ea - - default default] 10.0.0.195 "GET /v2.0/security-groups?id=17aaebec-2810-401d-8ecf-d6ee83ce1664&fields=id&fields=name HTTP/1.1" status: 200 len: 286 time: 0.0513225
2026-07-02 06:16:38.214 9 INFO neutron.wsgi [None req-f4d78600-fa74-46cd-8ed9-b5ffb0aef9f8 ad035624ceda4fa0a09b1f2c9fe60070 d4784d49934a4087b221eb5de45cfb10 - - default default] 10.0.0.183 "POST /v2.0/subnetpools HTTP/1.1" status: 201 len: 748 time: 0.2737839
2026-07-02 06:16:38.241 9 INFO neutron.wsgi [None req-b00472da-28a3-488e-b26d-c5e6f99a33c2 ad035624ceda4fa0a09b1f2c9fe60070 d4784d49934a4087b221eb5de45cfb10 - - default default] 10.0.0.183 "GET /v2.0/subnetpools/07151f90-4e45-4746-945b-659c3e4ebe4d HTTP/1.1" status: 200 len: 743 time: 0.0216928
2026-07-02 06:16:38.336 9 INFO neutron.wsgi [None req-d15472cd-a488-447c-95c0-ddb7c60e422a ad035624ceda4fa0a09b1f2c9fe60070 d4784d49934a4087b221eb5de45cfb10 - - default default] 10.0.0.183 "PUT /v2.0/subnetpools/07151f90-4e45-4746-945b-659c3e4ebe4d HTTP/1.1" status: 200 len: 693 time: 0.0906155
2026-07-02 06:16:38.421 9 INFO neutron.wsgi [None req-c8c08eef-f94f-4368-ba68-55ec4e2924eb ad035624ceda4fa0a09b1f2c9fe60070 d4784d49934a4087b221eb5de45cfb10 - - default default] 10.0.0.183 "DELETE /v2.0/subnetpools/07151f90-4e45-4746-945b-659c3e4ebe4d HTTP/1.1" status: 204 len: 168 time: 0.0761976
2026-07-02 06:16:38.443 9 INFO neutron.api.v2.resource [None req-b9871eb7-0080-4b59-8288-8a0d6f61d1be ad035624ceda4fa0a09b1f2c9fe60070 d4784d49934a4087b221eb5de45cfb10 - - default default] show failed (client error): The resource could not be found.
2026-07-02 06:16:38.444 9 INFO neutron.wsgi [None req-b9871eb7-0080-4b59-8288-8a0d6f61d1be ad035624ceda4fa0a09b1f2c9fe60070 d4784d49934a4087b221eb5de45cfb10 - - default default] 10.0.0.183 "GET /v2.0/subnetpools/07151f90-4e45-4746-945b-659c3e4ebe4d HTTP/1.1" status: 404 len: 346 time: 0.0151708
2026-07-02 06:16:38.486 10 INFO neutron.api.v2.resource [None req-372e785f-8ea5-4147-9988-de4e21d46d23 ad035624ceda4fa0a09b1f2c9fe60070 d4784d49934a4087b221eb5de45cfb10 - - default default] delete failed (client error): The resource could not be found.
2026-07-02 06:16:38.489 10 INFO neutron.wsgi [None req-372e785f-8ea5-4147-9988-de4e21d46d23 ad035624ceda4fa0a09b1f2c9fe60070 d4784d49934a4087b221eb5de45cfb10 - - default default] 10.0.0.183 "DELETE /v2.0/subnetpools/07151f90-4e45-4746-945b-659c3e4ebe4d HTTP/1.1" status: 404 len: 346 time: 0.0301688
2026-07-02 06:16:38.626 9 INFO neutron.plugins.ml2.drivers.ovn.mech_driver.mech_driver [None req-3af5761c-a03c-4acf-8020-3ee41da057ac - - - - - -] OVN reports status down for port: f0426f34-4a5b-4ade-b96a-3fbdd7cc268d
2026-07-02 06:16:38.746 10 INFO neutron.wsgi [req-d11e08fe-7659-4fe0-a293-4ccfc550f18f req-a5642e4a-b041-4f8c-a625-bd6d86e8d330 d0320a1c231e4646b8ee78d8dbda8daa b342be8709934eef80ead16dc4a604ea - - default default] 10.0.0.195 "GET /v2.0/ports?device_id=4c7ec471-6ef1-4638-b52d-c76e7cb49602 HTTP/1.1" status: 200 len: 1174 time: 0.1598866
2026-07-02 06:16:38.814 10 INFO neutron.wsgi [req-d11e08fe-7659-4fe0-a293-4ccfc550f18f req-dd2c43c5-f20d-4ede-9bf0-51998341d7f1 d0320a1c231e4646b8ee78d8dbda8daa b342be8709934eef80ead16dc4a604ea - - default default] 10.0.0.195 "GET /v2.0/security-groups?id=17aaebec-2810-401d-8ecf-d6ee83ce1664&fields=id&fields=name HTTP/1.1" status: 200 len: 286 time: 0.0554488
2026-07-02 06:16:38.996 9 INFO neutron.db.ovn_revision_numbers_db [None req-3af5761c-a03c-4acf-8020-3ee41da057ac - - - - - -] Successfully bumped revision number for resource f0426f34-4a5b-4ade-b96a-3fbdd7cc268d (type: ports) to 5
2026-07-02 06:16:39.015 9 INFO neutron.wsgi [req-d0f74bd5-ec11-44f3-900f-fbc154314921 req-d8838564-9e6b-438c-8fe5-dca16ee9b0fb d0320a1c231e4646b8ee78d8dbda8daa b342be8709934eef80ead16dc4a604ea - - default default] 199.204.45.57 "GET /v2.0/ports?device_id=4c7ec471-6ef1-4638-b52d-c76e7cb49602 HTTP/1.1" status: 200 len: 1172 time: 0.1007555
2026-07-02 06:16:39.320 10 INFO neutron.db.ovn_revision_numbers_db [None req-de31fd43-6210-4a50-97bc-70b16437cb23 d76d727f0982434a981787f1f102e8d9 d0459e9ac28f4b70b46d1ea36527355b - - default default] Successfully bumped revision number for resource 54f36ddf-c2b7-47b3-a841-5a389ed90d82 (type: security_groups) to 1
2026-07-02 06:16:39.333 10 INFO neutron.db.ovn_revision_numbers_db [None req-de31fd43-6210-4a50-97bc-70b16437cb23 d76d727f0982434a981787f1f102e8d9 d0459e9ac28f4b70b46d1ea36527355b - - default default] Successfully bumped revision number for resource 042743e0-6521-4d9c-b43b-76cc061e69a6 (type: security_group_rules) to 0
2026-07-02 06:16:39.347 10 INFO neutron.db.ovn_revision_numbers_db [None req-de31fd43-6210-4a50-97bc-70b16437cb23 d76d727f0982434a981787f1f102e8d9 d0459e9ac28f4b70b46d1ea36527355b - - default default] Successfully bumped revision number for resource 7b8802f6-eada-493e-b7bd-e9fe37298bec (type: security_group_rules) to 0
2026-07-02 06:16:39.361 10 INFO neutron.db.ovn_revision_numbers_db [None req-de31fd43-6210-4a50-97bc-70b16437cb23 d76d727f0982434a981787f1f102e8d9 d0459e9ac28f4b70b46d1ea36527355b - - default default] Successfully bumped revision number for resource ed4b2534-4e23-48ca-940b-86dc3b48eb88 (type: security_group_rules) to 0
2026-07-02 06:16:39.373 10 INFO neutron.db.ovn_revision_numbers_db [None req-de31fd43-6210-4a50-97bc-70b16437cb23 d76d727f0982434a981787f1f102e8d9 d0459e9ac28f4b70b46d1ea36527355b - - default default] Successfully bumped revision number for resource f607943f-91ce-4d1a-a70c-4b1237c445cd (type: security_group_rules) to 0
2026-07-02 06:16:39.395 10 INFO neutron.wsgi [None req-de31fd43-6210-4a50-97bc-70b16437cb23 d76d727f0982434a981787f1f102e8d9 d0459e9ac28f4b70b46d1ea36527355b - - default default] 10.0.0.183 "GET /v2.0/security-groups?tenant_id=d4784d49934a4087b221eb5de45cfb10&name=default HTTP/1.1" status: 200 len: 3120 time: 0.3262136 /var/lib/openstack/lib/python3.10/site-packages/pycadf/identifier.py:71: UserWarning: Invalid uuid: neutron. To ensure interoperability, identifiers should be a valid uuid. warnings.warn(('Invalid uuid: %s. To ensure interoperability, '
2026-07-02 06:16:39.584 9 INFO neutron.wsgi [req-d0f74bd5-ec11-44f3-900f-fbc154314921 req-7fb1ef6c-e288-404d-b4ce-d72c1a42e4a9 d0320a1c231e4646b8ee78d8dbda8daa b342be8709934eef80ead16dc4a604ea - - default default] 199.204.45.57 "DELETE /v2.0/ports/f0426f34-4a5b-4ade-b96a-3fbdd7cc268d HTTP/1.1" status: 204 len: 173 time: 0.5597651
2026-07-02 06:16:39.652 9 INFO neutron.wsgi [None req-1fee6778-4f5f-4834-bbdf-b829ab3fe04a d76d727f0982434a981787f1f102e8d9 d0459e9ac28f4b70b46d1ea36527355b - - default default] 10.0.0.183 "DELETE /v2.0/security-groups/54f36ddf-c2b7-47b3-a841-5a389ed90d82 HTTP/1.1" status: 204 len: 168 time: 0.2521760
2026-07-02 06:16:39.694 9 INFO neutron.notifiers.nova [-] Nova event matching ['req-a4d2239c-6c80-48df-a61a-d3fc2cffae94'] response: {'server_uuid': '4c7ec471-6ef1-4638-b52d-c76e7cb49602', 'name': 'network-vif-unplugged', 'status': 'completed', 'tag': 'f0426f34-4a5b-4ade-b96a-3fbdd7cc268d', 'code': 200}
2026-07-02 06:16:39.694 9 INFO neutron.notifiers.nova [-] Nova event matching ['req-a4d2239c-6c80-48df-a61a-d3fc2cffae94'] response: {'server_uuid': '4c7ec471-6ef1-4638-b52d-c76e7cb49602', 'name': 'network-vif-unplugged', 'status': 'completed', 'tag': 'f0426f34-4a5b-4ade-b96a-3fbdd7cc268d', 'code': 200}
2026-07-02 06:16:39.695 9 INFO neutron.notifiers.nova [-] Nova event matching ['req-a4d2239c-6c80-48df-a61a-d3fc2cffae94'] response: {'server_uuid': '4c7ec471-6ef1-4638-b52d-c76e7cb49602', 'name': 'network-vif-deleted', 'tag': 'f0426f34-4a5b-4ade-b96a-3fbdd7cc268d', 'status': 'completed', 'code': 200}
2026-07-02 06:16:39.917 10 INFO neutron.wsgi [req-dc0fb8fd-4343-4b7c-9f5f-a446300e3277 req-212f9f6d-d1b5-4792-b51a-1262c3fb466c d0320a1c231e4646b8ee78d8dbda8daa b342be8709934eef80ead16dc4a604ea - - default default] 10.0.0.195 "GET /v2.0/ports?device_id=4c7ec471-6ef1-4638-b52d-c76e7cb49602 HTTP/1.1" status: 200 len: 210 time: 0.0283155
2026-07-02 06:16:41.689 10 INFO neutron.wsgi [req-cc257ac8-641e-42ba-b8c8-ae0b2059c515 req-4e54be20-6bb4-4cf5-9501-1b156ab42f9e 680a7032aa3549f9b288e59cc7d1f553 268be6239c664b26a9162e5ee3887919 - - default default] 10.0.0.195 "GET /v2.0/ports?device_id=3f80cb9e-8582-4ca6-bbea-8660015e2ca9 HTTP/1.1" status: 200 len: 1170 time: 0.1054008
2026-07-02 06:16:41.759 10 INFO neutron.wsgi [req-cc257ac8-641e-42ba-b8c8-ae0b2059c515 req-bd1e6cc8-f4bf-45cf-b7f8-1c32a2eb8052 680a7032aa3549f9b288e59cc7d1f553 268be6239c664b26a9162e5ee3887919 - - default default] 10.0.0.195 "GET /v2.0/security-groups?id=0c1a36d1-3700-4a81-bf5e-6bff17dee6c8&fields=id&fields=name HTTP/1.1" status: 200 len: 312 time: 0.0527194
2026-07-02 06:16:41.868 10 INFO neutron.wsgi [req-c4aba759-a2d5-4ccd-bbfe-9d8057fe5924 req-7081456e-f469-49f3-9df6-6b2d5977be36 680a7032aa3549f9b288e59cc7d1f553 268be6239c664b26a9162e5ee3887919 - - default default] 10.0.0.195 "GET /v2.0/ports?device_id=3f80cb9e-8582-4ca6-bbea-8660015e2ca9 HTTP/1.1" status: 200 len: 1170 time: 0.0389695
2026-07-02 06:16:41.943 10 INFO neutron.wsgi [req-c4aba759-a2d5-4ccd-bbfe-9d8057fe5924 req-267b4023-9db4-47c1-b3c4-c22cf2fa78c7 680a7032aa3549f9b288e59cc7d1f553 268be6239c664b26a9162e5ee3887919 - - default default] 10.0.0.195 "GET /v2.0/security-groups?id=0c1a36d1-3700-4a81-bf5e-6bff17dee6c8&fields=id&fields=name HTTP/1.1" status: 200 len: 312 time: 0.0601292
2026-07-02 06:16:42.345 10 INFO neutron.wsgi [req-882fed02-8186-412c-a8f4-f8ea09e0f41f req-e52826a6-3746-4582-99ef-f1dc0255a47a 680a7032aa3549f9b288e59cc7d1f553 268be6239c664b26a9162e5ee3887919 - - default default] 10.0.0.195 "GET /v2.0/ports?device_id=3f80cb9e-8582-4ca6-bbea-8660015e2ca9 HTTP/1.1" status: 200 len: 1170 time: 0.0518453
2026-07-02 06:16:42.378 9 INFO neutron.wsgi [req-497e833d-edb6-4812-837e-946352813389 req-7dee9484-4089-45bd-8d46-98d8c84f95e8 b622ab4571e44e8384e1cca29e6b8500 a0663b1f2d3e4bfca5f61877b3730974 - - 1a81c6fec90b48cbaf890ff682313246 1a81c6fec90b48cbaf890ff682313246] 199.204.45.57 "GET /v2.0/ports?tenant_id=268be6239c664b26a9162e5ee3887919&device_id=3f80cb9e-8582-4ca6-bbea-8660015e2ca9 HTTP/1.1" status: 200 len: 1409 time: 0.0510104
2026-07-02 06:16:42.419 10 INFO neutron.wsgi [req-882fed02-8186-412c-a8f4-f8ea09e0f41f req-00791cee-3b2c-4fde-991d-e317d702611e 680a7032aa3549f9b288e59cc7d1f553 268be6239c664b26a9162e5ee3887919 - - default default] 10.0.0.195 "GET /v2.0/security-groups?id=0c1a36d1-3700-4a81-bf5e-6bff17dee6c8&fields=id&fields=name HTTP/1.1" status: 200 len: 312 time: 0.0678024
2026-07-02 06:16:42.457 9 INFO neutron.wsgi [req-497e833d-edb6-4812-837e-946352813389 req-d9d56ffb-868b-48bf-a18f-2429f4e26d6c b622ab4571e44e8384e1cca29e6b8500 a0663b1f2d3e4bfca5f61877b3730974 - - 1a81c6fec90b48cbaf890ff682313246 1a81c6fec90b48cbaf890ff682313246] 199.204.45.57 "GET /v2.0/networks?id=d80dae0b-a690-4edd-99c0-7465363b94d2 HTTP/1.1" status: 200 len: 973 time: 0.0717168
2026-07-02 06:16:42.508 9 INFO neutron.wsgi [req-497e833d-edb6-4812-837e-946352813389 req-a217383d-255a-4c11-b8bc-b666dd7a1279 b622ab4571e44e8384e1cca29e6b8500 a0663b1f2d3e4bfca5f61877b3730974 - - 1a81c6fec90b48cbaf890ff682313246 1a81c6fec90b48cbaf890ff682313246] 199.204.45.57 "GET /v2.0/floatingips?fixed_ip_address=10.100.0.5&port_id=7d3b6fa3-e446-4a8c-838f-f20737940697 HTTP/1.1" status: 200 len: 1059 time: 0.0442224
2026-07-02 06:16:42.535 10 INFO neutron.wsgi [None req-4bad2513-0081-46f6-9d11-8b00d72393cf d76d727f0982434a981787f1f102e8d9 d0459e9ac28f4b70b46d1ea36527355b - - default default] 10.0.0.183 "PUT /v2.0/routers/5acacec3-48ba-40f6-9c53-4d79ce48a6fa/remove_router_interface HTTP/1.1" status: 200 len: 503 time: 1.5473375 /var/lib/openstack/lib/python3.10/site-packages/pycadf/identifier.py:71: UserWarning: Invalid uuid: neutron. To ensure interoperability, identifiers should be a valid uuid. warnings.warn(('Invalid uuid: %s. To ensure interoperability, '
2026-07-02 06:16:42.549 9 INFO neutron.wsgi [req-497e833d-edb6-4812-837e-946352813389 req-e23eba3e-1cb6-4c88-9868-2cfdfde34e88 b622ab4571e44e8384e1cca29e6b8500 a0663b1f2d3e4bfca5f61877b3730974 - - 1a81c6fec90b48cbaf890ff682313246 1a81c6fec90b48cbaf890ff682313246] 199.204.45.57 "GET /v2.0/subnets?id=f649ed83-1957-4234-83c6-b9d1d5da7fcd HTTP/1.1" status: 200 len: 869 time: 0.0354218
2026-07-02 06:16:42.573 9 INFO neutron.wsgi [req-497e833d-edb6-4812-837e-946352813389 req-d83aa0b0-0abe-4db1-a50e-4646eb8feeeb b622ab4571e44e8384e1cca29e6b8500 a0663b1f2d3e4bfca5f61877b3730974 - - 1a81c6fec90b48cbaf890ff682313246 1a81c6fec90b48cbaf890ff682313246] 199.204.45.57 "GET /v2.0/ports?network_id=d80dae0b-a690-4edd-99c0-7465363b94d2&device_owner=network%3Adhcp HTTP/1.1" status: 200 len: 210 time: 0.0197270
2026-07-02 06:16:42.642 9 INFO neutron.wsgi [req-497e833d-edb6-4812-837e-946352813389 req-884ecc47-abbc-4a7c-8737-7ab649dcc24e b622ab4571e44e8384e1cca29e6b8500 a0663b1f2d3e4bfca5f61877b3730974 - - 1a81c6fec90b48cbaf890ff682313246 1a81c6fec90b48cbaf890ff682313246] 199.204.45.57 "GET /v2.0/networks/d80dae0b-a690-4edd-99c0-7465363b94d2?fields=segments HTTP/1.1" status: 200 len: 212 time: 0.0610607
