2026-07-02 06:07:45.501 9 INFO neutron.wsgi [None req-ff7a5db3-f378-4f3d-81ac-8be3449a4425 d76d727f0982434a981787f1f102e8d9 d0459e9ac28f4b70b46d1ea36527355b - - default default] 10.0.0.186 "GET /v2.0/floatingips HTTP/1.1" status: 200 len: 193 time: 0.0192225
2026-07-02 06:07:45.561 9 INFO neutron.wsgi [None req-ca77c671-883d-43cc-9445-5fd745ed889a d76d727f0982434a981787f1f102e8d9 d0459e9ac28f4b70b46d1ea36527355b - - default default] 10.0.0.186 "GET /v2.0/networks HTTP/1.1" status: 200 len: 2350 time: 0.0584373
2026-07-02 06:07:46.504 9 INFO neutron.wsgi [-] 10.0.0.57 "GET / HTTP/1.1" status: 200 len: 247 time: 0.0025406
2026-07-02 06:07:46.504 10 INFO neutron.wsgi [-] 10.0.0.57 "GET / HTTP/1.1" status: 200 len: 247 time: 0.0024645
2026-07-02 06:08:01.504 9 INFO neutron.wsgi [-] 10.0.0.57 "GET / HTTP/1.1" status: 200 len: 247 time: 0.0022082
2026-07-02 06:08:01.504 10 INFO neutron.wsgi [-] 10.0.0.57 "GET / HTTP/1.1" status: 200 len: 247 time: 0.0025039
2026-07-02 06:08:16.505 10 INFO neutron.wsgi [-] 10.0.0.57 "GET / HTTP/1.1" status: 200 len: 247 time: 0.0030589
2026-07-02 06:08:16.505 9 INFO neutron.wsgi [-] 10.0.0.57 "GET / HTTP/1.1" status: 200 len: 247 time: 0.0032692
2026-07-02 06:08:31.504 9 INFO neutron.wsgi [-] 10.0.0.57 "GET / HTTP/1.1" status: 200 len: 247 time: 0.0019116
2026-07-02 06:08:31.504 10 INFO neutron.wsgi [-] 10.0.0.57 "GET / HTTP/1.1" status: 200 len: 247 time: 0.0024312
2026-07-02 06:08:45.209 9 INFO neutron.wsgi [None req-c9c34cc5-8bad-46d2-b3ef-d3d6bde922be d76d727f0982434a981787f1f102e8d9 d0459e9ac28f4b70b46d1ea36527355b - - default default] 10.0.0.186 "GET /v2.0/agents HTTP/1.1" status: 200 len: 1390 time: 0.0769517
2026-07-02 06:08:45.247 9 INFO neutron.wsgi [None req-59e62786-9567-499f-969d-db3cb37bfc0d d76d727f0982434a981787f1f102e8d9 d0459e9ac28f4b70b46d1ea36527355b - - default default] 10.0.0.186 "GET /v2.0/subnets HTTP/1.1" status: 200 len: 1437 time: 0.0372665
2026-07-02 06:08:45.257 9 INFO neutron.wsgi [None req-61c6cbe8-9a7f-4e8f-9003-573558d0faab d76d727f0982434a981787f1f102e8d9 d0459e9ac28f4b70b46d1ea36527355b - - default default] 10.0.0.186 "GET /v2.0/subnetpools HTTP/1.1" status: 200 len: 193 time: 0.0093355
2026-07-02 06:08:45.281 9 INFO neutron.wsgi [None req-801a92a3-a53e-4894-a1bb-5617ecf5e9b5 d76d727f0982434a981787f1f102e8d9 d0459e9ac28f4b70b46d1ea36527355b - - default default] 10.0.0.186 "GET /v2.0/routers HTTP/1.1" status: 200 len: 189 time: 0.0220256
2026-07-02 06:08:45.291 9 INFO neutron.wsgi [None req-6cdd5760-b477-4e6d-acb1-5735164ebdb4 d76d727f0982434a981787f1f102e8d9 d0459e9ac28f4b70b46d1ea36527355b - - default default] 10.0.0.186 "GET /v2.0/agents?binary=ovn-controller HTTP/1.1" status: 200 len: 591 time: 0.0093801
2026-07-02 06:08:45.331 9 INFO neutron.wsgi [None req-65305a5d-c36f-49ab-bcef-532f7d38a1b5 d76d727f0982434a981787f1f102e8d9 d0459e9ac28f4b70b46d1ea36527355b - - default default] 10.0.0.186 "GET /v2.0/security-groups HTTP/1.1" status: 200 len: 17574 time: 0.0383692
2026-07-02 06:08:45.371 9 INFO neutron.wsgi [None req-b9e86e7a-553a-4b0f-a105-e55f2ff4d5cd d76d727f0982434a981787f1f102e8d9 d0459e9ac28f4b70b46d1ea36527355b - - default default] 10.0.0.186 "GET /v2.0/subnets HTTP/1.1" status: 200 len: 1437 time: 0.0342205
2026-07-02 06:08:45.382 9 INFO neutron.wsgi [None req-c7d2cd49-3b0c-4336-9dc1-0e4743eef0bc d76d727f0982434a981787f1f102e8d9 d0459e9ac28f4b70b46d1ea36527355b - - default default] 10.0.0.186 "GET /v2.0/network-ip-availabilities HTTP/1.1" status: 200 len: 1280 time: 0.0102661
2026-07-02 06:08:45.460 9 INFO neutron.wsgi [None req-b1fd9464-2489-4534-8583-a4f3a7065fc1 d76d727f0982434a981787f1f102e8d9 d0459e9ac28f4b70b46d1ea36527355b - - default default] 10.0.0.186 "GET /v2.0/floatingips HTTP/1.1" status: 200 len: 193 time: 0.0768466
2026-07-02 06:08:45.508 9 INFO neutron.wsgi [None req-205930ff-bdf5-41ff-91bf-7629e33ece8a d76d727f0982434a981787f1f102e8d9 d0459e9ac28f4b70b46d1ea36527355b - - default default] 10.0.0.186 "GET /v2.0/ports HTTP/1.1" status: 200 len: 5347 time: 0.0476573
2026-07-02 06:08:45.574 9 INFO neutron.wsgi [None req-87085f93-183c-4072-a65e-095f463a2412 d76d727f0982434a981787f1f102e8d9 d0459e9ac28f4b70b46d1ea36527355b - - default default] 10.0.0.186 "GET /v2.0/networks HTTP/1.1" status: 200 len: 2350 time: 0.0620441
2026-07-02 06:08:46.504 10 INFO neutron.wsgi [-] 10.0.0.57 "GET / HTTP/1.1" status: 200 len: 247 time: 0.0024598
2026-07-02 06:08:46.506 9 INFO neutron.wsgi [-] 10.0.0.57 "GET / HTTP/1.1" status: 200 len: 247 time: 0.0037031
2026-07-02 06:09:01.504 9 INFO neutron.wsgi [-] 10.0.0.57 "GET / HTTP/1.1" status: 200 len: 247 time: 0.0023417
2026-07-02 06:09:01.505 10 INFO neutron.wsgi [-] 10.0.0.57 "GET / HTTP/1.1" status: 200 len: 247 time: 0.0035059
2026-07-02 06:09:16.505 9 INFO neutron.wsgi [-] 10.0.0.57 "GET / HTTP/1.1" status: 200 len: 247 time: 0.0035834
2026-07-02 06:09:16.508 9 INFO neutron.wsgi [-] 10.0.0.57 "GET / HTTP/1.1" status: 200 len: 247 time: 0.0015118
2026-07-02 06:09:31.504 10 INFO neutron.wsgi [-] 10.0.0.57 "GET / HTTP/1.1" status: 200 len: 247 time: 0.0024683
2026-07-02 06:09:31.505 9 INFO neutron.wsgi [-] 10.0.0.57 "GET / HTTP/1.1" status: 200 len: 247 time: 0.0027862
2026-07-02 06:09:45.307 9 INFO neutron.wsgi [None req-ce097696-20a1-454a-b0dd-5f947344126e d76d727f0982434a981787f1f102e8d9 d0459e9ac28f4b70b46d1ea36527355b - - default default] 10.0.0.186 "GET /v2.0/subnets HTTP/1.1" status: 200 len: 1437 time: 0.1697764
2026-07-02 06:09:45.316 9 INFO neutron.wsgi [None req-ab54e54b-00c3-4ab9-9f5e-b4a5eb7b91c5 d76d727f0982434a981787f1f102e8d9 d0459e9ac28f4b70b46d1ea36527355b - - default default] 10.0.0.186 "GET /v2.0/subnetpools HTTP/1.1" status: 200 len: 193 time: 0.0077634
2026-07-02 06:09:45.358 9 INFO neutron.wsgi [None req-60d80d5a-8785-41aa-a560-d465f1a79658 d76d727f0982434a981787f1f102e8d9 d0459e9ac28f4b70b46d1ea36527355b - - default default] 10.0.0.186 "GET /v2.0/agents HTTP/1.1" status: 200 len: 1390 time: 0.0414414
2026-07-02 06:09:45.399 9 INFO neutron.wsgi [None req-00f8879c-0a06-4ac4-b2db-0645c3e6bec8 d76d727f0982434a981787f1f102e8d9 d0459e9ac28f4b70b46d1ea36527355b - - default default] 10.0.0.186 "GET /v2.0/security-groups HTTP/1.1" status: 200 len: 17574 time: 0.0396388
2026-07-02 06:09:45.470 9 INFO neutron.wsgi [None req-80c06b0f-813f-44ce-bae4-e7321462dbb4 d76d727f0982434a981787f1f102e8d9 d0459e9ac28f4b70b46d1ea36527355b - - default default] 10.0.0.186 "GET /v2.0/networks HTTP/1.1" status: 200 len: 2350 time: 0.0614862
2026-07-02 06:09:45.524 9 INFO neutron.wsgi [None req-db3d59ea-a155-4d32-9bfb-ead299c99e8c d76d727f0982434a981787f1f102e8d9 d0459e9ac28f4b70b46d1ea36527355b - - default default] 10.0.0.186 "GET /v2.0/ports HTTP/1.1" status: 200 len: 5347 time: 0.0523739
2026-07-02 06:09:45.561 9 INFO neutron.wsgi [None req-88a68dda-bdf3-485f-8cef-9887ff142752 d76d727f0982434a981787f1f102e8d9 d0459e9ac28f4b70b46d1ea36527355b - - default default] 10.0.0.186 "GET /v2.0/routers HTTP/1.1" status: 200 len: 189 time: 0.0324664
2026-07-02 06:09:45.574 9 INFO neutron.wsgi [None req-5ce6a444-4a01-439c-b9b1-168e1520272f d76d727f0982434a981787f1f102e8d9 d0459e9ac28f4b70b46d1ea36527355b - - default default] 10.0.0.186 "GET /v2.0/agents?binary=ovn-controller HTTP/1.1" status: 200 len: 591 time: 0.0123184
2026-07-02 06:09:45.587 9 INFO neutron.wsgi [None req-0436ef4d-85ac-447c-bbf3-14774e1521e7 d76d727f0982434a981787f1f102e8d9 d0459e9ac28f4b70b46d1ea36527355b - - default default] 10.0.0.186 "GET /v2.0/network-ip-availabilities HTTP/1.1" status: 200 len: 1280 time: 0.0115130
2026-07-02 06:09:45.608 9 INFO neutron.wsgi [None req-6fb59577-1bfc-4e0e-8334-558cd83d2003 d76d727f0982434a981787f1f102e8d9 d0459e9ac28f4b70b46d1ea36527355b - - default default] 10.0.0.186 "GET /v2.0/floatingips HTTP/1.1" status: 200 len: 193 time: 0.0205371
2026-07-02 06:09:45.640 9 INFO neutron.wsgi [None req-05d6cc1a-ab07-4fc4-98bb-5866864e463a d76d727f0982434a981787f1f102e8d9 d0459e9ac28f4b70b46d1ea36527355b - - default default] 10.0.0.186 "GET /v2.0/subnets HTTP/1.1" status: 200 len: 1437 time: 0.0314960
2026-07-02 06:09:46.505 9 INFO neutron.wsgi [-] 10.0.0.57 "GET / HTTP/1.1" status: 200 len: 247 time: 0.0027244
2026-07-02 06:09:46.506 10 INFO neutron.wsgi [-] 10.0.0.57 "GET / HTTP/1.1" status: 200 len: 247 time: 0.0034893
2026-07-02 06:10:01.503 10 INFO neutron.wsgi [-] 10.0.0.57 "GET / HTTP/1.1" status: 200 len: 247 time: 0.0017490
2026-07-02 06:10:01.504 9 INFO neutron.wsgi [-] 10.0.0.57 "GET / HTTP/1.1" status: 200 len: 247 time: 0.0024278
2026-07-02 06:10:16.505 9 INFO neutron.wsgi [-] 10.0.0.57 "GET / HTTP/1.1" status: 200 len: 247 time: 0.0032468
2026-07-02 06:10:16.506 10 INFO neutron.wsgi [-] 10.0.0.57 "GET / HTTP/1.1" status: 200 len: 247 time: 0.0037563
2026-07-02 06:10:31.504 10 INFO neutron.wsgi [-] 10.0.0.57 "GET / HTTP/1.1" status: 200 len: 247 time: 0.0018263
2026-07-02 06:10:31.505 9 INFO neutron.wsgi [-] 10.0.0.57 "GET / HTTP/1.1" status: 200 len: 247 time: 0.0030916
2026-07-02 06:10:45.211 9 INFO neutron.wsgi [None req-4099f262-5782-4021-a0e0-5ea99e9e7d2a d76d727f0982434a981787f1f102e8d9 d0459e9ac28f4b70b46d1ea36527355b - - default default] 10.0.0.186 "GET /v2.0/routers HTTP/1.1" status: 200 len: 189 time: 0.0671403
2026-07-02 06:10:45.245 9 INFO neutron.wsgi [None req-54b0ac37-835a-465a-b44d-f39f41e20f4a d76d727f0982434a981787f1f102e8d9 d0459e9ac28f4b70b46d1ea36527355b - - default default] 10.0.0.186 "GET /v2.0/agents?binary=ovn-controller HTTP/1.1" status: 200 len: 591 time: 0.0335586
2026-07-02 06:10:45.256 9 INFO neutron.wsgi [None req-152e1f5c-f0f2-459e-bcda-5de15e3f211f d76d727f0982434a981787f1f102e8d9 d0459e9ac28f4b70b46d1ea36527355b - - default default] 10.0.0.186 "GET /v2.0/agents HTTP/1.1" status: 200 len: 1390 time: 0.0104728
2026-07-02 06:10:45.267 9 INFO neutron.wsgi [None req-4012ff55-ba76-4ec7-8759-014e173e6b97 d76d727f0982434a981787f1f102e8d9 d0459e9ac28f4b70b46d1ea36527355b - - default default] 10.0.0.186 "GET /v2.0/network-ip-availabilities HTTP/1.1" status: 200 len: 1280 time: 0.0089209
2026-07-02 06:10:45.336 9 INFO neutron.wsgi [None req-7731c295-5283-427f-86db-a52cf59ab283 d76d727f0982434a981787f1f102e8d9 d0459e9ac28f4b70b46d1ea36527355b - - default default] 10.0.0.186 "GET /v2.0/networks HTTP/1.1" status: 200 len: 2350 time: 0.0684962
2026-07-02 06:10:45.375 9 INFO neutron.wsgi [None req-06df3b1f-9c8b-4b2f-8f4d-c1d851fad3c8 d76d727f0982434a981787f1f102e8d9 d0459e9ac28f4b70b46d1ea36527355b - - default default] 10.0.0.186 "GET /v2.0/security-groups HTTP/1.1" status: 200 len: 17574 time: 0.0366120
2026-07-02 06:10:45.400 9 INFO neutron.wsgi [None req-3311c93e-1232-4009-bdd5-e18a2f0543f3 d76d727f0982434a981787f1f102e8d9 d0459e9ac28f4b70b46d1ea36527355b - - default default] 10.0.0.186 "GET /v2.0/floatingips HTTP/1.1" status: 200 len: 193 time: 0.0215361
2026-07-02 06:10:45.424 9 INFO neutron.wsgi [None req-71e811a0-c819-4cca-82a2-dd8c5dda7ac0 d76d727f0982434a981787f1f102e8d9 d0459e9ac28f4b70b46d1ea36527355b - - default default] 10.0.0.186 "GET /v2.0/subnets HTTP/1.1" status: 200 len: 1437 time: 0.0237858
2026-07-02 06:10:45.434 9 INFO neutron.wsgi [None req-d8a3a1d8-e462-45e1-8d49-efaf29a4ee30 d76d727f0982434a981787f1f102e8d9 d0459e9ac28f4b70b46d1ea36527355b - - default default] 10.0.0.186 "GET /v2.0/subnetpools HTTP/1.1" status: 200 len: 193 time: 0.0081096
2026-07-02 06:10:45.468 9 INFO neutron.wsgi [None req-b23d2ab2-ba08-48f2-9a7c-3b8c6bc683f1 d76d727f0982434a981787f1f102e8d9 d0459e9ac28f4b70b46d1ea36527355b - - default default] 10.0.0.186 "GET /v2.0/subnets HTTP/1.1" status: 200 len: 1437 time: 0.0336764
2026-07-02 06:10:45.506 9 INFO neutron.wsgi [None req-9be2d85c-9bb3-40ac-ba88-5b35fe4e8ee2 d76d727f0982434a981787f1f102e8d9 d0459e9ac28f4b70b46d1ea36527355b - - default default] 10.0.0.186 "GET /v2.0/ports HTTP/1.1" status: 200 len: 5347 time: 0.0370111
2026-07-02 06:10:46.502 10 INFO neutron.wsgi [-] 10.0.0.57 "GET / HTTP/1.1" status: 200 len: 247 time: 0.0013216
2026-07-02 06:10:46.504 10 INFO neutron.wsgi [-] 10.0.0.57 "GET / HTTP/1.1" status: 200 len: 247 time: 0.0013099
2026-07-02 06:11:01.506 9 INFO neutron.wsgi [-] 10.0.0.57 "GET / HTTP/1.1" status: 200 len: 247 time: 0.0014615
2026-07-02 06:11:01.506 10 INFO neutron.wsgi [-] 10.0.0.57 "GET / HTTP/1.1" status: 200 len: 247 time: 0.0016000
2026-07-02 06:11:16.504 9 INFO neutron.wsgi [-] 10.0.0.57 "GET / HTTP/1.1" status: 200 len: 247 time: 0.0023332
2026-07-02 06:11:16.505 10 INFO neutron.wsgi [-] 10.0.0.57 "GET / HTTP/1.1" status: 200 len: 247 time: 0.0026972
2026-07-02 06:11:18.319 9 INFO neutron.pecan_wsgi.hooks.translation [None req-9eb04108-a6e7-4c91-bf83-399a817375e3 d76d727f0982434a981787f1f102e8d9 d0459e9ac28f4b70b46d1ea36527355b - - default default] GET failed (client error): The resource could not be found.
2026-07-02 06:11:18.321 9 INFO neutron.wsgi [None req-9eb04108-a6e7-4c91-bf83-399a817375e3 d76d727f0982434a981787f1f102e8d9 d0459e9ac28f4b70b46d1ea36527355b - - default default] 199.204.45.57,10.0.0.57 "GET /v2.0/networks/public HTTP/1.1" status: 404 len: 290 time: 0.0612738
2026-07-02 06:11:18.393 9 INFO neutron.wsgi [None req-19d1cbe0-c65d-4571-83e6-131c26a3af65 d76d727f0982434a981787f1f102e8d9 d0459e9ac28f4b70b46d1ea36527355b - - default default] 199.204.45.57,10.0.0.57 "GET /v2.0/networks?name=public HTTP/1.1" status: 200 len: 928 time: 0.0684273
2026-07-02 06:11:19.513 9 INFO neutron.pecan_wsgi.hooks.translation [None req-dc32b13f-4a10-4c5c-83a4-cf7ca02ae0cd d76d727f0982434a981787f1f102e8d9 d0459e9ac28f4b70b46d1ea36527355b - - default default] GET failed (client error): The resource could not be found.
2026-07-02 06:11:19.515 9 INFO neutron.wsgi [None req-dc32b13f-4a10-4c5c-83a4-cf7ca02ae0cd d76d727f0982434a981787f1f102e8d9 d0459e9ac28f4b70b46d1ea36527355b - - default default] 199.204.45.57,10.0.0.57 "GET /v2.0/networks/public HTTP/1.1" status: 404 len: 290 time: 0.0505497
2026-07-02 06:11:19.572 9 INFO neutron.wsgi [None req-f63dcdac-8983-4c9e-ae99-01c2247324b1 d76d727f0982434a981787f1f102e8d9 d0459e9ac28f4b70b46d1ea36527355b - - default default] 199.204.45.57,10.0.0.57 "GET /v2.0/networks?name=public HTTP/1.1" status: 200 len: 928 time: 0.0539248
2026-07-02 06:11:19.597 9 INFO neutron.pecan_wsgi.hooks.translation [None req-d63a955e-52e1-4312-842b-b4e9926dd309 d76d727f0982434a981787f1f102e8d9 d0459e9ac28f4b70b46d1ea36527355b - - default default] GET failed (client error): The resource could not be found.
2026-07-02 06:11:19.598 9 INFO neutron.wsgi [None req-d63a955e-52e1-4312-842b-b4e9926dd309 d76d727f0982434a981787f1f102e8d9 d0459e9ac28f4b70b46d1ea36527355b - - default default] 199.204.45.57,10.0.0.57 "GET /v2.0/subnets/public-subnet?network_id=7d57e7b6-4b86-4af9-8a9e-1685c851b98d HTTP/1.1" status: 404 len: 295 time: 0.0180764
2026-07-02 06:11:19.639 9 INFO neutron.wsgi [None req-038fbc44-094c-44a7-ab46-0f8c34e788d5 d76d727f0982434a981787f1f102e8d9 d0459e9ac28f4b70b46d1ea36527355b - - default default] 199.204.45.57,10.0.0.57 "GET /v2.0/subnets?name=public-subnet&network_id=7d57e7b6-4b86-4af9-8a9e-1685c851b98d HTTP/1.1" status: 200 len: 819 time: 0.0373535
2026-07-02 06:11:31.504 9 INFO neutron.wsgi [-] 10.0.0.57 "GET / HTTP/1.1" status: 200 len: 247 time: 0.0023727
2026-07-02 06:11:31.504 10 INFO neutron.wsgi [-] 10.0.0.57 "GET / HTTP/1.1" status: 200 len: 247 time: 0.0027533
2026-07-02 06:11:45.247 9 INFO neutron.wsgi [None req-26c83ce7-0701-44e9-a04d-6aceddaa4cba d76d727f0982434a981787f1f102e8d9 d0459e9ac28f4b70b46d1ea36527355b - - default default] 10.0.0.186 "GET /v2.0/network-ip-availabilities HTTP/1.1" status: 200 len: 1280 time: 0.0608695
2026-07-02 06:11:45.291 9 INFO neutron.wsgi [None req-82254358-561c-4aee-8155-60d0873cdf2e d76d727f0982434a981787f1f102e8d9 d0459e9ac28f4b70b46d1ea36527355b - - default default] 10.0.0.186 "GET /v2.0/security-groups HTTP/1.1" status: 200 len: 17574 time: 0.0425897
2026-07-02 06:11:45.341 9 INFO neutron.wsgi [None req-49a32fb5-375a-4dd4-8b94-728c0a310238 d76d727f0982434a981787f1f102e8d9 d0459e9ac28f4b70b46d1ea36527355b - - default default] 10.0.0.186 "GET /v2.0/subnets HTTP/1.1" status: 200 len: 1437 time: 0.0424798
2026-07-02 06:11:45.378 9 INFO neutron.wsgi [None req-e867eb67-1908-4aa7-a6ba-ef42ac1a783b d76d727f0982434a981787f1f102e8d9 d0459e9ac28f4b70b46d1ea36527355b - - default default] 10.0.0.186 "GET /v2.0/agents HTTP/1.1" status: 200 len: 1390 time: 0.0358694
2026-07-02 06:11:45.439 9 INFO neutron.wsgi [None req-d61ff93e-fe72-4ce9-af79-11918a677d11 d76d727f0982434a981787f1f102e8d9 d0459e9ac28f4b70b46d1ea36527355b - - default default] 10.0.0.186 "GET /v2.0/networks HTTP/1.1" status: 200 len: 2350 time: 0.0602472
2026-07-02 06:11:45.472 9 INFO neutron.wsgi [None req-19e84395-e689-4b52-a42b-8999e6bd41df d76d727f0982434a981787f1f102e8d9 d0459e9ac28f4b70b46d1ea36527355b - - default default] 10.0.0.186 "GET /v2.0/routers HTTP/1.1" status: 200 len: 189 time: 0.0304158
2026-07-02 06:11:45.484 9 INFO neutron.wsgi [None req-8a4cc029-9784-48e3-be92-4f7bb891e1c4 d76d727f0982434a981787f1f102e8d9 d0459e9ac28f4b70b46d1ea36527355b - - default default] 10.0.0.186 "GET /v2.0/agents?binary=ovn-controller HTTP/1.1" status: 200 len: 591 time: 0.0112441
2026-07-02 06:11:45.506 9 INFO neutron.wsgi [None req-a56c210e-463a-4735-893f-e31199f8e113 d76d727f0982434a981787f1f102e8d9 d0459e9ac28f4b70b46d1ea36527355b - - default default] 10.0.0.186 "GET /v2.0/floatingips HTTP/1.1" status: 200 len: 193 time: 0.0206690
2026-07-02 06:11:45.565 9 INFO neutron.wsgi [None req-d67df238-33c8-4b93-abbf-f5fb3da9ff32 d76d727f0982434a981787f1f102e8d9 d0459e9ac28f4b70b46d1ea36527355b - - default default] 10.0.0.186 "GET /v2.0/ports HTTP/1.1" status: 200 len: 5347 time: 0.0581558
2026-07-02 06:11:45.604 9 INFO neutron.wsgi [None req-d4060fab-753c-4549-8bd8-a2c2476e5680 d76d727f0982434a981787f1f102e8d9 d0459e9ac28f4b70b46d1ea36527355b - - default default] 10.0.0.186 "GET /v2.0/subnets HTTP/1.1" status: 200 len: 1437 time: 0.0350044
2026-07-02 06:11:45.620 9 INFO neutron.wsgi [None req-4a660439-4fe5-4131-964b-8238f7f6e65a d76d727f0982434a981787f1f102e8d9 d0459e9ac28f4b70b46d1ea36527355b - - default default] 10.0.0.186 "GET /v2.0/subnetpools HTTP/1.1" status: 200 len: 193 time: 0.0148187
2026-07-02 06:11:46.504 9 INFO neutron.wsgi [-] 10.0.0.57 "GET / HTTP/1.1" status: 200 len: 247 time: 0.0024312
2026-07-02 06:11:46.504 10 INFO neutron.wsgi [-] 10.0.0.57 "GET / HTTP/1.1" status: 200 len: 247 time: 0.0024402
2026-07-02 06:11:52.676 9 INFO neutron.pecan_wsgi.hooks.translation [None req-64e9d157-ec7b-4a51-b855-24d8d922782d d76d727f0982434a981787f1f102e8d9 d0459e9ac28f4b70b46d1ea36527355b - - default default] GET failed (client error): The resource could not be found.
2026-07-02 06:11:52.677 9 INFO neutron.wsgi [None req-64e9d157-ec7b-4a51-b855-24d8d922782d d76d727f0982434a981787f1f102e8d9 d0459e9ac28f4b70b46d1ea36527355b - - default default] 199.204.45.57,10.0.0.57 "GET /v2.0/networks/lb-mgmt-net HTTP/1.1" status: 404 len: 295 time: 0.0662377
2026-07-02 06:11:52.762 9 INFO neutron.wsgi [None req-b7a43a8f-5d29-436b-be6b-75bf74f4ce0d d76d727f0982434a981787f1f102e8d9 d0459e9ac28f4b70b46d1ea36527355b - - default default] 199.204.45.57,10.0.0.57 "GET /v2.0/networks?name=lb-mgmt-net HTTP/1.1" status: 200 len: 913 time: 0.0800421
2026-07-02 06:11:53.708 9 INFO neutron.pecan_wsgi.hooks.translation [None req-0eb1b19f-fbe1-4925-8413-bad0eb2fe14b d76d727f0982434a981787f1f102e8d9 d0459e9ac28f4b70b46d1ea36527355b - - default default] GET failed (client error): The resource could not be found.
2026-07-02 06:11:53.709 9 INFO neutron.wsgi [None req-0eb1b19f-fbe1-4925-8413-bad0eb2fe14b d76d727f0982434a981787f1f102e8d9 d0459e9ac28f4b70b46d1ea36527355b - - default default] 199.204.45.57,10.0.0.57 "GET /v2.0/networks/lb-mgmt-net HTTP/1.1" status: 404 len: 295 time: 0.0585992
2026-07-02 06:11:53.773 9 INFO neutron.wsgi [None req-a1e6817a-bab7-4bb6-9daa-4128d16b2726 d76d727f0982434a981787f1f102e8d9 d0459e9ac28f4b70b46d1ea36527355b - - default default] 199.204.45.57,10.0.0.57 "GET /v2.0/networks?name=lb-mgmt-net HTTP/1.1" status: 200 len: 913 time: 0.0610924
2026-07-02 06:11:53.801 9 INFO neutron.pecan_wsgi.hooks.translation [None req-53a41a43-b50e-4d6e-9bca-af705219a1c0 d76d727f0982434a981787f1f102e8d9 d0459e9ac28f4b70b46d1ea36527355b - - default default] GET failed (client error): The resource could not be found.
2026-07-02 06:11:53.804 9 INFO neutron.wsgi [None req-53a41a43-b50e-4d6e-9bca-af705219a1c0 d76d727f0982434a981787f1f102e8d9 d0459e9ac28f4b70b46d1ea36527355b - - default default] 199.204.45.57,10.0.0.57 "GET /v2.0/subnets/lb-mgmt-subnet?network_id=8e870069-a7c5-4b30-b773-fa0b29e15402 HTTP/1.1" status: 404 len: 296 time: 0.0243704
2026-07-02 06:11:53.849 9 INFO neutron.wsgi [None req-5eb4bddc-d4b8-462a-9298-fb852febe5e9 d76d727f0982434a981787f1f102e8d9 d0459e9ac28f4b70b46d1ea36527355b - - default default] 199.204.45.57,10.0.0.57 "GET /v2.0/subnets?name=lb-mgmt-subnet&network_id=8e870069-a7c5-4b30-b773-fa0b29e15402 HTTP/1.1" status: 200 len: 805 time: 0.0409417 /var/lib/openstack/lib/python3.10/site-packages/pycadf/identifier.py:71: UserWarning: Invalid uuid: unknown. To ensure interoperability, identifiers should be a valid uuid. warnings.warn(('Invalid uuid: %s. To ensure interoperability, '
2026-07-02 06:11:55.007 10 INFO neutron.api.v2.resource [None req-3df99ae4-4deb-4f9d-b1d7-c3aafa306de3 d76d727f0982434a981787f1f102e8d9 d0459e9ac28f4b70b46d1ea36527355b - - default default] show failed (client error): The resource could not be found.
2026-07-02 06:11:55.008 10 INFO neutron.wsgi [None req-3df99ae4-4deb-4f9d-b1d7-c3aafa306de3 d76d727f0982434a981787f1f102e8d9 d0459e9ac28f4b70b46d1ea36527355b - - default default] 199.204.45.57,10.0.0.57 "GET /v2.0/security-groups/lb-health-mgr-sec-grp HTTP/1.1" status: 404 len: 313 time: 0.0741692
2026-07-02 06:11:55.049 10 INFO neutron.wsgi [None req-00d34df4-34d6-48fd-af92-6ee4d9bdf6ec d76d727f0982434a981787f1f102e8d9 d0459e9ac28f4b70b46d1ea36527355b - - default default] 199.204.45.57,10.0.0.57 "GET /v2.0/security-groups?name=lb-health-mgr-sec-grp HTTP/1.1" status: 200 len: 4866 time: 0.0371404
2026-07-02 06:11:56.174 10 INFO neutron.wsgi [None req-f798ee26-806b-4263-9a51-4e66f6dbdbe2 d76d727f0982434a981787f1f102e8d9 d0459e9ac28f4b70b46d1ea36527355b - - default default] 199.204.45.57,10.0.0.57 "GET /v2.0/security-groups/d1b314c4-ed4d-4496-9903-4a12ce7a8ded HTTP/1.1" status: 200 len: 4870 time: 0.0646820
2026-07-02 06:11:56.218 10 INFO neutron.wsgi [None req-c1aa9ced-fcf8-4d94-b1e2-88c366f25066 d76d727f0982434a981787f1f102e8d9 d0459e9ac28f4b70b46d1ea36527355b - - default default] 199.204.45.57,10.0.0.57 "GET /v2.0/security-groups/d1b314c4-ed4d-4496-9903-4a12ce7a8ded HTTP/1.1" status: 200 len: 4870 time: 0.0362120
2026-07-02 06:11:56.241 10 INFO neutron.wsgi [None req-3439d1aa-9a2f-4d8b-8ae0-7b6ecdd32a85 d76d727f0982434a981787f1f102e8d9 d0459e9ac28f4b70b46d1ea36527355b - - default default] 199.204.45.57,10.0.0.57 "GET /v2.0/security-group-rules/0e001709-0fcf-412a-b820-71c1d6bb42e7 HTTP/1.1" status: 200 len: 776 time: 0.0162444
2026-07-02 06:11:57.192 9 INFO neutron.wsgi [None req-f20c0186-cb9d-489a-8032-9e877c75607b d76d727f0982434a981787f1f102e8d9 d0459e9ac28f4b70b46d1ea36527355b - - default default] 199.204.45.57,10.0.0.57 "GET /v2.0/security-groups/d1b314c4-ed4d-4496-9903-4a12ce7a8ded HTTP/1.1" status: 200 len: 4870 time: 0.0742044
2026-07-02 06:11:57.236 9 INFO neutron.wsgi [None req-743c4cb8-ac41-4591-be05-43e6b2536846 d76d727f0982434a981787f1f102e8d9 d0459e9ac28f4b70b46d1ea36527355b - - default default] 199.204.45.57,10.0.0.57 "GET /v2.0/security-groups/d1b314c4-ed4d-4496-9903-4a12ce7a8ded HTTP/1.1" status: 200 len: 4870 time: 0.0363159
2026-07-02 06:11:57.255 9 INFO neutron.wsgi [None req-1087c6c8-d021-45dd-bb88-ca1e3ac7d053 d76d727f0982434a981787f1f102e8d9 d0459e9ac28f4b70b46d1ea36527355b - - default default] 199.204.45.57,10.0.0.57 "GET /v2.0/security-group-rules/85e127cd-983b-40f8-a329-3a0b99dfb842 HTTP/1.1" status: 200 len: 778 time: 0.0149367
2026-07-02 06:11:58.117 10 INFO neutron.wsgi [None req-08ee3702-1e32-47e1-b415-9eed729c5b51 d76d727f0982434a981787f1f102e8d9 d0459e9ac28f4b70b46d1ea36527355b - - default default] 199.204.45.57,10.0.0.57 "GET /v2.0/security-groups/d1b314c4-ed4d-4496-9903-4a12ce7a8ded HTTP/1.1" status: 200 len: 4870 time: 0.0676031
2026-07-02 06:11:58.155 10 INFO neutron.wsgi [None req-ad05cbaf-ca21-4eff-b743-1eac63ad5468 d76d727f0982434a981787f1f102e8d9 d0459e9ac28f4b70b46d1ea36527355b - - default default] 199.204.45.57,10.0.0.57 "GET /v2.0/security-groups/d1b314c4-ed4d-4496-9903-4a12ce7a8ded HTTP/1.1" status: 200 len: 4870 time: 0.0309145
2026-07-02 06:11:58.177 10 INFO neutron.wsgi [None req-66652a9e-f3dd-492f-b633-2e626ddfa904 d76d727f0982434a981787f1f102e8d9 d0459e9ac28f4b70b46d1ea36527355b - - default default] 199.204.45.57,10.0.0.57 "GET /v2.0/security-group-rules/47b28363-71d9-46e8-a7a2-3a0e1fb8284c HTTP/1.1" status: 200 len: 778 time: 0.0181167
2026-07-02 06:11:59.092 10 INFO neutron.wsgi [None req-b61b607e-f521-4b7f-b62a-ca94edd88e66 d76d727f0982434a981787f1f102e8d9 d0459e9ac28f4b70b46d1ea36527355b - - default default] 199.204.45.57,10.0.0.57 "GET /v2.0/security-groups/d1b314c4-ed4d-4496-9903-4a12ce7a8ded HTTP/1.1" status: 200 len: 4870 time: 0.0787802
2026-07-02 06:11:59.134 10 INFO neutron.wsgi [None req-8571db6e-0605-4f49-b51c-f72dfc6ca651 d76d727f0982434a981787f1f102e8d9 d0459e9ac28f4b70b46d1ea36527355b - - default default] 199.204.45.57,10.0.0.57 "GET /v2.0/security-groups/d1b314c4-ed4d-4496-9903-4a12ce7a8ded HTTP/1.1" status: 200 len: 4870 time: 0.0358441
2026-07-02 06:11:59.156 10 INFO neutron.wsgi [None req-61e8c6d8-6569-4a01-ab9f-3bc6c6cb7b11 d76d727f0982434a981787f1f102e8d9 d0459e9ac28f4b70b46d1ea36527355b - - default default] 199.204.45.57,10.0.0.57 "GET /v2.0/security-group-rules/48f26998-23f6-45b7-a941-911fc43318be HTTP/1.1" status: 200 len: 778 time: 0.0154827
2026-07-02 06:12:00.058 9 INFO neutron.wsgi [None req-dca50ec3-2cb8-4a9c-a586-d42b81a313d0 d76d727f0982434a981787f1f102e8d9 d0459e9ac28f4b70b46d1ea36527355b - - default default] 199.204.45.57,10.0.0.57 "GET /v2.0/security-groups/d1b314c4-ed4d-4496-9903-4a12ce7a8ded HTTP/1.1" status: 200 len: 4870 time: 0.0707786
2026-07-02 06:12:00.102 9 INFO neutron.wsgi [None req-7ee44dc6-1f31-476b-b8ca-3a6a268f0bf9 d76d727f0982434a981787f1f102e8d9 d0459e9ac28f4b70b46d1ea36527355b - - default default] 199.204.45.57,10.0.0.57 "GET /v2.0/security-groups/d1b314c4-ed4d-4496-9903-4a12ce7a8ded HTTP/1.1" status: 200 len: 4870 time: 0.0382254
2026-07-02 06:12:00.124 9 INFO neutron.wsgi [None req-86c03d6b-a535-49b5-b82f-9f02d06d9c9f d76d727f0982434a981787f1f102e8d9 d0459e9ac28f4b70b46d1ea36527355b - - default default] 199.204.45.57,10.0.0.57 "GET /v2.0/security-group-rules/a587e514-e2af-4128-bc11-01636f416e2f HTTP/1.1" status: 200 len: 778 time: 0.0164614
2026-07-02 06:12:01.370 9 INFO neutron.wsgi [None req-f7ed967d-5636-4f01-9482-aacf844f2d20 d76d727f0982434a981787f1f102e8d9 d0459e9ac28f4b70b46d1ea36527355b - - default default] 199.204.45.57,10.0.0.57 "GET /v2.0/networks/8e870069-a7c5-4b30-b773-fa0b29e15402 HTTP/1.1" status: 200 len: 910 time: 0.0946155
2026-07-02 06:12:01.397 9 INFO neutron.pecan_wsgi.hooks.translation [None req-4e2df15e-6df0-4b93-8201-d931c89b43a1 d76d727f0982434a981787f1f102e8d9 d0459e9ac28f4b70b46d1ea36527355b - - default default] GET failed (client error): The resource could not be found.
2026-07-02 06:12:01.399 9 INFO neutron.wsgi [None req-4e2df15e-6df0-4b93-8201-d931c89b43a1 d76d727f0982434a981787f1f102e8d9 d0459e9ac28f4b70b46d1ea36527355b - - default default] 199.204.45.57,10.0.0.57 "GET /v2.0/ports/octavia-health-manager-port-instance?network_id=8e870069-a7c5-4b30-b773-fa0b29e15402 HTTP/1.1" status: 404 len: 314 time: 0.0193458
2026-07-02 06:12:01.434 9 INFO neutron.wsgi [None req-1ec3727b-431a-433c-9758-428372e04f7e d76d727f0982434a981787f1f102e8d9 d0459e9ac28f4b70b46d1ea36527355b - - default default] 199.204.45.57,10.0.0.57 "GET /v2.0/ports?name=octavia-health-manager-port-instance&network_id=8e870069-a7c5-4b30-b773-fa0b29e15402 HTTP/1.1" status: 200 len: 1395 time: 0.0332017
2026-07-02 06:12:01.475 9 INFO neutron.wsgi [None req-aeb410a0-d262-4b0c-88f1-1cd8f3a84164 d76d727f0982434a981787f1f102e8d9 d0459e9ac28f4b70b46d1ea36527355b - - default default] 199.204.45.57,10.0.0.57 "GET /v2.0/security-groups/d1b314c4-ed4d-4496-9903-4a12ce7a8ded HTTP/1.1" status: 200 len: 4870 time: 0.0317795
2026-07-02 06:12:01.504 9 INFO neutron.wsgi [-] 10.0.0.57 "GET / HTTP/1.1" status: 200 len: 247 time: 0.0021772
2026-07-02 06:12:01.506 9 INFO neutron.wsgi [-] 10.0.0.57 "GET / HTTP/1.1" status: 200 len: 247 time: 0.0015881
2026-07-02 06:12:07.546 10 INFO neutron.pecan_wsgi.hooks.translation [None req-7225a184-1f3d-4028-ad30-90408c82f85d d76d727f0982434a981787f1f102e8d9 d0459e9ac28f4b70b46d1ea36527355b - - default default] GET failed (client error): The resource could not be found.
2026-07-02 06:12:07.548 10 INFO neutron.wsgi [None req-7225a184-1f3d-4028-ad30-90408c82f85d d76d727f0982434a981787f1f102e8d9 d0459e9ac28f4b70b46d1ea36527355b - - default default] 199.204.45.57,10.0.0.57 "GET /v2.0/ports/octavia-health-manager-port-instance HTTP/1.1" status: 404 len: 314 time: 0.0462027
2026-07-02 06:12:07.593 10 INFO neutron.wsgi [None req-669eeee6-8876-4bbb-af91-8b24d0a4205d d76d727f0982434a981787f1f102e8d9 d0459e9ac28f4b70b46d1ea36527355b - - default default] 199.204.45.57,10.0.0.57 "GET /v2.0/ports?name=octavia-health-manager-port-instance HTTP/1.1" status: 200 len: 1395 time: 0.0413456
2026-07-02 06:12:09.020 9 INFO neutron.wsgi [None req-6299664b-75bb-4822-a9ab-904aeab63378 d76d727f0982434a981787f1f102e8d9 d0459e9ac28f4b70b46d1ea36527355b - - default default] 199.204.45.57,10.0.0.57 "GET /v2.0/ports HTTP/1.1" status: 200 len: 5347 time: 0.0849724
2026-07-02 06:12:10.013 10 INFO neutron.api.v2.resource [None req-b001e86a-4d19-40e5-8b4d-634525a31a2d d76d727f0982434a981787f1f102e8d9 d0459e9ac28f4b70b46d1ea36527355b - - default default] show failed (client error): The resource could not be found.
2026-07-02 06:12:10.014 10 INFO neutron.wsgi [None req-b001e86a-4d19-40e5-8b4d-634525a31a2d d76d727f0982434a981787f1f102e8d9 d0459e9ac28f4b70b46d1ea36527355b - - default default] 199.204.45.57,10.0.0.57 "GET /v2.0/security-groups/lb-mgmt-sec-grp HTTP/1.1" status: 404 len: 307 time: 0.0376449
2026-07-02 06:12:10.054 10 INFO neutron.wsgi [None req-f7b30911-f9b5-4161-85bb-8645ed8b4b2b d76d727f0982434a981787f1f102e8d9 d0459e9ac28f4b70b46d1ea36527355b - - default default] 199.204.45.57,10.0.0.57 "GET /v2.0/security-groups?name=lb-mgmt-sec-grp HTTP/1.1" status: 200 len: 3057 time: 0.0367353
2026-07-02 06:12:11.025 9 INFO neutron.wsgi [None req-1403e0ea-916e-4ed7-b6ae-93375c017746 d76d727f0982434a981787f1f102e8d9 d0459e9ac28f4b70b46d1ea36527355b - - default default] 199.204.45.57,10.0.0.57 "GET /v2.0/security-groups/bba11eb9-d357-4fb7-aca9-c8484c28bf4e HTTP/1.1" status: 200 len: 3058 time: 0.0665917
2026-07-02 06:12:11.057 9 INFO neutron.wsgi [None req-67b9a7be-02fd-4fad-8cfa-cfa007bbd252 d76d727f0982434a981787f1f102e8d9 d0459e9ac28f4b70b46d1ea36527355b - - default default] 199.204.45.57,10.0.0.57 "GET /v2.0/security-groups/bba11eb9-d357-4fb7-aca9-c8484c28bf4e HTTP/1.1" status: 200 len: 3058 time: 0.0275121
2026-07-02 06:12:11.078 9 INFO neutron.wsgi [None req-f75be76e-a657-4994-ba55-8bcf7fca1541 d76d727f0982434a981787f1f102e8d9 d0459e9ac28f4b70b46d1ea36527355b - - default default] 199.204.45.57,10.0.0.57 "GET /v2.0/security-group-rules/0d6ef7fc-9960-4116-9425-dcfd24ca2011 HTTP/1.1" status: 200 len: 796 time: 0.0168347
2026-07-02 06:12:11.939 9 INFO neutron.wsgi [None req-cc929cbe-ba8b-473e-b32d-3cf272d1a30c d76d727f0982434a981787f1f102e8d9 d0459e9ac28f4b70b46d1ea36527355b - - default default] 199.204.45.57,10.0.0.57 "GET /v2.0/security-groups/bba11eb9-d357-4fb7-aca9-c8484c28bf4e HTTP/1.1" status: 200 len: 3058 time: 0.0535464
2026-07-02 06:12:11.972 9 INFO neutron.wsgi [None req-133d372f-c6b5-4fb0-9324-e60aa34d3dca d76d727f0982434a981787f1f102e8d9 d0459e9ac28f4b70b46d1ea36527355b - - default default] 199.204.45.57,10.0.0.57 "GET /v2.0/security-groups/bba11eb9-d357-4fb7-aca9-c8484c28bf4e HTTP/1.1" status: 200 len: 3058 time: 0.0257480
2026-07-02 06:12:11.994 9 INFO neutron.wsgi [None req-43664054-9853-4159-baef-aacf7327095a d76d727f0982434a981787f1f102e8d9 d0459e9ac28f4b70b46d1ea36527355b - - default default] 199.204.45.57,10.0.0.57 "GET /v2.0/security-group-rules/800f99a9-5235-43c1-9ddc-68c5712d7fce HTTP/1.1" status: 200 len: 800 time: 0.0172768
2026-07-02 06:12:16.503 9 INFO neutron.wsgi [-] 10.0.0.57 "GET / HTTP/1.1" status: 200 len: 247 time: 0.0016270
2026-07-02 06:12:16.504 10 INFO neutron.wsgi [-] 10.0.0.57 "GET / HTTP/1.1" status: 200 len: 247 time: 0.0026987
2026-07-02 06:12:24.199 10 INFO neutron.wsgi [None req-b0d64836-ee28-4a4c-96a8-3b12ce9c015a d76d727f0982434a981787f1f102e8d9 d0459e9ac28f4b70b46d1ea36527355b - - default default] 199.204.45.57,10.0.0.57 "GET /v2.0/quotas/d0459e9ac28f4b70b46d1ea36527355b HTTP/1.1" status: 200 len: 466 time: 0.0138445
2026-07-02 06:12:31.504 9 INFO neutron.wsgi [-] 10.0.0.57 "GET / HTTP/1.1" status: 200 len: 247 time: 0.0022876
2026-07-02 06:12:31.507 9 INFO neutron.wsgi [-] 10.0.0.57 "GET / HTTP/1.1" status: 200 len: 247 time: 0.0018787
2026-07-02 06:12:45.204 9 INFO neutron.wsgi [None req-6c267f12-13a9-4507-b319-81b286a61947 d76d727f0982434a981787f1f102e8d9 d0459e9ac28f4b70b46d1ea36527355b - - default default] 10.0.0.186 "GET /v2.0/security-groups HTTP/1.1" status: 200 len: 17574 time: 0.0750127
2026-07-02 06:12:45.251 9 INFO neutron.wsgi [None req-9cb57214-d8f0-4c27-baea-e64b155e211b d76d727f0982434a981787f1f102e8d9 d0459e9ac28f4b70b46d1ea36527355b - - default default] 10.0.0.186 "GET /v2.0/ports HTTP/1.1" status: 200 len: 5347 time: 0.0424201
2026-07-02 06:12:45.292 9 INFO neutron.wsgi [None req-e00110f3-c94d-4938-954b-836ef6138a3b d76d727f0982434a981787f1f102e8d9 d0459e9ac28f4b70b46d1ea36527355b - - default default] 10.0.0.186 "GET /v2.0/agents HTTP/1.1" status: 200 len: 1390 time: 0.0379124
2026-07-02 06:12:45.322 9 INFO neutron.wsgi [None req-bc221e09-1ac6-4164-a73b-6877f5fef7c3 d76d727f0982434a981787f1f102e8d9 d0459e9ac28f4b70b46d1ea36527355b - - default default] 10.0.0.186 "GET /v2.0/subnets HTTP/1.1" status: 200 len: 1437 time: 0.0291953
2026-07-02 06:12:45.331 9 INFO neutron.wsgi [None req-088c94ed-4ac4-4a3b-944d-18bf654f683b d76d727f0982434a981787f1f102e8d9 d0459e9ac28f4b70b46d1ea36527355b - - default default] 10.0.0.186 "GET /v2.0/subnetpools HTTP/1.1" status: 200 len: 193 time: 0.0072002
2026-07-02 06:12:45.412 9 INFO neutron.wsgi [None req-bc68ef59-7a97-4726-9a58-42d676f22cfc d76d727f0982434a981787f1f102e8d9 d0459e9ac28f4b70b46d1ea36527355b - - default default] 10.0.0.186 "GET /v2.0/networks HTTP/1.1" status: 200 len: 2350 time: 0.0804374
2026-07-02 06:12:45.446 9 INFO neutron.wsgi [None req-34d869d0-e6dd-435c-ad86-57fec881d1fd d76d727f0982434a981787f1f102e8d9 d0459e9ac28f4b70b46d1ea36527355b - - default default] 10.0.0.186 "GET /v2.0/subnets HTTP/1.1" status: 200 len: 1437 time: 0.0283029
2026-07-02 06:12:45.458 9 INFO neutron.wsgi [None req-3ea6e385-0b1b-4c02-b17f-3a0f795850a8 d76d727f0982434a981787f1f102e8d9 d0459e9ac28f4b70b46d1ea36527355b - - default default] 10.0.0.186 "GET /v2.0/network-ip-availabilities HTTP/1.1" status: 200 len: 1280 time: 0.0110104
2026-07-02 06:12:45.482 9 INFO neutron.wsgi [None req-81d7bfa1-fa70-43a9-a117-396861034ea5 d76d727f0982434a981787f1f102e8d9 d0459e9ac28f4b70b46d1ea36527355b - - default default] 10.0.0.186 "GET /v2.0/floatingips HTTP/1.1" status: 200 len: 193 time: 0.0231934
2026-07-02 06:12:45.597 9 INFO neutron.wsgi [None req-bdf03c6d-d9e7-4e74-a1c5-71c4592d1230 d76d727f0982434a981787f1f102e8d9 d0459e9ac28f4b70b46d1ea36527355b - - default default] 10.0.0.186 "GET /v2.0/routers HTTP/1.1" status: 200 len: 189 time: 0.1137798
2026-07-02 06:12:45.607 9 INFO neutron.wsgi [None req-8b07dafd-9e2e-446a-ab92-1b8f8c584aa7 d76d727f0982434a981787f1f102e8d9 d0459e9ac28f4b70b46d1ea36527355b - - default default] 10.0.0.186 "GET /v2.0/agents?binary=ovn-controller HTTP/1.1" status: 200 len: 591 time: 0.0099530
2026-07-02 06:12:46.503 9 INFO neutron.wsgi [-] 10.0.0.57 "GET / HTTP/1.1" status: 200 len: 247 time: 0.0017250
2026-07-02 06:12:46.505 9 INFO neutron.wsgi [-] 10.0.0.57 "GET / HTTP/1.1" status: 200 len: 247 time: 0.0014648
2026-07-02 06:13:01.504 10 INFO neutron.wsgi [-] 10.0.0.57 "GET / HTTP/1.1" status: 200 len: 247 time: 0.0024753
2026-07-02 06:13:01.507 9 INFO neutron.wsgi [-] 10.0.0.57 "GET / HTTP/1.1" status: 200 len: 247 time: 0.0037217
2026-07-02 06:13:16.217 9 INFO neutron.api.v2.resource [None req-9a55f1dc-4210-4924-8f9a-d3240b86d18c d76d727f0982434a981787f1f102e8d9 d0459e9ac28f4b70b46d1ea36527355b - - default default] show failed (client error): The resource could not be found.
2026-07-02 06:13:16.218 9 INFO neutron.wsgi [None req-9a55f1dc-4210-4924-8f9a-d3240b86d18c d76d727f0982434a981787f1f102e8d9 d0459e9ac28f4b70b46d1ea36527355b - - default default] 199.204.45.57,10.0.0.57 "GET /v2.0/security-groups/manila-service-security-group?project_id=a0663b1f2d3e4bfca5f61877b3730974 HTTP/1.1" status: 404 len: 321 time: 0.0451219
2026-07-02 06:13:16.264 9 INFO neutron.wsgi [None req-dd0e7a95-cea1-4e8d-aa10-971935553ab3 d76d727f0982434a981787f1f102e8d9 d0459e9ac28f4b70b46d1ea36527355b - - default default] 199.204.45.57,10.0.0.57 "GET /v2.0/security-groups?name=manila-service-security-group&project_id=a0663b1f2d3e4bfca5f61877b3730974 HTTP/1.1" status: 200 len: 4248 time: 0.0402942
2026-07-02 06:13:16.503 9 INFO neutron.wsgi [-] 10.0.0.57 "GET / HTTP/1.1" status: 200 len: 247 time: 0.0014548
2026-07-02 06:13:16.505 10 INFO neutron.wsgi [-] 10.0.0.57 "GET / HTTP/1.1" status: 200 len: 247 time: 0.0031581
2026-07-02 06:13:17.339 10 INFO neutron.wsgi [None req-b0648781-dc56-4ac7-914f-c9dc66b80ff1 d76d727f0982434a981787f1f102e8d9 d0459e9ac28f4b70b46d1ea36527355b - - default default] 199.204.45.57,10.0.0.57 "GET /v2.0/security-groups/b7f65b84-c67d-4de6-b5ea-71af9cab10a1?project_id=a0663b1f2d3e4bfca5f61877b3730974 HTTP/1.1" status: 200 len: 4251 time: 0.0765367
2026-07-02 06:13:17.384 10 INFO neutron.wsgi [None req-a1b83ee8-c802-4d69-9ab4-0756ea3364b6 d76d727f0982434a981787f1f102e8d9 d0459e9ac28f4b70b46d1ea36527355b - - default default] 199.204.45.57,10.0.0.57 "GET /v2.0/security-groups/b7f65b84-c67d-4de6-b5ea-71af9cab10a1 HTTP/1.1" status: 200 len: 4251 time: 0.0375328
2026-07-02 06:13:17.406 10 INFO neutron.wsgi [None req-5ce790ce-07ea-47be-acac-7e70274af89f d76d727f0982434a981787f1f102e8d9 d0459e9ac28f4b70b46d1ea36527355b - - default default] 199.204.45.57,10.0.0.57 "GET /v2.0/security-group-rules/cb6f8c51-6a31-40af-98ff-0e84f03bb856 HTTP/1.1" status: 200 len: 772 time: 0.0154457
2026-07-02 06:13:18.330 10 INFO neutron.wsgi [None req-d1e3f138-c37c-484d-b3ba-a27c70d39a7e d76d727f0982434a981787f1f102e8d9 d0459e9ac28f4b70b46d1ea36527355b - - default default] 199.204.45.57,10.0.0.57 "GET /v2.0/security-groups/b7f65b84-c67d-4de6-b5ea-71af9cab10a1?project_id=a0663b1f2d3e4bfca5f61877b3730974 HTTP/1.1" status: 200 len: 4251 time: 0.0673766
2026-07-02 06:13:18.383 10 INFO neutron.wsgi [None req-40037533-8ad3-4ccf-80cc-6637d1c79c97 d76d727f0982434a981787f1f102e8d9 d0459e9ac28f4b70b46d1ea36527355b - - default default] 199.204.45.57,10.0.0.57 "GET /v2.0/security-groups/b7f65b84-c67d-4de6-b5ea-71af9cab10a1 HTTP/1.1" status: 200 len: 4251 time: 0.0440047
2026-07-02 06:13:18.405 10 INFO neutron.wsgi [None req-0b2cfd9d-4561-44ed-8e18-3c9ae21c6207 d76d727f0982434a981787f1f102e8d9 d0459e9ac28f4b70b46d1ea36527355b - - default default] 199.204.45.57,10.0.0.57 "GET /v2.0/security-group-rules/85c428c2-fdec-485f-bdf8-ac12c9aad9c2 HTTP/1.1" status: 200 len: 774 time: 0.0153053
2026-07-02 06:13:19.347 9 INFO neutron.wsgi [None req-a93b466b-7a01-445d-9e8d-b0eda4d6ce93 d76d727f0982434a981787f1f102e8d9 d0459e9ac28f4b70b46d1ea36527355b - - default default] 199.204.45.57,10.0.0.57 "GET /v2.0/security-groups/b7f65b84-c67d-4de6-b5ea-71af9cab10a1?project_id=a0663b1f2d3e4bfca5f61877b3730974 HTTP/1.1" status: 200 len: 4251 time: 0.0644989
2026-07-02 06:13:19.391 9 INFO neutron.wsgi [None req-8652de4c-1fe7-4042-bfae-23ac5cef7148 d76d727f0982434a981787f1f102e8d9 d0459e9ac28f4b70b46d1ea36527355b - - default default] 199.204.45.57,10.0.0.57 "GET /v2.0/security-groups/b7f65b84-c67d-4de6-b5ea-71af9cab10a1 HTTP/1.1" status: 200 len: 4251 time: 0.0367935
2026-07-02 06:13:19.419 9 INFO neutron.wsgi [None req-a9c48e4c-df8b-4207-9cfb-42fa9b447163 d76d727f0982434a981787f1f102e8d9 d0459e9ac28f4b70b46d1ea36527355b - - default default] 199.204.45.57,10.0.0.57 "GET /v2.0/security-group-rules/2e836db3-b4c3-4cb0-a4c1-d0013f42c1a9 HTTP/1.1" status: 200 len: 776 time: 0.0211680
2026-07-02 06:13:20.457 10 INFO neutron.wsgi [None req-900ae4d7-6ada-412d-a5a4-2b74197faef7 d76d727f0982434a981787f1f102e8d9 d0459e9ac28f4b70b46d1ea36527355b - - default default] 199.204.45.57,10.0.0.57 "GET /v2.0/security-groups/b7f65b84-c67d-4de6-b5ea-71af9cab10a1?project_id=a0663b1f2d3e4bfca5f61877b3730974 HTTP/1.1" status: 200 len: 4251 time: 0.0591419
2026-07-02 06:13:20.505 10 INFO neutron.wsgi [None req-68a21fe0-a63b-4198-9c46-016d59f3e481 d76d727f0982434a981787f1f102e8d9 d0459e9ac28f4b70b46d1ea36527355b - - default default] 199.204.45.57,10.0.0.57 "GET /v2.0/security-groups/b7f65b84-c67d-4de6-b5ea-71af9cab10a1 HTTP/1.1" status: 200 len: 4251 time: 0.0417576
2026-07-02 06:13:20.526 10 INFO neutron.wsgi [None req-da9d4b98-818f-4535-bd7d-70944729a436 d76d727f0982434a981787f1f102e8d9 d0459e9ac28f4b70b46d1ea36527355b - - default default] 199.204.45.57,10.0.0.57 "GET /v2.0/security-group-rules/296f8d98-8f4c-432d-9a5a-deaea46dcb08 HTTP/1.1" status: 200 len: 777 time: 0.0133243
2026-07-02 06:13:27.937 10 INFO neutron.wsgi [None req-c5f89f5f-6d8e-48bd-b7fa-f374c6c63f10 d76d727f0982434a981787f1f102e8d9 d0459e9ac28f4b70b46d1ea36527355b - - default default] 199.204.45.57,10.0.0.57 "GET /v2.0/quotas/a0663b1f2d3e4bfca5f61877b3730974 HTTP/1.1" status: 200 len: 466 time: 0.0136683
2026-07-02 06:13:31.504 10 INFO neutron.wsgi [-] 10.0.0.57 "GET / HTTP/1.1" status: 200 len: 247 time: 0.0025072
2026-07-02 06:13:31.508 10 INFO neutron.wsgi [-] 10.0.0.57 "GET / HTTP/1.1" status: 200 len: 247 time: 0.0014377
2026-07-02 06:13:45.221 9 INFO neutron.wsgi [None req-ffa36549-5d2d-4d75-9093-9bd3566816ea d76d727f0982434a981787f1f102e8d9 d0459e9ac28f4b70b46d1ea36527355b - - default default] 10.0.0.186 "GET /v2.0/floatingips HTTP/1.1" status: 200 len: 193 time: 0.0679696
2026-07-02 06:13:45.301 9 INFO neutron.wsgi [None req-80e29284-4145-4cc2-8cb9-4c493ce1051d d76d727f0982434a981787f1f102e8d9 d0459e9ac28f4b70b46d1ea36527355b - - default default] 10.0.0.186 "GET /v2.0/ports HTTP/1.1" status: 200 len: 5347 time: 0.0719731
2026-07-02 06:13:45.316 9 INFO neutron.wsgi [None req-51b315c7-1011-4d22-b6f4-88e103d9f49e d76d727f0982434a981787f1f102e8d9 d0459e9ac28f4b70b46d1ea36527355b - - default default] 10.0.0.186 "GET /v2.0/network-ip-availabilities HTTP/1.1" status: 200 len: 1280 time: 0.0116825
2026-07-02 06:13:45.348 9 INFO neutron.wsgi [None req-c526795b-8c87-4005-b01a-501d63cff856 d76d727f0982434a981787f1f102e8d9 d0459e9ac28f4b70b46d1ea36527355b - - default default] 10.0.0.186 "GET /v2.0/subnets HTTP/1.1" status: 200 len: 1437 time: 0.0314515
2026-07-02 06:13:45.385 9 INFO neutron.wsgi [None req-39d70ec5-6477-471a-85a7-fad13b7e5de0 d76d727f0982434a981787f1f102e8d9 d0459e9ac28f4b70b46d1ea36527355b - - default default] 10.0.0.186 "GET /v2.0/agents HTTP/1.1" status: 200 len: 1390 time: 0.0353942
2026-07-02 06:13:45.451 9 INFO neutron.wsgi [None req-4a898cc5-a4b0-4bd9-9c32-57101a7c80f5 d76d727f0982434a981787f1f102e8d9 d0459e9ac28f4b70b46d1ea36527355b - - default default] 10.0.0.186 "GET /v2.0/networks HTTP/1.1" status: 200 len: 2350 time: 0.0655868
2026-07-02 06:13:45.491 9 INFO neutron.wsgi [None req-2ee00de1-7082-42ca-b0b2-8284cf1dc254 d76d727f0982434a981787f1f102e8d9 d0459e9ac28f4b70b46d1ea36527355b - - default default] 10.0.0.186 "GET /v2.0/security-groups HTTP/1.1" status: 200 len: 17574 time: 0.0378127
2026-07-02 06:13:45.517 9 INFO neutron.wsgi [None req-dcbfb733-f918-4eba-b9cd-4dbdfd36518a d76d727f0982434a981787f1f102e8d9 d0459e9ac28f4b70b46d1ea36527355b - - default default] 10.0.0.186 "GET /v2.0/routers HTTP/1.1" status: 200 len: 189 time: 0.0188713
2026-07-02 06:13:45.529 9 INFO neutron.wsgi [None req-f40f9993-4870-4e01-89b1-4983eaa004c7 d76d727f0982434a981787f1f102e8d9 d0459e9ac28f4b70b46d1ea36527355b - - default default] 10.0.0.186 "GET /v2.0/agents?binary=ovn-controller HTTP/1.1" status: 200 len: 591 time: 0.0113921
2026-07-02 06:13:45.560 9 INFO neutron.wsgi [None req-aa4d873d-97d7-4c68-a1c5-977b34284a2b d76d727f0982434a981787f1f102e8d9 d0459e9ac28f4b70b46d1ea36527355b - - default default] 10.0.0.186 "GET /v2.0/subnets HTTP/1.1" status: 200 len: 1437 time: 0.0292881
2026-07-02 06:13:45.572 9 INFO neutron.wsgi [None req-af85457d-0423-4560-8755-453e075b820d d76d727f0982434a981787f1f102e8d9 d0459e9ac28f4b70b46d1ea36527355b - - default default] 10.0.0.186 "GET /v2.0/subnetpools HTTP/1.1" status: 200 len: 193 time: 0.0114419
2026-07-02 06:13:46.504 10 INFO neutron.wsgi [-] 10.0.0.57 "GET / HTTP/1.1" status: 200 len: 247 time: 0.0025983
2026-07-02 06:13:46.505 9 INFO neutron.wsgi [-] 10.0.0.57 "GET / HTTP/1.1" status: 200 len: 247 time: 0.0031397
2026-07-02 06:14:01.503 10 INFO neutron.wsgi [-] 10.0.0.57 "GET / HTTP/1.1" status: 200 len: 247 time: 0.0017927
2026-07-02 06:14:01.506 10 INFO neutron.wsgi [-] 10.0.0.57 "GET / HTTP/1.1" status: 200 len: 247 time: 0.0021935
2026-07-02 06:14:16.504 10 INFO neutron.wsgi [-] 10.0.0.57 "GET / HTTP/1.1" status: 200 len: 247 time: 0.0016911
2026-07-02 06:14:16.506 10 INFO neutron.wsgi [-] 10.0.0.57 "GET / HTTP/1.1" status: 200 len: 247 time: 0.0020061
2026-07-02 06:14:20.831 10 INFO neutron.wsgi [None req-83caac60-0200-4be5-930b-03fb7faf332f d76d727f0982434a981787f1f102e8d9 d0459e9ac28f4b70b46d1ea36527355b - - default default] 199.204.45.57,10.0.0.57 "GET /v2.0/networks?name=public HTTP/1.1" status: 200 len: 928 time: 0.1356165
2026-07-02 06:14:31.504 10 INFO neutron.wsgi [-] 10.0.0.57 "GET / HTTP/1.1" status: 200 len: 247 time: 0.0023425
2026-07-02 06:14:31.505 9 INFO neutron.wsgi [-] 10.0.0.57 "GET / HTTP/1.1" status: 200 len: 247 time: 0.0035541
2026-07-02 06:14:45.402 9 INFO neutron.wsgi [None req-e56aee1f-1ea6-4eff-83ea-0bcab55289f9 d76d727f0982434a981787f1f102e8d9 d0459e9ac28f4b70b46d1ea36527355b - - default default] 10.0.0.186 "GET /v2.0/floatingips HTTP/1.1" status: 200 len: 193 time: 0.1528249
2026-07-02 06:14:45.455 9 INFO neutron.wsgi [None req-69c48ee8-6688-4c05-a42f-1fd2d62fc2e3 d76d727f0982434a981787f1f102e8d9 d0459e9ac28f4b70b46d1ea36527355b - - default default] 10.0.0.186 "GET /v2.0/ports HTTP/1.1" status: 200 len: 5347 time: 0.0523698
2026-07-02 06:14:45.493 9 INFO neutron.wsgi [None req-5ad51bed-6d0d-41e1-b7af-23a7967a40e5 d76d727f0982434a981787f1f102e8d9 d0459e9ac28f4b70b46d1ea36527355b - - default default] 10.0.0.186 "GET /v2.0/agents HTTP/1.1" status: 200 len: 1390 time: 0.0361795
2026-07-02 06:14:45.522 9 INFO neutron.wsgi [None req-8ed992c4-dc12-4a87-a76a-87e64feff43f d76d727f0982434a981787f1f102e8d9 d0459e9ac28f4b70b46d1ea36527355b - - default default] 10.0.0.186 "GET /v2.0/routers HTTP/1.1" status: 200 len: 189 time: 0.0274482
2026-07-02 06:14:45.535 9 INFO neutron.wsgi [None req-2c514909-b0cb-4866-b1e0-1df04a129cd2 d76d727f0982434a981787f1f102e8d9 d0459e9ac28f4b70b46d1ea36527355b - - default default] 10.0.0.186 "GET /v2.0/agents?binary=ovn-controller HTTP/1.1" status: 200 len: 591 time: 0.0124121
2026-07-02 06:14:45.547 9 INFO neutron.wsgi [None req-e7776116-a527-44e7-9afd-ec8544fa4614 d76d727f0982434a981787f1f102e8d9 d0459e9ac28f4b70b46d1ea36527355b - - default default] 10.0.0.186 "GET /v2.0/network-ip-availabilities HTTP/1.1" status: 200 len: 1280 time: 0.0115404
2026-07-02 06:14:45.639 9 INFO neutron.wsgi [None req-33a244d1-00af-49a7-88cf-4bad89481360 d76d727f0982434a981787f1f102e8d9 d0459e9ac28f4b70b46d1ea36527355b - - default default] 10.0.0.186 "GET /v2.0/networks HTTP/1.1" status: 200 len: 2350 time: 0.0905240
2026-07-02 06:14:45.703 9 INFO neutron.wsgi [None req-b4fcda21-33fa-48c2-98c2-66f2f51c07d4 d76d727f0982434a981787f1f102e8d9 d0459e9ac28f4b70b46d1ea36527355b - - default default] 10.0.0.186 "GET /v2.0/security-groups HTTP/1.1" status: 200 len: 17574 time: 0.0599403
2026-07-02 06:14:45.753 9 INFO neutron.wsgi [None req-ef79334d-5f50-46af-9762-4c82d30aa6df d76d727f0982434a981787f1f102e8d9 d0459e9ac28f4b70b46d1ea36527355b - - default default] 10.0.0.186 "GET /v2.0/subnets HTTP/1.1" status: 200 len: 1437 time: 0.0463734
2026-07-02 06:14:45.766 9 INFO neutron.wsgi [None req-94465c05-442c-4344-8507-7b43a2f52ae7 d76d727f0982434a981787f1f102e8d9 d0459e9ac28f4b70b46d1ea36527355b - - default default] 10.0.0.186 "GET /v2.0/subnetpools HTTP/1.1" status: 200 len: 193 time: 0.0123792
2026-07-02 06:14:45.815 9 INFO neutron.wsgi [None req-1c539575-f257-4a47-9f66-12bd7ed28cb6 d76d727f0982434a981787f1f102e8d9 d0459e9ac28f4b70b46d1ea36527355b - - default default] 10.0.0.186 "GET /v2.0/subnets HTTP/1.1" status: 200 len: 1437 time: 0.0479333
2026-07-02 06:14:46.505 10 INFO neutron.wsgi [-] 10.0.0.57 "GET / HTTP/1.1" status: 200 len: 247 time: 0.0027733
2026-07-02 06:14:46.508 10 INFO neutron.wsgi [-] 10.0.0.57 "GET / HTTP/1.1" status: 200 len: 247 time: 0.0025129 /var/lib/openstack/lib/python3.10/site-packages/pycadf/identifier.py:71: UserWarning: Invalid uuid: neutron. To ensure interoperability, identifiers should be a valid uuid. warnings.warn(('Invalid uuid: %s. To ensure interoperability, '
2026-07-02 06:15:00.046 10 INFO neutron.wsgi [None req-e7707d16-729c-40a0-b91d-56538f71d7d0 d76d727f0982434a981787f1f102e8d9 d0459e9ac28f4b70b46d1ea36527355b - - default default] 10.0.0.183 "GET /v2.0/networks HTTP/1.1" status: 200 len: 2369 time: 0.1583667
