2026-07-02 06:18:23.604 10 ERROR neutron_lib.callbacks.manager
File "/var/lib/openstack/lib/python3.10/site-packages/ovsdbapp/backend/ovs_idl/command.py", line 235, in run_idl
2026-07-02 06:18:23.604 10 ERROR neutron_lib.callbacks.manager record = self.api.lookup(self.table, self.record)
2026-07-02 06:18:23.604 10 ERROR neutron_lib.callbacks.manager
File "/var/lib/openstack/lib/python3.10/site-packages/ovsdbapp/backend/ovs_idl/__init__.py", line 184, in lookup
2026-07-02 06:18:23.604 10 ERROR neutron_lib.callbacks.manager return self._lookup(table, record)
2026-07-02 06:18:23.604 10 ERROR neutron_lib.callbacks.manager
File "/var/lib/openstack/lib/python3.10/site-packages/ovsdbapp/backend/ovs_idl/__init__.py", line 235, in _lookup
2026-07-02 06:18:23.604 10 ERROR neutron_lib.callbacks.manager row = idlutils.row_by_value(self, rl.table, rl.column, record)
2026-07-02 06:18:23.604 10 ERROR neutron_lib.callbacks.manager
File "/var/lib/openstack/lib/python3.10/site-packages/ovsdbapp/backend/ovs_idl/idlutils.py", line 114, in row_by_value
2026-07-02 06:18:23.604 10 ERROR neutron_lib.callbacks.manager raise RowNotFound(table=table, col=column, match=match)
2026-07-02 06:18:23.604 10 ERROR neutron_lib.callbacks.manager ovsdbapp.backend.ovs_idl.idlutils.RowNotFound: Cannot find Logical_Router_Port with name=lrp-9aca1eae-1a0a-46a1-90ad-678aef090599
2026-07-02 06:18:23.604 10 ERROR neutron_lib.callbacks.manager 
2026-07-02 06:18:23.693 9 INFO neutron.db.ovn_revision_numbers_db [None req-d7826ca1-d7c9-4ae0-985c-643a0c9f4d20 1be32f798894420280696e9e3671eee3 2b19fb944ee843fb8de3688e9b3ddefc - - default default] Successfully bumped revision number for resource c9a9f405-155a-40c8-82c7-6820a2af27bd (type: routers) to 1
2026-07-02 06:18:23.718 9 INFO neutron.wsgi [None req-d7826ca1-d7c9-4ae0-985c-643a0c9f4d20 1be32f798894420280696e9e3671eee3 2b19fb944ee843fb8de3688e9b3ddefc - - default default] 10.0.0.183 "POST /v2.0/routers HTTP/1.1" status: 201 len: 769 time: 0.4646649 /var/lib/openstack/lib/python3.10/site-packages/pycadf/identifier.py:71: UserWarning: Invalid uuid: neutron. To ensure interoperability, identifiers should be a valid uuid. warnings.warn(('Invalid uuid: %s. To ensure interoperability, '
2026-07-02 06:18:23.729 10 WARNING neutron_lib.context [None req-3a0db6b0-4b3f-452c-8dc2-80ad87f4214e 1be32f798894420280696e9e3671eee3 2b19fb944ee843fb8de3688e9b3ddefc - - default default] Method 'is_advsvc' is deprecated since 2023.2 release (neutron-lib 3.8.0) and will be removed once support for the old RBAC API policies will be removed from Neutron. Please use method 'is_service_role' instead.
2026-07-02 06:18:23.848 10 INFO neutron.db.ovn_revision_numbers_db [None req-3a0db6b0-4b3f-452c-8dc2-80ad87f4214e 1be32f798894420280696e9e3671eee3 2b19fb944ee843fb8de3688e9b3ddefc - - default default] Successfully bumped revision number for resource c24cc2f1-a78f-482c-8968-d44f8abbbfad (type: routers) to 1
2026-07-02 06:18:23.863 10 INFO neutron.wsgi [None req-3a0db6b0-4b3f-452c-8dc2-80ad87f4214e 1be32f798894420280696e9e3671eee3 2b19fb944ee843fb8de3688e9b3ddefc - - default default] 10.0.0.183 "POST /v2.0/routers HTTP/1.1" status: 201 len: 769 time: 0.1399579
2026-07-02 06:18:23.872 10 WARNING neutron_lib.context [None req-d91d981f-cb50-4da9-8840-3581e9dc5048 1be32f798894420280696e9e3671eee3 2b19fb944ee843fb8de3688e9b3ddefc - - default default] Method 'is_advsvc' is deprecated since 2023.2 release (neutron-lib 3.8.0) and will be removed once support for the old RBAC API policies will be removed from Neutron. Please use method 'is_service_role' instead.
2026-07-02 06:18:23.919 9 ERROR ovsdbapp.backend.ovs_idl.command [None req-45f5030a-d8b6-4850-8624-7684715fc3f1 79e1c41e68b04a93afebc35c6625dd98 ad80bbbe12334d2a856ec612224739e0 - - default default] Error executing command (DbGetCommand): ovsdbapp.backend.ovs_idl.idlutils.RowNotFound: Cannot find Logical_Router_Port with name=lrp-9aca1eae-1a0a-46a1-90ad-678aef090599
2026-07-02 06:18:23.919 9 ERROR ovsdbapp.backend.ovs_idl.command
Traceback (most recent call last):
2026-07-02 06:18:23.919 9 ERROR ovsdbapp.backend.ovs_idl.command
File "/var/lib/openstack/lib/python3.10/site-packages/ovsdbapp/backend/ovs_idl/command.py", line 47, in execute
2026-07-02 06:18:23.919 9 ERROR ovsdbapp.backend.ovs_idl.command self.run_idl(None)
2026-07-02 06:18:23.919 9 ERROR ovsdbapp.backend.ovs_idl.command
File "/var/lib/openstack/lib/python3.10/site-packages/ovsdbapp/backend/ovs_idl/command.py", line 235, in run_idl
2026-07-02 06:18:23.919 9 ERROR ovsdbapp.backend.ovs_idl.command record = self.api.lookup(self.table, self.record)
2026-07-02 06:18:23.919 9 ERROR ovsdbapp.backend.ovs_idl.command
File "/var/lib/openstack/lib/python3.10/site-packages/ovsdbapp/backend/ovs_idl/__init__.py", line 184, in lookup
2026-07-02 06:18:23.919 9 ERROR ovsdbapp.backend.ovs_idl.command return self._lookup(table, record)
2026-07-02 06:18:23.919 9 ERROR ovsdbapp.backend.ovs_idl.command
File "/var/lib/openstack/lib/python3.10/site-packages/ovsdbapp/backend/ovs_idl/__init__.py", line 235, in _lookup
2026-07-02 06:18:23.919 9 ERROR ovsdbapp.backend.ovs_idl.command row = idlutils.row_by_value(self, rl.table, rl.column, record)
2026-07-02 06:18:23.919 9 ERROR ovsdbapp.backend.ovs_idl.command
File "/var/lib/openstack/lib/python3.10/site-packages/ovsdbapp/backend/ovs_idl/idlutils.py", line 114, in row_by_value
2026-07-02 06:18:23.919 9 ERROR ovsdbapp.backend.ovs_idl.command raise RowNotFound(table=table, col=column, match=match)
2026-07-02 06:18:23.919 9 ERROR ovsdbapp.backend.ovs_idl.command ovsdbapp.backend.ovs_idl.idlutils.RowNotFound: Cannot find Logical_Router_Port with name=lrp-9aca1eae-1a0a-46a1-90ad-678aef090599
2026-07-02 06:18:23.919 9 ERROR ovsdbapp.backend.ovs_idl.command 
2026-07-02 06:18:23.919 9 ERROR neutron_lib.callbacks.manager [None req-45f5030a-d8b6-4850-8624-7684715fc3f1 79e1c41e68b04a93afebc35c6625dd98 ad80bbbe12334d2a856ec612224739e0 - - default default] Error during notification for neutron.services.ovn_l3.plugin.OVNL3RouterPlugin._port_update-8790254931686 port, after_update: ovsdbapp.backend.ovs_idl.idlutils.RowNotFound: Cannot find Logical_Router_Port with name=lrp-9aca1eae-1a0a-46a1-90ad-678aef090599
2026-07-02 06:18:23.919 9 ERROR neutron_lib.callbacks.manager
Traceback (most recent call last):
2026-07-02 06:18:23.919 9 ERROR neutron_lib.callbacks.manager
File "/var/lib/openstack/lib/python3.10/site-packages/neutron_lib/callbacks/manager.py", line 189, in _notify_loop
2026-07-02 06:18:23.919 9 ERROR neutron_lib.callbacks.manager callback.method(resource, event, trigger, payload=payload)
2026-07-02 06:18:23.919 9 ERROR neutron_lib.callbacks.manager
File "/var/lib/openstack/lib/python3.10/site-packages/neutron/services/ovn_l3/plugin.py", line 391, in _port_update
2026-07-02 06:18:23.919 9 ERROR neutron_lib.callbacks.manager l3plugin._ovn_client.update_router_port(context,
2026-07-02 06:18:23.919 9 ERROR neutron_lib.callbacks.manager
File "/var/lib/openstack/lib/python3.10/site-packages/neutron/plugins/ml2/drivers/ovn/mech_driver/ovsdb/ovn_client.py", line 1878, in update_router_port
2026-07-02 06:18:23.919 9 ERROR neutron_lib.callbacks.manager self._update_lrouter_port(context, port, if_exists=if_exists,
2026-07-02 06:18:23.919 9 ERROR neutron_lib.callbacks.manager
File "/var/lib/openstack/lib/python3.10/site-packages/neutron/plugins/ml2/drivers/ovn/mech_driver/ovsdb/ovn_client.py", line 1855, in _update_lrouter_port
2026-07-02 06:18:23.919 9 ERROR neutron_lib.callbacks.manager external_ids = self._nb_idl.db_get(
2026-07-02 06:18:23.919 9 ERROR neutron_lib.callbacks.manager
File "/var/lib/openstack/lib/python3.10/site-packages/ovsdbapp/backend/ovs_idl/command.py", line 47, in execute
2026-07-02 06:18:23.919 9 ERROR neutron_lib.callbacks.manager self.run_idl(None)
2026-07-02 06:18:23.919 9 ERROR neutron_lib.callbacks.manager
File "/var/lib/openstack/lib/python3.10/site-packages/ovsdbapp/backend/ovs_idl/command.py", line 235, in run_idl
2026-07-02 06:18:23.919 9 ERROR neutron_lib.callbacks.manager record = self.api.lookup(self.table, self.record)
2026-07-02 06:18:23.919 9 ERROR neutron_lib.callbacks.manager
File "/var/lib/openstack/lib/python3.10/site-packages/ovsdbapp/backend/ovs_idl/__init__.py", line 184, in lookup
2026-07-02 06:18:23.919 9 ERROR neutron_lib.callbacks.manager return self._lookup(table, record)
2026-07-02 06:18:23.919 9 ERROR neutron_lib.callbacks.manager
File "/var/lib/openstack/lib/python3.10/site-packages/ovsdbapp/backend/ovs_idl/__init__.py", line 235, in _lookup
2026-07-02 06:18:23.919 9 ERROR neutron_lib.callbacks.manager row = idlutils.row_by_value(self, rl.table, rl.column, record)
2026-07-02 06:18:23.919 9 ERROR neutron_lib.callbacks.manager
File "/var/lib/openstack/lib/python3.10/site-packages/ovsdbapp/backend/ovs_idl/idlutils.py", line 114, in row_by_value
2026-07-02 06:18:23.919 9 ERROR neutron_lib.callbacks.manager raise RowNotFound(table=table, col=column, match=match)
2026-07-02 06:18:23.919 9 ERROR neutron_lib.callbacks.manager ovsdbapp.backend.ovs_idl.idlutils.RowNotFound: Cannot find Logical_Router_Port with name=lrp-9aca1eae-1a0a-46a1-90ad-678aef090599
2026-07-02 06:18:23.919 9 ERROR neutron_lib.callbacks.manager 
2026-07-02 06:18:23.973 10 INFO neutron.db.ovn_revision_numbers_db [None req-d91d981f-cb50-4da9-8840-3581e9dc5048 1be32f798894420280696e9e3671eee3 2b19fb944ee843fb8de3688e9b3ddefc - - default default] Successfully bumped revision number for resource df9192bf-2dfa-4d9a-916d-365a040a6f4b (type: routers) to 1
2026-07-02 06:18:23.988 10 INFO neutron.wsgi [None req-d91d981f-cb50-4da9-8840-3581e9dc5048 1be32f798894420280696e9e3671eee3 2b19fb944ee843fb8de3688e9b3ddefc - - default default] 10.0.0.183 "POST /v2.0/routers HTTP/1.1" status: 201 len: 769 time: 0.1208947
2026-07-02 06:18:24.055 10 INFO neutron.wsgi [None req-579a826a-c5f6-42b8-a316-258af83fd2d7 1be32f798894420280696e9e3671eee3 2b19fb944ee843fb8de3688e9b3ddefc - - default default] 10.0.0.183 "PUT /v2.0/routers/7a7f47f5-2e58-4d72-81b1-50446e7e55e2/tags HTTP/1.1" status: 200 len: 210 time: 0.0622890
2026-07-02 06:18:24.117 10 INFO neutron.wsgi [None req-0da9e750-7bc9-4831-9e79-9189094159ba 1be32f798894420280696e9e3671eee3 2b19fb944ee843fb8de3688e9b3ddefc - - default default] 10.0.0.183 "PUT /v2.0/routers/b7b10ff8-6405-4d21-aaaf-a9386d63a9cf/tags HTTP/1.1" status: 200 len: 218 time: 0.0579841
2026-07-02 06:18:24.121 9 INFO neutron.db.ovn_revision_numbers_db [None req-45f5030a-d8b6-4850-8624-7684715fc3f1 79e1c41e68b04a93afebc35c6625dd98 ad80bbbe12334d2a856ec612224739e0 - - default default] Successfully bumped revision number for resource 9aca1eae-1a0a-46a1-90ad-678aef090599 (type: ports) to 3
2026-07-02 06:18:24.184 9 WARNING neutron.scheduler.dhcp_agent_scheduler [None req-45f5030a-d8b6-4850-8624-7684715fc3f1 79e1c41e68b04a93afebc35c6625dd98 ad80bbbe12334d2a856ec612224739e0 - - default default] No more DHCP agents
2026-07-02 06:18:24.185 10 INFO neutron.wsgi [None req-8737abd5-b94d-4447-b0e7-bb20f65289ff 1be32f798894420280696e9e3671eee3 2b19fb944ee843fb8de3688e9b3ddefc - - default default] 10.0.0.183 "PUT /v2.0/routers/c9a9f405-155a-40c8-82c7-6820a2af27bd/tags HTTP/1.1" status: 200 len: 227 time: 0.0629475
2026-07-02 06:18:24.186 9 WARNING neutron.api.rpc.agentnotifiers.dhcp_rpc_agent_api [None req-45f5030a-d8b6-4850-8624-7684715fc3f1 79e1c41e68b04a93afebc35c6625dd98 ad80bbbe12334d2a856ec612224739e0 - - default default] Unable to schedule network 6a74a6d7-359b-4c5d-b94e-916f3115177d: no agents available; will retry on subsequent port and subnet creation events.
2026-07-02 06:18:24.238 10 INFO neutron.wsgi [None req-45602b91-a641-48ab-88e6-e92903917e1e 1be32f798894420280696e9e3671eee3 2b19fb944ee843fb8de3688e9b3ddefc - - default default] 10.0.0.183 "PUT /v2.0/routers/c24cc2f1-a78f-482c-8968-d44f8abbbfad/tags HTTP/1.1" status: 200 len: 212 time: 0.0489700
2026-07-02 06:18:24.320 10 INFO neutron.wsgi [None req-25e7e021-ca69-4268-bd3e-185c9de93ddf 1be32f798894420280696e9e3671eee3 2b19fb944ee843fb8de3688e9b3ddefc - - default default] 10.0.0.183 "GET /v2.0/routers?tags=red HTTP/1.1" status: 200 len: 1946 time: 0.0773613
2026-07-02 06:18:24.334 9 INFO neutron.db.ovn_revision_numbers_db [None req-45f5030a-d8b6-4850-8624-7684715fc3f1 79e1c41e68b04a93afebc35c6625dd98 ad80bbbe12334d2a856ec612224739e0 - - default default] Successfully bumped revision number for resource 9aca1eae-1a0a-46a1-90ad-678aef090599 (type: router_ports) to 3
2026-07-02 06:18:24.340 9 INFO neutron.wsgi [None req-45f5030a-d8b6-4850-8624-7684715fc3f1 79e1c41e68b04a93afebc35c6625dd98 ad80bbbe12334d2a856ec612224739e0 - - default default] 10.0.0.183 "PUT /v2.0/routers/66aa2501-bb9b-4e32-ac40-1fdcd7888016/add_router_interface HTTP/1.1" status: 200 len: 503 time: 1.9904034 /var/lib/openstack/lib/python3.10/site-packages/pycadf/identifier.py:71: UserWarning: Invalid uuid: neutron. To ensure interoperability, identifiers should be a valid uuid. warnings.warn(('Invalid uuid: %s. To ensure interoperability, '
2026-07-02 06:18:24.380 9 INFO neutron.wsgi [None req-466bb180-1c2c-4f9d-ae05-5c046f90c6c8 79e1c41e68b04a93afebc35c6625dd98 ad80bbbe12334d2a856ec612224739e0 - - default default] 10.0.0.183 "GET /v2.0/ports/9aca1eae-1a0a-46a1-90ad-678aef090599 HTTP/1.1" status: 200 len: 1209 time: 0.0339236
2026-07-02 06:18:24.396 10 INFO neutron.wsgi [None req-a25a6b84-bf26-46ee-a61c-eac7949587e4 1be32f798894420280696e9e3671eee3 2b19fb944ee843fb8de3688e9b3ddefc - - default default] 10.0.0.183 "GET /v2.0/routers?tags=red%2Cblue HTTP/1.1" status: 200 len: 1375 time: 0.0709088
2026-07-02 06:18:24.471 9 INFO neutron.wsgi [None req-a7d53c96-9003-4185-8786-f6df5c907129 1be32f798894420280696e9e3671eee3 2b19fb944ee843fb8de3688e9b3ddefc - - default default] 10.0.0.183 "GET /v2.0/routers?tags-any=blue HTTP/1.1" status: 200 len: 1375 time: 0.0694807
2026-07-02 06:18:24.527 9 INFO neutron.wsgi [None req-b1d40b45-4556-42f2-9cd1-93150999bc30 1be32f798894420280696e9e3671eee3 2b19fb944ee843fb8de3688e9b3ddefc - - default default] 10.0.0.183 "GET /v2.0/routers?tags-any=red%2Cblue HTTP/1.1" status: 200 len: 1946 time: 0.0513165
2026-07-02 06:18:24.615 9 INFO neutron.wsgi [None req-461c1780-0319-42d0-8225-4e5af7761c45 1be32f798894420280696e9e3671eee3 2b19fb944ee843fb8de3688e9b3ddefc - - default default] 10.0.0.183 "GET /v2.0/routers?not-tags=red HTTP/1.1" status: 200 len: 1347 time: 0.0829859
2026-07-02 06:18:24.703 9 INFO neutron.wsgi [None req-920f9394-7e4e-4af0-b27f-cf05e47e3c9c 1be32f798894420280696e9e3671eee3 2b19fb944ee843fb8de3688e9b3ddefc - - default default] 10.0.0.183 "GET /v2.0/routers?not-tags=red%2Cblue HTTP/1.1" status: 200 len: 1918 time: 0.0834928
2026-07-02 06:18:24.804 9 INFO neutron.wsgi [None req-56dc6020-a38c-4de2-af67-4da4466b012b 1be32f798894420280696e9e3671eee3 2b19fb944ee843fb8de3688e9b3ddefc - - default default] 10.0.0.183 "GET /v2.0/routers?not-tags-any=blue HTTP/1.1" status: 200 len: 1918 time: 0.0959828
2026-07-02 06:18:24.858 9 INFO neutron.wsgi [None req-8d0975d8-69d5-4420-a95b-54eef5b06df5 1be32f798894420280696e9e3671eee3 2b19fb944ee843fb8de3688e9b3ddefc - - default default] 10.0.0.183 "GET /v2.0/routers?not-tags-any=red%2Cblue HTTP/1.1" status: 200 len: 1347 time: 0.0487337
2026-07-02 06:18:24.912 9 INFO neutron.wsgi [None req-83796af6-6ae8-4697-aee7-e6f192b99812 1be32f798894420280696e9e3671eee3 2b19fb944ee843fb8de3688e9b3ddefc - - default default] 10.0.0.183 "GET /v2.0/routers/7a7f47f5-2e58-4d72-81b1-50446e7e55e2 HTTP/1.1" status: 200 len: 775 time: 0.0456140
2026-07-02 06:18:25.412 10 INFO neutron.wsgi [None req-94d4c9c7-b718-47b8-9b65-720faa19395f 79e1c41e68b04a93afebc35c6625dd98 ad80bbbe12334d2a856ec612224739e0 - - default default] 10.0.0.183 "PUT /v2.0/routers/66aa2501-bb9b-4e32-ac40-1fdcd7888016/remove_router_interface HTTP/1.1" status: 200 len: 503 time: 1.0267742 /var/lib/openstack/lib/python3.10/site-packages/pycadf/identifier.py:71: UserWarning: Invalid uuid: neutron. To ensure interoperability, identifiers should be a valid uuid. warnings.warn(('Invalid uuid: %s. To ensure interoperability, '
2026-07-02 06:18:25.449 10 WARNING neutron_lib.context [None req-8f0ad469-e6be-435a-803c-cc266002ea3f f8078b4a45474009aaf7ece6a4f59c8e 554d1748e7a048b8bb4d8e7bc789e82e - - default default] Method 'is_advsvc' is deprecated since 2023.2 release (neutron-lib 3.8.0) and will be removed once support for the old RBAC API policies will be removed from Neutron. Please use method 'is_service_role' instead.
2026-07-02 06:18:25.458 10 WARNING neutron_lib.context [None req-55f48e94-5cbb-4819-8e5e-7ec2d7f4cd36 0924b1e6dae84127a11e5c8b535c48c8 4d6f98aef9d64517a3dd2c6c16b12ca7 - - default default] Method 'is_advsvc' is deprecated since 2023.2 release (neutron-lib 3.8.0) and will be removed once support for the old RBAC API policies will be removed from Neutron. Please use method 'is_service_role' instead.
2026-07-02 06:18:25.510 10 INFO neutron.api.v2.resource [None req-393d7aa5-ff2e-4d13-95d9-32dab80acd74 79e1c41e68b04a93afebc35c6625dd98 ad80bbbe12334d2a856ec612224739e0 - - default default] remove_router_interface failed (client error): The resource could not be found.
2026-07-02 06:18:25.511 10 INFO neutron.wsgi [None req-393d7aa5-ff2e-4d13-95d9-32dab80acd74 79e1c41e68b04a93afebc35c6625dd98 ad80bbbe12334d2a856ec612224739e0 - - default default] 10.0.0.183 "PUT /v2.0/routers/66aa2501-bb9b-4e32-ac40-1fdcd7888016/remove_router_interface HTTP/1.1" status: 404 len: 398 time: 0.0924718
2026-07-02 06:18:25.533 9 INFO neutron.db.ovn_revision_numbers_db [None req-6916857f-fbe7-492d-84b1-f1f55bc17eb4 1be32f798894420280696e9e3671eee3 2b19fb944ee843fb8de3688e9b3ddefc - - default default] Successfully bumped revision number for resource 7a7f47f5-2e58-4d72-81b1-50446e7e55e2 (type: routers) to 2
2026-07-02 06:18:25.539 9 INFO neutron.wsgi [None req-6916857f-fbe7-492d-84b1-f1f55bc17eb4 1be32f798894420280696e9e3671eee3 2b19fb944ee843fb8de3688e9b3ddefc - - default default] 10.0.0.183 "PUT /v2.0/routers/7a7f47f5-2e58-4d72-81b1-50446e7e55e2 HTTP/1.1" status: 200 len: 775 time: 0.6240606
2026-07-02 06:18:25.541 9 INFO neutron.wsgi [None req-8089b27c-c470-42fa-be1e-31f8c4c632f2 79e1c41e68b04a93afebc35c6625dd98 ad80bbbe12334d2a856ec612224739e0 - - default default] 10.0.0.183 "GET /v2.0/ports?device_id=66aa2501-bb9b-4e32-ac40-1fdcd7888016 HTTP/1.1" status: 200 len: 205 time: 0.0253663
2026-07-02 06:18:25.585 9 INFO neutron.wsgi [None req-5e5dc668-c46b-4b82-b306-973a411a74fe 1be32f798894420280696e9e3671eee3 2b19fb944ee843fb8de3688e9b3ddefc - - default default] 10.0.0.183 "GET /v2.0/ports?device_id=7a7f47f5-2e58-4d72-81b1-50446e7e55e2 HTTP/1.1" status: 200 len: 205 time: 0.0402963
2026-07-02 06:18:25.623 10 INFO neutron.db.ovn_revision_numbers_db [None req-8f0ad469-e6be-435a-803c-cc266002ea3f f8078b4a45474009aaf7ece6a4f59c8e 554d1748e7a048b8bb4d8e7bc789e82e - - default default] Successfully bumped revision number for resource 6fbdb9fe-bd6e-4343-a9eb-103f5b2a8475 (type: routers) to 1
2026-07-02 06:18:25.670 10 INFO neutron.wsgi [None req-8f0ad469-e6be-435a-803c-cc266002ea3f f8078b4a45474009aaf7ece6a4f59c8e 554d1748e7a048b8bb4d8e7bc789e82e - - default default] 10.0.0.183 "POST /v2.0/routers HTTP/1.1" status: 201 len: 769 time: 0.3304965
2026-07-02 06:18:25.795 10 INFO neutron.db.ovn_revision_numbers_db [None req-55f48e94-5cbb-4819-8e5e-7ec2d7f4cd36 0924b1e6dae84127a11e5c8b535c48c8 4d6f98aef9d64517a3dd2c6c16b12ca7 - - default default] Successfully bumped revision number for resource 02ce597b-cc31-4ccf-9cd4-4e4f5ab4344a (type: security_groups) to 1
2026-07-02 06:18:25.820 9 INFO neutron.wsgi [None req-8060e818-23bc-4e79-bdac-10199ad402da f8078b4a45474009aaf7ece6a4f59c8e 554d1748e7a048b8bb4d8e7bc789e82e - - default default] 10.0.0.183 "PUT /v2.0/routers/6fbdb9fe-bd6e-4343-a9eb-103f5b2a8475/tags HTTP/1.1" status: 200 len: 218 time: 0.1339128
2026-07-02 06:18:25.842 10 INFO neutron.db.ovn_revision_numbers_db [None req-55f48e94-5cbb-4819-8e5e-7ec2d7f4cd36 0924b1e6dae84127a11e5c8b535c48c8 4d6f98aef9d64517a3dd2c6c16b12ca7 - - default default] Successfully bumped revision number for resource 1696353b-34f5-446f-899d-baa2be4aa24c (type: security_group_rules) to 0
2026-07-02 06:18:25.865 10 INFO neutron.db.ovn_revision_numbers_db [None req-55f48e94-5cbb-4819-8e5e-7ec2d7f4cd36 0924b1e6dae84127a11e5c8b535c48c8 4d6f98aef9d64517a3dd2c6c16b12ca7 - - default default] Successfully bumped revision number for resource 39f0fa8c-722b-44a4-908a-95e0389da18c (type: security_group_rules) to 0
2026-07-02 06:18:25.875 10 INFO neutron.wsgi [None req-a9a64f09-d175-42ab-b36a-44b7ba8de95c 1be32f798894420280696e9e3671eee3 2b19fb944ee843fb8de3688e9b3ddefc - - default default] 10.0.0.183 "DELETE /v2.0/routers/7a7f47f5-2e58-4d72-81b1-50446e7e55e2 HTTP/1.1" status: 204 len: 168 time: 0.2828748
2026-07-02 06:18:25.883 9 INFO neutron.wsgi [None req-29d16e7f-b933-45dc-a4de-121449237edc 79e1c41e68b04a93afebc35c6625dd98 ad80bbbe12334d2a856ec612224739e0 - - default default] 10.0.0.183 "DELETE /v2.0/routers/66aa2501-bb9b-4e32-ac40-1fdcd7888016 HTTP/1.1" status: 204 len: 168 time: 0.3381670
2026-07-02 06:18:25.884 9 INFO neutron.wsgi [None req-7061bf32-c705-474e-8d46-28bc3cc99c97 f8078b4a45474009aaf7ece6a4f59c8e 554d1748e7a048b8bb4d8e7bc789e82e - - default default] 10.0.0.183 "GET /v2.0/routers/6fbdb9fe-bd6e-4343-a9eb-103f5b2a8475/tags HTTP/1.1" status: 200 len: 218 time: 0.0523846
2026-07-02 06:18:25.886 10 INFO neutron.db.ovn_revision_numbers_db [None req-55f48e94-5cbb-4819-8e5e-7ec2d7f4cd36 0924b1e6dae84127a11e5c8b535c48c8 4d6f98aef9d64517a3dd2c6c16b12ca7 - - default default] Successfully bumped revision number for resource b36a1dbd-1cb0-49fe-9b8d-9bdd670958a1 (type: security_group_rules) to 0
2026-07-02 06:18:25.922 10 INFO neutron.db.ovn_revision_numbers_db [None req-55f48e94-5cbb-4819-8e5e-7ec2d7f4cd36 0924b1e6dae84127a11e5c8b535c48c8 4d6f98aef9d64517a3dd2c6c16b12ca7 - - default default] Successfully bumped revision number for resource fac03845-3c7a-4f9d-9d1b-526608af41a5 (type: security_group_rules) to 0
2026-07-02 06:18:25.942 10 INFO neutron.wsgi [None req-3ca73b2d-fe7c-4ea3-8311-3ec7c4265bad 1be32f798894420280696e9e3671eee3 2b19fb944ee843fb8de3688e9b3ddefc - - default default] 10.0.0.183 "GET /v2.0/routers/b7b10ff8-6405-4d21-aaaf-a9386d63a9cf HTTP/1.1" status: 200 len: 783 time: 0.0611753
2026-07-02 06:18:26.002 9 INFO neutron.wsgi [None req-3e33f4a7-e995-4227-b79c-76e914ac40b4 f8078b4a45474009aaf7ece6a4f59c8e 554d1748e7a048b8bb4d8e7bc789e82e - - default default] 10.0.0.183 "PUT /v2.0/routers/6fbdb9fe-bd6e-4343-a9eb-103f5b2a8475/tags/green HTTP/1.1" status: 201 len: 201 time: 0.1133692
2026-07-02 06:18:26.030 10 INFO neutron.db.ovn_revision_numbers_db [None req-55f48e94-5cbb-4819-8e5e-7ec2d7f4cd36 0924b1e6dae84127a11e5c8b535c48c8 4d6f98aef9d64517a3dd2c6c16b12ca7 - - default default] Successfully bumped revision number for resource 79125a0d-4c77-45f9-832d-f3c9ff2ee660 (type: security_groups) to 1
2026-07-02 06:18:26.044 10 INFO neutron.db.ovn_revision_numbers_db [None req-55f48e94-5cbb-4819-8e5e-7ec2d7f4cd36 0924b1e6dae84127a11e5c8b535c48c8 4d6f98aef9d64517a3dd2c6c16b12ca7 - - default default] Successfully bumped revision number for resource 5b70fbec-3017-47bd-bf24-11137d86b41a (type: security_group_rules) to 0
2026-07-02 06:18:26.058 10 INFO neutron.db.ovn_revision_numbers_db [None req-55f48e94-5cbb-4819-8e5e-7ec2d7f4cd36 0924b1e6dae84127a11e5c8b535c48c8 4d6f98aef9d64517a3dd2c6c16b12ca7 - - default default] Successfully bumped revision number for resource cc4c6fba-acbc-4197-aff0-c330e96ab574 (type: security_group_rules) to 0
2026-07-02 06:18:26.084 10 INFO neutron.wsgi [None req-55f48e94-5cbb-4819-8e5e-7ec2d7f4cd36 0924b1e6dae84127a11e5c8b535c48c8 4d6f98aef9d64517a3dd2c6c16b12ca7 - - default default] 10.0.0.183 "POST /v2.0/security-groups HTTP/1.1" status: 201 len: 1801 time: 0.6885614
2026-07-02 06:18:26.094 10 WARNING neutron_lib.context [None req-e0cb4ed4-a36d-475b-94da-3de285d95e5f 0924b1e6dae84127a11e5c8b535c48c8 4d6f98aef9d64517a3dd2c6c16b12ca7 - - default default] Method 'is_advsvc' is deprecated since 2023.2 release (neutron-lib 3.8.0) and will be removed once support for the old RBAC API policies will be removed from Neutron. Please use method 'is_service_role' instead.
2026-07-02 06:18:26.102 9 INFO neutron.wsgi [None req-f680ea3a-9548-46df-b2e7-2ffeaa01e2c3 f8078b4a45474009aaf7ece6a4f59c8e 554d1748e7a048b8bb4d8e7bc789e82e - - default default] 10.0.0.183 "GET /v2.0/routers/6fbdb9fe-bd6e-4343-a9eb-103f5b2a8475/tags HTTP/1.1" status: 200 len: 227 time: 0.0944963
2026-07-02 06:18:26.165 10 INFO neutron.wsgi [None req-41a78154-ca8c-4e5b-975c-e00fbad64d75 f8078b4a45474009aaf7ece6a4f59c8e 554d1748e7a048b8bb4d8e7bc789e82e - - default default] 10.0.0.183 "PUT /v2.0/routers/6fbdb9fe-bd6e-4343-a9eb-103f5b2a8475/tags/red HTTP/1.1" status: 201 len: 201 time: 0.0584345
2026-07-02 06:18:26.237 10 INFO neutron.wsgi [None req-71563cd7-8c2b-48b3-96f0-c28d779459af f8078b4a45474009aaf7ece6a4f59c8e 554d1748e7a048b8bb4d8e7bc789e82e - - default default] 10.0.0.183 "GET /v2.0/routers/6fbdb9fe-bd6e-4343-a9eb-103f5b2a8475/tags HTTP/1.1" status: 200 len: 227 time: 0.0673344
2026-07-02 06:18:26.315 10 INFO neutron.wsgi [None req-a9931d3c-aea8-477e-b60f-dff51c1a17a4 f8078b4a45474009aaf7ece6a4f59c8e 554d1748e7a048b8bb4d8e7bc789e82e - - default default] 10.0.0.183 "PUT /v2.0/routers/6fbdb9fe-bd6e-4343-a9eb-103f5b2a8475/tags/black.or.white HTTP/1.1" status: 201 len: 201 time: 0.0736051
2026-07-02 06:18:26.328 9 INFO neutron.wsgi [None req-b6e3007d-de79-4569-917f-14da45db470a 79e1c41e68b04a93afebc35c6625dd98 ad80bbbe12334d2a856ec612224739e0 - - default default] 10.0.0.183 "DELETE /v2.0/subnets/49fbd62e-008d-4f70-aabe-6742dde15586 HTTP/1.1" status: 204 len: 168 time: 0.4390302
2026-07-02 06:18:26.344 10 INFO neutron.db.ovn_revision_numbers_db [None req-e0cb4ed4-a36d-475b-94da-3de285d95e5f 0924b1e6dae84127a11e5c8b535c48c8 4d6f98aef9d64517a3dd2c6c16b12ca7 - - default default] Successfully bumped revision number for resource 3f5bdaa4-8043-45a0-afac-af883ea7e936 (type: security_groups) to 1
2026-07-02 06:18:26.400 10 INFO neutron.db.ovn_revision_numbers_db [None req-e0cb4ed4-a36d-475b-94da-3de285d95e5f 0924b1e6dae84127a11e5c8b535c48c8 4d6f98aef9d64517a3dd2c6c16b12ca7 - - default default] Successfully bumped revision number for resource 0673f45e-feae-4bb3-97ed-4a4ceb65307f (type: security_group_rules) to 0
2026-07-02 06:18:26.404 10 INFO neutron.wsgi [None req-edd6f77f-f9a2-40b0-b56e-00d58c68a4e8 f8078b4a45474009aaf7ece6a4f59c8e 554d1748e7a048b8bb4d8e7bc789e82e - - default default] 10.0.0.183 "GET /v2.0/routers/6fbdb9fe-bd6e-4343-a9eb-103f5b2a8475/tags HTTP/1.1" status: 200 len: 245 time: 0.0844288
2026-07-02 06:18:26.427 10 INFO neutron.db.ovn_revision_numbers_db [None req-e0cb4ed4-a36d-475b-94da-3de285d95e5f 0924b1e6dae84127a11e5c8b535c48c8 4d6f98aef9d64517a3dd2c6c16b12ca7 - - default default] Successfully bumped revision number for resource 86ff7005-7c9b-4d1a-815a-c69c4ccc9e44 (type: security_group_rules) to 0
2026-07-02 06:18:26.488 10 INFO neutron.wsgi [None req-e0cb4ed4-a36d-475b-94da-3de285d95e5f 0924b1e6dae84127a11e5c8b535c48c8 4d6f98aef9d64517a3dd2c6c16b12ca7 - - default default] 10.0.0.183 "POST /v2.0/security-groups HTTP/1.1" status: 201 len: 1801 time: 0.3979061
2026-07-02 06:18:26.499 10 WARNING neutron_lib.context [None req-03acb114-6ac1-4d48-a2c8-e759dc49fcc0 0924b1e6dae84127a11e5c8b535c48c8 4d6f98aef9d64517a3dd2c6c16b12ca7 - - default default] Method 'is_advsvc' is deprecated since 2023.2 release (neutron-lib 3.8.0) and will be removed once support for the old RBAC API policies will be removed from Neutron. Please use method 'is_service_role' instead.
2026-07-02 06:18:26.533 10 INFO neutron.wsgi [None req-b791840b-ac11-40ff-827c-6ce565d8d8dc f8078b4a45474009aaf7ece6a4f59c8e 554d1748e7a048b8bb4d8e7bc789e82e - - default default] 10.0.0.183 "PUT /v2.0/routers/6fbdb9fe-bd6e-4343-a9eb-103f5b2a8475/tags HTTP/1.1" status: 200 len: 230 time: 0.1188526
2026-07-02 06:18:26.612 10 INFO neutron.wsgi [None req-6747971c-9ffa-4305-b607-11b9a0dc60f7 f8078b4a45474009aaf7ece6a4f59c8e 554d1748e7a048b8bb4d8e7bc789e82e - - default default] 10.0.0.183 "GET /v2.0/routers/6fbdb9fe-bd6e-4343-a9eb-103f5b2a8475/tags HTTP/1.1" status: 200 len: 230 time: 0.0733602
2026-07-02 06:18:26.622 9 INFO neutron.db.ovn_revision_numbers_db [None req-1c497f7f-8231-4381-8b01-d09edc3e9de9 1be32f798894420280696e9e3671eee3 2b19fb944ee843fb8de3688e9b3ddefc - - default default] Successfully bumped revision number for resource b7b10ff8-6405-4d21-aaaf-a9386d63a9cf (type: routers) to 2
2026-07-02 06:18:26.627 9 INFO neutron.wsgi [None req-1c497f7f-8231-4381-8b01-d09edc3e9de9 1be32f798894420280696e9e3671eee3 2b19fb944ee843fb8de3688e9b3ddefc - - default default] 10.0.0.183 "PUT /v2.0/routers/b7b10ff8-6405-4d21-aaaf-a9386d63a9cf HTTP/1.1" status: 200 len: 783 time: 0.6792583
2026-07-02 06:18:26.669 10 INFO neutron.wsgi [None req-8232c081-3e1f-4610-ba1a-89cce6f8f8e3 1be32f798894420280696e9e3671eee3 2b19fb944ee843fb8de3688e9b3ddefc - - default default] 10.0.0.183 "GET /v2.0/ports?device_id=b7b10ff8-6405-4d21-aaaf-a9386d63a9cf HTTP/1.1" status: 200 len: 205 time: 0.0306385
2026-07-02 06:18:26.677 9 INFO neutron.wsgi [None req-4e62a15f-c795-4c1d-a079-122e4fa8d381 f8078b4a45474009aaf7ece6a4f59c8e 554d1748e7a048b8bb4d8e7bc789e82e - - default default] 10.0.0.183 "GET /v2.0/routers/6fbdb9fe-bd6e-4343-a9eb-103f5b2a8475/tags/red HTTP/1.1" status: 204 len: 168 time: 0.0609188
2026-07-02 06:18:26.967 9 INFO neutron.wsgi [None req-7c86bf69-f4bd-40d9-80ba-fe3cac2c5a84 1be32f798894420280696e9e3671eee3 2b19fb944ee843fb8de3688e9b3ddefc - - default default] 10.0.0.183 "DELETE /v2.0/routers/b7b10ff8-6405-4d21-aaaf-a9386d63a9cf HTTP/1.1" status: 204 len: 168 time: 0.2926266
2026-07-02 06:18:26.997 10 INFO neutron.api.v2.resource [None req-6bdb9046-b620-4df2-96e5-b25e65a04d08 f8078b4a45474009aaf7ece6a4f59c8e 554d1748e7a048b8bb4d8e7bc789e82e - - default default] show failed (client error): The resource could not be found.
2026-07-02 06:18:26.999 10 INFO neutron.wsgi [None req-6bdb9046-b620-4df2-96e5-b25e65a04d08 f8078b4a45474009aaf7ece6a4f59c8e 554d1748e7a048b8bb4d8e7bc789e82e - - default default] 10.0.0.183 "GET /v2.0/routers/6fbdb9fe-bd6e-4343-a9eb-103f5b2a8475/tags/green HTTP/1.1" status: 404 len: 299 time: 0.3144932
2026-07-02 06:18:27.017 9 INFO neutron.wsgi [None req-75cdea70-7c07-4ba1-901b-a787bea6423a 1be32f798894420280696e9e3671eee3 2b19fb944ee843fb8de3688e9b3ddefc - - default default] 10.0.0.183 "GET /v2.0/routers/c9a9f405-155a-40c8-82c7-6820a2af27bd HTTP/1.1" status: 200 len: 792 time: 0.0457518
2026-07-02 06:18:27.039 10 INFO neutron.db.ovn_revision_numbers_db [None req-03acb114-6ac1-4d48-a2c8-e759dc49fcc0 0924b1e6dae84127a11e5c8b535c48c8 4d6f98aef9d64517a3dd2c6c16b12ca7 - - default default] Successfully bumped revision number for resource 11da11a3-425f-408f-bb6d-71166475409d (type: security_groups) to 1
2026-07-02 06:18:27.068 10 INFO neutron.db.ovn_revision_numbers_db [None req-03acb114-6ac1-4d48-a2c8-e759dc49fcc0 0924b1e6dae84127a11e5c8b535c48c8 4d6f98aef9d64517a3dd2c6c16b12ca7 - - default default] Successfully bumped revision number for resource d88ce379-65ed-47a5-b338-337f5fe37e9d (type: security_group_rules) to 0
2026-07-02 06:18:27.079 10 INFO neutron.wsgi [None req-8968427e-af15-4e16-9c76-f938af80c0e4 f8078b4a45474009aaf7ece6a4f59c8e 554d1748e7a048b8bb4d8e7bc789e82e - - default default] 10.0.0.183 "DELETE /v2.0/routers/6fbdb9fe-bd6e-4343-a9eb-103f5b2a8475/tags/red HTTP/1.1" status: 204 len: 168 time: 0.0760961
2026-07-02 06:18:27.094 10 INFO neutron.db.ovn_revision_numbers_db [None req-03acb114-6ac1-4d48-a2c8-e759dc49fcc0 0924b1e6dae84127a11e5c8b535c48c8 4d6f98aef9d64517a3dd2c6c16b12ca7 - - default default] Successfully bumped revision number for resource d8f4cc56-cce2-48c4-80c1-f4176bea5731 (type: security_group_rules) to 0
2026-07-02 06:18:27.147 10 INFO neutron.wsgi [None req-03acb114-6ac1-4d48-a2c8-e759dc49fcc0 0924b1e6dae84127a11e5c8b535c48c8 4d6f98aef9d64517a3dd2c6c16b12ca7 - - default default] 10.0.0.183 "POST /v2.0/security-groups HTTP/1.1" status: 201 len: 1801 time: 0.6533773
2026-07-02 06:18:27.154 10 INFO neutron.wsgi [None req-a12dcd64-21fa-4edd-9ec4-ed2acf82c3c8 f8078b4a45474009aaf7ece6a4f59c8e 554d1748e7a048b8bb4d8e7bc789e82e - - default default] 10.0.0.183 "GET /v2.0/routers/6fbdb9fe-bd6e-4343-a9eb-103f5b2a8475/tags HTTP/1.1" status: 200 len: 223 time: 0.0712676
2026-07-02 06:18:27.157 10 WARNING neutron_lib.context [None req-f7c5253d-6d11-458f-9711-bf38f9de0137 0924b1e6dae84127a11e5c8b535c48c8 4d6f98aef9d64517a3dd2c6c16b12ca7 - - default default] Method 'is_advsvc' is deprecated since 2023.2 release (neutron-lib 3.8.0) and will be removed once support for the old RBAC API policies will be removed from Neutron. Please use method 'is_service_role' instead.
2026-07-02 06:18:27.227 9 INFO neutron.api.v2.resource [None req-750c9a4f-f112-456d-b20f-ec2b553ba7b3 f8078b4a45474009aaf7ece6a4f59c8e 554d1748e7a048b8bb4d8e7bc789e82e - - default default] delete failed (client error): The resource could not be found.
2026-07-02 06:18:27.228 9 INFO neutron.wsgi [None req-750c9a4f-f112-456d-b20f-ec2b553ba7b3 f8078b4a45474009aaf7ece6a4f59c8e 554d1748e7a048b8bb4d8e7bc789e82e - - default default] 10.0.0.183 "DELETE /v2.0/routers/6fbdb9fe-bd6e-4343-a9eb-103f5b2a8475/tags/green HTTP/1.1" status: 404 len: 299 time: 0.0700483
2026-07-02 06:18:27.297 10 INFO neutron.services.segments.plugin [-] Segment 8f278073-7f2a-4e9a-8941-041b9d159d74 resource provider aggregate not found
2026-07-02 06:18:27.302 10 INFO neutron.services.segments.plugin [-] Segment 8f278073-7f2a-4e9a-8941-041b9d159d74 resource provider aggregate not found
2026-07-02 06:18:27.316 10 INFO neutron.services.segments.plugin [-] Segment 8f278073-7f2a-4e9a-8941-041b9d159d74 resource provider not found; error: Placement Client Error (4xx): {"errors": [{"status": 404, "title": "Not Found", "detail": "The resource could not be found.\n\n No resource provider with uuid 8f278073-7f2a-4e9a-8941-041b9d159d74 found for delete ", "request_id": "req-82e642ff-7ea1-4b1e-8ffd-5b42c73528fc"}]}
2026-07-02 06:18:27.321 10 INFO neutron.services.segments.plugin [-] Segment 8f278073-7f2a-4e9a-8941-041b9d159d74 resource provider not found; error: Placement Client Error (4xx): {"errors": [{"status": 404, "title": "Not Found", "detail": "The resource could not be found.\n\n No resource provider with uuid 8f278073-7f2a-4e9a-8941-041b9d159d74 found for delete ", "request_id": "req-f8b9540c-e33a-48f6-b2ae-701e1f022db9"}]}
2026-07-02 06:18:27.347 10 INFO neutron.wsgi [None req-4d55ccf4-7bf7-4ea7-9830-c12848d6a4da f8078b4a45474009aaf7ece6a4f59c8e 554d1748e7a048b8bb4d8e7bc789e82e - - default default] 10.0.0.183 "DELETE /v2.0/routers/6fbdb9fe-bd6e-4343-a9eb-103f5b2a8475/tags HTTP/1.1" status: 204 len: 168 time: 0.1120689
2026-07-02 06:18:27.361 10 INFO neutron.wsgi [None req-4db25212-3346-489d-be3a-7ddd9f667dc6 79e1c41e68b04a93afebc35c6625dd98 ad80bbbe12334d2a856ec612224739e0 - - default default] 10.0.0.183 "DELETE /v2.0/networks/6a74a6d7-359b-4c5d-b94e-916f3115177d HTTP/1.1" status: 204 len: 168 time: 1.0280511
2026-07-02 06:18:27.372 10 WARNING neutron_lib.context [None req-2fe5c7f4-c04f-473e-b144-4361706b59e5 79e1c41e68b04a93afebc35c6625dd98 ad80bbbe12334d2a856ec612224739e0 - - default default] Method 'is_advsvc' is deprecated since 2023.2 release (neutron-lib 3.8.0) and will be removed once support for the old RBAC API policies will be removed from Neutron. Please use method 'is_service_role' instead.
2026-07-02 06:18:27.375 10 INFO neutron.db.ovn_revision_numbers_db [None req-f7c5253d-6d11-458f-9711-bf38f9de0137 0924b1e6dae84127a11e5c8b535c48c8 4d6f98aef9d64517a3dd2c6c16b12ca7 - - default default] Successfully bumped revision number for resource 6c503fc6-4f8c-4f61-a26e-1cf12e0c50a5 (type: security_groups) to 1
2026-07-02 06:18:27.390 10 INFO neutron.db.ovn_revision_numbers_db [None req-f7c5253d-6d11-458f-9711-bf38f9de0137 0924b1e6dae84127a11e5c8b535c48c8 4d6f98aef9d64517a3dd2c6c16b12ca7 - - default default] Successfully bumped revision number for resource 75240486-bd72-441c-91e4-37945b7eef28 (type: security_group_rules) to 0
2026-07-02 06:18:27.412 10 INFO neutron.db.ovn_revision_numbers_db [None req-f7c5253d-6d11-458f-9711-bf38f9de0137 0924b1e6dae84127a11e5c8b535c48c8 4d6f98aef9d64517a3dd2c6c16b12ca7 - - default default] Successfully bumped revision number for resource 9baa5c42-6f2e-475d-8b6e-5858fbe3076d (type: security_group_rules) to 0
2026-07-02 06:18:27.419 9 INFO neutron.db.ovn_revision_numbers_db [None req-34cf2c15-d844-4906-bdd5-74c99a581006 1be32f798894420280696e9e3671eee3 2b19fb944ee843fb8de3688e9b3ddefc - - default default] Successfully bumped revision number for resource c9a9f405-155a-40c8-82c7-6820a2af27bd (type: routers) to 2
2026-07-02 06:18:27.421 9 INFO neutron.wsgi [None req-345aae29-f75c-4266-a8c2-79ccaa2f78dc f8078b4a45474009aaf7ece6a4f59c8e 554d1748e7a048b8bb4d8e7bc789e82e - - default default] 10.0.0.183 "GET /v2.0/routers/6fbdb9fe-bd6e-4343-a9eb-103f5b2a8475/tags HTTP/1.1" status: 200 len: 205 time: 0.0660477
2026-07-02 06:18:27.425 9 INFO neutron.wsgi [None req-34cf2c15-d844-4906-bdd5-74c99a581006 1be32f798894420280696e9e3671eee3 2b19fb944ee843fb8de3688e9b3ddefc - - default default] 10.0.0.183 "PUT /v2.0/routers/c9a9f405-155a-40c8-82c7-6820a2af27bd HTTP/1.1" status: 200 len: 792 time: 0.4044240
2026-07-02 06:18:27.430 10 INFO neutron.wsgi [None req-f7c5253d-6d11-458f-9711-bf38f9de0137 0924b1e6dae84127a11e5c8b535c48c8 4d6f98aef9d64517a3dd2c6c16b12ca7 - - default default] 10.0.0.183 "POST /v2.0/security-groups HTTP/1.1" status: 201 len: 1801 time: 0.2775247
2026-07-02 06:18:27.440 9 WARNING neutron_lib.context [None req-da1f2006-75e4-4d21-a176-020bbad48eaf 0924b1e6dae84127a11e5c8b535c48c8 4d6f98aef9d64517a3dd2c6c16b12ca7 - - default default] Method 'is_advsvc' is deprecated since 2023.2 release (neutron-lib 3.8.0) and will be removed once support for the old RBAC API policies will be removed from Neutron. Please use method 'is_service_role' instead.
2026-07-02 06:18:27.450 10 INFO neutron.wsgi [None req-4fd709f0-5695-46d0-88a6-afa63d5e1d1e 1be32f798894420280696e9e3671eee3 2b19fb944ee843fb8de3688e9b3ddefc - - default default] 10.0.0.183 "GET /v2.0/ports?device_id=c9a9f405-155a-40c8-82c7-6820a2af27bd HTTP/1.1" status: 200 len: 205 time: 0.0186098
2026-07-02 06:18:27.476 10 INFO neutron.db.segments_db [None req-2fe5c7f4-c04f-473e-b144-4361706b59e5 79e1c41e68b04a93afebc35c6625dd98 ad80bbbe12334d2a856ec612224739e0 - - default default] Added segment 31cc3cb9-af81-423c-8c4c-d1cde6dd9461 of type geneve for network 66f6d92a-15b7-42d2-9aeb-2d5823c2270c
2026-07-02 06:18:27.497 9 INFO neutron.wsgi [None req-538b2952-5ed2-4e15-95dd-95ace612a6bf f8078b4a45474009aaf7ece6a4f59c8e 554d1748e7a048b8bb4d8e7bc789e82e - - default default] 10.0.0.183 "GET /v2.0/routers/6fbdb9fe-bd6e-4343-a9eb-103f5b2a8475 HTTP/1.1" status: 200 len: 770 time: 0.0675070
2026-07-02 06:18:27.620 9 INFO neutron.db.ovn_revision_numbers_db [None req-da1f2006-75e4-4d21-a176-020bbad48eaf 0924b1e6dae84127a11e5c8b535c48c8 4d6f98aef9d64517a3dd2c6c16b12ca7 - - default default] Successfully bumped revision number for resource 6d3cdbd9-bdaf-4a94-8e64-469265c1d5d1 (type: security_groups) to 1
2026-07-02 06:18:27.634 9 INFO neutron.db.ovn_revision_numbers_db [None req-da1f2006-75e4-4d21-a176-020bbad48eaf 0924b1e6dae84127a11e5c8b535c48c8 4d6f98aef9d64517a3dd2c6c16b12ca7 - - default default] Successfully bumped revision number for resource 530876fb-8321-41ff-9004-13563a9bae06 (type: security_group_rules) to 0
2026-07-02 06:18:27.648 9 INFO neutron.db.ovn_revision_numbers_db [None req-da1f2006-75e4-4d21-a176-020bbad48eaf 0924b1e6dae84127a11e5c8b535c48c8 4d6f98aef9d64517a3dd2c6c16b12ca7 - - default default] Successfully bumped revision number for resource b74437a4-4583-4c31-9c84-bc180ed1164a (type: security_group_rules) to 0
2026-07-02 06:18:27.673 9 INFO neutron.wsgi [None req-da1f2006-75e4-4d21-a176-020bbad48eaf 0924b1e6dae84127a11e5c8b535c48c8 4d6f98aef9d64517a3dd2c6c16b12ca7 - - default default] 10.0.0.183 "POST /v2.0/security-groups HTTP/1.1" status: 201 len: 1801 time: 0.2380371
2026-07-02 06:18:27.743 9 INFO neutron.wsgi [None req-ff7cf3eb-52bf-49b0-a376-02047e672f95 0924b1e6dae84127a11e5c8b535c48c8 4d6f98aef9d64517a3dd2c6c16b12ca7 - - default default] 10.0.0.183 "PUT /v2.0/security-groups/79125a0d-4c77-45f9-832d-f3c9ff2ee660/tags HTTP/1.1" status: 200 len: 210 time: 0.0635624
2026-07-02 06:18:27.802 9 INFO neutron.wsgi [None req-358c3f80-e520-4981-8c92-81e35e19c57c 0924b1e6dae84127a11e5c8b535c48c8 4d6f98aef9d64517a3dd2c6c16b12ca7 - - default default] 10.0.0.183 "PUT /v2.0/security-groups/3f5bdaa4-8043-45a0-afac-af883ea7e936/tags HTTP/1.1" status: 200 len: 218 time: 0.0525937
2026-07-02 06:18:27.868 9 INFO neutron.wsgi [None req-b20a3594-b388-43b4-b741-0f8f2665350c 0924b1e6dae84127a11e5c8b535c48c8 4d6f98aef9d64517a3dd2c6c16b12ca7 - - default default] 10.0.0.183 "PUT /v2.0/security-groups/11da11a3-425f-408f-bb6d-71166475409d/tags HTTP/1.1" status: 200 len: 227 time: 0.0535688
2026-07-02 06:18:27.908 9 INFO neutron.wsgi [None req-dbdc6d3b-b220-448d-922b-55f5a5161abb 0924b1e6dae84127a11e5c8b535c48c8 4d6f98aef9d64517a3dd2c6c16b12ca7 - - default default] 10.0.0.183 "PUT /v2.0/security-groups/6c503fc6-4f8c-4f61-a26e-1cf12e0c50a5/tags HTTP/1.1" status: 200 len: 212 time: 0.0355465
2026-07-02 06:18:27.959 9 INFO neutron.wsgi [None req-c0b9c17f-3b08-42ee-b3de-8eeea5889af2 0924b1e6dae84127a11e5c8b535c48c8 4d6f98aef9d64517a3dd2c6c16b12ca7 - - default default] 10.0.0.183 "GET /v2.0/security-groups?tags=red HTTP/1.1" status: 200 len: 4999 time: 0.0466242
2026-07-02 06:18:28.004 9 INFO neutron.wsgi [None req-d1bf3760-2a87-4918-ad83-8f7b04d4972e 0924b1e6dae84127a11e5c8b535c48c8 4d6f98aef9d64517a3dd2c6c16b12ca7 - - default default] 10.0.0.183 "GET /v2.0/security-groups?tags=red%2Cblue HTTP/1.1" status: 200 len: 3413 time: 0.0403640
2026-07-02 06:18:28.050 9 INFO neutron.wsgi [None req-0c0719f0-df56-4cd6-ac28-0c37bc5ddb7d 0924b1e6dae84127a11e5c8b535c48c8 4d6f98aef9d64517a3dd2c6c16b12ca7 - - default default] 10.0.0.183 "GET /v2.0/security-groups?tags-any=blue HTTP/1.1" status: 200 len: 3413 time: 0.0422761
2026-07-02 06:18:28.068 10 INFO neutron.wsgi [None req-839427bd-bde2-4944-8d4f-5b4f911b674a 1be32f798894420280696e9e3671eee3 2b19fb944ee843fb8de3688e9b3ddefc - - default default] 10.0.0.183 "DELETE /v2.0/routers/c9a9f405-155a-40c8-82c7-6820a2af27bd HTTP/1.1" status: 204 len: 168 time: 0.6112797
2026-07-02 06:18:28.082 10 INFO neutron.db.ovn_revision_numbers_db [None req-2fe5c7f4-c04f-473e-b144-4361706b59e5 79e1c41e68b04a93afebc35c6625dd98 ad80bbbe12334d2a856ec612224739e0 - - default default] Successfully bumped revision number for resource 66f6d92a-15b7-42d2-9aeb-2d5823c2270c (type: networks) to 1
2026-07-02 06:18:28.128 9 INFO neutron.wsgi [None req-f6473c2f-4899-4063-b569-e98d7ff3d900 1be32f798894420280696e9e3671eee3 2b19fb944ee843fb8de3688e9b3ddefc - - default default] 10.0.0.183 "GET /v2.0/routers/c24cc2f1-a78f-482c-8968-d44f8abbbfad HTTP/1.1" status: 200 len: 777 time: 0.0554721
2026-07-02 06:18:28.180 10 INFO neutron.wsgi [None req-dfb97348-7d1b-4474-bcf8-dc9f72831c78 0924b1e6dae84127a11e5c8b535c48c8 4d6f98aef9d64517a3dd2c6c16b12ca7 - - default default] 10.0.0.183 "GET /v2.0/security-groups?tags-any=red%2Cblue HTTP/1.1" status: 200 len: 4999 time: 0.1230879
2026-07-02 06:18:28.309 10 INFO neutron.wsgi [None req-d223c32f-f76d-4aa1-8a7e-16bc7c7ae4d3 0924b1e6dae84127a11e5c8b535c48c8 4d6f98aef9d64517a3dd2c6c16b12ca7 - - default default] 10.0.0.183 "GET /v2.0/security-groups?not-tags=red HTTP/1.1" status: 200 len: 6289 time: 0.1163280
2026-07-02 06:18:28.358 10 INFO neutron.db.ovn_revision_numbers_db [None req-aa53d3c8-c545-4809-bac9-be439a031ae0 f8078b4a45474009aaf7ece6a4f59c8e 554d1748e7a048b8bb4d8e7bc789e82e - - default default] Successfully bumped revision number for resource 6fbdb9fe-bd6e-4343-a9eb-103f5b2a8475 (type: routers) to 7
2026-07-02 06:18:28.364 10 INFO neutron.wsgi [None req-aa53d3c8-c545-4809-bac9-be439a031ae0 f8078b4a45474009aaf7ece6a4f59c8e 554d1748e7a048b8bb4d8e7bc789e82e - - default default] 10.0.0.183 "PUT /v2.0/routers/6fbdb9fe-bd6e-4343-a9eb-103f5b2a8475 HTTP/1.1" status: 200 len: 770 time: 0.8602657
2026-07-02 06:18:28.394 10 WARNING neutron.scheduler.dhcp_agent_scheduler [None req-2fe5c7f4-c04f-473e-b144-4361706b59e5 79e1c41e68b04a93afebc35c6625dd98 ad80bbbe12334d2a856ec612224739e0 - - default default] No more DHCP agents
2026-07-02 06:18:28.396 10 WARNING neutron.api.rpc.agentnotifiers.dhcp_rpc_agent_api [None req-2fe5c7f4-c04f-473e-b144-4361706b59e5 79e1c41e68b04a93afebc35c6625dd98 ad80bbbe12334d2a856ec612224739e0 - - default default] Unable to schedule network 66f6d92a-15b7-42d2-9aeb-2d5823c2270c: no agents available; will retry on subsequent port and subnet creation events.
2026-07-02 06:18:28.407 9 INFO neutron.wsgi [None req-0347ed59-07a4-4984-89c7-4ecb4b7748d0 0924b1e6dae84127a11e5c8b535c48c8 4d6f98aef9d64517a3dd2c6c16b12ca7 - - default default] 10.0.0.183 "GET /v2.0/security-groups?not-tags=red%2Cblue HTTP/1.1" status: 200 len: 7875 time: 0.0900972
2026-07-02 06:18:28.490 10 INFO neutron.wsgi [None req-b5a09b94-6c17-4fcd-858d-6b69f24b955e 0924b1e6dae84127a11e5c8b535c48c8 4d6f98aef9d64517a3dd2c6c16b12ca7 - - default default] 10.0.0.183 "GET /v2.0/security-groups?not-tags-any=blue HTTP/1.1" status: 200 len: 7875 time: 0.0771725
2026-07-02 06:18:28.490 10 INFO neutron.db.ovn_revision_numbers_db [None req-2fe5c7f4-c04f-473e-b144-4361706b59e5 79e1c41e68b04a93afebc35c6625dd98 ad80bbbe12334d2a856ec612224739e0 - - default default] Successfully bumped revision number for resource fa9da8ed-9585-4de3-94ec-c55460795cfa (type: ports) to 1
2026-07-02 06:18:28.517 10 INFO neutron.wsgi [None req-2fe5c7f4-c04f-473e-b144-4361706b59e5 79e1c41e68b04a93afebc35c6625dd98 ad80bbbe12334d2a856ec612224739e0 - - default default] 10.0.0.183 "POST /v2.0/networks HTTP/1.1" status: 201 len: 829 time: 1.1484759
2026-07-02 06:18:28.530 10 WARNING neutron_lib.context [None req-cbdb2f2d-89d5-4bb0-857f-fd7306ffa2b7 79e1c41e68b04a93afebc35c6625dd98 ad80bbbe12334d2a856ec612224739e0 - - default default] Method 'is_advsvc' is deprecated since 2023.2 release (neutron-lib 3.8.0) and will be removed once support for the old RBAC API policies will be removed from Neutron. Please use method 'is_service_role' instead.
2026-07-02 06:18:28.560 10 INFO neutron.wsgi [None req-ffd87893-eea7-462d-a2f6-46b1ecf36802 0924b1e6dae84127a11e5c8b535c48c8 4d6f98aef9d64517a3dd2c6c16b12ca7 - - default default] 10.0.0.183 "GET /v2.0/security-groups?not-tags-any=red%2Cblue HTTP/1.1" status: 200 len: 6289 time: 0.0657015
2026-07-02 06:18:28.733 10 INFO neutron.wsgi [None req-b4158e2d-91ff-430f-9c3e-f85ac6d4918c 0924b1e6dae84127a11e5c8b535c48c8 4d6f98aef9d64517a3dd2c6c16b12ca7 - - default default] 10.0.0.183 "DELETE /v2.0/security-groups/79125a0d-4c77-45f9-832d-f3c9ff2ee660 HTTP/1.1" status: 204 len: 168 time: 0.1663001
2026-07-02 06:18:28.810 9 INFO neutron.wsgi [None req-29493a97-1bca-4e40-b2f6-47df73dd45aa f8078b4a45474009aaf7ece6a4f59c8e 554d1748e7a048b8bb4d8e7bc789e82e - - default default] 10.0.0.183 "GET /v2.0/ports?device_id=6fbdb9fe-bd6e-4343-a9eb-103f5b2a8475 HTTP/1.1" status: 200 len: 205 time: 0.4188116
2026-07-02 06:18:28.817 10 WARNING neutron.plugins.ml2.drivers.ovn.mech_driver.ovsdb.ovn_client [None req-db4354f1-5bf8-4fc7-90fa-3838a405342e - - - - - -] No port found with ID 9aca1eae-1a0a-46a1-90ad-678aef090599: RuntimeError: No port found with ID 9aca1eae-1a0a-46a1-90ad-678aef090599
2026-07-02 06:18:28.838 10 WARNING neutron.scheduler.dhcp_agent_scheduler [None req-cbdb2f2d-89d5-4bb0-857f-fd7306ffa2b7 79e1c41e68b04a93afebc35c6625dd98 ad80bbbe12334d2a856ec612224739e0 - - default default] No more DHCP agents
2026-07-02 06:18:28.844 10 WARNING neutron.api.rpc.agentnotifiers.dhcp_rpc_agent_api [None req-cbdb2f2d-89d5-4bb0-857f-fd7306ffa2b7 79e1c41e68b04a93afebc35c6625dd98 ad80bbbe12334d2a856ec612224739e0 - - default default] Unable to schedule network 66f6d92a-15b7-42d2-9aeb-2d5823c2270c: no agents available; will retry on subsequent port and subnet creation events.
2026-07-02 06:18:28.924 10 INFO neutron.wsgi [None req-4cd7bf7e-5838-4ac3-bd92-b097103a057d 0924b1e6dae84127a11e5c8b535c48c8 4d6f98aef9d64517a3dd2c6c16b12ca7 - - default default] 10.0.0.183 "DELETE /v2.0/security-groups/3f5bdaa4-8043-45a0-afac-af883ea7e936 HTTP/1.1" status: 204 len: 168 time: 0.1854756
2026-07-02 06:18:29.017 9 INFO neutron.db.ovn_revision_numbers_db [None req-5f1ecb01-05a1-4a05-a259-1113a041441c 1be32f798894420280696e9e3671eee3 2b19fb944ee843fb8de3688e9b3ddefc - - default default] Successfully bumped revision number for resource c24cc2f1-a78f-482c-8968-d44f8abbbfad (type: routers) to 2
2026-07-02 06:18:29.031 9 INFO neutron.wsgi [None req-5f1ecb01-05a1-4a05-a259-1113a041441c 1be32f798894420280696e9e3671eee3 2b19fb944ee843fb8de3688e9b3ddefc - - default default] 10.0.0.183 "PUT /v2.0/routers/c24cc2f1-a78f-482c-8968-d44f8abbbfad HTTP/1.1" status: 200 len: 777 time: 0.8975565
2026-07-02 06:18:29.060 10 INFO neutron.wsgi [None req-27865c63-9344-4945-bb08-86176edec838 1be32f798894420280696e9e3671eee3 2b19fb944ee843fb8de3688e9b3ddefc - - default default] 10.0.0.183 "GET /v2.0/ports?device_id=c24cc2f1-a78f-482c-8968-d44f8abbbfad HTTP/1.1" status: 200 len: 205 time: 0.0229897
2026-07-02 06:18:29.105 10 INFO neutron.wsgi [None req-ccbc454b-4f61-4412-9276-36e924164c4a 0924b1e6dae84127a11e5c8b535c48c8 4d6f98aef9d64517a3dd2c6c16b12ca7 - - default default] 10.0.0.183 "DELETE /v2.0/security-groups/11da11a3-425f-408f-bb6d-71166475409d HTTP/1.1" status: 204 len: 168 time: 0.1767442
2026-07-02 06:18:29.161 9 INFO neutron.wsgi [None req-ac09c45c-9d75-4639-8d8e-27716f58cdf7 f8078b4a45474009aaf7ece6a4f59c8e 554d1748e7a048b8bb4d8e7bc789e82e - - default default] 10.0.0.183 "DELETE /v2.0/routers/6fbdb9fe-bd6e-4343-a9eb-103f5b2a8475 HTTP/1.1" status: 204 len: 168 time: 0.3421335
