2026-07-02 06:19:41.237 10 ERROR ovsdbapp.backend.ovs_idl.command
File "/var/lib/openstack/lib/python3.10/site-packages/ovsdbapp/backend/ovs_idl/command.py", line 235, in run_idl
2026-07-02 06:19:41.237 10 ERROR ovsdbapp.backend.ovs_idl.command record = self.api.lookup(self.table, self.record)
2026-07-02 06:19:41.237 10 ERROR ovsdbapp.backend.ovs_idl.command
File "/var/lib/openstack/lib/python3.10/site-packages/ovsdbapp/backend/ovs_idl/__init__.py", line 184, in lookup
2026-07-02 06:19:41.237 10 ERROR ovsdbapp.backend.ovs_idl.command return self._lookup(table, record)
2026-07-02 06:19:41.237 10 ERROR ovsdbapp.backend.ovs_idl.command
File "/var/lib/openstack/lib/python3.10/site-packages/ovsdbapp/backend/ovs_idl/__init__.py", line 235, in _lookup
2026-07-02 06:19:41.237 10 ERROR ovsdbapp.backend.ovs_idl.command row = idlutils.row_by_value(self, rl.table, rl.column, record)
2026-07-02 06:19:41.237 10 ERROR ovsdbapp.backend.ovs_idl.command
File "/var/lib/openstack/lib/python3.10/site-packages/ovsdbapp/backend/ovs_idl/idlutils.py", line 114, in row_by_value
2026-07-02 06:19:41.237 10 ERROR ovsdbapp.backend.ovs_idl.command raise RowNotFound(table=table, col=column, match=match)
2026-07-02 06:19:41.237 10 ERROR ovsdbapp.backend.ovs_idl.command ovsdbapp.backend.ovs_idl.idlutils.RowNotFound: Cannot find Logical_Router_Port with name=lrp-501b1dc7-7f1e-485f-abd1-8954ba0201c0
2026-07-02 06:19:41.237 10 ERROR ovsdbapp.backend.ovs_idl.command 
2026-07-02 06:19:41.238 10 ERROR neutron_lib.callbacks.manager [None req-42165d88-e763-47d1-97db-eff830a9f5fc 5f5ab3852d084f9e93144af3beba51a4 f7ec797babdc4a899303973eb6554130 - - default default] Error during notification for neutron.services.ovn_l3.plugin.OVNL3RouterPlugin._port_update-8790254931686 port, after_update: ovsdbapp.backend.ovs_idl.idlutils.RowNotFound: Cannot find Logical_Router_Port with name=lrp-501b1dc7-7f1e-485f-abd1-8954ba0201c0
2026-07-02 06:19:41.238 10 ERROR neutron_lib.callbacks.manager
Traceback (most recent call last):
2026-07-02 06:19:41.238 10 ERROR neutron_lib.callbacks.manager
File "/var/lib/openstack/lib/python3.10/site-packages/neutron_lib/callbacks/manager.py", line 189, in _notify_loop
2026-07-02 06:19:41.238 10 ERROR neutron_lib.callbacks.manager callback.method(resource, event, trigger, payload=payload)
2026-07-02 06:19:41.238 10 ERROR neutron_lib.callbacks.manager
File "/var/lib/openstack/lib/python3.10/site-packages/neutron/services/ovn_l3/plugin.py", line 391, in _port_update
2026-07-02 06:19:41.238 10 ERROR neutron_lib.callbacks.manager l3plugin._ovn_client.update_router_port(context,
2026-07-02 06:19:41.238 10 ERROR neutron_lib.callbacks.manager
File "/var/lib/openstack/lib/python3.10/site-packages/neutron/plugins/ml2/drivers/ovn/mech_driver/ovsdb/ovn_client.py", line 1878, in update_router_port
2026-07-02 06:19:41.238 10 ERROR neutron_lib.callbacks.manager self._update_lrouter_port(context, port, if_exists=if_exists,
2026-07-02 06:19:41.238 10 ERROR neutron_lib.callbacks.manager
File "/var/lib/openstack/lib/python3.10/site-packages/neutron/plugins/ml2/drivers/ovn/mech_driver/ovsdb/ovn_client.py", line 1855, in _update_lrouter_port
2026-07-02 06:19:41.238 10 ERROR neutron_lib.callbacks.manager external_ids = self._nb_idl.db_get(
2026-07-02 06:19:41.238 10 ERROR neutron_lib.callbacks.manager
File "/var/lib/openstack/lib/python3.10/site-packages/ovsdbapp/backend/ovs_idl/command.py", line 47, in execute
2026-07-02 06:19:41.238 10 ERROR neutron_lib.callbacks.manager self.run_idl(None)
2026-07-02 06:19:41.238 10 ERROR neutron_lib.callbacks.manager
File "/var/lib/openstack/lib/python3.10/site-packages/ovsdbapp/backend/ovs_idl/command.py", line 235, in run_idl
2026-07-02 06:19:41.238 10 ERROR neutron_lib.callbacks.manager record = self.api.lookup(self.table, self.record)
2026-07-02 06:19:41.238 10 ERROR neutron_lib.callbacks.manager
File "/var/lib/openstack/lib/python3.10/site-packages/ovsdbapp/backend/ovs_idl/__init__.py", line 184, in lookup
2026-07-02 06:19:41.238 10 ERROR neutron_lib.callbacks.manager return self._lookup(table, record)
2026-07-02 06:19:41.238 10 ERROR neutron_lib.callbacks.manager
File "/var/lib/openstack/lib/python3.10/site-packages/ovsdbapp/backend/ovs_idl/__init__.py", line 235, in _lookup
2026-07-02 06:19:41.238 10 ERROR neutron_lib.callbacks.manager row = idlutils.row_by_value(self, rl.table, rl.column, record)
2026-07-02 06:19:41.238 10 ERROR neutron_lib.callbacks.manager
File "/var/lib/openstack/lib/python3.10/site-packages/ovsdbapp/backend/ovs_idl/idlutils.py", line 114, in row_by_value
2026-07-02 06:19:41.238 10 ERROR neutron_lib.callbacks.manager raise RowNotFound(table=table, col=column, match=match)
2026-07-02 06:19:41.238 10 ERROR neutron_lib.callbacks.manager ovsdbapp.backend.ovs_idl.idlutils.RowNotFound: Cannot find Logical_Router_Port with name=lrp-501b1dc7-7f1e-485f-abd1-8954ba0201c0
2026-07-02 06:19:41.238 10 ERROR neutron_lib.callbacks.manager 
2026-07-02 06:19:41.461 10 INFO neutron.db.ovn_revision_numbers_db [None req-42165d88-e763-47d1-97db-eff830a9f5fc 5f5ab3852d084f9e93144af3beba51a4 f7ec797babdc4a899303973eb6554130 - - default default] Successfully bumped revision number for resource 501b1dc7-7f1e-485f-abd1-8954ba0201c0 (type: ports) to 1
2026-07-02 06:19:41.499 9 INFO neutron.db.ovn_revision_numbers_db [None req-7e596eba-a7d9-4d77-a659-6368a73765ac - - - - - -] Successfully bumped revision number for resource 5bc0deae-c33f-47ef-9be8-21a405ed0544 (type: router_ports) to 3
2026-07-02 06:19:41.533 10 WARNING neutron.scheduler.dhcp_agent_scheduler [None req-42165d88-e763-47d1-97db-eff830a9f5fc 5f5ab3852d084f9e93144af3beba51a4 f7ec797babdc4a899303973eb6554130 - - default default] No more DHCP agents
2026-07-02 06:19:41.535 10 WARNING neutron.api.rpc.agentnotifiers.dhcp_rpc_agent_api [None req-42165d88-e763-47d1-97db-eff830a9f5fc 5f5ab3852d084f9e93144af3beba51a4 f7ec797babdc4a899303973eb6554130 - - default default] Unable to schedule network 31e1d7b1-f9f4-4ba4-828a-4c22d02891fd: no agents available; will retry on subsequent port and subnet creation events.
2026-07-02 06:19:41.799 9 INFO neutron.db.ovn_revision_numbers_db [None req-7e596eba-a7d9-4d77-a659-6368a73765ac - - - - - -] Successfully bumped revision number for resource 5bc0deae-c33f-47ef-9be8-21a405ed0544 (type: ports) to 2
2026-07-02 06:19:41.873 10 INFO neutron.db.ovn_revision_numbers_db [None req-42165d88-e763-47d1-97db-eff830a9f5fc 5f5ab3852d084f9e93144af3beba51a4 f7ec797babdc4a899303973eb6554130 - - default default] Successfully bumped revision number for resource 501b1dc7-7f1e-485f-abd1-8954ba0201c0 (type: router_ports) to 1
2026-07-02 06:19:41.878 10 INFO neutron.wsgi [None req-42165d88-e763-47d1-97db-eff830a9f5fc 5f5ab3852d084f9e93144af3beba51a4 f7ec797babdc4a899303973eb6554130 - - default default] 10.0.0.183 "PUT /v2.0/routers/7e0800dc-b20b-43a9-8f4e-b26c737993a0/add_router_interface HTTP/1.1" status: 200 len: 503 time: 2.2032990
2026-07-02 06:19:41.936 9 INFO neutron.db.ovn_revision_numbers_db [None req-0a1d13b2-a079-4ea8-b661-0ce1d9035ab2 8011ff2e04944729a3f6c4a674df30f0 2ef7c8f9ed954830926dbb82931392af - - default default] Successfully bumped revision number for resource 048cb2e3-1418-4c19-9541-2e9fdb6d382b (type: router_ports) to 1
2026-07-02 06:19:42.227 9 WARNING neutron.scheduler.dhcp_agent_scheduler [None req-8d7996bd-7eb5-4430-82a7-693e0ce88777 - - - - - -] No more DHCP agents
2026-07-02 06:19:42.233 9 WARNING neutron.api.rpc.agentnotifiers.dhcp_rpc_agent_api [None req-8d7996bd-7eb5-4430-82a7-693e0ce88777 - - - - - -] Unable to schedule network e8ac1447-f280-48d2-80c0-873738822f9f: no agents available; will retry on subsequent port and subnet creation events.
2026-07-02 06:19:42.250 9 INFO neutron.db.ovn_revision_numbers_db [None req-7e596eba-a7d9-4d77-a659-6368a73765ac - - - - - -] Successfully bumped revision number for resource 5bc0deae-c33f-47ef-9be8-21a405ed0544 (type: ports) to 4
2026-07-02 06:19:42.446 10 WARNING neutron.scheduler.dhcp_agent_scheduler [None req-e8875688-033b-43dc-bbd6-0d239b5be764 5f5ab3852d084f9e93144af3beba51a4 f7ec797babdc4a899303973eb6554130 - - default default] No more DHCP agents
2026-07-02 06:19:42.447 9 INFO neutron.db.ovn_revision_numbers_db [None req-8d7996bd-7eb5-4430-82a7-693e0ce88777 - - - - - -] Successfully bumped revision number for resource 2f2a33dc-2d60-4ce4-94dd-edd0737907e1 (type: ports) to 1
2026-07-02 06:19:42.448 10 WARNING neutron.api.rpc.agentnotifiers.dhcp_rpc_agent_api [None req-e8875688-033b-43dc-bbd6-0d239b5be764 5f5ab3852d084f9e93144af3beba51a4 f7ec797babdc4a899303973eb6554130 - - default default] Unable to schedule network ccdcc43c-7101-4272-a747-10c973e43d1b: no agents available; will retry on subsequent port and subnet creation events.
2026-07-02 06:19:42.600 10 INFO neutron.db.ovn_revision_numbers_db [None req-e8875688-033b-43dc-bbd6-0d239b5be764 5f5ab3852d084f9e93144af3beba51a4 f7ec797babdc4a899303973eb6554130 - - default default] Successfully bumped revision number for resource cf433783-4708-4d8c-b45f-09ff5bc9a069 (type: ports) to 1
2026-07-02 06:19:42.818 9 INFO neutron.db.ovn_revision_numbers_db [None req-7e596eba-a7d9-4d77-a659-6368a73765ac - - - - - -] Successfully bumped revision number for resource 5bc0deae-c33f-47ef-9be8-21a405ed0544 (type: router_ports) to 4
2026-07-02 06:19:42.946 9 INFO neutron.db.ovn_revision_numbers_db [None req-8d7996bd-7eb5-4430-82a7-693e0ce88777 - - - - - -] Successfully bumped revision number for resource 2f2a33dc-2d60-4ce4-94dd-edd0737907e1 (type: ports) to 1
2026-07-02 06:19:43.058 9 WARNING neutron.plugins.ml2.drivers.ovn.mech_driver.ovsdb.ovn_client [None req-3af5761c-a03c-4acf-8020-3ee41da057ac - - - - - -] No hosting information found for port 79dd1098-b263-4542-908f-a8bf26f71998: RuntimeError: No hosting information found for port 79dd1098-b263-4542-908f-a8bf26f71998
2026-07-02 06:19:43.058 9 INFO neutron.plugins.ml2.drivers.ovn.mech_driver.mech_driver [None req-3af5761c-a03c-4acf-8020-3ee41da057ac - - - - - -] OVN reports status up for port: 5bc0deae-c33f-47ef-9be8-21a405ed0544
2026-07-02 06:19:43.071 9 INFO neutron.plugins.ml2.plugin [None req-3af5761c-a03c-4acf-8020-3ee41da057ac - - - - - -] Attempt 1 to provision port 5bc0deae-c33f-47ef-9be8-21a405ed0544
2026-07-02 06:19:43.201 9 INFO neutron.wsgi [None req-0a1d13b2-a079-4ea8-b661-0ce1d9035ab2 8011ff2e04944729a3f6c4a674df30f0 2ef7c8f9ed954830926dbb82931392af - - default default] 10.0.0.183 "POST /v2.0/vpn/vpnservices HTTP/1.1" status: 201 len: 657 time: 6.5357740
2026-07-02 06:19:43.204 9 INFO neutron.plugins.ml2.drivers.ovn.mech_driver.mech_driver [None req-3af5761c-a03c-4acf-8020-3ee41da057ac - - - - - -] OVN reports status up for port: 048cb2e3-1418-4c19-9541-2e9fdb6d382b
2026-07-02 06:19:43.215 9 INFO neutron.plugins.ml2.plugin [None req-3af5761c-a03c-4acf-8020-3ee41da057ac - - - - - -] Attempt 1 to provision port 048cb2e3-1418-4c19-9541-2e9fdb6d382b
2026-07-02 06:19:43.229 9 INFO neutron.wsgi [None req-865397cb-47ee-4c11-9e35-167ccf85dce6 14a64aab0fe44ad7afcde3b17735706c ac419908db244f0e8ea6f909e4020e58 - - default default] 10.0.0.183 "GET /v2.0/vpn/vpnservices HTTP/1.1" status: 200 len: 1501 time: 0.0194056
2026-07-02 06:19:43.252 10 ERROR ovsdbapp.backend.ovs_idl.command [None req-e8875688-033b-43dc-bbd6-0d239b5be764 5f5ab3852d084f9e93144af3beba51a4 f7ec797babdc4a899303973eb6554130 - - default default] Error executing command (DbGetCommand): ovsdbapp.backend.ovs_idl.idlutils.RowNotFound: Cannot find Logical_Router_Port with name=lrp-cf433783-4708-4d8c-b45f-09ff5bc9a069
2026-07-02 06:19:43.252 10 ERROR ovsdbapp.backend.ovs_idl.command
Traceback (most recent call last):
2026-07-02 06:19:43.252 10 ERROR ovsdbapp.backend.ovs_idl.command
File "/var/lib/openstack/lib/python3.10/site-packages/ovsdbapp/backend/ovs_idl/command.py", line 47, in execute
2026-07-02 06:19:43.252 10 ERROR ovsdbapp.backend.ovs_idl.command self.run_idl(None)
2026-07-02 06:19:43.252 10 ERROR ovsdbapp.backend.ovs_idl.command
File "/var/lib/openstack/lib/python3.10/site-packages/ovsdbapp/backend/ovs_idl/command.py", line 235, in run_idl
2026-07-02 06:19:43.252 10 ERROR ovsdbapp.backend.ovs_idl.command record = self.api.lookup(self.table, self.record)
2026-07-02 06:19:43.252 10 ERROR ovsdbapp.backend.ovs_idl.command
File "/var/lib/openstack/lib/python3.10/site-packages/ovsdbapp/backend/ovs_idl/__init__.py", line 184, in lookup
2026-07-02 06:19:43.252 10 ERROR ovsdbapp.backend.ovs_idl.command return self._lookup(table, record)
2026-07-02 06:19:43.252 10 ERROR ovsdbapp.backend.ovs_idl.command
File "/var/lib/openstack/lib/python3.10/site-packages/ovsdbapp/backend/ovs_idl/__init__.py", line 235, in _lookup
2026-07-02 06:19:43.252 10 ERROR ovsdbapp.backend.ovs_idl.command row = idlutils.row_by_value(self, rl.table, rl.column, record)
2026-07-02 06:19:43.252 10 ERROR ovsdbapp.backend.ovs_idl.command
File "/var/lib/openstack/lib/python3.10/site-packages/ovsdbapp/backend/ovs_idl/idlutils.py", line 114, in row_by_value
2026-07-02 06:19:43.252 10 ERROR ovsdbapp.backend.ovs_idl.command raise RowNotFound(table=table, col=column, match=match)
2026-07-02 06:19:43.252 10 ERROR ovsdbapp.backend.ovs_idl.command ovsdbapp.backend.ovs_idl.idlutils.RowNotFound: Cannot find Logical_Router_Port with name=lrp-cf433783-4708-4d8c-b45f-09ff5bc9a069
2026-07-02 06:19:43.252 10 ERROR ovsdbapp.backend.ovs_idl.command 
2026-07-02 06:19:43.253 10 ERROR neutron_lib.callbacks.manager [None req-e8875688-033b-43dc-bbd6-0d239b5be764 5f5ab3852d084f9e93144af3beba51a4 f7ec797babdc4a899303973eb6554130 - - default default] Error during notification for neutron.services.ovn_l3.plugin.OVNL3RouterPlugin._port_update-8790254931686 port, after_update: ovsdbapp.backend.ovs_idl.idlutils.RowNotFound: Cannot find Logical_Router_Port with name=lrp-cf433783-4708-4d8c-b45f-09ff5bc9a069
2026-07-02 06:19:43.253 10 ERROR neutron_lib.callbacks.manager
Traceback (most recent call last):
2026-07-02 06:19:43.253 10 ERROR neutron_lib.callbacks.manager
File "/var/lib/openstack/lib/python3.10/site-packages/neutron_lib/callbacks/manager.py", line 189, in _notify_loop
2026-07-02 06:19:43.253 10 ERROR neutron_lib.callbacks.manager callback.method(resource, event, trigger, payload=payload)
2026-07-02 06:19:43.253 10 ERROR neutron_lib.callbacks.manager
File "/var/lib/openstack/lib/python3.10/site-packages/neutron/services/ovn_l3/plugin.py", line 391, in _port_update
2026-07-02 06:19:43.253 10 ERROR neutron_lib.callbacks.manager l3plugin._ovn_client.update_router_port(context,
2026-07-02 06:19:43.253 10 ERROR neutron_lib.callbacks.manager
File "/var/lib/openstack/lib/python3.10/site-packages/neutron/plugins/ml2/drivers/ovn/mech_driver/ovsdb/ovn_client.py", line 1878, in update_router_port
2026-07-02 06:19:43.253 10 ERROR neutron_lib.callbacks.manager self._update_lrouter_port(context, port, if_exists=if_exists,
2026-07-02 06:19:43.253 10 ERROR neutron_lib.callbacks.manager
File "/var/lib/openstack/lib/python3.10/site-packages/neutron/plugins/ml2/drivers/ovn/mech_driver/ovsdb/ovn_client.py", line 1855, in _update_lrouter_port
2026-07-02 06:19:43.253 10 ERROR neutron_lib.callbacks.manager external_ids = self._nb_idl.db_get(
2026-07-02 06:19:43.253 10 ERROR neutron_lib.callbacks.manager
File "/var/lib/openstack/lib/python3.10/site-packages/ovsdbapp/backend/ovs_idl/command.py", line 47, in execute
2026-07-02 06:19:43.253 10 ERROR neutron_lib.callbacks.manager self.run_idl(None)
2026-07-02 06:19:43.253 10 ERROR neutron_lib.callbacks.manager
File "/var/lib/openstack/lib/python3.10/site-packages/ovsdbapp/backend/ovs_idl/command.py", line 235, in run_idl
2026-07-02 06:19:43.253 10 ERROR neutron_lib.callbacks.manager record = self.api.lookup(self.table, self.record)
2026-07-02 06:19:43.253 10 ERROR neutron_lib.callbacks.manager
File "/var/lib/openstack/lib/python3.10/site-packages/ovsdbapp/backend/ovs_idl/__init__.py", line 184, in lookup
2026-07-02 06:19:43.253 10 ERROR neutron_lib.callbacks.manager return self._lookup(table, record)
2026-07-02 06:19:43.253 10 ERROR neutron_lib.callbacks.manager
File "/var/lib/openstack/lib/python3.10/site-packages/ovsdbapp/backend/ovs_idl/__init__.py", line 235, in _lookup
2026-07-02 06:19:43.253 10 ERROR neutron_lib.callbacks.manager row = idlutils.row_by_value(self, rl.table, rl.column, record)
2026-07-02 06:19:43.253 10 ERROR neutron_lib.callbacks.manager
File "/var/lib/openstack/lib/python3.10/site-packages/ovsdbapp/backend/ovs_idl/idlutils.py", line 114, in row_by_value
2026-07-02 06:19:43.253 10 ERROR neutron_lib.callbacks.manager raise RowNotFound(table=table, col=column, match=match)
2026-07-02 06:19:43.253 10 ERROR neutron_lib.callbacks.manager ovsdbapp.backend.ovs_idl.idlutils.RowNotFound: Cannot find Logical_Router_Port with name=lrp-cf433783-4708-4d8c-b45f-09ff5bc9a069
2026-07-02 06:19:43.253 10 ERROR neutron_lib.callbacks.manager 
2026-07-02 06:19:43.476 10 INFO neutron.db.ovn_revision_numbers_db [None req-e8875688-033b-43dc-bbd6-0d239b5be764 5f5ab3852d084f9e93144af3beba51a4 f7ec797babdc4a899303973eb6554130 - - default default] Successfully bumped revision number for resource cf433783-4708-4d8c-b45f-09ff5bc9a069 (type: ports) to 1
2026-07-02 06:19:43.539 10 WARNING neutron.scheduler.dhcp_agent_scheduler [None req-e8875688-033b-43dc-bbd6-0d239b5be764 5f5ab3852d084f9e93144af3beba51a4 f7ec797babdc4a899303973eb6554130 - - default default] No more DHCP agents
2026-07-02 06:19:43.540 10 WARNING neutron.api.rpc.agentnotifiers.dhcp_rpc_agent_api [None req-e8875688-033b-43dc-bbd6-0d239b5be764 5f5ab3852d084f9e93144af3beba51a4 f7ec797babdc4a899303973eb6554130 - - default default] Unable to schedule network ccdcc43c-7101-4272-a747-10c973e43d1b: no agents available; will retry on subsequent port and subnet creation events.
2026-07-02 06:19:43.922 10 INFO neutron.db.ovn_revision_numbers_db [None req-e8875688-033b-43dc-bbd6-0d239b5be764 5f5ab3852d084f9e93144af3beba51a4 f7ec797babdc4a899303973eb6554130 - - default default] Successfully bumped revision number for resource cf433783-4708-4d8c-b45f-09ff5bc9a069 (type: router_ports) to 1
2026-07-02 06:19:43.928 10 INFO neutron.wsgi [None req-e8875688-033b-43dc-bbd6-0d239b5be764 5f5ab3852d084f9e93144af3beba51a4 f7ec797babdc4a899303973eb6554130 - - default default] 10.0.0.183 "PUT /v2.0/routers/7e0800dc-b20b-43a9-8f4e-b26c737993a0/add_router_interface HTTP/1.1" status: 200 len: 503 time: 2.0435135
2026-07-02 06:19:44.013 9 INFO neutron.db.ovn_revision_numbers_db [None req-3af5761c-a03c-4acf-8020-3ee41da057ac - - - - - -] Successfully bumped revision number for resource 048cb2e3-1418-4c19-9541-2e9fdb6d382b (type: ports) to 2
2026-07-02 06:19:44.186 9 INFO neutron.db.ovn_revision_numbers_db [None req-3af5761c-a03c-4acf-8020-3ee41da057ac - - - - - -] Successfully bumped revision number for resource 048cb2e3-1418-4c19-9541-2e9fdb6d382b (type: router_ports) to 2
2026-07-02 06:19:44.494 10 WARNING neutron.plugins.ml2.drivers.ovn.mech_driver.ovsdb.ovn_client [None req-db4354f1-5bf8-4fc7-90fa-3838a405342e - - - - - -] No hosting information found for port b0546a11-5fa6-413b-9849-2584470c66fc: RuntimeError: No hosting information found for port b0546a11-5fa6-413b-9849-2584470c66fc
2026-07-02 06:19:44.852 10 WARNING neutron.scheduler.dhcp_agent_scheduler [None req-7453ebb5-9a37-444e-a681-d54f5ac19eb1 5f5ab3852d084f9e93144af3beba51a4 f7ec797babdc4a899303973eb6554130 - - default default] No more DHCP agents
2026-07-02 06:19:44.855 10 WARNING neutron.api.rpc.agentnotifiers.dhcp_rpc_agent_api [None req-7453ebb5-9a37-444e-a681-d54f5ac19eb1 5f5ab3852d084f9e93144af3beba51a4 f7ec797babdc4a899303973eb6554130 - - default default] Unable to schedule network 1c797735-d581-4ace-a3a7-9f0746de3c96: no agents available; will retry on subsequent port and subnet creation events.
2026-07-02 06:19:45.041 10 INFO neutron.db.ovn_revision_numbers_db [None req-7453ebb5-9a37-444e-a681-d54f5ac19eb1 5f5ab3852d084f9e93144af3beba51a4 f7ec797babdc4a899303973eb6554130 - - default default] Successfully bumped revision number for resource fcbb3703-dc92-4c97-a4de-178ba545ead0 (type: ports) to 1
2026-07-02 06:19:45.364 9 INFO neutron.wsgi [None req-4bf7374e-1e8c-4999-93d0-42c092bf3da6 d76d727f0982434a981787f1f102e8d9 d0459e9ac28f4b70b46d1ea36527355b - - default default] 10.0.0.186 "GET /v2.0/networks HTTP/1.1" status: 200 len: 7612 time: 0.1698611
2026-07-02 06:19:45.447 9 INFO neutron.wsgi [None req-7873f0c0-6619-4678-9ad6-4436ee60914f d76d727f0982434a981787f1f102e8d9 d0459e9ac28f4b70b46d1ea36527355b - - default default] 10.0.0.186 "GET /v2.0/subnets HTTP/1.1" status: 200 len: 8058 time: 0.0708978
2026-07-02 06:19:45.624 10 ERROR ovsdbapp.backend.ovs_idl.command [None req-7453ebb5-9a37-444e-a681-d54f5ac19eb1 5f5ab3852d084f9e93144af3beba51a4 f7ec797babdc4a899303973eb6554130 - - default default] Error executing command (DbGetCommand): ovsdbapp.backend.ovs_idl.idlutils.RowNotFound: Cannot find Logical_Router_Port with name=lrp-fcbb3703-dc92-4c97-a4de-178ba545ead0
2026-07-02 06:19:45.624 10 ERROR ovsdbapp.backend.ovs_idl.command
Traceback (most recent call last):
2026-07-02 06:19:45.624 10 ERROR ovsdbapp.backend.ovs_idl.command
File "/var/lib/openstack/lib/python3.10/site-packages/ovsdbapp/backend/ovs_idl/command.py", line 47, in execute
2026-07-02 06:19:45.624 10 ERROR ovsdbapp.backend.ovs_idl.command self.run_idl(None)
2026-07-02 06:19:45.624 10 ERROR ovsdbapp.backend.ovs_idl.command
File "/var/lib/openstack/lib/python3.10/site-packages/ovsdbapp/backend/ovs_idl/command.py", line 235, in run_idl
2026-07-02 06:19:45.624 10 ERROR ovsdbapp.backend.ovs_idl.command record = self.api.lookup(self.table, self.record)
2026-07-02 06:19:45.624 10 ERROR ovsdbapp.backend.ovs_idl.command
File "/var/lib/openstack/lib/python3.10/site-packages/ovsdbapp/backend/ovs_idl/__init__.py", line 184, in lookup
2026-07-02 06:19:45.624 10 ERROR ovsdbapp.backend.ovs_idl.command return self._lookup(table, record)
2026-07-02 06:19:45.624 10 ERROR ovsdbapp.backend.ovs_idl.command
File "/var/lib/openstack/lib/python3.10/site-packages/ovsdbapp/backend/ovs_idl/__init__.py", line 235, in _lookup
2026-07-02 06:19:45.624 10 ERROR ovsdbapp.backend.ovs_idl.command row = idlutils.row_by_value(self, rl.table, rl.column, record)
2026-07-02 06:19:45.624 10 ERROR ovsdbapp.backend.ovs_idl.command
File "/var/lib/openstack/lib/python3.10/site-packages/ovsdbapp/backend/ovs_idl/idlutils.py", line 114, in row_by_value
2026-07-02 06:19:45.624 10 ERROR ovsdbapp.backend.ovs_idl.command raise RowNotFound(table=table, col=column, match=match)
2026-07-02 06:19:45.624 10 ERROR ovsdbapp.backend.ovs_idl.command ovsdbapp.backend.ovs_idl.idlutils.RowNotFound: Cannot find Logical_Router_Port with name=lrp-fcbb3703-dc92-4c97-a4de-178ba545ead0
2026-07-02 06:19:45.624 10 ERROR ovsdbapp.backend.ovs_idl.command 
2026-07-02 06:19:45.625 10 ERROR neutron_lib.callbacks.manager [None req-7453ebb5-9a37-444e-a681-d54f5ac19eb1 5f5ab3852d084f9e93144af3beba51a4 f7ec797babdc4a899303973eb6554130 - - default default] Error during notification for neutron.services.ovn_l3.plugin.OVNL3RouterPlugin._port_update-8790254931686 port, after_update: ovsdbapp.backend.ovs_idl.idlutils.RowNotFound: Cannot find Logical_Router_Port with name=lrp-fcbb3703-dc92-4c97-a4de-178ba545ead0
2026-07-02 06:19:45.625 10 ERROR neutron_lib.callbacks.manager
Traceback (most recent call last):
2026-07-02 06:19:45.625 10 ERROR neutron_lib.callbacks.manager
File "/var/lib/openstack/lib/python3.10/site-packages/neutron_lib/callbacks/manager.py", line 189, in _notify_loop
2026-07-02 06:19:45.625 10 ERROR neutron_lib.callbacks.manager callback.method(resource, event, trigger, payload=payload)
2026-07-02 06:19:45.625 10 ERROR neutron_lib.callbacks.manager
File "/var/lib/openstack/lib/python3.10/site-packages/neutron/services/ovn_l3/plugin.py", line 391, in _port_update
2026-07-02 06:19:45.625 10 ERROR neutron_lib.callbacks.manager l3plugin._ovn_client.update_router_port(context,
2026-07-02 06:19:45.625 10 ERROR neutron_lib.callbacks.manager
File "/var/lib/openstack/lib/python3.10/site-packages/neutron/plugins/ml2/drivers/ovn/mech_driver/ovsdb/ovn_client.py", line 1878, in update_router_port
2026-07-02 06:19:45.625 10 ERROR neutron_lib.callbacks.manager self._update_lrouter_port(context, port, if_exists=if_exists,
2026-07-02 06:19:45.625 10 ERROR neutron_lib.callbacks.manager
File "/var/lib/openstack/lib/python3.10/site-packages/neutron/plugins/ml2/drivers/ovn/mech_driver/ovsdb/ovn_client.py", line 1855, in _update_lrouter_port
2026-07-02 06:19:45.625 10 ERROR neutron_lib.callbacks.manager external_ids = self._nb_idl.db_get(
2026-07-02 06:19:45.625 10 ERROR neutron_lib.callbacks.manager
File "/var/lib/openstack/lib/python3.10/site-packages/ovsdbapp/backend/ovs_idl/command.py", line 47, in execute
2026-07-02 06:19:45.625 10 ERROR neutron_lib.callbacks.manager self.run_idl(None)
2026-07-02 06:19:45.625 10 ERROR neutron_lib.callbacks.manager
File "/var/lib/openstack/lib/python3.10/site-packages/ovsdbapp/backend/ovs_idl/command.py", line 235, in run_idl
2026-07-02 06:19:45.625 10 ERROR neutron_lib.callbacks.manager record = self.api.lookup(self.table, self.record)
2026-07-02 06:19:45.625 10 ERROR neutron_lib.callbacks.manager
File "/var/lib/openstack/lib/python3.10/site-packages/ovsdbapp/backend/ovs_idl/__init__.py", line 184, in lookup
2026-07-02 06:19:45.625 10 ERROR neutron_lib.callbacks.manager return self._lookup(table, record)
2026-07-02 06:19:45.625 10 ERROR neutron_lib.callbacks.manager
File "/var/lib/openstack/lib/python3.10/site-packages/ovsdbapp/backend/ovs_idl/__init__.py", line 235, in _lookup
2026-07-02 06:19:45.625 10 ERROR neutron_lib.callbacks.manager row = idlutils.row_by_value(self, rl.table, rl.column, record)
2026-07-02 06:19:45.625 10 ERROR neutron_lib.callbacks.manager
File "/var/lib/openstack/lib/python3.10/site-packages/ovsdbapp/backend/ovs_idl/idlutils.py", line 114, in row_by_value
2026-07-02 06:19:45.625 10 ERROR neutron_lib.callbacks.manager raise RowNotFound(table=table, col=column, match=match)
2026-07-02 06:19:45.625 10 ERROR neutron_lib.callbacks.manager ovsdbapp.backend.ovs_idl.idlutils.RowNotFound: Cannot find Logical_Router_Port with name=lrp-fcbb3703-dc92-4c97-a4de-178ba545ead0
2026-07-02 06:19:45.625 10 ERROR neutron_lib.callbacks.manager 
2026-07-02 06:19:45.839 9 INFO neutron.wsgi [None req-57088ec7-592f-4031-85ad-ea4de7ab1b55 d76d727f0982434a981787f1f102e8d9 d0459e9ac28f4b70b46d1ea36527355b - - default default] 10.0.0.186 "GET /v2.0/routers HTTP/1.1" status: 200 len: 3142 time: 0.3885324
2026-07-02 06:19:45.861 9 INFO neutron.wsgi [None req-b9b1d65e-de92-46af-aef0-29bdc7ae6da4 d76d727f0982434a981787f1f102e8d9 d0459e9ac28f4b70b46d1ea36527355b - - default default] 10.0.0.186 "GET /v2.0/agents?binary=ovn-controller HTTP/1.1" status: 200 len: 591 time: 0.0209913
2026-07-02 06:19:45.884 9 INFO neutron.wsgi [None req-84e9b679-8ae9-4bd9-b42d-4d9ed0037ed9 d76d727f0982434a981787f1f102e8d9 d0459e9ac28f4b70b46d1ea36527355b - - default default] 10.0.0.186 "GET /v2.0/network-ip-availabilities HTTP/1.1" status: 200 len: 5048 time: 0.0204401
2026-07-02 06:19:45.906 9 INFO neutron.wsgi [None req-0122f831-7633-402c-a7d9-7594d050a449 d76d727f0982434a981787f1f102e8d9 d0459e9ac28f4b70b46d1ea36527355b - - default default] 10.0.0.186 "GET /v2.0/agents HTTP/1.1" status: 200 len: 1390 time: 0.0203505
2026-07-02 06:19:45.911 10 INFO neutron.db.ovn_revision_numbers_db [None req-7453ebb5-9a37-444e-a681-d54f5ac19eb1 5f5ab3852d084f9e93144af3beba51a4 f7ec797babdc4a899303973eb6554130 - - default default] Successfully bumped revision number for resource fcbb3703-dc92-4c97-a4de-178ba545ead0 (type: ports) to 1
2026-07-02 06:19:45.969 9 INFO neutron.wsgi [None req-a949ed70-a8a9-47cf-b72a-7176b456eb58 d76d727f0982434a981787f1f102e8d9 d0459e9ac28f4b70b46d1ea36527355b - - default default] 10.0.0.186 "GET /v2.0/subnets HTTP/1.1" status: 200 len: 8058 time: 0.0612316
2026-07-02 06:19:45.972 10 WARNING neutron.scheduler.dhcp_agent_scheduler [None req-7453ebb5-9a37-444e-a681-d54f5ac19eb1 5f5ab3852d084f9e93144af3beba51a4 f7ec797babdc4a899303973eb6554130 - - default default] No more DHCP agents
2026-07-02 06:19:45.973 10 WARNING neutron.api.rpc.agentnotifiers.dhcp_rpc_agent_api [None req-7453ebb5-9a37-444e-a681-d54f5ac19eb1 5f5ab3852d084f9e93144af3beba51a4 f7ec797babdc4a899303973eb6554130 - - default default] Unable to schedule network 1c797735-d581-4ace-a3a7-9f0746de3c96: no agents available; will retry on subsequent port and subnet creation events.
2026-07-02 06:19:45.984 9 INFO neutron.wsgi [None req-89598afd-406d-4f10-8db2-18b496d8cc1a d76d727f0982434a981787f1f102e8d9 d0459e9ac28f4b70b46d1ea36527355b - - default default] 10.0.0.186 "GET /v2.0/subnetpools HTTP/1.1" status: 200 len: 193 time: 0.0112541
2026-07-02 06:19:46.021 9 INFO neutron.wsgi [None req-78c91a9a-9442-40a4-bc1d-78ff6e4f522a d76d727f0982434a981787f1f102e8d9 d0459e9ac28f4b70b46d1ea36527355b - - default default] 10.0.0.186 "GET /v2.0/floatingips HTTP/1.1" status: 200 len: 193 time: 0.0359092
2026-07-02 06:19:46.091 9 INFO neutron.wsgi [None req-4ac1b853-1b70-4d92-aec3-7f2f2733518a d76d727f0982434a981787f1f102e8d9 d0459e9ac28f4b70b46d1ea36527355b - - default default] 10.0.0.186 "GET /v2.0/security-groups HTTP/1.1" status: 200 len: 23390 time: 0.0683942
2026-07-02 06:19:46.224 9 INFO neutron.wsgi [None req-2dfd6894-5fd8-4967-b8ea-569a65cddbc2 d76d727f0982434a981787f1f102e8d9 d0459e9ac28f4b70b46d1ea36527355b - - default default] 10.0.0.186 "GET /v2.0/ports HTTP/1.1" status: 200 len: 23951 time: 0.1269755
2026-07-02 06:19:46.303 10 INFO neutron.db.ovn_revision_numbers_db [None req-7453ebb5-9a37-444e-a681-d54f5ac19eb1 5f5ab3852d084f9e93144af3beba51a4 f7ec797babdc4a899303973eb6554130 - - default default] Successfully bumped revision number for resource fcbb3703-dc92-4c97-a4de-178ba545ead0 (type: router_ports) to 1
2026-07-02 06:19:46.309 10 INFO neutron.wsgi [None req-7453ebb5-9a37-444e-a681-d54f5ac19eb1 5f5ab3852d084f9e93144af3beba51a4 f7ec797babdc4a899303973eb6554130 - - default default] 10.0.0.183 "PUT /v2.0/routers/7e0800dc-b20b-43a9-8f4e-b26c737993a0/add_router_interface HTTP/1.1" status: 200 len: 503 time: 2.3771496
2026-07-02 06:19:46.374 10 WARNING neutron_lib.context [None req-a3233400-344e-49b3-a390-9e30bcfc52c9 5f5ab3852d084f9e93144af3beba51a4 f7ec797babdc4a899303973eb6554130 - - default default] Method 'is_advsvc' is deprecated since 2023.2 release (neutron-lib 3.8.0) and will be removed once support for the old RBAC API policies will be removed from Neutron. Please use method 'is_service_role' instead.
2026-07-02 06:19:46.504 9 INFO neutron.wsgi [-] 10.0.0.57 "GET / HTTP/1.1" status: 200 len: 247 time: 0.0019755
2026-07-02 06:19:46.506 9 INFO neutron.wsgi [-] 10.0.0.57 "GET / HTTP/1.1" status: 200 len: 247 time: 0.0012348
2026-07-02 06:19:46.508 10 INFO neutron.db.ovn_revision_numbers_db [None req-a3233400-344e-49b3-a390-9e30bcfc52c9 5f5ab3852d084f9e93144af3beba51a4 f7ec797babdc4a899303973eb6554130 - - default default] Successfully bumped revision number for resource 5e5bfd36-f394-4487-8bf5-512ae8281bb4 (type: security_groups) to 1
2026-07-02 06:19:46.530 10 INFO neutron.db.ovn_revision_numbers_db [None req-a3233400-344e-49b3-a390-9e30bcfc52c9 5f5ab3852d084f9e93144af3beba51a4 f7ec797babdc4a899303973eb6554130 - - default default] Successfully bumped revision number for resource af2a69a2-8070-40c2-8536-f7392a59c944 (type: security_group_rules) to 0
2026-07-02 06:19:46.574 10 INFO neutron.db.ovn_revision_numbers_db [None req-a3233400-344e-49b3-a390-9e30bcfc52c9 5f5ab3852d084f9e93144af3beba51a4 f7ec797babdc4a899303973eb6554130 - - default default] Successfully bumped revision number for resource e33df967-cdad-4bc8-9f81-e9c807710d37 (type: security_group_rules) to 0
2026-07-02 06:19:46.597 10 INFO neutron.wsgi [None req-a3233400-344e-49b3-a390-9e30bcfc52c9 5f5ab3852d084f9e93144af3beba51a4 f7ec797babdc4a899303973eb6554130 - - default default] 10.0.0.183 "POST /v2.0/security-groups HTTP/1.1" status: 201 len: 1829 time: 0.2305558
2026-07-02 06:19:46.606 10 WARNING neutron_lib.context [None req-349d19f3-2887-4370-b50f-4c07d93c0468 5f5ab3852d084f9e93144af3beba51a4 f7ec797babdc4a899303973eb6554130 - - default default] Method 'is_advsvc' is deprecated since 2023.2 release (neutron-lib 3.8.0) and will be removed once support for the old RBAC API policies will be removed from Neutron. Please use method 'is_service_role' instead.
2026-07-02 06:19:46.761 10 INFO neutron.db.ovn_revision_numbers_db [None req-349d19f3-2887-4370-b50f-4c07d93c0468 5f5ab3852d084f9e93144af3beba51a4 f7ec797babdc4a899303973eb6554130 - - default default] Successfully bumped revision number for resource 74cb2f31-34e0-48be-9eb0-0e3010b59c78 (type: security_group_rules) to 0
2026-07-02 06:19:46.806 10 INFO neutron.wsgi [None req-349d19f3-2887-4370-b50f-4c07d93c0468 5f5ab3852d084f9e93144af3beba51a4 f7ec797babdc4a899303973eb6554130 - - default default] 10.0.0.183 "POST /v2.0/security-group-rules HTTP/1.1" status: 201 len: 796 time: 0.2053466
2026-07-02 06:19:46.810 9 INFO neutron.services.segments.plugin [-] Segment 1baebe78-e306-4985-a0f4-5e4b1b3a92b6 resource provider aggregate not found
2026-07-02 06:19:46.814 9 INFO neutron.services.segments.plugin [-] Segment 1baebe78-e306-4985-a0f4-5e4b1b3a92b6 resource provider aggregate not found
2026-07-02 06:19:46.824 10 WARNING neutron_lib.context [None req-bcb0f03a-37a9-4f3a-a465-7adb653e58bd 5f5ab3852d084f9e93144af3beba51a4 f7ec797babdc4a899303973eb6554130 - - default default] Method 'is_advsvc' is deprecated since 2023.2 release (neutron-lib 3.8.0) and will be removed once support for the old RBAC API policies will be removed from Neutron. Please use method 'is_service_role' instead.
2026-07-02 06:19:46.830 9 INFO neutron.services.segments.plugin [-] Segment 1baebe78-e306-4985-a0f4-5e4b1b3a92b6 resource provider not found; error: Placement Client Error (4xx): {"errors": [{"status": 404, "title": "Not Found", "detail": "The resource could not be found.\n\n No resource provider with uuid 1baebe78-e306-4985-a0f4-5e4b1b3a92b6 found for delete ", "request_id": "req-231ffde8-5033-4a39-8f8c-26300870cc8c"}]}
2026-07-02 06:19:46.838 9 INFO neutron.services.segments.plugin [-] Segment 1baebe78-e306-4985-a0f4-5e4b1b3a92b6 resource provider not found; error: Placement Client Error (4xx): {"errors": [{"status": 404, "title": "Not Found", "detail": "The resource could not be found.\n\n No resource provider with uuid 1baebe78-e306-4985-a0f4-5e4b1b3a92b6 found for delete ", "request_id": "req-d0949063-0581-4363-95ac-39b06b185af8"}]}
2026-07-02 06:19:46.853 9 INFO neutron.wsgi [None req-51eecae6-55ea-4382-9a9b-b642de9feda0 8011ff2e04944729a3f6c4a674df30f0 2ef7c8f9ed954830926dbb82931392af - - default default] 10.0.0.183 "DELETE /v2.0/vpn/vpnservices/0b325cb1-00fd-4d5d-bf1f-144843ae2f4e HTTP/1.1" status: 204 len: 168 time: 3.6203346
2026-07-02 06:19:46.868 10 WARNING neutron_lib.context [None req-8c25f64b-a1b1-4d79-9b4a-9fec4f190861 14a64aab0fe44ad7afcde3b17735706c ac419908db244f0e8ea6f909e4020e58 - - default default] Method 'is_advsvc' is deprecated since 2023.2 release (neutron-lib 3.8.0) and will be removed once support for the old RBAC API policies will be removed from Neutron. Please use method 'is_service_role' instead.
2026-07-02 06:19:46.939 10 INFO neutron.wsgi [None req-8c25f64b-a1b1-4d79-9b4a-9fec4f190861 14a64aab0fe44ad7afcde3b17735706c ac419908db244f0e8ea6f909e4020e58 - - default default] 10.0.0.183 "POST /v2.0/vpn/endpoint-groups HTTP/1.1" status: 201 len: 500 time: 0.0782115 /var/lib/openstack/lib/python3.10/site-packages/pycadf/identifier.py:71: UserWarning: Invalid uuid: neutron. To ensure interoperability, identifiers should be a valid uuid. warnings.warn(('Invalid uuid: %s. To ensure interoperability, '
2026-07-02 06:19:46.960 9 WARNING neutron_lib.context [None req-12aa16e5-1989-4102-9763-8935b5c9bebd 14a64aab0fe44ad7afcde3b17735706c ac419908db244f0e8ea6f909e4020e58 - - default default] Method 'is_advsvc' is deprecated since 2023.2 release (neutron-lib 3.8.0) and will be removed once support for the old RBAC API policies will be removed from Neutron. Please use method 'is_service_role' instead.
2026-07-02 06:19:46.985 10 INFO neutron.db.ovn_revision_numbers_db [None req-bcb0f03a-37a9-4f3a-a465-7adb653e58bd 5f5ab3852d084f9e93144af3beba51a4 f7ec797babdc4a899303973eb6554130 - - default default] Successfully bumped revision number for resource e3df9ca6-0d8a-4778-ad6d-f19230930a20 (type: security_group_rules) to 0
2026-07-02 06:19:47.005 10 INFO neutron.wsgi [None req-bcb0f03a-37a9-4f3a-a465-7adb653e58bd 5f5ab3852d084f9e93144af3beba51a4 f7ec797babdc4a899303973eb6554130 - - default default] 10.0.0.183 "POST /v2.0/security-group-rules HTTP/1.1" status: 201 len: 796 time: 0.1923530
2026-07-02 06:19:47.008 9 INFO neutron.wsgi [None req-12aa16e5-1989-4102-9763-8935b5c9bebd 14a64aab0fe44ad7afcde3b17735706c ac419908db244f0e8ea6f909e4020e58 - - default default] 10.0.0.183 "POST /v2.0/vpn/endpoint-groups HTTP/1.1" status: 201 len: 493 time: 0.0583932
2026-07-02 06:19:47.014 10 WARNING neutron_lib.context [None req-45851be3-bc0c-4214-bde2-ab168e52c613 5f5ab3852d084f9e93144af3beba51a4 f7ec797babdc4a899303973eb6554130 - - default default] Method 'is_advsvc' is deprecated since 2023.2 release (neutron-lib 3.8.0) and will be removed once support for the old RBAC API policies will be removed from Neutron. Please use method 'is_service_role' instead.
2026-07-02 06:19:47.020 9 WARNING neutron.api.v2.base [None req-264bfbc8-64ac-4cda-a193-defa56bcf366 14a64aab0fe44ad7afcde3b17735706c ac419908db244f0e8ea6f909e4020e58 - - default default] An exception happened while processing the request body. The exception message is [Unrecognized attribute(s) 'peer_cidr'].: webob.exc.HTTPBadRequest: Unrecognized attribute(s) 'peer_cidr'
2026-07-02 06:19:47.022 9 INFO neutron.api.v2.resource [None req-264bfbc8-64ac-4cda-a193-defa56bcf366 14a64aab0fe44ad7afcde3b17735706c ac419908db244f0e8ea6f909e4020e58 - - default default] create failed (client error): Unrecognized attribute(s) 'peer_cidr'
2026-07-02 06:19:47.023 9 INFO neutron.wsgi [None req-264bfbc8-64ac-4cda-a193-defa56bcf366 14a64aab0fe44ad7afcde3b17735706c ac419908db244f0e8ea6f909e4020e58 - - default default] 10.0.0.183 "POST /v2.0/vpn/ipsec-site-connections HTTP/1.1" status: 400 len: 313 time: 0.0103230
2026-07-02 06:19:47.046 9 INFO neutron.wsgi [None req-6cefa998-620f-45b3-8cfb-6c20add0a547 14a64aab0fe44ad7afcde3b17735706c ac419908db244f0e8ea6f909e4020e58 - - default default] 10.0.0.183 "GET /v2.0/vpn/endpoint-groups HTTP/1.1" status: 200 len: 1386 time: 0.0181899
2026-07-02 06:19:47.079 9 INFO neutron.wsgi [None req-7b3ecad7-5f4a-48a1-8725-71241999fabd 14a64aab0fe44ad7afcde3b17735706c ac419908db244f0e8ea6f909e4020e58 - - default default] 10.0.0.183 "DELETE /v2.0/vpn/endpoint-groups/5a790df9-aaa0-4ed3-8701-7f3c45e1b5b4 HTTP/1.1" status: 204 len: 168 time: 0.0287697
2026-07-02 06:19:47.096 9 INFO neutron.wsgi [None req-d885eead-cf8a-4771-9726-ae2416cedaf6 14a64aab0fe44ad7afcde3b17735706c ac419908db244f0e8ea6f909e4020e58 - - default default] 10.0.0.183 "GET /v2.0/vpn/endpoint-groups HTTP/1.1" status: 200 len: 1109 time: 0.0123849
2026-07-02 06:19:47.113 9 INFO neutron.wsgi [None req-06fcb183-eeee-421f-9ed0-42a8ad3fc9c6 14a64aab0fe44ad7afcde3b17735706c ac419908db244f0e8ea6f909e4020e58 - - default default] 10.0.0.183 "GET /v2.0/vpn/endpoint-groups HTTP/1.1" status: 200 len: 1109 time: 0.0122650
2026-07-02 06:19:47.147 9 INFO neutron.wsgi [None req-85c1c2b4-43a2-43a7-bdab-a3d6bc58790f 14a64aab0fe44ad7afcde3b17735706c ac419908db244f0e8ea6f909e4020e58 - - default default] 10.0.0.183 "DELETE /v2.0/vpn/endpoint-groups/45b16ab4-26c8-4521-a808-3a465c0dbb5b HTTP/1.1" status: 204 len: 168 time: 0.0296025
2026-07-02 06:19:47.159 10 INFO neutron.db.ovn_revision_numbers_db [None req-45851be3-bc0c-4214-bde2-ab168e52c613 5f5ab3852d084f9e93144af3beba51a4 f7ec797babdc4a899303973eb6554130 - - default default] Successfully bumped revision number for resource d6e0e61c-c28d-41d2-8470-3a08f9b09892 (type: security_group_rules) to 0
2026-07-02 06:19:47.168 10 INFO neutron.wsgi [None req-025d2f1b-e690-4ff2-a788-40c4032f4ca3 14a64aab0fe44ad7afcde3b17735706c ac419908db244f0e8ea6f909e4020e58 - - default default] 10.0.0.183 "GET /v2.0/vpn/endpoint-groups HTTP/1.1" status: 200 len: 826 time: 0.0161567
2026-07-02 06:19:47.183 9 WARNING neutron_lib.context [None req-140ae06b-89bd-420a-95d8-d1901585b7b5 14a64aab0fe44ad7afcde3b17735706c ac419908db244f0e8ea6f909e4020e58 - - default default] Method 'is_advsvc' is deprecated since 2023.2 release (neutron-lib 3.8.0) and will be removed once support for the old RBAC API policies will be removed from Neutron. Please use method 'is_service_role' instead.
2026-07-02 06:19:47.187 10 INFO neutron.wsgi [None req-45851be3-bc0c-4214-bde2-ab168e52c613 5f5ab3852d084f9e93144af3beba51a4 f7ec797babdc4a899303973eb6554130 - - default default] 10.0.0.183 "POST /v2.0/security-group-rules HTTP/1.1" status: 201 len: 798 time: 0.1769774
2026-07-02 06:19:47.197 10 WARNING neutron_lib.context [None req-317249bc-cd06-42ad-8d32-1ecad57d76e7 5f5ab3852d084f9e93144af3beba51a4 f7ec797babdc4a899303973eb6554130 - - default default] Method 'is_advsvc' is deprecated since 2023.2 release (neutron-lib 3.8.0) and will be removed once support for the old RBAC API policies will be removed from Neutron. Please use method 'is_service_role' instead.
2026-07-02 06:19:47.254 9 INFO neutron.wsgi [None req-140ae06b-89bd-420a-95d8-d1901585b7b5 14a64aab0fe44ad7afcde3b17735706c ac419908db244f0e8ea6f909e4020e58 - - default default] 10.0.0.183 "POST /v2.0/vpn/endpoint-groups HTTP/1.1" status: 201 len: 501 time: 0.0790763
2026-07-02 06:19:47.264 10 WARNING neutron_lib.context [None req-bb1bd242-c30d-46cc-bbc3-fe873ae0b2a6 14a64aab0fe44ad7afcde3b17735706c ac419908db244f0e8ea6f909e4020e58 - - default default] Method 'is_advsvc' is deprecated since 2023.2 release (neutron-lib 3.8.0) and will be removed once support for the old RBAC API policies will be removed from Neutron. Please use method 'is_service_role' instead.
2026-07-02 06:19:47.307 10 INFO neutron.wsgi [None req-bb1bd242-c30d-46cc-bbc3-fe873ae0b2a6 14a64aab0fe44ad7afcde3b17735706c ac419908db244f0e8ea6f909e4020e58 - - default default] 10.0.0.183 "POST /v2.0/vpn/endpoint-groups HTTP/1.1" status: 201 len: 492 time: 0.0485766
2026-07-02 06:19:47.322 9 WARNING neutron_lib.context [None req-d51bccce-9e73-4948-829c-f1c47d290add 14a64aab0fe44ad7afcde3b17735706c ac419908db244f0e8ea6f909e4020e58 - - default default] Method 'is_advsvc' is deprecated since 2023.2 release (neutron-lib 3.8.0) and will be removed once support for the old RBAC API policies will be removed from Neutron. Please use method 'is_service_role' instead.
2026-07-02 06:19:47.333 10 INFO neutron.db.ovn_revision_numbers_db [None req-317249bc-cd06-42ad-8d32-1ecad57d76e7 5f5ab3852d084f9e93144af3beba51a4 f7ec797babdc4a899303973eb6554130 - - default default] Successfully bumped revision number for resource fc59abdf-c968-4d53-842c-1d5e417a5d8c (type: security_group_rules) to 0
2026-07-02 06:19:47.354 10 INFO neutron.wsgi [None req-317249bc-cd06-42ad-8d32-1ecad57d76e7 5f5ab3852d084f9e93144af3beba51a4 f7ec797babdc4a899303973eb6554130 - - default default] 10.0.0.183 "POST /v2.0/security-group-rules HTTP/1.1" status: 201 len: 800 time: 0.1619289
2026-07-02 06:19:47.363 10 WARNING neutron_lib.context [None req-b9db5e30-3959-480d-8722-f010ea659e45 5f5ab3852d084f9e93144af3beba51a4 f7ec797babdc4a899303973eb6554130 - - default default] Method 'is_advsvc' is deprecated since 2023.2 release (neutron-lib 3.8.0) and will be removed once support for the old RBAC API policies will be removed from Neutron. Please use method 'is_service_role' instead.
2026-07-02 06:19:47.373 9 INFO neutron.api.v2.resource [None req-d51bccce-9e73-4948-829c-f1c47d290add 14a64aab0fe44ad7afcde3b17735706c ac419908db244f0e8ea6f909e4020e58 - - default default] create failed (client error): The server could not comply with the request since it is either malformed or otherwise incorrect.
2026-07-02 06:19:47.375 9 INFO neutron.wsgi [None req-d51bccce-9e73-4948-829c-f1c47d290add 14a64aab0fe44ad7afcde3b17735706c ac419908db244f0e8ea6f909e4020e58 - - default default] 10.0.0.183 "POST /v2.0/vpn/ipsec-site-connections HTTP/1.1" status: 400 len: 373 time: 0.0634463
2026-07-02 06:19:47.393 9 INFO neutron.wsgi [None req-94919f08-b1b5-498f-8df8-2a25700bc584 14a64aab0fe44ad7afcde3b17735706c ac419908db244f0e8ea6f909e4020e58 - - default default] 10.0.0.183 "GET /v2.0/vpn/endpoint-groups HTTP/1.1" status: 200 len: 1386 time: 0.0127845
2026-07-02 06:19:47.424 9 INFO neutron.wsgi [None req-e60a5a24-01c2-4512-9648-1fa0a7b96d4f 14a64aab0fe44ad7afcde3b17735706c ac419908db244f0e8ea6f909e4020e58 - - default default] 10.0.0.183 "DELETE /v2.0/vpn/endpoint-groups/9fa34cc8-b393-40c7-9afd-b5d35400a465 HTTP/1.1" status: 204 len: 168 time: 0.0262058
2026-07-02 06:19:47.439 10 INFO neutron.wsgi [None req-93ac9b84-6c9e-44d6-9f96-f5ec0fd7b208 14a64aab0fe44ad7afcde3b17735706c ac419908db244f0e8ea6f909e4020e58 - - default default] 10.0.0.183 "GET /v2.0/vpn/endpoint-groups HTTP/1.1" status: 200 len: 1110 time: 0.0107703
2026-07-02 06:19:47.459 10 INFO neutron.wsgi [None req-552a8dba-4d60-4663-b92d-8e0d4d8c672d 14a64aab0fe44ad7afcde3b17735706c ac419908db244f0e8ea6f909e4020e58 - - default default] 10.0.0.183 "GET /v2.0/vpn/endpoint-groups HTTP/1.1" status: 200 len: 1110 time: 0.0156226
2026-07-02 06:19:47.491 10 INFO neutron.db.ovn_revision_numbers_db [None req-b9db5e30-3959-480d-8722-f010ea659e45 5f5ab3852d084f9e93144af3beba51a4 f7ec797babdc4a899303973eb6554130 - - default default] Successfully bumped revision number for resource d13278ce-570d-4fc5-81c5-b378e6410d03 (type: security_group_rules) to 0
2026-07-02 06:19:47.496 9 INFO neutron.wsgi [None req-96e6b3a1-aadf-41ba-b2af-62aad1187214 14a64aab0fe44ad7afcde3b17735706c ac419908db244f0e8ea6f909e4020e58 - - default default] 10.0.0.183 "DELETE /v2.0/vpn/endpoint-groups/87366f0b-92cb-49c2-a160-fd0ea833ba90 HTTP/1.1" status: 204 len: 168 time: 0.0320497
2026-07-02 06:19:47.513 9 INFO neutron.wsgi [None req-d737654d-4c41-4eff-9f7c-d9c0de3060ea 14a64aab0fe44ad7afcde3b17735706c ac419908db244f0e8ea6f909e4020e58 - - default default] 10.0.0.183 "GET /v2.0/vpn/endpoint-groups HTTP/1.1" status: 200 len: 826 time: 0.0126920
2026-07-02 06:19:47.518 10 INFO neutron.wsgi [None req-b9db5e30-3959-480d-8722-f010ea659e45 5f5ab3852d084f9e93144af3beba51a4 f7ec797babdc4a899303973eb6554130 - - default default] 10.0.0.183 "POST /v2.0/security-group-rules HTTP/1.1" status: 201 len: 800 time: 0.1588852
2026-07-02 06:19:47.525 9 WARNING neutron_lib.context [None req-48c38fb5-0a02-4162-be4a-9c4f7d057e31 14a64aab0fe44ad7afcde3b17735706c ac419908db244f0e8ea6f909e4020e58 - - default default] Method 'is_advsvc' is deprecated since 2023.2 release (neutron-lib 3.8.0) and will be removed once support for the old RBAC API policies will be removed from Neutron. Please use method 'is_service_role' instead.
2026-07-02 06:19:47.529 10 WARNING neutron_lib.context [None req-0ef55428-1fe2-4541-8573-ea49c074d991 5f5ab3852d084f9e93144af3beba51a4 f7ec797babdc4a899303973eb6554130 - - default default] Method 'is_advsvc' is deprecated since 2023.2 release (neutron-lib 3.8.0) and will be removed once support for the old RBAC API policies will be removed from Neutron. Please use method 'is_service_role' instead.
2026-07-02 06:19:47.598 9 INFO neutron.wsgi [None req-48c38fb5-0a02-4162-be4a-9c4f7d057e31 14a64aab0fe44ad7afcde3b17735706c ac419908db244f0e8ea6f909e4020e58 - - default default] 10.0.0.183 "POST /v2.0/vpn/endpoint-groups HTTP/1.1" status: 201 len: 501 time: 0.0778458
2026-07-02 06:19:47.612 9 WARNING neutron.api.v2.base [None req-fc7337aa-3166-4faa-a571-e776d14418c6 14a64aab0fe44ad7afcde3b17735706c ac419908db244f0e8ea6f909e4020e58 - - default default] An exception happened while processing the request body. The exception message is [Failed to parse request. Required attribute 'peer_id' not specified].: webob.exc.HTTPBadRequest: Failed to parse request. Required attribute 'peer_id' not specified
2026-07-02 06:19:47.612 9 INFO neutron.api.v2.resource [None req-fc7337aa-3166-4faa-a571-e776d14418c6 14a64aab0fe44ad7afcde3b17735706c ac419908db244f0e8ea6f909e4020e58 - - default default] create failed (client error): Failed to parse request. Required attribute 'peer_id' not specified
2026-07-02 06:19:47.613 9 INFO neutron.wsgi [None req-fc7337aa-3166-4faa-a571-e776d14418c6 14a64aab0fe44ad7afcde3b17735706c ac419908db244f0e8ea6f909e4020e58 - - default default] 10.0.0.183 "POST /v2.0/vpn/ipsec-site-connections HTTP/1.1" status: 400 len: 343 time: 0.0106795
2026-07-02 06:19:47.634 9 INFO neutron.wsgi [None req-41759c05-edd4-4046-a91a-26d79c295f5e 14a64aab0fe44ad7afcde3b17735706c ac419908db244f0e8ea6f909e4020e58 - - default default] 10.0.0.183 "GET /v2.0/vpn/endpoint-groups HTTP/1.1" status: 200 len: 1110 time: 0.0163875
2026-07-02 06:19:47.668 9 INFO neutron.wsgi [None req-0f8a2e07-7f66-4406-9f6d-4a0fe5bc20eb 14a64aab0fe44ad7afcde3b17735706c ac419908db244f0e8ea6f909e4020e58 - - default default] 10.0.0.183 "DELETE /v2.0/vpn/endpoint-groups/69fa2e0c-64bb-4fb0-8cc9-e7b249def596 HTTP/1.1" status: 204 len: 168 time: 0.0283301
2026-07-02 06:19:47.685 9 INFO neutron.wsgi [None req-a658da28-9c8d-4a24-ab0e-19d84762a9f0 14a64aab0fe44ad7afcde3b17735706c ac419908db244f0e8ea6f909e4020e58 - - default default] 10.0.0.183 "GET /v2.0/vpn/endpoint-groups HTTP/1.1" status: 200 len: 826 time: 0.0114799
2026-07-02 06:19:47.690 10 INFO neutron.db.ovn_revision_numbers_db [None req-0ef55428-1fe2-4541-8573-ea49c074d991 5f5ab3852d084f9e93144af3beba51a4 f7ec797babdc4a899303973eb6554130 - - default default] Successfully bumped revision number for resource 3ccc9f7b-ca8c-4f3c-b815-f817de206038 (type: security_group_rules) to 0
