2026-07-02 06:18:37.747 10 INFO neutron.db.ovn_revision_numbers_db [None req-d08c72de-a92c-43ea-ac0f-cd6b57fee8e1 f66f422d18924422b686b27779aafa05 51c0c625404b4e178dc299b0e50d754d - - default default] Successfully bumped revision number for resource 0978b373-8654-4e6a-a0ec-a477627c18a3 (type: security_group_rules) to 0
2026-07-02 06:18:37.769 10 INFO neutron.db.ovn_revision_numbers_db [None req-d08c72de-a92c-43ea-ac0f-cd6b57fee8e1 f66f422d18924422b686b27779aafa05 51c0c625404b4e178dc299b0e50d754d - - default default] Successfully bumped revision number for resource 7008967f-a4de-4356-be1e-725ac467dd91 (type: security_group_rules) to 0
2026-07-02 06:18:37.798 9 INFO neutron.api.v2.resource [None req-18d6090a-fd3a-467a-bd00-7084e3fdcd5d 79e1c41e68b04a93afebc35c6625dd98 ad80bbbe12334d2a856ec612224739e0 - - default default] delete failed (client error): The resource could not be found.
2026-07-02 06:18:37.799 9 INFO neutron.wsgi [None req-18d6090a-fd3a-467a-bd00-7084e3fdcd5d 79e1c41e68b04a93afebc35c6625dd98 ad80bbbe12334d2a856ec612224739e0 - - default default] 10.0.0.183 "DELETE /v2.0/routers/3b499353-8f77-40e9-93d5-0affa1dc8d22 HTTP/1.1" status: 404 len: 336 time: 0.0438559
2026-07-02 06:18:37.807 10 INFO neutron.db.ovn_revision_numbers_db [None req-d08c72de-a92c-43ea-ac0f-cd6b57fee8e1 f66f422d18924422b686b27779aafa05 51c0c625404b4e178dc299b0e50d754d - - default default] Successfully bumped revision number for resource d61dd46f-ef4e-4cac-952e-900791905b2f (type: security_group_rules) to 0
2026-07-02 06:18:37.820 10 INFO neutron.db.ovn_revision_numbers_db [None req-d08c72de-a92c-43ea-ac0f-cd6b57fee8e1 f66f422d18924422b686b27779aafa05 51c0c625404b4e178dc299b0e50d754d - - default default] Successfully bumped revision number for resource e02b33b3-29eb-4d3e-a3ea-15cedcfc85d2 (type: security_group_rules) to 0
2026-07-02 06:18:37.825 9 INFO neutron.wsgi [None req-c1cee5c7-35f4-4d40-b2a2-785db661f2f5 79e1c41e68b04a93afebc35c6625dd98 ad80bbbe12334d2a856ec612224739e0 - - default default] 10.0.0.183 "GET /v2.0/ports?device_id=d756c7d6-d51c-4cc5-8468-afdbd696ec0a HTTP/1.1" status: 200 len: 205 time: 0.0194573
2026-07-02 06:18:37.828 9 INFO neutron.wsgi [None req-9ad1084c-e7af-4767-bf13-2428b305f532 167b44e1324c4c4c8c3af3d8bd57a2cd 0d719cfe0277412cb7efb17316ed6b94 - - default default] 10.0.0.183 "GET /v2.0/subnets/9c350b25-913c-4c44-9f14-7fad3a838932/tags HTTP/1.1" status: 200 len: 230 time: 0.0985394
2026-07-02 06:18:37.854 9 INFO neutron.api.v2.resource [None req-11e380c4-44d4-43bf-8738-67b77d50f483 79e1c41e68b04a93afebc35c6625dd98 ad80bbbe12334d2a856ec612224739e0 - - default default] delete failed (client error): The resource could not be found.
2026-07-02 06:18:37.864 9 INFO neutron.wsgi [None req-11e380c4-44d4-43bf-8738-67b77d50f483 79e1c41e68b04a93afebc35c6625dd98 ad80bbbe12334d2a856ec612224739e0 - - default default] 10.0.0.183 "DELETE /v2.0/routers/d756c7d6-d51c-4cc5-8468-afdbd696ec0a HTTP/1.1" status: 404 len: 336 time: 0.0357893
2026-07-02 06:18:37.872 10 WARNING neutron.scheduler.dhcp_agent_scheduler [None req-66e9ef93-5506-44b6-8708-15b09bc43fce c746cd129d2c476883a2801885aefadf 7184bda038774df7906fee91b6942f39 - - default default] No more DHCP agents
2026-07-02 06:18:37.877 10 WARNING neutron.api.rpc.agentnotifiers.dhcp_rpc_agent_api [None req-66e9ef93-5506-44b6-8708-15b09bc43fce c746cd129d2c476883a2801885aefadf 7184bda038774df7906fee91b6942f39 - - default default] Unable to schedule network bb3fc5d7-bd3a-44ca-aa28-9e3aa9654e32: no agents available; will retry on subsequent port and subnet creation events.
2026-07-02 06:18:37.886 9 INFO neutron.pecan_wsgi.hooks.translation [None req-5d2d17c8-d8c7-45ee-adf8-6d8052e5ac4d 79e1c41e68b04a93afebc35c6625dd98 ad80bbbe12334d2a856ec612224739e0 - - default default] DELETE failed (client error): The resource could not be found.
2026-07-02 06:18:37.889 9 INFO neutron.wsgi [None req-5d2d17c8-d8c7-45ee-adf8-6d8052e5ac4d 79e1c41e68b04a93afebc35c6625dd98 ad80bbbe12334d2a856ec612224739e0 - - default default] 10.0.0.183 "DELETE /v2.0/subnets/93af4d2e-de9a-4f88-98a2-a49698f4ce87 HTTP/1.1" status: 404 len: 337 time: 0.0173769
2026-07-02 06:18:37.907 10 INFO neutron.db.segments_db [None req-d08c72de-a92c-43ea-ac0f-cd6b57fee8e1 f66f422d18924422b686b27779aafa05 51c0c625404b4e178dc299b0e50d754d - - default default] Added segment 5b1cf152-ce70-41d8-9bca-4207c96ea08f of type geneve for network cf72339e-bd52-4670-b783-ed859126c015
2026-07-02 06:18:37.910 9 INFO neutron.wsgi [None req-cc237f79-1c91-42ac-b246-4fd1c5783286 79e1c41e68b04a93afebc35c6625dd98 ad80bbbe12334d2a856ec612224739e0 - - default default] 10.0.0.183 "GET /v2.0/ports?device_id=66aa2501-bb9b-4e32-ac40-1fdcd7888016 HTTP/1.1" status: 200 len: 205 time: 0.0164938
2026-07-02 06:18:37.938 9 INFO neutron.api.v2.resource [None req-334cf053-5cb9-41c0-80b0-b8e36d53cc9b 79e1c41e68b04a93afebc35c6625dd98 ad80bbbe12334d2a856ec612224739e0 - - default default] delete failed (client error): The resource could not be found.
2026-07-02 06:18:37.939 9 INFO neutron.wsgi [None req-334cf053-5cb9-41c0-80b0-b8e36d53cc9b 79e1c41e68b04a93afebc35c6625dd98 ad80bbbe12334d2a856ec612224739e0 - - default default] 10.0.0.183 "DELETE /v2.0/routers/66aa2501-bb9b-4e32-ac40-1fdcd7888016 HTTP/1.1" status: 404 len: 336 time: 0.0249772
2026-07-02 06:18:37.944 10 INFO neutron.wsgi [None req-fccadba6-2915-465e-ad08-ffe601cf3f11 167b44e1324c4c4c8c3af3d8bd57a2cd 0d719cfe0277412cb7efb17316ed6b94 - - default default] 10.0.0.183 "GET /v2.0/subnets/9c350b25-913c-4c44-9f14-7fad3a838932/tags/red HTTP/1.1" status: 204 len: 168 time: 0.1086340
2026-07-02 06:18:37.972 9 INFO neutron.pecan_wsgi.hooks.translation [None req-8a638e19-5f5b-4c48-bfbf-0eb768b6e6e4 79e1c41e68b04a93afebc35c6625dd98 ad80bbbe12334d2a856ec612224739e0 - - default default] DELETE failed (client error): The resource could not be found.
2026-07-02 06:18:37.975 9 INFO neutron.wsgi [None req-8a638e19-5f5b-4c48-bfbf-0eb768b6e6e4 79e1c41e68b04a93afebc35c6625dd98 ad80bbbe12334d2a856ec612224739e0 - - default default] 10.0.0.183 "DELETE /v2.0/subnets/49fbd62e-008d-4f70-aabe-6742dde15586 HTTP/1.1" status: 404 len: 337 time: 0.0265384
2026-07-02 06:18:38.007 9 INFO neutron.api.v2.resource [None req-bf70f50e-73c9-4317-9bb1-dba3bc0d0344 167b44e1324c4c4c8c3af3d8bd57a2cd 0d719cfe0277412cb7efb17316ed6b94 - - default default] show failed (client error): The resource could not be found.
2026-07-02 06:18:38.009 9 INFO neutron.wsgi [None req-bf70f50e-73c9-4317-9bb1-dba3bc0d0344 167b44e1324c4c4c8c3af3d8bd57a2cd 0d719cfe0277412cb7efb17316ed6b94 - - default default] 10.0.0.183 "GET /v2.0/subnets/9c350b25-913c-4c44-9f14-7fad3a838932/tags/green HTTP/1.1" status: 404 len: 299 time: 0.0595105
2026-07-02 06:18:38.022 10 INFO neutron.wsgi [None req-64af3ab1-a1f1-4e7c-94fc-aa4969d34386 79e1c41e68b04a93afebc35c6625dd98 ad80bbbe12334d2a856ec612224739e0 - - default default] 10.0.0.183 "GET /v2.0/ports?device_id=c8125604-a531-4042-8e62-1c7f05dafb10 HTTP/1.1" status: 200 len: 205 time: 0.0346394
2026-07-02 06:18:38.042 10 INFO neutron.db.ovn_revision_numbers_db [None req-66e9ef93-5506-44b6-8708-15b09bc43fce c746cd129d2c476883a2801885aefadf 7184bda038774df7906fee91b6942f39 - - default default] Successfully bumped revision number for resource 06383000-1c73-4239-a440-cd1eae55abfa (type: ports) to 1
2026-07-02 06:18:38.052 9 INFO neutron.api.v2.resource [None req-e6850c21-956e-4ede-869a-aa2f060f4731 79e1c41e68b04a93afebc35c6625dd98 ad80bbbe12334d2a856ec612224739e0 - - default default] delete failed (client error): The resource could not be found.
2026-07-02 06:18:38.054 9 INFO neutron.wsgi [None req-e6850c21-956e-4ede-869a-aa2f060f4731 79e1c41e68b04a93afebc35c6625dd98 ad80bbbe12334d2a856ec612224739e0 - - default default] 10.0.0.183 "DELETE /v2.0/routers/c8125604-a531-4042-8e62-1c7f05dafb10 HTTP/1.1" status: 404 len: 336 time: 0.0273161
2026-07-02 06:18:38.076 9 INFO neutron.pecan_wsgi.hooks.translation [None req-c9e14ee3-34f0-4ab7-8f8b-5ea0d81d5fbf 79e1c41e68b04a93afebc35c6625dd98 ad80bbbe12334d2a856ec612224739e0 - - default default] DELETE failed (client error): The resource could not be found.
2026-07-02 06:18:38.078 9 INFO neutron.wsgi [None req-c9e14ee3-34f0-4ab7-8f8b-5ea0d81d5fbf 79e1c41e68b04a93afebc35c6625dd98 ad80bbbe12334d2a856ec612224739e0 - - default default] 10.0.0.183 "DELETE /v2.0/subnets/52e1e44b-bcba-49e1-ac90-3fbd659d4dd1 HTTP/1.1" status: 404 len: 337 time: 0.0198143
2026-07-02 06:18:38.099 10 INFO neutron.wsgi [None req-66e9ef93-5506-44b6-8708-15b09bc43fce c746cd129d2c476883a2801885aefadf 7184bda038774df7906fee91b6942f39 - - default default] 10.0.0.183 "POST /v2.0/networks HTTP/1.1" status: 201 len: 830 time: 1.3943093
2026-07-02 06:18:38.109 9 INFO neutron.wsgi [None req-fe2caa2c-ff36-46d9-8d66-57fbd5f7f45a 167b44e1324c4c4c8c3af3d8bd57a2cd 0d719cfe0277412cb7efb17316ed6b94 - - default default] 10.0.0.183 "DELETE /v2.0/subnets/9c350b25-913c-4c44-9f14-7fad3a838932/tags/red HTTP/1.1" status: 204 len: 168 time: 0.0963564
2026-07-02 06:18:38.110 10 WARNING neutron_lib.context [None req-ca08ec61-c237-4a7d-a7ba-e8197f1f9635 c746cd129d2c476883a2801885aefadf 7184bda038774df7906fee91b6942f39 - - default default] Method 'is_advsvc' is deprecated since 2023.2 release (neutron-lib 3.8.0) and will be removed once support for the old RBAC API policies will be removed from Neutron. Please use method 'is_service_role' instead.
2026-07-02 06:18:38.110 9 INFO neutron.pecan_wsgi.hooks.translation [None req-4609005b-2482-4136-b83a-4bad0a83babd 79e1c41e68b04a93afebc35c6625dd98 ad80bbbe12334d2a856ec612224739e0 - - default default] DELETE failed (client error): The resource could not be found.
2026-07-02 06:18:38.113 9 INFO neutron.wsgi [None req-4609005b-2482-4136-b83a-4bad0a83babd 79e1c41e68b04a93afebc35c6625dd98 ad80bbbe12334d2a856ec612224739e0 - - default default] 10.0.0.183 "DELETE /v2.0/subnets/dd34d52f-406c-4d2e-b257-931bc3284d3a HTTP/1.1" status: 404 len: 337 time: 0.0306373
2026-07-02 06:18:38.135 10 INFO neutron.db.ovn_revision_numbers_db [None req-d08c72de-a92c-43ea-ac0f-cd6b57fee8e1 f66f422d18924422b686b27779aafa05 51c0c625404b4e178dc299b0e50d754d - - default default] Successfully bumped revision number for resource cf72339e-bd52-4670-b783-ed859126c015 (type: networks) to 1
2026-07-02 06:18:38.158 9 INFO neutron.wsgi [None req-6fa6c24f-565e-4b8d-bf44-e3f805f879bd 167b44e1324c4c4c8c3af3d8bd57a2cd 0d719cfe0277412cb7efb17316ed6b94 - - default default] 10.0.0.183 "GET /v2.0/subnets/9c350b25-913c-4c44-9f14-7fad3a838932/tags HTTP/1.1" status: 200 len: 223 time: 0.0408182
2026-07-02 06:18:38.209 9 INFO neutron.api.v2.resource [None req-eb5683bc-5651-40c9-98e7-02834ac48d14 167b44e1324c4c4c8c3af3d8bd57a2cd 0d719cfe0277412cb7efb17316ed6b94 - - default default] delete failed (client error): The resource could not be found.
2026-07-02 06:18:38.211 9 INFO neutron.wsgi [None req-eb5683bc-5651-40c9-98e7-02834ac48d14 167b44e1324c4c4c8c3af3d8bd57a2cd 0d719cfe0277412cb7efb17316ed6b94 - - default default] 10.0.0.183 "DELETE /v2.0/subnets/9c350b25-913c-4c44-9f14-7fad3a838932/tags/green HTTP/1.1" status: 404 len: 299 time: 0.0478718
2026-07-02 06:18:38.275 9 INFO neutron.wsgi [None req-62da72e9-194b-48b2-b187-ca132c4be792 167b44e1324c4c4c8c3af3d8bd57a2cd 0d719cfe0277412cb7efb17316ed6b94 - - default default] 10.0.0.183 "DELETE /v2.0/subnets/9c350b25-913c-4c44-9f14-7fad3a838932/tags HTTP/1.1" status: 204 len: 168 time: 0.0591254
2026-07-02 06:18:38.323 9 INFO neutron.wsgi [None req-52091836-1cb9-4c51-a709-7ed6b0ef2f31 167b44e1324c4c4c8c3af3d8bd57a2cd 0d719cfe0277412cb7efb17316ed6b94 - - default default] 10.0.0.183 "GET /v2.0/subnets/9c350b25-913c-4c44-9f14-7fad3a838932/tags HTTP/1.1" status: 200 len: 205 time: 0.0427191
2026-07-02 06:18:38.349 10 WARNING neutron.scheduler.dhcp_agent_scheduler [None req-d08c72de-a92c-43ea-ac0f-cd6b57fee8e1 f66f422d18924422b686b27779aafa05 51c0c625404b4e178dc299b0e50d754d - - default default] No more DHCP agents
2026-07-02 06:18:38.354 10 WARNING neutron.api.rpc.agentnotifiers.dhcp_rpc_agent_api [None req-d08c72de-a92c-43ea-ac0f-cd6b57fee8e1 f66f422d18924422b686b27779aafa05 51c0c625404b4e178dc299b0e50d754d - - default default] Unable to schedule network cf72339e-bd52-4670-b783-ed859126c015: no agents available; will retry on subsequent port and subnet creation events.
2026-07-02 06:18:38.483 10 INFO neutron.db.ovn_revision_numbers_db [None req-d08c72de-a92c-43ea-ac0f-cd6b57fee8e1 f66f422d18924422b686b27779aafa05 51c0c625404b4e178dc299b0e50d754d - - default default] Successfully bumped revision number for resource bd459bb6-b45d-4e97-9f92-f001eb4e5515 (type: ports) to 1
2026-07-02 06:18:38.487 10 WARNING neutron.scheduler.dhcp_agent_scheduler [None req-ca08ec61-c237-4a7d-a7ba-e8197f1f9635 c746cd129d2c476883a2801885aefadf 7184bda038774df7906fee91b6942f39 - - default default] No more DHCP agents
2026-07-02 06:18:38.489 10 WARNING neutron.api.rpc.agentnotifiers.dhcp_rpc_agent_api [None req-ca08ec61-c237-4a7d-a7ba-e8197f1f9635 c746cd129d2c476883a2801885aefadf 7184bda038774df7906fee91b6942f39 - - default default] Unable to schedule network bb3fc5d7-bd3a-44ca-aa28-9e3aa9654e32: no agents available; will retry on subsequent port and subnet creation events.
2026-07-02 06:18:38.524 10 INFO neutron.wsgi [None req-d08c72de-a92c-43ea-ac0f-cd6b57fee8e1 f66f422d18924422b686b27779aafa05 51c0c625404b4e178dc299b0e50d754d - - default default] 10.0.0.183 "POST /v2.0/networks HTTP/1.1" status: 201 len: 830 time: 1.0984812
2026-07-02 06:18:38.538 9 WARNING neutron_lib.context [None req-d0580084-10b3-443c-9194-b56b1a510618 f66f422d18924422b686b27779aafa05 51c0c625404b4e178dc299b0e50d754d - - default default] Method 'is_advsvc' is deprecated since 2023.2 release (neutron-lib 3.8.0) and will be removed once support for the old RBAC API policies will be removed from Neutron. Please use method 'is_service_role' instead.
2026-07-02 06:18:38.592 10 INFO neutron.db.ovn_revision_numbers_db [None req-ca08ec61-c237-4a7d-a7ba-e8197f1f9635 c746cd129d2c476883a2801885aefadf 7184bda038774df7906fee91b6942f39 - - default default] Successfully bumped revision number for resource 8d111224-2deb-41b9-82e0-e07116f8c1a7 (type: ports) to 1
2026-07-02 06:18:38.611 10 INFO neutron.wsgi [None req-ca08ec61-c237-4a7d-a7ba-e8197f1f9635 c746cd129d2c476883a2801885aefadf 7184bda038774df7906fee91b6942f39 - - default default] 10.0.0.183 "POST /v2.0/ports HTTP/1.1" status: 201 len: 942 time: 0.5057099
2026-07-02 06:18:38.614 9 INFO neutron.wsgi [None req-785771ea-e489-4a4f-ad63-a1238a28e9c2 167b44e1324c4c4c8c3af3d8bd57a2cd 0d719cfe0277412cb7efb17316ed6b94 - - default default] 10.0.0.183 "DELETE /v2.0/subnets/9c350b25-913c-4c44-9f14-7fad3a838932 HTTP/1.1" status: 204 len: 168 time: 0.2811248 /var/lib/openstack/lib/python3.10/site-packages/pycadf/identifier.py:71: UserWarning: Invalid uuid: neutron. To ensure interoperability, identifiers should be a valid uuid. warnings.warn(('Invalid uuid: %s. To ensure interoperability, '
2026-07-02 06:18:38.631 10 WARNING neutron_lib.context [None req-e5619075-44e9-4d52-a837-4bac21599e7f c746cd129d2c476883a2801885aefadf 7184bda038774df7906fee91b6942f39 - - default default] Method 'is_advsvc' is deprecated since 2023.2 release (neutron-lib 3.8.0) and will be removed once support for the old RBAC API policies will be removed from Neutron. Please use method 'is_service_role' instead.
2026-07-02 06:18:38.878 10 INFO neutron.wsgi [None req-e5619075-44e9-4d52-a837-4bac21599e7f c746cd129d2c476883a2801885aefadf 7184bda038774df7906fee91b6942f39 - - default default] 10.0.0.183 "POST /v2.0/trunks HTTP/1.1" status: 201 len: 608 time: 0.2511747
2026-07-02 06:18:38.887 10 WARNING neutron_lib.context [None req-db6ee5bf-7e1f-4d91-b099-e19fb2f89d3a c746cd129d2c476883a2801885aefadf 7184bda038774df7906fee91b6942f39 - - default default] Method 'is_advsvc' is deprecated since 2023.2 release (neutron-lib 3.8.0) and will be removed once support for the old RBAC API policies will be removed from Neutron. Please use method 'is_service_role' instead.
2026-07-02 06:18:38.898 9 INFO neutron.wsgi [None req-385e5947-0c49-45ec-af74-997c7815b301 d76d727f0982434a981787f1f102e8d9 d0459e9ac28f4b70b46d1ea36527355b - - default default] 10.0.0.183 "GET /v2.0/security-groups?tenant_id=ad80bbbe12334d2a856ec612224739e0&name=default HTTP/1.1" status: 200 len: 3120 time: 0.2652009
2026-07-02 06:18:38.920 9 WARNING neutron.scheduler.dhcp_agent_scheduler [None req-d0580084-10b3-443c-9194-b56b1a510618 f66f422d18924422b686b27779aafa05 51c0c625404b4e178dc299b0e50d754d - - default default] No more DHCP agents
2026-07-02 06:18:38.924 9 WARNING neutron.api.rpc.agentnotifiers.dhcp_rpc_agent_api [None req-d0580084-10b3-443c-9194-b56b1a510618 f66f422d18924422b686b27779aafa05 51c0c625404b4e178dc299b0e50d754d - - default default] Unable to schedule network cf72339e-bd52-4670-b783-ed859126c015: no agents available; will retry on subsequent port and subnet creation events.
2026-07-02 06:18:39.009 10 INFO neutron.db.segments_db [None req-db6ee5bf-7e1f-4d91-b099-e19fb2f89d3a c746cd129d2c476883a2801885aefadf 7184bda038774df7906fee91b6942f39 - - default default] Added segment 19505c57-a7da-4be5-a13b-d82439b94048 of type geneve for network 3bba342a-eb88-4709-bca2-44792bbc069b
2026-07-02 06:18:39.156 10 INFO neutron.db.ovn_revision_numbers_db [None req-db6ee5bf-7e1f-4d91-b099-e19fb2f89d3a c746cd129d2c476883a2801885aefadf 7184bda038774df7906fee91b6942f39 - - default default] Successfully bumped revision number for resource 3bba342a-eb88-4709-bca2-44792bbc069b (type: networks) to 1
2026-07-02 06:18:39.200 9 INFO neutron.services.segments.plugin [-] Segment 2eac837d-5c68-4037-87a2-ae6b4b3227d2 resource provider aggregate not found
2026-07-02 06:18:39.204 9 INFO neutron.services.segments.plugin [-] Segment 2eac837d-5c68-4037-87a2-ae6b4b3227d2 resource provider aggregate not found
2026-07-02 06:18:39.229 10 INFO neutron.wsgi [None req-703f3546-c79f-4677-b70d-6001e12ac511 d76d727f0982434a981787f1f102e8d9 d0459e9ac28f4b70b46d1ea36527355b - - default default] 10.0.0.183 "DELETE /v2.0/security-groups/d7be6e79-bfb4-4ef8-9601-b15aedfabf82 HTTP/1.1" status: 204 len: 168 time: 0.3188856
2026-07-02 06:18:39.229 9 INFO neutron.services.segments.plugin [-] Segment 2eac837d-5c68-4037-87a2-ae6b4b3227d2 resource provider not found; error: Placement Client Error (4xx): {"errors": [{"status": 404, "title": "Not Found", "detail": "The resource could not be found.\n\n No resource provider with uuid 2eac837d-5c68-4037-87a2-ae6b4b3227d2 found for delete ", "request_id": "req-fb13f665-0c3b-4670-aaa4-40e5bf62d085"}]}
2026-07-02 06:18:39.229 9 INFO neutron.services.segments.plugin [-] Segment 2eac837d-5c68-4037-87a2-ae6b4b3227d2 resource provider not found; error: Placement Client Error (4xx): {"errors": [{"status": 404, "title": "Not Found", "detail": "The resource could not be found.\n\n No resource provider with uuid 2eac837d-5c68-4037-87a2-ae6b4b3227d2 found for delete ", "request_id": "req-2e6cd71d-b0d0-4bf3-aa5e-e4e72bd73e67"}]}
2026-07-02 06:18:39.245 9 INFO neutron.wsgi [None req-8fc9ab9a-3195-49d1-a78d-0f3c41d5c4be 167b44e1324c4c4c8c3af3d8bd57a2cd 0d719cfe0277412cb7efb17316ed6b94 - - default default] 10.0.0.183 "DELETE /v2.0/networks/396ad9c6-aa8f-4fe2-95fd-fad8ce5875a9 HTTP/1.1" status: 204 len: 168 time: 0.6260438
2026-07-02 06:18:39.333 10 WARNING neutron.scheduler.dhcp_agent_scheduler [None req-db6ee5bf-7e1f-4d91-b099-e19fb2f89d3a c746cd129d2c476883a2801885aefadf 7184bda038774df7906fee91b6942f39 - - default default] No more DHCP agents
2026-07-02 06:18:39.336 10 WARNING neutron.api.rpc.agentnotifiers.dhcp_rpc_agent_api [None req-db6ee5bf-7e1f-4d91-b099-e19fb2f89d3a c746cd129d2c476883a2801885aefadf 7184bda038774df7906fee91b6942f39 - - default default] Unable to schedule network 3bba342a-eb88-4709-bca2-44792bbc069b: no agents available; will retry on subsequent port and subnet creation events.
2026-07-02 06:18:39.424 10 INFO neutron.db.ovn_revision_numbers_db [None req-db6ee5bf-7e1f-4d91-b099-e19fb2f89d3a c746cd129d2c476883a2801885aefadf 7184bda038774df7906fee91b6942f39 - - default default] Successfully bumped revision number for resource 105cc1e2-c29a-420e-a81b-511abcf96ecf (type: ports) to 1
2026-07-02 06:18:39.446 10 INFO neutron.wsgi [None req-db6ee5bf-7e1f-4d91-b099-e19fb2f89d3a c746cd129d2c476883a2801885aefadf 7184bda038774df7906fee91b6942f39 - - default default] 10.0.0.183 "POST /v2.0/networks HTTP/1.1" status: 201 len: 830 time: 0.5628428
2026-07-02 06:18:39.456 10 WARNING neutron_lib.context [None req-181960ee-de57-47f7-a6c8-70a07a9d1790 c746cd129d2c476883a2801885aefadf 7184bda038774df7906fee91b6942f39 - - default default] Method 'is_advsvc' is deprecated since 2023.2 release (neutron-lib 3.8.0) and will be removed once support for the old RBAC API policies will be removed from Neutron. Please use method 'is_service_role' instead.
2026-07-02 06:18:39.492 9 INFO neutron.db.ovn_revision_numbers_db [None req-d0580084-10b3-443c-9194-b56b1a510618 f66f422d18924422b686b27779aafa05 51c0c625404b4e178dc299b0e50d754d - - default default] Successfully bumped revision number for resource bd459bb6-b45d-4e97-9f92-f001eb4e5515 (type: ports) to 2
2026-07-02 06:18:39.523 9 INFO neutron.db.ovn_revision_numbers_db [None req-d0580084-10b3-443c-9194-b56b1a510618 f66f422d18924422b686b27779aafa05 51c0c625404b4e178dc299b0e50d754d - - default default] Successfully bumped revision number for resource 2415bcfc-53cd-423e-ac37-26f692554cda (type: subnets) to 0
2026-07-02 06:18:39.539 9 INFO neutron.wsgi [None req-d0580084-10b3-443c-9194-b56b1a510618 f66f422d18924422b686b27779aafa05 51c0c625404b4e178dc299b0e50d754d - - default default] 10.0.0.183 "POST /v2.0/subnets HTTP/1.1" status: 201 len: 801 time: 1.0103035
2026-07-02 06:18:39.550 9 WARNING neutron_lib.context [None req-c236ef85-8dab-4930-b12e-dc82bf0beca3 f66f422d18924422b686b27779aafa05 51c0c625404b4e178dc299b0e50d754d - - default default] Method 'is_advsvc' is deprecated since 2023.2 release (neutron-lib 3.8.0) and will be removed once support for the old RBAC API policies will be removed from Neutron. Please use method 'is_service_role' instead.
2026-07-02 06:18:39.621 9 INFO neutron.db.segments_db [None req-c236ef85-8dab-4930-b12e-dc82bf0beca3 f66f422d18924422b686b27779aafa05 51c0c625404b4e178dc299b0e50d754d - - default default] Added segment c0d2b870-c6f4-45ef-87cc-b9520fa9f51f of type geneve for network b9a70843-f9bf-4e18-954d-c61c0b74a927
2026-07-02 06:18:39.699 10 WARNING neutron.scheduler.dhcp_agent_scheduler [None req-181960ee-de57-47f7-a6c8-70a07a9d1790 c746cd129d2c476883a2801885aefadf 7184bda038774df7906fee91b6942f39 - - default default] No more DHCP agents
2026-07-02 06:18:39.699 10 WARNING neutron.api.rpc.agentnotifiers.dhcp_rpc_agent_api [None req-181960ee-de57-47f7-a6c8-70a07a9d1790 c746cd129d2c476883a2801885aefadf 7184bda038774df7906fee91b6942f39 - - default default] Unable to schedule network 3bba342a-eb88-4709-bca2-44792bbc069b: no agents available; will retry on subsequent port and subnet creation events.
2026-07-02 06:18:39.846 9 INFO neutron.db.ovn_revision_numbers_db [None req-c236ef85-8dab-4930-b12e-dc82bf0beca3 f66f422d18924422b686b27779aafa05 51c0c625404b4e178dc299b0e50d754d - - default default] Successfully bumped revision number for resource b9a70843-f9bf-4e18-954d-c61c0b74a927 (type: networks) to 1
2026-07-02 06:18:39.887 10 INFO neutron.db.ovn_revision_numbers_db [None req-181960ee-de57-47f7-a6c8-70a07a9d1790 c746cd129d2c476883a2801885aefadf 7184bda038774df7906fee91b6942f39 - - default default] Successfully bumped revision number for resource f42cedf7-8bbe-4675-9399-bfc04acd1332 (type: ports) to 1
2026-07-02 06:18:39.913 10 INFO neutron.wsgi [None req-181960ee-de57-47f7-a6c8-70a07a9d1790 c746cd129d2c476883a2801885aefadf 7184bda038774df7906fee91b6942f39 - - default default] 10.0.0.183 "POST /v2.0/ports HTTP/1.1" status: 201 len: 942 time: 0.4615548 /var/lib/openstack/lib/python3.10/site-packages/pycadf/identifier.py:71: UserWarning: Invalid uuid: neutron. To ensure interoperability, identifiers should be a valid uuid. warnings.warn(('Invalid uuid: %s. To ensure interoperability, '
2026-07-02 06:18:39.922 10 WARNING neutron_lib.context [None req-ee514b9d-9e58-440a-80ef-8a6ea52b0d20 c746cd129d2c476883a2801885aefadf 7184bda038774df7906fee91b6942f39 - - default default] Method 'is_advsvc' is deprecated since 2023.2 release (neutron-lib 3.8.0) and will be removed once support for the old RBAC API policies will be removed from Neutron. Please use method 'is_service_role' instead.
2026-07-02 06:18:40.029 9 WARNING neutron.scheduler.dhcp_agent_scheduler [None req-c236ef85-8dab-4930-b12e-dc82bf0beca3 f66f422d18924422b686b27779aafa05 51c0c625404b4e178dc299b0e50d754d - - default default] No more DHCP agents
2026-07-02 06:18:40.032 9 WARNING neutron.api.rpc.agentnotifiers.dhcp_rpc_agent_api [None req-c236ef85-8dab-4930-b12e-dc82bf0beca3 f66f422d18924422b686b27779aafa05 51c0c625404b4e178dc299b0e50d754d - - default default] Unable to schedule network b9a70843-f9bf-4e18-954d-c61c0b74a927: no agents available; will retry on subsequent port and subnet creation events.
2026-07-02 06:18:40.102 10 INFO neutron.wsgi [None req-ee514b9d-9e58-440a-80ef-8a6ea52b0d20 c746cd129d2c476883a2801885aefadf 7184bda038774df7906fee91b6942f39 - - default default] 10.0.0.183 "POST /v2.0/trunks HTTP/1.1" status: 201 len: 608 time: 0.1838813
2026-07-02 06:18:40.110 10 WARNING neutron_lib.context [None req-ecc6627e-3ee0-4aa3-acff-2a72b6099cf4 c746cd129d2c476883a2801885aefadf 7184bda038774df7906fee91b6942f39 - - default default] Method 'is_advsvc' is deprecated since 2023.2 release (neutron-lib 3.8.0) and will be removed once support for the old RBAC API policies will be removed from Neutron. Please use method 'is_service_role' instead.
2026-07-02 06:18:40.117 9 INFO neutron.db.ovn_revision_numbers_db [None req-acc44670-a5ea-4432-b93c-266fec5923c3 d76d727f0982434a981787f1f102e8d9 d0459e9ac28f4b70b46d1ea36527355b - - default default] Successfully bumped revision number for resource f01b45f0-bfdd-47a5-b15d-f1f872dcbbbe (type: security_groups) to 1
2026-07-02 06:18:40.120 9 INFO neutron.db.ovn_revision_numbers_db [None req-c236ef85-8dab-4930-b12e-dc82bf0beca3 f66f422d18924422b686b27779aafa05 51c0c625404b4e178dc299b0e50d754d - - default default] Successfully bumped revision number for resource cbdb0f04-c4e9-4605-b99c-56d0d2114323 (type: ports) to 1
2026-07-02 06:18:40.140 9 INFO neutron.db.ovn_revision_numbers_db [None req-acc44670-a5ea-4432-b93c-266fec5923c3 d76d727f0982434a981787f1f102e8d9 d0459e9ac28f4b70b46d1ea36527355b - - default default] Successfully bumped revision number for resource 362cb84e-4918-42a7-b911-d1430b9afbc2 (type: security_group_rules) to 0
2026-07-02 06:18:40.149 9 INFO neutron.wsgi [None req-c236ef85-8dab-4930-b12e-dc82bf0beca3 f66f422d18924422b686b27779aafa05 51c0c625404b4e178dc299b0e50d754d - - default default] 10.0.0.183 "POST /v2.0/networks HTTP/1.1" status: 201 len: 831 time: 0.6045203
2026-07-02 06:18:40.156 9 INFO neutron.db.ovn_revision_numbers_db [None req-acc44670-a5ea-4432-b93c-266fec5923c3 d76d727f0982434a981787f1f102e8d9 d0459e9ac28f4b70b46d1ea36527355b - - default default] Successfully bumped revision number for resource 7e98d045-3440-4b73-a467-2a69130c8b6f (type: security_group_rules) to 0
2026-07-02 06:18:40.164 10 WARNING neutron_lib.context [None req-453f5d22-aca7-4b00-90ed-94ceeaa86051 f66f422d18924422b686b27779aafa05 51c0c625404b4e178dc299b0e50d754d - - default default] Method 'is_advsvc' is deprecated since 2023.2 release (neutron-lib 3.8.0) and will be removed once support for the old RBAC API policies will be removed from Neutron. Please use method 'is_service_role' instead.
2026-07-02 06:18:40.173 9 INFO neutron.db.ovn_revision_numbers_db [None req-acc44670-a5ea-4432-b93c-266fec5923c3 d76d727f0982434a981787f1f102e8d9 d0459e9ac28f4b70b46d1ea36527355b - - default default] Successfully bumped revision number for resource a2bfcc19-ea61-4fc9-8408-3b42819af924 (type: security_group_rules) to 0
2026-07-02 06:18:40.188 9 INFO neutron.db.ovn_revision_numbers_db [None req-acc44670-a5ea-4432-b93c-266fec5923c3 d76d727f0982434a981787f1f102e8d9 d0459e9ac28f4b70b46d1ea36527355b - - default default] Successfully bumped revision number for resource ca5eb6cd-3158-4b2d-a82d-b40c4eb2e1c1 (type: security_group_rules) to 0
2026-07-02 06:18:40.200 10 INFO neutron.db.segments_db [None req-ecc6627e-3ee0-4aa3-acff-2a72b6099cf4 c746cd129d2c476883a2801885aefadf 7184bda038774df7906fee91b6942f39 - - default default] Added segment 454bf100-4e9c-4a34-830a-821f3871fc52 of type geneve for network 0fa65e03-553c-4e6d-b976-ae4f323b38f2
2026-07-02 06:18:40.208 9 INFO neutron.wsgi [None req-acc44670-a5ea-4432-b93c-266fec5923c3 d76d727f0982434a981787f1f102e8d9 d0459e9ac28f4b70b46d1ea36527355b - - default default] 10.0.0.183 "GET /v2.0/security-groups?tenant_id=ae6dda9bcb58443b83a5e0b6084aefb8&name=default HTTP/1.1" status: 200 len: 3120 time: 0.3482530
2026-07-02 06:18:40.421 10 INFO neutron.db.ovn_revision_numbers_db [None req-ecc6627e-3ee0-4aa3-acff-2a72b6099cf4 c746cd129d2c476883a2801885aefadf 7184bda038774df7906fee91b6942f39 - - default default] Successfully bumped revision number for resource 0fa65e03-553c-4e6d-b976-ae4f323b38f2 (type: networks) to 1
2026-07-02 06:18:40.576 10 WARNING neutron.scheduler.dhcp_agent_scheduler [None req-453f5d22-aca7-4b00-90ed-94ceeaa86051 f66f422d18924422b686b27779aafa05 51c0c625404b4e178dc299b0e50d754d - - default default] No more DHCP agents
2026-07-02 06:18:40.580 10 WARNING neutron.api.rpc.agentnotifiers.dhcp_rpc_agent_api [None req-453f5d22-aca7-4b00-90ed-94ceeaa86051 f66f422d18924422b686b27779aafa05 51c0c625404b4e178dc299b0e50d754d - - default default] Unable to schedule network b9a70843-f9bf-4e18-954d-c61c0b74a927: no agents available; will retry on subsequent port and subnet creation events.
2026-07-02 06:18:40.706 9 WARNING neutron.plugins.ml2.drivers.ovn.mech_driver.ovsdb.ovn_client [None req-3af5761c-a03c-4acf-8020-3ee41da057ac - - - - - -] No port found with ID d182b500-cf38-4d89-9e24-71633a6a6dc8: RuntimeError: No port found with ID d182b500-cf38-4d89-9e24-71633a6a6dc8
2026-07-02 06:18:40.960 10 INFO neutron.wsgi [None req-1553c66f-c12c-46f2-b867-044eb9891c75 d76d727f0982434a981787f1f102e8d9 d0459e9ac28f4b70b46d1ea36527355b - - default default] 10.0.0.183 "DELETE /v2.0/security-groups/f01b45f0-bfdd-47a5-b15d-f1f872dcbbbe HTTP/1.1" status: 204 len: 168 time: 0.7459121
2026-07-02 06:18:40.963 10 WARNING neutron.scheduler.dhcp_agent_scheduler [None req-ecc6627e-3ee0-4aa3-acff-2a72b6099cf4 c746cd129d2c476883a2801885aefadf 7184bda038774df7906fee91b6942f39 - - default default] No more DHCP agents
2026-07-02 06:18:40.966 10 WARNING neutron.api.rpc.agentnotifiers.dhcp_rpc_agent_api [None req-ecc6627e-3ee0-4aa3-acff-2a72b6099cf4 c746cd129d2c476883a2801885aefadf 7184bda038774df7906fee91b6942f39 - - default default] Unable to schedule network 0fa65e03-553c-4e6d-b976-ae4f323b38f2: no agents available; will retry on subsequent port and subnet creation events.
2026-07-02 06:18:41.075 10 INFO neutron.db.ovn_revision_numbers_db [None req-ecc6627e-3ee0-4aa3-acff-2a72b6099cf4 c746cd129d2c476883a2801885aefadf 7184bda038774df7906fee91b6942f39 - - default default] Successfully bumped revision number for resource 1dd56581-a2bc-4ccc-8f9a-044f570b6de9 (type: ports) to 1
2026-07-02 06:18:41.102 10 INFO neutron.wsgi [None req-ecc6627e-3ee0-4aa3-acff-2a72b6099cf4 c746cd129d2c476883a2801885aefadf 7184bda038774df7906fee91b6942f39 - - default default] 10.0.0.183 "POST /v2.0/networks HTTP/1.1" status: 201 len: 831 time: 0.9960268
2026-07-02 06:18:41.114 9 WARNING neutron_lib.context [None req-823befe5-3100-4abb-b1e2-480b52896508 c746cd129d2c476883a2801885aefadf 7184bda038774df7906fee91b6942f39 - - default default] Method 'is_advsvc' is deprecated since 2023.2 release (neutron-lib 3.8.0) and will be removed once support for the old RBAC API policies will be removed from Neutron. Please use method 'is_service_role' instead.
2026-07-02 06:18:41.165 10 INFO neutron.wsgi [None req-c4103f1b-6ee3-4e59-a688-d6686e2e5c29 d76d727f0982434a981787f1f102e8d9 d0459e9ac28f4b70b46d1ea36527355b - - default default] 10.0.0.183 "GET /v2.0/security-groups?tenant_id=0d719cfe0277412cb7efb17316ed6b94&name=default HTTP/1.1" status: 200 len: 3120 time: 0.0504456
2026-07-02 06:18:41.195 9 WARNING neutron_lib.context [None req-166509ed-1bef-47de-81c2-4ea3151ecdde d70eeeab88a74b05adb5cada70719bfd 875148d7463e45b487243424db5e5fa0 - - default default] Method 'is_advsvc' is deprecated since 2023.2 release (neutron-lib 3.8.0) and will be removed once support for the old RBAC API policies will be removed from Neutron. Please use method 'is_service_role' instead.
2026-07-02 06:18:41.427 10 INFO neutron.db.ovn_revision_numbers_db [None req-453f5d22-aca7-4b00-90ed-94ceeaa86051 f66f422d18924422b686b27779aafa05 51c0c625404b4e178dc299b0e50d754d - - default default] Successfully bumped revision number for resource cbdb0f04-c4e9-4605-b99c-56d0d2114323 (type: ports) to 2
2026-07-02 06:18:41.435 9 INFO neutron.db.ovn_revision_numbers_db [None req-166509ed-1bef-47de-81c2-4ea3151ecdde d70eeeab88a74b05adb5cada70719bfd 875148d7463e45b487243424db5e5fa0 - - default default] Successfully bumped revision number for resource 07cf0fb0-8845-46a8-a95f-8ce805feefc8 (type: security_groups) to 1
2026-07-02 06:18:41.442 9 WARNING neutron.scheduler.dhcp_agent_scheduler [None req-823befe5-3100-4abb-b1e2-480b52896508 c746cd129d2c476883a2801885aefadf 7184bda038774df7906fee91b6942f39 - - default default] No more DHCP agents
2026-07-02 06:18:41.448 9 WARNING neutron.api.rpc.agentnotifiers.dhcp_rpc_agent_api [None req-823befe5-3100-4abb-b1e2-480b52896508 c746cd129d2c476883a2801885aefadf 7184bda038774df7906fee91b6942f39 - - default default] Unable to schedule network 0fa65e03-553c-4e6d-b976-ae4f323b38f2: no agents available; will retry on subsequent port and subnet creation events.
2026-07-02 06:18:41.460 9 INFO neutron.db.ovn_revision_numbers_db [None req-166509ed-1bef-47de-81c2-4ea3151ecdde d70eeeab88a74b05adb5cada70719bfd 875148d7463e45b487243424db5e5fa0 - - default default] Successfully bumped revision number for resource 04852b92-ba6a-4bd2-8d5d-982c3a2a1bce (type: security_group_rules) to 0
2026-07-02 06:18:41.463 10 INFO neutron.db.ovn_revision_numbers_db [None req-453f5d22-aca7-4b00-90ed-94ceeaa86051 f66f422d18924422b686b27779aafa05 51c0c625404b4e178dc299b0e50d754d - - default default] Successfully bumped revision number for resource 1069f358-8ccb-4424-a55e-0861830c6812 (type: subnets) to 0
2026-07-02 06:18:41.479 10 INFO neutron.wsgi [None req-453f5d22-aca7-4b00-90ed-94ceeaa86051 f66f422d18924422b686b27779aafa05 51c0c625404b4e178dc299b0e50d754d - - default default] 10.0.0.183 "POST /v2.0/subnets HTTP/1.1" status: 201 len: 804 time: 1.3235672
2026-07-02 06:18:41.488 9 INFO neutron.db.ovn_revision_numbers_db [None req-166509ed-1bef-47de-81c2-4ea3151ecdde d70eeeab88a74b05adb5cada70719bfd 875148d7463e45b487243424db5e5fa0 - - default default] Successfully bumped revision number for resource 460dec77-2894-4e97-96a9-9495df26d26e (type: security_group_rules) to 0
2026-07-02 06:18:41.489 10 WARNING neutron_lib.context [None req-cb8860ae-19e0-4917-855b-4f9fe0e6af2c f66f422d18924422b686b27779aafa05 51c0c625404b4e178dc299b0e50d754d - - default default] Method 'is_advsvc' is deprecated since 2023.2 release (neutron-lib 3.8.0) and will be removed once support for the old RBAC API policies will be removed from Neutron. Please use method 'is_service_role' instead.
2026-07-02 06:18:41.521 9 INFO neutron.db.ovn_revision_numbers_db [None req-166509ed-1bef-47de-81c2-4ea3151ecdde d70eeeab88a74b05adb5cada70719bfd 875148d7463e45b487243424db5e5fa0 - - default default] Successfully bumped revision number for resource 51080454-86aa-4c6c-a48f-3abd85fe25f4 (type: security_group_rules) to 0
2026-07-02 06:18:41.539 9 INFO neutron.db.ovn_revision_numbers_db [None req-166509ed-1bef-47de-81c2-4ea3151ecdde d70eeeab88a74b05adb5cada70719bfd 875148d7463e45b487243424db5e5fa0 - - default default] Successfully bumped revision number for resource 7e389e02-8db8-4f58-9515-93ca80f56b7b (type: security_group_rules) to 0
2026-07-02 06:18:41.545 9 INFO neutron.wsgi [None req-b7a7fb2c-18b0-4f92-b554-bfe755baee3e d76d727f0982434a981787f1f102e8d9 d0459e9ac28f4b70b46d1ea36527355b - - default default] 10.0.0.183 "DELETE /v2.0/security-groups/9e54daa0-ea9d-4c55-9645-739126971479 HTTP/1.1" status: 204 len: 168 time: 0.3748906
2026-07-02 06:18:41.550 9 INFO neutron.db.ovn_revision_numbers_db [None req-823befe5-3100-4abb-b1e2-480b52896508 c746cd129d2c476883a2801885aefadf 7184bda038774df7906fee91b6942f39 - - default default] Successfully bumped revision number for resource 061faf17-be54-4463-9155-91047131da43 (type: ports) to 1
2026-07-02 06:18:41.583 9 INFO neutron.wsgi [None req-823befe5-3100-4abb-b1e2-480b52896508 c746cd129d2c476883a2801885aefadf 7184bda038774df7906fee91b6942f39 - - default default] 10.0.0.183 "POST /v2.0/ports HTTP/1.1" status: 201 len: 942 time: 0.4760630
2026-07-02 06:18:41.589 10 INFO neutron.db.segments_db [None req-cb8860ae-19e0-4917-855b-4f9fe0e6af2c f66f422d18924422b686b27779aafa05 51c0c625404b4e178dc299b0e50d754d - - default default] Added segment 831ce681-c401-4643-8761-ad39e245815b of type geneve for network 17cd2862-a2ab-4545-940c-7bc81c57f644 /var/lib/openstack/lib/python3.10/site-packages/pycadf/identifier.py:71: UserWarning: Invalid uuid: neutron. To ensure interoperability, identifiers should be a valid uuid. warnings.warn(('Invalid uuid: %s. To ensure interoperability, '
2026-07-02 06:18:41.592 9 WARNING neutron_lib.context [None req-086c7d19-2b6e-46fd-9a1b-3ead40798d2d c746cd129d2c476883a2801885aefadf 7184bda038774df7906fee91b6942f39 - - default default] Method 'is_advsvc' is deprecated since 2023.2 release (neutron-lib 3.8.0) and will be removed once support for the old RBAC API policies will be removed from Neutron. Please use method 'is_service_role' instead.
2026-07-02 06:18:41.656 9 INFO neutron.db.ovn_revision_numbers_db [None req-166509ed-1bef-47de-81c2-4ea3151ecdde d70eeeab88a74b05adb5cada70719bfd 875148d7463e45b487243424db5e5fa0 - - default default] Successfully bumped revision number for resource 1482cdb9-c421-4e7f-816d-e8582ea8642c (type: security_groups) to 1
2026-07-02 06:18:41.673 9 INFO neutron.db.ovn_revision_numbers_db [None req-166509ed-1bef-47de-81c2-4ea3151ecdde d70eeeab88a74b05adb5cada70719bfd 875148d7463e45b487243424db5e5fa0 - - default default] Successfully bumped revision number for resource 74529845-806e-4fc6-8ccb-96ec94cbcaae (type: security_group_rules) to 0
2026-07-02 06:18:41.707 9 INFO neutron.db.ovn_revision_numbers_db [None req-166509ed-1bef-47de-81c2-4ea3151ecdde d70eeeab88a74b05adb5cada70719bfd 875148d7463e45b487243424db5e5fa0 - - default default] Successfully bumped revision number for resource ffc0e40b-f9ed-4450-95e2-ec934017c640 (type: security_group_rules) to 0
2026-07-02 06:18:41.727 10 INFO neutron.db.ovn_revision_numbers_db [None req-cb8860ae-19e0-4917-855b-4f9fe0e6af2c f66f422d18924422b686b27779aafa05 51c0c625404b4e178dc299b0e50d754d - - default default] Successfully bumped revision number for resource 17cd2862-a2ab-4545-940c-7bc81c57f644 (type: networks) to 1
2026-07-02 06:18:41.735 9 INFO neutron.wsgi [None req-166509ed-1bef-47de-81c2-4ea3151ecdde d70eeeab88a74b05adb5cada70719bfd 875148d7463e45b487243424db5e5fa0 - - default default] 10.0.0.183 "POST /v2.0/security-groups HTTP/1.1" status: 201 len: 1825 time: 0.7348750
2026-07-02 06:18:41.802 10 INFO neutron.wsgi [None req-52e1dafc-f0d9-4abf-ab94-13b8b22c98a5 d70eeeab88a74b05adb5cada70719bfd 875148d7463e45b487243424db5e5fa0 - - default default] 10.0.0.183 "GET /v2.0/security-groups HTTP/1.1" status: 200 len: 4725 time: 0.0609355
2026-07-02 06:18:41.917 10 INFO neutron.db.ovn_revision_numbers_db [None req-c7c5e964-ce35-4508-a043-5a6ead50ec1c d70eeeab88a74b05adb5cada70719bfd 875148d7463e45b487243424db5e5fa0 - - default default] Successfully bumped revision number for resource 1482cdb9-c421-4e7f-816d-e8582ea8642c (type: security_groups) to 2
2026-07-02 06:18:41.920 10 INFO neutron.wsgi [None req-c7c5e964-ce35-4508-a043-5a6ead50ec1c d70eeeab88a74b05adb5cada70719bfd 875148d7463e45b487243424db5e5fa0 - - default default] 10.0.0.183 "PUT /v2.0/security-groups/1482cdb9-c421-4e7f-816d-e8582ea8642c HTTP/1.1" status: 200 len: 1858 time: 0.1126473
2026-07-02 06:18:41.938 10 WARNING neutron.scheduler.dhcp_agent_scheduler [None req-cb8860ae-19e0-4917-855b-4f9fe0e6af2c f66f422d18924422b686b27779aafa05 51c0c625404b4e178dc299b0e50d754d - - default default] No more DHCP agents
2026-07-02 06:18:41.946 10 WARNING neutron.api.rpc.agentnotifiers.dhcp_rpc_agent_api [None req-cb8860ae-19e0-4917-855b-4f9fe0e6af2c f66f422d18924422b686b27779aafa05 51c0c625404b4e178dc299b0e50d754d - - default default] Unable to schedule network 17cd2862-a2ab-4545-940c-7bc81c57f644: no agents available; will retry on subsequent port and subnet creation events.
2026-07-02 06:18:41.980 10 INFO neutron.wsgi [None req-866e9891-f33b-4012-ae25-926c711efe82 d70eeeab88a74b05adb5cada70719bfd 875148d7463e45b487243424db5e5fa0 - - default default] 10.0.0.183 "GET /v2.0/security-groups/1482cdb9-c421-4e7f-816d-e8582ea8642c HTTP/1.1" status: 200 len: 1858 time: 0.0541558
2026-07-02 06:18:42.045 10 INFO neutron.db.ovn_revision_numbers_db [None req-cb8860ae-19e0-4917-855b-4f9fe0e6af2c f66f422d18924422b686b27779aafa05 51c0c625404b4e178dc299b0e50d754d - - default default] Successfully bumped revision number for resource 2564df8a-cc81-451b-9598-b8a337bcba5a (type: ports) to 1
2026-07-02 06:18:42.071 10 INFO neutron.wsgi [None req-cb8860ae-19e0-4917-855b-4f9fe0e6af2c f66f422d18924422b686b27779aafa05 51c0c625404b4e178dc299b0e50d754d - - default default] 10.0.0.183 "POST /v2.0/networks HTTP/1.1" status: 201 len: 830 time: 0.5870991
2026-07-02 06:18:42.078 9 INFO neutron.wsgi [None req-086c7d19-2b6e-46fd-9a1b-3ead40798d2d c746cd129d2c476883a2801885aefadf 7184bda038774df7906fee91b6942f39 - - default default] 10.0.0.183 "POST /v2.0/trunks HTTP/1.1" status: 201 len: 608 time: 0.4906116
2026-07-02 06:18:42.080 10 WARNING neutron_lib.context [None req-3b08bad6-829f-4975-b3a4-f60135766783 f66f422d18924422b686b27779aafa05 51c0c625404b4e178dc299b0e50d754d - - default default] Method 'is_advsvc' is deprecated since 2023.2 release (neutron-lib 3.8.0) and will be removed once support for the old RBAC API policies will be removed from Neutron. Please use method 'is_service_role' instead.
2026-07-02 06:18:42.088 9 WARNING neutron_lib.context [None req-bcee5ab0-1d9d-4cf9-853e-f04fb15bb998 c746cd129d2c476883a2801885aefadf 7184bda038774df7906fee91b6942f39 - - default default] Method 'is_advsvc' is deprecated since 2023.2 release (neutron-lib 3.8.0) and will be removed once support for the old RBAC API policies will be removed from Neutron. Please use method 'is_service_role' instead.
2026-07-02 06:18:42.124 10 INFO neutron.wsgi [None req-a9fa4446-2485-4d19-b3e6-b8e500a0a7e3 d70eeeab88a74b05adb5cada70719bfd 875148d7463e45b487243424db5e5fa0 - - default default] 10.0.0.183 "DELETE /v2.0/security-groups/1482cdb9-c421-4e7f-816d-e8582ea8642c HTTP/1.1" status: 204 len: 168 time: 0.1388938
2026-07-02 06:18:42.166 9 INFO neutron.wsgi [None req-c54d0acf-159f-4f30-be80-6c3808ad0058 d70eeeab88a74b05adb5cada70719bfd 875148d7463e45b487243424db5e5fa0 - - default default] 10.0.0.183 "GET /v2.0/security-groups HTTP/1.1" status: 200 len: 3120 time: 0.0356114
2026-07-02 06:18:42.186 9 INFO neutron.db.segments_db [None req-bcee5ab0-1d9d-4cf9-853e-f04fb15bb998 c746cd129d2c476883a2801885aefadf 7184bda038774df7906fee91b6942f39 - - default default] Added segment c6109824-b306-415a-8bab-1b5768cadd25 of type geneve for network 75c41bbd-ce02-4bf2-a200-9e774718c386
2026-07-02 06:18:42.190 9 INFO neutron.api.v2.resource [None req-2e9eff5f-c89d-4eae-9456-e5ee7ed0a395 d70eeeab88a74b05adb5cada70719bfd 875148d7463e45b487243424db5e5fa0 - - default default] delete failed (client error): The resource could not be found.
2026-07-02 06:18:42.191 9 INFO neutron.wsgi [None req-2e9eff5f-c89d-4eae-9456-e5ee7ed0a395 d70eeeab88a74b05adb5cada70719bfd 875148d7463e45b487243424db5e5fa0 - - default default] 10.0.0.183 "DELETE /v2.0/security-groups/1482cdb9-c421-4e7f-816d-e8582ea8642c HTTP/1.1" status: 404 len: 347 time: 0.0196629
2026-07-02 06:18:42.205 10 WARNING neutron_lib.context [None req-8ab4f6d3-6430-477e-889f-68e6b3c741c4 d70eeeab88a74b05adb5cada70719bfd 875148d7463e45b487243424db5e5fa0 - - default default] Method 'is_advsvc' is deprecated since 2023.2 release (neutron-lib 3.8.0) and will be removed once support for the old RBAC API policies will be removed from Neutron. Please use method 'is_service_role' instead.
2026-07-02 06:18:42.313 9 INFO neutron.db.ovn_revision_numbers_db [None req-bcee5ab0-1d9d-4cf9-853e-f04fb15bb998 c746cd129d2c476883a2801885aefadf 7184bda038774df7906fee91b6942f39 - - default default] Successfully bumped revision number for resource 75c41bbd-ce02-4bf2-a200-9e774718c386 (type: networks) to 1
2026-07-02 06:18:42.323 10 WARNING neutron.scheduler.dhcp_agent_scheduler [None req-3b08bad6-829f-4975-b3a4-f60135766783 f66f422d18924422b686b27779aafa05 51c0c625404b4e178dc299b0e50d754d - - default default] No more DHCP agents
2026-07-02 06:18:42.327 10 WARNING neutron.api.rpc.agentnotifiers.dhcp_rpc_agent_api [None req-3b08bad6-829f-4975-b3a4-f60135766783 f66f422d18924422b686b27779aafa05 51c0c625404b4e178dc299b0e50d754d - - default default] Unable to schedule network 17cd2862-a2ab-4545-940c-7bc81c57f644: no agents available; will retry on subsequent port and subnet creation events.
2026-07-02 06:18:42.370 10 INFO neutron.db.ovn_revision_numbers_db [None req-8ab4f6d3-6430-477e-889f-68e6b3c741c4 d70eeeab88a74b05adb5cada70719bfd 875148d7463e45b487243424db5e5fa0 - - default default] Successfully bumped revision number for resource 13f65357-8ba4-425a-8b1c-1b12fdfa7585 (type: security_groups) to 1
2026-07-02 06:18:42.393 10 INFO neutron.db.ovn_revision_numbers_db [None req-8ab4f6d3-6430-477e-889f-68e6b3c741c4 d70eeeab88a74b05adb5cada70719bfd 875148d7463e45b487243424db5e5fa0 - - default default] Successfully bumped revision number for resource 0c1273ec-a009-4a33-a7cf-db3183579adb (type: security_group_rules) to 0
2026-07-02 06:18:42.407 10 INFO neutron.db.ovn_revision_numbers_db [None req-8ab4f6d3-6430-477e-889f-68e6b3c741c4 d70eeeab88a74b05adb5cada70719bfd 875148d7463e45b487243424db5e5fa0 - - default default] Successfully bumped revision number for resource 553c81ef-01f2-40c4-8462-76dfc88fee5a (type: security_group_rules) to 0
2026-07-02 06:18:42.429 10 INFO neutron.wsgi [None req-8ab4f6d3-6430-477e-889f-68e6b3c741c4 d70eeeab88a74b05adb5cada70719bfd 875148d7463e45b487243424db5e5fa0 - - default default] 10.0.0.183 "POST /v2.0/security-groups HTTP/1.1" status: 201 len: 1825 time: 0.2290554
2026-07-02 06:18:42.443 9 WARNING neutron_lib.context [None req-7dbf568b-962a-428a-a38c-b2da110d5ced d70eeeab88a74b05adb5cada70719bfd 875148d7463e45b487243424db5e5fa0 - - default default] Method 'is_advsvc' is deprecated since 2023.2 release (neutron-lib 3.8.0) and will be removed once support for the old RBAC API policies will be removed from Neutron. Please use method 'is_service_role' instead.
2026-07-02 06:18:42.519 9 WARNING neutron.scheduler.dhcp_agent_scheduler [None req-bcee5ab0-1d9d-4cf9-853e-f04fb15bb998 c746cd129d2c476883a2801885aefadf 7184bda038774df7906fee91b6942f39 - - default default] No more DHCP agents
2026-07-02 06:18:42.524 9 WARNING neutron.api.rpc.agentnotifiers.dhcp_rpc_agent_api [None req-bcee5ab0-1d9d-4cf9-853e-f04fb15bb998 c746cd129d2c476883a2801885aefadf 7184bda038774df7906fee91b6942f39 - - default default] Unable to schedule network 75c41bbd-ce02-4bf2-a200-9e774718c386: no agents available; will retry on subsequent port and subnet creation events.
2026-07-02 06:18:42.616 9 INFO neutron.db.ovn_revision_numbers_db [None req-7dbf568b-962a-428a-a38c-b2da110d5ced d70eeeab88a74b05adb5cada70719bfd 875148d7463e45b487243424db5e5fa0 - - default default] Successfully bumped revision number for resource feb07d3a-dbe4-4be9-afa0-c4c6c1bd491d (type: security_group_rules) to 0
2026-07-02 06:18:42.635 9 INFO neutron.db.ovn_revision_numbers_db [None req-bcee5ab0-1d9d-4cf9-853e-f04fb15bb998 c746cd129d2c476883a2801885aefadf 7184bda038774df7906fee91b6942f39 - - default default] Successfully bumped revision number for resource e3ba51cc-02e1-4ce5-a21e-e9c14d39c778 (type: ports) to 1
2026-07-02 06:18:42.644 9 INFO neutron.wsgi [None req-7dbf568b-962a-428a-a38c-b2da110d5ced d70eeeab88a74b05adb5cada70719bfd 875148d7463e45b487243424db5e5fa0 - - default default] 10.0.0.183 "POST /v2.0/security-group-rules HTTP/1.1" status: 201 len: 800 time: 0.2080328
2026-07-02 06:18:42.664 9 INFO neutron.wsgi [None req-bcee5ab0-1d9d-4cf9-853e-f04fb15bb998 c746cd129d2c476883a2801885aefadf 7184bda038774df7906fee91b6942f39 - - default default] 10.0.0.183 "POST /v2.0/networks HTTP/1.1" status: 201 len: 831 time: 0.5805395
2026-07-02 06:18:42.676 9 WARNING neutron_lib.context [None req-b23b1fb0-4936-48f0-8eda-b423e593f07e c746cd129d2c476883a2801885aefadf 7184bda038774df7906fee91b6942f39 - - default default] Method 'is_advsvc' is deprecated since 2023.2 release (neutron-lib 3.8.0) and will be removed once support for the old RBAC API policies will be removed from Neutron. Please use method 'is_service_role' instead.
2026-07-02 06:18:42.716 10 INFO neutron.wsgi [None req-44c42c4d-62c7-4a89-aac9-4d1b24ca6e1d d70eeeab88a74b05adb5cada70719bfd 875148d7463e45b487243424db5e5fa0 - - default default] 10.0.0.183 "GET /v2.0/security-group-rules/feb07d3a-dbe4-4be9-afa0-c4c6c1bd491d HTTP/1.1" status: 200 len: 795 time: 0.0668054
2026-07-02 06:18:42.816 9 INFO neutron.wsgi [None req-9256cc2a-b81c-4ce6-9f41-5e952b413df4 d70eeeab88a74b05adb5cada70719bfd 875148d7463e45b487243424db5e5fa0 - - default default] 10.0.0.183 "GET /v2.0/security-group-rules HTTP/1.1" status: 200 len: 4333 time: 0.0914814
