2026-07-02 06:17:27.424 9 INFO neutron.db.ovn_revision_numbers_db [None req-381fa2f0-7c98-469c-b000-fa8bbdfd582d abe37d8ebe174babb6e737f9c3b034b6 d32ec44858ab4a5992632d5950a1f314 - - default default] Successfully bumped revision number for resource 0c650180-2700-43ad-85f8-16a904d88092 (type: networks) to 1
2026-07-02 06:17:27.444 9 INFO neutron.db.ovn_revision_numbers_db [None req-4026b526-78ac-4bb3-9545-12fb86bdc95f 52497f9ab81f476b889df2109202a5d0 ea830491300b46b385351517e1613da8 - - default default] Successfully bumped revision number for resource 79e613f1-1549-4bad-83d2-476a560f2635 (type: floatingips) to 2
2026-07-02 06:17:27.517 9 INFO neutron.db.l3_db [None req-4026b526-78ac-4bb3-9545-12fb86bdc95f 52497f9ab81f476b889df2109202a5d0 ea830491300b46b385351517e1613da8 - - default default] Floating IP 79e613f1-1549-4bad-83d2-476a560f2635 disassociated. External IP: 10.96.250.220, port: d4f04bf6-d72c-4b89-9ced-4aa30d74c222.
2026-07-02 06:17:27.556 9 INFO neutron.wsgi [None req-4026b526-78ac-4bb3-9545-12fb86bdc95f 52497f9ab81f476b889df2109202a5d0 ea830491300b46b385351517e1613da8 - - default default] 10.0.0.183 "PUT /v2.0/floatingips/79e613f1-1549-4bad-83d2-476a560f2635 HTTP/1.1" status: 200 len: 748 time: 0.5754609 /var/lib/openstack/lib/python3.10/site-packages/pycadf/identifier.py:71: UserWarning: Invalid uuid: neutron. To ensure interoperability, identifiers should be a valid uuid. warnings.warn(('Invalid uuid: %s. To ensure interoperability, '
2026-07-02 06:17:27.590 9 INFO neutron.notifiers.nova [-] Nova event matching ['req-1f486de9-ed60-4a66-9583-8374fa161d27'] response: {'name': 'network-changed', 'server_uuid': '596c69d8-df4a-4887-9441-67a6ac8e3c76', 'tag': 'd4f04bf6-d72c-4b89-9ced-4aa30d74c222', 'status': 'completed', 'code': 200}
2026-07-02 06:17:27.607 10 INFO neutron.wsgi [None req-529c82a0-487f-42b9-be5e-664fce8f220e 52497f9ab81f476b889df2109202a5d0 ea830491300b46b385351517e1613da8 - - default default] 10.0.0.183 "GET /v2.0/floatingips/79e613f1-1549-4bad-83d2-476a560f2635 HTTP/1.1" status: 200 len: 746 time: 0.0423551
2026-07-02 06:17:27.644 9 WARNING neutron.scheduler.dhcp_agent_scheduler [None req-381fa2f0-7c98-469c-b000-fa8bbdfd582d abe37d8ebe174babb6e737f9c3b034b6 d32ec44858ab4a5992632d5950a1f314 - - default default] No more DHCP agents
2026-07-02 06:17:27.647 9 WARNING neutron.api.rpc.agentnotifiers.dhcp_rpc_agent_api [None req-381fa2f0-7c98-469c-b000-fa8bbdfd582d abe37d8ebe174babb6e737f9c3b034b6 d32ec44858ab4a5992632d5950a1f314 - - default default] Unable to schedule network 0c650180-2700-43ad-85f8-16a904d88092: no agents available; will retry on subsequent port and subnet creation events.
2026-07-02 06:17:27.672 9 INFO neutron.wsgi [req-6f57d6a0-2db6-4296-a060-097fb293e7c7 req-20c47f95-abe0-4741-96fb-27390e7d2595 b622ab4571e44e8384e1cca29e6b8500 a0663b1f2d3e4bfca5f61877b3730974 - - 1a81c6fec90b48cbaf890ff682313246 1a81c6fec90b48cbaf890ff682313246] 199.204.45.57 "GET /v2.0/ports?tenant_id=ea830491300b46b385351517e1613da8&device_id=596c69d8-df4a-4887-9441-67a6ac8e3c76 HTTP/1.1" status: 200 len: 1413 time: 0.0485291
2026-07-02 06:17:27.704 10 INFO neutron.wsgi [None req-7e2ae4a3-32cc-449f-b8d7-f57b3cc1e6c5 1ff26ad9bef94159a082e7b5f538b0ed 427eac45686243d6894257666859d8ea - - default default] 10.0.0.183 "POST /v2.0/floatingips HTTP/1.1" status: 201 len: 751 time: 0.9881942
2026-07-02 06:17:27.757 9 INFO neutron.wsgi [req-6f57d6a0-2db6-4296-a060-097fb293e7c7 req-50cf18d0-dbef-47b2-95ef-52ab43ee21e2 b622ab4571e44e8384e1cca29e6b8500 a0663b1f2d3e4bfca5f61877b3730974 - - 1a81c6fec90b48cbaf890ff682313246 1a81c6fec90b48cbaf890ff682313246] 199.204.45.57 "GET /v2.0/networks?id=bc377fe3-b2b2-4752-9753-275d7a73eb0e HTTP/1.1" status: 200 len: 958 time: 0.0722733
2026-07-02 06:17:27.764 9 INFO neutron.db.ovn_revision_numbers_db [None req-381fa2f0-7c98-469c-b000-fa8bbdfd582d abe37d8ebe174babb6e737f9c3b034b6 d32ec44858ab4a5992632d5950a1f314 - - default default] Successfully bumped revision number for resource 6f48d37e-ac51-4c0c-8426-94bff71a7e60 (type: ports) to 1
2026-07-02 06:17:27.787 9 INFO neutron.wsgi [req-6f57d6a0-2db6-4296-a060-097fb293e7c7 req-f917ea92-934f-483a-bb76-36bc7204ad84 b622ab4571e44e8384e1cca29e6b8500 a0663b1f2d3e4bfca5f61877b3730974 - - 1a81c6fec90b48cbaf890ff682313246 1a81c6fec90b48cbaf890ff682313246] 199.204.45.57 "GET /v2.0/floatingips?fixed_ip_address=10.100.0.14&port_id=d4f04bf6-d72c-4b89-9ced-4aa30d74c222 HTTP/1.1" status: 200 len: 217 time: 0.0241854
2026-07-02 06:17:27.813 9 INFO neutron.wsgi [None req-381fa2f0-7c98-469c-b000-fa8bbdfd582d abe37d8ebe174babb6e737f9c3b034b6 d32ec44858ab4a5992632d5950a1f314 - - default default] 10.0.0.183 "POST /v2.0/networks HTTP/1.1" status: 201 len: 834 time: 0.9409010
2026-07-02 06:17:27.822 9 WARNING neutron_lib.context [None req-70598f1f-c501-43a0-90af-c2a5847a16ec abe37d8ebe174babb6e737f9c3b034b6 d32ec44858ab4a5992632d5950a1f314 - - default default] Method 'is_advsvc' is deprecated since 2023.2 release (neutron-lib 3.8.0) and will be removed once support for the old RBAC API policies will be removed from Neutron. Please use method 'is_service_role' instead.
2026-07-02 06:17:27.832 10 INFO neutron.wsgi [req-bffdcba8-773e-4f03-8bcb-f481d9b73aeb req-3e3d7c22-063e-4bdc-87c9-05ea51c2c1ab 1ff26ad9bef94159a082e7b5f538b0ed 427eac45686243d6894257666859d8ea - - default default] 10.0.0.195 "GET /v2.0/security-groups?name=tempest-securitygroup--2034145183&fields=id&tenant_id=427eac45686243d6894257666859d8ea HTTP/1.1" status: 200 len: 267 time: 0.0464110
2026-07-02 06:17:27.833 9 INFO neutron.wsgi [req-6f57d6a0-2db6-4296-a060-097fb293e7c7 req-aa68d424-4e3b-4d51-a385-8514665c5777 b622ab4571e44e8384e1cca29e6b8500 a0663b1f2d3e4bfca5f61877b3730974 - - 1a81c6fec90b48cbaf890ff682313246 1a81c6fec90b48cbaf890ff682313246] 199.204.45.57 "GET /v2.0/subnets?id=1dd4bf3d-155b-4786-a3f2-7c51649816ce HTTP/1.1" status: 200 len: 852 time: 0.0382738
2026-07-02 06:17:27.868 9 INFO neutron.wsgi [req-6f57d6a0-2db6-4296-a060-097fb293e7c7 req-f8dc9c74-3ce3-43cd-9fbe-0255ec3cde43 b622ab4571e44e8384e1cca29e6b8500 a0663b1f2d3e4bfca5f61877b3730974 - - 1a81c6fec90b48cbaf890ff682313246 1a81c6fec90b48cbaf890ff682313246] 199.204.45.57 "GET /v2.0/ports?network_id=bc377fe3-b2b2-4752-9753-275d7a73eb0e&device_owner=network%3Adhcp HTTP/1.1" status: 200 len: 210 time: 0.0254138
2026-07-02 06:17:27.879 10 INFO neutron.wsgi [req-bffdcba8-773e-4f03-8bcb-f481d9b73aeb req-4842b35b-8107-4760-a3d6-805c08c30700 1ff26ad9bef94159a082e7b5f538b0ed 427eac45686243d6894257666859d8ea - - default default] 10.0.0.195 "GET /v2.0/security-groups?name=tempest-secgroup-smoke-582325008&fields=id&tenant_id=427eac45686243d6894257666859d8ea HTTP/1.1" status: 200 len: 267 time: 0.0393393
2026-07-02 06:17:27.949 9 INFO neutron.wsgi [req-6f57d6a0-2db6-4296-a060-097fb293e7c7 req-d3028e9a-e60e-4f2a-bdae-aebc652306dc b622ab4571e44e8384e1cca29e6b8500 a0663b1f2d3e4bfca5f61877b3730974 - - 1a81c6fec90b48cbaf890ff682313246 1a81c6fec90b48cbaf890ff682313246] 199.204.45.57 "GET /v2.0/networks/bc377fe3-b2b2-4752-9753-275d7a73eb0e?fields=segments HTTP/1.1" status: 200 len: 212 time: 0.0717642
2026-07-02 06:17:27.988 10 INFO neutron.wsgi [req-bffdcba8-773e-4f03-8bcb-f481d9b73aeb req-a356b69d-c6b3-4a61-8ef4-324741d167fb 1ff26ad9bef94159a082e7b5f538b0ed 427eac45686243d6894257666859d8ea - - default default] 10.0.0.195 "GET /v2.0/networks?id=d00af862-86bd-4df5-8380-0868d8f32a84 HTTP/1.1" status: 200 len: 872 time: 0.0943310
2026-07-02 06:17:28.013 10 INFO neutron.wsgi [req-bffdcba8-773e-4f03-8bcb-f481d9b73aeb req-65f9341c-025b-490e-8845-98d075a324d1 1ff26ad9bef94159a082e7b5f538b0ed 427eac45686243d6894257666859d8ea - - default default] 10.0.0.195 "GET /v2.0/quotas/427eac45686243d6894257666859d8ea HTTP/1.1" status: 200 len: 491 time: 0.0172045
2026-07-02 06:17:28.028 9 INFO neutron.wsgi [req-6f57d6a0-2db6-4296-a060-097fb293e7c7 req-bcdd1792-971f-4051-b69d-f7e0d87eb5ab b622ab4571e44e8384e1cca29e6b8500 a0663b1f2d3e4bfca5f61877b3730974 - - 1a81c6fec90b48cbaf890ff682313246 1a81c6fec90b48cbaf890ff682313246] 199.204.45.57 "GET /v2.0/networks/bc377fe3-b2b2-4752-9753-275d7a73eb0e?fields=provider%3Aphysical_network&fields=provider%3Anetwork_type HTTP/1.1" status: 200 len: 277 time: 0.0682764
2026-07-02 06:17:28.107 9 WARNING neutron.scheduler.dhcp_agent_scheduler [None req-70598f1f-c501-43a0-90af-c2a5847a16ec abe37d8ebe174babb6e737f9c3b034b6 d32ec44858ab4a5992632d5950a1f314 - - default default] No more DHCP agents
2026-07-02 06:17:28.111 9 WARNING neutron.api.rpc.agentnotifiers.dhcp_rpc_agent_api [None req-70598f1f-c501-43a0-90af-c2a5847a16ec abe37d8ebe174babb6e737f9c3b034b6 d32ec44858ab4a5992632d5950a1f314 - - default default] Unable to schedule network 0c650180-2700-43ad-85f8-16a904d88092: no agents available; will retry on subsequent port and subnet creation events.
2026-07-02 06:17:28.140 9 INFO neutron.db.ovn_revision_numbers_db [None req-70598f1f-c501-43a0-90af-c2a5847a16ec abe37d8ebe174babb6e737f9c3b034b6 d32ec44858ab4a5992632d5950a1f314 - - default default] Successfully bumped revision number for resource 4b1de5e0-eb64-41e1-9dbf-5f690b6525ed (type: subnets) to 0
2026-07-02 06:17:28.144 10 INFO neutron.wsgi [req-bffdcba8-773e-4f03-8bcb-f481d9b73aeb req-ebc5ce02-1ec6-4563-bf8d-10f0380a1255 1ff26ad9bef94159a082e7b5f538b0ed 427eac45686243d6894257666859d8ea - - default default] 10.0.0.195 "GET /v2.0/ports?tenant_id=427eac45686243d6894257666859d8ea&fields=id HTTP/1.1" status: 200 len: 302 time: 0.1223030
2026-07-02 06:17:28.154 9 INFO neutron.wsgi [None req-70598f1f-c501-43a0-90af-c2a5847a16ec abe37d8ebe174babb6e737f9c3b034b6 d32ec44858ab4a5992632d5950a1f314 - - default default] 10.0.0.183 "POST /v2.0/subnets HTTP/1.1" status: 201 len: 821 time: 0.3364244
2026-07-02 06:17:28.164 9 WARNING neutron_lib.context [None req-1546a583-95d4-461f-bd09-9928ed4210ba abe37d8ebe174babb6e737f9c3b034b6 d32ec44858ab4a5992632d5950a1f314 - - default default] Method 'is_advsvc' is deprecated since 2023.2 release (neutron-lib 3.8.0) and will be removed once support for the old RBAC API policies will be removed from Neutron. Please use method 'is_service_role' instead.
2026-07-02 06:17:28.214 10 INFO neutron.wsgi [req-bffdcba8-773e-4f03-8bcb-f481d9b73aeb req-364c7675-3b37-45ba-88ba-bffc5d39b86e b622ab4571e44e8384e1cca29e6b8500 a0663b1f2d3e4bfca5f61877b3730974 - - 1a81c6fec90b48cbaf890ff682313246 1a81c6fec90b48cbaf890ff682313246] 10.0.0.195 "GET /v2.0/networks/d00af862-86bd-4df5-8380-0868d8f32a84?fields=segments HTTP/1.1" status: 200 len: 212 time: 0.0578558
2026-07-02 06:17:28.275 10 INFO neutron.wsgi [req-bffdcba8-773e-4f03-8bcb-f481d9b73aeb req-d21ac8d8-ab3f-4cb2-8077-96d2ef169581 b622ab4571e44e8384e1cca29e6b8500 a0663b1f2d3e4bfca5f61877b3730974 - - 1a81c6fec90b48cbaf890ff682313246 1a81c6fec90b48cbaf890ff682313246] 10.0.0.195 "GET /v2.0/networks/d00af862-86bd-4df5-8380-0868d8f32a84?fields=provider%3Aphysical_network&fields=provider%3Anetwork_type HTTP/1.1" status: 200 len: 277 time: 0.0549016
2026-07-02 06:17:28.461 10 INFO neutron.wsgi [req-4599df6d-3423-48c6-bc1a-38dda01687e5 req-5dcda3a6-4b93-43e5-8b56-a80a5cf4db9e 1ff26ad9bef94159a082e7b5f538b0ed 427eac45686243d6894257666859d8ea - - default default] 10.0.0.195 "GET /v2.0/ports?device_id=56187b91-b62a-425e-a83c-d763939839a1 HTTP/1.1" status: 200 len: 210 time: 0.0387526
2026-07-02 06:17:28.479 9 WARNING neutron.scheduler.dhcp_agent_scheduler [None req-1546a583-95d4-461f-bd09-9928ed4210ba abe37d8ebe174babb6e737f9c3b034b6 d32ec44858ab4a5992632d5950a1f314 - - default default] No more DHCP agents
2026-07-02 06:17:28.482 9 WARNING neutron.api.rpc.agentnotifiers.dhcp_rpc_agent_api [None req-1546a583-95d4-461f-bd09-9928ed4210ba abe37d8ebe174babb6e737f9c3b034b6 d32ec44858ab4a5992632d5950a1f314 - - default default] Unable to schedule network 0c650180-2700-43ad-85f8-16a904d88092: no agents available; will retry on subsequent port and subnet creation events.
2026-07-02 06:17:28.592 9 INFO neutron.db.ovn_revision_numbers_db [None req-1546a583-95d4-461f-bd09-9928ed4210ba abe37d8ebe174babb6e737f9c3b034b6 d32ec44858ab4a5992632d5950a1f314 - - default default] Successfully bumped revision number for resource 85edd700-94ef-4b16-bba0-78b7430ce83f (type: ports) to 1
2026-07-02 06:17:28.606 9 INFO neutron.services.segments.plugin [-] Segment 8c7eeb75-45e4-491a-9693-34f4482f5c22 resource provider aggregate not found
2026-07-02 06:17:28.611 9 INFO neutron.services.segments.plugin [-] Segment 8c7eeb75-45e4-491a-9693-34f4482f5c22 resource provider aggregate not found
2026-07-02 06:17:28.616 9 INFO neutron.services.segments.plugin [-] Segment 8c7eeb75-45e4-491a-9693-34f4482f5c22 resource provider not found; error: Placement Client Error (4xx): {"errors": [{"status": 404, "title": "Not Found", "detail": "The resource could not be found.\n\n No resource provider with uuid 8c7eeb75-45e4-491a-9693-34f4482f5c22 found for delete ", "request_id": "req-8ecc7d97-28fa-4563-8b47-4cc868595113"}]}
2026-07-02 06:17:28.623 9 INFO neutron.wsgi [None req-1546a583-95d4-461f-bd09-9928ed4210ba abe37d8ebe174babb6e737f9c3b034b6 d32ec44858ab4a5992632d5950a1f314 - - default default] 10.0.0.183 "POST /v2.0/ports HTTP/1.1" status: 201 len: 1126 time: 0.4640255
2026-07-02 06:17:28.626 9 INFO neutron.services.segments.plugin [-] Segment 8c7eeb75-45e4-491a-9693-34f4482f5c22 resource provider not found; error: Placement Client Error (4xx): {"errors": [{"status": 404, "title": "Not Found", "detail": "The resource could not be found.\n\n No resource provider with uuid 8c7eeb75-45e4-491a-9693-34f4482f5c22 found for delete ", "request_id": "req-b737bcf2-9729-44f9-bfac-7ce991933145"}]}
2026-07-02 06:17:28.663 10 WARNING neutron_lib.context [None req-4c9f4d89-abf8-4fcd-8074-181e6ee592d0 52497f9ab81f476b889df2109202a5d0 ea830491300b46b385351517e1613da8 - - default default] Method 'is_advsvc' is deprecated since 2023.2 release (neutron-lib 3.8.0) and will be removed once support for the old RBAC API policies will be removed from Neutron. Please use method 'is_service_role' instead.
2026-07-02 06:17:28.814 10 INFO neutron.db.ovn_revision_numbers_db [None req-4c9f4d89-abf8-4fcd-8074-181e6ee592d0 52497f9ab81f476b889df2109202a5d0 ea830491300b46b385351517e1613da8 - - default default] Successfully bumped revision number for resource bffa3d94-de7b-4720-bd4e-249809b2362e (type: security_groups) to 1
2026-07-02 06:17:28.826 10 INFO neutron.db.ovn_revision_numbers_db [None req-4c9f4d89-abf8-4fcd-8074-181e6ee592d0 52497f9ab81f476b889df2109202a5d0 ea830491300b46b385351517e1613da8 - - default default] Successfully bumped revision number for resource 56cfe101-1b74-45ab-a126-43bad9d845db (type: security_group_rules) to 0
2026-07-02 06:17:28.844 10 INFO neutron.db.ovn_revision_numbers_db [None req-4c9f4d89-abf8-4fcd-8074-181e6ee592d0 52497f9ab81f476b889df2109202a5d0 ea830491300b46b385351517e1613da8 - - default default] Successfully bumped revision number for resource b472f208-477d-4213-b61f-c4288d32856f (type: security_group_rules) to 0
2026-07-02 06:17:28.867 10 INFO neutron.wsgi [None req-4c9f4d89-abf8-4fcd-8074-181e6ee592d0 52497f9ab81f476b889df2109202a5d0 ea830491300b46b385351517e1613da8 - - default default] 10.0.0.183 "POST /v2.0/security-groups HTTP/1.1" status: 201 len: 1873 time: 0.2082365
2026-07-02 06:17:28.877 10 WARNING neutron_lib.context [None req-df3d3790-63b8-4c75-a334-172b07399f3c 52497f9ab81f476b889df2109202a5d0 ea830491300b46b385351517e1613da8 - - default default] Method 'is_advsvc' is deprecated since 2023.2 release (neutron-lib 3.8.0) and will be removed once support for the old RBAC API policies will be removed from Neutron. Please use method 'is_service_role' instead.
2026-07-02 06:17:28.901 9 INFO neutron.wsgi [None req-838c3de9-a1d6-4395-aa0c-40aff3830ac3 abe37d8ebe174babb6e737f9c3b034b6 d32ec44858ab4a5992632d5950a1f314 - - default default] 10.0.0.183 "DELETE /v2.0/ports/85edd700-94ef-4b16-bba0-78b7430ce83f HTTP/1.1" status: 204 len: 168 time: 0.2734683
2026-07-02 06:17:28.935 10 INFO neutron.pecan_wsgi.hooks.translation [None req-97d73c07-3c6c-4dfb-a756-a35e046133b7 abe37d8ebe174babb6e737f9c3b034b6 d32ec44858ab4a5992632d5950a1f314 - - default default] GET failed (client error): The resource could not be found.
2026-07-02 06:17:28.937 10 INFO neutron.wsgi [None req-97d73c07-3c6c-4dfb-a756-a35e046133b7 abe37d8ebe174babb6e737f9c3b034b6 d32ec44858ab4a5992632d5950a1f314 - - default default] 10.0.0.183 "GET /v2.0/ports/85edd700-94ef-4b16-bba0-78b7430ce83f HTTP/1.1" status: 404 len: 333 time: 0.0274327
2026-07-02 06:17:29.057 10 INFO neutron.db.ovn_revision_numbers_db [None req-df3d3790-63b8-4c75-a334-172b07399f3c 52497f9ab81f476b889df2109202a5d0 ea830491300b46b385351517e1613da8 - - default default] Successfully bumped revision number for resource 1f0a5c77-041f-4b56-af1e-bc6684e1f25d (type: security_group_rules) to 0
2026-07-02 06:17:29.087 10 INFO neutron.wsgi [None req-df3d3790-63b8-4c75-a334-172b07399f3c 52497f9ab81f476b889df2109202a5d0 ea830491300b46b385351517e1613da8 - - default default] 10.0.0.183 "POST /v2.0/security-group-rules HTTP/1.1" status: 201 len: 796 time: 0.2147226
2026-07-02 06:17:29.102 9 WARNING neutron_lib.context [None req-3af43287-c9bc-48e8-8af6-31dc9e4d6f3a 52497f9ab81f476b889df2109202a5d0 ea830491300b46b385351517e1613da8 - - default default] Method 'is_advsvc' is deprecated since 2023.2 release (neutron-lib 3.8.0) and will be removed once support for the old RBAC API policies will be removed from Neutron. Please use method 'is_service_role' instead.
2026-07-02 06:17:29.161 10 WARNING neutron_lib.context [None req-1c076b25-f3e7-473f-a96c-2e1d736602a0 2a830e731d4c49e4920c246689b6112b fa2addbbfa954d29b3ec09de96bfc36b - - default default] Method 'is_advsvc' is deprecated since 2023.2 release (neutron-lib 3.8.0) and will be removed once support for the old RBAC API policies will be removed from Neutron. Please use method 'is_service_role' instead.
2026-07-02 06:17:29.161 10 WARNING neutron_lib.context [None req-1c076b25-f3e7-473f-a96c-2e1d736602a0 2a830e731d4c49e4920c246689b6112b fa2addbbfa954d29b3ec09de96bfc36b - - default default] Method 'is_advsvc' is deprecated since 2023.2 release (neutron-lib 3.8.0) and will be removed once support for the old RBAC API policies will be removed from Neutron. Please use method 'is_service_role' instead.
2026-07-02 06:17:29.164 9 INFO neutron.wsgi [None req-9b6dc3bf-7dcc-485e-9279-444bb6387b7d abe37d8ebe174babb6e737f9c3b034b6 d32ec44858ab4a5992632d5950a1f314 - - default default] 10.0.0.183 "DELETE /v2.0/subnets/4b1de5e0-eb64-41e1-9dbf-5f690b6525ed HTTP/1.1" status: 204 len: 168 time: 0.2196591
2026-07-02 06:17:29.220 9 INFO neutron.wsgi [req-bffdcba8-773e-4f03-8bcb-f481d9b73aeb req-5757d4e8-8351-4d14-8d19-bb1bd7718bdd 1ff26ad9bef94159a082e7b5f538b0ed 427eac45686243d6894257666859d8ea - - default default] 199.204.45.57 "GET /v2.0/networks?id=d00af862-86bd-4df5-8380-0868d8f32a84 HTTP/1.1" status: 200 len: 872 time: 0.1165185
2026-07-02 06:17:29.295 9 INFO neutron.wsgi [req-bffdcba8-773e-4f03-8bcb-f481d9b73aeb req-85011351-c383-42ac-83a7-20914e9a7c92 1ff26ad9bef94159a082e7b5f538b0ed 427eac45686243d6894257666859d8ea - - default default] 199.204.45.57 "GET /v2.0/security-groups?fields=id&fields=name&tenant_id=427eac45686243d6894257666859d8ea HTTP/1.1" status: 200 len: 472 time: 0.0682230
2026-07-02 06:17:29.311 9 WARNING neutron_lib.context [req-bffdcba8-773e-4f03-8bcb-f481d9b73aeb req-dc980b99-36f3-47fd-9758-2bcbdb278a03 1ff26ad9bef94159a082e7b5f538b0ed 427eac45686243d6894257666859d8ea - - default default] Method 'is_advsvc' is deprecated since 2023.2 release (neutron-lib 3.8.0) and will be removed once support for the old RBAC API policies will be removed from Neutron. Please use method 'is_service_role' instead.
2026-07-02 06:17:29.365 9 INFO neutron.db.ovn_revision_numbers_db [None req-3af43287-c9bc-48e8-8af6-31dc9e4d6f3a 52497f9ab81f476b889df2109202a5d0 ea830491300b46b385351517e1613da8 - - default default] Successfully bumped revision number for resource b8763ed6-c7ec-4496-af1b-768af54e68b5 (type: security_group_rules) to 0
2026-07-02 06:17:29.381 10 INFO neutron.db.ovn_revision_numbers_db [None req-1c076b25-f3e7-473f-a96c-2e1d736602a0 2a830e731d4c49e4920c246689b6112b fa2addbbfa954d29b3ec09de96bfc36b - - default default] Successfully bumped revision number for resource f3009ec4-df13-4cd1-92c9-ecc63c23e98a (type: security_groups) to 1
2026-07-02 06:17:29.395 9 INFO neutron.wsgi [None req-3af43287-c9bc-48e8-8af6-31dc9e4d6f3a 52497f9ab81f476b889df2109202a5d0 ea830491300b46b385351517e1613da8 - - default default] 10.0.0.183 "POST /v2.0/security-group-rules HTTP/1.1" status: 201 len: 795 time: 0.3022027
2026-07-02 06:17:29.407 10 WARNING neutron_lib.context [None req-667acd9c-6cae-47c1-bb97-af73af680c22 52497f9ab81f476b889df2109202a5d0 ea830491300b46b385351517e1613da8 - - default default] Method 'is_advsvc' is deprecated since 2023.2 release (neutron-lib 3.8.0) and will be removed once support for the old RBAC API policies will be removed from Neutron. Please use method 'is_service_role' instead.
2026-07-02 06:17:29.412 10 INFO neutron.db.ovn_revision_numbers_db [None req-1c076b25-f3e7-473f-a96c-2e1d736602a0 2a830e731d4c49e4920c246689b6112b fa2addbbfa954d29b3ec09de96bfc36b - - default default] Successfully bumped revision number for resource 3002fcc6-d078-450e-b005-a308f312b23c (type: security_group_rules) to 0
2026-07-02 06:17:29.435 10 INFO neutron.db.ovn_revision_numbers_db [None req-1c076b25-f3e7-473f-a96c-2e1d736602a0 2a830e731d4c49e4920c246689b6112b fa2addbbfa954d29b3ec09de96bfc36b - - default default] Successfully bumped revision number for resource 417f03a1-46ec-4e74-9a34-5428e955d35e (type: security_group_rules) to 0
2026-07-02 06:17:29.457 10 INFO neutron.db.ovn_revision_numbers_db [None req-1c076b25-f3e7-473f-a96c-2e1d736602a0 2a830e731d4c49e4920c246689b6112b fa2addbbfa954d29b3ec09de96bfc36b - - default default] Successfully bumped revision number for resource 5642526d-7f32-4773-979e-18534df1d8c1 (type: security_group_rules) to 0
2026-07-02 06:17:29.484 10 INFO neutron.db.ovn_revision_numbers_db [None req-1c076b25-f3e7-473f-a96c-2e1d736602a0 2a830e731d4c49e4920c246689b6112b fa2addbbfa954d29b3ec09de96bfc36b - - default default] Successfully bumped revision number for resource 6bf83fd3-8f96-4360-b3e2-91becf023742 (type: security_group_rules) to 0
2026-07-02 06:17:29.567 10 INFO neutron.wsgi [req-18b67b7e-8575-4e54-9540-cbceec5c14b8 req-bb0c1f64-fde1-4d63-9e9b-b48e87326dcf 1ff26ad9bef94159a082e7b5f538b0ed 427eac45686243d6894257666859d8ea - - default default] 10.0.0.195 "GET /v2.0/ports?device_id=56187b91-b62a-425e-a83c-d763939839a1 HTTP/1.1" status: 200 len: 210 time: 0.0337636
2026-07-02 06:17:29.605 10 INFO neutron.db.segments_db [None req-1c076b25-f3e7-473f-a96c-2e1d736602a0 2a830e731d4c49e4920c246689b6112b fa2addbbfa954d29b3ec09de96bfc36b - - default default] Added segment f06a11bf-79e1-46a5-b46e-133b0508e3c5 of type geneve for network 9369d794-515a-4ff9-b90f-e266623bc797
2026-07-02 06:17:29.647 9 WARNING neutron.scheduler.dhcp_agent_scheduler [req-bffdcba8-773e-4f03-8bcb-f481d9b73aeb req-dc980b99-36f3-47fd-9758-2bcbdb278a03 1ff26ad9bef94159a082e7b5f538b0ed 427eac45686243d6894257666859d8ea - - default default] No more DHCP agents
2026-07-02 06:17:29.651 9 WARNING neutron.api.rpc.agentnotifiers.dhcp_rpc_agent_api [req-bffdcba8-773e-4f03-8bcb-f481d9b73aeb req-dc980b99-36f3-47fd-9758-2bcbdb278a03 1ff26ad9bef94159a082e7b5f538b0ed 427eac45686243d6894257666859d8ea - - default default] Unable to schedule network d00af862-86bd-4df5-8380-0868d8f32a84: no agents available; will retry on subsequent port and subnet creation events.
2026-07-02 06:17:29.660 10 INFO neutron.services.segments.plugin [-] Segment 42bf3dbe-c198-4336-8190-f955c9d0eb04 resource provider aggregate not found
2026-07-02 06:17:29.671 10 INFO neutron.services.segments.plugin [-] Segment 42bf3dbe-c198-4336-8190-f955c9d0eb04 resource provider aggregate not found
2026-07-02 06:17:29.675 10 INFO neutron.db.ovn_revision_numbers_db [None req-667acd9c-6cae-47c1-bb97-af73af680c22 52497f9ab81f476b889df2109202a5d0 ea830491300b46b385351517e1613da8 - - default default] Successfully bumped revision number for resource e77447f8-8ada-431e-ad23-c504d15cf07e (type: security_group_rules) to 0
2026-07-02 06:17:29.689 10 INFO neutron.services.segments.plugin [-] Segment 42bf3dbe-c198-4336-8190-f955c9d0eb04 resource provider not found; error: Placement Client Error (4xx): {"errors": [{"status": 404, "title": "Not Found", "detail": "The resource could not be found.\n\n No resource provider with uuid 42bf3dbe-c198-4336-8190-f955c9d0eb04 found for delete ", "request_id": "req-79e45e76-eb0d-4ca8-a7cf-68ffae890fe4"}]}
2026-07-02 06:17:29.704 10 INFO neutron.services.segments.plugin [-] Segment 42bf3dbe-c198-4336-8190-f955c9d0eb04 resource provider not found; error: Placement Client Error (4xx): {"errors": [{"status": 404, "title": "Not Found", "detail": "The resource could not be found.\n\n No resource provider with uuid 42bf3dbe-c198-4336-8190-f955c9d0eb04 found for delete ", "request_id": "req-56cd4141-f92d-4c3d-bdd7-13310f591ac1"}]}
2026-07-02 06:17:29.740 10 INFO neutron.wsgi [None req-667acd9c-6cae-47c1-bb97-af73af680c22 52497f9ab81f476b889df2109202a5d0 ea830491300b46b385351517e1613da8 - - default default] 10.0.0.183 "POST /v2.0/security-group-rules HTTP/1.1" status: 201 len: 801 time: 0.3377004 /var/lib/openstack/lib/python3.10/site-packages/pycadf/identifier.py:71: UserWarning: Invalid uuid: neutron. To ensure interoperability, identifiers should be a valid uuid. warnings.warn(('Invalid uuid: %s. To ensure interoperability, '
2026-07-02 06:17:29.751 10 INFO neutron.wsgi [None req-2749de7f-3986-4b44-b133-6b034ea85ee2 abe37d8ebe174babb6e737f9c3b034b6 d32ec44858ab4a5992632d5950a1f314 - - default default] 10.0.0.183 "DELETE /v2.0/networks/0c650180-2700-43ad-85f8-16a904d88092 HTTP/1.1" status: 204 len: 168 time: 0.5809093
2026-07-02 06:17:29.753 9 WARNING neutron_lib.context [None req-b0755ca5-d938-484c-acdf-1057fa83ac1a 52497f9ab81f476b889df2109202a5d0 ea830491300b46b385351517e1613da8 - - default default] Method 'is_advsvc' is deprecated since 2023.2 release (neutron-lib 3.8.0) and will be removed once support for the old RBAC API policies will be removed from Neutron. Please use method 'is_service_role' instead.
2026-07-02 06:17:29.764 10 WARNING neutron_lib.context [None req-df87cae2-b2be-46fd-8370-82d0c4326bfd abe37d8ebe174babb6e737f9c3b034b6 d32ec44858ab4a5992632d5950a1f314 - - default default] Method 'is_advsvc' is deprecated since 2023.2 release (neutron-lib 3.8.0) and will be removed once support for the old RBAC API policies will be removed from Neutron. Please use method 'is_service_role' instead.
2026-07-02 06:17:29.813 10 INFO neutron.db.segments_db [None req-1c076b25-f3e7-473f-a96c-2e1d736602a0 2a830e731d4c49e4920c246689b6112b fa2addbbfa954d29b3ec09de96bfc36b - - default default] Added segment 3f7a1079-764b-4d54-85e7-56c27154e3c6 of type geneve for network ca79cb37-cbc0-413f-88d3-b633f796fa5b
2026-07-02 06:17:29.887 9 INFO neutron.db.ovn_revision_numbers_db [req-bffdcba8-773e-4f03-8bcb-f481d9b73aeb req-dc980b99-36f3-47fd-9758-2bcbdb278a03 1ff26ad9bef94159a082e7b5f538b0ed 427eac45686243d6894257666859d8ea - - default default] Successfully bumped revision number for resource 04d58559-519c-4b56-9f25-f91c5bfeb6e3 (type: ports) to 1
2026-07-02 06:17:29.917 9 INFO neutron.wsgi [req-bffdcba8-773e-4f03-8bcb-f481d9b73aeb req-dc980b99-36f3-47fd-9758-2bcbdb278a03 1ff26ad9bef94159a082e7b5f538b0ed 427eac45686243d6894257666859d8ea - - default default] 199.204.45.57 "POST /v2.0/ports HTTP/1.1" status: 201 len: 1197 time: 0.6135011
2026-07-02 06:17:29.963 9 INFO neutron.db.ovn_revision_numbers_db [None req-b0755ca5-d938-484c-acdf-1057fa83ac1a 52497f9ab81f476b889df2109202a5d0 ea830491300b46b385351517e1613da8 - - default default] Successfully bumped revision number for resource 9bb7d036-5efc-4ceb-9695-4661536e22e6 (type: security_group_rules) to 0
2026-07-02 06:17:29.973 10 INFO neutron.db.ovn_revision_numbers_db [None req-1c076b25-f3e7-473f-a96c-2e1d736602a0 2a830e731d4c49e4920c246689b6112b fa2addbbfa954d29b3ec09de96bfc36b - - default default] Successfully bumped revision number for resource 9369d794-515a-4ff9-b90f-e266623bc797 (type: networks) to 1
2026-07-02 06:17:30.000 9 INFO neutron.wsgi [None req-b0755ca5-d938-484c-acdf-1057fa83ac1a 52497f9ab81f476b889df2109202a5d0 ea830491300b46b385351517e1613da8 - - default default] 10.0.0.183 "POST /v2.0/security-group-rules HTTP/1.1" status: 201 len: 800 time: 0.2550719
2026-07-02 06:17:30.013 9 WARNING neutron_lib.context [None req-2ab14e92-583d-4721-9c31-a94878e719c4 52497f9ab81f476b889df2109202a5d0 ea830491300b46b385351517e1613da8 - - default default] Method 'is_advsvc' is deprecated since 2023.2 release (neutron-lib 3.8.0) and will be removed once support for the old RBAC API policies will be removed from Neutron. Please use method 'is_service_role' instead.
2026-07-02 06:17:30.070 9 INFO neutron.db.securitygroups_db [None req-2ab14e92-583d-4721-9c31-a94878e719c4 52497f9ab81f476b889df2109202a5d0 ea830491300b46b385351517e1613da8 - - default default] Project ea830491300b46b385351517e1613da8 added a security group rule with legacy IPv6 ICMP protocol name icmp, ipv6-icmp should be used instead. It was automatically converted.
2026-07-02 06:17:30.141 10 WARNING neutron.scheduler.dhcp_agent_scheduler [None req-df87cae2-b2be-46fd-8370-82d0c4326bfd abe37d8ebe174babb6e737f9c3b034b6 d32ec44858ab4a5992632d5950a1f314 - - default default] No more DHCP agents
2026-07-02 06:17:30.147 10 WARNING neutron.api.rpc.agentnotifiers.dhcp_rpc_agent_api [None req-df87cae2-b2be-46fd-8370-82d0c4326bfd abe37d8ebe174babb6e737f9c3b034b6 d32ec44858ab4a5992632d5950a1f314 - - default default] Unable to schedule network 354e7cbd-0e6f-4488-a123-8185951d6950: no agents available; will retry on subsequent port and subnet creation events.
2026-07-02 06:17:30.202 9 INFO neutron.db.ovn_revision_numbers_db [None req-2ab14e92-583d-4721-9c31-a94878e719c4 52497f9ab81f476b889df2109202a5d0 ea830491300b46b385351517e1613da8 - - default default] Successfully bumped revision number for resource 5ccdf53c-98e0-4dc0-9ce0-c27593e75d3a (type: security_group_rules) to 0
2026-07-02 06:17:30.206 10 WARNING neutron.scheduler.dhcp_agent_scheduler [None req-1c076b25-f3e7-473f-a96c-2e1d736602a0 2a830e731d4c49e4920c246689b6112b fa2addbbfa954d29b3ec09de96bfc36b - - default default] No more DHCP agents
2026-07-02 06:17:30.217 10 WARNING neutron.api.rpc.agentnotifiers.dhcp_rpc_agent_api [None req-1c076b25-f3e7-473f-a96c-2e1d736602a0 2a830e731d4c49e4920c246689b6112b fa2addbbfa954d29b3ec09de96bfc36b - - default default] Unable to schedule network 9369d794-515a-4ff9-b90f-e266623bc797: no agents available; will retry on subsequent port and subnet creation events.
2026-07-02 06:17:30.248 9 INFO neutron.wsgi [None req-2ab14e92-583d-4721-9c31-a94878e719c4 52497f9ab81f476b889df2109202a5d0 ea830491300b46b385351517e1613da8 - - default default] 10.0.0.183 "POST /v2.0/security-group-rules HTTP/1.1" status: 201 len: 806 time: 0.2423325 /var/lib/openstack/lib/python3.10/site-packages/pycadf/identifier.py:71: UserWarning: Invalid uuid: neutron. To ensure interoperability, identifiers should be a valid uuid. warnings.warn(('Invalid uuid: %s. To ensure interoperability, '
2026-07-02 06:17:30.259 10 WARNING neutron_lib.context [None req-9adf18b0-070c-4aa7-b35e-3db4f2a11f2e 52497f9ab81f476b889df2109202a5d0 ea830491300b46b385351517e1613da8 - - default default] Method 'is_advsvc' is deprecated since 2023.2 release (neutron-lib 3.8.0) and will be removed once support for the old RBAC API policies will be removed from Neutron. Please use method 'is_service_role' instead.
2026-07-02 06:17:30.290 10 INFO neutron.db.ovn_revision_numbers_db [None req-df87cae2-b2be-46fd-8370-82d0c4326bfd abe37d8ebe174babb6e737f9c3b034b6 d32ec44858ab4a5992632d5950a1f314 - - default default] Successfully bumped revision number for resource 9c1a7508-1444-4716-a37f-0c97f755a090 (type: ports) to 1
2026-07-02 06:17:30.326 10 INFO neutron.db.securitygroups_db [None req-9adf18b0-070c-4aa7-b35e-3db4f2a11f2e 52497f9ab81f476b889df2109202a5d0 ea830491300b46b385351517e1613da8 - - default default] Project ea830491300b46b385351517e1613da8 added a security group rule with legacy IPv6 ICMP protocol name icmp, ipv6-icmp should be used instead. It was automatically converted.
2026-07-02 06:17:30.331 10 INFO neutron.wsgi [None req-df87cae2-b2be-46fd-8370-82d0c4326bfd abe37d8ebe174babb6e737f9c3b034b6 d32ec44858ab4a5992632d5950a1f314 - - default default] 10.0.0.183 "POST /v2.0/ports HTTP/1.1" status: 201 len: 978 time: 0.5759473
2026-07-02 06:17:30.348 10 INFO neutron.db.ovn_revision_numbers_db [None req-1c076b25-f3e7-473f-a96c-2e1d736602a0 2a830e731d4c49e4920c246689b6112b fa2addbbfa954d29b3ec09de96bfc36b - - default default] Successfully bumped revision number for resource dc440e56-26f0-4c2b-a7a3-fde46deb54a9 (type: ports) to 1
2026-07-02 06:17:30.390 9 INFO neutron.db.ovn_revision_numbers_db [req-bffdcba8-773e-4f03-8bcb-f481d9b73aeb req-cba42075-98e2-4d09-860d-b47c79d3b232 b622ab4571e44e8384e1cca29e6b8500 a0663b1f2d3e4bfca5f61877b3730974 - - 1a81c6fec90b48cbaf890ff682313246 1a81c6fec90b48cbaf890ff682313246] Successfully bumped revision number for resource 04d58559-519c-4b56-9f25-f91c5bfeb6e3 (type: ports) to 2
2026-07-02 06:17:30.469 10 INFO neutron.db.ovn_revision_numbers_db [None req-1c076b25-f3e7-473f-a96c-2e1d736602a0 2a830e731d4c49e4920c246689b6112b fa2addbbfa954d29b3ec09de96bfc36b - - default default] Successfully bumped revision number for resource ca79cb37-cbc0-413f-88d3-b633f796fa5b (type: networks) to 1
2026-07-02 06:17:30.568 10 INFO neutron.db.ovn_revision_numbers_db [None req-9adf18b0-070c-4aa7-b35e-3db4f2a11f2e 52497f9ab81f476b889df2109202a5d0 ea830491300b46b385351517e1613da8 - - default default] Successfully bumped revision number for resource 10d3f249-56d8-4d17-b655-103c9ecb8b60 (type: security_group_rules) to 0
2026-07-02 06:17:30.623 9 INFO neutron.db.ovn_revision_numbers_db [req-bffdcba8-773e-4f03-8bcb-f481d9b73aeb req-cba42075-98e2-4d09-860d-b47c79d3b232 b622ab4571e44e8384e1cca29e6b8500 a0663b1f2d3e4bfca5f61877b3730974 - - 1a81c6fec90b48cbaf890ff682313246 1a81c6fec90b48cbaf890ff682313246] Successfully bumped revision number for resource 04d58559-519c-4b56-9f25-f91c5bfeb6e3 (type: ports) to 2
2026-07-02 06:17:30.632 10 INFO neutron.wsgi [None req-9adf18b0-070c-4aa7-b35e-3db4f2a11f2e 52497f9ab81f476b889df2109202a5d0 ea830491300b46b385351517e1613da8 - - default default] 10.0.0.183 "POST /v2.0/security-group-rules HTTP/1.1" status: 201 len: 805 time: 0.3784482
2026-07-02 06:17:30.642 9 INFO neutron.wsgi [req-bffdcba8-773e-4f03-8bcb-f481d9b73aeb req-cba42075-98e2-4d09-860d-b47c79d3b232 b622ab4571e44e8384e1cca29e6b8500 a0663b1f2d3e4bfca5f61877b3730974 - - 1a81c6fec90b48cbaf890ff682313246 1a81c6fec90b48cbaf890ff682313246] 199.204.45.57 "PUT /v2.0/ports/04d58559-519c-4b56-9f25-f91c5bfeb6e3 HTTP/1.1" status: 200 len: 1415 time: 0.7121956
2026-07-02 06:17:30.679 9 INFO neutron.notifiers.nova [-] Nova event matching ['req-a4e99c53-533f-437f-9a7f-4da909f08483'] response: {'name': 'network-changed', 'server_uuid': '56187b91-b62a-425e-a83c-d763939839a1', 'tag': '04d58559-519c-4b56-9f25-f91c5bfeb6e3', 'status': 'completed', 'code': 200} /var/lib/openstack/lib/python3.10/site-packages/pycadf/identifier.py:71: UserWarning: Invalid uuid: neutron. To ensure interoperability, identifiers should be a valid uuid. warnings.warn(('Invalid uuid: %s. To ensure interoperability, '
2026-07-02 06:17:30.739 9 INFO neutron.wsgi [req-bffdcba8-773e-4f03-8bcb-f481d9b73aeb req-f97f8618-1265-4672-acd0-bc52a8f977d7 b622ab4571e44e8384e1cca29e6b8500 a0663b1f2d3e4bfca5f61877b3730974 - - 1a81c6fec90b48cbaf890ff682313246 1a81c6fec90b48cbaf890ff682313246] 199.204.45.57 "GET /v2.0/ports?tenant_id=427eac45686243d6894257666859d8ea&device_id=56187b91-b62a-425e-a83c-d763939839a1 HTTP/1.1" status: 200 len: 1446 time: 0.0485885
2026-07-02 06:17:30.759 10 INFO neutron.plugins.ml2.drivers.ovn.mech_driver.mech_driver [None req-db4354f1-5bf8-4fc7-90fa-3838a405342e - - - - - -] OVN reports status down for port: 9c1a7508-1444-4716-a37f-0c97f755a090
2026-07-02 06:17:30.778 9 INFO neutron.wsgi [req-bffdcba8-773e-4f03-8bcb-f481d9b73aeb req-1e24a53f-f183-4798-a202-8c859f64ef55 b622ab4571e44e8384e1cca29e6b8500 a0663b1f2d3e4bfca5f61877b3730974 - - 1a81c6fec90b48cbaf890ff682313246 1a81c6fec90b48cbaf890ff682313246] 199.204.45.57 "GET /v2.0/floatingips?fixed_ip_address=10.100.0.4&port_id=04d58559-519c-4b56-9f25-f91c5bfeb6e3 HTTP/1.1" status: 200 len: 217 time: 0.0278420 /var/lib/openstack/lib/python3.10/site-packages/pycadf/identifier.py:71: UserWarning: Invalid uuid: neutron. To ensure interoperability, identifiers should be a valid uuid. warnings.warn(('Invalid uuid: %s. To ensure interoperability, '
2026-07-02 06:17:30.818 9 INFO neutron.wsgi [req-bffdcba8-773e-4f03-8bcb-f481d9b73aeb req-b7bdda06-45ca-4c7b-b041-5584d9ffdc6a b622ab4571e44e8384e1cca29e6b8500 a0663b1f2d3e4bfca5f61877b3730974 - - 1a81c6fec90b48cbaf890ff682313246 1a81c6fec90b48cbaf890ff682313246] 199.204.45.57 "GET /v2.0/subnets?id=906c7b5c-9a86-406c-98a0-10c182673c16 HTTP/1.1" status: 200 len: 866 time: 0.0320249
2026-07-02 06:17:30.818 10 WARNING neutron.scheduler.dhcp_agent_scheduler [None req-1c076b25-f3e7-473f-a96c-2e1d736602a0 2a830e731d4c49e4920c246689b6112b fa2addbbfa954d29b3ec09de96bfc36b - - default default] No more DHCP agents
2026-07-02 06:17:30.835 10 WARNING neutron.api.rpc.agentnotifiers.dhcp_rpc_agent_api [None req-1c076b25-f3e7-473f-a96c-2e1d736602a0 2a830e731d4c49e4920c246689b6112b fa2addbbfa954d29b3ec09de96bfc36b - - default default] Unable to schedule network ca79cb37-cbc0-413f-88d3-b633f796fa5b: no agents available; will retry on subsequent port and subnet creation events.
2026-07-02 06:17:30.845 9 INFO neutron.wsgi [req-bffdcba8-773e-4f03-8bcb-f481d9b73aeb req-a726848c-a3ac-448b-89a7-e94657ed0681 b622ab4571e44e8384e1cca29e6b8500 a0663b1f2d3e4bfca5f61877b3730974 - - 1a81c6fec90b48cbaf890ff682313246 1a81c6fec90b48cbaf890ff682313246] 199.204.45.57 "GET /v2.0/ports?network_id=d00af862-86bd-4df5-8380-0868d8f32a84&device_owner=network%3Adhcp HTTP/1.1" status: 200 len: 210 time: 0.0225458
2026-07-02 06:17:30.868 10 INFO neutron.db.ovn_revision_numbers_db [None req-394b9e1d-c62f-4892-8eed-d2996cff1696 abe37d8ebe174babb6e737f9c3b034b6 d32ec44858ab4a5992632d5950a1f314 - - default default] Successfully bumped revision number for resource 9c1a7508-1444-4716-a37f-0c97f755a090 (type: ports) to 2
2026-07-02 06:17:30.886 10 INFO neutron.wsgi [req-6c751fc6-b668-4b17-a608-8a2d31b840bd req-85df80c9-3dc7-455a-9972-11ccb03781e0 1ff26ad9bef94159a082e7b5f538b0ed 427eac45686243d6894257666859d8ea - - default default] 10.0.0.195 "GET /v2.0/ports?device_id=56187b91-b62a-425e-a83c-d763939839a1 HTTP/1.1" status: 200 len: 1208 time: 0.0837176
2026-07-02 06:17:30.903 9 INFO neutron.wsgi [req-bffdcba8-773e-4f03-8bcb-f481d9b73aeb req-67d5d925-a172-4407-9860-6b77ab6d45e1 b622ab4571e44e8384e1cca29e6b8500 a0663b1f2d3e4bfca5f61877b3730974 - - 1a81c6fec90b48cbaf890ff682313246 1a81c6fec90b48cbaf890ff682313246] 199.204.45.57 "GET /v2.0/networks/d00af862-86bd-4df5-8380-0868d8f32a84?fields=segments HTTP/1.1" status: 200 len: 212 time: 0.0516891
2026-07-02 06:17:30.926 10 INFO neutron.wsgi [None req-394b9e1d-c62f-4892-8eed-d2996cff1696 abe37d8ebe174babb6e737f9c3b034b6 d32ec44858ab4a5992632d5950a1f314 - - default default] 10.0.0.183 "PUT /v2.0/ports/9c1a7508-1444-4716-a37f-0c97f755a090 HTTP/1.1" status: 200 len: 946 time: 0.5883648
2026-07-02 06:17:30.980 9 INFO neutron.wsgi [req-bffdcba8-773e-4f03-8bcb-f481d9b73aeb req-6027a9fd-3a5c-4373-9fca-ddcab73dd155 b622ab4571e44e8384e1cca29e6b8500 a0663b1f2d3e4bfca5f61877b3730974 - - 1a81c6fec90b48cbaf890ff682313246 1a81c6fec90b48cbaf890ff682313246] 199.204.45.57 "GET /v2.0/networks/d00af862-86bd-4df5-8380-0868d8f32a84?fields=provider%3Aphysical_network&fields=provider%3Anetwork_type HTTP/1.1" status: 200 len: 277 time: 0.0697846
2026-07-02 06:17:31.078 9 INFO neutron.wsgi [req-813b7226-9ebb-401b-bf6b-a540347bc12c req-ad1a234e-dbdb-4e8c-a06f-fd28676a7559 b622ab4571e44e8384e1cca29e6b8500 a0663b1f2d3e4bfca5f61877b3730974 - - 1a81c6fec90b48cbaf890ff682313246 1a81c6fec90b48cbaf890ff682313246] 199.204.45.57 "GET /v2.0/ports?tenant_id=427eac45686243d6894257666859d8ea&device_id=56187b91-b62a-425e-a83c-d763939839a1 HTTP/1.1" status: 200 len: 1446 time: 0.0572720
2026-07-02 06:17:31.216 10 INFO neutron.wsgi [req-6c751fc6-b668-4b17-a608-8a2d31b840bd req-3b7a0223-3ea8-478c-a1fc-114ed42cca53 1ff26ad9bef94159a082e7b5f538b0ed 427eac45686243d6894257666859d8ea - - default default] 10.0.0.195 "GET /v2.0/security-groups?id=3a982bf3-e9d2-475c-bc87-d3b7203e8f45&id=25e6182c-2fb0-4b1e-8220-abd9601bd3ec&fields=id&fields=name HTTP/1.1" status: 200 len: 405 time: 0.3232813
2026-07-02 06:17:31.224 10 INFO neutron.wsgi [req-d0d6cfe3-bb57-4e30-b190-8afdcb20ba77 req-bf38e1c3-2d4c-4832-989d-90888db8badf b622ab4571e44e8384e1cca29e6b8500 a0663b1f2d3e4bfca5f61877b3730974 - - 1a81c6fec90b48cbaf890ff682313246 1a81c6fec90b48cbaf890ff682313246] 199.204.45.57 "GET /v2.0/ports?device_id=56187b91-b62a-425e-a83c-d763939839a1 HTTP/1.1" status: 200 len: 1446 time: 0.0523403
2026-07-02 06:17:31.225 10 INFO neutron.db.ovn_revision_numbers_db [None req-1c076b25-f3e7-473f-a96c-2e1d736602a0 2a830e731d4c49e4920c246689b6112b fa2addbbfa954d29b3ec09de96bfc36b - - default default] Successfully bumped revision number for resource 131da634-62cd-4d66-83bb-4d585d1cd547 (type: ports) to 1
2026-07-02 06:17:31.252 10 INFO neutron.wsgi [None req-1c076b25-f3e7-473f-a96c-2e1d736602a0 2a830e731d4c49e4920c246689b6112b fa2addbbfa954d29b3ec09de96bfc36b - - default default] 10.0.0.183 "POST /v2.0/networks HTTP/1.1" status: 201 len: 1445 time: 2.2726028
2026-07-02 06:17:31.293 10 INFO neutron.wsgi [req-d0d6cfe3-bb57-4e30-b190-8afdcb20ba77 req-6323e77a-10f3-4c32-b303-bfa76743a6ee b622ab4571e44e8384e1cca29e6b8500 a0663b1f2d3e4bfca5f61877b3730974 - - 1a81c6fec90b48cbaf890ff682313246 1a81c6fec90b48cbaf890ff682313246] 199.204.45.57 "GET /v2.0/security-groups?id=25e6182c-2fb0-4b1e-8220-abd9601bd3ec&id=3a982bf3-e9d2-475c-bc87-d3b7203e8f45&fields=id&fields=name HTTP/1.1" status: 200 len: 405 time: 0.0585191
2026-07-02 06:17:31.332 10 INFO neutron.wsgi [None req-fb6a85a9-5eea-4a86-8cad-1de4f95b01c4 2a830e731d4c49e4920c246689b6112b fa2addbbfa954d29b3ec09de96bfc36b - - default default] 10.0.0.183 "GET /v2.0/networks HTTP/1.1" status: 200 len: 2051 time: 0.0694401
2026-07-02 06:17:31.419 9 INFO neutron.plugins.ml2.drivers.ovn.mech_driver.mech_driver [None req-3af5761c-a03c-4acf-8020-3ee41da057ac - - - - - -] OVN reports status up for port: 04d58559-519c-4b56-9f25-f91c5bfeb6e3
2026-07-02 06:17:31.465 9 INFO neutron.plugins.ml2.plugin [None req-3af5761c-a03c-4acf-8020-3ee41da057ac - - - - - -] Attempt 1 to provision port 04d58559-519c-4b56-9f25-f91c5bfeb6e3
2026-07-02 06:17:31.487 9 INFO neutron.wsgi [req-813b7226-9ebb-401b-bf6b-a540347bc12c req-cad81ce8-e159-4116-97b1-55262ea16b05 b622ab4571e44e8384e1cca29e6b8500 a0663b1f2d3e4bfca5f61877b3730974 - - 1a81c6fec90b48cbaf890ff682313246 1a81c6fec90b48cbaf890ff682313246] 199.204.45.57 "GET /v2.0/networks?id=d00af862-86bd-4df5-8380-0868d8f32a84 HTTP/1.1" status: 200 len: 971 time: 0.3988039
2026-07-02 06:17:31.494 9 INFO neutron.wsgi [None req-635ff166-9f66-4425-82ea-07d54c2d333c 52497f9ab81f476b889df2109202a5d0 ea830491300b46b385351517e1613da8 - - default default] 10.0.0.183 "GET /v2.0/networks HTTP/1.1" status: 200 len: 1492 time: 0.4804907
2026-07-02 06:17:31.506 10 INFO neutron.wsgi [-] 10.0.0.57 "GET / HTTP/1.1" status: 200 len: 247 time: 0.0024397
2026-07-02 06:17:31.509 10 INFO neutron.wsgi [-] 10.0.0.57 "GET / HTTP/1.1" status: 200 len: 247 time: 0.0026367
2026-07-02 06:17:31.519 9 INFO neutron.wsgi [req-813b7226-9ebb-401b-bf6b-a540347bc12c req-d279df6b-bdcc-463e-981d-4cf9dfa99d62 b622ab4571e44e8384e1cca29e6b8500 a0663b1f2d3e4bfca5f61877b3730974 - - 1a81c6fec90b48cbaf890ff682313246 1a81c6fec90b48cbaf890ff682313246] 199.204.45.57 "GET /v2.0/floatingips?fixed_ip_address=10.100.0.4&port_id=04d58559-519c-4b56-9f25-f91c5bfeb6e3 HTTP/1.1" status: 200 len: 217 time: 0.0242872
2026-07-02 06:17:31.593 9 INFO neutron.wsgi [req-813b7226-9ebb-401b-bf6b-a540347bc12c req-17eaaac2-201b-4713-b4cd-f5127eefab96 b622ab4571e44e8384e1cca29e6b8500 a0663b1f2d3e4bfca5f61877b3730974 - - 1a81c6fec90b48cbaf890ff682313246 1a81c6fec90b48cbaf890ff682313246] 199.204.45.57 "GET /v2.0/subnets?id=906c7b5c-9a86-406c-98a0-10c182673c16 HTTP/1.1" status: 200 len: 866 time: 0.0648489
2026-07-02 06:17:31.633 9 INFO neutron.wsgi [req-813b7226-9ebb-401b-bf6b-a540347bc12c req-692a33c1-bebb-4da1-a483-bd9be73d3f7b b622ab4571e44e8384e1cca29e6b8500 a0663b1f2d3e4bfca5f61877b3730974 - - 1a81c6fec90b48cbaf890ff682313246 1a81c6fec90b48cbaf890ff682313246] 199.204.45.57 "GET /v2.0/ports?network_id=d00af862-86bd-4df5-8380-0868d8f32a84&device_owner=network%3Adhcp HTTP/1.1" status: 200 len: 210 time: 0.0215719
2026-07-02 06:17:31.696 10 INFO neutron.wsgi [req-1bff9be7-bbfd-440b-bf69-7d9e775e79ee req-b1a4e384-974f-4302-8128-032ef079e0c9 52497f9ab81f476b889df2109202a5d0 ea830491300b46b385351517e1613da8 - - default default] 10.0.0.195 "GET /v2.0/security-groups?name=tempest-secgroup-smoke-713022081&fields=id&tenant_id=ea830491300b46b385351517e1613da8 HTTP/1.1" status: 200 len: 267 time: 0.0774491
2026-07-02 06:17:31.757 9 INFO neutron.wsgi [req-813b7226-9ebb-401b-bf6b-a540347bc12c req-7e1f3fe4-115f-4624-9613-8ec269879f29 b622ab4571e44e8384e1cca29e6b8500 a0663b1f2d3e4bfca5f61877b3730974 - - 1a81c6fec90b48cbaf890ff682313246 1a81c6fec90b48cbaf890ff682313246] 199.204.45.57 "GET /v2.0/networks/d00af862-86bd-4df5-8380-0868d8f32a84?fields=segments HTTP/1.1" status: 200 len: 212 time: 0.1136956
2026-07-02 06:17:31.772 9 INFO neutron.wsgi [None req-433da9f1-399d-4bc4-a458-6f6222b3d3f3 abe37d8ebe174babb6e737f9c3b034b6 d32ec44858ab4a5992632d5950a1f314 - - default default] 10.0.0.183 "DELETE /v2.0/ports/9c1a7508-1444-4716-a37f-0c97f755a090 HTTP/1.1" status: 204 len: 168 time: 0.8311031
2026-07-02 06:17:31.781 10 INFO neutron.services.segments.plugin [-] Segment f06a11bf-79e1-46a5-b46e-133b0508e3c5 resource provider aggregate not found
2026-07-02 06:17:31.793 10 INFO neutron.services.segments.plugin [-] Segment f06a11bf-79e1-46a5-b46e-133b0508e3c5 resource provider aggregate not found
2026-07-02 06:17:31.800 10 INFO neutron.services.segments.plugin [-] Segment f06a11bf-79e1-46a5-b46e-133b0508e3c5 resource provider not found; error: Placement Client Error (4xx): {"errors": [{"status": 404, "title": "Not Found", "detail": "The resource could not be found.\n\n No resource provider with uuid f06a11bf-79e1-46a5-b46e-133b0508e3c5 found for delete ", "request_id": "req-bac78610-53c4-4f2b-b7d6-84d257fc733b"}]}
2026-07-02 06:17:31.812 10 INFO neutron.services.segments.plugin [-] Segment f06a11bf-79e1-46a5-b46e-133b0508e3c5 resource provider not found; error: Placement Client Error (4xx): {"errors": [{"status": 404, "title": "Not Found", "detail": "The resource could not be found.\n\n No resource provider with uuid f06a11bf-79e1-46a5-b46e-133b0508e3c5 found for delete ", "request_id": "req-eba99d5b-d9c0-407e-ae85-07e9de3dc047"}]}
2026-07-02 06:17:31.822 10 INFO neutron.wsgi [req-1bff9be7-bbfd-440b-bf69-7d9e775e79ee req-c2adbb08-dd0a-4899-93ae-1999285906e1 52497f9ab81f476b889df2109202a5d0 ea830491300b46b385351517e1613da8 - - default default] 10.0.0.195 "GET /v2.0/networks?id=bc377fe3-b2b2-4752-9753-275d7a73eb0e HTTP/1.1" status: 200 len: 859 time: 0.1135538
2026-07-02 06:17:31.834 10 INFO neutron.wsgi [req-1bff9be7-bbfd-440b-bf69-7d9e775e79ee req-7795e265-45f2-466d-b547-8416e9d36943 52497f9ab81f476b889df2109202a5d0 ea830491300b46b385351517e1613da8 - - default default] 10.0.0.195 "GET /v2.0/quotas/ea830491300b46b385351517e1613da8 HTTP/1.1" status: 200 len: 491 time: 0.0077281
2026-07-02 06:17:31.841 10 INFO neutron.wsgi [None req-98786406-004d-4084-a70a-17787b505095 2a830e731d4c49e4920c246689b6112b fa2addbbfa954d29b3ec09de96bfc36b - - default default] 10.0.0.183 "DELETE /v2.0/networks/9369d794-515a-4ff9-b90f-e266623bc797 HTTP/1.1" status: 204 len: 168 time: 0.5030110
2026-07-02 06:17:31.884 9 INFO neutron.wsgi [None req-90f38d3f-d9c2-42b7-a509-3f09beabfdc8 abe37d8ebe174babb6e737f9c3b034b6 d32ec44858ab4a5992632d5950a1f314 - - default default] 10.0.0.183 "GET /v2.0/ports HTTP/1.1" status: 200 len: 1733 time: 0.1064770
2026-07-02 06:17:31.908 10 INFO neutron.pecan_wsgi.hooks.translation [None req-a5f3545c-b5e1-476f-b2a8-73dda4a2e556 abe37d8ebe174babb6e737f9c3b034b6 d32ec44858ab4a5992632d5950a1f314 - - default default] GET failed (client error): The resource could not be found.
2026-07-02 06:17:31.909 10 INFO neutron.wsgi [None req-a5f3545c-b5e1-476f-b2a8-73dda4a2e556 abe37d8ebe174babb6e737f9c3b034b6 d32ec44858ab4a5992632d5950a1f314 - - default default] 10.0.0.183 "GET /v2.0/ports/9c1a7508-1444-4716-a37f-0c97f755a090 HTTP/1.1" status: 404 len: 333 time: 0.0167658
2026-07-02 06:17:31.947 9 INFO neutron.wsgi [req-813b7226-9ebb-401b-bf6b-a540347bc12c req-659aba46-b7cf-4ebc-bb97-20243238ab59 b622ab4571e44e8384e1cca29e6b8500 a0663b1f2d3e4bfca5f61877b3730974 - - 1a81c6fec90b48cbaf890ff682313246 1a81c6fec90b48cbaf890ff682313246] 199.204.45.57 "GET /v2.0/networks/d00af862-86bd-4df5-8380-0868d8f32a84?fields=provider%3Aphysical_network&fields=provider%3Anetwork_type HTTP/1.1" status: 200 len: 277 time: 0.1611989
2026-07-02 06:17:31.952 10 INFO neutron.wsgi [req-1bff9be7-bbfd-440b-bf69-7d9e775e79ee req-97b223d0-a8ad-4f24-8449-cffd5d99b9d5 52497f9ab81f476b889df2109202a5d0 ea830491300b46b385351517e1613da8 - - default default] 10.0.0.195 "GET /v2.0/ports?tenant_id=ea830491300b46b385351517e1613da8&fields=id HTTP/1.1" status: 200 len: 348 time: 0.1106207
