2026-07-02 06:15:43.228 10 INFO neutron.wsgi [req-f287b583-5882-48af-a6a1-a46d450f9ef9 req-5c17b8a9-641b-4378-99a5-caf4ce6439c5 c3d710c75dae453c95a91d288858800d 1aa8f261f680460da17f76a627d7d341 - - default default] 10.0.0.195 "GET /v2.0/ports?tenant_id=1aa8f261f680460da17f76a627d7d341&fields=id HTTP/1.1" status: 200 len: 302 time: 0.0943489
2026-07-02 06:15:43.535 10 INFO neutron.wsgi [req-6a5263c3-9b1b-43fa-b9aa-b76c32cece7e req-5c478a22-e6f3-4972-a002-ee5592058330 836e63b187ac481689c188eb2a939d4a 8dd035722b7d43cb9c97acbf7bc431c3 - - default default] 10.0.0.195 "GET /v2.0/ports?device_id=87500f08-ddbe-43e4-81da-47bd1051fece HTTP/1.1" status: 200 len: 1170 time: 0.0389624
2026-07-02 06:15:43.592 10 INFO neutron.wsgi [req-6a5263c3-9b1b-43fa-b9aa-b76c32cece7e req-427085db-acd1-4b0d-bed6-f334f8bd9006 836e63b187ac481689c188eb2a939d4a 8dd035722b7d43cb9c97acbf7bc431c3 - - default default] 10.0.0.195 "GET /v2.0/security-groups?id=866e4151-13ec-4bf6-aadc-004c7ec1953a&fields=id&fields=name HTTP/1.1" status: 200 len: 312 time: 0.0494232
2026-07-02 06:15:43.780 9 INFO neutron.notifiers.nova [-] Nova event matching ['req-d2d88df3-a4a4-4157-ac94-308091e9c599'] response: {'name': 'network-changed', 'server_uuid': '87500f08-ddbe-43e4-81da-47bd1051fece', 'tag': '5983019e-49a9-4550-9103-32637f2d723e', 'status': 'completed', 'code': 200}
2026-07-02 06:15:43.834 10 INFO neutron.wsgi [req-f287b583-5882-48af-a6a1-a46d450f9ef9 req-e521c8df-ebd4-4bbe-9d53-8936990b0d04 b622ab4571e44e8384e1cca29e6b8500 a0663b1f2d3e4bfca5f61877b3730974 - - 1a81c6fec90b48cbaf890ff682313246 1a81c6fec90b48cbaf890ff682313246] 10.0.0.195 "GET /v2.0/extensions HTTP/1.1" status: 200 len: 18683 time: 0.1937611
2026-07-02 06:15:43.848 9 INFO neutron.wsgi [req-798f7fdb-5825-4fff-bb01-2732d1d002d8 req-2dbe5cd4-a266-4565-a2f6-fb6c866ce2f2 b622ab4571e44e8384e1cca29e6b8500 a0663b1f2d3e4bfca5f61877b3730974 - - 1a81c6fec90b48cbaf890ff682313246 1a81c6fec90b48cbaf890ff682313246] 199.204.45.57 "GET /v2.0/ports?tenant_id=8dd035722b7d43cb9c97acbf7bc431c3&device_id=87500f08-ddbe-43e4-81da-47bd1051fece HTTP/1.1" status: 200 len: 1409 time: 0.0531673
2026-07-02 06:15:43.899 10 INFO neutron.wsgi [req-b649b132-5121-408e-8562-27efe7c9a027 req-d36e30bc-69d4-44a0-bcfc-60a2579e4d42 836e63b187ac481689c188eb2a939d4a 8dd035722b7d43cb9c97acbf7bc431c3 - - default default] 199.204.45.57 "GET /v2.0/ports?device_id=87500f08-ddbe-43e4-81da-47bd1051fece HTTP/1.1" status: 200 len: 1170 time: 0.0630841
2026-07-02 06:15:43.934 10 INFO neutron.wsgi [req-f287b583-5882-48af-a6a1-a46d450f9ef9 req-5c2260e7-862a-491e-bccc-c79ee88e24f2 b622ab4571e44e8384e1cca29e6b8500 a0663b1f2d3e4bfca5f61877b3730974 - - 1a81c6fec90b48cbaf890ff682313246 1a81c6fec90b48cbaf890ff682313246] 10.0.0.195 "GET /v2.0/networks/23f6e1fd-c498-4105-a6d6-16abe52fe048?fields=segments HTTP/1.1" status: 200 len: 212 time: 0.0878692
2026-07-02 06:15:43.940 9 INFO neutron.wsgi [req-798f7fdb-5825-4fff-bb01-2732d1d002d8 req-6b71a89e-2bef-4457-b358-6033c52989ca b622ab4571e44e8384e1cca29e6b8500 a0663b1f2d3e4bfca5f61877b3730974 - - 1a81c6fec90b48cbaf890ff682313246 1a81c6fec90b48cbaf890ff682313246] 199.204.45.57 "GET /v2.0/networks?id=6538de24-ee09-4a1d-b7ad-17c538fd9647 HTTP/1.1" status: 200 len: 978 time: 0.0846012
2026-07-02 06:15:44.010 9 INFO neutron.wsgi [req-798f7fdb-5825-4fff-bb01-2732d1d002d8 req-c98209e9-63cb-41a8-a2b1-99f11e260147 b622ab4571e44e8384e1cca29e6b8500 a0663b1f2d3e4bfca5f61877b3730974 - - 1a81c6fec90b48cbaf890ff682313246 1a81c6fec90b48cbaf890ff682313246] 199.204.45.57 "GET /v2.0/floatingips?fixed_ip_address=10.100.0.5&port_id=5983019e-49a9-4550-9103-32637f2d723e HTTP/1.1" status: 200 len: 1059 time: 0.0628622
2026-07-02 06:15:44.045 10 INFO neutron.wsgi [req-f287b583-5882-48af-a6a1-a46d450f9ef9 req-77b662c0-7d86-4780-9a54-9aaa45c71a7c b622ab4571e44e8384e1cca29e6b8500 a0663b1f2d3e4bfca5f61877b3730974 - - 1a81c6fec90b48cbaf890ff682313246 1a81c6fec90b48cbaf890ff682313246] 10.0.0.195 "GET /v2.0/networks/23f6e1fd-c498-4105-a6d6-16abe52fe048?fields=provider%3Aphysical_network&fields=provider%3Anetwork_type HTTP/1.1" status: 200 len: 277 time: 0.1050534
2026-07-02 06:15:44.054 9 INFO neutron.wsgi [req-798f7fdb-5825-4fff-bb01-2732d1d002d8 req-47352c5d-6915-4439-8286-91a6abc8a832 b622ab4571e44e8384e1cca29e6b8500 a0663b1f2d3e4bfca5f61877b3730974 - - 1a81c6fec90b48cbaf890ff682313246 1a81c6fec90b48cbaf890ff682313246] 199.204.45.57 "GET /v2.0/subnets?id=060b8720-3fc2-4d74-922a-e9ca26939d80 HTTP/1.1" status: 200 len: 873 time: 0.0356953
2026-07-02 06:15:44.247 9 INFO neutron.wsgi [req-798f7fdb-5825-4fff-bb01-2732d1d002d8 req-65d40627-6436-4d8a-aa95-dc50af12d165 b622ab4571e44e8384e1cca29e6b8500 a0663b1f2d3e4bfca5f61877b3730974 - - 1a81c6fec90b48cbaf890ff682313246 1a81c6fec90b48cbaf890ff682313246] 199.204.45.57 "GET /v2.0/ports?network_id=6538de24-ee09-4a1d-b7ad-17c538fd9647&device_owner=network%3Adhcp HTTP/1.1" status: 200 len: 210 time: 0.1858840
2026-07-02 06:15:44.252 10 INFO neutron.wsgi [req-517432e4-0d7a-4491-a512-8e6c26c40f68 req-cbcbd04b-1adf-4000-8773-678c57788b77 c3d710c75dae453c95a91d288858800d 1aa8f261f680460da17f76a627d7d341 - - default default] 10.0.0.195 "GET /v2.0/ports?device_id=a04cf859-3688-401e-8716-fb9c55b3f7aa HTTP/1.1" status: 200 len: 210 time: 0.0328660
2026-07-02 06:15:44.316 9 INFO neutron.wsgi [req-798f7fdb-5825-4fff-bb01-2732d1d002d8 req-0096a149-f0f1-48ab-a005-f3ab26a746a9 b622ab4571e44e8384e1cca29e6b8500 a0663b1f2d3e4bfca5f61877b3730974 - - 1a81c6fec90b48cbaf890ff682313246 1a81c6fec90b48cbaf890ff682313246] 199.204.45.57 "GET /v2.0/networks/6538de24-ee09-4a1d-b7ad-17c538fd9647?fields=segments HTTP/1.1" status: 200 len: 212 time: 0.0610859
2026-07-02 06:15:44.387 9 INFO neutron.wsgi [req-798f7fdb-5825-4fff-bb01-2732d1d002d8 req-630b5312-071a-4bc9-8ec3-9c950e201e5a b622ab4571e44e8384e1cca29e6b8500 a0663b1f2d3e4bfca5f61877b3730974 - - 1a81c6fec90b48cbaf890ff682313246 1a81c6fec90b48cbaf890ff682313246] 199.204.45.57 "GET /v2.0/networks/6538de24-ee09-4a1d-b7ad-17c538fd9647?fields=provider%3Aphysical_network&fields=provider%3Anetwork_type HTTP/1.1" status: 200 len: 277 time: 0.0632713
2026-07-02 06:15:44.414 10 WARNING neutron_lib.context [None req-8d826fd3-64b9-42d5-beb8-914bd3e2985b 3679f55683744365998fee7fe396d41c c4e5dfd249f2417ea87ef381f2c7f1d0 - - default default] Method 'is_advsvc' is deprecated since 2023.2 release (neutron-lib 3.8.0) and will be removed once support for the old RBAC API policies will be removed from Neutron. Please use method 'is_service_role' instead.
2026-07-02 06:15:44.429 10 INFO neutron.db.l3_db [req-b649b132-5121-408e-8562-27efe7c9a027 req-42982d0a-68a1-43d0-b897-cf517c43f7b4 836e63b187ac481689c188eb2a939d4a 8dd035722b7d43cb9c97acbf7bc431c3 - - default default] Floating IP b82fc12f-4bcd-4a46-95d7-60053a9a3397 disassociated. External IP: 10.96.250.216, port: 5983019e-49a9-4550-9103-32637f2d723e.
2026-07-02 06:15:44.591 10 INFO neutron.wsgi [req-b649b132-5121-408e-8562-27efe7c9a027 req-42982d0a-68a1-43d0-b897-cf517c43f7b4 836e63b187ac481689c188eb2a939d4a 8dd035722b7d43cb9c97acbf7bc431c3 - - default default] 199.204.45.57 "DELETE /v2.0/ports/5983019e-49a9-4550-9103-32637f2d723e HTTP/1.1" status: 204 len: 173 time: 0.6862237
2026-07-02 06:15:44.618 10 INFO neutron.db.ovn_revision_numbers_db [None req-8d826fd3-64b9-42d5-beb8-914bd3e2985b 3679f55683744365998fee7fe396d41c c4e5dfd249f2417ea87ef381f2c7f1d0 - - default default] Successfully bumped revision number for resource 8d899d2a-859d-4389-8ad4-85b62412e161 (type: security_groups) to 1
2026-07-02 06:15:44.632 10 INFO neutron.notifiers.nova [-] Nova event matching ['req-d3c686e5-f4d6-4bed-974c-94e619a7a8b4'] response: {'server_uuid': '87500f08-ddbe-43e4-81da-47bd1051fece', 'name': 'network-vif-deleted', 'tag': '5983019e-49a9-4550-9103-32637f2d723e', 'status': 'completed', 'code': 200}
2026-07-02 06:15:44.642 10 INFO neutron.db.ovn_revision_numbers_db [None req-8d826fd3-64b9-42d5-beb8-914bd3e2985b 3679f55683744365998fee7fe396d41c c4e5dfd249f2417ea87ef381f2c7f1d0 - - default default] Successfully bumped revision number for resource b001ea2e-ed34-472a-b977-f10863a9e556 (type: security_group_rules) to 0
2026-07-02 06:15:44.690 10 INFO neutron.db.ovn_revision_numbers_db [None req-8d826fd3-64b9-42d5-beb8-914bd3e2985b 3679f55683744365998fee7fe396d41c c4e5dfd249f2417ea87ef381f2c7f1d0 - - default default] Successfully bumped revision number for resource ec1b6870-9f89-4997-b41f-77f40323b96a (type: security_group_rules) to 0
2026-07-02 06:15:44.715 10 INFO neutron.wsgi [req-f79a7aec-2164-4b6c-ab94-fb828c15ab35 req-8258b214-9f4e-4030-8869-4128325f9a35 836e63b187ac481689c188eb2a939d4a 8dd035722b7d43cb9c97acbf7bc431c3 - - default default] 10.0.0.195 "GET /v2.0/ports?device_id=87500f08-ddbe-43e4-81da-47bd1051fece HTTP/1.1" status: 200 len: 210 time: 0.0223658
2026-07-02 06:15:44.722 10 INFO neutron.db.ovn_revision_numbers_db [None req-8d826fd3-64b9-42d5-beb8-914bd3e2985b 3679f55683744365998fee7fe396d41c c4e5dfd249f2417ea87ef381f2c7f1d0 - - default default] Successfully bumped revision number for resource f9e44f5a-a797-4004-98a2-f2a316b0e09d (type: security_group_rules) to 0
2026-07-02 06:15:44.744 10 INFO neutron.db.ovn_revision_numbers_db [None req-8d826fd3-64b9-42d5-beb8-914bd3e2985b 3679f55683744365998fee7fe396d41c c4e5dfd249f2417ea87ef381f2c7f1d0 - - default default] Successfully bumped revision number for resource fed59374-6c02-4775-82d4-a00387dc5181 (type: security_group_rules) to 0
2026-07-02 06:15:44.799 10 INFO neutron.db.segments_db [None req-8d826fd3-64b9-42d5-beb8-914bd3e2985b 3679f55683744365998fee7fe396d41c c4e5dfd249f2417ea87ef381f2c7f1d0 - - default default] Added segment 987d2b89-9a22-4fc8-a765-a25ece86e634 of type geneve for network cc8d4616-dbc3-401c-be7b-4ee44bdb644a
2026-07-02 06:15:44.979 10 INFO neutron.db.ovn_revision_numbers_db [None req-8d826fd3-64b9-42d5-beb8-914bd3e2985b 3679f55683744365998fee7fe396d41c c4e5dfd249f2417ea87ef381f2c7f1d0 - - default default] Successfully bumped revision number for resource cc8d4616-dbc3-401c-be7b-4ee44bdb644a (type: networks) to 1
2026-07-02 06:15:45.188 10 WARNING neutron.scheduler.dhcp_agent_scheduler [None req-8d826fd3-64b9-42d5-beb8-914bd3e2985b 3679f55683744365998fee7fe396d41c c4e5dfd249f2417ea87ef381f2c7f1d0 - - default default] No more DHCP agents
2026-07-02 06:15:45.190 10 WARNING neutron.api.rpc.agentnotifiers.dhcp_rpc_agent_api [None req-8d826fd3-64b9-42d5-beb8-914bd3e2985b 3679f55683744365998fee7fe396d41c c4e5dfd249f2417ea87ef381f2c7f1d0 - - default default] Unable to schedule network cc8d4616-dbc3-401c-be7b-4ee44bdb644a: no agents available; will retry on subsequent port and subnet creation events.
2026-07-02 06:15:45.271 10 INFO neutron.db.ovn_revision_numbers_db [None req-8d826fd3-64b9-42d5-beb8-914bd3e2985b 3679f55683744365998fee7fe396d41c c4e5dfd249f2417ea87ef381f2c7f1d0 - - default default] Successfully bumped revision number for resource 16d7c949-4415-4ca6-b3d6-32fc2ae39e27 (type: ports) to 1
2026-07-02 06:15:45.318 10 INFO neutron.wsgi [None req-8d826fd3-64b9-42d5-beb8-914bd3e2985b 3679f55683744365998fee7fe396d41c c4e5dfd249f2417ea87ef381f2c7f1d0 - - default default] 10.0.0.183 "POST /v2.0/networks HTTP/1.1" status: 201 len: 849 time: 1.0039740
2026-07-02 06:15:45.330 9 WARNING neutron_lib.context [None req-34692763-85a1-4a72-b3b1-dd9b0c54406c 3679f55683744365998fee7fe396d41c c4e5dfd249f2417ea87ef381f2c7f1d0 - - default default] Method 'is_advsvc' is deprecated since 2023.2 release (neutron-lib 3.8.0) and will be removed once support for the old RBAC API policies will be removed from Neutron. Please use method 'is_service_role' instead.
2026-07-02 06:15:45.352 10 INFO neutron.wsgi [req-a5810a10-d096-41c3-b87b-33987585ff20 req-46c2b3f3-c1c7-4537-9e9d-cb579243e68a c3d710c75dae453c95a91d288858800d 1aa8f261f680460da17f76a627d7d341 - - default default] 10.0.0.195 "GET /v2.0/ports?device_id=a04cf859-3688-401e-8716-fb9c55b3f7aa HTTP/1.1" status: 200 len: 210 time: 0.0325806
2026-07-02 06:15:45.400 10 INFO neutron.wsgi [req-f287b583-5882-48af-a6a1-a46d450f9ef9 req-d6fb841b-aa9a-4dca-9253-7eed92774314 c3d710c75dae453c95a91d288858800d 1aa8f261f680460da17f76a627d7d341 - - default default] 199.204.45.57 "GET /v2.0/networks?id=23f6e1fd-c498-4105-a6d6-16abe52fe048 HTTP/1.1" status: 200 len: 875 time: 0.1045942
2026-07-02 06:15:45.418 9 INFO neutron.wsgi [None req-d3a00625-0cd9-425e-b04b-0aa2e1994264 d76d727f0982434a981787f1f102e8d9 d0459e9ac28f4b70b46d1ea36527355b - - default default] 10.0.0.186 "GET /v2.0/floatingips HTTP/1.1" status: 200 len: 2112 time: 0.1428294
2026-07-02 06:15:45.446 10 INFO neutron.wsgi [req-f287b583-5882-48af-a6a1-a46d450f9ef9 req-7a5c859e-56f9-4fae-b5a5-9105e55e841b c3d710c75dae453c95a91d288858800d 1aa8f261f680460da17f76a627d7d341 - - default default] 199.204.45.57 "GET /v2.0/security-groups?fields=id&fields=name&tenant_id=1aa8f261f680460da17f76a627d7d341 HTTP/1.1" status: 200 len: 380 time: 0.0426846
2026-07-02 06:15:45.458 10 WARNING neutron_lib.context [req-f287b583-5882-48af-a6a1-a46d450f9ef9 req-b5d22d04-8466-4e4a-abbb-927fe6b70927 c3d710c75dae453c95a91d288858800d 1aa8f261f680460da17f76a627d7d341 - - default default] Method 'is_advsvc' is deprecated since 2023.2 release (neutron-lib 3.8.0) and will be removed once support for the old RBAC API policies will be removed from Neutron. Please use method 'is_service_role' instead.
2026-07-02 06:15:45.518 9 INFO neutron.wsgi [None req-c9f52fc9-744e-4de4-8212-c4c20db5255c d76d727f0982434a981787f1f102e8d9 d0459e9ac28f4b70b46d1ea36527355b - - default default] 10.0.0.186 "GET /v2.0/networks HTTP/1.1" status: 200 len: 5370 time: 0.0992081
2026-07-02 06:15:45.618 9 INFO neutron.wsgi [None req-cd1b7707-fa19-4a8c-ba5f-8176e3034110 d76d727f0982434a981787f1f102e8d9 d0459e9ac28f4b70b46d1ea36527355b - - default default] 10.0.0.186 "GET /v2.0/ports HTTP/1.1" status: 200 len: 20079 time: 0.0953841
2026-07-02 06:15:45.654 9 INFO neutron.wsgi [None req-4b5bd11c-b0c3-4b25-a02f-103ff13e1c18 d76d727f0982434a981787f1f102e8d9 d0459e9ac28f4b70b46d1ea36527355b - - default default] 10.0.0.186 "GET /v2.0/agents HTTP/1.1" status: 200 len: 1390 time: 0.0244312
2026-07-02 06:15:45.710 9 INFO neutron.wsgi [None req-5aae4a36-1f51-4c7d-866f-52726e1ddc5c d76d727f0982434a981787f1f102e8d9 d0459e9ac28f4b70b46d1ea36527355b - - default default] 10.0.0.186 "GET /v2.0/subnets HTTP/1.1" status: 200 len: 3420 time: 0.0522039
2026-07-02 06:15:45.731 9 INFO neutron.wsgi [None req-55528383-a4e1-4194-b4ab-a29c30247f26 d76d727f0982434a981787f1f102e8d9 d0459e9ac28f4b70b46d1ea36527355b - - default default] 10.0.0.186 "GET /v2.0/subnetpools HTTP/1.1" status: 200 len: 193 time: 0.0179477
2026-07-02 06:15:45.755 9 INFO neutron.wsgi [None req-747b329f-55b6-4633-865e-419fb317e413 d76d727f0982434a981787f1f102e8d9 d0459e9ac28f4b70b46d1ea36527355b - - default default] 10.0.0.186 "GET /v2.0/network-ip-availabilities HTTP/1.1" status: 200 len: 3171 time: 0.0235176
2026-07-02 06:15:45.755 9 WARNING neutron.scheduler.dhcp_agent_scheduler [None req-34692763-85a1-4a72-b3b1-dd9b0c54406c 3679f55683744365998fee7fe396d41c c4e5dfd249f2417ea87ef381f2c7f1d0 - - default default] No more DHCP agents
2026-07-02 06:15:45.763 9 WARNING neutron.api.rpc.agentnotifiers.dhcp_rpc_agent_api [None req-34692763-85a1-4a72-b3b1-dd9b0c54406c 3679f55683744365998fee7fe396d41c c4e5dfd249f2417ea87ef381f2c7f1d0 - - default default] Unable to schedule network cc8d4616-dbc3-401c-be7b-4ee44bdb644a: no agents available; will retry on subsequent port and subnet creation events.
2026-07-02 06:15:45.812 9 INFO neutron.wsgi [None req-501a1074-6097-4fbc-86e9-cb8ed9a867d2 d76d727f0982434a981787f1f102e8d9 d0459e9ac28f4b70b46d1ea36527355b - - default default] 10.0.0.186 "GET /v2.0/security-groups HTTP/1.1" status: 200 len: 37777 time: 0.0547123
2026-07-02 06:15:45.812 9 INFO neutron.db.ovn_revision_numbers_db [None req-34692763-85a1-4a72-b3b1-dd9b0c54406c 3679f55683744365998fee7fe396d41c c4e5dfd249f2417ea87ef381f2c7f1d0 - - default default] Successfully bumped revision number for resource 6ed17cec-6c13-4f0c-96ab-f1104daab07d (type: subnets) to 0
2026-07-02 06:15:45.845 9 INFO neutron.wsgi [None req-34692763-85a1-4a72-b3b1-dd9b0c54406c 3679f55683744365998fee7fe396d41c c4e5dfd249f2417ea87ef381f2c7f1d0 - - default default] 10.0.0.183 "POST /v2.0/subnets HTTP/1.1" status: 201 len: 802 time: 0.5219588
2026-07-02 06:15:45.867 9 WARNING neutron_lib.context [None req-2eee6f84-1b91-41e9-ad1b-266536744fa5 3679f55683744365998fee7fe396d41c c4e5dfd249f2417ea87ef381f2c7f1d0 - - default default] Method 'is_advsvc' is deprecated since 2023.2 release (neutron-lib 3.8.0) and will be removed once support for the old RBAC API policies will be removed from Neutron. Please use method 'is_service_role' instead.
2026-07-02 06:15:45.895 9 INFO neutron.wsgi [None req-321e0a19-009f-42e9-9850-93429f304fb5 d76d727f0982434a981787f1f102e8d9 d0459e9ac28f4b70b46d1ea36527355b - - default default] 10.0.0.186 "GET /v2.0/subnets HTTP/1.1" status: 200 len: 4031 time: 0.0648992
2026-07-02 06:15:45.896 9 WARNING neutron.plugins.ml2.drivers.ovn.mech_driver.ovsdb.ovn_client [None req-3af5761c-a03c-4acf-8020-3ee41da057ac - - - - - -] No hosting information found for port 10d1857e-ff01-4735-ba9f-3a92081338c2: RuntimeError: No hosting information found for port 10d1857e-ff01-4735-ba9f-3a92081338c2 /var/lib/openstack/lib/python3.10/site-packages/pycadf/identifier.py:71: UserWarning: Invalid uuid: neutron. To ensure interoperability, identifiers should be a valid uuid. warnings.warn(('Invalid uuid: %s. To ensure interoperability, '
2026-07-02 06:15:45.929 9 INFO neutron.plugins.ml2.drivers.ovn.mech_driver.mech_driver [None req-3af5761c-a03c-4acf-8020-3ee41da057ac - - - - - -] OVN reports status down for port: 5983019e-49a9-4550-9103-32637f2d723e
2026-07-02 06:15:46.055 10 WARNING neutron.scheduler.dhcp_agent_scheduler [req-f287b583-5882-48af-a6a1-a46d450f9ef9 req-b5d22d04-8466-4e4a-abbb-927fe6b70927 c3d710c75dae453c95a91d288858800d 1aa8f261f680460da17f76a627d7d341 - - default default] No more DHCP agents
2026-07-02 06:15:46.057 10 WARNING neutron.api.rpc.agentnotifiers.dhcp_rpc_agent_api [req-f287b583-5882-48af-a6a1-a46d450f9ef9 req-b5d22d04-8466-4e4a-abbb-927fe6b70927 c3d710c75dae453c95a91d288858800d 1aa8f261f680460da17f76a627d7d341 - - default default] Unable to schedule network 23f6e1fd-c498-4105-a6d6-16abe52fe048: no agents available; will retry on subsequent port and subnet creation events.
2026-07-02 06:15:46.132 9 INFO neutron.wsgi [None req-8df4d9c8-e582-4ee5-89ae-0cb9a7a5e5ff d76d727f0982434a981787f1f102e8d9 d0459e9ac28f4b70b46d1ea36527355b - - default default] 10.0.0.186 "GET /v2.0/routers HTTP/1.1" status: 200 len: 3096 time: 0.2142055 /var/lib/openstack/lib/python3.10/site-packages/pycadf/identifier.py:71: UserWarning: Invalid uuid: neutron. To ensure interoperability, identifiers should be a valid uuid. warnings.warn(('Invalid uuid: %s. To ensure interoperability, '
2026-07-02 06:15:46.175 9 INFO neutron.wsgi [None req-6716d176-4c13-48c9-8d2b-d6237e6971ea d76d727f0982434a981787f1f102e8d9 d0459e9ac28f4b70b46d1ea36527355b - - default default] 10.0.0.186 "GET /v2.0/agents?binary=ovn-controller HTTP/1.1" status: 200 len: 591 time: 0.0409935
2026-07-02 06:15:46.224 10 INFO neutron.db.ovn_revision_numbers_db [req-f287b583-5882-48af-a6a1-a46d450f9ef9 req-b5d22d04-8466-4e4a-abbb-927fe6b70927 c3d710c75dae453c95a91d288858800d 1aa8f261f680460da17f76a627d7d341 - - default default] Successfully bumped revision number for resource 5270960e-ed01-4e7f-95b5-c731226d3264 (type: ports) to 1
2026-07-02 06:15:46.246 10 INFO neutron.wsgi [req-f287b583-5882-48af-a6a1-a46d450f9ef9 req-b5d22d04-8466-4e4a-abbb-927fe6b70927 c3d710c75dae453c95a91d288858800d 1aa8f261f680460da17f76a627d7d341 - - default default] 199.204.45.57 "POST /v2.0/ports HTTP/1.1" status: 201 len: 1158 time: 0.7941575 /var/lib/openstack/lib/python3.10/site-packages/pycadf/identifier.py:71: UserWarning: Invalid uuid: neutron. To ensure interoperability, identifiers should be a valid uuid. warnings.warn(('Invalid uuid: %s. To ensure interoperability, '
2026-07-02 06:15:46.262 9 INFO neutron.wsgi [None req-c66445f8-af29-4f38-af29-305871ac78c3 836e63b187ac481689c188eb2a939d4a 8dd035722b7d43cb9c97acbf7bc431c3 - - default default] 10.0.0.183 "DELETE /v2.0/security-groups/866e4151-13ec-4bf6-aadc-004c7ec1953a HTTP/1.1" status: 204 len: 168 time: 0.4365509
2026-07-02 06:15:46.285 10 INFO neutron.api.v2.resource [None req-0e2c12f2-a35a-488e-aa14-661400d713be 836e63b187ac481689c188eb2a939d4a 8dd035722b7d43cb9c97acbf7bc431c3 - - default default] show failed (client error): The resource could not be found.
2026-07-02 06:15:46.287 10 INFO neutron.wsgi [None req-0e2c12f2-a35a-488e-aa14-661400d713be 836e63b187ac481689c188eb2a939d4a 8dd035722b7d43cb9c97acbf7bc431c3 - - default default] 10.0.0.183 "GET /v2.0/security-groups/866e4151-13ec-4bf6-aadc-004c7ec1953a HTTP/1.1" status: 404 len: 347 time: 0.0167253
2026-07-02 06:15:46.370 9 INFO neutron.wsgi [req-1343189d-b048-449e-b2a3-f25aef3e7ebf req-1141d150-3880-40c1-a4dd-002733249ff0 b622ab4571e44e8384e1cca29e6b8500 a0663b1f2d3e4bfca5f61877b3730974 - - 1a81c6fec90b48cbaf890ff682313246 1a81c6fec90b48cbaf890ff682313246] 199.204.45.57 "GET /v2.0/ports?device_id=ca919eb5-75f8-4efd-b408-8f83de045a5f&fields=binding%3Ahost_id&fields=binding%3Avif_type HTTP/1.1" status: 200 len: 265 time: 0.1202857
2026-07-02 06:15:46.453 10 INFO neutron.wsgi [req-44d7de09-807d-406f-9fd3-bf6c5c084c74 req-d470a115-cbbc-44ea-bb53-92bd6e3fd3d3 c3d710c75dae453c95a91d288858800d 1aa8f261f680460da17f76a627d7d341 - - default default] 10.0.0.195 "GET /v2.0/ports?device_id=a04cf859-3688-401e-8716-fb9c55b3f7aa HTTP/1.1" status: 200 len: 1156 time: 0.0449638
2026-07-02 06:15:46.504 10 INFO neutron.wsgi [-] 10.0.0.57 "GET / HTTP/1.1" status: 200 len: 247 time: 0.0011990
2026-07-02 06:15:46.505 10 INFO neutron.wsgi [-] 10.0.0.57 "GET / HTTP/1.1" status: 200 len: 247 time: 0.0010612
2026-07-02 06:15:46.510 10 INFO neutron.wsgi [req-44d7de09-807d-406f-9fd3-bf6c5c084c74 req-cda5873d-8114-4cbe-b5e1-f0e0814ea04a c3d710c75dae453c95a91d288858800d 1aa8f261f680460da17f76a627d7d341 - - default default] 10.0.0.195 "GET /v2.0/security-groups?id=799f49db-e38d-4d19-a516-68ae9120e408&fields=id&fields=name HTTP/1.1" status: 200 len: 313 time: 0.0496700
2026-07-02 06:15:46.697 10 INFO neutron.db.ovn_revision_numbers_db [req-f287b583-5882-48af-a6a1-a46d450f9ef9 req-b1d94823-9b79-4e7e-a450-d89d46274c64 b622ab4571e44e8384e1cca29e6b8500 a0663b1f2d3e4bfca5f61877b3730974 - - 1a81c6fec90b48cbaf890ff682313246 1a81c6fec90b48cbaf890ff682313246] Successfully bumped revision number for resource 5270960e-ed01-4e7f-95b5-c731226d3264 (type: ports) to 2
2026-07-02 06:15:46.710 9 INFO neutron.wsgi [req-1343189d-b048-449e-b2a3-f25aef3e7ebf req-d7d52e8f-a6b2-48fe-9711-ded22cb0d062 b622ab4571e44e8384e1cca29e6b8500 a0663b1f2d3e4bfca5f61877b3730974 - - 1a81c6fec90b48cbaf890ff682313246 1a81c6fec90b48cbaf890ff682313246] 199.204.45.57 "GET /v2.0/ports?tenant_id=40f6f2dcb23442a58c4f50f6e8f83e21&device_id=ca919eb5-75f8-4efd-b408-8f83de045a5f HTTP/1.1" status: 200 len: 1409 time: 0.2840121
2026-07-02 06:15:46.771 9 INFO neutron.wsgi [req-fb1487fd-bc9b-4559-84f6-3ef9f07090b3 req-e0fa282a-c729-441e-8deb-4cc44d5bf8f1 b622ab4571e44e8384e1cca29e6b8500 a0663b1f2d3e4bfca5f61877b3730974 - - 1a81c6fec90b48cbaf890ff682313246 1a81c6fec90b48cbaf890ff682313246] 10.0.0.11 "GET /v2.0/ports?device_id=ca919eb5-75f8-4efd-b408-8f83de045a5f HTTP/1.1" status: 200 len: 1409 time: 0.3993187
2026-07-02 06:15:46.878 9 INFO neutron.wsgi [req-fb1487fd-bc9b-4559-84f6-3ef9f07090b3 req-393e6d4d-8031-4cc8-a063-0b735a4c09b1 b622ab4571e44e8384e1cca29e6b8500 a0663b1f2d3e4bfca5f61877b3730974 - - 1a81c6fec90b48cbaf890ff682313246 1a81c6fec90b48cbaf890ff682313246] 10.0.0.11 "GET /v2.0/security-groups?id=3906410c-feeb-4d62-8b06-36799661e186&fields=id&fields=name HTTP/1.1" status: 200 len: 313 time: 0.0910037
2026-07-02 06:15:46.882 9 INFO neutron.wsgi [req-1343189d-b048-449e-b2a3-f25aef3e7ebf req-ec78b99b-5831-41fa-8cfb-38ba78c37534 b622ab4571e44e8384e1cca29e6b8500 a0663b1f2d3e4bfca5f61877b3730974 - - 1a81c6fec90b48cbaf890ff682313246 1a81c6fec90b48cbaf890ff682313246] 199.204.45.57 "GET /v2.0/networks?id=cef6dae5-ecc2-4449-9231-8d51b1b78ce6 HTTP/1.1" status: 200 len: 982 time: 0.1532757
2026-07-02 06:15:46.983 10 INFO neutron.db.ovn_revision_numbers_db [req-f287b583-5882-48af-a6a1-a46d450f9ef9 req-b1d94823-9b79-4e7e-a450-d89d46274c64 b622ab4571e44e8384e1cca29e6b8500 a0663b1f2d3e4bfca5f61877b3730974 - - 1a81c6fec90b48cbaf890ff682313246 1a81c6fec90b48cbaf890ff682313246] Successfully bumped revision number for resource 5270960e-ed01-4e7f-95b5-c731226d3264 (type: ports) to 2
2026-07-02 06:15:47.024 10 INFO neutron.wsgi [req-f287b583-5882-48af-a6a1-a46d450f9ef9 req-b1d94823-9b79-4e7e-a450-d89d46274c64 b622ab4571e44e8384e1cca29e6b8500 a0663b1f2d3e4bfca5f61877b3730974 - - 1a81c6fec90b48cbaf890ff682313246 1a81c6fec90b48cbaf890ff682313246] 199.204.45.57 "PUT /v2.0/ports/5270960e-ed01-4e7f-95b5-c731226d3264 HTTP/1.1" status: 200 len: 1376 time: 0.7717125
2026-07-02 06:15:47.026 9 INFO neutron.wsgi [req-1343189d-b048-449e-b2a3-f25aef3e7ebf req-b3df0d57-e07f-4e4b-ad0c-a797bdd4af03 b622ab4571e44e8384e1cca29e6b8500 a0663b1f2d3e4bfca5f61877b3730974 - - 1a81c6fec90b48cbaf890ff682313246 1a81c6fec90b48cbaf890ff682313246] 199.204.45.57 "GET /v2.0/floatingips?fixed_ip_address=10.100.0.4&port_id=4dba7bec-a0de-49bb-b1d8-86c6eb8afc4c HTTP/1.1" status: 200 len: 1059 time: 0.1378493
2026-07-02 06:15:47.064 10 INFO neutron.notifiers.nova [-] Nova event matching ['req-fd2a02c5-a3af-446f-9487-918a92ac2cdf'] response: {'name': 'network-changed', 'server_uuid': 'a04cf859-3688-401e-8716-fb9c55b3f7aa', 'tag': '5270960e-ed01-4e7f-95b5-c731226d3264', 'status': 'completed', 'code': 200}
2026-07-02 06:15:47.069 9 WARNING neutron.scheduler.dhcp_agent_scheduler [None req-2eee6f84-1b91-41e9-ad1b-266536744fa5 3679f55683744365998fee7fe396d41c c4e5dfd249f2417ea87ef381f2c7f1d0 - - default default] No more DHCP agents /var/lib/openstack/lib/python3.10/site-packages/pycadf/identifier.py:71: UserWarning: Invalid uuid: neutron. To ensure interoperability, identifiers should be a valid uuid. warnings.warn(('Invalid uuid: %s. To ensure interoperability, '
2026-07-02 06:15:47.076 9 WARNING neutron.api.rpc.agentnotifiers.dhcp_rpc_agent_api [None req-2eee6f84-1b91-41e9-ad1b-266536744fa5 3679f55683744365998fee7fe396d41c c4e5dfd249f2417ea87ef381f2c7f1d0 - - default default] Unable to schedule network 7d57e7b6-4b86-4af9-8a9e-1685c851b98d: no agents available; will retry on subsequent port and subnet creation events.
2026-07-02 06:15:47.104 9 INFO neutron.wsgi [req-1343189d-b048-449e-b2a3-f25aef3e7ebf req-124d993a-31ba-4ccd-b8bb-782faa3f4ceb b622ab4571e44e8384e1cca29e6b8500 a0663b1f2d3e4bfca5f61877b3730974 - - 1a81c6fec90b48cbaf890ff682313246 1a81c6fec90b48cbaf890ff682313246] 199.204.45.57 "GET /v2.0/subnets?id=5443996f-3d14-4321-b291-da70b098fce2 HTTP/1.1" status: 200 len: 877 time: 0.0658617
2026-07-02 06:15:47.110 10 INFO neutron.wsgi [req-f287b583-5882-48af-a6a1-a46d450f9ef9 req-1bd4810d-920b-414d-a748-4acfab5d4320 b622ab4571e44e8384e1cca29e6b8500 a0663b1f2d3e4bfca5f61877b3730974 - - 1a81c6fec90b48cbaf890ff682313246 1a81c6fec90b48cbaf890ff682313246] 199.204.45.57 "GET /v2.0/ports?tenant_id=1aa8f261f680460da17f76a627d7d341&device_id=a04cf859-3688-401e-8716-fb9c55b3f7aa HTTP/1.1" status: 200 len: 1407 time: 0.0409145
2026-07-02 06:15:47.141 10 INFO neutron.wsgi [req-f287b583-5882-48af-a6a1-a46d450f9ef9 req-518654f1-502c-485e-af01-2745bd402119 b622ab4571e44e8384e1cca29e6b8500 a0663b1f2d3e4bfca5f61877b3730974 - - 1a81c6fec90b48cbaf890ff682313246 1a81c6fec90b48cbaf890ff682313246] 199.204.45.57 "GET /v2.0/floatingips?fixed_ip_address=10.100.0.7&port_id=5270960e-ed01-4e7f-95b5-c731226d3264 HTTP/1.1" status: 200 len: 217 time: 0.0249910
2026-07-02 06:15:47.156 9 INFO neutron.wsgi [req-1343189d-b048-449e-b2a3-f25aef3e7ebf req-42b73337-f348-4899-8a17-8639a2bde970 b622ab4571e44e8384e1cca29e6b8500 a0663b1f2d3e4bfca5f61877b3730974 - - 1a81c6fec90b48cbaf890ff682313246 1a81c6fec90b48cbaf890ff682313246] 199.204.45.57 "GET /v2.0/ports?network_id=cef6dae5-ecc2-4449-9231-8d51b1b78ce6&device_owner=network%3Adhcp HTTP/1.1" status: 200 len: 210 time: 0.0380054
2026-07-02 06:15:47.190 10 INFO neutron.wsgi [req-f287b583-5882-48af-a6a1-a46d450f9ef9 req-50ffe833-7007-4b7b-b8ea-1f7f0fe6836b b622ab4571e44e8384e1cca29e6b8500 a0663b1f2d3e4bfca5f61877b3730974 - - 1a81c6fec90b48cbaf890ff682313246 1a81c6fec90b48cbaf890ff682313246] 199.204.45.57 "GET /v2.0/subnets?id=96e82de6-c045-44ea-a6b9-0cbc9ee549e4 HTTP/1.1" status: 200 len: 869 time: 0.0430393
2026-07-02 06:15:47.214 10 INFO neutron.wsgi [req-f287b583-5882-48af-a6a1-a46d450f9ef9 req-f93f6617-a568-4eb2-a3cc-a0db2c9a7933 b622ab4571e44e8384e1cca29e6b8500 a0663b1f2d3e4bfca5f61877b3730974 - - 1a81c6fec90b48cbaf890ff682313246 1a81c6fec90b48cbaf890ff682313246] 199.204.45.57 "GET /v2.0/ports?network_id=23f6e1fd-c498-4105-a6d6-16abe52fe048&device_owner=network%3Adhcp HTTP/1.1" status: 200 len: 210 time: 0.0175600
2026-07-02 06:15:47.267 10 INFO neutron.wsgi [req-f287b583-5882-48af-a6a1-a46d450f9ef9 req-6bb430c3-5638-4c7e-a9e4-1a1187d4ad4e b622ab4571e44e8384e1cca29e6b8500 a0663b1f2d3e4bfca5f61877b3730974 - - 1a81c6fec90b48cbaf890ff682313246 1a81c6fec90b48cbaf890ff682313246] 199.204.45.57 "GET /v2.0/networks/23f6e1fd-c498-4105-a6d6-16abe52fe048?fields=segments HTTP/1.1" status: 200 len: 212 time: 0.0461118
2026-07-02 06:15:47.294 9 INFO neutron.wsgi [req-1343189d-b048-449e-b2a3-f25aef3e7ebf req-860c8c30-833e-4726-a943-6aae500493b3 b622ab4571e44e8384e1cca29e6b8500 a0663b1f2d3e4bfca5f61877b3730974 - - 1a81c6fec90b48cbaf890ff682313246 1a81c6fec90b48cbaf890ff682313246] 199.204.45.57 "GET /v2.0/networks/cef6dae5-ecc2-4449-9231-8d51b1b78ce6?fields=segments HTTP/1.1" status: 200 len: 212 time: 0.1303897
2026-07-02 06:15:47.326 10 INFO neutron.wsgi [req-f287b583-5882-48af-a6a1-a46d450f9ef9 req-82a655b5-8bdb-4205-bd23-1b5695b4b363 b622ab4571e44e8384e1cca29e6b8500 a0663b1f2d3e4bfca5f61877b3730974 - - 1a81c6fec90b48cbaf890ff682313246 1a81c6fec90b48cbaf890ff682313246] 199.204.45.57 "GET /v2.0/networks/23f6e1fd-c498-4105-a6d6-16abe52fe048?fields=provider%3Aphysical_network&fields=provider%3Anetwork_type HTTP/1.1" status: 200 len: 277 time: 0.0526862
2026-07-02 06:15:47.380 9 INFO neutron.wsgi [None req-84a6e51e-6b86-4b08-9b08-e88a90afc3f4 836e63b187ac481689c188eb2a939d4a 8dd035722b7d43cb9c97acbf7bc431c3 - - default default] 10.0.0.183 "DELETE /v2.0/floatingips/b82fc12f-4bcd-4a46-95d7-60053a9a3397 HTTP/1.1" status: 204 len: 168 time: 1.0872316
2026-07-02 06:15:47.416 10 INFO neutron.wsgi [req-039c84e2-31fb-4738-adb9-4c4e5382f97a req-4ec37667-e7ba-4e39-b241-0c834e6359e0 b622ab4571e44e8384e1cca29e6b8500 a0663b1f2d3e4bfca5f61877b3730974 - - 1a81c6fec90b48cbaf890ff682313246 1a81c6fec90b48cbaf890ff682313246] 199.204.45.57 "GET /v2.0/ports?tenant_id=1aa8f261f680460da17f76a627d7d341&device_id=a04cf859-3688-401e-8716-fb9c55b3f7aa HTTP/1.1" status: 200 len: 1407 time: 0.0368693
2026-07-02 06:15:47.422 9 INFO neutron.wsgi [req-1343189d-b048-449e-b2a3-f25aef3e7ebf req-090caf3b-d41e-4036-bd8e-f47a7775d042 b622ab4571e44e8384e1cca29e6b8500 a0663b1f2d3e4bfca5f61877b3730974 - - 1a81c6fec90b48cbaf890ff682313246 1a81c6fec90b48cbaf890ff682313246] 199.204.45.57 "GET /v2.0/networks/cef6dae5-ecc2-4449-9231-8d51b1b78ce6?fields=provider%3Aphysical_network&fields=provider%3Anetwork_type HTTP/1.1" status: 200 len: 277 time: 0.1170738
2026-07-02 06:15:47.452 9 INFO neutron.db.ovn_revision_numbers_db [None req-2eee6f84-1b91-41e9-ad1b-266536744fa5 3679f55683744365998fee7fe396d41c c4e5dfd249f2417ea87ef381f2c7f1d0 - - default default] Successfully bumped revision number for resource 1fffc33b-2e94-4bdd-af65-2f7a95fa3cf3 (type: ports) to 1
2026-07-02 06:15:47.482 10 INFO neutron.wsgi [req-039c84e2-31fb-4738-adb9-4c4e5382f97a req-38f519b3-507f-495a-bbd3-dc2024acc9f5 b622ab4571e44e8384e1cca29e6b8500 a0663b1f2d3e4bfca5f61877b3730974 - - 1a81c6fec90b48cbaf890ff682313246 1a81c6fec90b48cbaf890ff682313246] 199.204.45.57 "GET /v2.0/networks?id=23f6e1fd-c498-4105-a6d6-16abe52fe048 HTTP/1.1" status: 200 len: 974 time: 0.0610921
2026-07-02 06:15:47.523 10 INFO neutron.wsgi [req-039c84e2-31fb-4738-adb9-4c4e5382f97a req-bb742195-f3e3-404f-8bd7-febddea641c6 b622ab4571e44e8384e1cca29e6b8500 a0663b1f2d3e4bfca5f61877b3730974 - - 1a81c6fec90b48cbaf890ff682313246 1a81c6fec90b48cbaf890ff682313246] 199.204.45.57 "GET /v2.0/floatingips?fixed_ip_address=10.100.0.7&port_id=5270960e-ed01-4e7f-95b5-c731226d3264 HTTP/1.1" status: 200 len: 217 time: 0.0360162
2026-07-02 06:15:47.538 10 INFO neutron.plugins.ml2.drivers.ovn.mech_driver.mech_driver [None req-db4354f1-5bf8-4fc7-90fa-3838a405342e - - - - - -] OVN reports status up for port: 5270960e-ed01-4e7f-95b5-c731226d3264
2026-07-02 06:15:47.559 10 INFO neutron.plugins.ml2.plugin [None req-db4354f1-5bf8-4fc7-90fa-3838a405342e - - - - - -] Attempt 1 to provision port 5270960e-ed01-4e7f-95b5-c731226d3264
2026-07-02 06:15:47.586 10 INFO neutron.wsgi [req-039c84e2-31fb-4738-adb9-4c4e5382f97a req-1ee12405-0517-4739-89bc-1b04f6ff7f5b b622ab4571e44e8384e1cca29e6b8500 a0663b1f2d3e4bfca5f61877b3730974 - - 1a81c6fec90b48cbaf890ff682313246 1a81c6fec90b48cbaf890ff682313246] 199.204.45.57 "GET /v2.0/subnets?id=96e82de6-c045-44ea-a6b9-0cbc9ee549e4 HTTP/1.1" status: 200 len: 869 time: 0.0480669
2026-07-02 06:15:47.624 10 INFO neutron.wsgi [req-039c84e2-31fb-4738-adb9-4c4e5382f97a req-05fdfd91-680f-42a6-b9c9-99d38663fc51 b622ab4571e44e8384e1cca29e6b8500 a0663b1f2d3e4bfca5f61877b3730974 - - 1a81c6fec90b48cbaf890ff682313246 1a81c6fec90b48cbaf890ff682313246] 199.204.45.57 "GET /v2.0/ports?network_id=23f6e1fd-c498-4105-a6d6-16abe52fe048&device_owner=network%3Adhcp HTTP/1.1" status: 200 len: 210 time: 0.0312037
2026-07-02 06:15:47.666 10 INFO neutron.wsgi [req-cad0165b-6992-44bb-8907-f4b07ade1475 req-d6ba7d94-b382-48de-a49e-935e4d4e3455 c3d710c75dae453c95a91d288858800d 1aa8f261f680460da17f76a627d7d341 - - default default] 10.0.0.195 "GET /v2.0/ports?device_id=a04cf859-3688-401e-8716-fb9c55b3f7aa HTTP/1.1" status: 200 len: 1168 time: 0.0600879
2026-07-02 06:15:47.740 10 INFO neutron.wsgi [req-cad0165b-6992-44bb-8907-f4b07ade1475 req-2e04ebcc-d3a6-46c4-9c21-a07d211d8341 c3d710c75dae453c95a91d288858800d 1aa8f261f680460da17f76a627d7d341 - - default default] 10.0.0.195 "GET /v2.0/security-groups?id=799f49db-e38d-4d19-a516-68ae9120e408&fields=id&fields=name HTTP/1.1" status: 200 len: 313 time: 0.0674770
2026-07-02 06:15:47.753 10 INFO neutron.wsgi [req-039c84e2-31fb-4738-adb9-4c4e5382f97a req-aeb8c320-972f-43fd-97ab-1dfe5a390d61 b622ab4571e44e8384e1cca29e6b8500 a0663b1f2d3e4bfca5f61877b3730974 - - 1a81c6fec90b48cbaf890ff682313246 1a81c6fec90b48cbaf890ff682313246] 199.204.45.57 "GET /v2.0/networks/23f6e1fd-c498-4105-a6d6-16abe52fe048?fields=segments HTTP/1.1" status: 200 len: 212 time: 0.1056027
2026-07-02 06:15:47.832 10 INFO neutron.wsgi [req-039c84e2-31fb-4738-adb9-4c4e5382f97a req-fbf5dd4d-530f-40fa-9c97-d89c6f3e56bc b622ab4571e44e8384e1cca29e6b8500 a0663b1f2d3e4bfca5f61877b3730974 - - 1a81c6fec90b48cbaf890ff682313246 1a81c6fec90b48cbaf890ff682313246] 199.204.45.57 "GET /v2.0/networks/23f6e1fd-c498-4105-a6d6-16abe52fe048?fields=provider%3Aphysical_network&fields=provider%3Anetwork_type HTTP/1.1" status: 200 len: 277 time: 0.0705028
2026-07-02 06:15:47.948 10 INFO neutron.db.ovn_revision_numbers_db [None req-db4354f1-5bf8-4fc7-90fa-3838a405342e - - - - - -] Successfully bumped revision number for resource 5270960e-ed01-4e7f-95b5-c731226d3264 (type: ports) to 4
2026-07-02 06:15:48.759 9 INFO neutron.plugins.ml2.drivers.ovn.mech_driver.ovsdb.commands [None req-c3cfa029-d3ce-47dc-bd72-eeab7ee3d055 - - - - - -] Schedule LRP lrp-1fffc33b-2e94-4bdd-af65-2f7a95fa3cf3 on gateway eee7eaa8-8adf-4fea-95b4-d1986b3dad97 with priority 1
2026-07-02 06:15:48.774 9 INFO neutron.plugins.ml2.drivers.ovn.mech_driver.mech_driver [None req-3af5761c-a03c-4acf-8020-3ee41da057ac - - - - - -] OVN reports status up for port: 1fffc33b-2e94-4bdd-af65-2f7a95fa3cf3
2026-07-02 06:15:48.800 9 INFO neutron.plugins.ml2.plugin [None req-3af5761c-a03c-4acf-8020-3ee41da057ac - - - - - -] Attempt 1 to provision port 1fffc33b-2e94-4bdd-af65-2f7a95fa3cf3 /var/lib/openstack/lib/python3.10/site-packages/pycadf/identifier.py:71: UserWarning: Invalid uuid: neutron. To ensure interoperability, identifiers should be a valid uuid. warnings.warn(('Invalid uuid: %s. To ensure interoperability, '
2026-07-02 06:15:48.851 9 INFO neutron.db.ovn_revision_numbers_db [None req-2eee6f84-1b91-41e9-ad1b-266536744fa5 3679f55683744365998fee7fe396d41c c4e5dfd249f2417ea87ef381f2c7f1d0 - - default default] Successfully bumped revision number for resource 1fffc33b-2e94-4bdd-af65-2f7a95fa3cf3 (type: router_ports) to 1
2026-07-02 06:15:48.905 10 INFO neutron.wsgi [req-6613f51d-a8d6-490e-b089-1aac647c24e3 req-f97b8243-92ee-497c-a299-ced771d1d0a9 c3d710c75dae453c95a91d288858800d 1aa8f261f680460da17f76a627d7d341 - - default default] 10.0.0.195 "GET /v2.0/ports?device_id=a04cf859-3688-401e-8716-fb9c55b3f7aa HTTP/1.1" status: 200 len: 1170 time: 0.0917928
2026-07-02 06:15:48.955 9 INFO neutron.db.ovn_revision_numbers_db [None req-2eee6f84-1b91-41e9-ad1b-266536744fa5 3679f55683744365998fee7fe396d41c c4e5dfd249f2417ea87ef381f2c7f1d0 - - default default] Successfully bumped revision number for resource 17e68202-48ef-4cc2-a078-bdcf6dfd6bee (type: routers) to 2
2026-07-02 06:15:48.956 10 INFO neutron.wsgi [req-6613f51d-a8d6-490e-b089-1aac647c24e3 req-5aca6d1f-3fdf-4406-93c3-3f9b4438a9e8 c3d710c75dae453c95a91d288858800d 1aa8f261f680460da17f76a627d7d341 - - default default] 10.0.0.195 "GET /v2.0/security-groups?id=799f49db-e38d-4d19-a516-68ae9120e408&fields=id&fields=name HTTP/1.1" status: 200 len: 313 time: 0.0433249
2026-07-02 06:15:48.977 9 INFO neutron.wsgi [None req-2eee6f84-1b91-41e9-ad1b-266536744fa5 3679f55683744365998fee7fe396d41c c4e5dfd249f2417ea87ef381f2c7f1d0 - - default default] 10.0.0.183 "POST /v2.0/routers HTTP/1.1" status: 201 len: 1153 time: 3.1181514
2026-07-02 06:15:49.108 10 INFO neutron.notifiers.nova [-] Nova event matching ['req-218a1e60-0d04-4ca6-a3b1-b98d0725a737'] response: {'server_uuid': 'a04cf859-3688-401e-8716-fb9c55b3f7aa', 'name': 'network-vif-plugged', 'status': 'completed', 'tag': '5270960e-ed01-4e7f-95b5-c731226d3264', 'code': 200}
2026-07-02 06:15:49.109 10 INFO neutron.notifiers.nova [-] Nova event matching ['req-218a1e60-0d04-4ca6-a3b1-b98d0725a737'] response: {'server_uuid': 'a04cf859-3688-401e-8716-fb9c55b3f7aa', 'name': 'network-vif-plugged', 'status': 'completed', 'tag': '5270960e-ed01-4e7f-95b5-c731226d3264', 'code': 200}
2026-07-02 06:15:49.531 9 INFO neutron.wsgi [None req-249d8a2f-0e3b-4cce-9e1d-747eb11e8022 d76d727f0982434a981787f1f102e8d9 d0459e9ac28f4b70b46d1ea36527355b - - default default] 10.0.0.183 "PUT /v2.0/routers/350258fc-a8d0-4fef-bb12-06d5152ddf58/remove_router_interface HTTP/1.1" status: 200 len: 503 time: 2.1451149
2026-07-02 06:15:50.052 10 WARNING neutron.scheduler.dhcp_agent_scheduler [None req-3c97b978-eca1-4fac-850b-5b849d8227c6 3679f55683744365998fee7fe396d41c c4e5dfd249f2417ea87ef381f2c7f1d0 - - default default] No more DHCP agents
2026-07-02 06:15:50.070 10 WARNING neutron.api.rpc.agentnotifiers.dhcp_rpc_agent_api [None req-3c97b978-eca1-4fac-850b-5b849d8227c6 3679f55683744365998fee7fe396d41c c4e5dfd249f2417ea87ef381f2c7f1d0 - - default default] Unable to schedule network cc8d4616-dbc3-401c-be7b-4ee44bdb644a: no agents available; will retry on subsequent port and subnet creation events.
2026-07-02 06:15:50.098 10 INFO neutron.wsgi [req-1802d9d6-95f8-4646-a7f5-0f21535d2122 req-7459205c-3788-4bde-b2d5-84866907c798 c3d710c75dae453c95a91d288858800d 1aa8f261f680460da17f76a627d7d341 - - default default] 10.0.0.195 "GET /v2.0/ports?device_id=a04cf859-3688-401e-8716-fb9c55b3f7aa HTTP/1.1" status: 200 len: 1170 time: 0.0696349
2026-07-02 06:15:50.179 10 INFO neutron.wsgi [req-1802d9d6-95f8-4646-a7f5-0f21535d2122 req-c820cebd-76c4-4040-b414-ecce39e8cc0e c3d710c75dae453c95a91d288858800d 1aa8f261f680460da17f76a627d7d341 - - default default] 10.0.0.195 "GET /v2.0/security-groups?id=799f49db-e38d-4d19-a516-68ae9120e408&fields=id&fields=name HTTP/1.1" status: 200 len: 313 time: 0.0663674
2026-07-02 06:15:50.323 10 INFO neutron.wsgi [req-ccaebf93-5491-4bd0-8219-74e9ef8fb52b req-2c8b710b-598d-42fd-aacc-c2a47e24460b c3d710c75dae453c95a91d288858800d 1aa8f261f680460da17f76a627d7d341 - - default default] 10.0.0.195 "GET /v2.0/ports?device_id=a04cf859-3688-401e-8716-fb9c55b3f7aa HTTP/1.1" status: 200 len: 1170 time: 0.0722225
2026-07-02 06:15:50.325 10 INFO neutron.db.ovn_revision_numbers_db [None req-3c97b978-eca1-4fac-850b-5b849d8227c6 3679f55683744365998fee7fe396d41c c4e5dfd249f2417ea87ef381f2c7f1d0 - - default default] Successfully bumped revision number for resource d8ea4b25-93f1-4ccd-8ba8-49d3affd2ef7 (type: ports) to 1 /var/lib/openstack/lib/python3.10/site-packages/pycadf/identifier.py:71: UserWarning: Invalid uuid: neutron. To ensure interoperability, identifiers should be a valid uuid. warnings.warn(('Invalid uuid: %s. To ensure interoperability, '
2026-07-02 06:15:51.012 9 INFO neutron.db.ovn_revision_numbers_db [None req-2314c9f1-8c50-4a37-aa74-ba307d40e9f9 c3d710c75dae453c95a91d288858800d 1aa8f261f680460da17f76a627d7d341 - - default default] Successfully bumped revision number for resource d2fcbdd7-ea90-42c0-aec7-b67b57ec72c0 (type: floatingips) to 1
2026-07-02 06:15:51.121 10 INFO neutron.wsgi [None req-72ffad67-3d85-4fed-ba37-b73b617cdacb d76d727f0982434a981787f1f102e8d9 d0459e9ac28f4b70b46d1ea36527355b - - default default] 10.0.0.183 "DELETE /v2.0/routers/350258fc-a8d0-4fef-bb12-06d5152ddf58 HTTP/1.1" status: 204 len: 168 time: 1.5863578
2026-07-02 06:15:51.164 9 INFO neutron.db.ovn_revision_numbers_db [None req-2314c9f1-8c50-4a37-aa74-ba307d40e9f9 c3d710c75dae453c95a91d288858800d 1aa8f261f680460da17f76a627d7d341 - - default default] Successfully bumped revision number for resource d2fcbdd7-ea90-42c0-aec7-b67b57ec72c0 (type: floatingips) to 2
2026-07-02 06:15:51.165 9 INFO neutron.db.l3_db [None req-2314c9f1-8c50-4a37-aa74-ba307d40e9f9 c3d710c75dae453c95a91d288858800d 1aa8f261f680460da17f76a627d7d341 - - default default] Floating IP d2fcbdd7-ea90-42c0-aec7-b67b57ec72c0 associated. External IP: 10.96.250.207, port: 5270960e-ed01-4e7f-95b5-c731226d3264.
2026-07-02 06:15:51.205 9 INFO neutron.wsgi [None req-2314c9f1-8c50-4a37-aa74-ba307d40e9f9 c3d710c75dae453c95a91d288858800d 1aa8f261f680460da17f76a627d7d341 - - default default] 10.0.0.183 "PUT /v2.0/floatingips/d2fcbdd7-ea90-42c0-aec7-b67b57ec72c0 HTTP/1.1" status: 200 len: 1049 time: 0.8697536
2026-07-02 06:15:51.238 9 INFO neutron.notifiers.nova [-] Nova event matching ['req-1aba0089-52cc-40de-921a-fa13d238be75'] response: {'name': 'network-changed', 'server_uuid': 'a04cf859-3688-401e-8716-fb9c55b3f7aa', 'tag': '5270960e-ed01-4e7f-95b5-c731226d3264', 'status': 'completed', 'code': 200} /var/lib/openstack/lib/python3.10/site-packages/pycadf/identifier.py:71: UserWarning: Invalid uuid: neutron. To ensure interoperability, identifiers should be a valid uuid. warnings.warn(('Invalid uuid: %s. To ensure interoperability, '
2026-07-02 06:15:51.342 10 INFO neutron.wsgi [req-ae3ce17d-cc9b-4b02-a821-cd6d900da6b5 req-06077f21-a4bb-49ec-a434-6e46d69abf50 c3d710c75dae453c95a91d288858800d 1aa8f261f680460da17f76a627d7d341 - - default default] 10.0.0.195 "GET /v2.0/ports?device_id=a04cf859-3688-401e-8716-fb9c55b3f7aa HTTP/1.1" status: 200 len: 1170 time: 0.0954139
2026-07-02 06:15:51.349 10 INFO neutron.wsgi [req-7e3396db-e036-48b3-b062-de71d12c89fd req-caee1cec-d2a5-49ef-9204-4983623030b7 b622ab4571e44e8384e1cca29e6b8500 a0663b1f2d3e4bfca5f61877b3730974 - - 1a81c6fec90b48cbaf890ff682313246 1a81c6fec90b48cbaf890ff682313246] 199.204.45.57 "GET /v2.0/ports?tenant_id=1aa8f261f680460da17f76a627d7d341&device_id=a04cf859-3688-401e-8716-fb9c55b3f7aa HTTP/1.1" status: 200 len: 1409 time: 0.0780437
2026-07-02 06:15:51.353 9 INFO neutron.wsgi [None req-08d170d9-8836-4877-9d11-a47864f5f114 d76d727f0982434a981787f1f102e8d9 d0459e9ac28f4b70b46d1ea36527355b - - default default] 10.0.0.183 "DELETE /v2.0/subnets/060b8720-3fc2-4d74-922a-e9ca26939d80 HTTP/1.1" status: 204 len: 168 time: 0.2246830
2026-07-02 06:15:51.424 10 ERROR ovsdbapp.backend.ovs_idl.command [None req-3c97b978-eca1-4fac-850b-5b849d8227c6 3679f55683744365998fee7fe396d41c c4e5dfd249f2417ea87ef381f2c7f1d0 - - default default] Error executing command (DbGetCommand): ovsdbapp.backend.ovs_idl.idlutils.RowNotFound: Cannot find Logical_Router_Port with name=lrp-d8ea4b25-93f1-4ccd-8ba8-49d3affd2ef7
2026-07-02 06:15:51.424 10 ERROR ovsdbapp.backend.ovs_idl.command
Traceback (most recent call last):
2026-07-02 06:15:51.424 10 ERROR ovsdbapp.backend.ovs_idl.command
File "/var/lib/openstack/lib/python3.10/site-packages/ovsdbapp/backend/ovs_idl/command.py", line 47, in execute
2026-07-02 06:15:51.424 10 ERROR ovsdbapp.backend.ovs_idl.command self.run_idl(None)
2026-07-02 06:15:51.424 10 ERROR ovsdbapp.backend.ovs_idl.command
File "/var/lib/openstack/lib/python3.10/site-packages/ovsdbapp/backend/ovs_idl/command.py", line 235, in run_idl
2026-07-02 06:15:51.424 10 ERROR ovsdbapp.backend.ovs_idl.command record = self.api.lookup(self.table, self.record)
2026-07-02 06:15:51.424 10 ERROR ovsdbapp.backend.ovs_idl.command
File "/var/lib/openstack/lib/python3.10/site-packages/ovsdbapp/backend/ovs_idl/__init__.py", line 184, in lookup
2026-07-02 06:15:51.424 10 ERROR ovsdbapp.backend.ovs_idl.command return self._lookup(table, record)
2026-07-02 06:15:51.424 10 ERROR ovsdbapp.backend.ovs_idl.command
File "/var/lib/openstack/lib/python3.10/site-packages/ovsdbapp/backend/ovs_idl/__init__.py", line 235, in _lookup
2026-07-02 06:15:51.424 10 ERROR ovsdbapp.backend.ovs_idl.command row = idlutils.row_by_value(self, rl.table, rl.column, record)
2026-07-02 06:15:51.424 10 ERROR ovsdbapp.backend.ovs_idl.command
File "/var/lib/openstack/lib/python3.10/site-packages/ovsdbapp/backend/ovs_idl/idlutils.py", line 114, in row_by_value
2026-07-02 06:15:51.424 10 ERROR ovsdbapp.backend.ovs_idl.command raise RowNotFound(table=table, col=column, match=match)
2026-07-02 06:15:51.424 10 ERROR ovsdbapp.backend.ovs_idl.command ovsdbapp.backend.ovs_idl.idlutils.RowNotFound: Cannot find Logical_Router_Port with name=lrp-d8ea4b25-93f1-4ccd-8ba8-49d3affd2ef7
2026-07-02 06:15:51.424 10 ERROR ovsdbapp.backend.ovs_idl.command 
2026-07-02 06:15:51.424 10 ERROR neutron_lib.callbacks.manager [None req-3c97b978-eca1-4fac-850b-5b849d8227c6 3679f55683744365998fee7fe396d41c c4e5dfd249f2417ea87ef381f2c7f1d0 - - default default] Error during notification for neutron.services.ovn_l3.plugin.OVNL3RouterPlugin._port_update-8790254931686 port, after_update: ovsdbapp.backend.ovs_idl.idlutils.RowNotFound: Cannot find Logical_Router_Port with name=lrp-d8ea4b25-93f1-4ccd-8ba8-49d3affd2ef7
2026-07-02 06:15:51.424 10 ERROR neutron_lib.callbacks.manager
Traceback (most recent call last):
2026-07-02 06:15:51.424 10 ERROR neutron_lib.callbacks.manager
File "/var/lib/openstack/lib/python3.10/site-packages/neutron_lib/callbacks/manager.py", line 189, in _notify_loop
2026-07-02 06:15:51.424 10 ERROR neutron_lib.callbacks.manager callback.method(resource, event, trigger, payload=payload)
2026-07-02 06:15:51.424 10 ERROR neutron_lib.callbacks.manager
File "/var/lib/openstack/lib/python3.10/site-packages/neutron/services/ovn_l3/plugin.py", line 391, in _port_update
2026-07-02 06:15:51.424 10 ERROR neutron_lib.callbacks.manager l3plugin._ovn_client.update_router_port(context,
2026-07-02 06:15:51.424 10 ERROR neutron_lib.callbacks.manager
File "/var/lib/openstack/lib/python3.10/site-packages/neutron/plugins/ml2/drivers/ovn/mech_driver/ovsdb/ovn_client.py", line 1878, in update_router_port
2026-07-02 06:15:51.424 10 ERROR neutron_lib.callbacks.manager self._update_lrouter_port(context, port, if_exists=if_exists,
2026-07-02 06:15:51.424 10 ERROR neutron_lib.callbacks.manager
File "/var/lib/openstack/lib/python3.10/site-packages/neutron/plugins/ml2/drivers/ovn/mech_driver/ovsdb/ovn_client.py", line 1855, in _update_lrouter_port
2026-07-02 06:15:51.424 10 ERROR neutron_lib.callbacks.manager external_ids = self._nb_idl.db_get(
2026-07-02 06:15:51.424 10 ERROR neutron_lib.callbacks.manager
File "/var/lib/openstack/lib/python3.10/site-packages/ovsdbapp/backend/ovs_idl/command.py", line 47, in execute
2026-07-02 06:15:51.424 10 ERROR neutron_lib.callbacks.manager self.run_idl(None)
2026-07-02 06:15:51.424 10 ERROR neutron_lib.callbacks.manager
File "/var/lib/openstack/lib/python3.10/site-packages/ovsdbapp/backend/ovs_idl/command.py", line 235, in run_idl
2026-07-02 06:15:51.424 10 ERROR neutron_lib.callbacks.manager record = self.api.lookup(self.table, self.record)
2026-07-02 06:15:51.424 10 ERROR neutron_lib.callbacks.manager
File "/var/lib/openstack/lib/python3.10/site-packages/ovsdbapp/backend/ovs_idl/__init__.py", line 184, in lookup
2026-07-02 06:15:51.424 10 ERROR neutron_lib.callbacks.manager return self._lookup(table, record)
2026-07-02 06:15:51.424 10 ERROR neutron_lib.callbacks.manager
File "/var/lib/openstack/lib/python3.10/site-packages/ovsdbapp/backend/ovs_idl/__init__.py", line 235, in _lookup
2026-07-02 06:15:51.424 10 ERROR neutron_lib.callbacks.manager row = idlutils.row_by_value(self, rl.table, rl.column, record)
2026-07-02 06:15:51.424 10 ERROR neutron_lib.callbacks.manager
File "/var/lib/openstack/lib/python3.10/site-packages/ovsdbapp/backend/ovs_idl/idlutils.py", line 114, in row_by_value
2026-07-02 06:15:51.424 10 ERROR neutron_lib.callbacks.manager raise RowNotFound(table=table, col=column, match=match)
2026-07-02 06:15:51.424 10 ERROR neutron_lib.callbacks.manager ovsdbapp.backend.ovs_idl.idlutils.RowNotFound: Cannot find Logical_Router_Port with name=lrp-d8ea4b25-93f1-4ccd-8ba8-49d3affd2ef7
2026-07-02 06:15:51.424 10 ERROR neutron_lib.callbacks.manager 
