Apr 06 17:22:04.939233 np0000163549 nova-scheduler[107214]: DEBUG cotyledon.oslo_config_glue [-] vnc.vencrypt_client_key = None {{(pid=107214) log_opt_values /opt/stack/data/venv/lib/python3.12/site-packages/oslo_config/cfg.py:3006}}
Apr 06 17:22:04.939518 np0000163549 nova-scheduler[107214]: DEBUG cotyledon.oslo_config_glue [-] workarounds.disable_compute_service_check_for_ffu = False {{(pid=107214) log_opt_values /opt/stack/data/venv/lib/python3.12/site-packages/oslo_config/cfg.py:3006}}
Apr 06 17:22:04.939518 np0000163549 nova-scheduler[107214]: DEBUG cotyledon.oslo_config_glue [-] workarounds.disable_deep_image_inspection = False {{(pid=107214) log_opt_values /opt/stack/data/venv/lib/python3.12/site-packages/oslo_config/cfg.py:3006}}
Apr 06 17:22:04.939518 np0000163549 nova-scheduler[107214]: DEBUG cotyledon.oslo_config_glue [-] workarounds.disable_fallback_pcpu_query = False {{(pid=107214) log_opt_values /opt/stack/data/venv/lib/python3.12/site-packages/oslo_config/cfg.py:3006}}
Apr 06 17:22:04.939518 np0000163549 nova-scheduler[107214]: DEBUG cotyledon.oslo_config_glue [-] workarounds.disable_group_policy_check_upcall = False {{(pid=107214) log_opt_values /opt/stack/data/venv/lib/python3.12/site-packages/oslo_config/cfg.py:3006}}
Apr 06 17:22:04.939518 np0000163549 nova-scheduler[107214]: DEBUG cotyledon.oslo_config_glue [-] workarounds.disable_libvirt_livesnapshot = False {{(pid=107214) log_opt_values /opt/stack/data/venv/lib/python3.12/site-packages/oslo_config/cfg.py:3006}}
Apr 06 17:22:04.939518 np0000163549 nova-scheduler[107214]: DEBUG cotyledon.oslo_config_glue [-] workarounds.disable_rootwrap = False {{(pid=107214) log_opt_values /opt/stack/data/venv/lib/python3.12/site-packages/oslo_config/cfg.py:3006}}
Apr 06 17:22:04.939518 np0000163549 nova-scheduler[107214]: DEBUG cotyledon.oslo_config_glue [-] workarounds.enable_numa_live_migration = False {{(pid=107214) log_opt_values /opt/stack/data/venv/lib/python3.12/site-packages/oslo_config/cfg.py:3006}}
Apr 06 17:22:04.939518 np0000163549 nova-scheduler[107214]: DEBUG cotyledon.oslo_config_glue [-] workarounds.enable_qemu_monitor_announce_self = False {{(pid=107214) log_opt_values /opt/stack/data/venv/lib/python3.12/site-packages/oslo_config/cfg.py:3006}}
Apr 06 17:22:04.939518 np0000163549 nova-scheduler[107214]: DEBUG cotyledon.oslo_config_glue [-] workarounds.ensure_libvirt_rbd_instance_dir_cleanup = False {{(pid=107214) log_opt_values /opt/stack/data/venv/lib/python3.12/site-packages/oslo_config/cfg.py:3006}}
Apr 06 17:22:04.939828 np0000163549 nova-scheduler[107214]: DEBUG cotyledon.oslo_config_glue [-] workarounds.handle_virt_lifecycle_events = True {{(pid=107214) log_opt_values /opt/stack/data/venv/lib/python3.12/site-packages/oslo_config/cfg.py:3006}}
Apr 06 17:22:04.939828 np0000163549 nova-scheduler[107214]: DEBUG cotyledon.oslo_config_glue [-] workarounds.libvirt_disable_apic = False {{(pid=107214) log_opt_values /opt/stack/data/venv/lib/python3.12/site-packages/oslo_config/cfg.py:3006}}
Apr 06 17:22:04.939828 np0000163549 nova-scheduler[107214]: DEBUG cotyledon.oslo_config_glue [-] workarounds.never_download_image_if_on_rbd = False {{(pid=107214) log_opt_values /opt/stack/data/venv/lib/python3.12/site-packages/oslo_config/cfg.py:3006}}
Apr 06 17:22:04.939828 np0000163549 nova-scheduler[107214]: DEBUG cotyledon.oslo_config_glue [-] workarounds.qemu_monitor_announce_self_count = 3 {{(pid=107214) log_opt_values /opt/stack/data/venv/lib/python3.12/site-packages/oslo_config/cfg.py:3006}}
Apr 06 17:22:04.939828 np0000163549 nova-scheduler[107214]: DEBUG cotyledon.oslo_config_glue [-] workarounds.qemu_monitor_announce_self_interval = 1 {{(pid=107214) log_opt_values /opt/stack/data/venv/lib/python3.12/site-packages/oslo_config/cfg.py:3006}}
Apr 06 17:22:04.939828 np0000163549 nova-scheduler[107214]: DEBUG cotyledon.oslo_config_glue [-] workarounds.reserve_disk_resource_for_image_cache = False {{(pid=107214) log_opt_values /opt/stack/data/venv/lib/python3.12/site-packages/oslo_config/cfg.py:3006}}
Apr 06 17:22:04.939828 np0000163549 nova-scheduler[107214]: DEBUG cotyledon.oslo_config_glue [-] workarounds.skip_cpu_compare_at_startup = False {{(pid=107214) log_opt_values /opt/stack/data/venv/lib/python3.12/site-packages/oslo_config/cfg.py:3006}}
Apr 06 17:22:04.939828 np0000163549 nova-scheduler[107214]: DEBUG cotyledon.oslo_config_glue [-] workarounds.skip_cpu_compare_on_dest = False {{(pid=107214) log_opt_values /opt/stack/data/venv/lib/python3.12/site-packages/oslo_config/cfg.py:3006}}
Apr 06 17:22:04.939828 np0000163549 nova-scheduler[107214]: DEBUG cotyledon.oslo_config_glue [-] workarounds.skip_hypervisor_version_check_on_lm = False {{(pid=107214) log_opt_values /opt/stack/data/venv/lib/python3.12/site-packages/oslo_config/cfg.py:3006}}
Apr 06 17:22:04.940124 np0000163549 nova-scheduler[107214]: DEBUG cotyledon.oslo_config_glue [-] workarounds.skip_reserve_in_use_ironic_nodes = False {{(pid=107214) log_opt_values /opt/stack/data/venv/lib/python3.12/site-packages/oslo_config/cfg.py:3006}}
Apr 06 17:22:04.940124 np0000163549 nova-scheduler[107214]: DEBUG cotyledon.oslo_config_glue [-] workarounds.unified_limits_count_pcpu_as_vcpu = False {{(pid=107214) log_opt_values /opt/stack/data/venv/lib/python3.12/site-packages/oslo_config/cfg.py:3006}}
Apr 06 17:22:04.940124 np0000163549 nova-scheduler[107214]: DEBUG cotyledon.oslo_config_glue [-] workarounds.wait_for_vif_plugged_event_during_hard_reboot = [] {{(pid=107214) log_opt_values /opt/stack/data/venv/lib/python3.12/site-packages/oslo_config/cfg.py:3006}}
Apr 06 17:22:04.940124 np0000163549 nova-scheduler[107214]: DEBUG cotyledon.oslo_config_glue [-] wsgi.api_paste_config = /etc/nova/api-paste.ini {{(pid=107214) log_opt_values /opt/stack/data/venv/lib/python3.12/site-packages/oslo_config/cfg.py:3006}}
Apr 06 17:22:04.940124 np0000163549 nova-scheduler[107214]: DEBUG cotyledon.oslo_config_glue [-] wsgi.secure_proxy_ssl_header = None {{(pid=107214) log_opt_values /opt/stack/data/venv/lib/python3.12/site-packages/oslo_config/cfg.py:3006}}
Apr 06 17:22:04.940124 np0000163549 nova-scheduler[107214]: DEBUG cotyledon.oslo_config_glue [-] zvm.ca_file = None {{(pid=107214) log_opt_values /opt/stack/data/venv/lib/python3.12/site-packages/oslo_config/cfg.py:3006}}
Apr 06 17:22:04.940124 np0000163549 nova-scheduler[107214]: DEBUG cotyledon.oslo_config_glue [-] zvm.cloud_connector_url = None {{(pid=107214) log_opt_values /opt/stack/data/venv/lib/python3.12/site-packages/oslo_config/cfg.py:3006}}
Apr 06 17:22:04.940124 np0000163549 nova-scheduler[107214]: DEBUG cotyledon.oslo_config_glue [-] zvm.image_tmp_path = /opt/stack/data/nova/images {{(pid=107214) log_opt_values /opt/stack/data/venv/lib/python3.12/site-packages/oslo_config/cfg.py:3006}}
Apr 06 17:22:04.940124 np0000163549 nova-scheduler[107214]: DEBUG cotyledon.oslo_config_glue [-] zvm.reachable_timeout = 300 {{(pid=107214) log_opt_values /opt/stack/data/venv/lib/python3.12/site-packages/oslo_config/cfg.py:3006}}
Apr 06 17:22:04.940375 np0000163549 nova-scheduler[107214]: DEBUG cotyledon.oslo_config_glue [-] oslo_versionedobjects.fatal_exception_format_errors = False {{(pid=107214) log_opt_values /opt/stack/data/venv/lib/python3.12/site-packages/oslo_config/cfg.py:3006}}
Apr 06 17:22:04.940375 np0000163549 nova-scheduler[107214]: DEBUG cotyledon.oslo_config_glue [-] oslo_middleware.http_basic_auth_user_file = /etc/htpasswd {{(pid=107214) log_opt_values /opt/stack/data/venv/lib/python3.12/site-packages/oslo_config/cfg.py:3006}}
Apr 06 17:22:04.940375 np0000163549 nova-scheduler[107214]: DEBUG cotyledon.oslo_config_glue [-] oslo_messaging_metrics.metrics_buffer_size = 1000 {{(pid=107214) log_opt_values /opt/stack/data/venv/lib/python3.12/site-packages/oslo_config/cfg.py:3006}}
Apr 06 17:22:04.940375 np0000163549 nova-scheduler[107214]: DEBUG cotyledon.oslo_config_glue [-] oslo_messaging_metrics.metrics_enabled = False {{(pid=107214) log_opt_values /opt/stack/data/venv/lib/python3.12/site-packages/oslo_config/cfg.py:3006}}
Apr 06 17:22:04.940375 np0000163549 nova-scheduler[107214]: DEBUG cotyledon.oslo_config_glue [-] oslo_messaging_metrics.metrics_process_name = {{(pid=107214) log_opt_values /opt/stack/data/venv/lib/python3.12/site-packages/oslo_config/cfg.py:3006}}
Apr 06 17:22:04.940375 np0000163549 nova-scheduler[107214]: DEBUG cotyledon.oslo_config_glue [-] oslo_messaging_metrics.metrics_socket_file = /var/tmp/metrics_collector.sock {{(pid=107214) log_opt_values /opt/stack/data/venv/lib/python3.12/site-packages/oslo_config/cfg.py:3006}}
Apr 06 17:22:04.940375 np0000163549 nova-scheduler[107214]: DEBUG cotyledon.oslo_config_glue [-] oslo_messaging_metrics.metrics_thread_stop_timeout = 10 {{(pid=107214) log_opt_values /opt/stack/data/venv/lib/python3.12/site-packages/oslo_config/cfg.py:3006}}
Apr 06 17:22:04.940375 np0000163549 nova-scheduler[107214]: DEBUG cotyledon.oslo_config_glue [-] profiler.connection_string = messaging:// {{(pid=107214) log_opt_values /opt/stack/data/venv/lib/python3.12/site-packages/oslo_config/cfg.py:3006}}
Apr 06 17:22:04.940631 np0000163549 nova-scheduler[107214]: DEBUG cotyledon.oslo_config_glue [-] profiler.enabled = False {{(pid=107214) log_opt_values /opt/stack/data/venv/lib/python3.12/site-packages/oslo_config/cfg.py:3006}}
Apr 06 17:22:04.940631 np0000163549 nova-scheduler[107214]: DEBUG cotyledon.oslo_config_glue [-] profiler.es_doc_type = notification {{(pid=107214) log_opt_values /opt/stack/data/venv/lib/python3.12/site-packages/oslo_config/cfg.py:3006}}
Apr 06 17:22:04.940631 np0000163549 nova-scheduler[107214]: DEBUG cotyledon.oslo_config_glue [-] profiler.es_scroll_size = 10000 {{(pid=107214) log_opt_values /opt/stack/data/venv/lib/python3.12/site-packages/oslo_config/cfg.py:3006}}
Apr 06 17:22:04.940631 np0000163549 nova-scheduler[107214]: DEBUG cotyledon.oslo_config_glue [-] profiler.es_scroll_time = 2m {{(pid=107214) log_opt_values /opt/stack/data/venv/lib/python3.12/site-packages/oslo_config/cfg.py:3006}}
Apr 06 17:22:04.940631 np0000163549 nova-scheduler[107214]: DEBUG cotyledon.oslo_config_glue [-] profiler.filter_error_trace = False {{(pid=107214) log_opt_values /opt/stack/data/venv/lib/python3.12/site-packages/oslo_config/cfg.py:3006}}
Apr 06 17:22:04.940631 np0000163549 nova-scheduler[107214]: DEBUG cotyledon.oslo_config_glue [-] profiler.hmac_keys = **** {{(pid=107214) log_opt_values /opt/stack/data/venv/lib/python3.12/site-packages/oslo_config/cfg.py:3006}}
Apr 06 17:22:04.940631 np0000163549 nova-scheduler[107214]: DEBUG cotyledon.oslo_config_glue [-] profiler.sentinel_service_name = mymaster {{(pid=107214) log_opt_values /opt/stack/data/venv/lib/python3.12/site-packages/oslo_config/cfg.py:3006}}
Apr 06 17:22:04.940631 np0000163549 nova-scheduler[107214]: DEBUG cotyledon.oslo_config_glue [-] profiler.socket_timeout = 0.1 {{(pid=107214) log_opt_values /opt/stack/data/venv/lib/python3.12/site-packages/oslo_config/cfg.py:3006}}
Apr 06 17:22:04.940631 np0000163549 nova-scheduler[107214]: DEBUG cotyledon.oslo_config_glue [-] profiler.trace_requests = False {{(pid=107214) log_opt_values /opt/stack/data/venv/lib/python3.12/site-packages/oslo_config/cfg.py:3006}}
Apr 06 17:22:04.940844 np0000163549 nova-scheduler[107214]: DEBUG cotyledon.oslo_config_glue [-] profiler.trace_sqlalchemy = False {{(pid=107214) log_opt_values /opt/stack/data/venv/lib/python3.12/site-packages/oslo_config/cfg.py:3006}}
Apr 06 17:22:04.940844 np0000163549 nova-scheduler[107214]: DEBUG cotyledon.oslo_config_glue [-] profiler_jaeger.process_tags = {} {{(pid=107214) log_opt_values /opt/stack/data/venv/lib/python3.12/site-packages/oslo_config/cfg.py:3006}}
Apr 06 17:22:04.940844 np0000163549 nova-scheduler[107214]: DEBUG cotyledon.oslo_config_glue [-] profiler_jaeger.service_name_prefix = None {{(pid=107214) log_opt_values /opt/stack/data/venv/lib/python3.12/site-packages/oslo_config/cfg.py:3006}}
Apr 06 17:22:04.940844 np0000163549 nova-scheduler[107214]: DEBUG cotyledon.oslo_config_glue [-] profiler_otlp.service_name_prefix = None {{(pid=107214) log_opt_values /opt/stack/data/venv/lib/python3.12/site-packages/oslo_config/cfg.py:3006}}
Apr 06 17:22:04.940844 np0000163549 nova-scheduler[107214]: DEBUG cotyledon.oslo_config_glue [-] oslo_messaging_rabbit.amqp_auto_delete = False {{(pid=107214) log_opt_values /opt/stack/data/venv/lib/python3.12/site-packages/oslo_config/cfg.py:3006}}
Apr 06 17:22:04.940844 np0000163549 nova-scheduler[107214]: DEBUG cotyledon.oslo_config_glue [-] oslo_messaging_rabbit.amqp_durable_queues = False {{(pid=107214) log_opt_values /opt/stack/data/venv/lib/python3.12/site-packages/oslo_config/cfg.py:3006}}
Apr 06 17:22:04.940844 np0000163549 nova-scheduler[107214]: DEBUG cotyledon.oslo_config_glue [-] oslo_messaging_rabbit.conn_pool_min_size = 2 {{(pid=107214) log_opt_values /opt/stack/data/venv/lib/python3.12/site-packages/oslo_config/cfg.py:3006}}
Apr 06 17:22:04.940844 np0000163549 nova-scheduler[107214]: DEBUG cotyledon.oslo_config_glue [-] oslo_messaging_rabbit.conn_pool_ttl = 1200 {{(pid=107214) log_opt_values /opt/stack/data/venv/lib/python3.12/site-packages/oslo_config/cfg.py:3006}}
Apr 06 17:22:04.940844 np0000163549 nova-scheduler[107214]: DEBUG cotyledon.oslo_config_glue [-] oslo_messaging_rabbit.direct_mandatory_flag = True {{(pid=107214) log_opt_values /opt/stack/data/venv/lib/python3.12/site-packages/oslo_config/cfg.py:3006}}
Apr 06 17:22:04.941094 np0000163549 nova-scheduler[107214]: DEBUG cotyledon.oslo_config_glue [-] oslo_messaging_rabbit.enable_cancel_on_failover = False {{(pid=107214) log_opt_values /opt/stack/data/venv/lib/python3.12/site-packages/oslo_config/cfg.py:3006}}
Apr 06 17:22:04.941094 np0000163549 nova-scheduler[107214]: DEBUG cotyledon.oslo_config_glue [-] oslo_messaging_rabbit.heartbeat_in_pthread = False {{(pid=107214) log_opt_values /opt/stack/data/venv/lib/python3.12/site-packages/oslo_config/cfg.py:3006}}
Apr 06 17:22:04.941094 np0000163549 nova-scheduler[107214]: DEBUG cotyledon.oslo_config_glue [-] oslo_messaging_rabbit.heartbeat_rate = 3 {{(pid=107214) log_opt_values /opt/stack/data/venv/lib/python3.12/site-packages/oslo_config/cfg.py:3006}}
Apr 06 17:22:04.941094 np0000163549 nova-scheduler[107214]: DEBUG cotyledon.oslo_config_glue [-] oslo_messaging_rabbit.heartbeat_timeout_threshold = 60 {{(pid=107214) log_opt_values /opt/stack/data/venv/lib/python3.12/site-packages/oslo_config/cfg.py:3006}}
Apr 06 17:22:04.941094 np0000163549 nova-scheduler[107214]: DEBUG cotyledon.oslo_config_glue [-] oslo_messaging_rabbit.hostname = np0000163549 {{(pid=107214) log_opt_values /opt/stack/data/venv/lib/python3.12/site-packages/oslo_config/cfg.py:3006}}
Apr 06 17:22:04.941094 np0000163549 nova-scheduler[107214]: DEBUG cotyledon.oslo_config_glue [-] oslo_messaging_rabbit.kombu_compression = None {{(pid=107214) log_opt_values /opt/stack/data/venv/lib/python3.12/site-packages/oslo_config/cfg.py:3006}}
Apr 06 17:22:04.941094 np0000163549 nova-scheduler[107214]: DEBUG cotyledon.oslo_config_glue [-] oslo_messaging_rabbit.kombu_failover_strategy = round-robin {{(pid=107214) log_opt_values /opt/stack/data/venv/lib/python3.12/site-packages/oslo_config/cfg.py:3006}}
Apr 06 17:22:04.941094 np0000163549 nova-scheduler[107214]: DEBUG cotyledon.oslo_config_glue [-] oslo_messaging_rabbit.kombu_missing_consumer_retry_timeout = 60 {{(pid=107214) log_opt_values /opt/stack/data/venv/lib/python3.12/site-packages/oslo_config/cfg.py:3006}}
Apr 06 17:22:04.941623 np0000163549 nova-scheduler[107214]: DEBUG cotyledon.oslo_config_glue [-] oslo_messaging_rabbit.kombu_reconnect_delay = 1.0 {{(pid=107214) log_opt_values /opt/stack/data/venv/lib/python3.12/site-packages/oslo_config/cfg.py:3006}}
Apr 06 17:22:04.941623 np0000163549 nova-scheduler[107214]: DEBUG cotyledon.oslo_config_glue [-] oslo_messaging_rabbit.kombu_reconnect_splay = 0.0 {{(pid=107214) log_opt_values /opt/stack/data/venv/lib/python3.12/site-packages/oslo_config/cfg.py:3006}}
Apr 06 17:22:04.941623 np0000163549 nova-scheduler[107214]: DEBUG cotyledon.oslo_config_glue [-] oslo_messaging_rabbit.processname = nova-scheduler {{(pid=107214) log_opt_values /opt/stack/data/venv/lib/python3.12/site-packages/oslo_config/cfg.py:3006}}
Apr 06 17:22:04.941623 np0000163549 nova-scheduler[107214]: DEBUG cotyledon.oslo_config_glue [-] oslo_messaging_rabbit.rabbit_ha_queues = False {{(pid=107214) log_opt_values /opt/stack/data/venv/lib/python3.12/site-packages/oslo_config/cfg.py:3006}}
Apr 06 17:22:04.941623 np0000163549 nova-scheduler[107214]: DEBUG cotyledon.oslo_config_glue [-] oslo_messaging_rabbit.rabbit_interval_max = 30 {{(pid=107214) log_opt_values /opt/stack/data/venv/lib/python3.12/site-packages/oslo_config/cfg.py:3006}}
Apr 06 17:22:04.941623 np0000163549 nova-scheduler[107214]: DEBUG cotyledon.oslo_config_glue [-] oslo_messaging_rabbit.rabbit_login_method = AMQPLAIN {{(pid=107214) log_opt_values /opt/stack/data/venv/lib/python3.12/site-packages/oslo_config/cfg.py:3006}}
Apr 06 17:22:04.941623 np0000163549 nova-scheduler[107214]: DEBUG cotyledon.oslo_config_glue [-] oslo_messaging_rabbit.rabbit_qos_prefetch_count = 0 {{(pid=107214) log_opt_values /opt/stack/data/venv/lib/python3.12/site-packages/oslo_config/cfg.py:3006}}
Apr 06 17:22:04.941623 np0000163549 nova-scheduler[107214]: DEBUG cotyledon.oslo_config_glue [-] oslo_messaging_rabbit.rabbit_quorum_delivery_limit = 0 {{(pid=107214) log_opt_values /opt/stack/data/venv/lib/python3.12/site-packages/oslo_config/cfg.py:3006}}
Apr 06 17:22:04.941623 np0000163549 nova-scheduler[107214]: DEBUG cotyledon.oslo_config_glue [-] oslo_messaging_rabbit.rabbit_quorum_max_memory_bytes = 0 {{(pid=107214) log_opt_values /opt/stack/data/venv/lib/python3.12/site-packages/oslo_config/cfg.py:3006}}
Apr 06 17:22:04.941850 np0000163549 nova-scheduler[107214]: DEBUG cotyledon.oslo_config_glue [-] oslo_messaging_rabbit.rabbit_quorum_max_memory_length = 0 {{(pid=107214) log_opt_values /opt/stack/data/venv/lib/python3.12/site-packages/oslo_config/cfg.py:3006}}
Apr 06 17:22:04.941850 np0000163549 nova-scheduler[107214]: DEBUG cotyledon.oslo_config_glue [-] oslo_messaging_rabbit.rabbit_quorum_queue = False {{(pid=107214) log_opt_values /opt/stack/data/venv/lib/python3.12/site-packages/oslo_config/cfg.py:3006}}
Apr 06 17:22:04.941850 np0000163549 nova-scheduler[107214]: DEBUG cotyledon.oslo_config_glue [-] oslo_messaging_rabbit.rabbit_retry_backoff = 2 {{(pid=107214) log_opt_values /opt/stack/data/venv/lib/python3.12/site-packages/oslo_config/cfg.py:3006}}
Apr 06 17:22:04.941850 np0000163549 nova-scheduler[107214]: DEBUG cotyledon.oslo_config_glue [-] oslo_messaging_rabbit.rabbit_retry_interval = 1 {{(pid=107214) log_opt_values /opt/stack/data/venv/lib/python3.12/site-packages/oslo_config/cfg.py:3006}}
Apr 06 17:22:04.941850 np0000163549 nova-scheduler[107214]: DEBUG cotyledon.oslo_config_glue [-] oslo_messaging_rabbit.rabbit_stream_fanout = False {{(pid=107214) log_opt_values /opt/stack/data/venv/lib/python3.12/site-packages/oslo_config/cfg.py:3006}}
Apr 06 17:22:04.941850 np0000163549 nova-scheduler[107214]: DEBUG cotyledon.oslo_config_glue [-] oslo_messaging_rabbit.rabbit_transient_queues_ttl = 1800 {{(pid=107214) log_opt_values /opt/stack/data/venv/lib/python3.12/site-packages/oslo_config/cfg.py:3006}}
Apr 06 17:22:04.941850 np0000163549 nova-scheduler[107214]: DEBUG cotyledon.oslo_config_glue [-] oslo_messaging_rabbit.rabbit_transient_quorum_queue = False {{(pid=107214) log_opt_values /opt/stack/data/venv/lib/python3.12/site-packages/oslo_config/cfg.py:3006}}
Apr 06 17:22:04.941850 np0000163549 nova-scheduler[107214]: DEBUG cotyledon.oslo_config_glue [-] oslo_messaging_rabbit.rpc_conn_pool_size = 30 {{(pid=107214) log_opt_values /opt/stack/data/venv/lib/python3.12/site-packages/oslo_config/cfg.py:3006}}
Apr 06 17:22:04.941850 np0000163549 nova-scheduler[107214]: DEBUG cotyledon.oslo_config_glue [-] oslo_messaging_rabbit.ssl = False {{(pid=107214) log_opt_values /opt/stack/data/venv/lib/python3.12/site-packages/oslo_config/cfg.py:3006}}
Apr 06 17:22:04.942078 np0000163549 nova-scheduler[107214]: DEBUG cotyledon.oslo_config_glue [-] oslo_messaging_rabbit.ssl_ca_file = {{(pid=107214) log_opt_values /opt/stack/data/venv/lib/python3.12/site-packages/oslo_config/cfg.py:3006}}
Apr 06 17:22:04.942078 np0000163549 nova-scheduler[107214]: DEBUG cotyledon.oslo_config_glue [-] oslo_messaging_rabbit.ssl_cert_file = {{(pid=107214) log_opt_values /opt/stack/data/venv/lib/python3.12/site-packages/oslo_config/cfg.py:3006}}
Apr 06 17:22:04.942078 np0000163549 nova-scheduler[107214]: DEBUG cotyledon.oslo_config_glue [-] oslo_messaging_rabbit.ssl_enforce_fips_mode = False {{(pid=107214) log_opt_values /opt/stack/data/venv/lib/python3.12/site-packages/oslo_config/cfg.py:3006}}
Apr 06 17:22:04.942078 np0000163549 nova-scheduler[107214]: DEBUG cotyledon.oslo_config_glue [-] oslo_messaging_rabbit.ssl_key_file = {{(pid=107214) log_opt_values /opt/stack/data/venv/lib/python3.12/site-packages/oslo_config/cfg.py:3006}}
Apr 06 17:22:04.942078 np0000163549 nova-scheduler[107214]: DEBUG cotyledon.oslo_config_glue [-] oslo_messaging_rabbit.ssl_version = {{(pid=107214) log_opt_values /opt/stack/data/venv/lib/python3.12/site-packages/oslo_config/cfg.py:3006}}
Apr 06 17:22:04.942078 np0000163549 nova-scheduler[107214]: DEBUG cotyledon.oslo_config_glue [-] oslo_messaging_rabbit.use_queue_manager = False {{(pid=107214) log_opt_values /opt/stack/data/venv/lib/python3.12/site-packages/oslo_config/cfg.py:3006}}
Apr 06 17:22:04.942078 np0000163549 nova-scheduler[107214]: DEBUG cotyledon.oslo_config_glue [-] oslo_messaging_notifications.driver = ['messagingv2'] {{(pid=107214) log_opt_values /opt/stack/data/venv/lib/python3.12/site-packages/oslo_config/cfg.py:3006}}
Apr 06 17:22:04.942078 np0000163549 nova-scheduler[107214]: DEBUG cotyledon.oslo_config_glue [-] oslo_messaging_notifications.retry = -1 {{(pid=107214) log_opt_values /opt/stack/data/venv/lib/python3.12/site-packages/oslo_config/cfg.py:3006}}
Apr 06 17:22:04.942078 np0000163549 nova-scheduler[107214]: DEBUG cotyledon.oslo_config_glue [-] oslo_messaging_notifications.topics = ['notifications'] {{(pid=107214) log_opt_values /opt/stack/data/venv/lib/python3.12/site-packages/oslo_config/cfg.py:3006}}
Apr 06 17:22:04.942312 np0000163549 nova-scheduler[107214]: DEBUG cotyledon.oslo_config_glue [-] oslo_messaging_notifications.transport_url = **** {{(pid=107214) log_opt_values /opt/stack/data/venv/lib/python3.12/site-packages/oslo_config/cfg.py:3006}}
Apr 06 17:22:04.942312 np0000163549 nova-scheduler[107214]: DEBUG cotyledon.oslo_config_glue [-] oslo_limit.auth_section = None {{(pid=107214) log_opt_values /opt/stack/data/venv/lib/python3.12/site-packages/oslo_config/cfg.py:3006}}
Apr 06 17:22:04.942312 np0000163549 nova-scheduler[107214]: DEBUG cotyledon.oslo_config_glue [-] oslo_limit.auth_type = None {{(pid=107214) log_opt_values /opt/stack/data/venv/lib/python3.12/site-packages/oslo_config/cfg.py:3006}}
Apr 06 17:22:04.942312 np0000163549 nova-scheduler[107214]: DEBUG cotyledon.oslo_config_glue [-] oslo_limit.cafile = None {{(pid=107214) log_opt_values /opt/stack/data/venv/lib/python3.12/site-packages/oslo_config/cfg.py:3006}}
Apr 06 17:22:04.942312 np0000163549 nova-scheduler[107214]: DEBUG cotyledon.oslo_config_glue [-] oslo_limit.certfile = None {{(pid=107214) log_opt_values /opt/stack/data/venv/lib/python3.12/site-packages/oslo_config/cfg.py:3006}}
Apr 06 17:22:04.942312 np0000163549 nova-scheduler[107214]: DEBUG cotyledon.oslo_config_glue [-] oslo_limit.collect_timing = False {{(pid=107214) log_opt_values /opt/stack/data/venv/lib/python3.12/site-packages/oslo_config/cfg.py:3006}}
Apr 06 17:22:04.942312 np0000163549 nova-scheduler[107214]: DEBUG cotyledon.oslo_config_glue [-] oslo_limit.connect_retries = None {{(pid=107214) log_opt_values /opt/stack/data/venv/lib/python3.12/site-packages/oslo_config/cfg.py:3006}}
Apr 06 17:22:04.942312 np0000163549 nova-scheduler[107214]: DEBUG cotyledon.oslo_config_glue [-] oslo_limit.connect_retry_delay = None {{(pid=107214) log_opt_values /opt/stack/data/venv/lib/python3.12/site-packages/oslo_config/cfg.py:3006}}
Apr 06 17:22:04.942312 np0000163549 nova-scheduler[107214]: DEBUG cotyledon.oslo_config_glue [-] oslo_limit.endpoint_id = None {{(pid=107214) log_opt_values /opt/stack/data/venv/lib/python3.12/site-packages/oslo_config/cfg.py:3006}}
Apr 06 17:22:04.942537 np0000163549 nova-scheduler[107214]: DEBUG cotyledon.oslo_config_glue [-] oslo_limit.endpoint_interface = public {{(pid=107214) log_opt_values /opt/stack/data/venv/lib/python3.12/site-packages/oslo_config/cfg.py:3006}}
Apr 06 17:22:04.942537 np0000163549 nova-scheduler[107214]: DEBUG cotyledon.oslo_config_glue [-] oslo_limit.endpoint_override = None {{(pid=107214) log_opt_values /opt/stack/data/venv/lib/python3.12/site-packages/oslo_config/cfg.py:3006}}
Apr 06 17:22:04.942537 np0000163549 nova-scheduler[107214]: DEBUG cotyledon.oslo_config_glue [-] oslo_limit.endpoint_region_name = None {{(pid=107214) log_opt_values /opt/stack/data/venv/lib/python3.12/site-packages/oslo_config/cfg.py:3006}}
Apr 06 17:22:04.942537 np0000163549 nova-scheduler[107214]: DEBUG cotyledon.oslo_config_glue [-] oslo_limit.endpoint_service_name = None {{(pid=107214) log_opt_values /opt/stack/data/venv/lib/python3.12/site-packages/oslo_config/cfg.py:3006}}
Apr 06 17:22:04.942537 np0000163549 nova-scheduler[107214]: DEBUG cotyledon.oslo_config_glue [-] oslo_limit.endpoint_service_type = None {{(pid=107214) log_opt_values /opt/stack/data/venv/lib/python3.12/site-packages/oslo_config/cfg.py:3006}}
Apr 06 17:22:04.942537 np0000163549 nova-scheduler[107214]: DEBUG cotyledon.oslo_config_glue [-] oslo_limit.insecure = False {{(pid=107214) log_opt_values /opt/stack/data/venv/lib/python3.12/site-packages/oslo_config/cfg.py:3006}}
Apr 06 17:22:04.942537 np0000163549 nova-scheduler[107214]: DEBUG cotyledon.oslo_config_glue [-] oslo_limit.keyfile = None {{(pid=107214) log_opt_values /opt/stack/data/venv/lib/python3.12/site-packages/oslo_config/cfg.py:3006}}
Apr 06 17:22:04.942537 np0000163549 nova-scheduler[107214]: DEBUG cotyledon.oslo_config_glue [-] oslo_limit.max_version = None {{(pid=107214) log_opt_values /opt/stack/data/venv/lib/python3.12/site-packages/oslo_config/cfg.py:3006}}
Apr 06 17:22:04.942537 np0000163549 nova-scheduler[107214]: DEBUG cotyledon.oslo_config_glue [-] oslo_limit.min_version = None {{(pid=107214) log_opt_values /opt/stack/data/venv/lib/python3.12/site-packages/oslo_config/cfg.py:3006}}
Apr 06 17:22:04.942794 np0000163549 nova-scheduler[107214]: DEBUG cotyledon.oslo_config_glue [-] oslo_limit.region_name = None {{(pid=107214) log_opt_values /opt/stack/data/venv/lib/python3.12/site-packages/oslo_config/cfg.py:3006}}
Apr 06 17:22:04.942794 np0000163549 nova-scheduler[107214]: DEBUG cotyledon.oslo_config_glue [-] oslo_limit.retriable_status_codes = None {{(pid=107214) log_opt_values /opt/stack/data/venv/lib/python3.12/site-packages/oslo_config/cfg.py:3006}}
Apr 06 17:22:04.942794 np0000163549 nova-scheduler[107214]: DEBUG cotyledon.oslo_config_glue [-] oslo_limit.service_name = None {{(pid=107214) log_opt_values /opt/stack/data/venv/lib/python3.12/site-packages/oslo_config/cfg.py:3006}}
Apr 06 17:22:04.942794 np0000163549 nova-scheduler[107214]: DEBUG cotyledon.oslo_config_glue [-] oslo_limit.service_type = None {{(pid=107214) log_opt_values /opt/stack/data/venv/lib/python3.12/site-packages/oslo_config/cfg.py:3006}}
Apr 06 17:22:04.942794 np0000163549 nova-scheduler[107214]: DEBUG cotyledon.oslo_config_glue [-] oslo_limit.split_loggers = False {{(pid=107214) log_opt_values /opt/stack/data/venv/lib/python3.12/site-packages/oslo_config/cfg.py:3006}}
Apr 06 17:22:04.942794 np0000163549 nova-scheduler[107214]: DEBUG cotyledon.oslo_config_glue [-] oslo_limit.status_code_retries = None {{(pid=107214) log_opt_values /opt/stack/data/venv/lib/python3.12/site-packages/oslo_config/cfg.py:3006}}
Apr 06 17:22:04.942794 np0000163549 nova-scheduler[107214]: DEBUG cotyledon.oslo_config_glue [-] oslo_limit.status_code_retry_delay = None {{(pid=107214) log_opt_values /opt/stack/data/venv/lib/python3.12/site-packages/oslo_config/cfg.py:3006}}
Apr 06 17:22:04.942794 np0000163549 nova-scheduler[107214]: DEBUG cotyledon.oslo_config_glue [-] oslo_limit.timeout = None {{(pid=107214) log_opt_values /opt/stack/data/venv/lib/python3.12/site-packages/oslo_config/cfg.py:3006}}
Apr 06 17:22:04.942794 np0000163549 nova-scheduler[107214]: DEBUG cotyledon.oslo_config_glue [-] oslo_limit.valid_interfaces = None {{(pid=107214) log_opt_values /opt/stack/data/venv/lib/python3.12/site-packages/oslo_config/cfg.py:3006}}
Apr 06 17:22:04.943075 np0000163549 nova-scheduler[107214]: DEBUG cotyledon.oslo_config_glue [-] oslo_limit.version = None {{(pid=107214) log_opt_values /opt/stack/data/venv/lib/python3.12/site-packages/oslo_config/cfg.py:3006}}
Apr 06 17:22:04.943075 np0000163549 nova-scheduler[107214]: DEBUG cotyledon.oslo_config_glue [-] oslo_reports.file_event_handler = None {{(pid=107214) log_opt_values /opt/stack/data/venv/lib/python3.12/site-packages/oslo_config/cfg.py:3006}}
Apr 06 17:22:04.943075 np0000163549 nova-scheduler[107214]: DEBUG cotyledon.oslo_config_glue [-] oslo_reports.file_event_handler_interval = 1 {{(pid=107214) log_opt_values /opt/stack/data/venv/lib/python3.12/site-packages/oslo_config/cfg.py:3006}}
Apr 06 17:22:04.943075 np0000163549 nova-scheduler[107214]: DEBUG cotyledon.oslo_config_glue [-] oslo_reports.log_dir = None {{(pid=107214) log_opt_values /opt/stack/data/venv/lib/python3.12/site-packages/oslo_config/cfg.py:3006}}
Apr 06 17:22:04.943181 np0000163549 nova-scheduler[107198]: DEBUG oslo_db.sqlalchemy.engines [None req-22a03cbe-9242-436c-91ac-5ad81b3522af None None] MySQL server mode set to STRICT_TRANS_TABLES,STRICT_ALL_TABLES,NO_ZERO_IN_DATE,NO_ZERO_DATE,ERROR_FOR_DIVISION_BY_ZERO,TRADITIONAL,NO_ENGINE_SUBSTITUTION {{(pid=107198) _check_effective_sql_mode /opt/stack/data/venv/lib/python3.12/site-packages/oslo_db/sqlalchemy/engines.py:325}}
Apr 06 17:22:04.943216 np0000163549 nova-scheduler[107214]: DEBUG cotyledon.oslo_config_glue [-] ******************************************************************************** {{(pid=107214) log_opt_values /opt/stack/data/venv/lib/python3.12/site-packages/oslo_config/cfg.py:3013}}
Apr 06 17:22:04.943216 np0000163549 nova-scheduler[107214]: DEBUG cotyledon._service_worker [-] Run service ServiceWrapper(3) [107214] {{(pid=107214) wait_forever /opt/stack/data/venv/lib/python3.12/site-packages/cotyledon/_service_worker.py:218}}
Apr 06 17:22:04.943216 np0000163549 nova-scheduler[107214]: INFO nova.service [-] Starting scheduler node (version 33.1.0)
Apr 06 17:22:04.943297 np0000163549 nova-scheduler[107205]: DEBUG dbcounter [-] [107205] Writer thread running {{(pid=107205) stat_writer /opt/stack/data/venv/lib/python3.12/site-packages/dbcounter.py:102}}
Apr 06 17:22:04.943326 np0000163549 nova-scheduler[107214]: INFO dbcounter [None req-a51afe94-a280-4661-b2b4-725557c4fe9d None None] Registered counter for database nova_cell0
Apr 06 17:22:04.943354 np0000163549 nova-scheduler[107188]: DEBUG nova.service [None req-9e9ac97f-69ac-4bc2-882b-6b3160390d41 None None] Creating RPC server for service: nova-scheduler on topic: scheduler {{(pid=107188) start /opt/stack/nova/nova/service.py:195}}
Apr 06 17:22:04.943389 np0000163549 nova-scheduler[107198]: DEBUG dbcounter [-] [107198] Writer thread running {{(pid=107198) stat_writer /opt/stack/data/venv/lib/python3.12/site-packages/dbcounter.py:102}}
Apr 06 17:22:04.944346 np0000163549 nova-scheduler[107214]: DEBUG oslo_db.sqlalchemy.engines [None req-a51afe94-a280-4661-b2b4-725557c4fe9d None None] MySQL server mode set to STRICT_TRANS_TABLES,STRICT_ALL_TABLES,NO_ZERO_IN_DATE,NO_ZERO_DATE,ERROR_FOR_DIVISION_BY_ZERO,TRADITIONAL,NO_ENGINE_SUBSTITUTION {{(pid=107214) _check_effective_sql_mode /opt/stack/data/venv/lib/python3.12/site-packages/oslo_db/sqlalchemy/engines.py:325}}
Apr 06 17:22:04.944834 np0000163549 nova-scheduler[107198]: DEBUG nova.service [None req-22a03cbe-9242-436c-91ac-5ad81b3522af None None] Creating RPC server for service: nova-scheduler on topic: scheduler {{(pid=107198) start /opt/stack/nova/nova/service.py:195}}
Apr 06 17:22:04.952365 np0000163549 nova-scheduler[107205]: DEBUG nova.service [None req-c14fff8c-7236-49d0-ac3a-da979ced3cf3 None None] Creating RPC server for service: nova-scheduler on topic: scheduler {{(pid=107205) start /opt/stack/nova/nova/service.py:195}}
Apr 06 17:22:04.956284 np0000163549 nova-scheduler[107214]: DEBUG dbcounter [-] [107214] Writer thread running {{(pid=107214) stat_writer /opt/stack/data/venv/lib/python3.12/site-packages/dbcounter.py:102}}
Apr 06 17:22:04.959058 np0000163549 nova-scheduler[107214]: DEBUG nova.service [None req-a51afe94-a280-4661-b2b4-725557c4fe9d None None] Creating RPC server for service: nova-scheduler on topic: scheduler {{(pid=107214) start /opt/stack/nova/nova/service.py:195}}
Apr 06 17:22:04.972484 np0000163549 nova-scheduler[107188]: DEBUG nova.service [None req-9e9ac97f-69ac-4bc2-882b-6b3160390d41 None None] Join ServiceGroup membership for this service scheduler {{(pid=107188) start /opt/stack/nova/nova/service.py:221}}
Apr 06 17:22:04.972695 np0000163549 nova-scheduler[107188]: DEBUG nova.servicegroup.drivers.db [None req-9e9ac97f-69ac-4bc2-882b-6b3160390d41 None None] DB_Driver: join new ServiceGroup member np0000163549 to the scheduler group, service = {{(pid=107188) join /opt/stack/nova/nova/servicegroup/drivers/db.py:44}}
Apr 06 17:22:04.976734 np0000163549 nova-scheduler[107205]: DEBUG nova.service [None req-c14fff8c-7236-49d0-ac3a-da979ced3cf3 None None] Join ServiceGroup membership for this service scheduler {{(pid=107205) start /opt/stack/nova/nova/service.py:221}}
Apr 06 17:22:04.977018 np0000163549 nova-scheduler[107205]: DEBUG nova.servicegroup.drivers.db [None req-c14fff8c-7236-49d0-ac3a-da979ced3cf3 None None] DB_Driver: join new ServiceGroup member np0000163549 to the scheduler group, service = {{(pid=107205) join /opt/stack/nova/nova/servicegroup/drivers/db.py:44}}
Apr 06 17:22:04.979139 np0000163549 nova-scheduler[107214]: DEBUG nova.service [None req-a51afe94-a280-4661-b2b4-725557c4fe9d None None] Join ServiceGroup membership for this service scheduler {{(pid=107214) start /opt/stack/nova/nova/service.py:221}}
Apr 06 17:22:04.979413 np0000163549 nova-scheduler[107214]: DEBUG nova.servicegroup.drivers.db [None req-a51afe94-a280-4661-b2b4-725557c4fe9d None None] DB_Driver: join new ServiceGroup member np0000163549 to the scheduler group, service = {{(pid=107214) join /opt/stack/nova/nova/servicegroup/drivers/db.py:44}}
Apr 06 17:22:04.982054 np0000163549 nova-scheduler[107198]: DEBUG nova.service [None req-22a03cbe-9242-436c-91ac-5ad81b3522af None None] Join ServiceGroup membership for this service scheduler {{(pid=107198) start /opt/stack/nova/nova/service.py:221}}
Apr 06 17:22:04.982225 np0000163549 nova-scheduler[107198]: DEBUG nova.servicegroup.drivers.db [None req-22a03cbe-9242-436c-91ac-5ad81b3522af None None] DB_Driver: join new ServiceGroup member np0000163549 to the scheduler group, service = {{(pid=107198) join /opt/stack/nova/nova/servicegroup/drivers/db.py:44}}
Apr 06 17:22:05.985186 np0000163549 nova-scheduler[107198]: DEBUG oslo.service.backend._threading.loopingcall [None req-03d845ee-b960-4c3b-9234-c0371b4005c2 None None] Dynamic interval looping call 'nova.service.Service.periodic_tasks' sleeping for 60.00 seconds {{(pid=107198) _run_loop /opt/stack/data/venv/lib/python3.12/site-packages/oslo_service/backend/_threading/loopingcall.py:125}}
Apr 06 17:22:09.992100 np0000163549 nova-scheduler[107188]: DEBUG oslo.service.backend._threading.loopingcall [-] Fixed interval looping call 'nova.servicegroup.drivers.db.DbDriver._report_state' sleeping for 119.98 seconds {{(pid=107188) _run_loop /opt/stack/data/venv/lib/python3.12/site-packages/oslo_service/backend/_threading/loopingcall.py:125}}
Apr 06 17:22:09.994276 np0000163549 nova-scheduler[107205]: DEBUG oslo.service.backend._threading.loopingcall [-] Fixed interval looping call 'nova.servicegroup.drivers.db.DbDriver._report_state' sleeping for 119.98 seconds {{(pid=107205) _run_loop /opt/stack/data/venv/lib/python3.12/site-packages/oslo_service/backend/_threading/loopingcall.py:125}}
Apr 06 17:22:09.994726 np0000163549 nova-scheduler[107214]: DEBUG oslo.service.backend._threading.loopingcall [-] Fixed interval looping call 'nova.servicegroup.drivers.db.DbDriver._report_state' sleeping for 119.99 seconds {{(pid=107214) _run_loop /opt/stack/data/venv/lib/python3.12/site-packages/oslo_service/backend/_threading/loopingcall.py:125}}
Apr 06 17:22:09.995104 np0000163549 nova-scheduler[107198]: DEBUG oslo.service.backend._threading.loopingcall [-] Fixed interval looping call 'nova.servicegroup.drivers.db.DbDriver._report_state' sleeping for 119.99 seconds {{(pid=107198) _run_loop /opt/stack/data/venv/lib/python3.12/site-packages/oslo_service/backend/_threading/loopingcall.py:125}}
Apr 06 17:22:13.571482 np0000163549 nova-scheduler[106486]: DEBUG dbcounter [-] [106486] Writing DB stats nova_api:SELECT=3 {{(pid=106486) stat_writer /opt/stack/data/venv/lib/python3.12/site-packages/dbcounter.py:115}}
Apr 06 17:22:13.667378 np0000163549 nova-scheduler[106486]: DEBUG dbcounter [-] [106486] Writing DB stats nova_cell0:SELECT=1 {{(pid=106486) stat_writer /opt/stack/data/venv/lib/python3.12/site-packages/dbcounter.py:115}}
Apr 06 17:22:13.673501 np0000163549 nova-scheduler[106486]: DEBUG dbcounter [-] [106486] Writing DB stats nova_cell1:SELECT=1 {{(pid=106486) stat_writer /opt/stack/data/venv/lib/python3.12/site-packages/dbcounter.py:115}}
Apr 06 17:22:19.985537 np0000163549 nova-scheduler[107188]: DEBUG dbcounter [-] [107188] Writing DB stats nova_cell0:SELECT=4,nova_cell0:INSERT=1,nova_cell0:UPDATE=1 {{(pid=107188) stat_writer /opt/stack/data/venv/lib/python3.12/site-packages/dbcounter.py:115}}
Apr 06 17:22:20.005984 np0000163549 nova-scheduler[107198]: DEBUG dbcounter [-] [107198] Writing DB stats nova_cell0:SELECT=3 {{(pid=107198) stat_writer /opt/stack/data/venv/lib/python3.12/site-packages/dbcounter.py:115}}
Apr 06 17:22:20.006662 np0000163549 nova-scheduler[107205]: DEBUG dbcounter [-] [107205] Writing DB stats nova_cell0:SELECT=5,nova_cell0:INSERT=1,nova_cell0:UPDATE=1 {{(pid=107205) stat_writer /opt/stack/data/venv/lib/python3.12/site-packages/dbcounter.py:115}}
Apr 06 17:22:20.007055 np0000163549 nova-scheduler[107214]: DEBUG dbcounter [-] [107214] Writing DB stats nova_cell0:SELECT=3,nova_cell0:UPDATE=1 {{(pid=107214) stat_writer /opt/stack/data/venv/lib/python3.12/site-packages/dbcounter.py:115}}
Apr 06 17:22:39.981427 np0000163549 nova-scheduler[107205]: DEBUG oslo.service.backend._threading.loopingcall [None req-b945025c-35a3-4aad-8fa3-9cf9076cd1fd None None] Dynamic interval looping call 'nova.service.Service.periodic_tasks' sleeping for 60.00 seconds {{(pid=107205) _run_loop /opt/stack/data/venv/lib/python3.12/site-packages/oslo_service/backend/_threading/loopingcall.py:125}}
Apr 06 17:22:42.981831 np0000163549 nova-scheduler[107214]: DEBUG oslo.service.backend._threading.loopingcall [None req-278b4041-4a93-41ab-ba52-53c6a4fbea5b None None] Dynamic interval looping call 'nova.service.Service.periodic_tasks' sleeping for 60.00 seconds {{(pid=107214) _run_loop /opt/stack/data/venv/lib/python3.12/site-packages/oslo_service/backend/_threading/loopingcall.py:125}}
Apr 06 17:22:54.975251 np0000163549 nova-scheduler[107188]: DEBUG oslo.service.backend._threading.loopingcall [None req-fc453b5b-bb35-452e-925b-65004e86cb2f None None] Dynamic interval looping call 'nova.service.Service.periodic_tasks' sleeping for 60.00 seconds {{(pid=107188) _run_loop /opt/stack/data/venv/lib/python3.12/site-packages/oslo_service/backend/_threading/loopingcall.py:125}}
Apr 06 17:23:05.986246 np0000163549 nova-scheduler[107198]: DEBUG oslo.service.backend._threading.loopingcall [None req-03d845ee-b960-4c3b-9234-c0371b4005c2 None None] Dynamic interval looping call 'nova.service.Service.periodic_tasks' sleeping for 60.00 seconds {{(pid=107198) _run_loop /opt/stack/data/venv/lib/python3.12/site-packages/oslo_service/backend/_threading/loopingcall.py:125}}
Apr 06 17:23:39.982164 np0000163549 nova-scheduler[107205]: DEBUG oslo.service.backend._threading.loopingcall [None req-b945025c-35a3-4aad-8fa3-9cf9076cd1fd None None] Dynamic interval looping call 'nova.service.Service.periodic_tasks' sleeping for 60.00 seconds {{(pid=107205) _run_loop /opt/stack/data/venv/lib/python3.12/site-packages/oslo_service/backend/_threading/loopingcall.py:125}}
Apr 06 17:23:42.982563 np0000163549 nova-scheduler[107214]: DEBUG oslo.service.backend._threading.loopingcall [None req-278b4041-4a93-41ab-ba52-53c6a4fbea5b None None] Dynamic interval looping call 'nova.service.Service.periodic_tasks' sleeping for 60.00 seconds {{(pid=107214) _run_loop /opt/stack/data/venv/lib/python3.12/site-packages/oslo_service/backend/_threading/loopingcall.py:125}}
Apr 06 17:23:54.976238 np0000163549 nova-scheduler[107188]: DEBUG oslo.service.backend._threading.loopingcall [None req-fc453b5b-bb35-452e-925b-65004e86cb2f None None] Dynamic interval looping call 'nova.service.Service.periodic_tasks' sleeping for 60.00 seconds {{(pid=107188) _run_loop /opt/stack/data/venv/lib/python3.12/site-packages/oslo_service/backend/_threading/loopingcall.py:125}}
Apr 06 17:24:05.987120 np0000163549 nova-scheduler[107198]: DEBUG oslo.service.backend._threading.loopingcall [None req-03d845ee-b960-4c3b-9234-c0371b4005c2 None None] Dynamic interval looping call 'nova.service.Service.periodic_tasks' sleeping for 60.00 seconds {{(pid=107198) _run_loop /opt/stack/data/venv/lib/python3.12/site-packages/oslo_service/backend/_threading/loopingcall.py:125}}
Apr 06 17:24:09.990605 np0000163549 nova-scheduler[107205]: DEBUG oslo.service.backend._threading.loopingcall [-] Fixed interval looping call 'nova.servicegroup.drivers.db.DbDriver._report_state' sleeping for 119.98 seconds {{(pid=107205) _run_loop /opt/stack/data/venv/lib/python3.12/site-packages/oslo_service/backend/_threading/loopingcall.py:125}}
Apr 06 17:24:09.991242 np0000163549 nova-scheduler[107188]: DEBUG oslo.service.backend._threading.loopingcall [-] Fixed interval looping call 'nova.servicegroup.drivers.db.DbDriver._report_state' sleeping for 119.98 seconds {{(pid=107188) _run_loop /opt/stack/data/venv/lib/python3.12/site-packages/oslo_service/backend/_threading/loopingcall.py:125}}
Apr 06 17:24:09.992036 np0000163549 nova-scheduler[107198]: DEBUG oslo.service.backend._threading.loopingcall [-] Fixed interval looping call 'nova.servicegroup.drivers.db.DbDriver._report_state' sleeping for 119.99 seconds {{(pid=107198) _run_loop /opt/stack/data/venv/lib/python3.12/site-packages/oslo_service/backend/_threading/loopingcall.py:125}}
Apr 06 17:24:09.993869 np0000163549 nova-scheduler[107214]: DEBUG oslo.service.backend._threading.loopingcall [-] Fixed interval looping call 'nova.servicegroup.drivers.db.DbDriver._report_state' sleeping for 119.99 seconds {{(pid=107214) _run_loop /opt/stack/data/venv/lib/python3.12/site-packages/oslo_service/backend/_threading/loopingcall.py:125}}
Apr 06 17:24:19.980324 np0000163549 nova-scheduler[107205]: DEBUG dbcounter [-] [107205] Writing DB stats nova_cell0:SELECT=1,nova_cell0:UPDATE=1 {{(pid=107205) stat_writer /opt/stack/data/venv/lib/python3.12/site-packages/dbcounter.py:115}}
Apr 06 17:24:19.981766 np0000163549 nova-scheduler[107188]: DEBUG dbcounter [-] [107188] Writing DB stats nova_cell0:SELECT=1,nova_cell0:UPDATE=1 {{(pid=107188) stat_writer /opt/stack/data/venv/lib/python3.12/site-packages/dbcounter.py:115}}
Apr 06 17:24:19.990022 np0000163549 nova-scheduler[107198]: DEBUG dbcounter [-] [107198] Writing DB stats nova_cell0:SELECT=1 {{(pid=107198) stat_writer /opt/stack/data/venv/lib/python3.12/site-packages/dbcounter.py:115}}
Apr 06 17:24:19.991523 np0000163549 nova-scheduler[107214]: DEBUG dbcounter [-] [107214] Writing DB stats nova_cell0:SELECT=1 {{(pid=107214) stat_writer /opt/stack/data/venv/lib/python3.12/site-packages/dbcounter.py:115}}
Apr 06 17:24:39.983013 np0000163549 nova-scheduler[107205]: DEBUG oslo.service.backend._threading.loopingcall [None req-b945025c-35a3-4aad-8fa3-9cf9076cd1fd None None] Dynamic interval looping call 'nova.service.Service.periodic_tasks' sleeping for 60.00 seconds {{(pid=107205) _run_loop /opt/stack/data/venv/lib/python3.12/site-packages/oslo_service/backend/_threading/loopingcall.py:125}}
Apr 06 17:24:42.983306 np0000163549 nova-scheduler[107214]: DEBUG oslo.service.backend._threading.loopingcall [None req-278b4041-4a93-41ab-ba52-53c6a4fbea5b None None] Dynamic interval looping call 'nova.service.Service.periodic_tasks' sleeping for 60.00 seconds {{(pid=107214) _run_loop /opt/stack/data/venv/lib/python3.12/site-packages/oslo_service/backend/_threading/loopingcall.py:125}}
Apr 06 17:24:54.977445 np0000163549 nova-scheduler[107188]: DEBUG oslo.service.backend._threading.loopingcall [None req-fc453b5b-bb35-452e-925b-65004e86cb2f None None] Dynamic interval looping call 'nova.service.Service.periodic_tasks' sleeping for 60.00 seconds {{(pid=107188) _run_loop /opt/stack/data/venv/lib/python3.12/site-packages/oslo_service/backend/_threading/loopingcall.py:125}}
Apr 06 17:25:05.988022 np0000163549 nova-scheduler[107198]: DEBUG oslo.service.backend._threading.loopingcall [None req-03d845ee-b960-4c3b-9234-c0371b4005c2 None None] Dynamic interval looping call 'nova.service.Service.periodic_tasks' sleeping for 60.00 seconds {{(pid=107198) _run_loop /opt/stack/data/venv/lib/python3.12/site-packages/oslo_service/backend/_threading/loopingcall.py:125}}
Apr 06 17:25:39.983899 np0000163549 nova-scheduler[107205]: DEBUG oslo.service.backend._threading.loopingcall [None req-b945025c-35a3-4aad-8fa3-9cf9076cd1fd None None] Dynamic interval looping call 'nova.service.Service.periodic_tasks' sleeping for 60.00 seconds {{(pid=107205) _run_loop /opt/stack/data/venv/lib/python3.12/site-packages/oslo_service/backend/_threading/loopingcall.py:125}}
Apr 06 17:25:42.984245 np0000163549 nova-scheduler[107214]: DEBUG oslo.service.backend._threading.loopingcall [None req-278b4041-4a93-41ab-ba52-53c6a4fbea5b None None] Dynamic interval looping call 'nova.service.Service.periodic_tasks' sleeping for 60.00 seconds {{(pid=107214) _run_loop /opt/stack/data/venv/lib/python3.12/site-packages/oslo_service/backend/_threading/loopingcall.py:125}}
Apr 06 17:25:54.978270 np0000163549 nova-scheduler[107188]: DEBUG oslo.service.backend._threading.loopingcall [None req-fc453b5b-bb35-452e-925b-65004e86cb2f None None] Dynamic interval looping call 'nova.service.Service.periodic_tasks' sleeping for 60.00 seconds {{(pid=107188) _run_loop /opt/stack/data/venv/lib/python3.12/site-packages/oslo_service/backend/_threading/loopingcall.py:125}}
Apr 06 17:26:05.988677 np0000163549 nova-scheduler[107198]: DEBUG oslo.service.backend._threading.loopingcall [None req-03d845ee-b960-4c3b-9234-c0371b4005c2 None None] Dynamic interval looping call 'nova.service.Service.periodic_tasks' sleeping for 60.00 seconds {{(pid=107198) _run_loop /opt/stack/data/venv/lib/python3.12/site-packages/oslo_service/backend/_threading/loopingcall.py:125}}
Apr 06 17:26:09.983039 np0000163549 nova-scheduler[107205]: DEBUG oslo.service.backend._threading.loopingcall [-] Fixed interval looping call 'nova.servicegroup.drivers.db.DbDriver._report_state' sleeping for 119.99 seconds {{(pid=107205) _run_loop /opt/stack/data/venv/lib/python3.12/site-packages/oslo_service/backend/_threading/loopingcall.py:125}}
Apr 06 17:26:09.983960 np0000163549 nova-scheduler[107188]: DEBUG oslo.service.backend._threading.loopingcall [-] Fixed interval looping call 'nova.servicegroup.drivers.db.DbDriver._report_state' sleeping for 119.99 seconds {{(pid=107188) _run_loop /opt/stack/data/venv/lib/python3.12/site-packages/oslo_service/backend/_threading/loopingcall.py:125}}
Apr 06 17:26:09.987407 np0000163549 nova-scheduler[107198]: DEBUG oslo.service.backend._threading.loopingcall [-] Fixed interval looping call 'nova.servicegroup.drivers.db.DbDriver._report_state' sleeping for 120.00 seconds {{(pid=107198) _run_loop /opt/stack/data/venv/lib/python3.12/site-packages/oslo_service/backend/_threading/loopingcall.py:125}}
Apr 06 17:26:09.988772 np0000163549 nova-scheduler[107214]: DEBUG oslo.service.backend._threading.loopingcall [-] Fixed interval looping call 'nova.servicegroup.drivers.db.DbDriver._report_state' sleeping for 120.00 seconds {{(pid=107214) _run_loop /opt/stack/data/venv/lib/python3.12/site-packages/oslo_service/backend/_threading/loopingcall.py:125}}
Apr 06 17:26:19.975679 np0000163549 nova-scheduler[107205]: DEBUG dbcounter [-] [107205] Writing DB stats nova_cell0:SELECT=1,nova_cell0:UPDATE=1 {{(pid=107205) stat_writer /opt/stack/data/venv/lib/python3.12/site-packages/dbcounter.py:115}}
Apr 06 17:26:19.977846 np0000163549 nova-scheduler[107188]: DEBUG dbcounter [-] [107188] Writing DB stats nova_cell0:SELECT=1,nova_cell0:UPDATE=1 {{(pid=107188) stat_writer /opt/stack/data/venv/lib/python3.12/site-packages/dbcounter.py:115}}
Apr 06 17:26:19.984796 np0000163549 nova-scheduler[107198]: DEBUG dbcounter [-] [107198] Writing DB stats nova_cell0:SELECT=1 {{(pid=107198) stat_writer /opt/stack/data/venv/lib/python3.12/site-packages/dbcounter.py:115}}
Apr 06 17:26:19.986403 np0000163549 nova-scheduler[107214]: DEBUG dbcounter [-] [107214] Writing DB stats nova_cell0:SELECT=1 {{(pid=107214) stat_writer /opt/stack/data/venv/lib/python3.12/site-packages/dbcounter.py:115}}
Apr 06 17:26:39.984620 np0000163549 nova-scheduler[107205]: DEBUG oslo.service.backend._threading.loopingcall [None req-b945025c-35a3-4aad-8fa3-9cf9076cd1fd None None] Dynamic interval looping call 'nova.service.Service.periodic_tasks' sleeping for 60.00 seconds {{(pid=107205) _run_loop /opt/stack/data/venv/lib/python3.12/site-packages/oslo_service/backend/_threading/loopingcall.py:125}}
