2026-06-26 04:48:44.501 10 WARNING neutron.scheduler.dhcp_agent_scheduler [None req-a98a66ca-def7-4872-aab3-9a7be3cc599e ec6c7648d83e4a789f48bcf73b30f214 4b6e303897f14492b20f5faf5e634299 - - default default] No more DHCP agents
2026-06-26 04:48:44.502 10 WARNING neutron.api.rpc.agentnotifiers.dhcp_rpc_agent_api [None req-a98a66ca-def7-4872-aab3-9a7be3cc599e ec6c7648d83e4a789f48bcf73b30f214 4b6e303897f14492b20f5faf5e634299 - - default default] Unable to schedule network b7770901-9688-409c-a6cb-8b9471e537c6: no agents available; will retry on subsequent port and subnet creation events.
2026-06-26 04:48:44.604 10 INFO neutron.db.ovn_revision_numbers_db [None req-a0b747ae-507c-41ea-8003-6e8dabbc691c ded23f2cdb7e4c9295800275f6291be6 4e78bc56101241b69e3b16de49ca9730 - - default default] Successfully bumped revision number for resource 757a1f3f-1fc0-4044-9e6c-ac7028bca3af (type: security_groups) to 1
2026-06-26 04:48:44.632 10 INFO neutron.db.ovn_revision_numbers_db [None req-a0b747ae-507c-41ea-8003-6e8dabbc691c ded23f2cdb7e4c9295800275f6291be6 4e78bc56101241b69e3b16de49ca9730 - - default default] Successfully bumped revision number for resource 52522f8a-c195-4a66-bc3d-d4d2327ebccb (type: security_group_rules) to 0
2026-06-26 04:48:44.648 10 INFO neutron.db.ovn_revision_numbers_db [None req-a0b747ae-507c-41ea-8003-6e8dabbc691c ded23f2cdb7e4c9295800275f6291be6 4e78bc56101241b69e3b16de49ca9730 - - default default] Successfully bumped revision number for resource bdd4d363-a9da-4a4d-b139-71bac60131b2 (type: security_group_rules) to 0
2026-06-26 04:48:44.650 10 INFO neutron.db.ovn_revision_numbers_db [None req-a98a66ca-def7-4872-aab3-9a7be3cc599e ec6c7648d83e4a789f48bcf73b30f214 4b6e303897f14492b20f5faf5e634299 - - default default] Successfully bumped revision number for resource fb0005c0-85fd-40dd-abd0-187bef8f161e (type: router_ports) to 1
2026-06-26 04:48:44.655 10 INFO neutron.wsgi [None req-a98a66ca-def7-4872-aab3-9a7be3cc599e ec6c7648d83e4a789f48bcf73b30f214 4b6e303897f14492b20f5faf5e634299 - - default default] 10.0.0.33 "PUT /v2.0/routers/c121dd22-68aa-49e0-9d40-20ec2b5258ca/add_router_interface HTTP/1.1" status: 200 len: 503 time: 1.6839244
2026-06-26 04:48:44.665 10 INFO neutron.db.ovn_revision_numbers_db [None req-a0b747ae-507c-41ea-8003-6e8dabbc691c ded23f2cdb7e4c9295800275f6291be6 4e78bc56101241b69e3b16de49ca9730 - - default default] Successfully bumped revision number for resource f73282ca-e6e1-4f1b-a043-89b979cf2ad2 (type: security_group_rules) to 0
2026-06-26 04:48:44.687 10 INFO neutron.db.ovn_revision_numbers_db [None req-a0b747ae-507c-41ea-8003-6e8dabbc691c ded23f2cdb7e4c9295800275f6291be6 4e78bc56101241b69e3b16de49ca9730 - - default default] Successfully bumped revision number for resource f8b5a4c8-8842-45d7-825b-8b7bcc044851 (type: security_group_rules) to 0
2026-06-26 04:48:44.706 10 INFO neutron.wsgi [None req-a0b747ae-507c-41ea-8003-6e8dabbc691c ded23f2cdb7e4c9295800275f6291be6 4e78bc56101241b69e3b16de49ca9730 - - default default] 10.0.0.33 "GET /v2.0/security-groups?tenant_id=20037c333a424b5d8629e528df0c90ab&name=default HTTP/1.1" status: 200 len: 3120 time: 0.2785835
2026-06-26 04:48:44.709 9 INFO neutron.wsgi [None req-06abbdab-81dc-41cf-9b8b-efd6a7c683a5 ec6c7648d83e4a789f48bcf73b30f214 4b6e303897f14492b20f5faf5e634299 - - default default] 10.0.0.33 "GET /v2.0/ports/fb0005c0-85fd-40dd-abd0-187bef8f161e HTTP/1.1" status: 200 len: 1139 time: 0.0465665
2026-06-26 04:48:44.747 9 INFO neutron.wsgi [None req-540219d4-65aa-4ce8-b844-89ad34722fe1 ec6c7648d83e4a789f48bcf73b30f214 4b6e303897f14492b20f5faf5e634299 - - default default] 10.0.0.33 "GET /v2.0/ports/fb0005c0-85fd-40dd-abd0-187bef8f161e HTTP/1.1" status: 200 len: 1139 time: 0.0331087
2026-06-26 04:48:44.782 9 WARNING neutron.plugins.ml2.drivers.ovn.mech_driver.ovsdb.ovn_client [None req-9bff111f-9d5d-4006-ab7a-7deeb4049bf7 - - - - - -] No port found with ID 4972e702-4cb7-4399-b4a9-4bac57fcd932: RuntimeError: No port found with ID 4972e702-4cb7-4399-b4a9-4bac57fcd932
2026-06-26 04:48:44.783 9 INFO neutron.plugins.ml2.drivers.ovn.mech_driver.mech_driver [None req-9bff111f-9d5d-4006-ab7a-7deeb4049bf7 - - - - - -] OVN reports status up for port: 1f17f291-0a44-4487-afa1-11aea283b854
2026-06-26 04:48:44.789 9 INFO neutron.plugins.ml2.plugin [None req-9bff111f-9d5d-4006-ab7a-7deeb4049bf7 - - - - - -] Attempt 1 to provision port 1f17f291-0a44-4487-afa1-11aea283b854
2026-06-26 04:48:44.895 10 INFO neutron.wsgi [None req-653c8ec9-3307-4920-9ca2-b82998408366 ded23f2cdb7e4c9295800275f6291be6 4e78bc56101241b69e3b16de49ca9730 - - default default] 10.0.0.33 "DELETE /v2.0/security-groups/757a1f3f-1fc0-4044-9e6c-ac7028bca3af HTTP/1.1" status: 204 len: 168 time: 0.1850598
2026-06-26 04:48:45.221 10 INFO neutron.wsgi [None req-3a072791-1873-4e7e-afaa-bc181f6c3c91 bd05d836a8f442378a1675b9e2a4f72b 2b2373ccecd24da9bfff5a592bfcc80b - - default default] 10.0.0.33 "GET /v2.0/ports/b5bedd13-715e-4d84-9fec-a2c7c32f55f6 HTTP/1.1" status: 200 len: 1135 time: 0.0464759
2026-06-26 04:48:45.240 9 INFO neutron.db.ovn_revision_numbers_db [None req-9bff111f-9d5d-4006-ab7a-7deeb4049bf7 - - - - - -] Successfully bumped revision number for resource 1f17f291-0a44-4487-afa1-11aea283b854 (type: ports) to 2
2026-06-26 04:48:45.383 9 INFO neutron.db.ovn_revision_numbers_db [None req-9bff111f-9d5d-4006-ab7a-7deeb4049bf7 - - - - - -] Successfully bumped revision number for resource 1f17f291-0a44-4487-afa1-11aea283b854 (type: router_ports) to 2
2026-06-26 04:48:45.797 9 INFO neutron.wsgi [None req-2804f95f-f607-4c7a-97ea-6d32d1f959cc ec6c7648d83e4a789f48bcf73b30f214 4b6e303897f14492b20f5faf5e634299 - - default default] 10.0.0.33 "GET /v2.0/ports/fb0005c0-85fd-40dd-abd0-187bef8f161e HTTP/1.1" status: 200 len: 1139 time: 0.0404794
2026-06-26 04:48:46.323 9 INFO neutron.wsgi [None req-405fb6a6-e52b-4c92-992b-488e95cb34ba bd05d836a8f442378a1675b9e2a4f72b 2b2373ccecd24da9bfff5a592bfcc80b - - default default] 10.0.0.33 "GET /v2.0/ports/b5bedd13-715e-4d84-9fec-a2c7c32f55f6 HTTP/1.1" status: 200 len: 1135 time: 0.0955455
2026-06-26 04:48:46.843 9 INFO neutron.wsgi [None req-f8a7017e-c3c9-4e73-8acf-d990a40d0d23 ec6c7648d83e4a789f48bcf73b30f214 4b6e303897f14492b20f5faf5e634299 - - default default] 10.0.0.33 "GET /v2.0/ports/fb0005c0-85fd-40dd-abd0-187bef8f161e HTTP/1.1" status: 200 len: 1139 time: 0.0407095
2026-06-26 04:48:47.429 10 INFO neutron.wsgi [None req-4a21b549-9f1c-4f99-bfe4-f8da7b9625e0 bd05d836a8f442378a1675b9e2a4f72b 2b2373ccecd24da9bfff5a592bfcc80b - - default default] 10.0.0.33 "GET /v2.0/ports/b5bedd13-715e-4d84-9fec-a2c7c32f55f6 HTTP/1.1" status: 200 len: 1135 time: 0.0981972
2026-06-26 04:48:47.449 9 INFO neutron.db.ovn_revision_numbers_db [None req-151dc5fd-2480-4a03-a30e-ed8bc2c34566 ded23f2cdb7e4c9295800275f6291be6 4e78bc56101241b69e3b16de49ca9730 - - default default] Successfully bumped revision number for resource 5eadf72c-225c-4a3f-8f10-2ea7819a3eb1 (type: security_groups) to 1
2026-06-26 04:48:47.469 9 INFO neutron.db.ovn_revision_numbers_db [None req-151dc5fd-2480-4a03-a30e-ed8bc2c34566 ded23f2cdb7e4c9295800275f6291be6 4e78bc56101241b69e3b16de49ca9730 - - default default] Successfully bumped revision number for resource 207f1583-feb2-487d-8c41-451e19e0be99 (type: security_group_rules) to 0
2026-06-26 04:48:47.485 9 INFO neutron.db.ovn_revision_numbers_db [None req-151dc5fd-2480-4a03-a30e-ed8bc2c34566 ded23f2cdb7e4c9295800275f6291be6 4e78bc56101241b69e3b16de49ca9730 - - default default] Successfully bumped revision number for resource 64012b8f-2ca0-481f-bdc2-7eb07d9a6426 (type: security_group_rules) to 0
2026-06-26 04:48:47.503 9 INFO neutron.db.ovn_revision_numbers_db [None req-151dc5fd-2480-4a03-a30e-ed8bc2c34566 ded23f2cdb7e4c9295800275f6291be6 4e78bc56101241b69e3b16de49ca9730 - - default default] Successfully bumped revision number for resource 6e4bb9a1-69c3-4235-9912-4db8d5605070 (type: security_group_rules) to 0
2026-06-26 04:48:47.515 9 INFO neutron.db.ovn_revision_numbers_db [None req-151dc5fd-2480-4a03-a30e-ed8bc2c34566 ded23f2cdb7e4c9295800275f6291be6 4e78bc56101241b69e3b16de49ca9730 - - default default] Successfully bumped revision number for resource 7fbddb96-3698-40d6-b7cc-95c49778bd6f (type: security_group_rules) to 0
2026-06-26 04:48:47.542 9 INFO neutron.wsgi [None req-151dc5fd-2480-4a03-a30e-ed8bc2c34566 ded23f2cdb7e4c9295800275f6291be6 4e78bc56101241b69e3b16de49ca9730 - - default default] 10.0.0.33 "GET /v2.0/security-groups?tenant_id=27a3d6cd728d47fbb675775819d01456&name=default HTTP/1.1" status: 200 len: 3120 time: 0.3917477
2026-06-26 04:48:47.797 10 INFO neutron.wsgi [None req-aceb2d0b-bafc-49af-84f2-e70501d8ee77 ded23f2cdb7e4c9295800275f6291be6 4e78bc56101241b69e3b16de49ca9730 - - default default] 10.0.0.33 "DELETE /v2.0/security-groups/5eadf72c-225c-4a3f-8f10-2ea7819a3eb1 HTTP/1.1" status: 204 len: 168 time: 0.2475228
2026-06-26 04:48:47.941 10 INFO neutron.wsgi [None req-11690dd2-0599-465d-a253-0d559503e478 ec6c7648d83e4a789f48bcf73b30f214 4b6e303897f14492b20f5faf5e634299 - - default default] 10.0.0.33 "GET /v2.0/ports/fb0005c0-85fd-40dd-abd0-187bef8f161e HTTP/1.1" status: 200 len: 1139 time: 0.0922043
2026-06-26 04:48:48.334 10 WARNING neutron_lib.context [None req-bc317e50-29b0-405b-9346-ba475d126d05 55b7f588a34945238c57de06fbea02d5 07367f06fbc946f8b81aaa7325418759 - - default default] Method 'is_advsvc' is deprecated since 2023.2 release (neutron-lib 3.8.0) and will be removed once support for the old RBAC API policies will be removed from Neutron. Please use method 'is_service_role' instead.
2026-06-26 04:48:48.396 10 INFO neutron.wsgi [None req-bc317e50-29b0-405b-9346-ba475d126d05 55b7f588a34945238c57de06fbea02d5 07367f06fbc946f8b81aaa7325418759 - - default default] 10.0.0.33 "POST /v2.0/subnetpools HTTP/1.1" status: 201 len: 715 time: 0.2299969
2026-06-26 04:48:48.449 10 INFO neutron.wsgi [None req-056bfee1-8efc-4d9c-8d5b-8cb63aa1cb4f 55b7f588a34945238c57de06fbea02d5 07367f06fbc946f8b81aaa7325418759 - - default default] 10.0.0.33 "PUT /v2.0/subnetpools/cd1dded1-ae19-4b20-a2ac-2de8f9b6f77c/tags HTTP/1.1" status: 200 len: 218 time: 0.0471869
2026-06-26 04:48:48.479 10 INFO neutron.wsgi [None req-921b4acd-a101-4cf2-87b1-3ca90f07b8ca bd05d836a8f442378a1675b9e2a4f72b 2b2373ccecd24da9bfff5a592bfcc80b - - default default] 10.0.0.33 "GET /v2.0/ports/b5bedd13-715e-4d84-9fec-a2c7c32f55f6 HTTP/1.1" status: 200 len: 1135 time: 0.0436788
2026-06-26 04:48:48.488 9 INFO neutron.wsgi [None req-e54a1128-0cad-4ef2-9fb3-a2dae0464240 55b7f588a34945238c57de06fbea02d5 07367f06fbc946f8b81aaa7325418759 - - default default] 10.0.0.33 "GET /v2.0/subnetpools/cd1dded1-ae19-4b20-a2ac-2de8f9b6f77c/tags HTTP/1.1" status: 200 len: 218 time: 0.0347974
2026-06-26 04:48:48.541 9 INFO neutron.wsgi [None req-f27a63cd-51f2-4fb4-9d63-7a37e941c6b5 55b7f588a34945238c57de06fbea02d5 07367f06fbc946f8b81aaa7325418759 - - default default] 10.0.0.33 "PUT /v2.0/subnetpools/cd1dded1-ae19-4b20-a2ac-2de8f9b6f77c/tags/green HTTP/1.1" status: 201 len: 201 time: 0.0486901
2026-06-26 04:48:48.569 9 INFO neutron.wsgi [None req-c8cc6f88-530d-4917-bf6d-924686b04295 55b7f588a34945238c57de06fbea02d5 07367f06fbc946f8b81aaa7325418759 - - default default] 10.0.0.33 "GET /v2.0/subnetpools/cd1dded1-ae19-4b20-a2ac-2de8f9b6f77c/tags HTTP/1.1" status: 200 len: 227 time: 0.0239444
2026-06-26 04:48:48.602 9 INFO neutron.wsgi [None req-49514650-9ae3-4e78-bcd4-627808d05413 55b7f588a34945238c57de06fbea02d5 07367f06fbc946f8b81aaa7325418759 - - default default] 10.0.0.33 "PUT /v2.0/subnetpools/cd1dded1-ae19-4b20-a2ac-2de8f9b6f77c/tags/red HTTP/1.1" status: 201 len: 201 time: 0.0287902
2026-06-26 04:48:48.637 9 INFO neutron.wsgi [None req-b98b9c38-405f-465f-b00a-723db163becb 55b7f588a34945238c57de06fbea02d5 07367f06fbc946f8b81aaa7325418759 - - default default] 10.0.0.33 "GET /v2.0/subnetpools/cd1dded1-ae19-4b20-a2ac-2de8f9b6f77c/tags HTTP/1.1" status: 200 len: 227 time: 0.0297279
2026-06-26 04:48:48.677 9 INFO neutron.wsgi [None req-1aa3d747-2a68-442a-95c2-f9a43c430acf 55b7f588a34945238c57de06fbea02d5 07367f06fbc946f8b81aaa7325418759 - - default default] 10.0.0.33 "PUT /v2.0/subnetpools/cd1dded1-ae19-4b20-a2ac-2de8f9b6f77c/tags/black.or.white HTTP/1.1" status: 201 len: 201 time: 0.0354161
2026-06-26 04:48:48.703 9 INFO neutron.wsgi [None req-ada55992-432f-442e-9c8b-134183a4c51c 55b7f588a34945238c57de06fbea02d5 07367f06fbc946f8b81aaa7325418759 - - default default] 10.0.0.33 "GET /v2.0/subnetpools/cd1dded1-ae19-4b20-a2ac-2de8f9b6f77c/tags HTTP/1.1" status: 200 len: 245 time: 0.0222266
2026-06-26 04:48:48.742 9 INFO neutron.wsgi [None req-75bd6290-d603-4e05-9716-a7c4f0deaac1 55b7f588a34945238c57de06fbea02d5 07367f06fbc946f8b81aaa7325418759 - - default default] 10.0.0.33 "PUT /v2.0/subnetpools/cd1dded1-ae19-4b20-a2ac-2de8f9b6f77c/tags HTTP/1.1" status: 200 len: 230 time: 0.0339625
2026-06-26 04:48:48.768 9 INFO neutron.wsgi [None req-eea76339-a430-4e9b-9a2f-a155b2ab0abb 55b7f588a34945238c57de06fbea02d5 07367f06fbc946f8b81aaa7325418759 - - default default] 10.0.0.33 "GET /v2.0/subnetpools/cd1dded1-ae19-4b20-a2ac-2de8f9b6f77c/tags HTTP/1.1" status: 200 len: 230 time: 0.0213699
2026-06-26 04:48:48.797 9 INFO neutron.wsgi [None req-db192baa-fffd-4082-a4cb-93d5f3ef7e27 55b7f588a34945238c57de06fbea02d5 07367f06fbc946f8b81aaa7325418759 - - default default] 10.0.0.33 "GET /v2.0/subnetpools/cd1dded1-ae19-4b20-a2ac-2de8f9b6f77c/tags/red HTTP/1.1" status: 204 len: 168 time: 0.0246854
2026-06-26 04:48:48.823 9 INFO neutron.api.v2.resource [None req-195ce186-0464-4fe1-8144-3f02ba3367f2 55b7f588a34945238c57de06fbea02d5 07367f06fbc946f8b81aaa7325418759 - - default default] show failed (client error): The resource could not be found.
2026-06-26 04:48:48.824 9 INFO neutron.wsgi [None req-195ce186-0464-4fe1-8144-3f02ba3367f2 55b7f588a34945238c57de06fbea02d5 07367f06fbc946f8b81aaa7325418759 - - default default] 10.0.0.33 "GET /v2.0/subnetpools/cd1dded1-ae19-4b20-a2ac-2de8f9b6f77c/tags/green HTTP/1.1" status: 404 len: 299 time: 0.0224092
2026-06-26 04:48:48.864 9 INFO neutron.wsgi [None req-f0463edf-026b-4be6-9d44-491a2b397238 55b7f588a34945238c57de06fbea02d5 07367f06fbc946f8b81aaa7325418759 - - default default] 10.0.0.33 "DELETE /v2.0/subnetpools/cd1dded1-ae19-4b20-a2ac-2de8f9b6f77c/tags/red HTTP/1.1" status: 204 len: 168 time: 0.0363982
2026-06-26 04:48:48.891 9 INFO neutron.wsgi [None req-fca3b826-c9ad-4ca3-b07c-7e46641cf02b 55b7f588a34945238c57de06fbea02d5 07367f06fbc946f8b81aaa7325418759 - - default default] 10.0.0.33 "GET /v2.0/subnetpools/cd1dded1-ae19-4b20-a2ac-2de8f9b6f77c/tags HTTP/1.1" status: 200 len: 223 time: 0.0220048
2026-06-26 04:48:48.919 9 INFO neutron.api.v2.resource [None req-9bc98be6-6c23-49d5-9a5f-eb907a42ed6b 55b7f588a34945238c57de06fbea02d5 07367f06fbc946f8b81aaa7325418759 - - default default] delete failed (client error): The resource could not be found.
2026-06-26 04:48:48.921 9 INFO neutron.wsgi [None req-9bc98be6-6c23-49d5-9a5f-eb907a42ed6b 55b7f588a34945238c57de06fbea02d5 07367f06fbc946f8b81aaa7325418759 - - default default] 10.0.0.33 "DELETE /v2.0/subnetpools/cd1dded1-ae19-4b20-a2ac-2de8f9b6f77c/tags/green HTTP/1.1" status: 404 len: 299 time: 0.0257831
2026-06-26 04:48:48.964 9 INFO neutron.wsgi [None req-0ccc3b35-edfd-418a-8a15-3ff7a165b5d4 55b7f588a34945238c57de06fbea02d5 07367f06fbc946f8b81aaa7325418759 - - default default] 10.0.0.33 "DELETE /v2.0/subnetpools/cd1dded1-ae19-4b20-a2ac-2de8f9b6f77c/tags HTTP/1.1" status: 204 len: 168 time: 0.0394285
2026-06-26 04:48:49.018 10 INFO neutron.wsgi [None req-257f74b1-5cbf-4be6-8eb4-6d09402f8fa5 ec6c7648d83e4a789f48bcf73b30f214 4b6e303897f14492b20f5faf5e634299 - - default default] 10.0.0.33 "GET /v2.0/ports/fb0005c0-85fd-40dd-abd0-187bef8f161e HTTP/1.1" status: 200 len: 1139 time: 0.0670483
2026-06-26 04:48:49.022 10 INFO neutron.wsgi [None req-602377d7-e7b3-4d1a-9fe8-6620003fb443 55b7f588a34945238c57de06fbea02d5 07367f06fbc946f8b81aaa7325418759 - - default default] 10.0.0.33 "GET /v2.0/subnetpools/cd1dded1-ae19-4b20-a2ac-2de8f9b6f77c/tags HTTP/1.1" status: 200 len: 205 time: 0.0540891
2026-06-26 04:48:49.091 9 INFO neutron.wsgi [None req-13b12577-a576-4e79-824c-af4ccc2b2351 55b7f588a34945238c57de06fbea02d5 07367f06fbc946f8b81aaa7325418759 - - default default] 10.0.0.33 "DELETE /v2.0/subnetpools/cd1dded1-ae19-4b20-a2ac-2de8f9b6f77c HTTP/1.1" status: 204 len: 168 time: 0.0627334
2026-06-26 04:48:49.530 10 INFO neutron.wsgi [None req-8914562c-e719-4835-ada7-93a07925ef4c bd05d836a8f442378a1675b9e2a4f72b 2b2373ccecd24da9bfff5a592bfcc80b - - default default] 10.0.0.33 "GET /v2.0/ports/b5bedd13-715e-4d84-9fec-a2c7c32f55f6 HTTP/1.1" status: 200 len: 1135 time: 0.0423415
2026-06-26 04:48:49.903 10 INFO neutron.db.ovn_revision_numbers_db [None req-00e95938-0d66-446e-b990-7bb6cc7626b8 ded23f2cdb7e4c9295800275f6291be6 4e78bc56101241b69e3b16de49ca9730 - - default default] Successfully bumped revision number for resource ac747d06-f166-48bc-8ce4-e732f3b95b06 (type: security_groups) to 1
2026-06-26 04:48:49.923 10 INFO neutron.db.ovn_revision_numbers_db [None req-00e95938-0d66-446e-b990-7bb6cc7626b8 ded23f2cdb7e4c9295800275f6291be6 4e78bc56101241b69e3b16de49ca9730 - - default default] Successfully bumped revision number for resource 27d05af3-423d-40ec-8e3a-0a48e1773798 (type: security_group_rules) to 0
2026-06-26 04:48:49.937 10 INFO neutron.db.ovn_revision_numbers_db [None req-cf50f26b-beb7-4580-8552-6625d7a23abf ded23f2cdb7e4c9295800275f6291be6 4e78bc56101241b69e3b16de49ca9730 - - default default] Successfully bumped revision number for resource f0e1e2df-2365-4864-a4e6-fac1773b61a9 (type: security_groups) to 1
2026-06-26 04:48:49.943 10 INFO neutron.db.ovn_revision_numbers_db [None req-00e95938-0d66-446e-b990-7bb6cc7626b8 ded23f2cdb7e4c9295800275f6291be6 4e78bc56101241b69e3b16de49ca9730 - - default default] Successfully bumped revision number for resource 897538d2-7228-4340-845d-f50a1b167616 (type: security_group_rules) to 0
2026-06-26 04:48:49.951 10 INFO neutron.db.ovn_revision_numbers_db [None req-cf50f26b-beb7-4580-8552-6625d7a23abf ded23f2cdb7e4c9295800275f6291be6 4e78bc56101241b69e3b16de49ca9730 - - default default] Successfully bumped revision number for resource 24e54817-6870-499a-be36-3bb6feb6a27a (type: security_group_rules) to 0
2026-06-26 04:48:49.958 10 INFO neutron.db.ovn_revision_numbers_db [None req-00e95938-0d66-446e-b990-7bb6cc7626b8 ded23f2cdb7e4c9295800275f6291be6 4e78bc56101241b69e3b16de49ca9730 - - default default] Successfully bumped revision number for resource bf14c089-e7db-4907-93a0-1a69074dc343 (type: security_group_rules) to 0
2026-06-26 04:48:49.965 10 INFO neutron.db.ovn_revision_numbers_db [None req-cf50f26b-beb7-4580-8552-6625d7a23abf ded23f2cdb7e4c9295800275f6291be6 4e78bc56101241b69e3b16de49ca9730 - - default default] Successfully bumped revision number for resource 84f695ff-dac5-4f62-ae84-9ab41a32188a (type: security_group_rules) to 0
2026-06-26 04:48:49.975 10 INFO neutron.db.ovn_revision_numbers_db [None req-00e95938-0d66-446e-b990-7bb6cc7626b8 ded23f2cdb7e4c9295800275f6291be6 4e78bc56101241b69e3b16de49ca9730 - - default default] Successfully bumped revision number for resource d8043124-fa41-4966-9e73-35d946ca6858 (type: security_group_rules) to 0
2026-06-26 04:48:49.987 10 INFO neutron.db.ovn_revision_numbers_db [None req-cf50f26b-beb7-4580-8552-6625d7a23abf ded23f2cdb7e4c9295800275f6291be6 4e78bc56101241b69e3b16de49ca9730 - - default default] Successfully bumped revision number for resource d3825c79-11f6-4c22-9a8f-ef5ff468243f (type: security_group_rules) to 0
2026-06-26 04:48:50.001 10 INFO neutron.wsgi [None req-00e95938-0d66-446e-b990-7bb6cc7626b8 ded23f2cdb7e4c9295800275f6291be6 4e78bc56101241b69e3b16de49ca9730 - - default default] 10.0.0.33 "GET /v2.0/security-groups?tenant_id=c94c5772557a410dbd3213b1238942ac&name=default HTTP/1.1" status: 200 len: 3120 time: 0.3467956
2026-06-26 04:48:50.013 10 INFO neutron.db.ovn_revision_numbers_db [None req-cf50f26b-beb7-4580-8552-6625d7a23abf ded23f2cdb7e4c9295800275f6291be6 4e78bc56101241b69e3b16de49ca9730 - - default default] Successfully bumped revision number for resource fccc9eea-fc3a-4d06-8c46-8cc4e0060c71 (type: security_group_rules) to 0
2026-06-26 04:48:50.067 10 INFO neutron.db.segments_db [None req-cf50f26b-beb7-4580-8552-6625d7a23abf ded23f2cdb7e4c9295800275f6291be6 4e78bc56101241b69e3b16de49ca9730 - - default default] Added segment c7d58df9-646a-490a-98d0-79417d3086d2 of type geneve for network 59097437-aaaa-4b22-8aa6-f2c72d0ae946
2026-06-26 04:48:50.137 9 INFO neutron.wsgi [None req-dfb42f1b-bfa9-4276-94d2-7852bf62633a ec6c7648d83e4a789f48bcf73b30f214 4b6e303897f14492b20f5faf5e634299 - - default default] 10.0.0.33 "GET /v2.0/ports/fb0005c0-85fd-40dd-abd0-187bef8f161e HTTP/1.1" status: 200 len: 1139 time: 0.1128876
2026-06-26 04:48:50.214 10 INFO neutron.db.ovn_revision_numbers_db [None req-cf50f26b-beb7-4580-8552-6625d7a23abf ded23f2cdb7e4c9295800275f6291be6 4e78bc56101241b69e3b16de49ca9730 - - default default] Successfully bumped revision number for resource 59097437-aaaa-4b22-8aa6-f2c72d0ae946 (type: networks) to 1
2026-06-26 04:48:50.219 9 WARNING neutron.plugins.ml2.drivers.ovn.mech_driver.ovsdb.ovn_client [None req-9bff111f-9d5d-4006-ab7a-7deeb4049bf7 - - - - - -] No hosting information found for port 1f17f291-0a44-4487-afa1-11aea283b854: RuntimeError: No hosting information found for port 1f17f291-0a44-4487-afa1-11aea283b854
2026-06-26 04:48:50.220 9 INFO neutron.plugins.ml2.drivers.ovn.mech_driver.mech_driver [None req-9bff111f-9d5d-4006-ab7a-7deeb4049bf7 - - - - - -] OVN reports status up for port: b5bedd13-715e-4d84-9fec-a2c7c32f55f6
2026-06-26 04:48:50.235 9 INFO neutron.plugins.ml2.plugin [None req-9bff111f-9d5d-4006-ab7a-7deeb4049bf7 - - - - - -] Attempt 1 to provision port b5bedd13-715e-4d84-9fec-a2c7c32f55f6
2026-06-26 04:48:50.324 9 INFO neutron.wsgi [None req-e961484b-5906-46d1-a0ae-19886b19a06d ded23f2cdb7e4c9295800275f6291be6 4e78bc56101241b69e3b16de49ca9730 - - default default] 10.0.0.33 "DELETE /v2.0/security-groups/ac747d06-f166-48bc-8ce4-e732f3b95b06 HTTP/1.1" status: 204 len: 168 time: 0.3131998
2026-06-26 04:48:50.390 10 WARNING neutron.scheduler.dhcp_agent_scheduler [None req-cf50f26b-beb7-4580-8552-6625d7a23abf ded23f2cdb7e4c9295800275f6291be6 4e78bc56101241b69e3b16de49ca9730 - - default default] No more DHCP agents
2026-06-26 04:48:50.393 10 WARNING neutron.api.rpc.agentnotifiers.dhcp_rpc_agent_api [None req-cf50f26b-beb7-4580-8552-6625d7a23abf ded23f2cdb7e4c9295800275f6291be6 4e78bc56101241b69e3b16de49ca9730 - - default default] Unable to schedule network 59097437-aaaa-4b22-8aa6-f2c72d0ae946: no agents available; will retry on subsequent port and subnet creation events.
2026-06-26 04:48:50.489 10 INFO neutron.db.ovn_revision_numbers_db [None req-cf50f26b-beb7-4580-8552-6625d7a23abf ded23f2cdb7e4c9295800275f6291be6 4e78bc56101241b69e3b16de49ca9730 - - default default] Successfully bumped revision number for resource fa641e59-5911-4dd6-8752-f7fb24418442 (type: ports) to 1
2026-06-26 04:48:50.517 10 INFO neutron.wsgi [None req-cf50f26b-beb7-4580-8552-6625d7a23abf ded23f2cdb7e4c9295800275f6291be6 4e78bc56101241b69e3b16de49ca9730 - - default default] 10.0.0.33 "POST /v2.0/networks HTTP/1.1" status: 201 len: 942 time: 0.9076500
2026-06-26 04:48:50.611 10 INFO neutron.wsgi [None req-96923c68-0aac-4097-a04c-ee1a26751d52 bd05d836a8f442378a1675b9e2a4f72b 2b2373ccecd24da9bfff5a592bfcc80b - - default default] 10.0.0.33 "GET /v2.0/ports/b5bedd13-715e-4d84-9fec-a2c7c32f55f6 HTTP/1.1" status: 200 len: 1137 time: 0.0617714
2026-06-26 04:48:50.633 10 INFO neutron.db.ovn_revision_numbers_db [None req-b0838017-0ee1-4d49-bd61-6acba7977b0d ded23f2cdb7e4c9295800275f6291be6 4e78bc56101241b69e3b16de49ca9730 - - default default] Successfully bumped revision number for resource f3d9c0db-10a6-4184-b3ec-01253bb453f2 (type: security_groups) to 1
2026-06-26 04:48:50.655 10 INFO neutron.db.ovn_revision_numbers_db [None req-b0838017-0ee1-4d49-bd61-6acba7977b0d ded23f2cdb7e4c9295800275f6291be6 4e78bc56101241b69e3b16de49ca9730 - - default default] Successfully bumped revision number for resource 05d13ce9-c3a2-4539-9184-084d1600fc45 (type: security_group_rules) to 0
2026-06-26 04:48:50.681 10 INFO neutron.db.ovn_revision_numbers_db [None req-b0838017-0ee1-4d49-bd61-6acba7977b0d ded23f2cdb7e4c9295800275f6291be6 4e78bc56101241b69e3b16de49ca9730 - - default default] Successfully bumped revision number for resource 7ced3a1b-3668-4305-856c-03152870130f (type: security_group_rules) to 0
2026-06-26 04:48:50.683 9 INFO neutron.db.ovn_revision_numbers_db [None req-9bff111f-9d5d-4006-ab7a-7deeb4049bf7 - - - - - -] Successfully bumped revision number for resource b5bedd13-715e-4d84-9fec-a2c7c32f55f6 (type: ports) to 2
2026-06-26 04:48:50.705 10 INFO neutron.db.ovn_revision_numbers_db [None req-b0838017-0ee1-4d49-bd61-6acba7977b0d ded23f2cdb7e4c9295800275f6291be6 4e78bc56101241b69e3b16de49ca9730 - - default default] Successfully bumped revision number for resource 996d0a35-77f8-4fff-afcb-5c6ac23ac91b (type: security_group_rules) to 0
2026-06-26 04:48:50.725 10 INFO neutron.db.ovn_revision_numbers_db [None req-b0838017-0ee1-4d49-bd61-6acba7977b0d ded23f2cdb7e4c9295800275f6291be6 4e78bc56101241b69e3b16de49ca9730 - - default default] Successfully bumped revision number for resource ff5f82e0-a730-438b-80e2-5e2bf3e7cc98 (type: security_group_rules) to 0
2026-06-26 04:48:50.756 10 WARNING neutron.scheduler.dhcp_agent_scheduler [None req-724acf3d-50a4-49c1-b654-a25c48612d12 ded23f2cdb7e4c9295800275f6291be6 4e78bc56101241b69e3b16de49ca9730 - - default default] No more DHCP agents
2026-06-26 04:48:50.761 10 INFO neutron.wsgi [None req-b0838017-0ee1-4d49-bd61-6acba7977b0d ded23f2cdb7e4c9295800275f6291be6 4e78bc56101241b69e3b16de49ca9730 - - default default] 10.0.0.33 "GET /v2.0/security-groups?tenant_id=07367f06fbc946f8b81aaa7325418759&name=default HTTP/1.1" status: 200 len: 3120 time: 0.3391120
2026-06-26 04:48:50.765 10 WARNING neutron.api.rpc.agentnotifiers.dhcp_rpc_agent_api [None req-724acf3d-50a4-49c1-b654-a25c48612d12 ded23f2cdb7e4c9295800275f6291be6 4e78bc56101241b69e3b16de49ca9730 - - default default] Unable to schedule network 59097437-aaaa-4b22-8aa6-f2c72d0ae946: no agents available; will retry on subsequent port and subnet creation events.
2026-06-26 04:48:50.909 9 INFO neutron.db.ovn_revision_numbers_db [None req-9bff111f-9d5d-4006-ab7a-7deeb4049bf7 - - - - - -] Successfully bumped revision number for resource b5bedd13-715e-4d84-9fec-a2c7c32f55f6 (type: router_ports) to 2
2026-06-26 04:48:51.189 9 INFO neutron.wsgi [None req-b4161afe-a93f-4083-8220-283bf7d51173 ec6c7648d83e4a789f48bcf73b30f214 4b6e303897f14492b20f5faf5e634299 - - default default] 10.0.0.33 "GET /v2.0/ports/fb0005c0-85fd-40dd-abd0-187bef8f161e HTTP/1.1" status: 200 len: 1139 time: 0.0447257
2026-06-26 04:48:51.204 9 INFO neutron.wsgi [None req-e09026b5-f8ab-4ea6-873e-7824afba694c ded23f2cdb7e4c9295800275f6291be6 4e78bc56101241b69e3b16de49ca9730 - - default default] 10.0.0.33 "DELETE /v2.0/security-groups/f3d9c0db-10a6-4184-b3ec-01253bb453f2 HTTP/1.1" status: 204 len: 168 time: 0.4352033
2026-06-26 04:48:51.320 10 INFO neutron.db.ovn_revision_numbers_db [None req-724acf3d-50a4-49c1-b654-a25c48612d12 ded23f2cdb7e4c9295800275f6291be6 4e78bc56101241b69e3b16de49ca9730 - - default default] Successfully bumped revision number for resource fa641e59-5911-4dd6-8752-f7fb24418442 (type: ports) to 2
2026-06-26 04:48:51.354 10 INFO neutron.db.ovn_revision_numbers_db [None req-724acf3d-50a4-49c1-b654-a25c48612d12 ded23f2cdb7e4c9295800275f6291be6 4e78bc56101241b69e3b16de49ca9730 - - default default] Successfully bumped revision number for resource 6bf19eac-09b4-41ca-b0d5-575403b0534f (type: subnets) to 0
2026-06-26 04:48:51.373 10 INFO neutron.wsgi [None req-724acf3d-50a4-49c1-b654-a25c48612d12 ded23f2cdb7e4c9295800275f6291be6 4e78bc56101241b69e3b16de49ca9730 - - default default] 10.0.0.33 "POST /v2.0/subnets HTTP/1.1" status: 201 len: 862 time: 0.8493602
2026-06-26 04:48:51.814 9 INFO neutron.wsgi [None req-6e79f07a-ab24-4ae8-a080-c4b3a52382d2 bd05d836a8f442378a1675b9e2a4f72b 2b2373ccecd24da9bfff5a592bfcc80b - - default default] 10.0.0.33 "PUT /v2.0/routers/ee459f3a-5913-4386-b9b7-d808363b4407/remove_router_interface HTTP/1.1" status: 200 len: 503 time: 1.1968226 /var/lib/openstack/lib/python3.10/site-packages/pycadf/identifier.py:71: UserWarning: Invalid uuid: neutron. To ensure interoperability, identifiers should be a valid uuid. warnings.warn(('Invalid uuid: %s. To ensure interoperability, '
2026-06-26 04:48:51.920 9 INFO neutron.wsgi [None req-6c9c5953-6bf3-4548-8169-168d8b0d4264 bd05d836a8f442378a1675b9e2a4f72b 2b2373ccecd24da9bfff5a592bfcc80b - - default default] 10.0.0.33 "GET /v2.0/ports/1f17f291-0a44-4487-afa1-11aea283b854 HTTP/1.1" status: 200 len: 1137 time: 0.1008263
2026-06-26 04:48:52.229 10 WARNING neutron.scheduler.dhcp_agent_scheduler [None req-7c77336b-ebb8-498d-ae96-18a7a2bba8bb ded23f2cdb7e4c9295800275f6291be6 4e78bc56101241b69e3b16de49ca9730 - - default default] No more DHCP agents
2026-06-26 04:48:52.232 10 WARNING neutron.api.rpc.agentnotifiers.dhcp_rpc_agent_api [None req-7c77336b-ebb8-498d-ae96-18a7a2bba8bb ded23f2cdb7e4c9295800275f6291be6 4e78bc56101241b69e3b16de49ca9730 - - default default] Unable to schedule network 5f01502e-e836-46d4-821d-b347dfec5b7a: no agents available; will retry on subsequent port and subnet creation events.
2026-06-26 04:48:52.258 10 INFO neutron.wsgi [None req-4f03943e-b884-41f7-9fe5-5423f00fe9f8 ec6c7648d83e4a789f48bcf73b30f214 4b6e303897f14492b20f5faf5e634299 - - default default] 10.0.0.33 "GET /v2.0/ports/fb0005c0-85fd-40dd-abd0-187bef8f161e HTTP/1.1" status: 200 len: 1139 time: 0.0588667
2026-06-26 04:48:52.417 10 INFO neutron.db.ovn_revision_numbers_db [None req-7c77336b-ebb8-498d-ae96-18a7a2bba8bb ded23f2cdb7e4c9295800275f6291be6 4e78bc56101241b69e3b16de49ca9730 - - default default] Successfully bumped revision number for resource 6a48bd57-53b7-48f8-a058-9967221d016c (type: ports) to 1
2026-06-26 04:48:52.709 9 INFO neutron.wsgi [None req-39778007-2b2d-431d-8d08-330cf6a7ba97 bd05d836a8f442378a1675b9e2a4f72b 2b2373ccecd24da9bfff5a592bfcc80b - - default default] 10.0.0.33 "PUT /v2.0/routers/ee459f3a-5913-4386-b9b7-d808363b4407/remove_router_interface HTTP/1.1" status: 200 len: 503 time: 0.7846189 /var/lib/openstack/lib/python3.10/site-packages/pycadf/identifier.py:71: UserWarning: Invalid uuid: neutron. To ensure interoperability, identifiers should be a valid uuid. warnings.warn(('Invalid uuid: %s. To ensure interoperability, '
2026-06-26 04:48:52.741 9 INFO neutron.wsgi [None req-024c3278-a423-41e6-9214-19d97fdf1b73 bd05d836a8f442378a1675b9e2a4f72b 2b2373ccecd24da9bfff5a592bfcc80b - - default default] 10.0.0.33 "GET /v2.0/ports?device_id=ee459f3a-5913-4386-b9b7-d808363b4407 HTTP/1.1" status: 200 len: 205 time: 0.0257661
2026-06-26 04:48:53.064 9 INFO neutron.wsgi [None req-afbbd5fd-cfb4-4aa5-b3b3-f1079e1ccccc bd05d836a8f442378a1675b9e2a4f72b 2b2373ccecd24da9bfff5a592bfcc80b - - default default] 10.0.0.33 "DELETE /v2.0/routers/ee459f3a-5913-4386-b9b7-d808363b4407 HTTP/1.1" status: 204 len: 168 time: 0.3185055
2026-06-26 04:48:53.118 10 INFO neutron.plugins.ml2.drivers.ovn.mech_driver.ovsdb.commands [None req-dd16392c-1752-4d40-9e24-68da8e7cec8a - - - - - -] Schedule LRP lrp-6a48bd57-53b7-48f8-a058-9967221d016c on gateway 05477b0a-9e25-4eaa-a8cb-31f94a219ebb with priority 1
2026-06-26 04:48:53.128 10 INFO neutron.plugins.ml2.drivers.ovn.mech_driver.mech_driver [None req-66cb4c9e-aaa6-4c34-bd14-dfa9c62eb8eb - - - - - -] OVN reports status up for port: 6a48bd57-53b7-48f8-a058-9967221d016c
2026-06-26 04:48:53.150 10 INFO neutron.plugins.ml2.drivers.ovn.mech_driver.ovsdb.ovsdb_monitor [None req-62c76fd6-6625-4bac-b769-7e1f10feffc5 - - - - - -] Router 5b064703-8336-4b5c-a8eb-4172b2ac6d14 is bound to host instance
2026-06-26 04:48:53.153 10 INFO neutron.plugins.ml2.plugin [None req-66cb4c9e-aaa6-4c34-bd14-dfa9c62eb8eb - - - - - -] Attempt 1 to provision port 6a48bd57-53b7-48f8-a058-9967221d016c
2026-06-26 04:48:53.204 10 INFO neutron.db.ovn_revision_numbers_db [None req-7c77336b-ebb8-498d-ae96-18a7a2bba8bb ded23f2cdb7e4c9295800275f6291be6 4e78bc56101241b69e3b16de49ca9730 - - default default] Successfully bumped revision number for resource 6a48bd57-53b7-48f8-a058-9967221d016c (type: router_ports) to 1
2026-06-26 04:48:53.312 9 INFO neutron.wsgi [None req-0355ddaa-90dc-4fae-8929-cfe81baf2cd4 ec6c7648d83e4a789f48bcf73b30f214 4b6e303897f14492b20f5faf5e634299 - - default default] 10.0.0.33 "GET /v2.0/ports/fb0005c0-85fd-40dd-abd0-187bef8f161e HTTP/1.1" status: 200 len: 1139 time: 0.0462859
2026-06-26 04:48:53.314 10 INFO neutron.db.ovn_revision_numbers_db [None req-7c77336b-ebb8-498d-ae96-18a7a2bba8bb ded23f2cdb7e4c9295800275f6291be6 4e78bc56101241b69e3b16de49ca9730 - - default default] Successfully bumped revision number for resource 5b064703-8336-4b5c-a8eb-4172b2ac6d14 (type: routers) to 2
2026-06-26 04:48:53.316 9 INFO neutron.wsgi [None req-58f30fd6-38e0-4298-aaa8-9622074130b5 bd05d836a8f442378a1675b9e2a4f72b 2b2373ccecd24da9bfff5a592bfcc80b - - default default] 10.0.0.33 "DELETE /v2.0/subnets/03d33c44-8f66-42c7-b3b9-60db9ce7f840 HTTP/1.1" status: 204 len: 168 time: 0.2461886
2026-06-26 04:48:53.349 10 INFO neutron.wsgi [None req-7c77336b-ebb8-498d-ae96-18a7a2bba8bb ded23f2cdb7e4c9295800275f6291be6 4e78bc56101241b69e3b16de49ca9730 - - default default] 10.0.0.33 "POST /v2.0/routers HTTP/1.1" status: 201 len: 1164 time: 1.9712455
2026-06-26 04:48:53.522 9 INFO neutron.wsgi [None req-1d537ef2-024d-44a0-8642-a8b2bd1defac bd05d836a8f442378a1675b9e2a4f72b 2b2373ccecd24da9bfff5a592bfcc80b - - default default] 10.0.0.33 "DELETE /v2.0/subnets/739f4993-690a-4558-98f5-509813ad46a3 HTTP/1.1" status: 204 len: 168 time: 0.1997526
2026-06-26 04:48:53.887 9 INFO neutron.services.segments.plugin [-] Segment 2628179a-aad5-4ba1-8890-66640c715346 resource provider aggregate not found
2026-06-26 04:48:53.901 9 INFO neutron.services.segments.plugin [-] Segment 2628179a-aad5-4ba1-8890-66640c715346 resource provider not found; error: Placement Client Error (4xx): {"errors": [{"status": 404, "title": "Not Found", "detail": "The resource could not be found.\n\n No resource provider with uuid 2628179a-aad5-4ba1-8890-66640c715346 found for delete ", "request_id": "req-af52fb3b-2b31-4405-8387-02f0958c242c"}]}
2026-06-26 04:48:53.903 9 INFO neutron.services.segments.plugin [-] Segment 2628179a-aad5-4ba1-8890-66640c715346 resource provider aggregate not found
2026-06-26 04:48:53.916 9 INFO neutron.services.segments.plugin [-] Segment 2628179a-aad5-4ba1-8890-66640c715346 resource provider not found; error: Placement Client Error (4xx): {"errors": [{"status": 404, "title": "Not Found", "detail": "The resource could not be found.\n\n No resource provider with uuid 2628179a-aad5-4ba1-8890-66640c715346 found for delete ", "request_id": "req-b3eba5e9-72bc-41c3-93c2-0d7d89834e67"}]}
2026-06-26 04:48:53.937 9 INFO neutron.wsgi [None req-013e6bf9-2d51-4b54-bcf7-1ccfa6beb484 bd05d836a8f442378a1675b9e2a4f72b 2b2373ccecd24da9bfff5a592bfcc80b - - default default] 10.0.0.33 "DELETE /v2.0/networks/8553048c-40d1-4c61-a8cb-cebbf8c33fda HTTP/1.1" status: 204 len: 168 time: 0.4071636
2026-06-26 04:48:54.362 9 INFO neutron.wsgi [None req-10342981-42e9-466d-9bfc-9cf5d8dcda29 bd05d836a8f442378a1675b9e2a4f72b 2b2373ccecd24da9bfff5a592bfcc80b - - default default] 10.0.0.33 "DELETE /v2.0/networks/060c6832-0a63-47c7-87cb-26e12112db8f HTTP/1.1" status: 204 len: 168 time: 0.4172409
2026-06-26 04:48:54.375 9 WARNING neutron_lib.context [None req-3708b2eb-bae9-4dd1-9dec-cbc5d83006a0 bd05d836a8f442378a1675b9e2a4f72b 2b2373ccecd24da9bfff5a592bfcc80b - - default default] Method 'is_advsvc' is deprecated since 2023.2 release (neutron-lib 3.8.0) and will be removed once support for the old RBAC API policies will be removed from Neutron. Please use method 'is_service_role' instead.
2026-06-26 04:48:54.404 10 WARNING neutron.scheduler.dhcp_agent_scheduler [None req-1c01b615-2d9b-4850-abda-0cb6a86be972 ded23f2cdb7e4c9295800275f6291be6 4e78bc56101241b69e3b16de49ca9730 - - default default] No more DHCP agents
2026-06-26 04:48:54.418 10 WARNING neutron.api.rpc.agentnotifiers.dhcp_rpc_agent_api [None req-1c01b615-2d9b-4850-abda-0cb6a86be972 ded23f2cdb7e4c9295800275f6291be6 4e78bc56101241b69e3b16de49ca9730 - - default default] Unable to schedule network 59097437-aaaa-4b22-8aa6-f2c72d0ae946: no agents available; will retry on subsequent port and subnet creation events.
2026-06-26 04:48:54.474 9 INFO neutron.db.segments_db [None req-3708b2eb-bae9-4dd1-9dec-cbc5d83006a0 bd05d836a8f442378a1675b9e2a4f72b 2b2373ccecd24da9bfff5a592bfcc80b - - default default] Added segment 1481e07b-8499-4119-a455-224dc9e1eaba of type geneve for network 8858633e-cbe9-49ae-bb79-120c11371188
2026-06-26 04:48:54.487 10 INFO neutron.wsgi [None req-9d0f3856-d886-4282-82fa-ded58519f93e ec6c7648d83e4a789f48bcf73b30f214 4b6e303897f14492b20f5faf5e634299 - - default default] 10.0.0.33 "GET /v2.0/ports/fb0005c0-85fd-40dd-abd0-187bef8f161e HTTP/1.1" status: 200 len: 1139 time: 0.1650634
2026-06-26 04:48:54.498 10 INFO neutron.db.ovn_revision_numbers_db [None req-62c76fd6-6625-4bac-b769-7e1f10feffc5 - - - - - -] Successfully bumped revision number for resource 6a48bd57-53b7-48f8-a058-9967221d016c (type: ports) to 1
2026-06-26 04:48:54.650 9 WARNING neutron_lib.context [None req-ee57d947-e08f-4e0a-a2bc-ce0f290a8baa 8bac255e2fb3450f8165d0e979ae2836 3983027d91ef4c499c4acb70d291ce90 - - default default] Method 'is_advsvc' is deprecated since 2023.2 release (neutron-lib 3.8.0) and will be removed once support for the old RBAC API policies will be removed from Neutron. Please use method 'is_service_role' instead.
2026-06-26 04:48:54.667 10 INFO neutron.db.ovn_revision_numbers_db [None req-1c01b615-2d9b-4850-abda-0cb6a86be972 ded23f2cdb7e4c9295800275f6291be6 4e78bc56101241b69e3b16de49ca9730 - - default default] Successfully bumped revision number for resource d3eafffb-4f97-48bf-88e3-b77805987a62 (type: ports) to 1
2026-06-26 04:48:54.675 9 INFO neutron.db.ovn_revision_numbers_db [None req-3708b2eb-bae9-4dd1-9dec-cbc5d83006a0 bd05d836a8f442378a1675b9e2a4f72b 2b2373ccecd24da9bfff5a592bfcc80b - - default default] Successfully bumped revision number for resource 8858633e-cbe9-49ae-bb79-120c11371188 (type: networks) to 1
2026-06-26 04:48:54.886 9 WARNING neutron.scheduler.dhcp_agent_scheduler [None req-3708b2eb-bae9-4dd1-9dec-cbc5d83006a0 bd05d836a8f442378a1675b9e2a4f72b 2b2373ccecd24da9bfff5a592bfcc80b - - default default] No more DHCP agents
2026-06-26 04:48:54.887 9 INFO neutron.db.ovn_revision_numbers_db [None req-ee57d947-e08f-4e0a-a2bc-ce0f290a8baa 8bac255e2fb3450f8165d0e979ae2836 3983027d91ef4c499c4acb70d291ce90 - - default default] Successfully bumped revision number for resource 7a625b26-4778-4041-ade0-f611ad930398 (type: security_groups) to 1
2026-06-26 04:48:54.890 9 WARNING neutron.api.rpc.agentnotifiers.dhcp_rpc_agent_api [None req-3708b2eb-bae9-4dd1-9dec-cbc5d83006a0 bd05d836a8f442378a1675b9e2a4f72b 2b2373ccecd24da9bfff5a592bfcc80b - - default default] Unable to schedule network 8858633e-cbe9-49ae-bb79-120c11371188: no agents available; will retry on subsequent port and subnet creation events.
2026-06-26 04:48:54.924 9 INFO neutron.db.ovn_revision_numbers_db [None req-ee57d947-e08f-4e0a-a2bc-ce0f290a8baa 8bac255e2fb3450f8165d0e979ae2836 3983027d91ef4c499c4acb70d291ce90 - - default default] Successfully bumped revision number for resource 0eb186b7-0d59-4cd4-8533-02c0705fa066 (type: security_group_rules) to 0
2026-06-26 04:48:54.943 9 INFO neutron.db.ovn_revision_numbers_db [None req-ee57d947-e08f-4e0a-a2bc-ce0f290a8baa 8bac255e2fb3450f8165d0e979ae2836 3983027d91ef4c499c4acb70d291ce90 - - default default] Successfully bumped revision number for resource 30c24f09-64aa-4b00-863a-12cd77b4607c (type: security_group_rules) to 0
2026-06-26 04:48:54.970 9 INFO neutron.db.ovn_revision_numbers_db [None req-ee57d947-e08f-4e0a-a2bc-ce0f290a8baa 8bac255e2fb3450f8165d0e979ae2836 3983027d91ef4c499c4acb70d291ce90 - - default default] Successfully bumped revision number for resource 3283b1e8-4dc3-4a6a-b95a-bfa83e377550 (type: security_group_rules) to 0
2026-06-26 04:48:54.984 9 INFO neutron.db.ovn_revision_numbers_db [None req-ee57d947-e08f-4e0a-a2bc-ce0f290a8baa 8bac255e2fb3450f8165d0e979ae2836 3983027d91ef4c499c4acb70d291ce90 - - default default] Successfully bumped revision number for resource d17493c6-882b-4dfa-86bf-e93f7be73c7d (type: security_group_rules) to 0
2026-06-26 04:48:54.995 9 INFO neutron.db.ovn_revision_numbers_db [None req-3708b2eb-bae9-4dd1-9dec-cbc5d83006a0 bd05d836a8f442378a1675b9e2a4f72b 2b2373ccecd24da9bfff5a592bfcc80b - - default default] Successfully bumped revision number for resource 2331c4f8-69f7-4e27-87a7-f889408146a8 (type: ports) to 1
2026-06-26 04:48:55.025 9 INFO neutron.wsgi [None req-3708b2eb-bae9-4dd1-9dec-cbc5d83006a0 bd05d836a8f442378a1675b9e2a4f72b 2b2373ccecd24da9bfff5a592bfcc80b - - default default] 10.0.0.33 "POST /v2.0/networks HTTP/1.1" status: 201 len: 828 time: 0.6543806
2026-06-26 04:48:55.039 9 WARNING neutron_lib.context [None req-53b95984-0cb5-4dc0-9596-828936627d35 bd05d836a8f442378a1675b9e2a4f72b 2b2373ccecd24da9bfff5a592bfcc80b - - default default] Method 'is_advsvc' is deprecated since 2023.2 release (neutron-lib 3.8.0) and will be removed once support for the old RBAC API policies will be removed from Neutron. Please use method 'is_service_role' instead.
2026-06-26 04:48:55.067 9 INFO neutron.db.segments_db [None req-ee57d947-e08f-4e0a-a2bc-ce0f290a8baa 8bac255e2fb3450f8165d0e979ae2836 3983027d91ef4c499c4acb70d291ce90 - - default default] Added segment 49d487ef-2b1d-4c8c-a9d2-8afc23d87a53 of type geneve for network 3664e6aa-bd4c-4149-b267-c4d4dbc82755
2026-06-26 04:48:55.231 9 INFO neutron.db.ovn_revision_numbers_db [None req-ee57d947-e08f-4e0a-a2bc-ce0f290a8baa 8bac255e2fb3450f8165d0e979ae2836 3983027d91ef4c499c4acb70d291ce90 - - default default] Successfully bumped revision number for resource 3664e6aa-bd4c-4149-b267-c4d4dbc82755 (type: networks) to 1
2026-06-26 04:48:55.345 10 INFO neutron.db.ovn_revision_numbers_db [None req-62c76fd6-6625-4bac-b769-7e1f10feffc5 - - - - - -] Successfully bumped revision number for resource 6a48bd57-53b7-48f8-a058-9967221d016c (type: router_ports) to 3
2026-06-26 04:48:55.516 10 INFO neutron.wsgi [-] 10.0.0.99 "GET / HTTP/1.1" status: 200 len: 247 time: 0.0012105
2026-06-26 04:48:55.517 10 INFO neutron.wsgi [-] 10.0.0.99 "GET / HTTP/1.1" status: 200 len: 247 time: 0.0009055
2026-06-26 04:48:55.577 10 INFO neutron.wsgi [None req-b6b886b3-54be-44c0-b7b8-ea7a9fe938fd ec6c7648d83e4a789f48bcf73b30f214 4b6e303897f14492b20f5faf5e634299 - - default default] 10.0.0.33 "GET /v2.0/ports/fb0005c0-85fd-40dd-abd0-187bef8f161e HTTP/1.1" status: 200 len: 1139 time: 0.0815699
2026-06-26 04:48:55.588 9 WARNING neutron.scheduler.dhcp_agent_scheduler [None req-53b95984-0cb5-4dc0-9596-828936627d35 bd05d836a8f442378a1675b9e2a4f72b 2b2373ccecd24da9bfff5a592bfcc80b - - default default] No more DHCP agents
2026-06-26 04:48:55.589 9 WARNING neutron.api.rpc.agentnotifiers.dhcp_rpc_agent_api [None req-53b95984-0cb5-4dc0-9596-828936627d35 bd05d836a8f442378a1675b9e2a4f72b 2b2373ccecd24da9bfff5a592bfcc80b - - default default] Unable to schedule network 8858633e-cbe9-49ae-bb79-120c11371188: no agents available; will retry on subsequent port and subnet creation events.
2026-06-26 04:48:55.672 9 WARNING neutron.scheduler.dhcp_agent_scheduler [None req-ee57d947-e08f-4e0a-a2bc-ce0f290a8baa 8bac255e2fb3450f8165d0e979ae2836 3983027d91ef4c499c4acb70d291ce90 - - default default] No more DHCP agents
2026-06-26 04:48:55.677 9 WARNING neutron.api.rpc.agentnotifiers.dhcp_rpc_agent_api [None req-ee57d947-e08f-4e0a-a2bc-ce0f290a8baa 8bac255e2fb3450f8165d0e979ae2836 3983027d91ef4c499c4acb70d291ce90 - - default default] Unable to schedule network 3664e6aa-bd4c-4149-b267-c4d4dbc82755: no agents available; will retry on subsequent port and subnet creation events.
2026-06-26 04:48:55.724 10 ERROR ovsdbapp.backend.ovs_idl.command [None req-1c01b615-2d9b-4850-abda-0cb6a86be972 ded23f2cdb7e4c9295800275f6291be6 4e78bc56101241b69e3b16de49ca9730 - - default default] Error executing command (DbGetCommand): ovsdbapp.backend.ovs_idl.idlutils.RowNotFound: Cannot find Logical_Router_Port with name=lrp-d3eafffb-4f97-48bf-88e3-b77805987a62
2026-06-26 04:48:55.724 10 ERROR ovsdbapp.backend.ovs_idl.command
Traceback (most recent call last):
2026-06-26 04:48:55.724 10 ERROR ovsdbapp.backend.ovs_idl.command
File "/var/lib/openstack/lib/python3.10/site-packages/ovsdbapp/backend/ovs_idl/command.py", line 47, in execute
2026-06-26 04:48:55.724 10 ERROR ovsdbapp.backend.ovs_idl.command self.run_idl(None)
2026-06-26 04:48:55.724 10 ERROR ovsdbapp.backend.ovs_idl.command
File "/var/lib/openstack/lib/python3.10/site-packages/ovsdbapp/backend/ovs_idl/command.py", line 235, in run_idl
2026-06-26 04:48:55.724 10 ERROR ovsdbapp.backend.ovs_idl.command record = self.api.lookup(self.table, self.record)
2026-06-26 04:48:55.724 10 ERROR ovsdbapp.backend.ovs_idl.command
File "/var/lib/openstack/lib/python3.10/site-packages/ovsdbapp/backend/ovs_idl/__init__.py", line 184, in lookup
2026-06-26 04:48:55.724 10 ERROR ovsdbapp.backend.ovs_idl.command return self._lookup(table, record)
2026-06-26 04:48:55.724 10 ERROR ovsdbapp.backend.ovs_idl.command
File "/var/lib/openstack/lib/python3.10/site-packages/ovsdbapp/backend/ovs_idl/__init__.py", line 235, in _lookup
2026-06-26 04:48:55.724 10 ERROR ovsdbapp.backend.ovs_idl.command row = idlutils.row_by_value(self, rl.table, rl.column, record)
2026-06-26 04:48:55.724 10 ERROR ovsdbapp.backend.ovs_idl.command
File "/var/lib/openstack/lib/python3.10/site-packages/ovsdbapp/backend/ovs_idl/idlutils.py", line 114, in row_by_value
2026-06-26 04:48:55.724 10 ERROR ovsdbapp.backend.ovs_idl.command raise RowNotFound(table=table, col=column, match=match)
2026-06-26 04:48:55.724 10 ERROR ovsdbapp.backend.ovs_idl.command ovsdbapp.backend.ovs_idl.idlutils.RowNotFound: Cannot find Logical_Router_Port with name=lrp-d3eafffb-4f97-48bf-88e3-b77805987a62
2026-06-26 04:48:55.724 10 ERROR ovsdbapp.backend.ovs_idl.command 
2026-06-26 04:48:55.725 10 ERROR neutron_lib.callbacks.manager [None req-1c01b615-2d9b-4850-abda-0cb6a86be972 ded23f2cdb7e4c9295800275f6291be6 4e78bc56101241b69e3b16de49ca9730 - - default default] Error during notification for neutron.services.ovn_l3.plugin.OVNL3RouterPlugin._port_update-8768350965469 port, after_update: ovsdbapp.backend.ovs_idl.idlutils.RowNotFound: Cannot find Logical_Router_Port with name=lrp-d3eafffb-4f97-48bf-88e3-b77805987a62
2026-06-26 04:48:55.725 10 ERROR neutron_lib.callbacks.manager
Traceback (most recent call last):
2026-06-26 04:48:55.725 10 ERROR neutron_lib.callbacks.manager
File "/var/lib/openstack/lib/python3.10/site-packages/neutron_lib/callbacks/manager.py", line 189, in _notify_loop
2026-06-26 04:48:55.725 10 ERROR neutron_lib.callbacks.manager callback.method(resource, event, trigger, payload=payload)
2026-06-26 04:48:55.725 10 ERROR neutron_lib.callbacks.manager
File "/var/lib/openstack/lib/python3.10/site-packages/neutron/services/ovn_l3/plugin.py", line 391, in _port_update
2026-06-26 04:48:55.725 10 ERROR neutron_lib.callbacks.manager l3plugin._ovn_client.update_router_port(context,
2026-06-26 04:48:55.725 10 ERROR neutron_lib.callbacks.manager
File "/var/lib/openstack/lib/python3.10/site-packages/neutron/plugins/ml2/drivers/ovn/mech_driver/ovsdb/ovn_client.py", line 1878, in update_router_port
2026-06-26 04:48:55.725 10 ERROR neutron_lib.callbacks.manager self._update_lrouter_port(context, port, if_exists=if_exists,
2026-06-26 04:48:55.725 10 ERROR neutron_lib.callbacks.manager
File "/var/lib/openstack/lib/python3.10/site-packages/neutron/plugins/ml2/drivers/ovn/mech_driver/ovsdb/ovn_client.py", line 1855, in _update_lrouter_port
2026-06-26 04:48:55.725 10 ERROR neutron_lib.callbacks.manager external_ids = self._nb_idl.db_get(
2026-06-26 04:48:55.725 10 ERROR neutron_lib.callbacks.manager
File "/var/lib/openstack/lib/python3.10/site-packages/ovsdbapp/backend/ovs_idl/command.py", line 47, in execute
2026-06-26 04:48:55.725 10 ERROR neutron_lib.callbacks.manager self.run_idl(None)
2026-06-26 04:48:55.725 10 ERROR neutron_lib.callbacks.manager
File "/var/lib/openstack/lib/python3.10/site-packages/ovsdbapp/backend/ovs_idl/command.py", line 235, in run_idl
2026-06-26 04:48:55.725 10 ERROR neutron_lib.callbacks.manager record = self.api.lookup(self.table, self.record)
2026-06-26 04:48:55.725 10 ERROR neutron_lib.callbacks.manager
File "/var/lib/openstack/lib/python3.10/site-packages/ovsdbapp/backend/ovs_idl/__init__.py", line 184, in lookup
2026-06-26 04:48:55.725 10 ERROR neutron_lib.callbacks.manager return self._lookup(table, record)
2026-06-26 04:48:55.725 10 ERROR neutron_lib.callbacks.manager
File "/var/lib/openstack/lib/python3.10/site-packages/ovsdbapp/backend/ovs_idl/__init__.py", line 235, in _lookup
2026-06-26 04:48:55.725 10 ERROR neutron_lib.callbacks.manager row = idlutils.row_by_value(self, rl.table, rl.column, record)
2026-06-26 04:48:55.725 10 ERROR neutron_lib.callbacks.manager
File "/var/lib/openstack/lib/python3.10/site-packages/ovsdbapp/backend/ovs_idl/idlutils.py", line 114, in row_by_value
2026-06-26 04:48:55.725 10 ERROR neutron_lib.callbacks.manager raise RowNotFound(table=table, col=column, match=match)
2026-06-26 04:48:55.725 10 ERROR neutron_lib.callbacks.manager ovsdbapp.backend.ovs_idl.idlutils.RowNotFound: Cannot find Logical_Router_Port with name=lrp-d3eafffb-4f97-48bf-88e3-b77805987a62
2026-06-26 04:48:55.725 10 ERROR neutron_lib.callbacks.manager 
2026-06-26 04:48:55.746 10 INFO neutron.db.ovn_revision_numbers_db [None req-62c76fd6-6625-4bac-b769-7e1f10feffc5 - - - - - -] Successfully bumped revision number for resource 6a48bd57-53b7-48f8-a058-9967221d016c (type: ports) to 2
