2026-06-26 04:51:01.738 10 INFO neutron.wsgi [None req-b7890005-f5a2-4d67-9101-9971eb55b22d ded23f2cdb7e4c9295800275f6291be6 4e78bc56101241b69e3b16de49ca9730 - - default default] 10.0.0.33 "GET /v2.0/security-groups?tenant_id=45b2e658932d4876a73f0970e7ba2e2c&name=default HTTP/1.1" status: 200 len: 3124 time: 0.3492148
2026-06-26 04:51:01.751 10 WARNING neutron.scheduler.dhcp_agent_scheduler [None req-1c7f6df9-d2e9-4e57-9090-583863d1b9e1 9d09bb75b17a40f698b8ce9924ea28f9 1d2f17dd68f74d92a4686a60f490467a - - default default] No more DHCP agents
2026-06-26 04:51:01.753 10 WARNING neutron.api.rpc.agentnotifiers.dhcp_rpc_agent_api [None req-1c7f6df9-d2e9-4e57-9090-583863d1b9e1 9d09bb75b17a40f698b8ce9924ea28f9 1d2f17dd68f74d92a4686a60f490467a - - default default] Unable to schedule network c342dcc7-fd1e-4902-8d74-88150db696ad: no agents available; will retry on subsequent port and subnet creation events.
2026-06-26 04:51:01.916 10 INFO neutron.db.ovn_revision_numbers_db [None req-1c7f6df9-d2e9-4e57-9090-583863d1b9e1 9d09bb75b17a40f698b8ce9924ea28f9 1d2f17dd68f74d92a4686a60f490467a - - default default] Successfully bumped revision number for resource c6c6df82-317d-44f3-bf49-1417a03001df (type: ports) to 1
2026-06-26 04:51:01.984 9 INFO neutron.wsgi [None req-e9361cb2-d554-4256-a282-d6df2669652b ded23f2cdb7e4c9295800275f6291be6 4e78bc56101241b69e3b16de49ca9730 - - default default] 10.0.0.33 "DELETE /v2.0/security-groups/2d07c8c0-7a79-4189-9522-82956c6e1101 HTTP/1.1" status: 204 len: 168 time: 0.2395163
2026-06-26 04:51:02.190 10 INFO neutron.wsgi [None req-ef7ce3ae-7370-42b0-8bd9-274f206f389f ded23f2cdb7e4c9295800275f6291be6 4e78bc56101241b69e3b16de49ca9730 - - default default] 10.0.0.33 "GET /v2.0/security-groups?tenant_id=9af2b697883040aca2f0f898c683ba20&name=default HTTP/1.1" status: 200 len: 3124 time: 0.0483623
2026-06-26 04:51:02.431 9 INFO neutron.wsgi [None req-801f99b7-573c-4904-98fc-4752bb679b1f ded23f2cdb7e4c9295800275f6291be6 4e78bc56101241b69e3b16de49ca9730 - - default default] 10.0.0.33 "DELETE /v2.0/security-groups/bae3e4cf-2fb8-41b6-b3e4-d8f7bcc0072d HTTP/1.1" status: 204 len: 168 time: 0.2350349
2026-06-26 04:51:02.898 10 ERROR ovsdbapp.backend.ovs_idl.command [None req-1c7f6df9-d2e9-4e57-9090-583863d1b9e1 9d09bb75b17a40f698b8ce9924ea28f9 1d2f17dd68f74d92a4686a60f490467a - - default default] Error executing command (DbGetCommand): ovsdbapp.backend.ovs_idl.idlutils.RowNotFound: Cannot find Logical_Router_Port with name=lrp-c6c6df82-317d-44f3-bf49-1417a03001df
2026-06-26 04:51:02.898 10 ERROR ovsdbapp.backend.ovs_idl.command
Traceback (most recent call last):
2026-06-26 04:51:02.898 10 ERROR ovsdbapp.backend.ovs_idl.command
File "/var/lib/openstack/lib/python3.10/site-packages/ovsdbapp/backend/ovs_idl/command.py", line 47, in execute
2026-06-26 04:51:02.898 10 ERROR ovsdbapp.backend.ovs_idl.command self.run_idl(None)
2026-06-26 04:51:02.898 10 ERROR ovsdbapp.backend.ovs_idl.command
File "/var/lib/openstack/lib/python3.10/site-packages/ovsdbapp/backend/ovs_idl/command.py", line 235, in run_idl
2026-06-26 04:51:02.898 10 ERROR ovsdbapp.backend.ovs_idl.command record = self.api.lookup(self.table, self.record)
2026-06-26 04:51:02.898 10 ERROR ovsdbapp.backend.ovs_idl.command
File "/var/lib/openstack/lib/python3.10/site-packages/ovsdbapp/backend/ovs_idl/__init__.py", line 184, in lookup
2026-06-26 04:51:02.898 10 ERROR ovsdbapp.backend.ovs_idl.command return self._lookup(table, record)
2026-06-26 04:51:02.898 10 ERROR ovsdbapp.backend.ovs_idl.command
File "/var/lib/openstack/lib/python3.10/site-packages/ovsdbapp/backend/ovs_idl/__init__.py", line 235, in _lookup
2026-06-26 04:51:02.898 10 ERROR ovsdbapp.backend.ovs_idl.command row = idlutils.row_by_value(self, rl.table, rl.column, record)
2026-06-26 04:51:02.898 10 ERROR ovsdbapp.backend.ovs_idl.command
File "/var/lib/openstack/lib/python3.10/site-packages/ovsdbapp/backend/ovs_idl/idlutils.py", line 114, in row_by_value
2026-06-26 04:51:02.898 10 ERROR ovsdbapp.backend.ovs_idl.command raise RowNotFound(table=table, col=column, match=match)
2026-06-26 04:51:02.898 10 ERROR ovsdbapp.backend.ovs_idl.command ovsdbapp.backend.ovs_idl.idlutils.RowNotFound: Cannot find Logical_Router_Port with name=lrp-c6c6df82-317d-44f3-bf49-1417a03001df
2026-06-26 04:51:02.898 10 ERROR ovsdbapp.backend.ovs_idl.command 
2026-06-26 04:51:02.899 10 ERROR neutron_lib.callbacks.manager [None req-1c7f6df9-d2e9-4e57-9090-583863d1b9e1 9d09bb75b17a40f698b8ce9924ea28f9 1d2f17dd68f74d92a4686a60f490467a - - default default] Error during notification for neutron.services.ovn_l3.plugin.OVNL3RouterPlugin._port_update-8768350965469 port, after_update: ovsdbapp.backend.ovs_idl.idlutils.RowNotFound: Cannot find Logical_Router_Port with name=lrp-c6c6df82-317d-44f3-bf49-1417a03001df
2026-06-26 04:51:02.899 10 ERROR neutron_lib.callbacks.manager
Traceback (most recent call last):
2026-06-26 04:51:02.899 10 ERROR neutron_lib.callbacks.manager
File "/var/lib/openstack/lib/python3.10/site-packages/neutron_lib/callbacks/manager.py", line 189, in _notify_loop
2026-06-26 04:51:02.899 10 ERROR neutron_lib.callbacks.manager callback.method(resource, event, trigger, payload=payload)
2026-06-26 04:51:02.899 10 ERROR neutron_lib.callbacks.manager
File "/var/lib/openstack/lib/python3.10/site-packages/neutron/services/ovn_l3/plugin.py", line 391, in _port_update
2026-06-26 04:51:02.899 10 ERROR neutron_lib.callbacks.manager l3plugin._ovn_client.update_router_port(context,
2026-06-26 04:51:02.899 10 ERROR neutron_lib.callbacks.manager
File "/var/lib/openstack/lib/python3.10/site-packages/neutron/plugins/ml2/drivers/ovn/mech_driver/ovsdb/ovn_client.py", line 1878, in update_router_port
2026-06-26 04:51:02.899 10 ERROR neutron_lib.callbacks.manager self._update_lrouter_port(context, port, if_exists=if_exists,
2026-06-26 04:51:02.899 10 ERROR neutron_lib.callbacks.manager
File "/var/lib/openstack/lib/python3.10/site-packages/neutron/plugins/ml2/drivers/ovn/mech_driver/ovsdb/ovn_client.py", line 1855, in _update_lrouter_port
2026-06-26 04:51:02.899 10 ERROR neutron_lib.callbacks.manager external_ids = self._nb_idl.db_get(
2026-06-26 04:51:02.899 10 ERROR neutron_lib.callbacks.manager
File "/var/lib/openstack/lib/python3.10/site-packages/ovsdbapp/backend/ovs_idl/command.py", line 47, in execute
2026-06-26 04:51:02.899 10 ERROR neutron_lib.callbacks.manager self.run_idl(None)
2026-06-26 04:51:02.899 10 ERROR neutron_lib.callbacks.manager
File "/var/lib/openstack/lib/python3.10/site-packages/ovsdbapp/backend/ovs_idl/command.py", line 235, in run_idl
2026-06-26 04:51:02.899 10 ERROR neutron_lib.callbacks.manager record = self.api.lookup(self.table, self.record)
2026-06-26 04:51:02.899 10 ERROR neutron_lib.callbacks.manager
File "/var/lib/openstack/lib/python3.10/site-packages/ovsdbapp/backend/ovs_idl/__init__.py", line 184, in lookup
2026-06-26 04:51:02.899 10 ERROR neutron_lib.callbacks.manager return self._lookup(table, record)
2026-06-26 04:51:02.899 10 ERROR neutron_lib.callbacks.manager
File "/var/lib/openstack/lib/python3.10/site-packages/ovsdbapp/backend/ovs_idl/__init__.py", line 235, in _lookup
2026-06-26 04:51:02.899 10 ERROR neutron_lib.callbacks.manager row = idlutils.row_by_value(self, rl.table, rl.column, record)
2026-06-26 04:51:02.899 10 ERROR neutron_lib.callbacks.manager
File "/var/lib/openstack/lib/python3.10/site-packages/ovsdbapp/backend/ovs_idl/idlutils.py", line 114, in row_by_value
2026-06-26 04:51:02.899 10 ERROR neutron_lib.callbacks.manager raise RowNotFound(table=table, col=column, match=match)
2026-06-26 04:51:02.899 10 ERROR neutron_lib.callbacks.manager ovsdbapp.backend.ovs_idl.idlutils.RowNotFound: Cannot find Logical_Router_Port with name=lrp-c6c6df82-317d-44f3-bf49-1417a03001df
2026-06-26 04:51:02.899 10 ERROR neutron_lib.callbacks.manager 
2026-06-26 04:51:03.078 10 INFO neutron.wsgi [None req-5b0b261f-792c-4efd-8187-e9772ce078fe ded23f2cdb7e4c9295800275f6291be6 4e78bc56101241b69e3b16de49ca9730 - - default default] 199.204.45.156 "GET /v2.0/extensions/security-group HTTP/1.1" status: 200 len: 369 time: 0.1768904
2026-06-26 04:51:03.091 10 INFO neutron.wsgi [None req-b0cef4c9-f51c-45c9-967e-d3fb5bbd88c5 ded23f2cdb7e4c9295800275f6291be6 4e78bc56101241b69e3b16de49ca9730 - - default default] 199.204.45.156 "GET /v2.0/extensions/dns-integration HTTP/1.1" status: 200 len: 371 time: 0.0055244
2026-06-26 04:51:03.099 10 INFO neutron.wsgi [None req-ce195c76-5585-45b6-9df6-ed4a30c18864 ded23f2cdb7e4c9295800275f6291be6 4e78bc56101241b69e3b16de49ca9730 - - default default] 199.204.45.156 "GET /v2.0/extensions/qos HTTP/1.1" status: 200 len: 365 time: 0.0051162
2026-06-26 04:51:03.106 10 INFO neutron.wsgi [None req-788a9d47-0b9d-4d69-bb57-94aae502bb41 ded23f2cdb7e4c9295800275f6291be6 4e78bc56101241b69e3b16de49ca9730 - - default default] 199.204.45.156 "GET /v2.0/extensions/allowed-address-pairs HTTP/1.1" status: 200 len: 383 time: 0.0039608
2026-06-26 04:51:03.158 10 INFO neutron.wsgi [None req-23d46389-99d6-48f5-9483-5a8b406d1ddb ded23f2cdb7e4c9295800275f6291be6 4e78bc56101241b69e3b16de49ca9730 - - default default] 199.204.45.156 "GET /v2.0/ports/0387e510-3038-4512-a67d-6852d06d20d8 HTTP/1.1" status: 200 len: 1328 time: 0.0351949
2026-06-26 04:51:03.173 9 INFO neutron.plugins.ml2.drivers.ovn.mech_driver.mech_driver [None req-9bff111f-9d5d-4006-ab7a-7deeb4049bf7 - - - - - -] OVN reports status up for port: c6c6df82-317d-44f3-bf49-1417a03001df
2026-06-26 04:51:03.183 9 INFO neutron.plugins.ml2.plugin [None req-9bff111f-9d5d-4006-ab7a-7deeb4049bf7 - - - - - -] Attempt 1 to provision port c6c6df82-317d-44f3-bf49-1417a03001df
2026-06-26 04:51:03.192 10 INFO neutron.db.ovn_revision_numbers_db [None req-1c7f6df9-d2e9-4e57-9090-583863d1b9e1 9d09bb75b17a40f698b8ce9924ea28f9 1d2f17dd68f74d92a4686a60f490467a - - default default] Successfully bumped revision number for resource c6c6df82-317d-44f3-bf49-1417a03001df (type: ports) to 1
2026-06-26 04:51:03.264 10 WARNING neutron.scheduler.dhcp_agent_scheduler [None req-1c7f6df9-d2e9-4e57-9090-583863d1b9e1 9d09bb75b17a40f698b8ce9924ea28f9 1d2f17dd68f74d92a4686a60f490467a - - default default] No more DHCP agents
2026-06-26 04:51:03.266 10 WARNING neutron.api.rpc.agentnotifiers.dhcp_rpc_agent_api [None req-1c7f6df9-d2e9-4e57-9090-583863d1b9e1 9d09bb75b17a40f698b8ce9924ea28f9 1d2f17dd68f74d92a4686a60f490467a - - default default] Unable to schedule network c342dcc7-fd1e-4902-8d74-88150db696ad: no agents available; will retry on subsequent port and subnet creation events.
2026-06-26 04:51:03.394 10 INFO neutron.wsgi [None req-1aa652d6-55b0-41d5-83ca-a9a96cb3bee2 ded23f2cdb7e4c9295800275f6291be6 4e78bc56101241b69e3b16de49ca9730 - - default default] 199.204.45.156 "GET /v2.0/extensions/security-group HTTP/1.1" status: 200 len: 369 time: 0.0053551
2026-06-26 04:51:03.402 10 INFO neutron.wsgi [None req-f91e8f47-0c7a-46f4-9765-e7ea970a7532 ded23f2cdb7e4c9295800275f6291be6 4e78bc56101241b69e3b16de49ca9730 - - default default] 199.204.45.156 "GET /v2.0/extensions/dns-integration HTTP/1.1" status: 200 len: 371 time: 0.0033855
2026-06-26 04:51:03.410 10 INFO neutron.wsgi [None req-e1d78d63-2c6a-4611-910c-18da85cc73d5 ded23f2cdb7e4c9295800275f6291be6 4e78bc56101241b69e3b16de49ca9730 - - default default] 199.204.45.156 "GET /v2.0/extensions/qos HTTP/1.1" status: 200 len: 365 time: 0.0045917
2026-06-26 04:51:03.421 10 INFO neutron.wsgi [None req-29363f8f-40f7-405d-b516-bd5c0e3d8724 ded23f2cdb7e4c9295800275f6291be6 4e78bc56101241b69e3b16de49ca9730 - - default default] 199.204.45.156 "GET /v2.0/extensions/allowed-address-pairs HTTP/1.1" status: 200 len: 383 time: 0.0033584
2026-06-26 04:51:03.438 10 INFO neutron.api.v2.resource [None req-0224ae7d-91f2-439e-b026-9d50f729b35b ded23f2cdb7e4c9295800275f6291be6 4e78bc56101241b69e3b16de49ca9730 - - default default] show failed (client error): The resource could not be found.
2026-06-26 04:51:03.439 10 INFO neutron.wsgi [None req-0224ae7d-91f2-439e-b026-9d50f729b35b ded23f2cdb7e4c9295800275f6291be6 4e78bc56101241b69e3b16de49ca9730 - - default default] 199.204.45.156 "GET /v2.0/security-groups/lb-c1a68424-025b-42f5-ad07-7e31ece9dc84 HTTP/1.1" status: 404 len: 355 time: 0.0138953
2026-06-26 04:51:03.487 10 INFO neutron.wsgi [None req-9628f6f0-1cb2-441d-9ba8-d98ca878891d ded23f2cdb7e4c9295800275f6291be6 4e78bc56101241b69e3b16de49ca9730 - - default default] 199.204.45.156 "GET /v2.0/security-groups?name=lb-c1a68424-025b-42f5-ad07-7e31ece9dc84 HTTP/1.1" status: 200 len: 221 time: 0.0445485
2026-06-26 04:51:03.578 9 INFO neutron.db.ovn_revision_numbers_db [None req-9bff111f-9d5d-4006-ab7a-7deeb4049bf7 - - - - - -] Successfully bumped revision number for resource c6c6df82-317d-44f3-bf49-1417a03001df (type: ports) to 2
2026-06-26 04:51:03.660 10 INFO neutron.db.ovn_revision_numbers_db [None req-1c7f6df9-d2e9-4e57-9090-583863d1b9e1 9d09bb75b17a40f698b8ce9924ea28f9 1d2f17dd68f74d92a4686a60f490467a - - default default] Successfully bumped revision number for resource c6c6df82-317d-44f3-bf49-1417a03001df (type: router_ports) to 1
2026-06-26 04:51:03.665 10 INFO neutron.wsgi [None req-1c7f6df9-d2e9-4e57-9090-583863d1b9e1 9d09bb75b17a40f698b8ce9924ea28f9 1d2f17dd68f74d92a4686a60f490467a - - default default] 10.0.0.33 "PUT /v2.0/routers/5131c45c-f01d-4be4-82a3-b4e60563258e/add_router_interface HTTP/1.1" status: 200 len: 503 time: 2.8476574
2026-06-26 04:51:03.666 10 INFO neutron.db.ovn_revision_numbers_db [None req-330465a3-a994-4291-b659-0d6cc7d5afbf ded23f2cdb7e4c9295800275f6291be6 4e78bc56101241b69e3b16de49ca9730 - - default default] Successfully bumped revision number for resource 10fa9dff-c613-4b57-91fe-073caf77d2ef (type: security_groups) to 1
2026-06-26 04:51:03.679 10 WARNING neutron_lib.context [None req-8561e3bd-0b6d-4e98-9cba-a41222fb0d75 9d09bb75b17a40f698b8ce9924ea28f9 1d2f17dd68f74d92a4686a60f490467a - - default default] Method 'is_advsvc' is deprecated since 2023.2 release (neutron-lib 3.8.0) and will be removed once support for the old RBAC API policies will be removed from Neutron. Please use method 'is_service_role' instead.
2026-06-26 04:51:03.692 10 INFO neutron.db.ovn_revision_numbers_db [None req-330465a3-a994-4291-b659-0d6cc7d5afbf ded23f2cdb7e4c9295800275f6291be6 4e78bc56101241b69e3b16de49ca9730 - - default default] Successfully bumped revision number for resource 22b6f386-0d8e-496f-aa41-612e30b4997e (type: security_group_rules) to 0
2026-06-26 04:51:03.720 10 INFO neutron.db.ovn_revision_numbers_db [None req-330465a3-a994-4291-b659-0d6cc7d5afbf ded23f2cdb7e4c9295800275f6291be6 4e78bc56101241b69e3b16de49ca9730 - - default default] Successfully bumped revision number for resource 9a98646c-d186-4e4a-abf0-443abe375a53 (type: security_group_rules) to 0
2026-06-26 04:51:03.745 9 INFO neutron.db.ovn_revision_numbers_db [None req-9bff111f-9d5d-4006-ab7a-7deeb4049bf7 - - - - - -] Successfully bumped revision number for resource c6c6df82-317d-44f3-bf49-1417a03001df (type: router_ports) to 2
2026-06-26 04:51:03.759 10 INFO neutron.wsgi [None req-330465a3-a994-4291-b659-0d6cc7d5afbf ded23f2cdb7e4c9295800275f6291be6 4e78bc56101241b69e3b16de49ca9730 - - default default] 199.204.45.156 "POST /v2.0/security-groups HTTP/1.1" status: 201 len: 1843 time: 0.2649984
2026-06-26 04:51:03.830 10 INFO neutron.wsgi [None req-f66eca1d-fc1f-4373-8507-51b7c64cbb3f ded23f2cdb7e4c9295800275f6291be6 4e78bc56101241b69e3b16de49ca9730 - - default default] 199.204.45.156 "GET /v2.0/security-group-rules?security_group_id=10fa9dff-c613-4b57-91fe-073caf77d2ef HTTP/1.1" status: 200 len: 1382 time: 0.0649614
2026-06-26 04:51:04.733 10 INFO neutron.db.ovn_revision_numbers_db [None req-c10bb744-072b-4ed1-9a1a-bfda190e4219 ded23f2cdb7e4c9295800275f6291be6 4e78bc56101241b69e3b16de49ca9730 - - default default] Successfully bumped revision number for resource 0387e510-3038-4512-a67d-6852d06d20d8 (type: ports) to 2
2026-06-26 04:51:04.734 10 WARNING neutron.scheduler.dhcp_agent_scheduler [None req-8561e3bd-0b6d-4e98-9cba-a41222fb0d75 9d09bb75b17a40f698b8ce9924ea28f9 1d2f17dd68f74d92a4686a60f490467a - - default default] No more DHCP agents
2026-06-26 04:51:04.736 10 WARNING neutron.api.rpc.agentnotifiers.dhcp_rpc_agent_api [None req-8561e3bd-0b6d-4e98-9cba-a41222fb0d75 9d09bb75b17a40f698b8ce9924ea28f9 1d2f17dd68f74d92a4686a60f490467a - - default default] Unable to schedule network 5f01502e-e836-46d4-821d-b347dfec5b7a: no agents available; will retry on subsequent port and subnet creation events.
2026-06-26 04:51:04.743 10 INFO neutron.wsgi [None req-c10bb744-072b-4ed1-9a1a-bfda190e4219 ded23f2cdb7e4c9295800275f6291be6 4e78bc56101241b69e3b16de49ca9730 - - default default] 199.204.45.156 "PUT /v2.0/ports/0387e510-3038-4512-a67d-6852d06d20d8 HTTP/1.1" status: 200 len: 1328 time: 0.9036820 /var/lib/openstack/lib/python3.10/site-packages/pycadf/identifier.py:71: UserWarning: Invalid uuid: neutron. To ensure interoperability, identifiers should be a valid uuid. warnings.warn(('Invalid uuid: %s. To ensure interoperability, '
2026-06-26 04:51:04.813 10 INFO neutron.wsgi [None req-b9cb34b9-e008-4194-8024-1a03a95d7407 ded23f2cdb7e4c9295800275f6291be6 4e78bc56101241b69e3b16de49ca9730 - - default default] 199.204.45.156 "GET /v2.0/extensions/security-group HTTP/1.1" status: 200 len: 369 time: 0.0060961
2026-06-26 04:51:04.831 10 INFO neutron.wsgi [None req-a640eede-32fd-46a7-a483-9a942f2aadfd ded23f2cdb7e4c9295800275f6291be6 4e78bc56101241b69e3b16de49ca9730 - - default default] 199.204.45.156 "GET /v2.0/extensions/dns-integration HTTP/1.1" status: 200 len: 371 time: 0.0044546
2026-06-26 04:51:04.839 10 INFO neutron.wsgi [None req-1051b71b-8cae-455d-bdaa-9526754af0ec ded23f2cdb7e4c9295800275f6291be6 4e78bc56101241b69e3b16de49ca9730 - - default default] 199.204.45.156 "GET /v2.0/extensions/qos HTTP/1.1" status: 200 len: 365 time: 0.0040677
2026-06-26 04:51:04.846 10 INFO neutron.wsgi [None req-00ab9c6e-6e70-40bd-88ce-46490d53c1f4 ded23f2cdb7e4c9295800275f6291be6 4e78bc56101241b69e3b16de49ca9730 - - default default] 199.204.45.156 "GET /v2.0/extensions/allowed-address-pairs HTTP/1.1" status: 200 len: 383 time: 0.0039077
2026-06-26 04:51:04.906 10 INFO neutron.wsgi [None req-f72822de-bb5b-40c0-b252-9125bca7655d ded23f2cdb7e4c9295800275f6291be6 4e78bc56101241b69e3b16de49ca9730 - - default default] 199.204.45.156 "GET /v2.0/subnets/0a45c6f3-a8a0-44ea-9a3b-24509ced36a0 HTTP/1.1" status: 200 len: 851 time: 0.0540211
2026-06-26 04:51:04.966 10 INFO neutron.db.ovn_revision_numbers_db [None req-8561e3bd-0b6d-4e98-9cba-a41222fb0d75 9d09bb75b17a40f698b8ce9924ea28f9 1d2f17dd68f74d92a4686a60f490467a - - default default] Successfully bumped revision number for resource a1dd09fc-a856-4b1b-b86b-ae5a79c4f3e5 (type: ports) to 1
2026-06-26 04:51:05.214 10 INFO neutron.db.ovn_revision_numbers_db [None req-8561e3bd-0b6d-4e98-9cba-a41222fb0d75 9d09bb75b17a40f698b8ce9924ea28f9 1d2f17dd68f74d92a4686a60f490467a - - default default] Successfully bumped revision number for resource a1dd09fc-a856-4b1b-b86b-ae5a79c4f3e5 (type: ports) to 1
2026-06-26 04:51:05.297 10 INFO neutron.db.segments_db [None req-8561e3bd-0b6d-4e98-9cba-a41222fb0d75 9d09bb75b17a40f698b8ce9924ea28f9 1d2f17dd68f74d92a4686a60f490467a - - default default] Added segment cd6ec9c0-2b04-43a7-9526-58c249402ea1 of type geneve for network fc080a50-6099-4b7c-ad37-ba7eb1fa0082
2026-06-26 04:51:05.471 10 INFO neutron.db.ovn_revision_numbers_db [None req-8561e3bd-0b6d-4e98-9cba-a41222fb0d75 9d09bb75b17a40f698b8ce9924ea28f9 1d2f17dd68f74d92a4686a60f490467a - - default default] Successfully bumped revision number for resource fc080a50-6099-4b7c-ad37-ba7eb1fa0082 (type: networks) to 1
2026-06-26 04:51:05.616 10 WARNING neutron.scheduler.dhcp_agent_scheduler [None req-8561e3bd-0b6d-4e98-9cba-a41222fb0d75 9d09bb75b17a40f698b8ce9924ea28f9 1d2f17dd68f74d92a4686a60f490467a - - default default] No more DHCP agents
2026-06-26 04:51:05.617 10 WARNING neutron.api.rpc.agentnotifiers.dhcp_rpc_agent_api [None req-8561e3bd-0b6d-4e98-9cba-a41222fb0d75 9d09bb75b17a40f698b8ce9924ea28f9 1d2f17dd68f74d92a4686a60f490467a - - default default] Unable to schedule network fc080a50-6099-4b7c-ad37-ba7eb1fa0082: no agents available; will retry on subsequent port and subnet creation events.
2026-06-26 04:51:05.712 10 INFO neutron.db.ovn_revision_numbers_db [None req-8561e3bd-0b6d-4e98-9cba-a41222fb0d75 9d09bb75b17a40f698b8ce9924ea28f9 1d2f17dd68f74d92a4686a60f490467a - - default default] Successfully bumped revision number for resource 7a4d97b0-dd50-41c9-8ddd-ae42f2a52180 (type: ports) to 1
2026-06-26 04:51:05.856 10 WARNING neutron.scheduler.dhcp_agent_scheduler [None req-8561e3bd-0b6d-4e98-9cba-a41222fb0d75 9d09bb75b17a40f698b8ce9924ea28f9 1d2f17dd68f74d92a4686a60f490467a - - default default] No more DHCP agents
2026-06-26 04:51:05.858 10 WARNING neutron.api.rpc.agentnotifiers.dhcp_rpc_agent_api [None req-8561e3bd-0b6d-4e98-9cba-a41222fb0d75 9d09bb75b17a40f698b8ce9924ea28f9 1d2f17dd68f74d92a4686a60f490467a - - default default] Unable to schedule network fc080a50-6099-4b7c-ad37-ba7eb1fa0082: no agents available; will retry on subsequent port and subnet creation events.
2026-06-26 04:51:05.890 10 WARNING neutron.plugins.ml2.drivers.ovn.mech_driver.ovsdb.ovn_client [None req-66cb4c9e-aaa6-4c34-bd14-dfa9c62eb8eb - - - - - -] No hosting information found for port d1d1297c-caf7-46b2-bbb2-b49223721747: RuntimeError: No hosting information found for port d1d1297c-caf7-46b2-bbb2-b49223721747
2026-06-26 04:51:05.891 10 INFO neutron.db.ovn_revision_numbers_db [None req-8561e3bd-0b6d-4e98-9cba-a41222fb0d75 9d09bb75b17a40f698b8ce9924ea28f9 1d2f17dd68f74d92a4686a60f490467a - - default default] Successfully bumped revision number for resource cbca7b12-a6f1-4f10-938b-7cf4b784bdc5 (type: subnets) to 0
2026-06-26 04:51:06.418 10 WARNING neutron.scheduler.dhcp_agent_scheduler [None req-8561e3bd-0b6d-4e98-9cba-a41222fb0d75 9d09bb75b17a40f698b8ce9924ea28f9 1d2f17dd68f74d92a4686a60f490467a - - default default] No more DHCP agents
2026-06-26 04:51:06.420 10 WARNING neutron.api.rpc.agentnotifiers.dhcp_rpc_agent_api [None req-8561e3bd-0b6d-4e98-9cba-a41222fb0d75 9d09bb75b17a40f698b8ce9924ea28f9 1d2f17dd68f74d92a4686a60f490467a - - default default] Unable to schedule network fc080a50-6099-4b7c-ad37-ba7eb1fa0082: no agents available; will retry on subsequent port and subnet creation events.
2026-06-26 04:51:06.590 10 INFO neutron.db.ovn_revision_numbers_db [None req-8561e3bd-0b6d-4e98-9cba-a41222fb0d75 9d09bb75b17a40f698b8ce9924ea28f9 1d2f17dd68f74d92a4686a60f490467a - - default default] Successfully bumped revision number for resource 99daa7b7-05d5-4447-8586-472b2ae9d3b1 (type: ports) to 1
2026-06-26 04:51:06.734 10 WARNING neutron_lib.context [None req-4efd1ac6-a621-4e47-b17d-0eb7d03032c8 ac7cbc5213ad4b5ab4c9d15e8f000da6 7e9e0d64ae244d908f1fba899d21c6fb - - default default] Method 'is_advsvc' is deprecated since 2023.2 release (neutron-lib 3.8.0) and will be removed once support for the old RBAC API policies will be removed from Neutron. Please use method 'is_service_role' instead.
2026-06-26 04:51:06.814 10 INFO neutron.wsgi [None req-4efd1ac6-a621-4e47-b17d-0eb7d03032c8 ac7cbc5213ad4b5ab4c9d15e8f000da6 7e9e0d64ae244d908f1fba899d21c6fb - - default default] 10.0.0.33 "POST /v2.0/subnetpools HTTP/1.1" status: 201 len: 715 time: 0.1861320
2026-06-26 04:51:06.825 10 WARNING neutron_lib.context [None req-c7624167-3170-4354-b51c-f3b293cd5fcc ac7cbc5213ad4b5ab4c9d15e8f000da6 7e9e0d64ae244d908f1fba899d21c6fb - - default default] Method 'is_advsvc' is deprecated since 2023.2 release (neutron-lib 3.8.0) and will be removed once support for the old RBAC API policies will be removed from Neutron. Please use method 'is_service_role' instead.
2026-06-26 04:51:06.891 10 INFO neutron.wsgi [None req-c7624167-3170-4354-b51c-f3b293cd5fcc ac7cbc5213ad4b5ab4c9d15e8f000da6 7e9e0d64ae244d908f1fba899d21c6fb - - default default] 10.0.0.33 "POST /v2.0/subnetpools HTTP/1.1" status: 201 len: 715 time: 0.0721567
2026-06-26 04:51:06.904 9 WARNING neutron_lib.context [None req-e7dc3de7-6367-443e-ae59-e49a7558b6d6 ac7cbc5213ad4b5ab4c9d15e8f000da6 7e9e0d64ae244d908f1fba899d21c6fb - - default default] Method 'is_advsvc' is deprecated since 2023.2 release (neutron-lib 3.8.0) and will be removed once support for the old RBAC API policies will be removed from Neutron. Please use method 'is_service_role' instead.
2026-06-26 04:51:06.966 9 INFO neutron.wsgi [None req-e7dc3de7-6367-443e-ae59-e49a7558b6d6 ac7cbc5213ad4b5ab4c9d15e8f000da6 7e9e0d64ae244d908f1fba899d21c6fb - - default default] 10.0.0.33 "POST /v2.0/subnetpools HTTP/1.1" status: 201 len: 715 time: 0.0695336
2026-06-26 04:51:06.974 9 WARNING neutron_lib.context [None req-206e068d-d693-41ec-85ee-ac444f9b022c ac7cbc5213ad4b5ab4c9d15e8f000da6 7e9e0d64ae244d908f1fba899d21c6fb - - default default] Method 'is_advsvc' is deprecated since 2023.2 release (neutron-lib 3.8.0) and will be removed once support for the old RBAC API policies will be removed from Neutron. Please use method 'is_service_role' instead.
2026-06-26 04:51:07.040 9 INFO neutron.wsgi [None req-206e068d-d693-41ec-85ee-ac444f9b022c ac7cbc5213ad4b5ab4c9d15e8f000da6 7e9e0d64ae244d908f1fba899d21c6fb - - default default] 10.0.0.33 "POST /v2.0/subnetpools HTTP/1.1" status: 201 len: 715 time: 0.0688798
2026-06-26 04:51:07.057 9 WARNING neutron_lib.context [None req-8ac14a72-6010-4f34-9d6c-9ab7159fcb02 ac7cbc5213ad4b5ab4c9d15e8f000da6 7e9e0d64ae244d908f1fba899d21c6fb - - default default] Method 'is_advsvc' is deprecated since 2023.2 release (neutron-lib 3.8.0) and will be removed once support for the old RBAC API policies will be removed from Neutron. Please use method 'is_service_role' instead.
2026-06-26 04:51:07.116 9 INFO neutron.wsgi [None req-8ac14a72-6010-4f34-9d6c-9ab7159fcb02 ac7cbc5213ad4b5ab4c9d15e8f000da6 7e9e0d64ae244d908f1fba899d21c6fb - - default default] 10.0.0.33 "POST /v2.0/subnetpools HTTP/1.1" status: 201 len: 715 time: 0.0715837
2026-06-26 04:51:07.164 9 INFO neutron.wsgi [None req-4cab0dc1-1f4c-4eaa-b92c-059fb41db0ce ac7cbc5213ad4b5ab4c9d15e8f000da6 7e9e0d64ae244d908f1fba899d21c6fb - - default default] 10.0.0.33 "PUT /v2.0/subnetpools/f0df0d49-1a95-4e05-872b-63f0cb411f96/tags HTTP/1.1" status: 200 len: 210 time: 0.0378904
2026-06-26 04:51:07.203 9 INFO neutron.wsgi [None req-45376b43-2583-4503-bf64-f7954f8f9e4d ac7cbc5213ad4b5ab4c9d15e8f000da6 7e9e0d64ae244d908f1fba899d21c6fb - - default default] 10.0.0.33 "PUT /v2.0/subnetpools/e29cac11-23a0-49df-9f8a-cb4e126ad44e/tags HTTP/1.1" status: 200 len: 218 time: 0.0357776
2026-06-26 04:51:07.214 10 ERROR ovsdbapp.backend.ovs_idl.command [None req-8561e3bd-0b6d-4e98-9cba-a41222fb0d75 9d09bb75b17a40f698b8ce9924ea28f9 1d2f17dd68f74d92a4686a60f490467a - - default default] Error executing command (DbGetCommand): ovsdbapp.backend.ovs_idl.idlutils.RowNotFound: Cannot find Logical_Router_Port with name=lrp-99daa7b7-05d5-4447-8586-472b2ae9d3b1
2026-06-26 04:51:07.214 10 ERROR ovsdbapp.backend.ovs_idl.command
Traceback (most recent call last):
2026-06-26 04:51:07.214 10 ERROR ovsdbapp.backend.ovs_idl.command
File "/var/lib/openstack/lib/python3.10/site-packages/ovsdbapp/backend/ovs_idl/command.py", line 47, in execute
2026-06-26 04:51:07.214 10 ERROR ovsdbapp.backend.ovs_idl.command self.run_idl(None)
2026-06-26 04:51:07.214 10 ERROR ovsdbapp.backend.ovs_idl.command
File "/var/lib/openstack/lib/python3.10/site-packages/ovsdbapp/backend/ovs_idl/command.py", line 235, in run_idl
2026-06-26 04:51:07.214 10 ERROR ovsdbapp.backend.ovs_idl.command record = self.api.lookup(self.table, self.record)
2026-06-26 04:51:07.214 10 ERROR ovsdbapp.backend.ovs_idl.command
File "/var/lib/openstack/lib/python3.10/site-packages/ovsdbapp/backend/ovs_idl/__init__.py", line 184, in lookup
2026-06-26 04:51:07.214 10 ERROR ovsdbapp.backend.ovs_idl.command return self._lookup(table, record)
2026-06-26 04:51:07.214 10 ERROR ovsdbapp.backend.ovs_idl.command
File "/var/lib/openstack/lib/python3.10/site-packages/ovsdbapp/backend/ovs_idl/__init__.py", line 235, in _lookup
2026-06-26 04:51:07.214 10 ERROR ovsdbapp.backend.ovs_idl.command row = idlutils.row_by_value(self, rl.table, rl.column, record)
2026-06-26 04:51:07.214 10 ERROR ovsdbapp.backend.ovs_idl.command
File "/var/lib/openstack/lib/python3.10/site-packages/ovsdbapp/backend/ovs_idl/idlutils.py", line 114, in row_by_value
2026-06-26 04:51:07.214 10 ERROR ovsdbapp.backend.ovs_idl.command raise RowNotFound(table=table, col=column, match=match)
2026-06-26 04:51:07.214 10 ERROR ovsdbapp.backend.ovs_idl.command ovsdbapp.backend.ovs_idl.idlutils.RowNotFound: Cannot find Logical_Router_Port with name=lrp-99daa7b7-05d5-4447-8586-472b2ae9d3b1
2026-06-26 04:51:07.214 10 ERROR ovsdbapp.backend.ovs_idl.command 
2026-06-26 04:51:07.215 10 ERROR neutron_lib.callbacks.manager [None req-8561e3bd-0b6d-4e98-9cba-a41222fb0d75 9d09bb75b17a40f698b8ce9924ea28f9 1d2f17dd68f74d92a4686a60f490467a - - default default] Error during notification for neutron.services.ovn_l3.plugin.OVNL3RouterPlugin._port_update-8768350965469 port, after_update: ovsdbapp.backend.ovs_idl.idlutils.RowNotFound: Cannot find Logical_Router_Port with name=lrp-99daa7b7-05d5-4447-8586-472b2ae9d3b1
2026-06-26 04:51:07.215 10 ERROR neutron_lib.callbacks.manager
Traceback (most recent call last):
2026-06-26 04:51:07.215 10 ERROR neutron_lib.callbacks.manager
File "/var/lib/openstack/lib/python3.10/site-packages/neutron_lib/callbacks/manager.py", line 189, in _notify_loop
2026-06-26 04:51:07.215 10 ERROR neutron_lib.callbacks.manager callback.method(resource, event, trigger, payload=payload)
2026-06-26 04:51:07.215 10 ERROR neutron_lib.callbacks.manager
File "/var/lib/openstack/lib/python3.10/site-packages/neutron/services/ovn_l3/plugin.py", line 391, in _port_update
2026-06-26 04:51:07.215 10 ERROR neutron_lib.callbacks.manager l3plugin._ovn_client.update_router_port(context,
2026-06-26 04:51:07.215 10 ERROR neutron_lib.callbacks.manager
File "/var/lib/openstack/lib/python3.10/site-packages/neutron/plugins/ml2/drivers/ovn/mech_driver/ovsdb/ovn_client.py", line 1878, in update_router_port
2026-06-26 04:51:07.215 10 ERROR neutron_lib.callbacks.manager self._update_lrouter_port(context, port, if_exists=if_exists,
2026-06-26 04:51:07.215 10 ERROR neutron_lib.callbacks.manager
File "/var/lib/openstack/lib/python3.10/site-packages/neutron/plugins/ml2/drivers/ovn/mech_driver/ovsdb/ovn_client.py", line 1855, in _update_lrouter_port
2026-06-26 04:51:07.215 10 ERROR neutron_lib.callbacks.manager external_ids = self._nb_idl.db_get(
2026-06-26 04:51:07.215 10 ERROR neutron_lib.callbacks.manager
File "/var/lib/openstack/lib/python3.10/site-packages/ovsdbapp/backend/ovs_idl/command.py", line 47, in execute
2026-06-26 04:51:07.215 10 ERROR neutron_lib.callbacks.manager self.run_idl(None)
2026-06-26 04:51:07.215 10 ERROR neutron_lib.callbacks.manager
File "/var/lib/openstack/lib/python3.10/site-packages/ovsdbapp/backend/ovs_idl/command.py", line 235, in run_idl
2026-06-26 04:51:07.215 10 ERROR neutron_lib.callbacks.manager record = self.api.lookup(self.table, self.record)
2026-06-26 04:51:07.215 10 ERROR neutron_lib.callbacks.manager
File "/var/lib/openstack/lib/python3.10/site-packages/ovsdbapp/backend/ovs_idl/__init__.py", line 184, in lookup
2026-06-26 04:51:07.215 10 ERROR neutron_lib.callbacks.manager return self._lookup(table, record)
2026-06-26 04:51:07.215 10 ERROR neutron_lib.callbacks.manager
File "/var/lib/openstack/lib/python3.10/site-packages/ovsdbapp/backend/ovs_idl/__init__.py", line 235, in _lookup
2026-06-26 04:51:07.215 10 ERROR neutron_lib.callbacks.manager row = idlutils.row_by_value(self, rl.table, rl.column, record)
2026-06-26 04:51:07.215 10 ERROR neutron_lib.callbacks.manager
File "/var/lib/openstack/lib/python3.10/site-packages/ovsdbapp/backend/ovs_idl/idlutils.py", line 114, in row_by_value
2026-06-26 04:51:07.215 10 ERROR neutron_lib.callbacks.manager raise RowNotFound(table=table, col=column, match=match)
2026-06-26 04:51:07.215 10 ERROR neutron_lib.callbacks.manager ovsdbapp.backend.ovs_idl.idlutils.RowNotFound: Cannot find Logical_Router_Port with name=lrp-99daa7b7-05d5-4447-8586-472b2ae9d3b1
2026-06-26 04:51:07.215 10 ERROR neutron_lib.callbacks.manager 
2026-06-26 04:51:07.240 9 INFO neutron.wsgi [None req-75181e29-8e85-4b58-8389-ec5b76a25acd ac7cbc5213ad4b5ab4c9d15e8f000da6 7e9e0d64ae244d908f1fba899d21c6fb - - default default] 10.0.0.33 "PUT /v2.0/subnetpools/f821947f-8deb-46ab-b844-94038d9899ae/tags HTTP/1.1" status: 200 len: 227 time: 0.0325346
2026-06-26 04:51:07.270 9 INFO neutron.wsgi [None req-b4fd6a13-12fe-42bc-8596-cbc1a7b052ad ac7cbc5213ad4b5ab4c9d15e8f000da6 7e9e0d64ae244d908f1fba899d21c6fb - - default default] 10.0.0.33 "PUT /v2.0/subnetpools/05e97b7e-756b-4b54-a96c-c88a93a547ff/tags HTTP/1.1" status: 200 len: 212 time: 0.0255346
2026-06-26 04:51:07.299 9 INFO neutron.wsgi [None req-5fd4724d-887f-4e1e-977f-e56587f09a51 ac7cbc5213ad4b5ab4c9d15e8f000da6 7e9e0d64ae244d908f1fba899d21c6fb - - default default] 10.0.0.33 "GET /v2.0/subnetpools?tags=red HTTP/1.1" status: 200 len: 1758 time: 0.0238616
2026-06-26 04:51:07.329 9 INFO neutron.wsgi [None req-b15d7b4a-aca3-4fff-9f2a-5d2b7c5f9dbd ac7cbc5213ad4b5ab4c9d15e8f000da6 7e9e0d64ae244d908f1fba899d21c6fb - - default default] 10.0.0.33 "GET /v2.0/subnetpools?tags=red%2Cblue HTTP/1.1" status: 200 len: 1251 time: 0.0251005
2026-06-26 04:51:07.354 9 INFO neutron.wsgi [None req-dd8efbac-3499-4005-89ff-3cf2729dfc6c ac7cbc5213ad4b5ab4c9d15e8f000da6 7e9e0d64ae244d908f1fba899d21c6fb - - default default] 10.0.0.33 "GET /v2.0/subnetpools?tags-any=blue HTTP/1.1" status: 200 len: 1251 time: 0.0221932
2026-06-26 04:51:07.382 9 INFO neutron.wsgi [None req-1118875a-fbeb-4578-96a8-ca11c1246ee5 ac7cbc5213ad4b5ab4c9d15e8f000da6 7e9e0d64ae244d908f1fba899d21c6fb - - default default] 10.0.0.33 "GET /v2.0/subnetpools?tags-any=red%2Cblue HTTP/1.1" status: 200 len: 1758 time: 0.0224786
2026-06-26 04:51:07.409 9 INFO neutron.wsgi [None req-4768c78d-b180-4975-9b29-8edd2a20e7c2 ac7cbc5213ad4b5ab4c9d15e8f000da6 7e9e0d64ae244d908f1fba899d21c6fb - - default default] 10.0.0.33 "GET /v2.0/subnetpools?not-tags=red HTTP/1.1" status: 200 len: 1223 time: 0.0225751
2026-06-26 04:51:07.439 9 INFO neutron.wsgi [None req-5a9122b0-52b5-4553-b922-efb97846dbf2 ac7cbc5213ad4b5ab4c9d15e8f000da6 7e9e0d64ae244d908f1fba899d21c6fb - - default default] 10.0.0.33 "GET /v2.0/subnetpools?not-tags=red%2Cblue HTTP/1.1" status: 200 len: 1730 time: 0.0255694
2026-06-26 04:51:07.463 10 INFO neutron.db.ovn_revision_numbers_db [None req-8561e3bd-0b6d-4e98-9cba-a41222fb0d75 9d09bb75b17a40f698b8ce9924ea28f9 1d2f17dd68f74d92a4686a60f490467a - - default default] Successfully bumped revision number for resource 99daa7b7-05d5-4447-8586-472b2ae9d3b1 (type: ports) to 1
2026-06-26 04:51:07.470 9 INFO neutron.wsgi [None req-ef8fb7ac-ed95-4f5b-88e4-cbc78c18a923 ac7cbc5213ad4b5ab4c9d15e8f000da6 7e9e0d64ae244d908f1fba899d21c6fb - - default default] 10.0.0.33 "GET /v2.0/subnetpools?not-tags-any=blue HTTP/1.1" status: 200 len: 1730 time: 0.0268719
2026-06-26 04:51:07.495 9 INFO neutron.wsgi [None req-282da96d-0846-4554-b14e-f107fa8bc533 ac7cbc5213ad4b5ab4c9d15e8f000da6 7e9e0d64ae244d908f1fba899d21c6fb - - default default] 10.0.0.33 "GET /v2.0/subnetpools?not-tags-any=red%2Cblue HTTP/1.1" status: 200 len: 1223 time: 0.0196948
2026-06-26 04:51:07.539 10 WARNING neutron.scheduler.dhcp_agent_scheduler [None req-8561e3bd-0b6d-4e98-9cba-a41222fb0d75 9d09bb75b17a40f698b8ce9924ea28f9 1d2f17dd68f74d92a4686a60f490467a - - default default] No more DHCP agents
2026-06-26 04:51:07.541 10 WARNING neutron.api.rpc.agentnotifiers.dhcp_rpc_agent_api [None req-8561e3bd-0b6d-4e98-9cba-a41222fb0d75 9d09bb75b17a40f698b8ce9924ea28f9 1d2f17dd68f74d92a4686a60f490467a - - default default] Unable to schedule network fc080a50-6099-4b7c-ad37-ba7eb1fa0082: no agents available; will retry on subsequent port and subnet creation events.
2026-06-26 04:51:07.568 9 INFO neutron.wsgi [None req-9936f614-73b0-4692-97d4-7fab36d55875 ac7cbc5213ad4b5ab4c9d15e8f000da6 7e9e0d64ae244d908f1fba899d21c6fb - - default default] 10.0.0.33 "DELETE /v2.0/subnetpools/f0df0d49-1a95-4e05-872b-63f0cb411f96 HTTP/1.1" status: 204 len: 168 time: 0.0659468
2026-06-26 04:51:07.625 9 INFO neutron.wsgi [None req-0cc1f5ba-4f77-4acd-9d49-e5e80bea429d ac7cbc5213ad4b5ab4c9d15e8f000da6 7e9e0d64ae244d908f1fba899d21c6fb - - default default] 10.0.0.33 "DELETE /v2.0/subnetpools/e29cac11-23a0-49df-9f8a-cb4e126ad44e HTTP/1.1" status: 204 len: 168 time: 0.0516062
2026-06-26 04:51:07.708 9 INFO neutron.wsgi [None req-0ce9bd7e-24f3-4e38-9570-4417bab3e2aa ac7cbc5213ad4b5ab4c9d15e8f000da6 7e9e0d64ae244d908f1fba899d21c6fb - - default default] 10.0.0.33 "DELETE /v2.0/subnetpools/f821947f-8deb-46ab-b844-94038d9899ae HTTP/1.1" status: 204 len: 168 time: 0.0775723
2026-06-26 04:51:07.843 10 INFO neutron.wsgi [None req-55c89e70-1cb5-432b-a7d2-22858c13c1f9 ac7cbc5213ad4b5ab4c9d15e8f000da6 7e9e0d64ae244d908f1fba899d21c6fb - - default default] 10.0.0.33 "DELETE /v2.0/subnetpools/05e97b7e-756b-4b54-a96c-c88a93a547ff HTTP/1.1" status: 204 len: 168 time: 0.1282065
2026-06-26 04:51:07.927 9 INFO neutron.wsgi [None req-c4432ece-0f92-4219-85e7-9528b4cfae70 ac7cbc5213ad4b5ab4c9d15e8f000da6 7e9e0d64ae244d908f1fba899d21c6fb - - default default] 10.0.0.33 "DELETE /v2.0/subnetpools/bfea6b76-66de-4d5f-a1c7-bc539c620600 HTTP/1.1" status: 204 len: 168 time: 0.0769191
2026-06-26 04:51:08.224 10 INFO neutron.db.ovn_revision_numbers_db [None req-8561e3bd-0b6d-4e98-9cba-a41222fb0d75 9d09bb75b17a40f698b8ce9924ea28f9 1d2f17dd68f74d92a4686a60f490467a - - default default] Successfully bumped revision number for resource 99daa7b7-05d5-4447-8586-472b2ae9d3b1 (type: router_ports) to 1
2026-06-26 04:51:08.604 9 WARNING neutron.plugins.ml2.drivers.ovn.mech_driver.ovsdb.ovn_client [None req-9bff111f-9d5d-4006-ab7a-7deeb4049bf7 - - - - - -] No hosting information found for port c6c6df82-317d-44f3-bf49-1417a03001df: RuntimeError: No hosting information found for port c6c6df82-317d-44f3-bf49-1417a03001df
2026-06-26 04:51:08.605 9 INFO neutron.plugins.ml2.drivers.ovn.mech_driver.mech_driver [None req-9bff111f-9d5d-4006-ab7a-7deeb4049bf7 - - - - - -] OVN reports status up for port: 99daa7b7-05d5-4447-8586-472b2ae9d3b1
2026-06-26 04:51:08.612 9 INFO neutron.plugins.ml2.plugin [None req-9bff111f-9d5d-4006-ab7a-7deeb4049bf7 - - - - - -] Attempt 1 to provision port 99daa7b7-05d5-4447-8586-472b2ae9d3b1
2026-06-26 04:51:08.779 10 WARNING neutron.scheduler.dhcp_agent_scheduler [None req-b5f66210-af53-4611-956e-92e58d02e9e6 - - - - - -] No more DHCP agents
2026-06-26 04:51:08.780 10 WARNING neutron.api.rpc.agentnotifiers.dhcp_rpc_agent_api [None req-b5f66210-af53-4611-956e-92e58d02e9e6 - - - - - -] Unable to schedule network fc080a50-6099-4b7c-ad37-ba7eb1fa0082: no agents available; will retry on subsequent port and subnet creation events.
2026-06-26 04:51:08.959 10 INFO neutron.db.ovn_revision_numbers_db [None req-b5f66210-af53-4611-956e-92e58d02e9e6 - - - - - -] Successfully bumped revision number for resource 619f3a90-1916-4d90-9741-3c75027f9797 (type: ports) to 1
2026-06-26 04:51:09.068 9 INFO neutron.db.ovn_revision_numbers_db [None req-9bff111f-9d5d-4006-ab7a-7deeb4049bf7 - - - - - -] Successfully bumped revision number for resource 99daa7b7-05d5-4447-8586-472b2ae9d3b1 (type: ports) to 2
2026-06-26 04:51:09.130 10 INFO neutron.db.ovn_revision_numbers_db [None req-cb656e00-6925-4ebb-bebc-c625d25655ff ded23f2cdb7e4c9295800275f6291be6 4e78bc56101241b69e3b16de49ca9730 - - default default] Successfully bumped revision number for resource 02c34974-34ca-420c-91de-0b38f309030d (type: security_groups) to 1
2026-06-26 04:51:09.152 10 INFO neutron.db.ovn_revision_numbers_db [None req-cb656e00-6925-4ebb-bebc-c625d25655ff ded23f2cdb7e4c9295800275f6291be6 4e78bc56101241b69e3b16de49ca9730 - - default default] Successfully bumped revision number for resource 23a4060f-c57a-469c-8047-329005444ad8 (type: security_group_rules) to 0
2026-06-26 04:51:09.175 10 INFO neutron.db.ovn_revision_numbers_db [None req-cb656e00-6925-4ebb-bebc-c625d25655ff ded23f2cdb7e4c9295800275f6291be6 4e78bc56101241b69e3b16de49ca9730 - - default default] Successfully bumped revision number for resource 589f850f-cc67-4146-874d-4d6ee36296d8 (type: security_group_rules) to 0
2026-06-26 04:51:09.201 10 INFO neutron.db.ovn_revision_numbers_db [None req-cb656e00-6925-4ebb-bebc-c625d25655ff ded23f2cdb7e4c9295800275f6291be6 4e78bc56101241b69e3b16de49ca9730 - - default default] Successfully bumped revision number for resource 6d0e4852-41f8-4b49-91c3-19cf09759c72 (type: security_group_rules) to 0
2026-06-26 04:51:09.218 10 INFO neutron.db.ovn_revision_numbers_db [None req-cb656e00-6925-4ebb-bebc-c625d25655ff ded23f2cdb7e4c9295800275f6291be6 4e78bc56101241b69e3b16de49ca9730 - - default default] Successfully bumped revision number for resource fd5f2afd-0467-4b08-85ad-4ccfbb3ccadb (type: security_group_rules) to 0
2026-06-26 04:51:09.234 9 INFO neutron.db.ovn_revision_numbers_db [None req-9bff111f-9d5d-4006-ab7a-7deeb4049bf7 - - - - - -] Successfully bumped revision number for resource 99daa7b7-05d5-4447-8586-472b2ae9d3b1 (type: router_ports) to 2
2026-06-26 04:51:09.242 10 INFO neutron.wsgi [None req-cb656e00-6925-4ebb-bebc-c625d25655ff ded23f2cdb7e4c9295800275f6291be6 4e78bc56101241b69e3b16de49ca9730 - - default default] 10.0.0.33 "GET /v2.0/security-groups?tenant_id=7e9e0d64ae244d908f1fba899d21c6fb&name=default HTTP/1.1" status: 200 len: 3124 time: 0.5193882
2026-06-26 04:51:09.272 10 INFO neutron.db.ovn_revision_numbers_db [None req-b5f66210-af53-4611-956e-92e58d02e9e6 - - - - - -] Successfully bumped revision number for resource 619f3a90-1916-4d90-9741-3c75027f9797 (type: ports) to 1
2026-06-26 04:51:09.496 9 INFO neutron.wsgi [None req-75bccfb4-dd03-4fdc-ae47-131b499456d4 ded23f2cdb7e4c9295800275f6291be6 4e78bc56101241b69e3b16de49ca9730 - - default default] 10.0.0.33 "DELETE /v2.0/security-groups/02c34974-34ca-420c-91de-0b38f309030d HTTP/1.1" status: 204 len: 168 time: 0.2481816
2026-06-26 04:51:09.519 10 INFO neutron.wsgi [None req-8561e3bd-0b6d-4e98-9cba-a41222fb0d75 9d09bb75b17a40f698b8ce9924ea28f9 1d2f17dd68f74d92a4686a60f490467a - - default default] 10.0.0.33 "POST /v2.0/vpn/vpnservices HTTP/1.1" status: 201 len: 657 time: 5.8469000
2026-06-26 04:51:09.529 10 WARNING neutron_lib.context [None req-0d349ca1-1c1e-4041-9e2f-f2ce139d8556 9d09bb75b17a40f698b8ce9924ea28f9 1d2f17dd68f74d92a4686a60f490467a - - default default] Method 'is_advsvc' is deprecated since 2023.2 release (neutron-lib 3.8.0) and will be removed once support for the old RBAC API policies will be removed from Neutron. Please use method 'is_service_role' instead.
2026-06-26 04:51:09.737 9 INFO neutron.db.ovn_revision_numbers_db [None req-4cd18063-ab74-408a-a1b3-a8fb76ed72c1 ded23f2cdb7e4c9295800275f6291be6 4e78bc56101241b69e3b16de49ca9730 - - default default] Successfully bumped revision number for resource 4a5ef19f-70a5-4dfc-850c-6397f976e622 (type: security_groups) to 1
2026-06-26 04:51:09.757 9 INFO neutron.db.ovn_revision_numbers_db [None req-4cd18063-ab74-408a-a1b3-a8fb76ed72c1 ded23f2cdb7e4c9295800275f6291be6 4e78bc56101241b69e3b16de49ca9730 - - default default] Successfully bumped revision number for resource 604361db-aeb2-4883-b7a5-32d6086b4d36 (type: security_group_rules) to 0
2026-06-26 04:51:09.770 9 INFO neutron.db.ovn_revision_numbers_db [None req-4cd18063-ab74-408a-a1b3-a8fb76ed72c1 ded23f2cdb7e4c9295800275f6291be6 4e78bc56101241b69e3b16de49ca9730 - - default default] Successfully bumped revision number for resource b36b1a52-3541-47d1-8ac7-58376f85ffa3 (type: security_group_rules) to 0
2026-06-26 04:51:09.784 9 INFO neutron.db.ovn_revision_numbers_db [None req-4cd18063-ab74-408a-a1b3-a8fb76ed72c1 ded23f2cdb7e4c9295800275f6291be6 4e78bc56101241b69e3b16de49ca9730 - - default default] Successfully bumped revision number for resource e7bac391-ef8e-4734-b067-6597a763b1ea (type: security_group_rules) to 0
2026-06-26 04:51:09.799 9 INFO neutron.db.ovn_revision_numbers_db [None req-4cd18063-ab74-408a-a1b3-a8fb76ed72c1 ded23f2cdb7e4c9295800275f6291be6 4e78bc56101241b69e3b16de49ca9730 - - default default] Successfully bumped revision number for resource f55410b9-ea24-4953-a2a9-994b1bb7bb8d (type: security_group_rules) to 0
2026-06-26 04:51:09.819 9 INFO neutron.wsgi [None req-4cd18063-ab74-408a-a1b3-a8fb76ed72c1 ded23f2cdb7e4c9295800275f6291be6 4e78bc56101241b69e3b16de49ca9730 - - default default] 10.0.0.33 "GET /v2.0/security-groups?tenant_id=ba83769b0be342f2becfa7ec018e582e&name=default HTTP/1.1" status: 200 len: 3124 time: 0.2159650
2026-06-26 04:51:09.875 10 INFO neutron.wsgi [None req-0d349ca1-1c1e-4041-9e2f-f2ce139d8556 9d09bb75b17a40f698b8ce9924ea28f9 1d2f17dd68f74d92a4686a60f490467a - - default default] 10.0.0.33 "POST /v2.0/vpn/vpnservices HTTP/1.1" status: 201 len: 622 time: 0.3516769
2026-06-26 04:51:09.890 9 WARNING neutron_lib.context [None req-38d55efd-8aed-4ef8-b236-b3c90617c8d0 9d09bb75b17a40f698b8ce9924ea28f9 1d2f17dd68f74d92a4686a60f490467a - - default default] Method 'is_advsvc' is deprecated since 2023.2 release (neutron-lib 3.8.0) and will be removed once support for the old RBAC API policies will be removed from Neutron. Please use method 'is_service_role' instead.
2026-06-26 04:51:09.938 9 INFO neutron.wsgi [None req-38d55efd-8aed-4ef8-b236-b3c90617c8d0 9d09bb75b17a40f698b8ce9924ea28f9 1d2f17dd68f74d92a4686a60f490467a - - default default] 10.0.0.33 "POST /v2.0/vpn/ikepolicies HTTP/1.1" status: 201 len: 603 time: 0.0571032
2026-06-26 04:51:09.949 9 WARNING neutron_lib.context [None req-3069267f-df05-4ef9-a96a-4538497ed79f 9d09bb75b17a40f698b8ce9924ea28f9 1d2f17dd68f74d92a4686a60f490467a - - default default] Method 'is_advsvc' is deprecated since 2023.2 release (neutron-lib 3.8.0) and will be removed once support for the old RBAC API policies will be removed from Neutron. Please use method 'is_service_role' instead.
2026-06-26 04:51:10.003 9 INFO neutron.wsgi [None req-3069267f-df05-4ef9-a96a-4538497ed79f 9d09bb75b17a40f698b8ce9924ea28f9 1d2f17dd68f74d92a4686a60f490467a - - default default] 10.0.0.33 "POST /v2.0/vpn/ipsecpolicies HTTP/1.1" status: 201 len: 611 time: 0.0590172
2026-06-26 04:51:10.015 9 WARNING neutron_lib.context [None req-0492adf2-20d3-45de-bd76-e8aa754d054b 9d09bb75b17a40f698b8ce9924ea28f9 1d2f17dd68f74d92a4686a60f490467a - - default default] Method 'is_advsvc' is deprecated since 2023.2 release (neutron-lib 3.8.0) and will be removed once support for the old RBAC API policies will be removed from Neutron. Please use method 'is_service_role' instead.
2026-06-26 04:51:10.029 10 INFO neutron.wsgi [None req-5527b82b-d7db-4990-b29f-826b1e02e2db ded23f2cdb7e4c9295800275f6291be6 4e78bc56101241b69e3b16de49ca9730 - - default default] 10.0.0.33 "DELETE /v2.0/security-groups/4a5ef19f-70a5-4dfc-850c-6397f976e622 HTTP/1.1" status: 204 len: 168 time: 0.2040713
2026-06-26 04:51:10.094 9 INFO neutron.wsgi [None req-0492adf2-20d3-45de-bd76-e8aa754d054b 9d09bb75b17a40f698b8ce9924ea28f9 1d2f17dd68f74d92a4686a60f490467a - - default default] 10.0.0.33 "POST /v2.0/vpn/endpoint-groups HTTP/1.1" status: 201 len: 527 time: 0.0863609
2026-06-26 04:51:10.106 9 WARNING neutron_lib.context [None req-658756ad-9502-4f0a-89eb-7e89b73c3777 9d09bb75b17a40f698b8ce9924ea28f9 1d2f17dd68f74d92a4686a60f490467a - - default default] Method 'is_advsvc' is deprecated since 2023.2 release (neutron-lib 3.8.0) and will be removed once support for the old RBAC API policies will be removed from Neutron. Please use method 'is_service_role' instead.
2026-06-26 04:51:10.146 9 INFO neutron.wsgi [None req-658756ad-9502-4f0a-89eb-7e89b73c3777 9d09bb75b17a40f698b8ce9924ea28f9 1d2f17dd68f74d92a4686a60f490467a - - default default] 10.0.0.33 "POST /v2.0/vpn/endpoint-groups HTTP/1.1" status: 201 len: 518 time: 0.0452349
2026-06-26 04:51:10.157 9 WARNING neutron_lib.context [None req-b0c16c9a-cb3c-4d30-8503-82ca24ae570b 9d09bb75b17a40f698b8ce9924ea28f9 1d2f17dd68f74d92a4686a60f490467a - - default default] Method 'is_advsvc' is deprecated since 2023.2 release (neutron-lib 3.8.0) and will be removed once support for the old RBAC API policies will be removed from Neutron. Please use method 'is_service_role' instead.
2026-06-26 04:51:10.512 10 INFO neutron.wsgi [-] 10.0.0.99 "GET / HTTP/1.1" status: 200 len: 247 time: 0.0040140
2026-06-26 04:51:10.515 10 INFO neutron.wsgi [-] 10.0.0.99 "GET / HTTP/1.1" status: 200 len: 247 time: 0.0019391
2026-06-26 04:51:10.902 9 INFO neutron.db.ovn_revision_numbers_db [None req-1b35a70b-4ac8-4697-ad8a-af8c72745b17 ded23f2cdb7e4c9295800275f6291be6 4e78bc56101241b69e3b16de49ca9730 - - default default] Successfully bumped revision number for resource 4ca5da88-4bf1-455e-875f-dd9d2e2e9da8 (type: security_groups) to 1
2026-06-26 04:51:10.941 9 INFO neutron.db.ovn_revision_numbers_db [None req-1b35a70b-4ac8-4697-ad8a-af8c72745b17 ded23f2cdb7e4c9295800275f6291be6 4e78bc56101241b69e3b16de49ca9730 - - default default] Successfully bumped revision number for resource 2f053cd4-245f-4778-b161-fb01b5fe3690 (type: security_group_rules) to 0
2026-06-26 04:51:10.969 9 INFO neutron.db.ovn_revision_numbers_db [None req-1b35a70b-4ac8-4697-ad8a-af8c72745b17 ded23f2cdb7e4c9295800275f6291be6 4e78bc56101241b69e3b16de49ca9730 - - default default] Successfully bumped revision number for resource 3a5672d4-b6c4-42c0-97c9-80854a45ef57 (type: security_group_rules) to 0
2026-06-26 04:51:10.992 9 INFO neutron.db.ovn_revision_numbers_db [None req-1b35a70b-4ac8-4697-ad8a-af8c72745b17 ded23f2cdb7e4c9295800275f6291be6 4e78bc56101241b69e3b16de49ca9730 - - default default] Successfully bumped revision number for resource 731ec75f-e515-4fe2-aab1-052226eaa13f (type: security_group_rules) to 0
