2026-06-26 04:48:18.092 10 INFO neutron.wsgi [None req-1ffc0445-7a34-4897-a9dd-1d702bcbf5ce 66d8ac76f11741b4a979e330549d2faa 832a0da09ed54d32b6b8ed857734279e - - default default] 10.0.0.33 "DELETE /v2.0/networks/93163a80-df74-437a-9b1b-0d9e3eb29f5e HTTP/1.1" status: 204 len: 168 time: 0.8193984
2026-06-26 04:48:18.105 10 INFO neutron.wsgi [None req-b21e6ca6-5141-4813-901e-3c4514da50fa f9d0a8e99fcc4c3eabd870184cc26a24 9f3d8edc4d5c4b01a47d0107063d7949 - - default default] 10.0.0.33 "DELETE /v2.0/networks/2396f2ab-188a-49b0-90d6-5fcd5fa5dddb HTTP/1.1" status: 204 len: 168 time: 0.8486485
2026-06-26 04:48:18.209 9 WARNING neutron.scheduler.dhcp_agent_scheduler [None req-056ef49e-0280-47cd-be70-95a3edbbe6bf b2f1064248764ce59d160c638f219194 33be12653db14cb7a0c09baae80c8538 - - default default] No more DHCP agents
2026-06-26 04:48:18.210 9 WARNING neutron.api.rpc.agentnotifiers.dhcp_rpc_agent_api [None req-056ef49e-0280-47cd-be70-95a3edbbe6bf b2f1064248764ce59d160c638f219194 33be12653db14cb7a0c09baae80c8538 - - default default] Unable to schedule network fba6c3e4-9ee8-47fa-bbf0-b168db071dfa: no agents available; will retry on subsequent port and subnet creation events.
2026-06-26 04:48:18.498 9 INFO neutron.db.ovn_revision_numbers_db [None req-056ef49e-0280-47cd-be70-95a3edbbe6bf b2f1064248764ce59d160c638f219194 33be12653db14cb7a0c09baae80c8538 - - default default] Successfully bumped revision number for resource acb0750c-2469-478a-b477-f66460254b30 (type: ports) to 1
2026-06-26 04:48:18.505 10 INFO neutron.wsgi [None req-65cf1e92-0bfa-4659-bb15-01b798a5a877 f9d0a8e99fcc4c3eabd870184cc26a24 9f3d8edc4d5c4b01a47d0107063d7949 - - default default] 10.0.0.33 "DELETE /v2.0/networks/87bacf7b-0d65-4df3-8c86-2a0af4260925 HTTP/1.1" status: 204 len: 168 time: 0.3887305
2026-06-26 04:48:18.546 9 INFO neutron.wsgi [None req-056ef49e-0280-47cd-be70-95a3edbbe6bf b2f1064248764ce59d160c638f219194 33be12653db14cb7a0c09baae80c8538 - - default default] 10.0.0.33 "POST /v2.0/networks HTTP/1.1" status: 201 len: 831 time: 0.8142695
2026-06-26 04:48:18.558 10 WARNING neutron_lib.context [None req-edd0dcf0-770f-4dcb-a75e-c6d542eb4970 b2f1064248764ce59d160c638f219194 33be12653db14cb7a0c09baae80c8538 - - default default] Method 'is_advsvc' is deprecated since 2023.2 release (neutron-lib 3.8.0) and will be removed once support for the old RBAC API policies will be removed from Neutron. Please use method 'is_service_role' instead.
2026-06-26 04:48:18.584 9 INFO neutron.wsgi [None req-e1709456-eb2f-4bf5-87c4-79defb3c38bd f9d0a8e99fcc4c3eabd870184cc26a24 9f3d8edc4d5c4b01a47d0107063d7949 - - default default] 10.0.0.33 "GET /v2.0/networks HTTP/1.1" status: 200 len: 845 time: 0.0742447
2026-06-26 04:48:18.595 10 WARNING neutron_lib.context [None req-17cd9f5b-3603-4952-b4b8-a6fe95234e1b f9d0a8e99fcc4c3eabd870184cc26a24 9f3d8edc4d5c4b01a47d0107063d7949 - - default default] Method 'is_advsvc' is deprecated since 2023.2 release (neutron-lib 3.8.0) and will be removed once support for the old RBAC API policies will be removed from Neutron. Please use method 'is_service_role' instead.
2026-06-26 04:48:18.711 10 INFO neutron.db.segments_db [None req-17cd9f5b-3603-4952-b4b8-a6fe95234e1b f9d0a8e99fcc4c3eabd870184cc26a24 9f3d8edc4d5c4b01a47d0107063d7949 - - default default] Added segment 9dfdd74c-a1e3-43af-8584-d6c198471584 of type geneve for network c7475d81-b917-45fb-b191-609d193d95a9
2026-06-26 04:48:18.734 9 INFO neutron.wsgi [None req-6561bc43-09b2-41c0-916e-e57241116f97 ded23f2cdb7e4c9295800275f6291be6 4e78bc56101241b69e3b16de49ca9730 - - default default] 10.0.0.33 "GET /v2.0/security-groups?tenant_id=832a0da09ed54d32b6b8ed857734279e&name=default HTTP/1.1" status: 200 len: 3120 time: 0.2259569
2026-06-26 04:48:18.907 10 WARNING neutron.scheduler.dhcp_agent_scheduler [None req-edd0dcf0-770f-4dcb-a75e-c6d542eb4970 b2f1064248764ce59d160c638f219194 33be12653db14cb7a0c09baae80c8538 - - default default] No more DHCP agents
2026-06-26 04:48:18.912 10 WARNING neutron.api.rpc.agentnotifiers.dhcp_rpc_agent_api [None req-edd0dcf0-770f-4dcb-a75e-c6d542eb4970 b2f1064248764ce59d160c638f219194 33be12653db14cb7a0c09baae80c8538 - - default default] Unable to schedule network fba6c3e4-9ee8-47fa-bbf0-b168db071dfa: no agents available; will retry on subsequent port and subnet creation events.
2026-06-26 04:48:18.931 10 INFO neutron.db.ovn_revision_numbers_db [None req-17cd9f5b-3603-4952-b4b8-a6fe95234e1b f9d0a8e99fcc4c3eabd870184cc26a24 9f3d8edc4d5c4b01a47d0107063d7949 - - default default] Successfully bumped revision number for resource c7475d81-b917-45fb-b191-609d193d95a9 (type: networks) to 1
2026-06-26 04:48:18.962 9 INFO neutron.wsgi [None req-81692e1b-8274-407c-9692-b734770aad63 ded23f2cdb7e4c9295800275f6291be6 4e78bc56101241b69e3b16de49ca9730 - - default default] 10.0.0.33 "DELETE /v2.0/security-groups/e1a68e78-c420-4ecd-8c46-00cd7d2778a1 HTTP/1.1" status: 204 len: 168 time: 0.2226052
2026-06-26 04:48:19.067 10 INFO neutron.db.ovn_revision_numbers_db [None req-edd0dcf0-770f-4dcb-a75e-c6d542eb4970 b2f1064248764ce59d160c638f219194 33be12653db14cb7a0c09baae80c8538 - - default default] Successfully bumped revision number for resource 2500bf77-bfe2-4d32-91fc-0c845a31c836 (type: ports) to 1
2026-06-26 04:48:19.109 10 INFO neutron.wsgi [None req-edd0dcf0-770f-4dcb-a75e-c6d542eb4970 b2f1064248764ce59d160c638f219194 33be12653db14cb7a0c09baae80c8538 - - default default] 10.0.0.33 "POST /v2.0/ports HTTP/1.1" status: 201 len: 942 time: 0.5579591
2026-06-26 04:48:19.122 9 WARNING neutron_lib.context [None req-8f563570-144b-44cb-bcf0-4bf66a825f07 b2f1064248764ce59d160c638f219194 33be12653db14cb7a0c09baae80c8538 - - default default] Method 'is_advsvc' is deprecated since 2023.2 release (neutron-lib 3.8.0) and will be removed once support for the old RBAC API policies will be removed from Neutron. Please use method 'is_service_role' instead.
2026-06-26 04:48:19.204 10 WARNING neutron.scheduler.dhcp_agent_scheduler [None req-17cd9f5b-3603-4952-b4b8-a6fe95234e1b f9d0a8e99fcc4c3eabd870184cc26a24 9f3d8edc4d5c4b01a47d0107063d7949 - - default default] No more DHCP agents
2026-06-26 04:48:19.207 10 WARNING neutron.api.rpc.agentnotifiers.dhcp_rpc_agent_api [None req-17cd9f5b-3603-4952-b4b8-a6fe95234e1b f9d0a8e99fcc4c3eabd870184cc26a24 9f3d8edc4d5c4b01a47d0107063d7949 - - default default] Unable to schedule network c7475d81-b917-45fb-b191-609d193d95a9: no agents available; will retry on subsequent port and subnet creation events.
2026-06-26 04:48:19.294 10 INFO neutron.db.ovn_revision_numbers_db [None req-17cd9f5b-3603-4952-b4b8-a6fe95234e1b f9d0a8e99fcc4c3eabd870184cc26a24 9f3d8edc4d5c4b01a47d0107063d7949 - - default default] Successfully bumped revision number for resource 5897e82c-7671-4a85-a962-c379233a6e18 (type: ports) to 1
2026-06-26 04:48:19.316 10 INFO neutron.wsgi [None req-17cd9f5b-3603-4952-b4b8-a6fe95234e1b f9d0a8e99fcc4c3eabd870184cc26a24 9f3d8edc4d5c4b01a47d0107063d7949 - - default default] 10.0.0.33 "POST /v2.0/networks HTTP/1.1" status: 201 len: 848 time: 0.7257352 /var/lib/openstack/lib/python3.10/site-packages/pycadf/identifier.py:71: UserWarning: Invalid uuid: neutron. To ensure interoperability, identifiers should be a valid uuid. warnings.warn(('Invalid uuid: %s. To ensure interoperability, '
2026-06-26 04:48:19.329 10 WARNING neutron_lib.context [None req-ddf131ef-6e1c-437a-9b32-0c1080480b5a f9d0a8e99fcc4c3eabd870184cc26a24 9f3d8edc4d5c4b01a47d0107063d7949 - - default default] Method 'is_advsvc' is deprecated since 2023.2 release (neutron-lib 3.8.0) and will be removed once support for the old RBAC API policies will be removed from Neutron. Please use method 'is_service_role' instead.
2026-06-26 04:48:19.364 9 INFO neutron.wsgi [None req-8f563570-144b-44cb-bcf0-4bf66a825f07 b2f1064248764ce59d160c638f219194 33be12653db14cb7a0c09baae80c8538 - - default default] 10.0.0.33 "POST /v2.0/trunks HTTP/1.1" status: 201 len: 608 time: 0.2510190
2026-06-26 04:48:19.375 9 WARNING neutron_lib.context [None req-a711799a-3c8d-4a37-8cbb-521fb5dbb52f b2f1064248764ce59d160c638f219194 33be12653db14cb7a0c09baae80c8538 - - default default] Method 'is_advsvc' is deprecated since 2023.2 release (neutron-lib 3.8.0) and will be removed once support for the old RBAC API policies will be removed from Neutron. Please use method 'is_service_role' instead.
2026-06-26 04:48:19.383 10 WARNING neutron_lib.context [None req-f642e3ba-3cad-46ec-9bcd-b3328d7aecf4 ec6c7648d83e4a789f48bcf73b30f214 4b6e303897f14492b20f5faf5e634299 - - default default] Method 'is_advsvc' is deprecated since 2023.2 release (neutron-lib 3.8.0) and will be removed once support for the old RBAC API policies will be removed from Neutron. Please use method 'is_service_role' instead.
2026-06-26 04:48:19.441 10 INFO neutron.db.segments_db [None req-ddf131ef-6e1c-437a-9b32-0c1080480b5a f9d0a8e99fcc4c3eabd870184cc26a24 9f3d8edc4d5c4b01a47d0107063d7949 - - default default] Added segment 7ae05925-ddc6-443e-8de5-676c66ceb834 of type geneve for network 9a31b780-eaff-47c3-a236-9749baa74a67
2026-06-26 04:48:19.463 9 INFO neutron.db.segments_db [None req-a711799a-3c8d-4a37-8cbb-521fb5dbb52f b2f1064248764ce59d160c638f219194 33be12653db14cb7a0c09baae80c8538 - - default default] Added segment de5c5e52-25c5-4a40-964a-d549def76449 of type geneve for network 916fca79-8d8b-48c0-8cdd-12957aa75af4
2026-06-26 04:48:19.604 9 INFO neutron.db.ovn_revision_numbers_db [None req-a711799a-3c8d-4a37-8cbb-521fb5dbb52f b2f1064248764ce59d160c638f219194 33be12653db14cb7a0c09baae80c8538 - - default default] Successfully bumped revision number for resource 916fca79-8d8b-48c0-8cdd-12957aa75af4 (type: networks) to 1
2026-06-26 04:48:19.607 10 INFO neutron.db.ovn_revision_numbers_db [None req-f642e3ba-3cad-46ec-9bcd-b3328d7aecf4 ec6c7648d83e4a789f48bcf73b30f214 4b6e303897f14492b20f5faf5e634299 - - default default] Successfully bumped revision number for resource d3bdfb16-e972-47dc-b41a-53d2516d95c9 (type: security_groups) to 1
2026-06-26 04:48:19.617 10 INFO neutron.db.ovn_revision_numbers_db [None req-ddf131ef-6e1c-437a-9b32-0c1080480b5a f9d0a8e99fcc4c3eabd870184cc26a24 9f3d8edc4d5c4b01a47d0107063d7949 - - default default] Successfully bumped revision number for resource 9a31b780-eaff-47c3-a236-9749baa74a67 (type: networks) to 1
2026-06-26 04:48:19.627 10 INFO neutron.db.ovn_revision_numbers_db [None req-f642e3ba-3cad-46ec-9bcd-b3328d7aecf4 ec6c7648d83e4a789f48bcf73b30f214 4b6e303897f14492b20f5faf5e634299 - - default default] Successfully bumped revision number for resource 10c04ed5-3245-40f2-b0e4-62f161216efe (type: security_group_rules) to 0
2026-06-26 04:48:19.651 10 INFO neutron.db.ovn_revision_numbers_db [None req-f642e3ba-3cad-46ec-9bcd-b3328d7aecf4 ec6c7648d83e4a789f48bcf73b30f214 4b6e303897f14492b20f5faf5e634299 - - default default] Successfully bumped revision number for resource 757c66d9-26d8-4ade-be4b-a8ab7336d43b (type: security_group_rules) to 0
2026-06-26 04:48:19.669 10 INFO neutron.db.ovn_revision_numbers_db [None req-f642e3ba-3cad-46ec-9bcd-b3328d7aecf4 ec6c7648d83e4a789f48bcf73b30f214 4b6e303897f14492b20f5faf5e634299 - - default default] Successfully bumped revision number for resource 7a1fbbe9-dcaa-499a-8c80-3a42622d2380 (type: security_group_rules) to 0
2026-06-26 04:48:19.694 10 INFO neutron.db.ovn_revision_numbers_db [None req-f642e3ba-3cad-46ec-9bcd-b3328d7aecf4 ec6c7648d83e4a789f48bcf73b30f214 4b6e303897f14492b20f5faf5e634299 - - default default] Successfully bumped revision number for resource e0828322-72c4-459b-8826-6f6bdea53ba9 (type: security_group_rules) to 0
2026-06-26 04:48:19.764 10 INFO neutron.db.segments_db [None req-f642e3ba-3cad-46ec-9bcd-b3328d7aecf4 ec6c7648d83e4a789f48bcf73b30f214 4b6e303897f14492b20f5faf5e634299 - - default default] Added segment ee4d63fe-27f9-4395-8637-2515ab62d6a6 of type geneve for network 94834c8e-0875-47e2-9aba-aad73e27f710
2026-06-26 04:48:19.815 9 WARNING neutron.scheduler.dhcp_agent_scheduler [None req-a711799a-3c8d-4a37-8cbb-521fb5dbb52f b2f1064248764ce59d160c638f219194 33be12653db14cb7a0c09baae80c8538 - - default default] No more DHCP agents
2026-06-26 04:48:19.818 9 WARNING neutron.api.rpc.agentnotifiers.dhcp_rpc_agent_api [None req-a711799a-3c8d-4a37-8cbb-521fb5dbb52f b2f1064248764ce59d160c638f219194 33be12653db14cb7a0c09baae80c8538 - - default default] Unable to schedule network 916fca79-8d8b-48c0-8cdd-12957aa75af4: no agents available; will retry on subsequent port and subnet creation events.
2026-06-26 04:48:19.823 10 WARNING neutron.scheduler.dhcp_agent_scheduler [None req-ddf131ef-6e1c-437a-9b32-0c1080480b5a f9d0a8e99fcc4c3eabd870184cc26a24 9f3d8edc4d5c4b01a47d0107063d7949 - - default default] No more DHCP agents
2026-06-26 04:48:19.826 10 WARNING neutron.api.rpc.agentnotifiers.dhcp_rpc_agent_api [None req-ddf131ef-6e1c-437a-9b32-0c1080480b5a f9d0a8e99fcc4c3eabd870184cc26a24 9f3d8edc4d5c4b01a47d0107063d7949 - - default default] Unable to schedule network 9a31b780-eaff-47c3-a236-9749baa74a67: no agents available; will retry on subsequent port and subnet creation events.
2026-06-26 04:48:19.908 9 INFO neutron.db.ovn_revision_numbers_db [None req-a711799a-3c8d-4a37-8cbb-521fb5dbb52f b2f1064248764ce59d160c638f219194 33be12653db14cb7a0c09baae80c8538 - - default default] Successfully bumped revision number for resource edf69845-1c01-46e2-beba-4f05c369316e (type: ports) to 1
2026-06-26 04:48:19.937 9 INFO neutron.wsgi [None req-a711799a-3c8d-4a37-8cbb-521fb5dbb52f b2f1064248764ce59d160c638f219194 33be12653db14cb7a0c09baae80c8538 - - default default] 10.0.0.33 "POST /v2.0/networks HTTP/1.1" status: 201 len: 831 time: 0.5670116
2026-06-26 04:48:19.958 9 WARNING neutron_lib.context [None req-256343ad-74b7-4d9d-8391-734c47fb9a00 b2f1064248764ce59d160c638f219194 33be12653db14cb7a0c09baae80c8538 - - default default] Method 'is_advsvc' is deprecated since 2023.2 release (neutron-lib 3.8.0) and will be removed once support for the old RBAC API policies will be removed from Neutron. Please use method 'is_service_role' instead.
2026-06-26 04:48:19.981 10 INFO neutron.db.ovn_revision_numbers_db [None req-f642e3ba-3cad-46ec-9bcd-b3328d7aecf4 ec6c7648d83e4a789f48bcf73b30f214 4b6e303897f14492b20f5faf5e634299 - - default default] Successfully bumped revision number for resource 94834c8e-0875-47e2-9aba-aad73e27f710 (type: networks) to 1
2026-06-26 04:48:19.992 10 INFO neutron.db.ovn_revision_numbers_db [None req-ddf131ef-6e1c-437a-9b32-0c1080480b5a f9d0a8e99fcc4c3eabd870184cc26a24 9f3d8edc4d5c4b01a47d0107063d7949 - - default default] Successfully bumped revision number for resource f12c1380-4b96-4956-a06b-5419a66f666f (type: ports) to 1
2026-06-26 04:48:20.023 10 INFO neutron.wsgi [None req-ddf131ef-6e1c-437a-9b32-0c1080480b5a f9d0a8e99fcc4c3eabd870184cc26a24 9f3d8edc4d5c4b01a47d0107063d7949 - - default default] 10.0.0.33 "POST /v2.0/networks HTTP/1.1" status: 201 len: 849 time: 0.7013416
2026-06-26 04:48:20.041 9 WARNING neutron_lib.context [None req-2e812d95-1f6c-4392-b76f-6713401ac58b f9d0a8e99fcc4c3eabd870184cc26a24 9f3d8edc4d5c4b01a47d0107063d7949 - - default default] Method 'is_advsvc' is deprecated since 2023.2 release (neutron-lib 3.8.0) and will be removed once support for the old RBAC API policies will be removed from Neutron. Please use method 'is_service_role' instead.
2026-06-26 04:48:20.071 10 INFO neutron.services.segments.plugin [-] Segment fcc44ff4-094e-4290-8c56-31fd96e143d8 resource provider aggregate not found
2026-06-26 04:48:20.095 10 INFO neutron.services.segments.plugin [-] Segment fcc44ff4-094e-4290-8c56-31fd96e143d8 resource provider aggregate not found
2026-06-26 04:48:20.100 9 WARNING neutron_lib.context [None req-2e812d95-1f6c-4392-b76f-6713401ac58b f9d0a8e99fcc4c3eabd870184cc26a24 9f3d8edc4d5c4b01a47d0107063d7949 - - default default] Method 'is_advsvc' is deprecated since 2023.2 release (neutron-lib 3.8.0) and will be removed once support for the old RBAC API policies will be removed from Neutron. Please use method 'is_service_role' instead.
2026-06-26 04:48:20.100 10 INFO neutron.services.segments.plugin [-] Segment fcc44ff4-094e-4290-8c56-31fd96e143d8 resource provider not found; error: Placement Client Error (4xx): {"errors": [{"status": 404, "title": "Not Found", "detail": "The resource could not be found.\n\n No resource provider with uuid fcc44ff4-094e-4290-8c56-31fd96e143d8 found for delete ", "request_id": "req-e83cd7b6-c70b-496a-8fa1-ca6026fdb468"}]}
2026-06-26 04:48:20.119 10 INFO neutron.services.segments.plugin [-] Segment a577300e-30d3-4443-8621-ceb4f0349f4d resource provider aggregate not found
2026-06-26 04:48:20.124 10 INFO neutron.services.segments.plugin [-] Segment fcc44ff4-094e-4290-8c56-31fd96e143d8 resource provider not found; error: Placement Client Error (4xx): {"errors": [{"status": 404, "title": "Not Found", "detail": "The resource could not be found.\n\n No resource provider with uuid fcc44ff4-094e-4290-8c56-31fd96e143d8 found for delete ", "request_id": "req-8f35068e-5f02-4e13-aa75-21cdabb52947"}]}
2026-06-26 04:48:20.139 10 INFO neutron.services.segments.plugin [-] Segment a577300e-30d3-4443-8621-ceb4f0349f4d resource provider not found; error: Placement Client Error (4xx): {"errors": [{"status": 404, "title": "Not Found", "detail": "The resource could not be found.\n\n No resource provider with uuid a577300e-30d3-4443-8621-ceb4f0349f4d found for delete ", "request_id": "req-5017e9a3-88dc-47a0-b765-8dbcbfa83dc0"}]}
2026-06-26 04:48:20.141 10 INFO neutron.services.segments.plugin [-] Segment a577300e-30d3-4443-8621-ceb4f0349f4d resource provider aggregate not found
2026-06-26 04:48:20.158 10 INFO neutron.services.segments.plugin [-] Segment a577300e-30d3-4443-8621-ceb4f0349f4d resource provider not found; error: Placement Client Error (4xx): {"errors": [{"status": 404, "title": "Not Found", "detail": "The resource could not be found.\n\n No resource provider with uuid a577300e-30d3-4443-8621-ceb4f0349f4d found for delete ", "request_id": "req-504e24ef-1098-4d69-874a-7ae4ed61c8b7"}]}
2026-06-26 04:48:20.276 10 WARNING neutron.scheduler.dhcp_agent_scheduler [None req-f642e3ba-3cad-46ec-9bcd-b3328d7aecf4 ec6c7648d83e4a789f48bcf73b30f214 4b6e303897f14492b20f5faf5e634299 - - default default] No more DHCP agents
2026-06-26 04:48:20.277 10 WARNING neutron.api.rpc.agentnotifiers.dhcp_rpc_agent_api [None req-f642e3ba-3cad-46ec-9bcd-b3328d7aecf4 ec6c7648d83e4a789f48bcf73b30f214 4b6e303897f14492b20f5faf5e634299 - - default default] Unable to schedule network 94834c8e-0875-47e2-9aba-aad73e27f710: no agents available; will retry on subsequent port and subnet creation events.
2026-06-26 04:48:20.336 9 WARNING neutron.scheduler.dhcp_agent_scheduler [None req-256343ad-74b7-4d9d-8391-734c47fb9a00 b2f1064248764ce59d160c638f219194 33be12653db14cb7a0c09baae80c8538 - - default default] No more DHCP agents
2026-06-26 04:48:20.342 9 WARNING neutron.api.rpc.agentnotifiers.dhcp_rpc_agent_api [None req-256343ad-74b7-4d9d-8391-734c47fb9a00 b2f1064248764ce59d160c638f219194 33be12653db14cb7a0c09baae80c8538 - - default default] Unable to schedule network 916fca79-8d8b-48c0-8cdd-12957aa75af4: no agents available; will retry on subsequent port and subnet creation events.
2026-06-26 04:48:20.357 10 INFO neutron.db.ovn_revision_numbers_db [None req-f642e3ba-3cad-46ec-9bcd-b3328d7aecf4 ec6c7648d83e4a789f48bcf73b30f214 4b6e303897f14492b20f5faf5e634299 - - default default] Successfully bumped revision number for resource 72fde60b-70de-4c11-a66a-a2ff77cc46a5 (type: ports) to 1
2026-06-26 04:48:20.387 10 INFO neutron.wsgi [None req-f642e3ba-3cad-46ec-9bcd-b3328d7aecf4 ec6c7648d83e4a789f48bcf73b30f214 4b6e303897f14492b20f5faf5e634299 - - default default] 10.0.0.33 "POST /v2.0/networks HTTP/1.1" status: 201 len: 832 time: 1.1677716
2026-06-26 04:48:20.398 10 WARNING neutron_lib.context [None req-e46a9237-88a2-4d91-9f2f-b2db78dbf060 ec6c7648d83e4a789f48bcf73b30f214 4b6e303897f14492b20f5faf5e634299 - - default default] Method 'is_advsvc' is deprecated since 2023.2 release (neutron-lib 3.8.0) and will be removed once support for the old RBAC API policies will be removed from Neutron. Please use method 'is_service_role' instead.
2026-06-26 04:48:20.434 9 INFO neutron.db.ovn_revision_numbers_db [None req-256343ad-74b7-4d9d-8391-734c47fb9a00 b2f1064248764ce59d160c638f219194 33be12653db14cb7a0c09baae80c8538 - - default default] Successfully bumped revision number for resource c5467ed3-7024-4945-84af-faf439b9d0cb (type: ports) to 1
2026-06-26 04:48:20.460 9 INFO neutron.wsgi [None req-256343ad-74b7-4d9d-8391-734c47fb9a00 b2f1064248764ce59d160c638f219194 33be12653db14cb7a0c09baae80c8538 - - default default] 10.0.0.33 "POST /v2.0/ports HTTP/1.1" status: 201 len: 942 time: 0.5112495 /var/lib/openstack/lib/python3.10/site-packages/pycadf/identifier.py:71: UserWarning: Invalid uuid: neutron. To ensure interoperability, identifiers should be a valid uuid. warnings.warn(('Invalid uuid: %s. To ensure interoperability, '
2026-06-26 04:48:20.476 9 WARNING neutron_lib.context [None req-becc7166-ea5d-432e-a984-542efb72265f b2f1064248764ce59d160c638f219194 33be12653db14cb7a0c09baae80c8538 - - default default] Method 'is_advsvc' is deprecated since 2023.2 release (neutron-lib 3.8.0) and will be removed once support for the old RBAC API policies will be removed from Neutron. Please use method 'is_service_role' instead.
2026-06-26 04:48:20.479 10 INFO neutron.db.segments_db [None req-e46a9237-88a2-4d91-9f2f-b2db78dbf060 ec6c7648d83e4a789f48bcf73b30f214 4b6e303897f14492b20f5faf5e634299 - - default default] Added segment 71e761d4-681e-4f55-be42-f8c6fe336de0 of type geneve for network 375a2acd-21a9-4707-a6fe-8924f73d128c
2026-06-26 04:48:20.608 10 INFO neutron.db.ovn_revision_numbers_db [None req-e46a9237-88a2-4d91-9f2f-b2db78dbf060 ec6c7648d83e4a789f48bcf73b30f214 4b6e303897f14492b20f5faf5e634299 - - default default] Successfully bumped revision number for resource 375a2acd-21a9-4707-a6fe-8924f73d128c (type: networks) to 1
2026-06-26 04:48:20.704 9 WARNING neutron.scheduler.dhcp_agent_scheduler [None req-2e812d95-1f6c-4392-b76f-6713401ac58b f9d0a8e99fcc4c3eabd870184cc26a24 9f3d8edc4d5c4b01a47d0107063d7949 - - default default] No more DHCP agents
2026-06-26 04:48:20.708 9 WARNING neutron.api.rpc.agentnotifiers.dhcp_rpc_agent_api [None req-2e812d95-1f6c-4392-b76f-6713401ac58b f9d0a8e99fcc4c3eabd870184cc26a24 9f3d8edc4d5c4b01a47d0107063d7949 - - default default] Unable to schedule network c7475d81-b917-45fb-b191-609d193d95a9: no agents available; will retry on subsequent port and subnet creation events.
2026-06-26 04:48:20.720 9 INFO neutron.wsgi [None req-becc7166-ea5d-432e-a984-542efb72265f b2f1064248764ce59d160c638f219194 33be12653db14cb7a0c09baae80c8538 - - default default] 10.0.0.33 "POST /v2.0/trunks HTTP/1.1" status: 201 len: 608 time: 0.2530417 /var/lib/openstack/lib/python3.10/site-packages/pycadf/identifier.py:71: UserWarning: Invalid uuid: neutron. To ensure interoperability, identifiers should be a valid uuid. warnings.warn(('Invalid uuid: %s. To ensure interoperability, '
2026-06-26 04:48:20.740 9 WARNING neutron_lib.context [None req-a0f6e0e8-efbb-419d-ac3d-0b7d4bd738cb b2f1064248764ce59d160c638f219194 33be12653db14cb7a0c09baae80c8538 - - default default] Method 'is_advsvc' is deprecated since 2023.2 release (neutron-lib 3.8.0) and will be removed once support for the old RBAC API policies will be removed from Neutron. Please use method 'is_service_role' instead.
2026-06-26 04:48:20.804 9 INFO neutron.db.ovn_revision_numbers_db [None req-2e812d95-1f6c-4392-b76f-6713401ac58b f9d0a8e99fcc4c3eabd870184cc26a24 9f3d8edc4d5c4b01a47d0107063d7949 - - default default] Successfully bumped revision number for resource 97ff66df-9a52-4ac1-8816-9f1de91a1d99 (type: ports) to 1
2026-06-26 04:48:20.818 10 WARNING neutron.scheduler.dhcp_agent_scheduler [None req-e46a9237-88a2-4d91-9f2f-b2db78dbf060 ec6c7648d83e4a789f48bcf73b30f214 4b6e303897f14492b20f5faf5e634299 - - default default] No more DHCP agents
2026-06-26 04:48:20.820 10 WARNING neutron.api.rpc.agentnotifiers.dhcp_rpc_agent_api [None req-e46a9237-88a2-4d91-9f2f-b2db78dbf060 ec6c7648d83e4a789f48bcf73b30f214 4b6e303897f14492b20f5faf5e634299 - - default default] Unable to schedule network 375a2acd-21a9-4707-a6fe-8924f73d128c: no agents available; will retry on subsequent port and subnet creation events.
2026-06-26 04:48:20.842 9 WARNING neutron.scheduler.dhcp_agent_scheduler [None req-2e812d95-1f6c-4392-b76f-6713401ac58b f9d0a8e99fcc4c3eabd870184cc26a24 9f3d8edc4d5c4b01a47d0107063d7949 - - default default] No more DHCP agents
2026-06-26 04:48:20.844 9 INFO neutron.db.segments_db [None req-a0f6e0e8-efbb-419d-ac3d-0b7d4bd738cb b2f1064248764ce59d160c638f219194 33be12653db14cb7a0c09baae80c8538 - - default default] Added segment b93e3265-ee3c-41e2-8e09-3b38267b76ec of type geneve for network 60914822-c261-4299-91d9-a6f412e0d8b5
2026-06-26 04:48:20.849 9 WARNING neutron.api.rpc.agentnotifiers.dhcp_rpc_agent_api [None req-2e812d95-1f6c-4392-b76f-6713401ac58b f9d0a8e99fcc4c3eabd870184cc26a24 9f3d8edc4d5c4b01a47d0107063d7949 - - default default] Unable to schedule network 9a31b780-eaff-47c3-a236-9749baa74a67: no agents available; will retry on subsequent port and subnet creation events.
2026-06-26 04:48:20.925 10 INFO neutron.db.ovn_revision_numbers_db [None req-e46a9237-88a2-4d91-9f2f-b2db78dbf060 ec6c7648d83e4a789f48bcf73b30f214 4b6e303897f14492b20f5faf5e634299 - - default default] Successfully bumped revision number for resource d3f9ef4b-684a-47e3-80f6-43f92001955c (type: ports) to 1
2026-06-26 04:48:20.950 10 INFO neutron.wsgi [None req-e46a9237-88a2-4d91-9f2f-b2db78dbf060 ec6c7648d83e4a789f48bcf73b30f214 4b6e303897f14492b20f5faf5e634299 - - default default] 10.0.0.33 "POST /v2.0/networks HTTP/1.1" status: 201 len: 832 time: 0.5581524 /var/lib/openstack/lib/python3.10/site-packages/pycadf/identifier.py:71: UserWarning: Invalid uuid: neutron. To ensure interoperability, identifiers should be a valid uuid. warnings.warn(('Invalid uuid: %s. To ensure interoperability, '
2026-06-26 04:48:20.961 9 WARNING neutron_lib.context [None req-61f848a5-7bd8-4cb0-bcb0-3855eed4e727 ec6c7648d83e4a789f48bcf73b30f214 4b6e303897f14492b20f5faf5e634299 - - default default] Method 'is_advsvc' is deprecated since 2023.2 release (neutron-lib 3.8.0) and will be removed once support for the old RBAC API policies will be removed from Neutron. Please use method 'is_service_role' instead.
2026-06-26 04:48:21.047 9 INFO neutron.db.ovn_revision_numbers_db [None req-2e812d95-1f6c-4392-b76f-6713401ac58b f9d0a8e99fcc4c3eabd870184cc26a24 9f3d8edc4d5c4b01a47d0107063d7949 - - default default] Successfully bumped revision number for resource db059b5a-f718-4eea-a629-f9519127ef5e (type: ports) to 1
2026-06-26 04:48:21.095 9 INFO neutron.wsgi [None req-2e812d95-1f6c-4392-b76f-6713401ac58b f9d0a8e99fcc4c3eabd870184cc26a24 9f3d8edc4d5c4b01a47d0107063d7949 - - default default] 10.0.0.33 "POST /v2.0/ports HTTP/1.1" status: 201 len: 1706 time: 1.0631938
2026-06-26 04:48:21.100 9 INFO neutron.db.ovn_revision_numbers_db [None req-a0f6e0e8-efbb-419d-ac3d-0b7d4bd738cb b2f1064248764ce59d160c638f219194 33be12653db14cb7a0c09baae80c8538 - - default default] Successfully bumped revision number for resource 60914822-c261-4299-91d9-a6f412e0d8b5 (type: networks) to 1
2026-06-26 04:48:21.231 10 INFO neutron.wsgi [None req-89707593-4a59-453d-8cca-c7a7a950f369 f9d0a8e99fcc4c3eabd870184cc26a24 9f3d8edc4d5c4b01a47d0107063d7949 - - default default] 10.0.0.33 "GET /v2.0/ports HTTP/1.1" status: 200 len: 3213 time: 0.1305149
2026-06-26 04:48:21.339 9 WARNING neutron.scheduler.dhcp_agent_scheduler [None req-a0f6e0e8-efbb-419d-ac3d-0b7d4bd738cb b2f1064248764ce59d160c638f219194 33be12653db14cb7a0c09baae80c8538 - - default default] No more DHCP agents
2026-06-26 04:48:21.351 9 WARNING neutron.api.rpc.agentnotifiers.dhcp_rpc_agent_api [None req-a0f6e0e8-efbb-419d-ac3d-0b7d4bd738cb b2f1064248764ce59d160c638f219194 33be12653db14cb7a0c09baae80c8538 - - default default] Unable to schedule network 60914822-c261-4299-91d9-a6f412e0d8b5: no agents available; will retry on subsequent port and subnet creation events.
2026-06-26 04:48:21.376 9 WARNING neutron.scheduler.dhcp_agent_scheduler [None req-61f848a5-7bd8-4cb0-bcb0-3855eed4e727 ec6c7648d83e4a789f48bcf73b30f214 4b6e303897f14492b20f5faf5e634299 - - default default] No more DHCP agents
2026-06-26 04:48:21.381 9 WARNING neutron.api.rpc.agentnotifiers.dhcp_rpc_agent_api [None req-61f848a5-7bd8-4cb0-bcb0-3855eed4e727 ec6c7648d83e4a789f48bcf73b30f214 4b6e303897f14492b20f5faf5e634299 - - default default] Unable to schedule network 94834c8e-0875-47e2-9aba-aad73e27f710: no agents available; will retry on subsequent port and subnet creation events.
2026-06-26 04:48:21.445 9 INFO neutron.db.ovn_revision_numbers_db [None req-61f848a5-7bd8-4cb0-bcb0-3855eed4e727 ec6c7648d83e4a789f48bcf73b30f214 4b6e303897f14492b20f5faf5e634299 - - default default] Successfully bumped revision number for resource 25132420-0998-453c-85d5-bbb2294ba0e6 (type: subnets) to 0
2026-06-26 04:48:21.476 9 INFO neutron.wsgi [None req-61f848a5-7bd8-4cb0-bcb0-3855eed4e727 ec6c7648d83e4a789f48bcf73b30f214 4b6e303897f14492b20f5faf5e634299 - - default default] 10.0.0.33 "POST /v2.0/subnets HTTP/1.1" status: 201 len: 821 time: 0.5214603
2026-06-26 04:48:21.480 9 INFO neutron.db.ovn_revision_numbers_db [None req-a0f6e0e8-efbb-419d-ac3d-0b7d4bd738cb b2f1064248764ce59d160c638f219194 33be12653db14cb7a0c09baae80c8538 - - default default] Successfully bumped revision number for resource f155f212-ba82-44c9-b285-339570dfd9e5 (type: ports) to 1
2026-06-26 04:48:21.486 10 INFO neutron.wsgi [None req-abd1eab0-1f14-46e4-bad9-d6dac8d200ef f9d0a8e99fcc4c3eabd870184cc26a24 9f3d8edc4d5c4b01a47d0107063d7949 - - default default] 10.0.0.33 "DELETE /v2.0/ports/97ff66df-9a52-4ac1-8816-9f1de91a1d99 HTTP/1.1" status: 204 len: 168 time: 0.2491424
2026-06-26 04:48:21.492 10 WARNING neutron_lib.context [None req-2efb4dce-d5d7-4a9f-9c5d-7456fa6048de ec6c7648d83e4a789f48bcf73b30f214 4b6e303897f14492b20f5faf5e634299 - - default default] Method 'is_advsvc' is deprecated since 2023.2 release (neutron-lib 3.8.0) and will be removed once support for the old RBAC API policies will be removed from Neutron. Please use method 'is_service_role' instead.
2026-06-26 04:48:21.523 9 INFO neutron.wsgi [None req-a0f6e0e8-efbb-419d-ac3d-0b7d4bd738cb b2f1064248764ce59d160c638f219194 33be12653db14cb7a0c09baae80c8538 - - default default] 10.0.0.33 "POST /v2.0/networks HTTP/1.1" status: 201 len: 830 time: 0.7944345
2026-06-26 04:48:21.534 9 WARNING neutron_lib.context [None req-34cec95b-d341-49d1-bf58-c69ba2f252d3 b2f1064248764ce59d160c638f219194 33be12653db14cb7a0c09baae80c8538 - - default default] Method 'is_advsvc' is deprecated since 2023.2 release (neutron-lib 3.8.0) and will be removed once support for the old RBAC API policies will be removed from Neutron. Please use method 'is_service_role' instead.
2026-06-26 04:48:21.733 10 WARNING neutron.scheduler.dhcp_agent_scheduler [None req-2efb4dce-d5d7-4a9f-9c5d-7456fa6048de ec6c7648d83e4a789f48bcf73b30f214 4b6e303897f14492b20f5faf5e634299 - - default default] No more DHCP agents
2026-06-26 04:48:21.736 10 WARNING neutron.api.rpc.agentnotifiers.dhcp_rpc_agent_api [None req-2efb4dce-d5d7-4a9f-9c5d-7456fa6048de ec6c7648d83e4a789f48bcf73b30f214 4b6e303897f14492b20f5faf5e634299 - - default default] Unable to schedule network 375a2acd-21a9-4707-a6fe-8924f73d128c: no agents available; will retry on subsequent port and subnet creation events.
2026-06-26 04:48:21.773 10 INFO neutron.db.ovn_revision_numbers_db [None req-2efb4dce-d5d7-4a9f-9c5d-7456fa6048de ec6c7648d83e4a789f48bcf73b30f214 4b6e303897f14492b20f5faf5e634299 - - default default] Successfully bumped revision number for resource ef4065ad-cc16-41c9-92b4-c8526597b6ad (type: subnets) to 0
2026-06-26 04:48:21.790 10 INFO neutron.wsgi [None req-2efb4dce-d5d7-4a9f-9c5d-7456fa6048de ec6c7648d83e4a789f48bcf73b30f214 4b6e303897f14492b20f5faf5e634299 - - default default] 10.0.0.33 "POST /v2.0/subnets HTTP/1.1" status: 201 len: 830 time: 0.3089151
2026-06-26 04:48:21.800 10 WARNING neutron_lib.context [None req-afd55653-4523-443c-83d2-149b67fdc6b4 ec6c7648d83e4a789f48bcf73b30f214 4b6e303897f14492b20f5faf5e634299 - - default default] Method 'is_advsvc' is deprecated since 2023.2 release (neutron-lib 3.8.0) and will be removed once support for the old RBAC API policies will be removed from Neutron. Please use method 'is_service_role' instead.
2026-06-26 04:48:21.849 9 WARNING neutron.scheduler.dhcp_agent_scheduler [None req-34cec95b-d341-49d1-bf58-c69ba2f252d3 b2f1064248764ce59d160c638f219194 33be12653db14cb7a0c09baae80c8538 - - default default] No more DHCP agents
2026-06-26 04:48:21.851 9 WARNING neutron.api.rpc.agentnotifiers.dhcp_rpc_agent_api [None req-34cec95b-d341-49d1-bf58-c69ba2f252d3 b2f1064248764ce59d160c638f219194 33be12653db14cb7a0c09baae80c8538 - - default default] Unable to schedule network 60914822-c261-4299-91d9-a6f412e0d8b5: no agents available; will retry on subsequent port and subnet creation events.
2026-06-26 04:48:21.902 9 INFO neutron.wsgi [None req-41022699-488b-4c02-8033-f2cc47e90708 f9d0a8e99fcc4c3eabd870184cc26a24 9f3d8edc4d5c4b01a47d0107063d7949 - - default default] 10.0.0.33 "DELETE /v2.0/ports/db059b5a-f718-4eea-a629-f9519127ef5e HTTP/1.1" status: 204 len: 168 time: 0.4090278 /var/lib/openstack/lib/python3.10/site-packages/pycadf/identifier.py:71: UserWarning: Invalid uuid: neutron. To ensure interoperability, identifiers should be a valid uuid. warnings.warn(('Invalid uuid: %s. To ensure interoperability, '
2026-06-26 04:48:21.960 10 INFO neutron.db.ovn_revision_numbers_db [None req-afd55653-4523-443c-83d2-149b67fdc6b4 ec6c7648d83e4a789f48bcf73b30f214 4b6e303897f14492b20f5faf5e634299 - - default default] Successfully bumped revision number for resource b9739679-5933-4acf-88d9-dc64cb1e9157 (type: routers) to 1
2026-06-26 04:48:21.977 10 INFO neutron.wsgi [None req-afd55653-4523-443c-83d2-149b67fdc6b4 ec6c7648d83e4a789f48bcf73b30f214 4b6e303897f14492b20f5faf5e634299 - - default default] 10.0.0.33 "POST /v2.0/routers HTTP/1.1" status: 201 len: 806 time: 0.1832149
2026-06-26 04:48:21.997 9 INFO neutron.db.ovn_revision_numbers_db [None req-34cec95b-d341-49d1-bf58-c69ba2f252d3 b2f1064248764ce59d160c638f219194 33be12653db14cb7a0c09baae80c8538 - - default default] Successfully bumped revision number for resource 0bac87d6-9008-4e40-9ee6-b0650e147549 (type: ports) to 1
2026-06-26 04:48:22.026 9 INFO neutron.wsgi [None req-9cc3f242-7e5f-4b94-80e9-c5a2ed51d160 f9d0a8e99fcc4c3eabd870184cc26a24 9f3d8edc4d5c4b01a47d0107063d7949 - - default default] 10.0.0.33 "GET /v2.0/ports HTTP/1.1" status: 200 len: 1718 time: 0.1179743
2026-06-26 04:48:22.037 9 WARNING neutron_lib.context [None req-3f3b648c-14f6-4c3b-b02c-1cc240087623 f9d0a8e99fcc4c3eabd870184cc26a24 9f3d8edc4d5c4b01a47d0107063d7949 - - default default] Method 'is_advsvc' is deprecated since 2023.2 release (neutron-lib 3.8.0) and will be removed once support for the old RBAC API policies will be removed from Neutron. Please use method 'is_service_role' instead.
2026-06-26 04:48:22.255 9 INFO neutron.wsgi [None req-34cec95b-d341-49d1-bf58-c69ba2f252d3 b2f1064248764ce59d160c638f219194 33be12653db14cb7a0c09baae80c8538 - - default default] 10.0.0.33 "POST /v2.0/ports HTTP/1.1" status: 201 len: 942 time: 0.7263768
2026-06-26 04:48:22.265 9 WARNING neutron_lib.context [None req-8f29bf21-18ec-432c-88aa-34713deb378d b2f1064248764ce59d160c638f219194 33be12653db14cb7a0c09baae80c8538 - - default default] Method 'is_advsvc' is deprecated since 2023.2 release (neutron-lib 3.8.0) and will be removed once support for the old RBAC API policies will be removed from Neutron. Please use method 'is_service_role' instead.
2026-06-26 04:48:22.362 9 INFO neutron.db.segments_db [None req-3f3b648c-14f6-4c3b-b02c-1cc240087623 f9d0a8e99fcc4c3eabd870184cc26a24 9f3d8edc4d5c4b01a47d0107063d7949 - - default default] Added segment 25699aa1-56dd-4a45-ac4c-9d2d4747b734 of type geneve for network 384e9e83-b194-4795-988b-4e947b492993
2026-06-26 04:48:22.536 9 INFO neutron.db.ovn_revision_numbers_db [None req-3f3b648c-14f6-4c3b-b02c-1cc240087623 f9d0a8e99fcc4c3eabd870184cc26a24 9f3d8edc4d5c4b01a47d0107063d7949 - - default default] Successfully bumped revision number for resource 384e9e83-b194-4795-988b-4e947b492993 (type: networks) to 1
2026-06-26 04:48:22.555 9 INFO neutron.wsgi [None req-8f29bf21-18ec-432c-88aa-34713deb378d b2f1064248764ce59d160c638f219194 33be12653db14cb7a0c09baae80c8538 - - default default] 10.0.0.33 "POST /v2.0/trunks HTTP/1.1" status: 201 len: 608 time: 0.2954054
2026-06-26 04:48:22.603 9 INFO neutron.wsgi [None req-1099bf88-1127-4b3c-a507-75c921f2d41a b2f1064248764ce59d160c638f219194 33be12653db14cb7a0c09baae80c8538 - - default default] 10.0.0.33 "PUT /v2.0/trunks/6aa17190-7eac-4073-a04a-b92a816a8e99/tags HTTP/1.1" status: 200 len: 210 time: 0.0398979
2026-06-26 04:48:22.659 9 INFO neutron.wsgi [None req-fc301d39-5398-447f-a9f8-5706e95a57e5 b2f1064248764ce59d160c638f219194 33be12653db14cb7a0c09baae80c8538 - - default default] 10.0.0.33 "PUT /v2.0/trunks/ac08e62d-315a-4b40-8fee-7e93c0f150e5/tags HTTP/1.1" status: 200 len: 218 time: 0.0493307
2026-06-26 04:48:22.711 9 INFO neutron.wsgi [None req-c5c692b0-c71a-4672-9f22-1e325fda9c1d b2f1064248764ce59d160c638f219194 33be12653db14cb7a0c09baae80c8538 - - default default] 10.0.0.33 "PUT /v2.0/trunks/24a0f72e-4633-4893-86b7-edba7c779106/tags HTTP/1.1" status: 200 len: 227 time: 0.0469449
2026-06-26 04:48:22.749 9 INFO neutron.wsgi [None req-f36ff9d9-b3bf-45a9-a5d5-d69874d0c676 b2f1064248764ce59d160c638f219194 33be12653db14cb7a0c09baae80c8538 - - default default] 10.0.0.33 "PUT /v2.0/trunks/fd6a805a-b9a7-4eda-bd9b-29a6d62e26a6/tags HTTP/1.1" status: 200 len: 212 time: 0.0338442
2026-06-26 04:48:22.780 9 WARNING neutron.scheduler.dhcp_agent_scheduler [None req-3f3b648c-14f6-4c3b-b02c-1cc240087623 f9d0a8e99fcc4c3eabd870184cc26a24 9f3d8edc4d5c4b01a47d0107063d7949 - - default default] No more DHCP agents
2026-06-26 04:48:22.786 9 INFO neutron.wsgi [None req-47193de7-86b5-4ffb-8f8a-5de2c45df4cb b2f1064248764ce59d160c638f219194 33be12653db14cb7a0c09baae80c8538 - - default default] 10.0.0.33 "GET /v2.0/trunks?tags=red HTTP/1.1" status: 200 len: 1447 time: 0.0277784
2026-06-26 04:48:22.788 9 WARNING neutron.api.rpc.agentnotifiers.dhcp_rpc_agent_api [None req-3f3b648c-14f6-4c3b-b02c-1cc240087623 f9d0a8e99fcc4c3eabd870184cc26a24 9f3d8edc4d5c4b01a47d0107063d7949 - - default default] Unable to schedule network 384e9e83-b194-4795-988b-4e947b492993: no agents available; will retry on subsequent port and subnet creation events.
2026-06-26 04:48:22.811 10 WARNING neutron.scheduler.dhcp_agent_scheduler [None req-43c08b4b-98cb-41ed-b170-4cd6f9a34839 ec6c7648d83e4a789f48bcf73b30f214 4b6e303897f14492b20f5faf5e634299 - - default default] No more DHCP agents
2026-06-26 04:48:22.815 10 WARNING neutron.api.rpc.agentnotifiers.dhcp_rpc_agent_api [None req-43c08b4b-98cb-41ed-b170-4cd6f9a34839 ec6c7648d83e4a789f48bcf73b30f214 4b6e303897f14492b20f5faf5e634299 - - default default] Unable to schedule network 94834c8e-0875-47e2-9aba-aad73e27f710: no agents available; will retry on subsequent port and subnet creation events.
2026-06-26 04:48:22.838 10 INFO neutron.wsgi [None req-f0053641-5c6d-40a1-97a2-dc84e7c93571 b2f1064248764ce59d160c638f219194 33be12653db14cb7a0c09baae80c8538 - - default default] 10.0.0.33 "GET /v2.0/trunks?tags=red%2Cblue HTTP/1.1" status: 200 len: 1041 time: 0.0447614
2026-06-26 04:48:22.873 9 INFO neutron.db.ovn_revision_numbers_db [None req-3f3b648c-14f6-4c3b-b02c-1cc240087623 f9d0a8e99fcc4c3eabd870184cc26a24 9f3d8edc4d5c4b01a47d0107063d7949 - - default default] Successfully bumped revision number for resource 5b2b770d-2ede-4b01-af68-c653929b0ed4 (type: ports) to 1
2026-06-26 04:48:22.879 10 INFO neutron.wsgi [None req-fc71769a-27e0-4497-8744-c126ca31c539 b2f1064248764ce59d160c638f219194 33be12653db14cb7a0c09baae80c8538 - - default default] 10.0.0.33 "GET /v2.0/trunks?tags-any=blue HTTP/1.1" status: 200 len: 1041 time: 0.0334973
2026-06-26 04:48:22.897 9 INFO neutron.wsgi [None req-3f3b648c-14f6-4c3b-b02c-1cc240087623 f9d0a8e99fcc4c3eabd870184cc26a24 9f3d8edc4d5c4b01a47d0107063d7949 - - default default] 10.0.0.33 "POST /v2.0/networks HTTP/1.1" status: 201 len: 848 time: 0.8641295
2026-06-26 04:48:22.908 9 WARNING neutron_lib.context [None req-98d6cb48-5324-445c-8660-dab73b3e2b81 f9d0a8e99fcc4c3eabd870184cc26a24 9f3d8edc4d5c4b01a47d0107063d7949 - - default default] Method 'is_advsvc' is deprecated since 2023.2 release (neutron-lib 3.8.0) and will be removed once support for the old RBAC API policies will be removed from Neutron. Please use method 'is_service_role' instead.
2026-06-26 04:48:22.910 10 INFO neutron.wsgi [None req-53f9788c-b151-455b-ac4b-ac3b93e6113f b2f1064248764ce59d160c638f219194 33be12653db14cb7a0c09baae80c8538 - - default default] 10.0.0.33 "GET /v2.0/trunks?tags-any=red%2Cblue HTTP/1.1" status: 200 len: 1447 time: 0.0255775
2026-06-26 04:48:22.940 10 INFO neutron.wsgi [None req-ef92ec64-06e2-4179-b049-f0085ee6a809 b2f1064248764ce59d160c638f219194 33be12653db14cb7a0c09baae80c8538 - - default default] 10.0.0.33 "GET /v2.0/trunks?not-tags=red HTTP/1.1" status: 200 len: 1013 time: 0.0253711
2026-06-26 04:48:22.970 10 INFO neutron.db.ovn_revision_numbers_db [None req-43c08b4b-98cb-41ed-b170-4cd6f9a34839 ec6c7648d83e4a789f48bcf73b30f214 4b6e303897f14492b20f5faf5e634299 - - default default] Successfully bumped revision number for resource cf798244-dcb1-4195-b05e-bab290530c0b (type: ports) to 1
2026-06-26 04:48:22.984 9 INFO neutron.wsgi [None req-6e9b9cfc-fa49-48b4-a707-6418804410a7 b2f1064248764ce59d160c638f219194 33be12653db14cb7a0c09baae80c8538 - - default default] 10.0.0.33 "GET /v2.0/trunks?not-tags=red%2Cblue HTTP/1.1" status: 200 len: 1419 time: 0.0312512
2026-06-26 04:48:23.015 9 INFO neutron.wsgi [None req-ee1a0363-9fd7-4534-a731-c7389fb7be23 b2f1064248764ce59d160c638f219194 33be12653db14cb7a0c09baae80c8538 - - default default] 10.0.0.33 "GET /v2.0/trunks?not-tags-any=blue HTTP/1.1" status: 200 len: 1419 time: 0.0251226
2026-06-26 04:48:23.041 9 INFO neutron.db.segments_db [None req-98d6cb48-5324-445c-8660-dab73b3e2b81 f9d0a8e99fcc4c3eabd870184cc26a24 9f3d8edc4d5c4b01a47d0107063d7949 - - default default] Added segment dc702af1-d19a-4e62-a578-e40d6df13381 of type geneve for network a8b2f3a3-e9de-483c-a148-61058eefa921
2026-06-26 04:48:23.051 9 INFO neutron.wsgi [None req-05616c34-91c7-48d4-88aa-91d7d6812753 b2f1064248764ce59d160c638f219194 33be12653db14cb7a0c09baae80c8538 - - default default] 10.0.0.33 "GET /v2.0/trunks?not-tags-any=red%2Cblue HTTP/1.1" status: 200 len: 1013 time: 0.0274899
2026-06-26 04:48:23.100 10 INFO neutron.wsgi [None req-169f2004-5e9b-4b39-91f3-e33befc46093 b2f1064248764ce59d160c638f219194 33be12653db14cb7a0c09baae80c8538 - - default default] 10.0.0.33 "GET /v2.0/trunks/6aa17190-7eac-4073-a04a-b92a816a8e99 HTTP/1.1" status: 200 len: 608 time: 0.0434721
2026-06-26 04:48:23.181 9 INFO neutron.db.ovn_revision_numbers_db [None req-98d6cb48-5324-445c-8660-dab73b3e2b81 f9d0a8e99fcc4c3eabd870184cc26a24 9f3d8edc4d5c4b01a47d0107063d7949 - - default default] Successfully bumped revision number for resource a8b2f3a3-e9de-483c-a148-61058eefa921 (type: networks) to 1
2026-06-26 04:48:23.256 10 INFO neutron.wsgi [None req-91d2a508-4646-4077-99fe-5c0950b3b80d b2f1064248764ce59d160c638f219194 33be12653db14cb7a0c09baae80c8538 - - default default] 10.0.0.33 "GET /v2.0/ports/6f7579ed-cec8-4cb7-afc6-7189a9817353 HTTP/1.1" status: 200 len: 1020 time: 0.1499944
2026-06-26 04:48:23.371 9 INFO neutron.wsgi [None req-f25e21eb-2211-437e-9246-a86a8d6d587d b2f1064248764ce59d160c638f219194 33be12653db14cb7a0c09baae80c8538 - - default default] 10.0.0.33 "DELETE /v2.0/trunks/6aa17190-7eac-4073-a04a-b92a816a8e99 HTTP/1.1" status: 204 len: 168 time: 0.1096675
2026-06-26 04:48:23.395 9 WARNING neutron.scheduler.dhcp_agent_scheduler [None req-98d6cb48-5324-445c-8660-dab73b3e2b81 f9d0a8e99fcc4c3eabd870184cc26a24 9f3d8edc4d5c4b01a47d0107063d7949 - - default default] No more DHCP agents
2026-06-26 04:48:23.397 9 WARNING neutron.api.rpc.agentnotifiers.dhcp_rpc_agent_api [None req-98d6cb48-5324-445c-8660-dab73b3e2b81 f9d0a8e99fcc4c3eabd870184cc26a24 9f3d8edc4d5c4b01a47d0107063d7949 - - default default] Unable to schedule network a8b2f3a3-e9de-483c-a148-61058eefa921: no agents available; will retry on subsequent port and subnet creation events.
2026-06-26 04:48:23.401 9 INFO neutron.wsgi [None req-1325852c-f9d3-4872-8b86-eaad21453262 b2f1064248764ce59d160c638f219194 33be12653db14cb7a0c09baae80c8538 - - default default] 10.0.0.33 "GET /v2.0/trunks/ac08e62d-315a-4b40-8fee-7e93c0f150e5 HTTP/1.1" status: 200 len: 616 time: 0.0218046
2026-06-26 04:48:23.519 9 INFO neutron.wsgi [None req-f7006837-491b-4c59-89b4-94f0ac4c127e b2f1064248764ce59d160c638f219194 33be12653db14cb7a0c09baae80c8538 - - default default] 10.0.0.33 "GET /v2.0/ports/dc95a875-9418-48ad-bf3f-3e6782e397fb HTTP/1.1" status: 200 len: 1020 time: 0.1098399
2026-06-26 04:48:23.520 9 INFO neutron.db.ovn_revision_numbers_db [None req-98d6cb48-5324-445c-8660-dab73b3e2b81 f9d0a8e99fcc4c3eabd870184cc26a24 9f3d8edc4d5c4b01a47d0107063d7949 - - default default] Successfully bumped revision number for resource 9f89ad9e-b108-44e3-bd20-8378531436cc (type: ports) to 1
2026-06-26 04:48:23.541 9 INFO neutron.wsgi [None req-98d6cb48-5324-445c-8660-dab73b3e2b81 f9d0a8e99fcc4c3eabd870184cc26a24 9f3d8edc4d5c4b01a47d0107063d7949 - - default default] 10.0.0.33 "POST /v2.0/networks HTTP/1.1" status: 201 len: 849 time: 0.6379819
2026-06-26 04:48:23.553 10 ERROR ovsdbapp.backend.ovs_idl.command [None req-43c08b4b-98cb-41ed-b170-4cd6f9a34839 ec6c7648d83e4a789f48bcf73b30f214 4b6e303897f14492b20f5faf5e634299 - - default default] Error executing command (DbGetCommand): ovsdbapp.backend.ovs_idl.idlutils.RowNotFound: Cannot find Logical_Router_Port with name=lrp-cf798244-dcb1-4195-b05e-bab290530c0b
2026-06-26 04:48:23.553 10 ERROR ovsdbapp.backend.ovs_idl.command
Traceback (most recent call last):
2026-06-26 04:48:23.553 10 ERROR ovsdbapp.backend.ovs_idl.command
File "/var/lib/openstack/lib/python3.10/site-packages/ovsdbapp/backend/ovs_idl/command.py", line 47, in execute
2026-06-26 04:48:23.553 10 ERROR ovsdbapp.backend.ovs_idl.command self.run_idl(None)
2026-06-26 04:48:23.553 10 ERROR ovsdbapp.backend.ovs_idl.command
File "/var/lib/openstack/lib/python3.10/site-packages/ovsdbapp/backend/ovs_idl/command.py", line 235, in run_idl
2026-06-26 04:48:23.553 10 ERROR ovsdbapp.backend.ovs_idl.command record = self.api.lookup(self.table, self.record)
2026-06-26 04:48:23.553 10 ERROR ovsdbapp.backend.ovs_idl.command
File "/var/lib/openstack/lib/python3.10/site-packages/ovsdbapp/backend/ovs_idl/__init__.py", line 184, in lookup
2026-06-26 04:48:23.553 10 ERROR ovsdbapp.backend.ovs_idl.command return self._lookup(table, record)
2026-06-26 04:48:23.553 10 ERROR ovsdbapp.backend.ovs_idl.command
File "/var/lib/openstack/lib/python3.10/site-packages/ovsdbapp/backend/ovs_idl/__init__.py", line 235, in _lookup
2026-06-26 04:48:23.553 10 ERROR ovsdbapp.backend.ovs_idl.command row = idlutils.row_by_value(self, rl.table, rl.column, record)
2026-06-26 04:48:23.553 10 ERROR ovsdbapp.backend.ovs_idl.command
File "/var/lib/openstack/lib/python3.10/site-packages/ovsdbapp/backend/ovs_idl/idlutils.py", line 114, in row_by_value
2026-06-26 04:48:23.553 10 ERROR ovsdbapp.backend.ovs_idl.command raise RowNotFound(table=table, col=column, match=match)
2026-06-26 04:48:23.553 10 ERROR ovsdbapp.backend.ovs_idl.command ovsdbapp.backend.ovs_idl.idlutils.RowNotFound: Cannot find Logical_Router_Port with name=lrp-cf798244-dcb1-4195-b05e-bab290530c0b
2026-06-26 04:48:23.553 10 ERROR ovsdbapp.backend.ovs_idl.command 
2026-06-26 04:48:23.554 10 ERROR neutron_lib.callbacks.manager [None req-43c08b4b-98cb-41ed-b170-4cd6f9a34839 ec6c7648d83e4a789f48bcf73b30f214 4b6e303897f14492b20f5faf5e634299 - - default default] Error during notification for neutron.services.ovn_l3.plugin.OVNL3RouterPlugin._port_update-8768350965469 port, after_update: ovsdbapp.backend.ovs_idl.idlutils.RowNotFound: Cannot find Logical_Router_Port with name=lrp-cf798244-dcb1-4195-b05e-bab290530c0b
2026-06-26 04:48:23.554 10 ERROR neutron_lib.callbacks.manager
Traceback (most recent call last):
2026-06-26 04:48:23.554 10 ERROR neutron_lib.callbacks.manager
File "/var/lib/openstack/lib/python3.10/site-packages/neutron_lib/callbacks/manager.py", line 189, in _notify_loop
2026-06-26 04:48:23.554 10 ERROR neutron_lib.callbacks.manager callback.method(resource, event, trigger, payload=payload)
2026-06-26 04:48:23.554 10 ERROR neutron_lib.callbacks.manager
File "/var/lib/openstack/lib/python3.10/site-packages/neutron/services/ovn_l3/plugin.py", line 391, in _port_update
2026-06-26 04:48:23.554 10 ERROR neutron_lib.callbacks.manager l3plugin._ovn_client.update_router_port(context,
2026-06-26 04:48:23.554 10 ERROR neutron_lib.callbacks.manager
File "/var/lib/openstack/lib/python3.10/site-packages/neutron/plugins/ml2/drivers/ovn/mech_driver/ovsdb/ovn_client.py", line 1878, in update_router_port
2026-06-26 04:48:23.554 10 ERROR neutron_lib.callbacks.manager self._update_lrouter_port(context, port, if_exists=if_exists,
2026-06-26 04:48:23.554 10 ERROR neutron_lib.callbacks.manager
File "/var/lib/openstack/lib/python3.10/site-packages/neutron/plugins/ml2/drivers/ovn/mech_driver/ovsdb/ovn_client.py", line 1855, in _update_lrouter_port
2026-06-26 04:48:23.554 10 ERROR neutron_lib.callbacks.manager external_ids = self._nb_idl.db_get(
2026-06-26 04:48:23.554 10 ERROR neutron_lib.callbacks.manager
File "/var/lib/openstack/lib/python3.10/site-packages/ovsdbapp/backend/ovs_idl/command.py", line 47, in execute
2026-06-26 04:48:23.554 10 ERROR neutron_lib.callbacks.manager self.run_idl(None)
2026-06-26 04:48:23.554 10 ERROR neutron_lib.callbacks.manager
