2026-06-26 04:50:48.793 9 INFO neutron.wsgi [None req-9d7b8486-51d3-4c9f-9df1-97e87a20d874 2f4c9f6f1a554246b0cf157cf03f465d 49f501e527c74c5e8dd51ee1d9b47572 - - default default] 10.0.0.33 "GET /v2.0/routers/6407a34e-3fa5-45bb-bed9-17ce7175d156/tags HTTP/1.1" status: 200 len: 218 time: 0.0572360
2026-06-26 04:50:48.857 9 INFO neutron.wsgi [None req-9e604249-96ae-407b-8750-a4485c6f1976 2f4c9f6f1a554246b0cf157cf03f465d 49f501e527c74c5e8dd51ee1d9b47572 - - default default] 10.0.0.33 "PUT /v2.0/routers/6407a34e-3fa5-45bb-bed9-17ce7175d156/tags/green HTTP/1.1" status: 201 len: 201 time: 0.0586374
2026-06-26 04:50:48.915 9 INFO neutron.wsgi [None req-ece18f60-519b-4241-86b8-0b876e57abc4 2f4c9f6f1a554246b0cf157cf03f465d 49f501e527c74c5e8dd51ee1d9b47572 - - default default] 10.0.0.33 "GET /v2.0/routers/6407a34e-3fa5-45bb-bed9-17ce7175d156/tags HTTP/1.1" status: 200 len: 227 time: 0.0538287
2026-06-26 04:50:49.001 9 INFO neutron.wsgi [None req-fc1d18b7-fd8e-4154-838b-4552847fc5a6 2f4c9f6f1a554246b0cf157cf03f465d 49f501e527c74c5e8dd51ee1d9b47572 - - default default] 10.0.0.33 "PUT /v2.0/routers/6407a34e-3fa5-45bb-bed9-17ce7175d156/tags/red HTTP/1.1" status: 201 len: 201 time: 0.0784156
2026-06-26 04:50:49.089 9 INFO neutron.wsgi [None req-d88ed5ca-32eb-4f24-b53f-51f15326432c 2f4c9f6f1a554246b0cf157cf03f465d 49f501e527c74c5e8dd51ee1d9b47572 - - default default] 10.0.0.33 "GET /v2.0/routers/6407a34e-3fa5-45bb-bed9-17ce7175d156/tags HTTP/1.1" status: 200 len: 227 time: 0.0816510
2026-06-26 04:50:49.220 10 INFO neutron.wsgi [None req-106deabe-9a97-474e-a207-9d0b30797a67 2f4c9f6f1a554246b0cf157cf03f465d 49f501e527c74c5e8dd51ee1d9b47572 - - default default] 10.0.0.33 "PUT /v2.0/routers/6407a34e-3fa5-45bb-bed9-17ce7175d156/tags/black.or.white HTTP/1.1" status: 201 len: 201 time: 0.1266010
2026-06-26 04:50:49.325 10 INFO neutron.wsgi [None req-cbc9f680-9540-4c90-9f10-23363b00e46e 2f4c9f6f1a554246b0cf157cf03f465d 49f501e527c74c5e8dd51ee1d9b47572 - - default default] 10.0.0.33 "GET /v2.0/routers/6407a34e-3fa5-45bb-bed9-17ce7175d156/tags HTTP/1.1" status: 200 len: 245 time: 0.0990517
2026-06-26 04:50:49.384 10 INFO neutron.wsgi [None req-31995761-309c-4ce6-95db-f55b0a4ec152 ec3c2696bef743109e185014ee79646f 2c8f0e7aac6945c4b68fc4e5edca7e64 - - default default] 10.0.0.33 "DELETE /v2.0/routers/84493e59-360a-458c-aecc-2f622c2c1660 HTTP/1.1" status: 204 len: 168 time: 0.9563828
2026-06-26 04:50:49.404 9 INFO neutron.wsgi [None req-26cf1c29-69b0-43d9-9323-4e6b28506931 2f4c9f6f1a554246b0cf157cf03f465d 49f501e527c74c5e8dd51ee1d9b47572 - - default default] 10.0.0.33 "PUT /v2.0/routers/6407a34e-3fa5-45bb-bed9-17ce7175d156/tags HTTP/1.1" status: 200 len: 230 time: 0.0733380
2026-06-26 04:50:49.460 9 INFO neutron.wsgi [None req-25a9f29a-4aa6-4bde-857f-bb00aea11334 2f4c9f6f1a554246b0cf157cf03f465d 49f501e527c74c5e8dd51ee1d9b47572 - - default default] 10.0.0.33 "GET /v2.0/routers/6407a34e-3fa5-45bb-bed9-17ce7175d156/tags HTTP/1.1" status: 200 len: 230 time: 0.0505295
2026-06-26 04:50:49.531 9 INFO neutron.wsgi [None req-9cbedb69-85cc-4113-b9da-3ffc30523599 2f4c9f6f1a554246b0cf157cf03f465d 49f501e527c74c5e8dd51ee1d9b47572 - - default default] 10.0.0.33 "GET /v2.0/routers/6407a34e-3fa5-45bb-bed9-17ce7175d156/tags/red HTTP/1.1" status: 204 len: 168 time: 0.0660408
2026-06-26 04:50:49.600 9 INFO neutron.api.v2.resource [None req-2cfcb4f5-8b45-49a5-80e5-21a1894490d1 2f4c9f6f1a554246b0cf157cf03f465d 49f501e527c74c5e8dd51ee1d9b47572 - - default default] show failed (client error): The resource could not be found.
2026-06-26 04:50:49.602 9 INFO neutron.wsgi [None req-2cfcb4f5-8b45-49a5-80e5-21a1894490d1 2f4c9f6f1a554246b0cf157cf03f465d 49f501e527c74c5e8dd51ee1d9b47572 - - default default] 10.0.0.33 "GET /v2.0/routers/6407a34e-3fa5-45bb-bed9-17ce7175d156/tags/green HTTP/1.1" status: 404 len: 299 time: 0.0651321
2026-06-26 04:50:49.675 9 INFO neutron.wsgi [None req-2efcd2ee-81f5-41c5-858d-2472b4f28db0 2f4c9f6f1a554246b0cf157cf03f465d 49f501e527c74c5e8dd51ee1d9b47572 - - default default] 10.0.0.33 "DELETE /v2.0/routers/6407a34e-3fa5-45bb-bed9-17ce7175d156/tags/red HTTP/1.1" status: 204 len: 168 time: 0.0677898
2026-06-26 04:50:49.734 9 INFO neutron.wsgi [None req-9cf49e84-aa61-4f1d-9c7a-dac367c8a469 2f4c9f6f1a554246b0cf157cf03f465d 49f501e527c74c5e8dd51ee1d9b47572 - - default default] 10.0.0.33 "GET /v2.0/routers/6407a34e-3fa5-45bb-bed9-17ce7175d156/tags HTTP/1.1" status: 200 len: 223 time: 0.0540690
2026-06-26 04:50:49.790 10 INFO neutron.services.segments.plugin [-] Segment 991ff096-36e5-45fa-9177-d0764863bf7b resource provider aggregate not found
2026-06-26 04:50:49.797 9 INFO neutron.api.v2.resource [None req-3ad23826-3427-410e-982d-b83329300fda 2f4c9f6f1a554246b0cf157cf03f465d 49f501e527c74c5e8dd51ee1d9b47572 - - default default] delete failed (client error): The resource could not be found.
2026-06-26 04:50:49.798 10 INFO neutron.services.segments.plugin [-] Segment 991ff096-36e5-45fa-9177-d0764863bf7b resource provider aggregate not found
2026-06-26 04:50:49.798 9 INFO neutron.wsgi [None req-3ad23826-3427-410e-982d-b83329300fda 2f4c9f6f1a554246b0cf157cf03f465d 49f501e527c74c5e8dd51ee1d9b47572 - - default default] 10.0.0.33 "DELETE /v2.0/routers/6407a34e-3fa5-45bb-bed9-17ce7175d156/tags/green HTTP/1.1" status: 404 len: 299 time: 0.0594335
2026-06-26 04:50:49.813 10 INFO neutron.services.segments.plugin [-] Segment 991ff096-36e5-45fa-9177-d0764863bf7b resource provider not found; error: Placement Client Error (4xx): {"errors": [{"status": 404, "title": "Not Found", "detail": "The resource could not be found.\n\n No resource provider with uuid 991ff096-36e5-45fa-9177-d0764863bf7b found for delete ", "request_id": "req-f9387df0-d6b6-4133-b34d-c77a9c3f8c13"}]}
2026-06-26 04:50:49.814 10 INFO neutron.services.segments.plugin [-] Segment 991ff096-36e5-45fa-9177-d0764863bf7b resource provider not found; error: Placement Client Error (4xx): {"errors": [{"status": 404, "title": "Not Found", "detail": "The resource could not be found.\n\n No resource provider with uuid 991ff096-36e5-45fa-9177-d0764863bf7b found for delete ", "request_id": "req-373b6715-7a7b-4ed0-80ce-a8d38795df63"}]}
2026-06-26 04:50:49.825 10 INFO neutron.wsgi [None req-24d3c6db-eec0-470c-a078-f7d41fd151db ec3c2696bef743109e185014ee79646f 2c8f0e7aac6945c4b68fc4e5edca7e64 - - default default] 10.0.0.33 "DELETE /v2.0/networks/d1d81a34-1d65-40b3-9c05-c9472937587e HTTP/1.1" status: 204 len: 168 time: 0.4351473
2026-06-26 04:50:49.879 9 INFO neutron.wsgi [None req-b8db26d2-a7e8-4946-83cb-f4fb732197c7 2f4c9f6f1a554246b0cf157cf03f465d 49f501e527c74c5e8dd51ee1d9b47572 - - default default] 10.0.0.33 "DELETE /v2.0/routers/6407a34e-3fa5-45bb-bed9-17ce7175d156/tags HTTP/1.1" status: 204 len: 168 time: 0.0763958
2026-06-26 04:50:49.954 9 INFO neutron.wsgi [None req-3f0236bf-9b6e-42ca-bbe1-2cf202c94544 2f4c9f6f1a554246b0cf157cf03f465d 49f501e527c74c5e8dd51ee1d9b47572 - - default default] 10.0.0.33 "GET /v2.0/routers/6407a34e-3fa5-45bb-bed9-17ce7175d156/tags HTTP/1.1" status: 200 len: 205 time: 0.0695269
2026-06-26 04:50:50.036 9 INFO neutron.wsgi [None req-a1f7c40a-d8df-4ba1-a593-b9c0596a413d 2f4c9f6f1a554246b0cf157cf03f465d 49f501e527c74c5e8dd51ee1d9b47572 - - default default] 10.0.0.33 "GET /v2.0/routers/6407a34e-3fa5-45bb-bed9-17ce7175d156 HTTP/1.1" status: 200 len: 770 time: 0.0708568
2026-06-26 04:50:50.432 9 INFO neutron.db.ovn_revision_numbers_db [None req-0d19e266-f88f-4206-b38d-7c8405e189de 2f4c9f6f1a554246b0cf157cf03f465d 49f501e527c74c5e8dd51ee1d9b47572 - - default default] Successfully bumped revision number for resource 6407a34e-3fa5-45bb-bed9-17ce7175d156 (type: routers) to 7
2026-06-26 04:50:50.440 9 INFO neutron.wsgi [None req-0d19e266-f88f-4206-b38d-7c8405e189de 2f4c9f6f1a554246b0cf157cf03f465d 49f501e527c74c5e8dd51ee1d9b47572 - - default default] 10.0.0.33 "PUT /v2.0/routers/6407a34e-3fa5-45bb-bed9-17ce7175d156 HTTP/1.1" status: 200 len: 770 time: 0.3988967
2026-06-26 04:50:50.482 9 INFO neutron.wsgi [None req-f8ccfef6-b5dd-49a4-84cd-a02e1393ac46 2f4c9f6f1a554246b0cf157cf03f465d 49f501e527c74c5e8dd51ee1d9b47572 - - default default] 10.0.0.33 "GET /v2.0/ports?device_id=6407a34e-3fa5-45bb-bed9-17ce7175d156 HTTP/1.1" status: 200 len: 205 time: 0.0357132
2026-06-26 04:50:50.689 10 INFO neutron.wsgi [req-d49f2151-97a2-491b-8b0b-3528136bfc3d req-318809f3-f17f-434f-a079-3b1cfbc34624 2047ee2ac40246c8999cc5d0c321baf3 6a3ebc89a7834f51af0baf2525307d97 - - 857fa6daf8bd4b9082a0ee3bd252bcf1 857fa6daf8bd4b9082a0ee3bd252bcf1] 10.0.0.249 "GET /v2.0/ports?device_id=c4076027-2d2d-4540-a1a1-e219c8ef6fd8 HTTP/1.1" status: 200 len: 1634 time: 0.0753090
2026-06-26 04:50:50.782 10 INFO neutron.wsgi [req-d49f2151-97a2-491b-8b0b-3528136bfc3d req-f5140a8d-1ece-4dcb-b6b7-3fb3a36cd47c 2047ee2ac40246c8999cc5d0c321baf3 6a3ebc89a7834f51af0baf2525307d97 - - 857fa6daf8bd4b9082a0ee3bd252bcf1 857fa6daf8bd4b9082a0ee3bd252bcf1] 10.0.0.249 "GET /v2.0/security-groups?id=a4d549e7-b130-4954-a918-00ad816ac4bb&fields=id&fields=name HTTP/1.1" status: 200 len: 310 time: 0.0765119
2026-06-26 04:50:50.789 10 INFO neutron.wsgi [None req-f6c744cc-cfa4-4d0b-9337-55b5bbccc0cc 2f4c9f6f1a554246b0cf157cf03f465d 49f501e527c74c5e8dd51ee1d9b47572 - - default default] 10.0.0.33 "DELETE /v2.0/routers/6407a34e-3fa5-45bb-bed9-17ce7175d156 HTTP/1.1" status: 204 len: 168 time: 0.3016570
2026-06-26 04:50:50.856 10 INFO neutron.db.ovn_revision_numbers_db [None req-633e56ef-ec89-4794-b73a-13c12da7d928 ded23f2cdb7e4c9295800275f6291be6 4e78bc56101241b69e3b16de49ca9730 - - default default] Successfully bumped revision number for resource ecea3bc8-c2db-4311-8851-8f29b2626867 (type: security_groups) to 1
2026-06-26 04:50:50.879 10 INFO neutron.db.ovn_revision_numbers_db [None req-633e56ef-ec89-4794-b73a-13c12da7d928 ded23f2cdb7e4c9295800275f6291be6 4e78bc56101241b69e3b16de49ca9730 - - default default] Successfully bumped revision number for resource 0a4c46cf-e478-491f-a0cf-dc2744ebb483 (type: security_group_rules) to 0
2026-06-26 04:50:50.906 10 INFO neutron.db.ovn_revision_numbers_db [None req-633e56ef-ec89-4794-b73a-13c12da7d928 ded23f2cdb7e4c9295800275f6291be6 4e78bc56101241b69e3b16de49ca9730 - - default default] Successfully bumped revision number for resource 5ccd820f-5370-48e0-9828-1ec8c70144e8 (type: security_group_rules) to 0
2026-06-26 04:50:50.929 10 INFO neutron.db.ovn_revision_numbers_db [None req-633e56ef-ec89-4794-b73a-13c12da7d928 ded23f2cdb7e4c9295800275f6291be6 4e78bc56101241b69e3b16de49ca9730 - - default default] Successfully bumped revision number for resource 6faa8ca0-ac85-47ea-8fdc-583efe9b14ca (type: security_group_rules) to 0
2026-06-26 04:50:50.956 10 INFO neutron.db.ovn_revision_numbers_db [None req-633e56ef-ec89-4794-b73a-13c12da7d928 ded23f2cdb7e4c9295800275f6291be6 4e78bc56101241b69e3b16de49ca9730 - - default default] Successfully bumped revision number for resource d9d3f9ee-addb-4616-97bf-a02ff0fbd1ae (type: security_group_rules) to 0
2026-06-26 04:50:50.976 10 INFO neutron.wsgi [None req-633e56ef-ec89-4794-b73a-13c12da7d928 ded23f2cdb7e4c9295800275f6291be6 4e78bc56101241b69e3b16de49ca9730 - - default default] 10.0.0.33 "GET /v2.0/security-groups?tenant_id=beef16d0fed14f65a102f41343427f34&name=default HTTP/1.1" status: 200 len: 3124 time: 0.4461064
2026-06-26 04:50:51.258 9 INFO neutron.wsgi [None req-f084e54d-57f0-44bb-be6e-805b41381dbc ded23f2cdb7e4c9295800275f6291be6 4e78bc56101241b69e3b16de49ca9730 - - default default] 10.0.0.33 "DELETE /v2.0/security-groups/ecea3bc8-c2db-4311-8851-8f29b2626867 HTTP/1.1" status: 204 len: 168 time: 0.2748997
2026-06-26 04:50:51.482 10 INFO neutron.wsgi [None req-738c9814-6234-49fa-9276-032ece8d7d47 ded23f2cdb7e4c9295800275f6291be6 4e78bc56101241b69e3b16de49ca9730 - - default default] 10.0.0.33 "GET /v2.0/security-groups?tenant_id=2c8f0e7aac6945c4b68fc4e5edca7e64&name=default HTTP/1.1" status: 200 len: 3120 time: 0.0514998
2026-06-26 04:50:51.724 10 INFO neutron.wsgi [None req-faed3e49-9464-404b-9a6d-2abc056a1c84 ded23f2cdb7e4c9295800275f6291be6 4e78bc56101241b69e3b16de49ca9730 - - default default] 10.0.0.33 "DELETE /v2.0/security-groups/bb6b065a-e40e-4071-b088-3856250da174 HTTP/1.1" status: 204 len: 168 time: 0.2367930
2026-06-26 04:50:51.879 9 INFO neutron.db.ovn_revision_numbers_db [None req-806672e2-39cd-4c0f-9267-045d38a0131c ded23f2cdb7e4c9295800275f6291be6 4e78bc56101241b69e3b16de49ca9730 - - default default] Successfully bumped revision number for resource ec245fed-788c-4fdb-a694-d91f5fc36aed (type: security_groups) to 1
2026-06-26 04:50:51.894 9 INFO neutron.db.ovn_revision_numbers_db [None req-806672e2-39cd-4c0f-9267-045d38a0131c ded23f2cdb7e4c9295800275f6291be6 4e78bc56101241b69e3b16de49ca9730 - - default default] Successfully bumped revision number for resource 240f38ee-3b14-4a0e-894d-16faf9c116dc (type: security_group_rules) to 0
2026-06-26 04:50:51.914 9 INFO neutron.db.ovn_revision_numbers_db [None req-806672e2-39cd-4c0f-9267-045d38a0131c ded23f2cdb7e4c9295800275f6291be6 4e78bc56101241b69e3b16de49ca9730 - - default default] Successfully bumped revision number for resource 38737585-eeed-486b-9d2c-0421268e50b2 (type: security_group_rules) to 0
2026-06-26 04:50:51.932 9 INFO neutron.db.ovn_revision_numbers_db [None req-806672e2-39cd-4c0f-9267-045d38a0131c ded23f2cdb7e4c9295800275f6291be6 4e78bc56101241b69e3b16de49ca9730 - - default default] Successfully bumped revision number for resource 7bb9feeb-b71c-4e53-9e90-6cf3003ef13d (type: security_group_rules) to 0
2026-06-26 04:50:51.945 9 INFO neutron.db.ovn_revision_numbers_db [None req-806672e2-39cd-4c0f-9267-045d38a0131c ded23f2cdb7e4c9295800275f6291be6 4e78bc56101241b69e3b16de49ca9730 - - default default] Successfully bumped revision number for resource f82c26fc-eeb1-4008-b9cf-8d41ed625d7f (type: security_group_rules) to 0
2026-06-26 04:50:51.968 9 INFO neutron.wsgi [None req-806672e2-39cd-4c0f-9267-045d38a0131c ded23f2cdb7e4c9295800275f6291be6 4e78bc56101241b69e3b16de49ca9730 - - default default] 10.0.0.33 "GET /v2.0/security-groups?tenant_id=6f4573c44894473f9208926f242e8e1d&name=default HTTP/1.1" status: 200 len: 3124 time: 0.4143238
2026-06-26 04:50:52.223 10 INFO neutron.wsgi [None req-ba21e6f9-5aca-47d3-be86-326fe328a3cf ded23f2cdb7e4c9295800275f6291be6 4e78bc56101241b69e3b16de49ca9730 - - default default] 10.0.0.33 "DELETE /v2.0/security-groups/ec245fed-788c-4fdb-a694-d91f5fc36aed HTTP/1.1" status: 204 len: 168 time: 0.2469845
2026-06-26 04:50:52.462 9 INFO neutron.db.ovn_revision_numbers_db [None req-f945ee02-1599-4d8e-a62e-5aa07dba2482 ded23f2cdb7e4c9295800275f6291be6 4e78bc56101241b69e3b16de49ca9730 - - default default] Successfully bumped revision number for resource ab395396-c8a6-405d-a76b-1bce18c2e1d7 (type: security_groups) to 1
2026-06-26 04:50:52.477 9 INFO neutron.db.ovn_revision_numbers_db [None req-f945ee02-1599-4d8e-a62e-5aa07dba2482 ded23f2cdb7e4c9295800275f6291be6 4e78bc56101241b69e3b16de49ca9730 - - default default] Successfully bumped revision number for resource 627ab116-7477-4e2b-a9c1-9490113a4a5a (type: security_group_rules) to 0
2026-06-26 04:50:52.491 9 INFO neutron.db.ovn_revision_numbers_db [None req-f945ee02-1599-4d8e-a62e-5aa07dba2482 ded23f2cdb7e4c9295800275f6291be6 4e78bc56101241b69e3b16de49ca9730 - - default default] Successfully bumped revision number for resource 8c70a699-a72c-47ca-88d9-cd5c0d992ed2 (type: security_group_rules) to 0
2026-06-26 04:50:52.506 9 INFO neutron.db.ovn_revision_numbers_db [None req-f945ee02-1599-4d8e-a62e-5aa07dba2482 ded23f2cdb7e4c9295800275f6291be6 4e78bc56101241b69e3b16de49ca9730 - - default default] Successfully bumped revision number for resource bdc932bb-1093-43eb-9c13-645f8a10b3a3 (type: security_group_rules) to 0
2026-06-26 04:50:52.519 9 INFO neutron.db.ovn_revision_numbers_db [None req-f945ee02-1599-4d8e-a62e-5aa07dba2482 ded23f2cdb7e4c9295800275f6291be6 4e78bc56101241b69e3b16de49ca9730 - - default default] Successfully bumped revision number for resource ceb17201-3e19-49c4-b509-e39b48287b0a (type: security_group_rules) to 0
2026-06-26 04:50:52.542 9 INFO neutron.wsgi [None req-f945ee02-1599-4d8e-a62e-5aa07dba2482 ded23f2cdb7e4c9295800275f6291be6 4e78bc56101241b69e3b16de49ca9730 - - default default] 10.0.0.33 "GET /v2.0/security-groups?tenant_id=49f501e527c74c5e8dd51ee1d9b47572&name=default HTTP/1.1" status: 200 len: 3124 time: 0.2213089
2026-06-26 04:50:52.783 10 INFO neutron.wsgi [None req-00b7cd32-9dc2-4bac-8e0f-7a2e6cce741a ded23f2cdb7e4c9295800275f6291be6 4e78bc56101241b69e3b16de49ca9730 - - default default] 10.0.0.33 "DELETE /v2.0/security-groups/ab395396-c8a6-405d-a76b-1bce18c2e1d7 HTTP/1.1" status: 204 len: 168 time: 0.2328670
2026-06-26 04:50:55.510 9 INFO neutron.wsgi [-] 10.0.0.99 "GET / HTTP/1.1" status: 200 len: 247 time: 0.0029745
2026-06-26 04:50:55.511 10 INFO neutron.wsgi [-] 10.0.0.99 "GET / HTTP/1.1" status: 200 len: 247 time: 0.0031066
2026-06-26 04:50:56.253 9 WARNING neutron_lib.context [None req-df4d422c-28d9-4238-9b3a-9a8a1e3ea503 01cd20fd6cd24707bf7b835254650351 9af2b697883040aca2f0f898c683ba20 - - default default] Method 'is_advsvc' is deprecated since 2023.2 release (neutron-lib 3.8.0) and will be removed once support for the old RBAC API policies will be removed from Neutron. Please use method 'is_service_role' instead.
2026-06-26 04:50:56.290 9 WARNING neutron_lib.context [None req-6f69983a-1479-47fe-91d4-c82fddd161d2 9d09bb75b17a40f698b8ce9924ea28f9 1d2f17dd68f74d92a4686a60f490467a - - default default] Method 'is_advsvc' is deprecated since 2023.2 release (neutron-lib 3.8.0) and will be removed once support for the old RBAC API policies will be removed from Neutron. Please use method 'is_service_role' instead.
2026-06-26 04:50:56.416 9 INFO neutron.db.ovn_revision_numbers_db [None req-df4d422c-28d9-4238-9b3a-9a8a1e3ea503 01cd20fd6cd24707bf7b835254650351 9af2b697883040aca2f0f898c683ba20 - - default default] Successfully bumped revision number for resource bae3e4cf-2fb8-41b6-b3e4-d8f7bcc0072d (type: security_groups) to 1
2026-06-26 04:50:56.433 9 INFO neutron.db.ovn_revision_numbers_db [None req-df4d422c-28d9-4238-9b3a-9a8a1e3ea503 01cd20fd6cd24707bf7b835254650351 9af2b697883040aca2f0f898c683ba20 - - default default] Successfully bumped revision number for resource 5407ef12-c6e4-461f-a11c-ef71ca1414e6 (type: security_group_rules) to 0
2026-06-26 04:50:56.457 9 INFO neutron.db.ovn_revision_numbers_db [None req-df4d422c-28d9-4238-9b3a-9a8a1e3ea503 01cd20fd6cd24707bf7b835254650351 9af2b697883040aca2f0f898c683ba20 - - default default] Successfully bumped revision number for resource 60f02635-ee03-42ba-bc95-849e9be526bc (type: security_group_rules) to 0
2026-06-26 04:50:56.462 9 INFO neutron.db.ovn_revision_numbers_db [None req-6f69983a-1479-47fe-91d4-c82fddd161d2 9d09bb75b17a40f698b8ce9924ea28f9 1d2f17dd68f74d92a4686a60f490467a - - default default] Successfully bumped revision number for resource 0874d2bf-a9f0-4808-8c45-c2bc4840f076 (type: security_groups) to 1
2026-06-26 04:50:56.470 9 INFO neutron.db.ovn_revision_numbers_db [None req-df4d422c-28d9-4238-9b3a-9a8a1e3ea503 01cd20fd6cd24707bf7b835254650351 9af2b697883040aca2f0f898c683ba20 - - default default] Successfully bumped revision number for resource bd0b0fdf-7a82-4fba-a5de-beeba9f96e19 (type: security_group_rules) to 0
2026-06-26 04:50:56.477 9 INFO neutron.db.ovn_revision_numbers_db [None req-6f69983a-1479-47fe-91d4-c82fddd161d2 9d09bb75b17a40f698b8ce9924ea28f9 1d2f17dd68f74d92a4686a60f490467a - - default default] Successfully bumped revision number for resource 4cf0037e-0f94-43d2-a8ba-e44f77c06a25 (type: security_group_rules) to 0
2026-06-26 04:50:56.484 9 INFO neutron.db.ovn_revision_numbers_db [None req-df4d422c-28d9-4238-9b3a-9a8a1e3ea503 01cd20fd6cd24707bf7b835254650351 9af2b697883040aca2f0f898c683ba20 - - default default] Successfully bumped revision number for resource d1561ceb-900f-4cb4-aac2-ef3893d75ebb (type: security_group_rules) to 0
2026-06-26 04:50:56.493 9 INFO neutron.db.ovn_revision_numbers_db [None req-6f69983a-1479-47fe-91d4-c82fddd161d2 9d09bb75b17a40f698b8ce9924ea28f9 1d2f17dd68f74d92a4686a60f490467a - - default default] Successfully bumped revision number for resource 6c609bf4-2b42-4ded-aa12-37184e78bbbe (type: security_group_rules) to 0
2026-06-26 04:50:56.516 9 INFO neutron.db.ovn_revision_numbers_db [None req-6f69983a-1479-47fe-91d4-c82fddd161d2 9d09bb75b17a40f698b8ce9924ea28f9 1d2f17dd68f74d92a4686a60f490467a - - default default] Successfully bumped revision number for resource b2bff40c-d45e-44f3-b1b4-37cce05293ba (type: security_group_rules) to 0
2026-06-26 04:50:56.532 9 INFO neutron.db.ovn_revision_numbers_db [None req-6f69983a-1479-47fe-91d4-c82fddd161d2 9d09bb75b17a40f698b8ce9924ea28f9 1d2f17dd68f74d92a4686a60f490467a - - default default] Successfully bumped revision number for resource eabacfc2-0540-45d6-8d7a-cb5d90cac1b1 (type: security_group_rules) to 0
2026-06-26 04:50:56.585 9 INFO neutron.db.segments_db [None req-6f69983a-1479-47fe-91d4-c82fddd161d2 9d09bb75b17a40f698b8ce9924ea28f9 1d2f17dd68f74d92a4686a60f490467a - - default default] Added segment e45b0d40-9a6f-4b0e-a9ba-b4d4efc5c779 of type geneve for network c342dcc7-fd1e-4902-8d74-88150db696ad
2026-06-26 04:50:56.588 9 INFO neutron.db.ovn_revision_numbers_db [None req-df4d422c-28d9-4238-9b3a-9a8a1e3ea503 01cd20fd6cd24707bf7b835254650351 9af2b697883040aca2f0f898c683ba20 - - default default] Successfully bumped revision number for resource 3763bb85-a509-4b48-9f0a-a277f687b9f2 (type: security_groups) to 1
2026-06-26 04:50:56.609 9 INFO neutron.db.ovn_revision_numbers_db [None req-df4d422c-28d9-4238-9b3a-9a8a1e3ea503 01cd20fd6cd24707bf7b835254650351 9af2b697883040aca2f0f898c683ba20 - - default default] Successfully bumped revision number for resource 596231be-3a96-47ef-abf0-114d2c6455b2 (type: security_group_rules) to 0
2026-06-26 04:50:56.638 9 INFO neutron.db.ovn_revision_numbers_db [None req-df4d422c-28d9-4238-9b3a-9a8a1e3ea503 01cd20fd6cd24707bf7b835254650351 9af2b697883040aca2f0f898c683ba20 - - default default] Successfully bumped revision number for resource 862ccf25-ac83-4137-8055-77ff84b18972 (type: security_group_rules) to 0
2026-06-26 04:50:56.669 9 INFO neutron.wsgi [None req-df4d422c-28d9-4238-9b3a-9a8a1e3ea503 01cd20fd6cd24707bf7b835254650351 9af2b697883040aca2f0f898c683ba20 - - default default] 10.0.0.33 "POST /v2.0/security-groups HTTP/1.1" status: 201 len: 1803 time: 0.5287807
2026-06-26 04:50:56.686 10 WARNING neutron_lib.context [None req-ce2cf494-a8f4-4842-a00f-d0782ffcb0e3 01cd20fd6cd24707bf7b835254650351 9af2b697883040aca2f0f898c683ba20 - - default default] Method 'is_advsvc' is deprecated since 2023.2 release (neutron-lib 3.8.0) and will be removed once support for the old RBAC API policies will be removed from Neutron. Please use method 'is_service_role' instead.
2026-06-26 04:50:56.749 9 INFO neutron.db.ovn_revision_numbers_db [None req-6f69983a-1479-47fe-91d4-c82fddd161d2 9d09bb75b17a40f698b8ce9924ea28f9 1d2f17dd68f74d92a4686a60f490467a - - default default] Successfully bumped revision number for resource c342dcc7-fd1e-4902-8d74-88150db696ad (type: networks) to 1
2026-06-26 04:50:56.830 10 INFO neutron.db.ovn_revision_numbers_db [None req-ce2cf494-a8f4-4842-a00f-d0782ffcb0e3 01cd20fd6cd24707bf7b835254650351 9af2b697883040aca2f0f898c683ba20 - - default default] Successfully bumped revision number for resource 59fd31c4-d107-47f6-9ced-da034c8654dc (type: security_groups) to 1
2026-06-26 04:50:56.844 10 INFO neutron.db.ovn_revision_numbers_db [None req-ce2cf494-a8f4-4842-a00f-d0782ffcb0e3 01cd20fd6cd24707bf7b835254650351 9af2b697883040aca2f0f898c683ba20 - - default default] Successfully bumped revision number for resource 05bf4ae3-b4c3-441a-ab97-5ba05e84b5c4 (type: security_group_rules) to 0
2026-06-26 04:50:56.862 10 INFO neutron.db.ovn_revision_numbers_db [None req-ce2cf494-a8f4-4842-a00f-d0782ffcb0e3 01cd20fd6cd24707bf7b835254650351 9af2b697883040aca2f0f898c683ba20 - - default default] Successfully bumped revision number for resource a1e8c777-4f08-47a9-b83d-c1d93b6dd338 (type: security_group_rules) to 0
2026-06-26 04:50:56.902 10 INFO neutron.wsgi [None req-ce2cf494-a8f4-4842-a00f-d0782ffcb0e3 01cd20fd6cd24707bf7b835254650351 9af2b697883040aca2f0f898c683ba20 - - default default] 10.0.0.33 "POST /v2.0/security-groups HTTP/1.1" status: 201 len: 1803 time: 0.2271895
2026-06-26 04:50:56.914 9 WARNING neutron_lib.context [None req-98427aab-bd92-4c64-941b-1a7f7fda7b43 01cd20fd6cd24707bf7b835254650351 9af2b697883040aca2f0f898c683ba20 - - default default] Method 'is_advsvc' is deprecated since 2023.2 release (neutron-lib 3.8.0) and will be removed once support for the old RBAC API policies will be removed from Neutron. Please use method 'is_service_role' instead.
2026-06-26 04:50:56.984 9 WARNING neutron.scheduler.dhcp_agent_scheduler [None req-6f69983a-1479-47fe-91d4-c82fddd161d2 9d09bb75b17a40f698b8ce9924ea28f9 1d2f17dd68f74d92a4686a60f490467a - - default default] No more DHCP agents
2026-06-26 04:50:56.989 9 WARNING neutron.api.rpc.agentnotifiers.dhcp_rpc_agent_api [None req-6f69983a-1479-47fe-91d4-c82fddd161d2 9d09bb75b17a40f698b8ce9924ea28f9 1d2f17dd68f74d92a4686a60f490467a - - default default] Unable to schedule network c342dcc7-fd1e-4902-8d74-88150db696ad: no agents available; will retry on subsequent port and subnet creation events.
2026-06-26 04:50:57.107 9 INFO neutron.db.ovn_revision_numbers_db [None req-6f69983a-1479-47fe-91d4-c82fddd161d2 9d09bb75b17a40f698b8ce9924ea28f9 1d2f17dd68f74d92a4686a60f490467a - - default default] Successfully bumped revision number for resource 42b28b3c-bd0f-47f9-99a2-c1a6e374a1e9 (type: ports) to 1
2026-06-26 04:50:57.129 9 INFO neutron.db.ovn_revision_numbers_db [None req-98427aab-bd92-4c64-941b-1a7f7fda7b43 01cd20fd6cd24707bf7b835254650351 9af2b697883040aca2f0f898c683ba20 - - default default] Successfully bumped revision number for resource 95727963-2110-448b-969e-fc6ec6dcb358 (type: security_groups) to 1
2026-06-26 04:50:57.132 9 INFO neutron.wsgi [None req-6f69983a-1479-47fe-91d4-c82fddd161d2 9d09bb75b17a40f698b8ce9924ea28f9 1d2f17dd68f74d92a4686a60f490467a - - default default] 10.0.0.33 "POST /v2.0/networks HTTP/1.1" status: 201 len: 825 time: 0.9461734
2026-06-26 04:50:57.144 9 INFO neutron.db.ovn_revision_numbers_db [None req-98427aab-bd92-4c64-941b-1a7f7fda7b43 01cd20fd6cd24707bf7b835254650351 9af2b697883040aca2f0f898c683ba20 - - default default] Successfully bumped revision number for resource e9c1ef59-d30a-41c6-8b34-7726fb311465 (type: security_group_rules) to 0
2026-06-26 04:50:57.144 10 WARNING neutron_lib.context [None req-a90a2d99-99f7-48ab-ae8b-5243e38e308e 9d09bb75b17a40f698b8ce9924ea28f9 1d2f17dd68f74d92a4686a60f490467a - - default default] Method 'is_advsvc' is deprecated since 2023.2 release (neutron-lib 3.8.0) and will be removed once support for the old RBAC API policies will be removed from Neutron. Please use method 'is_service_role' instead.
2026-06-26 04:50:57.157 9 INFO neutron.db.ovn_revision_numbers_db [None req-98427aab-bd92-4c64-941b-1a7f7fda7b43 01cd20fd6cd24707bf7b835254650351 9af2b697883040aca2f0f898c683ba20 - - default default] Successfully bumped revision number for resource f9e02126-06d6-4ba8-9bd4-116f234f76bf (type: security_group_rules) to 0
2026-06-26 04:50:57.177 9 INFO neutron.wsgi [None req-98427aab-bd92-4c64-941b-1a7f7fda7b43 01cd20fd6cd24707bf7b835254650351 9af2b697883040aca2f0f898c683ba20 - - default default] 10.0.0.33 "POST /v2.0/security-groups HTTP/1.1" status: 201 len: 1803 time: 0.2686489
2026-06-26 04:50:57.189 10 WARNING neutron_lib.context [None req-badbc052-54f6-4298-9557-615008f45b27 01cd20fd6cd24707bf7b835254650351 9af2b697883040aca2f0f898c683ba20 - - default default] Method 'is_advsvc' is deprecated since 2023.2 release (neutron-lib 3.8.0) and will be removed once support for the old RBAC API policies will be removed from Neutron. Please use method 'is_service_role' instead.
2026-06-26 04:50:57.365 10 INFO neutron.db.ovn_revision_numbers_db [None req-badbc052-54f6-4298-9557-615008f45b27 01cd20fd6cd24707bf7b835254650351 9af2b697883040aca2f0f898c683ba20 - - default default] Successfully bumped revision number for resource 15dc6667-75ed-4abb-874d-438d0d10408f (type: security_groups) to 1
2026-06-26 04:50:57.384 10 INFO neutron.db.ovn_revision_numbers_db [None req-badbc052-54f6-4298-9557-615008f45b27 01cd20fd6cd24707bf7b835254650351 9af2b697883040aca2f0f898c683ba20 - - default default] Successfully bumped revision number for resource 423aa58c-6dca-481a-bb40-a2d1565a7941 (type: security_group_rules) to 0
2026-06-26 04:50:57.406 10 WARNING neutron.scheduler.dhcp_agent_scheduler [None req-a90a2d99-99f7-48ab-ae8b-5243e38e308e 9d09bb75b17a40f698b8ce9924ea28f9 1d2f17dd68f74d92a4686a60f490467a - - default default] No more DHCP agents
2026-06-26 04:50:57.408 10 INFO neutron.db.ovn_revision_numbers_db [None req-badbc052-54f6-4298-9557-615008f45b27 01cd20fd6cd24707bf7b835254650351 9af2b697883040aca2f0f898c683ba20 - - default default] Successfully bumped revision number for resource 749a95e4-371d-4bc2-b4b9-d34027c0287a (type: security_group_rules) to 0
2026-06-26 04:50:57.411 10 WARNING neutron.api.rpc.agentnotifiers.dhcp_rpc_agent_api [None req-a90a2d99-99f7-48ab-ae8b-5243e38e308e 9d09bb75b17a40f698b8ce9924ea28f9 1d2f17dd68f74d92a4686a60f490467a - - default default] Unable to schedule network c342dcc7-fd1e-4902-8d74-88150db696ad: no agents available; will retry on subsequent port and subnet creation events.
2026-06-26 04:50:57.441 10 INFO neutron.wsgi [None req-badbc052-54f6-4298-9557-615008f45b27 01cd20fd6cd24707bf7b835254650351 9af2b697883040aca2f0f898c683ba20 - - default default] 10.0.0.33 "POST /v2.0/security-groups HTTP/1.1" status: 201 len: 1803 time: 0.2589521
2026-06-26 04:50:57.456 9 WARNING neutron_lib.context [None req-d3c65e28-effa-4f29-acda-0c4a70077702 01cd20fd6cd24707bf7b835254650351 9af2b697883040aca2f0f898c683ba20 - - default default] Method 'is_advsvc' is deprecated since 2023.2 release (neutron-lib 3.8.0) and will be removed once support for the old RBAC API policies will be removed from Neutron. Please use method 'is_service_role' instead.
2026-06-26 04:50:57.585 9 INFO neutron.wsgi [None req-308e9fef-1cb5-457b-927f-8efad3a05d29 f4b1236f1e96441099463b333f7109af 297b3d14b296478eb669e237c9761d2c - - default default] 10.0.0.33 "GET /v2.0/subnets/0a45c6f3-a8a0-44ea-9a3b-24509ced36a0 HTTP/1.1" status: 200 len: 846 time: 0.0386617
2026-06-26 04:50:57.600 9 INFO neutron.db.ovn_revision_numbers_db [None req-d3c65e28-effa-4f29-acda-0c4a70077702 01cd20fd6cd24707bf7b835254650351 9af2b697883040aca2f0f898c683ba20 - - default default] Successfully bumped revision number for resource 49881b75-29b4-4ba2-b135-b3515129cb64 (type: security_groups) to 1
2026-06-26 04:50:57.615 9 INFO neutron.db.ovn_revision_numbers_db [None req-d3c65e28-effa-4f29-acda-0c4a70077702 01cd20fd6cd24707bf7b835254650351 9af2b697883040aca2f0f898c683ba20 - - default default] Successfully bumped revision number for resource 7c4a8f7b-0b64-404e-a373-e71229c0fae6 (type: security_group_rules) to 0
2026-06-26 04:50:57.631 9 INFO neutron.db.ovn_revision_numbers_db [None req-d3c65e28-effa-4f29-acda-0c4a70077702 01cd20fd6cd24707bf7b835254650351 9af2b697883040aca2f0f898c683ba20 - - default default] Successfully bumped revision number for resource f129676b-b79d-4f0c-8420-3ee4a4c5bbcd (type: security_group_rules) to 0
2026-06-26 04:50:57.651 9 INFO neutron.wsgi [None req-d3c65e28-effa-4f29-acda-0c4a70077702 01cd20fd6cd24707bf7b835254650351 9af2b697883040aca2f0f898c683ba20 - - default default] 10.0.0.33 "POST /v2.0/security-groups HTTP/1.1" status: 201 len: 1803 time: 0.2017028
2026-06-26 04:50:57.690 9 INFO neutron.wsgi [None req-95b4fda5-613a-47a4-9421-26af2cff70ff 01cd20fd6cd24707bf7b835254650351 9af2b697883040aca2f0f898c683ba20 - - default default] 10.0.0.33 "PUT /v2.0/security-groups/3763bb85-a509-4b48-9f0a-a277f687b9f2/tags HTTP/1.1" status: 200 len: 210 time: 0.0328808
2026-06-26 04:50:57.733 9 INFO neutron.wsgi [None req-2c89dde0-6884-4c78-b83a-7920daa5e618 01cd20fd6cd24707bf7b835254650351 9af2b697883040aca2f0f898c683ba20 - - default default] 10.0.0.33 "PUT /v2.0/security-groups/59fd31c4-d107-47f6-9ced-da034c8654dc/tags HTTP/1.1" status: 200 len: 218 time: 0.0370948
2026-06-26 04:50:57.773 9 INFO neutron.wsgi [None req-292bbc0f-d869-4e5d-985a-f2e60851d3ff 01cd20fd6cd24707bf7b835254650351 9af2b697883040aca2f0f898c683ba20 - - default default] 10.0.0.33 "PUT /v2.0/security-groups/95727963-2110-448b-969e-fc6ec6dcb358/tags HTTP/1.1" status: 200 len: 227 time: 0.0339172
2026-06-26 04:50:57.809 9 INFO neutron.wsgi [None req-1f8328dd-6b01-4852-8f75-4d5b4b7d7ce4 01cd20fd6cd24707bf7b835254650351 9af2b697883040aca2f0f898c683ba20 - - default default] 10.0.0.33 "PUT /v2.0/security-groups/15dc6667-75ed-4abb-874d-438d0d10408f/tags HTTP/1.1" status: 200 len: 212 time: 0.0293214
2026-06-26 04:50:57.859 9 INFO neutron.wsgi [None req-9160c52d-7a89-4f91-9e25-9d13b95d2377 01cd20fd6cd24707bf7b835254650351 9af2b697883040aca2f0f898c683ba20 - - default default] 10.0.0.33 "GET /v2.0/security-groups?tags=red HTTP/1.1" status: 200 len: 5005 time: 0.0448377
2026-06-26 04:50:58.259 9 INFO neutron.wsgi [None req-0f40c1ed-19ff-4f62-9592-86e8fb87feae 01cd20fd6cd24707bf7b835254650351 9af2b697883040aca2f0f898c683ba20 - - default default] 10.0.0.33 "GET /v2.0/security-groups?tags=red%2Cblue HTTP/1.1" status: 200 len: 3417 time: 0.3940153
2026-06-26 04:50:58.302 9 INFO neutron.wsgi [None req-4841499c-12b4-4a31-8adc-40879175b404 01cd20fd6cd24707bf7b835254650351 9af2b697883040aca2f0f898c683ba20 - - default default] 10.0.0.33 "GET /v2.0/security-groups?tags-any=blue HTTP/1.1" status: 200 len: 3417 time: 0.0369678
2026-06-26 04:50:58.389 10 INFO neutron.wsgi [None req-742d62a2-4cfe-409d-a4eb-e1568d130fb2 01cd20fd6cd24707bf7b835254650351 9af2b697883040aca2f0f898c683ba20 - - default default] 10.0.0.33 "GET /v2.0/security-groups?tags-any=red%2Cblue HTTP/1.1" status: 200 len: 5005 time: 0.0595503
2026-06-26 04:50:58.447 9 INFO neutron.wsgi [None req-7303824b-e4da-476d-ab60-92a92b25ed84 01cd20fd6cd24707bf7b835254650351 9af2b697883040aca2f0f898c683ba20 - - default default] 10.0.0.33 "GET /v2.0/security-groups?not-tags=red HTTP/1.1" status: 200 len: 6297 time: 0.0528691
2026-06-26 04:50:58.488 10 INFO neutron.db.ovn_revision_numbers_db [None req-a90a2d99-99f7-48ab-ae8b-5243e38e308e 9d09bb75b17a40f698b8ce9924ea28f9 1d2f17dd68f74d92a4686a60f490467a - - default default] Successfully bumped revision number for resource 42b28b3c-bd0f-47f9-99a2-c1a6e374a1e9 (type: ports) to 2
2026-06-26 04:50:58.509 9 INFO neutron.wsgi [None req-a2252357-d7fd-4952-9e8d-51459659bd7f 01cd20fd6cd24707bf7b835254650351 9af2b697883040aca2f0f898c683ba20 - - default default] 10.0.0.33 "GET /v2.0/security-groups?not-tags=red%2Cblue HTTP/1.1" status: 200 len: 7885 time: 0.0554039
2026-06-26 04:50:58.514 9 INFO neutron.wsgi [None req-64b9a97e-5443-4526-928a-46b5c2370ca1 ded23f2cdb7e4c9295800275f6291be6 4e78bc56101241b69e3b16de49ca9730 - - default default] 10.0.0.135 "GET /v2.0/extensions/security-group HTTP/1.1" status: 200 len: 369 time: 0.0537257
2026-06-26 04:50:58.526 9 INFO neutron.wsgi [None req-44d72ca0-99c0-4c9c-8d52-f7fcd30ed4bd ded23f2cdb7e4c9295800275f6291be6 4e78bc56101241b69e3b16de49ca9730 - - default default] 10.0.0.135 "GET /v2.0/extensions/dns-integration HTTP/1.1" status: 200 len: 371 time: 0.0047772
2026-06-26 04:50:58.530 10 INFO neutron.db.ovn_revision_numbers_db [None req-a90a2d99-99f7-48ab-ae8b-5243e38e308e 9d09bb75b17a40f698b8ce9924ea28f9 1d2f17dd68f74d92a4686a60f490467a - - default default] Successfully bumped revision number for resource 5665dbe3-94d4-45b2-88cf-85909b287e96 (type: subnets) to 0
2026-06-26 04:50:58.535 9 INFO neutron.wsgi [None req-c1d9424b-aa1b-4b47-8bc6-84c0ad6a4638 ded23f2cdb7e4c9295800275f6291be6 4e78bc56101241b69e3b16de49ca9730 - - default default] 10.0.0.135 "GET /v2.0/extensions/qos HTTP/1.1" status: 200 len: 365 time: 0.0046463
2026-06-26 04:50:58.544 9 INFO neutron.wsgi [None req-fabcea0a-0ea6-4d0c-b21f-7ef70e2e70e4 ded23f2cdb7e4c9295800275f6291be6 4e78bc56101241b69e3b16de49ca9730 - - default default] 10.0.0.135 "GET /v2.0/extensions/allowed-address-pairs HTTP/1.1" status: 200 len: 383 time: 0.0044193
2026-06-26 04:50:58.555 10 INFO neutron.wsgi [None req-a90a2d99-99f7-48ab-ae8b-5243e38e308e 9d09bb75b17a40f698b8ce9924ea28f9 1d2f17dd68f74d92a4686a60f490467a - - default default] 10.0.0.33 "POST /v2.0/subnets HTTP/1.1" status: 201 len: 801 time: 1.4167728
2026-06-26 04:50:58.565 10 WARNING neutron_lib.context [None req-eac7db44-fdca-4bf9-9d4f-1595e5be903a 9d09bb75b17a40f698b8ce9924ea28f9 1d2f17dd68f74d92a4686a60f490467a - - default default] Method 'is_advsvc' is deprecated since 2023.2 release (neutron-lib 3.8.0) and will be removed once support for the old RBAC API policies will be removed from Neutron. Please use method 'is_service_role' instead.
2026-06-26 04:50:58.576 10 INFO neutron.wsgi [None req-f279abe2-073e-4759-b53a-57d3b8110efc 01cd20fd6cd24707bf7b835254650351 9af2b697883040aca2f0f898c683ba20 - - default default] 10.0.0.33 "GET /v2.0/security-groups?not-tags-any=blue HTTP/1.1" status: 200 len: 7885 time: 0.0615332
2026-06-26 04:50:58.636 10 INFO neutron.wsgi [None req-7dcf4836-1636-42e0-bc1f-2bb600cf42ba 01cd20fd6cd24707bf7b835254650351 9af2b697883040aca2f0f898c683ba20 - - default default] 10.0.0.33 "GET /v2.0/security-groups?not-tags-any=red%2Cblue HTTP/1.1" status: 200 len: 6297 time: 0.0552485
2026-06-26 04:50:58.758 9 INFO neutron.wsgi [None req-24fc09ff-3e44-4b3b-ae1f-13bf60bd3985 01cd20fd6cd24707bf7b835254650351 9af2b697883040aca2f0f898c683ba20 - - default default] 10.0.0.33 "DELETE /v2.0/security-groups/3763bb85-a509-4b48-9f0a-a277f687b9f2 HTTP/1.1" status: 204 len: 168 time: 0.1137805
2026-06-26 04:50:58.873 9 INFO neutron.wsgi [None req-6d0423cc-e738-47f7-9b1b-8b0a4462b973 01cd20fd6cd24707bf7b835254650351 9af2b697883040aca2f0f898c683ba20 - - default default] 10.0.0.33 "DELETE /v2.0/security-groups/59fd31c4-d107-47f6-9ced-da034c8654dc HTTP/1.1" status: 204 len: 168 time: 0.1076128
2026-06-26 04:50:59.005 9 INFO neutron.wsgi [None req-db81d9ec-397e-4a3c-9e01-d95c6d05aaaa 01cd20fd6cd24707bf7b835254650351 9af2b697883040aca2f0f898c683ba20 - - default default] 10.0.0.33 "DELETE /v2.0/security-groups/95727963-2110-448b-969e-fc6ec6dcb358 HTTP/1.1" status: 204 len: 168 time: 0.1261373
2026-06-26 04:50:59.131 9 INFO neutron.wsgi [None req-edc2adb2-83f1-4874-9df2-f4436a58b1c8 01cd20fd6cd24707bf7b835254650351 9af2b697883040aca2f0f898c683ba20 - - default default] 10.0.0.33 "DELETE /v2.0/security-groups/15dc6667-75ed-4abb-874d-438d0d10408f HTTP/1.1" status: 204 len: 168 time: 0.1160560
2026-06-26 04:50:59.211 10 INFO neutron.wsgi [-] 10.0.0.135 "GET / HTTP/1.1" status: 200 len: 284 time: 0.0046358
2026-06-26 04:50:59.255 10 WARNING neutron.scheduler.dhcp_agent_scheduler [None req-eac7db44-fdca-4bf9-9d4f-1595e5be903a 9d09bb75b17a40f698b8ce9924ea28f9 1d2f17dd68f74d92a4686a60f490467a - - default default] No more DHCP agents
2026-06-26 04:50:59.256 10 WARNING neutron.api.rpc.agentnotifiers.dhcp_rpc_agent_api [None req-eac7db44-fdca-4bf9-9d4f-1595e5be903a 9d09bb75b17a40f698b8ce9924ea28f9 1d2f17dd68f74d92a4686a60f490467a - - default default] Unable to schedule network 5f01502e-e836-46d4-821d-b347dfec5b7a: no agents available; will retry on subsequent port and subnet creation events.
2026-06-26 04:50:59.268 9 INFO neutron.wsgi [None req-8e1c4a2d-faca-45c2-8216-0bd0d29f00ed 01cd20fd6cd24707bf7b835254650351 9af2b697883040aca2f0f898c683ba20 - - default default] 10.0.0.33 "DELETE /v2.0/security-groups/49881b75-29b4-4ba2-b135-b3515129cb64 HTTP/1.1" status: 204 len: 168 time: 0.1330085
2026-06-26 04:50:59.277 9 INFO neutron.wsgi [None req-06615b01-1d5b-47c9-bd12-e889135eb022 c65c6db004524355afa49587b61afa21 e9740e15ea61427994ff150f2bedf09d - - default default] 10.0.0.135 "GET /v2.0/subnets/0a45c6f3-a8a0-44ea-9a3b-24509ced36a0 HTTP/1.1" status: 200 len: 833 time: 0.0435653
2026-06-26 04:50:59.289 9 INFO neutron.wsgi [None req-52c78507-09eb-4199-ad67-4c3c98a08d16 ded23f2cdb7e4c9295800275f6291be6 4e78bc56101241b69e3b16de49ca9730 - - default default] 10.0.0.135 "GET /v2.0/extensions/security-group HTTP/1.1" status: 200 len: 369 time: 0.0053074
2026-06-26 04:50:59.303 9 INFO neutron.wsgi [None req-9e4251c6-4b99-40f6-b859-921a443969e4 ded23f2cdb7e4c9295800275f6291be6 4e78bc56101241b69e3b16de49ca9730 - - default default] 10.0.0.135 "GET /v2.0/extensions/dns-integration HTTP/1.1" status: 200 len: 371 time: 0.0034399
2026-06-26 04:50:59.309 9 INFO neutron.wsgi [None req-74c9dd92-698d-41ec-9f01-410ca7b999a7 ded23f2cdb7e4c9295800275f6291be6 4e78bc56101241b69e3b16de49ca9730 - - default default] 10.0.0.135 "GET /v2.0/extensions/qos HTTP/1.1" status: 200 len: 365 time: 0.0031962
2026-06-26 04:50:59.317 9 INFO neutron.wsgi [None req-6b0eb64c-24ac-4465-82f3-983f4bbba096 ded23f2cdb7e4c9295800275f6291be6 4e78bc56101241b69e3b16de49ca9730 - - default default] 10.0.0.135 "GET /v2.0/extensions/allowed-address-pairs HTTP/1.1" status: 200 len: 383 time: 0.0032153
2026-06-26 04:50:59.349 9 INFO neutron.wsgi [None req-51795241-0dfb-48ad-b8b8-cf5d13cdb624 ded23f2cdb7e4c9295800275f6291be6 4e78bc56101241b69e3b16de49ca9730 - - default default] 10.0.0.135 "GET /v2.0/subnets/0a45c6f3-a8a0-44ea-9a3b-24509ced36a0 HTTP/1.1" status: 200 len: 851 time: 0.0267804
2026-06-26 04:50:59.441 9 INFO neutron.wsgi [None req-653197af-87b8-496c-ad6d-621c01626f37 ded23f2cdb7e4c9295800275f6291be6 4e78bc56101241b69e3b16de49ca9730 - - default default] 10.0.0.135 "GET /v2.0/extensions/security-group HTTP/1.1" status: 200 len: 369 time: 0.0081465
2026-06-26 04:50:59.452 9 INFO neutron.wsgi [None req-0d3f87a8-379b-4a8a-8a8e-b0482e3451c1 ded23f2cdb7e4c9295800275f6291be6 4e78bc56101241b69e3b16de49ca9730 - - default default] 10.0.0.135 "GET /v2.0/extensions/dns-integration HTTP/1.1" status: 200 len: 371 time: 0.0061116
2026-06-26 04:50:59.454 10 INFO neutron.db.ovn_revision_numbers_db [None req-eac7db44-fdca-4bf9-9d4f-1595e5be903a 9d09bb75b17a40f698b8ce9924ea28f9 1d2f17dd68f74d92a4686a60f490467a - - default default] Successfully bumped revision number for resource d1d1297c-caf7-46b2-bbb2-b49223721747 (type: ports) to 1
2026-06-26 04:50:59.471 9 INFO neutron.wsgi [None req-8acc8caf-125c-40d9-9167-dc88cda55921 ded23f2cdb7e4c9295800275f6291be6 4e78bc56101241b69e3b16de49ca9730 - - default default] 10.0.0.135 "GET /v2.0/extensions/qos HTTP/1.1" status: 200 len: 365 time: 0.0118699
2026-06-26 04:50:59.485 9 INFO neutron.wsgi [None req-0cdec996-43d3-43c2-bdb2-f05efdfa4376 ded23f2cdb7e4c9295800275f6291be6 4e78bc56101241b69e3b16de49ca9730 - - default default] 10.0.0.135 "GET /v2.0/extensions/allowed-address-pairs HTTP/1.1" status: 200 len: 383 time: 0.0079186
2026-06-26 04:50:59.563 9 INFO neutron.wsgi [None req-63b080c3-84db-4a2a-b4bb-5e116402b525 ded23f2cdb7e4c9295800275f6291be6 4e78bc56101241b69e3b16de49ca9730 - - default default] 10.0.0.135 "GET /v2.0/networks/9ee69e84-51ca-4ed0-8a96-1ea50fba4c2e HTTP/1.1" status: 200 len: 1001 time: 0.0712292
2026-06-26 04:50:59.572 9 INFO neutron.wsgi [None req-ffc68394-7f2f-4330-a2e7-752b15d8b550 ded23f2cdb7e4c9295800275f6291be6 4e78bc56101241b69e3b16de49ca9730 - - default default] 10.0.0.135 "GET /v2.0/extensions/project-id HTTP/1.1" status: 200 len: 403 time: 0.0042899
2026-06-26 04:50:59.979 9 WARNING neutron.scheduler.dhcp_agent_scheduler [None req-4ccb66e7-3dbe-452c-b324-17609d16ddea ded23f2cdb7e4c9295800275f6291be6 4e78bc56101241b69e3b16de49ca9730 - - default default] No more DHCP agents
2026-06-26 04:50:59.982 9 WARNING neutron.api.rpc.agentnotifiers.dhcp_rpc_agent_api [None req-4ccb66e7-3dbe-452c-b324-17609d16ddea ded23f2cdb7e4c9295800275f6291be6 4e78bc56101241b69e3b16de49ca9730 - - default default] Unable to schedule network 9ee69e84-51ca-4ed0-8a96-1ea50fba4c2e: no agents available; will retry on subsequent port and subnet creation events.
2026-06-26 04:51:00.183 9 INFO neutron.db.ovn_revision_numbers_db [None req-4ccb66e7-3dbe-452c-b324-17609d16ddea ded23f2cdb7e4c9295800275f6291be6 4e78bc56101241b69e3b16de49ca9730 - - default default] Successfully bumped revision number for resource 0387e510-3038-4512-a67d-6852d06d20d8 (type: ports) to 1
2026-06-26 04:51:00.214 9 INFO neutron.wsgi [None req-4ccb66e7-3dbe-452c-b324-17609d16ddea ded23f2cdb7e4c9295800275f6291be6 4e78bc56101241b69e3b16de49ca9730 - - default default] 10.0.0.135 "POST /v2.0/ports HTTP/1.1" status: 201 len: 1333 time: 0.6327214
2026-06-26 04:51:00.240 10 INFO neutron.plugins.ml2.drivers.ovn.mech_driver.ovsdb.commands [None req-dd16392c-1752-4d40-9e24-68da8e7cec8a - - - - - -] Schedule LRP lrp-d1d1297c-caf7-46b2-bbb2-b49223721747 on gateway 05477b0a-9e25-4eaa-a8cb-31f94a219ebb with priority 1
2026-06-26 04:51:00.258 10 INFO neutron.plugins.ml2.drivers.ovn.mech_driver.mech_driver [None req-66cb4c9e-aaa6-4c34-bd14-dfa9c62eb8eb - - - - - -] OVN reports status up for port: d1d1297c-caf7-46b2-bbb2-b49223721747
2026-06-26 04:51:00.286 10 INFO neutron.plugins.ml2.plugin [None req-66cb4c9e-aaa6-4c34-bd14-dfa9c62eb8eb - - - - - -] Attempt 1 to provision port d1d1297c-caf7-46b2-bbb2-b49223721747
2026-06-26 04:51:00.327 10 INFO neutron.db.ovn_revision_numbers_db [None req-eac7db44-fdca-4bf9-9d4f-1595e5be903a 9d09bb75b17a40f698b8ce9924ea28f9 1d2f17dd68f74d92a4686a60f490467a - - default default] Successfully bumped revision number for resource d1d1297c-caf7-46b2-bbb2-b49223721747 (type: router_ports) to 1
2026-06-26 04:51:00.789 10 INFO neutron.db.ovn_revision_numbers_db [None req-eac7db44-fdca-4bf9-9d4f-1595e5be903a 9d09bb75b17a40f698b8ce9924ea28f9 1d2f17dd68f74d92a4686a60f490467a - - default default] Successfully bumped revision number for resource 5131c45c-f01d-4be4-82a3-b4e60563258e (type: routers) to 2
2026-06-26 04:51:00.812 10 INFO neutron.wsgi [None req-eac7db44-fdca-4bf9-9d4f-1595e5be903a 9d09bb75b17a40f698b8ce9924ea28f9 1d2f17dd68f74d92a4686a60f490467a - - default default] 10.0.0.33 "POST /v2.0/routers HTTP/1.1" status: 201 len: 1134 time: 2.2525711
2026-06-26 04:51:00.861 10 INFO neutron.db.ovn_revision_numbers_db [None req-bd96e397-58ee-442a-91ff-31d5f94a2ae9 ded23f2cdb7e4c9295800275f6291be6 4e78bc56101241b69e3b16de49ca9730 - - default default] Successfully bumped revision number for resource 8e7ec89e-5dca-4337-bfe4-c300be5e2518 (type: security_groups) to 1
2026-06-26 04:51:00.904 10 INFO neutron.db.ovn_revision_numbers_db [None req-bd96e397-58ee-442a-91ff-31d5f94a2ae9 ded23f2cdb7e4c9295800275f6291be6 4e78bc56101241b69e3b16de49ca9730 - - default default] Successfully bumped revision number for resource 27ae739e-5163-445a-a806-684cc90323ab (type: security_group_rules) to 0
2026-06-26 04:51:00.936 10 INFO neutron.db.ovn_revision_numbers_db [None req-bd96e397-58ee-442a-91ff-31d5f94a2ae9 ded23f2cdb7e4c9295800275f6291be6 4e78bc56101241b69e3b16de49ca9730 - - default default] Successfully bumped revision number for resource 2f0f51d5-1ea3-44c7-900d-b1885d0bdc1b (type: security_group_rules) to 0
2026-06-26 04:51:00.961 10 INFO neutron.db.ovn_revision_numbers_db [None req-bd96e397-58ee-442a-91ff-31d5f94a2ae9 ded23f2cdb7e4c9295800275f6291be6 4e78bc56101241b69e3b16de49ca9730 - - default default] Successfully bumped revision number for resource 38b73b26-b435-4668-93ad-c0c802062a9a (type: security_group_rules) to 0
2026-06-26 04:51:01.012 10 INFO neutron.db.ovn_revision_numbers_db [None req-bd96e397-58ee-442a-91ff-31d5f94a2ae9 ded23f2cdb7e4c9295800275f6291be6 4e78bc56101241b69e3b16de49ca9730 - - default default] Successfully bumped revision number for resource ff273423-e1b2-4a70-a359-e72c6dd38426 (type: security_group_rules) to 0
2026-06-26 04:51:01.064 10 INFO neutron.wsgi [None req-bd96e397-58ee-442a-91ff-31d5f94a2ae9 ded23f2cdb7e4c9295800275f6291be6 4e78bc56101241b69e3b16de49ca9730 - - default default] 10.0.0.33 "GET /v2.0/security-groups?tenant_id=7aaf4308cb6648359b31734610e65faa&name=default HTTP/1.1" status: 200 len: 3124 time: 0.9816284 /var/lib/openstack/lib/python3.10/site-packages/pycadf/identifier.py:71: UserWarning: Invalid uuid: neutron. To ensure interoperability, identifiers should be a valid uuid. warnings.warn(('Invalid uuid: %s. To ensure interoperability, '
2026-06-26 04:51:01.309 9 INFO neutron.wsgi [None req-9bfe0bf4-c95f-450a-8189-c62097b76ba9 ded23f2cdb7e4c9295800275f6291be6 4e78bc56101241b69e3b16de49ca9730 - - default default] 10.0.0.33 "DELETE /v2.0/security-groups/8e7ec89e-5dca-4337-bfe4-c300be5e2518 HTTP/1.1" status: 204 len: 168 time: 0.2374742
2026-06-26 04:51:01.581 10 INFO neutron.db.ovn_revision_numbers_db [None req-b7890005-f5a2-4d67-9101-9971eb55b22d ded23f2cdb7e4c9295800275f6291be6 4e78bc56101241b69e3b16de49ca9730 - - default default] Successfully bumped revision number for resource 2d07c8c0-7a79-4189-9522-82956c6e1101 (type: security_groups) to 1
2026-06-26 04:51:01.623 10 INFO neutron.db.ovn_revision_numbers_db [None req-b7890005-f5a2-4d67-9101-9971eb55b22d ded23f2cdb7e4c9295800275f6291be6 4e78bc56101241b69e3b16de49ca9730 - - default default] Successfully bumped revision number for resource 06c4d6cb-b6aa-402a-85e6-73a6609e6484 (type: security_group_rules) to 0
2026-06-26 04:51:01.657 10 INFO neutron.db.ovn_revision_numbers_db [None req-b7890005-f5a2-4d67-9101-9971eb55b22d ded23f2cdb7e4c9295800275f6291be6 4e78bc56101241b69e3b16de49ca9730 - - default default] Successfully bumped revision number for resource 308ed85a-1035-4bbf-a895-6217f35b1ab5 (type: security_group_rules) to 0
2026-06-26 04:51:01.692 10 INFO neutron.db.ovn_revision_numbers_db [None req-b7890005-f5a2-4d67-9101-9971eb55b22d ded23f2cdb7e4c9295800275f6291be6 4e78bc56101241b69e3b16de49ca9730 - - default default] Successfully bumped revision number for resource 8eb8e14f-46a3-435b-a45c-754667f4921a (type: security_group_rules) to 0
2026-06-26 04:51:01.707 10 INFO neutron.db.ovn_revision_numbers_db [None req-b7890005-f5a2-4d67-9101-9971eb55b22d ded23f2cdb7e4c9295800275f6291be6 4e78bc56101241b69e3b16de49ca9730 - - default default] Successfully bumped revision number for resource a9b750b5-415d-4e09-85af-b0b39cd2f18b (type: security_group_rules) to 0
