2026-06-26 04:50:10.502 9 INFO neutron.wsgi [None req-bbe6a50d-13bc-4310-9e34-a75c26328f14 5fb4fb56c38e43f3987192ceca8a1cf4 c80931f255034111be551a4139ab1746 - - default default] 10.0.0.33 "GET /v2.0/qos/policies?tags-any=blue HTTP/1.1" status: 200 len: 941 time: 0.5781765
2026-06-26 04:50:10.517 9 INFO neutron.wsgi [-] 10.0.0.99 "GET / HTTP/1.1" status: 200 len: 247 time: 0.0014482
2026-06-26 04:50:10.519 9 INFO neutron.wsgi [-] 10.0.0.99 "GET / HTTP/1.1" status: 200 len: 247 time: 0.0009844
2026-06-26 04:50:10.595 10 INFO neutron.wsgi [None req-7ed016f2-523a-4221-942d-9bac55168682 5fb4fb56c38e43f3987192ceca8a1cf4 c80931f255034111be551a4139ab1746 - - default default] 10.0.0.33 "GET /v2.0/qos/policies?tags-any=red%2Cblue HTTP/1.1" status: 200 len: 1296 time: 0.0857170
2026-06-26 04:50:10.661 10 INFO neutron.wsgi [None req-eda87a42-5f18-447c-96bc-e8be13c42bd7 5fb4fb56c38e43f3987192ceca8a1cf4 c80931f255034111be551a4139ab1746 - - default default] 10.0.0.33 "GET /v2.0/qos/policies?not-tags=red HTTP/1.1" status: 200 len: 913 time: 0.0550818
2026-06-26 04:50:10.746 10 INFO neutron.wsgi [None req-764de522-2a6b-429c-8f78-fdca2ffda1f0 5fb4fb56c38e43f3987192ceca8a1cf4 c80931f255034111be551a4139ab1746 - - default default] 10.0.0.33 "GET /v2.0/qos/policies?not-tags=red%2Cblue HTTP/1.1" status: 200 len: 1268 time: 0.0811045
2026-06-26 04:50:10.832 10 INFO neutron.wsgi [None req-8e10131a-9f9f-4c84-8d8d-eda2271eb2b8 5fb4fb56c38e43f3987192ceca8a1cf4 c80931f255034111be551a4139ab1746 - - default default] 10.0.0.33 "GET /v2.0/qos/policies?not-tags-any=blue HTTP/1.1" status: 200 len: 1268 time: 0.0809968
2026-06-26 04:50:10.890 10 INFO neutron.wsgi [None req-331747aa-fa7e-4490-b884-584f5a5fc12a 5fb4fb56c38e43f3987192ceca8a1cf4 c80931f255034111be551a4139ab1746 - - default default] 10.0.0.33 "GET /v2.0/qos/policies?not-tags-any=red%2Cblue HTTP/1.1" status: 200 len: 913 time: 0.0522702
2026-06-26 04:50:10.960 10 INFO neutron.wsgi [None req-5666d147-2bf3-436a-b30e-5189ac453ca9 2fb1edd58e4c42d3af26e01d3719bab8 d5d6419007134117aee222a21ee0fde1 - - default default] 10.0.0.33 "DELETE /v2.0/qos/policies/07a79c2b-9732-4296-b667-26aa20b8a467 HTTP/1.1" status: 204 len: 168 time: 0.0646522
2026-06-26 04:50:11.040 10 INFO neutron.wsgi [None req-def0ec63-0f60-4328-ac6c-ea0b16ce95f8 2fb1edd58e4c42d3af26e01d3719bab8 d5d6419007134117aee222a21ee0fde1 - - default default] 10.0.0.33 "DELETE /v2.0/qos/policies/69c0e377-744d-496c-8fe7-c4c8dc60170b HTTP/1.1" status: 204 len: 168 time: 0.0641406
2026-06-26 04:50:11.108 10 INFO neutron.wsgi [None req-68531fe5-5c34-4f65-8cd0-665122a5c97b 2fb1edd58e4c42d3af26e01d3719bab8 d5d6419007134117aee222a21ee0fde1 - - default default] 10.0.0.33 "DELETE /v2.0/qos/policies/b91b365c-7e7e-45ef-b101-663e0b87d686 HTTP/1.1" status: 204 len: 168 time: 0.0617344
2026-06-26 04:50:11.175 10 INFO neutron.wsgi [None req-219fdc88-9a93-4e34-bc3c-01a791602f46 2fb1edd58e4c42d3af26e01d3719bab8 d5d6419007134117aee222a21ee0fde1 - - default default] 10.0.0.33 "DELETE /v2.0/qos/policies/7b8c2b59-e557-4cf6-9dd3-d0a3c435ca4f HTTP/1.1" status: 204 len: 168 time: 0.0621912
2026-06-26 04:50:11.220 9 WARNING neutron.scheduler.dhcp_agent_scheduler [None req-90403a79-d31b-4ec8-bfec-cb915f707c32 c65c6db004524355afa49587b61afa21 e9740e15ea61427994ff150f2bedf09d - - default default] No more DHCP agents
2026-06-26 04:50:11.221 9 WARNING neutron.api.rpc.agentnotifiers.dhcp_rpc_agent_api [None req-90403a79-d31b-4ec8-bfec-cb915f707c32 c65c6db004524355afa49587b61afa21 e9740e15ea61427994ff150f2bedf09d - - default default] Unable to schedule network 53b3d3be-af0a-4636-a83d-e89089020fd5: no agents available; will retry on subsequent port and subnet creation events.
2026-06-26 04:50:11.229 9 INFO neutron.db.ovn_revision_numbers_db [None req-9bff111f-9d5d-4006-ab7a-7deeb4049bf7 - - - - - -] Successfully bumped revision number for resource 2091571f-8024-41ec-8a14-36eed3c8c5ec (type: ports) to 2
2026-06-26 04:50:11.232 10 INFO neutron.wsgi [None req-b8945d4d-25f9-47ea-a2fa-c5886fc46f25 2fb1edd58e4c42d3af26e01d3719bab8 d5d6419007134117aee222a21ee0fde1 - - default default] 10.0.0.33 "DELETE /v2.0/qos/policies/a4ef6727-e4fa-46ab-8208-fab77e0af498 HTTP/1.1" status: 204 len: 168 time: 0.0514781
2026-06-26 04:50:11.438 9 INFO neutron.db.ovn_revision_numbers_db [None req-9bff111f-9d5d-4006-ab7a-7deeb4049bf7 - - - - - -] Successfully bumped revision number for resource 2091571f-8024-41ec-8a14-36eed3c8c5ec (type: router_ports) to 2
2026-06-26 04:50:11.509 9 INFO neutron.db.ovn_revision_numbers_db [None req-90403a79-d31b-4ec8-bfec-cb915f707c32 c65c6db004524355afa49587b61afa21 e9740e15ea61427994ff150f2bedf09d - - default default] Successfully bumped revision number for resource 4bf90a92-1251-4dfc-a585-6c5d67a1a568 (type: ports) to 1
2026-06-26 04:50:12.233 9 ERROR ovsdbapp.backend.ovs_idl.command [None req-90403a79-d31b-4ec8-bfec-cb915f707c32 c65c6db004524355afa49587b61afa21 e9740e15ea61427994ff150f2bedf09d - - default default] Error executing command (DbGetCommand): ovsdbapp.backend.ovs_idl.idlutils.RowNotFound: Cannot find Logical_Router_Port with name=lrp-4bf90a92-1251-4dfc-a585-6c5d67a1a568
2026-06-26 04:50:12.233 9 ERROR ovsdbapp.backend.ovs_idl.command
Traceback (most recent call last):
2026-06-26 04:50:12.233 9 ERROR ovsdbapp.backend.ovs_idl.command
File "/var/lib/openstack/lib/python3.10/site-packages/ovsdbapp/backend/ovs_idl/command.py", line 47, in execute
2026-06-26 04:50:12.233 9 ERROR ovsdbapp.backend.ovs_idl.command self.run_idl(None)
2026-06-26 04:50:12.233 9 ERROR ovsdbapp.backend.ovs_idl.command
File "/var/lib/openstack/lib/python3.10/site-packages/ovsdbapp/backend/ovs_idl/command.py", line 235, in run_idl
2026-06-26 04:50:12.233 9 ERROR ovsdbapp.backend.ovs_idl.command record = self.api.lookup(self.table, self.record)
2026-06-26 04:50:12.233 9 ERROR ovsdbapp.backend.ovs_idl.command
File "/var/lib/openstack/lib/python3.10/site-packages/ovsdbapp/backend/ovs_idl/__init__.py", line 184, in lookup
2026-06-26 04:50:12.233 9 ERROR ovsdbapp.backend.ovs_idl.command return self._lookup(table, record)
2026-06-26 04:50:12.233 9 ERROR ovsdbapp.backend.ovs_idl.command
File "/var/lib/openstack/lib/python3.10/site-packages/ovsdbapp/backend/ovs_idl/__init__.py", line 235, in _lookup
2026-06-26 04:50:12.233 9 ERROR ovsdbapp.backend.ovs_idl.command row = idlutils.row_by_value(self, rl.table, rl.column, record)
2026-06-26 04:50:12.233 9 ERROR ovsdbapp.backend.ovs_idl.command
File "/var/lib/openstack/lib/python3.10/site-packages/ovsdbapp/backend/ovs_idl/idlutils.py", line 114, in row_by_value
2026-06-26 04:50:12.233 9 ERROR ovsdbapp.backend.ovs_idl.command raise RowNotFound(table=table, col=column, match=match)
2026-06-26 04:50:12.233 9 ERROR ovsdbapp.backend.ovs_idl.command ovsdbapp.backend.ovs_idl.idlutils.RowNotFound: Cannot find Logical_Router_Port with name=lrp-4bf90a92-1251-4dfc-a585-6c5d67a1a568
2026-06-26 04:50:12.233 9 ERROR ovsdbapp.backend.ovs_idl.command 
2026-06-26 04:50:12.234 9 ERROR neutron_lib.callbacks.manager [None req-90403a79-d31b-4ec8-bfec-cb915f707c32 c65c6db004524355afa49587b61afa21 e9740e15ea61427994ff150f2bedf09d - - default default] Error during notification for neutron.services.ovn_l3.plugin.OVNL3RouterPlugin._port_update-8768350965469 port, after_update: ovsdbapp.backend.ovs_idl.idlutils.RowNotFound: Cannot find Logical_Router_Port with name=lrp-4bf90a92-1251-4dfc-a585-6c5d67a1a568
2026-06-26 04:50:12.234 9 ERROR neutron_lib.callbacks.manager
Traceback (most recent call last):
2026-06-26 04:50:12.234 9 ERROR neutron_lib.callbacks.manager
File "/var/lib/openstack/lib/python3.10/site-packages/neutron_lib/callbacks/manager.py", line 189, in _notify_loop
2026-06-26 04:50:12.234 9 ERROR neutron_lib.callbacks.manager callback.method(resource, event, trigger, payload=payload)
2026-06-26 04:50:12.234 9 ERROR neutron_lib.callbacks.manager
File "/var/lib/openstack/lib/python3.10/site-packages/neutron/services/ovn_l3/plugin.py", line 391, in _port_update
2026-06-26 04:50:12.234 9 ERROR neutron_lib.callbacks.manager l3plugin._ovn_client.update_router_port(context,
2026-06-26 04:50:12.234 9 ERROR neutron_lib.callbacks.manager
File "/var/lib/openstack/lib/python3.10/site-packages/neutron/plugins/ml2/drivers/ovn/mech_driver/ovsdb/ovn_client.py", line 1878, in update_router_port
2026-06-26 04:50:12.234 9 ERROR neutron_lib.callbacks.manager self._update_lrouter_port(context, port, if_exists=if_exists,
2026-06-26 04:50:12.234 9 ERROR neutron_lib.callbacks.manager
File "/var/lib/openstack/lib/python3.10/site-packages/neutron/plugins/ml2/drivers/ovn/mech_driver/ovsdb/ovn_client.py", line 1855, in _update_lrouter_port
2026-06-26 04:50:12.234 9 ERROR neutron_lib.callbacks.manager external_ids = self._nb_idl.db_get(
2026-06-26 04:50:12.234 9 ERROR neutron_lib.callbacks.manager
File "/var/lib/openstack/lib/python3.10/site-packages/ovsdbapp/backend/ovs_idl/command.py", line 47, in execute
2026-06-26 04:50:12.234 9 ERROR neutron_lib.callbacks.manager self.run_idl(None)
2026-06-26 04:50:12.234 9 ERROR neutron_lib.callbacks.manager
File "/var/lib/openstack/lib/python3.10/site-packages/ovsdbapp/backend/ovs_idl/command.py", line 235, in run_idl
2026-06-26 04:50:12.234 9 ERROR neutron_lib.callbacks.manager record = self.api.lookup(self.table, self.record)
2026-06-26 04:50:12.234 9 ERROR neutron_lib.callbacks.manager
File "/var/lib/openstack/lib/python3.10/site-packages/ovsdbapp/backend/ovs_idl/__init__.py", line 184, in lookup
2026-06-26 04:50:12.234 9 ERROR neutron_lib.callbacks.manager return self._lookup(table, record)
2026-06-26 04:50:12.234 9 ERROR neutron_lib.callbacks.manager
File "/var/lib/openstack/lib/python3.10/site-packages/ovsdbapp/backend/ovs_idl/__init__.py", line 235, in _lookup
2026-06-26 04:50:12.234 9 ERROR neutron_lib.callbacks.manager row = idlutils.row_by_value(self, rl.table, rl.column, record)
2026-06-26 04:50:12.234 9 ERROR neutron_lib.callbacks.manager
File "/var/lib/openstack/lib/python3.10/site-packages/ovsdbapp/backend/ovs_idl/idlutils.py", line 114, in row_by_value
2026-06-26 04:50:12.234 9 ERROR neutron_lib.callbacks.manager raise RowNotFound(table=table, col=column, match=match)
2026-06-26 04:50:12.234 9 ERROR neutron_lib.callbacks.manager ovsdbapp.backend.ovs_idl.idlutils.RowNotFound: Cannot find Logical_Router_Port with name=lrp-4bf90a92-1251-4dfc-a585-6c5d67a1a568
2026-06-26 04:50:12.234 9 ERROR neutron_lib.callbacks.manager 
2026-06-26 04:50:12.306 10 INFO neutron.db.ovn_revision_numbers_db [None req-ee283a13-2be9-43e1-a88b-a44dfbc4c468 ded23f2cdb7e4c9295800275f6291be6 4e78bc56101241b69e3b16de49ca9730 - - default default] Successfully bumped revision number for resource 1541a187-d5c8-442c-8cbc-70106c46d2c8 (type: security_groups) to 1
2026-06-26 04:50:12.327 10 INFO neutron.db.ovn_revision_numbers_db [None req-ee283a13-2be9-43e1-a88b-a44dfbc4c468 ded23f2cdb7e4c9295800275f6291be6 4e78bc56101241b69e3b16de49ca9730 - - default default] Successfully bumped revision number for resource 184d5a33-7848-4c9c-8d19-34f757170c59 (type: security_group_rules) to 0
2026-06-26 04:50:12.346 10 INFO neutron.db.ovn_revision_numbers_db [None req-ee283a13-2be9-43e1-a88b-a44dfbc4c468 ded23f2cdb7e4c9295800275f6291be6 4e78bc56101241b69e3b16de49ca9730 - - default default] Successfully bumped revision number for resource 211b4713-d519-40c0-9a92-3a7f7e022052 (type: security_group_rules) to 0
2026-06-26 04:50:12.361 10 INFO neutron.db.ovn_revision_numbers_db [None req-ee283a13-2be9-43e1-a88b-a44dfbc4c468 ded23f2cdb7e4c9295800275f6291be6 4e78bc56101241b69e3b16de49ca9730 - - default default] Successfully bumped revision number for resource d780a759-bc61-42cf-af83-6548f69ed0c1 (type: security_group_rules) to 0
2026-06-26 04:50:12.376 10 INFO neutron.db.ovn_revision_numbers_db [None req-ee283a13-2be9-43e1-a88b-a44dfbc4c468 ded23f2cdb7e4c9295800275f6291be6 4e78bc56101241b69e3b16de49ca9730 - - default default] Successfully bumped revision number for resource dcd07fde-6e15-48d3-a559-5c62ba61518d (type: security_group_rules) to 0
2026-06-26 04:50:12.398 10 INFO neutron.wsgi [None req-ee283a13-2be9-43e1-a88b-a44dfbc4c468 ded23f2cdb7e4c9295800275f6291be6 4e78bc56101241b69e3b16de49ca9730 - - default default] 10.0.0.33 "GET /v2.0/security-groups?tenant_id=c80931f255034111be551a4139ab1746&name=default HTTP/1.1" status: 200 len: 3120 time: 0.2539179
2026-06-26 04:50:12.554 10 INFO neutron.wsgi [req-b30a0d9d-327b-4785-a369-4dac099c4aa1 req-90824d63-6b5f-4e02-ba88-6adc8247593b 2047ee2ac40246c8999cc5d0c321baf3 6a3ebc89a7834f51af0baf2525307d97 - - 857fa6daf8bd4b9082a0ee3bd252bcf1 857fa6daf8bd4b9082a0ee3bd252bcf1] 10.0.0.249 "GET /v2.0/ports?device_id=45acd186-358a-490c-82d8-18729bfa2e0b HTTP/1.1" status: 200 len: 1409 time: 0.1224461
2026-06-26 04:50:12.613 10 INFO neutron.wsgi [req-b30a0d9d-327b-4785-a369-4dac099c4aa1 req-15ef317c-6277-43f4-a054-13e4afd43837 2047ee2ac40246c8999cc5d0c321baf3 6a3ebc89a7834f51af0baf2525307d97 - - 857fa6daf8bd4b9082a0ee3bd252bcf1 857fa6daf8bd4b9082a0ee3bd252bcf1] 10.0.0.249 "GET /v2.0/security-groups?id=4ce45e94-4a76-4d0c-8532-030386d30f84&fields=id&fields=name HTTP/1.1" status: 200 len: 313 time: 0.0520091
2026-06-26 04:50:12.672 10 INFO neutron.wsgi [None req-f8bcd70e-e45d-4732-8f98-3fe331e17e41 ded23f2cdb7e4c9295800275f6291be6 4e78bc56101241b69e3b16de49ca9730 - - default default] 10.0.0.33 "DELETE /v2.0/security-groups/1541a187-d5c8-442c-8cbc-70106c46d2c8 HTTP/1.1" status: 204 len: 168 time: 0.2676501
2026-06-26 04:50:12.851 9 INFO neutron.db.ovn_revision_numbers_db [None req-90403a79-d31b-4ec8-bfec-cb915f707c32 c65c6db004524355afa49587b61afa21 e9740e15ea61427994ff150f2bedf09d - - default default] Successfully bumped revision number for resource 4bf90a92-1251-4dfc-a585-6c5d67a1a568 (type: ports) to 1
2026-06-26 04:50:12.938 9 WARNING neutron.scheduler.dhcp_agent_scheduler [None req-90403a79-d31b-4ec8-bfec-cb915f707c32 c65c6db004524355afa49587b61afa21 e9740e15ea61427994ff150f2bedf09d - - default default] No more DHCP agents
2026-06-26 04:50:12.940 9 WARNING neutron.api.rpc.agentnotifiers.dhcp_rpc_agent_api [None req-90403a79-d31b-4ec8-bfec-cb915f707c32 c65c6db004524355afa49587b61afa21 e9740e15ea61427994ff150f2bedf09d - - default default] Unable to schedule network 53b3d3be-af0a-4636-a83d-e89089020fd5: no agents available; will retry on subsequent port and subnet creation events.
2026-06-26 04:50:13.001 9 INFO neutron.db.ovn_revision_numbers_db [None req-d0345c4d-bf48-48e3-a30c-9c0ece072711 ded23f2cdb7e4c9295800275f6291be6 4e78bc56101241b69e3b16de49ca9730 - - default default] Successfully bumped revision number for resource 21159421-f409-4c96-b4e8-7868c737c675 (type: security_groups) to 1
2026-06-26 04:50:13.017 9 INFO neutron.db.ovn_revision_numbers_db [None req-d0345c4d-bf48-48e3-a30c-9c0ece072711 ded23f2cdb7e4c9295800275f6291be6 4e78bc56101241b69e3b16de49ca9730 - - default default] Successfully bumped revision number for resource 2868acbe-fcf2-48e4-8a3a-afdb0a76fe73 (type: security_group_rules) to 0
2026-06-26 04:50:13.043 9 INFO neutron.db.ovn_revision_numbers_db [None req-d0345c4d-bf48-48e3-a30c-9c0ece072711 ded23f2cdb7e4c9295800275f6291be6 4e78bc56101241b69e3b16de49ca9730 - - default default] Successfully bumped revision number for resource 639354cf-90d4-43e9-a04f-cecbc2b0b42e (type: security_group_rules) to 0
2026-06-26 04:50:13.072 9 INFO neutron.db.ovn_revision_numbers_db [None req-d0345c4d-bf48-48e3-a30c-9c0ece072711 ded23f2cdb7e4c9295800275f6291be6 4e78bc56101241b69e3b16de49ca9730 - - default default] Successfully bumped revision number for resource 6db9e1eb-56ac-4b52-a11a-257e8128a61a (type: security_group_rules) to 0
2026-06-26 04:50:13.090 9 INFO neutron.db.ovn_revision_numbers_db [None req-d0345c4d-bf48-48e3-a30c-9c0ece072711 ded23f2cdb7e4c9295800275f6291be6 4e78bc56101241b69e3b16de49ca9730 - - default default] Successfully bumped revision number for resource cf74acbe-30da-4be6-9a4c-4cc5a76bd863 (type: security_group_rules) to 0
2026-06-26 04:50:13.121 9 INFO neutron.wsgi [None req-d0345c4d-bf48-48e3-a30c-9c0ece072711 ded23f2cdb7e4c9295800275f6291be6 4e78bc56101241b69e3b16de49ca9730 - - default default] 10.0.0.33 "GET /v2.0/security-groups?tenant_id=d5d6419007134117aee222a21ee0fde1&name=default HTTP/1.1" status: 200 len: 3120 time: 0.3151319
2026-06-26 04:50:13.308 9 INFO neutron.db.ovn_revision_numbers_db [None req-90403a79-d31b-4ec8-bfec-cb915f707c32 c65c6db004524355afa49587b61afa21 e9740e15ea61427994ff150f2bedf09d - - default default] Successfully bumped revision number for resource 4bf90a92-1251-4dfc-a585-6c5d67a1a568 (type: router_ports) to 1
2026-06-26 04:50:13.315 9 INFO neutron.wsgi [None req-90403a79-d31b-4ec8-bfec-cb915f707c32 c65c6db004524355afa49587b61afa21 e9740e15ea61427994ff150f2bedf09d - - default default] 10.0.0.33 "PUT /v2.0/routers/efe17c3b-79b4-416f-8979-5a2a8419823d/add_router_interface HTTP/1.1" status: 200 len: 503 time: 3.4813502
2026-06-26 04:50:13.331 10 INFO neutron.wsgi [None req-2bce0560-a47f-4767-8aad-14d33fa16554 ded23f2cdb7e4c9295800275f6291be6 4e78bc56101241b69e3b16de49ca9730 - - default default] 10.0.0.33 "DELETE /v2.0/security-groups/21159421-f409-4c96-b4e8-7868c737c675 HTTP/1.1" status: 204 len: 168 time: 0.2027850
2026-06-26 04:50:13.455 9 INFO neutron.wsgi [None req-7a4c59e7-6ae7-4d8d-a138-7dc8ced0d9b4 3678461154ce43e4a2124d232a9d2cbb beef16d0fed14f65a102f41343427f34 - - default default] 10.0.0.33 "GET /v2.0/ports?project_id=2c8f0e7aac6945c4b68fc4e5edca7e64&network_id=d1d81a34-1d65-40b3-9c05-c9472937587e HTTP/1.1" status: 200 len: 3510 time: 0.0700436
2026-06-26 04:50:13.643 10 INFO neutron.db.ovn_revision_numbers_db [None req-069bfa9c-e957-457f-b922-ebeed88e159d ded23f2cdb7e4c9295800275f6291be6 4e78bc56101241b69e3b16de49ca9730 - - default default] Successfully bumped revision number for resource 6bad1883-8bd2-4fc7-aa02-36c29ce01f58 (type: security_groups) to 1
2026-06-26 04:50:13.657 10 INFO neutron.db.ovn_revision_numbers_db [None req-069bfa9c-e957-457f-b922-ebeed88e159d ded23f2cdb7e4c9295800275f6291be6 4e78bc56101241b69e3b16de49ca9730 - - default default] Successfully bumped revision number for resource 011afcad-701d-4335-a6f8-f08ad40d3596 (type: security_group_rules) to 0
2026-06-26 04:50:13.675 10 INFO neutron.db.ovn_revision_numbers_db [None req-069bfa9c-e957-457f-b922-ebeed88e159d ded23f2cdb7e4c9295800275f6291be6 4e78bc56101241b69e3b16de49ca9730 - - default default] Successfully bumped revision number for resource 28123e66-5095-46b3-80e4-f69560fdcbae (type: security_group_rules) to 0
2026-06-26 04:50:13.696 10 INFO neutron.db.ovn_revision_numbers_db [None req-069bfa9c-e957-457f-b922-ebeed88e159d ded23f2cdb7e4c9295800275f6291be6 4e78bc56101241b69e3b16de49ca9730 - - default default] Successfully bumped revision number for resource a0ef2e37-bf98-4888-95dd-0fc2b567d839 (type: security_group_rules) to 0
2026-06-26 04:50:13.712 10 INFO neutron.db.ovn_revision_numbers_db [None req-069bfa9c-e957-457f-b922-ebeed88e159d ded23f2cdb7e4c9295800275f6291be6 4e78bc56101241b69e3b16de49ca9730 - - default default] Successfully bumped revision number for resource bce0fe11-3cc3-432e-9425-48e5632b7733 (type: security_group_rules) to 0
2026-06-26 04:50:13.728 9 INFO neutron.wsgi [None req-533fb489-b658-4b48-8a07-f9189f18776a 3678461154ce43e4a2124d232a9d2cbb beef16d0fed14f65a102f41343427f34 - - default default] 10.0.0.33 "GET /v2.0/subnets?network_id=5f01502e-e836-46d4-821d-b347dfec5b7a HTTP/1.1" status: 200 len: 838 time: 0.0427561
2026-06-26 04:50:13.738 10 INFO neutron.wsgi [None req-069bfa9c-e957-457f-b922-ebeed88e159d ded23f2cdb7e4c9295800275f6291be6 4e78bc56101241b69e3b16de49ca9730 - - default default] 10.0.0.33 "GET /v2.0/security-groups?tenant_id=847ce30d5ae54aa9829a219a73c01f76&name=default HTTP/1.1" status: 200 len: 3120 time: 0.2340841
2026-06-26 04:50:13.962 9 WARNING neutron.scheduler.dhcp_agent_scheduler [None req-1431509a-49cc-40e4-bc54-e52f423c9527 c65c6db004524355afa49587b61afa21 e9740e15ea61427994ff150f2bedf09d - - default default] No more DHCP agents
2026-06-26 04:50:13.966 9 WARNING neutron.api.rpc.agentnotifiers.dhcp_rpc_agent_api [None req-1431509a-49cc-40e4-bc54-e52f423c9527 c65c6db004524355afa49587b61afa21 e9740e15ea61427994ff150f2bedf09d - - default default] Unable to schedule network dbe741c9-83e3-48e1-8398-a685f5946eab: no agents available; will retry on subsequent port and subnet creation events.
2026-06-26 04:50:14.093 10 INFO neutron.wsgi [None req-86b475cd-00c1-43ca-b2e4-0e235be710c0 ded23f2cdb7e4c9295800275f6291be6 4e78bc56101241b69e3b16de49ca9730 - - default default] 10.0.0.33 "DELETE /v2.0/security-groups/6bad1883-8bd2-4fc7-aa02-36c29ce01f58 HTTP/1.1" status: 204 len: 168 time: 0.3492997
2026-06-26 04:50:14.127 10 INFO neutron.db.ovn_revision_numbers_db [None req-81f74e56-cbd1-4da3-bf01-28856bc8110c ec3c2696bef743109e185014ee79646f 2c8f0e7aac6945c4b68fc4e5edca7e64 - - default default] Successfully bumped revision number for resource f9b252ff-4585-419f-96d8-2869c9769566 (type: floatingips) to 2
2026-06-26 04:50:14.189 9 INFO neutron.db.ovn_revision_numbers_db [None req-1431509a-49cc-40e4-bc54-e52f423c9527 c65c6db004524355afa49587b61afa21 e9740e15ea61427994ff150f2bedf09d - - default default] Successfully bumped revision number for resource 7990443f-eb2b-4a58-921a-2fe147bf90af (type: ports) to 1
2026-06-26 04:50:14.205 10 INFO neutron.db.l3_db [None req-81f74e56-cbd1-4da3-bf01-28856bc8110c ec3c2696bef743109e185014ee79646f 2c8f0e7aac6945c4b68fc4e5edca7e64 - - default default] Floating IP f9b252ff-4585-419f-96d8-2869c9769566 disassociated. External IP: 10.96.250.214, port: f6833c22-1838-4bdd-9e1f-b6046e0ba204.
2026-06-26 04:50:14.234 10 INFO neutron.wsgi [None req-81f74e56-cbd1-4da3-bf01-28856bc8110c ec3c2696bef743109e185014ee79646f 2c8f0e7aac6945c4b68fc4e5edca7e64 - - default default] 10.0.0.33 "PUT /v2.0/floatingips/f9b252ff-4585-419f-96d8-2869c9769566 HTTP/1.1" status: 200 len: 748 time: 0.3695271
2026-06-26 04:50:14.275 10 INFO neutron.wsgi [None req-54bba19b-a4cc-4b74-8a59-cf6a1436e952 ec3c2696bef743109e185014ee79646f 2c8f0e7aac6945c4b68fc4e5edca7e64 - - default default] 10.0.0.33 "GET /v2.0/floatingips/f9b252ff-4585-419f-96d8-2869c9769566 HTTP/1.1" status: 200 len: 746 time: 0.0348454
2026-06-26 04:50:14.292 10 INFO neutron.notifiers.nova [-] Nova event matching ['req-8bd0d6aa-af96-46d1-8055-b3ade56fd836'] response: {'name': 'network-changed', 'server_uuid': '45acd186-358a-490c-82d8-18729bfa2e0b', 'tag': 'f6833c22-1838-4bdd-9e1f-b6046e0ba204', 'status': 'completed', 'code': 200}
2026-06-26 04:50:14.373 9 INFO neutron.wsgi [req-239f48b9-c440-4da1-8073-72d244352374 req-5d5353df-8da7-48c8-801c-92b63af97bbd 2047ee2ac40246c8999cc5d0c321baf3 6a3ebc89a7834f51af0baf2525307d97 - - 857fa6daf8bd4b9082a0ee3bd252bcf1 857fa6daf8bd4b9082a0ee3bd252bcf1] 199.204.45.156 "GET /v2.0/ports?tenant_id=2c8f0e7aac6945c4b68fc4e5edca7e64&device_id=45acd186-358a-490c-82d8-18729bfa2e0b HTTP/1.1" status: 200 len: 1409 time: 0.0566714
2026-06-26 04:50:14.477 9 INFO neutron.wsgi [req-239f48b9-c440-4da1-8073-72d244352374 req-ee17ae9e-4d52-40de-85f8-fc5760509a04 2047ee2ac40246c8999cc5d0c321baf3 6a3ebc89a7834f51af0baf2525307d97 - - 857fa6daf8bd4b9082a0ee3bd252bcf1 857fa6daf8bd4b9082a0ee3bd252bcf1] 199.204.45.156 "GET /v2.0/networks?id=d1d81a34-1d65-40b3-9c05-c9472937587e HTTP/1.1" status: 200 len: 958 time: 0.0896606
2026-06-26 04:50:14.515 9 INFO neutron.wsgi [req-239f48b9-c440-4da1-8073-72d244352374 req-a2a83ba9-159b-4938-8019-23d49fbb6096 2047ee2ac40246c8999cc5d0c321baf3 6a3ebc89a7834f51af0baf2525307d97 - - 857fa6daf8bd4b9082a0ee3bd252bcf1 857fa6daf8bd4b9082a0ee3bd252bcf1] 199.204.45.156 "GET /v2.0/floatingips?fixed_ip_address=10.100.0.6&port_id=f6833c22-1838-4bdd-9e1f-b6046e0ba204 HTTP/1.1" status: 200 len: 217 time: 0.0235598
2026-06-26 04:50:14.564 9 INFO neutron.wsgi [req-239f48b9-c440-4da1-8073-72d244352374 req-5c3b6abe-3774-4056-9e83-26c58cdef484 2047ee2ac40246c8999cc5d0c321baf3 6a3ebc89a7834f51af0baf2525307d97 - - 857fa6daf8bd4b9082a0ee3bd252bcf1 857fa6daf8bd4b9082a0ee3bd252bcf1] 199.204.45.156 "GET /v2.0/subnets?id=32298f71-d2bd-4d0d-a026-e745a686f731 HTTP/1.1" status: 200 len: 853 time: 0.0418794
2026-06-26 04:50:14.598 9 INFO neutron.wsgi [req-239f48b9-c440-4da1-8073-72d244352374 req-2370eba3-1d8e-4d83-9d0a-d8ef8b98593b 2047ee2ac40246c8999cc5d0c321baf3 6a3ebc89a7834f51af0baf2525307d97 - - 857fa6daf8bd4b9082a0ee3bd252bcf1 857fa6daf8bd4b9082a0ee3bd252bcf1] 199.204.45.156 "GET /v2.0/ports?network_id=d1d81a34-1d65-40b3-9c05-c9472937587e&device_owner=network%3Adhcp HTTP/1.1" status: 200 len: 210 time: 0.0266991
2026-06-26 04:50:14.686 9 INFO neutron.wsgi [req-239f48b9-c440-4da1-8073-72d244352374 req-710f9f33-8618-467f-b410-b86bef069bf7 2047ee2ac40246c8999cc5d0c321baf3 6a3ebc89a7834f51af0baf2525307d97 - - 857fa6daf8bd4b9082a0ee3bd252bcf1 857fa6daf8bd4b9082a0ee3bd252bcf1] 199.204.45.156 "GET /v2.0/networks/d1d81a34-1d65-40b3-9c05-c9472937587e?fields=segments HTTP/1.1" status: 200 len: 212 time: 0.0803027
2026-06-26 04:50:14.805 9 INFO neutron.wsgi [req-239f48b9-c440-4da1-8073-72d244352374 req-2dcf92d1-1441-4806-9e23-0991be49e5e0 2047ee2ac40246c8999cc5d0c321baf3 6a3ebc89a7834f51af0baf2525307d97 - - 857fa6daf8bd4b9082a0ee3bd252bcf1 857fa6daf8bd4b9082a0ee3bd252bcf1] 199.204.45.156 "GET /v2.0/networks/d1d81a34-1d65-40b3-9c05-c9472937587e?fields=provider%3Aphysical_network&fields=provider%3Anetwork_type HTTP/1.1" status: 200 len: 277 time: 0.1032417
2026-06-26 04:50:15.114 9 ERROR ovsdbapp.backend.ovs_idl.command [None req-1431509a-49cc-40e4-bc54-e52f423c9527 c65c6db004524355afa49587b61afa21 e9740e15ea61427994ff150f2bedf09d - - default default] Error executing command (DbGetCommand): ovsdbapp.backend.ovs_idl.idlutils.RowNotFound: Cannot find Logical_Router_Port with name=lrp-7990443f-eb2b-4a58-921a-2fe147bf90af
2026-06-26 04:50:15.114 9 ERROR ovsdbapp.backend.ovs_idl.command
Traceback (most recent call last):
2026-06-26 04:50:15.114 9 ERROR ovsdbapp.backend.ovs_idl.command
File "/var/lib/openstack/lib/python3.10/site-packages/ovsdbapp/backend/ovs_idl/command.py", line 47, in execute
2026-06-26 04:50:15.114 9 ERROR ovsdbapp.backend.ovs_idl.command self.run_idl(None)
2026-06-26 04:50:15.114 9 ERROR ovsdbapp.backend.ovs_idl.command
File "/var/lib/openstack/lib/python3.10/site-packages/ovsdbapp/backend/ovs_idl/command.py", line 235, in run_idl
2026-06-26 04:50:15.114 9 ERROR ovsdbapp.backend.ovs_idl.command record = self.api.lookup(self.table, self.record)
2026-06-26 04:50:15.114 9 ERROR ovsdbapp.backend.ovs_idl.command
File "/var/lib/openstack/lib/python3.10/site-packages/ovsdbapp/backend/ovs_idl/__init__.py", line 184, in lookup
2026-06-26 04:50:15.114 9 ERROR ovsdbapp.backend.ovs_idl.command return self._lookup(table, record)
2026-06-26 04:50:15.114 9 ERROR ovsdbapp.backend.ovs_idl.command
File "/var/lib/openstack/lib/python3.10/site-packages/ovsdbapp/backend/ovs_idl/__init__.py", line 235, in _lookup
2026-06-26 04:50:15.114 9 ERROR ovsdbapp.backend.ovs_idl.command row = idlutils.row_by_value(self, rl.table, rl.column, record)
2026-06-26 04:50:15.114 9 ERROR ovsdbapp.backend.ovs_idl.command
File "/var/lib/openstack/lib/python3.10/site-packages/ovsdbapp/backend/ovs_idl/idlutils.py", line 114, in row_by_value
2026-06-26 04:50:15.114 9 ERROR ovsdbapp.backend.ovs_idl.command raise RowNotFound(table=table, col=column, match=match)
2026-06-26 04:50:15.114 9 ERROR ovsdbapp.backend.ovs_idl.command ovsdbapp.backend.ovs_idl.idlutils.RowNotFound: Cannot find Logical_Router_Port with name=lrp-7990443f-eb2b-4a58-921a-2fe147bf90af
2026-06-26 04:50:15.114 9 ERROR ovsdbapp.backend.ovs_idl.command 
2026-06-26 04:50:15.115 9 ERROR neutron_lib.callbacks.manager [None req-1431509a-49cc-40e4-bc54-e52f423c9527 c65c6db004524355afa49587b61afa21 e9740e15ea61427994ff150f2bedf09d - - default default] Error during notification for neutron.services.ovn_l3.plugin.OVNL3RouterPlugin._port_update-8768350965469 port, after_update: ovsdbapp.backend.ovs_idl.idlutils.RowNotFound: Cannot find Logical_Router_Port with name=lrp-7990443f-eb2b-4a58-921a-2fe147bf90af
2026-06-26 04:50:15.115 9 ERROR neutron_lib.callbacks.manager
Traceback (most recent call last):
2026-06-26 04:50:15.115 9 ERROR neutron_lib.callbacks.manager
File "/var/lib/openstack/lib/python3.10/site-packages/neutron_lib/callbacks/manager.py", line 189, in _notify_loop
2026-06-26 04:50:15.115 9 ERROR neutron_lib.callbacks.manager callback.method(resource, event, trigger, payload=payload)
2026-06-26 04:50:15.115 9 ERROR neutron_lib.callbacks.manager
File "/var/lib/openstack/lib/python3.10/site-packages/neutron/services/ovn_l3/plugin.py", line 391, in _port_update
2026-06-26 04:50:15.115 9 ERROR neutron_lib.callbacks.manager l3plugin._ovn_client.update_router_port(context,
2026-06-26 04:50:15.115 9 ERROR neutron_lib.callbacks.manager
File "/var/lib/openstack/lib/python3.10/site-packages/neutron/plugins/ml2/drivers/ovn/mech_driver/ovsdb/ovn_client.py", line 1878, in update_router_port
2026-06-26 04:50:15.115 9 ERROR neutron_lib.callbacks.manager self._update_lrouter_port(context, port, if_exists=if_exists,
2026-06-26 04:50:15.115 9 ERROR neutron_lib.callbacks.manager
File "/var/lib/openstack/lib/python3.10/site-packages/neutron/plugins/ml2/drivers/ovn/mech_driver/ovsdb/ovn_client.py", line 1855, in _update_lrouter_port
2026-06-26 04:50:15.115 9 ERROR neutron_lib.callbacks.manager external_ids = self._nb_idl.db_get(
2026-06-26 04:50:15.115 9 ERROR neutron_lib.callbacks.manager
File "/var/lib/openstack/lib/python3.10/site-packages/ovsdbapp/backend/ovs_idl/command.py", line 47, in execute
2026-06-26 04:50:15.115 9 ERROR neutron_lib.callbacks.manager self.run_idl(None)
2026-06-26 04:50:15.115 9 ERROR neutron_lib.callbacks.manager
File "/var/lib/openstack/lib/python3.10/site-packages/ovsdbapp/backend/ovs_idl/command.py", line 235, in run_idl
2026-06-26 04:50:15.115 9 ERROR neutron_lib.callbacks.manager record = self.api.lookup(self.table, self.record)
2026-06-26 04:50:15.115 9 ERROR neutron_lib.callbacks.manager
File "/var/lib/openstack/lib/python3.10/site-packages/ovsdbapp/backend/ovs_idl/__init__.py", line 184, in lookup
2026-06-26 04:50:15.115 9 ERROR neutron_lib.callbacks.manager return self._lookup(table, record)
2026-06-26 04:50:15.115 9 ERROR neutron_lib.callbacks.manager
File "/var/lib/openstack/lib/python3.10/site-packages/ovsdbapp/backend/ovs_idl/__init__.py", line 235, in _lookup
2026-06-26 04:50:15.115 9 ERROR neutron_lib.callbacks.manager row = idlutils.row_by_value(self, rl.table, rl.column, record)
2026-06-26 04:50:15.115 9 ERROR neutron_lib.callbacks.manager
File "/var/lib/openstack/lib/python3.10/site-packages/ovsdbapp/backend/ovs_idl/idlutils.py", line 114, in row_by_value
2026-06-26 04:50:15.115 9 ERROR neutron_lib.callbacks.manager raise RowNotFound(table=table, col=column, match=match)
2026-06-26 04:50:15.115 9 ERROR neutron_lib.callbacks.manager ovsdbapp.backend.ovs_idl.idlutils.RowNotFound: Cannot find Logical_Router_Port with name=lrp-7990443f-eb2b-4a58-921a-2fe147bf90af
2026-06-26 04:50:15.115 9 ERROR neutron_lib.callbacks.manager 
2026-06-26 04:50:15.355 9 INFO neutron.db.ovn_revision_numbers_db [None req-1431509a-49cc-40e4-bc54-e52f423c9527 c65c6db004524355afa49587b61afa21 e9740e15ea61427994ff150f2bedf09d - - default default] Successfully bumped revision number for resource 7990443f-eb2b-4a58-921a-2fe147bf90af (type: ports) to 1
2026-06-26 04:50:15.361 10 WARNING neutron_lib.context [None req-8059d8ff-e75c-46dc-bde5-e52a4be0add4 ec3c2696bef743109e185014ee79646f 2c8f0e7aac6945c4b68fc4e5edca7e64 - - default default] Method 'is_advsvc' is deprecated since 2023.2 release (neutron-lib 3.8.0) and will be removed once support for the old RBAC API policies will be removed from Neutron. Please use method 'is_service_role' instead.
2026-06-26 04:50:15.408 9 WARNING neutron.scheduler.dhcp_agent_scheduler [None req-1431509a-49cc-40e4-bc54-e52f423c9527 c65c6db004524355afa49587b61afa21 e9740e15ea61427994ff150f2bedf09d - - default default] No more DHCP agents
2026-06-26 04:50:15.409 9 WARNING neutron.api.rpc.agentnotifiers.dhcp_rpc_agent_api [None req-1431509a-49cc-40e4-bc54-e52f423c9527 c65c6db004524355afa49587b61afa21 e9740e15ea61427994ff150f2bedf09d - - default default] Unable to schedule network dbe741c9-83e3-48e1-8398-a685f5946eab: no agents available; will retry on subsequent port and subnet creation events.
2026-06-26 04:50:15.545 10 INFO neutron.db.ovn_revision_numbers_db [None req-8059d8ff-e75c-46dc-bde5-e52a4be0add4 ec3c2696bef743109e185014ee79646f 2c8f0e7aac6945c4b68fc4e5edca7e64 - - default default] Successfully bumped revision number for resource 09405caf-13bd-4180-abac-1932b6fb2a44 (type: security_groups) to 1
2026-06-26 04:50:15.558 10 INFO neutron.db.ovn_revision_numbers_db [None req-8059d8ff-e75c-46dc-bde5-e52a4be0add4 ec3c2696bef743109e185014ee79646f 2c8f0e7aac6945c4b68fc4e5edca7e64 - - default default] Successfully bumped revision number for resource 149992a7-6554-4bdd-9964-6b4e485b2716 (type: security_group_rules) to 0
2026-06-26 04:50:15.585 10 INFO neutron.db.ovn_revision_numbers_db [None req-8059d8ff-e75c-46dc-bde5-e52a4be0add4 ec3c2696bef743109e185014ee79646f 2c8f0e7aac6945c4b68fc4e5edca7e64 - - default default] Successfully bumped revision number for resource 4a460c7e-45c7-4ccb-bfa3-f1af9b22e109 (type: security_group_rules) to 0
2026-06-26 04:50:15.613 10 INFO neutron.wsgi [None req-8059d8ff-e75c-46dc-bde5-e52a4be0add4 ec3c2696bef743109e185014ee79646f 2c8f0e7aac6945c4b68fc4e5edca7e64 - - default default] 10.0.0.33 "POST /v2.0/security-groups HTTP/1.1" status: 201 len: 1875 time: 0.2622092
2026-06-26 04:50:15.627 10 WARNING neutron_lib.context [None req-dbd912c5-247b-4b14-aedd-af786c9f1117 ec3c2696bef743109e185014ee79646f 2c8f0e7aac6945c4b68fc4e5edca7e64 - - default default] Method 'is_advsvc' is deprecated since 2023.2 release (neutron-lib 3.8.0) and will be removed once support for the old RBAC API policies will be removed from Neutron. Please use method 'is_service_role' instead.
2026-06-26 04:50:15.785 9 INFO neutron.db.ovn_revision_numbers_db [None req-1431509a-49cc-40e4-bc54-e52f423c9527 c65c6db004524355afa49587b61afa21 e9740e15ea61427994ff150f2bedf09d - - default default] Successfully bumped revision number for resource 7990443f-eb2b-4a58-921a-2fe147bf90af (type: router_ports) to 1
2026-06-26 04:50:15.792 9 INFO neutron.wsgi [None req-1431509a-49cc-40e4-bc54-e52f423c9527 c65c6db004524355afa49587b61afa21 e9740e15ea61427994ff150f2bedf09d - - default default] 10.0.0.33 "PUT /v2.0/routers/efe17c3b-79b4-416f-8979-5a2a8419823d/add_router_interface HTTP/1.1" status: 200 len: 503 time: 2.4713271
2026-06-26 04:50:15.794 10 INFO neutron.db.ovn_revision_numbers_db [None req-dbd912c5-247b-4b14-aedd-af786c9f1117 ec3c2696bef743109e185014ee79646f 2c8f0e7aac6945c4b68fc4e5edca7e64 - - default default] Successfully bumped revision number for resource d852904a-1c03-4fda-b91e-ea803e516f29 (type: security_group_rules) to 0
2026-06-26 04:50:15.829 10 INFO neutron.wsgi [None req-dbd912c5-247b-4b14-aedd-af786c9f1117 ec3c2696bef743109e185014ee79646f 2c8f0e7aac6945c4b68fc4e5edca7e64 - - default default] 10.0.0.33 "POST /v2.0/security-group-rules HTTP/1.1" status: 201 len: 796 time: 0.2078438
2026-06-26 04:50:15.842 10 WARNING neutron_lib.context [None req-59c3be04-999b-40ff-8c84-f11e9dde3034 ec3c2696bef743109e185014ee79646f 2c8f0e7aac6945c4b68fc4e5edca7e64 - - default default] Method 'is_advsvc' is deprecated since 2023.2 release (neutron-lib 3.8.0) and will be removed once support for the old RBAC API policies will be removed from Neutron. Please use method 'is_service_role' instead.
2026-06-26 04:50:15.862 10 WARNING neutron_lib.context [None req-a66226b1-6355-44ca-843f-d29918f053b9 c65c6db004524355afa49587b61afa21 e9740e15ea61427994ff150f2bedf09d - - default default] Method 'is_advsvc' is deprecated since 2023.2 release (neutron-lib 3.8.0) and will be removed once support for the old RBAC API policies will be removed from Neutron. Please use method 'is_service_role' instead.
2026-06-26 04:50:16.037 10 INFO neutron.db.ovn_revision_numbers_db [None req-a66226b1-6355-44ca-843f-d29918f053b9 c65c6db004524355afa49587b61afa21 e9740e15ea61427994ff150f2bedf09d - - default default] Successfully bumped revision number for resource a4d549e7-b130-4954-a918-00ad816ac4bb (type: security_groups) to 1
2026-06-26 04:50:16.045 10 INFO neutron.db.ovn_revision_numbers_db [None req-59c3be04-999b-40ff-8c84-f11e9dde3034 ec3c2696bef743109e185014ee79646f 2c8f0e7aac6945c4b68fc4e5edca7e64 - - default default] Successfully bumped revision number for resource c8441886-c053-47c2-a9d5-abe9292f4418 (type: security_group_rules) to 0
2026-06-26 04:50:16.052 10 INFO neutron.db.ovn_revision_numbers_db [None req-a66226b1-6355-44ca-843f-d29918f053b9 c65c6db004524355afa49587b61afa21 e9740e15ea61427994ff150f2bedf09d - - default default] Successfully bumped revision number for resource 073b419d-9e97-4ff5-ac09-adb88987a6c5 (type: security_group_rules) to 0
2026-06-26 04:50:16.077 10 INFO neutron.wsgi [None req-59c3be04-999b-40ff-8c84-f11e9dde3034 ec3c2696bef743109e185014ee79646f 2c8f0e7aac6945c4b68fc4e5edca7e64 - - default default] 10.0.0.33 "POST /v2.0/security-group-rules HTTP/1.1" status: 201 len: 795 time: 0.2423737
2026-06-26 04:50:16.078 10 INFO neutron.db.ovn_revision_numbers_db [None req-a66226b1-6355-44ca-843f-d29918f053b9 c65c6db004524355afa49587b61afa21 e9740e15ea61427994ff150f2bedf09d - - default default] Successfully bumped revision number for resource f5b2fe9e-31d3-4387-8f02-de6cb5308ccd (type: security_group_rules) to 0
2026-06-26 04:50:16.093 9 WARNING neutron_lib.context [None req-0a94b314-1d90-4753-a455-6b0c9ecb88a7 ec3c2696bef743109e185014ee79646f 2c8f0e7aac6945c4b68fc4e5edca7e64 - - default default] Method 'is_advsvc' is deprecated since 2023.2 release (neutron-lib 3.8.0) and will be removed once support for the old RBAC API policies will be removed from Neutron. Please use method 'is_service_role' instead.
2026-06-26 04:50:16.094 10 INFO neutron.wsgi [None req-a66226b1-6355-44ca-843f-d29918f053b9 c65c6db004524355afa49587b61afa21 e9740e15ea61427994ff150f2bedf09d - - default default] 10.0.0.33 "POST /v2.0/security-groups HTTP/1.1" status: 201 len: 1827 time: 0.2375536
2026-06-26 04:50:16.103 10 WARNING neutron_lib.context [None req-3398597a-8ba9-4ca4-85a5-e435f2359336 c65c6db004524355afa49587b61afa21 e9740e15ea61427994ff150f2bedf09d - - default default] Method 'is_advsvc' is deprecated since 2023.2 release (neutron-lib 3.8.0) and will be removed once support for the old RBAC API policies will be removed from Neutron. Please use method 'is_service_role' instead.
2026-06-26 04:50:16.256 9 INFO neutron.db.ovn_revision_numbers_db [None req-0a94b314-1d90-4753-a455-6b0c9ecb88a7 ec3c2696bef743109e185014ee79646f 2c8f0e7aac6945c4b68fc4e5edca7e64 - - default default] Successfully bumped revision number for resource 9d7a2dee-d185-4f15-b939-4acfd02b654a (type: security_group_rules) to 0
2026-06-26 04:50:16.261 10 INFO neutron.db.ovn_revision_numbers_db [None req-3398597a-8ba9-4ca4-85a5-e435f2359336 c65c6db004524355afa49587b61afa21 e9740e15ea61427994ff150f2bedf09d - - default default] Successfully bumped revision number for resource fefcb6e1-2560-40b7-b588-e82d35e2361f (type: security_group_rules) to 0
2026-06-26 04:50:16.290 10 INFO neutron.wsgi [None req-3398597a-8ba9-4ca4-85a5-e435f2359336 c65c6db004524355afa49587b61afa21 e9740e15ea61427994ff150f2bedf09d - - default default] 10.0.0.33 "POST /v2.0/security-group-rules HTTP/1.1" status: 201 len: 796 time: 0.1911421
2026-06-26 04:50:16.301 10 WARNING neutron_lib.context [None req-fc102991-786a-4b53-a4ec-37a6fc8a0c4f c65c6db004524355afa49587b61afa21 e9740e15ea61427994ff150f2bedf09d - - default default] Method 'is_advsvc' is deprecated since 2023.2 release (neutron-lib 3.8.0) and will be removed once support for the old RBAC API policies will be removed from Neutron. Please use method 'is_service_role' instead.
2026-06-26 04:50:16.302 9 INFO neutron.wsgi [None req-0a94b314-1d90-4753-a455-6b0c9ecb88a7 ec3c2696bef743109e185014ee79646f 2c8f0e7aac6945c4b68fc4e5edca7e64 - - default default] 10.0.0.33 "POST /v2.0/security-group-rules HTTP/1.1" status: 201 len: 801 time: 0.2171183
2026-06-26 04:50:16.317 9 WARNING neutron_lib.context [None req-c36ca17e-0fdc-432a-a7dc-7874a657c0e2 ec3c2696bef743109e185014ee79646f 2c8f0e7aac6945c4b68fc4e5edca7e64 - - default default] Method 'is_advsvc' is deprecated since 2023.2 release (neutron-lib 3.8.0) and will be removed once support for the old RBAC API policies will be removed from Neutron. Please use method 'is_service_role' instead.
2026-06-26 04:50:16.436 10 INFO neutron.db.ovn_revision_numbers_db [None req-fc102991-786a-4b53-a4ec-37a6fc8a0c4f c65c6db004524355afa49587b61afa21 e9740e15ea61427994ff150f2bedf09d - - default default] Successfully bumped revision number for resource 72b27942-8b8d-45af-9248-08705461e5f5 (type: security_group_rules) to 0
2026-06-26 04:50:16.461 10 INFO neutron.wsgi [None req-fc102991-786a-4b53-a4ec-37a6fc8a0c4f c65c6db004524355afa49587b61afa21 e9740e15ea61427994ff150f2bedf09d - - default default] 10.0.0.33 "POST /v2.0/security-group-rules HTTP/1.1" status: 201 len: 796 time: 0.1668642
2026-06-26 04:50:16.471 10 WARNING neutron_lib.context [None req-4a487ca1-9ba9-4358-8aff-5edb48edfb8a c65c6db004524355afa49587b61afa21 e9740e15ea61427994ff150f2bedf09d - - default default] Method 'is_advsvc' is deprecated since 2023.2 release (neutron-lib 3.8.0) and will be removed once support for the old RBAC API policies will be removed from Neutron. Please use method 'is_service_role' instead.
2026-06-26 04:50:16.597 10 INFO neutron.db.ovn_revision_numbers_db [None req-4a487ca1-9ba9-4358-8aff-5edb48edfb8a c65c6db004524355afa49587b61afa21 e9740e15ea61427994ff150f2bedf09d - - default default] Successfully bumped revision number for resource 8c220381-3f14-4a30-807b-8eb95109bdfa (type: security_group_rules) to 0
2026-06-26 04:50:16.624 10 INFO neutron.wsgi [None req-4a487ca1-9ba9-4358-8aff-5edb48edfb8a c65c6db004524355afa49587b61afa21 e9740e15ea61427994ff150f2bedf09d - - default default] 10.0.0.33 "POST /v2.0/security-group-rules HTTP/1.1" status: 201 len: 798 time: 0.1591959
2026-06-26 04:50:16.639 10 WARNING neutron_lib.context [None req-d0b1de0b-2d9e-444a-a5a1-ab068028aa95 c65c6db004524355afa49587b61afa21 e9740e15ea61427994ff150f2bedf09d - - default default] Method 'is_advsvc' is deprecated since 2023.2 release (neutron-lib 3.8.0) and will be removed once support for the old RBAC API policies will be removed from Neutron. Please use method 'is_service_role' instead.
2026-06-26 04:50:16.750 10 INFO neutron.db.ovn_revision_numbers_db [None req-d0b1de0b-2d9e-444a-a5a1-ab068028aa95 c65c6db004524355afa49587b61afa21 e9740e15ea61427994ff150f2bedf09d - - default default] Successfully bumped revision number for resource a5402925-e536-46d7-8158-716df09152f3 (type: security_group_rules) to 0
2026-06-26 04:50:16.773 10 INFO neutron.wsgi [None req-d0b1de0b-2d9e-444a-a5a1-ab068028aa95 c65c6db004524355afa49587b61afa21 e9740e15ea61427994ff150f2bedf09d - - default default] 10.0.0.33 "POST /v2.0/security-group-rules HTTP/1.1" status: 201 len: 800 time: 0.1420462
2026-06-26 04:50:16.778 9 WARNING neutron.plugins.ml2.drivers.ovn.mech_driver.ovsdb.ovn_client [None req-9bff111f-9d5d-4006-ab7a-7deeb4049bf7 - - - - - -] No hosting information found for port 2091571f-8024-41ec-8a14-36eed3c8c5ec: RuntimeError: No hosting information found for port 2091571f-8024-41ec-8a14-36eed3c8c5ec
2026-06-26 04:50:16.778 9 INFO neutron.plugins.ml2.drivers.ovn.mech_driver.mech_driver [None req-9bff111f-9d5d-4006-ab7a-7deeb4049bf7 - - - - - -] OVN reports status up for port: 4bf90a92-1251-4dfc-a585-6c5d67a1a568
2026-06-26 04:50:16.784 10 WARNING neutron_lib.context [None req-781a93d2-c413-43ce-8bf8-222978eec294 c65c6db004524355afa49587b61afa21 e9740e15ea61427994ff150f2bedf09d - - default default] Method 'is_advsvc' is deprecated since 2023.2 release (neutron-lib 3.8.0) and will be removed once support for the old RBAC API policies will be removed from Neutron. Please use method 'is_service_role' instead.
2026-06-26 04:50:16.791 9 INFO neutron.plugins.ml2.plugin [None req-9bff111f-9d5d-4006-ab7a-7deeb4049bf7 - - - - - -] Attempt 1 to provision port 4bf90a92-1251-4dfc-a585-6c5d67a1a568
2026-06-26 04:50:16.851 9 INFO neutron.db.ovn_revision_numbers_db [None req-c36ca17e-0fdc-432a-a7dc-7874a657c0e2 ec3c2696bef743109e185014ee79646f 2c8f0e7aac6945c4b68fc4e5edca7e64 - - default default] Successfully bumped revision number for resource 2e98573a-06b0-4b9a-aeca-ff4b254be237 (type: security_group_rules) to 0
2026-06-26 04:50:16.886 9 INFO neutron.wsgi [None req-c36ca17e-0fdc-432a-a7dc-7874a657c0e2 ec3c2696bef743109e185014ee79646f 2c8f0e7aac6945c4b68fc4e5edca7e64 - - default default] 10.0.0.33 "POST /v2.0/security-group-rules HTTP/1.1" status: 201 len: 800 time: 0.5770133
2026-06-26 04:50:16.899 9 WARNING neutron_lib.context [None req-9c0fe076-d72b-4435-b9a7-0ac2fdaf5185 ec3c2696bef743109e185014ee79646f 2c8f0e7aac6945c4b68fc4e5edca7e64 - - default default] Method 'is_advsvc' is deprecated since 2023.2 release (neutron-lib 3.8.0) and will be removed once support for the old RBAC API policies will be removed from Neutron. Please use method 'is_service_role' instead.
2026-06-26 04:50:16.909 10 INFO neutron.db.ovn_revision_numbers_db [None req-781a93d2-c413-43ce-8bf8-222978eec294 c65c6db004524355afa49587b61afa21 e9740e15ea61427994ff150f2bedf09d - - default default] Successfully bumped revision number for resource e3f9e3d5-a5fb-4f83-bca6-491cdabf6fcf (type: security_group_rules) to 0
2026-06-26 04:50:16.936 10 INFO neutron.wsgi [None req-781a93d2-c413-43ce-8bf8-222978eec294 c65c6db004524355afa49587b61afa21 e9740e15ea61427994ff150f2bedf09d - - default default] 10.0.0.33 "POST /v2.0/security-group-rules HTTP/1.1" status: 201 len: 800 time: 0.1567729
2026-06-26 04:50:16.954 10 WARNING neutron_lib.context [None req-0caa876a-9232-40ed-91b9-b561bd8e3264 c65c6db004524355afa49587b61afa21 e9740e15ea61427994ff150f2bedf09d - - default default] Method 'is_advsvc' is deprecated since 2023.2 release (neutron-lib 3.8.0) and will be removed once support for the old RBAC API policies will be removed from Neutron. Please use method 'is_service_role' instead.
2026-06-26 04:50:16.966 9 INFO neutron.db.securitygroups_db [None req-9c0fe076-d72b-4435-b9a7-0ac2fdaf5185 ec3c2696bef743109e185014ee79646f 2c8f0e7aac6945c4b68fc4e5edca7e64 - - default default] Project 2c8f0e7aac6945c4b68fc4e5edca7e64 added a security group rule with legacy IPv6 ICMP protocol name icmp, ipv6-icmp should be used instead. It was automatically converted.
2026-06-26 04:50:17.108 10 INFO neutron.db.ovn_revision_numbers_db [None req-0caa876a-9232-40ed-91b9-b561bd8e3264 c65c6db004524355afa49587b61afa21 e9740e15ea61427994ff150f2bedf09d - - default default] Successfully bumped revision number for resource 71e4e58b-acde-4501-af20-f0b9c7817d84 (type: security_group_rules) to 0
2026-06-26 04:50:17.120 9 INFO neutron.db.ovn_revision_numbers_db [None req-9c0fe076-d72b-4435-b9a7-0ac2fdaf5185 ec3c2696bef743109e185014ee79646f 2c8f0e7aac6945c4b68fc4e5edca7e64 - - default default] Successfully bumped revision number for resource 0ba3978f-ae2c-4f0e-85b1-76e7006d897c (type: security_group_rules) to 0
2026-06-26 04:50:17.133 10 INFO neutron.wsgi [None req-0caa876a-9232-40ed-91b9-b561bd8e3264 c65c6db004524355afa49587b61afa21 e9740e15ea61427994ff150f2bedf09d - - default default] 10.0.0.33 "POST /v2.0/security-group-rules HTTP/1.1" status: 201 len: 796 time: 0.1874900
2026-06-26 04:50:17.143 10 WARNING neutron_lib.context [None req-72cf8105-fd66-4471-8aab-cf337f2d60eb c65c6db004524355afa49587b61afa21 e9740e15ea61427994ff150f2bedf09d - - default default] Method 'is_advsvc' is deprecated since 2023.2 release (neutron-lib 3.8.0) and will be removed once support for the old RBAC API policies will be removed from Neutron. Please use method 'is_service_role' instead.
2026-06-26 04:50:17.154 9 INFO neutron.wsgi [None req-9c0fe076-d72b-4435-b9a7-0ac2fdaf5185 ec3c2696bef743109e185014ee79646f 2c8f0e7aac6945c4b68fc4e5edca7e64 - - default default] 10.0.0.33 "POST /v2.0/security-group-rules HTTP/1.1" status: 201 len: 806 time: 0.2605512
2026-06-26 04:50:17.168 9 WARNING neutron_lib.context [None req-c83e2a40-f3f7-48ca-a4a3-00d02911fed1 ec3c2696bef743109e185014ee79646f 2c8f0e7aac6945c4b68fc4e5edca7e64 - - default default] Method 'is_advsvc' is deprecated since 2023.2 release (neutron-lib 3.8.0) and will be removed once support for the old RBAC API policies will be removed from Neutron. Please use method 'is_service_role' instead.
2026-06-26 04:50:17.224 9 INFO neutron.db.securitygroups_db [None req-c83e2a40-f3f7-48ca-a4a3-00d02911fed1 ec3c2696bef743109e185014ee79646f 2c8f0e7aac6945c4b68fc4e5edca7e64 - - default default] Project 2c8f0e7aac6945c4b68fc4e5edca7e64 added a security group rule with legacy IPv6 ICMP protocol name icmp, ipv6-icmp should be used instead. It was automatically converted.
2026-06-26 04:50:17.300 10 INFO neutron.db.ovn_revision_numbers_db [None req-72cf8105-fd66-4471-8aab-cf337f2d60eb c65c6db004524355afa49587b61afa21 e9740e15ea61427994ff150f2bedf09d - - default default] Successfully bumped revision number for resource f74a4920-a2c7-4e0f-afad-29457cafd99a (type: security_group_rules) to 0
2026-06-26 04:50:17.320 9 INFO neutron.db.ovn_revision_numbers_db [None req-9bff111f-9d5d-4006-ab7a-7deeb4049bf7 - - - - - -] Successfully bumped revision number for resource 4bf90a92-1251-4dfc-a585-6c5d67a1a568 (type: ports) to 2
2026-06-26 04:50:17.327 10 INFO neutron.wsgi [None req-72cf8105-fd66-4471-8aab-cf337f2d60eb c65c6db004524355afa49587b61afa21 e9740e15ea61427994ff150f2bedf09d - - default default] 10.0.0.33 "POST /v2.0/security-group-rules HTTP/1.1" status: 201 len: 796 time: 0.1889172
