File "/var/lib/openstack/lib/python3.10/site-packages/ovsdbapp/backend/ovs_idl/command.py", line 235, in run_idl
2026-06-26 04:48:23.554 10 ERROR neutron_lib.callbacks.manager record = self.api.lookup(self.table, self.record)
2026-06-26 04:48:23.554 10 ERROR neutron_lib.callbacks.manager
File "/var/lib/openstack/lib/python3.10/site-packages/ovsdbapp/backend/ovs_idl/__init__.py", line 184, in lookup
2026-06-26 04:48:23.554 10 ERROR neutron_lib.callbacks.manager return self._lookup(table, record)
2026-06-26 04:48:23.554 10 ERROR neutron_lib.callbacks.manager
File "/var/lib/openstack/lib/python3.10/site-packages/ovsdbapp/backend/ovs_idl/__init__.py", line 235, in _lookup
2026-06-26 04:48:23.554 10 ERROR neutron_lib.callbacks.manager row = idlutils.row_by_value(self, rl.table, rl.column, record)
2026-06-26 04:48:23.554 10 ERROR neutron_lib.callbacks.manager
File "/var/lib/openstack/lib/python3.10/site-packages/ovsdbapp/backend/ovs_idl/idlutils.py", line 114, in row_by_value
2026-06-26 04:48:23.554 10 ERROR neutron_lib.callbacks.manager raise RowNotFound(table=table, col=column, match=match)
2026-06-26 04:48:23.554 10 ERROR neutron_lib.callbacks.manager ovsdbapp.backend.ovs_idl.idlutils.RowNotFound: Cannot find Logical_Router_Port with name=lrp-cf798244-dcb1-4195-b05e-bab290530c0b
2026-06-26 04:48:23.554 10 ERROR neutron_lib.callbacks.manager 
2026-06-26 04:48:23.582 9 WARNING neutron_lib.context [None req-7d5d5e65-8cda-42a8-80f9-7218cb62a36b f9d0a8e99fcc4c3eabd870184cc26a24 9f3d8edc4d5c4b01a47d0107063d7949 - - default default] Method 'is_advsvc' is deprecated since 2023.2 release (neutron-lib 3.8.0) and will be removed once support for the old RBAC API policies will be removed from Neutron. Please use method 'is_service_role' instead.
2026-06-26 04:48:23.626 9 WARNING neutron_lib.context [None req-7d5d5e65-8cda-42a8-80f9-7218cb62a36b f9d0a8e99fcc4c3eabd870184cc26a24 9f3d8edc4d5c4b01a47d0107063d7949 - - default default] Method 'is_advsvc' is deprecated since 2023.2 release (neutron-lib 3.8.0) and will be removed once support for the old RBAC API policies will be removed from Neutron. Please use method 'is_service_role' instead.
2026-06-26 04:48:23.637 10 INFO neutron.wsgi [None req-4dcf3634-8921-4704-947c-2abdb79f5069 b2f1064248764ce59d160c638f219194 33be12653db14cb7a0c09baae80c8538 - - default default] 10.0.0.33 "DELETE /v2.0/trunks/ac08e62d-315a-4b40-8fee-7e93c0f150e5 HTTP/1.1" status: 204 len: 168 time: 0.1116352
2026-06-26 04:48:23.671 10 INFO neutron.wsgi [None req-0072fb15-f501-4165-9c6d-8180a7d90769 b2f1064248764ce59d160c638f219194 33be12653db14cb7a0c09baae80c8538 - - default default] 10.0.0.33 "GET /v2.0/trunks/24a0f72e-4633-4893-86b7-edba7c779106 HTTP/1.1" status: 200 len: 625 time: 0.0297127
2026-06-26 04:48:23.719 9 INFO neutron.plugins.ml2.drivers.ovn.mech_driver.mech_driver [None req-9bff111f-9d5d-4006-ab7a-7deeb4049bf7 - - - - - -] OVN reports status up for port: cf798244-dcb1-4195-b05e-bab290530c0b
2026-06-26 04:48:23.734 10 INFO neutron.db.ovn_revision_numbers_db [None req-43c08b4b-98cb-41ed-b170-4cd6f9a34839 ec6c7648d83e4a789f48bcf73b30f214 4b6e303897f14492b20f5faf5e634299 - - default default] Successfully bumped revision number for resource cf798244-dcb1-4195-b05e-bab290530c0b (type: ports) to 1
2026-06-26 04:48:23.735 9 INFO neutron.plugins.ml2.plugin [None req-9bff111f-9d5d-4006-ab7a-7deeb4049bf7 - - - - - -] Attempt 1 to provision port cf798244-dcb1-4195-b05e-bab290530c0b
2026-06-26 04:48:23.802 10 WARNING neutron.scheduler.dhcp_agent_scheduler [None req-43c08b4b-98cb-41ed-b170-4cd6f9a34839 ec6c7648d83e4a789f48bcf73b30f214 4b6e303897f14492b20f5faf5e634299 - - default default] No more DHCP agents
2026-06-26 04:48:23.803 10 WARNING neutron.api.rpc.agentnotifiers.dhcp_rpc_agent_api [None req-43c08b4b-98cb-41ed-b170-4cd6f9a34839 ec6c7648d83e4a789f48bcf73b30f214 4b6e303897f14492b20f5faf5e634299 - - default default] Unable to schedule network 94834c8e-0875-47e2-9aba-aad73e27f710: no agents available; will retry on subsequent port and subnet creation events.
2026-06-26 04:48:23.815 9 INFO neutron.wsgi [None req-b5636cd4-abe1-4de7-9a83-302b2e9184ef b2f1064248764ce59d160c638f219194 33be12653db14cb7a0c09baae80c8538 - - default default] 10.0.0.33 "GET /v2.0/ports/2500bf77-bfe2-4d32-91fc-0c845a31c836 HTTP/1.1" status: 200 len: 1020 time: 0.1389642
2026-06-26 04:48:23.960 10 INFO neutron.db.ovn_revision_numbers_db [None req-43c08b4b-98cb-41ed-b170-4cd6f9a34839 ec6c7648d83e4a789f48bcf73b30f214 4b6e303897f14492b20f5faf5e634299 - - default default] Successfully bumped revision number for resource cf798244-dcb1-4195-b05e-bab290530c0b (type: router_ports) to 1
2026-06-26 04:48:23.964 9 INFO neutron.wsgi [None req-768cd5df-a540-4eb9-bf82-34d6cce61d75 b2f1064248764ce59d160c638f219194 33be12653db14cb7a0c09baae80c8538 - - default default] 10.0.0.33 "DELETE /v2.0/trunks/24a0f72e-4633-4893-86b7-edba7c779106 HTTP/1.1" status: 204 len: 168 time: 0.1432545
2026-06-26 04:48:23.967 10 INFO neutron.wsgi [None req-43c08b4b-98cb-41ed-b170-4cd6f9a34839 ec6c7648d83e4a789f48bcf73b30f214 4b6e303897f14492b20f5faf5e634299 - - default default] 10.0.0.33 "PUT /v2.0/routers/b9739679-5933-4acf-88d9-dc64cb1e9157/add_router_interface HTTP/1.1" status: 200 len: 503 time: 1.9843886
2026-06-26 04:48:24.001 10 INFO neutron.wsgi [None req-641247ce-b310-4e6f-acc3-c51d80e1c8fe b2f1064248764ce59d160c638f219194 33be12653db14cb7a0c09baae80c8538 - - default default] 10.0.0.33 "GET /v2.0/trunks/fd6a805a-b9a7-4eda-bd9b-29a6d62e26a6 HTTP/1.1" status: 200 len: 610 time: 0.0299370
2026-06-26 04:48:24.104 10 INFO neutron.wsgi [None req-8d46f4b1-b00a-44b7-8ae2-e1d43bf4d34e ec6c7648d83e4a789f48bcf73b30f214 4b6e303897f14492b20f5faf5e634299 - - default default] 10.0.0.33 "GET /v2.0/ports/cf798244-dcb1-4195-b05e-bab290530c0b HTTP/1.1" status: 200 len: 1139 time: 0.1289127
2026-06-26 04:48:24.121 10 INFO neutron.wsgi [None req-862ab7ff-d3f5-47d4-9c3d-f6c0f05cb1bd b2f1064248764ce59d160c638f219194 33be12653db14cb7a0c09baae80c8538 - - default default] 10.0.0.33 "GET /v2.0/ports/c5467ed3-7024-4945-84af-faf439b9d0cb HTTP/1.1" status: 200 len: 1020 time: 0.1142416
2026-06-26 04:48:24.289 10 INFO neutron.wsgi [None req-bb0cc782-1e4f-4bac-a2f5-222376626568 b2f1064248764ce59d160c638f219194 33be12653db14cb7a0c09baae80c8538 - - default default] 10.0.0.33 "DELETE /v2.0/trunks/fd6a805a-b9a7-4eda-bd9b-29a6d62e26a6 HTTP/1.1" status: 204 len: 168 time: 0.1492085
2026-06-26 04:48:24.318 10 INFO neutron.wsgi [None req-95afaf70-35ef-47a4-99a4-af67032fb4b0 b2f1064248764ce59d160c638f219194 33be12653db14cb7a0c09baae80c8538 - - default default] 10.0.0.33 "GET /v2.0/trunks/bd01634d-0573-4480-aa6e-c5f78b5798ae HTTP/1.1" status: 200 len: 603 time: 0.0245721
2026-06-26 04:48:24.466 9 INFO neutron.wsgi [None req-f095ba9b-f43c-4bd6-aa27-ae19357b6a40 b2f1064248764ce59d160c638f219194 33be12653db14cb7a0c09baae80c8538 - - default default] 10.0.0.33 "GET /v2.0/ports/0bac87d6-9008-4e40-9ee6-b0650e147549 HTTP/1.1" status: 200 len: 1020 time: 0.1418231
2026-06-26 04:48:24.480 9 WARNING neutron.scheduler.dhcp_agent_scheduler [None req-7d5d5e65-8cda-42a8-80f9-7218cb62a36b f9d0a8e99fcc4c3eabd870184cc26a24 9f3d8edc4d5c4b01a47d0107063d7949 - - default default] No more DHCP agents
2026-06-26 04:48:24.483 9 WARNING neutron.api.rpc.agentnotifiers.dhcp_rpc_agent_api [None req-7d5d5e65-8cda-42a8-80f9-7218cb62a36b f9d0a8e99fcc4c3eabd870184cc26a24 9f3d8edc4d5c4b01a47d0107063d7949 - - default default] Unable to schedule network 384e9e83-b194-4795-988b-4e947b492993: no agents available; will retry on subsequent port and subnet creation events.
2026-06-26 04:48:24.541 10 INFO neutron.db.ovn_revision_numbers_db [None req-3bab397b-4c26-4cb2-81aa-bf25ab2fa4ff ded23f2cdb7e4c9295800275f6291be6 4e78bc56101241b69e3b16de49ca9730 - - default default] Successfully bumped revision number for resource 782e6a20-48f5-40e3-b213-88b9c9a9e45b (type: security_groups) to 1
2026-06-26 04:48:24.577 10 INFO neutron.db.ovn_revision_numbers_db [None req-3bab397b-4c26-4cb2-81aa-bf25ab2fa4ff ded23f2cdb7e4c9295800275f6291be6 4e78bc56101241b69e3b16de49ca9730 - - default default] Successfully bumped revision number for resource 13a8db4f-1719-4f03-934d-4b8f7fd0af31 (type: security_group_rules) to 0
2026-06-26 04:48:24.609 10 INFO neutron.wsgi [None req-2b61d929-949a-417e-8556-089a88521fd7 b2f1064248764ce59d160c638f219194 33be12653db14cb7a0c09baae80c8538 - - default default] 10.0.0.33 "DELETE /v2.0/trunks/bd01634d-0573-4480-aa6e-c5f78b5798ae HTTP/1.1" status: 204 len: 168 time: 0.1357687
2026-06-26 04:48:24.610 10 INFO neutron.db.ovn_revision_numbers_db [None req-3bab397b-4c26-4cb2-81aa-bf25ab2fa4ff ded23f2cdb7e4c9295800275f6291be6 4e78bc56101241b69e3b16de49ca9730 - - default default] Successfully bumped revision number for resource 261647dc-0e64-4882-933c-5661f6085688 (type: security_group_rules) to 0
2026-06-26 04:48:24.645 10 INFO neutron.db.ovn_revision_numbers_db [None req-3bab397b-4c26-4cb2-81aa-bf25ab2fa4ff ded23f2cdb7e4c9295800275f6291be6 4e78bc56101241b69e3b16de49ca9730 - - default default] Successfully bumped revision number for resource 6761953e-5119-406a-9a4c-e6ff4e712f28 (type: security_group_rules) to 0
2026-06-26 04:48:24.654 9 INFO neutron.db.ovn_revision_numbers_db [None req-9bff111f-9d5d-4006-ab7a-7deeb4049bf7 - - - - - -] Successfully bumped revision number for resource cf798244-dcb1-4195-b05e-bab290530c0b (type: ports) to 2
2026-06-26 04:48:24.664 10 INFO neutron.db.ovn_revision_numbers_db [None req-3bab397b-4c26-4cb2-81aa-bf25ab2fa4ff ded23f2cdb7e4c9295800275f6291be6 4e78bc56101241b69e3b16de49ca9730 - - default default] Successfully bumped revision number for resource f6190ead-30d8-4697-ad13-faa353f41e85 (type: security_group_rules) to 0
2026-06-26 04:48:24.696 10 INFO neutron.wsgi [None req-3bab397b-4c26-4cb2-81aa-bf25ab2fa4ff ded23f2cdb7e4c9295800275f6291be6 4e78bc56101241b69e3b16de49ca9730 - - default default] 10.0.0.33 "GET /v2.0/security-groups?tenant_id=6cd85e3559374ef98e41d4fd048ac4e1&name=default HTTP/1.1" status: 200 len: 3120 time: 0.5274336
2026-06-26 04:48:24.884 9 INFO neutron.db.ovn_revision_numbers_db [None req-9bff111f-9d5d-4006-ab7a-7deeb4049bf7 - - - - - -] Successfully bumped revision number for resource cf798244-dcb1-4195-b05e-bab290530c0b (type: router_ports) to 2
2026-06-26 04:48:25.093 9 INFO neutron.wsgi [None req-00891862-c806-4532-9efd-aedc3a87463d b2f1064248764ce59d160c638f219194 33be12653db14cb7a0c09baae80c8538 - - default default] 10.0.0.33 "DELETE /v2.0/ports/6f7579ed-cec8-4cb7-afc6-7189a9817353 HTTP/1.1" status: 204 len: 168 time: 0.4778209
2026-06-26 04:48:25.171 10 WARNING neutron.scheduler.dhcp_agent_scheduler [None req-f97abaa7-34bf-49d0-86a8-0f96290f45a0 ec6c7648d83e4a789f48bcf73b30f214 4b6e303897f14492b20f5faf5e634299 - - default default] No more DHCP agents
2026-06-26 04:48:25.177 10 WARNING neutron.api.rpc.agentnotifiers.dhcp_rpc_agent_api [None req-f97abaa7-34bf-49d0-86a8-0f96290f45a0 ec6c7648d83e4a789f48bcf73b30f214 4b6e303897f14492b20f5faf5e634299 - - default default] Unable to schedule network 375a2acd-21a9-4707-a6fe-8924f73d128c: no agents available; will retry on subsequent port and subnet creation events.
2026-06-26 04:48:25.236 9 INFO neutron.db.ovn_revision_numbers_db [None req-7d5d5e65-8cda-42a8-80f9-7218cb62a36b f9d0a8e99fcc4c3eabd870184cc26a24 9f3d8edc4d5c4b01a47d0107063d7949 - - default default] Successfully bumped revision number for resource 5b2b770d-2ede-4b01-af68-c653929b0ed4 (type: ports) to 2
2026-06-26 04:48:25.289 9 INFO neutron.db.ovn_revision_numbers_db [None req-7d5d5e65-8cda-42a8-80f9-7218cb62a36b f9d0a8e99fcc4c3eabd870184cc26a24 9f3d8edc4d5c4b01a47d0107063d7949 - - default default] Successfully bumped revision number for resource ec4d10a1-28c6-4470-b3a1-a25de2fc0213 (type: subnets) to 0
2026-06-26 04:48:25.316 10 INFO neutron.db.ovn_revision_numbers_db [None req-f97abaa7-34bf-49d0-86a8-0f96290f45a0 ec6c7648d83e4a789f48bcf73b30f214 4b6e303897f14492b20f5faf5e634299 - - default default] Successfully bumped revision number for resource 1e503979-9648-45f3-ac72-dc3c7f4966b1 (type: ports) to 1
2026-06-26 04:48:25.331 9 WARNING neutron.scheduler.dhcp_agent_scheduler [None req-7d5d5e65-8cda-42a8-80f9-7218cb62a36b f9d0a8e99fcc4c3eabd870184cc26a24 9f3d8edc4d5c4b01a47d0107063d7949 - - default default] No more DHCP agents
2026-06-26 04:48:25.342 9 WARNING neutron.api.rpc.agentnotifiers.dhcp_rpc_agent_api [None req-7d5d5e65-8cda-42a8-80f9-7218cb62a36b f9d0a8e99fcc4c3eabd870184cc26a24 9f3d8edc4d5c4b01a47d0107063d7949 - - default default] Unable to schedule network a8b2f3a3-e9de-483c-a148-61058eefa921: no agents available; will retry on subsequent port and subnet creation events.
2026-06-26 04:48:25.408 10 INFO neutron.wsgi [None req-bc4e059d-aad4-4e86-8c33-97632e5dc6fc ded23f2cdb7e4c9295800275f6291be6 4e78bc56101241b69e3b16de49ca9730 - - default default] 10.0.0.33 "DELETE /v2.0/security-groups/782e6a20-48f5-40e3-b213-88b9c9a9e45b HTTP/1.1" status: 204 len: 168 time: 0.7046793
2026-06-26 04:48:25.428 9 INFO neutron.wsgi [None req-422c78f2-a16c-404e-8938-9f6741dea3be b2f1064248764ce59d160c638f219194 33be12653db14cb7a0c09baae80c8538 - - default default] 10.0.0.33 "DELETE /v2.0/ports/dc95a875-9418-48ad-bf3f-3e6782e397fb HTTP/1.1" status: 204 len: 168 time: 0.3294220
2026-06-26 04:48:25.510 10 INFO neutron.wsgi [-] 10.0.0.99 "GET / HTTP/1.1" status: 200 len: 247 time: 0.0022228
2026-06-26 04:48:25.513 10 INFO neutron.wsgi [-] 10.0.0.99 "GET / HTTP/1.1" status: 200 len: 247 time: 0.0013258
2026-06-26 04:48:25.738 9 INFO neutron.db.ovn_revision_numbers_db [None req-723330e6-a6a8-4439-b02f-4e58cb317ab7 ded23f2cdb7e4c9295800275f6291be6 4e78bc56101241b69e3b16de49ca9730 - - default default] Successfully bumped revision number for resource 291b278d-e217-4b49-88ec-71a269f5a42b (type: security_groups) to 1
2026-06-26 04:48:25.771 9 INFO neutron.db.ovn_revision_numbers_db [None req-723330e6-a6a8-4439-b02f-4e58cb317ab7 ded23f2cdb7e4c9295800275f6291be6 4e78bc56101241b69e3b16de49ca9730 - - default default] Successfully bumped revision number for resource 1b4bc920-03e5-4360-bde4-c433cb3aa95b (type: security_group_rules) to 0
2026-06-26 04:48:25.798 9 INFO neutron.db.ovn_revision_numbers_db [None req-723330e6-a6a8-4439-b02f-4e58cb317ab7 ded23f2cdb7e4c9295800275f6291be6 4e78bc56101241b69e3b16de49ca9730 - - default default] Successfully bumped revision number for resource 90fa0e38-07e5-42b8-9108-4aed56a15b95 (type: security_group_rules) to 0
2026-06-26 04:48:25.832 9 INFO neutron.wsgi [None req-8d8bbd1d-be22-48df-a9f2-14b7636bd1cb b2f1064248764ce59d160c638f219194 33be12653db14cb7a0c09baae80c8538 - - default default] 10.0.0.33 "DELETE /v2.0/ports/2500bf77-bfe2-4d32-91fc-0c845a31c836 HTTP/1.1" status: 204 len: 168 time: 0.3985548
2026-06-26 04:48:25.836 9 INFO neutron.db.ovn_revision_numbers_db [None req-723330e6-a6a8-4439-b02f-4e58cb317ab7 ded23f2cdb7e4c9295800275f6291be6 4e78bc56101241b69e3b16de49ca9730 - - default default] Successfully bumped revision number for resource ae0761bf-9283-450e-84b3-6525b50d6baf (type: security_group_rules) to 0
2026-06-26 04:48:25.869 9 INFO neutron.db.ovn_revision_numbers_db [None req-723330e6-a6a8-4439-b02f-4e58cb317ab7 ded23f2cdb7e4c9295800275f6291be6 4e78bc56101241b69e3b16de49ca9730 - - default default] Successfully bumped revision number for resource f7023d52-339c-4ab0-b697-1a73c59a7bbf (type: security_group_rules) to 0
2026-06-26 04:48:25.888 10 ERROR ovsdbapp.backend.ovs_idl.command [None req-f97abaa7-34bf-49d0-86a8-0f96290f45a0 ec6c7648d83e4a789f48bcf73b30f214 4b6e303897f14492b20f5faf5e634299 - - default default] Error executing command (DbGetCommand): ovsdbapp.backend.ovs_idl.idlutils.RowNotFound: Cannot find Logical_Router_Port with name=lrp-1e503979-9648-45f3-ac72-dc3c7f4966b1
2026-06-26 04:48:25.888 10 ERROR ovsdbapp.backend.ovs_idl.command
Traceback (most recent call last):
2026-06-26 04:48:25.888 10 ERROR ovsdbapp.backend.ovs_idl.command
File "/var/lib/openstack/lib/python3.10/site-packages/ovsdbapp/backend/ovs_idl/command.py", line 47, in execute
2026-06-26 04:48:25.888 10 ERROR ovsdbapp.backend.ovs_idl.command self.run_idl(None)
2026-06-26 04:48:25.888 10 ERROR ovsdbapp.backend.ovs_idl.command
File "/var/lib/openstack/lib/python3.10/site-packages/ovsdbapp/backend/ovs_idl/command.py", line 235, in run_idl
2026-06-26 04:48:25.888 10 ERROR ovsdbapp.backend.ovs_idl.command record = self.api.lookup(self.table, self.record)
2026-06-26 04:48:25.888 10 ERROR ovsdbapp.backend.ovs_idl.command
File "/var/lib/openstack/lib/python3.10/site-packages/ovsdbapp/backend/ovs_idl/__init__.py", line 184, in lookup
2026-06-26 04:48:25.888 10 ERROR ovsdbapp.backend.ovs_idl.command return self._lookup(table, record)
2026-06-26 04:48:25.888 10 ERROR ovsdbapp.backend.ovs_idl.command
File "/var/lib/openstack/lib/python3.10/site-packages/ovsdbapp/backend/ovs_idl/__init__.py", line 235, in _lookup
2026-06-26 04:48:25.888 10 ERROR ovsdbapp.backend.ovs_idl.command row = idlutils.row_by_value(self, rl.table, rl.column, record)
2026-06-26 04:48:25.888 10 ERROR ovsdbapp.backend.ovs_idl.command
File "/var/lib/openstack/lib/python3.10/site-packages/ovsdbapp/backend/ovs_idl/idlutils.py", line 114, in row_by_value
2026-06-26 04:48:25.888 10 ERROR ovsdbapp.backend.ovs_idl.command raise RowNotFound(table=table, col=column, match=match)
2026-06-26 04:48:25.888 10 ERROR ovsdbapp.backend.ovs_idl.command ovsdbapp.backend.ovs_idl.idlutils.RowNotFound: Cannot find Logical_Router_Port with name=lrp-1e503979-9648-45f3-ac72-dc3c7f4966b1
2026-06-26 04:48:25.888 10 ERROR ovsdbapp.backend.ovs_idl.command 
2026-06-26 04:48:25.889 10 ERROR neutron_lib.callbacks.manager [None req-f97abaa7-34bf-49d0-86a8-0f96290f45a0 ec6c7648d83e4a789f48bcf73b30f214 4b6e303897f14492b20f5faf5e634299 - - default default] Error during notification for neutron.services.ovn_l3.plugin.OVNL3RouterPlugin._port_update-8768350965469 port, after_update: ovsdbapp.backend.ovs_idl.idlutils.RowNotFound: Cannot find Logical_Router_Port with name=lrp-1e503979-9648-45f3-ac72-dc3c7f4966b1
2026-06-26 04:48:25.889 10 ERROR neutron_lib.callbacks.manager
Traceback (most recent call last):
2026-06-26 04:48:25.889 10 ERROR neutron_lib.callbacks.manager
File "/var/lib/openstack/lib/python3.10/site-packages/neutron_lib/callbacks/manager.py", line 189, in _notify_loop
2026-06-26 04:48:25.889 10 ERROR neutron_lib.callbacks.manager callback.method(resource, event, trigger, payload=payload)
2026-06-26 04:48:25.889 10 ERROR neutron_lib.callbacks.manager
File "/var/lib/openstack/lib/python3.10/site-packages/neutron/services/ovn_l3/plugin.py", line 391, in _port_update
2026-06-26 04:48:25.889 10 ERROR neutron_lib.callbacks.manager l3plugin._ovn_client.update_router_port(context,
2026-06-26 04:48:25.889 10 ERROR neutron_lib.callbacks.manager
File "/var/lib/openstack/lib/python3.10/site-packages/neutron/plugins/ml2/drivers/ovn/mech_driver/ovsdb/ovn_client.py", line 1878, in update_router_port
2026-06-26 04:48:25.889 10 ERROR neutron_lib.callbacks.manager self._update_lrouter_port(context, port, if_exists=if_exists,
2026-06-26 04:48:25.889 10 ERROR neutron_lib.callbacks.manager
File "/var/lib/openstack/lib/python3.10/site-packages/neutron/plugins/ml2/drivers/ovn/mech_driver/ovsdb/ovn_client.py", line 1855, in _update_lrouter_port
2026-06-26 04:48:25.889 10 ERROR neutron_lib.callbacks.manager external_ids = self._nb_idl.db_get(
2026-06-26 04:48:25.889 10 ERROR neutron_lib.callbacks.manager
File "/var/lib/openstack/lib/python3.10/site-packages/ovsdbapp/backend/ovs_idl/command.py", line 47, in execute
2026-06-26 04:48:25.889 10 ERROR neutron_lib.callbacks.manager self.run_idl(None)
2026-06-26 04:48:25.889 10 ERROR neutron_lib.callbacks.manager
File "/var/lib/openstack/lib/python3.10/site-packages/ovsdbapp/backend/ovs_idl/command.py", line 235, in run_idl
2026-06-26 04:48:25.889 10 ERROR neutron_lib.callbacks.manager record = self.api.lookup(self.table, self.record)
2026-06-26 04:48:25.889 10 ERROR neutron_lib.callbacks.manager
File "/var/lib/openstack/lib/python3.10/site-packages/ovsdbapp/backend/ovs_idl/__init__.py", line 184, in lookup
2026-06-26 04:48:25.889 10 ERROR neutron_lib.callbacks.manager return self._lookup(table, record)
2026-06-26 04:48:25.889 10 ERROR neutron_lib.callbacks.manager
File "/var/lib/openstack/lib/python3.10/site-packages/ovsdbapp/backend/ovs_idl/__init__.py", line 235, in _lookup
2026-06-26 04:48:25.889 10 ERROR neutron_lib.callbacks.manager row = idlutils.row_by_value(self, rl.table, rl.column, record)
2026-06-26 04:48:25.889 10 ERROR neutron_lib.callbacks.manager
File "/var/lib/openstack/lib/python3.10/site-packages/ovsdbapp/backend/ovs_idl/idlutils.py", line 114, in row_by_value
2026-06-26 04:48:25.889 10 ERROR neutron_lib.callbacks.manager raise RowNotFound(table=table, col=column, match=match)
2026-06-26 04:48:25.889 10 ERROR neutron_lib.callbacks.manager ovsdbapp.backend.ovs_idl.idlutils.RowNotFound: Cannot find Logical_Router_Port with name=lrp-1e503979-9648-45f3-ac72-dc3c7f4966b1
2026-06-26 04:48:25.889 10 ERROR neutron_lib.callbacks.manager 
2026-06-26 04:48:25.916 9 INFO neutron.wsgi [None req-723330e6-a6a8-4439-b02f-4e58cb317ab7 ded23f2cdb7e4c9295800275f6291be6 4e78bc56101241b69e3b16de49ca9730 - - default default] 10.0.0.33 "GET /v2.0/security-groups?tenant_id=2a8ec2b3801344d1b4850d0db82c4df7&name=default HTTP/1.1" status: 200 len: 3120 time: 0.4023206
2026-06-26 04:48:26.071 10 INFO neutron.db.ovn_revision_numbers_db [None req-f97abaa7-34bf-49d0-86a8-0f96290f45a0 ec6c7648d83e4a789f48bcf73b30f214 4b6e303897f14492b20f5faf5e634299 - - default default] Successfully bumped revision number for resource 1e503979-9648-45f3-ac72-dc3c7f4966b1 (type: ports) to 1
2026-06-26 04:48:26.135 10 WARNING neutron.scheduler.dhcp_agent_scheduler [None req-f97abaa7-34bf-49d0-86a8-0f96290f45a0 ec6c7648d83e4a789f48bcf73b30f214 4b6e303897f14492b20f5faf5e634299 - - default default] No more DHCP agents
2026-06-26 04:48:26.137 10 WARNING neutron.api.rpc.agentnotifiers.dhcp_rpc_agent_api [None req-f97abaa7-34bf-49d0-86a8-0f96290f45a0 ec6c7648d83e4a789f48bcf73b30f214 4b6e303897f14492b20f5faf5e634299 - - default default] Unable to schedule network 375a2acd-21a9-4707-a6fe-8924f73d128c: no agents available; will retry on subsequent port and subnet creation events.
2026-06-26 04:48:26.140 9 INFO neutron.db.ovn_revision_numbers_db [None req-7d5d5e65-8cda-42a8-80f9-7218cb62a36b f9d0a8e99fcc4c3eabd870184cc26a24 9f3d8edc4d5c4b01a47d0107063d7949 - - default default] Successfully bumped revision number for resource 9f89ad9e-b108-44e3-bd20-8378531436cc (type: ports) to 2
2026-06-26 04:48:26.217 9 INFO neutron.db.ovn_revision_numbers_db [None req-7d5d5e65-8cda-42a8-80f9-7218cb62a36b f9d0a8e99fcc4c3eabd870184cc26a24 9f3d8edc4d5c4b01a47d0107063d7949 - - default default] Successfully bumped revision number for resource 2f80b9a1-1f17-4d60-8bda-bcc91e3fafd3 (type: subnets) to 0
2026-06-26 04:48:26.244 9 INFO neutron.wsgi [None req-7d5d5e65-8cda-42a8-80f9-7218cb62a36b f9d0a8e99fcc4c3eabd870184cc26a24 9f3d8edc4d5c4b01a47d0107063d7949 - - default default] 10.0.0.33 "POST /v2.0/subnets HTTP/1.1" status: 201 len: 1426 time: 2.6690345
2026-06-26 04:48:26.315 10 INFO neutron.db.ovn_revision_numbers_db [None req-f97abaa7-34bf-49d0-86a8-0f96290f45a0 ec6c7648d83e4a789f48bcf73b30f214 4b6e303897f14492b20f5faf5e634299 - - default default] Successfully bumped revision number for resource 1e503979-9648-45f3-ac72-dc3c7f4966b1 (type: router_ports) to 1
2026-06-26 04:48:26.323 10 INFO neutron.wsgi [None req-f97abaa7-34bf-49d0-86a8-0f96290f45a0 ec6c7648d83e4a789f48bcf73b30f214 4b6e303897f14492b20f5faf5e634299 - - default default] 10.0.0.33 "PUT /v2.0/routers/b9739679-5933-4acf-88d9-dc64cb1e9157/add_router_interface HTTP/1.1" status: 200 len: 503 time: 2.2126017
2026-06-26 04:48:26.369 10 INFO neutron.wsgi [None req-8030cb21-8a62-407b-add7-1555a131e139 ec6c7648d83e4a789f48bcf73b30f214 4b6e303897f14492b20f5faf5e634299 - - default default] 10.0.0.33 "GET /v2.0/ports/1e503979-9648-45f3-ac72-dc3c7f4966b1 HTTP/1.1" status: 200 len: 1147 time: 0.0404260
2026-06-26 04:48:26.424 10 INFO neutron.wsgi [None req-58cd0589-1db8-495f-80b7-aa9542f91f65 ec6c7648d83e4a789f48bcf73b30f214 4b6e303897f14492b20f5faf5e634299 - - default default] 10.0.0.33 "GET /v2.0/ports/1e503979-9648-45f3-ac72-dc3c7f4966b1 HTTP/1.1" status: 200 len: 1147 time: 0.0501614
2026-06-26 04:48:26.563 9 INFO neutron.wsgi [None req-331ccf26-36bc-4d2a-a66c-36662166413a f9d0a8e99fcc4c3eabd870184cc26a24 9f3d8edc4d5c4b01a47d0107063d7949 - - default default] 10.0.0.33 "GET /v2.0/subnets HTTP/1.1" status: 200 len: 2034 time: 0.3130791
2026-06-26 04:48:26.590 9 INFO neutron.wsgi [None req-8dc34414-1909-46a8-8a3b-3aef28329e8b b2f1064248764ce59d160c638f219194 33be12653db14cb7a0c09baae80c8538 - - default default] 10.0.0.33 "DELETE /v2.0/ports/c5467ed3-7024-4945-84af-faf439b9d0cb HTTP/1.1" status: 204 len: 168 time: 0.7524934
2026-06-26 04:48:26.616 9 INFO neutron.wsgi [None req-17ed8651-1fa8-45c2-be55-c5355e0edb59 ded23f2cdb7e4c9295800275f6291be6 4e78bc56101241b69e3b16de49ca9730 - - default default] 10.0.0.33 "DELETE /v2.0/security-groups/291b278d-e217-4b49-88ec-71a269f5a42b HTTP/1.1" status: 204 len: 168 time: 0.6861928
2026-06-26 04:48:26.800 9 INFO neutron.wsgi [None req-b35a1a27-8a68-41ba-8214-a18944eaa79f f9d0a8e99fcc4c3eabd870184cc26a24 9f3d8edc4d5c4b01a47d0107063d7949 - - default default] 10.0.0.33 "DELETE /v2.0/subnets/ec4d10a1-28c6-4470-b3a1-a25de2fc0213 HTTP/1.1" status: 204 len: 168 time: 0.2301965
2026-06-26 04:48:26.905 10 INFO neutron.wsgi [None req-deab8d2b-ece9-4528-8ea6-a3a8fc1bfdd0 b2f1064248764ce59d160c638f219194 33be12653db14cb7a0c09baae80c8538 - - default default] 10.0.0.33 "DELETE /v2.0/ports/0bac87d6-9008-4e40-9ee6-b0650e147549 HTTP/1.1" status: 204 len: 168 time: 0.3070197
2026-06-26 04:48:27.036 9 INFO neutron.wsgi [None req-12697fe5-5d85-41a7-8602-870bceeac1d2 f9d0a8e99fcc4c3eabd870184cc26a24 9f3d8edc4d5c4b01a47d0107063d7949 - - default default] 10.0.0.33 "DELETE /v2.0/subnets/2f80b9a1-1f17-4d60-8bda-bcc91e3fafd3 HTTP/1.1" status: 204 len: 168 time: 0.2317696
2026-06-26 04:48:27.109 10 INFO neutron.wsgi [None req-8cbfde29-9b8e-45f1-9bd7-fe65fb1a6c8b f9d0a8e99fcc4c3eabd870184cc26a24 9f3d8edc4d5c4b01a47d0107063d7949 - - default default] 10.0.0.33 "GET /v2.0/subnets HTTP/1.1" status: 200 len: 820 time: 0.0614364
2026-06-26 04:48:27.335 10 INFO neutron.services.segments.plugin [-] Segment 43152553-8283-4b5c-8f6f-d732812150f8 resource provider aggregate not found
2026-06-26 04:48:27.343 10 INFO neutron.services.segments.plugin [-] Segment 43152553-8283-4b5c-8f6f-d732812150f8 resource provider aggregate not found
2026-06-26 04:48:27.361 10 INFO neutron.services.segments.plugin [-] Segment 43152553-8283-4b5c-8f6f-d732812150f8 resource provider not found; error: Placement Client Error (4xx): {"errors": [{"status": 404, "title": "Not Found", "detail": "The resource could not be found.\n\n No resource provider with uuid 43152553-8283-4b5c-8f6f-d732812150f8 found for delete ", "request_id": "req-ff6a78f4-b63c-44ba-a54b-51871a151ffa"}]}
2026-06-26 04:48:27.365 10 INFO neutron.services.segments.plugin [-] Segment 43152553-8283-4b5c-8f6f-d732812150f8 resource provider not found; error: Placement Client Error (4xx): {"errors": [{"status": 404, "title": "Not Found", "detail": "The resource could not be found.\n\n No resource provider with uuid 43152553-8283-4b5c-8f6f-d732812150f8 found for delete ", "request_id": "req-4f9aef1f-6177-45dd-a85c-9e6d408189af"}]}
2026-06-26 04:48:27.375 10 INFO neutron.wsgi [None req-c2d0eeb6-76c6-4c3c-a98c-6934f313328e b2f1064248764ce59d160c638f219194 33be12653db14cb7a0c09baae80c8538 - - default default] 10.0.0.33 "DELETE /v2.0/networks/7f1bff5e-69e1-4469-88ab-2df8b811752f HTTP/1.1" status: 204 len: 168 time: 0.4642143
2026-06-26 04:48:27.515 10 INFO neutron.wsgi [None req-eeb10265-9836-45e2-816b-d9437f006557 ec6c7648d83e4a789f48bcf73b30f214 4b6e303897f14492b20f5faf5e634299 - - default default] 10.0.0.33 "GET /v2.0/ports/1e503979-9648-45f3-ac72-dc3c7f4966b1 HTTP/1.1" status: 200 len: 1147 time: 0.0868862
2026-06-26 04:48:27.534 9 INFO neutron.services.segments.plugin [-] Segment dc702af1-d19a-4e62-a578-e40d6df13381 resource provider aggregate not found
2026-06-26 04:48:27.546 9 INFO neutron.services.segments.plugin [-] Segment dc702af1-d19a-4e62-a578-e40d6df13381 resource provider aggregate not found
2026-06-26 04:48:27.562 9 INFO neutron.services.segments.plugin [-] Segment dc702af1-d19a-4e62-a578-e40d6df13381 resource provider not found; error: Placement Client Error (4xx): {"errors": [{"status": 404, "title": "Not Found", "detail": "The resource could not be found.\n\n No resource provider with uuid dc702af1-d19a-4e62-a578-e40d6df13381 found for delete ", "request_id": "req-293c81f4-98cc-46ba-b24e-20a31d989a49"}]}
2026-06-26 04:48:27.563 9 INFO neutron.services.segments.plugin [-] Segment dc702af1-d19a-4e62-a578-e40d6df13381 resource provider not found; error: Placement Client Error (4xx): {"errors": [{"status": 404, "title": "Not Found", "detail": "The resource could not be found.\n\n No resource provider with uuid dc702af1-d19a-4e62-a578-e40d6df13381 found for delete ", "request_id": "req-ac0a4f15-5d06-4c97-84c5-e67b01353a42"}]}
2026-06-26 04:48:27.573 9 INFO neutron.wsgi [None req-d3e01b72-35d2-4f91-89ba-cebc6d651569 f9d0a8e99fcc4c3eabd870184cc26a24 9f3d8edc4d5c4b01a47d0107063d7949 - - default default] 10.0.0.33 "DELETE /v2.0/networks/a8b2f3a3-e9de-483c-a148-61058eefa921 HTTP/1.1" status: 204 len: 168 time: 0.4554286
2026-06-26 04:48:27.846 9 INFO neutron.wsgi [None req-0fe20167-2387-437d-b901-a425432ad047 b2f1064248764ce59d160c638f219194 33be12653db14cb7a0c09baae80c8538 - - default default] 10.0.0.33 "DELETE /v2.0/networks/2ac747c9-d7c0-4225-ac79-1aaab631fb9f HTTP/1.1" status: 204 len: 168 time: 0.4657183
2026-06-26 04:48:28.003 10 INFO neutron.wsgi [None req-1edc0432-2fcc-425f-9df7-a7a75492f8ca f9d0a8e99fcc4c3eabd870184cc26a24 9f3d8edc4d5c4b01a47d0107063d7949 - - default default] 10.0.0.33 "DELETE /v2.0/networks/384e9e83-b194-4795-988b-4e947b492993 HTTP/1.1" status: 204 len: 168 time: 0.4235580
2026-06-26 04:48:28.307 10 INFO neutron.wsgi [None req-bfd4aaa1-7593-44f9-92b6-33061d5adabe b2f1064248764ce59d160c638f219194 33be12653db14cb7a0c09baae80c8538 - - default default] 10.0.0.33 "DELETE /v2.0/networks/fba6c3e4-9ee8-47fa-bbf0-b168db071dfa HTTP/1.1" status: 204 len: 168 time: 0.4550545
2026-06-26 04:48:28.424 9 INFO neutron.wsgi [None req-17e760d6-b8cf-4472-931c-d63623bf217e f9d0a8e99fcc4c3eabd870184cc26a24 9f3d8edc4d5c4b01a47d0107063d7949 - - default default] 10.0.0.33 "DELETE /v2.0/networks/9a31b780-eaff-47c3-a236-9749baa74a67 HTTP/1.1" status: 204 len: 168 time: 0.4150391
2026-06-26 04:48:28.640 9 INFO neutron.wsgi [None req-25a4140b-05bb-43b8-8b54-817e0182841b ec6c7648d83e4a789f48bcf73b30f214 4b6e303897f14492b20f5faf5e634299 - - default default] 10.0.0.33 "GET /v2.0/ports/1e503979-9648-45f3-ac72-dc3c7f4966b1 HTTP/1.1" status: 200 len: 1147 time: 0.1179979
2026-06-26 04:48:28.811 9 INFO neutron.wsgi [None req-f4ec0053-7018-475e-a620-bc7f926a1ac6 b2f1064248764ce59d160c638f219194 33be12653db14cb7a0c09baae80c8538 - - default default] 10.0.0.33 "DELETE /v2.0/networks/916fca79-8d8b-48c0-8cdd-12957aa75af4 HTTP/1.1" status: 204 len: 168 time: 0.4974976
2026-06-26 04:48:29.114 10 INFO neutron.wsgi [None req-161ed5f6-4984-4018-ad96-8b8302f8b0c2 f9d0a8e99fcc4c3eabd870184cc26a24 9f3d8edc4d5c4b01a47d0107063d7949 - - default default] 10.0.0.33 "DELETE /v2.0/networks/c7475d81-b917-45fb-b191-609d193d95a9 HTTP/1.1" status: 204 len: 168 time: 0.6846082
2026-06-26 04:48:29.309 9 INFO neutron.wsgi [None req-56eca0d5-0b5f-4883-93cd-b7c0db465f7a b2f1064248764ce59d160c638f219194 33be12653db14cb7a0c09baae80c8538 - - default default] 10.0.0.33 "DELETE /v2.0/networks/60914822-c261-4299-91d9-a6f412e0d8b5 HTTP/1.1" status: 204 len: 168 time: 0.4858856
2026-06-26 04:48:29.385 10 INFO neutron.services.segments.plugin [-] Segment 25699aa1-56dd-4a45-ac4c-9d2d4747b734 resource provider aggregate not found
2026-06-26 04:48:29.396 10 INFO neutron.services.segments.plugin [-] Segment 25699aa1-56dd-4a45-ac4c-9d2d4747b734 resource provider aggregate not found
2026-06-26 04:48:29.402 10 INFO neutron.services.segments.plugin [-] Segment 25699aa1-56dd-4a45-ac4c-9d2d4747b734 resource provider not found; error: Placement Client Error (4xx): {"errors": [{"status": 404, "title": "Not Found", "detail": "The resource could not be found.\n\n No resource provider with uuid 25699aa1-56dd-4a45-ac4c-9d2d4747b734 found for delete ", "request_id": "req-246450a2-20ee-42f9-bc84-b78bb2b9e2be"}]}
2026-06-26 04:48:29.418 10 INFO neutron.services.segments.plugin [-] Segment a49eb30b-3e1c-4381-aaf3-085e8ac40545 resource provider aggregate not found
2026-06-26 04:48:29.423 10 INFO neutron.services.segments.plugin [-] Segment 25699aa1-56dd-4a45-ac4c-9d2d4747b734 resource provider not found; error: Placement Client Error (4xx): {"errors": [{"status": 404, "title": "Not Found", "detail": "The resource could not be found.\n\n No resource provider with uuid 25699aa1-56dd-4a45-ac4c-9d2d4747b734 found for delete ", "request_id": "req-83b58997-849a-40bf-ad71-26925f12b207"}]}
2026-06-26 04:48:29.431 10 INFO neutron.services.segments.plugin [-] Segment a49eb30b-3e1c-4381-aaf3-085e8ac40545 resource provider not found; error: Placement Client Error (4xx): {"errors": [{"status": 404, "title": "Not Found", "detail": "The resource could not be found.\n\n No resource provider with uuid a49eb30b-3e1c-4381-aaf3-085e8ac40545 found for delete ", "request_id": "req-ca7ee8f1-d850-405d-9a90-f78bd2d31cf6"}]}
2026-06-26 04:48:29.435 10 INFO neutron.services.segments.plugin [-] Segment a49eb30b-3e1c-4381-aaf3-085e8ac40545 resource provider aggregate not found
2026-06-26 04:48:29.443 10 INFO neutron.services.segments.plugin [-] Segment 9dfdd74c-a1e3-43af-8584-d6c198471584 resource provider aggregate not found
2026-06-26 04:48:29.447 10 INFO neutron.services.segments.plugin [-] Segment a49eb30b-3e1c-4381-aaf3-085e8ac40545 resource provider not found; error: Placement Client Error (4xx): {"errors": [{"status": 404, "title": "Not Found", "detail": "The resource could not be found.\n\n No resource provider with uuid a49eb30b-3e1c-4381-aaf3-085e8ac40545 found for delete ", "request_id": "req-ce2e2d0a-8c2a-4f00-ae31-5c7d3266bd43"}]}
2026-06-26 04:48:29.459 10 INFO neutron.services.segments.plugin [-] Segment 9dfdd74c-a1e3-43af-8584-d6c198471584 resource provider not found; error: Placement Client Error (4xx): {"errors": [{"status": 404, "title": "Not Found", "detail": "The resource could not be found.\n\n No resource provider with uuid 9dfdd74c-a1e3-43af-8584-d6c198471584 found for delete ", "request_id": "req-ddddbb73-de22-4304-99d1-8620cd43e145"}]}
2026-06-26 04:48:29.460 10 INFO neutron.services.segments.plugin [-] Segment 9dfdd74c-a1e3-43af-8584-d6c198471584 resource provider aggregate not found
2026-06-26 04:48:29.476 10 INFO neutron.services.segments.plugin [-] Segment 9dfdd74c-a1e3-43af-8584-d6c198471584 resource provider not found; error: Placement Client Error (4xx): {"errors": [{"status": 404, "title": "Not Found", "detail": "The resource could not be found.\n\n No resource provider with uuid 9dfdd74c-a1e3-43af-8584-d6c198471584 found for delete ", "request_id": "req-c70181cc-2d3f-4456-958d-c6042e2db9a7"}]}
2026-06-26 04:48:29.598 9 INFO neutron.wsgi [None req-61755d4d-2330-4ecf-8d60-2f77e85e23b3 ded23f2cdb7e4c9295800275f6291be6 4e78bc56101241b69e3b16de49ca9730 - - default default] 10.0.0.68 "GET /v2.0/floatingips HTTP/1.1" status: 200 len: 193 time: 0.2660208
2026-06-26 04:48:29.609 9 INFO neutron.services.segments.plugin [-] Segment abc1af1b-4cdc-4a49-89e7-c17a1162b05d resource provider aggregate not found
2026-06-26 04:48:29.616 9 INFO neutron.wsgi [None req-3621f1fc-bf81-4fb9-ae84-b48b8c1f5dd5 ded23f2cdb7e4c9295800275f6291be6 4e78bc56101241b69e3b16de49ca9730 - - default default] 10.0.0.68 "GET /v2.0/network-ip-availabilities HTTP/1.1" status: 200 len: 2186 time: 0.0174913
2026-06-26 04:48:29.617 9 INFO neutron.services.segments.plugin [-] Segment abc1af1b-4cdc-4a49-89e7-c17a1162b05d resource provider aggregate not found
2026-06-26 04:48:29.634 9 INFO neutron.services.segments.plugin [-] Segment abc1af1b-4cdc-4a49-89e7-c17a1162b05d resource provider not found; error: Placement Client Error (4xx): {"errors": [{"status": 404, "title": "Not Found", "detail": "The resource could not be found.\n\n No resource provider with uuid abc1af1b-4cdc-4a49-89e7-c17a1162b05d found for delete ", "request_id": "req-73998430-de7a-425d-a7fd-7cb499692682"}]}
2026-06-26 04:48:29.639 9 INFO neutron.services.segments.plugin [-] Segment abc1af1b-4cdc-4a49-89e7-c17a1162b05d resource provider not found; error: Placement Client Error (4xx): {"errors": [{"status": 404, "title": "Not Found", "detail": "The resource could not be found.\n\n No resource provider with uuid abc1af1b-4cdc-4a49-89e7-c17a1162b05d found for delete ", "request_id": "req-dd5f525a-cfce-463c-9e4d-6d8ac2a781ce"}]}
2026-06-26 04:48:29.660 9 INFO neutron.services.segments.plugin [-] Segment 7ae05925-ddc6-443e-8de5-676c66ceb834 resource provider aggregate not found
2026-06-26 04:48:29.689 9 INFO neutron.services.segments.plugin [-] Segment 7ae05925-ddc6-443e-8de5-676c66ceb834 resource provider aggregate not found
2026-06-26 04:48:29.694 9 INFO neutron.services.segments.plugin [-] Segment 7ae05925-ddc6-443e-8de5-676c66ceb834 resource provider not found; error: Placement Client Error (4xx): {"errors": [{"status": 404, "title": "Not Found", "detail": "The resource could not be found.\n\n No resource provider with uuid 7ae05925-ddc6-443e-8de5-676c66ceb834 found for delete ", "request_id": "req-721580cf-b0ef-49ce-812e-e84b4df34e45"}]}
2026-06-26 04:48:29.702 10 INFO neutron.wsgi [None req-9691fac7-98b1-4a5d-99f7-dd7de8248b06 ec6c7648d83e4a789f48bcf73b30f214 4b6e303897f14492b20f5faf5e634299 - - default default] 10.0.0.33 "GET /v2.0/ports/1e503979-9648-45f3-ac72-dc3c7f4966b1 HTTP/1.1" status: 200 len: 1147 time: 0.0527871
2026-06-26 04:48:29.712 9 INFO neutron.services.segments.plugin [-] Segment 7ae05925-ddc6-443e-8de5-676c66ceb834 resource provider not found; error: Placement Client Error (4xx): {"errors": [{"status": 404, "title": "Not Found", "detail": "The resource could not be found.\n\n No resource provider with uuid 7ae05925-ddc6-443e-8de5-676c66ceb834 found for delete ", "request_id": "req-799f27a7-a42b-456b-bbff-5b47376fbef5"}]}
2026-06-26 04:48:29.729 9 INFO neutron.services.segments.plugin [-] Segment de5c5e52-25c5-4a40-964a-d549def76449 resource provider aggregate not found
2026-06-26 04:48:29.733 9 INFO neutron.services.segments.plugin [-] Segment de5c5e52-25c5-4a40-964a-d549def76449 resource provider aggregate not found
2026-06-26 04:48:29.743 9 INFO neutron.services.segments.plugin [-] Segment de5c5e52-25c5-4a40-964a-d549def76449 resource provider not found; error: Placement Client Error (4xx): {"errors": [{"status": 404, "title": "Not Found", "detail": "The resource could not be found.\n\n No resource provider with uuid de5c5e52-25c5-4a40-964a-d549def76449 found for delete ", "request_id": "req-9c51b5b3-a611-4cbd-b81e-22a7a5897f99"}]}
2026-06-26 04:48:29.747 9 INFO neutron.services.segments.plugin [-] Segment de5c5e52-25c5-4a40-964a-d549def76449 resource provider not found; error: Placement Client Error (4xx): {"errors": [{"status": 404, "title": "Not Found", "detail": "The resource could not be found.\n\n No resource provider with uuid de5c5e52-25c5-4a40-964a-d549def76449 found for delete ", "request_id": "req-76c701be-1037-4a58-8353-c9af2f325eb7"}]}
2026-06-26 04:48:29.761 9 INFO neutron.wsgi [None req-01212d68-6db3-4349-8484-86a4a0d19562 ded23f2cdb7e4c9295800275f6291be6 4e78bc56101241b69e3b16de49ca9730 - - default default] 10.0.0.68 "GET /v2.0/routers HTTP/1.1" status: 200 len: 803 time: 0.1407421
2026-06-26 04:48:29.763 9 INFO neutron.services.segments.plugin [-] Segment b93e3265-ee3c-41e2-8e09-3b38267b76ec resource provider aggregate not found
2026-06-26 04:48:29.771 9 INFO neutron.services.segments.plugin [-] Segment b93e3265-ee3c-41e2-8e09-3b38267b76ec resource provider aggregate not found
2026-06-26 04:48:29.781 9 INFO neutron.services.segments.plugin [-] Segment b93e3265-ee3c-41e2-8e09-3b38267b76ec resource provider not found; error: Placement Client Error (4xx): {"errors": [{"status": 404, "title": "Not Found", "detail": "The resource could not be found.\n\n No resource provider with uuid b93e3265-ee3c-41e2-8e09-3b38267b76ec found for delete ", "request_id": "req-25346be5-aa9e-4b6c-b3d9-13d4dae9e8d7"}]}
2026-06-26 04:48:29.788 9 INFO neutron.wsgi [None req-be33dfe8-8b23-4ee3-956c-b9c80adec61e ded23f2cdb7e4c9295800275f6291be6 4e78bc56101241b69e3b16de49ca9730 - - default default] 10.0.0.68 "GET /v2.0/agents?binary=ovn-controller HTTP/1.1" status: 200 len: 591 time: 0.0256894
2026-06-26 04:48:29.789 9 INFO neutron.services.segments.plugin [-] Segment b93e3265-ee3c-41e2-8e09-3b38267b76ec resource provider not found; error: Placement Client Error (4xx): {"errors": [{"status": 404, "title": "Not Found", "detail": "The resource could not be found.\n\n No resource provider with uuid b93e3265-ee3c-41e2-8e09-3b38267b76ec found for delete ", "request_id": "req-55a6c81a-3376-446e-98bf-38ba16dc101e"}]}
2026-06-26 04:48:29.806 9 INFO neutron.wsgi [None req-b38581f2-e022-49e1-bb0c-ad2898c0e2e9 ded23f2cdb7e4c9295800275f6291be6 4e78bc56101241b69e3b16de49ca9730 - - default default] 10.0.0.68 "GET /v2.0/agents HTTP/1.1" status: 200 len: 1390 time: 0.0147440
2026-06-26 04:48:29.833 10 INFO neutron.wsgi [None req-7e608f44-68cc-43d5-856d-020ca931bd01 ded23f2cdb7e4c9295800275f6291be6 4e78bc56101241b69e3b16de49ca9730 - - default default] 10.0.0.33 "GET /v2.0/security-groups?tenant_id=9f3d8edc4d5c4b01a47d0107063d7949&name=default HTTP/1.1" status: 200 len: 3120 time: 0.2058778
2026-06-26 04:48:29.853 9 INFO neutron.wsgi [None req-098d9954-0cab-4511-a5bc-9a5d3b7fed8b ded23f2cdb7e4c9295800275f6291be6 4e78bc56101241b69e3b16de49ca9730 - - default default] 10.0.0.68 "GET /v2.0/subnets HTTP/1.1" status: 200 len: 2706 time: 0.0451472
2026-06-26 04:48:29.865 9 INFO neutron.wsgi [None req-7a1d26d1-09ec-4451-9a03-d30574cf2046 ded23f2cdb7e4c9295800275f6291be6 4e78bc56101241b69e3b16de49ca9730 - - default default] 10.0.0.68 "GET /v2.0/subnetpools HTTP/1.1" status: 200 len: 193 time: 0.0114651
2026-06-26 04:48:29.906 9 INFO neutron.wsgi [None req-df34e8ae-f2b7-4a59-b30d-54ae889c6227 ded23f2cdb7e4c9295800275f6291be6 4e78bc56101241b69e3b16de49ca9730 - - default default] 10.0.0.68 "GET /v2.0/subnets HTTP/1.1" status: 200 len: 2706 time: 0.0405064
2026-06-26 04:48:30.032 9 INFO neutron.wsgi [None req-27b56eec-9db4-430a-b165-636bcf993d1a ded23f2cdb7e4c9295800275f6291be6 4e78bc56101241b69e3b16de49ca9730 - - default default] 10.0.0.68 "GET /v2.0/networks HTTP/1.1" status: 200 len: 3842 time: 0.1246519
2026-06-26 04:48:30.103 9 INFO neutron.wsgi [None req-51126b82-aa8f-41b3-aeed-af02be9dbddd ded23f2cdb7e4c9295800275f6291be6 4e78bc56101241b69e3b16de49ca9730 - - default default] 10.0.0.68 "GET /v2.0/security-groups HTTP/1.1" status: 200 len: 26286 time: 0.0675895
2026-06-26 04:48:30.103 10 INFO neutron.wsgi [None req-fe4e4fd7-abb3-4c63-a80a-5dfce9dc8f96 ded23f2cdb7e4c9295800275f6291be6 4e78bc56101241b69e3b16de49ca9730 - - default default] 10.0.0.33 "DELETE /v2.0/security-groups/4abc6f46-5c53-46f4-aee5-31a57ca4ae4c HTTP/1.1" status: 204 len: 168 time: 0.2644408
2026-06-26 04:48:30.179 9 WARNING neutron.plugins.ml2.drivers.ovn.mech_driver.ovsdb.ovn_client [None req-9bff111f-9d5d-4006-ab7a-7deeb4049bf7 - - - - - -] No hosting information found for port cf798244-dcb1-4195-b05e-bab290530c0b: RuntimeError: No hosting information found for port cf798244-dcb1-4195-b05e-bab290530c0b
2026-06-26 04:48:30.179 9 INFO neutron.plugins.ml2.drivers.ovn.mech_driver.mech_driver [None req-9bff111f-9d5d-4006-ab7a-7deeb4049bf7 - - - - - -] OVN reports status up for port: 1e503979-9648-45f3-ac72-dc3c7f4966b1
2026-06-26 04:48:30.207 9 INFO neutron.wsgi [None req-75055fca-4fe9-45d2-9d16-b38c65c65e10 ded23f2cdb7e4c9295800275f6291be6 4e78bc56101241b69e3b16de49ca9730 - - default default] 10.0.0.68 "GET /v2.0/ports HTTP/1.1" status: 200 len: 9223 time: 0.0954967
2026-06-26 04:48:30.221 9 INFO neutron.plugins.ml2.plugin [None req-9bff111f-9d5d-4006-ab7a-7deeb4049bf7 - - - - - -] Attempt 1 to provision port 1e503979-9648-45f3-ac72-dc3c7f4966b1
2026-06-26 04:48:30.226 9 INFO neutron.wsgi [None req-6382f48a-2438-45de-9af7-d79602faa843 ded23f2cdb7e4c9295800275f6291be6 4e78bc56101241b69e3b16de49ca9730 - - default default] 10.0.0.33 "GET /v2.0/security-groups?tenant_id=33be12653db14cb7a0c09baae80c8538&name=default HTTP/1.1" status: 200 len: 3120 time: 0.2359421
2026-06-26 04:48:30.452 10 INFO neutron.wsgi [None req-12a2ad2c-9692-4c29-b11c-c12eeab0bc8b ded23f2cdb7e4c9295800275f6291be6 4e78bc56101241b69e3b16de49ca9730 - - default default] 10.0.0.33 "DELETE /v2.0/security-groups/d995aab6-22f4-491e-9221-931713db93cc HTTP/1.1" status: 204 len: 168 time: 0.2171929
2026-06-26 04:48:30.732 10 INFO neutron.db.ovn_revision_numbers_db [None req-297ff0c2-7a64-4e53-8a2e-bfdf9922e744 ded23f2cdb7e4c9295800275f6291be6 4e78bc56101241b69e3b16de49ca9730 - - default default] Successfully bumped revision number for resource 493bec2e-e567-4a4a-9ef1-69d8a3cd4867 (type: security_groups) to 1
2026-06-26 04:48:30.757 9 INFO neutron.wsgi [None req-d9cf47a5-625f-4b64-9830-492f81d550ba ec6c7648d83e4a789f48bcf73b30f214 4b6e303897f14492b20f5faf5e634299 - - default default] 10.0.0.33 "GET /v2.0/ports/1e503979-9648-45f3-ac72-dc3c7f4966b1 HTTP/1.1" status: 200 len: 1149 time: 0.0404718
2026-06-26 04:48:30.793 10 INFO neutron.db.ovn_revision_numbers_db [None req-297ff0c2-7a64-4e53-8a2e-bfdf9922e744 ded23f2cdb7e4c9295800275f6291be6 4e78bc56101241b69e3b16de49ca9730 - - default default] Successfully bumped revision number for resource a805390f-eb52-4669-b8df-7ae50520f5d5 (type: security_group_rules) to 0
2026-06-26 04:48:30.820 10 INFO neutron.db.ovn_revision_numbers_db [None req-297ff0c2-7a64-4e53-8a2e-bfdf9922e744 ded23f2cdb7e4c9295800275f6291be6 4e78bc56101241b69e3b16de49ca9730 - - default default] Successfully bumped revision number for resource bc092d65-f8a9-4c65-9cb2-411f91fa6e79 (type: security_group_rules) to 0
2026-06-26 04:48:30.848 10 INFO neutron.db.ovn_revision_numbers_db [None req-297ff0c2-7a64-4e53-8a2e-bfdf9922e744 ded23f2cdb7e4c9295800275f6291be6 4e78bc56101241b69e3b16de49ca9730 - - default default] Successfully bumped revision number for resource bc8bfc06-5730-4617-b592-c9c07588312e (type: security_group_rules) to 0
2026-06-26 04:48:30.865 10 INFO neutron.db.ovn_revision_numbers_db [None req-297ff0c2-7a64-4e53-8a2e-bfdf9922e744 ded23f2cdb7e4c9295800275f6291be6 4e78bc56101241b69e3b16de49ca9730 - - default default] Successfully bumped revision number for resource e2617f38-9820-49bb-9aba-35d1e74ccfc0 (type: security_group_rules) to 0
2026-06-26 04:48:30.906 10 INFO neutron.wsgi [None req-297ff0c2-7a64-4e53-8a2e-bfdf9922e744 ded23f2cdb7e4c9295800275f6291be6 4e78bc56101241b69e3b16de49ca9730 - - default default] 10.0.0.33 "GET /v2.0/security-groups?tenant_id=f84789e5c0ca46f499c397f47608f694&name=default HTTP/1.1" status: 200 len: 3120 time: 0.3067691
2026-06-26 04:48:30.957 9 INFO neutron.db.ovn_revision_numbers_db [None req-9bff111f-9d5d-4006-ab7a-7deeb4049bf7 - - - - - -] Successfully bumped revision number for resource 1e503979-9648-45f3-ac72-dc3c7f4966b1 (type: ports) to 2
2026-06-26 04:48:31.125 9 INFO neutron.db.ovn_revision_numbers_db [None req-9bff111f-9d5d-4006-ab7a-7deeb4049bf7 - - - - - -] Successfully bumped revision number for resource 1e503979-9648-45f3-ac72-dc3c7f4966b1 (type: router_ports) to 2
2026-06-26 04:48:31.234 9 INFO neutron.wsgi [None req-7de77828-c6c5-4509-aa3b-340b1661af14 ded23f2cdb7e4c9295800275f6291be6 4e78bc56101241b69e3b16de49ca9730 - - default default] 10.0.0.33 "DELETE /v2.0/security-groups/493bec2e-e567-4a4a-9ef1-69d8a3cd4867 HTTP/1.1" status: 204 len: 168 time: 0.3231802
2026-06-26 04:48:31.502 9 INFO neutron.db.ovn_revision_numbers_db [None req-8cbab037-5271-46e0-aef9-0b4fe4304ec1 ded23f2cdb7e4c9295800275f6291be6 4e78bc56101241b69e3b16de49ca9730 - - default default] Successfully bumped revision number for resource 5f0996ed-a238-488f-abae-3a38d1610c3c (type: security_groups) to 1
2026-06-26 04:48:31.517 9 INFO neutron.db.ovn_revision_numbers_db [None req-8cbab037-5271-46e0-aef9-0b4fe4304ec1 ded23f2cdb7e4c9295800275f6291be6 4e78bc56101241b69e3b16de49ca9730 - - default default] Successfully bumped revision number for resource 1db865b8-98ed-43b5-b2a1-9ee948e545bb (type: security_group_rules) to 0
2026-06-26 04:48:31.533 9 INFO neutron.db.ovn_revision_numbers_db [None req-8cbab037-5271-46e0-aef9-0b4fe4304ec1 ded23f2cdb7e4c9295800275f6291be6 4e78bc56101241b69e3b16de49ca9730 - - default default] Successfully bumped revision number for resource 5abe2f27-4572-40fc-a7b0-ce0632021fff (type: security_group_rules) to 0
2026-06-26 04:48:31.548 9 INFO neutron.db.ovn_revision_numbers_db [None req-8cbab037-5271-46e0-aef9-0b4fe4304ec1 ded23f2cdb7e4c9295800275f6291be6 4e78bc56101241b69e3b16de49ca9730 - - default default] Successfully bumped revision number for resource 6d97046e-fff8-45d2-b64a-000dc4e17b4c (type: security_group_rules) to 0
2026-06-26 04:48:31.564 9 INFO neutron.db.ovn_revision_numbers_db [None req-8cbab037-5271-46e0-aef9-0b4fe4304ec1 ded23f2cdb7e4c9295800275f6291be6 4e78bc56101241b69e3b16de49ca9730 - - default default] Successfully bumped revision number for resource 9e0bb5e8-273c-4cb8-b2c4-a7685fcc04de (type: security_group_rules) to 0
2026-06-26 04:48:31.574 10 INFO neutron.wsgi [None req-a16c45f1-3a18-48e8-8a71-9716831225dc ec6c7648d83e4a789f48bcf73b30f214 4b6e303897f14492b20f5faf5e634299 - - default default] 10.0.0.33 "PUT /v2.0/routers/b9739679-5933-4acf-88d9-dc64cb1e9157/remove_router_interface HTTP/1.1" status: 200 len: 503 time: 0.8100593
