2026-06-26 04:51:11.009 9 INFO neutron.db.ovn_revision_numbers_db [None req-1b35a70b-4ac8-4697-ad8a-af8c72745b17 ded23f2cdb7e4c9295800275f6291be6 4e78bc56101241b69e3b16de49ca9730 - - default default] Successfully bumped revision number for resource a3261a8c-4b77-4be9-94de-8980ac768ef0 (type: security_group_rules) to 0
2026-06-26 04:51:11.028 9 INFO neutron.wsgi [None req-1b35a70b-4ac8-4697-ad8a-af8c72745b17 ded23f2cdb7e4c9295800275f6291be6 4e78bc56101241b69e3b16de49ca9730 - - default default] 10.0.0.33 "GET /v2.0/security-groups?tenant_id=15ae563c1d4c4f23bd71c920cc9fa177&name=default HTTP/1.1" status: 200 len: 3124 time: 0.8317413
2026-06-26 04:51:11.322 10 INFO neutron.wsgi [None req-955c44c6-a17e-474e-8d3d-deff2b4c74b7 ded23f2cdb7e4c9295800275f6291be6 4e78bc56101241b69e3b16de49ca9730 - - default default] 10.0.0.33 "DELETE /v2.0/security-groups/4ca5da88-4bf1-455e-875f-dd9d2e2e9da8 HTTP/1.1" status: 204 len: 168 time: 0.2766275
2026-06-26 04:51:11.578 9 INFO neutron.db.ovn_revision_numbers_db [None req-b0c16c9a-cb3c-4d30-8503-82ca24ae570b 9d09bb75b17a40f698b8ce9924ea28f9 1d2f17dd68f74d92a4686a60f490467a - - default default] Successfully bumped revision number for resource 5131c45c-f01d-4be4-82a3-b4e60563258e (type: routers) to 5
2026-06-26 04:51:11.617 9 INFO neutron.wsgi [None req-b0c16c9a-cb3c-4d30-8503-82ca24ae570b 9d09bb75b17a40f698b8ce9924ea28f9 1d2f17dd68f74d92a4686a60f490467a - - default default] 10.0.0.33 "POST /v2.0/vpn/ipsec-site-connections HTTP/1.1" status: 201 len: 1001 time: 1.4671772
2026-06-26 04:51:11.628 9 WARNING neutron_lib.context [None req-24e6a984-8110-499f-be6e-3b4bf81d3dd4 9d09bb75b17a40f698b8ce9924ea28f9 1d2f17dd68f74d92a4686a60f490467a - - default default] Method 'is_advsvc' is deprecated since 2023.2 release (neutron-lib 3.8.0) and will be removed once support for the old RBAC API policies will be removed from Neutron. Please use method 'is_service_role' instead.
2026-06-26 04:51:11.673 9 INFO neutron.wsgi [None req-24e6a984-8110-499f-be6e-3b4bf81d3dd4 9d09bb75b17a40f698b8ce9924ea28f9 1d2f17dd68f74d92a4686a60f490467a - - default default] 10.0.0.33 "POST /v2.0/vpn/endpoint-groups HTTP/1.1" status: 201 len: 489 time: 0.0502429
2026-06-26 04:51:11.732 9 INFO neutron.wsgi [None req-c72843c2-745a-4c64-ab4b-5824c84a4afc 9d09bb75b17a40f698b8ce9924ea28f9 1d2f17dd68f74d92a4686a60f490467a - - default default] 10.0.0.33 "DELETE /v2.0/vpn/endpoint-groups/c43af105-8528-435a-b36a-549f39ca8be8 HTTP/1.1" status: 204 len: 168 time: 0.0533216
2026-06-26 04:51:11.749 9 INFO neutron.wsgi [None req-99d26aba-39c7-4309-9c85-8acc212ef44b 9d09bb75b17a40f698b8ce9924ea28f9 1d2f17dd68f74d92a4686a60f490467a - - default default] 10.0.0.33 "GET /v2.0/vpn/endpoint-groups HTTP/1.1" status: 200 len: 826 time: 0.0121517
2026-06-26 04:51:11.770 9 INFO neutron.wsgi [None req-2c3eaaa7-e6bc-4d67-94f5-c2181c26b815 9d09bb75b17a40f698b8ce9924ea28f9 1d2f17dd68f74d92a4686a60f490467a - - default default] 10.0.0.33 "GET /v2.0/vpn/endpoint-groups HTTP/1.1" status: 200 len: 826 time: 0.0161676
2026-06-26 04:51:12.495 9 INFO neutron.wsgi [None req-e8fcf38c-99f0-4104-b4c8-1d9c9f677eaf 78bcb9630ecf4ee983f3381571b0d9ef 460335901a9c4daa9750895eb1d03636 - - default default] 10.0.0.33 "POST /v2.0/vpn/ikepolicies HTTP/1.1" status: 201 len: 602 time: 0.3092256
2026-06-26 04:51:12.515 10 INFO neutron.wsgi [None req-c7372c18-2683-43e9-b227-f3ce07711b5c 9d09bb75b17a40f698b8ce9924ea28f9 1d2f17dd68f74d92a4686a60f490467a - - default default] 10.0.0.33 "GET /v2.0/vpn/ikepolicies HTTP/1.1" status: 200 len: 992 time: 0.0140305
2026-06-26 04:51:12.559 9 INFO neutron.wsgi [None req-e4abaad4-2318-40d0-a594-2ca5b4dbad67 78bcb9630ecf4ee983f3381571b0d9ef 460335901a9c4daa9750895eb1d03636 - - default default] 10.0.0.33 "DELETE /v2.0/vpn/ikepolicies/dddef9e0-9067-4647-81f2-8d5d6734fe10 HTTP/1.1" status: 204 len: 168 time: 0.0381954
2026-06-26 04:51:12.614 10 INFO neutron.wsgi [None req-fc69d0f3-0031-4241-8a2a-1cfc7eb572c4 78bcb9630ecf4ee983f3381571b0d9ef 460335901a9c4daa9750895eb1d03636 - - default default] 10.0.0.33 "POST /v2.0/vpn/ipsecpolicies HTTP/1.1" status: 201 len: 610 time: 0.0482097
2026-06-26 04:51:12.635 10 INFO neutron.wsgi [None req-6973233d-f85e-4217-9c33-9239deaeb437 9d09bb75b17a40f698b8ce9924ea28f9 1d2f17dd68f74d92a4686a60f490467a - - default default] 10.0.0.33 "GET /v2.0/vpn/ipsecpolicies HTTP/1.1" status: 200 len: 1006 time: 0.0137105
2026-06-26 04:51:12.673 10 INFO neutron.wsgi [None req-cf6c3c51-6082-409a-8e28-c2bc7c08aa83 78bcb9630ecf4ee983f3381571b0d9ef 460335901a9c4daa9750895eb1d03636 - - default default] 10.0.0.33 "DELETE /v2.0/vpn/ipsecpolicies/94b3660e-828f-4796-9004-4a8f1d78a0bb HTTP/1.1" status: 204 len: 168 time: 0.0338590
2026-06-26 04:51:12.685 10 WARNING neutron_lib.context [None req-8b4e35b5-d664-48e5-8755-e7e877f0d340 9d09bb75b17a40f698b8ce9924ea28f9 1d2f17dd68f74d92a4686a60f490467a - - default default] Method 'is_advsvc' is deprecated since 2023.2 release (neutron-lib 3.8.0) and will be removed once support for the old RBAC API policies will be removed from Neutron. Please use method 'is_service_role' instead.
2026-06-26 04:51:12.776 10 INFO neutron.db.segments_db [None req-8b4e35b5-d664-48e5-8755-e7e877f0d340 9d09bb75b17a40f698b8ce9924ea28f9 1d2f17dd68f74d92a4686a60f490467a - - default default] Added segment 2576be46-b236-48cc-9cec-066193ffedf2 of type geneve for network 701a0685-e1f6-4e31-9001-ab98c021acf1
2026-06-26 04:51:12.960 10 INFO neutron.db.ovn_revision_numbers_db [None req-8b4e35b5-d664-48e5-8755-e7e877f0d340 9d09bb75b17a40f698b8ce9924ea28f9 1d2f17dd68f74d92a4686a60f490467a - - default default] Successfully bumped revision number for resource 701a0685-e1f6-4e31-9001-ab98c021acf1 (type: networks) to 1
2026-06-26 04:51:12.993 10 INFO neutron.wsgi [req-ff1a24ed-d0b5-4dae-bcb2-adc87066db62 req-233c64c9-6113-477b-b23e-980caba872f0 ded23f2cdb7e4c9295800275f6291be6 4e78bc56101241b69e3b16de49ca9730 - - default default] 10.0.0.210 "GET /v2.0/security-groups?id=057895a6-537f-4b2b-a339-2d9212cd2884&fields=id HTTP/1.1" status: 200 len: 267 time: 0.0774651
2026-06-26 04:51:13.109 10 INFO neutron.wsgi [req-ff1a24ed-d0b5-4dae-bcb2-adc87066db62 req-1e77338f-383e-4f65-a8f2-c2d8978b664b ded23f2cdb7e4c9295800275f6291be6 4e78bc56101241b69e3b16de49ca9730 - - default default] 10.0.0.210 "GET /v2.0/networks?id=c31e08ec-632d-41b5-b8d9-dc63e8467b04 HTTP/1.1" status: 200 len: 937 time: 0.1085925
2026-06-26 04:51:13.135 10 INFO neutron.wsgi [req-ff1a24ed-d0b5-4dae-bcb2-adc87066db62 req-e25e0a17-42d2-4d63-b510-bdee3b242e05 ded23f2cdb7e4c9295800275f6291be6 4e78bc56101241b69e3b16de49ca9730 - - default default] 10.0.0.210 "GET /v2.0/quotas/4e78bc56101241b69e3b16de49ca9730 HTTP/1.1" status: 200 len: 490 time: 0.0178654
2026-06-26 04:51:13.203 10 INFO neutron.wsgi [req-ff1a24ed-d0b5-4dae-bcb2-adc87066db62 req-784ed337-f004-4226-a158-f606a74377b0 ded23f2cdb7e4c9295800275f6291be6 4e78bc56101241b69e3b16de49ca9730 - - default default] 10.0.0.210 "GET /v2.0/ports?tenant_id=4e78bc56101241b69e3b16de49ca9730&fields=id HTTP/1.1" status: 200 len: 348 time: 0.0612485
2026-06-26 04:51:13.232 10 WARNING neutron.scheduler.dhcp_agent_scheduler [None req-8b4e35b5-d664-48e5-8755-e7e877f0d340 9d09bb75b17a40f698b8ce9924ea28f9 1d2f17dd68f74d92a4686a60f490467a - - default default] No more DHCP agents
2026-06-26 04:51:13.233 10 WARNING neutron.api.rpc.agentnotifiers.dhcp_rpc_agent_api [None req-8b4e35b5-d664-48e5-8755-e7e877f0d340 9d09bb75b17a40f698b8ce9924ea28f9 1d2f17dd68f74d92a4686a60f490467a - - default default] Unable to schedule network 701a0685-e1f6-4e31-9001-ab98c021acf1: no agents available; will retry on subsequent port and subnet creation events.
2026-06-26 04:51:13.328 10 INFO neutron.db.ovn_revision_numbers_db [None req-8b4e35b5-d664-48e5-8755-e7e877f0d340 9d09bb75b17a40f698b8ce9924ea28f9 1d2f17dd68f74d92a4686a60f490467a - - default default] Successfully bumped revision number for resource 5a513317-9ad2-4119-9bb2-9c75d1809117 (type: ports) to 1
2026-06-26 04:51:13.354 10 INFO neutron.wsgi [None req-8b4e35b5-d664-48e5-8755-e7e877f0d340 9d09bb75b17a40f698b8ce9924ea28f9 1d2f17dd68f74d92a4686a60f490467a - - default default] 10.0.0.33 "POST /v2.0/networks HTTP/1.1" status: 201 len: 830 time: 0.6754372
2026-06-26 04:51:13.366 10 WARNING neutron_lib.context [None req-442a1603-47f9-4604-a1ab-1f8e6c95711a 9d09bb75b17a40f698b8ce9924ea28f9 1d2f17dd68f74d92a4686a60f490467a - - default default] Method 'is_advsvc' is deprecated since 2023.2 release (neutron-lib 3.8.0) and will be removed once support for the old RBAC API policies will be removed from Neutron. Please use method 'is_service_role' instead.
2026-06-26 04:51:13.483 10 INFO neutron.wsgi [req-ff1a24ed-d0b5-4dae-bcb2-adc87066db62 req-e7cbf976-d1bf-4956-9f78-7527958ee6da 2047ee2ac40246c8999cc5d0c321baf3 6a3ebc89a7834f51af0baf2525307d97 - - 857fa6daf8bd4b9082a0ee3bd252bcf1 857fa6daf8bd4b9082a0ee3bd252bcf1] 10.0.0.210 "GET /v2.0/networks/c31e08ec-632d-41b5-b8d9-dc63e8467b04?fields=segments HTTP/1.1" status: 200 len: 212 time: 0.2648268
2026-06-26 04:51:13.570 10 INFO neutron.wsgi [req-ff1a24ed-d0b5-4dae-bcb2-adc87066db62 req-cb0408a3-c96a-44cb-94f1-44d7f4b02d88 2047ee2ac40246c8999cc5d0c321baf3 6a3ebc89a7834f51af0baf2525307d97 - - 857fa6daf8bd4b9082a0ee3bd252bcf1 857fa6daf8bd4b9082a0ee3bd252bcf1] 10.0.0.210 "GET /v2.0/networks/c31e08ec-632d-41b5-b8d9-dc63e8467b04?fields=provider%3Aphysical_network&fields=provider%3Anetwork_type HTTP/1.1" status: 200 len: 277 time: 0.0786378
2026-06-26 04:51:13.662 10 WARNING neutron.scheduler.dhcp_agent_scheduler [None req-442a1603-47f9-4604-a1ab-1f8e6c95711a 9d09bb75b17a40f698b8ce9924ea28f9 1d2f17dd68f74d92a4686a60f490467a - - default default] No more DHCP agents
2026-06-26 04:51:13.664 10 WARNING neutron.api.rpc.agentnotifiers.dhcp_rpc_agent_api [None req-442a1603-47f9-4604-a1ab-1f8e6c95711a 9d09bb75b17a40f698b8ce9924ea28f9 1d2f17dd68f74d92a4686a60f490467a - - default default] Unable to schedule network 701a0685-e1f6-4e31-9001-ab98c021acf1: no agents available; will retry on subsequent port and subnet creation events.
2026-06-26 04:51:14.221 10 INFO neutron.db.ovn_revision_numbers_db [None req-442a1603-47f9-4604-a1ab-1f8e6c95711a 9d09bb75b17a40f698b8ce9924ea28f9 1d2f17dd68f74d92a4686a60f490467a - - default default] Successfully bumped revision number for resource 5a513317-9ad2-4119-9bb2-9c75d1809117 (type: ports) to 2
2026-06-26 04:51:14.250 10 INFO neutron.db.ovn_revision_numbers_db [None req-442a1603-47f9-4604-a1ab-1f8e6c95711a 9d09bb75b17a40f698b8ce9924ea28f9 1d2f17dd68f74d92a4686a60f490467a - - default default] Successfully bumped revision number for resource c9e6833f-2e13-48b4-90bd-e2d4451fbc4e (type: subnets) to 0
2026-06-26 04:51:14.266 10 INFO neutron.wsgi [None req-442a1603-47f9-4604-a1ab-1f8e6c95711a 9d09bb75b17a40f698b8ce9924ea28f9 1d2f17dd68f74d92a4686a60f490467a - - default default] 10.0.0.33 "POST /v2.0/subnets HTTP/1.1" status: 201 len: 804 time: 0.9059830
2026-06-26 04:51:14.277 10 WARNING neutron_lib.context [None req-844e8273-f1bb-4519-87a4-e807a1db9283 9d09bb75b17a40f698b8ce9924ea28f9 1d2f17dd68f74d92a4686a60f490467a - - default default] Method 'is_advsvc' is deprecated since 2023.2 release (neutron-lib 3.8.0) and will be removed once support for the old RBAC API policies will be removed from Neutron. Please use method 'is_service_role' instead.
2026-06-26 04:51:14.383 9 WARNING neutron.plugins.ml2.drivers.ovn.mech_driver.ovsdb.ovn_client [None req-9bff111f-9d5d-4006-ab7a-7deeb4049bf7 - - - - - -] No hosting information found for port 99daa7b7-05d5-4447-8586-472b2ae9d3b1: RuntimeError: No hosting information found for port 99daa7b7-05d5-4447-8586-472b2ae9d3b1
2026-06-26 04:51:14.408 10 INFO neutron.wsgi [req-63bc5b99-4ce8-48e6-8fd5-1661ddb15e21 req-3d9bcb11-2a7b-4312-9bea-f5e323016180 ded23f2cdb7e4c9295800275f6291be6 4e78bc56101241b69e3b16de49ca9730 - - default default] 10.0.0.210 "GET /v2.0/ports?device_id=7126e9e8-ca5b-40e6-b2b0-1e9c596aa372 HTTP/1.1" status: 200 len: 210 time: 0.3141623
2026-06-26 04:51:14.531 10 INFO neutron.wsgi [req-5e051acb-598e-487d-9bb9-026a7d6d2e2b req-124b908e-1f22-43c3-ae06-8aacb8b3d374 ded23f2cdb7e4c9295800275f6291be6 4e78bc56101241b69e3b16de49ca9730 - - default default] 10.0.0.210 "GET /v2.0/ports?device_id=7126e9e8-ca5b-40e6-b2b0-1e9c596aa372 HTTP/1.1" status: 200 len: 210 time: 0.0305560
2026-06-26 04:51:14.668 9 WARNING neutron_lib.context [None req-c26f5f6d-2f0b-4f58-be67-7ef4657c2a66 9feaaa7f036146d9be8ec9b3ac2b54c0 d208e317f78044d481e5f1b58c5a6933 - - default default] Method 'is_advsvc' is deprecated since 2023.2 release (neutron-lib 3.8.0) and will be removed once support for the old RBAC API policies will be removed from Neutron. Please use method 'is_service_role' instead.
2026-06-26 04:51:14.823 9 INFO neutron.db.ovn_revision_numbers_db [None req-c26f5f6d-2f0b-4f58-be67-7ef4657c2a66 9feaaa7f036146d9be8ec9b3ac2b54c0 d208e317f78044d481e5f1b58c5a6933 - - default default] Successfully bumped revision number for resource 46f7da30-950a-4718-a1fc-f8ed5396be02 (type: security_groups) to 1
2026-06-26 04:51:14.838 9 INFO neutron.db.ovn_revision_numbers_db [None req-c26f5f6d-2f0b-4f58-be67-7ef4657c2a66 9feaaa7f036146d9be8ec9b3ac2b54c0 d208e317f78044d481e5f1b58c5a6933 - - default default] Successfully bumped revision number for resource 7c74e6cb-f00b-4507-a2f7-df3513036745 (type: security_group_rules) to 0
2026-06-26 04:51:14.852 9 INFO neutron.db.ovn_revision_numbers_db [None req-c26f5f6d-2f0b-4f58-be67-7ef4657c2a66 9feaaa7f036146d9be8ec9b3ac2b54c0 d208e317f78044d481e5f1b58c5a6933 - - default default] Successfully bumped revision number for resource 91392623-2ac3-4c08-ac13-e910670ef796 (type: security_group_rules) to 0
2026-06-26 04:51:14.865 9 INFO neutron.db.ovn_revision_numbers_db [None req-c26f5f6d-2f0b-4f58-be67-7ef4657c2a66 9feaaa7f036146d9be8ec9b3ac2b54c0 d208e317f78044d481e5f1b58c5a6933 - - default default] Successfully bumped revision number for resource ad776400-716d-4291-b9ad-2f06ea0fa6b6 (type: security_group_rules) to 0
2026-06-26 04:51:14.879 9 INFO neutron.db.ovn_revision_numbers_db [None req-c26f5f6d-2f0b-4f58-be67-7ef4657c2a66 9feaaa7f036146d9be8ec9b3ac2b54c0 d208e317f78044d481e5f1b58c5a6933 - - default default] Successfully bumped revision number for resource eb03846a-011e-4bdf-8e93-1a477049ea2a (type: security_group_rules) to 0
2026-06-26 04:51:14.928 9 INFO neutron.db.segments_db [None req-c26f5f6d-2f0b-4f58-be67-7ef4657c2a66 9feaaa7f036146d9be8ec9b3ac2b54c0 d208e317f78044d481e5f1b58c5a6933 - - default default] Added segment 3eff9da2-efbe-4ff8-9f04-2950e85a4dea of type geneve for network a2f919c1-72a9-40fb-9e4a-7966d2cff3ab
2026-06-26 04:51:15.110 9 INFO neutron.db.ovn_revision_numbers_db [None req-c26f5f6d-2f0b-4f58-be67-7ef4657c2a66 9feaaa7f036146d9be8ec9b3ac2b54c0 d208e317f78044d481e5f1b58c5a6933 - - default default] Successfully bumped revision number for resource a2f919c1-72a9-40fb-9e4a-7966d2cff3ab (type: networks) to 1
2026-06-26 04:51:15.149 10 INFO neutron.wsgi [req-ff1a24ed-d0b5-4dae-bcb2-adc87066db62 req-5aaa0437-a0d5-43ea-8935-d096067d7b99 ded23f2cdb7e4c9295800275f6291be6 4e78bc56101241b69e3b16de49ca9730 - - default default] 199.204.45.156 "GET /v2.0/networks?id=c31e08ec-632d-41b5-b8d9-dc63e8467b04 HTTP/1.1" status: 200 len: 937 time: 0.1345625
2026-06-26 04:51:15.215 10 INFO neutron.wsgi [req-ff1a24ed-d0b5-4dae-bcb2-adc87066db62 req-f8c47530-03fe-4e81-ac59-3bb7ff8643a2 ded23f2cdb7e4c9295800275f6291be6 4e78bc56101241b69e3b16de49ca9730 - - default default] 199.204.45.156 "GET /v2.0/security-groups?fields=id&fields=name&tenant_id=4e78bc56101241b69e3b16de49ca9730 HTTP/1.1" status: 200 len: 542 time: 0.0581810
2026-06-26 04:51:15.307 9 WARNING neutron.scheduler.dhcp_agent_scheduler [None req-c26f5f6d-2f0b-4f58-be67-7ef4657c2a66 9feaaa7f036146d9be8ec9b3ac2b54c0 d208e317f78044d481e5f1b58c5a6933 - - default default] No more DHCP agents
2026-06-26 04:51:15.309 9 WARNING neutron.api.rpc.agentnotifiers.dhcp_rpc_agent_api [None req-c26f5f6d-2f0b-4f58-be67-7ef4657c2a66 9feaaa7f036146d9be8ec9b3ac2b54c0 d208e317f78044d481e5f1b58c5a6933 - - default default] Unable to schedule network a2f919c1-72a9-40fb-9e4a-7966d2cff3ab: no agents available; will retry on subsequent port and subnet creation events.
2026-06-26 04:51:15.395 10 WARNING neutron.scheduler.dhcp_agent_scheduler [None req-844e8273-f1bb-4519-87a4-e807a1db9283 9d09bb75b17a40f698b8ce9924ea28f9 1d2f17dd68f74d92a4686a60f490467a - - default default] No more DHCP agents
2026-06-26 04:51:15.400 10 WARNING neutron.api.rpc.agentnotifiers.dhcp_rpc_agent_api [None req-844e8273-f1bb-4519-87a4-e807a1db9283 9d09bb75b17a40f698b8ce9924ea28f9 1d2f17dd68f74d92a4686a60f490467a - - default default] Unable to schedule network 5f01502e-e836-46d4-821d-b347dfec5b7a: no agents available; will retry on subsequent port and subnet creation events.
2026-06-26 04:51:15.411 9 INFO neutron.db.ovn_revision_numbers_db [None req-c26f5f6d-2f0b-4f58-be67-7ef4657c2a66 9feaaa7f036146d9be8ec9b3ac2b54c0 d208e317f78044d481e5f1b58c5a6933 - - default default] Successfully bumped revision number for resource 1279f3d2-2cb7-4a85-b2e3-03b09afea04a (type: ports) to 1
2026-06-26 04:51:15.436 9 INFO neutron.wsgi [None req-c26f5f6d-2f0b-4f58-be67-7ef4657c2a66 9feaaa7f036146d9be8ec9b3ac2b54c0 d208e317f78044d481e5f1b58c5a6933 - - default default] 10.0.0.33 "POST /v2.0/networks HTTP/1.1" status: 201 len: 831 time: 0.8213158
2026-06-26 04:51:15.449 9 WARNING neutron_lib.context [None req-3c272ba6-fd2e-4523-b221-a082ab9e62a0 9feaaa7f036146d9be8ec9b3ac2b54c0 d208e317f78044d481e5f1b58c5a6933 - - default default] Method 'is_advsvc' is deprecated since 2023.2 release (neutron-lib 3.8.0) and will be removed once support for the old RBAC API policies will be removed from Neutron. Please use method 'is_service_role' instead.
2026-06-26 04:51:15.579 9 INFO neutron.plugins.ml2.drivers.ovn.mech_driver.mech_driver [None req-9bff111f-9d5d-4006-ab7a-7deeb4049bf7 - - - - - -] OVN reports status up for port: a1dd09fc-a856-4b1b-b86b-ae5a79c4f3e5
2026-06-26 04:51:15.606 9 INFO neutron.plugins.ml2.plugin [None req-9bff111f-9d5d-4006-ab7a-7deeb4049bf7 - - - - - -] Attempt 1 to provision port a1dd09fc-a856-4b1b-b86b-ae5a79c4f3e5
2026-06-26 04:51:15.621 10 WARNING neutron.scheduler.dhcp_agent_scheduler [req-ff1a24ed-d0b5-4dae-bcb2-adc87066db62 req-eec2797c-dad7-4089-b89d-15e84a1241f7 ded23f2cdb7e4c9295800275f6291be6 4e78bc56101241b69e3b16de49ca9730 - - default default] No more DHCP agents
2026-06-26 04:51:15.624 10 WARNING neutron.api.rpc.agentnotifiers.dhcp_rpc_agent_api [req-ff1a24ed-d0b5-4dae-bcb2-adc87066db62 req-eec2797c-dad7-4089-b89d-15e84a1241f7 ded23f2cdb7e4c9295800275f6291be6 4e78bc56101241b69e3b16de49ca9730 - - default default] Unable to schedule network c31e08ec-632d-41b5-b8d9-dc63e8467b04: no agents available; will retry on subsequent port and subnet creation events.
2026-06-26 04:51:15.668 10 INFO neutron.db.ovn_revision_numbers_db [None req-844e8273-f1bb-4519-87a4-e807a1db9283 9d09bb75b17a40f698b8ce9924ea28f9 1d2f17dd68f74d92a4686a60f490467a - - default default] Successfully bumped revision number for resource 494cab03-89c2-4765-8b8e-ceac0114d305 (type: ports) to 1
2026-06-26 04:51:15.875 10 INFO neutron.db.ovn_revision_numbers_db [req-ff1a24ed-d0b5-4dae-bcb2-adc87066db62 req-eec2797c-dad7-4089-b89d-15e84a1241f7 ded23f2cdb7e4c9295800275f6291be6 4e78bc56101241b69e3b16de49ca9730 - - default default] Successfully bumped revision number for resource 745c6452-c4af-4169-b332-6f8139b9456c (type: ports) to 1
2026-06-26 04:51:15.899 10 INFO neutron.wsgi [req-ff1a24ed-d0b5-4dae-bcb2-adc87066db62 req-eec2797c-dad7-4089-b89d-15e84a1241f7 ded23f2cdb7e4c9295800275f6291be6 4e78bc56101241b69e3b16de49ca9730 - - default default] 199.204.45.156 "POST /v2.0/ports HTTP/1.1" status: 201 len: 1287 time: 0.6779084 /var/lib/openstack/lib/python3.10/site-packages/pycadf/identifier.py:71: UserWarning: Invalid uuid: neutron. To ensure interoperability, identifiers should be a valid uuid. warnings.warn(('Invalid uuid: %s. To ensure interoperability, '
2026-06-26 04:51:16.103 9 WARNING neutron.scheduler.dhcp_agent_scheduler [None req-3c272ba6-fd2e-4523-b221-a082ab9e62a0 9feaaa7f036146d9be8ec9b3ac2b54c0 d208e317f78044d481e5f1b58c5a6933 - - default default] No more DHCP agents
2026-06-26 04:51:16.108 9 WARNING neutron.api.rpc.agentnotifiers.dhcp_rpc_agent_api [None req-3c272ba6-fd2e-4523-b221-a082ab9e62a0 9feaaa7f036146d9be8ec9b3ac2b54c0 d208e317f78044d481e5f1b58c5a6933 - - default default] Unable to schedule network a2f919c1-72a9-40fb-9e4a-7966d2cff3ab: no agents available; will retry on subsequent port and subnet creation events.
2026-06-26 04:51:16.130 10 INFO neutron.plugins.ml2.drivers.ovn.mech_driver.mech_driver [None req-66cb4c9e-aaa6-4c34-bd14-dfa9c62eb8eb - - - - - -] OVN reports status up for port: 619f3a90-1916-4d90-9741-3c75027f9797
2026-06-26 04:51:16.157 10 INFO neutron.plugins.ml2.plugin [None req-66cb4c9e-aaa6-4c34-bd14-dfa9c62eb8eb - - - - - -] Attempt 1 to provision port 619f3a90-1916-4d90-9741-3c75027f9797
2026-06-26 04:51:16.224 9 INFO neutron.db.ovn_revision_numbers_db [None req-3c272ba6-fd2e-4523-b221-a082ab9e62a0 9feaaa7f036146d9be8ec9b3ac2b54c0 d208e317f78044d481e5f1b58c5a6933 - - default default] Successfully bumped revision number for resource 1b1dbab8-790c-46b0-b79d-3812bb18cee1 (type: ports) to 1
2026-06-26 04:51:16.280 9 INFO neutron.wsgi [None req-3c272ba6-fd2e-4523-b221-a082ab9e62a0 9feaaa7f036146d9be8ec9b3ac2b54c0 d208e317f78044d481e5f1b58c5a6933 - - default default] 10.0.0.33 "POST /v2.0/ports HTTP/1.1" status: 201 len: 942 time: 0.8372319 /var/lib/openstack/lib/python3.10/site-packages/pycadf/identifier.py:71: UserWarning: Invalid uuid: neutron. To ensure interoperability, identifiers should be a valid uuid. warnings.warn(('Invalid uuid: %s. To ensure interoperability, '
2026-06-26 04:51:16.295 9 WARNING neutron_lib.context [None req-cf913af5-aea8-4663-ac0e-6265a40da442 9feaaa7f036146d9be8ec9b3ac2b54c0 d208e317f78044d481e5f1b58c5a6933 - - default default] Method 'is_advsvc' is deprecated since 2023.2 release (neutron-lib 3.8.0) and will be removed once support for the old RBAC API policies will be removed from Neutron. Please use method 'is_service_role' instead.
2026-06-26 04:51:16.311 9 INFO neutron.db.ovn_revision_numbers_db [None req-9bff111f-9d5d-4006-ab7a-7deeb4049bf7 - - - - - -] Successfully bumped revision number for resource a1dd09fc-a856-4b1b-b86b-ae5a79c4f3e5 (type: ports) to 3
2026-06-26 04:51:16.611 9 INFO neutron.wsgi [None req-cf913af5-aea8-4663-ac0e-6265a40da442 9feaaa7f036146d9be8ec9b3ac2b54c0 d208e317f78044d481e5f1b58c5a6933 - - default default] 10.0.0.33 "POST /v2.0/trunks HTTP/1.1" status: 201 len: 608 time: 0.3249335
2026-06-26 04:51:16.647 9 INFO neutron.wsgi [None req-31ba285b-98cc-4be9-bfe7-30ddfe825c15 9feaaa7f036146d9be8ec9b3ac2b54c0 d208e317f78044d481e5f1b58c5a6933 - - default default] 10.0.0.33 "PUT /v2.0/trunks/c98b9cb7-ca77-47a7-a1a8-af13acab02ad/tags HTTP/1.1" status: 200 len: 218 time: 0.0307221
2026-06-26 04:51:16.678 9 INFO neutron.wsgi [None req-b437b814-5232-4228-adc8-c470c3b71f45 9feaaa7f036146d9be8ec9b3ac2b54c0 d208e317f78044d481e5f1b58c5a6933 - - default default] 10.0.0.33 "GET /v2.0/trunks/c98b9cb7-ca77-47a7-a1a8-af13acab02ad/tags HTTP/1.1" status: 200 len: 218 time: 0.0175047
2026-06-26 04:51:16.684 10 INFO neutron.plugins.ml2.drivers.ovn.mech_driver.ovsdb.commands [None req-dd16392c-1752-4d40-9e24-68da8e7cec8a - - - - - -] Schedule LRP lrp-494cab03-89c2-4765-8b8e-ceac0114d305 on gateway 05477b0a-9e25-4eaa-a8cb-31f94a219ebb with priority 1
2026-06-26 04:51:16.717 9 INFO neutron.wsgi [None req-fc60db4e-a0f7-4561-912d-259afc224ba4 9feaaa7f036146d9be8ec9b3ac2b54c0 d208e317f78044d481e5f1b58c5a6933 - - default default] 10.0.0.33 "PUT /v2.0/trunks/c98b9cb7-ca77-47a7-a1a8-af13acab02ad/tags/green HTTP/1.1" status: 201 len: 201 time: 0.0330827
2026-06-26 04:51:16.727 10 INFO neutron.db.ovn_revision_numbers_db [None req-66cb4c9e-aaa6-4c34-bd14-dfa9c62eb8eb - - - - - -] Successfully bumped revision number for resource 619f3a90-1916-4d90-9741-3c75027f9797 (type: ports) to 3
2026-06-26 04:51:16.747 9 INFO neutron.wsgi [None req-22e886dc-b8ef-4f29-b476-c8aed748be62 9feaaa7f036146d9be8ec9b3ac2b54c0 d208e317f78044d481e5f1b58c5a6933 - - default default] 10.0.0.33 "GET /v2.0/trunks/c98b9cb7-ca77-47a7-a1a8-af13acab02ad/tags HTTP/1.1" status: 200 len: 227 time: 0.0245483
2026-06-26 04:51:16.770 10 INFO neutron.db.ovn_revision_numbers_db [None req-844e8273-f1bb-4519-87a4-e807a1db9283 9d09bb75b17a40f698b8ce9924ea28f9 1d2f17dd68f74d92a4686a60f490467a - - default default] Successfully bumped revision number for resource 494cab03-89c2-4765-8b8e-ceac0114d305 (type: router_ports) to 1
2026-06-26 04:51:16.777 9 INFO neutron.wsgi [None req-8e39075f-9d2a-4ade-97c4-c15d2f17a9b9 9feaaa7f036146d9be8ec9b3ac2b54c0 d208e317f78044d481e5f1b58c5a6933 - - default default] 10.0.0.33 "PUT /v2.0/trunks/c98b9cb7-ca77-47a7-a1a8-af13acab02ad/tags/red HTTP/1.1" status: 201 len: 201 time: 0.0229728
2026-06-26 04:51:16.799 9 INFO neutron.wsgi [None req-5526fa11-24a1-4dec-b259-29c87d7ddbb2 9feaaa7f036146d9be8ec9b3ac2b54c0 d208e317f78044d481e5f1b58c5a6933 - - default default] 10.0.0.33 "GET /v2.0/trunks/c98b9cb7-ca77-47a7-a1a8-af13acab02ad/tags HTTP/1.1" status: 200 len: 227 time: 0.0172129
2026-06-26 04:51:16.831 9 INFO neutron.wsgi [None req-1dcb2479-473d-426f-825e-47b18707817e 9feaaa7f036146d9be8ec9b3ac2b54c0 d208e317f78044d481e5f1b58c5a6933 - - default default] 10.0.0.33 "PUT /v2.0/trunks/c98b9cb7-ca77-47a7-a1a8-af13acab02ad/tags/black.or.white HTTP/1.1" status: 201 len: 201 time: 0.0280066
2026-06-26 04:51:16.832 10 INFO neutron.db.ovn_revision_numbers_db [req-ff1a24ed-d0b5-4dae-bcb2-adc87066db62 req-d89cf8b7-0420-4c63-b290-8cfa2f0093b6 2047ee2ac40246c8999cc5d0c321baf3 6a3ebc89a7834f51af0baf2525307d97 - - 857fa6daf8bd4b9082a0ee3bd252bcf1 857fa6daf8bd4b9082a0ee3bd252bcf1] Successfully bumped revision number for resource 745c6452-c4af-4169-b332-6f8139b9456c (type: ports) to 2
2026-06-26 04:51:16.856 9 INFO neutron.wsgi [None req-1bfb7cc4-5d77-4cd2-93b1-c1d52f52c509 9feaaa7f036146d9be8ec9b3ac2b54c0 d208e317f78044d481e5f1b58c5a6933 - - default default] 10.0.0.33 "GET /v2.0/trunks/c98b9cb7-ca77-47a7-a1a8-af13acab02ad/tags HTTP/1.1" status: 200 len: 245 time: 0.0203981 /var/lib/openstack/lib/python3.10/site-packages/pycadf/identifier.py:71: UserWarning: Invalid uuid: neutron. To ensure interoperability, identifiers should be a valid uuid. warnings.warn(('Invalid uuid: %s. To ensure interoperability, '
2026-06-26 04:51:17.141 15 INFO neutron.db.ovn_revision_numbers_db [None req-75846adf-601e-4b71-9041-77a141bffbf2 - - - - - -] Successfully bumped revision number for resource 9ee69e84-51ca-4ed0-8a96-1ea50fba4c2e (type: networks) to 3
2026-06-26 04:51:17.237 15 INFO neutron.db.ovn_revision_numbers_db [None req-75846adf-601e-4b71-9041-77a141bffbf2 - - - - - -] Successfully bumped revision number for resource 53b3d3be-af0a-4636-a83d-e89089020fd5 (type: networks) to 3
2026-06-26 04:51:17.325 10 INFO neutron.db.ovn_revision_numbers_db [None req-844e8273-f1bb-4519-87a4-e807a1db9283 9d09bb75b17a40f698b8ce9924ea28f9 1d2f17dd68f74d92a4686a60f490467a - - default default] Successfully bumped revision number for resource 295f9b2c-3a34-4a74-bfa7-b7520b8fea0a (type: routers) to 2
2026-06-26 04:51:17.349 15 INFO neutron.db.ovn_revision_numbers_db [None req-75846adf-601e-4b71-9041-77a141bffbf2 - - - - - -] Successfully bumped revision number for resource dbe741c9-83e3-48e1-8398-a685f5946eab (type: networks) to 3
2026-06-26 04:51:17.376 10 INFO neutron.wsgi [None req-844e8273-f1bb-4519-87a4-e807a1db9283 9d09bb75b17a40f698b8ce9924ea28f9 1d2f17dd68f74d92a4686a60f490467a - - default default] 10.0.0.33 "POST /v2.0/routers HTTP/1.1" status: 201 len: 1136 time: 3.1046219
2026-06-26 04:51:17.379 10 INFO neutron.plugins.ml2.drivers.ovn.mech_driver.mech_driver [None req-66cb4c9e-aaa6-4c34-bd14-dfa9c62eb8eb - - - - - -] OVN reports status up for port: 494cab03-89c2-4765-8b8e-ceac0114d305
2026-06-26 04:51:17.391 10 INFO neutron.wsgi [None req-6853e855-3baa-4efd-a165-96ea31445493 9feaaa7f036146d9be8ec9b3ac2b54c0 d208e317f78044d481e5f1b58c5a6933 - - default default] 10.0.0.33 "PUT /v2.0/trunks/c98b9cb7-ca77-47a7-a1a8-af13acab02ad/tags HTTP/1.1" status: 200 len: 230 time: 0.5265250
2026-06-26 04:51:17.397 10 INFO neutron.wsgi [req-34b2f0c8-4fcd-4150-aee1-3cb1ab9386e8 req-faeeb353-24f7-4064-a7c1-a8cb8991991b ded23f2cdb7e4c9295800275f6291be6 4e78bc56101241b69e3b16de49ca9730 - - default default] 10.0.0.210 "GET /v2.0/ports?device_id=7126e9e8-ca5b-40e6-b2b0-1e9c596aa372 HTTP/1.1" status: 200 len: 1305 time: 0.0777724
2026-06-26 04:51:17.410 10 INFO neutron.plugins.ml2.plugin [None req-66cb4c9e-aaa6-4c34-bd14-dfa9c62eb8eb - - - - - -] Attempt 1 to provision port 494cab03-89c2-4765-8b8e-ceac0114d305
2026-06-26 04:51:17.431 9 INFO neutron.wsgi [None req-0f6b2719-e82a-4f09-8a8d-908cdbd2c9b1 9feaaa7f036146d9be8ec9b3ac2b54c0 d208e317f78044d481e5f1b58c5a6933 - - default default] 10.0.0.33 "GET /v2.0/trunks/c98b9cb7-ca77-47a7-a1a8-af13acab02ad/tags HTTP/1.1" status: 200 len: 230 time: 0.0334191
2026-06-26 04:51:17.447 15 INFO neutron.db.ovn_revision_numbers_db [None req-75846adf-601e-4b71-9041-77a141bffbf2 - - - - - -] Successfully bumped revision number for resource a4d549e7-b130-4954-a918-00ad816ac4bb (type: security_groups) to 12
2026-06-26 04:51:17.478 10 INFO neutron.wsgi [None req-9ff3fdde-c3ee-46b2-831d-b72743fe97c0 9feaaa7f036146d9be8ec9b3ac2b54c0 d208e317f78044d481e5f1b58c5a6933 - - default default] 10.0.0.33 "GET /v2.0/trunks/c98b9cb7-ca77-47a7-a1a8-af13acab02ad/tags/red HTTP/1.1" status: 204 len: 168 time: 0.0412757
2026-06-26 04:51:17.482 10 INFO neutron.wsgi [req-34b2f0c8-4fcd-4150-aee1-3cb1ab9386e8 req-23f39f8d-b052-4f6d-94d5-4ce1b165768a ded23f2cdb7e4c9295800275f6291be6 4e78bc56101241b69e3b16de49ca9730 - - default default] 10.0.0.210 "GET /v2.0/security-groups?id=057895a6-537f-4b2b-a339-2d9212cd2884&fields=id&fields=name HTTP/1.1" status: 200 len: 294 time: 0.0740776
2026-06-26 04:51:17.536 9 INFO neutron.api.v2.resource [None req-340df968-078a-4396-a162-670a2b5b4e26 9feaaa7f036146d9be8ec9b3ac2b54c0 d208e317f78044d481e5f1b58c5a6933 - - default default] show failed (client error): The resource could not be found.
2026-06-26 04:51:17.537 9 INFO neutron.wsgi [None req-340df968-078a-4396-a162-670a2b5b4e26 9feaaa7f036146d9be8ec9b3ac2b54c0 d208e317f78044d481e5f1b58c5a6933 - - default default] 10.0.0.33 "GET /v2.0/trunks/c98b9cb7-ca77-47a7-a1a8-af13acab02ad/tags/green HTTP/1.1" status: 404 len: 299 time: 0.0494113 /var/lib/openstack/lib/python3.10/site-packages/pycadf/identifier.py:71: UserWarning: Invalid uuid: neutron. To ensure interoperability, identifiers should be a valid uuid. warnings.warn(('Invalid uuid: %s. To ensure interoperability, '
2026-06-26 04:51:17.587 9 INFO neutron.wsgi [None req-e98de530-6391-4b67-9c9c-c14f24649294 9feaaa7f036146d9be8ec9b3ac2b54c0 d208e317f78044d481e5f1b58c5a6933 - - default default] 10.0.0.33 "DELETE /v2.0/trunks/c98b9cb7-ca77-47a7-a1a8-af13acab02ad/tags/red HTTP/1.1" status: 204 len: 168 time: 0.0415950
2026-06-26 04:51:17.608 10 INFO neutron.wsgi [req-3813d9f5-303a-4358-a03c-1c1b80c39f95 req-0513282c-dfc2-4ee9-aa3d-f2db903bc772 ded23f2cdb7e4c9295800275f6291be6 4e78bc56101241b69e3b16de49ca9730 - - default default] 10.0.0.210 "GET /v2.0/ports?device_id=7126e9e8-ca5b-40e6-b2b0-1e9c596aa372 HTTP/1.1" status: 200 len: 1415 time: 0.0616794
2026-06-26 04:51:17.631 10 INFO neutron.wsgi [None req-77b58603-404c-4a66-bcf2-d05a0274e946 9feaaa7f036146d9be8ec9b3ac2b54c0 d208e317f78044d481e5f1b58c5a6933 - - default default] 10.0.0.33 "GET /v2.0/trunks/c98b9cb7-ca77-47a7-a1a8-af13acab02ad/tags HTTP/1.1" status: 200 len: 223 time: 0.0369432
2026-06-26 04:51:17.671 10 INFO neutron.api.v2.resource [None req-c26de8ec-8dd2-4138-a5ac-a896f13da11d 9feaaa7f036146d9be8ec9b3ac2b54c0 d208e317f78044d481e5f1b58c5a6933 - - default default] delete failed (client error): The resource could not be found.
2026-06-26 04:51:17.672 10 INFO neutron.wsgi [None req-c26de8ec-8dd2-4138-a5ac-a896f13da11d 9feaaa7f036146d9be8ec9b3ac2b54c0 d208e317f78044d481e5f1b58c5a6933 - - default default] 10.0.0.33 "DELETE /v2.0/trunks/c98b9cb7-ca77-47a7-a1a8-af13acab02ad/tags/green HTTP/1.1" status: 404 len: 299 time: 0.0370126
2026-06-26 04:51:17.673 10 INFO neutron.db.ovn_revision_numbers_db [req-ff1a24ed-d0b5-4dae-bcb2-adc87066db62 req-d89cf8b7-0420-4c63-b290-8cfa2f0093b6 2047ee2ac40246c8999cc5d0c321baf3 6a3ebc89a7834f51af0baf2525307d97 - - 857fa6daf8bd4b9082a0ee3bd252bcf1 857fa6daf8bd4b9082a0ee3bd252bcf1] Successfully bumped revision number for resource 745c6452-c4af-4169-b332-6f8139b9456c (type: ports) to 2
2026-06-26 04:51:17.700 10 INFO neutron.wsgi [req-ff1a24ed-d0b5-4dae-bcb2-adc87066db62 req-d89cf8b7-0420-4c63-b290-8cfa2f0093b6 2047ee2ac40246c8999cc5d0c321baf3 6a3ebc89a7834f51af0baf2525307d97 - - 857fa6daf8bd4b9082a0ee3bd252bcf1 857fa6daf8bd4b9082a0ee3bd252bcf1] 199.204.45.156 "PUT /v2.0/ports/745c6452-c4af-4169-b332-6f8139b9456c HTTP/1.1" status: 200 len: 1384 time: 1.7952960
2026-06-26 04:51:17.713 15 INFO neutron.db.ovn_revision_numbers_db [None req-75846adf-601e-4b71-9041-77a141bffbf2 - - - - - -] Successfully bumped revision number for resource efe17c3b-79b4-416f-8979-5a2a8419823d (type: routers) to 5
2026-06-26 04:51:17.752 10 INFO neutron.wsgi [None req-653d170a-4cce-4e8f-b375-af9af561c000 9feaaa7f036146d9be8ec9b3ac2b54c0 d208e317f78044d481e5f1b58c5a6933 - - default default] 10.0.0.33 "DELETE /v2.0/trunks/c98b9cb7-ca77-47a7-a1a8-af13acab02ad/tags HTTP/1.1" status: 204 len: 168 time: 0.0733864
2026-06-26 04:51:17.786 10 INFO neutron.notifiers.nova [-] Nova event matching ['req-e53018b3-fcb2-4873-b3ea-f3811c4df36f'] response: {'name': 'network-changed', 'server_uuid': '7126e9e8-ca5b-40e6-b2b0-1e9c596aa372', 'tag': '745c6452-c4af-4169-b332-6f8139b9456c', 'status': 'completed', 'code': 200}
2026-06-26 04:51:17.802 10 INFO neutron.wsgi [req-ff1a24ed-d0b5-4dae-bcb2-adc87066db62 req-09534c94-29fc-4275-a10d-f0e2d6a89bcd 2047ee2ac40246c8999cc5d0c321baf3 6a3ebc89a7834f51af0baf2525307d97 - - 857fa6daf8bd4b9082a0ee3bd252bcf1 857fa6daf8bd4b9082a0ee3bd252bcf1] 199.204.45.156 "GET /v2.0/ports?tenant_id=4e78bc56101241b69e3b16de49ca9730&device_id=7126e9e8-ca5b-40e6-b2b0-1e9c596aa372 HTTP/1.1" status: 200 len: 1415 time: 0.0494778
2026-06-26 04:51:17.810 9 INFO neutron.wsgi [None req-2e312523-5689-4c93-9e28-e69fbf73b0e6 9feaaa7f036146d9be8ec9b3ac2b54c0 d208e317f78044d481e5f1b58c5a6933 - - default default] 10.0.0.33 "GET /v2.0/trunks/c98b9cb7-ca77-47a7-a1a8-af13acab02ad/tags HTTP/1.1" status: 200 len: 205 time: 0.0514438
2026-06-26 04:51:17.847 10 INFO neutron.wsgi [req-ff1a24ed-d0b5-4dae-bcb2-adc87066db62 req-0ed42ad0-4236-4031-8519-61a759d34727 2047ee2ac40246c8999cc5d0c321baf3 6a3ebc89a7834f51af0baf2525307d97 - - 857fa6daf8bd4b9082a0ee3bd252bcf1 857fa6daf8bd4b9082a0ee3bd252bcf1] 199.204.45.156 "GET /v2.0/floatingips?fixed_ip_address=172.24.0.130&port_id=745c6452-c4af-4169-b332-6f8139b9456c HTTP/1.1" status: 200 len: 217 time: 0.0365305
2026-06-26 04:51:17.859 10 INFO neutron.wsgi [None req-5d0e4ce0-ec2e-4d1f-837f-9434b621e14e 9feaaa7f036146d9be8ec9b3ac2b54c0 d208e317f78044d481e5f1b58c5a6933 - - default default] 10.0.0.33 "GET /v2.0/trunks/c98b9cb7-ca77-47a7-a1a8-af13acab02ad HTTP/1.1" status: 200 len: 603 time: 0.0357289
2026-06-26 04:51:17.948 10 INFO neutron.wsgi [req-ff1a24ed-d0b5-4dae-bcb2-adc87066db62 req-f6c66839-331e-475b-a036-e34bc4a8c3f1 2047ee2ac40246c8999cc5d0c321baf3 6a3ebc89a7834f51af0baf2525307d97 - - 857fa6daf8bd4b9082a0ee3bd252bcf1 857fa6daf8bd4b9082a0ee3bd252bcf1] 199.204.45.156 "GET /v2.0/subnets?id=37dd9e3c-62ab-4a30-aaab-23ba640bae2c HTTP/1.1" status: 200 len: 829 time: 0.0848439
2026-06-26 04:51:18.010 10 INFO neutron.wsgi [req-ff1a24ed-d0b5-4dae-bcb2-adc87066db62 req-9a90b00e-077f-4743-babd-4278a48096b8 2047ee2ac40246c8999cc5d0c321baf3 6a3ebc89a7834f51af0baf2525307d97 - - 857fa6daf8bd4b9082a0ee3bd252bcf1 857fa6daf8bd4b9082a0ee3bd252bcf1] 199.204.45.156 "GET /v2.0/ports?network_id=c31e08ec-632d-41b5-b8d9-dc63e8467b04&device_owner=network%3Adhcp HTTP/1.1" status: 200 len: 210 time: 0.0556281
2026-06-26 04:51:18.082 10 INFO neutron.wsgi [None req-ab052c50-2369-4a3f-b227-79b6eea35ae7 9feaaa7f036146d9be8ec9b3ac2b54c0 d208e317f78044d481e5f1b58c5a6933 - - default default] 10.0.0.33 "GET /v2.0/ports/1b1dbab8-790c-46b0-b79d-3812bb18cee1 HTTP/1.1" status: 200 len: 1020 time: 0.2169800
2026-06-26 04:51:18.114 10 INFO neutron.wsgi [req-ff1a24ed-d0b5-4dae-bcb2-adc87066db62 req-625c2523-6697-44e0-944c-bb78e6607710 2047ee2ac40246c8999cc5d0c321baf3 6a3ebc89a7834f51af0baf2525307d97 - - 857fa6daf8bd4b9082a0ee3bd252bcf1 857fa6daf8bd4b9082a0ee3bd252bcf1] 199.204.45.156 "GET /v2.0/networks/c31e08ec-632d-41b5-b8d9-dc63e8467b04?fields=segments HTTP/1.1" status: 200 len: 212 time: 0.0819175
2026-06-26 04:51:18.150 9 WARNING neutron.scheduler.dhcp_agent_scheduler [None req-a36ca486-5214-47aa-9363-6de9d2ac97ad 9d09bb75b17a40f698b8ce9924ea28f9 1d2f17dd68f74d92a4686a60f490467a - - default default] No more DHCP agents
2026-06-26 04:51:18.153 9 WARNING neutron.api.rpc.agentnotifiers.dhcp_rpc_agent_api [None req-a36ca486-5214-47aa-9363-6de9d2ac97ad 9d09bb75b17a40f698b8ce9924ea28f9 1d2f17dd68f74d92a4686a60f490467a - - default default] Unable to schedule network 701a0685-e1f6-4e31-9001-ab98c021acf1: no agents available; will retry on subsequent port and subnet creation events.
2026-06-26 04:51:18.201 10 INFO neutron.wsgi [None req-a89a5071-5b21-4d9b-9034-52edae54ec77 9feaaa7f036146d9be8ec9b3ac2b54c0 d208e317f78044d481e5f1b58c5a6933 - - default default] 10.0.0.33 "DELETE /v2.0/trunks/c98b9cb7-ca77-47a7-a1a8-af13acab02ad HTTP/1.1" status: 204 len: 168 time: 0.1130545
2026-06-26 04:51:18.206 10 INFO neutron.wsgi [req-ff1a24ed-d0b5-4dae-bcb2-adc87066db62 req-3fd8b096-98f2-4fcb-ad3c-1546432c7afa 2047ee2ac40246c8999cc5d0c321baf3 6a3ebc89a7834f51af0baf2525307d97 - - 857fa6daf8bd4b9082a0ee3bd252bcf1 857fa6daf8bd4b9082a0ee3bd252bcf1] 199.204.45.156 "GET /v2.0/networks/c31e08ec-632d-41b5-b8d9-dc63e8467b04?fields=provider%3Aphysical_network&fields=provider%3Anetwork_type HTTP/1.1" status: 200 len: 277 time: 0.0791969
2026-06-26 04:51:18.322 10 INFO neutron.wsgi [req-9e76acc4-7513-4eb3-8a77-3350bdd591d7 req-f71ff50f-353e-40c4-b8cc-3e05f92ba9ee 2047ee2ac40246c8999cc5d0c321baf3 6a3ebc89a7834f51af0baf2525307d97 - - 857fa6daf8bd4b9082a0ee3bd252bcf1 857fa6daf8bd4b9082a0ee3bd252bcf1] 199.204.45.156 "GET /v2.0/ports?tenant_id=4e78bc56101241b69e3b16de49ca9730&device_id=7126e9e8-ca5b-40e6-b2b0-1e9c596aa372 HTTP/1.1" status: 200 len: 1415 time: 0.0674772
2026-06-26 04:51:18.411 10 INFO neutron.wsgi [req-9e76acc4-7513-4eb3-8a77-3350bdd591d7 req-fa8403b9-4314-49af-8a2c-45a6af3111b1 2047ee2ac40246c8999cc5d0c321baf3 6a3ebc89a7834f51af0baf2525307d97 - - 857fa6daf8bd4b9082a0ee3bd252bcf1 857fa6daf8bd4b9082a0ee3bd252bcf1] 199.204.45.156 "GET /v2.0/networks?id=c31e08ec-632d-41b5-b8d9-dc63e8467b04 HTTP/1.1" status: 200 len: 937 time: 0.0803781
2026-06-26 04:51:18.448 10 INFO neutron.wsgi [req-9e76acc4-7513-4eb3-8a77-3350bdd591d7 req-0d5fcfe3-e901-408b-9d17-ef21a6326343 2047ee2ac40246c8999cc5d0c321baf3 6a3ebc89a7834f51af0baf2525307d97 - - 857fa6daf8bd4b9082a0ee3bd252bcf1 857fa6daf8bd4b9082a0ee3bd252bcf1] 199.204.45.156 "GET /v2.0/floatingips?fixed_ip_address=172.24.0.130&port_id=745c6452-c4af-4169-b332-6f8139b9456c HTTP/1.1" status: 200 len: 217 time: 0.0280144
2026-06-26 04:51:18.531 10 INFO neutron.wsgi [req-9e76acc4-7513-4eb3-8a77-3350bdd591d7 req-e977f10e-8a28-47ea-b370-5706fe1e108b 2047ee2ac40246c8999cc5d0c321baf3 6a3ebc89a7834f51af0baf2525307d97 - - 857fa6daf8bd4b9082a0ee3bd252bcf1 857fa6daf8bd4b9082a0ee3bd252bcf1] 199.204.45.156 "GET /v2.0/subnets?id=37dd9e3c-62ab-4a30-aaab-23ba640bae2c HTTP/1.1" status: 200 len: 829 time: 0.0756767
2026-06-26 04:51:18.564 10 INFO neutron.wsgi [req-9e76acc4-7513-4eb3-8a77-3350bdd591d7 req-5d6210d1-6c7b-4e52-8756-6ea6a868f8ad 2047ee2ac40246c8999cc5d0c321baf3 6a3ebc89a7834f51af0baf2525307d97 - - 857fa6daf8bd4b9082a0ee3bd252bcf1 857fa6daf8bd4b9082a0ee3bd252bcf1] 199.204.45.156 "GET /v2.0/ports?network_id=c31e08ec-632d-41b5-b8d9-dc63e8467b04&device_owner=network%3Adhcp HTTP/1.1" status: 200 len: 210 time: 0.0222816
2026-06-26 04:51:18.580 9 INFO neutron.wsgi [req-3c21b644-13d5-4d11-92fd-4dda7d0378b3 req-5f3fb57d-cf78-474e-a055-67e1a3e326e5 2047ee2ac40246c8999cc5d0c321baf3 6a3ebc89a7834f51af0baf2525307d97 - - 857fa6daf8bd4b9082a0ee3bd252bcf1 857fa6daf8bd4b9082a0ee3bd252bcf1] 199.204.45.156 "GET /v2.0/ports?device_id=7126e9e8-ca5b-40e6-b2b0-1e9c596aa372 HTTP/1.1" status: 200 len: 1415 time: 0.0498624
2026-06-26 04:51:18.638 9 INFO neutron.wsgi [req-3c21b644-13d5-4d11-92fd-4dda7d0378b3 req-60efa3e8-3249-456d-b36a-222e9047abde 2047ee2ac40246c8999cc5d0c321baf3 6a3ebc89a7834f51af0baf2525307d97 - - 857fa6daf8bd4b9082a0ee3bd252bcf1 857fa6daf8bd4b9082a0ee3bd252bcf1] 199.204.45.156 "GET /v2.0/security-groups?id=057895a6-537f-4b2b-a339-2d9212cd2884&fields=id&fields=name HTTP/1.1" status: 200 len: 294 time: 0.0534043
2026-06-26 04:51:18.688 10 INFO neutron.wsgi [req-9e76acc4-7513-4eb3-8a77-3350bdd591d7 req-c08a1467-99d0-474f-8199-8882d5e48638 2047ee2ac40246c8999cc5d0c321baf3 6a3ebc89a7834f51af0baf2525307d97 - - 857fa6daf8bd4b9082a0ee3bd252bcf1 857fa6daf8bd4b9082a0ee3bd252bcf1] 199.204.45.156 "GET /v2.0/networks/c31e08ec-632d-41b5-b8d9-dc63e8467b04?fields=segments HTTP/1.1" status: 200 len: 212 time: 0.1170483
2026-06-26 04:51:18.695 9 INFO neutron.db.ovn_revision_numbers_db [None req-a36ca486-5214-47aa-9363-6de9d2ac97ad 9d09bb75b17a40f698b8ce9924ea28f9 1d2f17dd68f74d92a4686a60f490467a - - default default] Successfully bumped revision number for resource 3de8372a-60f1-4e9d-bc9e-eaf29e10903b (type: ports) to 1
2026-06-26 04:51:18.721 10 INFO neutron.wsgi [None req-265e729c-cddf-42c3-98d1-924faa505540 9feaaa7f036146d9be8ec9b3ac2b54c0 d208e317f78044d481e5f1b58c5a6933 - - default default] 10.0.0.33 "DELETE /v2.0/ports/1b1dbab8-790c-46b0-b79d-3812bb18cee1 HTTP/1.1" status: 204 len: 168 time: 0.5110469
2026-06-26 04:51:18.819 10 INFO neutron.wsgi [req-9e76acc4-7513-4eb3-8a77-3350bdd591d7 req-9901304f-88c8-419b-8c8b-defccf973499 2047ee2ac40246c8999cc5d0c321baf3 6a3ebc89a7834f51af0baf2525307d97 - - 857fa6daf8bd4b9082a0ee3bd252bcf1 857fa6daf8bd4b9082a0ee3bd252bcf1] 199.204.45.156 "GET /v2.0/networks/c31e08ec-632d-41b5-b8d9-dc63e8467b04?fields=provider%3Aphysical_network&fields=provider%3Anetwork_type HTTP/1.1" status: 200 len: 277 time: 0.1209345
2026-06-26 04:51:19.250 10 INFO neutron.wsgi [None req-169df333-faad-4a5d-8386-b857ac018e37 9feaaa7f036146d9be8ec9b3ac2b54c0 d208e317f78044d481e5f1b58c5a6933 - - default default] 10.0.0.33 "DELETE /v2.0/networks/a2f919c1-72a9-40fb-9e4a-7966d2cff3ab HTTP/1.1" status: 204 len: 168 time: 0.5192499
2026-06-26 04:51:19.264 10 INFO neutron.services.segments.plugin [-] Segment 3eff9da2-efbe-4ff8-9f04-2950e85a4dea resource provider aggregate not found
2026-06-26 04:51:19.268 10 INFO neutron.services.segments.plugin [-] Segment 3eff9da2-efbe-4ff8-9f04-2950e85a4dea resource provider aggregate not found
2026-06-26 04:51:19.277 10 INFO neutron.services.segments.plugin [-] Segment 3eff9da2-efbe-4ff8-9f04-2950e85a4dea resource provider not found; error: Placement Client Error (4xx): {"errors": [{"status": 404, "title": "Not Found", "detail": "The resource could not be found.\n\n No resource provider with uuid 3eff9da2-efbe-4ff8-9f04-2950e85a4dea found for delete ", "request_id": "req-5542457e-ee8b-4378-a4b6-468f47bf56d7"}]}
2026-06-26 04:51:19.282 10 INFO neutron.services.segments.plugin [-] Segment 3eff9da2-efbe-4ff8-9f04-2950e85a4dea resource provider not found; error: Placement Client Error (4xx): {"errors": [{"status": 404, "title": "Not Found", "detail": "The resource could not be found.\n\n No resource provider with uuid 3eff9da2-efbe-4ff8-9f04-2950e85a4dea found for delete ", "request_id": "req-9825924e-4775-4e5e-ba60-a3e451a761de"}]}
2026-06-26 04:51:19.387 9 ERROR ovsdbapp.backend.ovs_idl.command [None req-a36ca486-5214-47aa-9363-6de9d2ac97ad 9d09bb75b17a40f698b8ce9924ea28f9 1d2f17dd68f74d92a4686a60f490467a - - default default] Error executing command (DbGetCommand): ovsdbapp.backend.ovs_idl.idlutils.RowNotFound: Cannot find Logical_Router_Port with name=lrp-3de8372a-60f1-4e9d-bc9e-eaf29e10903b
2026-06-26 04:51:19.387 9 ERROR ovsdbapp.backend.ovs_idl.command
Traceback (most recent call last):
2026-06-26 04:51:19.387 9 ERROR ovsdbapp.backend.ovs_idl.command
File "/var/lib/openstack/lib/python3.10/site-packages/ovsdbapp/backend/ovs_idl/command.py", line 47, in execute
2026-06-26 04:51:19.387 9 ERROR ovsdbapp.backend.ovs_idl.command self.run_idl(None)
2026-06-26 04:51:19.387 9 ERROR ovsdbapp.backend.ovs_idl.command
File "/var/lib/openstack/lib/python3.10/site-packages/ovsdbapp/backend/ovs_idl/command.py", line 235, in run_idl
2026-06-26 04:51:19.387 9 ERROR ovsdbapp.backend.ovs_idl.command record = self.api.lookup(self.table, self.record)
2026-06-26 04:51:19.387 9 ERROR ovsdbapp.backend.ovs_idl.command
File "/var/lib/openstack/lib/python3.10/site-packages/ovsdbapp/backend/ovs_idl/__init__.py", line 184, in lookup
2026-06-26 04:51:19.387 9 ERROR ovsdbapp.backend.ovs_idl.command return self._lookup(table, record)
2026-06-26 04:51:19.387 9 ERROR ovsdbapp.backend.ovs_idl.command
File "/var/lib/openstack/lib/python3.10/site-packages/ovsdbapp/backend/ovs_idl/__init__.py", line 235, in _lookup
2026-06-26 04:51:19.387 9 ERROR ovsdbapp.backend.ovs_idl.command row = idlutils.row_by_value(self, rl.table, rl.column, record)
2026-06-26 04:51:19.387 9 ERROR ovsdbapp.backend.ovs_idl.command
File "/var/lib/openstack/lib/python3.10/site-packages/ovsdbapp/backend/ovs_idl/idlutils.py", line 114, in row_by_value
2026-06-26 04:51:19.387 9 ERROR ovsdbapp.backend.ovs_idl.command raise RowNotFound(table=table, col=column, match=match)
2026-06-26 04:51:19.387 9 ERROR ovsdbapp.backend.ovs_idl.command ovsdbapp.backend.ovs_idl.idlutils.RowNotFound: Cannot find Logical_Router_Port with name=lrp-3de8372a-60f1-4e9d-bc9e-eaf29e10903b
2026-06-26 04:51:19.387 9 ERROR ovsdbapp.backend.ovs_idl.command 
2026-06-26 04:51:19.388 9 ERROR neutron_lib.callbacks.manager [None req-a36ca486-5214-47aa-9363-6de9d2ac97ad 9d09bb75b17a40f698b8ce9924ea28f9 1d2f17dd68f74d92a4686a60f490467a - - default default] Error during notification for neutron.services.ovn_l3.plugin.OVNL3RouterPlugin._port_update-8768350965469 port, after_update: ovsdbapp.backend.ovs_idl.idlutils.RowNotFound: Cannot find Logical_Router_Port with name=lrp-3de8372a-60f1-4e9d-bc9e-eaf29e10903b
2026-06-26 04:51:19.388 9 ERROR neutron_lib.callbacks.manager
Traceback (most recent call last):
2026-06-26 04:51:19.388 9 ERROR neutron_lib.callbacks.manager
File "/var/lib/openstack/lib/python3.10/site-packages/neutron_lib/callbacks/manager.py", line 189, in _notify_loop
2026-06-26 04:51:19.388 9 ERROR neutron_lib.callbacks.manager callback.method(resource, event, trigger, payload=payload)
2026-06-26 04:51:19.388 9 ERROR neutron_lib.callbacks.manager
File "/var/lib/openstack/lib/python3.10/site-packages/neutron/services/ovn_l3/plugin.py", line 391, in _port_update
2026-06-26 04:51:19.388 9 ERROR neutron_lib.callbacks.manager l3plugin._ovn_client.update_router_port(context,
2026-06-26 04:51:19.388 9 ERROR neutron_lib.callbacks.manager
File "/var/lib/openstack/lib/python3.10/site-packages/neutron/plugins/ml2/drivers/ovn/mech_driver/ovsdb/ovn_client.py", line 1878, in update_router_port
2026-06-26 04:51:19.388 9 ERROR neutron_lib.callbacks.manager self._update_lrouter_port(context, port, if_exists=if_exists,
2026-06-26 04:51:19.388 9 ERROR neutron_lib.callbacks.manager
File "/var/lib/openstack/lib/python3.10/site-packages/neutron/plugins/ml2/drivers/ovn/mech_driver/ovsdb/ovn_client.py", line 1855, in _update_lrouter_port
2026-06-26 04:51:19.388 9 ERROR neutron_lib.callbacks.manager external_ids = self._nb_idl.db_get(
2026-06-26 04:51:19.388 9 ERROR neutron_lib.callbacks.manager
File "/var/lib/openstack/lib/python3.10/site-packages/ovsdbapp/backend/ovs_idl/command.py", line 47, in execute
2026-06-26 04:51:19.388 9 ERROR neutron_lib.callbacks.manager self.run_idl(None)
2026-06-26 04:51:19.388 9 ERROR neutron_lib.callbacks.manager
File "/var/lib/openstack/lib/python3.10/site-packages/ovsdbapp/backend/ovs_idl/command.py", line 235, in run_idl
2026-06-26 04:51:19.388 9 ERROR neutron_lib.callbacks.manager record = self.api.lookup(self.table, self.record)
2026-06-26 04:51:19.388 9 ERROR neutron_lib.callbacks.manager
File "/var/lib/openstack/lib/python3.10/site-packages/ovsdbapp/backend/ovs_idl/__init__.py", line 184, in lookup
2026-06-26 04:51:19.388 9 ERROR neutron_lib.callbacks.manager return self._lookup(table, record)
2026-06-26 04:51:19.388 9 ERROR neutron_lib.callbacks.manager
File "/var/lib/openstack/lib/python3.10/site-packages/ovsdbapp/backend/ovs_idl/__init__.py", line 235, in _lookup
2026-06-26 04:51:19.388 9 ERROR neutron_lib.callbacks.manager row = idlutils.row_by_value(self, rl.table, rl.column, record)
2026-06-26 04:51:19.388 9 ERROR neutron_lib.callbacks.manager
File "/var/lib/openstack/lib/python3.10/site-packages/ovsdbapp/backend/ovs_idl/idlutils.py", line 114, in row_by_value
2026-06-26 04:51:19.388 9 ERROR neutron_lib.callbacks.manager raise RowNotFound(table=table, col=column, match=match)
2026-06-26 04:51:19.388 9 ERROR neutron_lib.callbacks.manager ovsdbapp.backend.ovs_idl.idlutils.RowNotFound: Cannot find Logical_Router_Port with name=lrp-3de8372a-60f1-4e9d-bc9e-eaf29e10903b
2026-06-26 04:51:19.388 9 ERROR neutron_lib.callbacks.manager 
2026-06-26 04:51:19.608 9 INFO neutron.plugins.ml2.drivers.ovn.mech_driver.mech_driver [None req-9bff111f-9d5d-4006-ab7a-7deeb4049bf7 - - - - - -] OVN reports status up for port: 3de8372a-60f1-4e9d-bc9e-eaf29e10903b
2026-06-26 04:51:19.616 9 INFO neutron.plugins.ml2.plugin [None req-9bff111f-9d5d-4006-ab7a-7deeb4049bf7 - - - - - -] Attempt 1 to provision port 3de8372a-60f1-4e9d-bc9e-eaf29e10903b
