2026-06-26 04:44:29.534 9 INFO neutron.wsgi [None req-4265fa69-1db2-47b5-a2b9-00aafd3a840f ded23f2cdb7e4c9295800275f6291be6 4e78bc56101241b69e3b16de49ca9730 - - default default] 10.0.0.68 "GET /v2.0/networks HTTP/1.1" status: 200 len: 2350 time: 0.0857265
2026-06-26 04:44:29.589 9 INFO neutron.wsgi [None req-dea44ba0-892c-48c5-9c92-9de2ab467002 ded23f2cdb7e4c9295800275f6291be6 4e78bc56101241b69e3b16de49ca9730 - - default default] 10.0.0.68 "GET /v2.0/security-groups HTTP/1.1" status: 200 len: 17574 time: 0.0538287
2026-06-26 04:44:29.652 9 INFO neutron.wsgi [None req-d297cf0f-c564-40fb-b20f-863530ab7a4c ded23f2cdb7e4c9295800275f6291be6 4e78bc56101241b69e3b16de49ca9730 - - default default] 10.0.0.68 "GET /v2.0/ports HTTP/1.1" status: 200 len: 5347 time: 0.0551145
2026-06-26 04:44:29.680 9 INFO neutron.wsgi [None req-e857bd59-551e-4f26-afc7-17ae41cc0d59 ded23f2cdb7e4c9295800275f6291be6 4e78bc56101241b69e3b16de49ca9730 - - default default] 10.0.0.68 "GET /v2.0/floatingips HTTP/1.1" status: 200 len: 193 time: 0.0242195
2026-06-26 04:44:40.510 10 INFO neutron.wsgi [-] 10.0.0.99 "GET / HTTP/1.1" status: 200 len: 247 time: 0.0026016
2026-06-26 04:44:40.512 10 INFO neutron.wsgi [-] 10.0.0.99 "GET / HTTP/1.1" status: 200 len: 247 time: 0.0016401
2026-06-26 04:44:55.509 9 INFO neutron.wsgi [-] 10.0.0.99 "GET / HTTP/1.1" status: 200 len: 247 time: 0.0025413
2026-06-26 04:44:55.513 9 INFO neutron.wsgi [-] 10.0.0.99 "GET / HTTP/1.1" status: 200 len: 247 time: 0.0021057
2026-06-26 04:44:59.761 10 INFO neutron.wsgi [None req-553ae718-37a4-4e51-86d7-1bd45be9460c ded23f2cdb7e4c9295800275f6291be6 4e78bc56101241b69e3b16de49ca9730 - - default default] 199.204.45.156,10.0.0.99 "GET /v2.0/networks?name=public HTTP/1.1" status: 200 len: 928 time: 0.1153646
2026-06-26 04:45:10.510 10 INFO neutron.wsgi [-] 10.0.0.99 "GET / HTTP/1.1" status: 200 len: 247 time: 0.0028176
2026-06-26 04:45:10.512 9 INFO neutron.wsgi [-] 10.0.0.99 "GET / HTTP/1.1" status: 200 len: 247 time: 0.0041852
2026-06-26 04:45:25.510 9 INFO neutron.wsgi [-] 10.0.0.99 "GET / HTTP/1.1" status: 200 len: 247 time: 0.0027709
2026-06-26 04:45:25.513 9 INFO neutron.wsgi [-] 10.0.0.99 "GET / HTTP/1.1" status: 200 len: 247 time: 0.0019643
2026-06-26 04:45:29.430 9 INFO neutron.wsgi [None req-b8b4ea6a-4c5e-4447-9d86-d51caa6426c0 ded23f2cdb7e4c9295800275f6291be6 4e78bc56101241b69e3b16de49ca9730 - - default default] 10.0.0.68 "GET /v2.0/subnets HTTP/1.1" status: 200 len: 1437 time: 0.1487064
2026-06-26 04:45:29.475 9 INFO neutron.wsgi [None req-8bc293b9-e5b6-4eb2-a001-ca01b073325b ded23f2cdb7e4c9295800275f6291be6 4e78bc56101241b69e3b16de49ca9730 - - default default] 10.0.0.68 "GET /v2.0/ports HTTP/1.1" status: 200 len: 5347 time: 0.0443964
2026-06-26 04:45:29.508 9 INFO neutron.wsgi [None req-86704084-455e-42c3-8b49-469543c88f21 ded23f2cdb7e4c9295800275f6291be6 4e78bc56101241b69e3b16de49ca9730 - - default default] 10.0.0.68 "GET /v2.0/routers HTTP/1.1" status: 200 len: 189 time: 0.0289483
2026-06-26 04:45:29.547 9 INFO neutron.wsgi [None req-b450f28f-1ba7-4bc5-b1f7-8c400a600376 ded23f2cdb7e4c9295800275f6291be6 4e78bc56101241b69e3b16de49ca9730 - - default default] 10.0.0.68 "GET /v2.0/agents?binary=ovn-controller HTTP/1.1" status: 200 len: 591 time: 0.0378320
2026-06-26 04:45:29.576 9 INFO neutron.wsgi [None req-269132bf-988e-49c7-b570-d622825c1594 ded23f2cdb7e4c9295800275f6291be6 4e78bc56101241b69e3b16de49ca9730 - - default default] 10.0.0.68 "GET /v2.0/subnets HTTP/1.1" status: 200 len: 1437 time: 0.0281568
2026-06-26 04:45:29.588 9 INFO neutron.wsgi [None req-15cfc2ba-4550-4b6d-9900-70b360cbd211 ded23f2cdb7e4c9295800275f6291be6 4e78bc56101241b69e3b16de49ca9730 - - default default] 10.0.0.68 "GET /v2.0/subnetpools HTTP/1.1" status: 200 len: 193 time: 0.0089746
2026-06-26 04:45:29.605 9 INFO neutron.wsgi [None req-d6044b04-e2d8-469b-9079-e1377e5afdb8 ded23f2cdb7e4c9295800275f6291be6 4e78bc56101241b69e3b16de49ca9730 - - default default] 10.0.0.68 "GET /v2.0/floatingips HTTP/1.1" status: 200 len: 193 time: 0.0164809
2026-06-26 04:45:29.661 9 INFO neutron.wsgi [None req-c7aaf01b-86ad-48b1-b2d4-df71fb3bd87e ded23f2cdb7e4c9295800275f6291be6 4e78bc56101241b69e3b16de49ca9730 - - default default] 10.0.0.68 "GET /v2.0/networks HTTP/1.1" status: 200 len: 2350 time: 0.0557444
2026-06-26 04:45:29.699 9 INFO neutron.wsgi [None req-e36abc06-eff6-49c7-82c7-991ac182d1e6 ded23f2cdb7e4c9295800275f6291be6 4e78bc56101241b69e3b16de49ca9730 - - default default] 10.0.0.68 "GET /v2.0/security-groups HTTP/1.1" status: 200 len: 17574 time: 0.0360646
2026-06-26 04:45:29.718 9 INFO neutron.wsgi [None req-b276b515-a6a4-40d5-9f3a-2a26100b087b ded23f2cdb7e4c9295800275f6291be6 4e78bc56101241b69e3b16de49ca9730 - - default default] 10.0.0.68 "GET /v2.0/agents HTTP/1.1" status: 200 len: 1390 time: 0.0132811
2026-06-26 04:45:29.729 9 INFO neutron.wsgi [None req-5e9ecdc6-1987-441a-b621-ff1660e6c0aa ded23f2cdb7e4c9295800275f6291be6 4e78bc56101241b69e3b16de49ca9730 - - default default] 10.0.0.68 "GET /v2.0/network-ip-availabilities HTTP/1.1" status: 200 len: 1280 time: 0.0096245
2026-06-26 04:45:40.510 10 INFO neutron.wsgi [-] 10.0.0.99 "GET / HTTP/1.1" status: 200 len: 247 time: 0.0027955
2026-06-26 04:45:40.511 9 INFO neutron.wsgi [-] 10.0.0.99 "GET / HTTP/1.1" status: 200 len: 247 time: 0.0028796
2026-06-26 04:45:40.939 10 INFO neutron.wsgi [None req-4d173fad-e4ac-4d49-937f-b2e32cd7529f ded23f2cdb7e4c9295800275f6291be6 4e78bc56101241b69e3b16de49ca9730 - - default default] 10.0.0.33 "GET /v2.0/networks HTTP/1.1" status: 200 len: 2369 time: 0.1363854
2026-06-26 04:45:42.171 10 INFO neutron.wsgi [None req-84c11507-6ea4-4794-90d0-ad13cf27d903 ded23f2cdb7e4c9295800275f6291be6 4e78bc56101241b69e3b16de49ca9730 - - default default] 10.0.0.33 "GET /v2.0/floatingips HTTP/1.1" status: 200 len: 212 time: 0.0352383
2026-06-26 04:45:42.284 10 INFO neutron.wsgi [None req-2fdd4e72-b788-4058-97b9-223070b88bcd ded23f2cdb7e4c9295800275f6291be6 4e78bc56101241b69e3b16de49ca9730 - - default default] 10.0.0.33 "GET /v2.0/routers HTTP/1.1" status: 200 len: 208 time: 0.1076987
2026-06-26 04:45:42.357 10 INFO neutron.wsgi [None req-53bfbb6b-072a-42f8-a9c2-9d3db3417895 ded23f2cdb7e4c9295800275f6291be6 4e78bc56101241b69e3b16de49ca9730 - - default default] 10.0.0.33 "GET /v2.0/ports HTTP/1.1" status: 200 len: 5366 time: 0.0672071
2026-06-26 04:45:42.407 10 INFO neutron.wsgi [None req-813bf9f6-909e-4de9-8697-812cbff37acc ded23f2cdb7e4c9295800275f6291be6 4e78bc56101241b69e3b16de49ca9730 - - default default] 10.0.0.33 "GET /v2.0/subnets HTTP/1.1" status: 200 len: 1456 time: 0.0442932
2026-06-26 04:45:42.484 10 INFO neutron.wsgi [None req-8d0ccfb4-37d0-4e7e-b09e-cba49adbc200 ded23f2cdb7e4c9295800275f6291be6 4e78bc56101241b69e3b16de49ca9730 - - default default] 10.0.0.33 "GET /v2.0/networks HTTP/1.1" status: 200 len: 2369 time: 0.0736864
2026-06-26 04:45:42.538 10 INFO neutron.wsgi [None req-219c5e44-51a0-46d9-bcfd-fd3fc6f037d2 ded23f2cdb7e4c9295800275f6291be6 4e78bc56101241b69e3b16de49ca9730 - - default default] 10.0.0.33 "GET /v2.0/security-groups HTTP/1.1" status: 200 len: 17593 time: 0.0484672
2026-06-26 04:45:42.554 10 INFO neutron.wsgi [None req-45e25172-69c3-4de5-9b8f-14be112d6759 ded23f2cdb7e4c9295800275f6291be6 4e78bc56101241b69e3b16de49ca9730 - - default default] 10.0.0.33 "GET /v2.0/subnetpools HTTP/1.1" status: 200 len: 212 time: 0.0123804
2026-06-26 04:45:53.908 9 INFO neutron.db.ovn_revision_numbers_db [None req-e4a1bae2-90bd-43c5-bfb1-eb3d0a161f52 ded23f2cdb7e4c9295800275f6291be6 4e78bc56101241b69e3b16de49ca9730 - - default default] Successfully bumped revision number for resource 8bee8d4f-62d9-41c7-ace2-467b9e2cfa02 (type: security_groups) to 1
2026-06-26 04:45:53.935 9 INFO neutron.db.ovn_revision_numbers_db [None req-e4a1bae2-90bd-43c5-bfb1-eb3d0a161f52 ded23f2cdb7e4c9295800275f6291be6 4e78bc56101241b69e3b16de49ca9730 - - default default] Successfully bumped revision number for resource 2b73f063-29a1-4370-8ff3-d8ab892bd64e (type: security_group_rules) to 0
2026-06-26 04:45:53.963 9 INFO neutron.db.ovn_revision_numbers_db [None req-e4a1bae2-90bd-43c5-bfb1-eb3d0a161f52 ded23f2cdb7e4c9295800275f6291be6 4e78bc56101241b69e3b16de49ca9730 - - default default] Successfully bumped revision number for resource 3efe170d-6ee8-4508-95de-d52b2a8dc07e (type: security_group_rules) to 0
2026-06-26 04:45:53.992 9 INFO neutron.db.ovn_revision_numbers_db [None req-e4a1bae2-90bd-43c5-bfb1-eb3d0a161f52 ded23f2cdb7e4c9295800275f6291be6 4e78bc56101241b69e3b16de49ca9730 - - default default] Successfully bumped revision number for resource 67e8f268-5e1c-4147-a885-2ea2dcd7739b (type: security_group_rules) to 0
2026-06-26 04:45:54.014 9 INFO neutron.db.ovn_revision_numbers_db [None req-e4a1bae2-90bd-43c5-bfb1-eb3d0a161f52 ded23f2cdb7e4c9295800275f6291be6 4e78bc56101241b69e3b16de49ca9730 - - default default] Successfully bumped revision number for resource f5c587a0-32a6-45c1-8c1f-eb0b0b185bf9 (type: security_group_rules) to 0
2026-06-26 04:45:54.072 10 INFO neutron.db.ovn_revision_numbers_db [None req-98a7eaf8-2db6-417d-a7df-caacde5dc042 ded23f2cdb7e4c9295800275f6291be6 4e78bc56101241b69e3b16de49ca9730 - - default default] Successfully bumped revision number for resource 5fa63f9c-35d3-4f98-bc48-e9c1fd986c3b (type: security_groups) to 1
2026-06-26 04:45:54.103 10 INFO neutron.db.ovn_revision_numbers_db [None req-98a7eaf8-2db6-417d-a7df-caacde5dc042 ded23f2cdb7e4c9295800275f6291be6 4e78bc56101241b69e3b16de49ca9730 - - default default] Successfully bumped revision number for resource 2db43c9a-81ab-4b53-a3d7-08c38124eaf2 (type: security_group_rules) to 0
2026-06-26 04:45:54.111 9 INFO neutron.db.segments_db [None req-e4a1bae2-90bd-43c5-bfb1-eb3d0a161f52 ded23f2cdb7e4c9295800275f6291be6 4e78bc56101241b69e3b16de49ca9730 - - default default] Added segment 920ad587-a780-4658-a5ba-6dcb67a6bbff of type geneve for network 68bb7dc7-fea7-4f28-bdcc-78c65445f877
2026-06-26 04:45:54.122 10 INFO neutron.db.ovn_revision_numbers_db [None req-98a7eaf8-2db6-417d-a7df-caacde5dc042 ded23f2cdb7e4c9295800275f6291be6 4e78bc56101241b69e3b16de49ca9730 - - default default] Successfully bumped revision number for resource 473994ee-366c-4464-a625-841acbdbed15 (type: security_group_rules) to 0
2026-06-26 04:45:54.133 10 INFO neutron.db.ovn_revision_numbers_db [None req-98a7eaf8-2db6-417d-a7df-caacde5dc042 ded23f2cdb7e4c9295800275f6291be6 4e78bc56101241b69e3b16de49ca9730 - - default default] Successfully bumped revision number for resource 7b4a2af4-a2ff-425f-9e56-b05a1e9c0cd9 (type: security_group_rules) to 0
2026-06-26 04:45:54.134 9 INFO neutron.db.ovn_revision_numbers_db [None req-76f68c5f-00ce-454d-8e4c-719768b3bcae ded23f2cdb7e4c9295800275f6291be6 4e78bc56101241b69e3b16de49ca9730 - - default default] Successfully bumped revision number for resource f24c025e-148d-416f-9141-2765f2020335 (type: security_groups) to 1
2026-06-26 04:45:54.159 9 INFO neutron.db.ovn_revision_numbers_db [None req-76f68c5f-00ce-454d-8e4c-719768b3bcae ded23f2cdb7e4c9295800275f6291be6 4e78bc56101241b69e3b16de49ca9730 - - default default] Successfully bumped revision number for resource 17e4a633-4981-4953-ba61-67b1d9e0853e (type: security_group_rules) to 0
2026-06-26 04:45:54.163 10 INFO neutron.db.ovn_revision_numbers_db [None req-98a7eaf8-2db6-417d-a7df-caacde5dc042 ded23f2cdb7e4c9295800275f6291be6 4e78bc56101241b69e3b16de49ca9730 - - default default] Successfully bumped revision number for resource f04fc952-d085-4412-95ac-84b77f5782f3 (type: security_group_rules) to 0
2026-06-26 04:45:54.184 9 INFO neutron.db.ovn_revision_numbers_db [None req-76f68c5f-00ce-454d-8e4c-719768b3bcae ded23f2cdb7e4c9295800275f6291be6 4e78bc56101241b69e3b16de49ca9730 - - default default] Successfully bumped revision number for resource 7571c0e7-340c-4796-a967-78b451aeffa9 (type: security_group_rules) to 0
2026-06-26 04:45:54.204 9 INFO neutron.db.ovn_revision_numbers_db [None req-76f68c5f-00ce-454d-8e4c-719768b3bcae ded23f2cdb7e4c9295800275f6291be6 4e78bc56101241b69e3b16de49ca9730 - - default default] Successfully bumped revision number for resource d2704359-c59d-47f3-b0a2-fd9c618f73ee (type: security_group_rules) to 0
2026-06-26 04:45:54.218 10 INFO neutron.db.segments_db [None req-98a7eaf8-2db6-417d-a7df-caacde5dc042 ded23f2cdb7e4c9295800275f6291be6 4e78bc56101241b69e3b16de49ca9730 - - default default] Added segment ab0d9297-6ddc-4f05-bd81-6596b3e76957 of type geneve for network 9f0a6519-c614-410d-958d-2e3b48ed7af4
2026-06-26 04:45:54.257 9 INFO neutron.db.ovn_revision_numbers_db [None req-76f68c5f-00ce-454d-8e4c-719768b3bcae ded23f2cdb7e4c9295800275f6291be6 4e78bc56101241b69e3b16de49ca9730 - - default default] Successfully bumped revision number for resource f0952acb-f4f1-4139-bb84-b1767753014b (type: security_group_rules) to 0
2026-06-26 04:45:54.284 9 INFO neutron.db.ovn_revision_numbers_db [None req-e4a1bae2-90bd-43c5-bfb1-eb3d0a161f52 ded23f2cdb7e4c9295800275f6291be6 4e78bc56101241b69e3b16de49ca9730 - - default default] Successfully bumped revision number for resource 68bb7dc7-fea7-4f28-bdcc-78c65445f877 (type: networks) to 1
2026-06-26 04:45:54.327 9 INFO neutron.db.segments_db [None req-76f68c5f-00ce-454d-8e4c-719768b3bcae ded23f2cdb7e4c9295800275f6291be6 4e78bc56101241b69e3b16de49ca9730 - - default default] Added segment 816b58c9-b255-47c9-9e8f-2b4ede4f79ac of type geneve for network 15570cb2-65ff-44a0-9865-441df1334cff
2026-06-26 04:45:54.372 10 INFO neutron.db.ovn_revision_numbers_db [None req-98a7eaf8-2db6-417d-a7df-caacde5dc042 ded23f2cdb7e4c9295800275f6291be6 4e78bc56101241b69e3b16de49ca9730 - - default default] Successfully bumped revision number for resource 9f0a6519-c614-410d-958d-2e3b48ed7af4 (type: networks) to 1
2026-06-26 04:45:54.570 10 WARNING neutron.scheduler.dhcp_agent_scheduler [None req-98a7eaf8-2db6-417d-a7df-caacde5dc042 ded23f2cdb7e4c9295800275f6291be6 4e78bc56101241b69e3b16de49ca9730 - - default default] No more DHCP agents
2026-06-26 04:45:54.571 10 WARNING neutron.api.rpc.agentnotifiers.dhcp_rpc_agent_api [None req-98a7eaf8-2db6-417d-a7df-caacde5dc042 ded23f2cdb7e4c9295800275f6291be6 4e78bc56101241b69e3b16de49ca9730 - - default default] Unable to schedule network 9f0a6519-c614-410d-958d-2e3b48ed7af4: no agents available; will retry on subsequent port and subnet creation events.
2026-06-26 04:45:54.612 9 INFO neutron.db.ovn_revision_numbers_db [None req-76f68c5f-00ce-454d-8e4c-719768b3bcae ded23f2cdb7e4c9295800275f6291be6 4e78bc56101241b69e3b16de49ca9730 - - default default] Successfully bumped revision number for resource 15570cb2-65ff-44a0-9865-441df1334cff (type: networks) to 1
2026-06-26 04:45:54.649 10 INFO neutron.db.ovn_revision_numbers_db [None req-98a7eaf8-2db6-417d-a7df-caacde5dc042 ded23f2cdb7e4c9295800275f6291be6 4e78bc56101241b69e3b16de49ca9730 - - default default] Successfully bumped revision number for resource 5a02bdee-853b-4327-aa96-e1ce46fbd0c6 (type: ports) to 1
2026-06-26 04:45:54.655 9 WARNING neutron.scheduler.dhcp_agent_scheduler [None req-e4a1bae2-90bd-43c5-bfb1-eb3d0a161f52 ded23f2cdb7e4c9295800275f6291be6 4e78bc56101241b69e3b16de49ca9730 - - default default] No more DHCP agents
2026-06-26 04:45:54.659 9 WARNING neutron.api.rpc.agentnotifiers.dhcp_rpc_agent_api [None req-e4a1bae2-90bd-43c5-bfb1-eb3d0a161f52 ded23f2cdb7e4c9295800275f6291be6 4e78bc56101241b69e3b16de49ca9730 - - default default] Unable to schedule network 68bb7dc7-fea7-4f28-bdcc-78c65445f877: no agents available; will retry on subsequent port and subnet creation events.
2026-06-26 04:45:54.671 10 INFO neutron.wsgi [None req-98a7eaf8-2db6-417d-a7df-caacde5dc042 ded23f2cdb7e4c9295800275f6291be6 4e78bc56101241b69e3b16de49ca9730 - - default default] 10.0.0.33 "POST /v2.0/networks HTTP/1.1" status: 201 len: 949 time: 0.8084819
2026-06-26 04:45:54.784 9 INFO neutron.db.ovn_revision_numbers_db [None req-e4a1bae2-90bd-43c5-bfb1-eb3d0a161f52 ded23f2cdb7e4c9295800275f6291be6 4e78bc56101241b69e3b16de49ca9730 - - default default] Successfully bumped revision number for resource 7007a455-09c6-42ff-910d-5b4cd2df377e (type: ports) to 1
2026-06-26 04:45:54.820 9 INFO neutron.wsgi [None req-e4a1bae2-90bd-43c5-bfb1-eb3d0a161f52 ded23f2cdb7e4c9295800275f6291be6 4e78bc56101241b69e3b16de49ca9730 - - default default] 10.0.0.33 "POST /v2.0/networks HTTP/1.1" status: 201 len: 951 time: 1.1630661
2026-06-26 04:45:54.832 9 WARNING neutron.scheduler.dhcp_agent_scheduler [None req-76f68c5f-00ce-454d-8e4c-719768b3bcae ded23f2cdb7e4c9295800275f6291be6 4e78bc56101241b69e3b16de49ca9730 - - default default] No more DHCP agents
2026-06-26 04:45:54.833 9 WARNING neutron.api.rpc.agentnotifiers.dhcp_rpc_agent_api [None req-76f68c5f-00ce-454d-8e4c-719768b3bcae ded23f2cdb7e4c9295800275f6291be6 4e78bc56101241b69e3b16de49ca9730 - - default default] Unable to schedule network 15570cb2-65ff-44a0-9865-441df1334cff: no agents available; will retry on subsequent port and subnet creation events.
2026-06-26 04:45:54.854 10 WARNING neutron.scheduler.dhcp_agent_scheduler [None req-c0099b48-ae2e-4204-915f-dce3681a1a44 ded23f2cdb7e4c9295800275f6291be6 4e78bc56101241b69e3b16de49ca9730 - - default default] No more DHCP agents
2026-06-26 04:45:54.857 10 WARNING neutron.api.rpc.agentnotifiers.dhcp_rpc_agent_api [None req-c0099b48-ae2e-4204-915f-dce3681a1a44 ded23f2cdb7e4c9295800275f6291be6 4e78bc56101241b69e3b16de49ca9730 - - default default] Unable to schedule network 9f0a6519-c614-410d-958d-2e3b48ed7af4: no agents available; will retry on subsequent port and subnet creation events.
2026-06-26 04:45:54.948 9 INFO neutron.db.ovn_revision_numbers_db [None req-76f68c5f-00ce-454d-8e4c-719768b3bcae ded23f2cdb7e4c9295800275f6291be6 4e78bc56101241b69e3b16de49ca9730 - - default default] Successfully bumped revision number for resource b0ffcb98-e753-4de8-8aff-dc82abf68479 (type: ports) to 1
2026-06-26 04:45:54.985 9 INFO neutron.wsgi [None req-76f68c5f-00ce-454d-8e4c-719768b3bcae ded23f2cdb7e4c9295800275f6291be6 4e78bc56101241b69e3b16de49ca9730 - - default default] 10.0.0.33 "POST /v2.0/networks HTTP/1.1" status: 201 len: 939 time: 1.1341524
2026-06-26 04:45:55.045 10 WARNING neutron.scheduler.dhcp_agent_scheduler [None req-8c7ae79c-cb10-4ff2-90c0-60623be15fab ded23f2cdb7e4c9295800275f6291be6 4e78bc56101241b69e3b16de49ca9730 - - default default] No more DHCP agents
2026-06-26 04:45:55.056 10 WARNING neutron.api.rpc.agentnotifiers.dhcp_rpc_agent_api [None req-8c7ae79c-cb10-4ff2-90c0-60623be15fab ded23f2cdb7e4c9295800275f6291be6 4e78bc56101241b69e3b16de49ca9730 - - default default] Unable to schedule network 68bb7dc7-fea7-4f28-bdcc-78c65445f877: no agents available; will retry on subsequent port and subnet creation events.
2026-06-26 04:45:55.062 9 INFO neutron.db.ovn_revision_numbers_db [None req-ce53cec1-a15f-43ad-9ed8-38e5c83bce0c ded23f2cdb7e4c9295800275f6291be6 4e78bc56101241b69e3b16de49ca9730 - - default default] Successfully bumped revision number for resource 07c47715-c7ab-47dd-a40e-e313f6e10e26 (type: security_groups) to 1
2026-06-26 04:45:55.080 9 INFO neutron.db.ovn_revision_numbers_db [None req-ce53cec1-a15f-43ad-9ed8-38e5c83bce0c ded23f2cdb7e4c9295800275f6291be6 4e78bc56101241b69e3b16de49ca9730 - - default default] Successfully bumped revision number for resource 0f105052-6c19-4fa4-bf64-f85ed3314adf (type: security_group_rules) to 0
2026-06-26 04:45:55.095 9 INFO neutron.db.ovn_revision_numbers_db [None req-ce53cec1-a15f-43ad-9ed8-38e5c83bce0c ded23f2cdb7e4c9295800275f6291be6 4e78bc56101241b69e3b16de49ca9730 - - default default] Successfully bumped revision number for resource 4f105714-163f-4acb-9f8d-53861e12b1ee (type: security_group_rules) to 0
2026-06-26 04:45:55.112 9 INFO neutron.db.ovn_revision_numbers_db [None req-ce53cec1-a15f-43ad-9ed8-38e5c83bce0c ded23f2cdb7e4c9295800275f6291be6 4e78bc56101241b69e3b16de49ca9730 - - default default] Successfully bumped revision number for resource f5967e5b-a2f1-4c8c-b01c-2f1cc512bb68 (type: security_group_rules) to 0
2026-06-26 04:45:55.129 9 INFO neutron.db.ovn_revision_numbers_db [None req-ce53cec1-a15f-43ad-9ed8-38e5c83bce0c ded23f2cdb7e4c9295800275f6291be6 4e78bc56101241b69e3b16de49ca9730 - - default default] Successfully bumped revision number for resource feec44f2-722f-4300-8188-7fd661b24d31 (type: security_group_rules) to 0
2026-06-26 04:45:55.166 9 INFO neutron.wsgi [None req-ce53cec1-a15f-43ad-9ed8-38e5c83bce0c ded23f2cdb7e4c9295800275f6291be6 4e78bc56101241b69e3b16de49ca9730 - - default default] 10.0.0.33 "GET /v2.0/security-groups?tenant_id=4183896747624341b29e0497db29066c&name=default HTTP/1.1" status: 200 len: 3116 time: 0.4447520
2026-06-26 04:45:55.218 9 WARNING neutron.scheduler.dhcp_agent_scheduler [None req-1669e748-25e4-4361-a58d-b7dd6c2f7a55 ded23f2cdb7e4c9295800275f6291be6 4e78bc56101241b69e3b16de49ca9730 - - default default] No more DHCP agents
2026-06-26 04:45:55.223 9 WARNING neutron.api.rpc.agentnotifiers.dhcp_rpc_agent_api [None req-1669e748-25e4-4361-a58d-b7dd6c2f7a55 ded23f2cdb7e4c9295800275f6291be6 4e78bc56101241b69e3b16de49ca9730 - - default default] Unable to schedule network 15570cb2-65ff-44a0-9865-441df1334cff: no agents available; will retry on subsequent port and subnet creation events.
2026-06-26 04:45:55.467 9 INFO neutron.wsgi [None req-7e6db55d-d160-42d3-8348-b30d9cfb7b92 ded23f2cdb7e4c9295800275f6291be6 4e78bc56101241b69e3b16de49ca9730 - - default default] 10.0.0.33 "DELETE /v2.0/security-groups/07c47715-c7ab-47dd-a40e-e313f6e10e26 HTTP/1.1" status: 204 len: 168 time: 0.2937586
2026-06-26 04:45:55.508 9 INFO neutron.wsgi [-] 10.0.0.99 "GET / HTTP/1.1" status: 200 len: 247 time: 0.0013347
2026-06-26 04:45:55.510 9 INFO neutron.wsgi [-] 10.0.0.99 "GET / HTTP/1.1" status: 200 len: 247 time: 0.0014603
2026-06-26 04:45:55.574 10 INFO neutron.db.ovn_revision_numbers_db [None req-c0099b48-ae2e-4204-915f-dce3681a1a44 ded23f2cdb7e4c9295800275f6291be6 4e78bc56101241b69e3b16de49ca9730 - - default default] Successfully bumped revision number for resource 5a02bdee-853b-4327-aa96-e1ce46fbd0c6 (type: ports) to 2
2026-06-26 04:45:55.616 10 INFO neutron.db.ovn_revision_numbers_db [None req-c0099b48-ae2e-4204-915f-dce3681a1a44 ded23f2cdb7e4c9295800275f6291be6 4e78bc56101241b69e3b16de49ca9730 - - default default] Successfully bumped revision number for resource bdf764be-081c-41e1-b3fd-f89911a1173c (type: subnets) to 0
2026-06-26 04:45:55.637 10 INFO neutron.wsgi [None req-c0099b48-ae2e-4204-915f-dce3681a1a44 ded23f2cdb7e4c9295800275f6291be6 4e78bc56101241b69e3b16de49ca9730 - - default default] 10.0.0.33 "POST /v2.0/subnets HTTP/1.1" status: 201 len: 869 time: 0.9597714
2026-06-26 04:45:55.769 10 INFO neutron.db.ovn_revision_numbers_db [None req-8c7ae79c-cb10-4ff2-90c0-60623be15fab ded23f2cdb7e4c9295800275f6291be6 4e78bc56101241b69e3b16de49ca9730 - - default default] Successfully bumped revision number for resource 7007a455-09c6-42ff-910d-5b4cd2df377e (type: ports) to 2
2026-06-26 04:45:55.781 9 INFO neutron.db.ovn_revision_numbers_db [None req-1669e748-25e4-4361-a58d-b7dd6c2f7a55 ded23f2cdb7e4c9295800275f6291be6 4e78bc56101241b69e3b16de49ca9730 - - default default] Successfully bumped revision number for resource b0ffcb98-e753-4de8-8aff-dc82abf68479 (type: ports) to 2
2026-06-26 04:45:55.814 9 INFO neutron.db.ovn_revision_numbers_db [None req-1669e748-25e4-4361-a58d-b7dd6c2f7a55 ded23f2cdb7e4c9295800275f6291be6 4e78bc56101241b69e3b16de49ca9730 - - default default] Successfully bumped revision number for resource 565e1a07-7ac0-4976-b004-d0e31103ab96 (type: subnets) to 0
2026-06-26 04:45:55.829 9 INFO neutron.wsgi [None req-1669e748-25e4-4361-a58d-b7dd6c2f7a55 ded23f2cdb7e4c9295800275f6291be6 4e78bc56101241b69e3b16de49ca9730 - - default default] 10.0.0.33 "POST /v2.0/subnets HTTP/1.1" status: 201 len: 859 time: 0.8331795
2026-06-26 04:45:55.842 10 INFO neutron.db.ovn_revision_numbers_db [None req-8c7ae79c-cb10-4ff2-90c0-60623be15fab ded23f2cdb7e4c9295800275f6291be6 4e78bc56101241b69e3b16de49ca9730 - - default default] Successfully bumped revision number for resource c8ee1801-7846-4cad-a572-0cc7391b344b (type: subnets) to 0
2026-06-26 04:45:55.864 10 INFO neutron.wsgi [None req-8c7ae79c-cb10-4ff2-90c0-60623be15fab ded23f2cdb7e4c9295800275f6291be6 4e78bc56101241b69e3b16de49ca9730 - - default default] 10.0.0.33 "POST /v2.0/subnets HTTP/1.1" status: 201 len: 871 time: 1.0379438
2026-06-26 04:45:56.395 10 WARNING neutron.scheduler.dhcp_agent_scheduler [None req-68c254d1-51af-4a39-92c7-53a31b81de98 ded23f2cdb7e4c9295800275f6291be6 4e78bc56101241b69e3b16de49ca9730 - - default default] No more DHCP agents
2026-06-26 04:45:56.398 10 WARNING neutron.api.rpc.agentnotifiers.dhcp_rpc_agent_api [None req-68c254d1-51af-4a39-92c7-53a31b81de98 ded23f2cdb7e4c9295800275f6291be6 4e78bc56101241b69e3b16de49ca9730 - - default default] Unable to schedule network 5f01502e-e836-46d4-821d-b347dfec5b7a: no agents available; will retry on subsequent port and subnet creation events.
2026-06-26 04:45:56.532 10 INFO neutron.db.ovn_revision_numbers_db [None req-68c254d1-51af-4a39-92c7-53a31b81de98 ded23f2cdb7e4c9295800275f6291be6 4e78bc56101241b69e3b16de49ca9730 - - default default] Successfully bumped revision number for resource 6ffe06d1-c734-4033-bf55-d7c3a69b4d0e (type: ports) to 1
2026-06-26 04:45:56.589 9 WARNING neutron.scheduler.dhcp_agent_scheduler [None req-b3c12c9f-4d65-40b9-b2e9-c5212c59af4a ded23f2cdb7e4c9295800275f6291be6 4e78bc56101241b69e3b16de49ca9730 - - default default] No more DHCP agents
2026-06-26 04:45:56.595 9 WARNING neutron.api.rpc.agentnotifiers.dhcp_rpc_agent_api [None req-b3c12c9f-4d65-40b9-b2e9-c5212c59af4a ded23f2cdb7e4c9295800275f6291be6 4e78bc56101241b69e3b16de49ca9730 - - default default] Unable to schedule network 5f01502e-e836-46d4-821d-b347dfec5b7a: no agents available; will retry on subsequent port and subnet creation events.
2026-06-26 04:45:56.735 9 INFO neutron.db.ovn_revision_numbers_db [None req-b3c12c9f-4d65-40b9-b2e9-c5212c59af4a ded23f2cdb7e4c9295800275f6291be6 4e78bc56101241b69e3b16de49ca9730 - - default default] Successfully bumped revision number for resource 1eadf8a8-5f94-40e1-b2d9-3de7866f72c3 (type: ports) to 1
2026-06-26 04:45:56.895 10 INFO neutron.plugins.ml2.drivers.ovn.mech_driver.ovsdb.extensions.qos [None req-68c254d1-51af-4a39-92c7-53a31b81de98 ded23f2cdb7e4c9295800275f6291be6 4e78bc56101241b69e3b16de49ca9730 - - default default] Starting OVNClientQosExtension
2026-06-26 04:45:57.111 9 INFO neutron.plugins.ml2.drivers.ovn.mech_driver.ovsdb.extensions.qos [None req-b3c12c9f-4d65-40b9-b2e9-c5212c59af4a ded23f2cdb7e4c9295800275f6291be6 4e78bc56101241b69e3b16de49ca9730 - - default default] Starting OVNClientQosExtension
2026-06-26 04:45:57.351 10 WARNING neutron.scheduler.dhcp_agent_scheduler [None req-829a86bd-ecba-407d-99be-ab276f3d89da ded23f2cdb7e4c9295800275f6291be6 4e78bc56101241b69e3b16de49ca9730 - - default default] No more DHCP agents
2026-06-26 04:45:57.356 10 WARNING neutron.api.rpc.agentnotifiers.dhcp_rpc_agent_api [None req-829a86bd-ecba-407d-99be-ab276f3d89da ded23f2cdb7e4c9295800275f6291be6 4e78bc56101241b69e3b16de49ca9730 - - default default] Unable to schedule network 5f01502e-e836-46d4-821d-b347dfec5b7a: no agents available; will retry on subsequent port and subnet creation events.
2026-06-26 04:45:57.506 10 INFO neutron.plugins.ml2.drivers.ovn.mech_driver.ovsdb.commands [None req-dd16392c-1752-4d40-9e24-68da8e7cec8a - - - - - -] Schedule LRP lrp-6ffe06d1-c734-4033-bf55-d7c3a69b4d0e on gateway 05477b0a-9e25-4eaa-a8cb-31f94a219ebb with priority 1
2026-06-26 04:45:57.527 9 INFO neutron.plugins.ml2.drivers.ovn.mech_driver.mech_driver [None req-9bff111f-9d5d-4006-ab7a-7deeb4049bf7 - - - - - -] OVN reports status up for port: 6ffe06d1-c734-4033-bf55-d7c3a69b4d0e
2026-06-26 04:45:57.532 9 INFO neutron.plugins.ml2.drivers.ovn.mech_driver.ovsdb.ovsdb_monitor [-] Router 273b8d22-4f05-47c1-91de-5d2fec070036 is bound to host instance
2026-06-26 04:45:57.539 10 INFO neutron.db.ovn_revision_numbers_db [None req-829a86bd-ecba-407d-99be-ab276f3d89da ded23f2cdb7e4c9295800275f6291be6 4e78bc56101241b69e3b16de49ca9730 - - default default] Successfully bumped revision number for resource b23ccd1a-210a-49b7-b962-5e57141891cc (type: ports) to 1
2026-06-26 04:45:57.557 9 INFO neutron.plugins.ml2.plugin [None req-9bff111f-9d5d-4006-ab7a-7deeb4049bf7 - - - - - -] Attempt 1 to provision port 6ffe06d1-c734-4033-bf55-d7c3a69b4d0e
2026-06-26 04:45:57.570 10 INFO neutron.db.ovn_revision_numbers_db [None req-68c254d1-51af-4a39-92c7-53a31b81de98 ded23f2cdb7e4c9295800275f6291be6 4e78bc56101241b69e3b16de49ca9730 - - default default] Successfully bumped revision number for resource 6ffe06d1-c734-4033-bf55-d7c3a69b4d0e (type: router_ports) to 1
2026-06-26 04:45:57.664 10 INFO neutron.db.ovn_revision_numbers_db [None req-68c254d1-51af-4a39-92c7-53a31b81de98 ded23f2cdb7e4c9295800275f6291be6 4e78bc56101241b69e3b16de49ca9730 - - default default] Successfully bumped revision number for resource 273b8d22-4f05-47c1-91de-5d2fec070036 (type: routers) to 2
2026-06-26 04:45:57.699 10 INFO neutron.wsgi [None req-68c254d1-51af-4a39-92c7-53a31b81de98 ded23f2cdb7e4c9295800275f6291be6 4e78bc56101241b69e3b16de49ca9730 - - default default] 10.0.0.33 "POST /v2.0/routers HTTP/1.1" status: 201 len: 1171 time: 2.0547712
2026-06-26 04:45:57.704 9 INFO neutron.plugins.ml2.drivers.ovn.mech_driver.ovsdb.commands [None req-c5b5d7da-1b9b-4983-9b60-bead7d913711 - - - - - -] Schedule LRP lrp-1eadf8a8-5f94-40e1-b2d9-3de7866f72c3 on gateway 05477b0a-9e25-4eaa-a8cb-31f94a219ebb with priority 1
2026-06-26 04:45:57.721 10 INFO neutron.plugins.ml2.drivers.ovn.mech_driver.mech_driver [-] OVN reports status up for port: 1eadf8a8-5f94-40e1-b2d9-3de7866f72c3
2026-06-26 04:45:57.733 10 INFO neutron.plugins.ml2.plugin [None req-66cb4c9e-aaa6-4c34-bd14-dfa9c62eb8eb - - - - - -] Attempt 1 to provision port 1eadf8a8-5f94-40e1-b2d9-3de7866f72c3
2026-06-26 04:45:57.763 10 INFO neutron.plugins.ml2.drivers.ovn.mech_driver.ovsdb.ovsdb_monitor [-] Router edad61e3-a526-4b88-b7b2-bd8c411fa611 is bound to host instance
2026-06-26 04:45:57.805 9 INFO neutron.db.ovn_revision_numbers_db [None req-b3c12c9f-4d65-40b9-b2e9-c5212c59af4a ded23f2cdb7e4c9295800275f6291be6 4e78bc56101241b69e3b16de49ca9730 - - default default] Successfully bumped revision number for resource 1eadf8a8-5f94-40e1-b2d9-3de7866f72c3 (type: router_ports) to 1
2026-06-26 04:45:57.960 9 INFO neutron.db.ovn_revision_numbers_db [None req-b3c12c9f-4d65-40b9-b2e9-c5212c59af4a ded23f2cdb7e4c9295800275f6291be6 4e78bc56101241b69e3b16de49ca9730 - - default default] Successfully bumped revision number for resource edad61e3-a526-4b88-b7b2-bd8c411fa611 (type: routers) to 2
2026-06-26 04:45:58.025 9 INFO neutron.wsgi [None req-b3c12c9f-4d65-40b9-b2e9-c5212c59af4a ded23f2cdb7e4c9295800275f6291be6 4e78bc56101241b69e3b16de49ca9730 - - default default] 10.0.0.33 "POST /v2.0/routers HTTP/1.1" status: 201 len: 1161 time: 2.1902606
2026-06-26 04:45:58.573 9 INFO neutron.db.ovn_revision_numbers_db [None req-99cab86b-e5e9-4f03-aacb-ba6f66a2efe8 ded23f2cdb7e4c9295800275f6291be6 4e78bc56101241b69e3b16de49ca9730 - - default default] Successfully bumped revision number for resource eb3dc080-530e-4ba5-8798-99470c4a9adb (type: security_groups) to 1
2026-06-26 04:45:58.587 10 INFO neutron.plugins.ml2.drivers.ovn.mech_driver.ovsdb.commands [None req-dd16392c-1752-4d40-9e24-68da8e7cec8a - - - - - -] Schedule LRP lrp-b23ccd1a-210a-49b7-b962-5e57141891cc on gateway 05477b0a-9e25-4eaa-a8cb-31f94a219ebb with priority 1
2026-06-26 04:45:58.630 9 INFO neutron.db.ovn_revision_numbers_db [None req-99cab86b-e5e9-4f03-aacb-ba6f66a2efe8 ded23f2cdb7e4c9295800275f6291be6 4e78bc56101241b69e3b16de49ca9730 - - default default] Successfully bumped revision number for resource 0fa56ed2-d456-4f22-8df6-456acd5c5a81 (type: security_group_rules) to 0
2026-06-26 04:45:58.637 10 INFO neutron.db.ovn_revision_numbers_db [None req-829a86bd-ecba-407d-99be-ab276f3d89da ded23f2cdb7e4c9295800275f6291be6 4e78bc56101241b69e3b16de49ca9730 - - default default] Successfully bumped revision number for resource b23ccd1a-210a-49b7-b962-5e57141891cc (type: router_ports) to 1
2026-06-26 04:45:58.667 9 INFO neutron.db.ovn_revision_numbers_db [None req-99cab86b-e5e9-4f03-aacb-ba6f66a2efe8 ded23f2cdb7e4c9295800275f6291be6 4e78bc56101241b69e3b16de49ca9730 - - default default] Successfully bumped revision number for resource c2d3b122-1652-4686-8f76-9934105f6c67 (type: security_group_rules) to 0
2026-06-26 04:45:58.705 9 INFO neutron.db.ovn_revision_numbers_db [None req-99cab86b-e5e9-4f03-aacb-ba6f66a2efe8 ded23f2cdb7e4c9295800275f6291be6 4e78bc56101241b69e3b16de49ca9730 - - default default] Successfully bumped revision number for resource e1e6df73-e2b2-44a8-a647-6ae8bfb6ec0b (type: security_group_rules) to 0
2026-06-26 04:45:58.738 9 INFO neutron.db.ovn_revision_numbers_db [None req-99cab86b-e5e9-4f03-aacb-ba6f66a2efe8 ded23f2cdb7e4c9295800275f6291be6 4e78bc56101241b69e3b16de49ca9730 - - default default] Successfully bumped revision number for resource e31bc3aa-8dc2-44d8-a4a4-5c223636f0df (type: security_group_rules) to 0
2026-06-26 04:45:58.797 9 INFO neutron.wsgi [None req-99cab86b-e5e9-4f03-aacb-ba6f66a2efe8 ded23f2cdb7e4c9295800275f6291be6 4e78bc56101241b69e3b16de49ca9730 - - default default] 10.0.0.33 "GET /v2.0/security-groups?tenant_id=3523f11df9f141e992b797edf2521eed&name=default HTTP/1.1" status: 200 len: 3116 time: 0.9887750
2026-06-26 04:45:58.868 10 INFO neutron.db.ovn_revision_numbers_db [None req-829a86bd-ecba-407d-99be-ab276f3d89da ded23f2cdb7e4c9295800275f6291be6 4e78bc56101241b69e3b16de49ca9730 - - default default] Successfully bumped revision number for resource dcad0fe3-50cb-449e-8760-f58a9826f4aa (type: routers) to 2
2026-06-26 04:45:58.908 10 INFO neutron.wsgi [None req-829a86bd-ecba-407d-99be-ab276f3d89da ded23f2cdb7e4c9295800275f6291be6 4e78bc56101241b69e3b16de49ca9730 - - default default] 10.0.0.33 "POST /v2.0/routers HTTP/1.1" status: 201 len: 1173 time: 3.0382595
2026-06-26 04:45:58.974 9 WARNING neutron.scheduler.dhcp_agent_scheduler [None req-439315e2-bb59-4903-9bb3-750aca918650 ded23f2cdb7e4c9295800275f6291be6 4e78bc56101241b69e3b16de49ca9730 - - default default] No more DHCP agents
2026-06-26 04:45:58.982 9 WARNING neutron.api.rpc.agentnotifiers.dhcp_rpc_agent_api [None req-439315e2-bb59-4903-9bb3-750aca918650 ded23f2cdb7e4c9295800275f6291be6 4e78bc56101241b69e3b16de49ca9730 - - default default] Unable to schedule network 9f0a6519-c614-410d-958d-2e3b48ed7af4: no agents available; will retry on subsequent port and subnet creation events.
2026-06-26 04:45:59.030 10 INFO neutron.db.ovn_revision_numbers_db [None req-62c76fd6-6625-4bac-b769-7e1f10feffc5 - - - - - -] Successfully bumped revision number for resource 1eadf8a8-5f94-40e1-b2d9-3de7866f72c3 (type: ports) to 1
2026-06-26 04:45:59.212 9 INFO neutron.db.ovn_revision_numbers_db [None req-084f192f-39e9-4d77-b9d7-5c669cbf5e47 - - - - - -] Successfully bumped revision number for resource 6ffe06d1-c734-4033-bf55-d7c3a69b4d0e (type: ports) to 1
2026-06-26 04:45:59.425 9 INFO neutron.db.ovn_revision_numbers_db [None req-439315e2-bb59-4903-9bb3-750aca918650 ded23f2cdb7e4c9295800275f6291be6 4e78bc56101241b69e3b16de49ca9730 - - default default] Successfully bumped revision number for resource f7ab43de-7853-4f48-a4a4-c32a6cd26873 (type: ports) to 1
2026-06-26 04:45:59.445 9 WARNING neutron.scheduler.dhcp_agent_scheduler [None req-144fa0a6-de54-4164-abf8-90385decb3c8 ded23f2cdb7e4c9295800275f6291be6 4e78bc56101241b69e3b16de49ca9730 - - default default] No more DHCP agents
2026-06-26 04:45:59.450 9 WARNING neutron.api.rpc.agentnotifiers.dhcp_rpc_agent_api [None req-144fa0a6-de54-4164-abf8-90385decb3c8 ded23f2cdb7e4c9295800275f6291be6 4e78bc56101241b69e3b16de49ca9730 - - default default] Unable to schedule network 15570cb2-65ff-44a0-9865-441df1334cff: no agents available; will retry on subsequent port and subnet creation events.
2026-06-26 04:45:59.512 10 INFO neutron.db.ovn_revision_numbers_db [None req-62c76fd6-6625-4bac-b769-7e1f10feffc5 - - - - - -] Successfully bumped revision number for resource 1eadf8a8-5f94-40e1-b2d9-3de7866f72c3 (type: router_ports) to 3
2026-06-26 04:45:59.601 9 INFO neutron.wsgi [None req-0d2446c5-f912-49d6-a6da-88017d22926b ded23f2cdb7e4c9295800275f6291be6 4e78bc56101241b69e3b16de49ca9730 - - default default] 10.0.0.33 "DELETE /v2.0/security-groups/eb3dc080-530e-4ba5-8798-99470c4a9adb HTTP/1.1" status: 204 len: 168 time: 0.7781496
2026-06-26 04:45:59.715 10 WARNING neutron.scheduler.dhcp_agent_scheduler [None req-0e2fc2bb-c831-4598-a2b2-0249362def68 ded23f2cdb7e4c9295800275f6291be6 4e78bc56101241b69e3b16de49ca9730 - - default default] No more DHCP agents
2026-06-26 04:45:59.719 10 WARNING neutron.api.rpc.agentnotifiers.dhcp_rpc_agent_api [None req-0e2fc2bb-c831-4598-a2b2-0249362def68 ded23f2cdb7e4c9295800275f6291be6 4e78bc56101241b69e3b16de49ca9730 - - default default] Unable to schedule network 68bb7dc7-fea7-4f28-bdcc-78c65445f877: no agents available; will retry on subsequent port and subnet creation events.
2026-06-26 04:45:59.829 9 INFO neutron.db.ovn_revision_numbers_db [None req-144fa0a6-de54-4164-abf8-90385decb3c8 ded23f2cdb7e4c9295800275f6291be6 4e78bc56101241b69e3b16de49ca9730 - - default default] Successfully bumped revision number for resource b727a188-8cc8-4276-9f9e-921ef0e5df28 (type: ports) to 1
2026-06-26 04:45:59.984 10 INFO neutron.db.ovn_revision_numbers_db [None req-62c76fd6-6625-4bac-b769-7e1f10feffc5 - - - - - -] Successfully bumped revision number for resource 1eadf8a8-5f94-40e1-b2d9-3de7866f72c3 (type: ports) to 2
2026-06-26 04:46:00.081 10 INFO neutron.db.ovn_revision_numbers_db [None req-0e2fc2bb-c831-4598-a2b2-0249362def68 ded23f2cdb7e4c9295800275f6291be6 4e78bc56101241b69e3b16de49ca9730 - - default default] Successfully bumped revision number for resource 0788484a-7cba-48a6-9d25-8ac557ac5334 (type: ports) to 1
2026-06-26 04:46:00.190 9 INFO neutron.db.ovn_revision_numbers_db [None req-084f192f-39e9-4d77-b9d7-5c669cbf5e47 - - - - - -] Successfully bumped revision number for resource 6ffe06d1-c734-4033-bf55-d7c3a69b4d0e (type: router_ports) to 3
2026-06-26 04:46:00.575 10 INFO neutron.db.ovn_revision_numbers_db [None req-62c76fd6-6625-4bac-b769-7e1f10feffc5 - - - - - -] Successfully bumped revision number for resource 1eadf8a8-5f94-40e1-b2d9-3de7866f72c3 (type: ports) to 4
2026-06-26 04:46:00.580 9 INFO neutron.db.ovn_revision_numbers_db [None req-084f192f-39e9-4d77-b9d7-5c669cbf5e47 - - - - - -] Successfully bumped revision number for resource 6ffe06d1-c734-4033-bf55-d7c3a69b4d0e (type: ports) to 2
2026-06-26 04:46:00.583 9 ERROR ovsdbapp.backend.ovs_idl.command [None req-439315e2-bb59-4903-9bb3-750aca918650 ded23f2cdb7e4c9295800275f6291be6 4e78bc56101241b69e3b16de49ca9730 - - default default] Error executing command (DbGetCommand): ovsdbapp.backend.ovs_idl.idlutils.RowNotFound: Cannot find Logical_Router_Port with name=lrp-f7ab43de-7853-4f48-a4a4-c32a6cd26873
2026-06-26 04:46:00.583 9 ERROR ovsdbapp.backend.ovs_idl.command
Traceback (most recent call last):
2026-06-26 04:46:00.583 9 ERROR ovsdbapp.backend.ovs_idl.command
File "/var/lib/openstack/lib/python3.10/site-packages/ovsdbapp/backend/ovs_idl/command.py", line 47, in execute
2026-06-26 04:46:00.583 9 ERROR ovsdbapp.backend.ovs_idl.command self.run_idl(None)
2026-06-26 04:46:00.583 9 ERROR ovsdbapp.backend.ovs_idl.command
File "/var/lib/openstack/lib/python3.10/site-packages/ovsdbapp/backend/ovs_idl/command.py", line 235, in run_idl
2026-06-26 04:46:00.583 9 ERROR ovsdbapp.backend.ovs_idl.command record = self.api.lookup(self.table, self.record)
2026-06-26 04:46:00.583 9 ERROR ovsdbapp.backend.ovs_idl.command
File "/var/lib/openstack/lib/python3.10/site-packages/ovsdbapp/backend/ovs_idl/__init__.py", line 184, in lookup
2026-06-26 04:46:00.583 9 ERROR ovsdbapp.backend.ovs_idl.command return self._lookup(table, record)
2026-06-26 04:46:00.583 9 ERROR ovsdbapp.backend.ovs_idl.command
File "/var/lib/openstack/lib/python3.10/site-packages/ovsdbapp/backend/ovs_idl/__init__.py", line 235, in _lookup
2026-06-26 04:46:00.583 9 ERROR ovsdbapp.backend.ovs_idl.command row = idlutils.row_by_value(self, rl.table, rl.column, record)
2026-06-26 04:46:00.583 9 ERROR ovsdbapp.backend.ovs_idl.command
File "/var/lib/openstack/lib/python3.10/site-packages/ovsdbapp/backend/ovs_idl/idlutils.py", line 114, in row_by_value
2026-06-26 04:46:00.583 9 ERROR ovsdbapp.backend.ovs_idl.command raise RowNotFound(table=table, col=column, match=match)
2026-06-26 04:46:00.583 9 ERROR ovsdbapp.backend.ovs_idl.command ovsdbapp.backend.ovs_idl.idlutils.RowNotFound: Cannot find Logical_Router_Port with name=lrp-f7ab43de-7853-4f48-a4a4-c32a6cd26873
2026-06-26 04:46:00.583 9 ERROR ovsdbapp.backend.ovs_idl.command 
2026-06-26 04:46:00.584 9 ERROR neutron_lib.callbacks.manager [None req-439315e2-bb59-4903-9bb3-750aca918650 ded23f2cdb7e4c9295800275f6291be6 4e78bc56101241b69e3b16de49ca9730 - - default default] Error during notification for neutron.services.ovn_l3.plugin.OVNL3RouterPlugin._port_update-8768350965469 port, after_update: ovsdbapp.backend.ovs_idl.idlutils.RowNotFound: Cannot find Logical_Router_Port with name=lrp-f7ab43de-7853-4f48-a4a4-c32a6cd26873
2026-06-26 04:46:00.584 9 ERROR neutron_lib.callbacks.manager
Traceback (most recent call last):
2026-06-26 04:46:00.584 9 ERROR neutron_lib.callbacks.manager
File "/var/lib/openstack/lib/python3.10/site-packages/neutron_lib/callbacks/manager.py", line 189, in _notify_loop
2026-06-26 04:46:00.584 9 ERROR neutron_lib.callbacks.manager callback.method(resource, event, trigger, payload=payload)
2026-06-26 04:46:00.584 9 ERROR neutron_lib.callbacks.manager
File "/var/lib/openstack/lib/python3.10/site-packages/neutron/services/ovn_l3/plugin.py", line 391, in _port_update
2026-06-26 04:46:00.584 9 ERROR neutron_lib.callbacks.manager l3plugin._ovn_client.update_router_port(context,
2026-06-26 04:46:00.584 9 ERROR neutron_lib.callbacks.manager
File "/var/lib/openstack/lib/python3.10/site-packages/neutron/plugins/ml2/drivers/ovn/mech_driver/ovsdb/ovn_client.py", line 1878, in update_router_port
2026-06-26 04:46:00.584 9 ERROR neutron_lib.callbacks.manager self._update_lrouter_port(context, port, if_exists=if_exists,
2026-06-26 04:46:00.584 9 ERROR neutron_lib.callbacks.manager
File "/var/lib/openstack/lib/python3.10/site-packages/neutron/plugins/ml2/drivers/ovn/mech_driver/ovsdb/ovn_client.py", line 1855, in _update_lrouter_port
2026-06-26 04:46:00.584 9 ERROR neutron_lib.callbacks.manager external_ids = self._nb_idl.db_get(
2026-06-26 04:46:00.584 9 ERROR neutron_lib.callbacks.manager
File "/var/lib/openstack/lib/python3.10/site-packages/ovsdbapp/backend/ovs_idl/command.py", line 47, in execute
2026-06-26 04:46:00.584 9 ERROR neutron_lib.callbacks.manager self.run_idl(None)
2026-06-26 04:46:00.584 9 ERROR neutron_lib.callbacks.manager
File "/var/lib/openstack/lib/python3.10/site-packages/ovsdbapp/backend/ovs_idl/command.py", line 235, in run_idl
2026-06-26 04:46:00.584 9 ERROR neutron_lib.callbacks.manager record = self.api.lookup(self.table, self.record)
2026-06-26 04:46:00.584 9 ERROR neutron_lib.callbacks.manager
File "/var/lib/openstack/lib/python3.10/site-packages/ovsdbapp/backend/ovs_idl/__init__.py", line 184, in lookup
2026-06-26 04:46:00.584 9 ERROR neutron_lib.callbacks.manager return self._lookup(table, record)
2026-06-26 04:46:00.584 9 ERROR neutron_lib.callbacks.manager
File "/var/lib/openstack/lib/python3.10/site-packages/ovsdbapp/backend/ovs_idl/__init__.py", line 235, in _lookup
2026-06-26 04:46:00.584 9 ERROR neutron_lib.callbacks.manager row = idlutils.row_by_value(self, rl.table, rl.column, record)
2026-06-26 04:46:00.584 9 ERROR neutron_lib.callbacks.manager
File "/var/lib/openstack/lib/python3.10/site-packages/ovsdbapp/backend/ovs_idl/idlutils.py", line 114, in row_by_value
2026-06-26 04:46:00.584 9 ERROR neutron_lib.callbacks.manager raise RowNotFound(table=table, col=column, match=match)
2026-06-26 04:46:00.584 9 ERROR neutron_lib.callbacks.manager ovsdbapp.backend.ovs_idl.idlutils.RowNotFound: Cannot find Logical_Router_Port with name=lrp-f7ab43de-7853-4f48-a4a4-c32a6cd26873
2026-06-26 04:46:00.584 9 ERROR neutron_lib.callbacks.manager 
2026-06-26 04:46:00.990 10 ERROR ovsdbapp.backend.ovs_idl.command [None req-0e2fc2bb-c831-4598-a2b2-0249362def68 ded23f2cdb7e4c9295800275f6291be6 4e78bc56101241b69e3b16de49ca9730 - - default default] Error executing command (DbGetCommand): ovsdbapp.backend.ovs_idl.idlutils.RowNotFound: Cannot find Logical_Router_Port with name=lrp-0788484a-7cba-48a6-9d25-8ac557ac5334
2026-06-26 04:46:00.990 10 ERROR ovsdbapp.backend.ovs_idl.command
Traceback (most recent call last):
2026-06-26 04:46:00.990 10 ERROR ovsdbapp.backend.ovs_idl.command
File "/var/lib/openstack/lib/python3.10/site-packages/ovsdbapp/backend/ovs_idl/command.py", line 47, in execute
2026-06-26 04:46:00.990 10 ERROR ovsdbapp.backend.ovs_idl.command self.run_idl(None)
2026-06-26 04:46:00.990 10 ERROR ovsdbapp.backend.ovs_idl.command
File "/var/lib/openstack/lib/python3.10/site-packages/ovsdbapp/backend/ovs_idl/command.py", line 235, in run_idl
2026-06-26 04:46:00.990 10 ERROR ovsdbapp.backend.ovs_idl.command record = self.api.lookup(self.table, self.record)
2026-06-26 04:46:00.990 10 ERROR ovsdbapp.backend.ovs_idl.command
File "/var/lib/openstack/lib/python3.10/site-packages/ovsdbapp/backend/ovs_idl/__init__.py", line 184, in lookup
2026-06-26 04:46:00.990 10 ERROR ovsdbapp.backend.ovs_idl.command return self._lookup(table, record)
2026-06-26 04:46:00.990 10 ERROR ovsdbapp.backend.ovs_idl.command
File "/var/lib/openstack/lib/python3.10/site-packages/ovsdbapp/backend/ovs_idl/__init__.py", line 235, in _lookup
2026-06-26 04:46:00.990 10 ERROR ovsdbapp.backend.ovs_idl.command row = idlutils.row_by_value(self, rl.table, rl.column, record)
2026-06-26 04:46:00.990 10 ERROR ovsdbapp.backend.ovs_idl.command
File "/var/lib/openstack/lib/python3.10/site-packages/ovsdbapp/backend/ovs_idl/idlutils.py", line 114, in row_by_value
2026-06-26 04:46:00.990 10 ERROR ovsdbapp.backend.ovs_idl.command raise RowNotFound(table=table, col=column, match=match)
2026-06-26 04:46:00.990 10 ERROR ovsdbapp.backend.ovs_idl.command ovsdbapp.backend.ovs_idl.idlutils.RowNotFound: Cannot find Logical_Router_Port with name=lrp-0788484a-7cba-48a6-9d25-8ac557ac5334
2026-06-26 04:46:00.990 10 ERROR ovsdbapp.backend.ovs_idl.command 
2026-06-26 04:46:00.991 10 ERROR neutron_lib.callbacks.manager [None req-0e2fc2bb-c831-4598-a2b2-0249362def68 ded23f2cdb7e4c9295800275f6291be6 4e78bc56101241b69e3b16de49ca9730 - - default default] Error during notification for neutron.services.ovn_l3.plugin.OVNL3RouterPlugin._port_update-8768350965469 port, after_update: ovsdbapp.backend.ovs_idl.idlutils.RowNotFound: Cannot find Logical_Router_Port with name=lrp-0788484a-7cba-48a6-9d25-8ac557ac5334
2026-06-26 04:46:00.991 10 ERROR neutron_lib.callbacks.manager
Traceback (most recent call last):
2026-06-26 04:46:00.991 10 ERROR neutron_lib.callbacks.manager
File "/var/lib/openstack/lib/python3.10/site-packages/neutron_lib/callbacks/manager.py", line 189, in _notify_loop
2026-06-26 04:46:00.991 10 ERROR neutron_lib.callbacks.manager callback.method(resource, event, trigger, payload=payload)
2026-06-26 04:46:00.991 10 ERROR neutron_lib.callbacks.manager
File "/var/lib/openstack/lib/python3.10/site-packages/neutron/services/ovn_l3/plugin.py", line 391, in _port_update
2026-06-26 04:46:00.991 10 ERROR neutron_lib.callbacks.manager l3plugin._ovn_client.update_router_port(context,
2026-06-26 04:46:00.991 10 ERROR neutron_lib.callbacks.manager
File "/var/lib/openstack/lib/python3.10/site-packages/neutron/plugins/ml2/drivers/ovn/mech_driver/ovsdb/ovn_client.py", line 1878, in update_router_port
2026-06-26 04:46:00.991 10 ERROR neutron_lib.callbacks.manager self._update_lrouter_port(context, port, if_exists=if_exists,
2026-06-26 04:46:00.991 10 ERROR neutron_lib.callbacks.manager
File "/var/lib/openstack/lib/python3.10/site-packages/neutron/plugins/ml2/drivers/ovn/mech_driver/ovsdb/ovn_client.py", line 1855, in _update_lrouter_port
2026-06-26 04:46:00.991 10 ERROR neutron_lib.callbacks.manager external_ids = self._nb_idl.db_get(
2026-06-26 04:46:00.991 10 ERROR neutron_lib.callbacks.manager
File "/var/lib/openstack/lib/python3.10/site-packages/ovsdbapp/backend/ovs_idl/command.py", line 47, in execute
2026-06-26 04:46:00.991 10 ERROR neutron_lib.callbacks.manager self.run_idl(None)
2026-06-26 04:46:00.991 10 ERROR neutron_lib.callbacks.manager
File "/var/lib/openstack/lib/python3.10/site-packages/ovsdbapp/backend/ovs_idl/command.py", line 235, in run_idl
2026-06-26 04:46:00.991 10 ERROR neutron_lib.callbacks.manager record = self.api.lookup(self.table, self.record)
2026-06-26 04:46:00.991 10 ERROR neutron_lib.callbacks.manager
File "/var/lib/openstack/lib/python3.10/site-packages/ovsdbapp/backend/ovs_idl/__init__.py", line 184, in lookup
2026-06-26 04:46:00.991 10 ERROR neutron_lib.callbacks.manager return self._lookup(table, record)
2026-06-26 04:46:00.991 10 ERROR neutron_lib.callbacks.manager
File "/var/lib/openstack/lib/python3.10/site-packages/ovsdbapp/backend/ovs_idl/__init__.py", line 235, in _lookup
2026-06-26 04:46:00.991 10 ERROR neutron_lib.callbacks.manager row = idlutils.row_by_value(self, rl.table, rl.column, record)
2026-06-26 04:46:00.991 10 ERROR neutron_lib.callbacks.manager
File "/var/lib/openstack/lib/python3.10/site-packages/ovsdbapp/backend/ovs_idl/idlutils.py", line 114, in row_by_value
2026-06-26 04:46:00.991 10 ERROR neutron_lib.callbacks.manager raise RowNotFound(table=table, col=column, match=match)
2026-06-26 04:46:00.991 10 ERROR neutron_lib.callbacks.manager ovsdbapp.backend.ovs_idl.idlutils.RowNotFound: Cannot find Logical_Router_Port with name=lrp-0788484a-7cba-48a6-9d25-8ac557ac5334
2026-06-26 04:46:00.991 10 ERROR neutron_lib.callbacks.manager 
