2026-06-26 04:46:24.673 10 INFO neutron.db.ovn_revision_numbers_db [None req-598cfc58-9c21-4205-81a2-5adf448414d3 e1dba8973e5e442fb08e17b7f6e31c49 7e5d400bfbeb43d09a19654a2dded766 - - default default] Successfully bumped revision number for resource 45089a1d-076b-4b69-b870-0a350110fe38 (type: floatingips) to 1
2026-06-26 04:46:24.827 10 WARNING neutron_lib.context [req-9d6aaf2b-76ca-45ae-a0e0-c0b596d9ce0d req-05dc6c82-26cc-4c27-9269-57c5be08504b ccc531c282794dd1b8f6716d6ae6ecc8 33dcc790ac6040ef9878fc4df6ee7792 - - default default] Method 'is_advsvc' is deprecated since 2023.2 release (neutron-lib 3.8.0) and will be removed once support for the old RBAC API policies will be removed from Neutron. Please use method 'is_service_role' instead.
2026-06-26 04:46:24.830 10 INFO neutron.db.ovn_revision_numbers_db [None req-598cfc58-9c21-4205-81a2-5adf448414d3 e1dba8973e5e442fb08e17b7f6e31c49 7e5d400bfbeb43d09a19654a2dded766 - - default default] Successfully bumped revision number for resource 45089a1d-076b-4b69-b870-0a350110fe38 (type: floatingips) to 2
2026-06-26 04:46:24.831 10 INFO neutron.db.l3_db [None req-598cfc58-9c21-4205-81a2-5adf448414d3 e1dba8973e5e442fb08e17b7f6e31c49 7e5d400bfbeb43d09a19654a2dded766 - - default default] Floating IP 45089a1d-076b-4b69-b870-0a350110fe38 associated. External IP: 10.96.250.206, port: c1346d57-917b-4273-8f87-950deebc32b3.
2026-06-26 04:46:24.833 9 INFO neutron.wsgi [None req-351cdc14-4bf5-40f1-828c-f60f331ca4c0 539a54b63d4c422e8894aece35549286 fe1118bd00494bab876e4626799fff0d - - default default] 10.0.0.33 "PUT /v2.0/routers/512b9473-12fa-4e7c-996a-d2d3db9eaa5e/remove_router_interface HTTP/1.1" status: 200 len: 503 time: 1.8569224 /var/lib/openstack/lib/python3.10/site-packages/pycadf/identifier.py:71: UserWarning: Invalid uuid: neutron. To ensure interoperability, identifiers should be a valid uuid. warnings.warn(('Invalid uuid: %s. To ensure interoperability, '
2026-06-26 04:46:24.861 10 INFO neutron.wsgi [None req-598cfc58-9c21-4205-81a2-5adf448414d3 e1dba8973e5e442fb08e17b7f6e31c49 7e5d400bfbeb43d09a19654a2dded766 - - default default] 10.0.0.33 "PUT /v2.0/floatingips/45089a1d-076b-4b69-b870-0a350110fe38 HTTP/1.1" status: 200 len: 1049 time: 1.3407760
2026-06-26 04:46:25.025 10 INFO neutron.db.ovn_revision_numbers_db [req-9d6aaf2b-76ca-45ae-a0e0-c0b596d9ce0d req-05dc6c82-26cc-4c27-9269-57c5be08504b ccc531c282794dd1b8f6716d6ae6ecc8 33dcc790ac6040ef9878fc4df6ee7792 - - default default] Successfully bumped revision number for resource bcead65c-21a4-4950-b6ac-07e77e0a086d (type: security_groups) to 1
2026-06-26 04:46:25.048 10 INFO neutron.wsgi [req-85077261-f10a-42f0-8c53-cd3985d06c31 req-fb9c60d1-f384-4280-9d89-ac4c6b739745 e1dba8973e5e442fb08e17b7f6e31c49 7e5d400bfbeb43d09a19654a2dded766 - - default default] 10.0.0.210 "GET /v2.0/ports?device_id=c95f2101-f6f6-4788-a7f4-7a76e4e89f87 HTTP/1.1" status: 200 len: 1170 time: 0.1299386
2026-06-26 04:46:25.051 10 INFO neutron.db.ovn_revision_numbers_db [req-9d6aaf2b-76ca-45ae-a0e0-c0b596d9ce0d req-05dc6c82-26cc-4c27-9269-57c5be08504b ccc531c282794dd1b8f6716d6ae6ecc8 33dcc790ac6040ef9878fc4df6ee7792 - - default default] Successfully bumped revision number for resource 0a7f84dd-6d16-4993-8571-fd1814b195de (type: security_group_rules) to 0
2026-06-26 04:46:25.081 10 INFO neutron.db.ovn_revision_numbers_db [req-9d6aaf2b-76ca-45ae-a0e0-c0b596d9ce0d req-05dc6c82-26cc-4c27-9269-57c5be08504b ccc531c282794dd1b8f6716d6ae6ecc8 33dcc790ac6040ef9878fc4df6ee7792 - - default default] Successfully bumped revision number for resource d541c094-96cb-419a-a21a-0e61e03364eb (type: security_group_rules) to 0
2026-06-26 04:46:25.108 10 INFO neutron.wsgi [req-9d6aaf2b-76ca-45ae-a0e0-c0b596d9ce0d req-05dc6c82-26cc-4c27-9269-57c5be08504b ccc531c282794dd1b8f6716d6ae6ecc8 33dcc790ac6040ef9878fc4df6ee7792 - - default default] 10.0.0.210 "POST /v2.0/security-groups HTTP/1.1" status: 201 len: 1886 time: 0.2882333
2026-06-26 04:46:25.121 10 INFO neutron.wsgi [req-85077261-f10a-42f0-8c53-cd3985d06c31 req-32d57a46-1c53-44fe-a73a-79d7b24ed09b e1dba8973e5e442fb08e17b7f6e31c49 7e5d400bfbeb43d09a19654a2dded766 - - default default] 10.0.0.210 "GET /v2.0/security-groups?id=e76d2e51-6c02-4563-a9b8-a17a594437e5&fields=id&fields=name HTTP/1.1" status: 200 len: 311 time: 0.0623133
2026-06-26 04:46:25.150 10 WARNING neutron_lib.context [req-693b1d43-ab67-45cb-be03-6a5ad4c2187d req-7a552189-45ff-451d-b32b-7d0aabc0cd50 ccc531c282794dd1b8f6716d6ae6ecc8 33dcc790ac6040ef9878fc4df6ee7792 - - default default] Method 'is_advsvc' is deprecated since 2023.2 release (neutron-lib 3.8.0) and will be removed once support for the old RBAC API policies will be removed from Neutron. Please use method 'is_service_role' instead.
2026-06-26 04:46:25.155 10 INFO neutron.notifiers.nova [-] Nova event matching ['req-e1c58f9c-1134-47e8-bce2-9abb2ddda7b1'] response: {'name': 'network-changed', 'server_uuid': 'c95f2101-f6f6-4788-a7f4-7a76e4e89f87', 'tag': 'c1346d57-917b-4273-8f87-950deebc32b3', 'status': 'completed', 'code': 200}
2026-06-26 04:46:25.288 10 INFO neutron.db.ovn_revision_numbers_db [req-693b1d43-ab67-45cb-be03-6a5ad4c2187d req-7a552189-45ff-451d-b32b-7d0aabc0cd50 ccc531c282794dd1b8f6716d6ae6ecc8 33dcc790ac6040ef9878fc4df6ee7792 - - default default] Successfully bumped revision number for resource 3c0b0975-f22b-4ee1-80a8-dfcde793ceb3 (type: security_groups) to 1
2026-06-26 04:46:25.312 10 INFO neutron.db.ovn_revision_numbers_db [req-693b1d43-ab67-45cb-be03-6a5ad4c2187d req-7a552189-45ff-451d-b32b-7d0aabc0cd50 ccc531c282794dd1b8f6716d6ae6ecc8 33dcc790ac6040ef9878fc4df6ee7792 - - default default] Successfully bumped revision number for resource a5cbc9b4-b040-41ae-b09d-3fd781e3fa91 (type: security_group_rules) to 0
2026-06-26 04:46:25.328 10 INFO neutron.db.ovn_revision_numbers_db [req-693b1d43-ab67-45cb-be03-6a5ad4c2187d req-7a552189-45ff-451d-b32b-7d0aabc0cd50 ccc531c282794dd1b8f6716d6ae6ecc8 33dcc790ac6040ef9878fc4df6ee7792 - - default default] Successfully bumped revision number for resource ee96e071-0dd0-4965-a3ad-5d2f1c123ed9 (type: security_group_rules) to 0
2026-06-26 04:46:25.351 10 INFO neutron.wsgi [req-693b1d43-ab67-45cb-be03-6a5ad4c2187d req-7a552189-45ff-451d-b32b-7d0aabc0cd50 ccc531c282794dd1b8f6716d6ae6ecc8 33dcc790ac6040ef9878fc4df6ee7792 - - default default] 10.0.0.210 "POST /v2.0/security-groups HTTP/1.1" status: 201 len: 1886 time: 0.2098927
2026-06-26 04:46:25.386 10 WARNING neutron_lib.context [req-9a6b7e48-3204-4336-b441-6891f43344e7 req-92c0b74c-3ccf-4d9b-9996-d7741ab1385f ccc531c282794dd1b8f6716d6ae6ecc8 33dcc790ac6040ef9878fc4df6ee7792 - - default default] Method 'is_advsvc' is deprecated since 2023.2 release (neutron-lib 3.8.0) and will be removed once support for the old RBAC API policies will be removed from Neutron. Please use method 'is_service_role' instead.
2026-06-26 04:46:25.472 9 INFO neutron.wsgi [req-f785af7b-b975-4215-88a6-6bee945bf5a1 req-894d0b79-9252-43f2-adcf-30aee9c3f5e0 2047ee2ac40246c8999cc5d0c321baf3 6a3ebc89a7834f51af0baf2525307d97 - - 857fa6daf8bd4b9082a0ee3bd252bcf1 857fa6daf8bd4b9082a0ee3bd252bcf1] 199.204.45.156 "GET /v2.0/ports?tenant_id=7e5d400bfbeb43d09a19654a2dded766&device_id=c95f2101-f6f6-4788-a7f4-7a76e4e89f87 HTTP/1.1" status: 200 len: 1409 time: 0.0434070
2026-06-26 04:46:25.502 9 INFO neutron.plugins.ml2.drivers.ovn.mech_driver.mech_driver [None req-9bff111f-9d5d-4006-ab7a-7deeb4049bf7 - - - - - -] OVN reports status down for port: c1346d57-917b-4273-8f87-950deebc32b3
2026-06-26 04:46:25.510 10 INFO neutron.wsgi [-] 10.0.0.99 "GET / HTTP/1.1" status: 200 len: 247 time: 0.0014033
2026-06-26 04:46:25.512 10 INFO neutron.wsgi [-] 10.0.0.99 "GET / HTTP/1.1" status: 200 len: 247 time: 0.0009115
2026-06-26 04:46:25.521 10 INFO neutron.wsgi [req-2d23ba94-0d36-4905-b51e-3700fc8dffdc req-a5ae65df-f830-4526-a77c-6cd28e36abbf e1dba8973e5e442fb08e17b7f6e31c49 7e5d400bfbeb43d09a19654a2dded766 - - default default] 10.0.0.210 "GET /v2.0/ports?device_id=c95f2101-f6f6-4788-a7f4-7a76e4e89f87 HTTP/1.1" status: 200 len: 1170 time: 0.0514500
2026-06-26 04:46:25.544 10 INFO neutron.db.ovn_revision_numbers_db [req-9a6b7e48-3204-4336-b441-6891f43344e7 req-92c0b74c-3ccf-4d9b-9996-d7741ab1385f ccc531c282794dd1b8f6716d6ae6ecc8 33dcc790ac6040ef9878fc4df6ee7792 - - default default] Successfully bumped revision number for resource fb00082b-37f3-4aa9-a66f-bcc8655333c1 (type: security_groups) to 1
2026-06-26 04:46:25.576 10 INFO neutron.wsgi [req-2d23ba94-0d36-4905-b51e-3700fc8dffdc req-bd9767f7-075b-4e14-b903-336d0b6221a3 e1dba8973e5e442fb08e17b7f6e31c49 7e5d400bfbeb43d09a19654a2dded766 - - default default] 10.0.0.210 "GET /v2.0/security-groups?id=e76d2e51-6c02-4563-a9b8-a17a594437e5&fields=id&fields=name HTTP/1.1" status: 200 len: 311 time: 0.0509605
2026-06-26 04:46:25.577 10 INFO neutron.db.ovn_revision_numbers_db [req-9a6b7e48-3204-4336-b441-6891f43344e7 req-92c0b74c-3ccf-4d9b-9996-d7741ab1385f ccc531c282794dd1b8f6716d6ae6ecc8 33dcc790ac6040ef9878fc4df6ee7792 - - default default] Successfully bumped revision number for resource 8f9f332f-e475-44ae-91b2-152392131893 (type: security_group_rules) to 0
2026-06-26 04:46:25.589 9 INFO neutron.wsgi [req-f785af7b-b975-4215-88a6-6bee945bf5a1 req-9337f3f0-aa10-478e-a949-32b27cf49694 2047ee2ac40246c8999cc5d0c321baf3 6a3ebc89a7834f51af0baf2525307d97 - - 857fa6daf8bd4b9082a0ee3bd252bcf1 857fa6daf8bd4b9082a0ee3bd252bcf1] 199.204.45.156 "GET /v2.0/networks?id=15570cb2-65ff-44a0-9865-441df1334cff HTTP/1.1" status: 200 len: 967 time: 0.1095271
2026-06-26 04:46:25.596 10 INFO neutron.db.ovn_revision_numbers_db [req-9a6b7e48-3204-4336-b441-6891f43344e7 req-92c0b74c-3ccf-4d9b-9996-d7741ab1385f ccc531c282794dd1b8f6716d6ae6ecc8 33dcc790ac6040ef9878fc4df6ee7792 - - default default] Successfully bumped revision number for resource af611f9d-91cc-409c-a870-6177c2e0cbd5 (type: security_group_rules) to 0
2026-06-26 04:46:25.624 10 INFO neutron.wsgi [req-9a6b7e48-3204-4336-b441-6891f43344e7 req-92c0b74c-3ccf-4d9b-9996-d7741ab1385f ccc531c282794dd1b8f6716d6ae6ecc8 33dcc790ac6040ef9878fc4df6ee7792 - - default default] 10.0.0.210 "POST /v2.0/security-groups HTTP/1.1" status: 201 len: 1887 time: 0.2459805
2026-06-26 04:46:25.680 9 INFO neutron.wsgi [req-f785af7b-b975-4215-88a6-6bee945bf5a1 req-bb40ccff-59d7-41a5-bde9-c3fced5a0b48 2047ee2ac40246c8999cc5d0c321baf3 6a3ebc89a7834f51af0baf2525307d97 - - 857fa6daf8bd4b9082a0ee3bd252bcf1 857fa6daf8bd4b9082a0ee3bd252bcf1] 199.204.45.156 "GET /v2.0/floatingips?fixed_ip_address=10.100.0.9&port_id=c1346d57-917b-4273-8f87-950deebc32b3 HTTP/1.1" status: 200 len: 1059 time: 0.0823169
2026-06-26 04:46:25.721 10 INFO neutron.wsgi [req-42ab76a7-1f94-4414-9925-a41a26f3b22e req-9d2b17d5-6c0d-4b26-bbeb-72e502e36903 ccc531c282794dd1b8f6716d6ae6ecc8 33dcc790ac6040ef9878fc4df6ee7792 - - default default] 10.0.0.210 "GET /v2.0/security-groups?tenant_id=33dcc790ac6040ef9878fc4df6ee7792 HTTP/1.1" status: 200 len: 8109 time: 0.0671473
2026-06-26 04:46:25.741 9 INFO neutron.wsgi [req-f785af7b-b975-4215-88a6-6bee945bf5a1 req-b1fde51f-df2e-4cb7-8b16-4689295fe08c 2047ee2ac40246c8999cc5d0c321baf3 6a3ebc89a7834f51af0baf2525307d97 - - 857fa6daf8bd4b9082a0ee3bd252bcf1 857fa6daf8bd4b9082a0ee3bd252bcf1] 199.204.45.156 "GET /v2.0/subnets?id=565e1a07-7ac0-4976-b004-d0e31103ab96 HTTP/1.1" status: 200 len: 862 time: 0.0534115
2026-06-26 04:46:25.775 9 INFO neutron.wsgi [req-f785af7b-b975-4215-88a6-6bee945bf5a1 req-b7e99be1-5228-4735-8b75-87a4650ccaaf 2047ee2ac40246c8999cc5d0c321baf3 6a3ebc89a7834f51af0baf2525307d97 - - 857fa6daf8bd4b9082a0ee3bd252bcf1 857fa6daf8bd4b9082a0ee3bd252bcf1] 199.204.45.156 "GET /v2.0/ports?network_id=15570cb2-65ff-44a0-9865-441df1334cff&device_owner=network%3Adhcp HTTP/1.1" status: 200 len: 210 time: 0.0250220
2026-06-26 04:46:25.783 10 INFO neutron.wsgi [req-42ab76a7-1f94-4414-9925-a41a26f3b22e req-044a5110-414b-49a3-b245-099df1b34397 ccc531c282794dd1b8f6716d6ae6ecc8 33dcc790ac6040ef9878fc4df6ee7792 - - default default] 10.0.0.210 "GET /v2.0/security-groups/7dc8f16f-d2b8-41d0-bf0a-b1487912a5fb HTTP/1.1" status: 200 len: 3122 time: 0.0507598
2026-06-26 04:46:25.805 10 INFO neutron.wsgi [req-29205bb5-0a56-478b-bbc2-e97f3e90927e req-03426452-237f-4e28-be61-df69290c6352 f09660f570da4ec6a46b3c801f115b3d bd7438b35bdb41ac8e4617f09f3a11b9 - - default default] 10.0.0.210 "GET /v2.0/ports?device_id=05a0030b-08e3-4046-bec8-6e9204e653d3 HTTP/1.1" status: 200 len: 1170 time: 0.0572624
2026-06-26 04:46:25.852 10 INFO neutron.wsgi [req-42ab76a7-1f94-4414-9925-a41a26f3b22e req-221a109a-bcad-4aff-82e7-89333c68920b ccc531c282794dd1b8f6716d6ae6ecc8 33dcc790ac6040ef9878fc4df6ee7792 - - default default] 10.0.0.210 "GET /v2.0/security-groups/7dc8f16f-d2b8-41d0-bf0a-b1487912a5fb HTTP/1.1" status: 200 len: 3122 time: 0.0597348
2026-06-26 04:46:25.880 9 INFO neutron.wsgi [req-f785af7b-b975-4215-88a6-6bee945bf5a1 req-2282c755-735d-4ff3-9299-ed50878b911f 2047ee2ac40246c8999cc5d0c321baf3 6a3ebc89a7834f51af0baf2525307d97 - - 857fa6daf8bd4b9082a0ee3bd252bcf1 857fa6daf8bd4b9082a0ee3bd252bcf1] 199.204.45.156 "GET /v2.0/networks/15570cb2-65ff-44a0-9865-441df1334cff?fields=segments HTTP/1.1" status: 200 len: 212 time: 0.0922482
2026-06-26 04:46:25.889 10 INFO neutron.wsgi [req-29205bb5-0a56-478b-bbc2-e97f3e90927e req-a9b76967-e292-4add-8c1c-6b4e909f0895 f09660f570da4ec6a46b3c801f115b3d bd7438b35bdb41ac8e4617f09f3a11b9 - - default default] 10.0.0.210 "GET /v2.0/security-groups?id=448c42f4-9da6-4483-a90b-134122b7a227&fields=id&fields=name HTTP/1.1" status: 200 len: 311 time: 0.0748518
2026-06-26 04:46:25.896 10 INFO neutron.wsgi [req-30d47ad8-0608-47a5-a8d1-74c616802360 req-607d2f6d-4f7d-4ff2-92ab-37b3f3b72859 e1dba8973e5e442fb08e17b7f6e31c49 7e5d400bfbeb43d09a19654a2dded766 - - default default] 199.204.45.156 "GET /v2.0/ports?device_id=c95f2101-f6f6-4788-a7f4-7a76e4e89f87 HTTP/1.1" status: 200 len: 1168 time: 0.0600252
2026-06-26 04:46:25.932 10 INFO neutron.wsgi [req-471ce2dc-6209-4f55-b77f-e44df15acef4 req-42f06221-8e29-4c87-a8ea-b6fd37ef2ee3 ccc531c282794dd1b8f6716d6ae6ecc8 33dcc790ac6040ef9878fc4df6ee7792 - - default default] 10.0.0.210 "GET /v2.0/security-groups/bcead65c-21a4-4950-b6ac-07e77e0a086d HTTP/1.1" status: 200 len: 1881 time: 0.0412979
2026-06-26 04:46:26.020 9 INFO neutron.wsgi [req-f785af7b-b975-4215-88a6-6bee945bf5a1 req-170e0f14-ce82-4c1a-8e30-476b2ae321f5 2047ee2ac40246c8999cc5d0c321baf3 6a3ebc89a7834f51af0baf2525307d97 - - 857fa6daf8bd4b9082a0ee3bd252bcf1 857fa6daf8bd4b9082a0ee3bd252bcf1] 199.204.45.156 "GET /v2.0/networks/15570cb2-65ff-44a0-9865-441df1334cff?fields=provider%3Aphysical_network&fields=provider%3Anetwork_type HTTP/1.1" status: 200 len: 277 time: 0.1300621
2026-06-26 04:46:26.055 10 INFO neutron.wsgi [req-98e97611-201e-4eb8-9d49-261acd2fc7a9 req-92fafd06-19d3-420a-90f3-a4883450d7f9 f09660f570da4ec6a46b3c801f115b3d bd7438b35bdb41ac8e4617f09f3a11b9 - - default default] 10.0.0.210 "GET /v2.0/ports?device_id=05a0030b-08e3-4046-bec8-6e9204e653d3 HTTP/1.1" status: 200 len: 1170 time: 0.0850933
2026-06-26 04:46:26.097 9 INFO neutron.db.ovn_revision_numbers_db [None req-9bff111f-9d5d-4006-ab7a-7deeb4049bf7 - - - - - -] Successfully bumped revision number for resource c1346d57-917b-4273-8f87-950deebc32b3 (type: ports) to 5
2026-06-26 04:46:26.157 10 INFO neutron.wsgi [req-471ce2dc-6209-4f55-b77f-e44df15acef4 req-2731b1a5-4822-45ae-b299-8f2ccc2e5bc3 ccc531c282794dd1b8f6716d6ae6ecc8 33dcc790ac6040ef9878fc4df6ee7792 - - default default] 10.0.0.210 "DELETE /v2.0/security-groups/bcead65c-21a4-4950-b6ac-07e77e0a086d HTTP/1.1" status: 204 len: 173 time: 0.2159441
2026-06-26 04:46:26.212 10 INFO neutron.api.v2.resource [req-a8887541-7292-4def-bf41-db627a3a20c2 req-10ac5450-1471-4e11-8e75-7d542ac7bf3e ccc531c282794dd1b8f6716d6ae6ecc8 33dcc790ac6040ef9878fc4df6ee7792 - - default default] show failed (client error): The resource could not be found.
2026-06-26 04:46:26.213 10 INFO neutron.wsgi [req-a8887541-7292-4def-bf41-db627a3a20c2 req-10ac5450-1471-4e11-8e75-7d542ac7bf3e ccc531c282794dd1b8f6716d6ae6ecc8 33dcc790ac6040ef9878fc4df6ee7792 - - default default] 10.0.0.210 "GET /v2.0/security-groups/bcead65c-21a4-4950-b6ac-07e77e0a086d HTTP/1.1" status: 404 len: 352 time: 0.0266633
2026-06-26 04:46:26.455 9 INFO neutron.wsgi [None req-0054181e-d32d-4d88-a0a2-d04fad235816 539a54b63d4c422e8894aece35549286 fe1118bd00494bab876e4626799fff0d - - default default] 10.0.0.33 "DELETE /v2.0/routers/512b9473-12fa-4e7c-996a-d2d3db9eaa5e HTTP/1.1" status: 204 len: 168 time: 1.6136940 /var/lib/openstack/lib/python3.10/site-packages/pycadf/identifier.py:71: UserWarning: Invalid uuid: neutron. To ensure interoperability, identifiers should be a valid uuid. warnings.warn(('Invalid uuid: %s. To ensure interoperability, '
2026-06-26 04:46:26.483 9 INFO neutron.notifiers.nova [-] Nova event matching ['req-af56ec82-f7c4-4eab-9b15-1c2614a0c7a9'] response: {'server_uuid': 'c95f2101-f6f6-4788-a7f4-7a76e4e89f87', 'name': 'network-vif-unplugged', 'status': 'completed', 'tag': 'c1346d57-917b-4273-8f87-950deebc32b3', 'code': 200}
2026-06-26 04:46:26.483 9 INFO neutron.notifiers.nova [-] Nova event matching ['req-af56ec82-f7c4-4eab-9b15-1c2614a0c7a9'] response: {'server_uuid': 'c95f2101-f6f6-4788-a7f4-7a76e4e89f87', 'name': 'network-vif-unplugged', 'status': 'completed', 'tag': 'c1346d57-917b-4273-8f87-950deebc32b3', 'code': 200}
2026-06-26 04:46:26.548 10 INFO neutron.wsgi [req-3eb25414-138a-4749-921d-61176b79aeb0 req-bc139983-25e4-4c5a-886f-cc60a01bf63d ccc531c282794dd1b8f6716d6ae6ecc8 33dcc790ac6040ef9878fc4df6ee7792 - - default default] 10.0.0.210 "GET /v2.0/security-groups/3c0b0975-f22b-4ee1-80a8-dfcde793ceb3 HTTP/1.1" status: 200 len: 1881 time: 0.3033652
2026-06-26 04:46:26.704 9 INFO neutron.wsgi [None req-6c5992d1-149a-47a8-a07b-00e84d693d18 539a54b63d4c422e8894aece35549286 fe1118bd00494bab876e4626799fff0d - - default default] 10.0.0.33 "DELETE /v2.0/subnets/9bdb0e36-a2e0-4250-88dd-fd7b15e0302b HTTP/1.1" status: 204 len: 168 time: 0.2354968
2026-06-26 04:46:26.715 10 INFO neutron.wsgi [req-f2ffe79e-d757-4bfb-a560-7c8554b30b87 req-ef53e398-41c3-4662-a9b8-5778a4e620de e1dba8973e5e442fb08e17b7f6e31c49 7e5d400bfbeb43d09a19654a2dded766 - - default default] 10.0.0.210 "GET /v2.0/ports?device_id=c95f2101-f6f6-4788-a7f4-7a76e4e89f87 HTTP/1.1" status: 200 len: 1168 time: 0.0683627
2026-06-26 04:46:26.726 10 INFO neutron.db.l3_db [req-30d47ad8-0608-47a5-a8d1-74c616802360 req-a8f65863-44fa-4627-8912-586c64305d5f e1dba8973e5e442fb08e17b7f6e31c49 7e5d400bfbeb43d09a19654a2dded766 - - default default] Floating IP 45089a1d-076b-4b69-b870-0a350110fe38 disassociated. External IP: 10.96.250.206, port: c1346d57-917b-4273-8f87-950deebc32b3.
2026-06-26 04:46:26.751 10 INFO neutron.wsgi [req-3eb25414-138a-4749-921d-61176b79aeb0 req-dfb96bb3-c232-4d6e-a816-5df70f76c074 ccc531c282794dd1b8f6716d6ae6ecc8 33dcc790ac6040ef9878fc4df6ee7792 - - default default] 10.0.0.210 "DELETE /v2.0/security-groups/3c0b0975-f22b-4ee1-80a8-dfcde793ceb3 HTTP/1.1" status: 204 len: 173 time: 0.1926308
2026-06-26 04:46:26.802 10 INFO neutron.api.v2.resource [req-dd0248c3-b4f0-4e87-9ab5-9719dc39a0b7 req-59367962-7e2c-493c-afe2-3f135415a77b ccc531c282794dd1b8f6716d6ae6ecc8 33dcc790ac6040ef9878fc4df6ee7792 - - default default] show failed (client error): The resource could not be found.
2026-06-26 04:46:26.804 10 INFO neutron.wsgi [req-dd0248c3-b4f0-4e87-9ab5-9719dc39a0b7 req-59367962-7e2c-493c-afe2-3f135415a77b ccc531c282794dd1b8f6716d6ae6ecc8 33dcc790ac6040ef9878fc4df6ee7792 - - default default] 10.0.0.210 "GET /v2.0/security-groups/3c0b0975-f22b-4ee1-80a8-dfcde793ceb3 HTTP/1.1" status: 404 len: 352 time: 0.0198805
2026-06-26 04:46:26.807 10 INFO neutron.wsgi [req-f2ffe79e-d757-4bfb-a560-7c8554b30b87 req-06bed6dd-69e4-446d-8fe0-c52ef40ef729 e1dba8973e5e442fb08e17b7f6e31c49 7e5d400bfbeb43d09a19654a2dded766 - - default default] 10.0.0.210 "GET /v2.0/security-groups?id=e76d2e51-6c02-4563-a9b8-a17a594437e5&fields=id&fields=name HTTP/1.1" status: 200 len: 311 time: 0.0828044
2026-06-26 04:46:26.858 10 INFO neutron.wsgi [req-c0c61cf9-72e3-4c06-bcec-8a252ebd6932 req-ebc5dda0-e29d-4f9f-af02-b54d2fa19204 ccc531c282794dd1b8f6716d6ae6ecc8 33dcc790ac6040ef9878fc4df6ee7792 - - default default] 10.0.0.210 "GET /v2.0/security-groups/fb00082b-37f3-4aa9-a66f-bcc8655333c1 HTTP/1.1" status: 200 len: 1882 time: 0.0341275
2026-06-26 04:46:26.931 10 INFO neutron.wsgi [req-30d47ad8-0608-47a5-a8d1-74c616802360 req-a8f65863-44fa-4627-8912-586c64305d5f e1dba8973e5e442fb08e17b7f6e31c49 7e5d400bfbeb43d09a19654a2dded766 - - default default] 199.204.45.156 "DELETE /v2.0/ports/c1346d57-917b-4273-8f87-950deebc32b3 HTTP/1.1" status: 204 len: 173 time: 1.0291812
2026-06-26 04:46:27.007 10 INFO neutron.wsgi [req-c0c61cf9-72e3-4c06-bcec-8a252ebd6932 req-5c2bc991-99df-43d1-bf8a-30ed6a67c7f0 ccc531c282794dd1b8f6716d6ae6ecc8 33dcc790ac6040ef9878fc4df6ee7792 - - default default] 10.0.0.210 "DELETE /v2.0/security-groups/fb00082b-37f3-4aa9-a66f-bcc8655333c1 HTTP/1.1" status: 204 len: 173 time: 0.1414866
2026-06-26 04:46:27.049 10 INFO neutron.api.v2.resource [req-0bd6a004-6a0d-4bb8-a483-e0bc0a85630b req-22dbf121-2994-4499-b65a-d33645d0911c ccc531c282794dd1b8f6716d6ae6ecc8 33dcc790ac6040ef9878fc4df6ee7792 - - default default] show failed (client error): The resource could not be found.
2026-06-26 04:46:27.050 10 INFO neutron.wsgi [req-0bd6a004-6a0d-4bb8-a483-e0bc0a85630b req-22dbf121-2994-4499-b65a-d33645d0911c ccc531c282794dd1b8f6716d6ae6ecc8 33dcc790ac6040ef9878fc4df6ee7792 - - default default] 10.0.0.210 "GET /v2.0/security-groups/fb00082b-37f3-4aa9-a66f-bcc8655333c1 HTTP/1.1" status: 404 len: 352 time: 0.0141339
2026-06-26 04:46:27.116 10 INFO neutron.wsgi [req-4e0506cd-767c-4e83-8bbf-dee075431593 req-bbf4f5b0-bdb1-4220-b260-322d62b55d66 ccc531c282794dd1b8f6716d6ae6ecc8 33dcc790ac6040ef9878fc4df6ee7792 - - default default] 10.0.0.210 "GET /v2.0/security-groups?tenant_id=33dcc790ac6040ef9878fc4df6ee7792 HTTP/1.1" status: 200 len: 3125 time: 0.0449021
2026-06-26 04:46:27.169 10 INFO neutron.wsgi [req-4e0506cd-767c-4e83-8bbf-dee075431593 req-97788252-5fff-4129-8b43-3926bd5711d3 ccc531c282794dd1b8f6716d6ae6ecc8 33dcc790ac6040ef9878fc4df6ee7792 - - default default] 10.0.0.210 "GET /v2.0/security-groups/7dc8f16f-d2b8-41d0-bf0a-b1487912a5fb HTTP/1.1" status: 200 len: 3122 time: 0.0451171
2026-06-26 04:46:27.196 10 INFO neutron.notifiers.nova [-] Nova event matching ['req-29b1d761-b867-4eb6-8444-00c802685c90'] response: {'server_uuid': 'c95f2101-f6f6-4788-a7f4-7a76e4e89f87', 'name': 'network-vif-deleted', 'tag': 'c1346d57-917b-4273-8f87-950deebc32b3', 'status': 'completed', 'code': 200}
2026-06-26 04:46:27.214 9 INFO neutron.db.ovn_revision_numbers_db [None req-7cdfa014-7d44-4914-a5e4-385f83f22732 f09660f570da4ec6a46b3c801f115b3d bd7438b35bdb41ac8e4617f09f3a11b9 - - default default] Successfully bumped revision number for resource 6db0af25-97c5-4c8f-9c76-7a1706825471 (type: floatingips) to 1
2026-06-26 04:46:27.219 10 INFO neutron.wsgi [req-4e0506cd-767c-4e83-8bbf-dee075431593 req-d62f736b-d4d5-4377-843b-1cc0bb7775c3 ccc531c282794dd1b8f6716d6ae6ecc8 33dcc790ac6040ef9878fc4df6ee7792 - - default default] 10.0.0.210 "GET /v2.0/security-groups/7dc8f16f-d2b8-41d0-bf0a-b1487912a5fb HTTP/1.1" status: 200 len: 3122 time: 0.0385714
2026-06-26 04:46:27.262 10 INFO neutron.api.v2.resource [req-39a6c76e-0c06-4c26-bd61-45dbf8b9eed4 req-6b809e5e-f9dd-4141-976e-9dd2dcaf55ef ccc531c282794dd1b8f6716d6ae6ecc8 33dcc790ac6040ef9878fc4df6ee7792 - - default default] show failed (client error): The resource could not be found.
2026-06-26 04:46:27.263 10 INFO neutron.wsgi [req-39a6c76e-0c06-4c26-bd61-45dbf8b9eed4 req-6b809e5e-f9dd-4141-976e-9dd2dcaf55ef ccc531c282794dd1b8f6716d6ae6ecc8 33dcc790ac6040ef9878fc4df6ee7792 - - default default] 10.0.0.210 "GET /v2.0/security-groups/fb00082b-37f3-4aa9-a66f-bcc8655333c1 HTTP/1.1" status: 404 len: 352 time: 0.0163834
2026-06-26 04:46:27.304 10 INFO neutron.api.v2.resource [req-7f253b14-3009-45f7-be63-dbe338e48eae req-5341d402-4b5d-4162-9b7d-57c51f3b8f65 ccc531c282794dd1b8f6716d6ae6ecc8 33dcc790ac6040ef9878fc4df6ee7792 - - default default] show failed (client error): The resource could not be found.
2026-06-26 04:46:27.305 10 INFO neutron.wsgi [req-7f253b14-3009-45f7-be63-dbe338e48eae req-5341d402-4b5d-4162-9b7d-57c51f3b8f65 ccc531c282794dd1b8f6716d6ae6ecc8 33dcc790ac6040ef9878fc4df6ee7792 - - default default] 10.0.0.210 "GET /v2.0/security-groups/3c0b0975-f22b-4ee1-80a8-dfcde793ceb3 HTTP/1.1" status: 404 len: 352 time: 0.0183868
2026-06-26 04:46:27.343 10 INFO neutron.api.v2.resource [req-e6e41056-1735-400a-a27c-70566d5cd2fb req-2cb458d7-1672-46aa-8d1f-cf50cec76778 ccc531c282794dd1b8f6716d6ae6ecc8 33dcc790ac6040ef9878fc4df6ee7792 - - default default] show failed (client error): The resource could not be found.
2026-06-26 04:46:27.344 10 INFO neutron.wsgi [req-e6e41056-1735-400a-a27c-70566d5cd2fb req-2cb458d7-1672-46aa-8d1f-cf50cec76778 ccc531c282794dd1b8f6716d6ae6ecc8 33dcc790ac6040ef9878fc4df6ee7792 - - default default] 10.0.0.210 "GET /v2.0/security-groups/bcead65c-21a4-4950-b6ac-07e77e0a086d HTTP/1.1" status: 404 len: 352 time: 0.0164921
2026-06-26 04:46:27.419 9 INFO neutron.db.ovn_revision_numbers_db [None req-7cdfa014-7d44-4914-a5e4-385f83f22732 f09660f570da4ec6a46b3c801f115b3d bd7438b35bdb41ac8e4617f09f3a11b9 - - default default] Successfully bumped revision number for resource 6db0af25-97c5-4c8f-9c76-7a1706825471 (type: floatingips) to 2
2026-06-26 04:46:27.420 9 INFO neutron.db.l3_db [None req-7cdfa014-7d44-4914-a5e4-385f83f22732 f09660f570da4ec6a46b3c801f115b3d bd7438b35bdb41ac8e4617f09f3a11b9 - - default default] Floating IP 6db0af25-97c5-4c8f-9c76-7a1706825471 associated. External IP: 10.96.250.210, port: b2b768df-c0d1-47f0-bfef-88df22c790fb.
2026-06-26 04:46:27.475 9 INFO neutron.wsgi [None req-7cdfa014-7d44-4914-a5e4-385f83f22732 f09660f570da4ec6a46b3c801f115b3d bd7438b35bdb41ac8e4617f09f3a11b9 - - default default] 10.0.0.33 "PUT /v2.0/floatingips/6db0af25-97c5-4c8f-9c76-7a1706825471 HTTP/1.1" status: 200 len: 1049 time: 1.4034162
2026-06-26 04:46:27.629 9 INFO neutron.wsgi [None req-7f31c6b6-8bae-4499-ad60-d5cdcb3c9280 539a54b63d4c422e8894aece35549286 fe1118bd00494bab876e4626799fff0d - - default default] 10.0.0.33 "DELETE /v2.0/networks/2e7aff66-172a-4370-9435-85d0198f9faa HTTP/1.1" status: 204 len: 168 time: 0.9193447
2026-06-26 04:46:27.702 10 INFO neutron.wsgi [req-4c2840b8-41a4-4d44-a2ad-dc469f530f61 req-ccedb404-3db8-452a-9d3c-dbeb81fcf199 f09660f570da4ec6a46b3c801f115b3d bd7438b35bdb41ac8e4617f09f3a11b9 - - default default] 10.0.0.210 "GET /v2.0/ports?device_id=05a0030b-08e3-4046-bec8-6e9204e653d3 HTTP/1.1" status: 200 len: 1170 time: 0.1848750
2026-06-26 04:46:27.754 10 INFO neutron.wsgi [req-4c2840b8-41a4-4d44-a2ad-dc469f530f61 req-673c99da-6bad-4aee-916f-a5346330d08c f09660f570da4ec6a46b3c801f115b3d bd7438b35bdb41ac8e4617f09f3a11b9 - - default default] 10.0.0.210 "GET /v2.0/security-groups?id=448c42f4-9da6-4483-a90b-134122b7a227&fields=id&fields=name HTTP/1.1" status: 200 len: 311 time: 0.0421019 /var/lib/openstack/lib/python3.10/site-packages/pycadf/identifier.py:71: UserWarning: Invalid uuid: neutron. To ensure interoperability, identifiers should be a valid uuid. warnings.warn(('Invalid uuid: %s. To ensure interoperability, '
2026-06-26 04:46:28.089 9 INFO neutron.wsgi [None req-2408a40d-7d08-43f0-8d09-f0c07eb7c0f1 e1dba8973e5e442fb08e17b7f6e31c49 7e5d400bfbeb43d09a19654a2dded766 - - default default] 10.0.0.33 "DELETE /v2.0/security-groups/e76d2e51-6c02-4563-a9b8-a17a594437e5 HTTP/1.1" status: 204 len: 168 time: 0.1881583
2026-06-26 04:46:28.104 9 INFO neutron.api.v2.resource [None req-b5924958-6c84-4426-b000-5dc823893003 e1dba8973e5e442fb08e17b7f6e31c49 7e5d400bfbeb43d09a19654a2dded766 - - default default] show failed (client error): The resource could not be found.
2026-06-26 04:46:28.105 9 INFO neutron.wsgi [None req-b5924958-6c84-4426-b000-5dc823893003 e1dba8973e5e442fb08e17b7f6e31c49 7e5d400bfbeb43d09a19654a2dded766 - - default default] 10.0.0.33 "GET /v2.0/security-groups/e76d2e51-6c02-4563-a9b8-a17a594437e5 HTTP/1.1" status: 404 len: 347 time: 0.0112884
2026-06-26 04:46:28.123 9 INFO neutron.services.segments.plugin [-] Segment a2866aff-c958-44d3-8c79-5aebd58d3e63 resource provider aggregate not found
2026-06-26 04:46:28.141 9 INFO neutron.services.segments.plugin [-] Segment a2866aff-c958-44d3-8c79-5aebd58d3e63 resource provider aggregate not found
2026-06-26 04:46:28.145 9 INFO neutron.services.segments.plugin [-] Segment a2866aff-c958-44d3-8c79-5aebd58d3e63 resource provider not found; error: Placement Client Error (4xx): {"errors": [{"status": 404, "title": "Not Found", "detail": "The resource could not be found.\n\n No resource provider with uuid a2866aff-c958-44d3-8c79-5aebd58d3e63 found for delete ", "request_id": "req-c99ee3d0-0828-4bc1-ab1f-139cb3e1f4c4"}]}
2026-06-26 04:46:28.153 10 WARNING neutron.plugins.ml2.drivers.ovn.mech_driver.ovsdb.ovn_client [None req-66cb4c9e-aaa6-4c34-bd14-dfa9c62eb8eb - - - - - -] No port found with ID 8403180c-46c5-4750-99ca-1d5204160969: RuntimeError: No port found with ID 8403180c-46c5-4750-99ca-1d5204160969
2026-06-26 04:46:28.158 9 INFO neutron.services.segments.plugin [-] Segment a2866aff-c958-44d3-8c79-5aebd58d3e63 resource provider not found; error: Placement Client Error (4xx): {"errors": [{"status": 404, "title": "Not Found", "detail": "The resource could not be found.\n\n No resource provider with uuid a2866aff-c958-44d3-8c79-5aebd58d3e63 found for delete ", "request_id": "req-7832dbd0-c0e8-4594-90e7-21e613f1e05d"}]}
2026-06-26 04:46:28.215 9 INFO neutron.plugins.ml2.drivers.ovn.mech_driver.mech_driver [None req-9bff111f-9d5d-4006-ab7a-7deeb4049bf7 - - - - - -] OVN reports status down for port: b2b768df-c0d1-47f0-bfef-88df22c790fb /var/lib/openstack/lib/python3.10/site-packages/pycadf/identifier.py:71: UserWarning: Invalid uuid: neutron. To ensure interoperability, identifiers should be a valid uuid. warnings.warn(('Invalid uuid: %s. To ensure interoperability, '
2026-06-26 04:46:28.307 10 INFO neutron.wsgi [req-65c78c39-55d5-46cc-b849-46a6c3ab7cb4 req-20a78c7c-2313-4e09-a9b9-fd701ba3b47e f09660f570da4ec6a46b3c801f115b3d bd7438b35bdb41ac8e4617f09f3a11b9 - - default default] 10.0.0.210 "GET /v2.0/ports?device_id=05a0030b-08e3-4046-bec8-6e9204e653d3 HTTP/1.1" status: 200 len: 1170 time: 0.1177444
2026-06-26 04:46:28.386 10 INFO neutron.wsgi [None req-2ba705aa-2216-40a5-a74e-ee95272e6617 ded23f2cdb7e4c9295800275f6291be6 4e78bc56101241b69e3b16de49ca9730 - - default default] 10.0.0.33 "GET /v2.0/security-groups?tenant_id=fe1118bd00494bab876e4626799fff0d&name=default HTTP/1.1" status: 200 len: 3120 time: 0.2340147
2026-06-26 04:46:28.440 10 INFO neutron.wsgi [req-65c78c39-55d5-46cc-b849-46a6c3ab7cb4 req-b7b6d3cc-b16f-49f1-8680-fa2a3ce54d3b f09660f570da4ec6a46b3c801f115b3d bd7438b35bdb41ac8e4617f09f3a11b9 - - default default] 10.0.0.210 "GET /v2.0/security-groups?id=448c42f4-9da6-4483-a90b-134122b7a227&fields=id&fields=name HTTP/1.1" status: 200 len: 311 time: 0.1118650
2026-06-26 04:46:28.508 10 INFO neutron.wsgi [req-72598744-831e-489a-8d4c-3cf2a1cc8831 req-41701906-9877-4ab7-a412-ed0b9603624e f09660f570da4ec6a46b3c801f115b3d bd7438b35bdb41ac8e4617f09f3a11b9 - - default default] 199.204.45.156 "GET /v2.0/ports?device_id=05a0030b-08e3-4046-bec8-6e9204e653d3 HTTP/1.1" status: 200 len: 1168 time: 0.0442250
2026-06-26 04:46:28.542 9 INFO neutron.notifiers.nova [-] Nova event matching ['req-2c9af91d-3ad3-4ff3-b8b7-e268376dfa84'] response: {'name': 'network-changed', 'server_uuid': '05a0030b-08e3-4046-bec8-6e9204e653d3', 'tag': 'b2b768df-c0d1-47f0-bfef-88df22c790fb', 'status': 'completed', 'code': 200}
2026-06-26 04:46:28.542 9 INFO neutron.notifiers.nova [-] Nova event matching ['req-2c9af91d-3ad3-4ff3-b8b7-e268376dfa84'] response: {'server_uuid': '05a0030b-08e3-4046-bec8-6e9204e653d3', 'name': 'network-vif-unplugged', 'status': 'completed', 'tag': 'b2b768df-c0d1-47f0-bfef-88df22c790fb', 'code': 200}
2026-06-26 04:46:28.645 9 INFO neutron.wsgi [req-4321b6aa-7264-44c3-9d66-96969d05f944 req-c390445b-f696-4323-821f-bf1e23bfe494 2047ee2ac40246c8999cc5d0c321baf3 6a3ebc89a7834f51af0baf2525307d97 - - 857fa6daf8bd4b9082a0ee3bd252bcf1 857fa6daf8bd4b9082a0ee3bd252bcf1] 199.204.45.156 "GET /v2.0/ports?tenant_id=bd7438b35bdb41ac8e4617f09f3a11b9&device_id=05a0030b-08e3-4046-bec8-6e9204e653d3 HTTP/1.1" status: 200 len: 1407 time: 0.0847893
2026-06-26 04:46:28.684 9 INFO neutron.wsgi [None req-78602d6b-29d5-496d-92c9-c130311078d1 e1dba8973e5e442fb08e17b7f6e31c49 7e5d400bfbeb43d09a19654a2dded766 - - default default] 10.0.0.33 "DELETE /v2.0/floatingips/45089a1d-076b-4b69-b870-0a350110fe38 HTTP/1.1" status: 204 len: 168 time: 0.5717673
2026-06-26 04:46:28.758 9 INFO neutron.db.ovn_revision_numbers_db [None req-9bff111f-9d5d-4006-ab7a-7deeb4049bf7 - - - - - -] Successfully bumped revision number for resource b2b768df-c0d1-47f0-bfef-88df22c790fb (type: ports) to 5
2026-06-26 04:46:28.772 9 INFO neutron.wsgi [req-4321b6aa-7264-44c3-9d66-96969d05f944 req-be731d82-0334-4438-899a-502a8f96ca13 2047ee2ac40246c8999cc5d0c321baf3 6a3ebc89a7834f51af0baf2525307d97 - - 857fa6daf8bd4b9082a0ee3bd252bcf1 857fa6daf8bd4b9082a0ee3bd252bcf1] 199.204.45.156 "GET /v2.0/networks?id=9f0a6519-c614-410d-958d-2e3b48ed7af4 HTTP/1.1" status: 200 len: 977 time: 0.1198795
2026-06-26 04:46:28.851 9 INFO neutron.wsgi [req-4321b6aa-7264-44c3-9d66-96969d05f944 req-fa88ca98-4906-45b5-b2ce-0ddc9debc9ca 2047ee2ac40246c8999cc5d0c321baf3 6a3ebc89a7834f51af0baf2525307d97 - - 857fa6daf8bd4b9082a0ee3bd252bcf1 857fa6daf8bd4b9082a0ee3bd252bcf1] 199.204.45.156 "GET /v2.0/floatingips?fixed_ip_address=10.100.0.5&port_id=b2b768df-c0d1-47f0-bfef-88df22c790fb HTTP/1.1" status: 200 len: 1057 time: 0.0675097 /var/lib/openstack/lib/python3.10/site-packages/pycadf/identifier.py:71: UserWarning: Invalid uuid: neutron. To ensure interoperability, identifiers should be a valid uuid. warnings.warn(('Invalid uuid: %s. To ensure interoperability, '
2026-06-26 04:46:28.895 9 INFO neutron.wsgi [req-4321b6aa-7264-44c3-9d66-96969d05f944 req-fe4fb12f-7abd-43a3-b26f-95dd862b03a8 2047ee2ac40246c8999cc5d0c321baf3 6a3ebc89a7834f51af0baf2525307d97 - - 857fa6daf8bd4b9082a0ee3bd252bcf1 857fa6daf8bd4b9082a0ee3bd252bcf1] 199.204.45.156 "GET /v2.0/subnets?id=bdf764be-081c-41e1-b3fd-f89911a1173c HTTP/1.1" status: 200 len: 872 time: 0.0369143
2026-06-26 04:46:28.899 9 INFO neutron.wsgi [None req-d404dea6-9112-4c4b-a5e6-cbc8238826b9 ded23f2cdb7e4c9295800275f6291be6 4e78bc56101241b69e3b16de49ca9730 - - default default] 10.0.0.33 "DELETE /v2.0/security-groups/3a9eb3aa-5de0-4a34-86d5-32d28273b1e2 HTTP/1.1" status: 204 len: 168 time: 0.4989893
2026-06-26 04:46:28.926 9 INFO neutron.wsgi [req-4321b6aa-7264-44c3-9d66-96969d05f944 req-cede6334-c5c4-4ba2-a096-2e6f5ee377b1 2047ee2ac40246c8999cc5d0c321baf3 6a3ebc89a7834f51af0baf2525307d97 - - 857fa6daf8bd4b9082a0ee3bd252bcf1 857fa6daf8bd4b9082a0ee3bd252bcf1] 199.204.45.156 "GET /v2.0/ports?network_id=9f0a6519-c614-410d-958d-2e3b48ed7af4&device_owner=network%3Adhcp HTTP/1.1" status: 200 len: 210 time: 0.0241652
2026-06-26 04:46:28.997 9 INFO neutron.wsgi [req-4321b6aa-7264-44c3-9d66-96969d05f944 req-ec552787-15c7-4939-b2a2-70dcaabd57c1 2047ee2ac40246c8999cc5d0c321baf3 6a3ebc89a7834f51af0baf2525307d97 - - 857fa6daf8bd4b9082a0ee3bd252bcf1 857fa6daf8bd4b9082a0ee3bd252bcf1] 199.204.45.156 "GET /v2.0/networks/9f0a6519-c614-410d-958d-2e3b48ed7af4?fields=segments HTTP/1.1" status: 200 len: 212 time: 0.0636196
2026-06-26 04:46:29.073 9 INFO neutron.wsgi [req-4321b6aa-7264-44c3-9d66-96969d05f944 req-6e9b7fdb-bedd-49fe-8046-c7093cd8dca2 2047ee2ac40246c8999cc5d0c321baf3 6a3ebc89a7834f51af0baf2525307d97 - - 857fa6daf8bd4b9082a0ee3bd252bcf1 857fa6daf8bd4b9082a0ee3bd252bcf1] 199.204.45.156 "GET /v2.0/networks/9f0a6519-c614-410d-958d-2e3b48ed7af4?fields=provider%3Aphysical_network&fields=provider%3Anetwork_type HTTP/1.1" status: 200 len: 277 time: 0.0679955
2026-06-26 04:46:29.413 10 INFO neutron.db.l3_db [req-72598744-831e-489a-8d4c-3cf2a1cc8831 req-ed3ad866-2653-4e4f-b926-ad0d48c560d1 f09660f570da4ec6a46b3c801f115b3d bd7438b35bdb41ac8e4617f09f3a11b9 - - default default] Floating IP 6db0af25-97c5-4c8f-9c76-7a1706825471 disassociated. External IP: 10.96.250.210, port: b2b768df-c0d1-47f0-bfef-88df22c790fb. /var/lib/openstack/lib/python3.10/site-packages/pycadf/identifier.py:71: UserWarning: Invalid uuid: neutron. To ensure interoperability, identifiers should be a valid uuid. warnings.warn(('Invalid uuid: %s. To ensure interoperability, '
2026-06-26 04:46:29.571 9 INFO neutron.wsgi [None req-b3650654-2bf9-488a-bbbd-2cb93492edf4 ded23f2cdb7e4c9295800275f6291be6 4e78bc56101241b69e3b16de49ca9730 - - default default] 10.0.0.68 "GET /v2.0/networks HTTP/1.1" status: 200 len: 4629 time: 0.2742352
2026-06-26 04:46:29.602 10 INFO neutron.wsgi [req-84d63a08-08b9-47a8-b78d-0cbce5248440 req-252321d1-16e1-41e4-837b-739613b177bc f09660f570da4ec6a46b3c801f115b3d bd7438b35bdb41ac8e4617f09f3a11b9 - - default default] 10.0.0.210 "GET /v2.0/ports?device_id=05a0030b-08e3-4046-bec8-6e9204e653d3 HTTP/1.1" status: 200 len: 1168 time: 0.0814531
2026-06-26 04:46:29.704 9 INFO neutron.wsgi [None req-cc4f9a53-95d2-44b9-9ae6-a4eb23cf405a ded23f2cdb7e4c9295800275f6291be6 4e78bc56101241b69e3b16de49ca9730 - - default default] 10.0.0.68 "GET /v2.0/ports HTTP/1.1" status: 200 len: 16158 time: 0.1266775
2026-06-26 04:46:29.708 10 INFO neutron.wsgi [None req-d3454607-0daa-4f31-8f13-bacaf400c6c4 ded23f2cdb7e4c9295800275f6291be6 4e78bc56101241b69e3b16de49ca9730 - - default default] 10.0.0.33 "PUT /v2.0/routers/c6289fb9-b75c-440b-b75e-950cdf6f304f/remove_router_interface HTTP/1.1" status: 200 len: 503 time: 2.3558056 /var/lib/openstack/lib/python3.10/site-packages/pycadf/identifier.py:71: UserWarning: Invalid uuid: neutron. To ensure interoperability, identifiers should be a valid uuid. warnings.warn(('Invalid uuid: %s. To ensure interoperability, '
2026-06-26 04:46:29.759 10 INFO neutron.wsgi [req-84d63a08-08b9-47a8-b78d-0cbce5248440 req-6f4a5169-2b4e-4bb9-9773-c8626710dad3 f09660f570da4ec6a46b3c801f115b3d bd7438b35bdb41ac8e4617f09f3a11b9 - - default default] 10.0.0.210 "GET /v2.0/security-groups?id=448c42f4-9da6-4483-a90b-134122b7a227&fields=id&fields=name HTTP/1.1" status: 200 len: 311 time: 0.1493199
2026-06-26 04:46:29.772 9 INFO neutron.wsgi [None req-28a418c9-0780-4e3b-bb66-27e3576c7c15 ded23f2cdb7e4c9295800275f6291be6 4e78bc56101241b69e3b16de49ca9730 - - default default] 10.0.0.68 "GET /v2.0/subnets HTTP/1.1" status: 200 len: 3405 time: 0.0611420
2026-06-26 04:46:29.791 9 INFO neutron.wsgi [None req-d3029a39-dd59-44b0-b87f-affd4c62813b ded23f2cdb7e4c9295800275f6291be6 4e78bc56101241b69e3b16de49ca9730 - - default default] 10.0.0.68 "GET /v2.0/subnetpools HTTP/1.1" status: 200 len: 193 time: 0.0141828
2026-06-26 04:46:29.823 10 INFO neutron.wsgi [req-72598744-831e-489a-8d4c-3cf2a1cc8831 req-ed3ad866-2653-4e4f-b926-ad0d48c560d1 f09660f570da4ec6a46b3c801f115b3d bd7438b35bdb41ac8e4617f09f3a11b9 - - default default] 199.204.45.156 "DELETE /v2.0/ports/b2b768df-c0d1-47f0-bfef-88df22c790fb HTTP/1.1" status: 204 len: 173 time: 1.3087742
2026-06-26 04:46:29.857 9 INFO neutron.wsgi [None req-bd9e0de8-9271-4163-953e-ba0220f9864c ded23f2cdb7e4c9295800275f6291be6 4e78bc56101241b69e3b16de49ca9730 - - default default] 10.0.0.68 "GET /v2.0/security-groups HTTP/1.1" status: 200 len: 29140 time: 0.0647116
2026-06-26 04:46:29.866 10 INFO neutron.notifiers.nova [-] Nova event matching ['req-32d688e8-eca6-4628-8f3d-ad35c1f18167'] response: {'server_uuid': '05a0030b-08e3-4046-bec8-6e9204e653d3', 'name': 'network-vif-deleted', 'tag': 'b2b768df-c0d1-47f0-bfef-88df22c790fb', 'status': 'completed', 'code': 200}
2026-06-26 04:46:30.353 9 INFO neutron.wsgi [None req-cbff878b-0511-49d0-a6f6-e197e72e3381 ded23f2cdb7e4c9295800275f6291be6 4e78bc56101241b69e3b16de49ca9730 - - default default] 10.0.0.68 "GET /v2.0/routers HTTP/1.1" status: 200 len: 3081 time: 0.4888840
2026-06-26 04:46:30.399 9 INFO neutron.wsgi [None req-02a45065-bd0c-4ec1-a685-22bb1a292e8e ded23f2cdb7e4c9295800275f6291be6 4e78bc56101241b69e3b16de49ca9730 - - default default] 10.0.0.68 "GET /v2.0/agents?binary=ovn-controller HTTP/1.1" status: 200 len: 591 time: 0.0437887
2026-06-26 04:46:30.433 9 INFO neutron.wsgi [None req-7ddb376d-892c-484f-a73a-0897715631c3 ded23f2cdb7e4c9295800275f6291be6 4e78bc56101241b69e3b16de49ca9730 - - default default] 10.0.0.68 "GET /v2.0/floatingips HTTP/1.1" status: 200 len: 730 time: 0.0336049
2026-06-26 04:46:30.459 9 INFO neutron.wsgi [None req-970d61da-9eb6-4457-9445-aa3bd48fba78 ded23f2cdb7e4c9295800275f6291be6 4e78bc56101241b69e3b16de49ca9730 - - default default] 10.0.0.68 "GET /v2.0/agents HTTP/1.1" status: 200 len: 1390 time: 0.0238314
2026-06-26 04:46:30.478 9 INFO neutron.wsgi [None req-1ea1116d-f7cc-4220-9d4d-c9a89f71e1ca ded23f2cdb7e4c9295800275f6291be6 4e78bc56101241b69e3b16de49ca9730 - - default default] 10.0.0.68 "GET /v2.0/network-ip-availabilities HTTP/1.1" status: 200 len: 2708 time: 0.0172729
2026-06-26 04:46:30.522 9 INFO neutron.wsgi [None req-57a0ab0d-9a00-4b91-90b5-e6af29ab45a5 ded23f2cdb7e4c9295800275f6291be6 4e78bc56101241b69e3b16de49ca9730 - - default default] 10.0.0.68 "GET /v2.0/subnets HTTP/1.1" status: 200 len: 3405 time: 0.0431693
2026-06-26 04:46:30.581 9 INFO neutron.notifiers.nova [-] Nova event matching ['req-da67e3c7-6e1e-4aa8-874e-0f643e53dd0c'] response: {'server_uuid': '05a0030b-08e3-4046-bec8-6e9204e653d3', 'name': 'network-vif-unplugged', 'status': 'completed', 'tag': 'b2b768df-c0d1-47f0-bfef-88df22c790fb', 'code': 200}
2026-06-26 04:46:30.970 9 WARNING neutron_lib.context [None req-440f74f5-31d5-45e4-a977-5459cde6fee9 9e4836ab07bc409d97d5d3c0e192db58 b41fa935f983487a8c27f7ad62c9b2b3 - - default default] Method 'is_advsvc' is deprecated since 2023.2 release (neutron-lib 3.8.0) and will be removed once support for the old RBAC API policies will be removed from Neutron. Please use method 'is_service_role' instead.
2026-06-26 04:46:30.971 9 WARNING neutron_lib.context [None req-440f74f5-31d5-45e4-a977-5459cde6fee9 9e4836ab07bc409d97d5d3c0e192db58 b41fa935f983487a8c27f7ad62c9b2b3 - - default default] Method 'is_advsvc' is deprecated since 2023.2 release (neutron-lib 3.8.0) and will be removed once support for the old RBAC API policies will be removed from Neutron. Please use method 'is_service_role' instead.
2026-06-26 04:46:31.000 9 INFO neutron.wsgi [None req-53226ec3-f9f0-46a9-9291-41333d0e3048 f09660f570da4ec6a46b3c801f115b3d bd7438b35bdb41ac8e4617f09f3a11b9 - - default default] 10.0.0.33 "DELETE /v2.0/security-groups/448c42f4-9da6-4483-a90b-134122b7a227 HTTP/1.1" status: 204 len: 168 time: 0.1584594
2026-06-26 04:46:31.018 9 INFO neutron.api.v2.resource [None req-0a9de621-be21-47a1-a072-e64388e23257 f09660f570da4ec6a46b3c801f115b3d bd7438b35bdb41ac8e4617f09f3a11b9 - - default default] show failed (client error): The resource could not be found.
2026-06-26 04:46:31.020 9 INFO neutron.wsgi [None req-0a9de621-be21-47a1-a072-e64388e23257 f09660f570da4ec6a46b3c801f115b3d bd7438b35bdb41ac8e4617f09f3a11b9 - - default default] 10.0.0.33 "GET /v2.0/security-groups/448c42f4-9da6-4483-a90b-134122b7a227 HTTP/1.1" status: 404 len: 347 time: 0.0131862
2026-06-26 04:46:31.221 9 INFO neutron.db.ovn_revision_numbers_db [None req-440f74f5-31d5-45e4-a977-5459cde6fee9 9e4836ab07bc409d97d5d3c0e192db58 b41fa935f983487a8c27f7ad62c9b2b3 - - default default] Successfully bumped revision number for resource 734cdb7b-85ed-4efe-bdb5-3e1f2a78bff1 (type: security_groups) to 1
2026-06-26 04:46:31.238 9 INFO neutron.db.ovn_revision_numbers_db [None req-440f74f5-31d5-45e4-a977-5459cde6fee9 9e4836ab07bc409d97d5d3c0e192db58 b41fa935f983487a8c27f7ad62c9b2b3 - - default default] Successfully bumped revision number for resource 0e6c0a23-d041-4a61-93c8-2e43cee360a3 (type: security_group_rules) to 0
2026-06-26 04:46:31.260 9 INFO neutron.db.ovn_revision_numbers_db [None req-440f74f5-31d5-45e4-a977-5459cde6fee9 9e4836ab07bc409d97d5d3c0e192db58 b41fa935f983487a8c27f7ad62c9b2b3 - - default default] Successfully bumped revision number for resource 796d19fe-9434-4d3b-96dc-d66a687f1a7b (type: security_group_rules) to 0
2026-06-26 04:46:31.290 9 INFO neutron.db.ovn_revision_numbers_db [None req-440f74f5-31d5-45e4-a977-5459cde6fee9 9e4836ab07bc409d97d5d3c0e192db58 b41fa935f983487a8c27f7ad62c9b2b3 - - default default] Successfully bumped revision number for resource dc6a518d-b2f1-4ecb-9802-8e0007dd0dde (type: security_group_rules) to 0
2026-06-26 04:46:31.306 9 INFO neutron.db.ovn_revision_numbers_db [None req-440f74f5-31d5-45e4-a977-5459cde6fee9 9e4836ab07bc409d97d5d3c0e192db58 b41fa935f983487a8c27f7ad62c9b2b3 - - default default] Successfully bumped revision number for resource e481b074-94c4-44dd-ab09-e29b122461e8 (type: security_group_rules) to 0
2026-06-26 04:46:31.424 9 INFO neutron.db.segments_db [None req-440f74f5-31d5-45e4-a977-5459cde6fee9 9e4836ab07bc409d97d5d3c0e192db58 b41fa935f983487a8c27f7ad62c9b2b3 - - default default] Added segment 0308f3e7-5d8f-4881-9398-f3ee318c1f5d of type geneve for network 921cceda-eacc-4dd4-9df4-a72b423e6729
2026-06-26 04:46:31.532 9 INFO neutron.wsgi [None req-03ca8dcd-77e0-4829-934a-18cc682fc37d f09660f570da4ec6a46b3c801f115b3d bd7438b35bdb41ac8e4617f09f3a11b9 - - default default] 10.0.0.33 "DELETE /v2.0/floatingips/6db0af25-97c5-4c8f-9c76-7a1706825471 HTTP/1.1" status: 204 len: 168 time: 0.5079453
2026-06-26 04:46:31.578 9 INFO neutron.db.segments_db [None req-440f74f5-31d5-45e4-a977-5459cde6fee9 9e4836ab07bc409d97d5d3c0e192db58 b41fa935f983487a8c27f7ad62c9b2b3 - - default default] Added segment 58db390f-7e54-4601-80bd-0fcc5af1d68e of type geneve for network dfdbc586-606e-4fbd-80f0-752ac6a94e02
2026-06-26 04:46:31.656 10 INFO neutron.wsgi [None req-4da95c96-37ea-42a8-aee0-820237561e75 ded23f2cdb7e4c9295800275f6291be6 4e78bc56101241b69e3b16de49ca9730 - - default default] 10.0.0.33 "DELETE /v2.0/routers/c6289fb9-b75c-440b-b75e-950cdf6f304f HTTP/1.1" status: 204 len: 168 time: 1.9389713 /var/lib/openstack/lib/python3.10/site-packages/pycadf/identifier.py:71: UserWarning: Invalid uuid: neutron. To ensure interoperability, identifiers should be a valid uuid. warnings.warn(('Invalid uuid: %s. To ensure interoperability, '
2026-06-26 04:46:31.687 10 INFO neutron.wsgi [None req-448e4aca-b4eb-40c9-b1c5-156e5fba4254 ded23f2cdb7e4c9295800275f6291be6 4e78bc56101241b69e3b16de49ca9730 - - default default] 10.0.0.33 "PUT /v2.0/routers/edad61e3-a526-4b88-b7b2-bd8c411fa611/remove_router_interface HTTP/1.1" status: 200 len: 503 time: 2.9931202
2026-06-26 04:46:31.791 9 INFO neutron.db.ovn_revision_numbers_db [None req-440f74f5-31d5-45e4-a977-5459cde6fee9 9e4836ab07bc409d97d5d3c0e192db58 b41fa935f983487a8c27f7ad62c9b2b3 - - default default] Successfully bumped revision number for resource 921cceda-eacc-4dd4-9df4-a72b423e6729 (type: networks) to 1
2026-06-26 04:46:32.011 10 INFO neutron.wsgi [None req-4f56c4e4-f748-4b8a-b3f5-390594d2c9ae ded23f2cdb7e4c9295800275f6291be6 4e78bc56101241b69e3b16de49ca9730 - - default default] 10.0.0.33 "DELETE /v2.0/subnets/3541d80d-67bf-4803-b04e-41961e713212 HTTP/1.1" status: 204 len: 168 time: 0.3486848
2026-06-26 04:46:32.096 9 WARNING neutron.scheduler.dhcp_agent_scheduler [None req-440f74f5-31d5-45e4-a977-5459cde6fee9 9e4836ab07bc409d97d5d3c0e192db58 b41fa935f983487a8c27f7ad62c9b2b3 - - default default] No more DHCP agents
2026-06-26 04:46:32.100 9 WARNING neutron.api.rpc.agentnotifiers.dhcp_rpc_agent_api [None req-440f74f5-31d5-45e4-a977-5459cde6fee9 9e4836ab07bc409d97d5d3c0e192db58 b41fa935f983487a8c27f7ad62c9b2b3 - - default default] Unable to schedule network 921cceda-eacc-4dd4-9df4-a72b423e6729: no agents available; will retry on subsequent port and subnet creation events.
2026-06-26 04:46:32.224 9 INFO neutron.db.ovn_revision_numbers_db [None req-440f74f5-31d5-45e4-a977-5459cde6fee9 9e4836ab07bc409d97d5d3c0e192db58 b41fa935f983487a8c27f7ad62c9b2b3 - - default default] Successfully bumped revision number for resource ffd53080-726e-43d4-9449-65531f425ef9 (type: ports) to 1
2026-06-26 04:46:32.312 9 INFO neutron.db.ovn_revision_numbers_db [None req-440f74f5-31d5-45e4-a977-5459cde6fee9 9e4836ab07bc409d97d5d3c0e192db58 b41fa935f983487a8c27f7ad62c9b2b3 - - default default] Successfully bumped revision number for resource dfdbc586-606e-4fbd-80f0-752ac6a94e02 (type: networks) to 1
2026-06-26 04:46:32.484 10 INFO neutron.services.segments.plugin [-] Segment 8b3d3beb-2511-4471-a83a-1fe8265614d7 resource provider aggregate not found
2026-06-26 04:46:32.490 10 INFO neutron.services.segments.plugin [-] Segment 8b3d3beb-2511-4471-a83a-1fe8265614d7 resource provider aggregate not found
2026-06-26 04:46:32.503 10 INFO neutron.services.segments.plugin [-] Segment 8b3d3beb-2511-4471-a83a-1fe8265614d7 resource provider not found; error: Placement Client Error (4xx): {"errors": [{"status": 404, "title": "Not Found", "detail": "The resource could not be found.\n\n No resource provider with uuid 8b3d3beb-2511-4471-a83a-1fe8265614d7 found for delete ", "request_id": "req-c447f8ed-13a9-4601-b864-6547198ae611"}]}
2026-06-26 04:46:32.506 10 INFO neutron.services.segments.plugin [-] Segment 8b3d3beb-2511-4471-a83a-1fe8265614d7 resource provider not found; error: Placement Client Error (4xx): {"errors": [{"status": 404, "title": "Not Found", "detail": "The resource could not be found.\n\n No resource provider with uuid 8b3d3beb-2511-4471-a83a-1fe8265614d7 found for delete ", "request_id": "req-ed103847-adaa-49f7-b063-3b1bec9d75fd"}]}
2026-06-26 04:46:32.541 10 INFO neutron.wsgi [None req-2e1a02a6-7dac-4518-8052-bc5427e28d1f ded23f2cdb7e4c9295800275f6291be6 4e78bc56101241b69e3b16de49ca9730 - - default default] 10.0.0.33 "DELETE /v2.0/networks/c79dc2b5-e969-4e7f-a25d-927ea627e355 HTTP/1.1" status: 204 len: 168 time: 0.5254877
