2026-06-26 04:46:42.624 9 WARNING neutron.api.rpc.agentnotifiers.dhcp_rpc_agent_api [None req-ccfbc9d3-027d-425d-8751-673a84e81b35 ded23f2cdb7e4c9295800275f6291be6 4e78bc56101241b69e3b16de49ca9730 - - default default] Unable to schedule network 8633f25c-1d9b-46e4-9974-d1f567c3419a: no agents available; will retry on subsequent port and subnet creation events.
2026-06-26 04:46:42.649 9 INFO neutron.db.ovn_revision_numbers_db [None req-084f192f-39e9-4d77-b9d7-5c669cbf5e47 - - - - - -] Successfully bumped revision number for resource 36736043-af6c-4774-ba6e-9932c3e31ebf (type: ports) to 1
2026-06-26 04:46:42.929 9 INFO neutron.plugins.ml2.drivers.ovn.mech_driver.ovsdb.commands [None req-c5b5d7da-1b9b-4983-9b60-bead7d913711 - - - - - -] Schedule LRP lrp-1d360769-321f-464e-9ed7-48d668175e93 on gateway 05477b0a-9e25-4eaa-a8cb-31f94a219ebb with priority 1
2026-06-26 04:46:42.933 9 INFO neutron.db.ovn_revision_numbers_db [None req-ccfbc9d3-027d-425d-8751-673a84e81b35 ded23f2cdb7e4c9295800275f6291be6 4e78bc56101241b69e3b16de49ca9730 - - default default] Successfully bumped revision number for resource d048e05e-8d31-4a4c-9e5e-25827bb6a9f5 (type: ports) to 1
2026-06-26 04:46:42.970 10 INFO neutron.plugins.ml2.drivers.ovn.mech_driver.ovsdb.ovsdb_monitor [None req-62c76fd6-6625-4bac-b769-7e1f10feffc5 - - - - - -] Router df75347a-bf74-4912-b64c-34fb7f64a664 is bound to host instance
2026-06-26 04:46:43.012 9 INFO neutron.db.ovn_revision_numbers_db [None req-b2af322d-eb21-4409-a79b-84cafa59e188 ded23f2cdb7e4c9295800275f6291be6 4e78bc56101241b69e3b16de49ca9730 - - default default] Successfully bumped revision number for resource 1d360769-321f-464e-9ed7-48d668175e93 (type: router_ports) to 1
2026-06-26 04:46:43.138 10 ERROR ovsdbapp.backend.ovs_idl.command [None req-8d90a758-8692-4255-8e80-28184b194f63 ded23f2cdb7e4c9295800275f6291be6 4e78bc56101241b69e3b16de49ca9730 - - default default] Error executing command (DbGetCommand): ovsdbapp.backend.ovs_idl.idlutils.RowNotFound: Cannot find Logical_Router_Port with name=lrp-f2c67780-dfcb-4e2f-9dd8-e9455305734f
2026-06-26 04:46:43.138 10 ERROR ovsdbapp.backend.ovs_idl.command
Traceback (most recent call last):
2026-06-26 04:46:43.138 10 ERROR ovsdbapp.backend.ovs_idl.command
File "/var/lib/openstack/lib/python3.10/site-packages/ovsdbapp/backend/ovs_idl/command.py", line 47, in execute
2026-06-26 04:46:43.138 10 ERROR ovsdbapp.backend.ovs_idl.command self.run_idl(None)
2026-06-26 04:46:43.138 10 ERROR ovsdbapp.backend.ovs_idl.command
File "/var/lib/openstack/lib/python3.10/site-packages/ovsdbapp/backend/ovs_idl/command.py", line 235, in run_idl
2026-06-26 04:46:43.138 10 ERROR ovsdbapp.backend.ovs_idl.command record = self.api.lookup(self.table, self.record)
2026-06-26 04:46:43.138 10 ERROR ovsdbapp.backend.ovs_idl.command
File "/var/lib/openstack/lib/python3.10/site-packages/ovsdbapp/backend/ovs_idl/__init__.py", line 184, in lookup
2026-06-26 04:46:43.138 10 ERROR ovsdbapp.backend.ovs_idl.command return self._lookup(table, record)
2026-06-26 04:46:43.138 10 ERROR ovsdbapp.backend.ovs_idl.command
File "/var/lib/openstack/lib/python3.10/site-packages/ovsdbapp/backend/ovs_idl/__init__.py", line 235, in _lookup
2026-06-26 04:46:43.138 10 ERROR ovsdbapp.backend.ovs_idl.command row = idlutils.row_by_value(self, rl.table, rl.column, record)
2026-06-26 04:46:43.138 10 ERROR ovsdbapp.backend.ovs_idl.command
File "/var/lib/openstack/lib/python3.10/site-packages/ovsdbapp/backend/ovs_idl/idlutils.py", line 114, in row_by_value
2026-06-26 04:46:43.138 10 ERROR ovsdbapp.backend.ovs_idl.command raise RowNotFound(table=table, col=column, match=match)
2026-06-26 04:46:43.138 10 ERROR ovsdbapp.backend.ovs_idl.command ovsdbapp.backend.ovs_idl.idlutils.RowNotFound: Cannot find Logical_Router_Port with name=lrp-f2c67780-dfcb-4e2f-9dd8-e9455305734f
2026-06-26 04:46:43.138 10 ERROR ovsdbapp.backend.ovs_idl.command 
2026-06-26 04:46:43.139 10 ERROR neutron_lib.callbacks.manager [None req-8d90a758-8692-4255-8e80-28184b194f63 ded23f2cdb7e4c9295800275f6291be6 4e78bc56101241b69e3b16de49ca9730 - - default default] Error during notification for neutron.services.ovn_l3.plugin.OVNL3RouterPlugin._port_update-8768350965469 port, after_update: ovsdbapp.backend.ovs_idl.idlutils.RowNotFound: Cannot find Logical_Router_Port with name=lrp-f2c67780-dfcb-4e2f-9dd8-e9455305734f
2026-06-26 04:46:43.139 10 ERROR neutron_lib.callbacks.manager
Traceback (most recent call last):
2026-06-26 04:46:43.139 10 ERROR neutron_lib.callbacks.manager
File "/var/lib/openstack/lib/python3.10/site-packages/neutron_lib/callbacks/manager.py", line 189, in _notify_loop
2026-06-26 04:46:43.139 10 ERROR neutron_lib.callbacks.manager callback.method(resource, event, trigger, payload=payload)
2026-06-26 04:46:43.139 10 ERROR neutron_lib.callbacks.manager
File "/var/lib/openstack/lib/python3.10/site-packages/neutron/services/ovn_l3/plugin.py", line 391, in _port_update
2026-06-26 04:46:43.139 10 ERROR neutron_lib.callbacks.manager l3plugin._ovn_client.update_router_port(context,
2026-06-26 04:46:43.139 10 ERROR neutron_lib.callbacks.manager
File "/var/lib/openstack/lib/python3.10/site-packages/neutron/plugins/ml2/drivers/ovn/mech_driver/ovsdb/ovn_client.py", line 1878, in update_router_port
2026-06-26 04:46:43.139 10 ERROR neutron_lib.callbacks.manager self._update_lrouter_port(context, port, if_exists=if_exists,
2026-06-26 04:46:43.139 10 ERROR neutron_lib.callbacks.manager
File "/var/lib/openstack/lib/python3.10/site-packages/neutron/plugins/ml2/drivers/ovn/mech_driver/ovsdb/ovn_client.py", line 1855, in _update_lrouter_port
2026-06-26 04:46:43.139 10 ERROR neutron_lib.callbacks.manager external_ids = self._nb_idl.db_get(
2026-06-26 04:46:43.139 10 ERROR neutron_lib.callbacks.manager
File "/var/lib/openstack/lib/python3.10/site-packages/ovsdbapp/backend/ovs_idl/command.py", line 47, in execute
2026-06-26 04:46:43.139 10 ERROR neutron_lib.callbacks.manager self.run_idl(None)
2026-06-26 04:46:43.139 10 ERROR neutron_lib.callbacks.manager
File "/var/lib/openstack/lib/python3.10/site-packages/ovsdbapp/backend/ovs_idl/command.py", line 235, in run_idl
2026-06-26 04:46:43.139 10 ERROR neutron_lib.callbacks.manager record = self.api.lookup(self.table, self.record)
2026-06-26 04:46:43.139 10 ERROR neutron_lib.callbacks.manager
File "/var/lib/openstack/lib/python3.10/site-packages/ovsdbapp/backend/ovs_idl/__init__.py", line 184, in lookup
2026-06-26 04:46:43.139 10 ERROR neutron_lib.callbacks.manager return self._lookup(table, record)
2026-06-26 04:46:43.139 10 ERROR neutron_lib.callbacks.manager
File "/var/lib/openstack/lib/python3.10/site-packages/ovsdbapp/backend/ovs_idl/__init__.py", line 235, in _lookup
2026-06-26 04:46:43.139 10 ERROR neutron_lib.callbacks.manager row = idlutils.row_by_value(self, rl.table, rl.column, record)
2026-06-26 04:46:43.139 10 ERROR neutron_lib.callbacks.manager
File "/var/lib/openstack/lib/python3.10/site-packages/ovsdbapp/backend/ovs_idl/idlutils.py", line 114, in row_by_value
2026-06-26 04:46:43.139 10 ERROR neutron_lib.callbacks.manager raise RowNotFound(table=table, col=column, match=match)
2026-06-26 04:46:43.139 10 ERROR neutron_lib.callbacks.manager ovsdbapp.backend.ovs_idl.idlutils.RowNotFound: Cannot find Logical_Router_Port with name=lrp-f2c67780-dfcb-4e2f-9dd8-e9455305734f
2026-06-26 04:46:43.139 10 ERROR neutron_lib.callbacks.manager 
2026-06-26 04:46:43.160 10 INFO neutron.services.segments.plugin [-] Segment 7673e37f-184b-4f23-a51d-b99a34dd1981 resource provider aggregate not found
2026-06-26 04:46:43.167 10 INFO neutron.services.segments.plugin [-] Segment 7673e37f-184b-4f23-a51d-b99a34dd1981 resource provider aggregate not found
2026-06-26 04:46:43.188 10 INFO neutron.services.segments.plugin [-] Segment 7673e37f-184b-4f23-a51d-b99a34dd1981 resource provider not found; error: Placement Client Error (4xx): {"errors": [{"status": 404, "title": "Not Found", "detail": "The resource could not be found.\n\n No resource provider with uuid 7673e37f-184b-4f23-a51d-b99a34dd1981 found for delete ", "request_id": "req-bf2e1606-a980-4443-bcbe-0100550844f5"}]}
2026-06-26 04:46:43.192 10 INFO neutron.services.segments.plugin [-] Segment 7673e37f-184b-4f23-a51d-b99a34dd1981 resource provider not found; error: Placement Client Error (4xx): {"errors": [{"status": 404, "title": "Not Found", "detail": "The resource could not be found.\n\n No resource provider with uuid 7673e37f-184b-4f23-a51d-b99a34dd1981 found for delete ", "request_id": "req-5a48e05f-554e-433d-a13d-8e4f260e21ac"}]}
2026-06-26 04:46:43.395 9 INFO neutron.db.ovn_revision_numbers_db [None req-b2af322d-eb21-4409-a79b-84cafa59e188 ded23f2cdb7e4c9295800275f6291be6 4e78bc56101241b69e3b16de49ca9730 - - default default] Successfully bumped revision number for resource df75347a-bf74-4912-b64c-34fb7f64a664 (type: routers) to 2
2026-06-26 04:46:43.436 9 INFO neutron.wsgi [None req-b2af322d-eb21-4409-a79b-84cafa59e188 ded23f2cdb7e4c9295800275f6291be6 4e78bc56101241b69e3b16de49ca9730 - - default default] 10.0.0.33 "POST /v2.0/routers HTTP/1.1" status: 201 len: 1167 time: 3.7127285
2026-06-26 04:46:43.488 10 INFO neutron.wsgi [None req-a6fc32d7-446f-46a1-a017-02e61ec920f6 9e4836ab07bc409d97d5d3c0e192db58 b41fa935f983487a8c27f7ad62c9b2b3 - - default default] 10.0.0.33 "DELETE /v2.0/networks/3a361a3d-47ed-46c1-9a2d-e09450e7fc90 HTTP/1.1" status: 204 len: 168 time: 0.9610326
2026-06-26 04:46:43.674 9 INFO neutron.db.ovn_revision_numbers_db [None req-084f192f-39e9-4d77-b9d7-5c669cbf5e47 - - - - - -] Successfully bumped revision number for resource 36736043-af6c-4774-ba6e-9932c3e31ebf (type: router_ports) to 3
2026-06-26 04:46:43.797 10 INFO neutron.db.ovn_revision_numbers_db [None req-8d90a758-8692-4255-8e80-28184b194f63 ded23f2cdb7e4c9295800275f6291be6 4e78bc56101241b69e3b16de49ca9730 - - default default] Successfully bumped revision number for resource f2c67780-dfcb-4e2f-9dd8-e9455305734f (type: ports) to 1
2026-06-26 04:46:43.899 10 WARNING neutron.scheduler.dhcp_agent_scheduler [None req-8d90a758-8692-4255-8e80-28184b194f63 ded23f2cdb7e4c9295800275f6291be6 4e78bc56101241b69e3b16de49ca9730 - - default default] No more DHCP agents
2026-06-26 04:46:43.900 10 WARNING neutron.api.rpc.agentnotifiers.dhcp_rpc_agent_api [None req-8d90a758-8692-4255-8e80-28184b194f63 ded23f2cdb7e4c9295800275f6291be6 4e78bc56101241b69e3b16de49ca9730 - - default default] Unable to schedule network f7da6f4e-d841-4f2f-9034-3033fe905063: no agents available; will retry on subsequent port and subnet creation events.
2026-06-26 04:46:44.274 10 INFO neutron.db.ovn_revision_numbers_db [None req-62c76fd6-6625-4bac-b769-7e1f10feffc5 - - - - - -] Successfully bumped revision number for resource 1d360769-321f-464e-9ed7-48d668175e93 (type: ports) to 1
2026-06-26 04:46:44.409 9 INFO neutron.db.ovn_revision_numbers_db [None req-084f192f-39e9-4d77-b9d7-5c669cbf5e47 - - - - - -] Successfully bumped revision number for resource 36736043-af6c-4774-ba6e-9932c3e31ebf (type: ports) to 2
2026-06-26 04:46:44.546 9 ERROR ovsdbapp.backend.ovs_idl.command [None req-ccfbc9d3-027d-425d-8751-673a84e81b35 ded23f2cdb7e4c9295800275f6291be6 4e78bc56101241b69e3b16de49ca9730 - - default default] Error executing command (DbGetCommand): ovsdbapp.backend.ovs_idl.idlutils.RowNotFound: Cannot find Logical_Router_Port with name=lrp-d048e05e-8d31-4a4c-9e5e-25827bb6a9f5
2026-06-26 04:46:44.546 9 ERROR ovsdbapp.backend.ovs_idl.command
Traceback (most recent call last):
2026-06-26 04:46:44.546 9 ERROR ovsdbapp.backend.ovs_idl.command
File "/var/lib/openstack/lib/python3.10/site-packages/ovsdbapp/backend/ovs_idl/command.py", line 47, in execute
2026-06-26 04:46:44.546 9 ERROR ovsdbapp.backend.ovs_idl.command self.run_idl(None)
2026-06-26 04:46:44.546 9 ERROR ovsdbapp.backend.ovs_idl.command
File "/var/lib/openstack/lib/python3.10/site-packages/ovsdbapp/backend/ovs_idl/command.py", line 235, in run_idl
2026-06-26 04:46:44.546 9 ERROR ovsdbapp.backend.ovs_idl.command record = self.api.lookup(self.table, self.record)
2026-06-26 04:46:44.546 9 ERROR ovsdbapp.backend.ovs_idl.command
File "/var/lib/openstack/lib/python3.10/site-packages/ovsdbapp/backend/ovs_idl/__init__.py", line 184, in lookup
2026-06-26 04:46:44.546 9 ERROR ovsdbapp.backend.ovs_idl.command return self._lookup(table, record)
2026-06-26 04:46:44.546 9 ERROR ovsdbapp.backend.ovs_idl.command
File "/var/lib/openstack/lib/python3.10/site-packages/ovsdbapp/backend/ovs_idl/__init__.py", line 235, in _lookup
2026-06-26 04:46:44.546 9 ERROR ovsdbapp.backend.ovs_idl.command row = idlutils.row_by_value(self, rl.table, rl.column, record)
2026-06-26 04:46:44.546 9 ERROR ovsdbapp.backend.ovs_idl.command
File "/var/lib/openstack/lib/python3.10/site-packages/ovsdbapp/backend/ovs_idl/idlutils.py", line 114, in row_by_value
2026-06-26 04:46:44.546 9 ERROR ovsdbapp.backend.ovs_idl.command raise RowNotFound(table=table, col=column, match=match)
2026-06-26 04:46:44.546 9 ERROR ovsdbapp.backend.ovs_idl.command ovsdbapp.backend.ovs_idl.idlutils.RowNotFound: Cannot find Logical_Router_Port with name=lrp-d048e05e-8d31-4a4c-9e5e-25827bb6a9f5
2026-06-26 04:46:44.546 9 ERROR ovsdbapp.backend.ovs_idl.command 
2026-06-26 04:46:44.546 9 ERROR neutron_lib.callbacks.manager [None req-ccfbc9d3-027d-425d-8751-673a84e81b35 ded23f2cdb7e4c9295800275f6291be6 4e78bc56101241b69e3b16de49ca9730 - - default default] Error during notification for neutron.services.ovn_l3.plugin.OVNL3RouterPlugin._port_update-8768350965469 port, after_update: ovsdbapp.backend.ovs_idl.idlutils.RowNotFound: Cannot find Logical_Router_Port with name=lrp-d048e05e-8d31-4a4c-9e5e-25827bb6a9f5
2026-06-26 04:46:44.546 9 ERROR neutron_lib.callbacks.manager
Traceback (most recent call last):
2026-06-26 04:46:44.546 9 ERROR neutron_lib.callbacks.manager
File "/var/lib/openstack/lib/python3.10/site-packages/neutron_lib/callbacks/manager.py", line 189, in _notify_loop
2026-06-26 04:46:44.546 9 ERROR neutron_lib.callbacks.manager callback.method(resource, event, trigger, payload=payload)
2026-06-26 04:46:44.546 9 ERROR neutron_lib.callbacks.manager
File "/var/lib/openstack/lib/python3.10/site-packages/neutron/services/ovn_l3/plugin.py", line 391, in _port_update
2026-06-26 04:46:44.546 9 ERROR neutron_lib.callbacks.manager l3plugin._ovn_client.update_router_port(context,
2026-06-26 04:46:44.546 9 ERROR neutron_lib.callbacks.manager
File "/var/lib/openstack/lib/python3.10/site-packages/neutron/plugins/ml2/drivers/ovn/mech_driver/ovsdb/ovn_client.py", line 1878, in update_router_port
2026-06-26 04:46:44.546 9 ERROR neutron_lib.callbacks.manager self._update_lrouter_port(context, port, if_exists=if_exists,
2026-06-26 04:46:44.546 9 ERROR neutron_lib.callbacks.manager
File "/var/lib/openstack/lib/python3.10/site-packages/neutron/plugins/ml2/drivers/ovn/mech_driver/ovsdb/ovn_client.py", line 1855, in _update_lrouter_port
2026-06-26 04:46:44.546 9 ERROR neutron_lib.callbacks.manager external_ids = self._nb_idl.db_get(
2026-06-26 04:46:44.546 9 ERROR neutron_lib.callbacks.manager
File "/var/lib/openstack/lib/python3.10/site-packages/ovsdbapp/backend/ovs_idl/command.py", line 47, in execute
2026-06-26 04:46:44.546 9 ERROR neutron_lib.callbacks.manager self.run_idl(None)
2026-06-26 04:46:44.546 9 ERROR neutron_lib.callbacks.manager
File "/var/lib/openstack/lib/python3.10/site-packages/ovsdbapp/backend/ovs_idl/command.py", line 235, in run_idl
2026-06-26 04:46:44.546 9 ERROR neutron_lib.callbacks.manager record = self.api.lookup(self.table, self.record)
2026-06-26 04:46:44.546 9 ERROR neutron_lib.callbacks.manager
File "/var/lib/openstack/lib/python3.10/site-packages/ovsdbapp/backend/ovs_idl/__init__.py", line 184, in lookup
2026-06-26 04:46:44.546 9 ERROR neutron_lib.callbacks.manager return self._lookup(table, record)
2026-06-26 04:46:44.546 9 ERROR neutron_lib.callbacks.manager
File "/var/lib/openstack/lib/python3.10/site-packages/ovsdbapp/backend/ovs_idl/__init__.py", line 235, in _lookup
2026-06-26 04:46:44.546 9 ERROR neutron_lib.callbacks.manager row = idlutils.row_by_value(self, rl.table, rl.column, record)
2026-06-26 04:46:44.546 9 ERROR neutron_lib.callbacks.manager
File "/var/lib/openstack/lib/python3.10/site-packages/ovsdbapp/backend/ovs_idl/idlutils.py", line 114, in row_by_value
2026-06-26 04:46:44.546 9 ERROR neutron_lib.callbacks.manager raise RowNotFound(table=table, col=column, match=match)
2026-06-26 04:46:44.546 9 ERROR neutron_lib.callbacks.manager ovsdbapp.backend.ovs_idl.idlutils.RowNotFound: Cannot find Logical_Router_Port with name=lrp-d048e05e-8d31-4a4c-9e5e-25827bb6a9f5
2026-06-26 04:46:44.546 9 ERROR neutron_lib.callbacks.manager 
2026-06-26 04:46:44.615 9 INFO neutron.services.segments.plugin [-] Segment cd03a6a6-196f-4a1f-89b6-c8d5c0e48335 resource provider aggregate not found
2026-06-26 04:46:44.622 9 INFO neutron.services.segments.plugin [-] Segment cd03a6a6-196f-4a1f-89b6-c8d5c0e48335 resource provider aggregate not found
2026-06-26 04:46:44.646 9 INFO neutron.services.segments.plugin [-] Segment cd03a6a6-196f-4a1f-89b6-c8d5c0e48335 resource provider not found; error: Placement Client Error (4xx): {"errors": [{"status": 404, "title": "Not Found", "detail": "The resource could not be found.\n\n No resource provider with uuid cd03a6a6-196f-4a1f-89b6-c8d5c0e48335 found for delete ", "request_id": "req-28e94dac-7666-4603-a351-ea11a3561d5d"}]}
2026-06-26 04:46:44.647 9 INFO neutron.services.segments.plugin [-] Segment cd03a6a6-196f-4a1f-89b6-c8d5c0e48335 resource provider not found; error: Placement Client Error (4xx): {"errors": [{"status": 404, "title": "Not Found", "detail": "The resource could not be found.\n\n No resource provider with uuid cd03a6a6-196f-4a1f-89b6-c8d5c0e48335 found for delete ", "request_id": "req-cdb08f4c-da95-4dbc-9cdf-4877db24a3c2"}]}
2026-06-26 04:46:44.723 9 INFO neutron.wsgi [None req-dfadfa48-0d2c-4b8e-8291-4bd64a8ae334 9e4836ab07bc409d97d5d3c0e192db58 b41fa935f983487a8c27f7ad62c9b2b3 - - default default] 10.0.0.33 "DELETE /v2.0/networks/00c48325-e819-4b79-b8dc-be2a89e68059 HTTP/1.1" status: 204 len: 168 time: 1.2267630
2026-06-26 04:46:44.878 9 WARNING neutron.scheduler.dhcp_agent_scheduler [None req-5cfcd587-3492-46d4-97e8-d95298997695 ded23f2cdb7e4c9295800275f6291be6 4e78bc56101241b69e3b16de49ca9730 - - default default] No more DHCP agents
2026-06-26 04:46:44.887 9 WARNING neutron.api.rpc.agentnotifiers.dhcp_rpc_agent_api [None req-5cfcd587-3492-46d4-97e8-d95298997695 ded23f2cdb7e4c9295800275f6291be6 4e78bc56101241b69e3b16de49ca9730 - - default default] Unable to schedule network 3bae2726-1391-496f-9864-04681b6286c6: no agents available; will retry on subsequent port and subnet creation events.
2026-06-26 04:46:44.967 10 INFO neutron.db.ovn_revision_numbers_db [None req-8d90a758-8692-4255-8e80-28184b194f63 ded23f2cdb7e4c9295800275f6291be6 4e78bc56101241b69e3b16de49ca9730 - - default default] Successfully bumped revision number for resource f2c67780-dfcb-4e2f-9dd8-e9455305734f (type: router_ports) to 1
2026-06-26 04:46:44.973 10 INFO neutron.wsgi [None req-8d90a758-8692-4255-8e80-28184b194f63 ded23f2cdb7e4c9295800275f6291be6 4e78bc56101241b69e3b16de49ca9730 - - default default] 10.0.0.33 "PUT /v2.0/routers/e09f15b4-a6ef-4678-a7b4-093ad4a015f2/add_router_interface HTTP/1.1" status: 200 len: 503 time: 3.3382807
2026-06-26 04:46:44.986 10 INFO neutron.db.ovn_revision_numbers_db [None req-62c76fd6-6625-4bac-b769-7e1f10feffc5 - - - - - -] Successfully bumped revision number for resource 1d360769-321f-464e-9ed7-48d668175e93 (type: router_ports) to 3
2026-06-26 04:46:45.147 9 INFO neutron.db.ovn_revision_numbers_db [None req-ccfbc9d3-027d-425d-8751-673a84e81b35 ded23f2cdb7e4c9295800275f6291be6 4e78bc56101241b69e3b16de49ca9730 - - default default] Successfully bumped revision number for resource d048e05e-8d31-4a4c-9e5e-25827bb6a9f5 (type: ports) to 1
2026-06-26 04:46:45.246 10 INFO neutron.db.ovn_revision_numbers_db [None req-62c76fd6-6625-4bac-b769-7e1f10feffc5 - - - - - -] Successfully bumped revision number for resource 1d360769-321f-464e-9ed7-48d668175e93 (type: ports) to 2
2026-06-26 04:46:45.274 9 INFO neutron.db.ovn_revision_numbers_db [None req-5cfcd587-3492-46d4-97e8-d95298997695 ded23f2cdb7e4c9295800275f6291be6 4e78bc56101241b69e3b16de49ca9730 - - default default] Successfully bumped revision number for resource d33288a5-8c5e-4590-a089-f249dafc606c (type: ports) to 1
2026-06-26 04:46:45.331 9 WARNING neutron.scheduler.dhcp_agent_scheduler [None req-ccfbc9d3-027d-425d-8751-673a84e81b35 ded23f2cdb7e4c9295800275f6291be6 4e78bc56101241b69e3b16de49ca9730 - - default default] No more DHCP agents
2026-06-26 04:46:45.337 9 WARNING neutron.api.rpc.agentnotifiers.dhcp_rpc_agent_api [None req-ccfbc9d3-027d-425d-8751-673a84e81b35 ded23f2cdb7e4c9295800275f6291be6 4e78bc56101241b69e3b16de49ca9730 - - default default] Unable to schedule network 8633f25c-1d9b-46e4-9974-d1f567c3419a: no agents available; will retry on subsequent port and subnet creation events.
2026-06-26 04:46:45.561 10 WARNING neutron_lib.context [None req-4ba0309e-f950-4d01-9f28-44e5b3b14f98 2d62f82084f241dbb0720cbfaef93349 91d16cf7bbb2431f87468f52c7bf98e2 - - default default] Method 'is_advsvc' is deprecated since 2023.2 release (neutron-lib 3.8.0) and will be removed once support for the old RBAC API policies will be removed from Neutron. Please use method 'is_service_role' instead.
2026-06-26 04:46:45.613 9 INFO neutron.db.ovn_revision_numbers_db [None req-084f192f-39e9-4d77-b9d7-5c669cbf5e47 - - - - - -] Successfully bumped revision number for resource 36736043-af6c-4774-ba6e-9932c3e31ebf (type: ports) to 4
2026-06-26 04:46:45.662 10 INFO neutron.db.ovn_revision_numbers_db [None req-62c76fd6-6625-4bac-b769-7e1f10feffc5 - - - - - -] Successfully bumped revision number for resource 1d360769-321f-464e-9ed7-48d668175e93 (type: ports) to 4
2026-06-26 04:46:45.731 10 INFO neutron.db.ovn_revision_numbers_db [None req-4ba0309e-f950-4d01-9f28-44e5b3b14f98 2d62f82084f241dbb0720cbfaef93349 91d16cf7bbb2431f87468f52c7bf98e2 - - default default] Successfully bumped revision number for resource f477d4f0-f0f6-4f6a-b07a-d9cffa7b0fa6 (type: security_groups) to 1
2026-06-26 04:46:45.764 10 INFO neutron.db.ovn_revision_numbers_db [None req-4ba0309e-f950-4d01-9f28-44e5b3b14f98 2d62f82084f241dbb0720cbfaef93349 91d16cf7bbb2431f87468f52c7bf98e2 - - default default] Successfully bumped revision number for resource 6ae8fc58-3c69-477d-818c-92793faf68af (type: security_group_rules) to 0
2026-06-26 04:46:45.792 10 INFO neutron.db.ovn_revision_numbers_db [None req-4ba0309e-f950-4d01-9f28-44e5b3b14f98 2d62f82084f241dbb0720cbfaef93349 91d16cf7bbb2431f87468f52c7bf98e2 - - default default] Successfully bumped revision number for resource d0f29428-20a5-473a-8399-3de00e202a85 (type: security_group_rules) to 0
2026-06-26 04:46:45.815 10 INFO neutron.wsgi [None req-4ba0309e-f950-4d01-9f28-44e5b3b14f98 2d62f82084f241dbb0720cbfaef93349 91d16cf7bbb2431f87468f52c7bf98e2 - - default default] 10.0.0.33 "POST /v2.0/security-groups HTTP/1.1" status: 201 len: 1859 time: 0.2621660
2026-06-26 04:46:45.838 10 WARNING neutron_lib.context [None req-5ac47767-11bd-48df-9767-15920b04289d 2d62f82084f241dbb0720cbfaef93349 91d16cf7bbb2431f87468f52c7bf98e2 - - default default] Method 'is_advsvc' is deprecated since 2023.2 release (neutron-lib 3.8.0) and will be removed once support for the old RBAC API policies will be removed from Neutron. Please use method 'is_service_role' instead.
2026-06-26 04:46:45.938 9 INFO neutron.wsgi [None req-c2c669bc-4538-4069-834b-3d5b951a2347 9e4836ab07bc409d97d5d3c0e192db58 b41fa935f983487a8c27f7ad62c9b2b3 - - default default] 10.0.0.33 "DELETE /v2.0/networks/73df2d68-b02b-4b7e-9d66-2230b6574db6 HTTP/1.1" status: 204 len: 168 time: 1.2027791
2026-06-26 04:46:46.037 10 INFO neutron.db.ovn_revision_numbers_db [None req-62c76fd6-6625-4bac-b769-7e1f10feffc5 - - - - - -] Successfully bumped revision number for resource 1d360769-321f-464e-9ed7-48d668175e93 (type: router_ports) to 4
2026-06-26 04:46:46.058 10 INFO neutron.db.ovn_revision_numbers_db [None req-5ac47767-11bd-48df-9767-15920b04289d 2d62f82084f241dbb0720cbfaef93349 91d16cf7bbb2431f87468f52c7bf98e2 - - default default] Successfully bumped revision number for resource e55b26e3-b123-4518-9e3c-0eb7f3386f4e (type: security_group_rules) to 0
2026-06-26 04:46:46.104 10 INFO neutron.wsgi [None req-5ac47767-11bd-48df-9767-15920b04289d 2d62f82084f241dbb0720cbfaef93349 91d16cf7bbb2431f87468f52c7bf98e2 - - default default] 10.0.0.33 "POST /v2.0/security-group-rules HTTP/1.1" status: 201 len: 796 time: 0.2824001
2026-06-26 04:46:46.114 10 WARNING neutron_lib.context [None req-3d23e2d6-7892-4a41-93ed-108095b0ec33 2d62f82084f241dbb0720cbfaef93349 91d16cf7bbb2431f87468f52c7bf98e2 - - default default] Method 'is_advsvc' is deprecated since 2023.2 release (neutron-lib 3.8.0) and will be removed once support for the old RBAC API policies will be removed from Neutron. Please use method 'is_service_role' instead.
2026-06-26 04:46:46.211 9 INFO neutron.db.ovn_revision_numbers_db [None req-084f192f-39e9-4d77-b9d7-5c669cbf5e47 - - - - - -] Successfully bumped revision number for resource 36736043-af6c-4774-ba6e-9932c3e31ebf (type: router_ports) to 4
2026-06-26 04:46:46.297 10 INFO neutron.db.ovn_revision_numbers_db [None req-3d23e2d6-7892-4a41-93ed-108095b0ec33 2d62f82084f241dbb0720cbfaef93349 91d16cf7bbb2431f87468f52c7bf98e2 - - default default] Successfully bumped revision number for resource a7e4c5f6-399e-4175-b02e-34eb8e3a22ce (type: security_group_rules) to 0
2026-06-26 04:46:46.327 9 INFO neutron.plugins.ml2.drivers.ovn.mech_driver.ovsdb.ovsdb_monitor [None req-084f192f-39e9-4d77-b9d7-5c669cbf5e47 - - - - - -] Router e09f15b4-a6ef-4678-a7b4-093ad4a015f2 is bound to host instance
2026-06-26 04:46:46.341 10 INFO neutron.wsgi [None req-3d23e2d6-7892-4a41-93ed-108095b0ec33 2d62f82084f241dbb0720cbfaef93349 91d16cf7bbb2431f87468f52c7bf98e2 - - default default] 10.0.0.33 "POST /v2.0/security-group-rules HTTP/1.1" status: 201 len: 801 time: 0.2322271
2026-06-26 04:46:46.355 10 WARNING neutron_lib.context [None req-5a3c5803-27fc-4166-a89b-7d8c211c0cc7 2d62f82084f241dbb0720cbfaef93349 91d16cf7bbb2431f87468f52c7bf98e2 - - default default] Method 'is_advsvc' is deprecated since 2023.2 release (neutron-lib 3.8.0) and will be removed once support for the old RBAC API policies will be removed from Neutron. Please use method 'is_service_role' instead.
2026-06-26 04:46:46.468 10 INFO neutron.services.segments.plugin [-] Segment 26af5122-b52c-431b-a292-96ef57bfd81c resource provider aggregate not found
2026-06-26 04:46:46.471 10 INFO neutron.services.segments.plugin [-] Segment 26af5122-b52c-431b-a292-96ef57bfd81c resource provider aggregate not found
2026-06-26 04:46:46.486 10 INFO neutron.services.segments.plugin [-] Segment 26af5122-b52c-431b-a292-96ef57bfd81c resource provider not found; error: Placement Client Error (4xx): {"errors": [{"status": 404, "title": "Not Found", "detail": "The resource could not be found.\n\n No resource provider with uuid 26af5122-b52c-431b-a292-96ef57bfd81c found for delete ", "request_id": "req-f35ccc33-5ec4-4fa1-85fd-4109263c313f"}]}
2026-06-26 04:46:46.489 10 INFO neutron.services.segments.plugin [-] Segment 26af5122-b52c-431b-a292-96ef57bfd81c resource provider not found; error: Placement Client Error (4xx): {"errors": [{"status": 404, "title": "Not Found", "detail": "The resource could not be found.\n\n No resource provider with uuid 26af5122-b52c-431b-a292-96ef57bfd81c found for delete ", "request_id": "req-fadc24a2-e565-42a9-9fb0-254dffc1f341"}]}
2026-06-26 04:46:46.522 10 INFO neutron.wsgi [None req-41a06e8c-e8b4-41fd-b3a8-db4776810edd 9e4836ab07bc409d97d5d3c0e192db58 b41fa935f983487a8c27f7ad62c9b2b3 - - default default] 10.0.0.33 "DELETE /v2.0/networks/a46d475f-08bd-4d14-8e9c-87d7add3b7be HTTP/1.1" status: 204 len: 168 time: 0.5777335
2026-06-26 04:46:46.674 10 WARNING neutron.scheduler.dhcp_agent_scheduler [None req-5a3c5803-27fc-4166-a89b-7d8c211c0cc7 2d62f82084f241dbb0720cbfaef93349 91d16cf7bbb2431f87468f52c7bf98e2 - - default default] No more DHCP agents
2026-06-26 04:46:46.675 10 WARNING neutron.api.rpc.agentnotifiers.dhcp_rpc_agent_api [None req-5a3c5803-27fc-4166-a89b-7d8c211c0cc7 2d62f82084f241dbb0720cbfaef93349 91d16cf7bbb2431f87468f52c7bf98e2 - - default default] Unable to schedule network 5f01502e-e836-46d4-821d-b347dfec5b7a: no agents available; will retry on subsequent port and subnet creation events.
2026-06-26 04:46:46.717 9 INFO neutron.services.segments.plugin [-] Segment c81e5d8e-80be-4513-9305-cbd57db45030 resource provider aggregate not found
2026-06-26 04:46:46.724 9 INFO neutron.services.segments.plugin [-] Segment c81e5d8e-80be-4513-9305-cbd57db45030 resource provider aggregate not found
2026-06-26 04:46:46.731 9 INFO neutron.services.segments.plugin [-] Segment c81e5d8e-80be-4513-9305-cbd57db45030 resource provider not found; error: Placement Client Error (4xx): {"errors": [{"status": 404, "title": "Not Found", "detail": "The resource could not be found.\n\n No resource provider with uuid c81e5d8e-80be-4513-9305-cbd57db45030 found for delete ", "request_id": "req-4cd6f1fb-f7c7-418f-9d7d-a2c8cca057a8"}]}
2026-06-26 04:46:46.747 9 INFO neutron.services.segments.plugin [-] Segment c81e5d8e-80be-4513-9305-cbd57db45030 resource provider not found; error: Placement Client Error (4xx): {"errors": [{"status": 404, "title": "Not Found", "detail": "The resource could not be found.\n\n No resource provider with uuid c81e5d8e-80be-4513-9305-cbd57db45030 found for delete ", "request_id": "req-71116dd6-4c25-4869-a2f6-6e70e6208f08"}]}
2026-06-26 04:46:46.826 9 ERROR ovsdbapp.backend.ovs_idl.command [None req-5cfcd587-3492-46d4-97e8-d95298997695 ded23f2cdb7e4c9295800275f6291be6 4e78bc56101241b69e3b16de49ca9730 - - default default] Error executing command (DbGetCommand): ovsdbapp.backend.ovs_idl.idlutils.RowNotFound: Cannot find Logical_Router_Port with name=lrp-d33288a5-8c5e-4590-a089-f249dafc606c
2026-06-26 04:46:46.826 9 ERROR ovsdbapp.backend.ovs_idl.command
Traceback (most recent call last):
2026-06-26 04:46:46.826 9 ERROR ovsdbapp.backend.ovs_idl.command
File "/var/lib/openstack/lib/python3.10/site-packages/ovsdbapp/backend/ovs_idl/command.py", line 47, in execute
2026-06-26 04:46:46.826 9 ERROR ovsdbapp.backend.ovs_idl.command self.run_idl(None)
2026-06-26 04:46:46.826 9 ERROR ovsdbapp.backend.ovs_idl.command
File "/var/lib/openstack/lib/python3.10/site-packages/ovsdbapp/backend/ovs_idl/command.py", line 235, in run_idl
2026-06-26 04:46:46.826 9 ERROR ovsdbapp.backend.ovs_idl.command record = self.api.lookup(self.table, self.record)
2026-06-26 04:46:46.826 9 ERROR ovsdbapp.backend.ovs_idl.command
File "/var/lib/openstack/lib/python3.10/site-packages/ovsdbapp/backend/ovs_idl/__init__.py", line 184, in lookup
2026-06-26 04:46:46.826 9 ERROR ovsdbapp.backend.ovs_idl.command return self._lookup(table, record)
2026-06-26 04:46:46.826 9 ERROR ovsdbapp.backend.ovs_idl.command
File "/var/lib/openstack/lib/python3.10/site-packages/ovsdbapp/backend/ovs_idl/__init__.py", line 235, in _lookup
2026-06-26 04:46:46.826 9 ERROR ovsdbapp.backend.ovs_idl.command row = idlutils.row_by_value(self, rl.table, rl.column, record)
2026-06-26 04:46:46.826 9 ERROR ovsdbapp.backend.ovs_idl.command
File "/var/lib/openstack/lib/python3.10/site-packages/ovsdbapp/backend/ovs_idl/idlutils.py", line 114, in row_by_value
2026-06-26 04:46:46.826 9 ERROR ovsdbapp.backend.ovs_idl.command raise RowNotFound(table=table, col=column, match=match)
2026-06-26 04:46:46.826 9 ERROR ovsdbapp.backend.ovs_idl.command ovsdbapp.backend.ovs_idl.idlutils.RowNotFound: Cannot find Logical_Router_Port with name=lrp-d33288a5-8c5e-4590-a089-f249dafc606c
2026-06-26 04:46:46.826 9 ERROR ovsdbapp.backend.ovs_idl.command 
2026-06-26 04:46:46.826 9 ERROR neutron_lib.callbacks.manager [None req-5cfcd587-3492-46d4-97e8-d95298997695 ded23f2cdb7e4c9295800275f6291be6 4e78bc56101241b69e3b16de49ca9730 - - default default] Error during notification for neutron.services.ovn_l3.plugin.OVNL3RouterPlugin._port_update-8768350965469 port, after_update: ovsdbapp.backend.ovs_idl.idlutils.RowNotFound: Cannot find Logical_Router_Port with name=lrp-d33288a5-8c5e-4590-a089-f249dafc606c
2026-06-26 04:46:46.826 9 ERROR neutron_lib.callbacks.manager
Traceback (most recent call last):
2026-06-26 04:46:46.826 9 ERROR neutron_lib.callbacks.manager
File "/var/lib/openstack/lib/python3.10/site-packages/neutron_lib/callbacks/manager.py", line 189, in _notify_loop
2026-06-26 04:46:46.826 9 ERROR neutron_lib.callbacks.manager callback.method(resource, event, trigger, payload=payload)
2026-06-26 04:46:46.826 9 ERROR neutron_lib.callbacks.manager
File "/var/lib/openstack/lib/python3.10/site-packages/neutron/services/ovn_l3/plugin.py", line 391, in _port_update
2026-06-26 04:46:46.826 9 ERROR neutron_lib.callbacks.manager l3plugin._ovn_client.update_router_port(context,
2026-06-26 04:46:46.826 9 ERROR neutron_lib.callbacks.manager
File "/var/lib/openstack/lib/python3.10/site-packages/neutron/plugins/ml2/drivers/ovn/mech_driver/ovsdb/ovn_client.py", line 1878, in update_router_port
2026-06-26 04:46:46.826 9 ERROR neutron_lib.callbacks.manager self._update_lrouter_port(context, port, if_exists=if_exists,
2026-06-26 04:46:46.826 9 ERROR neutron_lib.callbacks.manager
File "/var/lib/openstack/lib/python3.10/site-packages/neutron/plugins/ml2/drivers/ovn/mech_driver/ovsdb/ovn_client.py", line 1855, in _update_lrouter_port
2026-06-26 04:46:46.826 9 ERROR neutron_lib.callbacks.manager external_ids = self._nb_idl.db_get(
2026-06-26 04:46:46.826 9 ERROR neutron_lib.callbacks.manager
File "/var/lib/openstack/lib/python3.10/site-packages/ovsdbapp/backend/ovs_idl/command.py", line 47, in execute
2026-06-26 04:46:46.826 9 ERROR neutron_lib.callbacks.manager self.run_idl(None)
2026-06-26 04:46:46.826 9 ERROR neutron_lib.callbacks.manager
File "/var/lib/openstack/lib/python3.10/site-packages/ovsdbapp/backend/ovs_idl/command.py", line 235, in run_idl
2026-06-26 04:46:46.826 9 ERROR neutron_lib.callbacks.manager record = self.api.lookup(self.table, self.record)
2026-06-26 04:46:46.826 9 ERROR neutron_lib.callbacks.manager
File "/var/lib/openstack/lib/python3.10/site-packages/ovsdbapp/backend/ovs_idl/__init__.py", line 184, in lookup
2026-06-26 04:46:46.826 9 ERROR neutron_lib.callbacks.manager return self._lookup(table, record)
2026-06-26 04:46:46.826 9 ERROR neutron_lib.callbacks.manager
File "/var/lib/openstack/lib/python3.10/site-packages/ovsdbapp/backend/ovs_idl/__init__.py", line 235, in _lookup
2026-06-26 04:46:46.826 9 ERROR neutron_lib.callbacks.manager row = idlutils.row_by_value(self, rl.table, rl.column, record)
2026-06-26 04:46:46.826 9 ERROR neutron_lib.callbacks.manager
File "/var/lib/openstack/lib/python3.10/site-packages/ovsdbapp/backend/ovs_idl/idlutils.py", line 114, in row_by_value
2026-06-26 04:46:46.826 9 ERROR neutron_lib.callbacks.manager raise RowNotFound(table=table, col=column, match=match)
2026-06-26 04:46:46.826 9 ERROR neutron_lib.callbacks.manager ovsdbapp.backend.ovs_idl.idlutils.RowNotFound: Cannot find Logical_Router_Port with name=lrp-d33288a5-8c5e-4590-a089-f249dafc606c
2026-06-26 04:46:46.826 9 ERROR neutron_lib.callbacks.manager 
2026-06-26 04:46:46.932 9 WARNING neutron.plugins.ml2.drivers.ovn.mech_driver.ovsdb.ovn_client [None req-9bff111f-9d5d-4006-ab7a-7deeb4049bf7 - - - - - -] No hosting information found for port 96a1366e-7d08-48c7-a4d3-ec06f6d04687: RuntimeError: No hosting information found for port 96a1366e-7d08-48c7-a4d3-ec06f6d04687
2026-06-26 04:46:46.932 9 INFO neutron.plugins.ml2.drivers.ovn.mech_driver.mech_driver [None req-9bff111f-9d5d-4006-ab7a-7deeb4049bf7 - - - - - -] OVN reports status up for port: 1d360769-321f-464e-9ed7-48d668175e93
2026-06-26 04:46:46.962 9 INFO neutron.plugins.ml2.plugin [None req-9bff111f-9d5d-4006-ab7a-7deeb4049bf7 - - - - - -] Attempt 1 to provision port 1d360769-321f-464e-9ed7-48d668175e93
2026-06-26 04:46:47.007 10 INFO neutron.wsgi [None req-5a3c5803-27fc-4166-a89b-7d8c211c0cc7 2d62f82084f241dbb0720cbfaef93349 91d16cf7bbb2431f87468f52c7bf98e2 - - default default] 10.0.0.33 "POST /v2.0/floatingips HTTP/1.1" status: 201 len: 751 time: 0.6566718
2026-06-26 04:46:47.189 10 INFO neutron.wsgi [None req-d258032e-c3a4-4617-ae25-08937b190be5 ded23f2cdb7e4c9295800275f6291be6 4e78bc56101241b69e3b16de49ca9730 - - default default] 10.0.0.33 "GET /v2.0/security-groups?tenant_id=b41fa935f983487a8c27f7ad62c9b2b3&name=default HTTP/1.1" status: 200 len: 3120 time: 0.1792901
2026-06-26 04:46:47.231 9 INFO neutron.plugins.ml2.drivers.ovn.mech_driver.mech_driver [None req-9bff111f-9d5d-4006-ab7a-7deeb4049bf7 - - - - - -] OVN reports status up for port: f2c67780-dfcb-4e2f-9dd8-e9455305734f
2026-06-26 04:46:47.253 9 INFO neutron.plugins.ml2.plugin [None req-9bff111f-9d5d-4006-ab7a-7deeb4049bf7 - - - - - -] Attempt 1 to provision port f2c67780-dfcb-4e2f-9dd8-e9455305734f
2026-06-26 04:46:47.270 9 INFO neutron.db.ovn_revision_numbers_db [None req-ccfbc9d3-027d-425d-8751-673a84e81b35 ded23f2cdb7e4c9295800275f6291be6 4e78bc56101241b69e3b16de49ca9730 - - default default] Successfully bumped revision number for resource d048e05e-8d31-4a4c-9e5e-25827bb6a9f5 (type: router_ports) to 1
2026-06-26 04:46:47.277 9 INFO neutron.wsgi [None req-ccfbc9d3-027d-425d-8751-673a84e81b35 ded23f2cdb7e4c9295800275f6291be6 4e78bc56101241b69e3b16de49ca9730 - - default default] 10.0.0.33 "PUT /v2.0/routers/ff8f5583-9422-4a2d-b539-deb90cf40a47/add_router_interface HTTP/1.1" status: 200 len: 503 time: 6.4919903
2026-06-26 04:46:47.323 9 INFO neutron.db.ovn_revision_numbers_db [None req-5cfcd587-3492-46d4-97e8-d95298997695 ded23f2cdb7e4c9295800275f6291be6 4e78bc56101241b69e3b16de49ca9730 - - default default] Successfully bumped revision number for resource d33288a5-8c5e-4590-a089-f249dafc606c (type: ports) to 1
2026-06-26 04:46:47.424 10 INFO neutron.wsgi [None req-dbeab44f-989d-4eb6-bf39-dd7af106e5fa ded23f2cdb7e4c9295800275f6291be6 4e78bc56101241b69e3b16de49ca9730 - - default default] 10.0.0.33 "DELETE /v2.0/security-groups/734cdb7b-85ed-4efe-bdb5-3e1f2a78bff1 HTTP/1.1" status: 204 len: 168 time: 0.2297604
2026-06-26 04:46:47.445 9 WARNING neutron.scheduler.dhcp_agent_scheduler [None req-5cfcd587-3492-46d4-97e8-d95298997695 ded23f2cdb7e4c9295800275f6291be6 4e78bc56101241b69e3b16de49ca9730 - - default default] No more DHCP agents
2026-06-26 04:46:47.447 9 WARNING neutron.api.rpc.agentnotifiers.dhcp_rpc_agent_api [None req-5cfcd587-3492-46d4-97e8-d95298997695 ded23f2cdb7e4c9295800275f6291be6 4e78bc56101241b69e3b16de49ca9730 - - default default] Unable to schedule network 3bae2726-1391-496f-9864-04681b6286c6: no agents available; will retry on subsequent port and subnet creation events.
2026-06-26 04:46:47.523 10 INFO neutron.wsgi [req-52f6cc92-b734-4bde-9c0e-c2f1522092de req-8a77eb60-1aa7-4fd0-87ad-a33593abac16 2d62f82084f241dbb0720cbfaef93349 91d16cf7bbb2431f87468f52c7bf98e2 - - default default] 10.0.0.210 "GET /v2.0/security-groups?name=tempest-securitygroup--737980864&fields=id&tenant_id=91d16cf7bbb2431f87468f52c7bf98e2 HTTP/1.1" status: 200 len: 267 time: 0.0451448
2026-06-26 04:46:47.634 10 INFO neutron.wsgi [req-52f6cc92-b734-4bde-9c0e-c2f1522092de req-66b0baab-1b4e-4719-be15-7898e670361b 2d62f82084f241dbb0720cbfaef93349 91d16cf7bbb2431f87468f52c7bf98e2 - - default default] 10.0.0.210 "GET /v2.0/networks?id=f7da6f4e-d841-4f2f-9034-3033fe905063 HTTP/1.1" status: 200 len: 874 time: 0.1054542
2026-06-26 04:46:47.658 10 INFO neutron.wsgi [req-52f6cc92-b734-4bde-9c0e-c2f1522092de req-7aed811b-b152-4c48-8ba7-3f07b3d711b5 2d62f82084f241dbb0720cbfaef93349 91d16cf7bbb2431f87468f52c7bf98e2 - - default default] 10.0.0.210 "GET /v2.0/quotas/91d16cf7bbb2431f87468f52c7bf98e2 HTTP/1.1" status: 200 len: 491 time: 0.0153337
2026-06-26 04:46:47.803 10 INFO neutron.wsgi [req-52f6cc92-b734-4bde-9c0e-c2f1522092de req-11c94719-9755-401b-9959-972cbf6ba6e2 2d62f82084f241dbb0720cbfaef93349 91d16cf7bbb2431f87468f52c7bf98e2 - - default default] 10.0.0.210 "GET /v2.0/ports?tenant_id=91d16cf7bbb2431f87468f52c7bf98e2&fields=id HTTP/1.1" status: 200 len: 302 time: 0.1378648
2026-06-26 04:46:47.867 10 INFO neutron.wsgi [req-52f6cc92-b734-4bde-9c0e-c2f1522092de req-08fe65fa-aa63-4829-a875-aba3c60b958c 2047ee2ac40246c8999cc5d0c321baf3 6a3ebc89a7834f51af0baf2525307d97 - - 857fa6daf8bd4b9082a0ee3bd252bcf1 857fa6daf8bd4b9082a0ee3bd252bcf1] 10.0.0.210 "GET /v2.0/networks/f7da6f4e-d841-4f2f-9034-3033fe905063?fields=segments HTTP/1.1" status: 200 len: 212 time: 0.0518909
2026-06-26 04:46:47.927 10 WARNING neutron_lib.context [None req-a4b563dd-9f12-40b7-a94a-e6e8983f6845 68adbe65a2e74919bafe5fa4d30c0872 f7f4de58f3544a4f9d700e6a48b754b3 - - default default] Method 'is_advsvc' is deprecated since 2023.2 release (neutron-lib 3.8.0) and will be removed once support for the old RBAC API policies will be removed from Neutron. Please use method 'is_service_role' instead.
2026-06-26 04:46:47.963 10 INFO neutron.wsgi [req-52f6cc92-b734-4bde-9c0e-c2f1522092de req-7e2d5830-85af-4ae9-9b57-22fda97a0ded 2047ee2ac40246c8999cc5d0c321baf3 6a3ebc89a7834f51af0baf2525307d97 - - 857fa6daf8bd4b9082a0ee3bd252bcf1 857fa6daf8bd4b9082a0ee3bd252bcf1] 10.0.0.210 "GET /v2.0/networks/f7da6f4e-d841-4f2f-9034-3033fe905063?fields=provider%3Aphysical_network&fields=provider%3Anetwork_type HTTP/1.1" status: 200 len: 277 time: 0.0883336
2026-06-26 04:46:48.268 9 INFO neutron.db.ovn_revision_numbers_db [None req-084f192f-39e9-4d77-b9d7-5c669cbf5e47 - - - - - -] Successfully bumped revision number for resource 96a1366e-7d08-48c7-a4d3-ec06f6d04687 (type: ports) to 1
2026-06-26 04:46:48.295 9 INFO neutron.db.ovn_revision_numbers_db [None req-9bff111f-9d5d-4006-ab7a-7deeb4049bf7 - - - - - -] Successfully bumped revision number for resource f2c67780-dfcb-4e2f-9dd8-e9455305734f (type: ports) to 2
2026-06-26 04:46:48.314 10 INFO neutron.wsgi [req-5dc06991-d734-4084-b41b-f56538eb243d req-e6c12d38-08f6-4bd6-a38d-411577641381 2d62f82084f241dbb0720cbfaef93349 91d16cf7bbb2431f87468f52c7bf98e2 - - default default] 10.0.0.210 "GET /v2.0/ports?device_id=3f135bc7-34b3-4464-b75b-4e88d19c816e HTTP/1.1" status: 200 len: 210 time: 0.0225449
2026-06-26 04:46:48.347 10 INFO neutron.db.ovn_revision_numbers_db [None req-a4b563dd-9f12-40b7-a94a-e6e8983f6845 68adbe65a2e74919bafe5fa4d30c0872 f7f4de58f3544a4f9d700e6a48b754b3 - - default default] Successfully bumped revision number for resource 44976f69-efd1-46d3-9250-8cadfd361781 (type: security_groups) to 1
2026-06-26 04:46:48.360 10 INFO neutron.db.ovn_revision_numbers_db [None req-a4b563dd-9f12-40b7-a94a-e6e8983f6845 68adbe65a2e74919bafe5fa4d30c0872 f7f4de58f3544a4f9d700e6a48b754b3 - - default default] Successfully bumped revision number for resource 80861d7d-9b31-429a-a4d6-9494ba53cf50 (type: security_group_rules) to 0
2026-06-26 04:46:48.376 10 INFO neutron.db.ovn_revision_numbers_db [None req-a4b563dd-9f12-40b7-a94a-e6e8983f6845 68adbe65a2e74919bafe5fa4d30c0872 f7f4de58f3544a4f9d700e6a48b754b3 - - default default] Successfully bumped revision number for resource e4fe3d20-c073-43f1-94f2-9c664b2ae430 (type: security_group_rules) to 0
2026-06-26 04:46:48.397 10 INFO neutron.wsgi [None req-a4b563dd-9f12-40b7-a94a-e6e8983f6845 68adbe65a2e74919bafe5fa4d30c0872 f7f4de58f3544a4f9d700e6a48b754b3 - - default default] 10.0.0.33 "POST /v2.0/security-groups HTTP/1.1" status: 201 len: 1859 time: 0.4757552
2026-06-26 04:46:48.410 10 WARNING neutron_lib.context [None req-cdb4972b-7a77-473e-acac-06c45dd9c8cd 68adbe65a2e74919bafe5fa4d30c0872 f7f4de58f3544a4f9d700e6a48b754b3 - - default default] Method 'is_advsvc' is deprecated since 2023.2 release (neutron-lib 3.8.0) and will be removed once support for the old RBAC API policies will be removed from Neutron. Please use method 'is_service_role' instead.
2026-06-26 04:46:48.545 10 INFO neutron.db.ovn_revision_numbers_db [None req-cdb4972b-7a77-473e-acac-06c45dd9c8cd 68adbe65a2e74919bafe5fa4d30c0872 f7f4de58f3544a4f9d700e6a48b754b3 - - default default] Successfully bumped revision number for resource 24857a67-c069-4b39-bcfa-df39c7b59675 (type: security_group_rules) to 0
2026-06-26 04:46:48.574 10 INFO neutron.wsgi [None req-cdb4972b-7a77-473e-acac-06c45dd9c8cd 68adbe65a2e74919bafe5fa4d30c0872 f7f4de58f3544a4f9d700e6a48b754b3 - - default default] 10.0.0.33 "POST /v2.0/security-group-rules HTTP/1.1" status: 201 len: 796 time: 0.1699395
2026-06-26 04:46:48.581 9 INFO neutron.db.ovn_revision_numbers_db [None req-9bff111f-9d5d-4006-ab7a-7deeb4049bf7 - - - - - -] Successfully bumped revision number for resource f2c67780-dfcb-4e2f-9dd8-e9455305734f (type: router_ports) to 2
2026-06-26 04:46:48.585 10 WARNING neutron_lib.context [None req-aade9094-9d15-41fc-ad28-ed846a3d5a63 68adbe65a2e74919bafe5fa4d30c0872 f7f4de58f3544a4f9d700e6a48b754b3 - - default default] Method 'is_advsvc' is deprecated since 2023.2 release (neutron-lib 3.8.0) and will be removed once support for the old RBAC API policies will be removed from Neutron. Please use method 'is_service_role' instead.
2026-06-26 04:46:48.721 10 INFO neutron.db.ovn_revision_numbers_db [None req-aade9094-9d15-41fc-ad28-ed846a3d5a63 68adbe65a2e74919bafe5fa4d30c0872 f7f4de58f3544a4f9d700e6a48b754b3 - - default default] Successfully bumped revision number for resource cd9381f6-0049-409f-bb61-bc4e7190dea4 (type: security_group_rules) to 0
2026-06-26 04:46:48.746 10 INFO neutron.wsgi [None req-aade9094-9d15-41fc-ad28-ed846a3d5a63 68adbe65a2e74919bafe5fa4d30c0872 f7f4de58f3544a4f9d700e6a48b754b3 - - default default] 10.0.0.33 "POST /v2.0/security-group-rules HTTP/1.1" status: 201 len: 801 time: 0.1658282
2026-06-26 04:46:48.757 10 WARNING neutron_lib.context [None req-f45b4b87-a5dd-4ec6-9990-4771655b9f6d 68adbe65a2e74919bafe5fa4d30c0872 f7f4de58f3544a4f9d700e6a48b754b3 - - default default] Method 'is_advsvc' is deprecated since 2023.2 release (neutron-lib 3.8.0) and will be removed once support for the old RBAC API policies will be removed from Neutron. Please use method 'is_service_role' instead.
2026-06-26 04:46:48.917 10 INFO neutron.wsgi [req-52f6cc92-b734-4bde-9c0e-c2f1522092de req-7aef472a-9cc0-41ad-9ae3-20e21948ee22 2d62f82084f241dbb0720cbfaef93349 91d16cf7bbb2431f87468f52c7bf98e2 - - default default] 199.204.45.156 "GET /v2.0/networks?id=f7da6f4e-d841-4f2f-9034-3033fe905063 HTTP/1.1" status: 200 len: 874 time: 0.0862231
2026-06-26 04:46:49.004 10 INFO neutron.wsgi [req-52f6cc92-b734-4bde-9c0e-c2f1522092de req-a1daa568-c4e3-4a7d-825f-c1e042dc50cc 2d62f82084f241dbb0720cbfaef93349 91d16cf7bbb2431f87468f52c7bf98e2 - - default default] 199.204.45.156 "GET /v2.0/security-groups?fields=id&fields=name&tenant_id=91d16cf7bbb2431f87468f52c7bf98e2 HTTP/1.1" status: 200 len: 379 time: 0.0783980
2026-06-26 04:46:49.030 10 WARNING neutron_lib.context [req-52f6cc92-b734-4bde-9c0e-c2f1522092de req-87ec4f4a-619f-4a8f-b352-7b4c00ae8191 2d62f82084f241dbb0720cbfaef93349 91d16cf7bbb2431f87468f52c7bf98e2 - - default default] Method 'is_advsvc' is deprecated since 2023.2 release (neutron-lib 3.8.0) and will be removed once support for the old RBAC API policies will be removed from Neutron. Please use method 'is_service_role' instead.
2026-06-26 04:46:49.112 10 WARNING neutron.scheduler.dhcp_agent_scheduler [None req-f45b4b87-a5dd-4ec6-9990-4771655b9f6d 68adbe65a2e74919bafe5fa4d30c0872 f7f4de58f3544a4f9d700e6a48b754b3 - - default default] No more DHCP agents
2026-06-26 04:46:49.116 10 WARNING neutron.api.rpc.agentnotifiers.dhcp_rpc_agent_api [None req-f45b4b87-a5dd-4ec6-9990-4771655b9f6d 68adbe65a2e74919bafe5fa4d30c0872 f7f4de58f3544a4f9d700e6a48b754b3 - - default default] Unable to schedule network 5f01502e-e836-46d4-821d-b347dfec5b7a: no agents available; will retry on subsequent port and subnet creation events.
2026-06-26 04:46:49.309 9 INFO neutron.db.ovn_revision_numbers_db [None req-084f192f-39e9-4d77-b9d7-5c669cbf5e47 - - - - - -] Successfully bumped revision number for resource 96a1366e-7d08-48c7-a4d3-ec06f6d04687 (type: router_ports) to 3
2026-06-26 04:46:49.424 10 INFO neutron.wsgi [req-f084814a-b42d-48fd-a43a-1744ffda9929 req-7d11923a-a240-48fe-aad5-2160d04b3b12 2d62f82084f241dbb0720cbfaef93349 91d16cf7bbb2431f87468f52c7bf98e2 - - default default] 10.0.0.210 "GET /v2.0/ports?device_id=3f135bc7-34b3-4464-b75b-4e88d19c816e HTTP/1.1" status: 200 len: 210 time: 0.0372815
2026-06-26 04:46:49.427 9 WARNING neutron_lib.context [None req-19a11a3b-8d00-4b3b-8f98-e1fd29c945c9 174f803330814f42972591964250ce33 ef3c4aac1e0a46ea97ac5f04aeac48e5 - - default default] Method 'is_advsvc' is deprecated since 2023.2 release (neutron-lib 3.8.0) and will be removed once support for the old RBAC API policies will be removed from Neutron. Please use method 'is_service_role' instead.
2026-06-26 04:46:49.453 9 INFO neutron.db.ovn_revision_numbers_db [None req-5cfcd587-3492-46d4-97e8-d95298997695 ded23f2cdb7e4c9295800275f6291be6 4e78bc56101241b69e3b16de49ca9730 - - default default] Successfully bumped revision number for resource d33288a5-8c5e-4590-a089-f249dafc606c (type: router_ports) to 1
2026-06-26 04:46:49.459 9 INFO neutron.wsgi [None req-5cfcd587-3492-46d4-97e8-d95298997695 ded23f2cdb7e4c9295800275f6291be6 4e78bc56101241b69e3b16de49ca9730 - - default default] 10.0.0.33 "PUT /v2.0/routers/df75347a-bf74-4912-b64c-34fb7f64a664/add_router_interface HTTP/1.1" status: 200 len: 503 time: 6.0142944
2026-06-26 04:46:49.478 10 WARNING neutron.scheduler.dhcp_agent_scheduler [req-52f6cc92-b734-4bde-9c0e-c2f1522092de req-87ec4f4a-619f-4a8f-b352-7b4c00ae8191 2d62f82084f241dbb0720cbfaef93349 91d16cf7bbb2431f87468f52c7bf98e2 - - default default] No more DHCP agents
