Apr 06 19:47:52.186199 np0000163584 devstack@neutron-api.service[102331]: DEBUG ovsdbapp.backend.ovs_idl [None req-039a3c75-592c-4fe5-b507-ebc9d8d16f58 None None] Created schema index Datapath_Binding.tunnel_key {{(pid=102331) autocreate_indices /opt/stack/data/venv/lib/python3.12/site-packages/ovsdbapp/backend/ovs_idl/__init__.py:106}}
Apr 06 19:47:52.189027 np0000163584 devstack@neutron-api.service[102331]: INFO ovsdbapp.backend.ovs_idl.vlog [None req-039a3c75-592c-4fe5-b507-ebc9d8d16f58 None None] ssl:162.253.55.204:6642: connecting...
Apr 06 19:47:52.190264 np0000163584 devstack@neutron-api.service[102332]: DEBUG neutron.common.ovn.hash_ring_manager [None req-a120af5f-b461-49f1-959c-2d6097c02acb None None] Allow caching, nodes 4>=4 {{(pid=102332) _wait_startup_before_caching /opt/stack/neutron/neutron/common/ovn/hash_ring_manager.py:65}}
Apr 06 19:47:52.194006 np0000163584 devstack@neutron-api.service[102331]: INFO ovsdbapp.backend.ovs_idl.vlog [None req-039a3c75-592c-4fe5-b507-ebc9d8d16f58 None None] ssl:162.253.55.204:6642: connected
Apr 06 19:47:52.194559 np0000163584 devstack@neutron-api.service[102332]: DEBUG neutron.common.ovn.hash_ring_manager [None req-a120af5f-b461-49f1-959c-2d6097c02acb None None] Hash Ring loaded. 4 active nodes. 0 offline nodes {{(pid=102332) _load_hash_ring /opt/stack/neutron/neutron/common/ovn/hash_ring_manager.py:102}}
Apr 06 19:47:52.194815 np0000163584 devstack@neutron-api.service[102332]: DEBUG neutron.plugins.ml2.drivers.ovn.mech_driver.ovsdb.ovsdb_monitor [None req-a120af5f-b461-49f1-959c-2d6097c02acb None None] ChassisOVNAgentWriteEvent : Matched Chassis_Private, create, None None {{(pid=102332) matches /opt/stack/neutron/neutron/plugins/ml2/drivers/ovn/mech_driver/ovsdb/ovsdb_monitor.py:64}}
Apr 06 19:47:52.195012 np0000163584 devstack@neutron-api.service[102332]: DEBUG neutron.plugins.ml2.drivers.ovn.mech_driver.ovsdb.ovsdb_monitor [None req-a120af5f-b461-49f1-959c-2d6097c02acb None None] ChassisAgentWriteEvent : Matched Chassis_Private, create, None None {{(pid=102332) matches /opt/stack/neutron/neutron/plugins/ml2/drivers/ovn/mech_driver/ovsdb/ovsdb_monitor.py:64}}
Apr 06 19:47:52.195573 np0000163584 devstack@neutron-api.service[102332]: DEBUG neutron.plugins.ml2.drivers.ovn.mech_driver.ovsdb.ovsdb_monitor [None req-a120af5f-b461-49f1-959c-2d6097c02acb None None] Hash Ring: Node 629b6ebb7f0a579fb7abbefb6e10c7d7 (host: np0000163584) handling event "create" for row bd54c3a1-3b1c-4232-b5a3-d95f2b360a30 (table: Encap) {{(pid=102332) notify /opt/stack/neutron/neutron/plugins/ml2/drivers/ovn/mech_driver/ovsdb/ovsdb_monitor.py:912}}
Apr 06 19:47:52.196301 np0000163584 devstack@neutron-api.service[102334]: DEBUG neutron.common.ovn.hash_ring_manager [None req-fb9e7145-197d-4c44-80d4-fd9a040f2630 None None] Allow caching, nodes 4>=4 {{(pid=102334) _wait_startup_before_caching /opt/stack/neutron/neutron/common/ovn/hash_ring_manager.py:65}}
Apr 06 19:47:52.197748 np0000163584 devstack@neutron-api.service[102332]: INFO neutron.plugins.ml2.drivers.ovn.mech_driver.mech_driver [None req-a120af5f-b461-49f1-959c-2d6097c02acb None None] WorkerService process has finished the post initialization
Apr 06 19:47:52.199325 np0000163584 devstack@neutron-api.service[102332]: WSGI app 0 (mountpoint='') ready in 8 seconds on interpreter 0x7a8a852a3668 pid: 102332 (default app)
Apr 06 19:47:52.204998 np0000163584 devstack@neutron-api.service[102334]: DEBUG neutron.common.ovn.hash_ring_manager [None req-fb9e7145-197d-4c44-80d4-fd9a040f2630 None None] Hash Ring loaded. 4 active nodes. 0 offline nodes {{(pid=102334) _load_hash_ring /opt/stack/neutron/neutron/common/ovn/hash_ring_manager.py:102}}
Apr 06 19:47:52.205400 np0000163584 devstack@neutron-api.service[102334]: DEBUG neutron.plugins.ml2.drivers.ovn.mech_driver.ovsdb.ovsdb_monitor [None req-fb9e7145-197d-4c44-80d4-fd9a040f2630 None None] Hash Ring: Node c45b4196a9795c079ba82bd995e1da69 (host: np0000163584) handling event "create" for row 34502499-d2f1-49da-ba44-75aea3fca4f9 (table: Connection) {{(pid=102334) notify /opt/stack/neutron/neutron/plugins/ml2/drivers/ovn/mech_driver/ovsdb/ovsdb_monitor.py:912}}
Apr 06 19:47:52.206498 np0000163584 devstack@neutron-api.service[102334]: INFO neutron.plugins.ml2.drivers.ovn.mech_driver.ovsdb.impl_idl_ovn [None req-fb9e7145-197d-4c44-80d4-fd9a040f2630 None None] Getting OvsdbSbOvnIdl for WorkerService with retry
Apr 06 19:47:52.224801 np0000163584 devstack@neutron-api.service[102331]: DEBUG neutron.common.ovn.hash_ring_manager [None req-039a3c75-592c-4fe5-b507-ebc9d8d16f58 None None] Allow caching, nodes 4>=4 {{(pid=102331) _wait_startup_before_caching /opt/stack/neutron/neutron/common/ovn/hash_ring_manager.py:65}}
Apr 06 19:47:52.230049 np0000163584 devstack@neutron-api.service[102331]: DEBUG neutron.common.ovn.hash_ring_manager [None req-039a3c75-592c-4fe5-b507-ebc9d8d16f58 None None] Hash Ring loaded. 4 active nodes. 0 offline nodes {{(pid=102331) _load_hash_ring /opt/stack/neutron/neutron/common/ovn/hash_ring_manager.py:102}}
Apr 06 19:47:52.230278 np0000163584 devstack@neutron-api.service[102331]: DEBUG neutron.plugins.ml2.drivers.ovn.mech_driver.ovsdb.ovsdb_monitor [None req-039a3c75-592c-4fe5-b507-ebc9d8d16f58 None None] ChassisAgentWriteEvent : Matched Chassis_Private, create, None None {{(pid=102331) matches /opt/stack/neutron/neutron/plugins/ml2/drivers/ovn/mech_driver/ovsdb/ovsdb_monitor.py:64}}
Apr 06 19:47:52.230501 np0000163584 devstack@neutron-api.service[102331]: DEBUG neutron.plugins.ml2.drivers.ovn.mech_driver.ovsdb.ovsdb_monitor [None req-039a3c75-592c-4fe5-b507-ebc9d8d16f58 None None] ChassisOVNAgentWriteEvent : Matched Chassis_Private, create, None None {{(pid=102331) matches /opt/stack/neutron/neutron/plugins/ml2/drivers/ovn/mech_driver/ovsdb/ovsdb_monitor.py:64}}
Apr 06 19:47:52.233423 np0000163584 devstack@neutron-api.service[102331]: INFO neutron.plugins.ml2.drivers.ovn.mech_driver.mech_driver [None req-039a3c75-592c-4fe5-b507-ebc9d8d16f58 None None] WorkerService process has finished the post initialization
Apr 06 19:47:52.234982 np0000163584 devstack@neutron-api.service[102331]: WSGI app 0 (mountpoint='') ready in 8 seconds on interpreter 0x7a8a852a3668 pid: 102331 (default app)
Apr 06 19:47:52.241126 np0000163584 devstack@neutron-api.service[102334]: DEBUG ovsdbapp.backend.ovs_idl [None req-fb9e7145-197d-4c44-80d4-fd9a040f2630 None None] Created lookup_table index Chassis.name {{(pid=102334) autocreate_indices /opt/stack/data/venv/lib/python3.12/site-packages/ovsdbapp/backend/ovs_idl/__init__.py:87}}
Apr 06 19:47:52.241250 np0000163584 devstack@neutron-api.service[102334]: DEBUG ovsdbapp.backend.ovs_idl [None req-fb9e7145-197d-4c44-80d4-fd9a040f2630 None None] Created lookup_table index Port_Binding.logical_port {{(pid=102334) autocreate_indices /opt/stack/data/venv/lib/python3.12/site-packages/ovsdbapp/backend/ovs_idl/__init__.py:87}}
Apr 06 19:47:52.241314 np0000163584 devstack@neutron-api.service[102334]: DEBUG ovsdbapp.backend.ovs_idl [None req-fb9e7145-197d-4c44-80d4-fd9a040f2630 None None] Created schema index Chassis_Private.name {{(pid=102334) autocreate_indices /opt/stack/data/venv/lib/python3.12/site-packages/ovsdbapp/backend/ovs_idl/__init__.py:106}}
Apr 06 19:47:52.241398 np0000163584 devstack@neutron-api.service[102334]: DEBUG ovsdbapp.backend.ovs_idl [None req-fb9e7145-197d-4c44-80d4-fd9a040f2630 None None] Created schema index Datapath_Binding.tunnel_key {{(pid=102334) autocreate_indices /opt/stack/data/venv/lib/python3.12/site-packages/ovsdbapp/backend/ovs_idl/__init__.py:106}}
Apr 06 19:47:52.243743 np0000163584 devstack@neutron-api.service[102334]: INFO ovsdbapp.backend.ovs_idl.vlog [None req-fb9e7145-197d-4c44-80d4-fd9a040f2630 None None] ssl:162.253.55.204:6642: connecting...
Apr 06 19:47:52.250143 np0000163584 devstack@neutron-api.service[102334]: INFO ovsdbapp.backend.ovs_idl.vlog [None req-fb9e7145-197d-4c44-80d4-fd9a040f2630 None None] ssl:162.253.55.204:6642: connected
Apr 06 19:47:52.279114 np0000163584 devstack@neutron-api.service[102334]: DEBUG neutron.common.ovn.hash_ring_manager [None req-fb9e7145-197d-4c44-80d4-fd9a040f2630 None None] Allow caching, nodes 4>=4 {{(pid=102334) _wait_startup_before_caching /opt/stack/neutron/neutron/common/ovn/hash_ring_manager.py:65}}
Apr 06 19:47:52.286723 np0000163584 devstack@neutron-api.service[102334]: DEBUG neutron.common.ovn.hash_ring_manager [None req-fb9e7145-197d-4c44-80d4-fd9a040f2630 None None] Hash Ring loaded. 4 active nodes. 0 offline nodes {{(pid=102334) _load_hash_ring /opt/stack/neutron/neutron/common/ovn/hash_ring_manager.py:102}}
Apr 06 19:47:52.287144 np0000163584 devstack@neutron-api.service[102334]: DEBUG neutron.plugins.ml2.drivers.ovn.mech_driver.ovsdb.ovsdb_monitor [None req-fb9e7145-197d-4c44-80d4-fd9a040f2630 None None] ChassisAgentWriteEvent : Matched Chassis_Private, create, None None {{(pid=102334) matches /opt/stack/neutron/neutron/plugins/ml2/drivers/ovn/mech_driver/ovsdb/ovsdb_monitor.py:64}}
Apr 06 19:47:52.287513 np0000163584 devstack@neutron-api.service[102334]: DEBUG neutron.plugins.ml2.drivers.ovn.mech_driver.ovsdb.ovsdb_monitor [None req-fb9e7145-197d-4c44-80d4-fd9a040f2630 None None] ChassisOVNAgentWriteEvent : Matched Chassis_Private, create, None None {{(pid=102334) matches /opt/stack/neutron/neutron/plugins/ml2/drivers/ovn/mech_driver/ovsdb/ovsdb_monitor.py:64}}
Apr 06 19:47:52.291025 np0000163584 devstack@neutron-api.service[102334]: INFO neutron.plugins.ml2.drivers.ovn.mech_driver.mech_driver [None req-fb9e7145-197d-4c44-80d4-fd9a040f2630 None None] WorkerService process has finished the post initialization
Apr 06 19:47:52.292628 np0000163584 devstack@neutron-api.service[102334]: WSGI app 0 (mountpoint='') ready in 8 seconds on interpreter 0x7a8a852a3668 pid: 102334 (default app)
Apr 06 19:47:53.520422 np0000163584 devstack@neutron-api.service[102334]: DEBUG neutron.plugins.ml2.drivers.ovn.mech_driver.ovsdb.ovsdb_monitor [-] Hash Ring: Node c45b4196a9795c079ba82bd995e1da69 (host: np0000163584) handling event "update" for row 34502499-d2f1-49da-ba44-75aea3fca4f9 (table: Connection) {{(pid=102334) notify /opt/stack/neutron/neutron/plugins/ml2/drivers/ovn/mech_driver/ovsdb/ovsdb_monitor.py:912}}
Apr 06 19:47:53.525657 np0000163584 devstack@neutron-api.service[102333]: DEBUG neutron.common.ovn.hash_ring_manager [-] Allow caching, nodes 4>=4 {{(pid=102333) _wait_startup_before_caching /opt/stack/neutron/neutron/common/ovn/hash_ring_manager.py:65}}
Apr 06 19:47:53.525998 np0000163584 devstack@neutron-api.service[102333]: DEBUG neutron.plugins.ml2.drivers.ovn.mech_driver.ovsdb.ovsdb_monitor [-] Hash Ring: Node 146d36d989f45290b09f33c0a3e9e95c (host: np0000163584) handling event "update" for row 34502499-d2f1-49da-ba44-75aea3fca4f9 (table: Connection) {{(pid=102333) notify /opt/stack/neutron/neutron/plugins/ml2/drivers/ovn/mech_driver/ovsdb/ovsdb_monitor.py:912}}
Apr 06 19:47:56.021120 np0000163584 devstack@neutron-api.service[102333]: DEBUG neutron.plugins.ml2.drivers.ovn.mech_driver.ovsdb.ovsdb_monitor [-] Hash Ring: Node 146d36d989f45290b09f33c0a3e9e95c (host: np0000163584) handling event "update" for row 34502499-d2f1-49da-ba44-75aea3fca4f9 (table: Connection) {{(pid=102333) notify /opt/stack/neutron/neutron/plugins/ml2/drivers/ovn/mech_driver/ovsdb/ovsdb_monitor.py:912}}
Apr 06 19:47:56.021932 np0000163584 devstack@neutron-api.service[102334]: DEBUG neutron.plugins.ml2.drivers.ovn.mech_driver.ovsdb.ovsdb_monitor [-] Hash Ring: Node c45b4196a9795c079ba82bd995e1da69 (host: np0000163584) handling event "update" for row 34502499-d2f1-49da-ba44-75aea3fca4f9 (table: Connection) {{(pid=102334) notify /opt/stack/neutron/neutron/plugins/ml2/drivers/ovn/mech_driver/ovsdb/ovsdb_monitor.py:912}}
Apr 06 19:47:57.627983 np0000163584 devstack@neutron-api.service[102333]: DEBUG neutron.api.wsgi [None req-556ec260-7a6d-4b3a-9dd2-b801fc3d17ab admin admin] Missing Content-Type {{(pid=102333) get_content_type /opt/stack/neutron/neutron/api/wsgi.py:85}}
Apr 06 19:47:57.627983 np0000163584 devstack@neutron-api.service[102333]: DEBUG neutron.api.wsgi [None req-556ec260-7a6d-4b3a-9dd2-b801fc3d17ab admin admin] https://162.253.55.204/networking/v2.0/extensions returned with HTTP 200 {{(pid=102333) __call__ /opt/stack/neutron/neutron/api/wsgi.py:545}}
Apr 06 19:47:57.628628 np0000163584 devstack@neutron-api.service[102333]: [pid: 102333|app: 0|req: 2/2] 162.253.55.204 () {64 vars in 1323 bytes} [Mon Apr 6 19:47:57 2026] GET /networking/v2.0/extensions => generated 15208 bytes in 410 msecs (HTTP/1.1 200) 4 headers in 159 bytes (1 switches on core 0)
Apr 06 19:47:58.023652 np0000163584 devstack@neutron-api.service[102332]: DEBUG neutron.api.v2.base [None req-ebe1c790-7849-4193-8b39-b99a73c33f69 admin admin] Request body: {'subnetpool': {'prefixes': ['10.1.0.0/20'], 'shared': True, 'is_default': True, 'name': 'shared-default-subnetpool-v4', 'default_prefixlen': 26}} {{(pid=102332) prepare_request_body /opt/stack/neutron/neutron/api/v2/base.py:729}}
Apr 06 19:47:58.238284 np0000163584 devstack@neutron-api.service[102332]: DEBUG neutron.policy [None req-ebe1c790-7849-4193-8b39-b99a73c33f69 admin admin] Loaded default policies from ['neutron'] under neutron.policies entry points {{(pid=102332) register_rules /opt/stack/neutron/neutron/policy.py:65}}
Apr 06 19:47:58.415803 np0000163584 devstack@neutron-api.service[102332]: DEBUG neutron_lib.callbacks.manager [None req-ebe1c790-7849-4193-8b39-b99a73c33f69 admin admin] Publish callbacks ['neutron.objects.securitygroup.RbacNeutronDbObjectMixin.validate_rbac_policy_change-2312586969679', 'neutron.objects.address_group.RbacNeutronDbObjectMixin.validate_rbac_policy_change-2312586962918', 'neutron.objects.network.RbacNeutronDbObjectMixin.validate_rbac_policy_change-2312587097796', 'neutron.objects.qos.policy.RbacNeutronDbObjectMixin.validate_rbac_policy_change-2312587068222', 'neutron.objects.subnetpool.RbacNeutronDbObjectMixin.validate_rbac_policy_change-2312587065214', 'neutron.objects.address_scope.RbacNeutronDbObjectMixin.validate_rbac_policy_change-2312586775378', 'neutron.plugins.ml2.plugin.External_net_db_mixin._process_ext_policy_create-904006', 'neutron.plugins.ml2.plugin.NeutronDbPluginV2.validate_network_rbac_policy_change-910162'] for rbac-policy (None), before_create {{(pid=102332) _notify_loop /opt/stack/data/venv/lib/python3.12/site-packages/neutron_lib/callbacks/manager.py:184}}
Apr 06 19:47:58.461636 np0000163584 devstack@neutron-api.service[102332]: DEBUG neutron_lib.callbacks.manager [None req-ebe1c790-7849-4193-8b39-b99a73c33f69 admin admin] Publish callbacks [] for subnetpool (None), before_response {{(pid=102332) _notify_loop /opt/stack/data/venv/lib/python3.12/site-packages/neutron_lib/callbacks/manager.py:184}}
Apr 06 19:47:58.462301 np0000163584 devstack@neutron-api.service[102332]: [pid: 102332|app: 0|req: 1/3] 162.253.55.204 () {68 vars in 1367 bytes} [Mon Apr 6 19:47:57 2026] POST /networking/v2.0/subnetpools => generated 533 bytes in 542 msecs (HTTP/1.1 201) 4 headers in 162 bytes (1 switches on core 0)
Apr 06 19:47:58.779510 np0000163584 devstack@neutron-api.service[102331]: DEBUG neutron.api.v2.base [None req-b22407cf-e655-4da0-8fb7-5e7d5e2183bf admin admin] Request body: {'subnetpool': {'prefixes': ['fd35:aca2:2122::/56'], 'shared': True, 'is_default': True, 'name': 'shared-default-subnetpool-v6', 'default_prefixlen': 64}} {{(pid=102331) prepare_request_body /opt/stack/neutron/neutron/api/v2/base.py:729}}
Apr 06 19:47:58.954143 np0000163584 devstack@neutron-api.service[102331]: DEBUG neutron.policy [None req-b22407cf-e655-4da0-8fb7-5e7d5e2183bf admin admin] Loaded default policies from ['neutron'] under neutron.policies entry points {{(pid=102331) register_rules /opt/stack/neutron/neutron/policy.py:65}}
Apr 06 19:47:59.109947 np0000163584 devstack@neutron-api.service[102331]: DEBUG neutron_lib.callbacks.manager [None req-b22407cf-e655-4da0-8fb7-5e7d5e2183bf admin admin] Publish callbacks ['neutron.objects.securitygroup.RbacNeutronDbObjectMixin.validate_rbac_policy_change-2312587103358', 'neutron.objects.address_group.RbacNeutronDbObjectMixin.validate_rbac_policy_change-2312586962140', 'neutron.objects.network.RbacNeutronDbObjectMixin.validate_rbac_policy_change-2312587097598', 'neutron.objects.qos.policy.RbacNeutronDbObjectMixin.validate_rbac_policy_change-2312587070084', 'neutron.objects.subnetpool.RbacNeutronDbObjectMixin.validate_rbac_policy_change-2312587059743', 'neutron.objects.address_scope.RbacNeutronDbObjectMixin.validate_rbac_policy_change-2312587066600', 'neutron.plugins.ml2.plugin.External_net_db_mixin._process_ext_policy_create-1845152', 'neutron.plugins.ml2.plugin.NeutronDbPluginV2.validate_network_rbac_policy_change-1847868'] for rbac-policy (None), before_create {{(pid=102331) _notify_loop /opt/stack/data/venv/lib/python3.12/site-packages/neutron_lib/callbacks/manager.py:184}}
Apr 06 19:47:59.158090 np0000163584 devstack@neutron-api.service[102331]: DEBUG neutron_lib.callbacks.manager [None req-b22407cf-e655-4da0-8fb7-5e7d5e2183bf admin admin] Publish callbacks [] for subnetpool (None), before_response {{(pid=102331) _notify_loop /opt/stack/data/venv/lib/python3.12/site-packages/neutron_lib/callbacks/manager.py:184}}
Apr 06 19:47:59.158593 np0000163584 devstack@neutron-api.service[102331]: [pid: 102331|app: 0|req: 1/4] 162.253.55.204 () {68 vars in 1367 bytes} [Mon Apr 6 19:47:58 2026] POST /networking/v2.0/subnetpools => generated 543 bytes in 486 msecs (HTTP/1.1 201) 4 headers in 162 bytes (1 switches on core 0)
Apr 06 19:47:59.585415 np0000163584 devstack@neutron-api.service[102334]: DEBUG neutron.api.v2.base [None req-af0dbe3f-6843-4ef8-9035-5e8ed3ae1244 admin admin] Request body: {'network': {'admin_state_up': True, 'name': 'private'}} {{(pid=102334) prepare_request_body /opt/stack/neutron/neutron/api/v2/base.py:729}}
Apr 06 19:47:59.609614 np0000163584 devstack@neutron-api.service[102334]: DEBUG neutron.pecan_wsgi.hooks.quota_enforcement [None req-af0dbe3f-6843-4ef8-9035-5e8ed3ae1244 admin admin] Made reservation on behalf of 102270d52bf24746a283dd1b1d0e1de0 for: {'network': 1} {{(pid=102334) before /opt/stack/neutron/neutron/pecan_wsgi/hooks/quota_enforcement.py:66}}
Apr 06 19:47:59.784439 np0000163584 devstack@neutron-api.service[102334]: DEBUG neutron.policy [None req-af0dbe3f-6843-4ef8-9035-5e8ed3ae1244 admin admin] Loaded default policies from ['neutron'] under neutron.policies entry points {{(pid=102334) register_rules /opt/stack/neutron/neutron/policy.py:65}}
Apr 06 19:47:59.887165 np0000163584 devstack@neutron-api.service[102334]: DEBUG neutron_lib.callbacks.manager [None req-af0dbe3f-6843-4ef8-9035-5e8ed3ae1244 admin admin] Publish callbacks ['neutron.plugins.ml2.plugin.SecurityGroupDbMixin._ensure_default_security_group_handler-2073685'] for network (None), before_create {{(pid=102334) _notify_loop /opt/stack/data/venv/lib/python3.12/site-packages/neutron_lib/callbacks/manager.py:184}}
Apr 06 19:47:59.907622 np0000163584 devstack@neutron-api.service[102334]: DEBUG neutron_lib.callbacks.manager [None req-af0dbe3f-6843-4ef8-9035-5e8ed3ae1244 admin admin] Publish callbacks [] for security_group (None), before_create {{(pid=102334) _notify_loop /opt/stack/data/venv/lib/python3.12/site-packages/neutron_lib/callbacks/manager.py:184}}
Apr 06 19:48:00.016916 np0000163584 devstack@neutron-api.service[102334]: DEBUG neutron_lib.callbacks.manager [None req-af0dbe3f-6843-4ef8-9035-5e8ed3ae1244 admin admin] Publish callbacks ['neutron.plugins.ml2.drivers.ovn.mech_driver.mech_driver.OVNMechanismDriver._create_security_group_precommit-337892'] for security_group (4ead4ba2-8d45-4e57-9c25-f0f7d59c314a), precommit_create {{(pid=102334) _notify_loop /opt/stack/data/venv/lib/python3.12/site-packages/neutron_lib/callbacks/manager.py:184}}
Apr 06 19:48:00.017140 np0000163584 devstack@neutron-api.service[102334]: DEBUG neutron.db.ovn_revision_numbers_db [None req-af0dbe3f-6843-4ef8-9035-5e8ed3ae1244 admin admin] create_initial_revision uuid=4ead4ba2-8d45-4e57-9c25-f0f7d59c314a, type=security_groups, rev=-1 {{(pid=102334) create_initial_revision /opt/stack/neutron/neutron/db/ovn_revision_numbers_db.py:98}}
Apr 06 19:48:00.019207 np0000163584 devstack@neutron-api.service[102334]: DEBUG neutron.db.ovn_revision_numbers_db [None req-af0dbe3f-6843-4ef8-9035-5e8ed3ae1244 admin admin] create_initial_revision uuid=4513d14b-2ac7-485a-bad0-51769d233a19, type=security_group_rules, rev=-1 {{(pid=102334) create_initial_revision /opt/stack/neutron/neutron/db/ovn_revision_numbers_db.py:98}}
Apr 06 19:48:00.020360 np0000163584 devstack@neutron-api.service[102334]: DEBUG neutron.db.ovn_revision_numbers_db [None req-af0dbe3f-6843-4ef8-9035-5e8ed3ae1244 admin admin] create_initial_revision uuid=583c1f1d-dad0-4683-8223-873abef675bb, type=security_group_rules, rev=-1 {{(pid=102334) create_initial_revision /opt/stack/neutron/neutron/db/ovn_revision_numbers_db.py:98}}
Apr 06 19:48:00.021399 np0000163584 devstack@neutron-api.service[102334]: DEBUG neutron.db.ovn_revision_numbers_db [None req-af0dbe3f-6843-4ef8-9035-5e8ed3ae1244 admin admin] create_initial_revision uuid=f42c5bb9-a055-46e1-b526-c349a36da3f3, type=security_group_rules, rev=-1 {{(pid=102334) create_initial_revision /opt/stack/neutron/neutron/db/ovn_revision_numbers_db.py:98}}
Apr 06 19:48:00.022344 np0000163584 devstack@neutron-api.service[102334]: DEBUG neutron.db.ovn_revision_numbers_db [None req-af0dbe3f-6843-4ef8-9035-5e8ed3ae1244 admin admin] create_initial_revision uuid=f6a4f1db-a320-450d-9bf4-32a0c6ae7795, type=security_group_rules, rev=-1 {{(pid=102334) create_initial_revision /opt/stack/neutron/neutron/db/ovn_revision_numbers_db.py:98}}
Apr 06 19:48:00.029322 np0000163584 devstack@neutron-api.service[102334]: DEBUG neutron_lib.callbacks.manager [None req-af0dbe3f-6843-4ef8-9035-5e8ed3ae1244 admin admin] Publish callbacks ['neutron.plugins.ml2.drivers.ovn.mech_driver.mech_driver.OVNMechanismDriver._create_security_group-337906', 'neutron.plugins.ml2.ovo_rpc._ObjectChangeHandler.handle_event-2766475'] for security_group (4ead4ba2-8d45-4e57-9c25-f0f7d59c314a), after_create {{(pid=102334) _notify_loop /opt/stack/data/venv/lib/python3.12/site-packages/neutron_lib/callbacks/manager.py:184}}
Apr 06 19:48:00.029530 np0000163584 devstack@neutron-api.service[102334]: INFO neutron.plugins.ml2.drivers.ovn.mech_driver.ovsdb.extensions.qos [None req-af0dbe3f-6843-4ef8-9035-5e8ed3ae1244 admin admin] Starting OVNClientQosExtension
Apr 06 19:48:00.029678 np0000163584 devstack@neutron-api.service[102334]: INFO neutron.plugins.ml2.drivers.ovn.mech_driver.ovsdb.extensions.placement [None req-af0dbe3f-6843-4ef8-9035-5e8ed3ae1244 admin admin] Starting OVNClientPlacementExtension
Apr 06 19:48:00.031056 np0000163584 devstack@neutron-api.service[102334]: DEBUG ovsdbapp.backend.ovs_idl.transaction [-] Running txn n=1 command(idx=0): PgAddCommand(_result=None, name=pg_4ead4ba2_8d45_4e57_9c25_f0f7d59c314a, may_exist=False, columns={'acls': [], 'external_ids': {'neutron:security_group_id': '4ead4ba2-8d45-4e57-9c25-f0f7d59c314a'}}) {{(pid=102334) do_commit /opt/stack/data/venv/lib/python3.12/site-packages/ovsdbapp/backend/ovs_idl/transaction.py:89}}
Apr 06 19:48:00.033229 np0000163584 devstack@neutron-api.service[102334]: DEBUG ovsdbapp.backend.ovs_idl.transaction [-] Running txn n=1 command(idx=1): PgAclAddCommand(_result=None, entity=pg_4ead4ba2_8d45_4e57_9c25_f0f7d59c314a, direction=to-lport, priority=1002, match=outport == @pg_4ead4ba2_8d45_4e57_9c25_f0f7d59c314a && ip4 && ip4.src == $pg_4ead4ba2_8d45_4e57_9c25_f0f7d59c314a_ip4, action=allow-related, log=False, may_exist=True, severity=[], name=[], meter=[], external_ids={'neutron:security_group_rule_id': '4513d14b-2ac7-485a-bad0-51769d233a19'}) {{(pid=102334) do_commit /opt/stack/data/venv/lib/python3.12/site-packages/ovsdbapp/backend/ovs_idl/transaction.py:89}}
Apr 06 19:48:00.033854 np0000163584 devstack@neutron-api.service[102334]: DEBUG ovsdbapp.backend.ovs_idl.transaction [-] Running txn n=1 command(idx=2): PgAclAddCommand(_result=None, entity=pg_4ead4ba2_8d45_4e57_9c25_f0f7d59c314a, direction=from-lport, priority=1002, match=inport == @pg_4ead4ba2_8d45_4e57_9c25_f0f7d59c314a && ip6, action=allow-related, log=False, may_exist=True, severity=[], name=[], meter=[], external_ids={'neutron:security_group_rule_id': '583c1f1d-dad0-4683-8223-873abef675bb'}) {{(pid=102334) do_commit /opt/stack/data/venv/lib/python3.12/site-packages/ovsdbapp/backend/ovs_idl/transaction.py:89}}
Apr 06 19:48:00.034410 np0000163584 devstack@neutron-api.service[102334]: DEBUG ovsdbapp.backend.ovs_idl.transaction [-] Running txn n=1 command(idx=3): PgAclAddCommand(_result=None, entity=pg_4ead4ba2_8d45_4e57_9c25_f0f7d59c314a, direction=from-lport, priority=1002, match=inport == @pg_4ead4ba2_8d45_4e57_9c25_f0f7d59c314a && ip4, action=allow-related, log=False, may_exist=True, severity=[], name=[], meter=[], external_ids={'neutron:security_group_rule_id': 'f42c5bb9-a055-46e1-b526-c349a36da3f3'}) {{(pid=102334) do_commit /opt/stack/data/venv/lib/python3.12/site-packages/ovsdbapp/backend/ovs_idl/transaction.py:89}}
Apr 06 19:48:00.035016 np0000163584 devstack@neutron-api.service[102334]: DEBUG ovsdbapp.backend.ovs_idl.transaction [-] Running txn n=1 command(idx=4): PgAclAddCommand(_result=None, entity=pg_4ead4ba2_8d45_4e57_9c25_f0f7d59c314a, direction=to-lport, priority=1002, match=outport == @pg_4ead4ba2_8d45_4e57_9c25_f0f7d59c314a && ip6 && ip6.src == $pg_4ead4ba2_8d45_4e57_9c25_f0f7d59c314a_ip6, action=allow-related, log=False, may_exist=True, severity=[], name=[], meter=[], external_ids={'neutron:security_group_rule_id': 'f6a4f1db-a320-450d-9bf4-32a0c6ae7795'}) {{(pid=102334) do_commit /opt/stack/data/venv/lib/python3.12/site-packages/ovsdbapp/backend/ovs_idl/transaction.py:89}}
Apr 06 19:48:00.041068 np0000163584 devstack@neutron-api.service[102334]: DEBUG neutron.plugins.ml2.drivers.ovn.mech_driver.ovsdb.ovsdb_monitor [-] Hash Ring: Node c45b4196a9795c079ba82bd995e1da69 (host: np0000163584) handling event "create" for row 3c391aeb-a598-4001-9084-1f160aee2ea7 (table: ACL) {{(pid=102334) notify /opt/stack/neutron/neutron/plugins/ml2/drivers/ovn/mech_driver/ovsdb/ovsdb_monitor.py:912}}
Apr 06 19:48:00.041231 np0000163584 devstack@neutron-api.service[102334]: DEBUG neutron.plugins.ml2.drivers.ovn.mech_driver.ovsdb.ovsdb_monitor [-] Hash Ring: Node c45b4196a9795c079ba82bd995e1da69 (host: np0000163584) handling event "create" for row 484e658a-9fb5-4316-8700-73ee9146c87a (table: ACL) {{(pid=102334) notify /opt/stack/neutron/neutron/plugins/ml2/drivers/ovn/mech_driver/ovsdb/ovsdb_monitor.py:912}}
Apr 06 19:48:00.043548 np0000163584 devstack@neutron-api.service[102333]: DEBUG neutron.plugins.ml2.drivers.ovn.mech_driver.ovsdb.ovsdb_monitor [-] Hash Ring: Node 146d36d989f45290b09f33c0a3e9e95c (host: np0000163584) handling event "create" for row 3c391aeb-a598-4001-9084-1f160aee2ea7 (table: ACL) {{(pid=102333) notify /opt/stack/neutron/neutron/plugins/ml2/drivers/ovn/mech_driver/ovsdb/ovsdb_monitor.py:912}}
Apr 06 19:48:00.043874 np0000163584 devstack@neutron-api.service[102333]: DEBUG neutron.plugins.ml2.drivers.ovn.mech_driver.ovsdb.ovsdb_monitor [-] Hash Ring: Node 146d36d989f45290b09f33c0a3e9e95c (host: np0000163584) handling event "create" for row 484e658a-9fb5-4316-8700-73ee9146c87a (table: ACL) {{(pid=102333) notify /opt/stack/neutron/neutron/plugins/ml2/drivers/ovn/mech_driver/ovsdb/ovsdb_monitor.py:912}}
Apr 06 19:48:00.044484 np0000163584 devstack@neutron-api.service[102333]: DEBUG neutron.plugins.ml2.drivers.ovn.mech_driver.ovsdb.ovsdb_monitor [-] Hash Ring: Node 146d36d989f45290b09f33c0a3e9e95c (host: np0000163584) handling event "create" for row 64e60e29-f515-423f-b3a7-87128662fdb4 (table: ACL) {{(pid=102333) notify /opt/stack/neutron/neutron/plugins/ml2/drivers/ovn/mech_driver/ovsdb/ovsdb_monitor.py:912}}
Apr 06 19:48:00.044484 np0000163584 devstack@neutron-api.service[102333]: DEBUG neutron.plugins.ml2.drivers.ovn.mech_driver.ovsdb.ovsdb_monitor [-] Hash Ring: Node 146d36d989f45290b09f33c0a3e9e95c (host: np0000163584) handling event "create" for row 7604e9ee-4e1a-4389-bbaa-f266d62e1374 (table: ACL) {{(pid=102333) notify /opt/stack/neutron/neutron/plugins/ml2/drivers/ovn/mech_driver/ovsdb/ovsdb_monitor.py:912}}
Apr 06 19:48:00.044798 np0000163584 devstack@neutron-api.service[102333]: DEBUG neutron.plugins.ml2.drivers.ovn.mech_driver.ovsdb.ovsdb_monitor [-] Hash Ring: Node 146d36d989f45290b09f33c0a3e9e95c (host: np0000163584) handling event "create" for row ec284d94-67c5-4b01-b03e-1a47b84f0c6f (table: Port_Group) {{(pid=102333) notify /opt/stack/neutron/neutron/plugins/ml2/drivers/ovn/mech_driver/ovsdb/ovsdb_monitor.py:912}}
Apr 06 19:48:00.044868 np0000163584 devstack@neutron-api.service[102332]: DEBUG neutron.plugins.ml2.drivers.ovn.mech_driver.ovsdb.ovsdb_monitor [-] Hash Ring: Node 629b6ebb7f0a579fb7abbefb6e10c7d7 (host: np0000163584) handling event "create" for row 7604e9ee-4e1a-4389-bbaa-f266d62e1374 (table: ACL) {{(pid=102332) notify /opt/stack/neutron/neutron/plugins/ml2/drivers/ovn/mech_driver/ovsdb/ovsdb_monitor.py:912}}
Apr 06 19:48:00.072926 np0000163584 devstack@neutron-api.service[102334]: INFO neutron.db.ovn_revision_numbers_db [None req-af0dbe3f-6843-4ef8-9035-5e8ed3ae1244 admin admin] Successfully bumped revision number for resource 4ead4ba2-8d45-4e57-9c25-f0f7d59c314a (type: security_groups) to 1
Apr 06 19:48:00.090823 np0000163584 devstack@neutron-api.service[102334]: INFO neutron.db.ovn_revision_numbers_db [None req-af0dbe3f-6843-4ef8-9035-5e8ed3ae1244 admin admin] Successfully bumped revision number for resource 4513d14b-2ac7-485a-bad0-51769d233a19 (type: security_group_rules) to 0
Apr 06 19:48:00.106863 np0000163584 devstack@neutron-api.service[102334]: INFO neutron.db.ovn_revision_numbers_db [None req-af0dbe3f-6843-4ef8-9035-5e8ed3ae1244 admin admin] Successfully bumped revision number for resource 583c1f1d-dad0-4683-8223-873abef675bb (type: security_group_rules) to 0
Apr 06 19:48:00.123143 np0000163584 devstack@neutron-api.service[102334]: INFO neutron.db.ovn_revision_numbers_db [None req-af0dbe3f-6843-4ef8-9035-5e8ed3ae1244 admin admin] Successfully bumped revision number for resource f42c5bb9-a055-46e1-b526-c349a36da3f3 (type: security_group_rules) to 0
Apr 06 19:48:00.135951 np0000163584 devstack@neutron-api.service[102334]: INFO neutron.db.ovn_revision_numbers_db [None req-af0dbe3f-6843-4ef8-9035-5e8ed3ae1244 admin admin] Successfully bumped revision number for resource f6a4f1db-a320-450d-9bf4-32a0c6ae7795 (type: security_group_rules) to 0
Apr 06 19:48:00.163212 np0000163584 devstack@neutron-api.service[102334]: DEBUG neutron.api.rpc.handlers.resources_rpc [None req-af0dbe3f-6843-4ef8-9035-5e8ed3ae1244 admin admin] Pushing event updated for resources: {'SecurityGroup': ['ID=4ead4ba2-8d45-4e57-9c25-f0f7d59c314a,revision_number=1']} {{(pid=102334) push /opt/stack/neutron/neutron/api/rpc/handlers/resources_rpc.py:237}}
Apr 06 19:48:00.171812 np0000163584 devstack@neutron-api.service[102334]: DEBUG ovsdbapp.backend.ovs_idl.transaction [-] Running txn n=1 command(idx=0): CheckLivenessCommand(_result=None) {{(pid=102334) do_commit /opt/stack/data/venv/lib/python3.12/site-packages/ovsdbapp/backend/ovs_idl/transaction.py:89}}
Apr 06 19:48:00.175309 np0000163584 devstack@neutron-api.service[102333]: DEBUG neutron.plugins.ml2.drivers.ovn.mech_driver.ovsdb.ovsdb_monitor [-] Hash Ring: Node 146d36d989f45290b09f33c0a3e9e95c (host: np0000163584) handling event "update" for row 959080d5-8b04-4b17-8052-12ac41150be2 (table: NB_Global) {{(pid=102333) notify /opt/stack/neutron/neutron/plugins/ml2/drivers/ovn/mech_driver/ovsdb/ovsdb_monitor.py:912}}
Apr 06 19:48:00.175919 np0000163584 devstack@neutron-api.service[102333]: DEBUG neutron.plugins.ml2.drivers.ovn.mech_driver.ovsdb.ovsdb_monitor [-] Hash Ring: Node 146d36d989f45290b09f33c0a3e9e95c (host: np0000163584) handling event "update" for row 959080d5-8b04-4b17-8052-12ac41150be2 (table: NB_Global) {{(pid=102333) notify /opt/stack/neutron/neutron/plugins/ml2/drivers/ovn/mech_driver/ovsdb/ovsdb_monitor.py:912}}
Apr 06 19:48:00.176141 np0000163584 devstack@neutron-api.service[102332]: DEBUG neutron.plugins.ml2.drivers.ovn.mech_driver.ovsdb.ovsdb_monitor [-] Hash Ring: Node 629b6ebb7f0a579fb7abbefb6e10c7d7 (host: np0000163584) handling event "update" for row 959080d5-8b04-4b17-8052-12ac41150be2 (table: NB_Global) {{(pid=102332) notify /opt/stack/neutron/neutron/plugins/ml2/drivers/ovn/mech_driver/ovsdb/ovsdb_monitor.py:912}}
Apr 06 19:48:00.177094 np0000163584 devstack@neutron-api.service[102333]: DEBUG neutron.plugins.ml2.drivers.ovn.mech_driver.ovsdb.ovsdb_monitor [-] Hash Ring: Node 146d36d989f45290b09f33c0a3e9e95c (host: np0000163584) handling event "update" for row 959080d5-8b04-4b17-8052-12ac41150be2 (table: NB_Global) {{(pid=102333) notify /opt/stack/neutron/neutron/plugins/ml2/drivers/ovn/mech_driver/ovsdb/ovsdb_monitor.py:912}}
Apr 06 19:48:00.178024 np0000163584 devstack@neutron-api.service[102332]: DEBUG neutron.plugins.ml2.drivers.ovn.mech_driver.ovsdb.ovsdb_monitor [-] Hash Ring: Node 629b6ebb7f0a579fb7abbefb6e10c7d7 (host: np0000163584) handling event "update" for row 959080d5-8b04-4b17-8052-12ac41150be2 (table: NB_Global) {{(pid=102332) notify /opt/stack/neutron/neutron/plugins/ml2/drivers/ovn/mech_driver/ovsdb/ovsdb_monitor.py:912}}
Apr 06 19:48:00.179459 np0000163584 devstack@neutron-api.service[102332]: DEBUG neutron.plugins.ml2.drivers.ovn.mech_driver.ovsdb.ovsdb_monitor [-] Hash Ring: Node 629b6ebb7f0a579fb7abbefb6e10c7d7 (host: np0000163584) handling event "update" for row 959080d5-8b04-4b17-8052-12ac41150be2 (table: NB_Global) {{(pid=102332) notify /opt/stack/neutron/neutron/plugins/ml2/drivers/ovn/mech_driver/ovsdb/ovsdb_monitor.py:912}}
Apr 06 19:48:00.180224 np0000163584 devstack@neutron-api.service[102333]: DEBUG neutron.plugins.ml2.drivers.ovn.mech_driver.ovsdb.ovsdb_monitor [-] ChassisAgentWriteEvent : Matched Chassis_Private, update, None None {{(pid=102333) matches /opt/stack/neutron/neutron/plugins/ml2/drivers/ovn/mech_driver/ovsdb/ovsdb_monitor.py:64}}
Apr 06 19:48:00.180881 np0000163584 devstack@neutron-api.service[102331]: DEBUG neutron.plugins.ml2.drivers.ovn.mech_driver.ovsdb.ovsdb_monitor [-] ChassisAgentWriteEvent : Matched Chassis_Private, update, None None {{(pid=102331) matches /opt/stack/neutron/neutron/plugins/ml2/drivers/ovn/mech_driver/ovsdb/ovsdb_monitor.py:64}}
Apr 06 19:48:00.181137 np0000163584 devstack@neutron-api.service[102332]: DEBUG neutron.plugins.ml2.drivers.ovn.mech_driver.ovsdb.ovsdb_monitor [-] ChassisAgentWriteEvent : Matched Chassis_Private, update, None None {{(pid=102332) matches /opt/stack/neutron/neutron/plugins/ml2/drivers/ovn/mech_driver/ovsdb/ovsdb_monitor.py:64}}
Apr 06 19:48:00.181500 np0000163584 devstack@neutron-api.service[102334]: DEBUG neutron.api.rpc.callbacks.version_manager [None req-af0dbe3f-6843-4ef8-9035-5e8ed3ae1244 admin admin] Tracked resource versions report:
Apr 06 19:48:00.181500 np0000163584 devstack@neutron-api.service[102334]: pushed versions:
Apr 06 19:48:00.181500 np0000163584 devstack@neutron-api.service[102334]: { 'AddressGroup': {'1.2'},
Apr 06 19:48:00.181500 np0000163584 devstack@neutron-api.service[102334]: 'Agent': {'1.1'},
Apr 06 19:48:00.181500 np0000163584 devstack@neutron-api.service[102334]: 'ConntrackHelper': {'1.0'},
Apr 06 19:48:00.181500 np0000163584 devstack@neutron-api.service[102334]: 'LocalIPAssociation': {'1.0'},
Apr 06 19:48:00.181500 np0000163584 devstack@neutron-api.service[102334]: 'Log': {'1.0'},
Apr 06 19:48:00.181500 np0000163584 devstack@neutron-api.service[102334]: 'NDPProxy': {'1.0'},
Apr 06 19:48:00.181500 np0000163584 devstack@neutron-api.service[102334]: 'Network': {'1.2'},
Apr 06 19:48:00.181500 np0000163584 devstack@neutron-api.service[102334]: 'Port': {'1.10'},
Apr 06 19:48:00.181500 np0000163584 devstack@neutron-api.service[102334]: 'PortForwarding': {'1.3'},
Apr 06 19:48:00.181500 np0000163584 devstack@neutron-api.service[102334]: 'QosPolicy': {'1.10'},
Apr 06 19:48:00.181500 np0000163584 devstack@neutron-api.service[102334]: 'SecurityGroup': {'1.6'},
Apr 06 19:48:00.181500 np0000163584 devstack@neutron-api.service[102334]: 'SecurityGroupRule': {'1.3'},
Apr 06 19:48:00.181500 np0000163584 devstack@neutron-api.service[102334]: 'SubPort': {'1.0'},
Apr 06 19:48:00.181500 np0000163584 devstack@neutron-api.service[102334]: 'Subnet': {'1.2'},
Apr 06 19:48:00.181500 np0000163584 devstack@neutron-api.service[102334]: 'Trunk': {'1.1'}}
Apr 06 19:48:00.181500 np0000163584 devstack@neutron-api.service[102334]: consumer versions:
Apr 06 19:48:00.181500 np0000163584 devstack@neutron-api.service[102334]: {}
Apr 06 19:48:00.181500 np0000163584 devstack@neutron-api.service[102334]: {{(pid=102334) report /opt/stack/neutron/neutron/api/rpc/callbacks/version_manager.py:183}}
Apr 06 19:48:00.185029 np0000163584 devstack@neutron-api.service[102332]: DEBUG neutron.plugins.ml2.drivers.ovn.mech_driver.ovsdb.ovsdb_monitor [-] Hash Ring: Node 629b6ebb7f0a579fb7abbefb6e10c7d7 (host: np0000163584) handling event "update" for row 959080d5-8b04-4b17-8052-12ac41150be2 (table: NB_Global) {{(pid=102332) notify /opt/stack/neutron/neutron/plugins/ml2/drivers/ovn/mech_driver/ovsdb/ovsdb_monitor.py:912}}
Apr 06 19:48:00.187224 np0000163584 devstack@neutron-api.service[102334]: DEBUG neutron.plugins.ml2.drivers.ovn.mech_driver.ovsdb.ovsdb_monitor [-] ChassisAgentWriteEvent : Matched Chassis_Private, update, None None {{(pid=102334) matches /opt/stack/neutron/neutron/plugins/ml2/drivers/ovn/mech_driver/ovsdb/ovsdb_monitor.py:64}}
Apr 06 19:48:00.187474 np0000163584 devstack@neutron-api.service[102331]: DEBUG neutron.plugins.ml2.drivers.ovn.mech_driver.ovsdb.ovsdb_monitor [-] ChassisOVNAgentWriteEvent : Matched Chassis_Private, update, None None {{(pid=102331) matches /opt/stack/neutron/neutron/plugins/ml2/drivers/ovn/mech_driver/ovsdb/ovsdb_monitor.py:64}}
Apr 06 19:48:00.187938 np0000163584 devstack@neutron-api.service[102333]: DEBUG neutron.plugins.ml2.drivers.ovn.mech_driver.ovsdb.ovsdb_monitor [-] Hash Ring: Node 146d36d989f45290b09f33c0a3e9e95c (host: np0000163584) handling event "update" for row 959080d5-8b04-4b17-8052-12ac41150be2 (table: NB_Global) {{(pid=102333) notify /opt/stack/neutron/neutron/plugins/ml2/drivers/ovn/mech_driver/ovsdb/ovsdb_monitor.py:912}}
Apr 06 19:48:00.188198 np0000163584 devstack@neutron-api.service[102332]: DEBUG neutron.plugins.ml2.drivers.ovn.mech_driver.ovsdb.ovsdb_monitor [-] ChassisOVNAgentWriteEvent : Matched Chassis_Private, update, None None {{(pid=102332) matches /opt/stack/neutron/neutron/plugins/ml2/drivers/ovn/mech_driver/ovsdb/ovsdb_monitor.py:64}}
Apr 06 19:48:00.190288 np0000163584 devstack@neutron-api.service[102334]: DEBUG neutron.plugins.ml2.drivers.ovn.mech_driver.ovsdb.ovsdb_monitor [-] ChassisOVNAgentWriteEvent : Matched Chassis_Private, update, None None {{(pid=102334) matches /opt/stack/neutron/neutron/plugins/ml2/drivers/ovn/mech_driver/ovsdb/ovsdb_monitor.py:64}}
Apr 06 19:48:00.190432 np0000163584 devstack@neutron-api.service[102333]: DEBUG neutron.common.ovn.hash_ring_manager [-] Allow caching, nodes 4>=4 {{(pid=102333) _wait_startup_before_caching /opt/stack/neutron/neutron/common/ovn/hash_ring_manager.py:65}}
Apr 06 19:48:00.190580 np0000163584 devstack@neutron-api.service[102333]: DEBUG neutron.plugins.ml2.drivers.ovn.mech_driver.ovsdb.ovsdb_monitor [-] Hash Ring: Node 146d36d989f45290b09f33c0a3e9e95c (host: np0000163584) handling event "update" for row e833bb6f-6cc5-4b5b-ba6c-f34d99c7a6d6 (table: Chassis_Private) {{(pid=102333) notify /opt/stack/neutron/neutron/plugins/ml2/drivers/ovn/mech_driver/ovsdb/ovsdb_monitor.py:912}}
Apr 06 19:48:00.191803 np0000163584 devstack@neutron-api.service[102333]: DEBUG neutron.plugins.ml2.drivers.ovn.mech_driver.ovsdb.ovsdb_monitor [-] ChassisOVNAgentWriteEvent : Matched Chassis_Private, update, None None {{(pid=102333) matches /opt/stack/neutron/neutron/plugins/ml2/drivers/ovn/mech_driver/ovsdb/ovsdb_monitor.py:64}}
Apr 06 19:48:00.192226 np0000163584 devstack@neutron-api.service[102333]: DEBUG neutron.plugins.ml2.drivers.ovn.mech_driver.ovsdb.ovsdb_monitor [-] Hash Ring: Node 146d36d989f45290b09f33c0a3e9e95c (host: np0000163584) handling event "update" for row e833bb6f-6cc5-4b5b-ba6c-f34d99c7a6d6 (table: Chassis_Private) {{(pid=102333) notify /opt/stack/neutron/neutron/plugins/ml2/drivers/ovn/mech_driver/ovsdb/ovsdb_monitor.py:912}}
Apr 06 19:48:00.243410 np0000163584 devstack@neutron-api.service[102334]: DEBUG neutron.plugins.ml2.drivers.helpers [None req-af0dbe3f-6843-4ef8-9035-5e8ed3ae1244 admin admin] geneve segment allocate from pool success with {'geneve_vni': 52315} {{(pid=102334) allocate_partially_specified_segment /opt/stack/neutron/neutron/plugins/ml2/drivers/helpers.py:142}}
Apr 06 19:48:00.253857 np0000163584 devstack@neutron-api.service[102334]: DEBUG neutron_lib.callbacks.manager [None req-af0dbe3f-6843-4ef8-9035-5e8ed3ae1244 admin admin] Publish callbacks ['neutron.services.segments.db._add_segment_host_mapping_for_segment-8420952863004', 'neutron.plugins.ml2.plugin.Ml2Plugin._handle_segment_change-1301161'] for segment (413db826-8a82-4cd0-a885-f0f777e08534), precommit_create {{(pid=102334) _notify_loop /opt/stack/data/venv/lib/python3.12/site-packages/neutron_lib/callbacks/manager.py:184}}
Apr 06 19:48:00.254041 np0000163584 devstack@neutron-api.service[102334]: INFO neutron.db.segments_db [None req-af0dbe3f-6843-4ef8-9035-5e8ed3ae1244 admin admin] Added segment 413db826-8a82-4cd0-a885-f0f777e08534 of type geneve for network 83e89a63-2756-4975-b4e8-26289acfeb1b
Apr 06 19:48:00.299450 np0000163584 devstack@neutron-api.service[102334]: DEBUG neutron_lib.callbacks.manager [None req-af0dbe3f-6843-4ef8-9035-5e8ed3ae1244 admin admin] Publish callbacks ['neutron.services.auto_allocate.db._ensure_external_network_default_value_callback-8420951116030'] for network (83e89a63-2756-4975-b4e8-26289acfeb1b), precommit_create {{(pid=102334) _notify_loop /opt/stack/data/venv/lib/python3.12/site-packages/neutron_lib/callbacks/manager.py:184}}
Apr 06 19:48:00.317403 np0000163584 devstack@neutron-api.service[102334]: DEBUG neutron.plugins.ml2.drivers.ovn.mech_driver.mech_driver [None req-af0dbe3f-6843-4ef8-9035-5e8ed3ae1244 admin admin] Validating network segment with type geneve, segmentation ID 52315, physical network None {{(pid=102334) _validate_network_segments /opt/stack/neutron/neutron/plugins/ml2/drivers/ovn/mech_driver/mech_driver.py:631}}
Apr 06 19:48:00.317662 np0000163584 devstack@neutron-api.service[102334]: DEBUG neutron.db.ovn_revision_numbers_db [None req-af0dbe3f-6843-4ef8-9035-5e8ed3ae1244 admin admin] create_initial_revision uuid=83e89a63-2756-4975-b4e8-26289acfeb1b, type=networks, rev=-1 {{(pid=102334) create_initial_revision /opt/stack/neutron/neutron/db/ovn_revision_numbers_db.py:98}}
Apr 06 19:48:00.338003 np0000163584 devstack@neutron-api.service[102334]: DEBUG neutron_lib.callbacks.manager [None req-af0dbe3f-6843-4ef8-9035-5e8ed3ae1244 admin admin] Publish callbacks ['neutron.plugins.ml2.ovo_rpc._ObjectChangeHandler.handle_event-2766478'] for network (83e89a63-2756-4975-b4e8-26289acfeb1b), after_create {{(pid=102334) _notify_loop /opt/stack/data/venv/lib/python3.12/site-packages/neutron_lib/callbacks/manager.py:184}}
Apr 06 19:48:00.382416 np0000163584 devstack@neutron-api.service[102334]: DEBUG neutron.api.rpc.handlers.resources_rpc [None req-af0dbe3f-6843-4ef8-9035-5e8ed3ae1244 admin admin] Pushing event updated for resources: {'Network': ['ID=83e89a63-2756-4975-b4e8-26289acfeb1b,revision_number=1']} {{(pid=102334) push /opt/stack/neutron/neutron/api/rpc/handlers/resources_rpc.py:237}}
Apr 06 19:48:00.390271 np0000163584 devstack@neutron-api.service[102334]: DEBUG ovsdbapp.backend.ovs_idl.transaction [-] Running txn n=1 command(idx=0): AddNetworkCommand(_result=None, network_uuid=83e89a63-2756-4975-b4e8-26289acfeb1b, may_exist=True, columns={'external_ids': {'neutron:network_name': 'private', 'neutron:mtu': '1372', 'neutron:revision_number': '1', 'neutron:availability_zone_hints': '', 'neutron:provnet-network-type': 'geneve'}, 'other_config': {'mcast_snoop': 'false', 'mcast_flood_unregistered': 'false', 'vlan-passthru': 'false'}}) {{(pid=102334) do_commit /opt/stack/data/venv/lib/python3.12/site-packages/ovsdbapp/backend/ovs_idl/transaction.py:89}}
Apr 06 19:48:00.390782 np0000163584 devstack@neutron-api.service[102334]: DEBUG neutron.common.ovn.utils [-] OVS persist_uuid supported=True {{(pid=102334) ovs_persist_uuid_supported /opt/stack/neutron/neutron/common/ovn/utils.py:1535}}
Apr 06 19:48:00.395150 np0000163584 devstack@neutron-api.service[102334]: DEBUG neutron.plugins.ml2.drivers.ovn.mech_driver.ovsdb.ovsdb_monitor [-] Hash Ring: Node c45b4196a9795c079ba82bd995e1da69 (host: np0000163584) handling event "create" for row 83e89a63-2756-4975-b4e8-26289acfeb1b (table: Logical_Switch) {{(pid=102334) notify /opt/stack/neutron/neutron/plugins/ml2/drivers/ovn/mech_driver/ovsdb/ovsdb_monitor.py:912}}
Apr 06 19:48:00.395428 np0000163584 devstack@neutron-api.service[102333]: DEBUG neutron.plugins.ml2.drivers.ovn.mech_driver.ovsdb.ovsdb_monitor [-] Hash Ring: Node 146d36d989f45290b09f33c0a3e9e95c (host: np0000163584) handling event "create" for row 83e89a63-2756-4975-b4e8-26289acfeb1b (table: Logical_Switch) {{(pid=102333) notify /opt/stack/neutron/neutron/plugins/ml2/drivers/ovn/mech_driver/ovsdb/ovsdb_monitor.py:912}}
Apr 06 19:48:00.403909 np0000163584 devstack@neutron-api.service[102333]: DEBUG neutron.plugins.ml2.drivers.ovn.mech_driver.ovsdb.ovsdb_monitor [-] Hash Ring: Node 146d36d989f45290b09f33c0a3e9e95c (host: np0000163584) handling event "create" for row 4d75e09d-367a-4ab6-9dcf-21374724742e (table: Datapath_Binding) {{(pid=102333) notify /opt/stack/neutron/neutron/plugins/ml2/drivers/ovn/mech_driver/ovsdb/ovsdb_monitor.py:912}}
Apr 06 19:48:00.409873 np0000163584 devstack@neutron-api.service[102334]: DEBUG neutron.plugins.ml2.drivers.ovn.mech_driver.ovsdb.ovsdb_monitor [-] Hash Ring: Node c45b4196a9795c079ba82bd995e1da69 (host: np0000163584) handling event "create" for row 4d75e09d-367a-4ab6-9dcf-21374724742e (table: Datapath_Binding) {{(pid=102334) notify /opt/stack/neutron/neutron/plugins/ml2/drivers/ovn/mech_driver/ovsdb/ovsdb_monitor.py:912}}
Apr 06 19:48:00.429976 np0000163584 devstack@neutron-api.service[102334]: INFO neutron.db.ovn_revision_numbers_db [None req-af0dbe3f-6843-4ef8-9035-5e8ed3ae1244 admin admin] Successfully bumped revision number for resource 83e89a63-2756-4975-b4e8-26289acfeb1b (type: networks) to 1
Apr 06 19:48:00.486106 np0000163584 devstack@neutron-api.service[102334]: DEBUG neutron_lib.callbacks.manager [None req-af0dbe3f-6843-4ef8-9035-5e8ed3ae1244 admin admin] Publish callbacks ['neutron.plugins.ml2.plugin.SecurityGroupDbMixin._ensure_default_security_group_handler-2073685'] for port (None), before_create {{(pid=102334) _notify_loop /opt/stack/data/venv/lib/python3.12/site-packages/neutron_lib/callbacks/manager.py:184}}
Apr 06 19:48:00.580575 np0000163584 devstack@neutron-api.service[102334]: DEBUG neutron_lib.callbacks.manager [None req-af0dbe3f-6843-4ef8-9035-5e8ed3ae1244 admin admin] Publish callbacks ['neutron.plugins.ml2.drivers.ovn.mech_driver.mech_driver.OVNMechanismDriver._validate_allowed_address_pairs-337820'] for allowed_address_pair (195917d8-ef45-449a-ae03-3b1f2229d284), before_create {{(pid=102334) _notify_loop /opt/stack/data/venv/lib/python3.12/site-packages/neutron_lib/callbacks/manager.py:184}}
Apr 06 19:48:00.581023 np0000163584 devstack@neutron-api.service[102334]: DEBUG neutron_lib.callbacks.manager [None req-af0dbe3f-6843-4ef8-9035-5e8ed3ae1244 admin admin] Publish callbacks [] for port (195917d8-ef45-449a-ae03-3b1f2229d284), precommit_create {{(pid=102334) _notify_loop /opt/stack/data/venv/lib/python3.12/site-packages/neutron_lib/callbacks/manager.py:184}}
Apr 06 19:48:00.581182 np0000163584 devstack@neutron-api.service[102334]: DEBUG neutron.plugins.ml2.drivers.ovn.mech_driver.mech_driver [None req-af0dbe3f-6843-4ef8-9035-5e8ed3ae1244 admin admin] No provisioning block for port 195917d8-ef45-449a-ae03-3b1f2229d284 since it does not have a host {{(pid=102334) _is_port_provisioning_required /opt/stack/neutron/neutron/plugins/ml2/drivers/ovn/mech_driver/mech_driver.py:884}}
Apr 06 19:48:00.581312 np0000163584 devstack@neutron-api.service[102334]: DEBUG neutron.db.ovn_revision_numbers_db [None req-af0dbe3f-6843-4ef8-9035-5e8ed3ae1244 admin admin] create_initial_revision uuid=195917d8-ef45-449a-ae03-3b1f2229d284, type=ports, rev=-1 {{(pid=102334) create_initial_revision /opt/stack/neutron/neutron/db/ovn_revision_numbers_db.py:98}}
Apr 06 19:48:00.805751 np0000163584 devstack@neutron-api.service[102334]: DEBUG neutron_lib.callbacks.manager [None req-af0dbe3f-6843-4ef8-9035-5e8ed3ae1244 admin admin] Publish callbacks ['neutron.plugins.ml2.ovo_rpc._ObjectChangeHandler.handle_event-2766691'] for port (195917d8-ef45-449a-ae03-3b1f2229d284), after_create {{(pid=102334) _notify_loop /opt/stack/data/venv/lib/python3.12/site-packages/neutron_lib/callbacks/manager.py:184}}
Apr 06 19:48:00.857219 np0000163584 devstack@neutron-api.service[102334]: DEBUG neutron.api.rpc.handlers.resources_rpc [None req-af0dbe3f-6843-4ef8-9035-5e8ed3ae1244 admin admin] Pushing event updated for resources: {'Port': ['ID=195917d8-ef45-449a-ae03-3b1f2229d284,revision_number=1']} {{(pid=102334) push /opt/stack/neutron/neutron/api/rpc/handlers/resources_rpc.py:237}}
