Mar 31 22:25:09.938707 np0000162005 nova-scheduler[107773]: DEBUG cotyledon.oslo_config_glue [-] vnc.server_proxyclient_address = 127.0.0.1 {{(pid=107773) log_opt_values /opt/stack/data/venv/lib/python3.12/site-packages/oslo_config/cfg.py:3006}}
Mar 31 22:25:09.938748 np0000162005 nova-scheduler[107773]: DEBUG cotyledon.oslo_config_glue [-] vnc.vencrypt_ca_certs = None {{(pid=107773) log_opt_values /opt/stack/data/venv/lib/python3.12/site-packages/oslo_config/cfg.py:3006}}
Mar 31 22:25:09.938795 np0000162005 nova-scheduler[107773]: DEBUG cotyledon.oslo_config_glue [-] vnc.vencrypt_client_cert = None {{(pid=107773) log_opt_values /opt/stack/data/venv/lib/python3.12/site-packages/oslo_config/cfg.py:3006}}
Mar 31 22:25:09.938837 np0000162005 nova-scheduler[107773]: DEBUG cotyledon.oslo_config_glue [-] vnc.vencrypt_client_key = None {{(pid=107773) log_opt_values /opt/stack/data/venv/lib/python3.12/site-packages/oslo_config/cfg.py:3006}}
Mar 31 22:25:09.938884 np0000162005 nova-scheduler[107773]: DEBUG cotyledon.oslo_config_glue [-] workarounds.disable_compute_service_check_for_ffu = False {{(pid=107773) log_opt_values /opt/stack/data/venv/lib/python3.12/site-packages/oslo_config/cfg.py:3006}}
Mar 31 22:25:09.938921 np0000162005 nova-scheduler[107773]: DEBUG cotyledon.oslo_config_glue [-] workarounds.disable_deep_image_inspection = False {{(pid=107773) log_opt_values /opt/stack/data/venv/lib/python3.12/site-packages/oslo_config/cfg.py:3006}}
Mar 31 22:25:09.938958 np0000162005 nova-scheduler[107773]: DEBUG cotyledon.oslo_config_glue [-] workarounds.disable_fallback_pcpu_query = False {{(pid=107773) log_opt_values /opt/stack/data/venv/lib/python3.12/site-packages/oslo_config/cfg.py:3006}}
Mar 31 22:25:09.938995 np0000162005 nova-scheduler[107773]: DEBUG cotyledon.oslo_config_glue [-] workarounds.disable_group_policy_check_upcall = False {{(pid=107773) log_opt_values /opt/stack/data/venv/lib/python3.12/site-packages/oslo_config/cfg.py:3006}}
Mar 31 22:25:09.939028 np0000162005 nova-scheduler[107773]: DEBUG cotyledon.oslo_config_glue [-] workarounds.disable_libvirt_livesnapshot = False {{(pid=107773) log_opt_values /opt/stack/data/venv/lib/python3.12/site-packages/oslo_config/cfg.py:3006}}
Mar 31 22:25:09.939069 np0000162005 nova-scheduler[107773]: DEBUG cotyledon.oslo_config_glue [-] workarounds.disable_rootwrap = False {{(pid=107773) log_opt_values /opt/stack/data/venv/lib/python3.12/site-packages/oslo_config/cfg.py:3006}}
Mar 31 22:25:09.939107 np0000162005 nova-scheduler[107773]: DEBUG cotyledon.oslo_config_glue [-] workarounds.enable_numa_live_migration = False {{(pid=107773) log_opt_values /opt/stack/data/venv/lib/python3.12/site-packages/oslo_config/cfg.py:3006}}
Mar 31 22:25:09.939151 np0000162005 nova-scheduler[107773]: DEBUG cotyledon.oslo_config_glue [-] workarounds.enable_qemu_monitor_announce_self = False {{(pid=107773) log_opt_values /opt/stack/data/venv/lib/python3.12/site-packages/oslo_config/cfg.py:3006}}
Mar 31 22:25:09.939179 np0000162005 nova-scheduler[107773]: DEBUG cotyledon.oslo_config_glue [-] workarounds.ensure_libvirt_rbd_instance_dir_cleanup = False {{(pid=107773) log_opt_values /opt/stack/data/venv/lib/python3.12/site-packages/oslo_config/cfg.py:3006}}
Mar 31 22:25:09.939230 np0000162005 nova-scheduler[107773]: DEBUG cotyledon.oslo_config_glue [-] workarounds.handle_virt_lifecycle_events = True {{(pid=107773) log_opt_values /opt/stack/data/venv/lib/python3.12/site-packages/oslo_config/cfg.py:3006}}
Mar 31 22:25:09.939266 np0000162005 nova-scheduler[107773]: DEBUG cotyledon.oslo_config_glue [-] workarounds.libvirt_disable_apic = False {{(pid=107773) log_opt_values /opt/stack/data/venv/lib/python3.12/site-packages/oslo_config/cfg.py:3006}}
Mar 31 22:25:09.939305 np0000162005 nova-scheduler[107773]: DEBUG cotyledon.oslo_config_glue [-] workarounds.never_download_image_if_on_rbd = False {{(pid=107773) log_opt_values /opt/stack/data/venv/lib/python3.12/site-packages/oslo_config/cfg.py:3006}}
Mar 31 22:25:09.939343 np0000162005 nova-scheduler[107773]: DEBUG cotyledon.oslo_config_glue [-] workarounds.qemu_monitor_announce_self_count = 3 {{(pid=107773) log_opt_values /opt/stack/data/venv/lib/python3.12/site-packages/oslo_config/cfg.py:3006}}
Mar 31 22:25:09.939380 np0000162005 nova-scheduler[107773]: DEBUG cotyledon.oslo_config_glue [-] workarounds.qemu_monitor_announce_self_interval = 1 {{(pid=107773) log_opt_values /opt/stack/data/venv/lib/python3.12/site-packages/oslo_config/cfg.py:3006}}
Mar 31 22:25:09.939416 np0000162005 nova-scheduler[107773]: DEBUG cotyledon.oslo_config_glue [-] workarounds.reserve_disk_resource_for_image_cache = False {{(pid=107773) log_opt_values /opt/stack/data/venv/lib/python3.12/site-packages/oslo_config/cfg.py:3006}}
Mar 31 22:25:09.939453 np0000162005 nova-scheduler[107773]: DEBUG cotyledon.oslo_config_glue [-] workarounds.skip_cpu_compare_at_startup = False {{(pid=107773) log_opt_values /opt/stack/data/venv/lib/python3.12/site-packages/oslo_config/cfg.py:3006}}
Mar 31 22:25:09.939489 np0000162005 nova-scheduler[107773]: DEBUG cotyledon.oslo_config_glue [-] workarounds.skip_cpu_compare_on_dest = False {{(pid=107773) log_opt_values /opt/stack/data/venv/lib/python3.12/site-packages/oslo_config/cfg.py:3006}}
Mar 31 22:25:09.939525 np0000162005 nova-scheduler[107773]: DEBUG cotyledon.oslo_config_glue [-] workarounds.skip_hypervisor_version_check_on_lm = False {{(pid=107773) log_opt_values /opt/stack/data/venv/lib/python3.12/site-packages/oslo_config/cfg.py:3006}}
Mar 31 22:25:09.939562 np0000162005 nova-scheduler[107773]: DEBUG cotyledon.oslo_config_glue [-] workarounds.skip_reserve_in_use_ironic_nodes = False {{(pid=107773) log_opt_values /opt/stack/data/venv/lib/python3.12/site-packages/oslo_config/cfg.py:3006}}
Mar 31 22:25:09.939594 np0000162005 nova-scheduler[107773]: DEBUG cotyledon.oslo_config_glue [-] workarounds.unified_limits_count_pcpu_as_vcpu = False {{(pid=107773) log_opt_values /opt/stack/data/venv/lib/python3.12/site-packages/oslo_config/cfg.py:3006}}
Mar 31 22:25:09.939637 np0000162005 nova-scheduler[107773]: DEBUG cotyledon.oslo_config_glue [-] workarounds.wait_for_vif_plugged_event_during_hard_reboot = [] {{(pid=107773) log_opt_values /opt/stack/data/venv/lib/python3.12/site-packages/oslo_config/cfg.py:3006}}
Mar 31 22:25:09.939679 np0000162005 nova-scheduler[107773]: DEBUG cotyledon.oslo_config_glue [-] wsgi.api_paste_config = /etc/nova/api-paste.ini {{(pid=107773) log_opt_values /opt/stack/data/venv/lib/python3.12/site-packages/oslo_config/cfg.py:3006}}
Mar 31 22:25:09.939711 np0000162005 nova-scheduler[107773]: DEBUG cotyledon.oslo_config_glue [-] wsgi.secure_proxy_ssl_header = None {{(pid=107773) log_opt_values /opt/stack/data/venv/lib/python3.12/site-packages/oslo_config/cfg.py:3006}}
Mar 31 22:25:09.939758 np0000162005 nova-scheduler[107773]: DEBUG cotyledon.oslo_config_glue [-] zvm.ca_file = None {{(pid=107773) log_opt_values /opt/stack/data/venv/lib/python3.12/site-packages/oslo_config/cfg.py:3006}}
Mar 31 22:25:09.939812 np0000162005 nova-scheduler[107773]: DEBUG cotyledon.oslo_config_glue [-] zvm.cloud_connector_url = None {{(pid=107773) log_opt_values /opt/stack/data/venv/lib/python3.12/site-packages/oslo_config/cfg.py:3006}}
Mar 31 22:25:09.939849 np0000162005 nova-scheduler[107773]: DEBUG cotyledon.oslo_config_glue [-] zvm.image_tmp_path = /opt/stack/data/nova/images {{(pid=107773) log_opt_values /opt/stack/data/venv/lib/python3.12/site-packages/oslo_config/cfg.py:3006}}
Mar 31 22:25:09.939892 np0000162005 nova-scheduler[107773]: DEBUG cotyledon.oslo_config_glue [-] zvm.reachable_timeout = 300 {{(pid=107773) log_opt_values /opt/stack/data/venv/lib/python3.12/site-packages/oslo_config/cfg.py:3006}}
Mar 31 22:25:09.939954 np0000162005 nova-scheduler[107773]: DEBUG cotyledon.oslo_config_glue [-] oslo_versionedobjects.fatal_exception_format_errors = False {{(pid=107773) log_opt_values /opt/stack/data/venv/lib/python3.12/site-packages/oslo_config/cfg.py:3006}}
Mar 31 22:25:09.940034 np0000162005 nova-scheduler[107773]: DEBUG cotyledon.oslo_config_glue [-] oslo_middleware.http_basic_auth_user_file = /etc/htpasswd {{(pid=107773) log_opt_values /opt/stack/data/venv/lib/python3.12/site-packages/oslo_config/cfg.py:3006}}
Mar 31 22:25:09.940078 np0000162005 nova-scheduler[107773]: DEBUG cotyledon.oslo_config_glue [-] oslo_messaging_metrics.metrics_buffer_size = 1000 {{(pid=107773) log_opt_values /opt/stack/data/venv/lib/python3.12/site-packages/oslo_config/cfg.py:3006}}
Mar 31 22:25:09.940110 np0000162005 nova-scheduler[107773]: DEBUG cotyledon.oslo_config_glue [-] oslo_messaging_metrics.metrics_enabled = False {{(pid=107773) log_opt_values /opt/stack/data/venv/lib/python3.12/site-packages/oslo_config/cfg.py:3006}}
Mar 31 22:25:09.940154 np0000162005 nova-scheduler[107773]: DEBUG cotyledon.oslo_config_glue [-] oslo_messaging_metrics.metrics_process_name = {{(pid=107773) log_opt_values /opt/stack/data/venv/lib/python3.12/site-packages/oslo_config/cfg.py:3006}}
Mar 31 22:25:09.940201 np0000162005 nova-scheduler[107773]: DEBUG cotyledon.oslo_config_glue [-] oslo_messaging_metrics.metrics_socket_file = /var/tmp/metrics_collector.sock {{(pid=107773) log_opt_values /opt/stack/data/venv/lib/python3.12/site-packages/oslo_config/cfg.py:3006}}
Mar 31 22:25:09.940249 np0000162005 nova-scheduler[107773]: DEBUG cotyledon.oslo_config_glue [-] oslo_messaging_metrics.metrics_thread_stop_timeout = 10 {{(pid=107773) log_opt_values /opt/stack/data/venv/lib/python3.12/site-packages/oslo_config/cfg.py:3006}}
Mar 31 22:25:09.940340 np0000162005 nova-scheduler[107773]: DEBUG cotyledon.oslo_config_glue [-] profiler.connection_string = messaging:// {{(pid=107773) log_opt_values /opt/stack/data/venv/lib/python3.12/site-packages/oslo_config/cfg.py:3006}}
Mar 31 22:25:09.940418 np0000162005 nova-scheduler[107773]: DEBUG cotyledon.oslo_config_glue [-] profiler.enabled = False {{(pid=107773) log_opt_values /opt/stack/data/venv/lib/python3.12/site-packages/oslo_config/cfg.py:3006}}
Mar 31 22:25:09.940476 np0000162005 nova-scheduler[107773]: DEBUG cotyledon.oslo_config_glue [-] profiler.es_doc_type = notification {{(pid=107773) log_opt_values /opt/stack/data/venv/lib/python3.12/site-packages/oslo_config/cfg.py:3006}}
Mar 31 22:25:09.940513 np0000162005 nova-scheduler[107773]: DEBUG cotyledon.oslo_config_glue [-] profiler.es_scroll_size = 10000 {{(pid=107773) log_opt_values /opt/stack/data/venv/lib/python3.12/site-packages/oslo_config/cfg.py:3006}}
Mar 31 22:25:09.940555 np0000162005 nova-scheduler[107773]: DEBUG cotyledon.oslo_config_glue [-] profiler.es_scroll_time = 2m {{(pid=107773) log_opt_values /opt/stack/data/venv/lib/python3.12/site-packages/oslo_config/cfg.py:3006}}
Mar 31 22:25:09.940604 np0000162005 nova-scheduler[107773]: DEBUG cotyledon.oslo_config_glue [-] profiler.filter_error_trace = False {{(pid=107773) log_opt_values /opt/stack/data/venv/lib/python3.12/site-packages/oslo_config/cfg.py:3006}}
Mar 31 22:25:09.940643 np0000162005 nova-scheduler[107773]: DEBUG cotyledon.oslo_config_glue [-] profiler.hmac_keys = **** {{(pid=107773) log_opt_values /opt/stack/data/venv/lib/python3.12/site-packages/oslo_config/cfg.py:3006}}
Mar 31 22:25:09.940691 np0000162005 nova-scheduler[107773]: DEBUG cotyledon.oslo_config_glue [-] profiler.sentinel_service_name = mymaster {{(pid=107773) log_opt_values /opt/stack/data/venv/lib/python3.12/site-packages/oslo_config/cfg.py:3006}}
Mar 31 22:25:09.940733 np0000162005 nova-scheduler[107773]: DEBUG cotyledon.oslo_config_glue [-] profiler.socket_timeout = 0.1 {{(pid=107773) log_opt_values /opt/stack/data/venv/lib/python3.12/site-packages/oslo_config/cfg.py:3006}}
Mar 31 22:25:09.940780 np0000162005 nova-scheduler[107773]: DEBUG cotyledon.oslo_config_glue [-] profiler.trace_requests = False {{(pid=107773) log_opt_values /opt/stack/data/venv/lib/python3.12/site-packages/oslo_config/cfg.py:3006}}
Mar 31 22:25:09.940835 np0000162005 nova-scheduler[107773]: DEBUG cotyledon.oslo_config_glue [-] profiler.trace_sqlalchemy = False {{(pid=107773) log_opt_values /opt/stack/data/venv/lib/python3.12/site-packages/oslo_config/cfg.py:3006}}
Mar 31 22:25:09.940883 np0000162005 nova-scheduler[107773]: DEBUG cotyledon.oslo_config_glue [-] profiler_jaeger.process_tags = {} {{(pid=107773) log_opt_values /opt/stack/data/venv/lib/python3.12/site-packages/oslo_config/cfg.py:3006}}
Mar 31 22:25:09.940919 np0000162005 nova-scheduler[107773]: DEBUG cotyledon.oslo_config_glue [-] profiler_jaeger.service_name_prefix = None {{(pid=107773) log_opt_values /opt/stack/data/venv/lib/python3.12/site-packages/oslo_config/cfg.py:3006}}
Mar 31 22:25:09.940962 np0000162005 nova-scheduler[107773]: DEBUG cotyledon.oslo_config_glue [-] profiler_otlp.service_name_prefix = None {{(pid=107773) log_opt_values /opt/stack/data/venv/lib/python3.12/site-packages/oslo_config/cfg.py:3006}}
Mar 31 22:25:09.941033 np0000162005 nova-scheduler[107773]: DEBUG cotyledon.oslo_config_glue [-] oslo_messaging_rabbit.amqp_auto_delete = False {{(pid=107773) log_opt_values /opt/stack/data/venv/lib/python3.12/site-packages/oslo_config/cfg.py:3006}}
Mar 31 22:25:09.941073 np0000162005 nova-scheduler[107773]: DEBUG cotyledon.oslo_config_glue [-] oslo_messaging_rabbit.amqp_durable_queues = False {{(pid=107773) log_opt_values /opt/stack/data/venv/lib/python3.12/site-packages/oslo_config/cfg.py:3006}}
Mar 31 22:25:09.941121 np0000162005 nova-scheduler[107773]: DEBUG cotyledon.oslo_config_glue [-] oslo_messaging_rabbit.conn_pool_min_size = 2 {{(pid=107773) log_opt_values /opt/stack/data/venv/lib/python3.12/site-packages/oslo_config/cfg.py:3006}}
Mar 31 22:25:09.941170 np0000162005 nova-scheduler[107773]: DEBUG cotyledon.oslo_config_glue [-] oslo_messaging_rabbit.conn_pool_ttl = 1200 {{(pid=107773) log_opt_values /opt/stack/data/venv/lib/python3.12/site-packages/oslo_config/cfg.py:3006}}
Mar 31 22:25:09.941216 np0000162005 nova-scheduler[107773]: DEBUG cotyledon.oslo_config_glue [-] oslo_messaging_rabbit.direct_mandatory_flag = True {{(pid=107773) log_opt_values /opt/stack/data/venv/lib/python3.12/site-packages/oslo_config/cfg.py:3006}}
Mar 31 22:25:09.941288 np0000162005 nova-scheduler[107773]: DEBUG cotyledon.oslo_config_glue [-] oslo_messaging_rabbit.enable_cancel_on_failover = False {{(pid=107773) log_opt_values /opt/stack/data/venv/lib/python3.12/site-packages/oslo_config/cfg.py:3006}}
Mar 31 22:25:09.941333 np0000162005 nova-scheduler[107773]: DEBUG cotyledon.oslo_config_glue [-] oslo_messaging_rabbit.heartbeat_in_pthread = False {{(pid=107773) log_opt_values /opt/stack/data/venv/lib/python3.12/site-packages/oslo_config/cfg.py:3006}}
Mar 31 22:25:09.941366 np0000162005 nova-scheduler[107773]: DEBUG cotyledon.oslo_config_glue [-] oslo_messaging_rabbit.heartbeat_rate = 3 {{(pid=107773) log_opt_values /opt/stack/data/venv/lib/python3.12/site-packages/oslo_config/cfg.py:3006}}
Mar 31 22:25:09.941409 np0000162005 nova-scheduler[107773]: DEBUG cotyledon.oslo_config_glue [-] oslo_messaging_rabbit.heartbeat_timeout_threshold = 60 {{(pid=107773) log_opt_values /opt/stack/data/venv/lib/python3.12/site-packages/oslo_config/cfg.py:3006}}
Mar 31 22:25:09.941454 np0000162005 nova-scheduler[107773]: DEBUG cotyledon.oslo_config_glue [-] oslo_messaging_rabbit.hostname = np0000162005 {{(pid=107773) log_opt_values /opt/stack/data/venv/lib/python3.12/site-packages/oslo_config/cfg.py:3006}}
Mar 31 22:25:09.941492 np0000162005 nova-scheduler[107773]: DEBUG cotyledon.oslo_config_glue [-] oslo_messaging_rabbit.kombu_compression = None {{(pid=107773) log_opt_values /opt/stack/data/venv/lib/python3.12/site-packages/oslo_config/cfg.py:3006}}
Mar 31 22:25:09.941536 np0000162005 nova-scheduler[107773]: DEBUG cotyledon.oslo_config_glue [-] oslo_messaging_rabbit.kombu_failover_strategy = round-robin {{(pid=107773) log_opt_values /opt/stack/data/venv/lib/python3.12/site-packages/oslo_config/cfg.py:3006}}
Mar 31 22:25:09.941579 np0000162005 nova-scheduler[107773]: DEBUG cotyledon.oslo_config_glue [-] oslo_messaging_rabbit.kombu_missing_consumer_retry_timeout = 60 {{(pid=107773) log_opt_values /opt/stack/data/venv/lib/python3.12/site-packages/oslo_config/cfg.py:3006}}
Mar 31 22:25:09.941622 np0000162005 nova-scheduler[107773]: DEBUG cotyledon.oslo_config_glue [-] oslo_messaging_rabbit.kombu_reconnect_delay = 1.0 {{(pid=107773) log_opt_values /opt/stack/data/venv/lib/python3.12/site-packages/oslo_config/cfg.py:3006}}
Mar 31 22:25:09.941660 np0000162005 nova-scheduler[107773]: DEBUG cotyledon.oslo_config_glue [-] oslo_messaging_rabbit.kombu_reconnect_splay = 0.0 {{(pid=107773) log_opt_values /opt/stack/data/venv/lib/python3.12/site-packages/oslo_config/cfg.py:3006}}
Mar 31 22:25:09.941703 np0000162005 nova-scheduler[107773]: DEBUG cotyledon.oslo_config_glue [-] oslo_messaging_rabbit.processname = nova-scheduler {{(pid=107773) log_opt_values /opt/stack/data/venv/lib/python3.12/site-packages/oslo_config/cfg.py:3006}}
Mar 31 22:25:09.941740 np0000162005 nova-scheduler[107773]: DEBUG cotyledon.oslo_config_glue [-] oslo_messaging_rabbit.rabbit_ha_queues = False {{(pid=107773) log_opt_values /opt/stack/data/venv/lib/python3.12/site-packages/oslo_config/cfg.py:3006}}
Mar 31 22:25:09.941797 np0000162005 nova-scheduler[107773]: DEBUG cotyledon.oslo_config_glue [-] oslo_messaging_rabbit.rabbit_interval_max = 30 {{(pid=107773) log_opt_values /opt/stack/data/venv/lib/python3.12/site-packages/oslo_config/cfg.py:3006}}
Mar 31 22:25:09.941851 np0000162005 nova-scheduler[107773]: DEBUG cotyledon.oslo_config_glue [-] oslo_messaging_rabbit.rabbit_login_method = AMQPLAIN {{(pid=107773) log_opt_values /opt/stack/data/venv/lib/python3.12/site-packages/oslo_config/cfg.py:3006}}
Mar 31 22:25:09.941892 np0000162005 nova-scheduler[107773]: DEBUG cotyledon.oslo_config_glue [-] oslo_messaging_rabbit.rabbit_qos_prefetch_count = 0 {{(pid=107773) log_opt_values /opt/stack/data/venv/lib/python3.12/site-packages/oslo_config/cfg.py:3006}}
Mar 31 22:25:09.941935 np0000162005 nova-scheduler[107773]: DEBUG cotyledon.oslo_config_glue [-] oslo_messaging_rabbit.rabbit_quorum_delivery_limit = 0 {{(pid=107773) log_opt_values /opt/stack/data/venv/lib/python3.12/site-packages/oslo_config/cfg.py:3006}}
Mar 31 22:25:09.941980 np0000162005 nova-scheduler[107773]: DEBUG cotyledon.oslo_config_glue [-] oslo_messaging_rabbit.rabbit_quorum_max_memory_bytes = 0 {{(pid=107773) log_opt_values /opt/stack/data/venv/lib/python3.12/site-packages/oslo_config/cfg.py:3006}}
Mar 31 22:25:09.942018 np0000162005 nova-scheduler[107773]: DEBUG cotyledon.oslo_config_glue [-] oslo_messaging_rabbit.rabbit_quorum_max_memory_length = 0 {{(pid=107773) log_opt_values /opt/stack/data/venv/lib/python3.12/site-packages/oslo_config/cfg.py:3006}}
Mar 31 22:25:09.942054 np0000162005 nova-scheduler[107773]: DEBUG cotyledon.oslo_config_glue [-] oslo_messaging_rabbit.rabbit_quorum_queue = False {{(pid=107773) log_opt_values /opt/stack/data/venv/lib/python3.12/site-packages/oslo_config/cfg.py:3006}}
Mar 31 22:25:09.942086 np0000162005 nova-scheduler[107773]: DEBUG cotyledon.oslo_config_glue [-] oslo_messaging_rabbit.rabbit_retry_backoff = 2 {{(pid=107773) log_opt_values /opt/stack/data/venv/lib/python3.12/site-packages/oslo_config/cfg.py:3006}}
Mar 31 22:25:09.942133 np0000162005 nova-scheduler[107773]: DEBUG cotyledon.oslo_config_glue [-] oslo_messaging_rabbit.rabbit_retry_interval = 1 {{(pid=107773) log_opt_values /opt/stack/data/venv/lib/python3.12/site-packages/oslo_config/cfg.py:3006}}
Mar 31 22:25:09.942162 np0000162005 nova-scheduler[107773]: DEBUG cotyledon.oslo_config_glue [-] oslo_messaging_rabbit.rabbit_stream_fanout = False {{(pid=107773) log_opt_values /opt/stack/data/venv/lib/python3.12/site-packages/oslo_config/cfg.py:3006}}
Mar 31 22:25:09.942196 np0000162005 nova-scheduler[107773]: DEBUG cotyledon.oslo_config_glue [-] oslo_messaging_rabbit.rabbit_transient_queues_ttl = 1800 {{(pid=107773) log_opt_values /opt/stack/data/venv/lib/python3.12/site-packages/oslo_config/cfg.py:3006}}
Mar 31 22:25:09.942274 np0000162005 nova-scheduler[107773]: DEBUG cotyledon.oslo_config_glue [-] oslo_messaging_rabbit.rabbit_transient_quorum_queue = False {{(pid=107773) log_opt_values /opt/stack/data/venv/lib/python3.12/site-packages/oslo_config/cfg.py:3006}}
Mar 31 22:25:09.942317 np0000162005 nova-scheduler[107773]: DEBUG cotyledon.oslo_config_glue [-] oslo_messaging_rabbit.rpc_conn_pool_size = 30 {{(pid=107773) log_opt_values /opt/stack/data/venv/lib/python3.12/site-packages/oslo_config/cfg.py:3006}}
Mar 31 22:25:09.942364 np0000162005 nova-scheduler[107773]: DEBUG cotyledon.oslo_config_glue [-] oslo_messaging_rabbit.ssl = False {{(pid=107773) log_opt_values /opt/stack/data/venv/lib/python3.12/site-packages/oslo_config/cfg.py:3006}}
Mar 31 22:25:09.942403 np0000162005 nova-scheduler[107773]: DEBUG cotyledon.oslo_config_glue [-] oslo_messaging_rabbit.ssl_ca_file = {{(pid=107773) log_opt_values /opt/stack/data/venv/lib/python3.12/site-packages/oslo_config/cfg.py:3006}}
Mar 31 22:25:09.942444 np0000162005 nova-scheduler[107773]: DEBUG cotyledon.oslo_config_glue [-] oslo_messaging_rabbit.ssl_cert_file = {{(pid=107773) log_opt_values /opt/stack/data/venv/lib/python3.12/site-packages/oslo_config/cfg.py:3006}}
Mar 31 22:25:09.942474 np0000162005 nova-scheduler[107773]: DEBUG cotyledon.oslo_config_glue [-] oslo_messaging_rabbit.ssl_enforce_fips_mode = False {{(pid=107773) log_opt_values /opt/stack/data/venv/lib/python3.12/site-packages/oslo_config/cfg.py:3006}}
Mar 31 22:25:09.945754 np0000162005 nova-scheduler[107773]: DEBUG cotyledon.oslo_config_glue [-] oslo_messaging_rabbit.ssl_key_file = {{(pid=107773) log_opt_values /opt/stack/data/venv/lib/python3.12/site-packages/oslo_config/cfg.py:3006}}
Mar 31 22:25:09.945754 np0000162005 nova-scheduler[107773]: DEBUG cotyledon.oslo_config_glue [-] oslo_messaging_rabbit.ssl_version = {{(pid=107773) log_opt_values /opt/stack/data/venv/lib/python3.12/site-packages/oslo_config/cfg.py:3006}}
Mar 31 22:25:09.945754 np0000162005 nova-scheduler[107773]: DEBUG cotyledon.oslo_config_glue [-] oslo_messaging_rabbit.use_queue_manager = False {{(pid=107773) log_opt_values /opt/stack/data/venv/lib/python3.12/site-packages/oslo_config/cfg.py:3006}}
Mar 31 22:25:09.945754 np0000162005 nova-scheduler[107773]: DEBUG cotyledon.oslo_config_glue [-] oslo_messaging_notifications.driver = ['messagingv2'] {{(pid=107773) log_opt_values /opt/stack/data/venv/lib/python3.12/site-packages/oslo_config/cfg.py:3006}}
Mar 31 22:25:09.945754 np0000162005 nova-scheduler[107773]: DEBUG cotyledon.oslo_config_glue [-] oslo_messaging_notifications.retry = -1 {{(pid=107773) log_opt_values /opt/stack/data/venv/lib/python3.12/site-packages/oslo_config/cfg.py:3006}}
Mar 31 22:25:09.945754 np0000162005 nova-scheduler[107773]: DEBUG cotyledon.oslo_config_glue [-] oslo_messaging_notifications.topics = ['notifications'] {{(pid=107773) log_opt_values /opt/stack/data/venv/lib/python3.12/site-packages/oslo_config/cfg.py:3006}}
Mar 31 22:25:09.945754 np0000162005 nova-scheduler[107773]: DEBUG cotyledon.oslo_config_glue [-] oslo_messaging_notifications.transport_url = **** {{(pid=107773) log_opt_values /opt/stack/data/venv/lib/python3.12/site-packages/oslo_config/cfg.py:3006}}
Mar 31 22:25:09.945754 np0000162005 nova-scheduler[107773]: DEBUG cotyledon.oslo_config_glue [-] oslo_limit.auth_section = None {{(pid=107773) log_opt_values /opt/stack/data/venv/lib/python3.12/site-packages/oslo_config/cfg.py:3006}}
Mar 31 22:25:09.945754 np0000162005 nova-scheduler[107773]: DEBUG cotyledon.oslo_config_glue [-] oslo_limit.auth_type = None {{(pid=107773) log_opt_values /opt/stack/data/venv/lib/python3.12/site-packages/oslo_config/cfg.py:3006}}
Mar 31 22:25:09.946004 np0000162005 nova-scheduler[107773]: DEBUG cotyledon.oslo_config_glue [-] oslo_limit.cafile = None {{(pid=107773) log_opt_values /opt/stack/data/venv/lib/python3.12/site-packages/oslo_config/cfg.py:3006}}
Mar 31 22:25:09.946004 np0000162005 nova-scheduler[107773]: DEBUG cotyledon.oslo_config_glue [-] oslo_limit.certfile = None {{(pid=107773) log_opt_values /opt/stack/data/venv/lib/python3.12/site-packages/oslo_config/cfg.py:3006}}
Mar 31 22:25:09.946004 np0000162005 nova-scheduler[107773]: DEBUG cotyledon.oslo_config_glue [-] oslo_limit.collect_timing = False {{(pid=107773) log_opt_values /opt/stack/data/venv/lib/python3.12/site-packages/oslo_config/cfg.py:3006}}
Mar 31 22:25:09.946004 np0000162005 nova-scheduler[107773]: DEBUG cotyledon.oslo_config_glue [-] oslo_limit.connect_retries = None {{(pid=107773) log_opt_values /opt/stack/data/venv/lib/python3.12/site-packages/oslo_config/cfg.py:3006}}
Mar 31 22:25:09.946004 np0000162005 nova-scheduler[107773]: DEBUG cotyledon.oslo_config_glue [-] oslo_limit.connect_retry_delay = None {{(pid=107773) log_opt_values /opt/stack/data/venv/lib/python3.12/site-packages/oslo_config/cfg.py:3006}}
Mar 31 22:25:09.946004 np0000162005 nova-scheduler[107773]: DEBUG cotyledon.oslo_config_glue [-] oslo_limit.endpoint_id = None {{(pid=107773) log_opt_values /opt/stack/data/venv/lib/python3.12/site-packages/oslo_config/cfg.py:3006}}
Mar 31 22:25:09.946004 np0000162005 nova-scheduler[107773]: DEBUG cotyledon.oslo_config_glue [-] oslo_limit.endpoint_interface = public {{(pid=107773) log_opt_values /opt/stack/data/venv/lib/python3.12/site-packages/oslo_config/cfg.py:3006}}
Mar 31 22:25:09.946004 np0000162005 nova-scheduler[107773]: DEBUG cotyledon.oslo_config_glue [-] oslo_limit.endpoint_override = None {{(pid=107773) log_opt_values /opt/stack/data/venv/lib/python3.12/site-packages/oslo_config/cfg.py:3006}}
Mar 31 22:25:09.946004 np0000162005 nova-scheduler[107773]: DEBUG cotyledon.oslo_config_glue [-] oslo_limit.endpoint_region_name = None {{(pid=107773) log_opt_values /opt/stack/data/venv/lib/python3.12/site-packages/oslo_config/cfg.py:3006}}
Mar 31 22:25:09.946231 np0000162005 nova-scheduler[107773]: DEBUG cotyledon.oslo_config_glue [-] oslo_limit.endpoint_service_name = None {{(pid=107773) log_opt_values /opt/stack/data/venv/lib/python3.12/site-packages/oslo_config/cfg.py:3006}}
Mar 31 22:25:09.946231 np0000162005 nova-scheduler[107773]: DEBUG cotyledon.oslo_config_glue [-] oslo_limit.endpoint_service_type = None {{(pid=107773) log_opt_values /opt/stack/data/venv/lib/python3.12/site-packages/oslo_config/cfg.py:3006}}
Mar 31 22:25:09.946231 np0000162005 nova-scheduler[107773]: DEBUG cotyledon.oslo_config_glue [-] oslo_limit.insecure = False {{(pid=107773) log_opt_values /opt/stack/data/venv/lib/python3.12/site-packages/oslo_config/cfg.py:3006}}
Mar 31 22:25:09.946231 np0000162005 nova-scheduler[107773]: DEBUG cotyledon.oslo_config_glue [-] oslo_limit.keyfile = None {{(pid=107773) log_opt_values /opt/stack/data/venv/lib/python3.12/site-packages/oslo_config/cfg.py:3006}}
Mar 31 22:25:09.946231 np0000162005 nova-scheduler[107773]: DEBUG cotyledon.oslo_config_glue [-] oslo_limit.max_version = None {{(pid=107773) log_opt_values /opt/stack/data/venv/lib/python3.12/site-packages/oslo_config/cfg.py:3006}}
Mar 31 22:25:09.946231 np0000162005 nova-scheduler[107773]: DEBUG cotyledon.oslo_config_glue [-] oslo_limit.min_version = None {{(pid=107773) log_opt_values /opt/stack/data/venv/lib/python3.12/site-packages/oslo_config/cfg.py:3006}}
Mar 31 22:25:09.946231 np0000162005 nova-scheduler[107773]: DEBUG cotyledon.oslo_config_glue [-] oslo_limit.region_name = None {{(pid=107773) log_opt_values /opt/stack/data/venv/lib/python3.12/site-packages/oslo_config/cfg.py:3006}}
Mar 31 22:25:09.946231 np0000162005 nova-scheduler[107773]: DEBUG cotyledon.oslo_config_glue [-] oslo_limit.retriable_status_codes = None {{(pid=107773) log_opt_values /opt/stack/data/venv/lib/python3.12/site-packages/oslo_config/cfg.py:3006}}
Mar 31 22:25:09.946231 np0000162005 nova-scheduler[107773]: DEBUG cotyledon.oslo_config_glue [-] oslo_limit.service_name = None {{(pid=107773) log_opt_values /opt/stack/data/venv/lib/python3.12/site-packages/oslo_config/cfg.py:3006}}
Mar 31 22:25:09.946467 np0000162005 nova-scheduler[107773]: DEBUG cotyledon.oslo_config_glue [-] oslo_limit.service_type = None {{(pid=107773) log_opt_values /opt/stack/data/venv/lib/python3.12/site-packages/oslo_config/cfg.py:3006}}
Mar 31 22:25:09.946467 np0000162005 nova-scheduler[107773]: DEBUG cotyledon.oslo_config_glue [-] oslo_limit.split_loggers = False {{(pid=107773) log_opt_values /opt/stack/data/venv/lib/python3.12/site-packages/oslo_config/cfg.py:3006}}
Mar 31 22:25:09.946467 np0000162005 nova-scheduler[107773]: DEBUG cotyledon.oslo_config_glue [-] oslo_limit.status_code_retries = None {{(pid=107773) log_opt_values /opt/stack/data/venv/lib/python3.12/site-packages/oslo_config/cfg.py:3006}}
Mar 31 22:25:09.946467 np0000162005 nova-scheduler[107773]: DEBUG cotyledon.oslo_config_glue [-] oslo_limit.status_code_retry_delay = None {{(pid=107773) log_opt_values /opt/stack/data/venv/lib/python3.12/site-packages/oslo_config/cfg.py:3006}}
Mar 31 22:25:09.946467 np0000162005 nova-scheduler[107773]: DEBUG cotyledon.oslo_config_glue [-] oslo_limit.timeout = None {{(pid=107773) log_opt_values /opt/stack/data/venv/lib/python3.12/site-packages/oslo_config/cfg.py:3006}}
Mar 31 22:25:09.946467 np0000162005 nova-scheduler[107773]: DEBUG cotyledon.oslo_config_glue [-] oslo_limit.valid_interfaces = None {{(pid=107773) log_opt_values /opt/stack/data/venv/lib/python3.12/site-packages/oslo_config/cfg.py:3006}}
Mar 31 22:25:09.946467 np0000162005 nova-scheduler[107773]: DEBUG cotyledon.oslo_config_glue [-] oslo_limit.version = None {{(pid=107773) log_opt_values /opt/stack/data/venv/lib/python3.12/site-packages/oslo_config/cfg.py:3006}}
Mar 31 22:25:09.946467 np0000162005 nova-scheduler[107773]: DEBUG cotyledon.oslo_config_glue [-] oslo_reports.file_event_handler = None {{(pid=107773) log_opt_values /opt/stack/data/venv/lib/python3.12/site-packages/oslo_config/cfg.py:3006}}
Mar 31 22:25:09.946467 np0000162005 nova-scheduler[107773]: DEBUG cotyledon.oslo_config_glue [-] oslo_reports.file_event_handler_interval = 1 {{(pid=107773) log_opt_values /opt/stack/data/venv/lib/python3.12/site-packages/oslo_config/cfg.py:3006}}
Mar 31 22:25:09.946758 np0000162005 nova-scheduler[107773]: DEBUG cotyledon.oslo_config_glue [-] oslo_reports.log_dir = None {{(pid=107773) log_opt_values /opt/stack/data/venv/lib/python3.12/site-packages/oslo_config/cfg.py:3006}}
Mar 31 22:25:09.946758 np0000162005 nova-scheduler[107773]: DEBUG cotyledon.oslo_config_glue [-] ******************************************************************************** {{(pid=107773) log_opt_values /opt/stack/data/venv/lib/python3.12/site-packages/oslo_config/cfg.py:3013}}
Mar 31 22:25:09.946758 np0000162005 nova-scheduler[107773]: DEBUG cotyledon._service_worker [-] Run service ServiceWrapper(3) [107773] {{(pid=107773) wait_forever /opt/stack/data/venv/lib/python3.12/site-packages/cotyledon/_service_worker.py:218}}
Mar 31 22:25:09.946758 np0000162005 nova-scheduler[107773]: INFO nova.service [-] Starting scheduler node (version 33.1.0)
Mar 31 22:25:09.950831 np0000162005 nova-scheduler[107765]: DEBUG dbcounter [-] [107765] Writer thread running {{(pid=107765) stat_writer /opt/stack/data/venv/lib/python3.12/site-packages/dbcounter.py:102}}
Mar 31 22:25:09.955105 np0000162005 nova-scheduler[107773]: INFO dbcounter [None req-8c9ee43a-9a4f-43dc-8c39-6f0d5fccf422 None None] Registered counter for database nova_cell0
Mar 31 22:25:09.956358 np0000162005 nova-scheduler[107757]: DEBUG nova.service [None req-1d5610d0-29b8-4e9f-be62-e51cbfca18fd None None] Creating RPC server for service: nova-scheduler on topic: scheduler {{(pid=107757) start /opt/stack/nova/nova/service.py:195}}
Mar 31 22:25:09.971929 np0000162005 nova-scheduler[107750]: DEBUG nova.service [None req-96648f00-27e5-4c91-ba30-b75e45b6cedf None None] Creating RPC server for service: nova-scheduler on topic: scheduler {{(pid=107750) start /opt/stack/nova/nova/service.py:195}}
Mar 31 22:25:09.973096 np0000162005 nova-scheduler[107765]: DEBUG nova.service [None req-53e08477-684a-487c-8fc5-4559b13fd8d5 None None] Creating RPC server for service: nova-scheduler on topic: scheduler {{(pid=107765) start /opt/stack/nova/nova/service.py:195}}
Mar 31 22:25:09.974924 np0000162005 nova-scheduler[107773]: DEBUG oslo_db.sqlalchemy.engines [None req-8c9ee43a-9a4f-43dc-8c39-6f0d5fccf422 None None] MySQL server mode set to STRICT_TRANS_TABLES,STRICT_ALL_TABLES,NO_ZERO_IN_DATE,NO_ZERO_DATE,ERROR_FOR_DIVISION_BY_ZERO,TRADITIONAL,NO_ENGINE_SUBSTITUTION {{(pid=107773) _check_effective_sql_mode /opt/stack/data/venv/lib/python3.12/site-packages/oslo_db/sqlalchemy/engines.py:325}}
Mar 31 22:25:09.987820 np0000162005 nova-scheduler[107773]: DEBUG dbcounter [-] [107773] Writer thread running {{(pid=107773) stat_writer /opt/stack/data/venv/lib/python3.12/site-packages/dbcounter.py:102}}
Mar 31 22:25:09.991572 np0000162005 nova-scheduler[107773]: DEBUG nova.service [None req-8c9ee43a-9a4f-43dc-8c39-6f0d5fccf422 None None] Creating RPC server for service: nova-scheduler on topic: scheduler {{(pid=107773) start /opt/stack/nova/nova/service.py:195}}
Mar 31 22:25:10.000779 np0000162005 nova-scheduler[107757]: DEBUG nova.service [None req-1d5610d0-29b8-4e9f-be62-e51cbfca18fd None None] Join ServiceGroup membership for this service scheduler {{(pid=107757) start /opt/stack/nova/nova/service.py:221}}
Mar 31 22:25:10.001025 np0000162005 nova-scheduler[107757]: DEBUG nova.servicegroup.drivers.db [None req-1d5610d0-29b8-4e9f-be62-e51cbfca18fd None None] DB_Driver: join new ServiceGroup member np0000162005 to the scheduler group, service = {{(pid=107757) join /opt/stack/nova/nova/servicegroup/drivers/db.py:44}}
Mar 31 22:25:10.001593 np0000162005 nova-scheduler[107765]: DEBUG nova.service [None req-53e08477-684a-487c-8fc5-4559b13fd8d5 None None] Join ServiceGroup membership for this service scheduler {{(pid=107765) start /opt/stack/nova/nova/service.py:221}}
Mar 31 22:25:10.001892 np0000162005 nova-scheduler[107765]: DEBUG nova.servicegroup.drivers.db [None req-53e08477-684a-487c-8fc5-4559b13fd8d5 None None] DB_Driver: join new ServiceGroup member np0000162005 to the scheduler group, service = {{(pid=107765) join /opt/stack/nova/nova/servicegroup/drivers/db.py:44}}
Mar 31 22:25:10.019517 np0000162005 nova-scheduler[107773]: DEBUG nova.service [None req-8c9ee43a-9a4f-43dc-8c39-6f0d5fccf422 None None] Join ServiceGroup membership for this service scheduler {{(pid=107773) start /opt/stack/nova/nova/service.py:221}}
Mar 31 22:25:10.019763 np0000162005 nova-scheduler[107773]: DEBUG nova.servicegroup.drivers.db [None req-8c9ee43a-9a4f-43dc-8c39-6f0d5fccf422 None None] DB_Driver: join new ServiceGroup member np0000162005 to the scheduler group, service = {{(pid=107773) join /opt/stack/nova/nova/servicegroup/drivers/db.py:44}}
Mar 31 22:25:10.026917 np0000162005 nova-scheduler[107750]: DEBUG nova.service [None req-96648f00-27e5-4c91-ba30-b75e45b6cedf None None] Join ServiceGroup membership for this service scheduler {{(pid=107750) start /opt/stack/nova/nova/service.py:221}}
Mar 31 22:25:10.027105 np0000162005 nova-scheduler[107750]: DEBUG nova.servicegroup.drivers.db [None req-96648f00-27e5-4c91-ba30-b75e45b6cedf None None] DB_Driver: join new ServiceGroup member np0000162005 to the scheduler group, service = {{(pid=107750) join /opt/stack/nova/nova/servicegroup/drivers/db.py:44}}
Mar 31 22:25:15.020508 np0000162005 nova-scheduler[107757]: DEBUG oslo.service.backend._threading.loopingcall [-] Fixed interval looping call 'nova.servicegroup.drivers.db.DbDriver._report_state' sleeping for 119.98 seconds {{(pid=107757) _run_loop /opt/stack/data/venv/lib/python3.12/site-packages/oslo_service/backend/_threading/loopingcall.py:125}}
Mar 31 22:25:15.021541 np0000162005 nova-scheduler[107765]: DEBUG oslo.service.backend._threading.loopingcall [-] Fixed interval looping call 'nova.servicegroup.drivers.db.DbDriver._report_state' sleeping for 119.98 seconds {{(pid=107765) _run_loop /opt/stack/data/venv/lib/python3.12/site-packages/oslo_service/backend/_threading/loopingcall.py:125}}
Mar 31 22:25:15.033569 np0000162005 nova-scheduler[107773]: DEBUG oslo.service.backend._threading.loopingcall [-] Fixed interval looping call 'nova.servicegroup.drivers.db.DbDriver._report_state' sleeping for 119.99 seconds {{(pid=107773) _run_loop /opt/stack/data/venv/lib/python3.12/site-packages/oslo_service/backend/_threading/loopingcall.py:125}}
Mar 31 22:25:15.038165 np0000162005 nova-scheduler[107750]: DEBUG oslo.service.backend._threading.loopingcall [-] Fixed interval looping call 'nova.servicegroup.drivers.db.DbDriver._report_state' sleeping for 119.99 seconds {{(pid=107750) _run_loop /opt/stack/data/venv/lib/python3.12/site-packages/oslo_service/backend/_threading/loopingcall.py:125}}
Mar 31 22:25:18.506911 np0000162005 nova-scheduler[106989]: DEBUG dbcounter [-] [106989] Writing DB stats nova_api:SELECT=3 {{(pid=106989) stat_writer /opt/stack/data/venv/lib/python3.12/site-packages/dbcounter.py:115}}
Mar 31 22:25:18.599360 np0000162005 nova-scheduler[106989]: DEBUG dbcounter [-] [106989] Writing DB stats nova_cell0:SELECT=1 {{(pid=106989) stat_writer /opt/stack/data/venv/lib/python3.12/site-packages/dbcounter.py:115}}
Mar 31 22:25:18.605939 np0000162005 nova-scheduler[106989]: DEBUG dbcounter [-] [106989] Writing DB stats nova_cell1:SELECT=1 {{(pid=106989) stat_writer /opt/stack/data/venv/lib/python3.12/site-packages/dbcounter.py:115}}
Mar 31 22:25:21.005829 np0000162005 nova-scheduler[107757]: DEBUG oslo.service.backend._threading.loopingcall [None req-9fb449e7-8747-4719-a2c8-8d33a9cd7b14 None None] Dynamic interval looping call 'nova.service.Service.periodic_tasks' sleeping for 60.00 seconds {{(pid=107757) _run_loop /opt/stack/data/venv/lib/python3.12/site-packages/oslo_service/backend/_threading/loopingcall.py:125}}
Mar 31 22:25:22.005208 np0000162005 nova-scheduler[107765]: DEBUG oslo.service.backend._threading.loopingcall [None req-da10df5b-3d77-4d07-b900-f70ada93d652 None None] Dynamic interval looping call 'nova.service.Service.periodic_tasks' sleeping for 60.00 seconds {{(pid=107765) _run_loop /opt/stack/data/venv/lib/python3.12/site-packages/oslo_service/backend/_threading/loopingcall.py:125}}
Mar 31 22:25:25.015525 np0000162005 nova-scheduler[107757]: DEBUG dbcounter [-] [107757] Writing DB stats nova_cell0:SELECT=4,nova_cell0:INSERT=1,nova_cell0:UPDATE=1 {{(pid=107757) stat_writer /opt/stack/data/venv/lib/python3.12/site-packages/dbcounter.py:115}}
Mar 31 22:25:25.016744 np0000162005 nova-scheduler[107765]: DEBUG dbcounter [-] [107765] Writing DB stats nova_cell0:SELECT=4,nova_cell0:INSERT=1,nova_cell0:UPDATE=1 {{(pid=107765) stat_writer /opt/stack/data/venv/lib/python3.12/site-packages/dbcounter.py:115}}
Mar 31 22:25:25.029953 np0000162005 nova-scheduler[107773]: DEBUG dbcounter [-] [107773] Writing DB stats nova_cell0:SELECT=3 {{(pid=107773) stat_writer /opt/stack/data/venv/lib/python3.12/site-packages/dbcounter.py:115}}
Mar 31 22:25:25.035641 np0000162005 nova-scheduler[107750]: DEBUG dbcounter [-] [107750] Writing DB stats nova_cell0:SELECT=5,nova_cell0:INSERT=1 {{(pid=107750) stat_writer /opt/stack/data/venv/lib/python3.12/site-packages/dbcounter.py:115}}
Mar 31 22:25:46.029189 np0000162005 nova-scheduler[107773]: DEBUG oslo.service.backend._threading.loopingcall [None req-38983971-36a9-492e-a942-be7eb5446221 None None] Dynamic interval looping call 'nova.service.Service.periodic_tasks' sleeping for 60.00 seconds {{(pid=107773) _run_loop /opt/stack/data/venv/lib/python3.12/site-packages/oslo_service/backend/_threading/loopingcall.py:125}}
Mar 31 22:25:50.033959 np0000162005 nova-scheduler[107750]: DEBUG oslo.service.backend._threading.loopingcall [None req-173f1be1-5e45-4020-af1a-1da16429c0c2 None None] Dynamic interval looping call 'nova.service.Service.periodic_tasks' sleeping for 60.00 seconds {{(pid=107750) _run_loop /opt/stack/data/venv/lib/python3.12/site-packages/oslo_service/backend/_threading/loopingcall.py:125}}
Mar 31 22:26:21.005838 np0000162005 nova-scheduler[107757]: DEBUG oslo.service.backend._threading.loopingcall [None req-9fb449e7-8747-4719-a2c8-8d33a9cd7b14 None None] Dynamic interval looping call 'nova.service.Service.periodic_tasks' sleeping for 60.00 seconds {{(pid=107757) _run_loop /opt/stack/data/venv/lib/python3.12/site-packages/oslo_service/backend/_threading/loopingcall.py:125}}
Mar 31 22:26:22.006246 np0000162005 nova-scheduler[107765]: DEBUG oslo.service.backend._threading.loopingcall [None req-da10df5b-3d77-4d07-b900-f70ada93d652 None None] Dynamic interval looping call 'nova.service.Service.periodic_tasks' sleeping for 60.00 seconds {{(pid=107765) _run_loop /opt/stack/data/venv/lib/python3.12/site-packages/oslo_service/backend/_threading/loopingcall.py:125}}
Mar 31 22:26:46.024387 np0000162005 nova-scheduler[107773]: DEBUG oslo.service.backend._threading.loopingcall [None req-38983971-36a9-492e-a942-be7eb5446221 None None] Dynamic interval looping call 'nova.service.Service.periodic_tasks' sleeping for 60.00 seconds {{(pid=107773) _run_loop /opt/stack/data/venv/lib/python3.12/site-packages/oslo_service/backend/_threading/loopingcall.py:125}}
Mar 31 22:26:50.034780 np0000162005 nova-scheduler[107750]: DEBUG oslo.service.backend._threading.loopingcall [None req-173f1be1-5e45-4020-af1a-1da16429c0c2 None None] Dynamic interval looping call 'nova.service.Service.periodic_tasks' sleeping for 60.00 seconds {{(pid=107750) _run_loop /opt/stack/data/venv/lib/python3.12/site-packages/oslo_service/backend/_threading/loopingcall.py:125}}
Mar 31 22:27:15.012180 np0000162005 nova-scheduler[107757]: DEBUG oslo.service.backend._threading.loopingcall [-] Fixed interval looping call 'nova.servicegroup.drivers.db.DbDriver._report_state' sleeping for 119.99 seconds {{(pid=107757) _run_loop /opt/stack/data/venv/lib/python3.12/site-packages/oslo_service/backend/_threading/loopingcall.py:125}}
Mar 31 22:27:15.012861 np0000162005 nova-scheduler[107765]: DEBUG oslo.service.backend._threading.loopingcall [-] Fixed interval looping call 'nova.servicegroup.drivers.db.DbDriver._report_state' sleeping for 119.99 seconds {{(pid=107765) _run_loop /opt/stack/data/venv/lib/python3.12/site-packages/oslo_service/backend/_threading/loopingcall.py:125}}
Mar 31 22:27:15.029664 np0000162005 nova-scheduler[107773]: DEBUG oslo.service.backend._threading.loopingcall [-] Fixed interval looping call 'nova.servicegroup.drivers.db.DbDriver._report_state' sleeping for 119.99 seconds {{(pid=107773) _run_loop /opt/stack/data/venv/lib/python3.12/site-packages/oslo_service/backend/_threading/loopingcall.py:125}}
Mar 31 22:27:15.034446 np0000162005 nova-scheduler[107750]: DEBUG oslo.service.backend._threading.loopingcall [-] Fixed interval looping call 'nova.servicegroup.drivers.db.DbDriver._report_state' sleeping for 119.99 seconds {{(pid=107750) _run_loop /opt/stack/data/venv/lib/python3.12/site-packages/oslo_service/backend/_threading/loopingcall.py:125}}
Mar 31 22:27:21.006633 np0000162005 nova-scheduler[107757]: DEBUG oslo.service.backend._threading.loopingcall [None req-9fb449e7-8747-4719-a2c8-8d33a9cd7b14 None None] Dynamic interval looping call 'nova.service.Service.periodic_tasks' sleeping for 60.00 seconds {{(pid=107757) _run_loop /opt/stack/data/venv/lib/python3.12/site-packages/oslo_service/backend/_threading/loopingcall.py:125}}
Mar 31 22:27:22.007056 np0000162005 nova-scheduler[107765]: DEBUG oslo.service.backend._threading.loopingcall [None req-da10df5b-3d77-4d07-b900-f70ada93d652 None None] Dynamic interval looping call 'nova.service.Service.periodic_tasks' sleeping for 60.00 seconds {{(pid=107765) _run_loop /opt/stack/data/venv/lib/python3.12/site-packages/oslo_service/backend/_threading/loopingcall.py:125}}
Mar 31 22:27:25.006183 np0000162005 nova-scheduler[107757]: DEBUG dbcounter [-] [107757] Writing DB stats nova_cell0:SELECT=1,nova_cell0:UPDATE=1 {{(pid=107757) stat_writer /opt/stack/data/venv/lib/python3.12/site-packages/dbcounter.py:115}}
Mar 31 22:27:25.007691 np0000162005 nova-scheduler[107765]: DEBUG dbcounter [-] [107765] Writing DB stats nova_cell0:SELECT=1,nova_cell0:UPDATE=1 {{(pid=107765) stat_writer /opt/stack/data/venv/lib/python3.12/site-packages/dbcounter.py:115}}
Mar 31 22:27:25.027661 np0000162005 nova-scheduler[107773]: DEBUG dbcounter [-] [107773] Writing DB stats nova_cell0:SELECT=1 {{(pid=107773) stat_writer /opt/stack/data/venv/lib/python3.12/site-packages/dbcounter.py:115}}
Mar 31 22:27:25.031375 np0000162005 nova-scheduler[107750]: DEBUG dbcounter [-] [107750] Writing DB stats nova_cell0:SELECT=1 {{(pid=107750) stat_writer /opt/stack/data/venv/lib/python3.12/site-packages/dbcounter.py:115}}
Mar 31 22:27:46.025450 np0000162005 nova-scheduler[107773]: DEBUG oslo.service.backend._threading.loopingcall [None req-38983971-36a9-492e-a942-be7eb5446221 None None] Dynamic interval looping call 'nova.service.Service.periodic_tasks' sleeping for 60.00 seconds {{(pid=107773) _run_loop /opt/stack/data/venv/lib/python3.12/site-packages/oslo_service/backend/_threading/loopingcall.py:125}}
Mar 31 22:27:50.036237 np0000162005 nova-scheduler[107750]: DEBUG oslo.service.backend._threading.loopingcall [None req-173f1be1-5e45-4020-af1a-1da16429c0c2 None None] Dynamic interval looping call 'nova.service.Service.periodic_tasks' sleeping for 60.00 seconds {{(pid=107750) _run_loop /opt/stack/data/venv/lib/python3.12/site-packages/oslo_service/backend/_threading/loopingcall.py:125}}
Mar 31 22:28:21.007503 np0000162005 nova-scheduler[107757]: DEBUG oslo.service.backend._threading.loopingcall [None req-9fb449e7-8747-4719-a2c8-8d33a9cd7b14 None None] Dynamic interval looping call 'nova.service.Service.periodic_tasks' sleeping for 60.00 seconds {{(pid=107757) _run_loop /opt/stack/data/venv/lib/python3.12/site-packages/oslo_service/backend/_threading/loopingcall.py:125}}
Mar 31 22:28:22.008343 np0000162005 nova-scheduler[107765]: DEBUG oslo.service.backend._threading.loopingcall [None req-da10df5b-3d77-4d07-b900-f70ada93d652 None None] Dynamic interval looping call 'nova.service.Service.periodic_tasks' sleeping for 60.00 seconds {{(pid=107765) _run_loop /opt/stack/data/venv/lib/python3.12/site-packages/oslo_service/backend/_threading/loopingcall.py:125}}
Mar 31 22:28:46.026314 np0000162005 nova-scheduler[107773]: DEBUG oslo.service.backend._threading.loopingcall [None req-38983971-36a9-492e-a942-be7eb5446221 None None] Dynamic interval looping call 'nova.service.Service.periodic_tasks' sleeping for 60.00 seconds {{(pid=107773) _run_loop /opt/stack/data/venv/lib/python3.12/site-packages/oslo_service/backend/_threading/loopingcall.py:125}}
Mar 31 22:28:50.037096 np0000162005 nova-scheduler[107750]: DEBUG oslo.service.backend._threading.loopingcall [None req-173f1be1-5e45-4020-af1a-1da16429c0c2 None None] Dynamic interval looping call 'nova.service.Service.periodic_tasks' sleeping for 60.00 seconds {{(pid=107750) _run_loop /opt/stack/data/venv/lib/python3.12/site-packages/oslo_service/backend/_threading/loopingcall.py:125}}
Mar 31 22:29:15.168475 np0000162005 nova-scheduler[107757]: DEBUG oslo.service.backend._threading.loopingcall [-] Fixed interval looping call 'nova.servicegroup.drivers.db.DbDriver._report_state' sleeping for 119.84 seconds {{(pid=107757) _run_loop /opt/stack/data/venv/lib/python3.12/site-packages/oslo_service/backend/_threading/loopingcall.py:125}}
Mar 31 22:29:15.169433 np0000162005 nova-scheduler[107765]: DEBUG oslo.service.backend._threading.loopingcall [-] Fixed interval looping call 'nova.servicegroup.drivers.db.DbDriver._report_state' sleeping for 119.84 seconds {{(pid=107765) _run_loop /opt/stack/data/venv/lib/python3.12/site-packages/oslo_service/backend/_threading/loopingcall.py:125}}
Mar 31 22:29:15.170858 np0000162005 nova-scheduler[107773]: DEBUG oslo.service.backend._threading.loopingcall [-] Fixed interval looping call 'nova.servicegroup.drivers.db.DbDriver._report_state' sleeping for 119.85 seconds {{(pid=107773) _run_loop /opt/stack/data/venv/lib/python3.12/site-packages/oslo_service/backend/_threading/loopingcall.py:125}}
Mar 31 22:29:15.172206 np0000162005 nova-scheduler[107750]: DEBUG oslo.service.backend._threading.loopingcall [-] Fixed interval looping call 'nova.servicegroup.drivers.db.DbDriver._report_state' sleeping for 119.85 seconds {{(pid=107750) _run_loop /opt/stack/data/venv/lib/python3.12/site-packages/oslo_service/backend/_threading/loopingcall.py:125}}
Mar 31 22:29:21.008072 np0000162005 nova-scheduler[107757]: DEBUG oslo.service.backend._threading.loopingcall [None req-9fb449e7-8747-4719-a2c8-8d33a9cd7b14 None None] Dynamic interval looping call 'nova.service.Service.periodic_tasks' sleeping for 60.00 seconds {{(pid=107757) _run_loop /opt/stack/data/venv/lib/python3.12/site-packages/oslo_service/backend/_threading/loopingcall.py:125}}
Mar 31 22:29:22.009065 np0000162005 nova-scheduler[107765]: DEBUG oslo.service.backend._threading.loopingcall [None req-da10df5b-3d77-4d07-b900-f70ada93d652 None None] Dynamic interval looping call 'nova.service.Service.periodic_tasks' sleeping for 60.00 seconds {{(pid=107765) _run_loop /opt/stack/data/venv/lib/python3.12/site-packages/oslo_service/backend/_threading/loopingcall.py:125}}
Mar 31 22:29:25.012749 np0000162005 nova-scheduler[107757]: DEBUG dbcounter [-] [107757] Writing DB stats nova_cell0:SELECT=1,nova_cell0:UPDATE=1 {{(pid=107757) stat_writer /opt/stack/data/venv/lib/python3.12/site-packages/dbcounter.py:115}}
Mar 31 22:29:25.013590 np0000162005 nova-scheduler[107765]: DEBUG dbcounter [-] [107765] Writing DB stats nova_cell0:SELECT=1,nova_cell0:UPDATE=1 {{(pid=107765) stat_writer /opt/stack/data/venv/lib/python3.12/site-packages/dbcounter.py:115}}
Mar 31 22:29:25.028275 np0000162005 nova-scheduler[107773]: DEBUG dbcounter [-] [107773] Writing DB stats nova_cell0:SELECT=1,nova_cell0:UPDATE=1 {{(pid=107773) stat_writer /opt/stack/data/venv/lib/python3.12/site-packages/dbcounter.py:115}}
