Mar 31 22:25:09.272303 np0000162005 systemd[1]: Starting devstack@n-api-meta.service - Devstack devstack@n-api-meta.service...
Mar 31 22:25:09.281721 np0000162005 devstack@n-api-meta.service[107599]: [uWSGI] getting INI configuration from /etc/nova/nova-metadata-uwsgi.ini
Mar 31 22:25:09.282401 np0000162005 devstack@n-api-meta.service[107599]: open("./http_plugin.so"): No such file or directory [core/utils.c line 3709]
Mar 31 22:25:09.282401 np0000162005 devstack@n-api-meta.service[107599]: !!! UNABLE to load uWSGI plugin: ./http_plugin.so: cannot open shared object file: No such file or directory !!!
Mar 31 22:25:09.282401 np0000162005 devstack@n-api-meta.service[107599]: open("./python3_plugin.so"): No such file or directory [core/utils.c line 3709]
Mar 31 22:25:09.282401 np0000162005 devstack@n-api-meta.service[107599]: !!! UNABLE to load uWSGI plugin: ./python3_plugin.so: cannot open shared object file: No such file or directory !!!
Mar 31 22:25:09.282401 np0000162005 devstack@n-api-meta.service[107599]: *** Starting uWSGI 2.0.31 (64bit) on [Tue Mar 31 22:25:09 2026] ***
Mar 31 22:25:09.282401 np0000162005 devstack@n-api-meta.service[107599]: compiled with version: 13.3.0 on 31 March 2026 22:12:33
Mar 31 22:25:09.282401 np0000162005 devstack@n-api-meta.service[107599]: os: Linux-6.8.0-106-generic #106-Ubuntu SMP PREEMPT_DYNAMIC Fri Mar 6 07:58:08 UTC 2026
Mar 31 22:25:09.282401 np0000162005 devstack@n-api-meta.service[107599]: nodename: np0000162005
Mar 31 22:25:09.282401 np0000162005 devstack@n-api-meta.service[107599]: machine: x86_64
Mar 31 22:25:09.282401 np0000162005 devstack@n-api-meta.service[107599]: clock source: unix
Mar 31 22:25:09.282401 np0000162005 devstack@n-api-meta.service[107599]: pcre jit disabled
Mar 31 22:25:09.282401 np0000162005 devstack@n-api-meta.service[107599]: detected number of CPU cores: 16
Mar 31 22:25:09.282401 np0000162005 devstack@n-api-meta.service[107599]: current working directory: /
Mar 31 22:25:09.282401 np0000162005 devstack@n-api-meta.service[107599]: detected binary path: /opt/stack/data/venv/bin/uwsgi
Mar 31 22:25:09.282401 np0000162005 devstack@n-api-meta.service[107599]: your processes number limit is 256917
Mar 31 22:25:09.282401 np0000162005 devstack@n-api-meta.service[107599]: your memory page size is 4096 bytes
Mar 31 22:25:09.282401 np0000162005 devstack@n-api-meta.service[107599]: detected max file descriptor number: 2048
Mar 31 22:25:09.282401 np0000162005 devstack@n-api-meta.service[107599]: lock engine: pthread robust mutexes
Mar 31 22:25:09.282401 np0000162005 devstack@n-api-meta.service[107599]: thunder lock: enabled
Mar 31 22:25:09.283410 np0000162005 devstack@n-api-meta.service[107599]: uWSGI http bound on 0.0.0.0:8775 fd 5
Mar 31 22:25:09.283410 np0000162005 devstack@n-api-meta.service[107599]: uwsgi socket 0 bound to TCP address 127.0.0.1:33539 (port auto-assigned) fd 4
Mar 31 22:25:09.283410 np0000162005 devstack@n-api-meta.service[107599]: Python version: 3.12.3 (main, Mar 3 2026, 12:15:18) [GCC 13.3.0]
Mar 31 22:25:09.283410 np0000162005 devstack@n-api-meta.service[107599]: PEP 405 virtualenv detected: /opt/stack/data/venv
Mar 31 22:25:09.283410 np0000162005 devstack@n-api-meta.service[107599]: Set PythonHome to /opt/stack/data/venv
Mar 31 22:25:09.321108 np0000162005 devstack@n-api-meta.service[107599]: Python main interpreter initialized at 0x7e91072a3668
Mar 31 22:25:09.321108 np0000162005 devstack@n-api-meta.service[107599]: python threads support enabled
Mar 31 22:25:09.321108 np0000162005 devstack@n-api-meta.service[107599]: your server socket listen backlog is limited to 100 connections
Mar 31 22:25:09.321108 np0000162005 devstack@n-api-meta.service[107599]: your mercy for graceful operations on workers is 80 seconds
Mar 31 22:25:09.321657 np0000162005 devstack@n-api-meta.service[107599]: mapped 671795 bytes (656 KB) for 4 cores
Mar 31 22:25:09.321808 np0000162005 devstack@n-api-meta.service[107599]: *** Operational MODE: preforking ***
Mar 31 22:25:09.322129 np0000162005 devstack@n-api-meta.service[107599]: *** uWSGI is running in multiple interpreter mode ***
Mar 31 22:25:09.322129 np0000162005 devstack@n-api-meta.service[107599]: spawned uWSGI master process (pid: 107599)
Mar 31 22:25:09.322305 np0000162005 systemd[1]: Started devstack@n-api-meta.service - Devstack devstack@n-api-meta.service.
Mar 31 22:25:09.322872 np0000162005 devstack@n-api-meta.service[107599]: spawned uWSGI worker 1 (pid: 107600, cores: 1)
Mar 31 22:25:09.323335 np0000162005 devstack@n-api-meta.service[107599]: spawned uWSGI worker 2 (pid: 107601, cores: 1)
Mar 31 22:25:09.323822 np0000162005 devstack@n-api-meta.service[107599]: spawned uWSGI worker 3 (pid: 107602, cores: 1)
Mar 31 22:25:09.324305 np0000162005 devstack@n-api-meta.service[107599]: spawned uWSGI worker 4 (pid: 107603, cores: 1)
Mar 31 22:25:09.324752 np0000162005 devstack@n-api-meta.service[107599]: spawned uWSGI http 1 (pid: 107604)
Mar 31 22:25:09.324752 np0000162005 devstack@n-api-meta.service[107599]: running "unix_signal:15 gracefully_kill_them_all" (master-start)...
Mar 31 22:25:09.683666 np0000162005 devstack@n-api-meta.service[107601]: Service is starting with native threading. This is currently experimental. Do not use it in production without first testing it in pre-production.
Mar 31 22:25:09.690539 np0000162005 devstack@n-api-meta.service[107603]: Service is starting with native threading. This is currently experimental. Do not use it in production without first testing it in pre-production.
Mar 31 22:25:09.698972 np0000162005 devstack@n-api-meta.service[107602]: Service is starting with native threading. This is currently experimental. Do not use it in production without first testing it in pre-production.
Mar 31 22:25:09.699532 np0000162005 devstack@n-api-meta.service[107600]: Service is starting with native threading. This is currently experimental. Do not use it in production without first testing it in pre-production.
Mar 31 22:25:11.324169 np0000162005 devstack@n-api-meta.service[107601]: INFO dbcounter [None req-4b3c1d4f-f6c3-4634-99f1-0c971a7adb37 None None] Registered counter for database nova_api
Mar 31 22:25:11.343488 np0000162005 devstack@n-api-meta.service[107601]: DEBUG oslo_db.sqlalchemy.engines [None req-4b3c1d4f-f6c3-4634-99f1-0c971a7adb37 None None] MySQL server mode set to STRICT_TRANS_TABLES,STRICT_ALL_TABLES,NO_ZERO_IN_DATE,NO_ZERO_DATE,ERROR_FOR_DIVISION_BY_ZERO,TRADITIONAL,NO_ENGINE_SUBSTITUTION {{(pid=107601) _check_effective_sql_mode /opt/stack/data/venv/lib/python3.12/site-packages/oslo_db/sqlalchemy/engines.py:325}}
Mar 31 22:25:11.383579 np0000162005 devstack@n-api-meta.service[107601]: DEBUG dbcounter [-] [107601] Writer thread running {{(pid=107601) stat_writer /opt/stack/data/venv/lib/python3.12/site-packages/dbcounter.py:102}}
Mar 31 22:25:11.388196 np0000162005 devstack@n-api-meta.service[107601]: DEBUG nova.context [None req-4b3c1d4f-f6c3-4634-99f1-0c971a7adb37 None None] Found 2 cells: 00000000-0000-0000-0000-000000000000(cell0),6855283a-bdb5-4c54-a03e-1326d4709364(cell1) {{(pid=107601) load_cells /opt/stack/nova/nova/context.py:509}}
Mar 31 22:25:11.388196 np0000162005 devstack@n-api-meta.service[107601]: INFO nova.utils [None req-4b3c1d4f-f6c3-4634-99f1-0c971a7adb37 None None] The cell worker thread pool MainProcess.cell_worker is initialized
Mar 31 22:25:11.388821 np0000162005 devstack@n-api-meta.service[107601]: DEBUG oslo_concurrency.lockutils [None req-4b3c1d4f-f6c3-4634-99f1-0c971a7adb37 None None] Acquiring lock "00000000-0000-0000-0000-000000000000" by "nova.context.set_target_cell..get_or_set_cached_cell_and_set_connections" {{(pid=107601) inner /opt/stack/data/venv/lib/python3.12/site-packages/oslo_concurrency/lockutils.py:506}}
Mar 31 22:25:11.388988 np0000162005 devstack@n-api-meta.service[107601]: DEBUG oslo_concurrency.lockutils [None req-4b3c1d4f-f6c3-4634-99f1-0c971a7adb37 None None] Lock "00000000-0000-0000-0000-000000000000" acquired by "nova.context.set_target_cell..get_or_set_cached_cell_and_set_connections" :: waited 0.000s {{(pid=107601) inner /opt/stack/data/venv/lib/python3.12/site-packages/oslo_concurrency/lockutils.py:519}}
Mar 31 22:25:11.389373 np0000162005 devstack@n-api-meta.service[107601]: DEBUG oslo_concurrency.lockutils [None req-4b3c1d4f-f6c3-4634-99f1-0c971a7adb37 None None] Lock "00000000-0000-0000-0000-000000000000" "released" by "nova.context.set_target_cell..get_or_set_cached_cell_and_set_connections" :: held 0.000s {{(pid=107601) inner /opt/stack/data/venv/lib/python3.12/site-packages/oslo_concurrency/lockutils.py:538}}
Mar 31 22:25:11.390172 np0000162005 devstack@n-api-meta.service[107601]: DEBUG oslo_concurrency.lockutils [None req-4b3c1d4f-f6c3-4634-99f1-0c971a7adb37 None None] Acquiring lock "6855283a-bdb5-4c54-a03e-1326d4709364" by "nova.context.set_target_cell..get_or_set_cached_cell_and_set_connections" {{(pid=107601) inner /opt/stack/data/venv/lib/python3.12/site-packages/oslo_concurrency/lockutils.py:506}}
Mar 31 22:25:11.390305 np0000162005 devstack@n-api-meta.service[107601]: DEBUG oslo_concurrency.lockutils [None req-4b3c1d4f-f6c3-4634-99f1-0c971a7adb37 None None] Lock "6855283a-bdb5-4c54-a03e-1326d4709364" acquired by "nova.context.set_target_cell..get_or_set_cached_cell_and_set_connections" :: waited 0.000s {{(pid=107601) inner /opt/stack/data/venv/lib/python3.12/site-packages/oslo_concurrency/lockutils.py:519}}
Mar 31 22:25:11.391226 np0000162005 devstack@n-api-meta.service[107601]: DEBUG oslo_concurrency.lockutils [None req-4b3c1d4f-f6c3-4634-99f1-0c971a7adb37 None None] Lock "6855283a-bdb5-4c54-a03e-1326d4709364" "released" by "nova.context.set_target_cell..get_or_set_cached_cell_and_set_connections" :: held 0.001s {{(pid=107601) inner /opt/stack/data/venv/lib/python3.12/site-packages/oslo_concurrency/lockutils.py:538}}
Mar 31 22:25:11.394551 np0000162005 devstack@n-api-meta.service[107601]: INFO dbcounter [None req-4b3c1d4f-f6c3-4634-99f1-0c971a7adb37 None None] Registered counter for database nova_cell0
Mar 31 22:25:11.399926 np0000162005 devstack@n-api-meta.service[107601]: INFO dbcounter [None req-4b3c1d4f-f6c3-4634-99f1-0c971a7adb37 None None] Registered counter for database nova_cell1
Mar 31 22:25:11.404135 np0000162005 devstack@n-api-meta.service[107600]: INFO dbcounter [None req-942a8256-b916-4fda-8234-2905b9105c41 None None] Registered counter for database nova_api
Mar 31 22:25:11.407057 np0000162005 devstack@n-api-meta.service[107603]: INFO dbcounter [None req-1e740b74-84a4-483a-8652-4ff9bc9b6600 None None] Registered counter for database nova_api
Mar 31 22:25:11.409398 np0000162005 devstack@n-api-meta.service[107601]: DEBUG oslo_db.sqlalchemy.engines [None req-4b3c1d4f-f6c3-4634-99f1-0c971a7adb37 None None] MySQL server mode set to STRICT_TRANS_TABLES,STRICT_ALL_TABLES,NO_ZERO_IN_DATE,NO_ZERO_DATE,ERROR_FOR_DIVISION_BY_ZERO,TRADITIONAL,NO_ENGINE_SUBSTITUTION {{(pid=107601) _check_effective_sql_mode /opt/stack/data/venv/lib/python3.12/site-packages/oslo_db/sqlalchemy/engines.py:325}}
Mar 31 22:25:11.424829 np0000162005 devstack@n-api-meta.service[107600]: DEBUG oslo_db.sqlalchemy.engines [None req-942a8256-b916-4fda-8234-2905b9105c41 None None] MySQL server mode set to STRICT_TRANS_TABLES,STRICT_ALL_TABLES,NO_ZERO_IN_DATE,NO_ZERO_DATE,ERROR_FOR_DIVISION_BY_ZERO,TRADITIONAL,NO_ENGINE_SUBSTITUTION {{(pid=107600) _check_effective_sql_mode /opt/stack/data/venv/lib/python3.12/site-packages/oslo_db/sqlalchemy/engines.py:325}}
Mar 31 22:25:11.429138 np0000162005 devstack@n-api-meta.service[107601]: DEBUG oslo_db.sqlalchemy.engines [None req-4b3c1d4f-f6c3-4634-99f1-0c971a7adb37 None None] MySQL server mode set to STRICT_TRANS_TABLES,STRICT_ALL_TABLES,NO_ZERO_IN_DATE,NO_ZERO_DATE,ERROR_FOR_DIVISION_BY_ZERO,TRADITIONAL,NO_ENGINE_SUBSTITUTION {{(pid=107601) _check_effective_sql_mode /opt/stack/data/venv/lib/python3.12/site-packages/oslo_db/sqlalchemy/engines.py:325}}
Mar 31 22:25:11.430496 np0000162005 devstack@n-api-meta.service[107603]: DEBUG oslo_db.sqlalchemy.engines [None req-1e740b74-84a4-483a-8652-4ff9bc9b6600 None None] MySQL server mode set to STRICT_TRANS_TABLES,STRICT_ALL_TABLES,NO_ZERO_IN_DATE,NO_ZERO_DATE,ERROR_FOR_DIVISION_BY_ZERO,TRADITIONAL,NO_ENGINE_SUBSTITUTION {{(pid=107603) _check_effective_sql_mode /opt/stack/data/venv/lib/python3.12/site-packages/oslo_db/sqlalchemy/engines.py:325}}
Mar 31 22:25:11.439174 np0000162005 devstack@n-api-meta.service[107602]: INFO dbcounter [None req-7468de7d-aba4-4cc2-8a4a-d94e923f0a0e None None] Registered counter for database nova_api
Mar 31 22:25:11.462744 np0000162005 devstack@n-api-meta.service[107602]: DEBUG oslo_db.sqlalchemy.engines [None req-7468de7d-aba4-4cc2-8a4a-d94e923f0a0e None None] MySQL server mode set to STRICT_TRANS_TABLES,STRICT_ALL_TABLES,NO_ZERO_IN_DATE,NO_ZERO_DATE,ERROR_FOR_DIVISION_BY_ZERO,TRADITIONAL,NO_ENGINE_SUBSTITUTION {{(pid=107602) _check_effective_sql_mode /opt/stack/data/venv/lib/python3.12/site-packages/oslo_db/sqlalchemy/engines.py:325}}
Mar 31 22:25:11.464646 np0000162005 devstack@n-api-meta.service[107600]: DEBUG dbcounter [-] [107600] Writer thread running {{(pid=107600) stat_writer /opt/stack/data/venv/lib/python3.12/site-packages/dbcounter.py:102}}
Mar 31 22:25:11.467310 np0000162005 devstack@n-api-meta.service[107600]: DEBUG nova.context [None req-942a8256-b916-4fda-8234-2905b9105c41 None None] Found 2 cells: 00000000-0000-0000-0000-000000000000(cell0),6855283a-bdb5-4c54-a03e-1326d4709364(cell1) {{(pid=107600) load_cells /opt/stack/nova/nova/context.py:509}}
Mar 31 22:25:11.467558 np0000162005 devstack@n-api-meta.service[107600]: INFO nova.utils [None req-942a8256-b916-4fda-8234-2905b9105c41 None None] The cell worker thread pool MainProcess.cell_worker is initialized
Mar 31 22:25:11.469159 np0000162005 devstack@n-api-meta.service[107603]: DEBUG dbcounter [-] [107603] Writer thread running {{(pid=107603) stat_writer /opt/stack/data/venv/lib/python3.12/site-packages/dbcounter.py:102}}
Mar 31 22:25:11.469452 np0000162005 devstack@n-api-meta.service[107600]: DEBUG oslo_concurrency.lockutils [None req-942a8256-b916-4fda-8234-2905b9105c41 None None] Acquiring lock "00000000-0000-0000-0000-000000000000" by "nova.context.set_target_cell..get_or_set_cached_cell_and_set_connections" {{(pid=107600) inner /opt/stack/data/venv/lib/python3.12/site-packages/oslo_concurrency/lockutils.py:506}}
Mar 31 22:25:11.469611 np0000162005 devstack@n-api-meta.service[107600]: DEBUG oslo_concurrency.lockutils [None req-942a8256-b916-4fda-8234-2905b9105c41 None None] Lock "00000000-0000-0000-0000-000000000000" acquired by "nova.context.set_target_cell..get_or_set_cached_cell_and_set_connections" :: waited 0.000s {{(pid=107600) inner /opt/stack/data/venv/lib/python3.12/site-packages/oslo_concurrency/lockutils.py:519}}
Mar 31 22:25:11.470014 np0000162005 devstack@n-api-meta.service[107600]: DEBUG oslo_concurrency.lockutils [None req-942a8256-b916-4fda-8234-2905b9105c41 None None] Lock "00000000-0000-0000-0000-000000000000" "released" by "nova.context.set_target_cell..get_or_set_cached_cell_and_set_connections" :: held 0.000s {{(pid=107600) inner /opt/stack/data/venv/lib/python3.12/site-packages/oslo_concurrency/lockutils.py:538}}
Mar 31 22:25:11.470680 np0000162005 devstack@n-api-meta.service[107600]: DEBUG oslo_concurrency.lockutils [None req-942a8256-b916-4fda-8234-2905b9105c41 None None] Acquiring lock "6855283a-bdb5-4c54-a03e-1326d4709364" by "nova.context.set_target_cell..get_or_set_cached_cell_and_set_connections" {{(pid=107600) inner /opt/stack/data/venv/lib/python3.12/site-packages/oslo_concurrency/lockutils.py:506}}
Mar 31 22:25:11.470842 np0000162005 devstack@n-api-meta.service[107600]: DEBUG oslo_concurrency.lockutils [None req-942a8256-b916-4fda-8234-2905b9105c41 None None] Lock "6855283a-bdb5-4c54-a03e-1326d4709364" acquired by "nova.context.set_target_cell..get_or_set_cached_cell_and_set_connections" :: waited 0.000s {{(pid=107600) inner /opt/stack/data/venv/lib/python3.12/site-packages/oslo_concurrency/lockutils.py:519}}
Mar 31 22:25:11.471665 np0000162005 devstack@n-api-meta.service[107603]: DEBUG nova.context [None req-1e740b74-84a4-483a-8652-4ff9bc9b6600 None None] Found 2 cells: 00000000-0000-0000-0000-000000000000(cell0),6855283a-bdb5-4c54-a03e-1326d4709364(cell1) {{(pid=107603) load_cells /opt/stack/nova/nova/context.py:509}}
Mar 31 22:25:11.471872 np0000162005 devstack@n-api-meta.service[107600]: DEBUG oslo_concurrency.lockutils [None req-942a8256-b916-4fda-8234-2905b9105c41 None None] Lock "6855283a-bdb5-4c54-a03e-1326d4709364" "released" by "nova.context.set_target_cell..get_or_set_cached_cell_and_set_connections" :: held 0.001s {{(pid=107600) inner /opt/stack/data/venv/lib/python3.12/site-packages/oslo_concurrency/lockutils.py:538}}
Mar 31 22:25:11.471933 np0000162005 devstack@n-api-meta.service[107603]: INFO nova.utils [None req-1e740b74-84a4-483a-8652-4ff9bc9b6600 None None] The cell worker thread pool MainProcess.cell_worker is initialized
Mar 31 22:25:11.474433 np0000162005 devstack@n-api-meta.service[107603]: DEBUG oslo_concurrency.lockutils [None req-1e740b74-84a4-483a-8652-4ff9bc9b6600 None None] Acquiring lock "00000000-0000-0000-0000-000000000000" by "nova.context.set_target_cell..get_or_set_cached_cell_and_set_connections" {{(pid=107603) inner /opt/stack/data/venv/lib/python3.12/site-packages/oslo_concurrency/lockutils.py:506}}
Mar 31 22:25:11.474433 np0000162005 devstack@n-api-meta.service[107603]: DEBUG oslo_concurrency.lockutils [None req-1e740b74-84a4-483a-8652-4ff9bc9b6600 None None] Lock "00000000-0000-0000-0000-000000000000" acquired by "nova.context.set_target_cell..get_or_set_cached_cell_and_set_connections" :: waited 0.000s {{(pid=107603) inner /opt/stack/data/venv/lib/python3.12/site-packages/oslo_concurrency/lockutils.py:519}}
Mar 31 22:25:11.474433 np0000162005 devstack@n-api-meta.service[107603]: DEBUG oslo_concurrency.lockutils [None req-1e740b74-84a4-483a-8652-4ff9bc9b6600 None None] Lock "00000000-0000-0000-0000-000000000000" "released" by "nova.context.set_target_cell..get_or_set_cached_cell_and_set_connections" :: held 0.000s {{(pid=107603) inner /opt/stack/data/venv/lib/python3.12/site-packages/oslo_concurrency/lockutils.py:538}}
Mar 31 22:25:11.474577 np0000162005 devstack@n-api-meta.service[107600]: INFO dbcounter [None req-942a8256-b916-4fda-8234-2905b9105c41 None None] Registered counter for database nova_cell0
Mar 31 22:25:11.475100 np0000162005 devstack@n-api-meta.service[107603]: DEBUG oslo_concurrency.lockutils [None req-1e740b74-84a4-483a-8652-4ff9bc9b6600 None None] Acquiring lock "6855283a-bdb5-4c54-a03e-1326d4709364" by "nova.context.set_target_cell..get_or_set_cached_cell_and_set_connections" {{(pid=107603) inner /opt/stack/data/venv/lib/python3.12/site-packages/oslo_concurrency/lockutils.py:506}}
Mar 31 22:25:11.475243 np0000162005 devstack@n-api-meta.service[107603]: DEBUG oslo_concurrency.lockutils [None req-1e740b74-84a4-483a-8652-4ff9bc9b6600 None None] Lock "6855283a-bdb5-4c54-a03e-1326d4709364" acquired by "nova.context.set_target_cell..get_or_set_cached_cell_and_set_connections" :: waited 0.000s {{(pid=107603) inner /opt/stack/data/venv/lib/python3.12/site-packages/oslo_concurrency/lockutils.py:519}}
Mar 31 22:25:11.476147 np0000162005 devstack@n-api-meta.service[107603]: DEBUG oslo_concurrency.lockutils [None req-1e740b74-84a4-483a-8652-4ff9bc9b6600 None None] Lock "6855283a-bdb5-4c54-a03e-1326d4709364" "released" by "nova.context.set_target_cell..get_or_set_cached_cell_and_set_connections" :: held 0.001s {{(pid=107603) inner /opt/stack/data/venv/lib/python3.12/site-packages/oslo_concurrency/lockutils.py:538}}
Mar 31 22:25:11.479551 np0000162005 devstack@n-api-meta.service[107603]: INFO dbcounter [None req-1e740b74-84a4-483a-8652-4ff9bc9b6600 None None] Registered counter for database nova_cell0
Mar 31 22:25:11.480204 np0000162005 devstack@n-api-meta.service[107600]: INFO dbcounter [None req-942a8256-b916-4fda-8234-2905b9105c41 None None] Registered counter for database nova_cell1
Mar 31 22:25:11.485481 np0000162005 devstack@n-api-meta.service[107603]: INFO dbcounter [None req-1e740b74-84a4-483a-8652-4ff9bc9b6600 None None] Registered counter for database nova_cell1
Mar 31 22:25:11.497832 np0000162005 devstack@n-api-meta.service[107600]: DEBUG oslo_db.sqlalchemy.engines [None req-942a8256-b916-4fda-8234-2905b9105c41 None None] MySQL server mode set to STRICT_TRANS_TABLES,STRICT_ALL_TABLES,NO_ZERO_IN_DATE,NO_ZERO_DATE,ERROR_FOR_DIVISION_BY_ZERO,TRADITIONAL,NO_ENGINE_SUBSTITUTION {{(pid=107600) _check_effective_sql_mode /opt/stack/data/venv/lib/python3.12/site-packages/oslo_db/sqlalchemy/engines.py:325}}
Mar 31 22:25:11.500036 np0000162005 devstack@n-api-meta.service[107602]: DEBUG dbcounter [-] [107602] Writer thread running {{(pid=107602) stat_writer /opt/stack/data/venv/lib/python3.12/site-packages/dbcounter.py:102}}
Mar 31 22:25:11.502727 np0000162005 devstack@n-api-meta.service[107602]: DEBUG nova.context [None req-7468de7d-aba4-4cc2-8a4a-d94e923f0a0e None None] Found 2 cells: 00000000-0000-0000-0000-000000000000(cell0),6855283a-bdb5-4c54-a03e-1326d4709364(cell1) {{(pid=107602) load_cells /opt/stack/nova/nova/context.py:509}}
Mar 31 22:25:11.502968 np0000162005 devstack@n-api-meta.service[107602]: INFO nova.utils [None req-7468de7d-aba4-4cc2-8a4a-d94e923f0a0e None None] The cell worker thread pool MainProcess.cell_worker is initialized
Mar 31 22:25:11.504706 np0000162005 devstack@n-api-meta.service[107602]: DEBUG oslo_concurrency.lockutils [None req-7468de7d-aba4-4cc2-8a4a-d94e923f0a0e None None] Acquiring lock "00000000-0000-0000-0000-000000000000" by "nova.context.set_target_cell..get_or_set_cached_cell_and_set_connections" {{(pid=107602) inner /opt/stack/data/venv/lib/python3.12/site-packages/oslo_concurrency/lockutils.py:506}}
Mar 31 22:25:11.504876 np0000162005 devstack@n-api-meta.service[107602]: DEBUG oslo_concurrency.lockutils [None req-7468de7d-aba4-4cc2-8a4a-d94e923f0a0e None None] Lock "00000000-0000-0000-0000-000000000000" acquired by "nova.context.set_target_cell..get_or_set_cached_cell_and_set_connections" :: waited 0.000s {{(pid=107602) inner /opt/stack/data/venv/lib/python3.12/site-packages/oslo_concurrency/lockutils.py:519}}
Mar 31 22:25:11.505241 np0000162005 devstack@n-api-meta.service[107602]: DEBUG oslo_concurrency.lockutils [None req-7468de7d-aba4-4cc2-8a4a-d94e923f0a0e None None] Lock "00000000-0000-0000-0000-000000000000" "released" by "nova.context.set_target_cell..get_or_set_cached_cell_and_set_connections" :: held 0.000s {{(pid=107602) inner /opt/stack/data/venv/lib/python3.12/site-packages/oslo_concurrency/lockutils.py:538}}
Mar 31 22:25:11.506093 np0000162005 devstack@n-api-meta.service[107602]: DEBUG oslo_concurrency.lockutils [None req-7468de7d-aba4-4cc2-8a4a-d94e923f0a0e None None] Acquiring lock "6855283a-bdb5-4c54-a03e-1326d4709364" by "nova.context.set_target_cell..get_or_set_cached_cell_and_set_connections" {{(pid=107602) inner /opt/stack/data/venv/lib/python3.12/site-packages/oslo_concurrency/lockutils.py:506}}
Mar 31 22:25:11.508360 np0000162005 devstack@n-api-meta.service[107602]: DEBUG oslo_concurrency.lockutils [None req-7468de7d-aba4-4cc2-8a4a-d94e923f0a0e None None] Lock "6855283a-bdb5-4c54-a03e-1326d4709364" acquired by "nova.context.set_target_cell..get_or_set_cached_cell_and_set_connections" :: waited 0.000s {{(pid=107602) inner /opt/stack/data/venv/lib/python3.12/site-packages/oslo_concurrency/lockutils.py:519}}
Mar 31 22:25:11.508360 np0000162005 devstack@n-api-meta.service[107602]: DEBUG oslo_concurrency.lockutils [None req-7468de7d-aba4-4cc2-8a4a-d94e923f0a0e None None] Lock "6855283a-bdb5-4c54-a03e-1326d4709364" "released" by "nova.context.set_target_cell..get_or_set_cached_cell_and_set_connections" :: held 0.001s {{(pid=107602) inner /opt/stack/data/venv/lib/python3.12/site-packages/oslo_concurrency/lockutils.py:538}}
Mar 31 22:25:11.510814 np0000162005 devstack@n-api-meta.service[107603]: DEBUG oslo_db.sqlalchemy.engines [None req-1e740b74-84a4-483a-8652-4ff9bc9b6600 None None] MySQL server mode set to STRICT_TRANS_TABLES,STRICT_ALL_TABLES,NO_ZERO_IN_DATE,NO_ZERO_DATE,ERROR_FOR_DIVISION_BY_ZERO,TRADITIONAL,NO_ENGINE_SUBSTITUTION {{(pid=107603) _check_effective_sql_mode /opt/stack/data/venv/lib/python3.12/site-packages/oslo_db/sqlalchemy/engines.py:325}}
Mar 31 22:25:11.510948 np0000162005 devstack@n-api-meta.service[107602]: INFO dbcounter [None req-7468de7d-aba4-4cc2-8a4a-d94e923f0a0e None None] Registered counter for database nova_cell0
Mar 31 22:25:11.517401 np0000162005 devstack@n-api-meta.service[107602]: INFO dbcounter [None req-7468de7d-aba4-4cc2-8a4a-d94e923f0a0e None None] Registered counter for database nova_cell1
Mar 31 22:25:11.527447 np0000162005 devstack@n-api-meta.service[107600]: DEBUG oslo_db.sqlalchemy.engines [None req-942a8256-b916-4fda-8234-2905b9105c41 None None] MySQL server mode set to STRICT_TRANS_TABLES,STRICT_ALL_TABLES,NO_ZERO_IN_DATE,NO_ZERO_DATE,ERROR_FOR_DIVISION_BY_ZERO,TRADITIONAL,NO_ENGINE_SUBSTITUTION {{(pid=107600) _check_effective_sql_mode /opt/stack/data/venv/lib/python3.12/site-packages/oslo_db/sqlalchemy/engines.py:325}}
Mar 31 22:25:11.529056 np0000162005 devstack@n-api-meta.service[107601]: DEBUG dbcounter [-] [107601] Writer thread running {{(pid=107601) stat_writer /opt/stack/data/venv/lib/python3.12/site-packages/dbcounter.py:102}}
Mar 31 22:25:11.529748 np0000162005 devstack@n-api-meta.service[107601]: DEBUG dbcounter [-] [107601] Writer thread running {{(pid=107601) stat_writer /opt/stack/data/venv/lib/python3.12/site-packages/dbcounter.py:102}}
Mar 31 22:25:11.536491 np0000162005 devstack@n-api-meta.service[107601]: INFO dbcounter [None req-4b3c1d4f-f6c3-4634-99f1-0c971a7adb37 None None] Registered counter for database nova_cell0
Mar 31 22:25:11.540081 np0000162005 devstack@n-api-meta.service[107603]: DEBUG oslo_db.sqlalchemy.engines [None req-1e740b74-84a4-483a-8652-4ff9bc9b6600 None None] MySQL server mode set to STRICT_TRANS_TABLES,STRICT_ALL_TABLES,NO_ZERO_IN_DATE,NO_ZERO_DATE,ERROR_FOR_DIVISION_BY_ZERO,TRADITIONAL,NO_ENGINE_SUBSTITUTION {{(pid=107603) _check_effective_sql_mode /opt/stack/data/venv/lib/python3.12/site-packages/oslo_db/sqlalchemy/engines.py:325}}
Mar 31 22:25:11.542342 np0000162005 devstack@n-api-meta.service[107602]: DEBUG oslo_db.sqlalchemy.engines [None req-7468de7d-aba4-4cc2-8a4a-d94e923f0a0e None None] MySQL server mode set to STRICT_TRANS_TABLES,STRICT_ALL_TABLES,NO_ZERO_IN_DATE,NO_ZERO_DATE,ERROR_FOR_DIVISION_BY_ZERO,TRADITIONAL,NO_ENGINE_SUBSTITUTION {{(pid=107602) _check_effective_sql_mode /opt/stack/data/venv/lib/python3.12/site-packages/oslo_db/sqlalchemy/engines.py:325}}
Mar 31 22:25:11.548560 np0000162005 devstack@n-api-meta.service[107602]: DEBUG oslo_db.sqlalchemy.engines [None req-7468de7d-aba4-4cc2-8a4a-d94e923f0a0e None None] MySQL server mode set to STRICT_TRANS_TABLES,STRICT_ALL_TABLES,NO_ZERO_IN_DATE,NO_ZERO_DATE,ERROR_FOR_DIVISION_BY_ZERO,TRADITIONAL,NO_ENGINE_SUBSTITUTION {{(pid=107602) _check_effective_sql_mode /opt/stack/data/venv/lib/python3.12/site-packages/oslo_db/sqlalchemy/engines.py:325}}
Mar 31 22:25:11.561009 np0000162005 devstack@n-api-meta.service[107601]: DEBUG oslo_db.sqlalchemy.engines [None req-4b3c1d4f-f6c3-4634-99f1-0c971a7adb37 None None] MySQL server mode set to STRICT_TRANS_TABLES,STRICT_ALL_TABLES,NO_ZERO_IN_DATE,NO_ZERO_DATE,ERROR_FOR_DIVISION_BY_ZERO,TRADITIONAL,NO_ENGINE_SUBSTITUTION {{(pid=107601) _check_effective_sql_mode /opt/stack/data/venv/lib/python3.12/site-packages/oslo_db/sqlalchemy/engines.py:325}}
Mar 31 22:25:11.568635 np0000162005 devstack@n-api-meta.service[107601]: DEBUG dbcounter [-] [107601] Writer thread running {{(pid=107601) stat_writer /opt/stack/data/venv/lib/python3.12/site-packages/dbcounter.py:102}}
Mar 31 22:25:11.608867 np0000162005 devstack@n-api-meta.service[107600]: DEBUG dbcounter [-] [107600] Writer thread running {{(pid=107600) stat_writer /opt/stack/data/venv/lib/python3.12/site-packages/dbcounter.py:102}}
Mar 31 22:25:11.616458 np0000162005 devstack@n-api-meta.service[107600]: DEBUG dbcounter [-] [107600] Writer thread running {{(pid=107600) stat_writer /opt/stack/data/venv/lib/python3.12/site-packages/dbcounter.py:102}}
Mar 31 22:25:11.622179 np0000162005 devstack@n-api-meta.service[107600]: INFO dbcounter [None req-942a8256-b916-4fda-8234-2905b9105c41 None None] Registered counter for database nova_cell0
Mar 31 22:25:11.631031 np0000162005 devstack@n-api-meta.service[107601]: WARNING nova.api.metadata.handler [None req-4b3c1d4f-f6c3-4634-99f1-0c971a7adb37 None None] metadata_proxy_shared_secret is not configured, the metadata information returned by the proxy cannot be trusted
Mar 31 22:25:11.633535 np0000162005 devstack@n-api-meta.service[107601]: DEBUG nova.api.openstack.wsgi_app [None req-4b3c1d4f-f6c3-4634-99f1-0c971a7adb37 None None] ******************************************************************************** {{(pid=107601) log_opt_values /opt/stack/data/venv/lib/python3.12/site-packages/oslo_config/cfg.py:2979}}
Mar 31 22:25:11.633703 np0000162005 devstack@n-api-meta.service[107601]: DEBUG nova.api.openstack.wsgi_app [None req-4b3c1d4f-f6c3-4634-99f1-0c971a7adb37 None None] Configuration options gathered from: {{(pid=107601) log_opt_values /opt/stack/data/venv/lib/python3.12/site-packages/oslo_config/cfg.py:2980}}
Mar 31 22:25:11.633898 np0000162005 devstack@n-api-meta.service[107601]: DEBUG nova.api.openstack.wsgi_app [None req-4b3c1d4f-f6c3-4634-99f1-0c971a7adb37 None None] command line args: [] {{(pid=107601) log_opt_values /opt/stack/data/venv/lib/python3.12/site-packages/oslo_config/cfg.py:2981}}
Mar 31 22:25:11.634112 np0000162005 devstack@n-api-meta.service[107601]: DEBUG nova.api.openstack.wsgi_app [None req-4b3c1d4f-f6c3-4634-99f1-0c971a7adb37 None None] config files: ['/etc/nova/api-paste.ini', '/etc/nova/nova.conf'] {{(pid=107601) log_opt_values /opt/stack/data/venv/lib/python3.12/site-packages/oslo_config/cfg.py:2982}}
Mar 31 22:25:11.634261 np0000162005 devstack@n-api-meta.service[107601]: DEBUG nova.api.openstack.wsgi_app [None req-4b3c1d4f-f6c3-4634-99f1-0c971a7adb37 None None] ================================================================================ {{(pid=107601) log_opt_values /opt/stack/data/venv/lib/python3.12/site-packages/oslo_config/cfg.py:2987}}
Mar 31 22:25:11.634494 np0000162005 devstack@n-api-meta.service[107601]: DEBUG nova.api.openstack.wsgi_app [None req-4b3c1d4f-f6c3-4634-99f1-0c971a7adb37 None None] allow_resize_to_same_host = True {{(pid=107601) log_opt_values /opt/stack/data/venv/lib/python3.12/site-packages/oslo_config/cfg.py:2995}}
Mar 31 22:25:11.634677 np0000162005 devstack@n-api-meta.service[107601]: DEBUG nova.api.openstack.wsgi_app [None req-4b3c1d4f-f6c3-4634-99f1-0c971a7adb37 None None] arq_binding_timeout = 300 {{(pid=107601) log_opt_values /opt/stack/data/venv/lib/python3.12/site-packages/oslo_config/cfg.py:2995}}
Mar 31 22:25:11.634906 np0000162005 devstack@n-api-meta.service[107601]: DEBUG nova.api.openstack.wsgi_app [None req-4b3c1d4f-f6c3-4634-99f1-0c971a7adb37 None None] block_device_allocate_retries = 60 {{(pid=107601) log_opt_values /opt/stack/data/venv/lib/python3.12/site-packages/oslo_config/cfg.py:2995}}
Mar 31 22:25:11.635111 np0000162005 devstack@n-api-meta.service[107601]: DEBUG nova.api.openstack.wsgi_app [None req-4b3c1d4f-f6c3-4634-99f1-0c971a7adb37 None None] block_device_allocate_retries_interval = 3 {{(pid=107601) log_opt_values /opt/stack/data/venv/lib/python3.12/site-packages/oslo_config/cfg.py:2995}}
Mar 31 22:25:11.635334 np0000162005 devstack@n-api-meta.service[107601]: DEBUG nova.api.openstack.wsgi_app [None req-4b3c1d4f-f6c3-4634-99f1-0c971a7adb37 None None] cell_worker_thread_pool_size = 5 {{(pid=107601) log_opt_values /opt/stack/data/venv/lib/python3.12/site-packages/oslo_config/cfg.py:2995}}
Mar 31 22:25:11.635516 np0000162005 devstack@n-api-meta.service[107601]: DEBUG nova.api.openstack.wsgi_app [None req-4b3c1d4f-f6c3-4634-99f1-0c971a7adb37 None None] cert = self.pem {{(pid=107601) log_opt_values /opt/stack/data/venv/lib/python3.12/site-packages/oslo_config/cfg.py:2995}}
Mar 31 22:25:11.635707 np0000162005 devstack@n-api-meta.service[107601]: DEBUG nova.api.openstack.wsgi_app [None req-4b3c1d4f-f6c3-4634-99f1-0c971a7adb37 None None] compute_driver = libvirt.LibvirtDriver {{(pid=107601) log_opt_values /opt/stack/data/venv/lib/python3.12/site-packages/oslo_config/cfg.py:2995}}
Mar 31 22:25:11.635918 np0000162005 devstack@n-api-meta.service[107601]: DEBUG nova.api.openstack.wsgi_app [None req-4b3c1d4f-f6c3-4634-99f1-0c971a7adb37 None None] compute_monitors = [] {{(pid=107601) log_opt_values /opt/stack/data/venv/lib/python3.12/site-packages/oslo_config/cfg.py:2995}}
Mar 31 22:25:11.636103 np0000162005 devstack@n-api-meta.service[107601]: DEBUG nova.api.openstack.wsgi_app [None req-4b3c1d4f-f6c3-4634-99f1-0c971a7adb37 None None] config_dir = [] {{(pid=107601) log_opt_values /opt/stack/data/venv/lib/python3.12/site-packages/oslo_config/cfg.py:2995}}
Mar 31 22:25:11.636297 np0000162005 devstack@n-api-meta.service[107601]: DEBUG nova.api.openstack.wsgi_app [None req-4b3c1d4f-f6c3-4634-99f1-0c971a7adb37 None None] config_drive_format = iso9660 {{(pid=107601) log_opt_values /opt/stack/data/venv/lib/python3.12/site-packages/oslo_config/cfg.py:2995}}
Mar 31 22:25:11.636457 np0000162005 devstack@n-api-meta.service[107601]: DEBUG nova.api.openstack.wsgi_app [None req-4b3c1d4f-f6c3-4634-99f1-0c971a7adb37 None None] config_file = ['/etc/nova/api-paste.ini', '/etc/nova/nova.conf'] {{(pid=107601) log_opt_values /opt/stack/data/venv/lib/python3.12/site-packages/oslo_config/cfg.py:2995}}
Mar 31 22:25:11.636639 np0000162005 devstack@n-api-meta.service[107601]: DEBUG nova.api.openstack.wsgi_app [None req-4b3c1d4f-f6c3-4634-99f1-0c971a7adb37 None None] config_source = [] {{(pid=107601) log_opt_values /opt/stack/data/venv/lib/python3.12/site-packages/oslo_config/cfg.py:2995}}
Mar 31 22:25:11.636842 np0000162005 devstack@n-api-meta.service[107601]: DEBUG nova.api.openstack.wsgi_app [None req-4b3c1d4f-f6c3-4634-99f1-0c971a7adb37 None None] console_host = np0000162005 {{(pid=107601) log_opt_values /opt/stack/data/venv/lib/python3.12/site-packages/oslo_config/cfg.py:2995}}
Mar 31 22:25:11.637039 np0000162005 devstack@n-api-meta.service[107601]: DEBUG nova.api.openstack.wsgi_app [None req-4b3c1d4f-f6c3-4634-99f1-0c971a7adb37 None None] control_exchange = nova {{(pid=107601) log_opt_values /opt/stack/data/venv/lib/python3.12/site-packages/oslo_config/cfg.py:2995}}
Mar 31 22:25:11.637224 np0000162005 devstack@n-api-meta.service[107601]: DEBUG nova.api.openstack.wsgi_app [None req-4b3c1d4f-f6c3-4634-99f1-0c971a7adb37 None None] cpu_allocation_ratio = None {{(pid=107601) log_opt_values /opt/stack/data/venv/lib/python3.12/site-packages/oslo_config/cfg.py:2995}}
Mar 31 22:25:11.637409 np0000162005 devstack@n-api-meta.service[107601]: DEBUG nova.api.openstack.wsgi_app [None req-4b3c1d4f-f6c3-4634-99f1-0c971a7adb37 None None] daemon = False {{(pid=107601) log_opt_values /opt/stack/data/venv/lib/python3.12/site-packages/oslo_config/cfg.py:2995}}
Mar 31 22:25:11.637597 np0000162005 devstack@n-api-meta.service[107601]: DEBUG nova.api.openstack.wsgi_app [None req-4b3c1d4f-f6c3-4634-99f1-0c971a7adb37 None None] debug = True {{(pid=107601) log_opt_values /opt/stack/data/venv/lib/python3.12/site-packages/oslo_config/cfg.py:2995}}
Mar 31 22:25:11.637779 np0000162005 devstack@n-api-meta.service[107601]: DEBUG nova.api.openstack.wsgi_app [None req-4b3c1d4f-f6c3-4634-99f1-0c971a7adb37 None None] default_access_ip_network_name = None {{(pid=107601) log_opt_values /opt/stack/data/venv/lib/python3.12/site-packages/oslo_config/cfg.py:2995}}
Mar 31 22:25:11.637982 np0000162005 devstack@n-api-meta.service[107601]: DEBUG nova.api.openstack.wsgi_app [None req-4b3c1d4f-f6c3-4634-99f1-0c971a7adb37 None None] default_availability_zone = nova {{(pid=107601) log_opt_values /opt/stack/data/venv/lib/python3.12/site-packages/oslo_config/cfg.py:2995}}
Mar 31 22:25:11.638168 np0000162005 devstack@n-api-meta.service[107601]: DEBUG nova.api.openstack.wsgi_app [None req-4b3c1d4f-f6c3-4634-99f1-0c971a7adb37 None None] default_ephemeral_format = ext4 {{(pid=107601) log_opt_values /opt/stack/data/venv/lib/python3.12/site-packages/oslo_config/cfg.py:2995}}
Mar 31 22:25:11.638353 np0000162005 devstack@n-api-meta.service[107601]: DEBUG nova.api.openstack.wsgi_app [None req-4b3c1d4f-f6c3-4634-99f1-0c971a7adb37 None None] default_green_pool_size = 1000 {{(pid=107601) log_opt_values /opt/stack/data/venv/lib/python3.12/site-packages/oslo_config/cfg.py:2995}}
Mar 31 22:25:11.638626 np0000162005 devstack@n-api-meta.service[107601]: DEBUG nova.api.openstack.wsgi_app [None req-4b3c1d4f-f6c3-4634-99f1-0c971a7adb37 None None] default_log_levels = ['amqp=WARN', 'boto=WARN', 'sqlalchemy=WARN', 'suds=INFO', 'oslo.messaging=INFO', 'oslo_messaging=INFO', 'iso8601=WARN', 'requests.packages.urllib3.connectionpool=WARN', 'urllib3.connectionpool=WARN', 'websocket=WARN', 'requests.packages.urllib3.util.retry=WARN', 'urllib3.util.retry=WARN', 'keystonemiddleware=WARN', 'routes.middleware=WARN', 'stevedore=WARN', 'taskflow=WARN', 'keystoneauth=WARN', 'oslo.cache=INFO', 'oslo_policy=INFO', 'dogpile.core.dogpile=INFO', 'glanceclient=WARN', 'oslo.privsep.daemon=INFO'] {{(pid=107601) log_opt_values /opt/stack/data/venv/lib/python3.12/site-packages/oslo_config/cfg.py:2995}}
Mar 31 22:25:11.638817 np0000162005 devstack@n-api-meta.service[107601]: DEBUG nova.api.openstack.wsgi_app [None req-4b3c1d4f-f6c3-4634-99f1-0c971a7adb37 None None] default_schedule_zone = None {{(pid=107601) log_opt_values /opt/stack/data/venv/lib/python3.12/site-packages/oslo_config/cfg.py:2995}}
Mar 31 22:25:11.638999 np0000162005 devstack@n-api-meta.service[107601]: DEBUG nova.api.openstack.wsgi_app [None req-4b3c1d4f-f6c3-4634-99f1-0c971a7adb37 None None] default_thread_pool_size = 10 {{(pid=107601) log_opt_values /opt/stack/data/venv/lib/python3.12/site-packages/oslo_config/cfg.py:2995}}
Mar 31 22:25:11.639223 np0000162005 devstack@n-api-meta.service[107601]: DEBUG nova.api.openstack.wsgi_app [None req-4b3c1d4f-f6c3-4634-99f1-0c971a7adb37 None None] disk_allocation_ratio = None {{(pid=107601) log_opt_values /opt/stack/data/venv/lib/python3.12/site-packages/oslo_config/cfg.py:2995}}
Mar 31 22:25:11.639409 np0000162005 devstack@n-api-meta.service[107601]: DEBUG nova.api.openstack.wsgi_app [None req-4b3c1d4f-f6c3-4634-99f1-0c971a7adb37 None None] enable_new_services = True {{(pid=107601) log_opt_values /opt/stack/data/venv/lib/python3.12/site-packages/oslo_config/cfg.py:2995}}
Mar 31 22:25:11.639593 np0000162005 devstack@n-api-meta.service[107601]: DEBUG nova.api.openstack.wsgi_app [None req-4b3c1d4f-f6c3-4634-99f1-0c971a7adb37 None None] flat_injected = False {{(pid=107601) log_opt_values /opt/stack/data/venv/lib/python3.12/site-packages/oslo_config/cfg.py:2995}}
Mar 31 22:25:11.639773 np0000162005 devstack@n-api-meta.service[107601]: DEBUG nova.api.openstack.wsgi_app [None req-4b3c1d4f-f6c3-4634-99f1-0c971a7adb37 None None] force_config_drive = False {{(pid=107601) log_opt_values /opt/stack/data/venv/lib/python3.12/site-packages/oslo_config/cfg.py:2995}}
Mar 31 22:25:11.639997 np0000162005 devstack@n-api-meta.service[107601]: DEBUG nova.api.openstack.wsgi_app [None req-4b3c1d4f-f6c3-4634-99f1-0c971a7adb37 None None] force_raw_images = True {{(pid=107601) log_opt_values /opt/stack/data/venv/lib/python3.12/site-packages/oslo_config/cfg.py:2995}}
Mar 31 22:25:11.640198 np0000162005 devstack@n-api-meta.service[107601]: DEBUG nova.api.openstack.wsgi_app [None req-4b3c1d4f-f6c3-4634-99f1-0c971a7adb37 None None] graceful_shutdown_timeout = 5 {{(pid=107601) log_opt_values /opt/stack/data/venv/lib/python3.12/site-packages/oslo_config/cfg.py:2995}}
Mar 31 22:25:11.640391 np0000162005 devstack@n-api-meta.service[107601]: DEBUG nova.api.openstack.wsgi_app [None req-4b3c1d4f-f6c3-4634-99f1-0c971a7adb37 None None] heal_instance_info_cache_interval = -1 {{(pid=107601) log_opt_values /opt/stack/data/venv/lib/python3.12/site-packages/oslo_config/cfg.py:2995}}
Mar 31 22:25:11.640625 np0000162005 devstack@n-api-meta.service[107601]: DEBUG nova.api.openstack.wsgi_app [None req-4b3c1d4f-f6c3-4634-99f1-0c971a7adb37 None None] host = np0000162005 {{(pid=107601) log_opt_values /opt/stack/data/venv/lib/python3.12/site-packages/oslo_config/cfg.py:2995}}
Mar 31 22:25:11.640830 np0000162005 devstack@n-api-meta.service[107601]: DEBUG nova.api.openstack.wsgi_app [None req-4b3c1d4f-f6c3-4634-99f1-0c971a7adb37 None None] initial_cpu_allocation_ratio = 4.0 {{(pid=107601) log_opt_values /opt/stack/data/venv/lib/python3.12/site-packages/oslo_config/cfg.py:2995}}
Mar 31 22:25:11.641013 np0000162005 devstack@n-api-meta.service[107601]: DEBUG nova.api.openstack.wsgi_app [None req-4b3c1d4f-f6c3-4634-99f1-0c971a7adb37 None None] initial_disk_allocation_ratio = 1.0 {{(pid=107601) log_opt_values /opt/stack/data/venv/lib/python3.12/site-packages/oslo_config/cfg.py:2995}}
Mar 31 22:25:11.641196 np0000162005 devstack@n-api-meta.service[107601]: DEBUG nova.api.openstack.wsgi_app [None req-4b3c1d4f-f6c3-4634-99f1-0c971a7adb37 None None] initial_ram_allocation_ratio = 1.0 {{(pid=107601) log_opt_values /opt/stack/data/venv/lib/python3.12/site-packages/oslo_config/cfg.py:2995}}
Mar 31 22:25:11.641425 np0000162005 devstack@n-api-meta.service[107601]: DEBUG nova.api.openstack.wsgi_app [None req-4b3c1d4f-f6c3-4634-99f1-0c971a7adb37 None None] injected_network_template = /opt/stack/nova/nova/virt/interfaces.template {{(pid=107601) log_opt_values /opt/stack/data/venv/lib/python3.12/site-packages/oslo_config/cfg.py:2995}}
Mar 31 22:25:11.641614 np0000162005 devstack@n-api-meta.service[107601]: DEBUG nova.api.openstack.wsgi_app [None req-4b3c1d4f-f6c3-4634-99f1-0c971a7adb37 None None] instance_build_timeout = 0 {{(pid=107601) log_opt_values /opt/stack/data/venv/lib/python3.12/site-packages/oslo_config/cfg.py:2995}}
Mar 31 22:25:11.641830 np0000162005 devstack@n-api-meta.service[107601]: DEBUG nova.api.openstack.wsgi_app [None req-4b3c1d4f-f6c3-4634-99f1-0c971a7adb37 None None] instance_delete_interval = 300 {{(pid=107601) log_opt_values /opt/stack/data/venv/lib/python3.12/site-packages/oslo_config/cfg.py:2995}}
Mar 31 22:25:11.641895 np0000162005 devstack@n-api-meta.service[107600]: DEBUG oslo_db.sqlalchemy.engines [None req-942a8256-b916-4fda-8234-2905b9105c41 None None] MySQL server mode set to STRICT_TRANS_TABLES,STRICT_ALL_TABLES,NO_ZERO_IN_DATE,NO_ZERO_DATE,ERROR_FOR_DIVISION_BY_ZERO,TRADITIONAL,NO_ENGINE_SUBSTITUTION {{(pid=107600) _check_effective_sql_mode /opt/stack/data/venv/lib/python3.12/site-packages/oslo_db/sqlalchemy/engines.py:325}}
Mar 31 22:25:11.643570 np0000162005 devstack@n-api-meta.service[107601]: DEBUG nova.api.openstack.wsgi_app [None req-4b3c1d4f-f6c3-4634-99f1-0c971a7adb37 None None] instance_format = [instance: %(uuid)s] {{(pid=107601) log_opt_values /opt/stack/data/venv/lib/python3.12/site-packages/oslo_config/cfg.py:2995}}
Mar 31 22:25:11.643776 np0000162005 devstack@n-api-meta.service[107601]: DEBUG nova.api.openstack.wsgi_app [None req-4b3c1d4f-f6c3-4634-99f1-0c971a7adb37 None None] instance_name_template = instance-%08x {{(pid=107601) log_opt_values /opt/stack/data/venv/lib/python3.12/site-packages/oslo_config/cfg.py:2995}}
Mar 31 22:25:11.643980 np0000162005 devstack@n-api-meta.service[107601]: DEBUG nova.api.openstack.wsgi_app [None req-4b3c1d4f-f6c3-4634-99f1-0c971a7adb37 None None] instance_usage_audit = False {{(pid=107601) log_opt_values /opt/stack/data/venv/lib/python3.12/site-packages/oslo_config/cfg.py:2995}}
Mar 31 22:25:11.644088 np0000162005 devstack@n-api-meta.service[107603]: DEBUG dbcounter [-] [107603] Writer thread running {{(pid=107603) stat_writer /opt/stack/data/venv/lib/python3.12/site-packages/dbcounter.py:102}}
Mar 31 22:25:11.644215 np0000162005 devstack@n-api-meta.service[107601]: DEBUG nova.api.openstack.wsgi_app [None req-4b3c1d4f-f6c3-4634-99f1-0c971a7adb37 None None] instance_usage_audit_period = month {{(pid=107601) log_opt_values /opt/stack/data/venv/lib/python3.12/site-packages/oslo_config/cfg.py:2995}}
Mar 31 22:25:11.644415 np0000162005 devstack@n-api-meta.service[107601]: DEBUG nova.api.openstack.wsgi_app [None req-4b3c1d4f-f6c3-4634-99f1-0c971a7adb37 None None] instance_uuid_format = [instance: %(uuid)s] {{(pid=107601) log_opt_values /opt/stack/data/venv/lib/python3.12/site-packages/oslo_config/cfg.py:2995}}
Mar 31 22:25:11.644601 np0000162005 devstack@n-api-meta.service[107601]: DEBUG nova.api.openstack.wsgi_app [None req-4b3c1d4f-f6c3-4634-99f1-0c971a7adb37 None None] instances_path = /opt/stack/data/nova/instances {{(pid=107601) log_opt_values /opt/stack/data/venv/lib/python3.12/site-packages/oslo_config/cfg.py:2995}}
Mar 31 22:25:11.644924 np0000162005 devstack@n-api-meta.service[107601]: DEBUG nova.api.openstack.wsgi_app [None req-4b3c1d4f-f6c3-4634-99f1-0c971a7adb37 None None] internal_service_availability_zone = internal {{(pid=107601) log_opt_values /opt/stack/data/venv/lib/python3.12/site-packages/oslo_config/cfg.py:2995}}
Mar 31 22:25:11.644965 np0000162005 devstack@n-api-meta.service[107603]: DEBUG dbcounter [-] [107603] Writer thread running {{(pid=107603) stat_writer /opt/stack/data/venv/lib/python3.12/site-packages/dbcounter.py:102}}
Mar 31 22:25:11.645002 np0000162005 devstack@n-api-meta.service[107601]: DEBUG nova.api.openstack.wsgi_app [None req-4b3c1d4f-f6c3-4634-99f1-0c971a7adb37 None None] key = None {{(pid=107601) log_opt_values /opt/stack/data/venv/lib/python3.12/site-packages/oslo_config/cfg.py:2995}}
Mar 31 22:25:11.645174 np0000162005 devstack@n-api-meta.service[107601]: DEBUG nova.api.openstack.wsgi_app [None req-4b3c1d4f-f6c3-4634-99f1-0c971a7adb37 None None] live_migration_retry_count = 30 {{(pid=107601) log_opt_values /opt/stack/data/venv/lib/python3.12/site-packages/oslo_config/cfg.py:2995}}
Mar 31 22:25:11.645364 np0000162005 devstack@n-api-meta.service[107601]: DEBUG nova.api.openstack.wsgi_app [None req-4b3c1d4f-f6c3-4634-99f1-0c971a7adb37 None None] log_color = False {{(pid=107601) log_opt_values /opt/stack/data/venv/lib/python3.12/site-packages/oslo_config/cfg.py:2995}}
Mar 31 22:25:11.645551 np0000162005 devstack@n-api-meta.service[107601]: DEBUG nova.api.openstack.wsgi_app [None req-4b3c1d4f-f6c3-4634-99f1-0c971a7adb37 None None] log_config_append = None {{(pid=107601) log_opt_values /opt/stack/data/venv/lib/python3.12/site-packages/oslo_config/cfg.py:2995}}
Mar 31 22:25:11.645738 np0000162005 devstack@n-api-meta.service[107601]: DEBUG nova.api.openstack.wsgi_app [None req-4b3c1d4f-f6c3-4634-99f1-0c971a7adb37 None None] log_date_format = %Y-%m-%d %H:%M:%S {{(pid=107601) log_opt_values /opt/stack/data/venv/lib/python3.12/site-packages/oslo_config/cfg.py:2995}}
Mar 31 22:25:11.645936 np0000162005 devstack@n-api-meta.service[107601]: DEBUG nova.api.openstack.wsgi_app [None req-4b3c1d4f-f6c3-4634-99f1-0c971a7adb37 None None] log_dir = None {{(pid=107601) log_opt_values /opt/stack/data/venv/lib/python3.12/site-packages/oslo_config/cfg.py:2995}}
Mar 31 22:25:11.646309 np0000162005 devstack@n-api-meta.service[107601]: DEBUG nova.api.openstack.wsgi_app [None req-4b3c1d4f-f6c3-4634-99f1-0c971a7adb37 None None] log_file = None {{(pid=107601) log_opt_values /opt/stack/data/venv/lib/python3.12/site-packages/oslo_config/cfg.py:2995}}
Mar 31 22:25:11.646499 np0000162005 devstack@n-api-meta.service[107601]: DEBUG nova.api.openstack.wsgi_app [None req-4b3c1d4f-f6c3-4634-99f1-0c971a7adb37 None None] log_options = True {{(pid=107601) log_opt_values /opt/stack/data/venv/lib/python3.12/site-packages/oslo_config/cfg.py:2995}}
Mar 31 22:25:11.646707 np0000162005 devstack@n-api-meta.service[107601]: DEBUG nova.api.openstack.wsgi_app [None req-4b3c1d4f-f6c3-4634-99f1-0c971a7adb37 None None] log_rotate_interval = 1 {{(pid=107601) log_opt_values /opt/stack/data/venv/lib/python3.12/site-packages/oslo_config/cfg.py:2995}}
Mar 31 22:25:11.646976 np0000162005 devstack@n-api-meta.service[107601]: DEBUG nova.api.openstack.wsgi_app [None req-4b3c1d4f-f6c3-4634-99f1-0c971a7adb37 None None] log_rotate_interval_type = days {{(pid=107601) log_opt_values /opt/stack/data/venv/lib/python3.12/site-packages/oslo_config/cfg.py:2995}}
Mar 31 22:25:11.647724 np0000162005 devstack@n-api-meta.service[107601]: DEBUG nova.api.openstack.wsgi_app [None req-4b3c1d4f-f6c3-4634-99f1-0c971a7adb37 None None] log_rotation_type = none {{(pid=107601) log_opt_values /opt/stack/data/venv/lib/python3.12/site-packages/oslo_config/cfg.py:2995}}
Mar 31 22:25:11.647906 np0000162005 devstack@n-api-meta.service[107601]: DEBUG nova.api.openstack.wsgi_app [None req-4b3c1d4f-f6c3-4634-99f1-0c971a7adb37 None None] logging_context_format_string = %(color)s%(levelname)s %(name)s [%(global_request_id)s %(request_id)s %(project_name)s %(user_name)s%(color)s] %(instance)s%(color)s%(message)s {{(pid=107601) log_opt_values /opt/stack/data/venv/lib/python3.12/site-packages/oslo_config/cfg.py:2995}}
Mar 31 22:25:11.648009 np0000162005 devstack@n-api-meta.service[107601]: DEBUG nova.api.openstack.wsgi_app [None req-4b3c1d4f-f6c3-4634-99f1-0c971a7adb37 None None] logging_debug_format_suffix = {{(pid=%(process)d) %(funcName)s %(pathname)s:%(lineno)d}} {{(pid=107601) log_opt_values /opt/stack/data/venv/lib/python3.12/site-packages/oslo_config/cfg.py:2995}}
Mar 31 22:25:11.648292 np0000162005 devstack@n-api-meta.service[107601]: DEBUG nova.api.openstack.wsgi_app [None req-4b3c1d4f-f6c3-4634-99f1-0c971a7adb37 None None] logging_default_format_string = %(color)s%(levelname)s %(name)s [-%(color)s] %(instance)s%(color)s%(message)s {{(pid=107601) log_opt_values /opt/stack/data/venv/lib/python3.12/site-packages/oslo_config/cfg.py:2995}}
