2026-09-19 07:27:16.088 6 INFO placement.requestlog [req-a2de9476-f00f-4586-b774-062ea4043bb8 req-cd405252-dc5f-41fc-91df-41eacdd42019 06f60065d0e748f784441cf170a7100b be1ba810945a41f2a30fd03879a47216 - - dcb0f444e64c463e98b5889e17a53a35 dcb0f444e64c463e98b5889e17a53a35] 162.253.55.118 "GET /resource_providers/96791be6-4460-4fa0-bf5f-c494b5fd9c20/allocations" status: 200 len: 54 microversion: 1.0 [pid: 6|app: 0|req: 400/800] 162.253.55.118 () {32 vars in 857 bytes} [Sat Sep 19 07:27:16 2026] GET /resource_providers/96791be6-4460-4fa0-bf5f-c494b5fd9c20/allocations => generated 54 bytes in 28 msecs (HTTP/1.1 200) 6 headers in 223 bytes (1 switches on core 0)
2026-09-19 07:27:16.444 7 INFO placement.requestlog [None req-ff1112df-963d-4d88-9534-d15ff8510ce7 8c9ac1eaeda14ce1ab7c64f8aa8feb07 be1ba810945a41f2a30fd03879a47216 - - dcb0f444e64c463e98b5889e17a53a35 dcb0f444e64c463e98b5889e17a53a35] 10.0.0.194 "GET /resource_providers/62a580fe-7ded-49fe-b861-5a209c85234e/aggregates" status: 404 len: 235 microversion: 1.1 [pid: 7|app: 0|req: 401/801] 10.0.0.194 () {32 vars in 825 bytes} [Sat Sep 19 07:27:16 2026] GET /resource_providers/62a580fe-7ded-49fe-b861-5a209c85234e/aggregates => generated 235 bytes in 21 msecs (HTTP/1.1 404) 5 headers in 202 bytes (1 switches on core 0)
2026-09-19 07:27:16.471 6 INFO placement.requestlog [None req-f0e16df9-409e-40b7-9175-6ceac61bf183 8c9ac1eaeda14ce1ab7c64f8aa8feb07 be1ba810945a41f2a30fd03879a47216 - - dcb0f444e64c463e98b5889e17a53a35 dcb0f444e64c463e98b5889e17a53a35] 10.0.0.194 "DELETE /resource_providers/62a580fe-7ded-49fe-b861-5a209c85234e" status: 404 len: 246 microversion: 1.1 [pid: 6|app: 0|req: 401/802] 10.0.0.194 () {34 vars in 825 bytes} [Sat Sep 19 07:27:16 2026] DELETE /resource_providers/62a580fe-7ded-49fe-b861-5a209c85234e => generated 246 bytes in 19 msecs (HTTP/1.1 404) 6 headers in 231 bytes (1 switches on core 0)
2026-09-19 07:27:16.534 7 INFO placement.requestlog [None req-7838c2ba-11f5-499c-9f1e-83ca649292ba 8c9ac1eaeda14ce1ab7c64f8aa8feb07 be1ba810945a41f2a30fd03879a47216 - - dcb0f444e64c463e98b5889e17a53a35 dcb0f444e64c463e98b5889e17a53a35] 10.0.0.194 "GET /resource_providers/62a580fe-7ded-49fe-b861-5a209c85234e/aggregates" status: 404 len: 235 microversion: 1.1 [pid: 7|app: 0|req: 402/803] 10.0.0.194 () {32 vars in 825 bytes} [Sat Sep 19 07:27:16 2026] GET /resource_providers/62a580fe-7ded-49fe-b861-5a209c85234e/aggregates => generated 235 bytes in 25 msecs (HTTP/1.1 404) 5 headers in 202 bytes (1 switches on core 0)
2026-09-19 07:27:16.562 6 INFO placement.requestlog [None req-1bde6ca1-1744-4814-bed5-188878c30823 8c9ac1eaeda14ce1ab7c64f8aa8feb07 be1ba810945a41f2a30fd03879a47216 - - dcb0f444e64c463e98b5889e17a53a35 dcb0f444e64c463e98b5889e17a53a35] 10.0.0.194 "DELETE /resource_providers/62a580fe-7ded-49fe-b861-5a209c85234e" status: 404 len: 246 microversion: 1.1 [pid: 6|app: 0|req: 402/804] 10.0.0.194 () {34 vars in 825 bytes} [Sat Sep 19 07:27:16 2026] DELETE /resource_providers/62a580fe-7ded-49fe-b861-5a209c85234e => generated 246 bytes in 11 msecs (HTTP/1.1 404) 6 headers in 231 bytes (1 switches on core 0)
2026-09-19 07:27:18.626 6 INFO placement.requestlog [None req-7ae79bb0-2926-481f-a4ed-8d15d039782c - - - - - -] 10.0.0.4 "GET /" status: 200 len: 136 microversion: 1.0
2026-09-19 07:27:18.627 7 INFO placement.requestlog [None req-081d7bd0-b3f4-4894-a7cf-1bc8e54bce96 - - - - - -] 10.0.0.4 "GET /" status: 200 len: 136 microversion: 1.0
2026-09-19 07:27:18.855 7 INFO placement.requestlog [None req-ede6b1ec-b7bc-4404-957d-a47239212d09 8c9ac1eaeda14ce1ab7c64f8aa8feb07 be1ba810945a41f2a30fd03879a47216 - - dcb0f444e64c463e98b5889e17a53a35 dcb0f444e64c463e98b5889e17a53a35] 10.0.0.194 "GET /resource_providers/b22e9d66-6e2a-454f-b209-1b527e686cbb/aggregates" status: 404 len: 235 microversion: 1.1 [pid: 7|app: 0|req: 404/807] 10.0.0.194 () {32 vars in 825 bytes} [Sat Sep 19 07:27:18 2026] GET /resource_providers/b22e9d66-6e2a-454f-b209-1b527e686cbb/aggregates => generated 235 bytes in 18 msecs (HTTP/1.1 404) 5 headers in 202 bytes (1 switches on core 0)
2026-09-19 07:27:18.859 6 INFO placement.requestlog [None req-b1fa27e5-4ca5-4b88-909c-1e98691db02d 8c9ac1eaeda14ce1ab7c64f8aa8feb07 be1ba810945a41f2a30fd03879a47216 - - dcb0f444e64c463e98b5889e17a53a35 dcb0f444e64c463e98b5889e17a53a35] 10.0.0.194 "GET /resource_providers/b22e9d66-6e2a-454f-b209-1b527e686cbb/aggregates" status: 404 len: 235 microversion: 1.1 [pid: 6|app: 0|req: 404/808] 10.0.0.194 () {32 vars in 825 bytes} [Sat Sep 19 07:27:18 2026] GET /resource_providers/b22e9d66-6e2a-454f-b209-1b527e686cbb/aggregates => generated 235 bytes in 21 msecs (HTTP/1.1 404) 5 headers in 202 bytes (1 switches on core 0)
2026-09-19 07:27:18.886 7 INFO placement.requestlog [None req-7f8faa08-4b68-4355-ad23-27c90f40be1e 8c9ac1eaeda14ce1ab7c64f8aa8feb07 be1ba810945a41f2a30fd03879a47216 - - dcb0f444e64c463e98b5889e17a53a35 dcb0f444e64c463e98b5889e17a53a35] 10.0.0.194 "DELETE /resource_providers/b22e9d66-6e2a-454f-b209-1b527e686cbb" status: 404 len: 246 microversion: 1.1 [pid: 7|app: 0|req: 405/809] 10.0.0.194 () {34 vars in 825 bytes} [Sat Sep 19 07:27:18 2026] DELETE /resource_providers/b22e9d66-6e2a-454f-b209-1b527e686cbb => generated 246 bytes in 9 msecs (HTTP/1.1 404) 6 headers in 231 bytes (1 switches on core 0)
2026-09-19 07:27:18.890 6 INFO placement.requestlog [None req-81fdb6b7-1d96-457b-9f41-eb50957ac5dd 8c9ac1eaeda14ce1ab7c64f8aa8feb07 be1ba810945a41f2a30fd03879a47216 - - dcb0f444e64c463e98b5889e17a53a35 dcb0f444e64c463e98b5889e17a53a35] 10.0.0.194 "DELETE /resource_providers/b22e9d66-6e2a-454f-b209-1b527e686cbb" status: 404 len: 246 microversion: 1.1 [pid: 6|app: 0|req: 405/810] 10.0.0.194 () {34 vars in 825 bytes} [Sat Sep 19 07:27:18 2026] DELETE /resource_providers/b22e9d66-6e2a-454f-b209-1b527e686cbb => generated 246 bytes in 15 msecs (HTTP/1.1 404) 6 headers in 231 bytes (1 switches on core 0)
2026-09-19 07:27:20.665 7 INFO placement.requestlog [None req-c4fa8d48-02b3-4b81-91b2-7a469c02b989 8c9ac1eaeda14ce1ab7c64f8aa8feb07 be1ba810945a41f2a30fd03879a47216 - - dcb0f444e64c463e98b5889e17a53a35 dcb0f444e64c463e98b5889e17a53a35] 10.0.0.194 "GET /resource_providers/4e089f11-cce7-4f9d-bb2b-e2b63d06f741/aggregates" status: 404 len: 235 microversion: 1.1 [pid: 7|app: 0|req: 406/811] 10.0.0.194 () {32 vars in 825 bytes} [Sat Sep 19 07:27:20 2026] GET /resource_providers/4e089f11-cce7-4f9d-bb2b-e2b63d06f741/aggregates => generated 235 bytes in 15 msecs (HTTP/1.1 404) 5 headers in 202 bytes (1 switches on core 0)
2026-09-19 07:27:20.675 6 INFO placement.requestlog [None req-d320ad4f-daf5-44d6-bf62-05d0252bc5c6 8c9ac1eaeda14ce1ab7c64f8aa8feb07 be1ba810945a41f2a30fd03879a47216 - - dcb0f444e64c463e98b5889e17a53a35 dcb0f444e64c463e98b5889e17a53a35] 10.0.0.194 "GET /resource_providers/4e089f11-cce7-4f9d-bb2b-e2b63d06f741/aggregates" status: 404 len: 235 microversion: 1.1 [pid: 6|app: 0|req: 406/812] 10.0.0.194 () {32 vars in 825 bytes} [Sat Sep 19 07:27:20 2026] GET /resource_providers/4e089f11-cce7-4f9d-bb2b-e2b63d06f741/aggregates => generated 235 bytes in 20 msecs (HTTP/1.1 404) 5 headers in 202 bytes (1 switches on core 0)
2026-09-19 07:27:20.688 7 INFO placement.requestlog [None req-406bf189-5360-46a9-b897-2c824d8a6b63 8c9ac1eaeda14ce1ab7c64f8aa8feb07 be1ba810945a41f2a30fd03879a47216 - - dcb0f444e64c463e98b5889e17a53a35 dcb0f444e64c463e98b5889e17a53a35] 10.0.0.194 "DELETE /resource_providers/4e089f11-cce7-4f9d-bb2b-e2b63d06f741" status: 404 len: 246 microversion: 1.1 [pid: 7|app: 0|req: 407/813] 10.0.0.194 () {34 vars in 825 bytes} [Sat Sep 19 07:27:20 2026] DELETE /resource_providers/4e089f11-cce7-4f9d-bb2b-e2b63d06f741 => generated 246 bytes in 15 msecs (HTTP/1.1 404) 6 headers in 231 bytes (1 switches on core 0)
2026-09-19 07:27:20.712 6 INFO placement.requestlog [None req-efbbce5d-30cb-4abf-a08d-fed98dd34869 8c9ac1eaeda14ce1ab7c64f8aa8feb07 be1ba810945a41f2a30fd03879a47216 - - dcb0f444e64c463e98b5889e17a53a35 dcb0f444e64c463e98b5889e17a53a35] 10.0.0.194 "DELETE /resource_providers/4e089f11-cce7-4f9d-bb2b-e2b63d06f741" status: 404 len: 246 microversion: 1.1 [pid: 6|app: 0|req: 407/814] 10.0.0.194 () {34 vars in 825 bytes} [Sat Sep 19 07:27:20 2026] DELETE /resource_providers/4e089f11-cce7-4f9d-bb2b-e2b63d06f741 => generated 246 bytes in 18 msecs (HTTP/1.1 404) 6 headers in 231 bytes (1 switches on core 0)
2026-09-19 07:27:22.715 7 INFO placement.requestlog [None req-92936c40-2de4-409f-9404-66be648fd73e 8c9ac1eaeda14ce1ab7c64f8aa8feb07 be1ba810945a41f2a30fd03879a47216 - - dcb0f444e64c463e98b5889e17a53a35 dcb0f444e64c463e98b5889e17a53a35] 10.0.0.194 "GET /resource_providers/30433855-6e17-41ca-b9ad-a9b6df21f23c/aggregates" status: 404 len: 235 microversion: 1.1 [pid: 7|app: 0|req: 408/815] 10.0.0.194 () {32 vars in 825 bytes} [Sat Sep 19 07:27:22 2026] GET /resource_providers/30433855-6e17-41ca-b9ad-a9b6df21f23c/aggregates => generated 235 bytes in 8 msecs (HTTP/1.1 404) 5 headers in 202 bytes (1 switches on core 0)
2026-09-19 07:27:22.743 6 INFO placement.requestlog [None req-3ade5e79-3699-4df0-8f92-9cdccdf57236 8c9ac1eaeda14ce1ab7c64f8aa8feb07 be1ba810945a41f2a30fd03879a47216 - - dcb0f444e64c463e98b5889e17a53a35 dcb0f444e64c463e98b5889e17a53a35] 10.0.0.194 "GET /resource_providers/30433855-6e17-41ca-b9ad-a9b6df21f23c/aggregates" status: 404 len: 235 microversion: 1.1 [pid: 6|app: 0|req: 408/816] 10.0.0.194 () {32 vars in 825 bytes} [Sat Sep 19 07:27:22 2026] GET /resource_providers/30433855-6e17-41ca-b9ad-a9b6df21f23c/aggregates => generated 235 bytes in 15 msecs (HTTP/1.1 404) 5 headers in 202 bytes (1 switches on core 0)
2026-09-19 07:27:22.745 7 INFO placement.requestlog [None req-659ec8a7-db21-43eb-81e2-02873ee0a813 8c9ac1eaeda14ce1ab7c64f8aa8feb07 be1ba810945a41f2a30fd03879a47216 - - dcb0f444e64c463e98b5889e17a53a35 dcb0f444e64c463e98b5889e17a53a35] 10.0.0.194 "DELETE /resource_providers/30433855-6e17-41ca-b9ad-a9b6df21f23c" status: 404 len: 246 microversion: 1.1 [pid: 7|app: 0|req: 409/817] 10.0.0.194 () {34 vars in 825 bytes} [Sat Sep 19 07:27:22 2026] DELETE /resource_providers/30433855-6e17-41ca-b9ad-a9b6df21f23c => generated 246 bytes in 11 msecs (HTTP/1.1 404) 6 headers in 231 bytes (1 switches on core 0)
2026-09-19 07:27:22.796 6 INFO placement.requestlog [None req-e13ecf6d-68d6-45f8-9f85-0a614eb99b10 8c9ac1eaeda14ce1ab7c64f8aa8feb07 be1ba810945a41f2a30fd03879a47216 - - dcb0f444e64c463e98b5889e17a53a35 dcb0f444e64c463e98b5889e17a53a35] 10.0.0.194 "DELETE /resource_providers/30433855-6e17-41ca-b9ad-a9b6df21f23c" status: 404 len: 246 microversion: 1.1 [pid: 6|app: 0|req: 409/818] 10.0.0.194 () {34 vars in 825 bytes} [Sat Sep 19 07:27:22 2026] DELETE /resource_providers/30433855-6e17-41ca-b9ad-a9b6df21f23c => generated 246 bytes in 15 msecs (HTTP/1.1 404) 6 headers in 231 bytes (1 switches on core 0)
2026-09-19 07:27:23.015 7 INFO placement.requestlog [None req-e08d3c5f-4d41-4d56-9070-45326756722f 8c9ac1eaeda14ce1ab7c64f8aa8feb07 be1ba810945a41f2a30fd03879a47216 - - dcb0f444e64c463e98b5889e17a53a35 dcb0f444e64c463e98b5889e17a53a35] 10.0.0.194 "GET /resource_providers/82de9f6a-d8c9-4c33-8cd9-f124fa3e878a/aggregates" status: 404 len: 235 microversion: 1.1 [pid: 7|app: 0|req: 410/819] 10.0.0.194 () {32 vars in 825 bytes} [Sat Sep 19 07:27:22 2026] GET /resource_providers/82de9f6a-d8c9-4c33-8cd9-f124fa3e878a/aggregates => generated 235 bytes in 21 msecs (HTTP/1.1 404) 5 headers in 202 bytes (1 switches on core 0)
2026-09-19 07:27:23.020 6 INFO placement.requestlog [None req-51130626-5938-4086-b7ef-6a054facba6f 8c9ac1eaeda14ce1ab7c64f8aa8feb07 be1ba810945a41f2a30fd03879a47216 - - dcb0f444e64c463e98b5889e17a53a35 dcb0f444e64c463e98b5889e17a53a35] 10.0.0.194 "GET /resource_providers/82de9f6a-d8c9-4c33-8cd9-f124fa3e878a/aggregates" status: 404 len: 235 microversion: 1.1 [pid: 6|app: 0|req: 410/820] 10.0.0.194 () {32 vars in 825 bytes} [Sat Sep 19 07:27:23 2026] GET /resource_providers/82de9f6a-d8c9-4c33-8cd9-f124fa3e878a/aggregates => generated 235 bytes in 16 msecs (HTTP/1.1 404) 5 headers in 202 bytes (1 switches on core 0)
2026-09-19 07:27:23.053 7 INFO placement.requestlog [None req-8d9ab8a8-f6e9-420e-a403-cf7712711d55 8c9ac1eaeda14ce1ab7c64f8aa8feb07 be1ba810945a41f2a30fd03879a47216 - - dcb0f444e64c463e98b5889e17a53a35 dcb0f444e64c463e98b5889e17a53a35] 10.0.0.194 "DELETE /resource_providers/82de9f6a-d8c9-4c33-8cd9-f124fa3e878a" status: 404 len: 246 microversion: 1.1 [pid: 7|app: 0|req: 411/821] 10.0.0.194 () {34 vars in 825 bytes} [Sat Sep 19 07:27:23 2026] DELETE /resource_providers/82de9f6a-d8c9-4c33-8cd9-f124fa3e878a => generated 246 bytes in 17 msecs (HTTP/1.1 404) 6 headers in 231 bytes (1 switches on core 0)
2026-09-19 07:27:23.057 6 INFO placement.requestlog [None req-78798ad3-fdc5-406b-83a7-c343747c915b 8c9ac1eaeda14ce1ab7c64f8aa8feb07 be1ba810945a41f2a30fd03879a47216 - - dcb0f444e64c463e98b5889e17a53a35 dcb0f444e64c463e98b5889e17a53a35] 10.0.0.194 "DELETE /resource_providers/82de9f6a-d8c9-4c33-8cd9-f124fa3e878a" status: 404 len: 246 microversion: 1.1 [pid: 6|app: 0|req: 411/822] 10.0.0.194 () {34 vars in 825 bytes} [Sat Sep 19 07:27:23 2026] DELETE /resource_providers/82de9f6a-d8c9-4c33-8cd9-f124fa3e878a => generated 246 bytes in 20 msecs (HTTP/1.1 404) 6 headers in 231 bytes (1 switches on core 0)
2026-09-19 07:27:26.201 7 INFO placement.requestlog [None req-0a3b72ca-6e6d-4f6e-80ed-d4be7f955ad4 8c9ac1eaeda14ce1ab7c64f8aa8feb07 be1ba810945a41f2a30fd03879a47216 - - dcb0f444e64c463e98b5889e17a53a35 dcb0f444e64c463e98b5889e17a53a35] 10.0.0.194 "GET /resource_providers/4a62d4b8-8ce0-4762-9e7a-58bbbc1d85da/aggregates" status: 404 len: 235 microversion: 1.1 [pid: 7|app: 0|req: 412/823] 10.0.0.194 () {32 vars in 825 bytes} [Sat Sep 19 07:27:26 2026] GET /resource_providers/4a62d4b8-8ce0-4762-9e7a-58bbbc1d85da/aggregates => generated 235 bytes in 17 msecs (HTTP/1.1 404) 5 headers in 202 bytes (1 switches on core 0)
2026-09-19 07:27:26.219 6 INFO placement.requestlog [None req-d093ef9a-caee-42b8-a233-468222940745 8c9ac1eaeda14ce1ab7c64f8aa8feb07 be1ba810945a41f2a30fd03879a47216 - - dcb0f444e64c463e98b5889e17a53a35 dcb0f444e64c463e98b5889e17a53a35] 10.0.0.194 "GET /resource_providers/4a62d4b8-8ce0-4762-9e7a-58bbbc1d85da/aggregates" status: 404 len: 235 microversion: 1.1 [pid: 6|app: 0|req: 412/824] 10.0.0.194 () {32 vars in 825 bytes} [Sat Sep 19 07:27:26 2026] GET /resource_providers/4a62d4b8-8ce0-4762-9e7a-58bbbc1d85da/aggregates => generated 235 bytes in 36 msecs (HTTP/1.1 404) 5 headers in 202 bytes (1 switches on core 0)
2026-09-19 07:27:26.239 7 INFO placement.requestlog [None req-e1e8223d-0a92-41c8-bcb1-1b7b61b2bcfd 8c9ac1eaeda14ce1ab7c64f8aa8feb07 be1ba810945a41f2a30fd03879a47216 - - dcb0f444e64c463e98b5889e17a53a35 dcb0f444e64c463e98b5889e17a53a35] 10.0.0.194 "DELETE /resource_providers/4a62d4b8-8ce0-4762-9e7a-58bbbc1d85da" status: 404 len: 246 microversion: 1.1 [pid: 7|app: 0|req: 413/825] 10.0.0.194 () {34 vars in 825 bytes} [Sat Sep 19 07:27:26 2026] DELETE /resource_providers/4a62d4b8-8ce0-4762-9e7a-58bbbc1d85da => generated 246 bytes in 19 msecs (HTTP/1.1 404) 6 headers in 231 bytes (1 switches on core 0)
2026-09-19 07:27:26.248 6 INFO placement.requestlog [None req-e49d1e7e-e658-4707-80c1-1ef651b46f3f 8c9ac1eaeda14ce1ab7c64f8aa8feb07 be1ba810945a41f2a30fd03879a47216 - - dcb0f444e64c463e98b5889e17a53a35 dcb0f444e64c463e98b5889e17a53a35] 10.0.0.194 "DELETE /resource_providers/4a62d4b8-8ce0-4762-9e7a-58bbbc1d85da" status: 404 len: 246 microversion: 1.1 [pid: 6|app: 0|req: 413/826] 10.0.0.194 () {34 vars in 825 bytes} [Sat Sep 19 07:27:26 2026] DELETE /resource_providers/4a62d4b8-8ce0-4762-9e7a-58bbbc1d85da => generated 246 bytes in 19 msecs (HTTP/1.1 404) 6 headers in 231 bytes (1 switches on core 0)
2026-09-19 07:27:27.711 6 INFO placement.requestlog [None req-f90e08f1-d87a-4be7-baad-4ff37f3f7acf 8c9ac1eaeda14ce1ab7c64f8aa8feb07 be1ba810945a41f2a30fd03879a47216 - - dcb0f444e64c463e98b5889e17a53a35 dcb0f444e64c463e98b5889e17a53a35] 10.0.0.194 "GET /resource_providers/ed7cef7c-4354-45ea-80a0-eed2b453d076/aggregates" status: 404 len: 235 microversion: 1.1
2026-09-19 07:27:27.711 7 INFO placement.requestlog [None req-57eaf284-07a4-4642-bbaf-afce86631007 8c9ac1eaeda14ce1ab7c64f8aa8feb07 be1ba810945a41f2a30fd03879a47216 - - dcb0f444e64c463e98b5889e17a53a35 dcb0f444e64c463e98b5889e17a53a35] 10.0.0.194 "GET /resource_providers/ed7cef7c-4354-45ea-80a0-eed2b453d076/aggregates" status: 404 len: 235 microversion: 1.1 [pid: 6|app: 0|req: 414/827] 10.0.0.194 () {32 vars in 825 bytes} [Sat Sep 19 07:27:27 2026] GET /resource_providers/ed7cef7c-4354-45ea-80a0-eed2b453d076/aggregates => generated 235 bytes in 17 msecs (HTTP/1.1 404) 5 headers in 202 bytes (1 switches on core 0) [pid: 7|app: 0|req: 414/828] 10.0.0.194 () {32 vars in 825 bytes} [Sat Sep 19 07:27:27 2026] GET /resource_providers/ed7cef7c-4354-45ea-80a0-eed2b453d076/aggregates => generated 235 bytes in 17 msecs (HTTP/1.1 404) 5 headers in 202 bytes (1 switches on core 0)
2026-09-19 07:27:27.755 6 INFO placement.requestlog [None req-051ea650-346f-4638-b54e-cc50bed571f4 8c9ac1eaeda14ce1ab7c64f8aa8feb07 be1ba810945a41f2a30fd03879a47216 - - dcb0f444e64c463e98b5889e17a53a35 dcb0f444e64c463e98b5889e17a53a35] 10.0.0.194 "DELETE /resource_providers/ed7cef7c-4354-45ea-80a0-eed2b453d076" status: 404 len: 246 microversion: 1.1 [pid: 6|app: 0|req: 415/829] 10.0.0.194 () {34 vars in 825 bytes} [Sat Sep 19 07:27:27 2026] DELETE /resource_providers/ed7cef7c-4354-45ea-80a0-eed2b453d076 => generated 246 bytes in 22 msecs (HTTP/1.1 404) 6 headers in 231 bytes (1 switches on core 0)
2026-09-19 07:27:27.757 7 INFO placement.requestlog [None req-da35f996-476e-493b-a296-78011749aae3 8c9ac1eaeda14ce1ab7c64f8aa8feb07 be1ba810945a41f2a30fd03879a47216 - - dcb0f444e64c463e98b5889e17a53a35 dcb0f444e64c463e98b5889e17a53a35] 10.0.0.194 "DELETE /resource_providers/ed7cef7c-4354-45ea-80a0-eed2b453d076" status: 404 len: 246 microversion: 1.1 [pid: 7|app: 0|req: 415/830] 10.0.0.194 () {34 vars in 825 bytes} [Sat Sep 19 07:27:27 2026] DELETE /resource_providers/ed7cef7c-4354-45ea-80a0-eed2b453d076 => generated 246 bytes in 24 msecs (HTTP/1.1 404) 6 headers in 231 bytes (1 switches on core 0)
2026-09-19 07:27:28.271 6 INFO placement.requestlog [None req-db9ba628-60dd-4fea-a533-ba1074b3800d 8c9ac1eaeda14ce1ab7c64f8aa8feb07 be1ba810945a41f2a30fd03879a47216 - - dcb0f444e64c463e98b5889e17a53a35 dcb0f444e64c463e98b5889e17a53a35] 10.0.0.194 "GET /resource_providers/5414205a-5b1d-4163-8ab4-94670989d67b/aggregates" status: 404 len: 235 microversion: 1.1 [pid: 6|app: 0|req: 416/831] 10.0.0.194 () {32 vars in 825 bytes} [Sat Sep 19 07:27:28 2026] GET /resource_providers/5414205a-5b1d-4163-8ab4-94670989d67b/aggregates => generated 235 bytes in 18 msecs (HTTP/1.1 404) 5 headers in 202 bytes (1 switches on core 0)
2026-09-19 07:27:28.280 7 INFO placement.requestlog [None req-bb3e0d64-cde7-4e30-883a-dc015470324b 8c9ac1eaeda14ce1ab7c64f8aa8feb07 be1ba810945a41f2a30fd03879a47216 - - dcb0f444e64c463e98b5889e17a53a35 dcb0f444e64c463e98b5889e17a53a35] 10.0.0.194 "GET /resource_providers/5414205a-5b1d-4163-8ab4-94670989d67b/aggregates" status: 404 len: 235 microversion: 1.1 [pid: 7|app: 0|req: 416/832] 10.0.0.194 () {32 vars in 825 bytes} [Sat Sep 19 07:27:28 2026] GET /resource_providers/5414205a-5b1d-4163-8ab4-94670989d67b/aggregates => generated 235 bytes in 21 msecs (HTTP/1.1 404) 5 headers in 202 bytes (1 switches on core 0)
2026-09-19 07:27:28.305 7 INFO placement.requestlog [None req-9332ecb2-1c5b-45a2-acc7-1f6857b6b751 8c9ac1eaeda14ce1ab7c64f8aa8feb07 be1ba810945a41f2a30fd03879a47216 - - dcb0f444e64c463e98b5889e17a53a35 dcb0f444e64c463e98b5889e17a53a35] 10.0.0.194 "DELETE /resource_providers/5414205a-5b1d-4163-8ab4-94670989d67b" status: 404 len: 246 microversion: 1.1 [pid: 7|app: 0|req: 417/833] 10.0.0.194 () {34 vars in 825 bytes} [Sat Sep 19 07:27:28 2026] DELETE /resource_providers/5414205a-5b1d-4163-8ab4-94670989d67b => generated 246 bytes in 14 msecs (HTTP/1.1 404) 6 headers in 231 bytes (1 switches on core 0)
2026-09-19 07:27:28.321 6 INFO placement.requestlog [None req-4142eba2-421e-46e8-878d-768a70b2f770 8c9ac1eaeda14ce1ab7c64f8aa8feb07 be1ba810945a41f2a30fd03879a47216 - - dcb0f444e64c463e98b5889e17a53a35 dcb0f444e64c463e98b5889e17a53a35] 10.0.0.194 "DELETE /resource_providers/5414205a-5b1d-4163-8ab4-94670989d67b" status: 404 len: 246 microversion: 1.1 [pid: 6|app: 0|req: 417/834] 10.0.0.194 () {34 vars in 825 bytes} [Sat Sep 19 07:27:28 2026] DELETE /resource_providers/5414205a-5b1d-4163-8ab4-94670989d67b => generated 246 bytes in 34 msecs (HTTP/1.1 404) 6 headers in 231 bytes (1 switches on core 0)
2026-09-19 07:27:28.627 7 INFO placement.requestlog [None req-111697b3-befe-4848-978d-6c3350e3c034 - - - - - -] 10.0.0.4 "GET /" status: 200 len: 136 microversion: 1.0
2026-09-19 07:27:28.629 6 INFO placement.requestlog [None req-f7882f1a-0594-4cbf-82f1-d0ac97333018 - - - - - -] 10.0.0.4 "GET /" status: 200 len: 136 microversion: 1.0
2026-09-19 07:27:29.784 7 INFO placement.requestlog [None req-3b326883-e176-4ddc-b24d-927bfd23321d 8c9ac1eaeda14ce1ab7c64f8aa8feb07 be1ba810945a41f2a30fd03879a47216 - - dcb0f444e64c463e98b5889e17a53a35 dcb0f444e64c463e98b5889e17a53a35] 10.0.0.194 "GET /resource_providers/317ebafc-1a03-41c2-951b-3160236ce06f/aggregates" status: 404 len: 235 microversion: 1.1 [pid: 7|app: 0|req: 419/837] 10.0.0.194 () {32 vars in 825 bytes} [Sat Sep 19 07:27:29 2026] GET /resource_providers/317ebafc-1a03-41c2-951b-3160236ce06f/aggregates => generated 235 bytes in 21 msecs (HTTP/1.1 404) 5 headers in 202 bytes (1 switches on core 0)
2026-09-19 07:27:29.788 6 INFO placement.requestlog [None req-0146117b-d91b-43a8-8f87-fbb5991ba033 8c9ac1eaeda14ce1ab7c64f8aa8feb07 be1ba810945a41f2a30fd03879a47216 - - dcb0f444e64c463e98b5889e17a53a35 dcb0f444e64c463e98b5889e17a53a35] 10.0.0.194 "GET /resource_providers/317ebafc-1a03-41c2-951b-3160236ce06f/aggregates" status: 404 len: 235 microversion: 1.1 [pid: 6|app: 0|req: 419/838] 10.0.0.194 () {32 vars in 825 bytes} [Sat Sep 19 07:27:29 2026] GET /resource_providers/317ebafc-1a03-41c2-951b-3160236ce06f/aggregates => generated 235 bytes in 20 msecs (HTTP/1.1 404) 5 headers in 202 bytes (1 switches on core 0)
2026-09-19 07:27:29.806 7 INFO placement.requestlog [None req-59f99b86-178c-410c-821d-d16eaa18133c 8c9ac1eaeda14ce1ab7c64f8aa8feb07 be1ba810945a41f2a30fd03879a47216 - - dcb0f444e64c463e98b5889e17a53a35 dcb0f444e64c463e98b5889e17a53a35] 10.0.0.194 "DELETE /resource_providers/317ebafc-1a03-41c2-951b-3160236ce06f" status: 404 len: 246 microversion: 1.1 [pid: 7|app: 0|req: 420/839] 10.0.0.194 () {34 vars in 825 bytes} [Sat Sep 19 07:27:29 2026] DELETE /resource_providers/317ebafc-1a03-41c2-951b-3160236ce06f => generated 246 bytes in 15 msecs (HTTP/1.1 404) 6 headers in 231 bytes (1 switches on core 0)
2026-09-19 07:27:29.899 6 INFO placement.requestlog [None req-8fa700dd-d627-4cca-814e-b56239efe1a2 8c9ac1eaeda14ce1ab7c64f8aa8feb07 be1ba810945a41f2a30fd03879a47216 - - dcb0f444e64c463e98b5889e17a53a35 dcb0f444e64c463e98b5889e17a53a35] 10.0.0.194 "DELETE /resource_providers/317ebafc-1a03-41c2-951b-3160236ce06f" status: 404 len: 246 microversion: 1.1 [pid: 6|app: 0|req: 420/840] 10.0.0.194 () {34 vars in 825 bytes} [Sat Sep 19 07:27:29 2026] DELETE /resource_providers/317ebafc-1a03-41c2-951b-3160236ce06f => generated 246 bytes in 102 msecs (HTTP/1.1 404) 6 headers in 231 bytes (1 switches on core 0)
2026-09-19 07:27:33.839 6 INFO placement.requestlog [None req-85e6d23f-2f41-41bc-8ff3-3d2b5d3dbb19 8c9ac1eaeda14ce1ab7c64f8aa8feb07 be1ba810945a41f2a30fd03879a47216 - - dcb0f444e64c463e98b5889e17a53a35 dcb0f444e64c463e98b5889e17a53a35] 10.0.0.194 "GET /resource_providers/1942f335-ea9d-4f55-a9fa-9e55798c4b27/aggregates" status: 404 len: 235 microversion: 1.1 [pid: 6|app: 0|req: 421/841] 10.0.0.194 () {32 vars in 825 bytes} [Sat Sep 19 07:27:33 2026] GET /resource_providers/1942f335-ea9d-4f55-a9fa-9e55798c4b27/aggregates => generated 235 bytes in 10 msecs (HTTP/1.1 404) 5 headers in 202 bytes (1 switches on core 0)
2026-09-19 07:27:33.846 7 INFO placement.requestlog [None req-dcaf50c5-585d-473f-b079-a089980f66fe 8c9ac1eaeda14ce1ab7c64f8aa8feb07 be1ba810945a41f2a30fd03879a47216 - - dcb0f444e64c463e98b5889e17a53a35 dcb0f444e64c463e98b5889e17a53a35] 10.0.0.194 "GET /resource_providers/1942f335-ea9d-4f55-a9fa-9e55798c4b27/aggregates" status: 404 len: 235 microversion: 1.1 [pid: 7|app: 0|req: 421/842] 10.0.0.194 () {32 vars in 825 bytes} [Sat Sep 19 07:27:33 2026] GET /resource_providers/1942f335-ea9d-4f55-a9fa-9e55798c4b27/aggregates => generated 235 bytes in 17 msecs (HTTP/1.1 404) 5 headers in 202 bytes (1 switches on core 0)
2026-09-19 07:27:33.866 6 INFO placement.requestlog [None req-a7624323-0cc1-4734-845f-34c0d7a817bc 8c9ac1eaeda14ce1ab7c64f8aa8feb07 be1ba810945a41f2a30fd03879a47216 - - dcb0f444e64c463e98b5889e17a53a35 dcb0f444e64c463e98b5889e17a53a35] 10.0.0.194 "DELETE /resource_providers/1942f335-ea9d-4f55-a9fa-9e55798c4b27" status: 404 len: 246 microversion: 1.1 [pid: 6|app: 0|req: 422/843] 10.0.0.194 () {34 vars in 825 bytes} [Sat Sep 19 07:27:33 2026] DELETE /resource_providers/1942f335-ea9d-4f55-a9fa-9e55798c4b27 => generated 246 bytes in 9 msecs (HTTP/1.1 404) 6 headers in 231 bytes (1 switches on core 0)
2026-09-19 07:27:33.895 7 INFO placement.requestlog [None req-8c600cc5-0de6-455f-8487-33b8b1742a34 8c9ac1eaeda14ce1ab7c64f8aa8feb07 be1ba810945a41f2a30fd03879a47216 - - dcb0f444e64c463e98b5889e17a53a35 dcb0f444e64c463e98b5889e17a53a35] 10.0.0.194 "DELETE /resource_providers/1942f335-ea9d-4f55-a9fa-9e55798c4b27" status: 404 len: 246 microversion: 1.1 [pid: 7|app: 0|req: 422/844] 10.0.0.194 () {34 vars in 825 bytes} [Sat Sep 19 07:27:33 2026] DELETE /resource_providers/1942f335-ea9d-4f55-a9fa-9e55798c4b27 => generated 246 bytes in 25 msecs (HTTP/1.1 404) 6 headers in 231 bytes (1 switches on core 0)
2026-09-19 07:27:35.885 6 INFO placement.requestlog [None req-89fad2ff-9b34-433b-807a-620e2cb90576 8c9ac1eaeda14ce1ab7c64f8aa8feb07 be1ba810945a41f2a30fd03879a47216 - - dcb0f444e64c463e98b5889e17a53a35 dcb0f444e64c463e98b5889e17a53a35] 10.0.0.194 "GET /resource_providers/894f9026-f619-497b-8c91-82a75ca4531f/aggregates" status: 404 len: 235 microversion: 1.1 [pid: 6|app: 0|req: 423/845] 10.0.0.194 () {32 vars in 825 bytes} [Sat Sep 19 07:27:35 2026] GET /resource_providers/894f9026-f619-497b-8c91-82a75ca4531f/aggregates => generated 235 bytes in 13 msecs (HTTP/1.1 404) 5 headers in 202 bytes (1 switches on core 0)
2026-09-19 07:27:35.919 7 INFO placement.requestlog [None req-1d948f7e-1cc3-4505-bf26-de5de4d304f6 8c9ac1eaeda14ce1ab7c64f8aa8feb07 be1ba810945a41f2a30fd03879a47216 - - dcb0f444e64c463e98b5889e17a53a35 dcb0f444e64c463e98b5889e17a53a35] 10.0.0.194 "DELETE /resource_providers/894f9026-f619-497b-8c91-82a75ca4531f" status: 404 len: 246 microversion: 1.1 [pid: 7|app: 0|req: 423/846] 10.0.0.194 () {34 vars in 825 bytes} [Sat Sep 19 07:27:35 2026] DELETE /resource_providers/894f9026-f619-497b-8c91-82a75ca4531f => generated 246 bytes in 23 msecs (HTTP/1.1 404) 6 headers in 231 bytes (1 switches on core 0)
2026-09-19 07:27:35.929 6 INFO placement.requestlog [None req-4b34ad63-04ce-4976-9f6f-7c8f64f94219 8c9ac1eaeda14ce1ab7c64f8aa8feb07 be1ba810945a41f2a30fd03879a47216 - - dcb0f444e64c463e98b5889e17a53a35 dcb0f444e64c463e98b5889e17a53a35] 10.0.0.194 "GET /resource_providers/894f9026-f619-497b-8c91-82a75ca4531f/aggregates" status: 404 len: 235 microversion: 1.1 [pid: 6|app: 0|req: 424/847] 10.0.0.194 () {32 vars in 825 bytes} [Sat Sep 19 07:27:35 2026] GET /resource_providers/894f9026-f619-497b-8c91-82a75ca4531f/aggregates => generated 235 bytes in 13 msecs (HTTP/1.1 404) 5 headers in 202 bytes (1 switches on core 0)
2026-09-19 07:27:35.944 7 INFO placement.requestlog [None req-2b56d977-d181-4c67-9671-399ebbd48cd8 8c9ac1eaeda14ce1ab7c64f8aa8feb07 be1ba810945a41f2a30fd03879a47216 - - dcb0f444e64c463e98b5889e17a53a35 dcb0f444e64c463e98b5889e17a53a35] 10.0.0.194 "GET /resource_providers/521777da-b0f2-417d-aa3d-7174fa7b064c/aggregates" status: 404 len: 235 microversion: 1.1 [pid: 7|app: 0|req: 424/848] 10.0.0.194 () {32 vars in 825 bytes} [Sat Sep 19 07:27:35 2026] GET /resource_providers/521777da-b0f2-417d-aa3d-7174fa7b064c/aggregates => generated 235 bytes in 15 msecs (HTTP/1.1 404) 5 headers in 202 bytes (1 switches on core 0)
2026-09-19 07:27:35.951 6 INFO placement.requestlog [None req-045f7e35-419f-4f2d-8611-4f7e13be7534 8c9ac1eaeda14ce1ab7c64f8aa8feb07 be1ba810945a41f2a30fd03879a47216 - - dcb0f444e64c463e98b5889e17a53a35 dcb0f444e64c463e98b5889e17a53a35] 10.0.0.194 "DELETE /resource_providers/894f9026-f619-497b-8c91-82a75ca4531f" status: 404 len: 246 microversion: 1.1 [pid: 6|app: 0|req: 425/849] 10.0.0.194 () {34 vars in 825 bytes} [Sat Sep 19 07:27:35 2026] DELETE /resource_providers/894f9026-f619-497b-8c91-82a75ca4531f => generated 246 bytes in 12 msecs (HTTP/1.1 404) 6 headers in 231 bytes (1 switches on core 0)
2026-09-19 07:27:35.958 7 INFO placement.requestlog [None req-9b78c99b-8582-481e-8aca-ee73caee5fb4 8c9ac1eaeda14ce1ab7c64f8aa8feb07 be1ba810945a41f2a30fd03879a47216 - - dcb0f444e64c463e98b5889e17a53a35 dcb0f444e64c463e98b5889e17a53a35] 10.0.0.194 "DELETE /resource_providers/521777da-b0f2-417d-aa3d-7174fa7b064c" status: 404 len: 246 microversion: 1.1 [pid: 7|app: 0|req: 425/850] 10.0.0.194 () {34 vars in 825 bytes} [Sat Sep 19 07:27:35 2026] DELETE /resource_providers/521777da-b0f2-417d-aa3d-7174fa7b064c => generated 246 bytes in 10 msecs (HTTP/1.1 404) 6 headers in 231 bytes (1 switches on core 0)
2026-09-19 07:27:35.974 6 INFO placement.requestlog [None req-364bd971-178b-4fa9-afdd-bddd7d028c56 8c9ac1eaeda14ce1ab7c64f8aa8feb07 be1ba810945a41f2a30fd03879a47216 - - dcb0f444e64c463e98b5889e17a53a35 dcb0f444e64c463e98b5889e17a53a35] 10.0.0.194 "GET /resource_providers/521777da-b0f2-417d-aa3d-7174fa7b064c/aggregates" status: 404 len: 235 microversion: 1.1 [pid: 6|app: 0|req: 426/851] 10.0.0.194 () {32 vars in 825 bytes} [Sat Sep 19 07:27:35 2026] GET /resource_providers/521777da-b0f2-417d-aa3d-7174fa7b064c/aggregates => generated 235 bytes in 10 msecs (HTTP/1.1 404) 5 headers in 202 bytes (1 switches on core 0)
2026-09-19 07:27:36.003 7 INFO placement.requestlog [None req-1914411c-67b7-464f-9345-cbb0e943d8a5 8c9ac1eaeda14ce1ab7c64f8aa8feb07 be1ba810945a41f2a30fd03879a47216 - - dcb0f444e64c463e98b5889e17a53a35 dcb0f444e64c463e98b5889e17a53a35] 10.0.0.194 "DELETE /resource_providers/521777da-b0f2-417d-aa3d-7174fa7b064c" status: 404 len: 246 microversion: 1.1 [pid: 7|app: 0|req: 426/852] 10.0.0.194 () {34 vars in 825 bytes} [Sat Sep 19 07:27:35 2026] DELETE /resource_providers/521777da-b0f2-417d-aa3d-7174fa7b064c => generated 246 bytes in 12 msecs (HTTP/1.1 404) 6 headers in 231 bytes (1 switches on core 0)
2026-09-19 07:27:38.626 6 INFO placement.requestlog [None req-f4e571c1-5f24-4f85-b00c-21fb83d09e62 - - - - - -] 10.0.0.4 "GET /" status: 200 len: 136 microversion: 1.0
2026-09-19 07:27:38.627 7 INFO placement.requestlog [None req-0c63666e-c7bb-4a2b-932c-08d5971450ac - - - - - -] 10.0.0.4 "GET /" status: 200 len: 136 microversion: 1.0
2026-09-19 07:27:40.073 6 INFO placement.requestlog [None req-3f85ecc8-46e6-46f7-ad96-c285161688cb 8c9ac1eaeda14ce1ab7c64f8aa8feb07 be1ba810945a41f2a30fd03879a47216 - - dcb0f444e64c463e98b5889e17a53a35 dcb0f444e64c463e98b5889e17a53a35] 10.0.0.194 "GET /resource_providers/a8bedc16-ffeb-48d9-afa1-3da8419c85dd/aggregates" status: 404 len: 235 microversion: 1.1 [pid: 6|app: 0|req: 428/855] 10.0.0.194 () {32 vars in 825 bytes} [Sat Sep 19 07:27:40 2026] GET /resource_providers/a8bedc16-ffeb-48d9-afa1-3da8419c85dd/aggregates => generated 235 bytes in 10 msecs (HTTP/1.1 404) 5 headers in 202 bytes (1 switches on core 0)
2026-09-19 07:27:40.084 7 INFO placement.requestlog [None req-c6adcf64-2ffd-4969-83a5-4c7964324cb8 8c9ac1eaeda14ce1ab7c64f8aa8feb07 be1ba810945a41f2a30fd03879a47216 - - dcb0f444e64c463e98b5889e17a53a35 dcb0f444e64c463e98b5889e17a53a35] 10.0.0.194 "GET /resource_providers/a8bedc16-ffeb-48d9-afa1-3da8419c85dd/aggregates" status: 404 len: 235 microversion: 1.1 [pid: 7|app: 0|req: 428/856] 10.0.0.194 () {32 vars in 825 bytes} [Sat Sep 19 07:27:40 2026] GET /resource_providers/a8bedc16-ffeb-48d9-afa1-3da8419c85dd/aggregates => generated 235 bytes in 21 msecs (HTTP/1.1 404) 5 headers in 202 bytes (1 switches on core 0)
2026-09-19 07:27:40.095 6 INFO placement.requestlog [None req-b49a44ec-3ae6-49b2-bda8-32ae9a5211ce 8c9ac1eaeda14ce1ab7c64f8aa8feb07 be1ba810945a41f2a30fd03879a47216 - - dcb0f444e64c463e98b5889e17a53a35 dcb0f444e64c463e98b5889e17a53a35] 10.0.0.194 "DELETE /resource_providers/a8bedc16-ffeb-48d9-afa1-3da8419c85dd" status: 404 len: 246 microversion: 1.1 [pid: 6|app: 0|req: 429/857] 10.0.0.194 () {34 vars in 825 bytes} [Sat Sep 19 07:27:40 2026] DELETE /resource_providers/a8bedc16-ffeb-48d9-afa1-3da8419c85dd => generated 246 bytes in 8 msecs (HTTP/1.1 404) 6 headers in 231 bytes (1 switches on core 0)
2026-09-19 07:27:40.113 7 INFO placement.requestlog [None req-16c36a21-bc8b-45bb-b672-d63417fe4bc5 8c9ac1eaeda14ce1ab7c64f8aa8feb07 be1ba810945a41f2a30fd03879a47216 - - dcb0f444e64c463e98b5889e17a53a35 dcb0f444e64c463e98b5889e17a53a35] 10.0.0.194 "DELETE /resource_providers/a8bedc16-ffeb-48d9-afa1-3da8419c85dd" status: 404 len: 246 microversion: 1.1 [pid: 7|app: 0|req: 429/858] 10.0.0.194 () {34 vars in 825 bytes} [Sat Sep 19 07:27:40 2026] DELETE /resource_providers/a8bedc16-ffeb-48d9-afa1-3da8419c85dd => generated 246 bytes in 15 msecs (HTTP/1.1 404) 6 headers in 231 bytes (1 switches on core 0)
2026-09-19 07:27:43.182 6 INFO placement.requestlog [None req-1424176f-49a6-431a-a90a-807079b3c383 8c9ac1eaeda14ce1ab7c64f8aa8feb07 be1ba810945a41f2a30fd03879a47216 - - dcb0f444e64c463e98b5889e17a53a35 dcb0f444e64c463e98b5889e17a53a35] 10.0.0.194 "GET /resource_providers/30c80a32-f3d3-4e42-8d92-5df392938aca/aggregates" status: 404 len: 235 microversion: 1.1 [pid: 6|app: 0|req: 430/859] 10.0.0.194 () {32 vars in 825 bytes} [Sat Sep 19 07:27:43 2026] GET /resource_providers/30c80a32-f3d3-4e42-8d92-5df392938aca/aggregates => generated 235 bytes in 18 msecs (HTTP/1.1 404) 5 headers in 202 bytes (1 switches on core 0)
2026-09-19 07:27:43.183 7 INFO placement.requestlog [None req-b08227e4-a960-41a4-a2a2-5fbfd0131aae 8c9ac1eaeda14ce1ab7c64f8aa8feb07 be1ba810945a41f2a30fd03879a47216 - - dcb0f444e64c463e98b5889e17a53a35 dcb0f444e64c463e98b5889e17a53a35] 10.0.0.194 "GET /resource_providers/30c80a32-f3d3-4e42-8d92-5df392938aca/aggregates" status: 404 len: 235 microversion: 1.1 [pid: 7|app: 0|req: 430/860] 10.0.0.194 () {32 vars in 825 bytes} [Sat Sep 19 07:27:43 2026] GET /resource_providers/30c80a32-f3d3-4e42-8d92-5df392938aca/aggregates => generated 235 bytes in 13 msecs (HTTP/1.1 404) 5 headers in 202 bytes (1 switches on core 0)
2026-09-19 07:27:43.215 7 INFO placement.requestlog [None req-87c76de6-ceed-43b5-bc74-7931ee56bf06 8c9ac1eaeda14ce1ab7c64f8aa8feb07 be1ba810945a41f2a30fd03879a47216 - - dcb0f444e64c463e98b5889e17a53a35 dcb0f444e64c463e98b5889e17a53a35] 10.0.0.194 "DELETE /resource_providers/30c80a32-f3d3-4e42-8d92-5df392938aca" status: 404 len: 246 microversion: 1.1 [pid: 7|app: 0|req: 431/861] 10.0.0.194 () {34 vars in 825 bytes} [Sat Sep 19 07:27:43 2026] DELETE /resource_providers/30c80a32-f3d3-4e42-8d92-5df392938aca => generated 246 bytes in 16 msecs (HTTP/1.1 404) 6 headers in 231 bytes (1 switches on core 0)
2026-09-19 07:27:43.218 6 INFO placement.requestlog [None req-ee1d84f0-471f-4c1d-b9e8-fb4f64db03bf 8c9ac1eaeda14ce1ab7c64f8aa8feb07 be1ba810945a41f2a30fd03879a47216 - - dcb0f444e64c463e98b5889e17a53a35 dcb0f444e64c463e98b5889e17a53a35] 10.0.0.194 "DELETE /resource_providers/30c80a32-f3d3-4e42-8d92-5df392938aca" status: 404 len: 246 microversion: 1.1 [pid: 6|app: 0|req: 431/862] 10.0.0.194 () {34 vars in 825 bytes} [Sat Sep 19 07:27:43 2026] DELETE /resource_providers/30c80a32-f3d3-4e42-8d92-5df392938aca => generated 246 bytes in 20 msecs (HTTP/1.1 404) 6 headers in 231 bytes (1 switches on core 0)
2026-09-19 07:27:44.270 6 INFO placement.requestlog [None req-dc75294e-5d57-4c32-8bcf-75680fe90ace 8c9ac1eaeda14ce1ab7c64f8aa8feb07 be1ba810945a41f2a30fd03879a47216 - - dcb0f444e64c463e98b5889e17a53a35 dcb0f444e64c463e98b5889e17a53a35] 10.0.0.194 "GET /resource_providers/452da556-2289-4e3b-bf53-26bd46f4afb8/aggregates" status: 404 len: 235 microversion: 1.1 [pid: 6|app: 0|req: 432/863] 10.0.0.194 () {32 vars in 825 bytes} [Sat Sep 19 07:27:44 2026] GET /resource_providers/452da556-2289-4e3b-bf53-26bd46f4afb8/aggregates => generated 235 bytes in 12 msecs (HTTP/1.1 404) 5 headers in 202 bytes (1 switches on core 0)
2026-09-19 07:27:44.275 7 INFO placement.requestlog [None req-12dd54c4-f96e-4b2e-9169-dab70aa8beb5 8c9ac1eaeda14ce1ab7c64f8aa8feb07 be1ba810945a41f2a30fd03879a47216 - - dcb0f444e64c463e98b5889e17a53a35 dcb0f444e64c463e98b5889e17a53a35] 10.0.0.194 "GET /resource_providers/452da556-2289-4e3b-bf53-26bd46f4afb8/aggregates" status: 404 len: 235 microversion: 1.1 [pid: 7|app: 0|req: 432/864] 10.0.0.194 () {32 vars in 825 bytes} [Sat Sep 19 07:27:44 2026] GET /resource_providers/452da556-2289-4e3b-bf53-26bd46f4afb8/aggregates => generated 235 bytes in 17 msecs (HTTP/1.1 404) 5 headers in 202 bytes (1 switches on core 0)
2026-09-19 07:27:44.306 6 INFO placement.requestlog [None req-5921904f-4a9f-4430-ac4e-5b131251d417 8c9ac1eaeda14ce1ab7c64f8aa8feb07 be1ba810945a41f2a30fd03879a47216 - - dcb0f444e64c463e98b5889e17a53a35 dcb0f444e64c463e98b5889e17a53a35] 10.0.0.194 "DELETE /resource_providers/452da556-2289-4e3b-bf53-26bd46f4afb8" status: 404 len: 246 microversion: 1.1 [pid: 6|app: 0|req: 433/865] 10.0.0.194 () {34 vars in 825 bytes} [Sat Sep 19 07:27:44 2026] DELETE /resource_providers/452da556-2289-4e3b-bf53-26bd46f4afb8 => generated 246 bytes in 16 msecs (HTTP/1.1 404) 6 headers in 231 bytes (1 switches on core 0)
2026-09-19 07:27:44.321 7 INFO placement.requestlog [None req-0d28fb7d-ab06-4b23-bbe7-5389b8496321 8c9ac1eaeda14ce1ab7c64f8aa8feb07 be1ba810945a41f2a30fd03879a47216 - - dcb0f444e64c463e98b5889e17a53a35 dcb0f444e64c463e98b5889e17a53a35] 10.0.0.194 "DELETE /resource_providers/452da556-2289-4e3b-bf53-26bd46f4afb8" status: 404 len: 246 microversion: 1.1 [pid: 7|app: 0|req: 433/866] 10.0.0.194 () {34 vars in 825 bytes} [Sat Sep 19 07:27:44 2026] DELETE /resource_providers/452da556-2289-4e3b-bf53-26bd46f4afb8 => generated 246 bytes in 15 msecs (HTTP/1.1 404) 6 headers in 231 bytes (1 switches on core 0)
2026-09-19 07:27:45.241 6 INFO placement.requestlog [None req-8ed31e92-0a13-423f-8a40-dfc78a62bb0d 8c9ac1eaeda14ce1ab7c64f8aa8feb07 be1ba810945a41f2a30fd03879a47216 - - dcb0f444e64c463e98b5889e17a53a35 dcb0f444e64c463e98b5889e17a53a35] 10.0.0.194 "GET /resource_providers/57777b8c-60ff-4fbb-8304-a9a420fae7ba/aggregates" status: 404 len: 235 microversion: 1.1 [pid: 6|app: 0|req: 434/867] 10.0.0.194 () {32 vars in 825 bytes} [Sat Sep 19 07:27:45 2026] GET /resource_providers/57777b8c-60ff-4fbb-8304-a9a420fae7ba/aggregates => generated 235 bytes in 9 msecs (HTTP/1.1 404) 5 headers in 202 bytes (1 switches on core 0)
2026-09-19 07:27:45.257 7 INFO placement.requestlog [None req-f4d742fa-6a10-45e7-ace7-38c686a61a57 8c9ac1eaeda14ce1ab7c64f8aa8feb07 be1ba810945a41f2a30fd03879a47216 - - dcb0f444e64c463e98b5889e17a53a35 dcb0f444e64c463e98b5889e17a53a35] 10.0.0.194 "GET /resource_providers/57777b8c-60ff-4fbb-8304-a9a420fae7ba/aggregates" status: 404 len: 235 microversion: 1.1 [pid: 7|app: 0|req: 434/868] 10.0.0.194 () {32 vars in 825 bytes} [Sat Sep 19 07:27:45 2026] GET /resource_providers/57777b8c-60ff-4fbb-8304-a9a420fae7ba/aggregates => generated 235 bytes in 23 msecs (HTTP/1.1 404) 5 headers in 202 bytes (1 switches on core 0)
2026-09-19 07:27:45.262 6 INFO placement.requestlog [None req-2959c026-b7b2-4606-8d23-c92695c0dc68 8c9ac1eaeda14ce1ab7c64f8aa8feb07 be1ba810945a41f2a30fd03879a47216 - - dcb0f444e64c463e98b5889e17a53a35 dcb0f444e64c463e98b5889e17a53a35] 10.0.0.194 "DELETE /resource_providers/57777b8c-60ff-4fbb-8304-a9a420fae7ba" status: 404 len: 246 microversion: 1.1 [pid: 6|app: 0|req: 435/869] 10.0.0.194 () {34 vars in 825 bytes} [Sat Sep 19 07:27:45 2026] DELETE /resource_providers/57777b8c-60ff-4fbb-8304-a9a420fae7ba => generated 246 bytes in 9 msecs (HTTP/1.1 404) 6 headers in 231 bytes (1 switches on core 0)
2026-09-19 07:27:45.279 6 INFO placement.requestlog [None req-7d4aeeee-c5e8-47fb-b9db-6f7ce1c75391 8c9ac1eaeda14ce1ab7c64f8aa8feb07 be1ba810945a41f2a30fd03879a47216 - - dcb0f444e64c463e98b5889e17a53a35 dcb0f444e64c463e98b5889e17a53a35] 10.0.0.194 "GET /resource_providers/a5331a18-7e4f-4220-a348-043d1231c8a8/aggregates" status: 404 len: 235 microversion: 1.1 [pid: 6|app: 0|req: 436/870] 10.0.0.194 () {32 vars in 825 bytes} [Sat Sep 19 07:27:45 2026] GET /resource_providers/a5331a18-7e4f-4220-a348-043d1231c8a8/aggregates => generated 235 bytes in 8 msecs (HTTP/1.1 404) 5 headers in 202 bytes (1 switches on core 0)
2026-09-19 07:27:45.286 7 INFO placement.requestlog [None req-a826ea12-1686-47fc-830e-5f6323411edf 8c9ac1eaeda14ce1ab7c64f8aa8feb07 be1ba810945a41f2a30fd03879a47216 - - dcb0f444e64c463e98b5889e17a53a35 dcb0f444e64c463e98b5889e17a53a35] 10.0.0.194 "DELETE /resource_providers/57777b8c-60ff-4fbb-8304-a9a420fae7ba" status: 404 len: 246 microversion: 1.1 [pid: 7|app: 0|req: 435/871] 10.0.0.194 () {34 vars in 825 bytes} [Sat Sep 19 07:27:45 2026] DELETE /resource_providers/57777b8c-60ff-4fbb-8304-a9a420fae7ba => generated 246 bytes in 20 msecs (HTTP/1.1 404) 6 headers in 231 bytes (1 switches on core 0)
2026-09-19 07:27:45.307 6 INFO placement.requestlog [None req-35ef482c-afda-457a-a0c3-36c67ffcbe1c 8c9ac1eaeda14ce1ab7c64f8aa8feb07 be1ba810945a41f2a30fd03879a47216 - - dcb0f444e64c463e98b5889e17a53a35 dcb0f444e64c463e98b5889e17a53a35] 10.0.0.194 "DELETE /resource_providers/a5331a18-7e4f-4220-a348-043d1231c8a8" status: 404 len: 246 microversion: 1.1 [pid: 6|app: 0|req: 437/872] 10.0.0.194 () {34 vars in 825 bytes} [Sat Sep 19 07:27:45 2026] DELETE /resource_providers/a5331a18-7e4f-4220-a348-043d1231c8a8 => generated 246 bytes in 17 msecs (HTTP/1.1 404) 6 headers in 231 bytes (1 switches on core 0)
2026-09-19 07:27:45.314 7 INFO placement.requestlog [None req-3c551170-5677-41c9-a829-1b2378b0044c 8c9ac1eaeda14ce1ab7c64f8aa8feb07 be1ba810945a41f2a30fd03879a47216 - - dcb0f444e64c463e98b5889e17a53a35 dcb0f444e64c463e98b5889e17a53a35] 10.0.0.194 "GET /resource_providers/a5331a18-7e4f-4220-a348-043d1231c8a8/aggregates" status: 404 len: 235 microversion: 1.1 [pid: 7|app: 0|req: 436/873] 10.0.0.194 () {32 vars in 825 bytes} [Sat Sep 19 07:27:45 2026] GET /resource_providers/a5331a18-7e4f-4220-a348-043d1231c8a8/aggregates => generated 235 bytes in 15 msecs (HTTP/1.1 404) 5 headers in 202 bytes (1 switches on core 0)
2026-09-19 07:27:45.335 6 INFO placement.requestlog [None req-bf8b03ab-522b-4701-9d8b-c42bae5c7b70 8c9ac1eaeda14ce1ab7c64f8aa8feb07 be1ba810945a41f2a30fd03879a47216 - - dcb0f444e64c463e98b5889e17a53a35 dcb0f444e64c463e98b5889e17a53a35] 10.0.0.194 "DELETE /resource_providers/a5331a18-7e4f-4220-a348-043d1231c8a8" status: 404 len: 246 microversion: 1.1 [pid: 6|app: 0|req: 438/874] 10.0.0.194 () {34 vars in 825 bytes} [Sat Sep 19 07:27:45 2026] DELETE /resource_providers/a5331a18-7e4f-4220-a348-043d1231c8a8 => generated 246 bytes in 16 msecs (HTTP/1.1 404) 6 headers in 231 bytes (1 switches on core 0)
2026-09-19 07:27:48.625 7 INFO placement.requestlog [None req-f1693972-ec35-486f-aba2-1f946f868feb - - - - - -] 10.0.0.4 "GET /" status: 200 len: 136 microversion: 1.0
2026-09-19 07:27:48.625 6 INFO placement.requestlog [None req-8fafc8b4-02c8-412b-94a4-2fff581c3011 - - - - - -] 10.0.0.4 "GET /" status: 200 len: 136 microversion: 1.0
2026-09-19 07:27:49.178 7 INFO placement.requestlog [None req-a46fdf7d-e823-4a4b-bc53-fd6587bf8402 8c9ac1eaeda14ce1ab7c64f8aa8feb07 be1ba810945a41f2a30fd03879a47216 - - dcb0f444e64c463e98b5889e17a53a35 dcb0f444e64c463e98b5889e17a53a35] 10.0.0.194 "GET /resource_providers/49eafc1b-b21a-401d-a305-2eb0518cae0b/aggregates" status: 404 len: 235 microversion: 1.1 [pid: 7|app: 0|req: 438/877] 10.0.0.194 () {32 vars in 825 bytes} [Sat Sep 19 07:27:49 2026] GET /resource_providers/49eafc1b-b21a-401d-a305-2eb0518cae0b/aggregates => generated 235 bytes in 19 msecs (HTTP/1.1 404) 5 headers in 202 bytes (1 switches on core 0)
2026-09-19 07:27:49.180 6 INFO placement.requestlog [None req-3271d8f5-e18d-4784-a896-752d86eea433 8c9ac1eaeda14ce1ab7c64f8aa8feb07 be1ba810945a41f2a30fd03879a47216 - - dcb0f444e64c463e98b5889e17a53a35 dcb0f444e64c463e98b5889e17a53a35] 10.0.0.194 "GET /resource_providers/49eafc1b-b21a-401d-a305-2eb0518cae0b/aggregates" status: 404 len: 235 microversion: 1.1 [pid: 6|app: 0|req: 440/878] 10.0.0.194 () {32 vars in 825 bytes} [Sat Sep 19 07:27:49 2026] GET /resource_providers/49eafc1b-b21a-401d-a305-2eb0518cae0b/aggregates => generated 235 bytes in 21 msecs (HTTP/1.1 404) 5 headers in 202 bytes (1 switches on core 0)
2026-09-19 07:27:49.208 7 INFO placement.requestlog [None req-31773e0b-0c52-4b57-8932-ea67c0da41fc 8c9ac1eaeda14ce1ab7c64f8aa8feb07 be1ba810945a41f2a30fd03879a47216 - - dcb0f444e64c463e98b5889e17a53a35 dcb0f444e64c463e98b5889e17a53a35] 10.0.0.194 "DELETE /resource_providers/49eafc1b-b21a-401d-a305-2eb0518cae0b" status: 404 len: 246 microversion: 1.1 [pid: 7|app: 0|req: 439/879] 10.0.0.194 () {34 vars in 825 bytes} [Sat Sep 19 07:27:49 2026] DELETE /resource_providers/49eafc1b-b21a-401d-a305-2eb0518cae0b => generated 246 bytes in 16 msecs (HTTP/1.1 404) 6 headers in 231 bytes (1 switches on core 0)
2026-09-19 07:27:49.215 6 INFO placement.requestlog [None req-440523af-e5ac-4e84-aa8a-8b24ec55ee93 8c9ac1eaeda14ce1ab7c64f8aa8feb07 be1ba810945a41f2a30fd03879a47216 - - dcb0f444e64c463e98b5889e17a53a35 dcb0f444e64c463e98b5889e17a53a35] 10.0.0.194 "DELETE /resource_providers/49eafc1b-b21a-401d-a305-2eb0518cae0b" status: 404 len: 246 microversion: 1.1 [pid: 6|app: 0|req: 441/880] 10.0.0.194 () {34 vars in 825 bytes} [Sat Sep 19 07:27:49 2026] DELETE /resource_providers/49eafc1b-b21a-401d-a305-2eb0518cae0b => generated 246 bytes in 23 msecs (HTTP/1.1 404) 6 headers in 231 bytes (1 switches on core 0)
2026-09-19 07:27:51.776 6 INFO placement.requestlog [None req-38c654d7-9594-4cf4-a089-8f7bcbe24538 8c9ac1eaeda14ce1ab7c64f8aa8feb07 be1ba810945a41f2a30fd03879a47216 - - dcb0f444e64c463e98b5889e17a53a35 dcb0f444e64c463e98b5889e17a53a35] 10.0.0.194 "GET /resource_providers/53536137-8f17-44d0-a38c-69e4a4399896/aggregates" status: 404 len: 235 microversion: 1.1 [pid: 6|app: 0|req: 442/881] 10.0.0.194 () {32 vars in 825 bytes} [Sat Sep 19 07:27:51 2026] GET /resource_providers/53536137-8f17-44d0-a38c-69e4a4399896/aggregates => generated 235 bytes in 16 msecs (HTTP/1.1 404) 5 headers in 202 bytes (1 switches on core 0)
2026-09-19 07:27:51.779 7 INFO placement.requestlog [None req-13355178-e9c9-4c08-b20e-10b357bf1c59 8c9ac1eaeda14ce1ab7c64f8aa8feb07 be1ba810945a41f2a30fd03879a47216 - - dcb0f444e64c463e98b5889e17a53a35 dcb0f444e64c463e98b5889e17a53a35] 10.0.0.194 "GET /resource_providers/53536137-8f17-44d0-a38c-69e4a4399896/aggregates" status: 404 len: 235 microversion: 1.1 [pid: 7|app: 0|req: 440/882] 10.0.0.194 () {32 vars in 825 bytes} [Sat Sep 19 07:27:51 2026] GET /resource_providers/53536137-8f17-44d0-a38c-69e4a4399896/aggregates => generated 235 bytes in 22 msecs (HTTP/1.1 404) 5 headers in 202 bytes (1 switches on core 0)
2026-09-19 07:27:51.809 6 INFO placement.requestlog [None req-07757828-9b6b-4009-942f-7d7100c074d9 8c9ac1eaeda14ce1ab7c64f8aa8feb07 be1ba810945a41f2a30fd03879a47216 - - dcb0f444e64c463e98b5889e17a53a35 dcb0f444e64c463e98b5889e17a53a35] 10.0.0.194 "DELETE /resource_providers/53536137-8f17-44d0-a38c-69e4a4399896" status: 404 len: 246 microversion: 1.1 [pid: 6|app: 0|req: 443/883] 10.0.0.194 () {34 vars in 825 bytes} [Sat Sep 19 07:27:51 2026] DELETE /resource_providers/53536137-8f17-44d0-a38c-69e4a4399896 => generated 246 bytes in 16 msecs (HTTP/1.1 404) 6 headers in 231 bytes (1 switches on core 0)
2026-09-19 07:27:51.810 7 INFO placement.requestlog [None req-58a7a749-66b6-499f-b476-6274684ef38b 8c9ac1eaeda14ce1ab7c64f8aa8feb07 be1ba810945a41f2a30fd03879a47216 - - dcb0f444e64c463e98b5889e17a53a35 dcb0f444e64c463e98b5889e17a53a35] 10.0.0.194 "DELETE /resource_providers/53536137-8f17-44d0-a38c-69e4a4399896" status: 404 len: 246 microversion: 1.1 [pid: 7|app: 0|req: 441/884] 10.0.0.194 () {34 vars in 825 bytes} [Sat Sep 19 07:27:51 2026] DELETE /resource_providers/53536137-8f17-44d0-a38c-69e4a4399896 => generated 246 bytes in 16 msecs (HTTP/1.1 404) 6 headers in 231 bytes (1 switches on core 0)
2026-09-19 07:27:53.447 6 INFO placement.requestlog [req-3ae98d34-b8fe-4ed8-aa64-37bccd4d0d39 req-229e3ac7-bd03-44ec-aa95-a23d0724f0f1 06f60065d0e748f784441cf170a7100b be1ba810945a41f2a30fd03879a47216 - - dcb0f444e64c463e98b5889e17a53a35 dcb0f444e64c463e98b5889e17a53a35] 10.0.0.154 "GET /allocation_candidates?limit=1000&resources=DISK_GB%3A1%2CMEMORY_MB%3A512%2CVCPU%3A1&root_required=%21COMPUTE_STATUS_DISABLED" status: 200 len: 2147 microversion: 1.36 [pid: 6|app: 0|req: 444/885] 10.0.0.154 () {34 vars in 1012 bytes} [Sat Sep 19 07:27:53 2026] GET /allocation_candidates?limit=1000&resources=DISK_GB%3A1%2CMEMORY_MB%3A512%2CVCPU%3A1&root_required=%21COMPUTE_STATUS_DISABLED => generated 2147 bytes in 78 msecs (HTTP/1.1 200) 8 headers in 297 bytes (1 switches on core 0)
2026-09-19 07:27:53.504 7 INFO placement.requestlog [req-3ae98d34-b8fe-4ed8-aa64-37bccd4d0d39 req-5afb443d-16cb-411b-bc8f-679b7c4117e8 06f60065d0e748f784441cf170a7100b be1ba810945a41f2a30fd03879a47216 - - dcb0f444e64c463e98b5889e17a53a35 dcb0f444e64c463e98b5889e17a53a35] 10.0.0.154 "GET /allocations/cd73af81-a43c-4310-a160-09af4670ab74" status: 200 len: 19 microversion: 1.28 [pid: 7|app: 0|req: 442/886] 10.0.0.154 () {34 vars in 861 bytes} [Sat Sep 19 07:27:53 2026] GET /allocations/cd73af81-a43c-4310-a160-09af4670ab74 => generated 19 bytes in 14 msecs (HTTP/1.1 200) 8 headers in 295 bytes (1 switches on core 0)
