2026-04-24 07:25:51.482 8 INFO placement.requestlog [req-7bdd2817-a2da-4b23-8ebf-ce01f6f41c16 req-77dab715-28d2-4fd3-98c2-43f59b1fbe12 30409a46acd4489bbcda2e7ad2c0f08f 6e4e073221b448c2b08b2733adf7618b - - 8bfeaeb7371343bda926631911829db8 8bfeaeb7371343bda926631911829db8] 199.204.45.77 "GET /allocations/3b1c1909-b2ab-4af6-bf08-5bc8bed674da" status: 200 len: 258 microversion: 1.28 [pid: 8|app: 0|req: 435/860] 199.204.45.77 () {34 vars in 862 bytes} [Fri Apr 24 07:25:51 2026] GET /allocations/3b1c1909-b2ab-4af6-bf08-5bc8bed674da => generated 258 bytes in 10 msecs (HTTP/1.1 200) 8 headers in 296 bytes (1 switches on core 0)
2026-04-24 07:25:52.530 7 INFO placement.requestlog [req-7bdd2817-a2da-4b23-8ebf-ce01f6f41c16 req-2938dff2-33fd-4c44-a123-df33b852fd23 30409a46acd4489bbcda2e7ad2c0f08f 6e4e073221b448c2b08b2733adf7618b - - 8bfeaeb7371343bda926631911829db8 8bfeaeb7371343bda926631911829db8] 199.204.45.77 "DELETE /allocations/d6b467ba-6ceb-4755-b0f5-30086274d9aa" status: 204 len: 0 microversion: 1.0 [pid: 7|app: 0|req: 426/861] 199.204.45.77 () {34 vars in 840 bytes} [Fri Apr 24 07:25:52 2026] DELETE /allocations/d6b467ba-6ceb-4755-b0f5-30086274d9aa => generated 0 bytes in 23 msecs (HTTP/1.1 204) 5 headers in 198 bytes (1 switches on core 0)
2026-04-24 07:25:56.225 8 INFO placement.requestlog [None req-552a0e36-639e-45ba-a456-3ff74efac4cf 3af3263976ac44d7b8f00acf3e005445 6e4e073221b448c2b08b2733adf7618b - - 8bfeaeb7371343bda926631911829db8 8bfeaeb7371343bda926631911829db8] 10.0.0.3 "GET /resource_providers/882a8c7c-411e-4f57-a3f8-79adadb032ab/aggregates" status: 404 len: 235 microversion: 1.1 [pid: 8|app: 0|req: 436/862] 10.0.0.3 () {32 vars in 814 bytes} [Fri Apr 24 07:25:56 2026] GET /resource_providers/882a8c7c-411e-4f57-a3f8-79adadb032ab/aggregates => generated 235 bytes in 46 msecs (HTTP/1.1 404) 5 headers in 202 bytes (1 switches on core 0)
2026-04-24 07:25:56.246 8 INFO placement.requestlog [None req-0c344975-05c8-44f4-ae7c-d4e804ac124f 3af3263976ac44d7b8f00acf3e005445 6e4e073221b448c2b08b2733adf7618b - - 8bfeaeb7371343bda926631911829db8 8bfeaeb7371343bda926631911829db8] 10.0.0.3 "DELETE /resource_providers/882a8c7c-411e-4f57-a3f8-79adadb032ab" status: 404 len: 246 microversion: 1.1 [pid: 8|app: 0|req: 437/863] 10.0.0.3 () {34 vars in 814 bytes} [Fri Apr 24 07:25:56 2026] DELETE /resource_providers/882a8c7c-411e-4f57-a3f8-79adadb032ab => generated 246 bytes in 11 msecs (HTTP/1.1 404) 6 headers in 231 bytes (1 switches on core 0)
2026-04-24 07:25:56.255 7 INFO placement.requestlog [None req-2b3afda8-48d8-41bb-b8c2-3f76d03a21b2 3af3263976ac44d7b8f00acf3e005445 6e4e073221b448c2b08b2733adf7618b - - 8bfeaeb7371343bda926631911829db8 8bfeaeb7371343bda926631911829db8] 10.0.0.3 "GET /resource_providers/882a8c7c-411e-4f57-a3f8-79adadb032ab/aggregates" status: 404 len: 235 microversion: 1.1 [pid: 7|app: 0|req: 427/864] 10.0.0.3 () {32 vars in 814 bytes} [Fri Apr 24 07:25:56 2026] GET /resource_providers/882a8c7c-411e-4f57-a3f8-79adadb032ab/aggregates => generated 235 bytes in 74 msecs (HTTP/1.1 404) 5 headers in 202 bytes (1 switches on core 0)
2026-04-24 07:25:56.294 8 INFO placement.requestlog [None req-c7fb388d-2c53-415c-b99a-5a37c2fea41c 3af3263976ac44d7b8f00acf3e005445 6e4e073221b448c2b08b2733adf7618b - - 8bfeaeb7371343bda926631911829db8 8bfeaeb7371343bda926631911829db8] 10.0.0.3 "DELETE /resource_providers/882a8c7c-411e-4f57-a3f8-79adadb032ab" status: 404 len: 246 microversion: 1.1 [pid: 8|app: 0|req: 438/865] 10.0.0.3 () {34 vars in 814 bytes} [Fri Apr 24 07:25:56 2026] DELETE /resource_providers/882a8c7c-411e-4f57-a3f8-79adadb032ab => generated 246 bytes in 27 msecs (HTTP/1.1 404) 6 headers in 231 bytes (1 switches on core 0)
2026-04-24 07:25:56.615 8 INFO placement.requestlog [None req-b62d009f-afbc-4c35-a083-c62ecaa24b6d 3af3263976ac44d7b8f00acf3e005445 6e4e073221b448c2b08b2733adf7618b - - 8bfeaeb7371343bda926631911829db8 8bfeaeb7371343bda926631911829db8] 10.0.0.3 "GET /resource_providers/03698b87-70ad-41ff-a39e-9e0e72e16b31/aggregates" status: 404 len: 235 microversion: 1.1 [pid: 8|app: 0|req: 439/866] 10.0.0.3 () {32 vars in 814 bytes} [Fri Apr 24 07:25:56 2026] GET /resource_providers/03698b87-70ad-41ff-a39e-9e0e72e16b31/aggregates => generated 235 bytes in 47 msecs (HTTP/1.1 404) 5 headers in 202 bytes (1 switches on core 0)
2026-04-24 07:25:56.617 7 INFO placement.requestlog [None req-8ee73302-fffb-41ce-9f82-840f02be0b23 3af3263976ac44d7b8f00acf3e005445 6e4e073221b448c2b08b2733adf7618b - - 8bfeaeb7371343bda926631911829db8 8bfeaeb7371343bda926631911829db8] 10.0.0.3 "GET /resource_providers/03698b87-70ad-41ff-a39e-9e0e72e16b31/aggregates" status: 404 len: 235 microversion: 1.1 [pid: 7|app: 0|req: 428/867] 10.0.0.3 () {32 vars in 814 bytes} [Fri Apr 24 07:25:56 2026] GET /resource_providers/03698b87-70ad-41ff-a39e-9e0e72e16b31/aggregates => generated 235 bytes in 49 msecs (HTTP/1.1 404) 5 headers in 202 bytes (1 switches on core 0)
2026-04-24 07:25:56.637 8 INFO placement.requestlog [None req-94b3ec2d-922a-4778-8647-c86bdc7784ad 3af3263976ac44d7b8f00acf3e005445 6e4e073221b448c2b08b2733adf7618b - - 8bfeaeb7371343bda926631911829db8 8bfeaeb7371343bda926631911829db8] 10.0.0.3 "DELETE /resource_providers/03698b87-70ad-41ff-a39e-9e0e72e16b31" status: 404 len: 246 microversion: 1.1 [pid: 8|app: 0|req: 440/868] 10.0.0.3 () {34 vars in 814 bytes} [Fri Apr 24 07:25:56 2026] DELETE /resource_providers/03698b87-70ad-41ff-a39e-9e0e72e16b31 => generated 246 bytes in 10 msecs (HTTP/1.1 404) 6 headers in 231 bytes (1 switches on core 0)
2026-04-24 07:25:56.640 7 INFO placement.requestlog [None req-4623a904-9731-42f4-8749-642f4a04ec58 3af3263976ac44d7b8f00acf3e005445 6e4e073221b448c2b08b2733adf7618b - - 8bfeaeb7371343bda926631911829db8 8bfeaeb7371343bda926631911829db8] 10.0.0.3 "DELETE /resource_providers/03698b87-70ad-41ff-a39e-9e0e72e16b31" status: 404 len: 246 microversion: 1.1 [pid: 7|app: 0|req: 429/869] 10.0.0.3 () {34 vars in 814 bytes} [Fri Apr 24 07:25:56 2026] DELETE /resource_providers/03698b87-70ad-41ff-a39e-9e0e72e16b31 => generated 246 bytes in 10 msecs (HTTP/1.1 404) 6 headers in 231 bytes (1 switches on core 0)
2026-04-24 07:26:01.162 7 INFO placement.requestlog [None req-ab2a0411-6bf4-4344-929e-d65717c9d052 - - - - - -] 10.0.0.254 "GET /" status: 200 len: 136 microversion: 1.0
2026-04-24 07:26:01.162 8 INFO placement.requestlog [None req-705005b9-a41a-4c10-9f88-12fb0dd99658 - - - - - -] 10.0.0.254 "GET /" status: 200 len: 136 microversion: 1.0
2026-04-24 07:26:03.011 8 INFO placement.requestlog [None req-3cadd5e7-a981-4986-9cca-a7c7e5dc2a3d 3af3263976ac44d7b8f00acf3e005445 6e4e073221b448c2b08b2733adf7618b - - 8bfeaeb7371343bda926631911829db8 8bfeaeb7371343bda926631911829db8] 10.0.0.3 "GET /resource_providers/5ed81d56-60b4-4066-b909-b30a68e17122/aggregates" status: 404 len: 235 microversion: 1.1 [pid: 8|app: 0|req: 442/872] 10.0.0.3 () {32 vars in 814 bytes} [Fri Apr 24 07:26:02 2026] GET /resource_providers/5ed81d56-60b4-4066-b909-b30a68e17122/aggregates => generated 235 bytes in 20 msecs (HTTP/1.1 404) 5 headers in 202 bytes (1 switches on core 0)
2026-04-24 07:26:03.022 7 INFO placement.requestlog [None req-d451856a-c327-41e9-af3a-1b8a8fadcb66 3af3263976ac44d7b8f00acf3e005445 6e4e073221b448c2b08b2733adf7618b - - 8bfeaeb7371343bda926631911829db8 8bfeaeb7371343bda926631911829db8] 10.0.0.3 "GET /resource_providers/5ed81d56-60b4-4066-b909-b30a68e17122/aggregates" status: 404 len: 235 microversion: 1.1 [pid: 7|app: 0|req: 431/873] 10.0.0.3 () {32 vars in 814 bytes} [Fri Apr 24 07:26:02 2026] GET /resource_providers/5ed81d56-60b4-4066-b909-b30a68e17122/aggregates => generated 235 bytes in 33 msecs (HTTP/1.1 404) 5 headers in 202 bytes (1 switches on core 0)
2026-04-24 07:26:03.045 8 INFO placement.requestlog [None req-a8f21a18-a69c-4216-809c-85c1ed463593 3af3263976ac44d7b8f00acf3e005445 6e4e073221b448c2b08b2733adf7618b - - 8bfeaeb7371343bda926631911829db8 8bfeaeb7371343bda926631911829db8] 10.0.0.3 "DELETE /resource_providers/5ed81d56-60b4-4066-b909-b30a68e17122" status: 404 len: 246 microversion: 1.1 [pid: 8|app: 0|req: 443/874] 10.0.0.3 () {34 vars in 814 bytes} [Fri Apr 24 07:26:03 2026] DELETE /resource_providers/5ed81d56-60b4-4066-b909-b30a68e17122 => generated 246 bytes in 12 msecs (HTTP/1.1 404) 6 headers in 231 bytes (1 switches on core 0)
2026-04-24 07:26:03.046 7 INFO placement.requestlog [None req-03bade7e-aef1-4163-a3ec-311d85b69260 3af3263976ac44d7b8f00acf3e005445 6e4e073221b448c2b08b2733adf7618b - - 8bfeaeb7371343bda926631911829db8 8bfeaeb7371343bda926631911829db8] 10.0.0.3 "DELETE /resource_providers/5ed81d56-60b4-4066-b909-b30a68e17122" status: 404 len: 246 microversion: 1.1 [pid: 7|app: 0|req: 432/875] 10.0.0.3 () {34 vars in 814 bytes} [Fri Apr 24 07:26:03 2026] DELETE /resource_providers/5ed81d56-60b4-4066-b909-b30a68e17122 => generated 246 bytes in 11 msecs (HTTP/1.1 404) 6 headers in 231 bytes (1 switches on core 0)
2026-04-24 07:26:04.206 8 INFO placement.requestlog [req-d1eec4f1-3640-484c-85e8-7249b4e9d847 req-bab6f1e2-c948-4f31-bdbb-5a233967f1fd 30409a46acd4489bbcda2e7ad2c0f08f 6e4e073221b448c2b08b2733adf7618b - - 8bfeaeb7371343bda926631911829db8 8bfeaeb7371343bda926631911829db8] 199.204.45.77 "GET /resource_providers/08ed0c4f-396b-4cba-a48f-55a9accfafef/allocations" status: 200 len: 340 microversion: 1.0 [pid: 8|app: 0|req: 444/876] 199.204.45.77 () {32 vars in 856 bytes} [Fri Apr 24 07:26:04 2026] GET /resource_providers/08ed0c4f-396b-4cba-a48f-55a9accfafef/allocations => generated 340 bytes in 25 msecs (HTTP/1.1 200) 6 headers in 224 bytes (1 switches on core 0)
2026-04-24 07:26:04.237 7 INFO placement.requestlog [req-d1eec4f1-3640-484c-85e8-7249b4e9d847 req-7cdeb894-c2ad-4da1-874d-cee3f2a3501d 30409a46acd4489bbcda2e7ad2c0f08f 6e4e073221b448c2b08b2733adf7618b - - 8bfeaeb7371343bda926631911829db8 8bfeaeb7371343bda926631911829db8] 199.204.45.77 "GET /resource_providers/08ed0c4f-396b-4cba-a48f-55a9accfafef/allocations" status: 200 len: 340 microversion: 1.0 [pid: 7|app: 0|req: 433/877] 199.204.45.77 () {32 vars in 856 bytes} [Fri Apr 24 07:26:04 2026] GET /resource_providers/08ed0c4f-396b-4cba-a48f-55a9accfafef/allocations => generated 340 bytes in 20 msecs (HTTP/1.1 200) 6 headers in 224 bytes (1 switches on core 0)
2026-04-24 07:26:04.264 8 INFO placement.requestlog [req-d1eec4f1-3640-484c-85e8-7249b4e9d847 req-50415c1b-8721-4209-bcb0-79a36fa156e7 30409a46acd4489bbcda2e7ad2c0f08f 6e4e073221b448c2b08b2733adf7618b - - 8bfeaeb7371343bda926631911829db8 8bfeaeb7371343bda926631911829db8] 199.204.45.77 "GET /allocations/46fc4515-7bc6-4b81-80e2-f373196204a7" status: 200 len: 258 microversion: 1.28 [pid: 8|app: 0|req: 445/878] 199.204.45.77 () {34 vars in 862 bytes} [Fri Apr 24 07:26:04 2026] GET /allocations/46fc4515-7bc6-4b81-80e2-f373196204a7 => generated 258 bytes in 17 msecs (HTTP/1.1 200) 8 headers in 296 bytes (1 switches on core 0)
2026-04-24 07:26:04.286 7 INFO placement.requestlog [req-d1eec4f1-3640-484c-85e8-7249b4e9d847 req-7a55bb2b-4915-4561-8d9f-d2bd486e6fcc 30409a46acd4489bbcda2e7ad2c0f08f 6e4e073221b448c2b08b2733adf7618b - - 8bfeaeb7371343bda926631911829db8 8bfeaeb7371343bda926631911829db8] 199.204.45.77 "GET /allocations/d2b94292-9884-4103-98c3-b706980ba8a0" status: 200 len: 245 microversion: 1.28 [pid: 7|app: 0|req: 434/879] 199.204.45.77 () {34 vars in 862 bytes} [Fri Apr 24 07:26:04 2026] GET /allocations/d2b94292-9884-4103-98c3-b706980ba8a0 => generated 245 bytes in 15 msecs (HTTP/1.1 200) 8 headers in 296 bytes (1 switches on core 0)
2026-04-24 07:26:04.312 8 INFO placement.requestlog [req-d1eec4f1-3640-484c-85e8-7249b4e9d847 req-0a67b480-050e-44af-af51-03ac620aaca1 30409a46acd4489bbcda2e7ad2c0f08f 6e4e073221b448c2b08b2733adf7618b - - 8bfeaeb7371343bda926631911829db8 8bfeaeb7371343bda926631911829db8] 199.204.45.77 "GET /allocations/3b1c1909-b2ab-4af6-bf08-5bc8bed674da" status: 200 len: 258 microversion: 1.28 [pid: 8|app: 0|req: 446/880] 199.204.45.77 () {34 vars in 862 bytes} [Fri Apr 24 07:26:04 2026] GET /allocations/3b1c1909-b2ab-4af6-bf08-5bc8bed674da => generated 258 bytes in 18 msecs (HTTP/1.1 200) 8 headers in 296 bytes (1 switches on core 0)
2026-04-24 07:26:05.069 7 INFO placement.requestlog [None req-c2f901f4-9f01-4775-90f6-979885541540 3af3263976ac44d7b8f00acf3e005445 6e4e073221b448c2b08b2733adf7618b - - 8bfeaeb7371343bda926631911829db8 8bfeaeb7371343bda926631911829db8] 10.0.0.3 "GET /resource_providers/5a43a91f-ca0a-41e9-bc58-fea0c5e549af/aggregates" status: 404 len: 235 microversion: 1.1 [pid: 7|app: 0|req: 435/881] 10.0.0.3 () {32 vars in 814 bytes} [Fri Apr 24 07:26:05 2026] GET /resource_providers/5a43a91f-ca0a-41e9-bc58-fea0c5e549af/aggregates => generated 235 bytes in 12 msecs (HTTP/1.1 404) 5 headers in 202 bytes (1 switches on core 0)
2026-04-24 07:26:05.073 8 INFO placement.requestlog [None req-ce3af396-8368-49ce-b352-a98a46d92718 3af3263976ac44d7b8f00acf3e005445 6e4e073221b448c2b08b2733adf7618b - - 8bfeaeb7371343bda926631911829db8 8bfeaeb7371343bda926631911829db8] 10.0.0.3 "GET /resource_providers/5a43a91f-ca0a-41e9-bc58-fea0c5e549af/aggregates" status: 404 len: 235 microversion: 1.1 [pid: 8|app: 0|req: 447/882] 10.0.0.3 () {32 vars in 814 bytes} [Fri Apr 24 07:26:05 2026] GET /resource_providers/5a43a91f-ca0a-41e9-bc58-fea0c5e549af/aggregates => generated 235 bytes in 14 msecs (HTTP/1.1 404) 5 headers in 202 bytes (1 switches on core 0)
2026-04-24 07:26:05.088 7 INFO placement.requestlog [None req-1947b1ba-0eb4-4c35-b09e-015d7d468e19 3af3263976ac44d7b8f00acf3e005445 6e4e073221b448c2b08b2733adf7618b - - 8bfeaeb7371343bda926631911829db8 8bfeaeb7371343bda926631911829db8] 10.0.0.3 "DELETE /resource_providers/5a43a91f-ca0a-41e9-bc58-fea0c5e549af" status: 404 len: 246 microversion: 1.1 [pid: 7|app: 0|req: 436/883] 10.0.0.3 () {34 vars in 814 bytes} [Fri Apr 24 07:26:05 2026] DELETE /resource_providers/5a43a91f-ca0a-41e9-bc58-fea0c5e549af => generated 246 bytes in 7 msecs (HTTP/1.1 404) 6 headers in 231 bytes (1 switches on core 0)
2026-04-24 07:26:05.092 8 INFO placement.requestlog [None req-ada3a039-476f-4a5f-a2a9-4e8f7c68d624 3af3263976ac44d7b8f00acf3e005445 6e4e073221b448c2b08b2733adf7618b - - 8bfeaeb7371343bda926631911829db8 8bfeaeb7371343bda926631911829db8] 10.0.0.3 "DELETE /resource_providers/5a43a91f-ca0a-41e9-bc58-fea0c5e549af" status: 404 len: 246 microversion: 1.1 [pid: 8|app: 0|req: 448/884] 10.0.0.3 () {34 vars in 814 bytes} [Fri Apr 24 07:26:05 2026] DELETE /resource_providers/5a43a91f-ca0a-41e9-bc58-fea0c5e549af => generated 246 bytes in 9 msecs (HTTP/1.1 404) 6 headers in 231 bytes (1 switches on core 0)
2026-04-24 07:26:07.116 8 INFO placement.requestlog [None req-c7542191-20cc-47a3-b8cf-72321eed75aa 3af3263976ac44d7b8f00acf3e005445 6e4e073221b448c2b08b2733adf7618b - - 8bfeaeb7371343bda926631911829db8 8bfeaeb7371343bda926631911829db8] 10.0.0.3 "GET /resource_providers/91fa84ed-1e51-481c-ba16-c113cac790fe/aggregates" status: 404 len: 235 microversion: 1.1
2026-04-24 07:26:07.116 7 INFO placement.requestlog [None req-9e6be72f-4c43-45b1-814c-8cb6c87d186d 3af3263976ac44d7b8f00acf3e005445 6e4e073221b448c2b08b2733adf7618b - - 8bfeaeb7371343bda926631911829db8 8bfeaeb7371343bda926631911829db8] 10.0.0.3 "GET /resource_providers/91fa84ed-1e51-481c-ba16-c113cac790fe/aggregates" status: 404 len: 235 microversion: 1.1 [pid: 8|app: 0|req: 449/885] 10.0.0.3 () {32 vars in 814 bytes} [Fri Apr 24 07:26:07 2026] GET /resource_providers/91fa84ed-1e51-481c-ba16-c113cac790fe/aggregates => generated 235 bytes in 13 msecs (HTTP/1.1 404) 5 headers in 202 bytes (1 switches on core 0) [pid: 7|app: 0|req: 437/886] 10.0.0.3 () {32 vars in 814 bytes} [Fri Apr 24 07:26:07 2026] GET /resource_providers/91fa84ed-1e51-481c-ba16-c113cac790fe/aggregates => generated 235 bytes in 15 msecs (HTTP/1.1 404) 5 headers in 202 bytes (1 switches on core 0)
2026-04-24 07:26:07.138 7 INFO placement.requestlog [None req-e841aede-af9a-4eb7-a480-26d50c3d7100 3af3263976ac44d7b8f00acf3e005445 6e4e073221b448c2b08b2733adf7618b - - 8bfeaeb7371343bda926631911829db8 8bfeaeb7371343bda926631911829db8] 10.0.0.3 "DELETE /resource_providers/91fa84ed-1e51-481c-ba16-c113cac790fe" status: 404 len: 246 microversion: 1.1 [pid: 7|app: 0|req: 438/887] 10.0.0.3 () {34 vars in 814 bytes} [Fri Apr 24 07:26:07 2026] DELETE /resource_providers/91fa84ed-1e51-481c-ba16-c113cac790fe => generated 246 bytes in 10 msecs (HTTP/1.1 404) 6 headers in 231 bytes (1 switches on core 0)
2026-04-24 07:26:07.140 8 INFO placement.requestlog [None req-9a26bcfb-97a1-4405-8931-d9eabd5c509a 3af3263976ac44d7b8f00acf3e005445 6e4e073221b448c2b08b2733adf7618b - - 8bfeaeb7371343bda926631911829db8 8bfeaeb7371343bda926631911829db8] 10.0.0.3 "DELETE /resource_providers/91fa84ed-1e51-481c-ba16-c113cac790fe" status: 404 len: 246 microversion: 1.1 [pid: 8|app: 0|req: 450/888] 10.0.0.3 () {34 vars in 814 bytes} [Fri Apr 24 07:26:07 2026] DELETE /resource_providers/91fa84ed-1e51-481c-ba16-c113cac790fe => generated 246 bytes in 13 msecs (HTTP/1.1 404) 6 headers in 231 bytes (1 switches on core 0)
2026-04-24 07:26:11.162 8 INFO placement.requestlog [None req-61f339be-d8a8-4177-91bf-684e6a189aed - - - - - -] 10.0.0.254 "GET /" status: 200 len: 136 microversion: 1.0
2026-04-24 07:26:11.162 7 INFO placement.requestlog [None req-4c0c6ffc-349d-43bc-9e90-22025fa0f29b - - - - - -] 10.0.0.254 "GET /" status: 200 len: 136 microversion: 1.0
2026-04-24 07:26:18.777 7 INFO placement.requestlog [None req-9ebab5c9-0dd0-41d3-9b3f-45b90bf2d1ef 3af3263976ac44d7b8f00acf3e005445 6e4e073221b448c2b08b2733adf7618b - - 8bfeaeb7371343bda926631911829db8 8bfeaeb7371343bda926631911829db8] 10.0.0.3 "GET /resource_providers/4c67a7c1-1879-4fe9-ad61-84317af24d25/aggregates" status: 404 len: 235 microversion: 1.1 [pid: 7|app: 0|req: 440/891] 10.0.0.3 () {32 vars in 814 bytes} [Fri Apr 24 07:26:18 2026] GET /resource_providers/4c67a7c1-1879-4fe9-ad61-84317af24d25/aggregates => generated 235 bytes in 9 msecs (HTTP/1.1 404) 5 headers in 202 bytes (1 switches on core 0)
2026-04-24 07:26:18.779 8 INFO placement.requestlog [None req-03cd522b-aa0a-4b38-b103-12873bd547e9 3af3263976ac44d7b8f00acf3e005445 6e4e073221b448c2b08b2733adf7618b - - 8bfeaeb7371343bda926631911829db8 8bfeaeb7371343bda926631911829db8] 10.0.0.3 "GET /resource_providers/4c67a7c1-1879-4fe9-ad61-84317af24d25/aggregates" status: 404 len: 235 microversion: 1.1 [pid: 8|app: 0|req: 452/892] 10.0.0.3 () {32 vars in 814 bytes} [Fri Apr 24 07:26:18 2026] GET /resource_providers/4c67a7c1-1879-4fe9-ad61-84317af24d25/aggregates => generated 235 bytes in 12 msecs (HTTP/1.1 404) 5 headers in 202 bytes (1 switches on core 0)
2026-04-24 07:26:18.803 7 INFO placement.requestlog [None req-fa79a26a-d083-41e2-b7f5-da0618a77f03 3af3263976ac44d7b8f00acf3e005445 6e4e073221b448c2b08b2733adf7618b - - 8bfeaeb7371343bda926631911829db8 8bfeaeb7371343bda926631911829db8] 10.0.0.3 "DELETE /resource_providers/4c67a7c1-1879-4fe9-ad61-84317af24d25" status: 404 len: 246 microversion: 1.1 [pid: 7|app: 0|req: 441/893] 10.0.0.3 () {34 vars in 814 bytes} [Fri Apr 24 07:26:18 2026] DELETE /resource_providers/4c67a7c1-1879-4fe9-ad61-84317af24d25 => generated 246 bytes in 8 msecs (HTTP/1.1 404) 6 headers in 231 bytes (1 switches on core 0)
2026-04-24 07:26:18.809 8 INFO placement.requestlog [None req-a196593f-882a-4032-a48d-3db3771ce5c3 3af3263976ac44d7b8f00acf3e005445 6e4e073221b448c2b08b2733adf7618b - - 8bfeaeb7371343bda926631911829db8 8bfeaeb7371343bda926631911829db8] 10.0.0.3 "DELETE /resource_providers/4c67a7c1-1879-4fe9-ad61-84317af24d25" status: 404 len: 246 microversion: 1.1 [pid: 8|app: 0|req: 453/894] 10.0.0.3 () {34 vars in 814 bytes} [Fri Apr 24 07:26:18 2026] DELETE /resource_providers/4c67a7c1-1879-4fe9-ad61-84317af24d25 => generated 246 bytes in 13 msecs (HTTP/1.1 404) 6 headers in 231 bytes (1 switches on core 0)
2026-04-24 07:26:18.924 7 INFO placement.requestlog [None req-bd98eda7-26de-4930-b8b4-53f64d46f216 3af3263976ac44d7b8f00acf3e005445 6e4e073221b448c2b08b2733adf7618b - - 8bfeaeb7371343bda926631911829db8 8bfeaeb7371343bda926631911829db8] 10.0.0.3 "GET /resource_providers/1324909b-f91e-4170-9e84-eb35c2048fe7/aggregates" status: 404 len: 235 microversion: 1.1 [pid: 7|app: 0|req: 442/895] 10.0.0.3 () {32 vars in 814 bytes} [Fri Apr 24 07:26:18 2026] GET /resource_providers/1324909b-f91e-4170-9e84-eb35c2048fe7/aggregates => generated 235 bytes in 10 msecs (HTTP/1.1 404) 5 headers in 202 bytes (1 switches on core 0)
2026-04-24 07:26:18.931 8 INFO placement.requestlog [None req-08f83890-e228-433d-935e-40883686449a 3af3263976ac44d7b8f00acf3e005445 6e4e073221b448c2b08b2733adf7618b - - 8bfeaeb7371343bda926631911829db8 8bfeaeb7371343bda926631911829db8] 10.0.0.3 "GET /resource_providers/1324909b-f91e-4170-9e84-eb35c2048fe7/aggregates" status: 404 len: 235 microversion: 1.1 [pid: 8|app: 0|req: 454/896] 10.0.0.3 () {32 vars in 814 bytes} [Fri Apr 24 07:26:18 2026] GET /resource_providers/1324909b-f91e-4170-9e84-eb35c2048fe7/aggregates => generated 235 bytes in 10 msecs (HTTP/1.1 404) 5 headers in 202 bytes (1 switches on core 0)
2026-04-24 07:26:18.949 7 INFO placement.requestlog [None req-50ee42c0-51c4-4f9d-a6da-7169da0b7425 3af3263976ac44d7b8f00acf3e005445 6e4e073221b448c2b08b2733adf7618b - - 8bfeaeb7371343bda926631911829db8 8bfeaeb7371343bda926631911829db8] 10.0.0.3 "DELETE /resource_providers/1324909b-f91e-4170-9e84-eb35c2048fe7" status: 404 len: 246 microversion: 1.1 [pid: 7|app: 0|req: 443/897] 10.0.0.3 () {34 vars in 814 bytes} [Fri Apr 24 07:26:18 2026] DELETE /resource_providers/1324909b-f91e-4170-9e84-eb35c2048fe7 => generated 246 bytes in 9 msecs (HTTP/1.1 404) 6 headers in 231 bytes (1 switches on core 0)
2026-04-24 07:26:18.953 8 INFO placement.requestlog [None req-6375d5f5-582f-4174-9fec-bb065fb62058 3af3263976ac44d7b8f00acf3e005445 6e4e073221b448c2b08b2733adf7618b - - 8bfeaeb7371343bda926631911829db8 8bfeaeb7371343bda926631911829db8] 10.0.0.3 "DELETE /resource_providers/1324909b-f91e-4170-9e84-eb35c2048fe7" status: 404 len: 246 microversion: 1.1 [pid: 8|app: 0|req: 455/898] 10.0.0.3 () {34 vars in 814 bytes} [Fri Apr 24 07:26:18 2026] DELETE /resource_providers/1324909b-f91e-4170-9e84-eb35c2048fe7 => generated 246 bytes in 9 msecs (HTTP/1.1 404) 6 headers in 231 bytes (1 switches on core 0)
2026-04-24 07:26:21.162 8 INFO placement.requestlog [None req-c35cba66-6f6c-4d4d-96e4-f48bc9eadb89 - - - - - -] 10.0.0.254 "GET /" status: 200 len: 136 microversion: 1.0
2026-04-24 07:26:21.162 7 INFO placement.requestlog [None req-ae4cb136-1849-4dcf-a36b-d555896895bd - - - - - -] 10.0.0.254 "GET /" status: 200 len: 136 microversion: 1.0
2026-04-24 07:26:31.161 7 INFO placement.requestlog [None req-18018a97-4337-44c4-a278-31a688c61da1 - - - - - -] 10.0.0.254 "GET /" status: 200 len: 136 microversion: 1.0
2026-04-24 07:26:31.161 8 INFO placement.requestlog [None req-eeb4a2cd-41b0-4224-93e1-5c892c4a9a8b - - - - - -] 10.0.0.254 "GET /" status: 200 len: 136 microversion: 1.0
2026-04-24 07:26:41.162 7 INFO placement.requestlog [None req-ff3893d0-89af-42a1-a410-6a65450e0f28 - - - - - -] 10.0.0.254 "GET /" status: 200 len: 136 microversion: 1.0
2026-04-24 07:26:41.163 8 INFO placement.requestlog [None req-1a4ffdcc-4362-4f7f-a370-2ed8b97a464b - - - - - -] 10.0.0.254 "GET /" status: 200 len: 136 microversion: 1.0
2026-04-24 07:26:51.162 7 INFO placement.requestlog [None req-a74ecf1c-d7e7-46ab-8c34-8113ed538c22 - - - - - -] 10.0.0.254 "GET /" status: 200 len: 136 microversion: 1.0
2026-04-24 07:26:51.162 8 INFO placement.requestlog [None req-a271bf09-6da6-47b0-ba75-3d3088926d04 - - - - - -] 10.0.0.254 "GET /" status: 200 len: 136 microversion: 1.0
2026-04-24 07:27:01.163 8 INFO placement.requestlog [None req-b54966af-d48e-43ee-9f16-1f156d171036 - - - - - -] 10.0.0.254 "GET /" status: 200 len: 136 microversion: 1.0
2026-04-24 07:27:01.163 7 INFO placement.requestlog [None req-90ae576c-3b17-43ec-b702-38c216512d87 - - - - - -] 10.0.0.254 "GET /" status: 200 len: 136 microversion: 1.0
2026-04-24 07:27:06.788 7 INFO placement.requestlog [req-7c9baa4f-3124-4b4a-b7e1-e6f2aded18c5 req-682fe2fb-74a2-4787-82c3-747b18c4671e 30409a46acd4489bbcda2e7ad2c0f08f 6e4e073221b448c2b08b2733adf7618b - - 8bfeaeb7371343bda926631911829db8 8bfeaeb7371343bda926631911829db8] 199.204.45.77 "GET /resource_providers/08ed0c4f-396b-4cba-a48f-55a9accfafef/allocations" status: 200 len: 340 microversion: 1.0 [pid: 7|app: 0|req: 449/909] 199.204.45.77 () {32 vars in 856 bytes} [Fri Apr 24 07:27:06 2026] GET /resource_providers/08ed0c4f-396b-4cba-a48f-55a9accfafef/allocations => generated 340 bytes in 13 msecs (HTTP/1.1 200) 6 headers in 224 bytes (1 switches on core 0)
2026-04-24 07:27:06.807 8 INFO placement.requestlog [req-7c9baa4f-3124-4b4a-b7e1-e6f2aded18c5 req-9afceebf-7c56-43bf-86f7-5bb254cc5cfe 30409a46acd4489bbcda2e7ad2c0f08f 6e4e073221b448c2b08b2733adf7618b - - 8bfeaeb7371343bda926631911829db8 8bfeaeb7371343bda926631911829db8] 199.204.45.77 "GET /resource_providers/08ed0c4f-396b-4cba-a48f-55a9accfafef/allocations" status: 200 len: 340 microversion: 1.0 [pid: 8|app: 0|req: 461/910] 199.204.45.77 () {32 vars in 856 bytes} [Fri Apr 24 07:27:06 2026] GET /resource_providers/08ed0c4f-396b-4cba-a48f-55a9accfafef/allocations => generated 340 bytes in 14 msecs (HTTP/1.1 200) 6 headers in 224 bytes (1 switches on core 0)
2026-04-24 07:27:06.825 7 INFO placement.requestlog [req-7c9baa4f-3124-4b4a-b7e1-e6f2aded18c5 req-ddfecacd-b743-43c9-850d-334412214201 30409a46acd4489bbcda2e7ad2c0f08f 6e4e073221b448c2b08b2733adf7618b - - 8bfeaeb7371343bda926631911829db8 8bfeaeb7371343bda926631911829db8] 199.204.45.77 "GET /allocations/46fc4515-7bc6-4b81-80e2-f373196204a7" status: 200 len: 258 microversion: 1.28 [pid: 7|app: 0|req: 450/911] 199.204.45.77 () {34 vars in 862 bytes} [Fri Apr 24 07:27:06 2026] GET /allocations/46fc4515-7bc6-4b81-80e2-f373196204a7 => generated 258 bytes in 10 msecs (HTTP/1.1 200) 8 headers in 296 bytes (1 switches on core 0)
2026-04-24 07:27:06.843 8 INFO placement.requestlog [req-7c9baa4f-3124-4b4a-b7e1-e6f2aded18c5 req-52097490-ccd0-470c-ba3e-48bb8a3f6fb2 30409a46acd4489bbcda2e7ad2c0f08f 6e4e073221b448c2b08b2733adf7618b - - 8bfeaeb7371343bda926631911829db8 8bfeaeb7371343bda926631911829db8] 199.204.45.77 "GET /allocations/d2b94292-9884-4103-98c3-b706980ba8a0" status: 200 len: 245 microversion: 1.28 [pid: 8|app: 0|req: 462/912] 199.204.45.77 () {34 vars in 862 bytes} [Fri Apr 24 07:27:06 2026] GET /allocations/d2b94292-9884-4103-98c3-b706980ba8a0 => generated 245 bytes in 14 msecs (HTTP/1.1 200) 8 headers in 296 bytes (1 switches on core 0)
2026-04-24 07:27:06.863 7 INFO placement.requestlog [req-7c9baa4f-3124-4b4a-b7e1-e6f2aded18c5 req-200a1c45-acec-4c6c-bfa7-7db3e9687222 30409a46acd4489bbcda2e7ad2c0f08f 6e4e073221b448c2b08b2733adf7618b - - 8bfeaeb7371343bda926631911829db8 8bfeaeb7371343bda926631911829db8] 199.204.45.77 "GET /allocations/3b1c1909-b2ab-4af6-bf08-5bc8bed674da" status: 200 len: 258 microversion: 1.28 [pid: 7|app: 0|req: 451/913] 199.204.45.77 () {34 vars in 862 bytes} [Fri Apr 24 07:27:06 2026] GET /allocations/3b1c1909-b2ab-4af6-bf08-5bc8bed674da => generated 258 bytes in 11 msecs (HTTP/1.1 200) 8 headers in 296 bytes (1 switches on core 0)
2026-04-24 07:27:11.162 8 INFO placement.requestlog [None req-23e270f0-29ca-4e2d-b9a8-80cc66be0a19 - - - - - -] 10.0.0.254 "GET /" status: 200 len: 136 microversion: 1.0
2026-04-24 07:27:11.162 7 INFO placement.requestlog [None req-8cab3a66-301c-47be-abf4-15e573175421 - - - - - -] 10.0.0.254 "GET /" status: 200 len: 136 microversion: 1.0
2026-04-24 07:27:21.162 7 INFO placement.requestlog [None req-ca727f79-16d5-48c7-92f1-bdcb7ead1b8a - - - - - -] 10.0.0.254 "GET /" status: 200 len: 136 microversion: 1.0
2026-04-24 07:27:21.162 8 INFO placement.requestlog [None req-343e8e19-06fe-4178-812d-cbf045fdaa4a - - - - - -] 10.0.0.254 "GET /" status: 200 len: 136 microversion: 1.0
2026-04-24 07:27:31.162 8 INFO placement.requestlog [None req-e9a9928e-a2ec-491f-a98d-075ad9f5a597 - - - - - -] 10.0.0.254 "GET /" status: 200 len: 136 microversion: 1.0
2026-04-24 07:27:31.162 7 INFO placement.requestlog [None req-e1a8ea6a-2c39-4b65-89ee-e65e29e2eebb - - - - - -] 10.0.0.254 "GET /" status: 200 len: 136 microversion: 1.0
2026-04-24 07:27:41.162 7 INFO placement.requestlog [None req-b17ef726-4146-42a6-b34b-52678bdbc41f - - - - - -] 10.0.0.254 "GET /" status: 200 len: 136 microversion: 1.0
2026-04-24 07:27:41.163 8 INFO placement.requestlog [None req-f8507aea-1da6-419a-9dfc-f0cc5532be67 - - - - - -] 10.0.0.254 "GET /" status: 200 len: 136 microversion: 1.0
2026-04-24 07:27:51.161 7 INFO placement.requestlog [None req-c72b70aa-ec23-4c3f-b4c0-4cd333a2a573 - - - - - -] 10.0.0.254 "GET /" status: 200 len: 136 microversion: 1.0
2026-04-24 07:27:51.161 8 INFO placement.requestlog [None req-039821ce-5337-4c49-881b-a2846d5767c1 - - - - - -] 10.0.0.254 "GET /" status: 200 len: 136 microversion: 1.0
2026-04-24 07:28:01.161 7 INFO placement.requestlog [None req-38487615-82bc-4527-9fef-5fa0b109084c - - - - - -] 10.0.0.254 "GET /" status: 200 len: 136 microversion: 1.0
2026-04-24 07:28:01.161 8 INFO placement.requestlog [None req-995aa170-0720-42ef-aa95-3428dc79ba3c - - - - - -] 10.0.0.254 "GET /" status: 200 len: 136 microversion: 1.0
2026-04-24 07:28:08.077 7 INFO placement.requestlog [req-763ad64d-398a-42a8-85cb-d06494ce5794 req-3509e056-ce53-45c6-96f0-7ad9cbf0fc9b 30409a46acd4489bbcda2e7ad2c0f08f 6e4e073221b448c2b08b2733adf7618b - - 8bfeaeb7371343bda926631911829db8 8bfeaeb7371343bda926631911829db8] 199.204.45.77 "GET /resource_providers/08ed0c4f-396b-4cba-a48f-55a9accfafef/allocations" status: 200 len: 340 microversion: 1.0 [pid: 7|app: 0|req: 458/926] 199.204.45.77 () {32 vars in 856 bytes} [Fri Apr 24 07:28:08 2026] GET /resource_providers/08ed0c4f-396b-4cba-a48f-55a9accfafef/allocations => generated 340 bytes in 20 msecs (HTTP/1.1 200) 6 headers in 224 bytes (1 switches on core 0)
2026-04-24 07:28:08.103 8 INFO placement.requestlog [req-763ad64d-398a-42a8-85cb-d06494ce5794 req-f36be907-9649-4e5a-ab07-1497d2577f05 30409a46acd4489bbcda2e7ad2c0f08f 6e4e073221b448c2b08b2733adf7618b - - 8bfeaeb7371343bda926631911829db8 8bfeaeb7371343bda926631911829db8] 199.204.45.77 "GET /resource_providers/08ed0c4f-396b-4cba-a48f-55a9accfafef/allocations" status: 200 len: 340 microversion: 1.0 [pid: 8|app: 0|req: 469/927] 199.204.45.77 () {32 vars in 856 bytes} [Fri Apr 24 07:28:08 2026] GET /resource_providers/08ed0c4f-396b-4cba-a48f-55a9accfafef/allocations => generated 340 bytes in 19 msecs (HTTP/1.1 200) 6 headers in 224 bytes (1 switches on core 0)
2026-04-24 07:28:08.124 7 INFO placement.requestlog [req-763ad64d-398a-42a8-85cb-d06494ce5794 req-cff0b923-8864-48f5-a4f7-a4bcffcdf85e 30409a46acd4489bbcda2e7ad2c0f08f 6e4e073221b448c2b08b2733adf7618b - - 8bfeaeb7371343bda926631911829db8 8bfeaeb7371343bda926631911829db8] 199.204.45.77 "GET /allocations/46fc4515-7bc6-4b81-80e2-f373196204a7" status: 200 len: 258 microversion: 1.28 [pid: 7|app: 0|req: 459/928] 199.204.45.77 () {34 vars in 862 bytes} [Fri Apr 24 07:28:08 2026] GET /allocations/46fc4515-7bc6-4b81-80e2-f373196204a7 => generated 258 bytes in 16 msecs (HTTP/1.1 200) 8 headers in 296 bytes (1 switches on core 0)
2026-04-24 07:28:08.155 8 INFO placement.requestlog [req-763ad64d-398a-42a8-85cb-d06494ce5794 req-9f6305d2-f565-4e13-8db5-d65aa5f93fcd 30409a46acd4489bbcda2e7ad2c0f08f 6e4e073221b448c2b08b2733adf7618b - - 8bfeaeb7371343bda926631911829db8 8bfeaeb7371343bda926631911829db8] 199.204.45.77 "GET /allocations/d2b94292-9884-4103-98c3-b706980ba8a0" status: 200 len: 245 microversion: 1.28 [pid: 8|app: 0|req: 470/929] 199.204.45.77 () {34 vars in 862 bytes} [Fri Apr 24 07:28:08 2026] GET /allocations/d2b94292-9884-4103-98c3-b706980ba8a0 => generated 245 bytes in 22 msecs (HTTP/1.1 200) 8 headers in 296 bytes (1 switches on core 0)
2026-04-24 07:28:08.178 7 INFO placement.requestlog [req-763ad64d-398a-42a8-85cb-d06494ce5794 req-ead68dca-29a9-4c93-af1b-854d1087d6f9 30409a46acd4489bbcda2e7ad2c0f08f 6e4e073221b448c2b08b2733adf7618b - - 8bfeaeb7371343bda926631911829db8 8bfeaeb7371343bda926631911829db8] 199.204.45.77 "GET /allocations/3b1c1909-b2ab-4af6-bf08-5bc8bed674da" status: 200 len: 258 microversion: 1.28 [pid: 7|app: 0|req: 460/930] 199.204.45.77 () {34 vars in 862 bytes} [Fri Apr 24 07:28:08 2026] GET /allocations/3b1c1909-b2ab-4af6-bf08-5bc8bed674da => generated 258 bytes in 15 msecs (HTTP/1.1 200) 8 headers in 296 bytes (1 switches on core 0)
2026-04-24 07:28:11.162 8 INFO placement.requestlog [None req-66053a46-7688-4d0d-bded-1c0e656abb7a - - - - - -] 10.0.0.254 "GET /" status: 200 len: 136 microversion: 1.0
2026-04-24 07:28:11.162 7 INFO placement.requestlog [None req-6f183aa6-ec90-4e0a-8bb0-897e52d6a6d7 - - - - - -] 10.0.0.254 "GET /" status: 200 len: 136 microversion: 1.0
2026-04-24 07:28:21.161 7 INFO placement.requestlog [None req-604c2de1-386b-488b-9843-aaec5da8ce2b - - - - - -] 10.0.0.254 "GET /" status: 200 len: 136 microversion: 1.0
2026-04-24 07:28:21.162 8 INFO placement.requestlog [None req-a89fecd1-012d-4543-8eda-35bf27e23ee4 - - - - - -] 10.0.0.254 "GET /" status: 200 len: 136 microversion: 1.0
2026-04-24 07:28:24.903 7 INFO placement.requestlog [req-db2ff771-7872-4b81-ab09-2986539a188c req-f3e38af5-d584-4dc4-833c-703a2462e24b 30409a46acd4489bbcda2e7ad2c0f08f 6e4e073221b448c2b08b2733adf7618b - - 8bfeaeb7371343bda926631911829db8 8bfeaeb7371343bda926631911829db8] 199.204.45.77 "GET /resource_providers/08ed0c4f-396b-4cba-a48f-55a9accfafef/allocations" status: 200 len: 340 microversion: 1.0 [pid: 7|app: 0|req: 463/935] 199.204.45.77 () {32 vars in 856 bytes} [Fri Apr 24 07:28:24 2026] GET /resource_providers/08ed0c4f-396b-4cba-a48f-55a9accfafef/allocations => generated 340 bytes in 21 msecs (HTTP/1.1 200) 6 headers in 224 bytes (1 switches on core 0)
2026-04-24 07:28:24.921 8 INFO placement.requestlog [req-db2ff771-7872-4b81-ab09-2986539a188c req-d3ca3cec-5a80-4d58-aa63-1cdb17e6fa21 30409a46acd4489bbcda2e7ad2c0f08f 6e4e073221b448c2b08b2733adf7618b - - 8bfeaeb7371343bda926631911829db8 8bfeaeb7371343bda926631911829db8] 199.204.45.77 "GET /allocations/46fc4515-7bc6-4b81-80e2-f373196204a7" status: 200 len: 258 microversion: 1.28 [pid: 8|app: 0|req: 473/936] 199.204.45.77 () {34 vars in 862 bytes} [Fri Apr 24 07:28:24 2026] GET /allocations/46fc4515-7bc6-4b81-80e2-f373196204a7 => generated 258 bytes in 12 msecs (HTTP/1.1 200) 8 headers in 296 bytes (1 switches on core 0)
2026-04-24 07:28:24.938 7 INFO placement.requestlog [req-db2ff771-7872-4b81-ab09-2986539a188c req-72617de2-4976-4881-8643-7a7754a7d698 30409a46acd4489bbcda2e7ad2c0f08f 6e4e073221b448c2b08b2733adf7618b - - 8bfeaeb7371343bda926631911829db8 8bfeaeb7371343bda926631911829db8] 199.204.45.77 "GET /allocations/d2b94292-9884-4103-98c3-b706980ba8a0" status: 200 len: 245 microversion: 1.28 [pid: 7|app: 0|req: 464/937] 199.204.45.77 () {34 vars in 862 bytes} [Fri Apr 24 07:28:24 2026] GET /allocations/d2b94292-9884-4103-98c3-b706980ba8a0 => generated 245 bytes in 11 msecs (HTTP/1.1 200) 8 headers in 296 bytes (1 switches on core 0)
2026-04-24 07:28:24.958 8 INFO placement.requestlog [req-db2ff771-7872-4b81-ab09-2986539a188c req-8590a7c5-6baf-49de-8274-4b3dc10e1724 30409a46acd4489bbcda2e7ad2c0f08f 6e4e073221b448c2b08b2733adf7618b - - 8bfeaeb7371343bda926631911829db8 8bfeaeb7371343bda926631911829db8] 199.204.45.77 "GET /allocations/3b1c1909-b2ab-4af6-bf08-5bc8bed674da" status: 200 len: 258 microversion: 1.28 [pid: 8|app: 0|req: 474/938] 199.204.45.77 () {34 vars in 862 bytes} [Fri Apr 24 07:28:24 2026] GET /allocations/3b1c1909-b2ab-4af6-bf08-5bc8bed674da => generated 258 bytes in 13 msecs (HTTP/1.1 200) 8 headers in 296 bytes (1 switches on core 0)
2026-04-24 07:28:26.004 7 INFO placement.requestlog [req-db2ff771-7872-4b81-ab09-2986539a188c req-369b41a3-e2ba-4d42-93ce-7a1a652c357f 30409a46acd4489bbcda2e7ad2c0f08f 6e4e073221b448c2b08b2733adf7618b - - 8bfeaeb7371343bda926631911829db8 8bfeaeb7371343bda926631911829db8] 199.204.45.77 "DELETE /allocations/d2b94292-9884-4103-98c3-b706980ba8a0" status: 204 len: 0 microversion: 1.0 [pid: 7|app: 0|req: 465/939] 199.204.45.77 () {34 vars in 840 bytes} [Fri Apr 24 07:28:25 2026] DELETE /allocations/d2b94292-9884-4103-98c3-b706980ba8a0 => generated 0 bytes in 24 msecs (HTTP/1.1 204) 5 headers in 198 bytes (1 switches on core 0)
2026-04-24 07:28:28.218 8 INFO placement.requestlog [req-1be8f61b-c764-471e-8492-3836af3436d1 req-eccdafca-99ba-4ce2-b562-121134071910 30409a46acd4489bbcda2e7ad2c0f08f 6e4e073221b448c2b08b2733adf7618b - - 8bfeaeb7371343bda926631911829db8 8bfeaeb7371343bda926631911829db8] 199.204.45.77 "GET /resource_providers/08ed0c4f-396b-4cba-a48f-55a9accfafef/allocations" status: 200 len: 253 microversion: 1.0 [pid: 8|app: 0|req: 475/940] 199.204.45.77 () {32 vars in 856 bytes} [Fri Apr 24 07:28:28 2026] GET /resource_providers/08ed0c4f-396b-4cba-a48f-55a9accfafef/allocations => generated 253 bytes in 14 msecs (HTTP/1.1 200) 6 headers in 224 bytes (1 switches on core 0)
2026-04-24 07:28:28.239 7 INFO placement.requestlog [req-1be8f61b-c764-471e-8492-3836af3436d1 req-e0b2c291-8efd-4967-990d-0743a2d9f36f 30409a46acd4489bbcda2e7ad2c0f08f 6e4e073221b448c2b08b2733adf7618b - - 8bfeaeb7371343bda926631911829db8 8bfeaeb7371343bda926631911829db8] 199.204.45.77 "GET /allocations/46fc4515-7bc6-4b81-80e2-f373196204a7" status: 200 len: 258 microversion: 1.28 [pid: 7|app: 0|req: 466/941] 199.204.45.77 () {34 vars in 862 bytes} [Fri Apr 24 07:28:28 2026] GET /allocations/46fc4515-7bc6-4b81-80e2-f373196204a7 => generated 258 bytes in 14 msecs (HTTP/1.1 200) 8 headers in 296 bytes (1 switches on core 0)
2026-04-24 07:28:28.257 8 INFO placement.requestlog [req-1be8f61b-c764-471e-8492-3836af3436d1 req-e47daaa1-a58d-4faf-833e-b95928ab56fa 30409a46acd4489bbcda2e7ad2c0f08f 6e4e073221b448c2b08b2733adf7618b - - 8bfeaeb7371343bda926631911829db8 8bfeaeb7371343bda926631911829db8] 199.204.45.77 "GET /allocations/3b1c1909-b2ab-4af6-bf08-5bc8bed674da" status: 200 len: 258 microversion: 1.28 [pid: 8|app: 0|req: 476/942] 199.204.45.77 () {34 vars in 862 bytes} [Fri Apr 24 07:28:28 2026] GET /allocations/3b1c1909-b2ab-4af6-bf08-5bc8bed674da => generated 258 bytes in 12 msecs (HTTP/1.1 200) 8 headers in 296 bytes (1 switches on core 0)
2026-04-24 07:28:29.306 7 INFO placement.requestlog [req-1be8f61b-c764-471e-8492-3836af3436d1 req-90ddea15-128a-408d-b6ad-840ca78fbe30 30409a46acd4489bbcda2e7ad2c0f08f 6e4e073221b448c2b08b2733adf7618b - - 8bfeaeb7371343bda926631911829db8 8bfeaeb7371343bda926631911829db8] 199.204.45.77 "DELETE /allocations/3b1c1909-b2ab-4af6-bf08-5bc8bed674da" status: 204 len: 0 microversion: 1.0 [pid: 7|app: 0|req: 467/943] 199.204.45.77 () {34 vars in 840 bytes} [Fri Apr 24 07:28:29 2026] DELETE /allocations/3b1c1909-b2ab-4af6-bf08-5bc8bed674da => generated 0 bytes in 24 msecs (HTTP/1.1 204) 5 headers in 198 bytes (1 switches on core 0)
2026-04-24 07:28:31.161 8 INFO placement.requestlog [None req-7cd19b8d-cfac-4fe5-95ee-fad3f9028261 - - - - - -] 10.0.0.254 "GET /" status: 200 len: 136 microversion: 1.0
2026-04-24 07:28:31.161 7 INFO placement.requestlog [None req-726c5b53-c602-48b3-95c3-ecec4a4c643e - - - - - -] 10.0.0.254 "GET /" status: 200 len: 136 microversion: 1.0
2026-04-24 07:28:39.473 8 INFO placement.requestlog [req-cae68b03-44cd-4017-8868-effb3299c786 req-ef9f7a06-d6ec-4eda-9001-947ac9740fb2 30409a46acd4489bbcda2e7ad2c0f08f 6e4e073221b448c2b08b2733adf7618b - - 8bfeaeb7371343bda926631911829db8 8bfeaeb7371343bda926631911829db8] 199.204.45.77 "GET /resource_providers/08ed0c4f-396b-4cba-a48f-55a9accfafef/allocations" status: 200 len: 153 microversion: 1.0 [pid: 8|app: 0|req: 478/946] 199.204.45.77 () {32 vars in 856 bytes} [Fri Apr 24 07:28:39 2026] GET /resource_providers/08ed0c4f-396b-4cba-a48f-55a9accfafef/allocations => generated 153 bytes in 15 msecs (HTTP/1.1 200) 6 headers in 224 bytes (1 switches on core 0)
2026-04-24 07:28:39.493 7 INFO placement.requestlog [req-cae68b03-44cd-4017-8868-effb3299c786 req-d52aeebb-4e96-4180-9a8a-446619538792 30409a46acd4489bbcda2e7ad2c0f08f 6e4e073221b448c2b08b2733adf7618b - - 8bfeaeb7371343bda926631911829db8 8bfeaeb7371343bda926631911829db8] 199.204.45.77 "GET /allocations/46fc4515-7bc6-4b81-80e2-f373196204a7" status: 200 len: 258 microversion: 1.28 [pid: 7|app: 0|req: 469/947] 199.204.45.77 () {34 vars in 862 bytes} [Fri Apr 24 07:28:39 2026] GET /allocations/46fc4515-7bc6-4b81-80e2-f373196204a7 => generated 258 bytes in 12 msecs (HTTP/1.1 200) 8 headers in 296 bytes (1 switches on core 0)
2026-04-24 07:28:40.541 8 INFO placement.requestlog [req-cae68b03-44cd-4017-8868-effb3299c786 req-c8a71066-fba9-4e69-a16d-d293ab739881 30409a46acd4489bbcda2e7ad2c0f08f 6e4e073221b448c2b08b2733adf7618b - - 8bfeaeb7371343bda926631911829db8 8bfeaeb7371343bda926631911829db8] 199.204.45.77 "DELETE /allocations/46fc4515-7bc6-4b81-80e2-f373196204a7" status: 204 len: 0 microversion: 1.0 [pid: 8|app: 0|req: 479/948] 199.204.45.77 () {34 vars in 840 bytes} [Fri Apr 24 07:28:40 2026] DELETE /allocations/46fc4515-7bc6-4b81-80e2-f373196204a7 => generated 0 bytes in 24 msecs (HTTP/1.1 204) 5 headers in 198 bytes (1 switches on core 0)
2026-04-24 07:28:41.161 7 INFO placement.requestlog [None req-9875ea4b-9570-4322-9535-6a037059e097 - - - - - -] 10.0.0.254 "GET /" status: 200 len: 136 microversion: 1.0
2026-04-24 07:28:41.162 8 INFO placement.requestlog [None req-c2ea159d-7586-4616-b581-397d3741b7df - - - - - -] 10.0.0.254 "GET /" status: 200 len: 136 microversion: 1.0
2026-04-24 07:28:50.779 8 INFO placement.requestlog [None req-cff918e0-3bd1-4665-8119-7b28427cc0a5 3af3263976ac44d7b8f00acf3e005445 6e4e073221b448c2b08b2733adf7618b - - 8bfeaeb7371343bda926631911829db8 8bfeaeb7371343bda926631911829db8] 10.0.0.3 "GET /resource_providers/96609766-eeff-48c5-87ed-d72664318595/aggregates" status: 404 len: 235 microversion: 1.1 [pid: 8|app: 0|req: 481/951] 10.0.0.3 () {32 vars in 814 bytes} [Fri Apr 24 07:28:50 2026] GET /resource_providers/96609766-eeff-48c5-87ed-d72664318595/aggregates => generated 235 bytes in 11 msecs (HTTP/1.1 404) 5 headers in 202 bytes (1 switches on core 0)
2026-04-24 07:28:50.782 7 INFO placement.requestlog [None req-391c62c7-d61d-4903-bcb8-a476aa4bf07c 3af3263976ac44d7b8f00acf3e005445 6e4e073221b448c2b08b2733adf7618b - - 8bfeaeb7371343bda926631911829db8 8bfeaeb7371343bda926631911829db8] 10.0.0.3 "GET /resource_providers/96609766-eeff-48c5-87ed-d72664318595/aggregates" status: 404 len: 235 microversion: 1.1 [pid: 7|app: 0|req: 471/952] 10.0.0.3 () {32 vars in 814 bytes} [Fri Apr 24 07:28:50 2026] GET /resource_providers/96609766-eeff-48c5-87ed-d72664318595/aggregates => generated 235 bytes in 9 msecs (HTTP/1.1 404) 5 headers in 202 bytes (1 switches on core 0)
2026-04-24 07:28:50.800 8 INFO placement.requestlog [None req-138d825f-03ee-47be-b7dd-7f3c4f878046 3af3263976ac44d7b8f00acf3e005445 6e4e073221b448c2b08b2733adf7618b - - 8bfeaeb7371343bda926631911829db8 8bfeaeb7371343bda926631911829db8] 10.0.0.3 "DELETE /resource_providers/96609766-eeff-48c5-87ed-d72664318595" status: 404 len: 246 microversion: 1.1 [pid: 8|app: 0|req: 482/953] 10.0.0.3 () {34 vars in 814 bytes} [Fri Apr 24 07:28:50 2026] DELETE /resource_providers/96609766-eeff-48c5-87ed-d72664318595 => generated 246 bytes in 9 msecs (HTTP/1.1 404) 6 headers in 231 bytes (1 switches on core 0)
2026-04-24 07:28:50.801 7 INFO placement.requestlog [None req-88b54184-844e-4c15-bea5-5541b5a9b9ab 3af3263976ac44d7b8f00acf3e005445 6e4e073221b448c2b08b2733adf7618b - - 8bfeaeb7371343bda926631911829db8 8bfeaeb7371343bda926631911829db8] 10.0.0.3 "DELETE /resource_providers/96609766-eeff-48c5-87ed-d72664318595" status: 404 len: 246 microversion: 1.1 [pid: 7|app: 0|req: 472/954] 10.0.0.3 () {34 vars in 814 bytes} [Fri Apr 24 07:28:50 2026] DELETE /resource_providers/96609766-eeff-48c5-87ed-d72664318595 => generated 246 bytes in 8 msecs (HTTP/1.1 404) 6 headers in 231 bytes (1 switches on core 0)
2026-04-24 07:28:51.162 7 INFO placement.requestlog [None req-15aeec34-7c52-4f03-8c28-667cb3fcc8ed - - - - - -] 10.0.0.254 "GET /" status: 200 len: 136 microversion: 1.0
2026-04-24 07:28:51.162 8 INFO placement.requestlog [None req-12aa9376-c758-4285-a804-b7c0f1404dad - - - - - -] 10.0.0.254 "GET /" status: 200 len: 136 microversion: 1.0
2026-04-24 07:28:52.825 8 INFO placement.requestlog [None req-9dd1f11d-adb7-406b-90b8-a1077e4869ae 3af3263976ac44d7b8f00acf3e005445 6e4e073221b448c2b08b2733adf7618b - - 8bfeaeb7371343bda926631911829db8 8bfeaeb7371343bda926631911829db8] 10.0.0.3 "GET /resource_providers/36927522-9de1-4868-a9d6-9e6d5d96a9e0/aggregates" status: 404 len: 235 microversion: 1.1 [pid: 8|app: 0|req: 484/957] 10.0.0.3 () {32 vars in 814 bytes} [Fri Apr 24 07:28:52 2026] GET /resource_providers/36927522-9de1-4868-a9d6-9e6d5d96a9e0/aggregates => generated 235 bytes in 11 msecs (HTTP/1.1 404) 5 headers in 202 bytes (1 switches on core 0)
2026-04-24 07:28:52.836 7 INFO placement.requestlog [None req-defe7217-8b1d-4a13-9bb8-f4b3c1758e1f 3af3263976ac44d7b8f00acf3e005445 6e4e073221b448c2b08b2733adf7618b - - 8bfeaeb7371343bda926631911829db8 8bfeaeb7371343bda926631911829db8] 10.0.0.3 "GET /resource_providers/36927522-9de1-4868-a9d6-9e6d5d96a9e0/aggregates" status: 404 len: 235 microversion: 1.1 [pid: 7|app: 0|req: 474/958] 10.0.0.3 () {32 vars in 814 bytes} [Fri Apr 24 07:28:52 2026] GET /resource_providers/36927522-9de1-4868-a9d6-9e6d5d96a9e0/aggregates => generated 235 bytes in 13 msecs (HTTP/1.1 404) 5 headers in 202 bytes (1 switches on core 0)
2026-04-24 07:28:52.850 8 INFO placement.requestlog [None req-0ed50bd7-02d2-4cf6-a4f9-fa560b1dfa3e 3af3263976ac44d7b8f00acf3e005445 6e4e073221b448c2b08b2733adf7618b - - 8bfeaeb7371343bda926631911829db8 8bfeaeb7371343bda926631911829db8] 10.0.0.3 "DELETE /resource_providers/36927522-9de1-4868-a9d6-9e6d5d96a9e0" status: 404 len: 246 microversion: 1.1 [pid: 8|app: 0|req: 485/959] 10.0.0.3 () {34 vars in 814 bytes} [Fri Apr 24 07:28:52 2026] DELETE /resource_providers/36927522-9de1-4868-a9d6-9e6d5d96a9e0 => generated 246 bytes in 8 msecs (HTTP/1.1 404) 6 headers in 231 bytes (1 switches on core 0)
2026-04-24 07:28:52.860 7 INFO placement.requestlog [None req-127a5de5-4fe4-4703-b3f0-fe22bbe7e48e 3af3263976ac44d7b8f00acf3e005445 6e4e073221b448c2b08b2733adf7618b - - 8bfeaeb7371343bda926631911829db8 8bfeaeb7371343bda926631911829db8] 10.0.0.3 "DELETE /resource_providers/36927522-9de1-4868-a9d6-9e6d5d96a9e0" status: 404 len: 246 microversion: 1.1 [pid: 7|app: 0|req: 475/960] 10.0.0.3 () {34 vars in 814 bytes} [Fri Apr 24 07:28:52 2026] DELETE /resource_providers/36927522-9de1-4868-a9d6-9e6d5d96a9e0 => generated 246 bytes in 11 msecs (HTTP/1.1 404) 6 headers in 231 bytes (1 switches on core 0)
2026-04-24 07:28:52.870 8 INFO placement.requestlog [None req-ec0692ee-2fbf-4394-8425-b912ad5979f0 3af3263976ac44d7b8f00acf3e005445 6e4e073221b448c2b08b2733adf7618b - - 8bfeaeb7371343bda926631911829db8 8bfeaeb7371343bda926631911829db8] 10.0.0.3 "GET /resource_providers/9fccb16f-e23d-48dd-8640-bd7628d10131/aggregates" status: 404 len: 235 microversion: 1.1 [pid: 8|app: 0|req: 486/961] 10.0.0.3 () {32 vars in 814 bytes} [Fri Apr 24 07:28:52 2026] GET /resource_providers/9fccb16f-e23d-48dd-8640-bd7628d10131/aggregates => generated 235 bytes in 9 msecs (HTTP/1.1 404) 5 headers in 202 bytes (1 switches on core 0)
2026-04-24 07:28:52.900 7 INFO placement.requestlog [None req-cfa605df-368c-4313-91d6-08215d6a34da 3af3263976ac44d7b8f00acf3e005445 6e4e073221b448c2b08b2733adf7618b - - 8bfeaeb7371343bda926631911829db8 8bfeaeb7371343bda926631911829db8] 10.0.0.3 "GET /resource_providers/9fccb16f-e23d-48dd-8640-bd7628d10131/aggregates" status: 404 len: 235 microversion: 1.1 [pid: 7|app: 0|req: 476/962] 10.0.0.3 () {32 vars in 814 bytes} [Fri Apr 24 07:28:52 2026] GET /resource_providers/9fccb16f-e23d-48dd-8640-bd7628d10131/aggregates => generated 235 bytes in 18 msecs (HTTP/1.1 404) 5 headers in 202 bytes (1 switches on core 0)
2026-04-24 07:28:52.902 8 INFO placement.requestlog [None req-985997d2-22f0-4dd2-8992-19b435ae1b2b 3af3263976ac44d7b8f00acf3e005445 6e4e073221b448c2b08b2733adf7618b - - 8bfeaeb7371343bda926631911829db8 8bfeaeb7371343bda926631911829db8] 10.0.0.3 "DELETE /resource_providers/9fccb16f-e23d-48dd-8640-bd7628d10131" status: 404 len: 246 microversion: 1.1 [pid: 8|app: 0|req: 487/963] 10.0.0.3 () {34 vars in 814 bytes} [Fri Apr 24 07:28:52 2026] DELETE /resource_providers/9fccb16f-e23d-48dd-8640-bd7628d10131 => generated 246 bytes in 17 msecs (HTTP/1.1 404) 6 headers in 231 bytes (1 switches on core 0)
2026-04-24 07:28:52.924 7 INFO placement.requestlog [None req-eb6299ff-79e9-43d3-95bc-c74a7b551c81 3af3263976ac44d7b8f00acf3e005445 6e4e073221b448c2b08b2733adf7618b - - 8bfeaeb7371343bda926631911829db8 8bfeaeb7371343bda926631911829db8] 10.0.0.3 "DELETE /resource_providers/9fccb16f-e23d-48dd-8640-bd7628d10131" status: 404 len: 246 microversion: 1.1 [pid: 7|app: 0|req: 477/964] 10.0.0.3 () {34 vars in 814 bytes} [Fri Apr 24 07:28:52 2026] DELETE /resource_providers/9fccb16f-e23d-48dd-8640-bd7628d10131 => generated 246 bytes in 9 msecs (HTTP/1.1 404) 6 headers in 231 bytes (1 switches on core 0)
2026-04-24 07:28:54.948 8 INFO placement.requestlog [None req-cd5251bd-c90e-43c7-81e0-6af3c490ce9c 3af3263976ac44d7b8f00acf3e005445 6e4e073221b448c2b08b2733adf7618b - - 8bfeaeb7371343bda926631911829db8 8bfeaeb7371343bda926631911829db8] 10.0.0.3 "GET /resource_providers/3a017492-dcf7-47ea-824f-30ed951f3252/aggregates" status: 404 len: 235 microversion: 1.1 [pid: 8|app: 0|req: 488/965] 10.0.0.3 () {32 vars in 814 bytes} [Fri Apr 24 07:28:54 2026] GET /resource_providers/3a017492-dcf7-47ea-824f-30ed951f3252/aggregates => generated 235 bytes in 15 msecs (HTTP/1.1 404) 5 headers in 202 bytes (1 switches on core 0)
