2026-04-24 07:16:41.162 8 INFO placement.requestlog [None req-a7c32fdc-cc5e-4782-8701-09ab54d78a10 - - - - - -] 10.0.0.254 "GET /" status: 200 len: 136 microversion: 1.0
2026-04-24 07:16:51.161 8 INFO placement.requestlog [None req-a15bb404-0b0f-47d9-8a5e-b3d230ddcda5 - - - - - -] 10.0.0.254 "GET /" status: 200 len: 136 microversion: 1.0
2026-04-24 07:16:51.162 7 INFO placement.requestlog [None req-3539a0a8-e4ad-45f8-a90e-1a210b48cfc4 - - - - - -] 10.0.0.254 "GET /" status: 200 len: 136 microversion: 1.0
2026-04-24 07:16:59.570 8 INFO placement.requestlog [req-d748b162-839f-416e-9a43-b40816ce2181 req-4742aa0c-e085-4b48-9a55-81b356055847 30409a46acd4489bbcda2e7ad2c0f08f 6e4e073221b448c2b08b2733adf7618b - - 8bfeaeb7371343bda926631911829db8 8bfeaeb7371343bda926631911829db8] 199.204.45.77 "GET /resource_providers/08ed0c4f-396b-4cba-a48f-55a9accfafef/allocations" status: 200 len: 54 microversion: 1.0 [pid: 8|app: 0|req: 111/223] 199.204.45.77 () {32 vars in 856 bytes} [Fri Apr 24 07:16:59 2026] GET /resource_providers/08ed0c4f-396b-4cba-a48f-55a9accfafef/allocations => generated 54 bytes in 18 msecs (HTTP/1.1 200) 6 headers in 223 bytes (1 switches on core 0)
2026-04-24 07:16:59.596 7 INFO placement.requestlog [req-d748b162-839f-416e-9a43-b40816ce2181 req-00bbb712-7035-418b-bead-7cb720120d32 30409a46acd4489bbcda2e7ad2c0f08f 6e4e073221b448c2b08b2733adf7618b - - 8bfeaeb7371343bda926631911829db8 8bfeaeb7371343bda926631911829db8] 199.204.45.77 "GET /resource_providers/08ed0c4f-396b-4cba-a48f-55a9accfafef/allocations" status: 200 len: 54 microversion: 1.0 [pid: 7|app: 0|req: 113/224] 199.204.45.77 () {32 vars in 856 bytes} [Fri Apr 24 07:16:59 2026] GET /resource_providers/08ed0c4f-396b-4cba-a48f-55a9accfafef/allocations => generated 54 bytes in 19 msecs (HTTP/1.1 200) 6 headers in 223 bytes (1 switches on core 0)
2026-04-24 07:17:01.161 8 INFO placement.requestlog [None req-c561067f-7627-4c8a-9957-e9c4ebfbf18d - - - - - -] 10.0.0.254 "GET /" status: 200 len: 136 microversion: 1.0
2026-04-24 07:17:01.161 7 INFO placement.requestlog [None req-dd1f7021-8ff2-472b-aa04-ed38e33b7ca7 - - - - - -] 10.0.0.254 "GET /" status: 200 len: 136 microversion: 1.0
2026-04-24 07:17:11.162 7 INFO placement.requestlog [None req-92bfe1e2-c151-4aed-a3bf-b4466d152945 - - - - - -] 10.0.0.254 "GET /" status: 200 len: 136 microversion: 1.0
2026-04-24 07:17:11.162 8 INFO placement.requestlog [None req-873b598b-b05d-4fe6-b024-1e2ed1061cee - - - - - -] 10.0.0.254 "GET /" status: 200 len: 136 microversion: 1.0
2026-04-24 07:17:21.161 7 INFO placement.requestlog [None req-f2ea33e3-fae6-4035-9ac4-bcd35d059d6f - - - - - -] 10.0.0.254 "GET /" status: 200 len: 136 microversion: 1.0
2026-04-24 07:17:21.162 8 INFO placement.requestlog [None req-1d00545f-4782-4acf-b8f0-d3924b93371a - - - - - -] 10.0.0.254 "GET /" status: 200 len: 136 microversion: 1.0
2026-04-24 07:17:31.162 7 INFO placement.requestlog [None req-78511b91-f28a-4eaf-9ca4-9028165cced7 - - - - - -] 10.0.0.254 "GET /" status: 200 len: 136 microversion: 1.0
2026-04-24 07:17:31.162 8 INFO placement.requestlog [None req-9402d326-4e40-41ea-b20d-694c5f4eb7d0 - - - - - -] 10.0.0.254 "GET /" status: 200 len: 136 microversion: 1.0
2026-04-24 07:17:41.162 8 INFO placement.requestlog [None req-b29a7bbd-f7f4-46f0-bd40-c28b3a540b3a - - - - - -] 10.0.0.254 "GET /" status: 200 len: 136 microversion: 1.0
2026-04-24 07:17:41.162 7 INFO placement.requestlog [None req-19e8566e-c577-4741-bae4-35560b246c0e - - - - - -] 10.0.0.254 "GET /" status: 200 len: 136 microversion: 1.0
2026-04-24 07:17:51.161 7 INFO placement.requestlog [None req-3f792ed1-83ec-47c6-8b5c-64b2474c12b1 - - - - - -] 10.0.0.254 "GET /" status: 200 len: 136 microversion: 1.0
2026-04-24 07:17:51.162 8 INFO placement.requestlog [None req-e14519eb-55a7-49d1-87e3-3bcc1c66750c - - - - - -] 10.0.0.254 "GET /" status: 200 len: 136 microversion: 1.0
2026-04-24 07:18:01.162 8 INFO placement.requestlog [None req-70177bd5-7309-415c-9b3b-f2a2d4d2b9d2 - - - - - -] 10.0.0.254 "GET /" status: 200 len: 136 microversion: 1.0
2026-04-24 07:18:01.164 7 INFO placement.requestlog [None req-ec631730-5a97-49e1-8795-36326f26dbfe - - - - - -] 10.0.0.254 "GET /" status: 200 len: 136 microversion: 1.0
2026-04-24 07:18:03.527 8 INFO placement.requestlog [req-d3e473b3-96e0-47b2-9ada-806f3667fd2c req-c8f6316e-cb92-430f-b83d-6781b448397f 30409a46acd4489bbcda2e7ad2c0f08f 6e4e073221b448c2b08b2733adf7618b - - 8bfeaeb7371343bda926631911829db8 8bfeaeb7371343bda926631911829db8] 199.204.45.77 "GET /resource_providers/08ed0c4f-396b-4cba-a48f-55a9accfafef/allocations" status: 200 len: 54 microversion: 1.0 [pid: 8|app: 0|req: 119/239] 199.204.45.77 () {32 vars in 856 bytes} [Fri Apr 24 07:18:03 2026] GET /resource_providers/08ed0c4f-396b-4cba-a48f-55a9accfafef/allocations => generated 54 bytes in 14 msecs (HTTP/1.1 200) 6 headers in 223 bytes (1 switches on core 0)
2026-04-24 07:18:03.561 7 INFO placement.requestlog [req-d3e473b3-96e0-47b2-9ada-806f3667fd2c req-30dad4e0-aaff-4991-911d-f749cb107c47 30409a46acd4489bbcda2e7ad2c0f08f 6e4e073221b448c2b08b2733adf7618b - - 8bfeaeb7371343bda926631911829db8 8bfeaeb7371343bda926631911829db8] 199.204.45.77 "GET /resource_providers/08ed0c4f-396b-4cba-a48f-55a9accfafef/allocations" status: 200 len: 54 microversion: 1.0 [pid: 7|app: 0|req: 121/240] 199.204.45.77 () {32 vars in 856 bytes} [Fri Apr 24 07:18:03 2026] GET /resource_providers/08ed0c4f-396b-4cba-a48f-55a9accfafef/allocations => generated 54 bytes in 26 msecs (HTTP/1.1 200) 6 headers in 223 bytes (1 switches on core 0)
2026-04-24 07:18:11.163 8 INFO placement.requestlog [None req-ae2c3d4a-5a95-4777-9ea3-9f0d8be62b70 - - - - - -] 10.0.0.254 "GET /" status: 200 len: 136 microversion: 1.0
2026-04-24 07:18:11.163 7 INFO placement.requestlog [None req-dcdc47d4-aee1-4ef3-bddc-9ed1b43426de - - - - - -] 10.0.0.254 "GET /" status: 200 len: 136 microversion: 1.0
2026-04-24 07:18:21.161 8 INFO placement.requestlog [None req-fd5bfc3d-d330-4847-864b-07dd1f315d4a - - - - - -] 10.0.0.254 "GET /" status: 200 len: 136 microversion: 1.0
2026-04-24 07:18:21.162 7 INFO placement.requestlog [None req-96233cd5-2c13-4665-935b-2230128aeaba - - - - - -] 10.0.0.254 "GET /" status: 200 len: 136 microversion: 1.0
2026-04-24 07:18:31.162 8 INFO placement.requestlog [None req-24d6f067-4d2c-45c5-a7b5-05fa5ce23d66 - - - - - -] 10.0.0.254 "GET /" status: 200 len: 136 microversion: 1.0
2026-04-24 07:18:31.162 7 INFO placement.requestlog [None req-ff6f899b-4e24-4e7a-8ecc-be7c99dc6ce9 - - - - - -] 10.0.0.254 "GET /" status: 200 len: 136 microversion: 1.0
2026-04-24 07:18:41.161 8 INFO placement.requestlog [None req-855f9fb0-973a-475f-aaa7-b35981d876b3 - - - - - -] 10.0.0.254 "GET /" status: 200 len: 136 microversion: 1.0
2026-04-24 07:18:41.161 7 INFO placement.requestlog [None req-5239727b-8bda-4650-aabf-e5c969d4ba92 - - - - - -] 10.0.0.254 "GET /" status: 200 len: 136 microversion: 1.0
2026-04-24 07:18:51.162 8 INFO placement.requestlog [None req-114a183e-1c22-4dd5-b5bc-03a773a8c3f7 - - - - - -] 10.0.0.254 "GET /" status: 200 len: 136 microversion: 1.0
2026-04-24 07:18:51.164 7 INFO placement.requestlog [None req-ab66a808-9481-4d44-8a49-c890c10170ec - - - - - -] 10.0.0.254 "GET /" status: 200 len: 136 microversion: 1.0
2026-04-24 07:18:57.725 8 INFO placement.requestlog [req-93ccf501-f14b-4244-87e3-4e8276e74390 req-76d3609d-98cd-497b-a3f8-0fcb055ac48a 30409a46acd4489bbcda2e7ad2c0f08f 6e4e073221b448c2b08b2733adf7618b - - 8bfeaeb7371343bda926631911829db8 8bfeaeb7371343bda926631911829db8] 199.204.45.77 "GET /resource_providers/08ed0c4f-396b-4cba-a48f-55a9accfafef/allocations" status: 200 len: 54 microversion: 1.0 [pid: 8|app: 0|req: 125/251] 199.204.45.77 () {32 vars in 856 bytes} [Fri Apr 24 07:18:57 2026] GET /resource_providers/08ed0c4f-396b-4cba-a48f-55a9accfafef/allocations => generated 54 bytes in 20 msecs (HTTP/1.1 200) 6 headers in 223 bytes (1 switches on core 0)
2026-04-24 07:18:57.761 7 INFO placement.requestlog [req-93ccf501-f14b-4244-87e3-4e8276e74390 req-3c6d4651-679f-42eb-a871-d812b3e4b89a 30409a46acd4489bbcda2e7ad2c0f08f 6e4e073221b448c2b08b2733adf7618b - - 8bfeaeb7371343bda926631911829db8 8bfeaeb7371343bda926631911829db8] 199.204.45.77 "GET /resource_providers/08ed0c4f-396b-4cba-a48f-55a9accfafef/allocations" status: 200 len: 54 microversion: 1.0 [pid: 7|app: 0|req: 127/252] 199.204.45.77 () {32 vars in 856 bytes} [Fri Apr 24 07:18:57 2026] GET /resource_providers/08ed0c4f-396b-4cba-a48f-55a9accfafef/allocations => generated 54 bytes in 28 msecs (HTTP/1.1 200) 6 headers in 223 bytes (1 switches on core 0)
2026-04-24 07:19:01.162 7 INFO placement.requestlog [None req-9678f05e-17e3-4dd3-9ab3-878d54bd2c5f - - - - - -] 10.0.0.254 "GET /" status: 200 len: 136 microversion: 1.0
2026-04-24 07:19:01.163 8 INFO placement.requestlog [None req-b74a2470-dee8-48ae-9b6a-ff479923a4b7 - - - - - -] 10.0.0.254 "GET /" status: 200 len: 136 microversion: 1.0
2026-04-24 07:19:11.162 7 INFO placement.requestlog [None req-d30c85a6-3860-4969-9589-c8d67f8d82b9 - - - - - -] 10.0.0.254 "GET /" status: 200 len: 136 microversion: 1.0
2026-04-24 07:19:11.162 8 INFO placement.requestlog [None req-e0b44f71-052d-427b-bbb8-c92d294f7eae - - - - - -] 10.0.0.254 "GET /" status: 200 len: 136 microversion: 1.0
2026-04-24 07:19:21.161 7 INFO placement.requestlog [None req-83bcba47-0a18-4907-9f41-314f6983bac1 - - - - - -] 10.0.0.254 "GET /" status: 200 len: 136 microversion: 1.0
2026-04-24 07:19:21.162 8 INFO placement.requestlog [None req-fade6ea0-04fa-452f-bcfc-4c18a0506f81 - - - - - -] 10.0.0.254 "GET /" status: 200 len: 136 microversion: 1.0
2026-04-24 07:19:31.162 7 INFO placement.requestlog [None req-312ec479-2cd5-47f3-9f60-fd049ab54214 - - - - - -] 10.0.0.254 "GET /" status: 200 len: 136 microversion: 1.0
2026-04-24 07:19:31.162 8 INFO placement.requestlog [None req-1b30769a-2a0f-4626-9992-84c60c83fbc7 - - - - - -] 10.0.0.254 "GET /" status: 200 len: 136 microversion: 1.0
2026-04-24 07:19:41.162 7 INFO placement.requestlog [None req-e58385d8-86c0-4d9f-ba74-9e523400f07c - - - - - -] 10.0.0.254 "GET /" status: 200 len: 136 microversion: 1.0
2026-04-24 07:19:41.163 8 INFO placement.requestlog [None req-0443ab25-9c17-457b-b9df-afa3dbda702b - - - - - -] 10.0.0.254 "GET /" status: 200 len: 136 microversion: 1.0
2026-04-24 07:19:51.162 8 INFO placement.requestlog [None req-5aa2c010-15b3-4111-9639-53e08f975b02 - - - - - -] 10.0.0.254 "GET /" status: 200 len: 136 microversion: 1.0
2026-04-24 07:19:51.162 7 INFO placement.requestlog [None req-abaea682-f658-4d0b-8b64-3efe8212a343 - - - - - -] 10.0.0.254 "GET /" status: 200 len: 136 microversion: 1.0
2026-04-24 07:19:56.422 8 INFO placement.requestlog [req-77ce3bf7-6241-49c4-bd9f-2a975ed5164a req-e5f6ca20-cac0-43dd-8136-fbbd35e1b5e2 30409a46acd4489bbcda2e7ad2c0f08f 6e4e073221b448c2b08b2733adf7618b - - 8bfeaeb7371343bda926631911829db8 8bfeaeb7371343bda926631911829db8] 199.204.45.77 "GET /resource_providers/08ed0c4f-396b-4cba-a48f-55a9accfafef/allocations" status: 200 len: 54 microversion: 1.0 [pid: 8|app: 0|req: 132/265] 199.204.45.77 () {32 vars in 856 bytes} [Fri Apr 24 07:19:56 2026] GET /resource_providers/08ed0c4f-396b-4cba-a48f-55a9accfafef/allocations => generated 54 bytes in 67 msecs (HTTP/1.1 200) 6 headers in 223 bytes (1 switches on core 0)
2026-04-24 07:19:56.445 7 INFO placement.requestlog [req-77ce3bf7-6241-49c4-bd9f-2a975ed5164a req-3ff3d04b-b63d-4c2f-a3d4-a6e3f006cb2f 30409a46acd4489bbcda2e7ad2c0f08f 6e4e073221b448c2b08b2733adf7618b - - 8bfeaeb7371343bda926631911829db8 8bfeaeb7371343bda926631911829db8] 199.204.45.77 "GET /resource_providers/08ed0c4f-396b-4cba-a48f-55a9accfafef/allocations" status: 200 len: 54 microversion: 1.0 [pid: 7|app: 0|req: 134/266] 199.204.45.77 () {32 vars in 856 bytes} [Fri Apr 24 07:19:56 2026] GET /resource_providers/08ed0c4f-396b-4cba-a48f-55a9accfafef/allocations => generated 54 bytes in 15 msecs (HTTP/1.1 200) 6 headers in 223 bytes (1 switches on core 0)
2026-04-24 07:20:01.163 8 INFO placement.requestlog [None req-22ac74ef-8231-477e-9ae4-86da4528962f - - - - - -] 10.0.0.254 "GET /" status: 200 len: 136 microversion: 1.0
2026-04-24 07:20:01.163 7 INFO placement.requestlog [None req-fe8c73d4-c3bc-445d-b470-f8768561a4ea - - - - - -] 10.0.0.254 "GET /" status: 200 len: 136 microversion: 1.0
2026-04-24 07:20:11.162 8 INFO placement.requestlog [None req-c695613f-df72-44e3-91b1-ad39bb6f493e - - - - - -] 10.0.0.254 "GET /" status: 200 len: 136 microversion: 1.0
2026-04-24 07:20:11.163 7 INFO placement.requestlog [None req-dee81a21-3b9f-4b47-988b-90f966c5252f - - - - - -] 10.0.0.254 "GET /" status: 200 len: 136 microversion: 1.0
2026-04-24 07:20:21.162 8 INFO placement.requestlog [None req-4295c18d-6ab3-44bb-95b4-c4d106adcdf2 - - - - - -] 10.0.0.254 "GET /" status: 200 len: 136 microversion: 1.0
2026-04-24 07:20:21.162 7 INFO placement.requestlog [None req-72150cc4-2e67-49a4-847e-97da406b120b - - - - - -] 10.0.0.254 "GET /" status: 200 len: 136 microversion: 1.0
2026-04-24 07:20:31.162 8 INFO placement.requestlog [None req-e079c7b1-c49a-42d5-8636-457e1e216c82 - - - - - -] 10.0.0.254 "GET /" status: 200 len: 136 microversion: 1.0
2026-04-24 07:20:31.162 7 INFO placement.requestlog [None req-6eb752cd-85ec-4700-a122-b6e10a2a6b45 - - - - - -] 10.0.0.254 "GET /" status: 200 len: 136 microversion: 1.0
2026-04-24 07:20:41.162 7 INFO placement.requestlog [None req-4f428be4-307f-4930-afbe-85faa633ef5d - - - - - -] 10.0.0.254 "GET /" status: 200 len: 136 microversion: 1.0
2026-04-24 07:20:41.164 8 INFO placement.requestlog [None req-890ea444-bcc1-462a-9d50-b5feca3a095e - - - - - -] 10.0.0.254 "GET /" status: 200 len: 136 microversion: 1.0
2026-04-24 07:20:44.966 8 INFO placement.requestlog [None req-6f34e775-432b-482d-9659-57832490a0a7 3af3263976ac44d7b8f00acf3e005445 6e4e073221b448c2b08b2733adf7618b - - 8bfeaeb7371343bda926631911829db8 8bfeaeb7371343bda926631911829db8] 10.0.0.3 "GET /resource_providers/b22b85c0-1cd0-4417-9459-3f6c705a81ca/aggregates" status: 404 len: 235 microversion: 1.1 [pid: 8|app: 0|req: 138/277] 10.0.0.3 () {32 vars in 814 bytes} [Fri Apr 24 07:20:44 2026] GET /resource_providers/b22b85c0-1cd0-4417-9459-3f6c705a81ca/aggregates => generated 235 bytes in 93 msecs (HTTP/1.1 404) 5 headers in 202 bytes (1 switches on core 0)
2026-04-24 07:20:45.018 8 INFO placement.requestlog [None req-dcaff06b-e706-42a8-8dc2-d196641e7876 3af3263976ac44d7b8f00acf3e005445 6e4e073221b448c2b08b2733adf7618b - - 8bfeaeb7371343bda926631911829db8 8bfeaeb7371343bda926631911829db8] 10.0.0.3 "GET /resource_providers/8e81e0ca-9608-4e27-9e43-9d65b59895f2/aggregates" status: 404 len: 235 microversion: 1.1 [pid: 8|app: 0|req: 139/278] 10.0.0.3 () {32 vars in 814 bytes} [Fri Apr 24 07:20:44 2026] GET /resource_providers/8e81e0ca-9608-4e27-9e43-9d65b59895f2/aggregates => generated 235 bytes in 52 msecs (HTTP/1.1 404) 5 headers in 202 bytes (1 switches on core 0)
2026-04-24 07:20:45.059 8 INFO placement.requestlog [None req-7ea4031d-5c60-40d2-b247-e0be243cf145 3af3263976ac44d7b8f00acf3e005445 6e4e073221b448c2b08b2733adf7618b - - 8bfeaeb7371343bda926631911829db8 8bfeaeb7371343bda926631911829db8] 10.0.0.3 "GET /resource_providers/8e81e0ca-9608-4e27-9e43-9d65b59895f2/aggregates" status: 404 len: 235 microversion: 1.1 [pid: 8|app: 0|req: 140/279] 10.0.0.3 () {32 vars in 814 bytes} [Fri Apr 24 07:20:45 2026] GET /resource_providers/8e81e0ca-9608-4e27-9e43-9d65b59895f2/aggregates => generated 235 bytes in 41 msecs (HTTP/1.1 404) 5 headers in 202 bytes (1 switches on core 0)
2026-04-24 07:20:45.068 8 INFO placement.requestlog [None req-2358ac0a-f62d-4f92-9869-fe4f704ad140 3af3263976ac44d7b8f00acf3e005445 6e4e073221b448c2b08b2733adf7618b - - 8bfeaeb7371343bda926631911829db8 8bfeaeb7371343bda926631911829db8] 10.0.0.3 "DELETE /resource_providers/b22b85c0-1cd0-4417-9459-3f6c705a81ca" status: 404 len: 246 microversion: 1.1 [pid: 8|app: 0|req: 141/280] 10.0.0.3 () {34 vars in 814 bytes} [Fri Apr 24 07:20:45 2026] DELETE /resource_providers/b22b85c0-1cd0-4417-9459-3f6c705a81ca => generated 246 bytes in 9 msecs (HTTP/1.1 404) 6 headers in 231 bytes (1 switches on core 0)
2026-04-24 07:20:45.077 8 INFO placement.requestlog [None req-3892e86f-b1a2-483a-8f14-0c03f42a4d63 3af3263976ac44d7b8f00acf3e005445 6e4e073221b448c2b08b2733adf7618b - - 8bfeaeb7371343bda926631911829db8 8bfeaeb7371343bda926631911829db8] 10.0.0.3 "DELETE /resource_providers/8e81e0ca-9608-4e27-9e43-9d65b59895f2" status: 404 len: 246 microversion: 1.1 [pid: 8|app: 0|req: 142/281] 10.0.0.3 () {34 vars in 814 bytes} [Fri Apr 24 07:20:45 2026] DELETE /resource_providers/8e81e0ca-9608-4e27-9e43-9d65b59895f2 => generated 246 bytes in 8 msecs (HTTP/1.1 404) 6 headers in 231 bytes (1 switches on core 0)
2026-04-24 07:20:45.087 8 INFO placement.requestlog [None req-6b278cd7-c042-45fb-b4b0-017392fa7bbb 3af3263976ac44d7b8f00acf3e005445 6e4e073221b448c2b08b2733adf7618b - - 8bfeaeb7371343bda926631911829db8 8bfeaeb7371343bda926631911829db8] 10.0.0.3 "DELETE /resource_providers/8e81e0ca-9608-4e27-9e43-9d65b59895f2" status: 404 len: 246 microversion: 1.1 [pid: 8|app: 0|req: 143/282] 10.0.0.3 () {34 vars in 814 bytes} [Fri Apr 24 07:20:45 2026] DELETE /resource_providers/8e81e0ca-9608-4e27-9e43-9d65b59895f2 => generated 246 bytes in 10 msecs (HTTP/1.1 404) 6 headers in 231 bytes (1 switches on core 0)
2026-04-24 07:20:45.405 7 INFO placement.requestlog [None req-2271256b-c25c-4069-8c01-fd003324a501 3af3263976ac44d7b8f00acf3e005445 6e4e073221b448c2b08b2733adf7618b - - 8bfeaeb7371343bda926631911829db8 8bfeaeb7371343bda926631911829db8] 10.0.0.3 "GET /resource_providers/b22b85c0-1cd0-4417-9459-3f6c705a81ca/aggregates" status: 404 len: 235 microversion: 1.1 [pid: 7|app: 0|req: 140/283] 10.0.0.3 () {32 vars in 814 bytes} [Fri Apr 24 07:20:44 2026] GET /resource_providers/b22b85c0-1cd0-4417-9459-3f6c705a81ca/aggregates => generated 235 bytes in 562 msecs (HTTP/1.1 404) 5 headers in 202 bytes (1 switches on core 0)
2026-04-24 07:20:45.431 8 INFO placement.requestlog [None req-f050f9d4-7a5a-4639-ab8a-4299f1ccb9ed 3af3263976ac44d7b8f00acf3e005445 6e4e073221b448c2b08b2733adf7618b - - 8bfeaeb7371343bda926631911829db8 8bfeaeb7371343bda926631911829db8] 10.0.0.3 "DELETE /resource_providers/b22b85c0-1cd0-4417-9459-3f6c705a81ca" status: 404 len: 246 microversion: 1.1 [pid: 8|app: 0|req: 144/284] 10.0.0.3 () {34 vars in 814 bytes} [Fri Apr 24 07:20:45 2026] DELETE /resource_providers/b22b85c0-1cd0-4417-9459-3f6c705a81ca => generated 246 bytes in 9 msecs (HTTP/1.1 404) 6 headers in 231 bytes (1 switches on core 0)
2026-04-24 07:20:45.903 7 INFO placement.requestlog [req-2e7c48c4-e311-4ae6-b007-d5ee20d06f7a req-bc374d4e-4ec3-42ed-bb0a-87d5f5bb37c7 30409a46acd4489bbcda2e7ad2c0f08f 6e4e073221b448c2b08b2733adf7618b - - 8bfeaeb7371343bda926631911829db8 8bfeaeb7371343bda926631911829db8] 10.0.0.149 "GET /allocation_candidates?limit=1000&resources=DISK_GB%3A1%2CMEMORY_MB%3A512%2CVCPU%3A1&root_required=%21COMPUTE_STATUS_DISABLED" status: 200 len: 2781 microversion: 1.36 [pid: 7|app: 0|req: 141/285] 10.0.0.149 () {34 vars in 1012 bytes} [Fri Apr 24 07:20:45 2026] GET /allocation_candidates?limit=1000&resources=DISK_GB%3A1%2CMEMORY_MB%3A512%2CVCPU%3A1&root_required=%21COMPUTE_STATUS_DISABLED => generated 2781 bytes in 239 msecs (HTTP/1.1 200) 8 headers in 297 bytes (1 switches on core 0)
2026-04-24 07:20:45.952 8 INFO placement.requestlog [req-2e7c48c4-e311-4ae6-b007-d5ee20d06f7a req-de16bc2f-8e7c-4db4-b665-d29297ac531a 30409a46acd4489bbcda2e7ad2c0f08f 6e4e073221b448c2b08b2733adf7618b - - 8bfeaeb7371343bda926631911829db8 8bfeaeb7371343bda926631911829db8] 10.0.0.149 "GET /allocations/c2f98195-25d0-44d8-80cb-aeebce40d8c9" status: 200 len: 19 microversion: 1.28 [pid: 8|app: 0|req: 145/286] 10.0.0.149 () {34 vars in 861 bytes} [Fri Apr 24 07:20:45 2026] GET /allocations/c2f98195-25d0-44d8-80cb-aeebce40d8c9 => generated 19 bytes in 15 msecs (HTTP/1.1 200) 8 headers in 295 bytes (1 switches on core 0)
2026-04-24 07:20:46.037 7 INFO placement.requestlog [req-2e7c48c4-e311-4ae6-b007-d5ee20d06f7a req-20f03201-1f9d-4d55-a6d5-6c11aee76f96 30409a46acd4489bbcda2e7ad2c0f08f 6e4e073221b448c2b08b2733adf7618b - - 8bfeaeb7371343bda926631911829db8 8bfeaeb7371343bda926631911829db8] 10.0.0.149 "PUT /allocations/c2f98195-25d0-44d8-80cb-aeebce40d8c9" status: 204 len: 0 microversion: 1.36 [pid: 7|app: 0|req: 142/287] 10.0.0.149 () {38 vars in 914 bytes} [Fri Apr 24 07:20:45 2026] PUT /allocations/c2f98195-25d0-44d8-80cb-aeebce40d8c9 => generated 0 bytes in 79 msecs (HTTP/1.1 204) 5 headers in 199 bytes (1 switches on core 0)
2026-04-24 07:20:47.088 8 INFO placement.requestlog [None req-6253700c-ab43-4374-abe7-fa20cec1f575 3af3263976ac44d7b8f00acf3e005445 6e4e073221b448c2b08b2733adf7618b - - 8bfeaeb7371343bda926631911829db8 8bfeaeb7371343bda926631911829db8] 10.0.0.3 "GET /resource_providers/45a75087-67be-4e54-bfd7-bc55e70b68a1/aggregates" status: 404 len: 235 microversion: 1.1 [pid: 8|app: 0|req: 146/288] 10.0.0.3 () {32 vars in 814 bytes} [Fri Apr 24 07:20:47 2026] GET /resource_providers/45a75087-67be-4e54-bfd7-bc55e70b68a1/aggregates => generated 235 bytes in 11 msecs (HTTP/1.1 404) 5 headers in 202 bytes (1 switches on core 0)
2026-04-24 07:20:47.098 7 INFO placement.requestlog [None req-0cada5d7-60d8-4b74-b743-4e8b37c27466 3af3263976ac44d7b8f00acf3e005445 6e4e073221b448c2b08b2733adf7618b - - 8bfeaeb7371343bda926631911829db8 8bfeaeb7371343bda926631911829db8] 10.0.0.3 "GET /resource_providers/8c038e5d-f28c-4fa6-a909-9bef14cdd54e/aggregates" status: 404 len: 235 microversion: 1.1 [pid: 7|app: 0|req: 143/289] 10.0.0.3 () {32 vars in 814 bytes} [Fri Apr 24 07:20:47 2026] GET /resource_providers/8c038e5d-f28c-4fa6-a909-9bef14cdd54e/aggregates => generated 235 bytes in 9 msecs (HTTP/1.1 404) 5 headers in 202 bytes (1 switches on core 0)
2026-04-24 07:20:47.102 8 INFO placement.requestlog [None req-ec9040b8-85cc-45e1-8b59-f36cd8b07eb9 3af3263976ac44d7b8f00acf3e005445 6e4e073221b448c2b08b2733adf7618b - - 8bfeaeb7371343bda926631911829db8 8bfeaeb7371343bda926631911829db8] 10.0.0.3 "DELETE /resource_providers/45a75087-67be-4e54-bfd7-bc55e70b68a1" status: 404 len: 246 microversion: 1.1 [pid: 8|app: 0|req: 147/290] 10.0.0.3 () {34 vars in 814 bytes} [Fri Apr 24 07:20:47 2026] DELETE /resource_providers/45a75087-67be-4e54-bfd7-bc55e70b68a1 => generated 246 bytes in 7 msecs (HTTP/1.1 404) 6 headers in 231 bytes (1 switches on core 0)
2026-04-24 07:20:47.120 7 INFO placement.requestlog [None req-216c79c1-e86b-4c58-bcc1-fb08ef5d791b 3af3263976ac44d7b8f00acf3e005445 6e4e073221b448c2b08b2733adf7618b - - 8bfeaeb7371343bda926631911829db8 8bfeaeb7371343bda926631911829db8] 10.0.0.3 "GET /resource_providers/8c038e5d-f28c-4fa6-a909-9bef14cdd54e/aggregates" status: 404 len: 235 microversion: 1.1 [pid: 7|app: 0|req: 144/291] 10.0.0.3 () {32 vars in 814 bytes} [Fri Apr 24 07:20:47 2026] GET /resource_providers/8c038e5d-f28c-4fa6-a909-9bef14cdd54e/aggregates => generated 235 bytes in 13 msecs (HTTP/1.1 404) 5 headers in 202 bytes (1 switches on core 0)
2026-04-24 07:20:47.121 8 INFO placement.requestlog [None req-e13d46a1-0a2e-4056-abfa-92f60a659a3f 3af3263976ac44d7b8f00acf3e005445 6e4e073221b448c2b08b2733adf7618b - - 8bfeaeb7371343bda926631911829db8 8bfeaeb7371343bda926631911829db8] 10.0.0.3 "DELETE /resource_providers/8c038e5d-f28c-4fa6-a909-9bef14cdd54e" status: 404 len: 246 microversion: 1.1 [pid: 8|app: 0|req: 148/292] 10.0.0.3 () {34 vars in 814 bytes} [Fri Apr 24 07:20:47 2026] DELETE /resource_providers/8c038e5d-f28c-4fa6-a909-9bef14cdd54e => generated 246 bytes in 9 msecs (HTTP/1.1 404) 6 headers in 231 bytes (1 switches on core 0)
2026-04-24 07:20:47.139 7 INFO placement.requestlog [None req-142fc9f8-a691-44e9-852d-e6fde51cf9db 3af3263976ac44d7b8f00acf3e005445 6e4e073221b448c2b08b2733adf7618b - - 8bfeaeb7371343bda926631911829db8 8bfeaeb7371343bda926631911829db8] 10.0.0.3 "DELETE /resource_providers/8c038e5d-f28c-4fa6-a909-9bef14cdd54e" status: 404 len: 246 microversion: 1.1 [pid: 7|app: 0|req: 145/293] 10.0.0.3 () {34 vars in 814 bytes} [Fri Apr 24 07:20:47 2026] DELETE /resource_providers/8c038e5d-f28c-4fa6-a909-9bef14cdd54e => generated 246 bytes in 11 msecs (HTTP/1.1 404) 6 headers in 231 bytes (1 switches on core 0)
2026-04-24 07:20:47.449 8 INFO placement.requestlog [None req-216fe555-2cb8-4579-8d16-02bacf36f6c7 3af3263976ac44d7b8f00acf3e005445 6e4e073221b448c2b08b2733adf7618b - - 8bfeaeb7371343bda926631911829db8 8bfeaeb7371343bda926631911829db8] 10.0.0.3 "GET /resource_providers/45a75087-67be-4e54-bfd7-bc55e70b68a1/aggregates" status: 404 len: 235 microversion: 1.1 [pid: 8|app: 0|req: 149/294] 10.0.0.3 () {32 vars in 814 bytes} [Fri Apr 24 07:20:47 2026] GET /resource_providers/45a75087-67be-4e54-bfd7-bc55e70b68a1/aggregates => generated 235 bytes in 8 msecs (HTTP/1.1 404) 5 headers in 202 bytes (1 switches on core 0)
2026-04-24 07:20:47.478 7 INFO placement.requestlog [None req-752672fc-a58a-4707-8edb-7bbfe8ffd869 3af3263976ac44d7b8f00acf3e005445 6e4e073221b448c2b08b2733adf7618b - - 8bfeaeb7371343bda926631911829db8 8bfeaeb7371343bda926631911829db8] 10.0.0.3 "DELETE /resource_providers/45a75087-67be-4e54-bfd7-bc55e70b68a1" status: 404 len: 246 microversion: 1.1 [pid: 7|app: 0|req: 146/295] 10.0.0.3 () {34 vars in 814 bytes} [Fri Apr 24 07:20:47 2026] DELETE /resource_providers/45a75087-67be-4e54-bfd7-bc55e70b68a1 => generated 246 bytes in 24 msecs (HTTP/1.1 404) 6 headers in 231 bytes (1 switches on core 0)
2026-04-24 07:20:47.631 8 INFO placement.requestlog [req-2e7c48c4-e311-4ae6-b007-d5ee20d06f7a req-670d7204-908c-44bc-84f9-462fd2f3852c 30409a46acd4489bbcda2e7ad2c0f08f 6e4e073221b448c2b08b2733adf7618b - - 8bfeaeb7371343bda926631911829db8 8bfeaeb7371343bda926631911829db8] 199.204.45.77 "GET /allocations/c2f98195-25d0-44d8-80cb-aeebce40d8c9" status: 200 len: 257 microversion: 1.28 [pid: 8|app: 0|req: 150/296] 199.204.45.77 () {34 vars in 862 bytes} [Fri Apr 24 07:20:47 2026] GET /allocations/c2f98195-25d0-44d8-80cb-aeebce40d8c9 => generated 257 bytes in 154 msecs (HTTP/1.1 200) 8 headers in 296 bytes (1 switches on core 0)
2026-04-24 07:20:48.697 7 INFO placement.requestlog [req-2e7c48c4-e311-4ae6-b007-d5ee20d06f7a req-f7cd7b67-48f1-4a62-a0e2-70471a441712 30409a46acd4489bbcda2e7ad2c0f08f 6e4e073221b448c2b08b2733adf7618b - - 8bfeaeb7371343bda926631911829db8 8bfeaeb7371343bda926631911829db8] 199.204.45.77 "GET /resource_providers?in_tree=08ed0c4f-396b-4cba-a48f-55a9accfafef" status: 200 len: 797 microversion: 1.14 [pid: 7|app: 0|req: 147/297] 199.204.45.77 () {34 vars in 891 bytes} [Fri Apr 24 07:20:48 2026] GET /resource_providers?in_tree=08ed0c4f-396b-4cba-a48f-55a9accfafef => generated 797 bytes in 24 msecs (HTTP/1.1 200) 6 headers in 225 bytes (1 switches on core 0)
2026-04-24 07:20:48.734 8 INFO placement.requestlog [req-2e7c48c4-e311-4ae6-b007-d5ee20d06f7a req-982886ea-da09-4797-9931-724c4b858188 30409a46acd4489bbcda2e7ad2c0f08f 6e4e073221b448c2b08b2733adf7618b - - 8bfeaeb7371343bda926631911829db8 8bfeaeb7371343bda926631911829db8] 199.204.45.77 "GET /resource_providers/08ed0c4f-396b-4cba-a48f-55a9accfafef/inventories" status: 200 len: 400 microversion: 1.0 [pid: 8|app: 0|req: 151/298] 199.204.45.77 () {32 vars in 856 bytes} [Fri Apr 24 07:20:48 2026] GET /resource_providers/08ed0c4f-396b-4cba-a48f-55a9accfafef/inventories => generated 400 bytes in 32 msecs (HTTP/1.1 200) 6 headers in 224 bytes (1 switches on core 0)
2026-04-24 07:20:48.753 7 INFO placement.requestlog [req-2e7c48c4-e311-4ae6-b007-d5ee20d06f7a req-cd44ab57-91ca-413c-9294-d6208076d7df 30409a46acd4489bbcda2e7ad2c0f08f 6e4e073221b448c2b08b2733adf7618b - - 8bfeaeb7371343bda926631911829db8 8bfeaeb7371343bda926631911829db8] 199.204.45.77 "GET /resource_providers/08ed0c4f-396b-4cba-a48f-55a9accfafef/aggregates" status: 200 len: 53 microversion: 1.19 [pid: 7|app: 0|req: 148/299] 199.204.45.77 () {34 vars in 898 bytes} [Fri Apr 24 07:20:48 2026] GET /resource_providers/08ed0c4f-396b-4cba-a48f-55a9accfafef/aggregates => generated 53 bytes in 12 msecs (HTTP/1.1 200) 8 headers in 295 bytes (1 switches on core 0)
2026-04-24 07:20:48.784 8 INFO placement.requestlog [req-2e7c48c4-e311-4ae6-b007-d5ee20d06f7a req-6cdc73fe-5460-40cb-a8d1-6565b5d619df 30409a46acd4489bbcda2e7ad2c0f08f 6e4e073221b448c2b08b2733adf7618b - - 8bfeaeb7371343bda926631911829db8 8bfeaeb7371343bda926631911829db8] 199.204.45.77 "GET /resource_providers/08ed0c4f-396b-4cba-a48f-55a9accfafef/traits" status: 200 len: 2316 microversion: 1.6 [pid: 8|app: 0|req: 152/300] 199.204.45.77 () {34 vars in 889 bytes} [Fri Apr 24 07:20:48 2026] GET /resource_providers/08ed0c4f-396b-4cba-a48f-55a9accfafef/traits => generated 2316 bytes in 26 msecs (HTTP/1.1 200) 6 headers in 225 bytes (1 switches on core 0)
2026-04-24 07:20:48.811 7 INFO placement.requestlog [req-2e7c48c4-e311-4ae6-b007-d5ee20d06f7a req-78964dff-fcbd-45fb-8e71-86c7ed1f5288 30409a46acd4489bbcda2e7ad2c0f08f 6e4e073221b448c2b08b2733adf7618b - - 8bfeaeb7371343bda926631911829db8 8bfeaeb7371343bda926631911829db8] 199.204.45.77 "GET /resource_providers/08ed0c4f-396b-4cba-a48f-55a9accfafef/allocations" status: 200 len: 152 microversion: 1.0 [pid: 7|app: 0|req: 149/301] 199.204.45.77 () {32 vars in 856 bytes} [Fri Apr 24 07:20:48 2026] GET /resource_providers/08ed0c4f-396b-4cba-a48f-55a9accfafef/allocations => generated 152 bytes in 19 msecs (HTTP/1.1 200) 6 headers in 224 bytes (1 switches on core 0)
2026-04-24 07:20:48.837 8 INFO placement.requestlog [req-2e7c48c4-e311-4ae6-b007-d5ee20d06f7a req-3cabcd8e-a2be-46ab-8dad-ab8437ab907c 30409a46acd4489bbcda2e7ad2c0f08f 6e4e073221b448c2b08b2733adf7618b - - 8bfeaeb7371343bda926631911829db8 8bfeaeb7371343bda926631911829db8] 199.204.45.77 "GET /allocations/c2f98195-25d0-44d8-80cb-aeebce40d8c9" status: 200 len: 257 microversion: 1.28 [pid: 8|app: 0|req: 153/302] 199.204.45.77 () {34 vars in 862 bytes} [Fri Apr 24 07:20:48 2026] GET /allocations/c2f98195-25d0-44d8-80cb-aeebce40d8c9 => generated 257 bytes in 16 msecs (HTTP/1.1 200) 8 headers in 296 bytes (1 switches on core 0)
2026-04-24 07:20:51.163 8 INFO placement.requestlog [None req-507a4c94-402f-49a5-a1b9-205cb1a7027a - - - - - -] 10.0.0.254 "GET /" status: 200 len: 136 microversion: 1.0
2026-04-24 07:20:51.163 7 INFO placement.requestlog [None req-4ec89cc6-5fc1-4cf3-8509-2feefc70c606 - - - - - -] 10.0.0.254 "GET /" status: 200 len: 136 microversion: 1.0
2026-04-24 07:20:55.556 8 INFO placement.requestlog [req-8bf4e7b1-bd28-4e72-bc9c-689507219fa5 req-221c3970-e929-43d4-a0d4-7ba350544511 30409a46acd4489bbcda2e7ad2c0f08f 6e4e073221b448c2b08b2733adf7618b - - 8bfeaeb7371343bda926631911829db8 8bfeaeb7371343bda926631911829db8] 10.0.0.149 "GET /allocation_candidates?limit=1000&resources=DISK_GB%3A1%2CMEMORY_MB%3A512%2CVCPU%3A1&root_required=%21COMPUTE_STATUS_DISABLED" status: 200 len: 2783 microversion: 1.36 [pid: 8|app: 0|req: 155/305] 10.0.0.149 () {34 vars in 1012 bytes} [Fri Apr 24 07:20:55 2026] GET /allocation_candidates?limit=1000&resources=DISK_GB%3A1%2CMEMORY_MB%3A512%2CVCPU%3A1&root_required=%21COMPUTE_STATUS_DISABLED => generated 2783 bytes in 67 msecs (HTTP/1.1 200) 8 headers in 297 bytes (1 switches on core 0)
2026-04-24 07:20:55.615 7 INFO placement.requestlog [req-8bf4e7b1-bd28-4e72-bc9c-689507219fa5 req-f93440ca-d935-4601-b630-baf20fe005db 30409a46acd4489bbcda2e7ad2c0f08f 6e4e073221b448c2b08b2733adf7618b - - 8bfeaeb7371343bda926631911829db8 8bfeaeb7371343bda926631911829db8] 10.0.0.149 "GET /allocations/656d6a9b-86f8-44a9-a291-d3f00dc523aa" status: 200 len: 19 microversion: 1.28 [pid: 7|app: 0|req: 151/306] 10.0.0.149 () {34 vars in 861 bytes} [Fri Apr 24 07:20:55 2026] GET /allocations/656d6a9b-86f8-44a9-a291-d3f00dc523aa => generated 19 bytes in 8 msecs (HTTP/1.1 200) 8 headers in 295 bytes (1 switches on core 0)
2026-04-24 07:20:55.711 8 INFO placement.requestlog [req-8bf4e7b1-bd28-4e72-bc9c-689507219fa5 req-8b9e41cf-640d-4a95-846a-f0527b4b942d 30409a46acd4489bbcda2e7ad2c0f08f 6e4e073221b448c2b08b2733adf7618b - - 8bfeaeb7371343bda926631911829db8 8bfeaeb7371343bda926631911829db8] 10.0.0.149 "PUT /allocations/656d6a9b-86f8-44a9-a291-d3f00dc523aa" status: 204 len: 0 microversion: 1.36 [pid: 8|app: 0|req: 156/307] 10.0.0.149 () {38 vars in 914 bytes} [Fri Apr 24 07:20:55 2026] PUT /allocations/656d6a9b-86f8-44a9-a291-d3f00dc523aa => generated 0 bytes in 91 msecs (HTTP/1.1 204) 5 headers in 199 bytes (1 switches on core 0)
2026-04-24 07:20:57.370 7 INFO placement.requestlog [req-fbb4a3bb-68e1-454d-ace7-baa087ec8b38 req-4d84dbc4-154f-4b56-b7ed-4320ce4ebef6 30409a46acd4489bbcda2e7ad2c0f08f 6e4e073221b448c2b08b2733adf7618b - - 8bfeaeb7371343bda926631911829db8 8bfeaeb7371343bda926631911829db8] 199.204.45.77 "GET /resource_providers/08ed0c4f-396b-4cba-a48f-55a9accfafef/allocations" status: 200 len: 252 microversion: 1.0 [pid: 7|app: 0|req: 152/308] 199.204.45.77 () {32 vars in 856 bytes} [Fri Apr 24 07:20:57 2026] GET /resource_providers/08ed0c4f-396b-4cba-a48f-55a9accfafef/allocations => generated 252 bytes in 15 msecs (HTTP/1.1 200) 6 headers in 224 bytes (1 switches on core 0)
2026-04-24 07:20:57.389 8 INFO placement.requestlog [req-8bf4e7b1-bd28-4e72-bc9c-689507219fa5 req-8377a286-06e4-42ba-8a9a-62aead78994c 30409a46acd4489bbcda2e7ad2c0f08f 6e4e073221b448c2b08b2733adf7618b - - 8bfeaeb7371343bda926631911829db8 8bfeaeb7371343bda926631911829db8] 199.204.45.77 "GET /allocations/656d6a9b-86f8-44a9-a291-d3f00dc523aa" status: 200 len: 257 microversion: 1.28 [pid: 8|app: 0|req: 157/309] 199.204.45.77 () {34 vars in 862 bytes} [Fri Apr 24 07:20:57 2026] GET /allocations/656d6a9b-86f8-44a9-a291-d3f00dc523aa => generated 257 bytes in 24 msecs (HTTP/1.1 200) 8 headers in 296 bytes (1 switches on core 0)
2026-04-24 07:20:57.923 7 INFO placement.requestlog [req-fbb4a3bb-68e1-454d-ace7-baa087ec8b38 req-c668eff8-421d-4100-ba66-b6c8fa7f5303 30409a46acd4489bbcda2e7ad2c0f08f 6e4e073221b448c2b08b2733adf7618b - - 8bfeaeb7371343bda926631911829db8 8bfeaeb7371343bda926631911829db8] 199.204.45.77 "GET /resource_providers/08ed0c4f-396b-4cba-a48f-55a9accfafef/allocations" status: 200 len: 252 microversion: 1.0 [pid: 7|app: 0|req: 153/310] 199.204.45.77 () {32 vars in 856 bytes} [Fri Apr 24 07:20:57 2026] GET /resource_providers/08ed0c4f-396b-4cba-a48f-55a9accfafef/allocations => generated 252 bytes in 34 msecs (HTTP/1.1 200) 6 headers in 224 bytes (1 switches on core 0)
2026-04-24 07:20:57.947 8 INFO placement.requestlog [req-fbb4a3bb-68e1-454d-ace7-baa087ec8b38 req-c9c6f865-3d41-4c79-be4b-3aa91809a949 30409a46acd4489bbcda2e7ad2c0f08f 6e4e073221b448c2b08b2733adf7618b - - 8bfeaeb7371343bda926631911829db8 8bfeaeb7371343bda926631911829db8] 199.204.45.77 "GET /allocations/c2f98195-25d0-44d8-80cb-aeebce40d8c9" status: 200 len: 257 microversion: 1.28 [pid: 8|app: 0|req: 158/311] 199.204.45.77 () {34 vars in 862 bytes} [Fri Apr 24 07:20:57 2026] GET /allocations/c2f98195-25d0-44d8-80cb-aeebce40d8c9 => generated 257 bytes in 15 msecs (HTTP/1.1 200) 8 headers in 296 bytes (1 switches on core 0)
2026-04-24 07:20:57.971 7 INFO placement.requestlog [req-fbb4a3bb-68e1-454d-ace7-baa087ec8b38 req-e2a396c3-06c8-40ef-bf71-7becb484a1b0 30409a46acd4489bbcda2e7ad2c0f08f 6e4e073221b448c2b08b2733adf7618b - - 8bfeaeb7371343bda926631911829db8 8bfeaeb7371343bda926631911829db8] 199.204.45.77 "GET /allocations/656d6a9b-86f8-44a9-a291-d3f00dc523aa" status: 200 len: 257 microversion: 1.28 [pid: 7|app: 0|req: 154/312] 199.204.45.77 () {34 vars in 862 bytes} [Fri Apr 24 07:20:57 2026] GET /allocations/656d6a9b-86f8-44a9-a291-d3f00dc523aa => generated 257 bytes in 13 msecs (HTTP/1.1 200) 8 headers in 296 bytes (1 switches on core 0)
2026-04-24 07:21:00.116 8 INFO placement.requestlog [req-8f1b5155-ff14-458b-acdc-b76671ede74d req-609b05d7-ac6e-472e-af02-15bafbef7eee 30409a46acd4489bbcda2e7ad2c0f08f 6e4e073221b448c2b08b2733adf7618b - - 8bfeaeb7371343bda926631911829db8 8bfeaeb7371343bda926631911829db8] 10.0.0.149 "GET /allocation_candidates?limit=1000&resources=MEMORY_MB%3A512%2CVCPU%3A1&root_required=%21COMPUTE_STATUS_DISABLED" status: 200 len: 2770 microversion: 1.36 [pid: 8|app: 0|req: 159/313] 10.0.0.149 () {34 vars in 984 bytes} [Fri Apr 24 07:21:00 2026] GET /allocation_candidates?limit=1000&resources=MEMORY_MB%3A512%2CVCPU%3A1&root_required=%21COMPUTE_STATUS_DISABLED => generated 2770 bytes in 51 msecs (HTTP/1.1 200) 8 headers in 297 bytes (1 switches on core 0)
2026-04-24 07:21:00.149 7 INFO placement.requestlog [req-8f1b5155-ff14-458b-acdc-b76671ede74d req-37a005e8-0fc9-4bc1-90b0-77637649c622 30409a46acd4489bbcda2e7ad2c0f08f 6e4e073221b448c2b08b2733adf7618b - - 8bfeaeb7371343bda926631911829db8 8bfeaeb7371343bda926631911829db8] 10.0.0.149 "GET /allocations/02de80f5-2213-4ae3-88a0-5fc0e187f11b" status: 200 len: 19 microversion: 1.28 [pid: 7|app: 0|req: 155/314] 10.0.0.149 () {34 vars in 861 bytes} [Fri Apr 24 07:21:00 2026] GET /allocations/02de80f5-2213-4ae3-88a0-5fc0e187f11b => generated 19 bytes in 9 msecs (HTTP/1.1 200) 8 headers in 295 bytes (1 switches on core 0)
2026-04-24 07:21:00.161 8 INFO placement.requestlog [req-8bf4e7b1-bd28-4e72-bc9c-689507219fa5 req-c8a4280d-0be6-4bac-bac9-509320a0eaca 30409a46acd4489bbcda2e7ad2c0f08f 6e4e073221b448c2b08b2733adf7618b - - 8bfeaeb7371343bda926631911829db8 8bfeaeb7371343bda926631911829db8] 199.204.45.77 "GET /resource_providers/08ed0c4f-396b-4cba-a48f-55a9accfafef/allocations" status: 200 len: 252 microversion: 1.0 [pid: 8|app: 0|req: 160/315] 199.204.45.77 () {32 vars in 856 bytes} [Fri Apr 24 07:21:00 2026] GET /resource_providers/08ed0c4f-396b-4cba-a48f-55a9accfafef/allocations => generated 252 bytes in 17 msecs (HTTP/1.1 200) 6 headers in 224 bytes (1 switches on core 0)
2026-04-24 07:21:00.180 8 INFO placement.requestlog [req-8bf4e7b1-bd28-4e72-bc9c-689507219fa5 req-d346d24e-1cac-4907-80c7-c3442fb99397 30409a46acd4489bbcda2e7ad2c0f08f 6e4e073221b448c2b08b2733adf7618b - - 8bfeaeb7371343bda926631911829db8 8bfeaeb7371343bda926631911829db8] 199.204.45.77 "GET /allocations/c2f98195-25d0-44d8-80cb-aeebce40d8c9" status: 200 len: 257 microversion: 1.28 [pid: 8|app: 0|req: 161/316] 199.204.45.77 () {34 vars in 862 bytes} [Fri Apr 24 07:21:00 2026] GET /allocations/c2f98195-25d0-44d8-80cb-aeebce40d8c9 => generated 257 bytes in 12 msecs (HTTP/1.1 200) 8 headers in 296 bytes (1 switches on core 0)
2026-04-24 07:21:00.201 8 INFO placement.requestlog [req-8bf4e7b1-bd28-4e72-bc9c-689507219fa5 req-3e4688fe-fcc9-4891-a22e-10cb50651416 30409a46acd4489bbcda2e7ad2c0f08f 6e4e073221b448c2b08b2733adf7618b - - 8bfeaeb7371343bda926631911829db8 8bfeaeb7371343bda926631911829db8] 199.204.45.77 "GET /allocations/656d6a9b-86f8-44a9-a291-d3f00dc523aa" status: 200 len: 257 microversion: 1.28 [pid: 8|app: 0|req: 162/317] 199.204.45.77 () {34 vars in 862 bytes} [Fri Apr 24 07:21:00 2026] GET /allocations/656d6a9b-86f8-44a9-a291-d3f00dc523aa => generated 257 bytes in 13 msecs (HTTP/1.1 200) 8 headers in 296 bytes (1 switches on core 0)
2026-04-24 07:21:00.219 7 INFO placement.requestlog [req-8f1b5155-ff14-458b-acdc-b76671ede74d req-e2bb78d6-f835-4e02-9f98-7d9f5c6643ec 30409a46acd4489bbcda2e7ad2c0f08f 6e4e073221b448c2b08b2733adf7618b - - 8bfeaeb7371343bda926631911829db8 8bfeaeb7371343bda926631911829db8] 10.0.0.149 "PUT /allocations/02de80f5-2213-4ae3-88a0-5fc0e187f11b" status: 204 len: 0 microversion: 1.36 [pid: 7|app: 0|req: 156/318] 10.0.0.149 () {38 vars in 914 bytes} [Fri Apr 24 07:21:00 2026] PUT /allocations/02de80f5-2213-4ae3-88a0-5fc0e187f11b => generated 0 bytes in 65 msecs (HTTP/1.1 204) 5 headers in 199 bytes (1 switches on core 0)
2026-04-24 07:21:01.161 7 INFO placement.requestlog [None req-74f3b193-47be-451b-aa6a-5b43a57c941c - - - - - -] 10.0.0.254 "GET /" status: 200 len: 136 microversion: 1.0
2026-04-24 07:21:01.161 8 INFO placement.requestlog [None req-bc89013b-22fb-4785-af03-273b86392eb6 - - - - - -] 10.0.0.254 "GET /" status: 200 len: 136 microversion: 1.0
2026-04-24 07:21:01.739 7 INFO placement.requestlog [req-8f1b5155-ff14-458b-acdc-b76671ede74d req-603cd625-df77-4b5a-af4b-ca0223247a44 30409a46acd4489bbcda2e7ad2c0f08f 6e4e073221b448c2b08b2733adf7618b - - 8bfeaeb7371343bda926631911829db8 8bfeaeb7371343bda926631911829db8] 199.204.45.77 "GET /allocations/02de80f5-2213-4ae3-88a0-5fc0e187f11b" status: 200 len: 243 microversion: 1.28 [pid: 7|app: 0|req: 158/321] 199.204.45.77 () {34 vars in 862 bytes} [Fri Apr 24 07:21:01 2026] GET /allocations/02de80f5-2213-4ae3-88a0-5fc0e187f11b => generated 243 bytes in 12 msecs (HTTP/1.1 200) 8 headers in 296 bytes (1 switches on core 0)
2026-04-24 07:21:02.792 8 INFO placement.requestlog [req-8f1b5155-ff14-458b-acdc-b76671ede74d req-3d3dc740-6ca8-4fa3-9cb6-c438e2c39a66 30409a46acd4489bbcda2e7ad2c0f08f 6e4e073221b448c2b08b2733adf7618b - - 8bfeaeb7371343bda926631911829db8 8bfeaeb7371343bda926631911829db8] 199.204.45.77 "GET /resource_providers/08ed0c4f-396b-4cba-a48f-55a9accfafef/allocations" status: 200 len: 338 microversion: 1.0 [pid: 8|app: 0|req: 164/322] 199.204.45.77 () {32 vars in 856 bytes} [Fri Apr 24 07:21:02 2026] GET /resource_providers/08ed0c4f-396b-4cba-a48f-55a9accfafef/allocations => generated 338 bytes in 27 msecs (HTTP/1.1 200) 6 headers in 224 bytes (1 switches on core 0)
2026-04-24 07:21:02.812 7 INFO placement.requestlog [req-8f1b5155-ff14-458b-acdc-b76671ede74d req-46a1b0c6-e1ac-4b10-a81b-c0d799cd590c 30409a46acd4489bbcda2e7ad2c0f08f 6e4e073221b448c2b08b2733adf7618b - - 8bfeaeb7371343bda926631911829db8 8bfeaeb7371343bda926631911829db8] 199.204.45.77 "GET /allocations/c2f98195-25d0-44d8-80cb-aeebce40d8c9" status: 200 len: 257 microversion: 1.28 [pid: 7|app: 0|req: 159/323] 199.204.45.77 () {34 vars in 862 bytes} [Fri Apr 24 07:21:02 2026] GET /allocations/c2f98195-25d0-44d8-80cb-aeebce40d8c9 => generated 257 bytes in 15 msecs (HTTP/1.1 200) 8 headers in 296 bytes (1 switches on core 0)
2026-04-24 07:21:02.840 8 INFO placement.requestlog [req-8f1b5155-ff14-458b-acdc-b76671ede74d req-e0e10fca-9a1d-4345-a930-1cf1cfcd1264 30409a46acd4489bbcda2e7ad2c0f08f 6e4e073221b448c2b08b2733adf7618b - - 8bfeaeb7371343bda926631911829db8 8bfeaeb7371343bda926631911829db8] 199.204.45.77 "GET /allocations/656d6a9b-86f8-44a9-a291-d3f00dc523aa" status: 200 len: 257 microversion: 1.28 [pid: 8|app: 0|req: 165/324] 199.204.45.77 () {34 vars in 862 bytes} [Fri Apr 24 07:21:02 2026] GET /allocations/656d6a9b-86f8-44a9-a291-d3f00dc523aa => generated 257 bytes in 18 msecs (HTTP/1.1 200) 8 headers in 296 bytes (1 switches on core 0)
2026-04-24 07:21:02.872 7 INFO placement.requestlog [req-8f1b5155-ff14-458b-acdc-b76671ede74d req-7f829ef2-eb1c-4097-a70e-3300099245dc 30409a46acd4489bbcda2e7ad2c0f08f 6e4e073221b448c2b08b2733adf7618b - - 8bfeaeb7371343bda926631911829db8 8bfeaeb7371343bda926631911829db8] 199.204.45.77 "GET /allocations/02de80f5-2213-4ae3-88a0-5fc0e187f11b" status: 200 len: 243 microversion: 1.28 [pid: 7|app: 0|req: 160/325] 199.204.45.77 () {34 vars in 862 bytes} [Fri Apr 24 07:21:02 2026] GET /allocations/02de80f5-2213-4ae3-88a0-5fc0e187f11b => generated 243 bytes in 24 msecs (HTTP/1.1 200) 8 headers in 296 bytes (1 switches on core 0)
2026-04-24 07:21:11.162 7 INFO placement.requestlog [None req-8c27168e-d641-4d53-8815-7a529d48eaa7 - - - - - -] 10.0.0.254 "GET /" status: 200 len: 136 microversion: 1.0
2026-04-24 07:21:11.162 8 INFO placement.requestlog [None req-f7de998b-5d99-4848-bf8c-2fe12709556c - - - - - -] 10.0.0.254 "GET /" status: 200 len: 136 microversion: 1.0
2026-04-24 07:21:16.853 8 INFO placement.requestlog [None req-1771003a-255c-44ea-a1d7-37a8cb4896f7 3af3263976ac44d7b8f00acf3e005445 6e4e073221b448c2b08b2733adf7618b - - 8bfeaeb7371343bda926631911829db8 8bfeaeb7371343bda926631911829db8] 10.0.0.3 "GET /resource_providers/f0fd85d9-8868-4204-91c0-3895d78ffc29/aggregates" status: 404 len: 235 microversion: 1.1 [pid: 8|app: 0|req: 167/328] 10.0.0.3 () {32 vars in 814 bytes} [Fri Apr 24 07:21:16 2026] GET /resource_providers/f0fd85d9-8868-4204-91c0-3895d78ffc29/aggregates => generated 235 bytes in 14 msecs (HTTP/1.1 404) 5 headers in 202 bytes (1 switches on core 0)
2026-04-24 07:21:16.891 7 INFO placement.requestlog [None req-289e48d7-1aaf-4840-891d-fc029e0d88c6 3af3263976ac44d7b8f00acf3e005445 6e4e073221b448c2b08b2733adf7618b - - 8bfeaeb7371343bda926631911829db8 8bfeaeb7371343bda926631911829db8] 10.0.0.3 "DELETE /resource_providers/f0fd85d9-8868-4204-91c0-3895d78ffc29" status: 404 len: 246 microversion: 1.1 [pid: 7|app: 0|req: 162/329] 10.0.0.3 () {34 vars in 814 bytes} [Fri Apr 24 07:21:16 2026] DELETE /resource_providers/f0fd85d9-8868-4204-91c0-3895d78ffc29 => generated 246 bytes in 28 msecs (HTTP/1.1 404) 6 headers in 231 bytes (1 switches on core 0)
2026-04-24 07:21:16.932 8 INFO placement.requestlog [None req-344aed10-7de6-4ce7-8d7d-18afe357be46 3af3263976ac44d7b8f00acf3e005445 6e4e073221b448c2b08b2733adf7618b - - 8bfeaeb7371343bda926631911829db8 8bfeaeb7371343bda926631911829db8] 10.0.0.3 "GET /resource_providers/f0fd85d9-8868-4204-91c0-3895d78ffc29/aggregates" status: 404 len: 235 microversion: 1.1 [pid: 8|app: 0|req: 168/330] 10.0.0.3 () {32 vars in 814 bytes} [Fri Apr 24 07:21:16 2026] GET /resource_providers/f0fd85d9-8868-4204-91c0-3895d78ffc29/aggregates => generated 235 bytes in 14 msecs (HTTP/1.1 404) 5 headers in 202 bytes (1 switches on core 0)
2026-04-24 07:21:16.954 7 INFO placement.requestlog [None req-5a15765f-f0b4-4cda-afa4-0bda69fa8d95 3af3263976ac44d7b8f00acf3e005445 6e4e073221b448c2b08b2733adf7618b - - 8bfeaeb7371343bda926631911829db8 8bfeaeb7371343bda926631911829db8] 10.0.0.3 "DELETE /resource_providers/f0fd85d9-8868-4204-91c0-3895d78ffc29" status: 404 len: 246 microversion: 1.1 [pid: 7|app: 0|req: 163/331] 10.0.0.3 () {34 vars in 814 bytes} [Fri Apr 24 07:21:16 2026] DELETE /resource_providers/f0fd85d9-8868-4204-91c0-3895d78ffc29 => generated 246 bytes in 14 msecs (HTTP/1.1 404) 6 headers in 231 bytes (1 switches on core 0)
2026-04-24 07:21:18.202 8 INFO placement.requestlog [req-9bd5c10c-5fb8-4d5f-92d9-b28fedbb1117 req-1aeb8aa0-2011-4922-9460-0c3ea4b9aa90 30409a46acd4489bbcda2e7ad2c0f08f 6e4e073221b448c2b08b2733adf7618b - - 8bfeaeb7371343bda926631911829db8 8bfeaeb7371343bda926631911829db8] 199.204.45.77 "GET /resource_providers/08ed0c4f-396b-4cba-a48f-55a9accfafef/allocations" status: 200 len: 338 microversion: 1.0 [pid: 8|app: 0|req: 169/332] 199.204.45.77 () {32 vars in 856 bytes} [Fri Apr 24 07:21:18 2026] GET /resource_providers/08ed0c4f-396b-4cba-a48f-55a9accfafef/allocations => generated 338 bytes in 23 msecs (HTTP/1.1 200) 6 headers in 224 bytes (1 switches on core 0)
2026-04-24 07:21:18.227 7 INFO placement.requestlog [req-9bd5c10c-5fb8-4d5f-92d9-b28fedbb1117 req-abc2061d-d624-414f-a79a-30303823e156 30409a46acd4489bbcda2e7ad2c0f08f 6e4e073221b448c2b08b2733adf7618b - - 8bfeaeb7371343bda926631911829db8 8bfeaeb7371343bda926631911829db8] 199.204.45.77 "GET /allocations/c2f98195-25d0-44d8-80cb-aeebce40d8c9" status: 200 len: 257 microversion: 1.28 [pid: 7|app: 0|req: 164/333] 199.204.45.77 () {34 vars in 862 bytes} [Fri Apr 24 07:21:18 2026] GET /allocations/c2f98195-25d0-44d8-80cb-aeebce40d8c9 => generated 257 bytes in 17 msecs (HTTP/1.1 200) 8 headers in 296 bytes (1 switches on core 0)
2026-04-24 07:21:18.253 8 INFO placement.requestlog [req-9bd5c10c-5fb8-4d5f-92d9-b28fedbb1117 req-a8563cbf-67a1-4ef5-a876-c97be82f4ea8 30409a46acd4489bbcda2e7ad2c0f08f 6e4e073221b448c2b08b2733adf7618b - - 8bfeaeb7371343bda926631911829db8 8bfeaeb7371343bda926631911829db8] 199.204.45.77 "GET /allocations/656d6a9b-86f8-44a9-a291-d3f00dc523aa" status: 200 len: 257 microversion: 1.28 [pid: 8|app: 0|req: 170/334] 199.204.45.77 () {34 vars in 862 bytes} [Fri Apr 24 07:21:18 2026] GET /allocations/656d6a9b-86f8-44a9-a291-d3f00dc523aa => generated 257 bytes in 18 msecs (HTTP/1.1 200) 8 headers in 296 bytes (1 switches on core 0)
2026-04-24 07:21:18.270 7 INFO placement.requestlog [req-9bd5c10c-5fb8-4d5f-92d9-b28fedbb1117 req-b951dbae-fcc3-4b13-b12f-9814df1bf0c8 30409a46acd4489bbcda2e7ad2c0f08f 6e4e073221b448c2b08b2733adf7618b - - 8bfeaeb7371343bda926631911829db8 8bfeaeb7371343bda926631911829db8] 199.204.45.77 "GET /allocations/02de80f5-2213-4ae3-88a0-5fc0e187f11b" status: 200 len: 243 microversion: 1.28 [pid: 7|app: 0|req: 165/335] 199.204.45.77 () {34 vars in 862 bytes} [Fri Apr 24 07:21:18 2026] GET /allocations/02de80f5-2213-4ae3-88a0-5fc0e187f11b => generated 243 bytes in 11 msecs (HTTP/1.1 200) 8 headers in 296 bytes (1 switches on core 0)
2026-04-24 07:21:18.485 7 INFO placement.requestlog [None req-bd677757-b6d2-49f0-8baa-f9c04c7a92bf 3af3263976ac44d7b8f00acf3e005445 6e4e073221b448c2b08b2733adf7618b - - 8bfeaeb7371343bda926631911829db8 8bfeaeb7371343bda926631911829db8] 10.0.0.3 "GET /resource_providers/5208263b-dc1d-4492-b680-00d5bfa35011/aggregates" status: 404 len: 235 microversion: 1.1 [pid: 7|app: 0|req: 166/336] 10.0.0.3 () {32 vars in 814 bytes} [Fri Apr 24 07:21:18 2026] GET /resource_providers/5208263b-dc1d-4492-b680-00d5bfa35011/aggregates => generated 235 bytes in 12 msecs (HTTP/1.1 404) 5 headers in 202 bytes (1 switches on core 0)
2026-04-24 07:21:18.488 8 INFO placement.requestlog [None req-29b6376f-62c1-4992-8323-78c10fbe3b5c 3af3263976ac44d7b8f00acf3e005445 6e4e073221b448c2b08b2733adf7618b - - 8bfeaeb7371343bda926631911829db8 8bfeaeb7371343bda926631911829db8] 10.0.0.3 "GET /resource_providers/5208263b-dc1d-4492-b680-00d5bfa35011/aggregates" status: 404 len: 235 microversion: 1.1 [pid: 8|app: 0|req: 171/337] 10.0.0.3 () {32 vars in 814 bytes} [Fri Apr 24 07:21:18 2026] GET /resource_providers/5208263b-dc1d-4492-b680-00d5bfa35011/aggregates => generated 235 bytes in 15 msecs (HTTP/1.1 404) 5 headers in 202 bytes (1 switches on core 0)
