Apr 22 21:59:29.036138 np0000169586 neutron-periodic-workers[106087]: DEBUG cotyledon.oslo_config_glue [-] ml2.path_mtu = 0 {{(pid=106087) log_opt_values /opt/stack/data/venv/lib/python3.12/site-packages/oslo_config/cfg.py:3006}}
Apr 22 21:59:29.036213 np0000169586 neutron-periodic-workers[106087]: DEBUG cotyledon.oslo_config_glue [-] ml2.physical_network_mtus = {} {{(pid=106087) log_opt_values /opt/stack/data/venv/lib/python3.12/site-packages/oslo_config/cfg.py:3006}}
Apr 22 21:59:29.036262 np0000169586 neutron-periodic-workers[106087]: DEBUG cotyledon.oslo_config_glue [-] ml2.project_network_types = ['geneve'] {{(pid=106087) log_opt_values /opt/stack/data/venv/lib/python3.12/site-packages/oslo_config/cfg.py:3006}}
Apr 22 21:59:29.036311 np0000169586 neutron-periodic-workers[106087]: DEBUG cotyledon.oslo_config_glue [-] ml2.tunnelled_network_rp_name = rp_tunnelled {{(pid=106087) log_opt_values /opt/stack/data/venv/lib/python3.12/site-packages/oslo_config/cfg.py:3006}}
Apr 22 21:59:29.036365 np0000169586 neutron-periodic-workers[106087]: DEBUG cotyledon.oslo_config_glue [-] ml2.type_drivers = ['local', 'flat', 'vlan', 'geneve'] {{(pid=106087) log_opt_values /opt/stack/data/venv/lib/python3.12/site-packages/oslo_config/cfg.py:3006}}
Apr 22 21:59:29.036440 np0000169586 neutron-periodic-workers[106087]: DEBUG cotyledon.oslo_config_glue [-] ml2_type_flat.flat_networks = ['public'] {{(pid=106087) log_opt_values /opt/stack/data/venv/lib/python3.12/site-packages/oslo_config/cfg.py:3006}}
Apr 22 21:59:29.036502 np0000169586 neutron-periodic-workers[106087]: DEBUG cotyledon.oslo_config_glue [-] ml2_type_geneve.max_header_size = 38 {{(pid=106087) log_opt_values /opt/stack/data/venv/lib/python3.12/site-packages/oslo_config/cfg.py:3006}}
Apr 22 21:59:29.036562 np0000169586 neutron-periodic-workers[106087]: DEBUG cotyledon.oslo_config_glue [-] ml2_type_geneve.vni_ranges = ['1:65536'] {{(pid=106087) log_opt_values /opt/stack/data/venv/lib/python3.12/site-packages/oslo_config/cfg.py:3006}}
Apr 22 21:59:29.036673 np0000169586 neutron-periodic-workers[106087]: DEBUG cotyledon.oslo_config_glue [-] ml2_type_vlan.network_vlan_ranges = ['public'] {{(pid=106087) log_opt_values /opt/stack/data/venv/lib/python3.12/site-packages/oslo_config/cfg.py:3006}}
Apr 22 21:59:29.036744 np0000169586 neutron-periodic-workers[106087]: DEBUG cotyledon.oslo_config_glue [-] network_log.burst_limit = 25 {{(pid=106087) log_opt_values /opt/stack/data/venv/lib/python3.12/site-packages/oslo_config/cfg.py:3006}}
Apr 22 21:59:29.036795 np0000169586 neutron-periodic-workers[106087]: DEBUG cotyledon.oslo_config_glue [-] network_log.local_output_log_base = None {{(pid=106087) log_opt_values /opt/stack/data/venv/lib/python3.12/site-packages/oslo_config/cfg.py:3006}}
Apr 22 21:59:29.036845 np0000169586 neutron-periodic-workers[106087]: DEBUG cotyledon.oslo_config_glue [-] network_log.rate_limit = 100 {{(pid=106087) log_opt_values /opt/stack/data/venv/lib/python3.12/site-packages/oslo_config/cfg.py:3006}}
Apr 22 21:59:29.036906 np0000169586 neutron-periodic-workers[106087]: DEBUG cotyledon.oslo_config_glue [-] database.asyncio_connection = **** {{(pid=106087) log_opt_values /opt/stack/data/venv/lib/python3.12/site-packages/oslo_config/cfg.py:3006}}
Apr 22 21:59:29.036945 np0000169586 neutron-periodic-workers[106087]: DEBUG cotyledon.oslo_config_glue [-] database.asyncio_slave_connection = **** {{(pid=106087) log_opt_values /opt/stack/data/venv/lib/python3.12/site-packages/oslo_config/cfg.py:3006}}
Apr 22 21:59:29.037024 np0000169586 neutron-periodic-workers[106087]: DEBUG cotyledon.oslo_config_glue [-] database.backend = sqlalchemy {{(pid=106087) log_opt_values /opt/stack/data/venv/lib/python3.12/site-packages/oslo_config/cfg.py:3006}}
Apr 22 21:59:29.037157 np0000169586 neutron-periodic-workers[106087]: DEBUG cotyledon.oslo_config_glue [-] database.connection = **** {{(pid=106087) log_opt_values /opt/stack/data/venv/lib/python3.12/site-packages/oslo_config/cfg.py:3006}}
Apr 22 21:59:29.037196 np0000169586 neutron-periodic-workers[106087]: DEBUG cotyledon.oslo_config_glue [-] database.connection_debug = 0 {{(pid=106087) log_opt_values /opt/stack/data/venv/lib/python3.12/site-packages/oslo_config/cfg.py:3006}}
Apr 22 21:59:29.037264 np0000169586 neutron-periodic-workers[106087]: DEBUG cotyledon.oslo_config_glue [-] database.connection_parameters = {{(pid=106087) log_opt_values /opt/stack/data/venv/lib/python3.12/site-packages/oslo_config/cfg.py:3006}}
Apr 22 21:59:29.037319 np0000169586 neutron-periodic-workers[106087]: DEBUG cotyledon.oslo_config_glue [-] database.connection_recycle_time = 3600 {{(pid=106087) log_opt_values /opt/stack/data/venv/lib/python3.12/site-packages/oslo_config/cfg.py:3006}}
Apr 22 21:59:29.037358 np0000169586 neutron-periodic-workers[106087]: DEBUG cotyledon.oslo_config_glue [-] database.connection_trace = False {{(pid=106087) log_opt_values /opt/stack/data/venv/lib/python3.12/site-packages/oslo_config/cfg.py:3006}}
Apr 22 21:59:29.037391 np0000169586 neutron-periodic-workers[106087]: DEBUG cotyledon.oslo_config_glue [-] database.db_inc_retry_interval = True {{(pid=106087) log_opt_values /opt/stack/data/venv/lib/python3.12/site-packages/oslo_config/cfg.py:3006}}
Apr 22 21:59:29.037438 np0000169586 neutron-periodic-workers[106087]: DEBUG cotyledon.oslo_config_glue [-] database.db_max_retries = 20 {{(pid=106087) log_opt_values /opt/stack/data/venv/lib/python3.12/site-packages/oslo_config/cfg.py:3006}}
Apr 22 21:59:29.037477 np0000169586 neutron-periodic-workers[106087]: DEBUG cotyledon.oslo_config_glue [-] database.db_max_retry_interval = 10 {{(pid=106087) log_opt_values /opt/stack/data/venv/lib/python3.12/site-packages/oslo_config/cfg.py:3006}}
Apr 22 21:59:29.037515 np0000169586 neutron-periodic-workers[106087]: DEBUG cotyledon.oslo_config_glue [-] database.db_retry_interval = 1 {{(pid=106087) log_opt_values /opt/stack/data/venv/lib/python3.12/site-packages/oslo_config/cfg.py:3006}}
Apr 22 21:59:29.037553 np0000169586 neutron-periodic-workers[106087]: DEBUG cotyledon.oslo_config_glue [-] database.max_overflow = 50 {{(pid=106087) log_opt_values /opt/stack/data/venv/lib/python3.12/site-packages/oslo_config/cfg.py:3006}}
Apr 22 21:59:29.037588 np0000169586 neutron-periodic-workers[106087]: DEBUG cotyledon.oslo_config_glue [-] database.max_pool_size = 5 {{(pid=106087) log_opt_values /opt/stack/data/venv/lib/python3.12/site-packages/oslo_config/cfg.py:3006}}
Apr 22 21:59:29.037632 np0000169586 neutron-periodic-workers[106087]: DEBUG cotyledon.oslo_config_glue [-] database.max_retries = 10 {{(pid=106087) log_opt_values /opt/stack/data/venv/lib/python3.12/site-packages/oslo_config/cfg.py:3006}}
Apr 22 21:59:29.037678 np0000169586 neutron-periodic-workers[106087]: DEBUG cotyledon.oslo_config_glue [-] database.mysql_sql_mode = TRADITIONAL {{(pid=106087) log_opt_values /opt/stack/data/venv/lib/python3.12/site-packages/oslo_config/cfg.py:3006}}
Apr 22 21:59:29.037753 np0000169586 neutron-periodic-workers[106087]: DEBUG cotyledon.oslo_config_glue [-] database.mysql_wsrep_sync_wait = None {{(pid=106087) log_opt_values /opt/stack/data/venv/lib/python3.12/site-packages/oslo_config/cfg.py:3006}}
Apr 22 21:59:29.037790 np0000169586 neutron-periodic-workers[106087]: DEBUG cotyledon.oslo_config_glue [-] database.pool_timeout = None {{(pid=106087) log_opt_values /opt/stack/data/venv/lib/python3.12/site-packages/oslo_config/cfg.py:3006}}
Apr 22 21:59:29.037817 np0000169586 neutron-periodic-workers[106087]: DEBUG cotyledon.oslo_config_glue [-] database.retry_interval = 10 {{(pid=106087) log_opt_values /opt/stack/data/venv/lib/python3.12/site-packages/oslo_config/cfg.py:3006}}
Apr 22 21:59:29.037860 np0000169586 neutron-periodic-workers[106087]: DEBUG cotyledon.oslo_config_glue [-] database.slave_connection = **** {{(pid=106087) log_opt_values /opt/stack/data/venv/lib/python3.12/site-packages/oslo_config/cfg.py:3006}}
Apr 22 21:59:29.037905 np0000169586 neutron-periodic-workers[106087]: DEBUG cotyledon.oslo_config_glue [-] database.sqlite_synchronous = True {{(pid=106087) log_opt_values /opt/stack/data/venv/lib/python3.12/site-packages/oslo_config/cfg.py:3006}}
Apr 22 21:59:29.037950 np0000169586 neutron-periodic-workers[106087]: DEBUG cotyledon.oslo_config_glue [-] database.synchronous_reader = True {{(pid=106087) log_opt_values /opt/stack/data/venv/lib/python3.12/site-packages/oslo_config/cfg.py:3006}}
Apr 22 21:59:29.037991 np0000169586 neutron-periodic-workers[106087]: DEBUG cotyledon.oslo_config_glue [-] database.use_db_reconnect = False {{(pid=106087) log_opt_values /opt/stack/data/venv/lib/python3.12/site-packages/oslo_config/cfg.py:3006}}
Apr 22 21:59:29.038067 np0000169586 neutron-periodic-workers[106087]: DEBUG cotyledon.oslo_config_glue [-] ovn.bfd_min_rx = 1000 {{(pid=106087) log_opt_values /opt/stack/data/venv/lib/python3.12/site-packages/oslo_config/cfg.py:3006}}
Apr 22 21:59:29.038143 np0000169586 neutron-periodic-workers[106087]: DEBUG cotyledon.oslo_config_glue [-] ovn.bfd_min_tx = 100 {{(pid=106087) log_opt_values /opt/stack/data/venv/lib/python3.12/site-packages/oslo_config/cfg.py:3006}}
Apr 22 21:59:29.038199 np0000169586 neutron-periodic-workers[106087]: DEBUG cotyledon.oslo_config_glue [-] ovn.bfd_mult = 3 {{(pid=106087) log_opt_values /opt/stack/data/venv/lib/python3.12/site-packages/oslo_config/cfg.py:3006}}
Apr 22 21:59:29.038240 np0000169586 neutron-periodic-workers[106087]: DEBUG cotyledon.oslo_config_glue [-] ovn.broadcast_arps_to_all_routers = True {{(pid=106087) log_opt_values /opt/stack/data/venv/lib/python3.12/site-packages/oslo_config/cfg.py:3006}}
Apr 22 21:59:29.038279 np0000169586 neutron-periodic-workers[106087]: DEBUG cotyledon.oslo_config_glue [-] ovn.dhcp_default_lease_time = 43200 {{(pid=106087) log_opt_values /opt/stack/data/venv/lib/python3.12/site-packages/oslo_config/cfg.py:3006}}
Apr 22 21:59:29.038317 np0000169586 neutron-periodic-workers[106087]: DEBUG cotyledon.oslo_config_glue [-] ovn.disable_ovn_dhcp_for_baremetal_ports = False {{(pid=106087) log_opt_values /opt/stack/data/venv/lib/python3.12/site-packages/oslo_config/cfg.py:3006}}
Apr 22 21:59:29.038355 np0000169586 neutron-periodic-workers[106087]: DEBUG cotyledon.oslo_config_glue [-] ovn.dns_records_ovn_owned = False {{(pid=106087) log_opt_values /opt/stack/data/venv/lib/python3.12/site-packages/oslo_config/cfg.py:3006}}
Apr 22 21:59:29.038393 np0000169586 neutron-periodic-workers[106087]: DEBUG cotyledon.oslo_config_glue [-] ovn.dns_servers = [] {{(pid=106087) log_opt_values /opt/stack/data/venv/lib/python3.12/site-packages/oslo_config/cfg.py:3006}}
Apr 22 21:59:29.038431 np0000169586 neutron-periodic-workers[106087]: DEBUG cotyledon.oslo_config_glue [-] ovn.enable_distributed_floating_ip = False {{(pid=106087) log_opt_values /opt/stack/data/venv/lib/python3.12/site-packages/oslo_config/cfg.py:3006}}
Apr 22 21:59:29.038469 np0000169586 neutron-periodic-workers[106087]: DEBUG cotyledon.oslo_config_glue [-] ovn.fdb_age_threshold = 300 {{(pid=106087) log_opt_values /opt/stack/data/venv/lib/python3.12/site-packages/oslo_config/cfg.py:3006}}
Apr 22 21:59:29.038507 np0000169586 neutron-periodic-workers[106087]: DEBUG cotyledon.oslo_config_glue [-] ovn.ha_failover_strategy = normal {{(pid=106087) log_opt_values /opt/stack/data/venv/lib/python3.12/site-packages/oslo_config/cfg.py:3006}}
Apr 22 21:59:29.038541 np0000169586 neutron-periodic-workers[106087]: DEBUG cotyledon.oslo_config_glue [-] ovn.live_migration_activation_strategy = rarp {{(pid=106087) log_opt_values /opt/stack/data/venv/lib/python3.12/site-packages/oslo_config/cfg.py:3006}}
Apr 22 21:59:29.038580 np0000169586 neutron-periodic-workers[106087]: DEBUG cotyledon.oslo_config_glue [-] ovn.localnet_learn_fdb = False {{(pid=106087) log_opt_values /opt/stack/data/venv/lib/python3.12/site-packages/oslo_config/cfg.py:3006}}
Apr 22 21:59:29.038619 np0000169586 neutron-periodic-workers[106087]: DEBUG cotyledon.oslo_config_glue [-] ovn.mac_binding_age_threshold = 300 {{(pid=106087) log_opt_values /opt/stack/data/venv/lib/python3.12/site-packages/oslo_config/cfg.py:3006}}
Apr 22 21:59:29.038666 np0000169586 neutron-periodic-workers[106087]: DEBUG cotyledon.oslo_config_glue [-] ovn.neutron_sync_mode = log {{(pid=106087) log_opt_values /opt/stack/data/venv/lib/python3.12/site-packages/oslo_config/cfg.py:3006}}
Apr 22 21:59:29.038706 np0000169586 neutron-periodic-workers[106087]: DEBUG cotyledon.oslo_config_glue [-] ovn.ovn_dhcp4_global_options = {} {{(pid=106087) log_opt_values /opt/stack/data/venv/lib/python3.12/site-packages/oslo_config/cfg.py:3006}}
Apr 22 21:59:29.038766 np0000169586 neutron-periodic-workers[106087]: DEBUG cotyledon.oslo_config_glue [-] ovn.ovn_dhcp6_global_options = {} {{(pid=106087) log_opt_values /opt/stack/data/venv/lib/python3.12/site-packages/oslo_config/cfg.py:3006}}
Apr 22 21:59:29.038798 np0000169586 neutron-periodic-workers[106087]: DEBUG cotyledon.oslo_config_glue [-] ovn.ovn_l3_scheduler = leastloaded {{(pid=106087) log_opt_values /opt/stack/data/venv/lib/python3.12/site-packages/oslo_config/cfg.py:3006}}
Apr 22 21:59:29.038827 np0000169586 neutron-periodic-workers[106087]: DEBUG cotyledon.oslo_config_glue [-] ovn.ovn_metadata_enabled = True {{(pid=106087) log_opt_values /opt/stack/data/venv/lib/python3.12/site-packages/oslo_config/cfg.py:3006}}
Apr 22 21:59:29.038869 np0000169586 neutron-periodic-workers[106087]: DEBUG cotyledon.oslo_config_glue [-] ovn.ovn_nb_ca_cert = /opt/stack/data/CA/int-ca/ca-chain.pem {{(pid=106087) log_opt_values /opt/stack/data/venv/lib/python3.12/site-packages/oslo_config/cfg.py:3006}}
Apr 22 21:59:29.038917 np0000169586 neutron-periodic-workers[106087]: DEBUG cotyledon.oslo_config_glue [-] ovn.ovn_nb_certificate = /opt/stack/data/CA/int-ca/devstack-cert.crt {{(pid=106087) log_opt_values /opt/stack/data/venv/lib/python3.12/site-packages/oslo_config/cfg.py:3006}}
Apr 22 21:59:29.038957 np0000169586 neutron-periodic-workers[106087]: DEBUG cotyledon.oslo_config_glue [-] ovn.ovn_nb_connection = ['ssl:199.204.45.3:6641'] {{(pid=106087) log_opt_values /opt/stack/data/venv/lib/python3.12/site-packages/oslo_config/cfg.py:3006}}
Apr 22 21:59:29.038995 np0000169586 neutron-periodic-workers[106087]: DEBUG cotyledon.oslo_config_glue [-] ovn.ovn_nb_private_key = /opt/stack/data/CA/int-ca/private/devstack-cert.key {{(pid=106087) log_opt_values /opt/stack/data/venv/lib/python3.12/site-packages/oslo_config/cfg.py:3006}}
Apr 22 21:59:29.039034 np0000169586 neutron-periodic-workers[106087]: DEBUG cotyledon.oslo_config_glue [-] ovn.ovn_router_indirect_snat = False {{(pid=106087) log_opt_values /opt/stack/data/venv/lib/python3.12/site-packages/oslo_config/cfg.py:3006}}
Apr 22 21:59:29.039071 np0000169586 neutron-periodic-workers[106087]: DEBUG cotyledon.oslo_config_glue [-] ovn.ovn_sb_ca_cert = /opt/stack/data/CA/int-ca/ca-chain.pem {{(pid=106087) log_opt_values /opt/stack/data/venv/lib/python3.12/site-packages/oslo_config/cfg.py:3006}}
Apr 22 21:59:29.039129 np0000169586 neutron-periodic-workers[106087]: DEBUG cotyledon.oslo_config_glue [-] ovn.ovn_sb_certificate = /opt/stack/data/CA/int-ca/devstack-cert.crt {{(pid=106087) log_opt_values /opt/stack/data/venv/lib/python3.12/site-packages/oslo_config/cfg.py:3006}}
Apr 22 21:59:29.039170 np0000169586 neutron-periodic-workers[106087]: DEBUG cotyledon.oslo_config_glue [-] ovn.ovn_sb_connection = ['ssl:199.204.45.3:6642'] {{(pid=106087) log_opt_values /opt/stack/data/venv/lib/python3.12/site-packages/oslo_config/cfg.py:3006}}
Apr 22 21:59:29.039208 np0000169586 neutron-periodic-workers[106087]: DEBUG cotyledon.oslo_config_glue [-] ovn.ovn_sb_private_key = /opt/stack/data/CA/int-ca/private/devstack-cert.key {{(pid=106087) log_opt_values /opt/stack/data/venv/lib/python3.12/site-packages/oslo_config/cfg.py:3006}}
Apr 22 21:59:29.039242 np0000169586 neutron-periodic-workers[106087]: DEBUG cotyledon.oslo_config_glue [-] ovn.ovs_create_tap = False {{(pid=106087) log_opt_values /opt/stack/data/venv/lib/python3.12/site-packages/oslo_config/cfg.py:3006}}
Apr 22 21:59:29.039283 np0000169586 neutron-periodic-workers[106087]: DEBUG cotyledon.oslo_config_glue [-] ovn.ovsdb_connection_timeout = 180 {{(pid=106087) log_opt_values /opt/stack/data/venv/lib/python3.12/site-packages/oslo_config/cfg.py:3006}}
Apr 22 21:59:29.039320 np0000169586 neutron-periodic-workers[106087]: DEBUG cotyledon.oslo_config_glue [-] ovn.ovsdb_log_level = INFO {{(pid=106087) log_opt_values /opt/stack/data/venv/lib/python3.12/site-packages/oslo_config/cfg.py:3006}}
Apr 22 21:59:29.039366 np0000169586 neutron-periodic-workers[106087]: DEBUG cotyledon.oslo_config_glue [-] ovn.ovsdb_probe_interval = 60000 {{(pid=106087) log_opt_values /opt/stack/data/venv/lib/python3.12/site-packages/oslo_config/cfg.py:3006}}
Apr 22 21:59:29.039404 np0000169586 neutron-periodic-workers[106087]: DEBUG cotyledon.oslo_config_glue [-] ovn.ovsdb_retry_max_interval = 180 {{(pid=106087) log_opt_values /opt/stack/data/venv/lib/python3.12/site-packages/oslo_config/cfg.py:3006}}
Apr 22 21:59:29.039460 np0000169586 neutron-periodic-workers[106087]: DEBUG cotyledon.oslo_config_glue [-] ovn.stateless_nat_enabled = False {{(pid=106087) log_opt_values /opt/stack/data/venv/lib/python3.12/site-packages/oslo_config/cfg.py:3006}}
Apr 22 21:59:29.039488 np0000169586 neutron-periodic-workers[106087]: DEBUG cotyledon.oslo_config_glue [-] ovn.vhost_sock_dir = /var/run/openvswitch {{(pid=106087) log_opt_values /opt/stack/data/venv/lib/python3.12/site-packages/oslo_config/cfg.py:3006}}
Apr 22 21:59:29.039817 np0000169586 neutron-periodic-workers[106087]: DEBUG cotyledon.oslo_config_glue [-] OVS.bridge_mac_table_size = 50000 {{(pid=106087) log_opt_values /opt/stack/data/venv/lib/python3.12/site-packages/oslo_config/cfg.py:3006}}
Apr 22 21:59:29.039848 np0000169586 neutron-periodic-workers[106087]: DEBUG cotyledon.oslo_config_glue [-] OVS.igmp_flood = False {{(pid=106087) log_opt_values /opt/stack/data/venv/lib/python3.12/site-packages/oslo_config/cfg.py:3006}}
Apr 22 21:59:29.039881 np0000169586 neutron-periodic-workers[106087]: DEBUG cotyledon.oslo_config_glue [-] OVS.igmp_flood_reports = True {{(pid=106087) log_opt_values /opt/stack/data/venv/lib/python3.12/site-packages/oslo_config/cfg.py:3006}}
Apr 22 21:59:29.039935 np0000169586 neutron-periodic-workers[106087]: DEBUG cotyledon.oslo_config_glue [-] OVS.igmp_flood_unregistered = False {{(pid=106087) log_opt_values /opt/stack/data/venv/lib/python3.12/site-packages/oslo_config/cfg.py:3006}}
Apr 22 21:59:29.039975 np0000169586 neutron-periodic-workers[106087]: DEBUG cotyledon.oslo_config_glue [-] OVS.igmp_snooping_enable = False {{(pid=106087) log_opt_values /opt/stack/data/venv/lib/python3.12/site-packages/oslo_config/cfg.py:3006}}
Apr 22 21:59:29.040012 np0000169586 neutron-periodic-workers[106087]: DEBUG cotyledon.oslo_config_glue [-] OVS.ovsdb_timeout = 10 {{(pid=106087) log_opt_values /opt/stack/data/venv/lib/python3.12/site-packages/oslo_config/cfg.py:3006}}
Apr 22 21:59:29.040067 np0000169586 neutron-periodic-workers[106087]: DEBUG cotyledon.oslo_config_glue [-] ovn_nb_global.fdb_removal_limit = 0 {{(pid=106087) log_opt_values /opt/stack/data/venv/lib/python3.12/site-packages/oslo_config/cfg.py:3006}}
Apr 22 21:59:29.040113 np0000169586 neutron-periodic-workers[106087]: DEBUG cotyledon.oslo_config_glue [-] ovn_nb_global.ignore_lsp_down = False {{(pid=106087) log_opt_values /opt/stack/data/venv/lib/python3.12/site-packages/oslo_config/cfg.py:3006}}
Apr 22 21:59:29.040163 np0000169586 neutron-periodic-workers[106087]: DEBUG cotyledon.oslo_config_glue [-] ovn_nb_global.mac_binding_removal_limit = 0 {{(pid=106087) log_opt_values /opt/stack/data/venv/lib/python3.12/site-packages/oslo_config/cfg.py:3006}}
Apr 22 21:59:29.040202 np0000169586 neutron-periodic-workers[106087]: DEBUG cotyledon.oslo_config_glue [-] ******************************************************************************** {{(pid=106087) log_opt_values /opt/stack/data/venv/lib/python3.12/site-packages/oslo_config/cfg.py:3013}}
Apr 22 21:59:29.040523 np0000169586 neutron-periodic-workers[106087]: DEBUG cotyledon._service_worker [-] Run service ServiceWrapper(0) [106087] {{(pid=106087) wait_forever /opt/stack/data/venv/lib/python3.12/site-packages/cotyledon/_service_worker.py:218}}
Apr 22 21:59:38.671476 np0000169586 neutron-periodic-workers[105277]: DEBUG dbcounter [-] [105277] Writing DB stats neutron:SELECT=4 {{(pid=105277) stat_writer /opt/stack/data/venv/lib/python3.12/site-packages/dbcounter.py:115}}
Apr 22 22:00:26.009784 np0000169586 neutron-periodic-workers[106066]: DEBUG oslo_db.sqlalchemy.engines [None req-76018ab7-c6cf-40b0-9057-533b09006f11 None None] Parent process 105277 forked (106066) with an open database connection, which is being discarded and recreated. {{(pid=106066) checkout /opt/stack/data/venv/lib/python3.12/site-packages/oslo_db/sqlalchemy/engines.py:402}}
Apr 22 22:00:26.017250 np0000169586 neutron-periodic-workers[106066]: DEBUG dbcounter [-] [106066] Writer thread running {{(pid=106066) stat_writer /opt/stack/data/venv/lib/python3.12/site-packages/dbcounter.py:102}}
Apr 22 22:00:26.021459 np0000169586 neutron-periodic-workers[106066]: DEBUG neutron.db.agents_db [None req-76018ab7-c6cf-40b0-9057-533b09006f11 None None] Agent healthcheck: found 0 active agents {{(pid=106066) agent_health_check /opt/stack/neutron/neutron/db/agents_db.py:317}}
Apr 22 22:00:26.021829 np0000169586 neutron-periodic-workers[106066]: DEBUG oslo.service.backend._threading.loopingcall [None req-76018ab7-c6cf-40b0-9057-533b09006f11 None None] Fixed interval looping call 'neutron.plugins.ml2.plugin.AgentDbMixin.agent_health_check' sleeping for 36.98 seconds {{(pid=106066) _run_loop /opt/stack/data/venv/lib/python3.12/site-packages/oslo_service/backend/_threading/loopingcall.py:125}}
Apr 22 22:00:35.007377 np0000169586 neutron-periodic-workers[106050]: DEBUG dbcounter [-] [106050] Writer thread running {{(pid=106050) stat_writer /opt/stack/data/venv/lib/python3.12/site-packages/dbcounter.py:102}}
Apr 22 22:00:35.015243 np0000169586 neutron-periodic-workers[106050]: DEBUG oslo.service.backend._threading.loopingcall [None req-48090c68-93ea-4cf2-9d45-a223863c22a1 None None] Fixed interval looping call 'neutron.plugins.ml2.plugin.DhcpAgentSchedulerDbMixin.remove_networks_from_down_agents' sleeping for 36.98 seconds {{(pid=106050) _run_loop /opt/stack/data/venv/lib/python3.12/site-packages/oslo_service/backend/_threading/loopingcall.py:125}}
Apr 22 22:00:36.019128 np0000169586 neutron-periodic-workers[106066]: DEBUG dbcounter [-] [106066] Writing DB stats neutron:SELECT=1 {{(pid=106066) stat_writer /opt/stack/data/venv/lib/python3.12/site-packages/dbcounter.py:115}}
Apr 22 22:00:45.014377 np0000169586 neutron-periodic-workers[106050]: DEBUG dbcounter [-] [106050] Writing DB stats neutron:SELECT=3 {{(pid=106050) stat_writer /opt/stack/data/venv/lib/python3.12/site-packages/dbcounter.py:115}}
Apr 22 22:01:03.007795 np0000169586 neutron-periodic-workers[106066]: DEBUG neutron.db.agents_db [None req-76018ab7-c6cf-40b0-9057-533b09006f11 None None] Agent healthcheck: found 0 active agents {{(pid=106066) agent_health_check /opt/stack/neutron/neutron/db/agents_db.py:317}}
Apr 22 22:01:03.008542 np0000169586 neutron-periodic-workers[106066]: DEBUG oslo.service.backend._threading.loopingcall [None req-76018ab7-c6cf-40b0-9057-533b09006f11 None None] Fixed interval looping call 'neutron.plugins.ml2.plugin.AgentDbMixin.agent_health_check' sleeping for 36.99 seconds {{(pid=106066) _run_loop /opt/stack/data/venv/lib/python3.12/site-packages/oslo_service/backend/_threading/loopingcall.py:125}}
Apr 22 22:01:12.006503 np0000169586 neutron-periodic-workers[106050]: DEBUG oslo.service.backend._threading.loopingcall [None req-48090c68-93ea-4cf2-9d45-a223863c22a1 None None] Fixed interval looping call 'neutron.plugins.ml2.plugin.DhcpAgentSchedulerDbMixin.remove_networks_from_down_agents' sleeping for 36.99 seconds {{(pid=106050) _run_loop /opt/stack/data/venv/lib/python3.12/site-packages/oslo_service/backend/_threading/loopingcall.py:125}}
Apr 22 22:01:13.005641 np0000169586 neutron-periodic-workers[106066]: DEBUG dbcounter [-] [106066] Writing DB stats neutron:SELECT=1 {{(pid=106066) stat_writer /opt/stack/data/venv/lib/python3.12/site-packages/dbcounter.py:115}}
Apr 22 22:01:22.004888 np0000169586 neutron-periodic-workers[106050]: DEBUG dbcounter [-] [106050] Writing DB stats neutron:SELECT=3 {{(pid=106050) stat_writer /opt/stack/data/venv/lib/python3.12/site-packages/dbcounter.py:115}}
Apr 22 22:01:29.027676 np0000169586 neutron-periodic-workers[106074]: DEBUG dbcounter [-] [106074] Writer thread running {{(pid=106074) stat_writer /opt/stack/data/venv/lib/python3.12/site-packages/dbcounter.py:102}}
Apr 22 22:01:29.029458 np0000169586 neutron-periodic-workers[106074]: DEBUG oslo.service.backend._threading.loopingcall [None req-5f2270d2-2ece-4ac7-ba78-34ca3d0f992e None None] Fixed interval looping call 'neutron.db.quota.driver_nolock.DbQuotaNoLockDriver._remove_expired_reservations' sleeping for 119.98 seconds {{(pid=106074) _run_loop /opt/stack/data/venv/lib/python3.12/site-packages/oslo_service/backend/_threading/loopingcall.py:125}}
Apr 22 22:01:39.028487 np0000169586 neutron-periodic-workers[106074]: DEBUG dbcounter [-] [106074] Writing DB stats neutron:DELETE=1 {{(pid=106074) stat_writer /opt/stack/data/venv/lib/python3.12/site-packages/dbcounter.py:115}}
Apr 22 22:01:40.003023 np0000169586 neutron-periodic-workers[106066]: DEBUG neutron.db.agents_db [None req-76018ab7-c6cf-40b0-9057-533b09006f11 None None] Agent healthcheck: found 0 active agents {{(pid=106066) agent_health_check /opt/stack/neutron/neutron/db/agents_db.py:317}}
Apr 22 22:01:40.003342 np0000169586 neutron-periodic-workers[106066]: DEBUG oslo.service.backend._threading.loopingcall [None req-76018ab7-c6cf-40b0-9057-533b09006f11 None None] Fixed interval looping call 'neutron.plugins.ml2.plugin.AgentDbMixin.agent_health_check' sleeping for 37.00 seconds {{(pid=106066) _run_loop /opt/stack/data/venv/lib/python3.12/site-packages/oslo_service/backend/_threading/loopingcall.py:125}}
Apr 22 22:01:49.007469 np0000169586 neutron-periodic-workers[106050]: DEBUG oslo.service.backend._threading.loopingcall [None req-48090c68-93ea-4cf2-9d45-a223863c22a1 None None] Fixed interval looping call 'neutron.plugins.ml2.plugin.DhcpAgentSchedulerDbMixin.remove_networks_from_down_agents' sleeping for 36.99 seconds {{(pid=106050) _run_loop /opt/stack/data/venv/lib/python3.12/site-packages/oslo_service/backend/_threading/loopingcall.py:125}}
Apr 22 22:01:50.001768 np0000169586 neutron-periodic-workers[106066]: DEBUG dbcounter [-] [106066] Writing DB stats neutron:SELECT=1 {{(pid=106066) stat_writer /opt/stack/data/venv/lib/python3.12/site-packages/dbcounter.py:115}}
Apr 22 22:01:59.005905 np0000169586 neutron-periodic-workers[106050]: DEBUG dbcounter [-] [106050] Writing DB stats neutron:SELECT=3 {{(pid=106050) stat_writer /opt/stack/data/venv/lib/python3.12/site-packages/dbcounter.py:115}}
Apr 22 22:02:17.009951 np0000169586 neutron-periodic-workers[106066]: DEBUG neutron.db.agents_db [None req-76018ab7-c6cf-40b0-9057-533b09006f11 None None] Agent healthcheck: found 0 active agents {{(pid=106066) agent_health_check /opt/stack/neutron/neutron/db/agents_db.py:317}}
Apr 22 22:02:17.010628 np0000169586 neutron-periodic-workers[106066]: DEBUG oslo.service.backend._threading.loopingcall [None req-76018ab7-c6cf-40b0-9057-533b09006f11 None None] Fixed interval looping call 'neutron.plugins.ml2.plugin.AgentDbMixin.agent_health_check' sleeping for 36.99 seconds {{(pid=106066) _run_loop /opt/stack/data/venv/lib/python3.12/site-packages/oslo_service/backend/_threading/loopingcall.py:125}}
Apr 22 22:02:26.007814 np0000169586 neutron-periodic-workers[106050]: DEBUG oslo.service.backend._threading.loopingcall [None req-48090c68-93ea-4cf2-9d45-a223863c22a1 None None] Fixed interval looping call 'neutron.plugins.ml2.plugin.DhcpAgentSchedulerDbMixin.remove_networks_from_down_agents' sleeping for 36.99 seconds {{(pid=106050) _run_loop /opt/stack/data/venv/lib/python3.12/site-packages/oslo_service/backend/_threading/loopingcall.py:125}}
Apr 22 22:02:27.007475 np0000169586 neutron-periodic-workers[106066]: DEBUG dbcounter [-] [106066] Writing DB stats neutron:SELECT=1 {{(pid=106066) stat_writer /opt/stack/data/venv/lib/python3.12/site-packages/dbcounter.py:115}}
Apr 22 22:02:36.006525 np0000169586 neutron-periodic-workers[106050]: DEBUG dbcounter [-] [106050] Writing DB stats neutron:SELECT=3 {{(pid=106050) stat_writer /opt/stack/data/venv/lib/python3.12/site-packages/dbcounter.py:115}}
Apr 22 22:02:54.005758 np0000169586 neutron-periodic-workers[106066]: DEBUG neutron.db.agents_db [None req-76018ab7-c6cf-40b0-9057-533b09006f11 None None] Agent healthcheck: found 0 active agents {{(pid=106066) agent_health_check /opt/stack/neutron/neutron/db/agents_db.py:317}}
Apr 22 22:02:54.006300 np0000169586 neutron-periodic-workers[106066]: DEBUG oslo.service.backend._threading.loopingcall [None req-76018ab7-c6cf-40b0-9057-533b09006f11 None None] Fixed interval looping call 'neutron.plugins.ml2.plugin.AgentDbMixin.agent_health_check' sleeping for 36.99 seconds {{(pid=106066) _run_loop /opt/stack/data/venv/lib/python3.12/site-packages/oslo_service/backend/_threading/loopingcall.py:125}}
Apr 22 22:03:03.009363 np0000169586 neutron-periodic-workers[106050]: DEBUG oslo.service.backend._threading.loopingcall [None req-48090c68-93ea-4cf2-9d45-a223863c22a1 None None] Fixed interval looping call 'neutron.plugins.ml2.plugin.DhcpAgentSchedulerDbMixin.remove_networks_from_down_agents' sleeping for 36.99 seconds {{(pid=106050) _run_loop /opt/stack/data/venv/lib/python3.12/site-packages/oslo_service/backend/_threading/loopingcall.py:125}}
Apr 22 22:03:04.003846 np0000169586 neutron-periodic-workers[106066]: DEBUG dbcounter [-] [106066] Writing DB stats neutron:SELECT=1 {{(pid=106066) stat_writer /opt/stack/data/venv/lib/python3.12/site-packages/dbcounter.py:115}}
Apr 22 22:03:07.073743 np0000169586 neutron-periodic-workers[106087]: DEBUG dbcounter [-] [106087] Writer thread running {{(pid=106087) stat_writer /opt/stack/data/venv/lib/python3.12/site-packages/dbcounter.py:102}}
Apr 22 22:03:07.087508 np0000169586 neutron-periodic-workers[106087]: DEBUG oslo.service.backend._threading.loopingcall [None req-3adf2fb0-03a6-4051-8141-58ef9f63ff63 None None] Fixed interval looping call 'neutron.services.ovn_l3.plugin.L3_NAT_dbonly_mixin._clean_garbage' sleeping for 299.96 seconds {{(pid=106087) _run_loop /opt/stack/data/venv/lib/python3.12/site-packages/oslo_service/backend/_threading/loopingcall.py:125}}
Apr 22 22:03:13.007407 np0000169586 neutron-periodic-workers[106050]: DEBUG dbcounter [-] [106050] Writing DB stats neutron:SELECT=3 {{(pid=106050) stat_writer /opt/stack/data/venv/lib/python3.12/site-packages/dbcounter.py:115}}
Apr 22 22:03:17.075277 np0000169586 neutron-periodic-workers[106087]: DEBUG dbcounter [-] [106087] Writing DB stats neutron:SELECT=1 {{(pid=106087) stat_writer /opt/stack/data/venv/lib/python3.12/site-packages/dbcounter.py:115}}
Apr 22 22:03:29.015892 np0000169586 neutron-periodic-workers[106074]: DEBUG oslo.service.backend._threading.loopingcall [None req-5f2270d2-2ece-4ac7-ba78-34ca3d0f992e None None] Fixed interval looping call 'neutron.db.quota.driver_nolock.DbQuotaNoLockDriver._remove_expired_reservations' sleeping for 119.99 seconds {{(pid=106074) _run_loop /opt/stack/data/venv/lib/python3.12/site-packages/oslo_service/backend/_threading/loopingcall.py:125}}
Apr 22 22:03:31.000121 np0000169586 neutron-periodic-workers[106066]: DEBUG neutron.db.agents_db [None req-76018ab7-c6cf-40b0-9057-533b09006f11 None None] Agent healthcheck: found 0 active agents {{(pid=106066) agent_health_check /opt/stack/neutron/neutron/db/agents_db.py:317}}
Apr 22 22:03:31.000640 np0000169586 neutron-periodic-workers[106066]: DEBUG oslo.service.backend._threading.loopingcall [None req-76018ab7-c6cf-40b0-9057-533b09006f11 None None] Fixed interval looping call 'neutron.plugins.ml2.plugin.AgentDbMixin.agent_health_check' sleeping for 37.00 seconds {{(pid=106066) _run_loop /opt/stack/data/venv/lib/python3.12/site-packages/oslo_service/backend/_threading/loopingcall.py:125}}
Apr 22 22:03:39.014262 np0000169586 neutron-periodic-workers[106074]: DEBUG dbcounter [-] [106074] Writing DB stats neutron:DELETE=1 {{(pid=106074) stat_writer /opt/stack/data/venv/lib/python3.12/site-packages/dbcounter.py:115}}
Apr 22 22:03:40.007067 np0000169586 neutron-periodic-workers[106050]: DEBUG oslo.service.backend._threading.loopingcall [None req-48090c68-93ea-4cf2-9d45-a223863c22a1 None None] Fixed interval looping call 'neutron.plugins.ml2.plugin.DhcpAgentSchedulerDbMixin.remove_networks_from_down_agents' sleeping for 36.99 seconds {{(pid=106050) _run_loop /opt/stack/data/venv/lib/python3.12/site-packages/oslo_service/backend/_threading/loopingcall.py:125}}
Apr 22 22:03:40.999430 np0000169586 neutron-periodic-workers[106066]: DEBUG dbcounter [-] [106066] Writing DB stats neutron:SELECT=1 {{(pid=106066) stat_writer /opt/stack/data/venv/lib/python3.12/site-packages/dbcounter.py:115}}
Apr 22 22:03:50.005948 np0000169586 neutron-periodic-workers[106050]: DEBUG dbcounter [-] [106050] Writing DB stats neutron:SELECT=3 {{(pid=106050) stat_writer /opt/stack/data/venv/lib/python3.12/site-packages/dbcounter.py:115}}
Apr 22 22:04:08.009402 np0000169586 neutron-periodic-workers[106066]: DEBUG neutron.db.agents_db [None req-76018ab7-c6cf-40b0-9057-533b09006f11 None None] Agent healthcheck: found 0 active agents {{(pid=106066) agent_health_check /opt/stack/neutron/neutron/db/agents_db.py:317}}
Apr 22 22:04:08.010083 np0000169586 neutron-periodic-workers[106066]: DEBUG oslo.service.backend._threading.loopingcall [None req-76018ab7-c6cf-40b0-9057-533b09006f11 None None] Fixed interval looping call 'neutron.plugins.ml2.plugin.AgentDbMixin.agent_health_check' sleeping for 36.99 seconds {{(pid=106066) _run_loop /opt/stack/data/venv/lib/python3.12/site-packages/oslo_service/backend/_threading/loopingcall.py:125}}
Apr 22 22:04:17.007476 np0000169586 neutron-periodic-workers[106050]: DEBUG oslo.service.backend._threading.loopingcall [None req-48090c68-93ea-4cf2-9d45-a223863c22a1 None None] Fixed interval looping call 'neutron.plugins.ml2.plugin.DhcpAgentSchedulerDbMixin.remove_networks_from_down_agents' sleeping for 36.99 seconds {{(pid=106050) _run_loop /opt/stack/data/venv/lib/python3.12/site-packages/oslo_service/backend/_threading/loopingcall.py:125}}
Apr 22 22:04:18.004526 np0000169586 neutron-periodic-workers[106066]: DEBUG dbcounter [-] [106066] Writing DB stats neutron:SELECT=1 {{(pid=106066) stat_writer /opt/stack/data/venv/lib/python3.12/site-packages/dbcounter.py:115}}
Apr 22 22:04:27.006060 np0000169586 neutron-periodic-workers[106050]: DEBUG dbcounter [-] [106050] Writing DB stats neutron:SELECT=3 {{(pid=106050) stat_writer /opt/stack/data/venv/lib/python3.12/site-packages/dbcounter.py:115}}
Apr 22 22:04:45.003744 np0000169586 neutron-periodic-workers[106066]: DEBUG neutron.db.agents_db [None req-76018ab7-c6cf-40b0-9057-533b09006f11 None None] Agent healthcheck: found 0 active agents {{(pid=106066) agent_health_check /opt/stack/neutron/neutron/db/agents_db.py:317}}
Apr 22 22:04:45.004488 np0000169586 neutron-periodic-workers[106066]: DEBUG oslo.service.backend._threading.loopingcall [None req-76018ab7-c6cf-40b0-9057-533b09006f11 None None] Fixed interval looping call 'neutron.plugins.ml2.plugin.AgentDbMixin.agent_health_check' sleeping for 37.00 seconds {{(pid=106066) _run_loop /opt/stack/data/venv/lib/python3.12/site-packages/oslo_service/backend/_threading/loopingcall.py:125}}
Apr 22 22:04:54.008873 np0000169586 neutron-periodic-workers[106050]: DEBUG oslo.service.backend._threading.loopingcall [None req-48090c68-93ea-4cf2-9d45-a223863c22a1 None None] Fixed interval looping call 'neutron.plugins.ml2.plugin.DhcpAgentSchedulerDbMixin.remove_networks_from_down_agents' sleeping for 36.99 seconds {{(pid=106050) _run_loop /opt/stack/data/venv/lib/python3.12/site-packages/oslo_service/backend/_threading/loopingcall.py:125}}
Apr 22 22:04:55.006536 np0000169586 neutron-periodic-workers[106066]: DEBUG dbcounter [-] [106066] Writing DB stats neutron:SELECT=1 {{(pid=106066) stat_writer /opt/stack/data/venv/lib/python3.12/site-packages/dbcounter.py:115}}
Apr 22 22:05:04.006545 np0000169586 neutron-periodic-workers[106050]: DEBUG dbcounter [-] [106050] Writing DB stats neutron:SELECT=3 {{(pid=106050) stat_writer /opt/stack/data/venv/lib/python3.12/site-packages/dbcounter.py:115}}
Apr 22 22:05:22.010258 np0000169586 neutron-periodic-workers[106066]: DEBUG neutron.db.agents_db [None req-76018ab7-c6cf-40b0-9057-533b09006f11 None None] Agent healthcheck: found 0 active agents {{(pid=106066) agent_health_check /opt/stack/neutron/neutron/db/agents_db.py:317}}
Apr 22 22:05:22.010964 np0000169586 neutron-periodic-workers[106066]: DEBUG oslo.service.backend._threading.loopingcall [None req-76018ab7-c6cf-40b0-9057-533b09006f11 None None] Fixed interval looping call 'neutron.plugins.ml2.plugin.AgentDbMixin.agent_health_check' sleeping for 36.99 seconds {{(pid=106066) _run_loop /opt/stack/data/venv/lib/python3.12/site-packages/oslo_service/backend/_threading/loopingcall.py:125}}
Apr 22 22:05:29.011216 np0000169586 neutron-periodic-workers[106074]: DEBUG oslo.service.backend._threading.loopingcall [None req-5f2270d2-2ece-4ac7-ba78-34ca3d0f992e None None] Fixed interval looping call 'neutron.db.quota.driver_nolock.DbQuotaNoLockDriver._remove_expired_reservations' sleeping for 120.00 seconds {{(pid=106074) _run_loop /opt/stack/data/venv/lib/python3.12/site-packages/oslo_service/backend/_threading/loopingcall.py:125}}
Apr 22 22:05:31.009633 np0000169586 neutron-periodic-workers[106050]: DEBUG oslo.service.backend._threading.loopingcall [None req-48090c68-93ea-4cf2-9d45-a223863c22a1 None None] Fixed interval looping call 'neutron.plugins.ml2.plugin.DhcpAgentSchedulerDbMixin.remove_networks_from_down_agents' sleeping for 36.99 seconds {{(pid=106050) _run_loop /opt/stack/data/venv/lib/python3.12/site-packages/oslo_service/backend/_threading/loopingcall.py:125}}
Apr 22 22:05:32.008038 np0000169586 neutron-periodic-workers[106066]: DEBUG dbcounter [-] [106066] Writing DB stats neutron:SELECT=1 {{(pid=106066) stat_writer /opt/stack/data/venv/lib/python3.12/site-packages/dbcounter.py:115}}
Apr 22 22:05:39.009836 np0000169586 neutron-periodic-workers[106074]: DEBUG dbcounter [-] [106074] Writing DB stats neutron:DELETE=1 {{(pid=106074) stat_writer /opt/stack/data/venv/lib/python3.12/site-packages/dbcounter.py:115}}
Apr 22 22:05:41.008468 np0000169586 neutron-periodic-workers[106050]: DEBUG dbcounter [-] [106050] Writing DB stats neutron:SELECT=3 {{(pid=106050) stat_writer /opt/stack/data/venv/lib/python3.12/site-packages/dbcounter.py:115}}
Apr 22 22:05:59.005421 np0000169586 neutron-periodic-workers[106066]: DEBUG neutron.db.agents_db [None req-76018ab7-c6cf-40b0-9057-533b09006f11 None None] Agent healthcheck: found 0 active agents {{(pid=106066) agent_health_check /opt/stack/neutron/neutron/db/agents_db.py:317}}
Apr 22 22:05:59.006065 np0000169586 neutron-periodic-workers[106066]: DEBUG oslo.service.backend._threading.loopingcall [None req-76018ab7-c6cf-40b0-9057-533b09006f11 None None] Fixed interval looping call 'neutron.plugins.ml2.plugin.AgentDbMixin.agent_health_check' sleeping for 37.00 seconds {{(pid=106066) _run_loop /opt/stack/data/venv/lib/python3.12/site-packages/oslo_service/backend/_threading/loopingcall.py:125}}
Apr 22 22:06:08.009217 np0000169586 neutron-periodic-workers[106050]: DEBUG oslo.service.backend._threading.loopingcall [None req-48090c68-93ea-4cf2-9d45-a223863c22a1 None None] Fixed interval looping call 'neutron.plugins.ml2.plugin.DhcpAgentSchedulerDbMixin.remove_networks_from_down_agents' sleeping for 36.99 seconds {{(pid=106050) _run_loop /opt/stack/data/venv/lib/python3.12/site-packages/oslo_service/backend/_threading/loopingcall.py:125}}
Apr 22 22:06:09.003889 np0000169586 neutron-periodic-workers[106066]: DEBUG dbcounter [-] [106066] Writing DB stats neutron:SELECT=1 {{(pid=106066) stat_writer /opt/stack/data/venv/lib/python3.12/site-packages/dbcounter.py:115}}
Apr 22 22:06:18.008148 np0000169586 neutron-periodic-workers[106050]: DEBUG dbcounter [-] [106050] Writing DB stats neutron:SELECT=3 {{(pid=106050) stat_writer /opt/stack/data/venv/lib/python3.12/site-packages/dbcounter.py:115}}
Apr 22 22:06:36.011379 np0000169586 neutron-periodic-workers[106066]: DEBUG neutron.db.agents_db [None req-76018ab7-c6cf-40b0-9057-533b09006f11 None None] Agent healthcheck: found 0 active agents {{(pid=106066) agent_health_check /opt/stack/neutron/neutron/db/agents_db.py:317}}
Apr 22 22:06:36.012227 np0000169586 neutron-periodic-workers[106066]: DEBUG oslo.service.backend._threading.loopingcall [None req-76018ab7-c6cf-40b0-9057-533b09006f11 None None] Fixed interval looping call 'neutron.plugins.ml2.plugin.AgentDbMixin.agent_health_check' sleeping for 36.99 seconds {{(pid=106066) _run_loop /opt/stack/data/venv/lib/python3.12/site-packages/oslo_service/backend/_threading/loopingcall.py:125}}
Apr 22 22:06:45.009468 np0000169586 neutron-periodic-workers[106050]: DEBUG oslo.service.backend._threading.loopingcall [None req-48090c68-93ea-4cf2-9d45-a223863c22a1 None None] Fixed interval looping call 'neutron.plugins.ml2.plugin.DhcpAgentSchedulerDbMixin.remove_networks_from_down_agents' sleeping for 36.99 seconds {{(pid=106050) _run_loop /opt/stack/data/venv/lib/python3.12/site-packages/oslo_service/backend/_threading/loopingcall.py:125}}
Apr 22 22:06:46.010042 np0000169586 neutron-periodic-workers[106066]: DEBUG dbcounter [-] [106066] Writing DB stats neutron:SELECT=1 {{(pid=106066) stat_writer /opt/stack/data/venv/lib/python3.12/site-packages/dbcounter.py:115}}
Apr 22 22:06:55.010951 np0000169586 neutron-periodic-workers[106050]: DEBUG dbcounter [-] [106050] Writing DB stats neutron:SELECT=3 {{(pid=106050) stat_writer /opt/stack/data/venv/lib/python3.12/site-packages/dbcounter.py:115}}
Apr 22 22:07:13.007593 np0000169586 neutron-periodic-workers[106066]: DEBUG neutron.db.agents_db [None req-76018ab7-c6cf-40b0-9057-533b09006f11 None None] Agent healthcheck: found 0 active agents {{(pid=106066) agent_health_check /opt/stack/neutron/neutron/db/agents_db.py:317}}
Apr 22 22:07:13.008184 np0000169586 neutron-periodic-workers[106066]: DEBUG oslo.service.backend._threading.loopingcall [None req-76018ab7-c6cf-40b0-9057-533b09006f11 None None] Fixed interval looping call 'neutron.plugins.ml2.plugin.AgentDbMixin.agent_health_check' sleeping for 36.99 seconds {{(pid=106066) _run_loop /opt/stack/data/venv/lib/python3.12/site-packages/oslo_service/backend/_threading/loopingcall.py:125}}
Apr 22 22:07:22.008056 np0000169586 neutron-periodic-workers[106050]: DEBUG oslo.service.backend._threading.loopingcall [None req-48090c68-93ea-4cf2-9d45-a223863c22a1 None None] Fixed interval looping call 'neutron.plugins.ml2.plugin.DhcpAgentSchedulerDbMixin.remove_networks_from_down_agents' sleeping for 36.99 seconds {{(pid=106050) _run_loop /opt/stack/data/venv/lib/python3.12/site-packages/oslo_service/backend/_threading/loopingcall.py:125}}
Apr 22 22:07:23.005268 np0000169586 neutron-periodic-workers[106066]: DEBUG dbcounter [-] [106066] Writing DB stats neutron:SELECT=1 {{(pid=106066) stat_writer /opt/stack/data/venv/lib/python3.12/site-packages/dbcounter.py:115}}
Apr 22 22:07:29.015301 np0000169586 neutron-periodic-workers[106074]: DEBUG oslo.service.backend._threading.loopingcall [None req-5f2270d2-2ece-4ac7-ba78-34ca3d0f992e None None] Fixed interval looping call 'neutron.db.quota.driver_nolock.DbQuotaNoLockDriver._remove_expired_reservations' sleeping for 120.00 seconds {{(pid=106074) _run_loop /opt/stack/data/venv/lib/python3.12/site-packages/oslo_service/backend/_threading/loopingcall.py:125}}
Apr 22 22:07:32.006569 np0000169586 neutron-periodic-workers[106050]: DEBUG dbcounter [-] [106050] Writing DB stats neutron:SELECT=3 {{(pid=106050) stat_writer /opt/stack/data/venv/lib/python3.12/site-packages/dbcounter.py:115}}
Apr 22 22:07:39.014135 np0000169586 neutron-periodic-workers[106074]: DEBUG dbcounter [-] [106074] Writing DB stats neutron:DELETE=1 {{(pid=106074) stat_writer /opt/stack/data/venv/lib/python3.12/site-packages/dbcounter.py:115}}
Apr 22 22:07:50.003801 np0000169586 neutron-periodic-workers[106066]: DEBUG neutron.db.agents_db [None req-76018ab7-c6cf-40b0-9057-533b09006f11 None None] Agent healthcheck: found 0 active agents {{(pid=106066) agent_health_check /opt/stack/neutron/neutron/db/agents_db.py:317}}
Apr 22 22:07:50.004547 np0000169586 neutron-periodic-workers[106066]: DEBUG oslo.service.backend._threading.loopingcall [None req-76018ab7-c6cf-40b0-9057-533b09006f11 None None] Fixed interval looping call 'neutron.plugins.ml2.plugin.AgentDbMixin.agent_health_check' sleeping for 36.99 seconds {{(pid=106066) _run_loop /opt/stack/data/venv/lib/python3.12/site-packages/oslo_service/backend/_threading/loopingcall.py:125}}
Apr 22 22:07:59.006925 np0000169586 neutron-periodic-workers[106050]: DEBUG oslo.service.backend._threading.loopingcall [None req-48090c68-93ea-4cf2-9d45-a223863c22a1 None None] Fixed interval looping call 'neutron.plugins.ml2.plugin.DhcpAgentSchedulerDbMixin.remove_networks_from_down_agents' sleeping for 36.99 seconds {{(pid=106050) _run_loop /opt/stack/data/venv/lib/python3.12/site-packages/oslo_service/backend/_threading/loopingcall.py:125}}
Apr 22 22:08:00.002019 np0000169586 neutron-periodic-workers[106066]: DEBUG dbcounter [-] [106066] Writing DB stats neutron:SELECT=1 {{(pid=106066) stat_writer /opt/stack/data/venv/lib/python3.12/site-packages/dbcounter.py:115}}
Apr 22 22:08:07.060897 np0000169586 neutron-periodic-workers[106087]: DEBUG oslo.service.backend._threading.loopingcall [None req-3adf2fb0-03a6-4051-8141-58ef9f63ff63 None None] Fixed interval looping call 'neutron.services.ovn_l3.plugin.L3_NAT_dbonly_mixin._clean_garbage' sleeping for 299.99 seconds {{(pid=106087) _run_loop /opt/stack/data/venv/lib/python3.12/site-packages/oslo_service/backend/_threading/loopingcall.py:125}}
Apr 22 22:08:09.005973 np0000169586 neutron-periodic-workers[106050]: DEBUG dbcounter [-] [106050] Writing DB stats neutron:SELECT=3 {{(pid=106050) stat_writer /opt/stack/data/venv/lib/python3.12/site-packages/dbcounter.py:115}}
Apr 22 22:08:17.051604 np0000169586 neutron-periodic-workers[106087]: DEBUG dbcounter [-] [106087] Writing DB stats neutron:SELECT=1 {{(pid=106087) stat_writer /opt/stack/data/venv/lib/python3.12/site-packages/dbcounter.py:115}}
Apr 22 22:08:26.999617 np0000169586 neutron-periodic-workers[106066]: DEBUG neutron.db.agents_db [None req-76018ab7-c6cf-40b0-9057-533b09006f11 None None] Agent healthcheck: found 0 active agents {{(pid=106066) agent_health_check /opt/stack/neutron/neutron/db/agents_db.py:317}}
Apr 22 22:08:26.999617 np0000169586 neutron-periodic-workers[106066]: DEBUG oslo.service.backend._threading.loopingcall [None req-76018ab7-c6cf-40b0-9057-533b09006f11 None None] Fixed interval looping call 'neutron.plugins.ml2.plugin.AgentDbMixin.agent_health_check' sleeping for 36.99 seconds {{(pid=106066) _run_loop /opt/stack/data/venv/lib/python3.12/site-packages/oslo_service/backend/_threading/loopingcall.py:125}}
Apr 22 22:08:36.007444 np0000169586 neutron-periodic-workers[106050]: DEBUG oslo.service.backend._threading.loopingcall [None req-48090c68-93ea-4cf2-9d45-a223863c22a1 None None] Fixed interval looping call 'neutron.plugins.ml2.plugin.DhcpAgentSchedulerDbMixin.remove_networks_from_down_agents' sleeping for 36.99 seconds {{(pid=106050) _run_loop /opt/stack/data/venv/lib/python3.12/site-packages/oslo_service/backend/_threading/loopingcall.py:125}}
Apr 22 22:08:36.997737 np0000169586 neutron-periodic-workers[106066]: DEBUG dbcounter [-] [106066] Writing DB stats neutron:SELECT=1 {{(pid=106066) stat_writer /opt/stack/data/venv/lib/python3.12/site-packages/dbcounter.py:115}}
Apr 22 22:08:46.006702 np0000169586 neutron-periodic-workers[106050]: DEBUG dbcounter [-] [106050] Writing DB stats neutron:SELECT=3 {{(pid=106050) stat_writer /opt/stack/data/venv/lib/python3.12/site-packages/dbcounter.py:115}}
Apr 22 22:09:03.997025 np0000169586 neutron-periodic-workers[106066]: DEBUG neutron.db.agents_db [None req-76018ab7-c6cf-40b0-9057-533b09006f11 None None] Agent healthcheck: found 0 active agents {{(pid=106066) agent_health_check /opt/stack/neutron/neutron/db/agents_db.py:317}}
Apr 22 22:09:03.997025 np0000169586 neutron-periodic-workers[106066]: DEBUG oslo.service.backend._threading.loopingcall [None req-76018ab7-c6cf-40b0-9057-533b09006f11 None None] Fixed interval looping call 'neutron.plugins.ml2.plugin.AgentDbMixin.agent_health_check' sleeping for 36.99 seconds {{(pid=106066) _run_loop /opt/stack/data/venv/lib/python3.12/site-packages/oslo_service/backend/_threading/loopingcall.py:125}}
Apr 22 22:09:13.004420 np0000169586 neutron-periodic-workers[106050]: DEBUG oslo.service.backend._threading.loopingcall [None req-48090c68-93ea-4cf2-9d45-a223863c22a1 None None] Fixed interval looping call 'neutron.plugins.ml2.plugin.DhcpAgentSchedulerDbMixin.remove_networks_from_down_agents' sleeping for 36.99 seconds {{(pid=106050) _run_loop /opt/stack/data/venv/lib/python3.12/site-packages/oslo_service/backend/_threading/loopingcall.py:125}}
Apr 22 22:09:13.995527 np0000169586 neutron-periodic-workers[106066]: DEBUG dbcounter [-] [106066] Writing DB stats neutron:SELECT=1 {{(pid=106066) stat_writer /opt/stack/data/venv/lib/python3.12/site-packages/dbcounter.py:115}}
Apr 22 22:09:23.003535 np0000169586 neutron-periodic-workers[106050]: DEBUG dbcounter [-] [106050] Writing DB stats neutron:SELECT=3 {{(pid=106050) stat_writer /opt/stack/data/venv/lib/python3.12/site-packages/dbcounter.py:115}}
