Feb 17 02:26:31.994581 np0000155886 nova-scheduler[108942]: DEBUG cotyledon.oslo_config_glue [-] vmware.vnc_port = 5900 {{(pid=108942) log_opt_values /opt/stack/data/venv/lib/python3.12/site-packages/oslo_config/cfg.py:2824}}
Feb 17 02:26:31.994581 np0000155886 nova-scheduler[108942]: DEBUG cotyledon.oslo_config_glue [-] vmware.vnc_port_total = 10000 {{(pid=108942) log_opt_values /opt/stack/data/venv/lib/python3.12/site-packages/oslo_config/cfg.py:2824}}
Feb 17 02:26:31.994874 np0000155886 nova-scheduler[108942]: DEBUG cotyledon.oslo_config_glue [-] vnc.auth_schemes = ['none'] {{(pid=108942) log_opt_values /opt/stack/data/venv/lib/python3.12/site-packages/oslo_config/cfg.py:2824}}
Feb 17 02:26:31.994874 np0000155886 nova-scheduler[108942]: DEBUG cotyledon.oslo_config_glue [-] vnc.enabled = True {{(pid=108942) log_opt_values /opt/stack/data/venv/lib/python3.12/site-packages/oslo_config/cfg.py:2824}}
Feb 17 02:26:31.994874 np0000155886 nova-scheduler[108942]: DEBUG cotyledon.oslo_config_glue [-] vnc.novncproxy_base_url = http://127.0.0.1:6080/vnc_auto.html {{(pid=108942) log_opt_values /opt/stack/data/venv/lib/python3.12/site-packages/oslo_config/cfg.py:2824}}
Feb 17 02:26:31.994874 np0000155886 nova-scheduler[108942]: DEBUG cotyledon.oslo_config_glue [-] vnc.novncproxy_host = 0.0.0.0 {{(pid=108942) log_opt_values /opt/stack/data/venv/lib/python3.12/site-packages/oslo_config/cfg.py:2824}}
Feb 17 02:26:31.994874 np0000155886 nova-scheduler[108942]: DEBUG cotyledon.oslo_config_glue [-] vnc.novncproxy_port = 6080 {{(pid=108942) log_opt_values /opt/stack/data/venv/lib/python3.12/site-packages/oslo_config/cfg.py:2824}}
Feb 17 02:26:31.994874 np0000155886 nova-scheduler[108942]: DEBUG cotyledon.oslo_config_glue [-] vnc.server_listen = 127.0.0.1 {{(pid=108942) log_opt_values /opt/stack/data/venv/lib/python3.12/site-packages/oslo_config/cfg.py:2824}}
Feb 17 02:26:31.994874 np0000155886 nova-scheduler[108942]: DEBUG cotyledon.oslo_config_glue [-] vnc.server_proxyclient_address = 127.0.0.1 {{(pid=108942) log_opt_values /opt/stack/data/venv/lib/python3.12/site-packages/oslo_config/cfg.py:2824}}
Feb 17 02:26:31.994874 np0000155886 nova-scheduler[108942]: DEBUG cotyledon.oslo_config_glue [-] vnc.vencrypt_ca_certs = None {{(pid=108942) log_opt_values /opt/stack/data/venv/lib/python3.12/site-packages/oslo_config/cfg.py:2824}}
Feb 17 02:26:31.994874 np0000155886 nova-scheduler[108942]: DEBUG cotyledon.oslo_config_glue [-] vnc.vencrypt_client_cert = None {{(pid=108942) log_opt_values /opt/stack/data/venv/lib/python3.12/site-packages/oslo_config/cfg.py:2824}}
Feb 17 02:26:31.995181 np0000155886 nova-scheduler[108942]: DEBUG cotyledon.oslo_config_glue [-] vnc.vencrypt_client_key = None {{(pid=108942) log_opt_values /opt/stack/data/venv/lib/python3.12/site-packages/oslo_config/cfg.py:2824}}
Feb 17 02:26:31.995181 np0000155886 nova-scheduler[108942]: DEBUG cotyledon.oslo_config_glue [-] workarounds.disable_compute_service_check_for_ffu = False {{(pid=108942) log_opt_values /opt/stack/data/venv/lib/python3.12/site-packages/oslo_config/cfg.py:2824}}
Feb 17 02:26:31.995181 np0000155886 nova-scheduler[108942]: DEBUG cotyledon.oslo_config_glue [-] workarounds.disable_deep_image_inspection = False {{(pid=108942) log_opt_values /opt/stack/data/venv/lib/python3.12/site-packages/oslo_config/cfg.py:2824}}
Feb 17 02:26:31.995181 np0000155886 nova-scheduler[108942]: DEBUG cotyledon.oslo_config_glue [-] workarounds.disable_fallback_pcpu_query = False {{(pid=108942) log_opt_values /opt/stack/data/venv/lib/python3.12/site-packages/oslo_config/cfg.py:2824}}
Feb 17 02:26:31.995181 np0000155886 nova-scheduler[108942]: DEBUG cotyledon.oslo_config_glue [-] workarounds.disable_group_policy_check_upcall = False {{(pid=108942) log_opt_values /opt/stack/data/venv/lib/python3.12/site-packages/oslo_config/cfg.py:2824}}
Feb 17 02:26:31.995181 np0000155886 nova-scheduler[108942]: DEBUG cotyledon.oslo_config_glue [-] workarounds.disable_libvirt_livesnapshot = False {{(pid=108942) log_opt_values /opt/stack/data/venv/lib/python3.12/site-packages/oslo_config/cfg.py:2824}}
Feb 17 02:26:31.995181 np0000155886 nova-scheduler[108942]: DEBUG cotyledon.oslo_config_glue [-] workarounds.disable_rootwrap = False {{(pid=108942) log_opt_values /opt/stack/data/venv/lib/python3.12/site-packages/oslo_config/cfg.py:2824}}
Feb 17 02:26:31.995181 np0000155886 nova-scheduler[108942]: DEBUG cotyledon.oslo_config_glue [-] workarounds.enable_numa_live_migration = False {{(pid=108942) log_opt_values /opt/stack/data/venv/lib/python3.12/site-packages/oslo_config/cfg.py:2824}}
Feb 17 02:26:31.995181 np0000155886 nova-scheduler[108942]: DEBUG cotyledon.oslo_config_glue [-] workarounds.enable_qemu_monitor_announce_self = False {{(pid=108942) log_opt_values /opt/stack/data/venv/lib/python3.12/site-packages/oslo_config/cfg.py:2824}}
Feb 17 02:26:31.995473 np0000155886 nova-scheduler[108942]: DEBUG cotyledon.oslo_config_glue [-] workarounds.ensure_libvirt_rbd_instance_dir_cleanup = False {{(pid=108942) log_opt_values /opt/stack/data/venv/lib/python3.12/site-packages/oslo_config/cfg.py:2824}}
Feb 17 02:26:31.995473 np0000155886 nova-scheduler[108942]: DEBUG cotyledon.oslo_config_glue [-] workarounds.handle_virt_lifecycle_events = True {{(pid=108942) log_opt_values /opt/stack/data/venv/lib/python3.12/site-packages/oslo_config/cfg.py:2824}}
Feb 17 02:26:31.995473 np0000155886 nova-scheduler[108942]: DEBUG cotyledon.oslo_config_glue [-] workarounds.libvirt_disable_apic = False {{(pid=108942) log_opt_values /opt/stack/data/venv/lib/python3.12/site-packages/oslo_config/cfg.py:2824}}
Feb 17 02:26:31.995473 np0000155886 nova-scheduler[108942]: DEBUG cotyledon.oslo_config_glue [-] workarounds.never_download_image_if_on_rbd = False {{(pid=108942) log_opt_values /opt/stack/data/venv/lib/python3.12/site-packages/oslo_config/cfg.py:2824}}
Feb 17 02:26:31.995473 np0000155886 nova-scheduler[108942]: DEBUG cotyledon.oslo_config_glue [-] workarounds.qemu_monitor_announce_self_count = 3 {{(pid=108942) log_opt_values /opt/stack/data/venv/lib/python3.12/site-packages/oslo_config/cfg.py:2824}}
Feb 17 02:26:31.995473 np0000155886 nova-scheduler[108942]: DEBUG cotyledon.oslo_config_glue [-] workarounds.qemu_monitor_announce_self_interval = 1 {{(pid=108942) log_opt_values /opt/stack/data/venv/lib/python3.12/site-packages/oslo_config/cfg.py:2824}}
Feb 17 02:26:31.995473 np0000155886 nova-scheduler[108942]: DEBUG cotyledon.oslo_config_glue [-] workarounds.reserve_disk_resource_for_image_cache = False {{(pid=108942) log_opt_values /opt/stack/data/venv/lib/python3.12/site-packages/oslo_config/cfg.py:2824}}
Feb 17 02:26:31.995473 np0000155886 nova-scheduler[108942]: DEBUG cotyledon.oslo_config_glue [-] workarounds.skip_cpu_compare_at_startup = False {{(pid=108942) log_opt_values /opt/stack/data/venv/lib/python3.12/site-packages/oslo_config/cfg.py:2824}}
Feb 17 02:26:31.995473 np0000155886 nova-scheduler[108942]: DEBUG cotyledon.oslo_config_glue [-] workarounds.skip_cpu_compare_on_dest = False {{(pid=108942) log_opt_values /opt/stack/data/venv/lib/python3.12/site-packages/oslo_config/cfg.py:2824}}
Feb 17 02:26:31.995785 np0000155886 nova-scheduler[108942]: DEBUG cotyledon.oslo_config_glue [-] workarounds.skip_hypervisor_version_check_on_lm = False {{(pid=108942) log_opt_values /opt/stack/data/venv/lib/python3.12/site-packages/oslo_config/cfg.py:2824}}
Feb 17 02:26:31.995785 np0000155886 nova-scheduler[108942]: DEBUG cotyledon.oslo_config_glue [-] workarounds.skip_reserve_in_use_ironic_nodes = False {{(pid=108942) log_opt_values /opt/stack/data/venv/lib/python3.12/site-packages/oslo_config/cfg.py:2824}}
Feb 17 02:26:31.995785 np0000155886 nova-scheduler[108942]: DEBUG cotyledon.oslo_config_glue [-] workarounds.unified_limits_count_pcpu_as_vcpu = False {{(pid=108942) log_opt_values /opt/stack/data/venv/lib/python3.12/site-packages/oslo_config/cfg.py:2824}}
Feb 17 02:26:31.995785 np0000155886 nova-scheduler[108942]: DEBUG cotyledon.oslo_config_glue [-] workarounds.wait_for_vif_plugged_event_during_hard_reboot = [] {{(pid=108942) log_opt_values /opt/stack/data/venv/lib/python3.12/site-packages/oslo_config/cfg.py:2824}}
Feb 17 02:26:31.995785 np0000155886 nova-scheduler[108942]: DEBUG cotyledon.oslo_config_glue [-] wsgi.api_paste_config = /etc/nova/api-paste.ini {{(pid=108942) log_opt_values /opt/stack/data/venv/lib/python3.12/site-packages/oslo_config/cfg.py:2824}}
Feb 17 02:26:31.995785 np0000155886 nova-scheduler[108942]: DEBUG cotyledon.oslo_config_glue [-] wsgi.secure_proxy_ssl_header = None {{(pid=108942) log_opt_values /opt/stack/data/venv/lib/python3.12/site-packages/oslo_config/cfg.py:2824}}
Feb 17 02:26:31.995785 np0000155886 nova-scheduler[108942]: DEBUG cotyledon.oslo_config_glue [-] zvm.ca_file = None {{(pid=108942) log_opt_values /opt/stack/data/venv/lib/python3.12/site-packages/oslo_config/cfg.py:2824}}
Feb 17 02:26:31.995785 np0000155886 nova-scheduler[108942]: DEBUG cotyledon.oslo_config_glue [-] zvm.cloud_connector_url = None {{(pid=108942) log_opt_values /opt/stack/data/venv/lib/python3.12/site-packages/oslo_config/cfg.py:2824}}
Feb 17 02:26:31.995785 np0000155886 nova-scheduler[108942]: DEBUG cotyledon.oslo_config_glue [-] zvm.image_tmp_path = /opt/stack/data/nova/images {{(pid=108942) log_opt_values /opt/stack/data/venv/lib/python3.12/site-packages/oslo_config/cfg.py:2824}}
Feb 17 02:26:31.996109 np0000155886 nova-scheduler[108942]: DEBUG cotyledon.oslo_config_glue [-] zvm.reachable_timeout = 300 {{(pid=108942) log_opt_values /opt/stack/data/venv/lib/python3.12/site-packages/oslo_config/cfg.py:2824}}
Feb 17 02:26:31.996109 np0000155886 nova-scheduler[108942]: DEBUG cotyledon.oslo_config_glue [-] oslo_versionedobjects.fatal_exception_format_errors = False {{(pid=108942) log_opt_values /opt/stack/data/venv/lib/python3.12/site-packages/oslo_config/cfg.py:2824}}
Feb 17 02:26:31.996233 np0000155886 nova-scheduler[108919]: DEBUG nova.service [None req-0974cdb9-22b7-4fa8-a59c-77bfbc9f15bb None None] Creating RPC server for service scheduler {{(pid=108919) start /opt/stack/nova/nova/service.py:177}}
Feb 17 02:26:31.996287 np0000155886 nova-scheduler[108942]: DEBUG cotyledon.oslo_config_glue [-] oslo_middleware.http_basic_auth_user_file = /etc/htpasswd {{(pid=108942) log_opt_values /opt/stack/data/venv/lib/python3.12/site-packages/oslo_config/cfg.py:2824}}
Feb 17 02:26:31.996287 np0000155886 nova-scheduler[108942]: DEBUG cotyledon.oslo_config_glue [-] oslo_messaging_metrics.metrics_buffer_size = 1000 {{(pid=108942) log_opt_values /opt/stack/data/venv/lib/python3.12/site-packages/oslo_config/cfg.py:2824}}
Feb 17 02:26:31.996287 np0000155886 nova-scheduler[108942]: DEBUG cotyledon.oslo_config_glue [-] oslo_messaging_metrics.metrics_enabled = False {{(pid=108942) log_opt_values /opt/stack/data/venv/lib/python3.12/site-packages/oslo_config/cfg.py:2824}}
Feb 17 02:26:31.996287 np0000155886 nova-scheduler[108942]: DEBUG cotyledon.oslo_config_glue [-] oslo_messaging_metrics.metrics_process_name = {{(pid=108942) log_opt_values /opt/stack/data/venv/lib/python3.12/site-packages/oslo_config/cfg.py:2824}}
Feb 17 02:26:31.996287 np0000155886 nova-scheduler[108942]: DEBUG cotyledon.oslo_config_glue [-] oslo_messaging_metrics.metrics_socket_file = /var/tmp/metrics_collector.sock {{(pid=108942) log_opt_values /opt/stack/data/venv/lib/python3.12/site-packages/oslo_config/cfg.py:2824}}
Feb 17 02:26:31.996287 np0000155886 nova-scheduler[108942]: DEBUG cotyledon.oslo_config_glue [-] oslo_messaging_metrics.metrics_thread_stop_timeout = 10 {{(pid=108942) log_opt_values /opt/stack/data/venv/lib/python3.12/site-packages/oslo_config/cfg.py:2824}}
Feb 17 02:26:31.996287 np0000155886 nova-scheduler[108942]: DEBUG cotyledon.oslo_config_glue [-] profiler.connection_string = messaging:// {{(pid=108942) log_opt_values /opt/stack/data/venv/lib/python3.12/site-packages/oslo_config/cfg.py:2824}}
Feb 17 02:26:31.996287 np0000155886 nova-scheduler[108942]: DEBUG cotyledon.oslo_config_glue [-] profiler.enabled = False {{(pid=108942) log_opt_values /opt/stack/data/venv/lib/python3.12/site-packages/oslo_config/cfg.py:2824}}
Feb 17 02:26:31.996621 np0000155886 nova-scheduler[108942]: DEBUG cotyledon.oslo_config_glue [-] profiler.es_doc_type = notification {{(pid=108942) log_opt_values /opt/stack/data/venv/lib/python3.12/site-packages/oslo_config/cfg.py:2824}}
Feb 17 02:26:31.996621 np0000155886 nova-scheduler[108942]: DEBUG cotyledon.oslo_config_glue [-] profiler.es_scroll_size = 10000 {{(pid=108942) log_opt_values /opt/stack/data/venv/lib/python3.12/site-packages/oslo_config/cfg.py:2824}}
Feb 17 02:26:31.996621 np0000155886 nova-scheduler[108942]: DEBUG cotyledon.oslo_config_glue [-] profiler.es_scroll_time = 2m {{(pid=108942) log_opt_values /opt/stack/data/venv/lib/python3.12/site-packages/oslo_config/cfg.py:2824}}
Feb 17 02:26:31.996621 np0000155886 nova-scheduler[108942]: DEBUG cotyledon.oslo_config_glue [-] profiler.filter_error_trace = False {{(pid=108942) log_opt_values /opt/stack/data/venv/lib/python3.12/site-packages/oslo_config/cfg.py:2824}}
Feb 17 02:26:31.996621 np0000155886 nova-scheduler[108942]: DEBUG cotyledon.oslo_config_glue [-] profiler.hmac_keys = **** {{(pid=108942) log_opt_values /opt/stack/data/venv/lib/python3.12/site-packages/oslo_config/cfg.py:2824}}
Feb 17 02:26:31.996621 np0000155886 nova-scheduler[108942]: DEBUG cotyledon.oslo_config_glue [-] profiler.sentinel_service_name = mymaster {{(pid=108942) log_opt_values /opt/stack/data/venv/lib/python3.12/site-packages/oslo_config/cfg.py:2824}}
Feb 17 02:26:31.996621 np0000155886 nova-scheduler[108942]: DEBUG cotyledon.oslo_config_glue [-] profiler.socket_timeout = 0.1 {{(pid=108942) log_opt_values /opt/stack/data/venv/lib/python3.12/site-packages/oslo_config/cfg.py:2824}}
Feb 17 02:26:31.996621 np0000155886 nova-scheduler[108942]: DEBUG cotyledon.oslo_config_glue [-] profiler.trace_requests = False {{(pid=108942) log_opt_values /opt/stack/data/venv/lib/python3.12/site-packages/oslo_config/cfg.py:2824}}
Feb 17 02:26:31.996621 np0000155886 nova-scheduler[108942]: DEBUG cotyledon.oslo_config_glue [-] profiler.trace_sqlalchemy = False {{(pid=108942) log_opt_values /opt/stack/data/venv/lib/python3.12/site-packages/oslo_config/cfg.py:2824}}
Feb 17 02:26:31.997177 np0000155886 nova-scheduler[108942]: DEBUG cotyledon.oslo_config_glue [-] profiler_jaeger.process_tags = {} {{(pid=108942) log_opt_values /opt/stack/data/venv/lib/python3.12/site-packages/oslo_config/cfg.py:2824}}
Feb 17 02:26:31.997177 np0000155886 nova-scheduler[108942]: DEBUG cotyledon.oslo_config_glue [-] profiler_jaeger.service_name_prefix = None {{(pid=108942) log_opt_values /opt/stack/data/venv/lib/python3.12/site-packages/oslo_config/cfg.py:2824}}
Feb 17 02:26:31.997177 np0000155886 nova-scheduler[108942]: DEBUG cotyledon.oslo_config_glue [-] profiler_otlp.service_name_prefix = None {{(pid=108942) log_opt_values /opt/stack/data/venv/lib/python3.12/site-packages/oslo_config/cfg.py:2824}}
Feb 17 02:26:31.997177 np0000155886 nova-scheduler[108942]: DEBUG cotyledon.oslo_config_glue [-] oslo_messaging_rabbit.amqp_auto_delete = False {{(pid=108942) log_opt_values /opt/stack/data/venv/lib/python3.12/site-packages/oslo_config/cfg.py:2824}}
Feb 17 02:26:31.997177 np0000155886 nova-scheduler[108942]: DEBUG cotyledon.oslo_config_glue [-] oslo_messaging_rabbit.amqp_durable_queues = False {{(pid=108942) log_opt_values /opt/stack/data/venv/lib/python3.12/site-packages/oslo_config/cfg.py:2824}}
Feb 17 02:26:31.997177 np0000155886 nova-scheduler[108942]: DEBUG cotyledon.oslo_config_glue [-] oslo_messaging_rabbit.conn_pool_min_size = 2 {{(pid=108942) log_opt_values /opt/stack/data/venv/lib/python3.12/site-packages/oslo_config/cfg.py:2824}}
Feb 17 02:26:31.997177 np0000155886 nova-scheduler[108942]: DEBUG cotyledon.oslo_config_glue [-] oslo_messaging_rabbit.conn_pool_ttl = 1200 {{(pid=108942) log_opt_values /opt/stack/data/venv/lib/python3.12/site-packages/oslo_config/cfg.py:2824}}
Feb 17 02:26:31.997177 np0000155886 nova-scheduler[108942]: DEBUG cotyledon.oslo_config_glue [-] oslo_messaging_rabbit.direct_mandatory_flag = True {{(pid=108942) log_opt_values /opt/stack/data/venv/lib/python3.12/site-packages/oslo_config/cfg.py:2824}}
Feb 17 02:26:31.997177 np0000155886 nova-scheduler[108942]: DEBUG cotyledon.oslo_config_glue [-] oslo_messaging_rabbit.enable_cancel_on_failover = False {{(pid=108942) log_opt_values /opt/stack/data/venv/lib/python3.12/site-packages/oslo_config/cfg.py:2824}}
Feb 17 02:26:31.997500 np0000155886 nova-scheduler[108942]: DEBUG cotyledon.oslo_config_glue [-] oslo_messaging_rabbit.heartbeat_in_pthread = False {{(pid=108942) log_opt_values /opt/stack/data/venv/lib/python3.12/site-packages/oslo_config/cfg.py:2824}}
Feb 17 02:26:31.997500 np0000155886 nova-scheduler[108942]: DEBUG cotyledon.oslo_config_glue [-] oslo_messaging_rabbit.heartbeat_rate = 3 {{(pid=108942) log_opt_values /opt/stack/data/venv/lib/python3.12/site-packages/oslo_config/cfg.py:2824}}
Feb 17 02:26:31.997500 np0000155886 nova-scheduler[108942]: DEBUG cotyledon.oslo_config_glue [-] oslo_messaging_rabbit.heartbeat_timeout_threshold = 60 {{(pid=108942) log_opt_values /opt/stack/data/venv/lib/python3.12/site-packages/oslo_config/cfg.py:2824}}
Feb 17 02:26:31.997500 np0000155886 nova-scheduler[108942]: DEBUG cotyledon.oslo_config_glue [-] oslo_messaging_rabbit.hostname = np0000155886 {{(pid=108942) log_opt_values /opt/stack/data/venv/lib/python3.12/site-packages/oslo_config/cfg.py:2824}}
Feb 17 02:26:31.997500 np0000155886 nova-scheduler[108942]: DEBUG cotyledon.oslo_config_glue [-] oslo_messaging_rabbit.kombu_compression = None {{(pid=108942) log_opt_values /opt/stack/data/venv/lib/python3.12/site-packages/oslo_config/cfg.py:2824}}
Feb 17 02:26:31.997500 np0000155886 nova-scheduler[108942]: DEBUG cotyledon.oslo_config_glue [-] oslo_messaging_rabbit.kombu_failover_strategy = round-robin {{(pid=108942) log_opt_values /opt/stack/data/venv/lib/python3.12/site-packages/oslo_config/cfg.py:2824}}
Feb 17 02:26:31.997500 np0000155886 nova-scheduler[108942]: DEBUG cotyledon.oslo_config_glue [-] oslo_messaging_rabbit.kombu_missing_consumer_retry_timeout = 60 {{(pid=108942) log_opt_values /opt/stack/data/venv/lib/python3.12/site-packages/oslo_config/cfg.py:2824}}
Feb 17 02:26:31.997500 np0000155886 nova-scheduler[108942]: DEBUG cotyledon.oslo_config_glue [-] oslo_messaging_rabbit.kombu_reconnect_delay = 1.0 {{(pid=108942) log_opt_values /opt/stack/data/venv/lib/python3.12/site-packages/oslo_config/cfg.py:2824}}
Feb 17 02:26:31.997980 np0000155886 nova-scheduler[108942]: DEBUG cotyledon.oslo_config_glue [-] oslo_messaging_rabbit.kombu_reconnect_splay = 0.0 {{(pid=108942) log_opt_values /opt/stack/data/venv/lib/python3.12/site-packages/oslo_config/cfg.py:2824}}
Feb 17 02:26:31.997980 np0000155886 nova-scheduler[108942]: DEBUG cotyledon.oslo_config_glue [-] oslo_messaging_rabbit.processname = nova-scheduler {{(pid=108942) log_opt_values /opt/stack/data/venv/lib/python3.12/site-packages/oslo_config/cfg.py:2824}}
Feb 17 02:26:31.997980 np0000155886 nova-scheduler[108942]: DEBUG cotyledon.oslo_config_glue [-] oslo_messaging_rabbit.rabbit_ha_queues = False {{(pid=108942) log_opt_values /opt/stack/data/venv/lib/python3.12/site-packages/oslo_config/cfg.py:2824}}
Feb 17 02:26:31.997980 np0000155886 nova-scheduler[108942]: DEBUG cotyledon.oslo_config_glue [-] oslo_messaging_rabbit.rabbit_interval_max = 30 {{(pid=108942) log_opt_values /opt/stack/data/venv/lib/python3.12/site-packages/oslo_config/cfg.py:2824}}
Feb 17 02:26:31.997980 np0000155886 nova-scheduler[108942]: DEBUG cotyledon.oslo_config_glue [-] oslo_messaging_rabbit.rabbit_login_method = AMQPLAIN {{(pid=108942) log_opt_values /opt/stack/data/venv/lib/python3.12/site-packages/oslo_config/cfg.py:2824}}
Feb 17 02:26:31.997980 np0000155886 nova-scheduler[108942]: DEBUG cotyledon.oslo_config_glue [-] oslo_messaging_rabbit.rabbit_qos_prefetch_count = 0 {{(pid=108942) log_opt_values /opt/stack/data/venv/lib/python3.12/site-packages/oslo_config/cfg.py:2824}}
Feb 17 02:26:31.997980 np0000155886 nova-scheduler[108942]: DEBUG cotyledon.oslo_config_glue [-] oslo_messaging_rabbit.rabbit_quorum_delivery_limit = 0 {{(pid=108942) log_opt_values /opt/stack/data/venv/lib/python3.12/site-packages/oslo_config/cfg.py:2824}}
Feb 17 02:26:31.997980 np0000155886 nova-scheduler[108942]: DEBUG cotyledon.oslo_config_glue [-] oslo_messaging_rabbit.rabbit_quorum_max_memory_bytes = 0 {{(pid=108942) log_opt_values /opt/stack/data/venv/lib/python3.12/site-packages/oslo_config/cfg.py:2824}}
Feb 17 02:26:31.998342 np0000155886 nova-scheduler[108942]: DEBUG cotyledon.oslo_config_glue [-] oslo_messaging_rabbit.rabbit_quorum_max_memory_length = 0 {{(pid=108942) log_opt_values /opt/stack/data/venv/lib/python3.12/site-packages/oslo_config/cfg.py:2824}}
Feb 17 02:26:31.998342 np0000155886 nova-scheduler[108942]: DEBUG cotyledon.oslo_config_glue [-] oslo_messaging_rabbit.rabbit_quorum_queue = False {{(pid=108942) log_opt_values /opt/stack/data/venv/lib/python3.12/site-packages/oslo_config/cfg.py:2824}}
Feb 17 02:26:31.998342 np0000155886 nova-scheduler[108942]: DEBUG cotyledon.oslo_config_glue [-] oslo_messaging_rabbit.rabbit_retry_backoff = 2 {{(pid=108942) log_opt_values /opt/stack/data/venv/lib/python3.12/site-packages/oslo_config/cfg.py:2824}}
Feb 17 02:26:31.998342 np0000155886 nova-scheduler[108942]: DEBUG cotyledon.oslo_config_glue [-] oslo_messaging_rabbit.rabbit_retry_interval = 1 {{(pid=108942) log_opt_values /opt/stack/data/venv/lib/python3.12/site-packages/oslo_config/cfg.py:2824}}
Feb 17 02:26:31.998342 np0000155886 nova-scheduler[108942]: DEBUG cotyledon.oslo_config_glue [-] oslo_messaging_rabbit.rabbit_stream_fanout = False {{(pid=108942) log_opt_values /opt/stack/data/venv/lib/python3.12/site-packages/oslo_config/cfg.py:2824}}
Feb 17 02:26:31.998342 np0000155886 nova-scheduler[108942]: DEBUG cotyledon.oslo_config_glue [-] oslo_messaging_rabbit.rabbit_transient_queues_ttl = 1800 {{(pid=108942) log_opt_values /opt/stack/data/venv/lib/python3.12/site-packages/oslo_config/cfg.py:2824}}
Feb 17 02:26:31.998342 np0000155886 nova-scheduler[108942]: DEBUG cotyledon.oslo_config_glue [-] oslo_messaging_rabbit.rabbit_transient_quorum_queue = False {{(pid=108942) log_opt_values /opt/stack/data/venv/lib/python3.12/site-packages/oslo_config/cfg.py:2824}}
Feb 17 02:26:31.998342 np0000155886 nova-scheduler[108942]: DEBUG cotyledon.oslo_config_glue [-] oslo_messaging_rabbit.rpc_conn_pool_size = 30 {{(pid=108942) log_opt_values /opt/stack/data/venv/lib/python3.12/site-packages/oslo_config/cfg.py:2824}}
Feb 17 02:26:31.998342 np0000155886 nova-scheduler[108942]: DEBUG cotyledon.oslo_config_glue [-] oslo_messaging_rabbit.ssl = False {{(pid=108942) log_opt_values /opt/stack/data/venv/lib/python3.12/site-packages/oslo_config/cfg.py:2824}}
Feb 17 02:26:31.998645 np0000155886 nova-scheduler[108942]: DEBUG cotyledon.oslo_config_glue [-] oslo_messaging_rabbit.ssl_ca_file = {{(pid=108942) log_opt_values /opt/stack/data/venv/lib/python3.12/site-packages/oslo_config/cfg.py:2824}}
Feb 17 02:26:31.998645 np0000155886 nova-scheduler[108942]: DEBUG cotyledon.oslo_config_glue [-] oslo_messaging_rabbit.ssl_cert_file = {{(pid=108942) log_opt_values /opt/stack/data/venv/lib/python3.12/site-packages/oslo_config/cfg.py:2824}}
Feb 17 02:26:31.998645 np0000155886 nova-scheduler[108942]: DEBUG cotyledon.oslo_config_glue [-] oslo_messaging_rabbit.ssl_enforce_fips_mode = False {{(pid=108942) log_opt_values /opt/stack/data/venv/lib/python3.12/site-packages/oslo_config/cfg.py:2824}}
Feb 17 02:26:31.998645 np0000155886 nova-scheduler[108942]: DEBUG cotyledon.oslo_config_glue [-] oslo_messaging_rabbit.ssl_key_file = {{(pid=108942) log_opt_values /opt/stack/data/venv/lib/python3.12/site-packages/oslo_config/cfg.py:2824}}
Feb 17 02:26:31.998645 np0000155886 nova-scheduler[108942]: DEBUG cotyledon.oslo_config_glue [-] oslo_messaging_rabbit.ssl_version = {{(pid=108942) log_opt_values /opt/stack/data/venv/lib/python3.12/site-packages/oslo_config/cfg.py:2824}}
Feb 17 02:26:31.998645 np0000155886 nova-scheduler[108942]: DEBUG cotyledon.oslo_config_glue [-] oslo_messaging_rabbit.use_queue_manager = False {{(pid=108942) log_opt_values /opt/stack/data/venv/lib/python3.12/site-packages/oslo_config/cfg.py:2824}}
Feb 17 02:26:31.998835 np0000155886 nova-scheduler[108935]: DEBUG dbcounter [-] [108935] Writer thread running {{(pid=108935) stat_writer /opt/stack/data/venv/lib/python3.12/site-packages/dbcounter.py:102}}
Feb 17 02:26:31.998874 np0000155886 nova-scheduler[108942]: DEBUG cotyledon.oslo_config_glue [-] oslo_messaging_notifications.driver = ['messagingv2'] {{(pid=108942) log_opt_values /opt/stack/data/venv/lib/python3.12/site-packages/oslo_config/cfg.py:2824}}
Feb 17 02:26:31.998874 np0000155886 nova-scheduler[108942]: DEBUG cotyledon.oslo_config_glue [-] oslo_messaging_notifications.retry = -1 {{(pid=108942) log_opt_values /opt/stack/data/venv/lib/python3.12/site-packages/oslo_config/cfg.py:2824}}
Feb 17 02:26:31.998874 np0000155886 nova-scheduler[108942]: DEBUG cotyledon.oslo_config_glue [-] oslo_messaging_notifications.topics = ['notifications'] {{(pid=108942) log_opt_values /opt/stack/data/venv/lib/python3.12/site-packages/oslo_config/cfg.py:2824}}
Feb 17 02:26:31.998874 np0000155886 nova-scheduler[108942]: DEBUG cotyledon.oslo_config_glue [-] oslo_messaging_notifications.transport_url = **** {{(pid=108942) log_opt_values /opt/stack/data/venv/lib/python3.12/site-packages/oslo_config/cfg.py:2824}}
Feb 17 02:26:31.998874 np0000155886 nova-scheduler[108942]: DEBUG cotyledon.oslo_config_glue [-] oslo_limit.auth_section = None {{(pid=108942) log_opt_values /opt/stack/data/venv/lib/python3.12/site-packages/oslo_config/cfg.py:2824}}
Feb 17 02:26:31.998874 np0000155886 nova-scheduler[108942]: DEBUG cotyledon.oslo_config_glue [-] oslo_limit.auth_type = None {{(pid=108942) log_opt_values /opt/stack/data/venv/lib/python3.12/site-packages/oslo_config/cfg.py:2824}}
Feb 17 02:26:31.998874 np0000155886 nova-scheduler[108942]: DEBUG cotyledon.oslo_config_glue [-] oslo_limit.cafile = None {{(pid=108942) log_opt_values /opt/stack/data/venv/lib/python3.12/site-packages/oslo_config/cfg.py:2824}}
Feb 17 02:26:31.998874 np0000155886 nova-scheduler[108942]: DEBUG cotyledon.oslo_config_glue [-] oslo_limit.certfile = None {{(pid=108942) log_opt_values /opt/stack/data/venv/lib/python3.12/site-packages/oslo_config/cfg.py:2824}}
Feb 17 02:26:31.998874 np0000155886 nova-scheduler[108942]: DEBUG cotyledon.oslo_config_glue [-] oslo_limit.collect_timing = False {{(pid=108942) log_opt_values /opt/stack/data/venv/lib/python3.12/site-packages/oslo_config/cfg.py:2824}}
Feb 17 02:26:31.999203 np0000155886 nova-scheduler[108942]: DEBUG cotyledon.oslo_config_glue [-] oslo_limit.connect_retries = None {{(pid=108942) log_opt_values /opt/stack/data/venv/lib/python3.12/site-packages/oslo_config/cfg.py:2824}}
Feb 17 02:26:31.999203 np0000155886 nova-scheduler[108942]: DEBUG cotyledon.oslo_config_glue [-] oslo_limit.connect_retry_delay = None {{(pid=108942) log_opt_values /opt/stack/data/venv/lib/python3.12/site-packages/oslo_config/cfg.py:2824}}
Feb 17 02:26:31.999203 np0000155886 nova-scheduler[108942]: DEBUG cotyledon.oslo_config_glue [-] oslo_limit.endpoint_id = None {{(pid=108942) log_opt_values /opt/stack/data/venv/lib/python3.12/site-packages/oslo_config/cfg.py:2824}}
Feb 17 02:26:31.999203 np0000155886 nova-scheduler[108942]: DEBUG cotyledon.oslo_config_glue [-] oslo_limit.endpoint_interface = publicURL {{(pid=108942) log_opt_values /opt/stack/data/venv/lib/python3.12/site-packages/oslo_config/cfg.py:2824}}
Feb 17 02:26:31.999203 np0000155886 nova-scheduler[108942]: DEBUG cotyledon.oslo_config_glue [-] oslo_limit.endpoint_override = None {{(pid=108942) log_opt_values /opt/stack/data/venv/lib/python3.12/site-packages/oslo_config/cfg.py:2824}}
Feb 17 02:26:31.999203 np0000155886 nova-scheduler[108942]: DEBUG cotyledon.oslo_config_glue [-] oslo_limit.endpoint_region_name = None {{(pid=108942) log_opt_values /opt/stack/data/venv/lib/python3.12/site-packages/oslo_config/cfg.py:2824}}
Feb 17 02:26:31.999203 np0000155886 nova-scheduler[108942]: DEBUG cotyledon.oslo_config_glue [-] oslo_limit.endpoint_service_name = None {{(pid=108942) log_opt_values /opt/stack/data/venv/lib/python3.12/site-packages/oslo_config/cfg.py:2824}}
Feb 17 02:26:31.999203 np0000155886 nova-scheduler[108942]: DEBUG cotyledon.oslo_config_glue [-] oslo_limit.endpoint_service_type = None {{(pid=108942) log_opt_values /opt/stack/data/venv/lib/python3.12/site-packages/oslo_config/cfg.py:2824}}
Feb 17 02:26:31.999203 np0000155886 nova-scheduler[108942]: DEBUG cotyledon.oslo_config_glue [-] oslo_limit.insecure = False {{(pid=108942) log_opt_values /opt/stack/data/venv/lib/python3.12/site-packages/oslo_config/cfg.py:2824}}
Feb 17 02:26:31.999489 np0000155886 nova-scheduler[108942]: DEBUG cotyledon.oslo_config_glue [-] oslo_limit.keyfile = None {{(pid=108942) log_opt_values /opt/stack/data/venv/lib/python3.12/site-packages/oslo_config/cfg.py:2824}}
Feb 17 02:26:31.999489 np0000155886 nova-scheduler[108942]: DEBUG cotyledon.oslo_config_glue [-] oslo_limit.max_version = None {{(pid=108942) log_opt_values /opt/stack/data/venv/lib/python3.12/site-packages/oslo_config/cfg.py:2824}}
Feb 17 02:26:31.999489 np0000155886 nova-scheduler[108942]: DEBUG cotyledon.oslo_config_glue [-] oslo_limit.min_version = None {{(pid=108942) log_opt_values /opt/stack/data/venv/lib/python3.12/site-packages/oslo_config/cfg.py:2824}}
Feb 17 02:26:31.999489 np0000155886 nova-scheduler[108942]: DEBUG cotyledon.oslo_config_glue [-] oslo_limit.region_name = None {{(pid=108942) log_opt_values /opt/stack/data/venv/lib/python3.12/site-packages/oslo_config/cfg.py:2824}}
Feb 17 02:26:31.999489 np0000155886 nova-scheduler[108942]: DEBUG cotyledon.oslo_config_glue [-] oslo_limit.retriable_status_codes = None {{(pid=108942) log_opt_values /opt/stack/data/venv/lib/python3.12/site-packages/oslo_config/cfg.py:2824}}
Feb 17 02:26:31.999489 np0000155886 nova-scheduler[108942]: DEBUG cotyledon.oslo_config_glue [-] oslo_limit.service_name = None {{(pid=108942) log_opt_values /opt/stack/data/venv/lib/python3.12/site-packages/oslo_config/cfg.py:2824}}
Feb 17 02:26:31.999489 np0000155886 nova-scheduler[108942]: DEBUG cotyledon.oslo_config_glue [-] oslo_limit.service_type = None {{(pid=108942) log_opt_values /opt/stack/data/venv/lib/python3.12/site-packages/oslo_config/cfg.py:2824}}
Feb 17 02:26:31.999489 np0000155886 nova-scheduler[108942]: DEBUG cotyledon.oslo_config_glue [-] oslo_limit.split_loggers = False {{(pid=108942) log_opt_values /opt/stack/data/venv/lib/python3.12/site-packages/oslo_config/cfg.py:2824}}
Feb 17 02:26:31.999489 np0000155886 nova-scheduler[108942]: DEBUG cotyledon.oslo_config_glue [-] oslo_limit.status_code_retries = None {{(pid=108942) log_opt_values /opt/stack/data/venv/lib/python3.12/site-packages/oslo_config/cfg.py:2824}}
Feb 17 02:26:31.999789 np0000155886 nova-scheduler[108942]: DEBUG cotyledon.oslo_config_glue [-] oslo_limit.status_code_retry_delay = None {{(pid=108942) log_opt_values /opt/stack/data/venv/lib/python3.12/site-packages/oslo_config/cfg.py:2824}}
Feb 17 02:26:31.999789 np0000155886 nova-scheduler[108942]: DEBUG cotyledon.oslo_config_glue [-] oslo_limit.timeout = None {{(pid=108942) log_opt_values /opt/stack/data/venv/lib/python3.12/site-packages/oslo_config/cfg.py:2824}}
Feb 17 02:26:31.999789 np0000155886 nova-scheduler[108942]: DEBUG cotyledon.oslo_config_glue [-] oslo_limit.valid_interfaces = None {{(pid=108942) log_opt_values /opt/stack/data/venv/lib/python3.12/site-packages/oslo_config/cfg.py:2824}}
Feb 17 02:26:31.999789 np0000155886 nova-scheduler[108942]: DEBUG cotyledon.oslo_config_glue [-] oslo_limit.version = None {{(pid=108942) log_opt_values /opt/stack/data/venv/lib/python3.12/site-packages/oslo_config/cfg.py:2824}}
Feb 17 02:26:31.999789 np0000155886 nova-scheduler[108942]: DEBUG cotyledon.oslo_config_glue [-] oslo_reports.file_event_handler = None {{(pid=108942) log_opt_values /opt/stack/data/venv/lib/python3.12/site-packages/oslo_config/cfg.py:2824}}
Feb 17 02:26:31.999789 np0000155886 nova-scheduler[108942]: DEBUG cotyledon.oslo_config_glue [-] oslo_reports.file_event_handler_interval = 1 {{(pid=108942) log_opt_values /opt/stack/data/venv/lib/python3.12/site-packages/oslo_config/cfg.py:2824}}
Feb 17 02:26:31.999789 np0000155886 nova-scheduler[108942]: DEBUG cotyledon.oslo_config_glue [-] oslo_reports.log_dir = None {{(pid=108942) log_opt_values /opt/stack/data/venv/lib/python3.12/site-packages/oslo_config/cfg.py:2824}}
Feb 17 02:26:31.999789 np0000155886 nova-scheduler[108942]: DEBUG cotyledon.oslo_config_glue [-] ******************************************************************************** {{(pid=108942) log_opt_values /opt/stack/data/venv/lib/python3.12/site-packages/oslo_config/cfg.py:2828}}
Feb 17 02:26:31.999789 np0000155886 nova-scheduler[108942]: DEBUG cotyledon._service_worker [-] Run service ServiceWrapper(3) [108942] {{(pid=108942) wait_forever /opt/stack/data/venv/lib/python3.12/site-packages/cotyledon/_service_worker.py:218}}
Feb 17 02:26:32.000113 np0000155886 nova-scheduler[108935]: DEBUG nova.service [None req-b6633e24-28c4-4802-b5ff-a2ee72c903da None None] Creating RPC server for service scheduler {{(pid=108935) start /opt/stack/nova/nova/service.py:177}}
Feb 17 02:26:32.000159 np0000155886 nova-scheduler[108942]: INFO nova.service [-] Starting scheduler node (version 32.1.0)
Feb 17 02:26:32.002977 np0000155886 nova-scheduler[108942]: INFO dbcounter [None req-52a9204a-a682-4a2d-90e4-a8adfae950b9 None None] Registered counter for database nova_cell0
Feb 17 02:26:32.007066 np0000155886 nova-scheduler[108926]: DEBUG nova.service [None req-394ae2e2-41ca-4464-aaa6-6fe78e08c4c8 None None] Creating RPC server for service scheduler {{(pid=108926) start /opt/stack/nova/nova/service.py:177}}
Feb 17 02:26:32.014961 np0000155886 nova-scheduler[108942]: DEBUG oslo_db.sqlalchemy.engines [None req-52a9204a-a682-4a2d-90e4-a8adfae950b9 None None] MySQL server mode set to STRICT_TRANS_TABLES,STRICT_ALL_TABLES,NO_ZERO_IN_DATE,NO_ZERO_DATE,ERROR_FOR_DIVISION_BY_ZERO,TRADITIONAL,NO_ENGINE_SUBSTITUTION {{(pid=108942) _check_effective_sql_mode /opt/stack/data/venv/lib/python3.12/site-packages/oslo_db/sqlalchemy/engines.py:325}}
Feb 17 02:26:32.017793 np0000155886 nova-scheduler[108935]: DEBUG nova.service [None req-b6633e24-28c4-4802-b5ff-a2ee72c903da None None] Join ServiceGroup membership for this service scheduler {{(pid=108935) start /opt/stack/nova/nova/service.py:194}}
Feb 17 02:26:32.018016 np0000155886 nova-scheduler[108935]: DEBUG nova.servicegroup.drivers.db [None req-b6633e24-28c4-4802-b5ff-a2ee72c903da None None] DB_Driver: join new ServiceGroup member np0000155886 to the scheduler group, service = {{(pid=108935) join /opt/stack/nova/nova/servicegroup/drivers/db.py:44}}
Feb 17 02:26:32.023713 np0000155886 nova-scheduler[108919]: DEBUG nova.service [None req-0974cdb9-22b7-4fa8-a59c-77bfbc9f15bb None None] Join ServiceGroup membership for this service scheduler {{(pid=108919) start /opt/stack/nova/nova/service.py:194}}
Feb 17 02:26:32.023952 np0000155886 nova-scheduler[108919]: DEBUG nova.servicegroup.drivers.db [None req-0974cdb9-22b7-4fa8-a59c-77bfbc9f15bb None None] DB_Driver: join new ServiceGroup member np0000155886 to the scheduler group, service = {{(pid=108919) join /opt/stack/nova/nova/servicegroup/drivers/db.py:44}}
Feb 17 02:26:32.026381 np0000155886 nova-scheduler[108942]: DEBUG dbcounter [-] [108942] Writer thread running {{(pid=108942) stat_writer /opt/stack/data/venv/lib/python3.12/site-packages/dbcounter.py:102}}
Feb 17 02:26:32.028911 np0000155886 nova-scheduler[108926]: DEBUG nova.service [None req-394ae2e2-41ca-4464-aaa6-6fe78e08c4c8 None None] Join ServiceGroup membership for this service scheduler {{(pid=108926) start /opt/stack/nova/nova/service.py:194}}
Feb 17 02:26:32.029176 np0000155886 nova-scheduler[108926]: DEBUG nova.servicegroup.drivers.db [None req-394ae2e2-41ca-4464-aaa6-6fe78e08c4c8 None None] DB_Driver: join new ServiceGroup member np0000155886 to the scheduler group, service = {{(pid=108926) join /opt/stack/nova/nova/servicegroup/drivers/db.py:44}}
Feb 17 02:26:32.029938 np0000155886 nova-scheduler[108942]: DEBUG nova.service [None req-52a9204a-a682-4a2d-90e4-a8adfae950b9 None None] Creating RPC server for service scheduler {{(pid=108942) start /opt/stack/nova/nova/service.py:177}}
Feb 17 02:26:32.049484 np0000155886 nova-scheduler[108942]: DEBUG nova.service [None req-52a9204a-a682-4a2d-90e4-a8adfae950b9 None None] Join ServiceGroup membership for this service scheduler {{(pid=108942) start /opt/stack/nova/nova/service.py:194}}
Feb 17 02:26:32.049815 np0000155886 nova-scheduler[108942]: DEBUG nova.servicegroup.drivers.db [None req-52a9204a-a682-4a2d-90e4-a8adfae950b9 None None] DB_Driver: join new ServiceGroup member np0000155886 to the scheduler group, service = {{(pid=108942) join /opt/stack/nova/nova/servicegroup/drivers/db.py:44}}
Feb 17 02:26:37.047300 np0000155886 nova-scheduler[108935]: DEBUG oslo.service.backend._threading.loopingcall [-] Fixed interval looping call 'nova.servicegroup.drivers.db.DbDriver._report_state' sleeping for 119.97 seconds {{(pid=108935) _run_loop /opt/stack/data/venv/lib/python3.12/site-packages/oslo_service/backend/_threading/loopingcall.py:125}}
Feb 17 02:26:37.048000 np0000155886 nova-scheduler[108919]: DEBUG oslo.service.backend._threading.loopingcall [-] Fixed interval looping call 'nova.servicegroup.drivers.db.DbDriver._report_state' sleeping for 119.98 seconds {{(pid=108919) _run_loop /opt/stack/data/venv/lib/python3.12/site-packages/oslo_service/backend/_threading/loopingcall.py:125}}
Feb 17 02:26:37.048558 np0000155886 nova-scheduler[108926]: DEBUG oslo.service.backend._threading.loopingcall [-] Fixed interval looping call 'nova.servicegroup.drivers.db.DbDriver._report_state' sleeping for 119.98 seconds {{(pid=108926) _run_loop /opt/stack/data/venv/lib/python3.12/site-packages/oslo_service/backend/_threading/loopingcall.py:125}}
Feb 17 02:26:37.068486 np0000155886 nova-scheduler[108942]: DEBUG oslo.service.backend._threading.loopingcall [-] Fixed interval looping call 'nova.servicegroup.drivers.db.DbDriver._report_state' sleeping for 119.99 seconds {{(pid=108942) _run_loop /opt/stack/data/venv/lib/python3.12/site-packages/oslo_service/backend/_threading/loopingcall.py:125}}
Feb 17 02:26:40.610968 np0000155886 nova-scheduler[108156]: DEBUG dbcounter [-] [108156] Writing DB stats nova_api:SELECT=3 {{(pid=108156) stat_writer /opt/stack/data/venv/lib/python3.12/site-packages/dbcounter.py:115}}
Feb 17 02:26:40.714526 np0000155886 nova-scheduler[108156]: DEBUG dbcounter [-] [108156] Writing DB stats nova_cell0:SELECT=1 {{(pid=108156) stat_writer /opt/stack/data/venv/lib/python3.12/site-packages/dbcounter.py:115}}
Feb 17 02:26:40.722423 np0000155886 nova-scheduler[108156]: DEBUG dbcounter [-] [108156] Writing DB stats nova_cell1:SELECT=1 {{(pid=108156) stat_writer /opt/stack/data/venv/lib/python3.12/site-packages/dbcounter.py:115}}
Feb 17 02:26:41.032254 np0000155886 nova-scheduler[108926]: DEBUG oslo.service.backend._threading.loopingcall [None req-b651a95d-aa1e-4288-acb8-d50d5e402f1b None None] Dynamic interval looping call 'nova.service.Service.periodic_tasks' sleeping for 60.00 seconds {{(pid=108926) _run_loop /opt/stack/data/venv/lib/python3.12/site-packages/oslo_service/backend/_threading/loopingcall.py:125}}
Feb 17 02:26:43.054870 np0000155886 nova-scheduler[108942]: DEBUG oslo.service.backend._threading.loopingcall [None req-0d64cd31-1999-42d6-b1ad-4503a3213c90 None None] Dynamic interval looping call 'nova.service.Service.periodic_tasks' sleeping for 60.00 seconds {{(pid=108942) _run_loop /opt/stack/data/venv/lib/python3.12/site-packages/oslo_service/backend/_threading/loopingcall.py:125}}
Feb 17 02:26:47.040834 np0000155886 nova-scheduler[108919]: DEBUG dbcounter [-] [108919] Writing DB stats nova_cell0:SELECT=4,nova_cell0:INSERT=1,nova_cell0:UPDATE=1 {{(pid=108919) stat_writer /opt/stack/data/venv/lib/python3.12/site-packages/dbcounter.py:115}}
Feb 17 02:26:47.041533 np0000155886 nova-scheduler[108935]: DEBUG dbcounter [-] [108935] Writing DB stats nova_cell0:SELECT=3,nova_cell0:UPDATE=1 {{(pid=108935) stat_writer /opt/stack/data/venv/lib/python3.12/site-packages/dbcounter.py:115}}
Feb 17 02:26:47.042090 np0000155886 nova-scheduler[108926]: DEBUG dbcounter [-] [108926] Writing DB stats nova_cell0:SELECT=4,nova_cell0:INSERT=1,nova_cell0:UPDATE=1 {{(pid=108926) stat_writer /opt/stack/data/venv/lib/python3.12/site-packages/dbcounter.py:115}}
Feb 17 02:26:47.064463 np0000155886 nova-scheduler[108942]: DEBUG dbcounter [-] [108942] Writing DB stats nova_cell0:SELECT=3 {{(pid=108942) stat_writer /opt/stack/data/venv/lib/python3.12/site-packages/dbcounter.py:115}}
Feb 17 02:26:53.026989 np0000155886 nova-scheduler[108919]: DEBUG oslo.service.backend._threading.loopingcall [None req-c97bc1bd-908a-47dd-ba88-86c69855ebe5 None None] Dynamic interval looping call 'nova.service.Service.periodic_tasks' sleeping for 60.00 seconds {{(pid=108919) _run_loop /opt/stack/data/venv/lib/python3.12/site-packages/oslo_service/backend/_threading/loopingcall.py:125}}
Feb 17 02:26:54.020989 np0000155886 nova-scheduler[108935]: DEBUG oslo.service.backend._threading.loopingcall [None req-1f316fbf-3f3f-4e78-a946-225919b39201 None None] Dynamic interval looping call 'nova.service.Service.periodic_tasks' sleeping for 60.00 seconds {{(pid=108935) _run_loop /opt/stack/data/venv/lib/python3.12/site-packages/oslo_service/backend/_threading/loopingcall.py:125}}
Feb 17 02:27:41.102370 np0000155886 nova-scheduler[108926]: DEBUG oslo.service.backend._threading.loopingcall [None req-b651a95d-aa1e-4288-acb8-d50d5e402f1b None None] Dynamic interval looping call 'nova.service.Service.periodic_tasks' sleeping for 60.00 seconds {{(pid=108926) _run_loop /opt/stack/data/venv/lib/python3.12/site-packages/oslo_service/backend/_threading/loopingcall.py:125}}
Feb 17 02:27:43.055682 np0000155886 nova-scheduler[108942]: DEBUG oslo.service.backend._threading.loopingcall [None req-0d64cd31-1999-42d6-b1ad-4503a3213c90 None None] Dynamic interval looping call 'nova.service.Service.periodic_tasks' sleeping for 60.00 seconds {{(pid=108942) _run_loop /opt/stack/data/venv/lib/python3.12/site-packages/oslo_service/backend/_threading/loopingcall.py:125}}
Feb 17 02:27:53.027731 np0000155886 nova-scheduler[108919]: DEBUG oslo.service.backend._threading.loopingcall [None req-c97bc1bd-908a-47dd-ba88-86c69855ebe5 None None] Dynamic interval looping call 'nova.service.Service.periodic_tasks' sleeping for 60.00 seconds {{(pid=108919) _run_loop /opt/stack/data/venv/lib/python3.12/site-packages/oslo_service/backend/_threading/loopingcall.py:125}}
Feb 17 02:27:54.021652 np0000155886 nova-scheduler[108935]: DEBUG oslo.service.backend._threading.loopingcall [None req-1f316fbf-3f3f-4e78-a946-225919b39201 None None] Dynamic interval looping call 'nova.service.Service.periodic_tasks' sleeping for 60.00 seconds {{(pid=108935) _run_loop /opt/stack/data/venv/lib/python3.12/site-packages/oslo_service/backend/_threading/loopingcall.py:125}}
Feb 17 02:28:37.042362 np0000155886 nova-scheduler[108935]: DEBUG oslo.service.backend._threading.loopingcall [-] Fixed interval looping call 'nova.servicegroup.drivers.db.DbDriver._report_state' sleeping for 119.98 seconds {{(pid=108935) _run_loop /opt/stack/data/venv/lib/python3.12/site-packages/oslo_service/backend/_threading/loopingcall.py:125}}
Feb 17 02:28:37.043355 np0000155886 nova-scheduler[108919]: DEBUG oslo.service.backend._threading.loopingcall [-] Fixed interval looping call 'nova.servicegroup.drivers.db.DbDriver._report_state' sleeping for 119.98 seconds {{(pid=108919) _run_loop /opt/stack/data/venv/lib/python3.12/site-packages/oslo_service/backend/_threading/loopingcall.py:125}}
Feb 17 02:28:37.044267 np0000155886 nova-scheduler[108926]: DEBUG oslo.service.backend._threading.loopingcall [-] Fixed interval looping call 'nova.servicegroup.drivers.db.DbDriver._report_state' sleeping for 119.98 seconds {{(pid=108926) _run_loop /opt/stack/data/venv/lib/python3.12/site-packages/oslo_service/backend/_threading/loopingcall.py:125}}
Feb 17 02:28:37.064464 np0000155886 nova-scheduler[108942]: DEBUG oslo.service.backend._threading.loopingcall [-] Fixed interval looping call 'nova.servicegroup.drivers.db.DbDriver._report_state' sleeping for 119.99 seconds {{(pid=108942) _run_loop /opt/stack/data/venv/lib/python3.12/site-packages/oslo_service/backend/_threading/loopingcall.py:125}}
Feb 17 02:28:41.034109 np0000155886 nova-scheduler[108926]: DEBUG oslo.service.backend._threading.loopingcall [None req-b651a95d-aa1e-4288-acb8-d50d5e402f1b None None] Dynamic interval looping call 'nova.service.Service.periodic_tasks' sleeping for 60.00 seconds {{(pid=108926) _run_loop /opt/stack/data/venv/lib/python3.12/site-packages/oslo_service/backend/_threading/loopingcall.py:125}}
Feb 17 02:28:43.056655 np0000155886 nova-scheduler[108942]: DEBUG oslo.service.backend._threading.loopingcall [None req-0d64cd31-1999-42d6-b1ad-4503a3213c90 None None] Dynamic interval looping call 'nova.service.Service.periodic_tasks' sleeping for 60.00 seconds {{(pid=108942) _run_loop /opt/stack/data/venv/lib/python3.12/site-packages/oslo_service/backend/_threading/loopingcall.py:125}}
Feb 17 02:28:47.022973 np0000155886 nova-scheduler[108935]: DEBUG dbcounter [-] [108935] Writing DB stats nova_cell0:SELECT=1,nova_cell0:UPDATE=1 {{(pid=108935) stat_writer /opt/stack/data/venv/lib/python3.12/site-packages/dbcounter.py:115}}
Feb 17 02:28:47.030921 np0000155886 nova-scheduler[108919]: DEBUG dbcounter [-] [108919] Writing DB stats nova_cell0:SELECT=1,nova_cell0:UPDATE=1 {{(pid=108919) stat_writer /opt/stack/data/venv/lib/python3.12/site-packages/dbcounter.py:115}}
Feb 17 02:28:47.031899 np0000155886 nova-scheduler[108926]: DEBUG dbcounter [-] [108926] Writing DB stats nova_cell0:SELECT=1,nova_cell0:UPDATE=1 {{(pid=108926) stat_writer /opt/stack/data/venv/lib/python3.12/site-packages/dbcounter.py:115}}
Feb 17 02:28:47.061287 np0000155886 nova-scheduler[108942]: DEBUG dbcounter [-] [108942] Writing DB stats nova_cell0:SELECT=1 {{(pid=108942) stat_writer /opt/stack/data/venv/lib/python3.12/site-packages/dbcounter.py:115}}
Feb 17 02:28:53.028240 np0000155886 nova-scheduler[108919]: DEBUG oslo.service.backend._threading.loopingcall [None req-c97bc1bd-908a-47dd-ba88-86c69855ebe5 None None] Dynamic interval looping call 'nova.service.Service.periodic_tasks' sleeping for 60.00 seconds {{(pid=108919) _run_loop /opt/stack/data/venv/lib/python3.12/site-packages/oslo_service/backend/_threading/loopingcall.py:125}}
Feb 17 02:28:54.023016 np0000155886 nova-scheduler[108935]: DEBUG oslo.service.backend._threading.loopingcall [None req-1f316fbf-3f3f-4e78-a946-225919b39201 None None] Dynamic interval looping call 'nova.service.Service.periodic_tasks' sleeping for 60.00 seconds {{(pid=108935) _run_loop /opt/stack/data/venv/lib/python3.12/site-packages/oslo_service/backend/_threading/loopingcall.py:125}}
Feb 17 02:29:41.034876 np0000155886 nova-scheduler[108926]: DEBUG oslo.service.backend._threading.loopingcall [None req-b651a95d-aa1e-4288-acb8-d50d5e402f1b None None] Dynamic interval looping call 'nova.service.Service.periodic_tasks' sleeping for 60.00 seconds {{(pid=108926) _run_loop /opt/stack/data/venv/lib/python3.12/site-packages/oslo_service/backend/_threading/loopingcall.py:125}}
Feb 17 02:29:43.057463 np0000155886 nova-scheduler[108942]: DEBUG oslo.service.backend._threading.loopingcall [None req-0d64cd31-1999-42d6-b1ad-4503a3213c90 None None] Dynamic interval looping call 'nova.service.Service.periodic_tasks' sleeping for 60.00 seconds {{(pid=108942) _run_loop /opt/stack/data/venv/lib/python3.12/site-packages/oslo_service/backend/_threading/loopingcall.py:125}}
Feb 17 02:29:53.030235 np0000155886 nova-scheduler[108919]: DEBUG oslo.service.backend._threading.loopingcall [None req-c97bc1bd-908a-47dd-ba88-86c69855ebe5 None None] Dynamic interval looping call 'nova.service.Service.periodic_tasks' sleeping for 60.00 seconds {{(pid=108919) _run_loop /opt/stack/data/venv/lib/python3.12/site-packages/oslo_service/backend/_threading/loopingcall.py:125}}
Feb 17 02:29:54.023861 np0000155886 nova-scheduler[108935]: DEBUG oslo.service.backend._threading.loopingcall [None req-1f316fbf-3f3f-4e78-a946-225919b39201 None None] Dynamic interval looping call 'nova.service.Service.periodic_tasks' sleeping for 60.00 seconds {{(pid=108935) _run_loop /opt/stack/data/venv/lib/python3.12/site-packages/oslo_service/backend/_threading/loopingcall.py:125}}
Feb 17 02:30:37.090700 np0000155886 nova-scheduler[108935]: DEBUG oslo.service.backend._threading.loopingcall [-] Fixed interval looping call 'nova.servicegroup.drivers.db.DbDriver._report_state' sleeping for 119.93 seconds {{(pid=108935) _run_loop /opt/stack/data/venv/lib/python3.12/site-packages/oslo_service/backend/_threading/loopingcall.py:125}}
Feb 17 02:30:37.091638 np0000155886 nova-scheduler[108919]: DEBUG oslo.service.backend._threading.loopingcall [-] Fixed interval looping call 'nova.servicegroup.drivers.db.DbDriver._report_state' sleeping for 119.93 seconds {{(pid=108919) _run_loop /opt/stack/data/venv/lib/python3.12/site-packages/oslo_service/backend/_threading/loopingcall.py:125}}
Feb 17 02:30:37.092510 np0000155886 nova-scheduler[108926]: DEBUG oslo.service.backend._threading.loopingcall [-] Fixed interval looping call 'nova.servicegroup.drivers.db.DbDriver._report_state' sleeping for 119.93 seconds {{(pid=108926) _run_loop /opt/stack/data/venv/lib/python3.12/site-packages/oslo_service/backend/_threading/loopingcall.py:125}}
