2026-07-02 01:51:08.320 9 INFO neutron.wsgi [req-c5f4af40-64d1-4415-aef4-608b73073815 req-5e1c78db-b097-4807-be0e-939f9d02219d 9ef1dca6db9a4a69b4452a0b09c0e9b3 759eec1b1da447bf8e7801a7cff1cf39 - - default default] 10.0.0.125 "GET /v2.0/ports?device_id=ecdb2dd4-fef5-4994-9faf-cfa62b9e1e37 HTTP/1.1" status: 200 len: 1174 time: 0.0452979
2026-07-02 01:51:08.364 10 INFO neutron.db.segments_db [None req-27960d3e-0cab-4e48-b41a-e49879a99c50 da4bd8fec1d543518a2663e7258a6fcc 4e5d458f808c4d499649bb8d10640c9a - - default default] Added segment f7cb0e7a-702c-4283-8388-59b1102f543b of type geneve for network 00c2ab11-667d-4241-82b3-7a432f1ea0b4
2026-07-02 01:51:08.398 9 INFO neutron.wsgi [req-c5f4af40-64d1-4415-aef4-608b73073815 req-ca647538-c862-4513-8d9f-863b1308f04c 9ef1dca6db9a4a69b4452a0b09c0e9b3 759eec1b1da447bf8e7801a7cff1cf39 - - default default] 10.0.0.125 "GET /v2.0/security-groups?id=a5021fbc-eb79-4122-838b-aed7c9b57efb&fields=id&fields=name HTTP/1.1" status: 200 len: 313 time: 0.0576818
2026-07-02 01:51:08.490 9 INFO neutron.wsgi [req-579c4058-f735-4392-a96f-eb9b2fd2dc36 req-26338b1b-2a76-488d-8b8c-cb9c7cc7a4f3 9ef1dca6db9a4a69b4452a0b09c0e9b3 759eec1b1da447bf8e7801a7cff1cf39 - - default default] 10.0.0.125 "GET /v2.0/ports?device_id=ecdb2dd4-fef5-4994-9faf-cfa62b9e1e37 HTTP/1.1" status: 200 len: 1174 time: 0.0356448
2026-07-02 01:51:08.536 9 INFO neutron.wsgi [req-579c4058-f735-4392-a96f-eb9b2fd2dc36 req-24972c3a-1fcf-448b-82ff-649460d3bf87 9ef1dca6db9a4a69b4452a0b09c0e9b3 759eec1b1da447bf8e7801a7cff1cf39 - - default default] 10.0.0.125 "GET /v2.0/security-groups?id=a5021fbc-eb79-4122-838b-aed7c9b57efb&fields=id&fields=name HTTP/1.1" status: 200 len: 313 time: 0.0396769
2026-07-02 01:51:08.557 10 INFO neutron.wsgi [None req-dfabcba2-04f1-4ce9-85d6-d09fcbd70546 0785ec01bfbb49a3b56fa95061537b39 bd32e336a76443538ecfe0ed4257b9f7 - - default default] 10.0.0.146 "DELETE /v2.0/security-groups/6235046a-3ea3-4955-b5aa-12a2e0dc396e HTTP/1.1" status: 204 len: 168 time: 0.3288665
2026-07-02 01:51:08.558 10 INFO neutron.db.ovn_revision_numbers_db [None req-27960d3e-0cab-4e48-b41a-e49879a99c50 da4bd8fec1d543518a2663e7258a6fcc 4e5d458f808c4d499649bb8d10640c9a - - default default] Successfully bumped revision number for resource 00c2ab11-667d-4241-82b3-7a432f1ea0b4 (type: networks) to 1
2026-07-02 01:51:08.604 9 INFO neutron.wsgi [None req-eacbdbd6-43b3-4919-ba48-b59f40443f31 42c8249e6997410681f68950d940a1be 0d867366d3bc4dd69dc5f0843c644823 - - default default] 10.0.0.146 "GET /v2.0/ports?device_id=ecdb2dd4-fef5-4994-9faf-cfa62b9e1e37 HTTP/1.1" status: 200 len: 1408 time: 0.0398884
2026-07-02 01:51:08.738 10 WARNING neutron.scheduler.dhcp_agent_scheduler [None req-27960d3e-0cab-4e48-b41a-e49879a99c50 da4bd8fec1d543518a2663e7258a6fcc 4e5d458f808c4d499649bb8d10640c9a - - default default] No more DHCP agents
2026-07-02 01:51:08.740 10 WARNING neutron.api.rpc.agentnotifiers.dhcp_rpc_agent_api [None req-27960d3e-0cab-4e48-b41a-e49879a99c50 da4bd8fec1d543518a2663e7258a6fcc 4e5d458f808c4d499649bb8d10640c9a - - default default] Unable to schedule network 00c2ab11-667d-4241-82b3-7a432f1ea0b4: no agents available; will retry on subsequent port and subnet creation events.
2026-07-02 01:51:08.827 10 INFO neutron.db.ovn_revision_numbers_db [None req-27960d3e-0cab-4e48-b41a-e49879a99c50 da4bd8fec1d543518a2663e7258a6fcc 4e5d458f808c4d499649bb8d10640c9a - - default default] Successfully bumped revision number for resource 888a6c92-f657-4979-b93e-c8ae15981489 (type: ports) to 1
2026-07-02 01:51:08.850 10 INFO neutron.wsgi [None req-27960d3e-0cab-4e48-b41a-e49879a99c50 da4bd8fec1d543518a2663e7258a6fcc 4e5d458f808c4d499649bb8d10640c9a - - default default] 10.0.0.146 "POST /v2.0/networks HTTP/1.1" status: 201 len: 847 time: 0.9673505
2026-07-02 01:51:08.888 9 WARNING neutron.scheduler.dhcp_agent_scheduler [None req-32c9d588-26c8-4081-932d-934adee131a8 9ef1dca6db9a4a69b4452a0b09c0e9b3 759eec1b1da447bf8e7801a7cff1cf39 - - default default] No more DHCP agents
2026-07-02 01:51:08.890 9 WARNING neutron.api.rpc.agentnotifiers.dhcp_rpc_agent_api [None req-32c9d588-26c8-4081-932d-934adee131a8 9ef1dca6db9a4a69b4452a0b09c0e9b3 759eec1b1da447bf8e7801a7cff1cf39 - - default default] Unable to schedule network 2ac29a0c-5edc-47bb-bd0b-d5a39027a43f: no agents available; will retry on subsequent port and subnet creation events.
2026-07-02 01:51:09.589 9 INFO neutron.db.l3_db [None req-32c9d588-26c8-4081-932d-934adee131a8 9ef1dca6db9a4a69b4452a0b09c0e9b3 759eec1b1da447bf8e7801a7cff1cf39 - - default default] Floating IP 151883d0-118b-438d-88ac-1dcd4d15a2b6 associated. External IP: 10.96.250.218, port: 47344e46-d733-45a1-8465-3676ad6a2951.
2026-07-02 01:51:09.635 9 WARNING neutron.scheduler.dhcp_agent_scheduler [None req-89bbe1d3-e60a-4fcd-8b26-99b1f8f8f218 da4bd8fec1d543518a2663e7258a6fcc 4e5d458f808c4d499649bb8d10640c9a - - default default] No more DHCP agents
2026-07-02 01:51:09.639 9 WARNING neutron.api.rpc.agentnotifiers.dhcp_rpc_agent_api [None req-89bbe1d3-e60a-4fcd-8b26-99b1f8f8f218 da4bd8fec1d543518a2663e7258a6fcc 4e5d458f808c4d499649bb8d10640c9a - - default default] Unable to schedule network 00c2ab11-667d-4241-82b3-7a432f1ea0b4: no agents available; will retry on subsequent port and subnet creation events.
2026-07-02 01:51:09.702 9 INFO neutron.db.ovn_revision_numbers_db [None req-89bbe1d3-e60a-4fcd-8b26-99b1f8f8f218 da4bd8fec1d543518a2663e7258a6fcc 4e5d458f808c4d499649bb8d10640c9a - - default default] Successfully bumped revision number for resource 46b58a18-b5fc-41e2-85f2-4ee942348655 (type: subnets) to 0
2026-07-02 01:51:09.732 9 INFO neutron.wsgi [None req-89bbe1d3-e60a-4fcd-8b26-99b1f8f8f218 da4bd8fec1d543518a2663e7258a6fcc 4e5d458f808c4d499649bb8d10640c9a - - default default] 10.0.0.146 "POST /v2.0/subnets HTTP/1.1" status: 201 len: 848 time: 0.4220665
2026-07-02 01:51:09.831 9 INFO neutron.db.ovn_revision_numbers_db [None req-32c9d588-26c8-4081-932d-934adee131a8 9ef1dca6db9a4a69b4452a0b09c0e9b3 759eec1b1da447bf8e7801a7cff1cf39 - - default default] Successfully bumped revision number for resource 151883d0-118b-438d-88ac-1dcd4d15a2b6 (type: floatingips) to 0
2026-07-02 01:51:09.871 10 INFO neutron.wsgi [-] 10.0.0.74 "GET / HTTP/1.1" status: 200 len: 247 time: 0.0027406
2026-07-02 01:51:09.875 10 INFO neutron.wsgi [-] 10.0.0.74 "GET / HTTP/1.1" status: 200 len: 247 time: 0.0033410
2026-07-02 01:51:09.889 9 INFO neutron.db.segments_db [None req-1bf1c136-293b-4006-a8b9-eda38e045046 da4bd8fec1d543518a2663e7258a6fcc 4e5d458f808c4d499649bb8d10640c9a - - default default] Added segment 82fcb657-de5b-4b9f-87a9-5ff0576d80e0 of type geneve for network 31cf8a8f-ab70-4a1e-b6cd-0192c4fcbb8e
2026-07-02 01:51:10.004 9 INFO neutron.db.ovn_revision_numbers_db [None req-32c9d588-26c8-4081-932d-934adee131a8 9ef1dca6db9a4a69b4452a0b09c0e9b3 759eec1b1da447bf8e7801a7cff1cf39 - - default default] Successfully bumped revision number for resource 151883d0-118b-438d-88ac-1dcd4d15a2b6 (type: floatingips) to 1
2026-07-02 01:51:10.078 9 INFO neutron.wsgi [None req-32c9d588-26c8-4081-932d-934adee131a8 9ef1dca6db9a4a69b4452a0b09c0e9b3 759eec1b1da447bf8e7801a7cff1cf39 - - default default] 10.0.0.146 "POST /v2.0/floatingips HTTP/1.1" status: 201 len: 1055 time: 1.4692216 /var/lib/openstack/lib/python3.10/site-packages/pycadf/identifier.py:71: UserWarning: Invalid uuid: neutron. To ensure interoperability, identifiers should be a valid uuid. warnings.warn(('Invalid uuid: %s. To ensure interoperability, '
2026-07-02 01:51:10.116 9 INFO neutron.notifiers.nova [-] Nova event matching ['req-d7130ffd-1bfa-4ab5-88c3-ce24800b4df5'] response: {'name': 'network-changed', 'server_uuid': 'ecdb2dd4-fef5-4994-9faf-cfa62b9e1e37', 'tag': '47344e46-d733-45a1-8465-3676ad6a2951', 'status': 'completed', 'code': 200}
2026-07-02 01:51:10.117 9 INFO neutron.db.ovn_revision_numbers_db [None req-1bf1c136-293b-4006-a8b9-eda38e045046 da4bd8fec1d543518a2663e7258a6fcc 4e5d458f808c4d499649bb8d10640c9a - - default default] Successfully bumped revision number for resource 31cf8a8f-ab70-4a1e-b6cd-0192c4fcbb8e (type: networks) to 1
2026-07-02 01:51:10.137 10 INFO neutron.wsgi [None req-1ff59783-a3a6-4132-beb9-48857be0a44d 9ef1dca6db9a4a69b4452a0b09c0e9b3 759eec1b1da447bf8e7801a7cff1cf39 - - default default] 10.0.0.146 "GET /v2.0/floatingips/151883d0-118b-438d-88ac-1dcd4d15a2b6 HTTP/1.1" status: 200 len: 1052 time: 0.0552251
2026-07-02 01:51:10.178 10 INFO neutron.wsgi [req-061341e3-624a-499a-b06d-7aec94a94c51 req-51c3adc3-b1aa-4369-8826-fd4767fc08f4 57fe36a488ba486081a343b635dfba0d 8f0f3f8a99ec42549119dbc71ad33162 - - b77b7b8eed434c65920ba20056628b30 b77b7b8eed434c65920ba20056628b30] 199.204.45.70 "GET /v2.0/ports?tenant_id=759eec1b1da447bf8e7801a7cff1cf39&device_id=ecdb2dd4-fef5-4994-9faf-cfa62b9e1e37 HTTP/1.1" status: 200 len: 1413 time: 0.0401111
2026-07-02 01:51:10.270 10 INFO neutron.wsgi [req-061341e3-624a-499a-b06d-7aec94a94c51 req-860ab845-6caf-449b-8ed2-21b2ee597e2e 57fe36a488ba486081a343b635dfba0d 8f0f3f8a99ec42549119dbc71ad33162 - - b77b7b8eed434c65920ba20056628b30 b77b7b8eed434c65920ba20056628b30] 199.204.45.70 "GET /v2.0/networks?id=4606972d-c507-4616-83c0-a53470db1d6d HTTP/1.1" status: 200 len: 959 time: 0.0838060
2026-07-02 01:51:10.308 9 WARNING neutron.scheduler.dhcp_agent_scheduler [None req-1bf1c136-293b-4006-a8b9-eda38e045046 da4bd8fec1d543518a2663e7258a6fcc 4e5d458f808c4d499649bb8d10640c9a - - default default] No more DHCP agents
2026-07-02 01:51:10.310 9 WARNING neutron.api.rpc.agentnotifiers.dhcp_rpc_agent_api [None req-1bf1c136-293b-4006-a8b9-eda38e045046 da4bd8fec1d543518a2663e7258a6fcc 4e5d458f808c4d499649bb8d10640c9a - - default default] Unable to schedule network 31cf8a8f-ab70-4a1e-b6cd-0192c4fcbb8e: no agents available; will retry on subsequent port and subnet creation events.
2026-07-02 01:51:10.336 10 INFO neutron.wsgi [req-061341e3-624a-499a-b06d-7aec94a94c51 req-6ea5a4a7-574b-47c7-9708-7b1962bc80cf 57fe36a488ba486081a343b635dfba0d 8f0f3f8a99ec42549119dbc71ad33162 - - b77b7b8eed434c65920ba20056628b30 b77b7b8eed434c65920ba20056628b30] 199.204.45.70 "GET /v2.0/floatingips?fixed_ip_address=10.100.0.14&port_id=47344e46-d733-45a1-8465-3676ad6a2951 HTTP/1.1" status: 200 len: 1060 time: 0.0575407
2026-07-02 01:51:10.387 10 INFO neutron.wsgi [req-061341e3-624a-499a-b06d-7aec94a94c51 req-29ed01a0-b63a-414a-a4cf-2156fc55b142 57fe36a488ba486081a343b635dfba0d 8f0f3f8a99ec42549119dbc71ad33162 - - b77b7b8eed434c65920ba20056628b30 b77b7b8eed434c65920ba20056628b30] 199.204.45.70 "GET /v2.0/subnets?id=7abc0031-73d9-43fd-8c04-6d4ce57118ef HTTP/1.1" status: 200 len: 852 time: 0.0404706
2026-07-02 01:51:10.407 9 INFO neutron.db.ovn_revision_numbers_db [None req-1bf1c136-293b-4006-a8b9-eda38e045046 da4bd8fec1d543518a2663e7258a6fcc 4e5d458f808c4d499649bb8d10640c9a - - default default] Successfully bumped revision number for resource a8c1afd6-15d2-403e-9855-ae6c135e7072 (type: ports) to 1
2026-07-02 01:51:10.412 10 INFO neutron.wsgi [req-061341e3-624a-499a-b06d-7aec94a94c51 req-4996334f-d1f7-48ce-ad50-d8242806e4ce 57fe36a488ba486081a343b635dfba0d 8f0f3f8a99ec42549119dbc71ad33162 - - b77b7b8eed434c65920ba20056628b30 b77b7b8eed434c65920ba20056628b30] 199.204.45.70 "GET /v2.0/ports?network_id=4606972d-c507-4616-83c0-a53470db1d6d&device_owner=network%3Adhcp HTTP/1.1" status: 200 len: 210 time: 0.0192826
2026-07-02 01:51:10.429 9 INFO neutron.wsgi [None req-1bf1c136-293b-4006-a8b9-eda38e045046 da4bd8fec1d543518a2663e7258a6fcc 4e5d458f808c4d499649bb8d10640c9a - - default default] 10.0.0.146 "POST /v2.0/networks HTTP/1.1" status: 201 len: 847 time: 0.6908317
2026-07-02 01:51:10.509 10 INFO neutron.wsgi [req-061341e3-624a-499a-b06d-7aec94a94c51 req-d9eab58b-f2e8-4789-821c-d53ea4ca30a4 57fe36a488ba486081a343b635dfba0d 8f0f3f8a99ec42549119dbc71ad33162 - - b77b7b8eed434c65920ba20056628b30 b77b7b8eed434c65920ba20056628b30] 199.204.45.70 "GET /v2.0/networks/4606972d-c507-4616-83c0-a53470db1d6d?fields=segments HTTP/1.1" status: 200 len: 212 time: 0.0881245
2026-07-02 01:51:10.603 10 INFO neutron.wsgi [req-061341e3-624a-499a-b06d-7aec94a94c51 req-36eac39d-13dd-4f11-a695-711a7f4717aa 57fe36a488ba486081a343b635dfba0d 8f0f3f8a99ec42549119dbc71ad33162 - - b77b7b8eed434c65920ba20056628b30 b77b7b8eed434c65920ba20056628b30] 199.204.45.70 "GET /v2.0/networks/4606972d-c507-4616-83c0-a53470db1d6d?fields=provider%3Aphysical_network&fields=provider%3Anetwork_type HTTP/1.1" status: 200 len: 277 time: 0.0862038
2026-07-02 01:51:10.679 10 INFO neutron.db.ovn_revision_numbers_db [None req-3c4b7841-7b6f-4687-9a75-08080c16312d da4bd8fec1d543518a2663e7258a6fcc 4e5d458f808c4d499649bb8d10640c9a - - default default] Successfully bumped revision number for resource 31cf8a8f-ab70-4a1e-b6cd-0192c4fcbb8e (type: networks) to 2
2026-07-02 01:51:10.683 10 INFO neutron.wsgi [None req-3c4b7841-7b6f-4687-9a75-08080c16312d da4bd8fec1d543518a2663e7258a6fcc 4e5d458f808c4d499649bb8d10640c9a - - default default] 10.0.0.146 "PUT /v2.0/networks/31cf8a8f-ab70-4a1e-b6cd-0192c4fcbb8e HTTP/1.1" status: 200 len: 792 time: 0.2497282
2026-07-02 01:51:10.930 10 WARNING neutron.scheduler.dhcp_agent_scheduler [None req-0be3688a-6abe-461d-80c7-2028dd7c3412 da4bd8fec1d543518a2663e7258a6fcc 4e5d458f808c4d499649bb8d10640c9a - - default default] No more DHCP agents
2026-07-02 01:51:10.932 10 WARNING neutron.api.rpc.agentnotifiers.dhcp_rpc_agent_api [None req-0be3688a-6abe-461d-80c7-2028dd7c3412 da4bd8fec1d543518a2663e7258a6fcc 4e5d458f808c4d499649bb8d10640c9a - - default default] Unable to schedule network 31cf8a8f-ab70-4a1e-b6cd-0192c4fcbb8e: no agents available; will retry on subsequent port and subnet creation events.
2026-07-02 01:51:10.971 10 INFO neutron.db.ovn_revision_numbers_db [None req-0be3688a-6abe-461d-80c7-2028dd7c3412 da4bd8fec1d543518a2663e7258a6fcc 4e5d458f808c4d499649bb8d10640c9a - - default default] Successfully bumped revision number for resource 4da7a70c-530f-4c77-94a6-4822fdd76fc4 (type: subnets) to 0
2026-07-02 01:51:10.994 10 INFO neutron.wsgi [None req-0be3688a-6abe-461d-80c7-2028dd7c3412 da4bd8fec1d543518a2663e7258a6fcc 4e5d458f808c4d499649bb8d10640c9a - - default default] 10.0.0.146 "POST /v2.0/subnets HTTP/1.1" status: 201 len: 821 time: 0.3051965
2026-07-02 01:51:11.705 10 INFO neutron.db.ovn_revision_numbers_db [None req-9ce8b525-dcea-422c-88f6-06ab41057c27 da4bd8fec1d543518a2663e7258a6fcc 4e5d458f808c4d499649bb8d10640c9a - - default default] Successfully bumped revision number for resource a8c1afd6-15d2-403e-9855-ae6c135e7072 (type: ports) to 2
2026-07-02 01:51:11.748 10 INFO neutron.db.ovn_revision_numbers_db [None req-9ce8b525-dcea-422c-88f6-06ab41057c27 da4bd8fec1d543518a2663e7258a6fcc 4e5d458f808c4d499649bb8d10640c9a - - default default] Successfully bumped revision number for resource 4da7a70c-530f-4c77-94a6-4822fdd76fc4 (type: subnets) to 1
2026-07-02 01:51:11.752 10 INFO neutron.wsgi [None req-9ce8b525-dcea-422c-88f6-06ab41057c27 da4bd8fec1d543518a2663e7258a6fcc 4e5d458f808c4d499649bb8d10640c9a - - default default] 10.0.0.146 "PUT /v2.0/subnets/4da7a70c-530f-4c77-94a6-4822fdd76fc4 HTTP/1.1" status: 200 len: 826 time: 0.7516363
2026-07-02 01:51:12.273 9 INFO neutron.services.segments.plugin [-] Segment 82fcb657-de5b-4b9f-87a9-5ff0576d80e0 resource provider aggregate not found
2026-07-02 01:51:12.279 9 INFO neutron.services.segments.plugin [-] Segment 82fcb657-de5b-4b9f-87a9-5ff0576d80e0 resource provider aggregate not found
2026-07-02 01:51:12.293 9 INFO neutron.services.segments.plugin [-] Segment 82fcb657-de5b-4b9f-87a9-5ff0576d80e0 resource provider not found; error: Placement Client Error (4xx): {"errors": [{"status": 404, "title": "Not Found", "detail": "The resource could not be found.\n\n No resource provider with uuid 82fcb657-de5b-4b9f-87a9-5ff0576d80e0 found for delete ", "request_id": "req-df3b3e32-120c-45aa-946f-8b57959df1d4"}]}
2026-07-02 01:51:12.298 9 INFO neutron.services.segments.plugin [-] Segment 82fcb657-de5b-4b9f-87a9-5ff0576d80e0 resource provider not found; error: Placement Client Error (4xx): {"errors": [{"status": 404, "title": "Not Found", "detail": "The resource could not be found.\n\n No resource provider with uuid 82fcb657-de5b-4b9f-87a9-5ff0576d80e0 found for delete ", "request_id": "req-08efb208-901a-4d1e-92cc-7913eac52021"}]}
2026-07-02 01:51:12.315 9 INFO neutron.wsgi [None req-82f034c3-c0ee-4b4d-a123-9ec76e2fdcaa da4bd8fec1d543518a2663e7258a6fcc 4e5d458f808c4d499649bb8d10640c9a - - default default] 10.0.0.146 "DELETE /v2.0/networks/31cf8a8f-ab70-4a1e-b6cd-0192c4fcbb8e HTTP/1.1" status: 204 len: 168 time: 0.5574861
2026-07-02 01:51:12.334 10 INFO neutron.pecan_wsgi.hooks.translation [None req-f3433735-135b-4186-945d-b625e524cb3c da4bd8fec1d543518a2663e7258a6fcc 4e5d458f808c4d499649bb8d10640c9a - - default default] DELETE failed (client error): The resource could not be found.
2026-07-02 01:51:12.336 10 INFO neutron.wsgi [None req-f3433735-135b-4186-945d-b625e524cb3c da4bd8fec1d543518a2663e7258a6fcc 4e5d458f808c4d499649bb8d10640c9a - - default default] 10.0.0.146 "DELETE /v2.0/networks/31cf8a8f-ab70-4a1e-b6cd-0192c4fcbb8e HTTP/1.1" status: 404 len: 339 time: 0.0161550
2026-07-02 01:51:12.474 10 INFO neutron.wsgi [None req-9cd255e5-fb32-4f90-8f69-04561bbe19e2 da4bd8fec1d543518a2663e7258a6fcc 4e5d458f808c4d499649bb8d10640c9a - - default default] 10.0.0.146 "GET /v2.0/networks?router%3Aexternal=True HTTP/1.1" status: 200 len: 845 time: 0.1323392
2026-07-02 01:51:12.499 10 INFO neutron.wsgi [req-1ec2e85f-3930-4aee-b4b8-ead1e383898c req-62948907-80cb-494c-90f8-004dc20272e1 57fe36a488ba486081a343b635dfba0d 8f0f3f8a99ec42549119dbc71ad33162 - - b77b7b8eed434c65920ba20056628b30 b77b7b8eed434c65920ba20056628b30] 199.204.45.70 "GET /v2.0/ports?device_id=ecdb2dd4-fef5-4994-9faf-cfa62b9e1e37&fields=binding%3Ahost_id&fields=binding%3Avif_type HTTP/1.1" status: 200 len: 265 time: 0.0574238
2026-07-02 01:51:12.526 9 INFO neutron.wsgi [None req-425edb07-168d-4753-9d76-4e0d7f0d7afb da4bd8fec1d543518a2663e7258a6fcc 4e5d458f808c4d499649bb8d10640c9a - - default default] 10.0.0.146 "GET /v2.0/subnets?network_id=2ac29a0c-5edc-47bb-bd0b-d5a39027a43f HTTP/1.1" status: 200 len: 820 time: 0.0464897
2026-07-02 01:51:12.538 9 INFO neutron.wsgi [None req-93ab6b8c-c4b9-45fe-88b3-975504206f87 da4bd8fec1d543518a2663e7258a6fcc 4e5d458f808c4d499649bb8d10640c9a - - default default] 10.0.0.146 "GET /v2.0/extensions HTTP/1.1" status: 200 len: 16520 time: 0.0060251
2026-07-02 01:51:12.580 10 INFO neutron.wsgi [req-1ec2e85f-3930-4aee-b4b8-ead1e383898c req-f890911d-9725-4a56-be08-234336d55d18 57fe36a488ba486081a343b635dfba0d 8f0f3f8a99ec42549119dbc71ad33162 - - b77b7b8eed434c65920ba20056628b30 b77b7b8eed434c65920ba20056628b30] 199.204.45.70 "GET /v2.0/ports?tenant_id=759eec1b1da447bf8e7801a7cff1cf39&device_id=ecdb2dd4-fef5-4994-9faf-cfa62b9e1e37 HTTP/1.1" status: 200 len: 1413 time: 0.0399153
2026-07-02 01:51:12.645 9 INFO neutron.wsgi [None req-41c63202-7347-4703-8bd2-cc136c527d42 da4bd8fec1d543518a2663e7258a6fcc 4e5d458f808c4d499649bb8d10640c9a - - default default] 10.0.0.146 "GET /v2.0/networks HTTP/1.1" status: 200 len: 1508 time: 0.1016266
2026-07-02 01:51:12.681 10 INFO neutron.wsgi [req-1ec2e85f-3930-4aee-b4b8-ead1e383898c req-4d1872ff-7d66-4346-9208-cf519743f9e1 57fe36a488ba486081a343b635dfba0d 8f0f3f8a99ec42549119dbc71ad33162 - - b77b7b8eed434c65920ba20056628b30 b77b7b8eed434c65920ba20056628b30] 199.204.45.70 "GET /v2.0/networks?id=4606972d-c507-4616-83c0-a53470db1d6d HTTP/1.1" status: 200 len: 959 time: 0.0832906
2026-07-02 01:51:12.714 9 INFO neutron.wsgi [None req-1d065d6c-a5d9-46ec-8c09-80d1990f17dd da4bd8fec1d543518a2663e7258a6fcc 4e5d458f808c4d499649bb8d10640c9a - - default default] 10.0.0.146 "GET /v2.0/subnets HTTP/1.1" status: 200 len: 1460 time: 0.0616872
2026-07-02 01:51:12.728 10 INFO neutron.wsgi [req-1ec2e85f-3930-4aee-b4b8-ead1e383898c req-46285a58-3bb2-4a58-865c-1de8e5ce38de 57fe36a488ba486081a343b635dfba0d 8f0f3f8a99ec42549119dbc71ad33162 - - b77b7b8eed434c65920ba20056628b30 b77b7b8eed434c65920ba20056628b30] 199.204.45.70 "GET /v2.0/floatingips?fixed_ip_address=10.100.0.14&port_id=47344e46-d733-45a1-8465-3676ad6a2951 HTTP/1.1" status: 200 len: 1060 time: 0.0432706
2026-07-02 01:51:12.761 10 INFO neutron.wsgi [req-1ec2e85f-3930-4aee-b4b8-ead1e383898c req-89ea6986-72f5-4671-a2d5-d2e46aa3b894 57fe36a488ba486081a343b635dfba0d 8f0f3f8a99ec42549119dbc71ad33162 - - b77b7b8eed434c65920ba20056628b30 b77b7b8eed434c65920ba20056628b30] 199.204.45.70 "GET /v2.0/subnets?id=7abc0031-73d9-43fd-8c04-6d4ce57118ef HTTP/1.1" status: 200 len: 852 time: 0.0284224
2026-07-02 01:51:12.786 10 INFO neutron.wsgi [req-1ec2e85f-3930-4aee-b4b8-ead1e383898c req-38844a31-636b-4473-ac53-2bb91b98326c 57fe36a488ba486081a343b635dfba0d 8f0f3f8a99ec42549119dbc71ad33162 - - b77b7b8eed434c65920ba20056628b30 b77b7b8eed434c65920ba20056628b30] 199.204.45.70 "GET /v2.0/ports?network_id=4606972d-c507-4616-83c0-a53470db1d6d&device_owner=network%3Adhcp HTTP/1.1" status: 200 len: 210 time: 0.0202758
2026-07-02 01:51:12.794 9 INFO neutron.wsgi [None req-71d775c1-4fe3-4a3c-a040-3ce6e7ce5011 da4bd8fec1d543518a2663e7258a6fcc 4e5d458f808c4d499649bb8d10640c9a - - default default] 10.0.0.146 "GET /v2.0/networks/00c2ab11-667d-4241-82b3-7a432f1ea0b4 HTTP/1.1" status: 200 len: 867 time: 0.0748918
2026-07-02 01:51:12.835 9 INFO neutron.wsgi [None req-0c6b8968-6267-4695-84d5-2be88704b7c8 da4bd8fec1d543518a2663e7258a6fcc 4e5d458f808c4d499649bb8d10640c9a - - default default] 10.0.0.146 "GET /v2.0/subnets/46b58a18-b5fc-41e2-85f2-4ee942348655 HTTP/1.1" status: 200 len: 843 time: 0.0353775
2026-07-02 01:51:12.862 10 INFO neutron.wsgi [req-1ec2e85f-3930-4aee-b4b8-ead1e383898c req-f347c423-8839-490b-ad6e-5f362b720696 57fe36a488ba486081a343b635dfba0d 8f0f3f8a99ec42549119dbc71ad33162 - - b77b7b8eed434c65920ba20056628b30 b77b7b8eed434c65920ba20056628b30] 199.204.45.70 "GET /v2.0/networks/4606972d-c507-4616-83c0-a53470db1d6d?fields=segments HTTP/1.1" status: 200 len: 212 time: 0.0697322
2026-07-02 01:51:12.866 9 INFO neutron.pecan_wsgi.hooks.translation [None req-8139544f-054b-4c28-984b-e7dc1b579f6c da4bd8fec1d543518a2663e7258a6fcc 4e5d458f808c4d499649bb8d10640c9a - - default default] DELETE failed (client error): The resource could not be found.
2026-07-02 01:51:12.870 9 INFO neutron.wsgi [None req-8139544f-054b-4c28-984b-e7dc1b579f6c da4bd8fec1d543518a2663e7258a6fcc 4e5d458f808c4d499649bb8d10640c9a - - default default] 10.0.0.146 "DELETE /v2.0/subnets/4da7a70c-530f-4c77-94a6-4822fdd76fc4 HTTP/1.1" status: 404 len: 337 time: 0.0275064
2026-07-02 01:51:12.891 9 INFO neutron.pecan_wsgi.hooks.translation [None req-784fc26a-fbc7-40ca-8d91-c1ce26334411 da4bd8fec1d543518a2663e7258a6fcc 4e5d458f808c4d499649bb8d10640c9a - - default default] DELETE failed (client error): The resource could not be found.
2026-07-02 01:51:12.894 9 INFO neutron.wsgi [None req-784fc26a-fbc7-40ca-8d91-c1ce26334411 da4bd8fec1d543518a2663e7258a6fcc 4e5d458f808c4d499649bb8d10640c9a - - default default] 10.0.0.146 "DELETE /v2.0/networks/31cf8a8f-ab70-4a1e-b6cd-0192c4fcbb8e HTTP/1.1" status: 404 len: 339 time: 0.0187111
2026-07-02 01:51:12.935 10 INFO neutron.wsgi [req-1ec2e85f-3930-4aee-b4b8-ead1e383898c req-7a9144f0-c326-4269-a671-65a9de6cc6cb 57fe36a488ba486081a343b635dfba0d 8f0f3f8a99ec42549119dbc71ad33162 - - b77b7b8eed434c65920ba20056628b30 b77b7b8eed434c65920ba20056628b30] 199.204.45.70 "GET /v2.0/networks/4606972d-c507-4616-83c0-a53470db1d6d?fields=provider%3Aphysical_network&fields=provider%3Anetwork_type HTTP/1.1" status: 200 len: 277 time: 0.0677016
2026-07-02 01:51:13.126 9 INFO neutron.wsgi [None req-41a231e3-c94f-4876-affa-cd02df94bf09 da4bd8fec1d543518a2663e7258a6fcc 4e5d458f808c4d499649bb8d10640c9a - - default default] 10.0.0.146 "DELETE /v2.0/subnets/46b58a18-b5fc-41e2-85f2-4ee942348655 HTTP/1.1" status: 204 len: 168 time: 0.2271976
2026-07-02 01:51:13.525 9 INFO neutron.wsgi [None req-0f6ca94a-3fe0-478f-8deb-03b1f078400a da4bd8fec1d543518a2663e7258a6fcc 4e5d458f808c4d499649bb8d10640c9a - - default default] 10.0.0.146 "DELETE /v2.0/networks/00c2ab11-667d-4241-82b3-7a432f1ea0b4 HTTP/1.1" status: 204 len: 168 time: 0.3934219
2026-07-02 01:51:14.300 10 INFO neutron.wsgi [None req-6ec87cfd-4283-4674-aa90-707d81a81611 0785ec01bfbb49a3b56fa95061537b39 bd32e336a76443538ecfe0ed4257b9f7 - - default default] 10.0.0.146 "GET /v2.0/security-groups?tenant_id=4e5d458f808c4d499649bb8d10640c9a&name=default HTTP/1.1" status: 200 len: 2996 time: 0.2123480
2026-07-02 01:51:14.316 9 INFO neutron.services.segments.plugin [-] Segment f7cb0e7a-702c-4283-8388-59b1102f543b resource provider aggregate not found
2026-07-02 01:51:14.323 9 INFO neutron.services.segments.plugin [-] Segment f7cb0e7a-702c-4283-8388-59b1102f543b resource provider aggregate not found
2026-07-02 01:51:14.337 9 INFO neutron.services.segments.plugin [-] Segment f7cb0e7a-702c-4283-8388-59b1102f543b resource provider not found; error: Placement Client Error (4xx): {"errors": [{"status": 404, "title": "Not Found", "detail": "The resource could not be found.\n\n No resource provider with uuid f7cb0e7a-702c-4283-8388-59b1102f543b found for delete ", "request_id": "req-d9aac89e-3ad7-43ab-91de-50c042099368"}]}
2026-07-02 01:51:14.340 9 INFO neutron.services.segments.plugin [-] Segment f7cb0e7a-702c-4283-8388-59b1102f543b resource provider not found; error: Placement Client Error (4xx): {"errors": [{"status": 404, "title": "Not Found", "detail": "The resource could not be found.\n\n No resource provider with uuid f7cb0e7a-702c-4283-8388-59b1102f543b found for delete ", "request_id": "req-456ea44d-46a8-45b1-8257-57a57e24e86c"}]}
2026-07-02 01:51:14.510 10 INFO neutron.wsgi [None req-ba850d31-b32c-4bc8-87ac-305678e4dd30 0785ec01bfbb49a3b56fa95061537b39 bd32e336a76443538ecfe0ed4257b9f7 - - default default] 10.0.0.146 "DELETE /v2.0/security-groups/ac1cfd23-73a7-43bd-9836-0aa3bd1e2b34 HTTP/1.1" status: 204 len: 168 time: 0.2032261
2026-07-02 01:51:16.589 9 INFO neutron.db.ovn_revision_numbers_db [None req-681fb514-3eda-4015-b8eb-d4554c46f91a 9994c2c2520b4f75a7435be21a0c1e41 824967e2ca714284b4fb12f0cfd9a4af - - default default] Successfully bumped revision number for resource c59cd009-8a4d-431f-b99f-78bcff27ff70 (type: security_groups) to 1
2026-07-02 01:51:16.609 9 INFO neutron.db.ovn_revision_numbers_db [None req-681fb514-3eda-4015-b8eb-d4554c46f91a 9994c2c2520b4f75a7435be21a0c1e41 824967e2ca714284b4fb12f0cfd9a4af - - default default] Successfully bumped revision number for resource 1bf24fd5-5db8-45aa-a162-47157859a4eb (type: security_group_rules) to 0
2026-07-02 01:51:16.624 9 INFO neutron.db.ovn_revision_numbers_db [None req-681fb514-3eda-4015-b8eb-d4554c46f91a 9994c2c2520b4f75a7435be21a0c1e41 824967e2ca714284b4fb12f0cfd9a4af - - default default] Successfully bumped revision number for resource b9604db9-7160-483d-bd53-1ebe382fbf60 (type: security_group_rules) to 0
2026-07-02 01:51:16.641 9 INFO neutron.db.ovn_revision_numbers_db [None req-681fb514-3eda-4015-b8eb-d4554c46f91a 9994c2c2520b4f75a7435be21a0c1e41 824967e2ca714284b4fb12f0cfd9a4af - - default default] Successfully bumped revision number for resource bb2c631a-fe3e-43f7-9ee1-a78b9600d267 (type: security_group_rules) to 0
2026-07-02 01:51:16.661 9 INFO neutron.db.ovn_revision_numbers_db [None req-681fb514-3eda-4015-b8eb-d4554c46f91a 9994c2c2520b4f75a7435be21a0c1e41 824967e2ca714284b4fb12f0cfd9a4af - - default default] Successfully bumped revision number for resource c0e00bc1-4b6d-4522-8764-4853e4a30b9c (type: security_group_rules) to 0
2026-07-02 01:51:16.709 9 INFO neutron.db.segments_db [None req-681fb514-3eda-4015-b8eb-d4554c46f91a 9994c2c2520b4f75a7435be21a0c1e41 824967e2ca714284b4fb12f0cfd9a4af - - default default] Added segment 4fdeac7f-4dca-4b52-958e-fa5602216072 of type geneve for network 9066a010-fd9e-4563-9734-345a403912a0
2026-07-02 01:51:16.838 9 INFO neutron.db.ovn_revision_numbers_db [None req-681fb514-3eda-4015-b8eb-d4554c46f91a 9994c2c2520b4f75a7435be21a0c1e41 824967e2ca714284b4fb12f0cfd9a4af - - default default] Successfully bumped revision number for resource 9066a010-fd9e-4563-9734-345a403912a0 (type: networks) to 1
2026-07-02 01:51:17.014 9 WARNING neutron.scheduler.dhcp_agent_scheduler [None req-681fb514-3eda-4015-b8eb-d4554c46f91a 9994c2c2520b4f75a7435be21a0c1e41 824967e2ca714284b4fb12f0cfd9a4af - - default default] No more DHCP agents
2026-07-02 01:51:17.018 9 WARNING neutron.api.rpc.agentnotifiers.dhcp_rpc_agent_api [None req-681fb514-3eda-4015-b8eb-d4554c46f91a 9994c2c2520b4f75a7435be21a0c1e41 824967e2ca714284b4fb12f0cfd9a4af - - default default] Unable to schedule network 9066a010-fd9e-4563-9734-345a403912a0: no agents available; will retry on subsequent port and subnet creation events.
2026-07-02 01:51:17.128 9 INFO neutron.db.ovn_revision_numbers_db [None req-681fb514-3eda-4015-b8eb-d4554c46f91a 9994c2c2520b4f75a7435be21a0c1e41 824967e2ca714284b4fb12f0cfd9a4af - - default default] Successfully bumped revision number for resource 2db77a6e-24c0-4c2c-bee1-de25c4133724 (type: ports) to 1
2026-07-02 01:51:17.157 9 INFO neutron.wsgi [None req-681fb514-3eda-4015-b8eb-d4554c46f91a 9994c2c2520b4f75a7435be21a0c1e41 824967e2ca714284b4fb12f0cfd9a4af - - default default] 10.0.0.146 "POST /v2.0/networks HTTP/1.1" status: 201 len: 842 time: 0.8609681
2026-07-02 01:51:17.446 9 WARNING neutron.scheduler.dhcp_agent_scheduler [None req-ef88e5aa-b55b-4cd4-8c00-017238acf343 9994c2c2520b4f75a7435be21a0c1e41 824967e2ca714284b4fb12f0cfd9a4af - - default default] No more DHCP agents
2026-07-02 01:51:17.448 9 WARNING neutron.api.rpc.agentnotifiers.dhcp_rpc_agent_api [None req-ef88e5aa-b55b-4cd4-8c00-017238acf343 9994c2c2520b4f75a7435be21a0c1e41 824967e2ca714284b4fb12f0cfd9a4af - - default default] Unable to schedule network 9066a010-fd9e-4563-9734-345a403912a0: no agents available; will retry on subsequent port and subnet creation events.
2026-07-02 01:51:17.947 9 INFO neutron.db.ovn_revision_numbers_db [None req-ef88e5aa-b55b-4cd4-8c00-017238acf343 9994c2c2520b4f75a7435be21a0c1e41 824967e2ca714284b4fb12f0cfd9a4af - - default default] Successfully bumped revision number for resource 2db77a6e-24c0-4c2c-bee1-de25c4133724 (type: ports) to 2
2026-07-02 01:51:17.999 9 INFO neutron.db.ovn_revision_numbers_db [None req-ef88e5aa-b55b-4cd4-8c00-017238acf343 9994c2c2520b4f75a7435be21a0c1e41 824967e2ca714284b4fb12f0cfd9a4af - - default default] Successfully bumped revision number for resource d6b76c48-28b0-4c48-9e5d-1208635695b2 (type: subnets) to 0
2026-07-02 01:51:18.034 9 INFO neutron.wsgi [None req-ef88e5aa-b55b-4cd4-8c00-017238acf343 9994c2c2520b4f75a7435be21a0c1e41 824967e2ca714284b4fb12f0cfd9a4af - - default default] 10.0.0.146 "POST /v2.0/subnets HTTP/1.1" status: 201 len: 816 time: 0.8437090
2026-07-02 01:51:18.139 9 INFO neutron.db.segments_db [None req-0b0d99ee-8bfb-409f-8da7-82e23a533c4c 9994c2c2520b4f75a7435be21a0c1e41 824967e2ca714284b4fb12f0cfd9a4af - - default default] Added segment 993f69d9-378e-41eb-88f1-c2c7ca9c47d2 of type geneve for network 29d25bb5-10e4-4037-a489-3eb71de3d361
2026-07-02 01:51:18.296 9 INFO neutron.db.ovn_revision_numbers_db [None req-0b0d99ee-8bfb-409f-8da7-82e23a533c4c 9994c2c2520b4f75a7435be21a0c1e41 824967e2ca714284b4fb12f0cfd9a4af - - default default] Successfully bumped revision number for resource 29d25bb5-10e4-4037-a489-3eb71de3d361 (type: networks) to 1
2026-07-02 01:51:18.487 9 WARNING neutron.scheduler.dhcp_agent_scheduler [None req-0b0d99ee-8bfb-409f-8da7-82e23a533c4c 9994c2c2520b4f75a7435be21a0c1e41 824967e2ca714284b4fb12f0cfd9a4af - - default default] No more DHCP agents
2026-07-02 01:51:18.488 9 WARNING neutron.api.rpc.agentnotifiers.dhcp_rpc_agent_api [None req-0b0d99ee-8bfb-409f-8da7-82e23a533c4c 9994c2c2520b4f75a7435be21a0c1e41 824967e2ca714284b4fb12f0cfd9a4af - - default default] Unable to schedule network 29d25bb5-10e4-4037-a489-3eb71de3d361: no agents available; will retry on subsequent port and subnet creation events.
2026-07-02 01:51:18.812 9 INFO neutron.db.ovn_revision_numbers_db [None req-0b0d99ee-8bfb-409f-8da7-82e23a533c4c 9994c2c2520b4f75a7435be21a0c1e41 824967e2ca714284b4fb12f0cfd9a4af - - default default] Successfully bumped revision number for resource b31a88cb-97fd-4d20-9382-a140e4ac5096 (type: ports) to 1
2026-07-02 01:51:18.832 9 INFO neutron.wsgi [None req-0b0d99ee-8bfb-409f-8da7-82e23a533c4c 9994c2c2520b4f75a7435be21a0c1e41 824967e2ca714284b4fb12f0cfd9a4af - - default default] 10.0.0.146 "POST /v2.0/networks HTTP/1.1" status: 201 len: 843 time: 0.7911479
2026-07-02 01:51:19.006 10 INFO neutron.wsgi [req-9f9ad4aa-7f58-485c-8b59-bf097bd90acd req-1b84fefa-a7a7-493b-9279-0ff32fcc4c89 57fe36a488ba486081a343b635dfba0d 8f0f3f8a99ec42549119dbc71ad33162 - - b77b7b8eed434c65920ba20056628b30 b77b7b8eed434c65920ba20056628b30] 10.0.0.53 "GET /v2.0/ports?device_id=ecdb2dd4-fef5-4994-9faf-cfa62b9e1e37 HTTP/1.1" status: 200 len: 1413 time: 0.1269705
2026-07-02 01:51:19.066 10 INFO neutron.wsgi [req-9f9ad4aa-7f58-485c-8b59-bf097bd90acd req-286e812d-61a2-4405-91f2-40970b7a787f 57fe36a488ba486081a343b635dfba0d 8f0f3f8a99ec42549119dbc71ad33162 - - b77b7b8eed434c65920ba20056628b30 b77b7b8eed434c65920ba20056628b30] 10.0.0.53 "GET /v2.0/security-groups?id=a5021fbc-eb79-4122-838b-aed7c9b57efb&fields=id&fields=name HTTP/1.1" status: 200 len: 313 time: 0.0502887
2026-07-02 01:51:19.087 9 INFO neutron.db.ovn_revision_numbers_db [None req-23c35fb6-1f21-4ac4-be23-ccddd2b219a8 9994c2c2520b4f75a7435be21a0c1e41 824967e2ca714284b4fb12f0cfd9a4af - - default default] Successfully bumped revision number for resource 29d25bb5-10e4-4037-a489-3eb71de3d361 (type: networks) to 2
2026-07-02 01:51:19.094 9 INFO neutron.wsgi [None req-23c35fb6-1f21-4ac4-be23-ccddd2b219a8 9994c2c2520b4f75a7435be21a0c1e41 824967e2ca714284b4fb12f0cfd9a4af - - default default] 10.0.0.146 "PUT /v2.0/networks/29d25bb5-10e4-4037-a489-3eb71de3d361 HTTP/1.1" status: 200 len: 792 time: 0.2558753
2026-07-02 01:51:19.348 10 WARNING neutron.scheduler.dhcp_agent_scheduler [None req-39abb9ff-24cd-4ee7-98f3-6b6ec7647e20 9994c2c2520b4f75a7435be21a0c1e41 824967e2ca714284b4fb12f0cfd9a4af - - default default] No more DHCP agents
2026-07-02 01:51:19.351 10 WARNING neutron.api.rpc.agentnotifiers.dhcp_rpc_agent_api [None req-39abb9ff-24cd-4ee7-98f3-6b6ec7647e20 9994c2c2520b4f75a7435be21a0c1e41 824967e2ca714284b4fb12f0cfd9a4af - - default default] Unable to schedule network 29d25bb5-10e4-4037-a489-3eb71de3d361: no agents available; will retry on subsequent port and subnet creation events.
2026-07-02 01:51:19.853 10 INFO neutron.db.ovn_revision_numbers_db [None req-39abb9ff-24cd-4ee7-98f3-6b6ec7647e20 9994c2c2520b4f75a7435be21a0c1e41 824967e2ca714284b4fb12f0cfd9a4af - - default default] Successfully bumped revision number for resource b31a88cb-97fd-4d20-9382-a140e4ac5096 (type: ports) to 2
2026-07-02 01:51:19.887 10 INFO neutron.db.ovn_revision_numbers_db [None req-39abb9ff-24cd-4ee7-98f3-6b6ec7647e20 9994c2c2520b4f75a7435be21a0c1e41 824967e2ca714284b4fb12f0cfd9a4af - - default default] Successfully bumped revision number for resource 228cad87-8ac9-419a-bf1b-fb97209bed54 (type: subnets) to 0
2026-07-02 01:51:19.906 10 INFO neutron.wsgi [None req-39abb9ff-24cd-4ee7-98f3-6b6ec7647e20 9994c2c2520b4f75a7435be21a0c1e41 824967e2ca714284b4fb12f0cfd9a4af - - default default] 10.0.0.146 "POST /v2.0/subnets HTTP/1.1" status: 201 len: 801 time: 0.8047318
2026-07-02 01:51:20.279 10 INFO neutron.db.ovn_revision_numbers_db [None req-c5e5ef90-223c-4634-b1db-3923aef39602 9994c2c2520b4f75a7435be21a0c1e41 824967e2ca714284b4fb12f0cfd9a4af - - default default] Successfully bumped revision number for resource 228cad87-8ac9-419a-bf1b-fb97209bed54 (type: subnets) to 1
2026-07-02 01:51:20.283 10 INFO neutron.wsgi [None req-c5e5ef90-223c-4634-b1db-3923aef39602 9994c2c2520b4f75a7435be21a0c1e41 824967e2ca714284b4fb12f0cfd9a4af - - default default] 10.0.0.146 "PUT /v2.0/subnets/228cad87-8ac9-419a-bf1b-fb97209bed54 HTTP/1.1" status: 200 len: 806 time: 0.3716004
2026-07-02 01:51:20.863 10 INFO neutron.services.segments.plugin [-] Segment 993f69d9-378e-41eb-88f1-c2c7ca9c47d2 resource provider aggregate not found
2026-07-02 01:51:20.867 10 INFO neutron.services.segments.plugin [-] Segment 993f69d9-378e-41eb-88f1-c2c7ca9c47d2 resource provider aggregate not found
2026-07-02 01:51:20.882 10 INFO neutron.services.segments.plugin [-] Segment 993f69d9-378e-41eb-88f1-c2c7ca9c47d2 resource provider not found; error: Placement Client Error (4xx): {"errors": [{"status": 404, "title": "Not Found", "detail": "The resource could not be found.\n\n No resource provider with uuid 993f69d9-378e-41eb-88f1-c2c7ca9c47d2 found for delete ", "request_id": "req-1121950a-ee93-468f-90a4-73efdb2e1983"}]}
2026-07-02 01:51:20.887 10 INFO neutron.services.segments.plugin [-] Segment 993f69d9-378e-41eb-88f1-c2c7ca9c47d2 resource provider not found; error: Placement Client Error (4xx): {"errors": [{"status": 404, "title": "Not Found", "detail": "The resource could not be found.\n\n No resource provider with uuid 993f69d9-378e-41eb-88f1-c2c7ca9c47d2 found for delete ", "request_id": "req-802d3e66-2f98-4ba4-8ebc-4bdacdd9458e"}]}
2026-07-02 01:51:20.916 10 INFO neutron.wsgi [None req-8135b142-7377-4ef1-b3eb-97d670065f56 9994c2c2520b4f75a7435be21a0c1e41 824967e2ca714284b4fb12f0cfd9a4af - - default default] 10.0.0.146 "DELETE /v2.0/networks/29d25bb5-10e4-4037-a489-3eb71de3d361 HTTP/1.1" status: 204 len: 168 time: 0.6282098
2026-07-02 01:51:20.943 9 INFO neutron.pecan_wsgi.hooks.translation [None req-7f0153a0-4a76-44b4-9caa-dde1ad1cbc69 9994c2c2520b4f75a7435be21a0c1e41 824967e2ca714284b4fb12f0cfd9a4af - - default default] DELETE failed (client error): The resource could not be found.
2026-07-02 01:51:20.946 9 INFO neutron.wsgi [None req-7f0153a0-4a76-44b4-9caa-dde1ad1cbc69 9994c2c2520b4f75a7435be21a0c1e41 824967e2ca714284b4fb12f0cfd9a4af - - default default] 10.0.0.146 "DELETE /v2.0/networks/29d25bb5-10e4-4037-a489-3eb71de3d361 HTTP/1.1" status: 404 len: 339 time: 0.0242393
2026-07-02 01:51:21.032 10 INFO neutron.wsgi [None req-6fb0c875-2f36-41f7-a341-7b32df381d1e 9994c2c2520b4f75a7435be21a0c1e41 824967e2ca714284b4fb12f0cfd9a4af - - default default] 10.0.0.146 "GET /v2.0/networks?router%3Aexternal=True HTTP/1.1" status: 200 len: 845 time: 0.0795097
2026-07-02 01:51:21.051 9 INFO neutron.wsgi [None req-39d947bb-3120-4a9c-91d3-c9da9655e17c 42c8249e6997410681f68950d940a1be 0d867366d3bc4dd69dc5f0843c644823 - - default default] 10.0.0.146 "GET /v2.0/ports?project_id=759eec1b1da447bf8e7801a7cff1cf39&network_id=4606972d-c507-4616-83c0-a53470db1d6d HTTP/1.1" status: 200 len: 3514 time: 0.0547855
2026-07-02 01:51:21.096 10 INFO neutron.wsgi [None req-166c5112-b813-4b3a-88a9-244c91c1504d 9994c2c2520b4f75a7435be21a0c1e41 824967e2ca714284b4fb12f0cfd9a4af - - default default] 10.0.0.146 "GET /v2.0/subnets?network_id=2ac29a0c-5edc-47bb-bd0b-d5a39027a43f HTTP/1.1" status: 200 len: 820 time: 0.0580046
2026-07-02 01:51:21.109 9 INFO neutron.wsgi [None req-c1b18baa-9e7f-4172-8724-65d24a004249 9994c2c2520b4f75a7435be21a0c1e41 824967e2ca714284b4fb12f0cfd9a4af - - default default] 10.0.0.146 "GET /v2.0/extensions HTTP/1.1" status: 200 len: 16520 time: 0.0065277
2026-07-02 01:51:21.178 9 INFO neutron.wsgi [None req-bb32087d-ded6-4b45-bb63-9b5df3a6a65c 9994c2c2520b4f75a7435be21a0c1e41 824967e2ca714284b4fb12f0cfd9a4af - - default default] 10.0.0.146 "GET /v2.0/networks HTTP/1.1" status: 200 len: 1503 time: 0.0638931
2026-07-02 01:51:21.221 9 INFO neutron.wsgi [None req-fa5ea857-7329-4203-a67b-a5016ae3813c 9994c2c2520b4f75a7435be21a0c1e41 824967e2ca714284b4fb12f0cfd9a4af - - default default] 10.0.0.146 "GET /v2.0/subnets HTTP/1.1" status: 200 len: 1428 time: 0.0353119
2026-07-02 01:51:21.295 9 INFO neutron.wsgi [None req-bdf44732-2f1a-4dd4-9f72-b95e04b5352a 9994c2c2520b4f75a7435be21a0c1e41 824967e2ca714284b4fb12f0cfd9a4af - - default default] 10.0.0.146 "GET /v2.0/networks/9066a010-fd9e-4563-9734-345a403912a0 HTTP/1.1" status: 200 len: 862 time: 0.0670927
2026-07-02 01:51:21.324 10 INFO neutron.wsgi [None req-20a281f7-7b56-4be7-96a6-6eada5316d90 42c8249e6997410681f68950d940a1be 0d867366d3bc4dd69dc5f0843c644823 - - default default] 10.0.0.146 "GET /v2.0/subnets?network_id=2ac29a0c-5edc-47bb-bd0b-d5a39027a43f HTTP/1.1" status: 200 len: 838 time: 0.0648558
2026-07-02 01:51:21.340 9 INFO neutron.wsgi [None req-fab64bc3-4c60-4b4a-bd9e-4bcd3df48155 9994c2c2520b4f75a7435be21a0c1e41 824967e2ca714284b4fb12f0cfd9a4af - - default default] 10.0.0.146 "GET /v2.0/subnets/d6b76c48-28b0-4c48-9e5d-1208635695b2 HTTP/1.1" status: 200 len: 811 time: 0.0396991
2026-07-02 01:51:21.361 9 INFO neutron.pecan_wsgi.hooks.translation [None req-1bb1e7d0-46eb-4d2e-bc99-5dfc3870435d 9994c2c2520b4f75a7435be21a0c1e41 824967e2ca714284b4fb12f0cfd9a4af - - default default] DELETE failed (client error): The resource could not be found.
2026-07-02 01:51:21.364 9 INFO neutron.wsgi [None req-1bb1e7d0-46eb-4d2e-bc99-5dfc3870435d 9994c2c2520b4f75a7435be21a0c1e41 824967e2ca714284b4fb12f0cfd9a4af - - default default] 10.0.0.146 "DELETE /v2.0/subnets/228cad87-8ac9-419a-bf1b-fb97209bed54 HTTP/1.1" status: 404 len: 337 time: 0.0171642
2026-07-02 01:51:21.379 9 INFO neutron.pecan_wsgi.hooks.translation [None req-9959e6b9-c927-483e-961d-24b281fd5360 9994c2c2520b4f75a7435be21a0c1e41 824967e2ca714284b4fb12f0cfd9a4af - - default default] DELETE failed (client error): The resource could not be found.
2026-07-02 01:51:21.383 9 INFO neutron.wsgi [None req-9959e6b9-c927-483e-961d-24b281fd5360 9994c2c2520b4f75a7435be21a0c1e41 824967e2ca714284b4fb12f0cfd9a4af - - default default] 10.0.0.146 "DELETE /v2.0/networks/29d25bb5-10e4-4037-a489-3eb71de3d361 HTTP/1.1" status: 404 len: 339 time: 0.0148182
2026-07-02 01:51:21.572 9 INFO neutron.wsgi [None req-230989dc-4b3f-41d1-8c9a-be3ccff6fd3a 0785ec01bfbb49a3b56fa95061537b39 bd32e336a76443538ecfe0ed4257b9f7 - - default default] 10.0.0.224 "GET /v2.0/subnets HTTP/1.1" status: 200 len: 2702 time: 0.0850658
2026-07-02 01:51:21.602 10 INFO neutron.wsgi [None req-2e81c65f-f8a4-490e-ae16-27174fddbac6 9994c2c2520b4f75a7435be21a0c1e41 824967e2ca714284b4fb12f0cfd9a4af - - default default] 10.0.0.146 "DELETE /v2.0/subnets/d6b76c48-28b0-4c48-9e5d-1208635695b2 HTTP/1.1" status: 204 len: 168 time: 0.2139468
2026-07-02 01:51:21.715 9 INFO neutron.wsgi [None req-d5f86210-995e-4b4f-9190-1f467dab9951 0785ec01bfbb49a3b56fa95061537b39 bd32e336a76443538ecfe0ed4257b9f7 - - default default] 10.0.0.224 "GET /v2.0/routers HTTP/1.1" status: 200 len: 859 time: 0.1322603
2026-07-02 01:51:21.725 9 INFO neutron.db.l3_db [None req-e8d0dc93-d44c-4642-b4e8-ec8577e7b129 9ef1dca6db9a4a69b4452a0b09c0e9b3 759eec1b1da447bf8e7801a7cff1cf39 - - default default] Floating IP 151883d0-118b-438d-88ac-1dcd4d15a2b6 disassociated. External IP: 10.96.250.218, port: 47344e46-d733-45a1-8465-3676ad6a2951.
2026-07-02 01:51:21.746 9 INFO neutron.wsgi [None req-de060b7a-06b0-4778-a5bc-ee145f3ff313 0785ec01bfbb49a3b56fa95061537b39 bd32e336a76443538ecfe0ed4257b9f7 - - default default] 10.0.0.224 "GET /v2.0/agents?binary=ovn-controller HTTP/1.1" status: 200 len: 591 time: 0.0293777
2026-07-02 01:51:21.781 9 INFO neutron.db.ovn_revision_numbers_db [None req-e8d0dc93-d44c-4642-b4e8-ec8577e7b129 9ef1dca6db9a4a69b4452a0b09c0e9b3 759eec1b1da447bf8e7801a7cff1cf39 - - default default] Successfully bumped revision number for resource 151883d0-118b-438d-88ac-1dcd4d15a2b6 (type: floatingips) to 2
2026-07-02 01:51:21.787 9 INFO neutron.wsgi [None req-fca71eb0-ee94-44c8-8bba-bee069b9fdb1 0785ec01bfbb49a3b56fa95061537b39 bd32e336a76443538ecfe0ed4257b9f7 - - default default] 10.0.0.224 "GET /v2.0/subnets HTTP/1.1" status: 200 len: 2077 time: 0.0387154
2026-07-02 01:51:21.814 9 INFO neutron.wsgi [None req-f72705dc-6401-4313-aeee-4a07dc934e0c 0785ec01bfbb49a3b56fa95061537b39 bd32e336a76443538ecfe0ed4257b9f7 - - default default] 10.0.0.224 "GET /v2.0/subnetpools HTTP/1.1" status: 200 len: 193 time: 0.0181596
2026-07-02 01:51:21.873 9 INFO neutron.wsgi [None req-e8d0dc93-d44c-4642-b4e8-ec8577e7b129 9ef1dca6db9a4a69b4452a0b09c0e9b3 759eec1b1da447bf8e7801a7cff1cf39 - - default default] 10.0.0.146 "PUT /v2.0/floatingips/151883d0-118b-438d-88ac-1dcd4d15a2b6 HTTP/1.1" status: 200 len: 748 time: 0.3629615
2026-07-02 01:51:21.894 9 INFO neutron.wsgi [None req-42b2b2b2-e7e9-47e2-bc62-55aaeb6ae17b 0785ec01bfbb49a3b56fa95061537b39 bd32e336a76443538ecfe0ed4257b9f7 - - default default] 10.0.0.224 "GET /v2.0/security-groups HTTP/1.1" status: 200 len: 27457 time: 0.0702248
2026-07-02 01:51:21.914 9 INFO neutron.wsgi [None req-2464afa4-a8b4-4add-ada4-4ed1f22eb1b8 0785ec01bfbb49a3b56fa95061537b39 bd32e336a76443538ecfe0ed4257b9f7 - - default default] 10.0.0.224 "GET /v2.0/network-ip-availabilities HTTP/1.1" status: 200 len: 2005 time: 0.0096066
2026-07-02 01:51:21.922 9 INFO neutron.notifiers.nova [-] Nova event matching ['req-71d12ef1-16aa-4a17-9f80-b10e6c081ef8'] response: {'name': 'network-changed', 'server_uuid': 'ecdb2dd4-fef5-4994-9faf-cfa62b9e1e37', 'tag': '47344e46-d733-45a1-8465-3676ad6a2951', 'status': 'completed', 'code': 200}
2026-07-02 01:51:21.924 9 INFO neutron.wsgi [None req-af08aa4d-532c-438a-b2ae-e7859b1101ae 9ef1dca6db9a4a69b4452a0b09c0e9b3 759eec1b1da447bf8e7801a7cff1cf39 - - default default] 10.0.0.146 "GET /v2.0/floatingips/151883d0-118b-438d-88ac-1dcd4d15a2b6 HTTP/1.1" status: 200 len: 746 time: 0.0432439
2026-07-02 01:51:21.954 9 INFO neutron.wsgi [None req-f11dfc7b-8cad-4d91-aedd-f217c80ac771 0785ec01bfbb49a3b56fa95061537b39 bd32e336a76443538ecfe0ed4257b9f7 - - default default] 10.0.0.224 "GET /v2.0/floatingips HTTP/1.1" status: 200 len: 730 time: 0.0385332
2026-07-02 01:51:21.988 9 INFO neutron.wsgi [None req-7e97d94d-ac22-4f2c-ab90-a695190b2666 0785ec01bfbb49a3b56fa95061537b39 bd32e336a76443538ecfe0ed4257b9f7 - - default default] 10.0.0.224 "GET /v2.0/ports HTTP/1.1" status: 200 len: 11649 time: 0.0319245
2026-07-02 01:51:22.001 9 INFO neutron.wsgi [None req-31d647bc-daef-43f5-be86-6f1ba32db6fe 0785ec01bfbb49a3b56fa95061537b39 bd32e336a76443538ecfe0ed4257b9f7 - - default default] 10.0.0.224 "GET /v2.0/agents HTTP/1.1" status: 200 len: 997 time: 0.0091405
2026-07-02 01:51:22.086 9 INFO neutron.wsgi [None req-bcb5c9e7-5746-4738-8232-ebeea0ef93dc 0785ec01bfbb49a3b56fa95061537b39 bd32e336a76443538ecfe0ed4257b9f7 - - default default] 10.0.0.224 "GET /v2.0/networks HTTP/1.1" status: 200 len: 3812 time: 0.0841773 /var/lib/openstack/lib/python3.10/site-packages/pycadf/identifier.py:71: UserWarning: Invalid uuid: neutron. To ensure interoperability, identifiers should be a valid uuid. warnings.warn(('Invalid uuid: %s. To ensure interoperability, '
2026-07-02 01:51:22.121 10 INFO neutron.wsgi [req-e817e6ad-c764-464a-b054-1ff8c145fdd6 req-8b7efbd4-a85e-486a-a863-ed8d93d7fd03 57fe36a488ba486081a343b635dfba0d 8f0f3f8a99ec42549119dbc71ad33162 - - b77b7b8eed434c65920ba20056628b30 b77b7b8eed434c65920ba20056628b30] 199.204.45.70 "GET /v2.0/ports?tenant_id=759eec1b1da447bf8e7801a7cff1cf39&device_id=ecdb2dd4-fef5-4994-9faf-cfa62b9e1e37 HTTP/1.1" status: 200 len: 1413 time: 0.0345843
2026-07-02 01:51:22.203 10 INFO neutron.wsgi [req-e817e6ad-c764-464a-b054-1ff8c145fdd6 req-c561896e-0599-4e1d-951c-b408958ae040 57fe36a488ba486081a343b635dfba0d 8f0f3f8a99ec42549119dbc71ad33162 - - b77b7b8eed434c65920ba20056628b30 b77b7b8eed434c65920ba20056628b30] 199.204.45.70 "GET /v2.0/networks?id=4606972d-c507-4616-83c0-a53470db1d6d HTTP/1.1" status: 200 len: 959 time: 0.0654957
2026-07-02 01:51:22.242 10 INFO neutron.wsgi [req-e817e6ad-c764-464a-b054-1ff8c145fdd6 req-992551a9-c4c9-4260-8131-94ba9ecd1ceb 57fe36a488ba486081a343b635dfba0d 8f0f3f8a99ec42549119dbc71ad33162 - - b77b7b8eed434c65920ba20056628b30 b77b7b8eed434c65920ba20056628b30] 199.204.45.70 "GET /v2.0/floatingips?fixed_ip_address=10.100.0.14&port_id=47344e46-d733-45a1-8465-3676ad6a2951 HTTP/1.1" status: 200 len: 217 time: 0.0301685
2026-07-02 01:51:22.285 10 INFO neutron.wsgi [req-e817e6ad-c764-464a-b054-1ff8c145fdd6 req-139ebec5-5ee0-4ed2-bd71-b3249b053ac7 57fe36a488ba486081a343b635dfba0d 8f0f3f8a99ec42549119dbc71ad33162 - - b77b7b8eed434c65920ba20056628b30 b77b7b8eed434c65920ba20056628b30] 199.204.45.70 "GET /v2.0/subnets?id=7abc0031-73d9-43fd-8c04-6d4ce57118ef HTTP/1.1" status: 200 len: 852 time: 0.0366344
2026-07-02 01:51:22.328 10 INFO neutron.wsgi [req-e817e6ad-c764-464a-b054-1ff8c145fdd6 req-363d526c-4a88-4157-a7fc-c0ba92b602bf 57fe36a488ba486081a343b635dfba0d 8f0f3f8a99ec42549119dbc71ad33162 - - b77b7b8eed434c65920ba20056628b30 b77b7b8eed434c65920ba20056628b30] 199.204.45.70 "GET /v2.0/ports?network_id=4606972d-c507-4616-83c0-a53470db1d6d&device_owner=network%3Adhcp HTTP/1.1" status: 200 len: 210 time: 0.0342746
2026-07-02 01:51:22.416 10 INFO neutron.wsgi [req-e817e6ad-c764-464a-b054-1ff8c145fdd6 req-f8c00c85-10ef-4db1-af58-31a3400f06ab 57fe36a488ba486081a343b635dfba0d 8f0f3f8a99ec42549119dbc71ad33162 - - b77b7b8eed434c65920ba20056628b30 b77b7b8eed434c65920ba20056628b30] 199.204.45.70 "GET /v2.0/networks/4606972d-c507-4616-83c0-a53470db1d6d?fields=segments HTTP/1.1" status: 200 len: 212 time: 0.0805593
2026-07-02 01:51:22.453 10 INFO neutron.wsgi [None req-21f779eb-6c20-4560-87f8-17b17ae9d8d5 9994c2c2520b4f75a7435be21a0c1e41 824967e2ca714284b4fb12f0cfd9a4af - - default default] 10.0.0.146 "DELETE /v2.0/networks/9066a010-fd9e-4563-9734-345a403912a0 HTTP/1.1" status: 204 len: 168 time: 0.8457870
2026-07-02 01:51:22.502 10 INFO neutron.wsgi [req-e817e6ad-c764-464a-b054-1ff8c145fdd6 req-13656253-7d0b-400a-84f1-83ba99a9534c 57fe36a488ba486081a343b635dfba0d 8f0f3f8a99ec42549119dbc71ad33162 - - b77b7b8eed434c65920ba20056628b30 b77b7b8eed434c65920ba20056628b30] 199.204.45.70 "GET /v2.0/networks/4606972d-c507-4616-83c0-a53470db1d6d?fields=provider%3Aphysical_network&fields=provider%3Anetwork_type HTTP/1.1" status: 200 len: 277 time: 0.0769403
2026-07-02 01:51:22.906 10 INFO neutron.services.segments.plugin [-] Segment 4fdeac7f-4dca-4b52-958e-fa5602216072 resource provider aggregate not found
