2026-07-02 01:29:00.809 10 INFO neutron.wsgi [None req-5e8f2c9d-b448-4372-a703-c0e3ab62ef8e 0785ec01bfbb49a3b56fa95061537b39 bd32e336a76443538ecfe0ed4257b9f7 - - default default] 199.204.45.70,10.0.0.74 "POST /v2.0/security-group-rules HTTP/1.1" status: 201 len: 745 time: 0.1438575
2026-07-02 01:29:01.751 10 INFO neutron.wsgi [None req-5aea901c-0901-4d73-86a4-e88c62d1bd6d 0785ec01bfbb49a3b56fa95061537b39 bd32e336a76443538ecfe0ed4257b9f7 - - default default] 199.204.45.70,10.0.0.74 "GET /v2.0/security-groups?tenant_id=8f0f3f8a99ec42549119dbc71ad33162 HTTP/1.1" status: 200 len: 5093 time: 0.0873392
2026-07-02 01:29:01.808 10 INFO neutron.wsgi [None req-b9ad4cb8-15ec-4044-ad43-238caf31f14e 0785ec01bfbb49a3b56fa95061537b39 bd32e336a76443538ecfe0ed4257b9f7 - - default default] 199.204.45.70,10.0.0.74 "GET /v2.0/security-groups HTTP/1.1" status: 200 len: 15058 time: 0.0511811
2026-07-02 01:29:01.970 10 INFO neutron.db.ovn_revision_numbers_db [None req-80767ea0-9bd8-4cbe-aa85-16ef48b09acd 0785ec01bfbb49a3b56fa95061537b39 bd32e336a76443538ecfe0ed4257b9f7 - - default default] Successfully bumped revision number for resource 515e579d-a7f8-4086-9290-6b33c5c3927c (type: security_group_rules) to 0
2026-07-02 01:29:01.989 10 INFO neutron.wsgi [None req-80767ea0-9bd8-4cbe-aa85-16ef48b09acd 0785ec01bfbb49a3b56fa95061537b39 bd32e336a76443538ecfe0ed4257b9f7 - - default default] 199.204.45.70,10.0.0.74 "POST /v2.0/security-group-rules HTTP/1.1" status: 201 len: 747 time: 0.1714313
2026-07-02 01:29:02.860 10 INFO neutron.wsgi [None req-6b52ec91-5420-4c1e-9df3-cb8ca3fce6a7 0785ec01bfbb49a3b56fa95061537b39 bd32e336a76443538ecfe0ed4257b9f7 - - default default] 199.204.45.70,10.0.0.74 "GET /v2.0/security-groups?tenant_id=8f0f3f8a99ec42549119dbc71ad33162 HTTP/1.1" status: 200 len: 5673 time: 0.0740409
2026-07-02 01:29:02.913 10 INFO neutron.wsgi [None req-f9b160d8-16e7-4df2-81d0-80bf3f8177fd 0785ec01bfbb49a3b56fa95061537b39 bd32e336a76443538ecfe0ed4257b9f7 - - default default] 199.204.45.70,10.0.0.74 "GET /v2.0/security-groups HTTP/1.1" status: 200 len: 15638 time: 0.0450032
2026-07-02 01:29:03.068 10 INFO neutron.db.ovn_revision_numbers_db [None req-5f1813bc-de48-4486-9711-68a7b991dc07 0785ec01bfbb49a3b56fa95061537b39 bd32e336a76443538ecfe0ed4257b9f7 - - default default] Successfully bumped revision number for resource 724b5b3b-e31d-4719-bf75-d37845e8bab9 (type: security_group_rules) to 0
2026-07-02 01:29:03.101 10 INFO neutron.wsgi [None req-5f1813bc-de48-4486-9711-68a7b991dc07 0785ec01bfbb49a3b56fa95061537b39 bd32e336a76443538ecfe0ed4257b9f7 - - default default] 199.204.45.70,10.0.0.74 "POST /v2.0/security-group-rules HTTP/1.1" status: 201 len: 749 time: 0.1753612
2026-07-02 01:29:04.053 10 INFO neutron.wsgi [None req-be8531e8-8811-424f-bec9-82e81b4c62db 0785ec01bfbb49a3b56fa95061537b39 bd32e336a76443538ecfe0ed4257b9f7 - - default default] 199.204.45.70,10.0.0.74 "GET /v2.0/security-groups?tenant_id=8f0f3f8a99ec42549119dbc71ad33162 HTTP/1.1" status: 200 len: 6255 time: 0.1153960
2026-07-02 01:29:04.116 10 INFO neutron.wsgi [None req-8f6a868e-b090-4162-9a4b-6287aed45bf8 0785ec01bfbb49a3b56fa95061537b39 bd32e336a76443538ecfe0ed4257b9f7 - - default default] 199.204.45.70,10.0.0.74 "GET /v2.0/security-groups HTTP/1.1" status: 200 len: 16220 time: 0.0516002
2026-07-02 01:29:04.293 10 INFO neutron.db.ovn_revision_numbers_db [None req-3fceffa9-328e-4489-9a6b-55721a378f1b 0785ec01bfbb49a3b56fa95061537b39 bd32e336a76443538ecfe0ed4257b9f7 - - default default] Successfully bumped revision number for resource 4f5deae5-727c-4bc8-834d-1ab94ade1155 (type: security_group_rules) to 0
2026-07-02 01:29:04.315 10 INFO neutron.wsgi [None req-3fceffa9-328e-4489-9a6b-55721a378f1b 0785ec01bfbb49a3b56fa95061537b39 bd32e336a76443538ecfe0ed4257b9f7 - - default default] 199.204.45.70,10.0.0.74 "POST /v2.0/security-group-rules HTTP/1.1" status: 201 len: 750 time: 0.1872630
2026-07-02 01:29:09.870 9 INFO neutron.wsgi [-] 10.0.0.74 "GET / HTTP/1.1" status: 200 len: 247 time: 0.0022109
2026-07-02 01:29:09.873 9 INFO neutron.wsgi [-] 10.0.0.74 "GET / HTTP/1.1" status: 200 len: 247 time: 0.0017998
2026-07-02 01:29:24.870 9 INFO neutron.wsgi [-] 10.0.0.74 "GET / HTTP/1.1" status: 200 len: 247 time: 0.0027363
2026-07-02 01:29:24.871 10 INFO neutron.wsgi [-] 10.0.0.74 "GET / HTTP/1.1" status: 200 len: 247 time: 0.0031710
2026-07-02 01:29:39.870 9 INFO neutron.wsgi [-] 10.0.0.74 "GET / HTTP/1.1" status: 200 len: 247 time: 0.0024579
2026-07-02 01:29:39.873 9 INFO neutron.wsgi [-] 10.0.0.74 "GET / HTTP/1.1" status: 200 len: 247 time: 0.0019438
2026-07-02 01:29:54.872 10 INFO neutron.wsgi [-] 10.0.0.74 "GET / HTTP/1.1" status: 200 len: 247 time: 0.0020337
2026-07-02 01:29:54.873 9 INFO neutron.wsgi [-] 10.0.0.74 "GET / HTTP/1.1" status: 200 len: 247 time: 0.0015898
2026-07-02 01:30:09.870 9 INFO neutron.wsgi [-] 10.0.0.74 "GET / HTTP/1.1" status: 200 len: 247 time: 0.0020335
2026-07-02 01:30:09.872 9 INFO neutron.wsgi [-] 10.0.0.74 "GET / HTTP/1.1" status: 200 len: 247 time: 0.0013158
2026-07-02 01:30:24.870 10 INFO neutron.wsgi [-] 10.0.0.74 "GET / HTTP/1.1" status: 200 len: 247 time: 0.0025475
2026-07-02 01:30:24.871 9 INFO neutron.wsgi [-] 10.0.0.74 "GET / HTTP/1.1" status: 200 len: 247 time: 0.0028026
2026-07-02 01:30:39.871 9 INFO neutron.wsgi [-] 10.0.0.74 "GET / HTTP/1.1" status: 200 len: 247 time: 0.0029025
2026-07-02 01:30:39.872 10 INFO neutron.wsgi [-] 10.0.0.74 "GET / HTTP/1.1" status: 200 len: 247 time: 0.0036137
2026-07-02 01:30:54.871 10 INFO neutron.wsgi [-] 10.0.0.74 "GET / HTTP/1.1" status: 200 len: 247 time: 0.0030456
2026-07-02 01:30:54.871 9 INFO neutron.wsgi [-] 10.0.0.74 "GET / HTTP/1.1" status: 200 len: 247 time: 0.0027049
2026-07-02 01:31:04.260 15 INFO neutron.db.ovn_revision_numbers_db [None req-40694b98-127e-4131-986a-4ea256a9bf07 - - - - - -] Successfully bumped revision number for resource ba0bed0b-620c-42c9-843d-7b0ac1c50255 (type: security_groups) to 5
2026-07-02 01:31:04.261 15 INFO neutron.plugins.ml2.drivers.ovn.mech_driver.ovsdb.maintenance [None req-40694b98-127e-4131-986a-4ea256a9bf07 - - - - - -] Maintenance task: Synchronization finished (took 0.06 seconds)
2026-07-02 01:31:09.870 9 INFO neutron.wsgi [-] 10.0.0.74 "GET / HTTP/1.1" status: 200 len: 247 time: 0.0017893
2026-07-02 01:31:09.871 10 INFO neutron.wsgi [-] 10.0.0.74 "GET / HTTP/1.1" status: 200 len: 247 time: 0.0027161 /var/lib/openstack/lib/python3.10/site-packages/pycadf/identifier.py:71: UserWarning: Invalid uuid: neutron. To ensure interoperability, identifiers should be a valid uuid. warnings.warn(('Invalid uuid: %s. To ensure interoperability, '
2026-07-02 01:31:24.567 9 INFO neutron.wsgi [None req-af9e1317-4a57-4cfc-be35-9a2ea844c3b2 6211eb18ef9044d194e318a960988876 8f0f3f8a99ec42549119dbc71ad33162 - - b77b7b8eed434c65920ba20056628b30 b77b7b8eed434c65920ba20056628b30] 199.204.45.70 "GET /v2.0/networks?tenant_id=8f0f3f8a99ec42549119dbc71ad33162&shared=False HTTP/1.1" status: 200 len: 213 time: 0.1407437
2026-07-02 01:31:24.684 9 INFO neutron.db.segments_db [None req-d6a389a5-92c0-409d-8967-2bc0600adfe6 6211eb18ef9044d194e318a960988876 8f0f3f8a99ec42549119dbc71ad33162 - - b77b7b8eed434c65920ba20056628b30 b77b7b8eed434c65920ba20056628b30] Added segment 56524b0c-4b07-4330-9f3e-ee2423a448bd of type geneve for network 1a78d6b6-b4a4-4e6d-938a-ebbf5a472087
2026-07-02 01:31:24.870 10 INFO neutron.wsgi [-] 10.0.0.74 "GET / HTTP/1.1" status: 200 len: 247 time: 0.0018425
2026-07-02 01:31:24.872 10 INFO neutron.wsgi [-] 10.0.0.74 "GET / HTTP/1.1" status: 200 len: 247 time: 0.0013039
2026-07-02 01:31:24.883 9 INFO neutron.db.ovn_revision_numbers_db [None req-d6a389a5-92c0-409d-8967-2bc0600adfe6 6211eb18ef9044d194e318a960988876 8f0f3f8a99ec42549119dbc71ad33162 - - b77b7b8eed434c65920ba20056628b30 b77b7b8eed434c65920ba20056628b30] Successfully bumped revision number for resource 1a78d6b6-b4a4-4e6d-938a-ebbf5a472087 (type: networks) to 1
2026-07-02 01:31:25.086 9 WARNING neutron.scheduler.dhcp_agent_scheduler [None req-d6a389a5-92c0-409d-8967-2bc0600adfe6 6211eb18ef9044d194e318a960988876 8f0f3f8a99ec42549119dbc71ad33162 - - b77b7b8eed434c65920ba20056628b30 b77b7b8eed434c65920ba20056628b30] No more DHCP agents
2026-07-02 01:31:25.089 9 WARNING neutron.api.rpc.agentnotifiers.dhcp_rpc_agent_api [None req-d6a389a5-92c0-409d-8967-2bc0600adfe6 6211eb18ef9044d194e318a960988876 8f0f3f8a99ec42549119dbc71ad33162 - - b77b7b8eed434c65920ba20056628b30 b77b7b8eed434c65920ba20056628b30] Unable to schedule network 1a78d6b6-b4a4-4e6d-938a-ebbf5a472087: no agents available; will retry on subsequent port and subnet creation events.
2026-07-02 01:31:25.184 9 INFO neutron.db.ovn_revision_numbers_db [None req-d6a389a5-92c0-409d-8967-2bc0600adfe6 6211eb18ef9044d194e318a960988876 8f0f3f8a99ec42549119dbc71ad33162 - - b77b7b8eed434c65920ba20056628b30 b77b7b8eed434c65920ba20056628b30] Successfully bumped revision number for resource e97c36bd-810d-4bbd-a9e7-4520aa8ff0ee (type: ports) to 1
2026-07-02 01:31:25.211 9 INFO neutron.wsgi [None req-d6a389a5-92c0-409d-8967-2bc0600adfe6 6211eb18ef9044d194e318a960988876 8f0f3f8a99ec42549119dbc71ad33162 - - b77b7b8eed434c65920ba20056628b30 b77b7b8eed434c65920ba20056628b30] 199.204.45.70 "POST /v2.0/networks HTTP/1.1" status: 201 len: 925 time: 0.6360691
2026-07-02 01:31:25.249 9 INFO neutron.wsgi [None req-312772f3-dcdf-46cb-8ac7-0799377467db 6211eb18ef9044d194e318a960988876 8f0f3f8a99ec42549119dbc71ad33162 - - b77b7b8eed434c65920ba20056628b30 b77b7b8eed434c65920ba20056628b30] 199.204.45.70 "GET /v2.0/ports?device_id=manila-share&binding%3Ahost_id=instance HTTP/1.1" status: 200 len: 210 time: 0.0277364
2026-07-02 01:31:25.260 9 INFO neutron.wsgi [None req-b3359cf5-f992-49c2-b13c-c357fda07c1a 6211eb18ef9044d194e318a960988876 8f0f3f8a99ec42549119dbc71ad33162 - - b77b7b8eed434c65920ba20056628b30 b77b7b8eed434c65920ba20056628b30] 199.204.45.70 "GET /v2.0/extensions HTTP/1.1" status: 200 len: 16525 time: 0.0061603
2026-07-02 01:31:25.504 9 WARNING neutron.scheduler.dhcp_agent_scheduler [None req-d9b8fbb3-5d68-4cbf-bf83-4dda51896165 6211eb18ef9044d194e318a960988876 8f0f3f8a99ec42549119dbc71ad33162 - - b77b7b8eed434c65920ba20056628b30 b77b7b8eed434c65920ba20056628b30] No more DHCP agents
2026-07-02 01:31:25.507 9 WARNING neutron.api.rpc.agentnotifiers.dhcp_rpc_agent_api [None req-d9b8fbb3-5d68-4cbf-bf83-4dda51896165 6211eb18ef9044d194e318a960988876 8f0f3f8a99ec42549119dbc71ad33162 - - b77b7b8eed434c65920ba20056628b30 b77b7b8eed434c65920ba20056628b30] Unable to schedule network 1a78d6b6-b4a4-4e6d-938a-ebbf5a472087: no agents available; will retry on subsequent port and subnet creation events.
2026-07-02 01:31:25.593 9 INFO neutron.db.ovn_revision_numbers_db [None req-d9b8fbb3-5d68-4cbf-bf83-4dda51896165 6211eb18ef9044d194e318a960988876 8f0f3f8a99ec42549119dbc71ad33162 - - b77b7b8eed434c65920ba20056628b30 b77b7b8eed434c65920ba20056628b30] Successfully bumped revision number for resource 98193352-14c3-4ac3-95df-16e5e4571769 (type: ports) to 1
2026-07-02 01:31:25.778 9 INFO neutron.db.ovn_revision_numbers_db [None req-d9b8fbb3-5d68-4cbf-bf83-4dda51896165 6211eb18ef9044d194e318a960988876 8f0f3f8a99ec42549119dbc71ad33162 - - b77b7b8eed434c65920ba20056628b30 b77b7b8eed434c65920ba20056628b30] Successfully bumped revision number for resource 98193352-14c3-4ac3-95df-16e5e4571769 (type: ports) to 1
2026-07-02 01:31:25.809 9 INFO neutron.wsgi [None req-d9b8fbb3-5d68-4cbf-bf83-4dda51896165 6211eb18ef9044d194e318a960988876 8f0f3f8a99ec42549119dbc71ad33162 - - b77b7b8eed434c65920ba20056628b30 b77b7b8eed434c65920ba20056628b30] 199.204.45.70 "POST /v2.0/ports HTTP/1.1" status: 201 len: 1144 time: 0.5435441
2026-07-02 01:31:25.865 9 INFO neutron.wsgi [None req-f278a3f2-3d18-4f8d-bf76-92057fe08264 6211eb18ef9044d194e318a960988876 8f0f3f8a99ec42549119dbc71ad33162 - - b77b7b8eed434c65920ba20056628b30 b77b7b8eed434c65920ba20056628b30] 199.204.45.70 "GET /v2.0/networks/1a78d6b6-b4a4-4e6d-938a-ebbf5a472087 HTTP/1.1" status: 200 len: 907 time: 0.0470679
2026-07-02 01:31:26.687 10 INFO neutron.plugins.ml2.drivers.ovn.mech_driver.mech_driver [-] OVN reports status up for port: 98193352-14c3-4ac3-95df-16e5e4571769
2026-07-02 01:31:26.728 10 INFO neutron.plugins.ml2.plugin [None req-1030e677-1232-499d-9dcc-bac5e89fa420 - - - - - -] Attempt 1 to provision port 98193352-14c3-4ac3-95df-16e5e4571769
2026-07-02 01:31:27.004 10 INFO neutron.db.ovn_revision_numbers_db [None req-1030e677-1232-499d-9dcc-bac5e89fa420 - - - - - -] Successfully bumped revision number for resource 98193352-14c3-4ac3-95df-16e5e4571769 (type: ports) to 3
2026-07-02 01:31:28.323 9 INFO neutron.wsgi [None req-392cb0f6-d2d2-43a9-b51c-e441b2a6a729 6211eb18ef9044d194e318a960988876 8f0f3f8a99ec42549119dbc71ad33162 - - b77b7b8eed434c65920ba20056628b30 b77b7b8eed434c65920ba20056628b30] 199.204.45.70 "GET /v2.0/ports?device_id=manila-share&binding%3Ahost_id=instance HTTP/1.1" status: 200 len: 1172 time: 0.0467906
2026-07-02 01:31:28.380 9 INFO neutron.wsgi [None req-a5b9fd31-c1f7-4cdf-b60d-add41342ab21 6211eb18ef9044d194e318a960988876 8f0f3f8a99ec42549119dbc71ad33162 - - b77b7b8eed434c65920ba20056628b30 b77b7b8eed434c65920ba20056628b30] 199.204.45.70 "GET /v2.0/networks/1a78d6b6-b4a4-4e6d-938a-ebbf5a472087 HTTP/1.1" status: 200 len: 907 time: 0.0484850
2026-07-02 01:31:39.870 9 INFO neutron.wsgi [-] 10.0.0.74 "GET / HTTP/1.1" status: 200 len: 247 time: 0.0026155
2026-07-02 01:31:39.871 10 INFO neutron.wsgi [-] 10.0.0.74 "GET / HTTP/1.1" status: 200 len: 247 time: 0.0035541
2026-07-02 01:31:52.502 10 INFO neutron.wsgi [None req-1bd3cd79-5571-4a3c-a626-24a5793fce74 0785ec01bfbb49a3b56fa95061537b39 bd32e336a76443538ecfe0ed4257b9f7 - - default default] 199.204.45.70,10.0.0.74 "GET /v2.0/quotas/8f0f3f8a99ec42549119dbc71ad33162 HTTP/1.1" status: 200 len: 362 time: 0.0168157 /var/lib/openstack/lib/python3.10/site-packages/neutron/extensions/quotasv2.py:140: UserWarning: Neutron quota engine will require "--force" parameter to set a quota limit without checking the resource usage. warnings.warn('Neutron quota engine will require "--force" '
2026-07-02 01:31:52.970 10 INFO neutron.wsgi [None req-65541740-7a17-445b-aa88-b77f3c83981e 0785ec01bfbb49a3b56fa95061537b39 bd32e336a76443538ecfe0ed4257b9f7 - - default default] 199.204.45.70,10.0.0.74 "PUT /v2.0/quotas/8f0f3f8a99ec42549119dbc71ad33162 HTTP/1.1" status: 200 len: 361 time: 0.0375538
2026-07-02 01:31:53.319 10 INFO neutron.wsgi [None req-23ec1467-c553-46a4-a08b-08ae0741cce9 0785ec01bfbb49a3b56fa95061537b39 bd32e336a76443538ecfe0ed4257b9f7 - - default default] 199.204.45.70,10.0.0.74 "GET /v2.0/quotas/8f0f3f8a99ec42549119dbc71ad33162 HTTP/1.1" status: 200 len: 361 time: 0.0111914
2026-07-02 01:31:54.870 9 INFO neutron.wsgi [-] 10.0.0.74 "GET / HTTP/1.1" status: 200 len: 247 time: 0.0017591
2026-07-02 01:31:54.872 9 INFO neutron.wsgi [-] 10.0.0.74 "GET / HTTP/1.1" status: 200 len: 247 time: 0.0012865
2026-07-02 01:32:09.869 9 INFO neutron.wsgi [-] 10.0.0.74 "GET / HTTP/1.1" status: 200 len: 247 time: 0.0018084
2026-07-02 01:32:09.871 9 INFO neutron.wsgi [-] 10.0.0.74 "GET / HTTP/1.1" status: 200 len: 247 time: 0.0013771
2026-07-02 01:32:24.871 9 INFO neutron.wsgi [-] 10.0.0.74 "GET / HTTP/1.1" status: 200 len: 247 time: 0.0026476
2026-07-02 01:32:24.872 10 INFO neutron.wsgi [-] 10.0.0.74 "GET / HTTP/1.1" status: 200 len: 247 time: 0.0026288
2026-07-02 01:32:39.871 10 INFO neutron.wsgi [-] 10.0.0.74 "GET / HTTP/1.1" status: 200 len: 247 time: 0.0024309
2026-07-02 01:32:39.871 9 INFO neutron.wsgi [-] 10.0.0.74 "GET / HTTP/1.1" status: 200 len: 247 time: 0.0025253
2026-07-02 01:32:54.872 10 INFO neutron.wsgi [-] 10.0.0.74 "GET / HTTP/1.1" status: 200 len: 247 time: 0.0031638
2026-07-02 01:32:54.874 10 INFO neutron.wsgi [-] 10.0.0.74 "GET / HTTP/1.1" status: 200 len: 247 time: 0.0019517
2026-07-02 01:33:09.871 10 INFO neutron.wsgi [-] 10.0.0.74 "GET / HTTP/1.1" status: 200 len: 247 time: 0.0025139
2026-07-02 01:33:09.872 9 INFO neutron.wsgi [-] 10.0.0.74 "GET / HTTP/1.1" status: 200 len: 247 time: 0.0026209
2026-07-02 01:33:21.691 9 INFO neutron.wsgi [None req-81e88819-bcc2-4819-9bb7-7b005261ed3d 0785ec01bfbb49a3b56fa95061537b39 bd32e336a76443538ecfe0ed4257b9f7 - - default default] 10.0.0.224 "GET /v2.0/networks HTTP/1.1" status: 200 len: 2348 time: 0.1021895
2026-07-02 01:33:21.730 9 INFO neutron.wsgi [None req-e9f093b5-39cc-4dbd-a0d4-a5dbb6bb0350 0785ec01bfbb49a3b56fa95061537b39 bd32e336a76443538ecfe0ed4257b9f7 - - default default] 10.0.0.224 "GET /v2.0/subnets HTTP/1.1" status: 200 len: 1437 time: 0.0364909
2026-07-02 01:33:21.741 9 INFO neutron.wsgi [None req-5e72e8f0-2842-4b9e-96d0-40e3c31547b1 0785ec01bfbb49a3b56fa95061537b39 bd32e336a76443538ecfe0ed4257b9f7 - - default default] 10.0.0.224 "GET /v2.0/subnetpools HTTP/1.1" status: 200 len: 193 time: 0.0093911
2026-07-02 01:33:21.770 9 INFO neutron.wsgi [None req-33cda8f1-510c-46cf-9954-1c4c845b9028 0785ec01bfbb49a3b56fa95061537b39 bd32e336a76443538ecfe0ed4257b9f7 - - default default] 10.0.0.224 "GET /v2.0/floatingips HTTP/1.1" status: 200 len: 193 time: 0.0276275
2026-07-02 01:33:21.811 9 INFO neutron.wsgi [None req-453acc1e-af02-4c59-bfa5-36a39ffbfc01 0785ec01bfbb49a3b56fa95061537b39 bd32e336a76443538ecfe0ed4257b9f7 - - default default] 10.0.0.224 "GET /v2.0/security-groups HTTP/1.1" status: 200 len: 16803 time: 0.0401785
2026-07-02 01:33:21.848 9 INFO neutron.wsgi [None req-c953257a-edff-490c-93e4-47804120827e 0785ec01bfbb49a3b56fa95061537b39 bd32e336a76443538ecfe0ed4257b9f7 - - default default] 10.0.0.224 "GET /v2.0/ports HTTP/1.1" status: 200 len: 5351 time: 0.0314870
2026-07-02 01:33:21.897 9 INFO neutron.wsgi [None req-be25ee6e-1dcd-41c0-bb79-69f5abdd079b 0785ec01bfbb49a3b56fa95061537b39 bd32e336a76443538ecfe0ed4257b9f7 - - default default] 10.0.0.224 "GET /v2.0/agents HTTP/1.1" status: 200 len: 997 time: 0.0442045
2026-07-02 01:33:21.919 9 INFO neutron.wsgi [None req-0cd80126-b1d7-4fb9-94ad-effadb98b6d6 0785ec01bfbb49a3b56fa95061537b39 bd32e336a76443538ecfe0ed4257b9f7 - - default default] 10.0.0.224 "GET /v2.0/network-ip-availabilities HTTP/1.1" status: 200 len: 1280 time: 0.0205445
2026-07-02 01:33:21.958 9 INFO neutron.wsgi [None req-0c176ed8-6f52-4e2c-8d6f-47b92bda465f 0785ec01bfbb49a3b56fa95061537b39 bd32e336a76443538ecfe0ed4257b9f7 - - default default] 10.0.0.224 "GET /v2.0/subnets HTTP/1.1" status: 200 len: 1437 time: 0.0383780
2026-07-02 01:33:22.006 9 INFO neutron.wsgi [None req-b025de55-8a02-446d-96c6-1a0a5dbee242 0785ec01bfbb49a3b56fa95061537b39 bd32e336a76443538ecfe0ed4257b9f7 - - default default] 10.0.0.224 "GET /v2.0/routers HTTP/1.1" status: 200 len: 189 time: 0.0453401
2026-07-02 01:33:22.022 9 INFO neutron.wsgi [None req-30a81cb6-a8c6-474a-955e-99680316f09c 0785ec01bfbb49a3b56fa95061537b39 bd32e336a76443538ecfe0ed4257b9f7 - - default default] 10.0.0.224 "GET /v2.0/agents?binary=ovn-controller HTTP/1.1" status: 200 len: 591 time: 0.0150900
2026-07-02 01:33:24.871 10 INFO neutron.wsgi [-] 10.0.0.74 "GET / HTTP/1.1" status: 200 len: 247 time: 0.0029600
2026-07-02 01:33:24.872 9 INFO neutron.wsgi [-] 10.0.0.74 "GET / HTTP/1.1" status: 200 len: 247 time: 0.0042574
2026-07-02 01:33:39.871 10 INFO neutron.wsgi [-] 10.0.0.74 "GET / HTTP/1.1" status: 200 len: 247 time: 0.0026302
2026-07-02 01:33:39.872 9 INFO neutron.wsgi [-] 10.0.0.74 "GET / HTTP/1.1" status: 200 len: 247 time: 0.0023735
2026-07-02 01:33:54.873 9 INFO neutron.wsgi [-] 10.0.0.74 "GET / HTTP/1.1" status: 200 len: 247 time: 0.0036254
2026-07-02 01:33:54.874 10 INFO neutron.wsgi [-] 10.0.0.74 "GET / HTTP/1.1" status: 200 len: 247 time: 0.0038915
2026-07-02 01:34:09.869 9 INFO neutron.wsgi [-] 10.0.0.74 "GET / HTTP/1.1" status: 200 len: 247 time: 0.0016165
2026-07-02 01:34:09.871 10 INFO neutron.wsgi [-] 10.0.0.74 "GET / HTTP/1.1" status: 200 len: 247 time: 0.0026481
2026-07-02 01:34:21.548 9 INFO neutron.wsgi [None req-ba95c43b-5fa6-4b0b-ad09-20b2488a4126 0785ec01bfbb49a3b56fa95061537b39 bd32e336a76443538ecfe0ed4257b9f7 - - default default] 10.0.0.224 "GET /v2.0/agents HTTP/1.1" status: 200 len: 997 time: 0.0864992
2026-07-02 01:34:21.560 9 INFO neutron.wsgi [None req-f9c76883-3ba1-4e60-8ead-86447b0718ef 0785ec01bfbb49a3b56fa95061537b39 bd32e336a76443538ecfe0ed4257b9f7 - - default default] 10.0.0.224 "GET /v2.0/network-ip-availabilities HTTP/1.1" status: 200 len: 1280 time: 0.0111303
2026-07-02 01:34:21.598 9 INFO neutron.wsgi [None req-4bd97596-aa01-4b55-9347-db9b5869fb01 0785ec01bfbb49a3b56fa95061537b39 bd32e336a76443538ecfe0ed4257b9f7 - - default default] 10.0.0.224 "GET /v2.0/subnets HTTP/1.1" status: 200 len: 1437 time: 0.0360570
2026-07-02 01:34:21.609 9 INFO neutron.wsgi [None req-9f638802-1bf5-4780-9c90-ccb89340ce02 0785ec01bfbb49a3b56fa95061537b39 bd32e336a76443538ecfe0ed4257b9f7 - - default default] 10.0.0.224 "GET /v2.0/subnetpools HTTP/1.1" status: 200 len: 193 time: 0.0100007
2026-07-02 01:34:21.636 9 INFO neutron.wsgi [None req-a33fd73c-a3d4-4c0f-a1f0-cb9ff67e383d 0785ec01bfbb49a3b56fa95061537b39 bd32e336a76443538ecfe0ed4257b9f7 - - default default] 10.0.0.224 "GET /v2.0/floatingips HTTP/1.1" status: 200 len: 193 time: 0.0254705
2026-07-02 01:34:21.665 9 INFO neutron.wsgi [None req-ca75005e-2553-4392-a462-3e8f0c95feb3 0785ec01bfbb49a3b56fa95061537b39 bd32e336a76443538ecfe0ed4257b9f7 - - default default] 10.0.0.224 "GET /v2.0/routers HTTP/1.1" status: 200 len: 189 time: 0.0245216
2026-07-02 01:34:21.682 9 INFO neutron.wsgi [None req-51c4068e-8083-421c-9a12-a3136fafc6af 0785ec01bfbb49a3b56fa95061537b39 bd32e336a76443538ecfe0ed4257b9f7 - - default default] 10.0.0.224 "GET /v2.0/agents?binary=ovn-controller HTTP/1.1" status: 200 len: 591 time: 0.0162868
2026-07-02 01:34:21.768 9 INFO neutron.wsgi [None req-8d47979b-42de-4fc3-b1bf-106d99f7972f 0785ec01bfbb49a3b56fa95061537b39 bd32e336a76443538ecfe0ed4257b9f7 - - default default] 10.0.0.224 "GET /v2.0/networks HTTP/1.1" status: 200 len: 2348 time: 0.0848384
2026-07-02 01:34:21.823 9 INFO neutron.wsgi [None req-207b5bb8-e7f8-47f9-a6f1-db3589a378a6 0785ec01bfbb49a3b56fa95061537b39 bd32e336a76443538ecfe0ed4257b9f7 - - default default] 10.0.0.224 "GET /v2.0/ports HTTP/1.1" status: 200 len: 5351 time: 0.0530634
2026-07-02 01:34:21.877 9 INFO neutron.wsgi [None req-5d803d2f-da1d-472c-aefb-c025492137c6 0785ec01bfbb49a3b56fa95061537b39 bd32e336a76443538ecfe0ed4257b9f7 - - default default] 10.0.0.224 "GET /v2.0/security-groups HTTP/1.1" status: 200 len: 16803 time: 0.0494864
2026-07-02 01:34:21.937 9 INFO neutron.wsgi [None req-7c2d52eb-dd0a-45b2-8390-c9a38b46ebf9 0785ec01bfbb49a3b56fa95061537b39 bd32e336a76443538ecfe0ed4257b9f7 - - default default] 10.0.0.224 "GET /v2.0/subnets HTTP/1.1" status: 200 len: 1437 time: 0.0466816
2026-07-02 01:34:24.871 10 INFO neutron.wsgi [-] 10.0.0.74 "GET / HTTP/1.1" status: 200 len: 247 time: 0.0026939
2026-07-02 01:34:24.872 9 INFO neutron.wsgi [-] 10.0.0.74 "GET / HTTP/1.1" status: 200 len: 247 time: 0.0030603
2026-07-02 01:34:39.870 9 INFO neutron.wsgi [-] 10.0.0.74 "GET / HTTP/1.1" status: 200 len: 247 time: 0.0017586
2026-07-02 01:34:39.872 10 INFO neutron.wsgi [-] 10.0.0.74 "GET / HTTP/1.1" status: 200 len: 247 time: 0.0032430
2026-07-02 01:34:54.870 9 INFO neutron.wsgi [-] 10.0.0.74 "GET / HTTP/1.1" status: 200 len: 247 time: 0.0018318
2026-07-02 01:34:54.871 10 INFO neutron.wsgi [-] 10.0.0.74 "GET / HTTP/1.1" status: 200 len: 247 time: 0.0029304
2026-07-02 01:35:09.871 10 INFO neutron.wsgi [-] 10.0.0.74 "GET / HTTP/1.1" status: 200 len: 247 time: 0.0026360
2026-07-02 01:35:09.872 9 INFO neutron.wsgi [-] 10.0.0.74 "GET / HTTP/1.1" status: 200 len: 247 time: 0.0033367
2026-07-02 01:35:21.565 9 INFO neutron.wsgi [None req-42b3e3d7-d7cf-4773-9078-e9d6526c7d1a 0785ec01bfbb49a3b56fa95061537b39 bd32e336a76443538ecfe0ed4257b9f7 - - default default] 10.0.0.224 "GET /v2.0/ports HTTP/1.1" status: 200 len: 5351 time: 0.0809240
2026-07-02 01:35:21.593 9 INFO neutron.wsgi [None req-14ac5595-4391-47d8-b53b-de857bc285f0 0785ec01bfbb49a3b56fa95061537b39 bd32e336a76443538ecfe0ed4257b9f7 - - default default] 10.0.0.224 "GET /v2.0/routers HTTP/1.1" status: 200 len: 189 time: 0.0254812
2026-07-02 01:35:21.635 9 INFO neutron.wsgi [None req-cff30318-8935-40a2-83e5-6cc841b6f277 0785ec01bfbb49a3b56fa95061537b39 bd32e336a76443538ecfe0ed4257b9f7 - - default default] 10.0.0.224 "GET /v2.0/agents?binary=ovn-controller HTTP/1.1" status: 200 len: 591 time: 0.0412214
2026-07-02 01:35:21.649 9 INFO neutron.wsgi [None req-d6aa8cb4-3a87-4cb8-a834-9dd469591d17 0785ec01bfbb49a3b56fa95061537b39 bd32e336a76443538ecfe0ed4257b9f7 - - default default] 10.0.0.224 "GET /v2.0/network-ip-availabilities HTTP/1.1" status: 200 len: 1280 time: 0.0125496
2026-07-02 01:35:21.771 9 INFO neutron.wsgi [None req-c781a5e7-6817-4520-a064-99135aa1cbfb 0785ec01bfbb49a3b56fa95061537b39 bd32e336a76443538ecfe0ed4257b9f7 - - default default] 10.0.0.224 "GET /v2.0/networks HTTP/1.1" status: 200 len: 2348 time: 0.1183441
2026-07-02 01:35:21.809 9 INFO neutron.wsgi [None req-e88f2f29-872e-4bef-abed-1b1e1004ead0 0785ec01bfbb49a3b56fa95061537b39 bd32e336a76443538ecfe0ed4257b9f7 - - default default] 10.0.0.224 "GET /v2.0/subnets HTTP/1.1" status: 200 len: 1437 time: 0.0348620
2026-07-02 01:35:21.839 9 INFO neutron.wsgi [None req-1acc139f-6871-46e8-bfac-518a1819c400 0785ec01bfbb49a3b56fa95061537b39 bd32e336a76443538ecfe0ed4257b9f7 - - default default] 10.0.0.224 "GET /v2.0/subnets HTTP/1.1" status: 200 len: 1437 time: 0.0284369
2026-07-02 01:35:21.847 9 INFO neutron.wsgi [None req-b95d77ac-9666-4adc-a272-6f99600a24c2 0785ec01bfbb49a3b56fa95061537b39 bd32e336a76443538ecfe0ed4257b9f7 - - default default] 10.0.0.224 "GET /v2.0/subnetpools HTTP/1.1" status: 200 len: 193 time: 0.0075431
2026-07-02 01:35:21.860 9 INFO neutron.wsgi [None req-1a72aa31-2332-4c11-9a83-778241a55859 0785ec01bfbb49a3b56fa95061537b39 bd32e336a76443538ecfe0ed4257b9f7 - - default default] 10.0.0.224 "GET /v2.0/agents HTTP/1.1" status: 200 len: 997 time: 0.0112288
2026-07-02 01:35:21.880 9 INFO neutron.wsgi [None req-37c05600-27a3-43ae-b26e-825e33bca2b4 0785ec01bfbb49a3b56fa95061537b39 bd32e336a76443538ecfe0ed4257b9f7 - - default default] 10.0.0.224 "GET /v2.0/floatingips HTTP/1.1" status: 200 len: 193 time: 0.0181105
2026-07-02 01:35:21.931 9 INFO neutron.wsgi [None req-6dd11112-dc1c-4b46-b739-443d6485cf9b 0785ec01bfbb49a3b56fa95061537b39 bd32e336a76443538ecfe0ed4257b9f7 - - default default] 10.0.0.224 "GET /v2.0/security-groups HTTP/1.1" status: 200 len: 16803 time: 0.0504708
2026-07-02 01:35:24.871 10 INFO neutron.wsgi [-] 10.0.0.74 "GET / HTTP/1.1" status: 200 len: 247 time: 0.0025129
2026-07-02 01:35:24.873 9 INFO neutron.wsgi [-] 10.0.0.74 "GET / HTTP/1.1" status: 200 len: 247 time: 0.0028660
2026-07-02 01:35:39.874 9 INFO neutron.wsgi [-] 10.0.0.74 "GET / HTTP/1.1" status: 200 len: 247 time: 0.0029511
2026-07-02 01:35:39.877 9 INFO neutron.wsgi [-] 10.0.0.74 "GET / HTTP/1.1" status: 200 len: 247 time: 0.0018642
2026-07-02 01:35:54.871 10 INFO neutron.wsgi [-] 10.0.0.74 "GET / HTTP/1.1" status: 200 len: 247 time: 0.0022485
2026-07-02 01:35:54.875 9 INFO neutron.wsgi [-] 10.0.0.74 "GET / HTTP/1.1" status: 200 len: 247 time: 0.0047488
2026-07-02 01:36:09.869 10 INFO neutron.wsgi [-] 10.0.0.74 "GET / HTTP/1.1" status: 200 len: 247 time: 0.0019574
2026-07-02 01:36:09.870 9 INFO neutron.wsgi [-] 10.0.0.74 "GET / HTTP/1.1" status: 200 len: 247 time: 0.0025802
2026-07-02 01:36:21.527 9 INFO neutron.wsgi [None req-895f891d-dc9f-447b-b967-38fcfa1bc746 0785ec01bfbb49a3b56fa95061537b39 bd32e336a76443538ecfe0ed4257b9f7 - - default default] 10.0.0.224 "GET /v2.0/network-ip-availabilities HTTP/1.1" status: 200 len: 1280 time: 0.0562782
2026-07-02 01:36:21.549 9 INFO neutron.wsgi [None req-d78f2006-68a0-4463-82cb-96593b8a5a58 0785ec01bfbb49a3b56fa95061537b39 bd32e336a76443538ecfe0ed4257b9f7 - - default default] 10.0.0.224 "GET /v2.0/floatingips HTTP/1.1" status: 200 len: 193 time: 0.0200210
2026-07-02 01:36:21.609 9 INFO neutron.wsgi [None req-1d5f2531-5ee8-4c3d-86b3-01359d4af19c 0785ec01bfbb49a3b56fa95061537b39 bd32e336a76443538ecfe0ed4257b9f7 - - default default] 10.0.0.224 "GET /v2.0/networks HTTP/1.1" status: 200 len: 2348 time: 0.0593903
2026-07-02 01:36:21.644 9 INFO neutron.wsgi [None req-314a0bf2-43f8-4768-9356-19d1f0021a79 0785ec01bfbb49a3b56fa95061537b39 bd32e336a76443538ecfe0ed4257b9f7 - - default default] 10.0.0.224 "GET /v2.0/ports HTTP/1.1" status: 200 len: 5351 time: 0.0330958
2026-07-02 01:36:21.691 9 INFO neutron.wsgi [None req-da972159-a540-49d3-b99e-07754d2c6caf 0785ec01bfbb49a3b56fa95061537b39 bd32e336a76443538ecfe0ed4257b9f7 - - default default] 10.0.0.224 "GET /v2.0/agents HTTP/1.1" status: 200 len: 997 time: 0.0420394
2026-07-02 01:36:21.716 9 INFO neutron.wsgi [None req-48765a1e-5621-4f19-b1bf-627b3e95517b 0785ec01bfbb49a3b56fa95061537b39 bd32e336a76443538ecfe0ed4257b9f7 - - default default] 10.0.0.224 "GET /v2.0/routers HTTP/1.1" status: 200 len: 189 time: 0.0247400
2026-07-02 01:36:21.728 9 INFO neutron.wsgi [None req-00823fcc-2331-4342-97d6-8f034bfb6200 0785ec01bfbb49a3b56fa95061537b39 bd32e336a76443538ecfe0ed4257b9f7 - - default default] 10.0.0.224 "GET /v2.0/agents?binary=ovn-controller HTTP/1.1" status: 200 len: 591 time: 0.0109367
2026-07-02 01:36:21.756 9 INFO neutron.wsgi [None req-6c956227-abea-400a-aeba-c545f40ac088 0785ec01bfbb49a3b56fa95061537b39 bd32e336a76443538ecfe0ed4257b9f7 - - default default] 10.0.0.224 "GET /v2.0/subnets HTTP/1.1" status: 200 len: 1437 time: 0.0269969
2026-07-02 01:36:21.767 9 INFO neutron.wsgi [None req-fb757715-a014-4a05-8794-68143b05fc2c 0785ec01bfbb49a3b56fa95061537b39 bd32e336a76443538ecfe0ed4257b9f7 - - default default] 10.0.0.224 "GET /v2.0/subnetpools HTTP/1.1" status: 200 len: 193 time: 0.0090487
2026-07-02 01:36:21.808 9 INFO neutron.wsgi [None req-00348963-3202-4d84-bc5a-3267a3abe6e6 0785ec01bfbb49a3b56fa95061537b39 bd32e336a76443538ecfe0ed4257b9f7 - - default default] 10.0.0.224 "GET /v2.0/security-groups HTTP/1.1" status: 200 len: 16803 time: 0.0401187
2026-07-02 01:36:21.840 9 INFO neutron.wsgi [None req-25b002e9-cf52-4bf0-9407-90505d57ffa6 0785ec01bfbb49a3b56fa95061537b39 bd32e336a76443538ecfe0ed4257b9f7 - - default default] 10.0.0.224 "GET /v2.0/subnets HTTP/1.1" status: 200 len: 1437 time: 0.0289898
2026-07-02 01:36:24.870 9 INFO neutron.wsgi [-] 10.0.0.74 "GET / HTTP/1.1" status: 200 len: 247 time: 0.0017188
2026-07-02 01:36:24.873 10 INFO neutron.wsgi [-] 10.0.0.74 "GET / HTTP/1.1" status: 200 len: 247 time: 0.0044608
2026-07-02 01:36:39.870 10 INFO neutron.wsgi [-] 10.0.0.74 "GET / HTTP/1.1" status: 200 len: 247 time: 0.0019410
2026-07-02 01:36:39.876 10 INFO neutron.wsgi [-] 10.0.0.74 "GET / HTTP/1.1" status: 200 len: 247 time: 0.0021167
2026-07-02 01:36:54.871 9 INFO neutron.wsgi [-] 10.0.0.74 "GET / HTTP/1.1" status: 200 len: 247 time: 0.0025911
2026-07-02 01:36:54.874 9 INFO neutron.wsgi [-] 10.0.0.74 "GET / HTTP/1.1" status: 200 len: 247 time: 0.0024006
2026-07-02 01:37:09.873 9 INFO neutron.wsgi [-] 10.0.0.74 "GET / HTTP/1.1" status: 200 len: 247 time: 0.0045638
2026-07-02 01:37:09.875 9 INFO neutron.wsgi [-] 10.0.0.74 "GET / HTTP/1.1" status: 200 len: 247 time: 0.0012743
2026-07-02 01:37:21.575 9 INFO neutron.wsgi [None req-649a91a2-72eb-4792-a515-3c3e6a48902d 0785ec01bfbb49a3b56fa95061537b39 bd32e336a76443538ecfe0ed4257b9f7 - - default default] 10.0.0.224 "GET /v2.0/floatingips HTTP/1.1" status: 200 len: 193 time: 0.0779805
2026-07-02 01:37:21.641 9 INFO neutron.wsgi [None req-bebfb6ec-56f1-4979-b5b5-67ed61589040 0785ec01bfbb49a3b56fa95061537b39 bd32e336a76443538ecfe0ed4257b9f7 - - default default] 10.0.0.224 "GET /v2.0/security-groups HTTP/1.1" status: 200 len: 16803 time: 0.0655613
2026-07-02 01:37:21.685 9 INFO neutron.wsgi [None req-3163ca12-29ca-4e8d-875f-b1f9b8320e9a 0785ec01bfbb49a3b56fa95061537b39 bd32e336a76443538ecfe0ed4257b9f7 - - default default] 10.0.0.224 "GET /v2.0/subnets HTTP/1.1" status: 200 len: 1437 time: 0.0339868
2026-07-02 01:37:21.729 9 INFO neutron.wsgi [None req-3b69a29c-0c8b-4def-bb38-47941dc33f7d 0785ec01bfbb49a3b56fa95061537b39 bd32e336a76443538ecfe0ed4257b9f7 - - default default] 10.0.0.224 "GET /v2.0/agents HTTP/1.1" status: 200 len: 997 time: 0.0421951
2026-07-02 01:37:21.768 9 INFO neutron.wsgi [None req-c63f3e79-8d7d-4e9f-8d69-c5ee113a7523 0785ec01bfbb49a3b56fa95061537b39 bd32e336a76443538ecfe0ed4257b9f7 - - default default] 10.0.0.224 "GET /v2.0/subnets HTTP/1.1" status: 200 len: 1437 time: 0.0376124
2026-07-02 01:37:21.778 9 INFO neutron.wsgi [None req-8892fa08-4329-45c3-a38c-086ad622b49f 0785ec01bfbb49a3b56fa95061537b39 bd32e336a76443538ecfe0ed4257b9f7 - - default default] 10.0.0.224 "GET /v2.0/subnetpools HTTP/1.1" status: 200 len: 193 time: 0.0082271
2026-07-02 01:37:21.815 9 INFO neutron.wsgi [None req-f02b7942-7f1d-42ba-853d-ed1e9407306e 0785ec01bfbb49a3b56fa95061537b39 bd32e336a76443538ecfe0ed4257b9f7 - - default default] 10.0.0.224 "GET /v2.0/ports HTTP/1.1" status: 200 len: 5351 time: 0.0359087
2026-07-02 01:37:21.845 9 INFO neutron.wsgi [None req-afd68630-b01f-407e-a02f-8c2030f05f08 0785ec01bfbb49a3b56fa95061537b39 bd32e336a76443538ecfe0ed4257b9f7 - - default default] 10.0.0.224 "GET /v2.0/network-ip-availabilities HTTP/1.1" status: 200 len: 1280 time: 0.0242360
2026-07-02 01:37:21.901 9 INFO neutron.wsgi [None req-8dc796e9-5183-4ca3-bf60-6d6c76b75fe4 0785ec01bfbb49a3b56fa95061537b39 bd32e336a76443538ecfe0ed4257b9f7 - - default default] 10.0.0.224 "GET /v2.0/networks HTTP/1.1" status: 200 len: 2348 time: 0.0553584
2026-07-02 01:37:21.931 9 INFO neutron.wsgi [None req-c676e443-3d5a-4677-a8e4-e019affa7515 0785ec01bfbb49a3b56fa95061537b39 bd32e336a76443538ecfe0ed4257b9f7 - - default default] 10.0.0.224 "GET /v2.0/routers HTTP/1.1" status: 200 len: 189 time: 0.0278902
2026-07-02 01:37:21.942 9 INFO neutron.wsgi [None req-40fe7c39-3235-484b-b309-7d13fb8f92ef 0785ec01bfbb49a3b56fa95061537b39 bd32e336a76443538ecfe0ed4257b9f7 - - default default] 10.0.0.224 "GET /v2.0/agents?binary=ovn-controller HTTP/1.1" status: 200 len: 591 time: 0.0099926
2026-07-02 01:37:24.872 9 INFO neutron.wsgi [-] 10.0.0.74 "GET / HTTP/1.1" status: 200 len: 247 time: 0.0026369
2026-07-02 01:37:24.874 10 INFO neutron.wsgi [-] 10.0.0.74 "GET / HTTP/1.1" status: 200 len: 247 time: 0.0049226
2026-07-02 01:37:39.871 10 INFO neutron.wsgi [-] 10.0.0.74 "GET / HTTP/1.1" status: 200 len: 247 time: 0.0025735
2026-07-02 01:37:39.871 9 INFO neutron.wsgi [-] 10.0.0.74 "GET / HTTP/1.1" status: 200 len: 247 time: 0.0031118
2026-07-02 01:37:54.870 9 INFO neutron.wsgi [-] 10.0.0.74 "GET / HTTP/1.1" status: 200 len: 247 time: 0.0021496
2026-07-02 01:37:54.872 9 INFO neutron.wsgi [-] 10.0.0.74 "GET / HTTP/1.1" status: 200 len: 247 time: 0.0011842
2026-07-02 01:38:09.871 9 INFO neutron.wsgi [-] 10.0.0.74 "GET / HTTP/1.1" status: 200 len: 247 time: 0.0026798
2026-07-02 01:38:09.874 9 INFO neutron.wsgi [-] 10.0.0.74 "GET / HTTP/1.1" status: 200 len: 247 time: 0.0020957
2026-07-02 01:38:21.632 9 INFO neutron.wsgi [None req-f5a1b816-326a-48d3-ad24-b9820c642fa8 0785ec01bfbb49a3b56fa95061537b39 bd32e336a76443538ecfe0ed4257b9f7 - - default default] 10.0.0.224 "GET /v2.0/security-groups HTTP/1.1" status: 200 len: 16803 time: 0.1215310
2026-07-02 01:38:21.672 9 INFO neutron.wsgi [None req-b40c1f64-1ade-42cb-b41f-94ee0f4f41c5 0785ec01bfbb49a3b56fa95061537b39 bd32e336a76443538ecfe0ed4257b9f7 - - default default] 10.0.0.224 "GET /v2.0/subnets HTTP/1.1" status: 200 len: 1437 time: 0.0298615
2026-07-02 01:38:21.684 9 INFO neutron.wsgi [None req-07f93e5d-0c34-46c6-9e95-7521133f8a34 0785ec01bfbb49a3b56fa95061537b39 bd32e336a76443538ecfe0ed4257b9f7 - - default default] 10.0.0.224 "GET /v2.0/subnetpools HTTP/1.1" status: 200 len: 193 time: 0.0110826
2026-07-02 01:38:21.706 9 INFO neutron.wsgi [None req-7d1c999b-f026-4509-b3a8-552c53c8fe6e 0785ec01bfbb49a3b56fa95061537b39 bd32e336a76443538ecfe0ed4257b9f7 - - default default] 10.0.0.224 "GET /v2.0/floatingips HTTP/1.1" status: 200 len: 193 time: 0.0211930
2026-07-02 01:38:21.774 9 INFO neutron.wsgi [None req-5402ca4a-304f-4778-aef4-7dd3e24aad58 0785ec01bfbb49a3b56fa95061537b39 bd32e336a76443538ecfe0ed4257b9f7 - - default default] 10.0.0.224 "GET /v2.0/networks HTTP/1.1" status: 200 len: 2348 time: 0.0674329
2026-07-02 01:38:21.813 9 INFO neutron.wsgi [None req-3550e619-3095-4823-9d9c-edd494dcc9e1 0785ec01bfbb49a3b56fa95061537b39 bd32e336a76443538ecfe0ed4257b9f7 - - default default] 10.0.0.224 "GET /v2.0/subnets HTTP/1.1" status: 200 len: 1437 time: 0.0339084
2026-07-02 01:38:21.841 9 INFO neutron.wsgi [None req-5cb4bb69-557c-4dce-a7cd-7354189b2016 0785ec01bfbb49a3b56fa95061537b39 bd32e336a76443538ecfe0ed4257b9f7 - - default default] 10.0.0.224 "GET /v2.0/routers HTTP/1.1" status: 200 len: 189 time: 0.0259020
2026-07-02 01:38:21.894 9 INFO neutron.wsgi [None req-435a6441-67ab-406a-b837-c45c45588a7c 0785ec01bfbb49a3b56fa95061537b39 bd32e336a76443538ecfe0ed4257b9f7 - - default default] 10.0.0.224 "GET /v2.0/agents?binary=ovn-controller HTTP/1.1" status: 200 len: 591 time: 0.0524747
2026-07-02 01:38:21.930 9 INFO neutron.wsgi [None req-828fedb5-0da6-4d5f-b6b2-e3a33cf1be7a 0785ec01bfbb49a3b56fa95061537b39 bd32e336a76443538ecfe0ed4257b9f7 - - default default] 10.0.0.224 "GET /v2.0/ports HTTP/1.1" status: 200 len: 5351 time: 0.0344694
2026-07-02 01:38:21.948 9 INFO neutron.wsgi [None req-d9fc14ef-34da-4072-bad1-925a8d2d108b 0785ec01bfbb49a3b56fa95061537b39 bd32e336a76443538ecfe0ed4257b9f7 - - default default] 10.0.0.224 "GET /v2.0/agents HTTP/1.1" status: 200 len: 997 time: 0.0123100
2026-07-02 01:38:21.960 9 INFO neutron.wsgi [None req-c4993f28-53e8-4f86-a871-05597a9121b7 0785ec01bfbb49a3b56fa95061537b39 bd32e336a76443538ecfe0ed4257b9f7 - - default default] 10.0.0.224 "GET /v2.0/network-ip-availabilities HTTP/1.1" status: 200 len: 1280 time: 0.0104587
2026-07-02 01:38:24.871 10 INFO neutron.wsgi [-] 10.0.0.74 "GET / HTTP/1.1" status: 200 len: 247 time: 0.0023835
2026-07-02 01:38:24.873 9 INFO neutron.wsgi [-] 10.0.0.74 "GET / HTTP/1.1" status: 200 len: 247 time: 0.0039940
2026-07-02 01:38:39.870 10 INFO neutron.wsgi [-] 10.0.0.74 "GET / HTTP/1.1" status: 200 len: 247 time: 0.0027025
2026-07-02 01:38:39.873 10 INFO neutron.wsgi [-] 10.0.0.74 "GET / HTTP/1.1" status: 200 len: 247 time: 0.0012918
2026-07-02 01:38:54.872 10 INFO neutron.wsgi [-] 10.0.0.74 "GET / HTTP/1.1" status: 200 len: 247 time: 0.0029173
2026-07-02 01:38:54.874 10 INFO neutron.wsgi [-] 10.0.0.74 "GET / HTTP/1.1" status: 200 len: 247 time: 0.0012743
2026-07-02 01:39:09.871 9 INFO neutron.wsgi [-] 10.0.0.74 "GET / HTTP/1.1" status: 200 len: 247 time: 0.0031669
2026-07-02 01:39:09.874 9 INFO neutron.wsgi [-] 10.0.0.74 "GET / HTTP/1.1" status: 200 len: 247 time: 0.0013185
2026-07-02 01:39:21.570 9 INFO neutron.wsgi [None req-e102b4d3-cc6a-4e7c-bbb2-a5088accb89e 0785ec01bfbb49a3b56fa95061537b39 bd32e336a76443538ecfe0ed4257b9f7 - - default default] 10.0.0.224 "GET /v2.0/floatingips HTTP/1.1" status: 200 len: 193 time: 0.0891793
2026-07-02 01:39:21.624 9 INFO neutron.wsgi [None req-10fe629f-f7bb-4cb6-b29b-0da396711deb 0785ec01bfbb49a3b56fa95061537b39 bd32e336a76443538ecfe0ed4257b9f7 - - default default] 10.0.0.224 "GET /v2.0/security-groups HTTP/1.1" status: 200 len: 16803 time: 0.0533803
2026-07-02 01:39:21.657 9 INFO neutron.wsgi [None req-0db059f0-cf64-4acb-8ad6-a931fe73becb 0785ec01bfbb49a3b56fa95061537b39 bd32e336a76443538ecfe0ed4257b9f7 - - default default] 10.0.0.224 "GET /v2.0/routers HTTP/1.1" status: 200 len: 189 time: 0.0283418
2026-07-02 01:39:21.717 9 INFO neutron.wsgi [None req-d3fdc981-44ec-4619-84a7-a733d631d7be 0785ec01bfbb49a3b56fa95061537b39 bd32e336a76443538ecfe0ed4257b9f7 - - default default] 10.0.0.224 "GET /v2.0/agents?binary=ovn-controller HTTP/1.1" status: 200 len: 591 time: 0.0588586
2026-07-02 01:39:21.748 9 INFO neutron.wsgi [None req-19fc10e6-0a87-45a7-89ef-1c4e303210ed 0785ec01bfbb49a3b56fa95061537b39 bd32e336a76443538ecfe0ed4257b9f7 - - default default] 10.0.0.224 "GET /v2.0/subnets HTTP/1.1" status: 200 len: 1437 time: 0.0299928
2026-07-02 01:39:21.797 9 INFO neutron.wsgi [None req-a28470ee-385f-463a-a6c0-6bc62e1777b3 0785ec01bfbb49a3b56fa95061537b39 bd32e336a76443538ecfe0ed4257b9f7 - - default default] 10.0.0.224 "GET /v2.0/ports HTTP/1.1" status: 200 len: 5351 time: 0.0460989
2026-07-02 01:39:21.819 9 INFO neutron.wsgi [None req-bb2670ae-411a-4f75-a80c-8b51c2a904ca 0785ec01bfbb49a3b56fa95061537b39 bd32e336a76443538ecfe0ed4257b9f7 - - default default] 10.0.0.224 "GET /v2.0/network-ip-availabilities HTTP/1.1" status: 200 len: 1280 time: 0.0186706
2026-07-02 01:39:21.880 9 INFO neutron.wsgi [None req-9afe3248-60d0-49fc-9f2c-359c8074718e 0785ec01bfbb49a3b56fa95061537b39 bd32e336a76443538ecfe0ed4257b9f7 - - default default] 10.0.0.224 "GET /v2.0/networks HTTP/1.1" status: 200 len: 2348 time: 0.0583174
2026-07-02 01:39:21.915 9 INFO neutron.wsgi [None req-2effc8e8-0f7d-4d8f-8a01-d1a7827a9a7a 0785ec01bfbb49a3b56fa95061537b39 bd32e336a76443538ecfe0ed4257b9f7 - - default default] 10.0.0.224 "GET /v2.0/subnets HTTP/1.1" status: 200 len: 1437 time: 0.0311072
2026-07-02 01:39:21.925 9 INFO neutron.wsgi [None req-ca32b459-3281-4fce-949a-8a230374945d 0785ec01bfbb49a3b56fa95061537b39 bd32e336a76443538ecfe0ed4257b9f7 - - default default] 10.0.0.224 "GET /v2.0/subnetpools HTTP/1.1" status: 200 len: 193 time: 0.0092719
2026-07-02 01:39:21.937 9 INFO neutron.wsgi [None req-932592ae-8ca9-45c5-9665-ebbc2d10dc84 0785ec01bfbb49a3b56fa95061537b39 bd32e336a76443538ecfe0ed4257b9f7 - - default default] 10.0.0.224 "GET /v2.0/agents HTTP/1.1" status: 200 len: 997 time: 0.0109642
2026-07-02 01:39:24.871 10 INFO neutron.wsgi [-] 10.0.0.74 "GET / HTTP/1.1" status: 200 len: 247 time: 0.0024836
2026-07-02 01:39:24.871 9 INFO neutron.wsgi [-] 10.0.0.74 "GET / HTTP/1.1" status: 200 len: 247 time: 0.0030444
2026-07-02 01:39:39.871 9 INFO neutron.wsgi [-] 10.0.0.74 "GET / HTTP/1.1" status: 200 len: 247 time: 0.0029140
2026-07-02 01:39:39.871 10 INFO neutron.wsgi [-] 10.0.0.74 "GET / HTTP/1.1" status: 200 len: 247 time: 0.0037203
2026-07-02 01:39:54.870 9 INFO neutron.wsgi [-] 10.0.0.74 "GET / HTTP/1.1" status: 200 len: 247 time: 0.0022094
2026-07-02 01:39:54.872 10 INFO neutron.wsgi [-] 10.0.0.74 "GET / HTTP/1.1" status: 200 len: 247 time: 0.0032260
2026-07-02 01:40:09.872 9 INFO neutron.wsgi [-] 10.0.0.74 "GET / HTTP/1.1" status: 200 len: 247 time: 0.0031474
2026-07-02 01:40:09.874 9 INFO neutron.wsgi [-] 10.0.0.74 "GET / HTTP/1.1" status: 200 len: 247 time: 0.0015712
2026-07-02 01:40:21.595 9 INFO neutron.wsgi [None req-4b0cf77a-17cf-4ac4-815b-2183d01d072b 0785ec01bfbb49a3b56fa95061537b39 bd32e336a76443538ecfe0ed4257b9f7 - - default default] 10.0.0.224 "GET /v2.0/networks HTTP/1.1" status: 200 len: 2348 time: 0.1227007
2026-07-02 01:40:21.643 9 INFO neutron.wsgi [None req-8b0ee62d-752c-4fae-980f-7e975e39a96c 0785ec01bfbb49a3b56fa95061537b39 bd32e336a76443538ecfe0ed4257b9f7 - - default default] 10.0.0.224 "GET /v2.0/ports HTTP/1.1" status: 200 len: 5351 time: 0.0445356
2026-07-02 01:40:21.686 9 INFO neutron.wsgi [None req-8a7d2252-2925-44fc-b32c-5e910091f4b2 0785ec01bfbb49a3b56fa95061537b39 bd32e336a76443538ecfe0ed4257b9f7 - - default default] 10.0.0.224 "GET /v2.0/agents HTTP/1.1" status: 200 len: 997 time: 0.0391233
2026-07-02 01:40:21.714 9 INFO neutron.wsgi [None req-d2ef8bb2-97aa-4cb9-8aee-043e40989d8a 0785ec01bfbb49a3b56fa95061537b39 bd32e336a76443538ecfe0ed4257b9f7 - - default default] 10.0.0.224 "GET /v2.0/routers HTTP/1.1" status: 200 len: 189 time: 0.0263181
2026-07-02 01:40:21.727 9 INFO neutron.wsgi [None req-e7211524-b6ec-4fcb-a976-7599ecf61ff8 0785ec01bfbb49a3b56fa95061537b39 bd32e336a76443538ecfe0ed4257b9f7 - - default default] 10.0.0.224 "GET /v2.0/agents?binary=ovn-controller HTTP/1.1" status: 200 len: 591 time: 0.0127118
2026-07-02 01:40:21.762 9 INFO neutron.wsgi [None req-ee7bc13e-4680-4249-90a9-e55b2cf42920 0785ec01bfbb49a3b56fa95061537b39 bd32e336a76443538ecfe0ed4257b9f7 - - default default] 10.0.0.224 "GET /v2.0/subnets HTTP/1.1" status: 200 len: 1437 time: 0.0333412
2026-07-02 01:40:21.771 9 INFO neutron.wsgi [None req-a8c23d4b-a9a1-42ec-88e6-648f8f013f9b 0785ec01bfbb49a3b56fa95061537b39 bd32e336a76443538ecfe0ed4257b9f7 - - default default] 10.0.0.224 "GET /v2.0/subnetpools HTTP/1.1" status: 200 len: 193 time: 0.0081420
2026-07-02 01:40:21.802 9 INFO neutron.wsgi [None req-c0a41704-e020-4255-abaa-e728e26f040f 0785ec01bfbb49a3b56fa95061537b39 bd32e336a76443538ecfe0ed4257b9f7 - - default default] 10.0.0.224 "GET /v2.0/subnets HTTP/1.1" status: 200 len: 1437 time: 0.0302837
2026-07-02 01:40:21.858 9 INFO neutron.wsgi [None req-9055e397-e244-48c3-97ff-91539ebb2917 0785ec01bfbb49a3b56fa95061537b39 bd32e336a76443538ecfe0ed4257b9f7 - - default default] 10.0.0.224 "GET /v2.0/security-groups HTTP/1.1" status: 200 len: 16803 time: 0.0546076
2026-07-02 01:40:21.895 9 INFO neutron.wsgi [None req-1d2d18fe-727d-4e6f-93b1-162698be7df0 0785ec01bfbb49a3b56fa95061537b39 bd32e336a76443538ecfe0ed4257b9f7 - - default default] 10.0.0.224 "GET /v2.0/floatingips HTTP/1.1" status: 200 len: 193 time: 0.0295246
2026-07-02 01:40:21.910 9 INFO neutron.wsgi [None req-a88b2cb1-40b6-41da-b7bf-231c51cb105a 0785ec01bfbb49a3b56fa95061537b39 bd32e336a76443538ecfe0ed4257b9f7 - - default default] 10.0.0.224 "GET /v2.0/network-ip-availabilities HTTP/1.1" status: 200 len: 1280 time: 0.0139852
2026-07-02 01:40:24.870 10 INFO neutron.wsgi [-] 10.0.0.74 "GET / HTTP/1.1" status: 200 len: 247 time: 0.0023038
2026-07-02 01:40:24.871 9 INFO neutron.wsgi [-] 10.0.0.74 "GET / HTTP/1.1" status: 200 len: 247 time: 0.0031760
2026-07-02 01:40:39.871 9 INFO neutron.wsgi [-] 10.0.0.74 "GET / HTTP/1.1" status: 200 len: 247 time: 0.0029113
2026-07-02 01:40:39.871 10 INFO neutron.wsgi [-] 10.0.0.74 "GET / HTTP/1.1" status: 200 len: 247 time: 0.0033069
2026-07-02 01:40:54.871 10 INFO neutron.wsgi [-] 10.0.0.74 "GET / HTTP/1.1" status: 200 len: 247 time: 0.0026441
2026-07-02 01:40:54.875 10 INFO neutron.wsgi [-] 10.0.0.74 "GET / HTTP/1.1" status: 200 len: 247 time: 0.0025642
2026-07-02 01:41:09.870 10 INFO neutron.wsgi [-] 10.0.0.74 "GET / HTTP/1.1" status: 200 len: 247 time: 0.0024331
2026-07-02 01:41:09.874 10 INFO neutron.wsgi [-] 10.0.0.74 "GET / HTTP/1.1" status: 200 len: 247 time: 0.0026619
2026-07-02 01:41:21.579 9 INFO neutron.wsgi [None req-bb6de4ac-6e86-4be7-ae83-2396a58ef099 0785ec01bfbb49a3b56fa95061537b39 bd32e336a76443538ecfe0ed4257b9f7 - - default default] 10.0.0.224 "GET /v2.0/networks HTTP/1.1" status: 200 len: 2348 time: 0.1192379
2026-07-02 01:41:21.591 9 INFO neutron.wsgi [None req-e84a144a-714e-4af1-8d8a-1674dad2c9ff 0785ec01bfbb49a3b56fa95061537b39 bd32e336a76443538ecfe0ed4257b9f7 - - default default] 10.0.0.224 "GET /v2.0/network-ip-availabilities HTTP/1.1" status: 200 len: 1280 time: 0.0101411
2026-07-02 01:41:21.624 9 INFO neutron.wsgi [None req-dcd4811b-4ffb-480f-9dff-27b1bb54ea69 0785ec01bfbb49a3b56fa95061537b39 bd32e336a76443538ecfe0ed4257b9f7 - - default default] 10.0.0.224 "GET /v2.0/routers HTTP/1.1" status: 200 len: 189 time: 0.0319960
2026-07-02 01:41:21.722 9 INFO neutron.wsgi [None req-29c26655-f836-4f9f-a343-60279ec369cc 0785ec01bfbb49a3b56fa95061537b39 bd32e336a76443538ecfe0ed4257b9f7 - - default default] 10.0.0.224 "GET /v2.0/agents?binary=ovn-controller HTTP/1.1" status: 200 len: 591 time: 0.0973930
2026-07-02 01:41:21.734 9 INFO neutron.wsgi [None req-fce55e4f-f3b0-4a3d-9265-cf7a3d10862f 0785ec01bfbb49a3b56fa95061537b39 bd32e336a76443538ecfe0ed4257b9f7 - - default default] 10.0.0.224 "GET /v2.0/agents HTTP/1.1" status: 200 len: 997 time: 0.0109975
2026-07-02 01:41:21.762 9 INFO neutron.wsgi [None req-8a71f2b4-25db-4884-b0fd-eb9b291d0c6b 0785ec01bfbb49a3b56fa95061537b39 bd32e336a76443538ecfe0ed4257b9f7 - - default default] 10.0.0.224 "GET /v2.0/subnets HTTP/1.1" status: 200 len: 1437 time: 0.0262980
2026-07-02 01:41:21.771 9 INFO neutron.wsgi [None req-70ba8cd0-44dc-4610-9449-dc73e7c7ffe3 0785ec01bfbb49a3b56fa95061537b39 bd32e336a76443538ecfe0ed4257b9f7 - - default default] 10.0.0.224 "GET /v2.0/subnetpools HTTP/1.1" status: 200 len: 193 time: 0.0084748
2026-07-02 01:41:21.791 9 INFO neutron.wsgi [None req-0d9c2204-7707-424f-8ad3-912ec85ab6b8 0785ec01bfbb49a3b56fa95061537b39 bd32e336a76443538ecfe0ed4257b9f7 - - default default] 10.0.0.224 "GET /v2.0/floatingips HTTP/1.1" status: 200 len: 193 time: 0.0195661
2026-07-02 01:41:21.825 9 INFO neutron.wsgi [None req-7969c0b8-042a-49bd-8509-3503fc5469ac 0785ec01bfbb49a3b56fa95061537b39 bd32e336a76443538ecfe0ed4257b9f7 - - default default] 10.0.0.224 "GET /v2.0/subnets HTTP/1.1" status: 200 len: 1437 time: 0.0323296
2026-07-02 01:41:21.859 9 INFO neutron.wsgi [None req-1ae59af6-a4da-4921-bd3b-05f9cb87c9b2 0785ec01bfbb49a3b56fa95061537b39 bd32e336a76443538ecfe0ed4257b9f7 - - default default] 10.0.0.224 "GET /v2.0/ports HTTP/1.1" status: 200 len: 5351 time: 0.0335565
2026-07-02 01:41:21.907 9 INFO neutron.wsgi [None req-031b5a12-0a1b-4b6d-81e3-2afbc42d4364 0785ec01bfbb49a3b56fa95061537b39 bd32e336a76443538ecfe0ed4257b9f7 - - default default] 10.0.0.224 "GET /v2.0/security-groups HTTP/1.1" status: 200 len: 16803 time: 0.0450263
2026-07-02 01:41:24.871 10 INFO neutron.wsgi [-] 10.0.0.74 "GET / HTTP/1.1" status: 200 len: 247 time: 0.0026820
2026-07-02 01:41:24.873 9 INFO neutron.wsgi [-] 10.0.0.74 "GET / HTTP/1.1" status: 200 len: 247 time: 0.0036273
2026-07-02 01:41:39.870 10 INFO neutron.wsgi [-] 10.0.0.74 "GET / HTTP/1.1" status: 200 len: 247 time: 0.0024273
2026-07-02 01:41:39.873 10 INFO neutron.wsgi [-] 10.0.0.74 "GET / HTTP/1.1" status: 200 len: 247 time: 0.0020504
2026-07-02 01:41:54.871 10 INFO neutron.wsgi [-] 10.0.0.74 "GET / HTTP/1.1" status: 200 len: 247 time: 0.0023990
2026-07-02 01:41:54.871 9 INFO neutron.wsgi [-] 10.0.0.74 "GET / HTTP/1.1" status: 200 len: 247 time: 0.0026472
2026-07-02 01:42:09.871 10 INFO neutron.wsgi [-] 10.0.0.74 "GET / HTTP/1.1" status: 200 len: 247 time: 0.0026081
2026-07-02 01:42:09.874 10 INFO neutron.wsgi [-] 10.0.0.74 "GET / HTTP/1.1" status: 200 len: 247 time: 0.0021191
