2026-07-02 01:56:55.507 10 INFO neutron.db.ovn_revision_numbers_db [None req-9d8b1cb2-9ed9-435e-b916-7c8aa143b72b 0785ec01bfbb49a3b56fa95061537b39 bd32e336a76443538ecfe0ed4257b9f7 - - default default] Successfully bumped revision number for resource df8c71b2-cb1b-4815-a7f3-96767b243431 (type: security_group_rules) to 0
2026-07-02 01:56:55.533 10 INFO neutron.db.ovn_revision_numbers_db [None req-9d8b1cb2-9ed9-435e-b916-7c8aa143b72b 0785ec01bfbb49a3b56fa95061537b39 bd32e336a76443538ecfe0ed4257b9f7 - - default default] Successfully bumped revision number for resource e5ec4e40-707d-4964-b294-a78d3979ab0b (type: security_group_rules) to 0
2026-07-02 01:56:55.558 10 INFO neutron.wsgi [None req-9d8b1cb2-9ed9-435e-b916-7c8aa143b72b 0785ec01bfbb49a3b56fa95061537b39 bd32e336a76443538ecfe0ed4257b9f7 - - default default] 10.0.0.146 "GET /v2.0/security-groups?tenant_id=d88c6c8cde294460b49e4d72a68276e2&name=default HTTP/1.1" status: 200 len: 3000 time: 0.3179736
2026-07-02 01:56:55.774 10 INFO neutron.wsgi [None req-e0da3927-9cbe-40d3-b715-37d7eada0d32 0785ec01bfbb49a3b56fa95061537b39 bd32e336a76443538ecfe0ed4257b9f7 - - default default] 10.0.0.146 "DELETE /v2.0/security-groups/eb069db4-dd52-4e3b-8a52-cfcee411f5bc HTTP/1.1" status: 204 len: 168 time: 0.2092535
2026-07-02 01:56:56.003 9 INFO neutron.db.ovn_revision_numbers_db [None req-0d77acce-0a3f-4fb1-a07b-b324d0da2567 0785ec01bfbb49a3b56fa95061537b39 bd32e336a76443538ecfe0ed4257b9f7 - - default default] Successfully bumped revision number for resource 8eeb46c2-c8d1-4085-9d6c-424c6ec8503a (type: security_groups) to 1
2026-07-02 01:56:56.021 9 INFO neutron.db.ovn_revision_numbers_db [None req-0d77acce-0a3f-4fb1-a07b-b324d0da2567 0785ec01bfbb49a3b56fa95061537b39 bd32e336a76443538ecfe0ed4257b9f7 - - default default] Successfully bumped revision number for resource 41f99889-a5b2-4e75-8acb-d4ca04a159f0 (type: security_group_rules) to 0
2026-07-02 01:56:56.035 9 INFO neutron.db.ovn_revision_numbers_db [None req-0d77acce-0a3f-4fb1-a07b-b324d0da2567 0785ec01bfbb49a3b56fa95061537b39 bd32e336a76443538ecfe0ed4257b9f7 - - default default] Successfully bumped revision number for resource 4a98f1c5-ccf3-4ec0-b5c8-3487d151f8c7 (type: security_group_rules) to 0
2026-07-02 01:56:56.054 9 INFO neutron.db.ovn_revision_numbers_db [None req-0d77acce-0a3f-4fb1-a07b-b324d0da2567 0785ec01bfbb49a3b56fa95061537b39 bd32e336a76443538ecfe0ed4257b9f7 - - default default] Successfully bumped revision number for resource 7641b01e-12a6-4dab-8189-ef70e10c0dcb (type: security_group_rules) to 0
2026-07-02 01:56:56.075 9 INFO neutron.db.ovn_revision_numbers_db [None req-0d77acce-0a3f-4fb1-a07b-b324d0da2567 0785ec01bfbb49a3b56fa95061537b39 bd32e336a76443538ecfe0ed4257b9f7 - - default default] Successfully bumped revision number for resource c6b70e18-c55f-4397-a40e-9030956437fa (type: security_group_rules) to 0
2026-07-02 01:56:56.099 9 INFO neutron.wsgi [None req-0d77acce-0a3f-4fb1-a07b-b324d0da2567 0785ec01bfbb49a3b56fa95061537b39 bd32e336a76443538ecfe0ed4257b9f7 - - default default] 10.0.0.146 "GET /v2.0/security-groups?tenant_id=70800b980a7e48b58527f189d9773cde&name=default HTTP/1.1" status: 200 len: 3000 time: 0.2246234
2026-07-02 01:56:56.309 9 INFO neutron.wsgi [None req-536786a7-ee22-484c-a71b-c34622b47307 0785ec01bfbb49a3b56fa95061537b39 bd32e336a76443538ecfe0ed4257b9f7 - - default default] 10.0.0.146 "DELETE /v2.0/security-groups/8eeb46c2-c8d1-4085-9d6c-424c6ec8503a HTTP/1.1" status: 204 len: 168 time: 0.2045803
2026-07-02 01:56:59.829 9 INFO neutron.db.ovn_revision_numbers_db [None req-4da3ac34-424e-48b9-aedf-17430bee084d b7acf89ccd134ec1b4b8476aeb149031 edf755a9178446f48a5ea6a85ea15fbc - - default default] Successfully bumped revision number for resource f6586df5-5d52-4fc4-9bcd-08207651dac3 (type: security_groups) to 1
2026-07-02 01:56:59.844 9 INFO neutron.db.ovn_revision_numbers_db [None req-4da3ac34-424e-48b9-aedf-17430bee084d b7acf89ccd134ec1b4b8476aeb149031 edf755a9178446f48a5ea6a85ea15fbc - - default default] Successfully bumped revision number for resource 55771327-38b8-4bd6-98c4-9c800daecc74 (type: security_group_rules) to 0
2026-07-02 01:56:59.861 9 INFO neutron.db.ovn_revision_numbers_db [None req-4da3ac34-424e-48b9-aedf-17430bee084d b7acf89ccd134ec1b4b8476aeb149031 edf755a9178446f48a5ea6a85ea15fbc - - default default] Successfully bumped revision number for resource ac35ecf2-e0f9-4986-9110-664546fb3b46 (type: security_group_rules) to 0
2026-07-02 01:56:59.878 9 INFO neutron.db.ovn_revision_numbers_db [None req-4da3ac34-424e-48b9-aedf-17430bee084d b7acf89ccd134ec1b4b8476aeb149031 edf755a9178446f48a5ea6a85ea15fbc - - default default] Successfully bumped revision number for resource bebb5f72-c171-43af-834b-7d517187c899 (type: security_group_rules) to 0
2026-07-02 01:56:59.892 9 INFO neutron.db.ovn_revision_numbers_db [None req-4da3ac34-424e-48b9-aedf-17430bee084d b7acf89ccd134ec1b4b8476aeb149031 edf755a9178446f48a5ea6a85ea15fbc - - default default] Successfully bumped revision number for resource e30d3068-07b9-461c-a213-74fd57bc70e1 (type: security_group_rules) to 0
2026-07-02 01:56:59.952 9 INFO neutron.db.segments_db [None req-4da3ac34-424e-48b9-aedf-17430bee084d b7acf89ccd134ec1b4b8476aeb149031 edf755a9178446f48a5ea6a85ea15fbc - - default default] Added segment f6520b18-35ef-4137-b306-6c597dfe803b of type geneve for network 0eb7b12d-3833-4c02-8825-1ddc4aa84cfa
2026-07-02 01:57:00.116 9 INFO neutron.db.ovn_revision_numbers_db [None req-4da3ac34-424e-48b9-aedf-17430bee084d b7acf89ccd134ec1b4b8476aeb149031 edf755a9178446f48a5ea6a85ea15fbc - - default default] Successfully bumped revision number for resource 0eb7b12d-3833-4c02-8825-1ddc4aa84cfa (type: networks) to 1
2026-07-02 01:57:00.327 9 WARNING neutron.scheduler.dhcp_agent_scheduler [None req-4da3ac34-424e-48b9-aedf-17430bee084d b7acf89ccd134ec1b4b8476aeb149031 edf755a9178446f48a5ea6a85ea15fbc - - default default] No more DHCP agents
2026-07-02 01:57:00.331 9 WARNING neutron.api.rpc.agentnotifiers.dhcp_rpc_agent_api [None req-4da3ac34-424e-48b9-aedf-17430bee084d b7acf89ccd134ec1b4b8476aeb149031 edf755a9178446f48a5ea6a85ea15fbc - - default default] Unable to schedule network 0eb7b12d-3833-4c02-8825-1ddc4aa84cfa: no agents available; will retry on subsequent port and subnet creation events.
2026-07-02 01:57:00.434 9 INFO neutron.db.ovn_revision_numbers_db [None req-4da3ac34-424e-48b9-aedf-17430bee084d b7acf89ccd134ec1b4b8476aeb149031 edf755a9178446f48a5ea6a85ea15fbc - - default default] Successfully bumped revision number for resource 7777b431-c4ff-43ef-a0ee-b1aaf1ec5395 (type: ports) to 1
2026-07-02 01:57:00.464 9 INFO neutron.wsgi [None req-4da3ac34-424e-48b9-aedf-17430bee084d b7acf89ccd134ec1b4b8476aeb149031 edf755a9178446f48a5ea6a85ea15fbc - - default default] 10.0.0.146 "POST /v2.0/networks HTTP/1.1" status: 201 len: 831 time: 0.9427786
2026-07-02 01:57:00.711 9 WARNING neutron.scheduler.dhcp_agent_scheduler [None req-c45f7834-9024-4f61-b0a0-8c98031d27db b7acf89ccd134ec1b4b8476aeb149031 edf755a9178446f48a5ea6a85ea15fbc - - default default] No more DHCP agents
2026-07-02 01:57:00.714 9 WARNING neutron.api.rpc.agentnotifiers.dhcp_rpc_agent_api [None req-c45f7834-9024-4f61-b0a0-8c98031d27db b7acf89ccd134ec1b4b8476aeb149031 edf755a9178446f48a5ea6a85ea15fbc - - default default] Unable to schedule network 0eb7b12d-3833-4c02-8825-1ddc4aa84cfa: no agents available; will retry on subsequent port and subnet creation events.
2026-07-02 01:57:01.233 9 INFO neutron.db.ovn_revision_numbers_db [None req-c45f7834-9024-4f61-b0a0-8c98031d27db b7acf89ccd134ec1b4b8476aeb149031 edf755a9178446f48a5ea6a85ea15fbc - - default default] Successfully bumped revision number for resource 7777b431-c4ff-43ef-a0ee-b1aaf1ec5395 (type: ports) to 2
2026-07-02 01:57:01.288 9 INFO neutron.db.ovn_revision_numbers_db [None req-c45f7834-9024-4f61-b0a0-8c98031d27db b7acf89ccd134ec1b4b8476aeb149031 edf755a9178446f48a5ea6a85ea15fbc - - default default] Successfully bumped revision number for resource 3fc82955-3510-40fe-b3eb-33fd89e8b03b (type: subnets) to 0
2026-07-02 01:57:01.308 9 INFO neutron.wsgi [None req-c45f7834-9024-4f61-b0a0-8c98031d27db b7acf89ccd134ec1b4b8476aeb149031 edf755a9178446f48a5ea6a85ea15fbc - - default default] 10.0.0.146 "POST /v2.0/subnets HTTP/1.1" status: 201 len: 801 time: 0.8359311
2026-07-02 01:57:01.375 9 INFO neutron.wsgi [None req-de7190d7-c229-4e2e-8ef5-5be48c993385 b7acf89ccd134ec1b4b8476aeb149031 edf755a9178446f48a5ea6a85ea15fbc - - default default] 10.0.0.146 "PUT /v2.0/subnets/3fc82955-3510-40fe-b3eb-33fd89e8b03b/tags HTTP/1.1" status: 200 len: 218 time: 0.0628974
2026-07-02 01:57:01.410 9 INFO neutron.wsgi [None req-0c2d0e03-ec0a-48f0-bc81-5bfcf284463b b7acf89ccd134ec1b4b8476aeb149031 edf755a9178446f48a5ea6a85ea15fbc - - default default] 10.0.0.146 "GET /v2.0/subnets/3fc82955-3510-40fe-b3eb-33fd89e8b03b/tags HTTP/1.1" status: 200 len: 218 time: 0.0293133
2026-07-02 01:57:01.464 9 INFO neutron.wsgi [None req-cfbea670-85fe-4c0f-be2f-aff65cef0c10 b7acf89ccd134ec1b4b8476aeb149031 edf755a9178446f48a5ea6a85ea15fbc - - default default] 10.0.0.146 "PUT /v2.0/subnets/3fc82955-3510-40fe-b3eb-33fd89e8b03b/tags/green HTTP/1.1" status: 201 len: 201 time: 0.0483451
2026-07-02 01:57:01.497 9 INFO neutron.wsgi [None req-6663bcb9-53df-4edb-b09e-fe336c8be89a b7acf89ccd134ec1b4b8476aeb149031 edf755a9178446f48a5ea6a85ea15fbc - - default default] 10.0.0.146 "GET /v2.0/subnets/3fc82955-3510-40fe-b3eb-33fd89e8b03b/tags HTTP/1.1" status: 200 len: 227 time: 0.0278807
2026-07-02 01:57:01.536 9 INFO neutron.wsgi [None req-8fb7f2a0-8558-4416-9ad3-413014bb9035 b7acf89ccd134ec1b4b8476aeb149031 edf755a9178446f48a5ea6a85ea15fbc - - default default] 10.0.0.146 "PUT /v2.0/subnets/3fc82955-3510-40fe-b3eb-33fd89e8b03b/tags/red HTTP/1.1" status: 201 len: 201 time: 0.0342915
2026-07-02 01:57:01.600 10 INFO neutron.wsgi [None req-6e4689af-a03d-4ac4-bd01-5f2182659151 b7acf89ccd134ec1b4b8476aeb149031 edf755a9178446f48a5ea6a85ea15fbc - - default default] 10.0.0.146 "GET /v2.0/subnets/3fc82955-3510-40fe-b3eb-33fd89e8b03b/tags HTTP/1.1" status: 200 len: 227 time: 0.0554979
2026-07-02 01:57:01.651 10 INFO neutron.wsgi [None req-131e1bed-c7d9-4796-9059-155e8f826891 b7acf89ccd134ec1b4b8476aeb149031 edf755a9178446f48a5ea6a85ea15fbc - - default default] 10.0.0.146 "PUT /v2.0/subnets/3fc82955-3510-40fe-b3eb-33fd89e8b03b/tags/black.or.white HTTP/1.1" status: 201 len: 201 time: 0.0460060
2026-07-02 01:57:01.691 10 INFO neutron.wsgi [None req-da56c1b2-01f4-4e4e-9a44-a85123804eae b7acf89ccd134ec1b4b8476aeb149031 edf755a9178446f48a5ea6a85ea15fbc - - default default] 10.0.0.146 "GET /v2.0/subnets/3fc82955-3510-40fe-b3eb-33fd89e8b03b/tags HTTP/1.1" status: 200 len: 245 time: 0.0342057
2026-07-02 01:57:01.741 10 INFO neutron.wsgi [None req-f51428fd-aec4-4374-9df5-b45ae8d48e37 b7acf89ccd134ec1b4b8476aeb149031 edf755a9178446f48a5ea6a85ea15fbc - - default default] 10.0.0.146 "PUT /v2.0/subnets/3fc82955-3510-40fe-b3eb-33fd89e8b03b/tags HTTP/1.1" status: 200 len: 230 time: 0.0460081
2026-07-02 01:57:01.784 10 INFO neutron.wsgi [None req-05857c64-ed19-4686-9fc4-df1dfdb2c308 b7acf89ccd134ec1b4b8476aeb149031 edf755a9178446f48a5ea6a85ea15fbc - - default default] 10.0.0.146 "GET /v2.0/subnets/3fc82955-3510-40fe-b3eb-33fd89e8b03b/tags HTTP/1.1" status: 200 len: 230 time: 0.0372043
2026-07-02 01:57:01.822 10 INFO neutron.wsgi [None req-d94e1dee-ba8a-43fe-a896-795210077283 b7acf89ccd134ec1b4b8476aeb149031 edf755a9178446f48a5ea6a85ea15fbc - - default default] 10.0.0.146 "GET /v2.0/subnets/3fc82955-3510-40fe-b3eb-33fd89e8b03b/tags/red HTTP/1.1" status: 204 len: 168 time: 0.0337803
2026-07-02 01:57:01.852 10 INFO neutron.api.v2.resource [None req-da527ab7-277e-41aa-ab8a-c9338b3d2485 b7acf89ccd134ec1b4b8476aeb149031 edf755a9178446f48a5ea6a85ea15fbc - - default default] show failed (client error): The resource could not be found.
2026-07-02 01:57:01.854 10 INFO neutron.wsgi [None req-da527ab7-277e-41aa-ab8a-c9338b3d2485 b7acf89ccd134ec1b4b8476aeb149031 edf755a9178446f48a5ea6a85ea15fbc - - default default] 10.0.0.146 "GET /v2.0/subnets/3fc82955-3510-40fe-b3eb-33fd89e8b03b/tags/green HTTP/1.1" status: 404 len: 299 time: 0.0285800
2026-07-02 01:57:01.904 10 INFO neutron.wsgi [None req-61c39b9b-260b-4931-9ec3-2f4606840f7d b7acf89ccd134ec1b4b8476aeb149031 edf755a9178446f48a5ea6a85ea15fbc - - default default] 10.0.0.146 "DELETE /v2.0/subnets/3fc82955-3510-40fe-b3eb-33fd89e8b03b/tags/red HTTP/1.1" status: 204 len: 168 time: 0.0448818
2026-07-02 01:57:01.944 10 INFO neutron.wsgi [None req-f7b69a56-3fc2-41c2-8440-a1302284c6da b7acf89ccd134ec1b4b8476aeb149031 edf755a9178446f48a5ea6a85ea15fbc - - default default] 10.0.0.146 "GET /v2.0/subnets/3fc82955-3510-40fe-b3eb-33fd89e8b03b/tags HTTP/1.1" status: 200 len: 223 time: 0.0345204
2026-07-02 01:57:02.000 10 INFO neutron.api.v2.resource [None req-01ff8ed3-04c4-42c9-8fa2-f178642e2699 b7acf89ccd134ec1b4b8476aeb149031 edf755a9178446f48a5ea6a85ea15fbc - - default default] delete failed (client error): The resource could not be found.
2026-07-02 01:57:02.003 10 INFO neutron.wsgi [None req-01ff8ed3-04c4-42c9-8fa2-f178642e2699 b7acf89ccd134ec1b4b8476aeb149031 edf755a9178446f48a5ea6a85ea15fbc - - default default] 10.0.0.146 "DELETE /v2.0/subnets/3fc82955-3510-40fe-b3eb-33fd89e8b03b/tags/green HTTP/1.1" status: 404 len: 299 time: 0.0542560
2026-07-02 01:57:02.083 9 INFO neutron.wsgi [None req-a61198e7-c069-4bf2-b22f-4177ef058f1d b7acf89ccd134ec1b4b8476aeb149031 edf755a9178446f48a5ea6a85ea15fbc - - default default] 10.0.0.146 "DELETE /v2.0/subnets/3fc82955-3510-40fe-b3eb-33fd89e8b03b/tags HTTP/1.1" status: 204 len: 168 time: 0.0701683
2026-07-02 01:57:02.127 9 INFO neutron.wsgi [None req-44edda8b-2a17-49db-ade6-10ecaeb081fa b7acf89ccd134ec1b4b8476aeb149031 edf755a9178446f48a5ea6a85ea15fbc - - default default] 10.0.0.146 "GET /v2.0/subnets/3fc82955-3510-40fe-b3eb-33fd89e8b03b/tags HTTP/1.1" status: 200 len: 205 time: 0.0379343
2026-07-02 01:57:02.417 9 INFO neutron.wsgi [None req-8e5ba6f7-b961-4841-bde7-b0eb6089c439 b7acf89ccd134ec1b4b8476aeb149031 edf755a9178446f48a5ea6a85ea15fbc - - default default] 10.0.0.146 "DELETE /v2.0/subnets/3fc82955-3510-40fe-b3eb-33fd89e8b03b HTTP/1.1" status: 204 len: 168 time: 0.2784235
2026-07-02 01:57:02.817 9 INFO neutron.services.segments.plugin [-] Segment f6520b18-35ef-4137-b306-6c597dfe803b resource provider aggregate not found
2026-07-02 01:57:02.822 9 INFO neutron.services.segments.plugin [-] Segment f6520b18-35ef-4137-b306-6c597dfe803b resource provider aggregate not found
2026-07-02 01:57:02.835 9 INFO neutron.services.segments.plugin [-] Segment f6520b18-35ef-4137-b306-6c597dfe803b resource provider not found; error: Placement Client Error (4xx): {"errors": [{"status": 404, "title": "Not Found", "detail": "The resource could not be found.\n\n No resource provider with uuid f6520b18-35ef-4137-b306-6c597dfe803b found for delete ", "request_id": "req-a0e42ad7-b4fa-4557-9ea9-4db4f2eb22f4"}]}
2026-07-02 01:57:02.836 9 INFO neutron.services.segments.plugin [-] Segment f6520b18-35ef-4137-b306-6c597dfe803b resource provider not found; error: Placement Client Error (4xx): {"errors": [{"status": 404, "title": "Not Found", "detail": "The resource could not be found.\n\n No resource provider with uuid f6520b18-35ef-4137-b306-6c597dfe803b found for delete ", "request_id": "req-cf304349-787e-48c2-9b0e-2142fdef9f17"}]}
2026-07-02 01:57:02.950 9 INFO neutron.wsgi [None req-d696ae8b-8360-4c2b-ae6a-320844a62475 b7acf89ccd134ec1b4b8476aeb149031 edf755a9178446f48a5ea6a85ea15fbc - - default default] 10.0.0.146 "DELETE /v2.0/networks/0eb7b12d-3833-4c02-8825-1ddc4aa84cfa HTTP/1.1" status: 204 len: 168 time: 0.5269139
2026-07-02 01:57:03.815 9 INFO neutron.wsgi [None req-266b7b74-1f2e-4358-b76d-58de0e195811 0785ec01bfbb49a3b56fa95061537b39 bd32e336a76443538ecfe0ed4257b9f7 - - default default] 10.0.0.146 "GET /v2.0/security-groups?tenant_id=edf755a9178446f48a5ea6a85ea15fbc&name=default HTTP/1.1" status: 200 len: 3000 time: 0.1407921
2026-07-02 01:57:04.160 9 INFO neutron.wsgi [None req-d871f823-4cde-439a-a8b0-9f76294a529f 0785ec01bfbb49a3b56fa95061537b39 bd32e336a76443538ecfe0ed4257b9f7 - - default default] 10.0.0.146 "DELETE /v2.0/security-groups/f6586df5-5d52-4fc4-9bcd-08207651dac3 HTTP/1.1" status: 204 len: 168 time: 0.3403161
2026-07-02 01:57:04.546 10 INFO neutron.db.ovn_revision_numbers_db [None req-f2841f96-6482-4da7-a07d-0b7051ec3298 0785ec01bfbb49a3b56fa95061537b39 bd32e336a76443538ecfe0ed4257b9f7 - - default default] Successfully bumped revision number for resource fee6497f-36a5-43f4-8040-312aa8e9228b (type: security_groups) to 1
2026-07-02 01:57:04.642 10 INFO neutron.db.ovn_revision_numbers_db [None req-f2841f96-6482-4da7-a07d-0b7051ec3298 0785ec01bfbb49a3b56fa95061537b39 bd32e336a76443538ecfe0ed4257b9f7 - - default default] Successfully bumped revision number for resource 2f418387-2ee0-424f-bebc-a767d3e4d265 (type: security_group_rules) to 0
2026-07-02 01:57:04.743 10 INFO neutron.db.ovn_revision_numbers_db [None req-f2841f96-6482-4da7-a07d-0b7051ec3298 0785ec01bfbb49a3b56fa95061537b39 bd32e336a76443538ecfe0ed4257b9f7 - - default default] Successfully bumped revision number for resource 36bb1d3c-0e72-4828-9941-4e7ed3c5ce24 (type: security_group_rules) to 0
2026-07-02 01:57:04.768 10 INFO neutron.db.ovn_revision_numbers_db [None req-f2841f96-6482-4da7-a07d-0b7051ec3298 0785ec01bfbb49a3b56fa95061537b39 bd32e336a76443538ecfe0ed4257b9f7 - - default default] Successfully bumped revision number for resource 846018c4-40c9-4b03-a074-b2b0e5b2be5e (type: security_group_rules) to 0
2026-07-02 01:57:04.802 10 INFO neutron.db.ovn_revision_numbers_db [None req-f2841f96-6482-4da7-a07d-0b7051ec3298 0785ec01bfbb49a3b56fa95061537b39 bd32e336a76443538ecfe0ed4257b9f7 - - default default] Successfully bumped revision number for resource 912c97eb-082e-4fa7-adf8-5bb0b225cbac (type: security_group_rules) to 0
2026-07-02 01:57:04.824 10 INFO neutron.wsgi [None req-f2841f96-6482-4da7-a07d-0b7051ec3298 0785ec01bfbb49a3b56fa95061537b39 bd32e336a76443538ecfe0ed4257b9f7 - - default default] 10.0.0.146 "GET /v2.0/security-groups?tenant_id=e91e302d388e49828b137003d369fc11&name=default HTTP/1.1" status: 200 len: 3000 time: 0.5341747
2026-07-02 01:57:05.132 9 INFO neutron.wsgi [None req-24955a64-c614-45f9-a987-d80fb588b281 0785ec01bfbb49a3b56fa95061537b39 bd32e336a76443538ecfe0ed4257b9f7 - - default default] 10.0.0.146 "DELETE /v2.0/security-groups/fee6497f-36a5-43f4-8040-312aa8e9228b HTTP/1.1" status: 204 len: 168 time: 0.3018985
2026-07-02 01:57:07.869 10 INFO neutron.wsgi [None req-dc3d9201-7a6c-4fc1-9183-a5d6aafa0418 0785ec01bfbb49a3b56fa95061537b39 bd32e336a76443538ecfe0ed4257b9f7 - - default default] 10.0.0.146 "GET /v2.0/networks HTTP/1.1" status: 200 len: 2367 time: 0.1997521
2026-07-02 01:57:09.059 9 INFO neutron.wsgi [None req-5682f929-f32d-40e4-ad61-5f5770ef0927 0785ec01bfbb49a3b56fa95061537b39 bd32e336a76443538ecfe0ed4257b9f7 - - default default] 10.0.0.146 "GET /v2.0/floatingips HTTP/1.1" status: 200 len: 212 time: 0.0218489
2026-07-02 01:57:09.093 9 INFO neutron.wsgi [None req-18a3a67e-ac15-4778-bcac-ea6d291a1852 0785ec01bfbb49a3b56fa95061537b39 bd32e336a76443538ecfe0ed4257b9f7 - - default default] 10.0.0.146 "GET /v2.0/routers HTTP/1.1" status: 200 len: 208 time: 0.0275190
2026-07-02 01:57:09.131 9 INFO neutron.wsgi [None req-11bc6d5c-8a22-40d7-90df-0245fba3853f 0785ec01bfbb49a3b56fa95061537b39 bd32e336a76443538ecfe0ed4257b9f7 - - default default] 10.0.0.146 "GET /v2.0/ports HTTP/1.1" status: 200 len: 5370 time: 0.0317874
2026-07-02 01:57:09.166 9 INFO neutron.wsgi [None req-f221cac5-65eb-460c-97c1-cde81884d953 0785ec01bfbb49a3b56fa95061537b39 bd32e336a76443538ecfe0ed4257b9f7 - - default default] 10.0.0.146 "GET /v2.0/subnets HTTP/1.1" status: 200 len: 1456 time: 0.0304484
2026-07-02 01:57:09.233 9 INFO neutron.wsgi [None req-94f30abc-d78c-48cf-b436-04ed87b21219 0785ec01bfbb49a3b56fa95061537b39 bd32e336a76443538ecfe0ed4257b9f7 - - default default] 10.0.0.146 "GET /v2.0/networks HTTP/1.1" status: 200 len: 2367 time: 0.0630507
2026-07-02 01:57:09.289 9 INFO neutron.wsgi [None req-360f63fe-d598-492e-beaa-99167aa2c525 0785ec01bfbb49a3b56fa95061537b39 bd32e336a76443538ecfe0ed4257b9f7 - - default default] 10.0.0.146 "GET /v2.0/security-groups HTTP/1.1" status: 200 len: 16822 time: 0.0518975
2026-07-02 01:57:09.304 9 INFO neutron.wsgi [None req-c2700f3c-4d56-4cf5-bb69-c7e9e5cda3af 0785ec01bfbb49a3b56fa95061537b39 bd32e336a76443538ecfe0ed4257b9f7 - - default default] 10.0.0.146 "GET /v2.0/subnetpools HTTP/1.1" status: 200 len: 212 time: 0.0096140
2026-07-02 01:57:09.871 9 INFO neutron.wsgi [-] 10.0.0.74 "GET / HTTP/1.1" status: 200 len: 247 time: 0.0024548
2026-07-02 01:57:09.872 10 INFO neutron.wsgi [-] 10.0.0.74 "GET / HTTP/1.1" status: 200 len: 247 time: 0.0033593
2026-07-02 01:57:21.565 9 INFO neutron.wsgi [None req-b4df7ba0-f089-4573-8288-e550d6e02c35 0785ec01bfbb49a3b56fa95061537b39 bd32e336a76443538ecfe0ed4257b9f7 - - default default] 10.0.0.224 "GET /v2.0/subnets HTTP/1.1" status: 200 len: 1437 time: 0.0800462
2026-07-02 01:57:21.580 9 INFO neutron.wsgi [None req-92d9195c-5c31-4316-8f66-441f8f1dd8ab 0785ec01bfbb49a3b56fa95061537b39 bd32e336a76443538ecfe0ed4257b9f7 - - default default] 10.0.0.224 "GET /v2.0/subnetpools HTTP/1.1" status: 200 len: 193 time: 0.0128109
2026-07-02 01:57:21.613 9 INFO neutron.wsgi [None req-d8920341-c0f4-4578-9ea0-cade183bd72f 0785ec01bfbb49a3b56fa95061537b39 bd32e336a76443538ecfe0ed4257b9f7 - - default default] 10.0.0.224 "GET /v2.0/ports HTTP/1.1" status: 200 len: 5351 time: 0.0322340
2026-07-02 01:57:21.633 9 INFO neutron.wsgi [None req-7b221fc3-7774-4e77-be3c-461a975b69df 0785ec01bfbb49a3b56fa95061537b39 bd32e336a76443538ecfe0ed4257b9f7 - - default default] 10.0.0.224 "GET /v2.0/network-ip-availabilities HTTP/1.1" status: 200 len: 1280 time: 0.0137284
2026-07-02 01:57:21.711 9 INFO neutron.wsgi [None req-3b1bf67d-c971-4458-86e3-1252d4f3fb02 0785ec01bfbb49a3b56fa95061537b39 bd32e336a76443538ecfe0ed4257b9f7 - - default default] 10.0.0.224 "GET /v2.0/networks HTTP/1.1" status: 200 len: 2348 time: 0.0769646
2026-07-02 01:57:21.772 9 INFO neutron.wsgi [None req-ca7abecc-c552-42f4-8ae4-ca20a1cc4001 0785ec01bfbb49a3b56fa95061537b39 bd32e336a76443538ecfe0ed4257b9f7 - - default default] 10.0.0.224 "GET /v2.0/security-groups HTTP/1.1" status: 200 len: 16803 time: 0.0595565
2026-07-02 01:57:21.805 9 INFO neutron.wsgi [None req-d2ad337d-ea41-4682-8bff-ac86fb4a3b5e 0785ec01bfbb49a3b56fa95061537b39 bd32e336a76443538ecfe0ed4257b9f7 - - default default] 10.0.0.224 "GET /v2.0/subnets HTTP/1.1" status: 200 len: 1437 time: 0.0276995
2026-07-02 01:57:21.831 9 INFO neutron.wsgi [None req-0ad0bfe0-de9e-4f72-9af8-a75337f60cee 0785ec01bfbb49a3b56fa95061537b39 bd32e336a76443538ecfe0ed4257b9f7 - - default default] 10.0.0.224 "GET /v2.0/routers HTTP/1.1" status: 200 len: 189 time: 0.0237365
2026-07-02 01:57:21.843 9 INFO neutron.wsgi [None req-274cf243-a0cd-444d-a968-4585380f7026 0785ec01bfbb49a3b56fa95061537b39 bd32e336a76443538ecfe0ed4257b9f7 - - default default] 10.0.0.224 "GET /v2.0/agents?binary=ovn-controller HTTP/1.1" status: 200 len: 591 time: 0.0118046
2026-07-02 01:57:21.852 9 INFO neutron.wsgi [None req-c831bafc-ea33-48bd-bae8-13f091af3c9d 0785ec01bfbb49a3b56fa95061537b39 bd32e336a76443538ecfe0ed4257b9f7 - - default default] 10.0.0.224 "GET /v2.0/agents HTTP/1.1" status: 200 len: 997 time: 0.0076506
2026-07-02 01:57:21.868 9 INFO neutron.wsgi [None req-3392262b-4e7a-4d4e-837b-7cc9f36d42c3 0785ec01bfbb49a3b56fa95061537b39 bd32e336a76443538ecfe0ed4257b9f7 - - default default] 10.0.0.224 "GET /v2.0/floatingips HTTP/1.1" status: 200 len: 193 time: 0.0157731
2026-07-02 01:57:24.871 10 INFO neutron.wsgi [-] 10.0.0.74 "GET / HTTP/1.1" status: 200 len: 247 time: 0.0028796
2026-07-02 01:57:24.871 9 INFO neutron.wsgi [-] 10.0.0.74 "GET / HTTP/1.1" status: 200 len: 247 time: 0.0033197
2026-07-02 01:57:39.871 10 INFO neutron.wsgi [-] 10.0.0.74 "GET / HTTP/1.1" status: 200 len: 247 time: 0.0026014
2026-07-02 01:57:39.871 9 INFO neutron.wsgi [-] 10.0.0.74 "GET / HTTP/1.1" status: 200 len: 247 time: 0.0026028
2026-07-02 01:57:54.869 9 INFO neutron.wsgi [-] 10.0.0.74 "GET / HTTP/1.1" status: 200 len: 247 time: 0.0016901
2026-07-02 01:57:54.871 9 INFO neutron.wsgi [-] 10.0.0.74 "GET / HTTP/1.1" status: 200 len: 247 time: 0.0013683
2026-07-02 01:58:09.870 10 INFO neutron.wsgi [-] 10.0.0.74 "GET / HTTP/1.1" status: 200 len: 247 time: 0.0021129
2026-07-02 01:58:09.870 9 INFO neutron.wsgi [-] 10.0.0.74 "GET / HTTP/1.1" status: 200 len: 247 time: 0.0025234
2026-07-02 01:58:21.602 9 INFO neutron.wsgi [None req-d8acce0c-7af0-4050-8a92-b4365282a973 0785ec01bfbb49a3b56fa95061537b39 bd32e336a76443538ecfe0ed4257b9f7 - - default default] 10.0.0.224 "GET /v2.0/security-groups HTTP/1.1" status: 200 len: 16803 time: 0.1206384
2026-07-02 01:58:21.638 9 INFO neutron.wsgi [None req-cf67dd07-e56f-4554-a722-7db3d3c554ae 0785ec01bfbb49a3b56fa95061537b39 bd32e336a76443538ecfe0ed4257b9f7 - - default default] 10.0.0.224 "GET /v2.0/routers HTTP/1.1" status: 200 len: 189 time: 0.0334291
2026-07-02 01:58:21.679 9 INFO neutron.wsgi [None req-335197c7-7210-4193-add4-df68da8b876b 0785ec01bfbb49a3b56fa95061537b39 bd32e336a76443538ecfe0ed4257b9f7 - - default default] 10.0.0.224 "GET /v2.0/agents?binary=ovn-controller HTTP/1.1" status: 200 len: 591 time: 0.0403681
2026-07-02 01:58:21.716 9 INFO neutron.wsgi [None req-ca1ef168-b935-4fce-8d5a-2485920a5857 0785ec01bfbb49a3b56fa95061537b39 bd32e336a76443538ecfe0ed4257b9f7 - - default default] 10.0.0.224 "GET /v2.0/ports HTTP/1.1" status: 200 len: 5351 time: 0.0359561
2026-07-02 01:58:21.753 9 INFO neutron.wsgi [None req-858bd4fd-4752-4f9f-9b0d-066fe74d1241 0785ec01bfbb49a3b56fa95061537b39 bd32e336a76443538ecfe0ed4257b9f7 - - default default] 10.0.0.224 "GET /v2.0/subnets HTTP/1.1" status: 200 len: 1437 time: 0.0319519
2026-07-02 01:58:21.763 9 INFO neutron.wsgi [None req-eb40ae9b-649f-4394-b66a-241e1d37cf7c 0785ec01bfbb49a3b56fa95061537b39 bd32e336a76443538ecfe0ed4257b9f7 - - default default] 10.0.0.224 "GET /v2.0/subnetpools HTTP/1.1" status: 200 len: 193 time: 0.0083621
2026-07-02 01:58:21.841 9 INFO neutron.wsgi [None req-2b88a119-847f-46b7-a8b0-41b0562be4ba 0785ec01bfbb49a3b56fa95061537b39 bd32e336a76443538ecfe0ed4257b9f7 - - default default] 10.0.0.224 "GET /v2.0/networks HTTP/1.1" status: 200 len: 2348 time: 0.0776415
2026-07-02 01:58:21.876 9 INFO neutron.wsgi [None req-7bb5209e-68ed-451f-8767-f435aa44ed34 0785ec01bfbb49a3b56fa95061537b39 bd32e336a76443538ecfe0ed4257b9f7 - - default default] 10.0.0.224 "GET /v2.0/subnets HTTP/1.1" status: 200 len: 1437 time: 0.0326970
2026-07-02 01:58:21.889 9 INFO neutron.wsgi [None req-88212e63-7249-4472-8bc5-6a4f38607c22 0785ec01bfbb49a3b56fa95061537b39 bd32e336a76443538ecfe0ed4257b9f7 - - default default] 10.0.0.224 "GET /v2.0/agents HTTP/1.1" status: 200 len: 997 time: 0.0122399
2026-07-02 01:58:21.902 9 INFO neutron.wsgi [None req-46b31626-ef45-478b-8487-de0376a2c298 0785ec01bfbb49a3b56fa95061537b39 bd32e336a76443538ecfe0ed4257b9f7 - - default default] 10.0.0.224 "GET /v2.0/network-ip-availabilities HTTP/1.1" status: 200 len: 1280 time: 0.0125289
2026-07-02 01:58:21.923 9 INFO neutron.wsgi [None req-0a6832d5-dd9e-44f8-8c1d-381cfee9d06c 0785ec01bfbb49a3b56fa95061537b39 bd32e336a76443538ecfe0ed4257b9f7 - - default default] 10.0.0.224 "GET /v2.0/floatingips HTTP/1.1" status: 200 len: 193 time: 0.0202074
2026-07-02 01:58:24.870 9 INFO neutron.wsgi [-] 10.0.0.74 "GET / HTTP/1.1" status: 200 len: 247 time: 0.0016625
2026-07-02 01:58:24.870 10 INFO neutron.wsgi [-] 10.0.0.74 "GET / HTTP/1.1" status: 200 len: 247 time: 0.0018029
2026-07-02 01:58:39.870 10 INFO neutron.wsgi [-] 10.0.0.74 "GET / HTTP/1.1" status: 200 len: 247 time: 0.0016384
2026-07-02 01:58:39.874 9 INFO neutron.wsgi [-] 10.0.0.74 "GET / HTTP/1.1" status: 200 len: 247 time: 0.0058548
2026-07-02 01:58:54.871 9 INFO neutron.wsgi [-] 10.0.0.74 "GET / HTTP/1.1" status: 200 len: 247 time: 0.0031674
2026-07-02 01:58:54.873 10 INFO neutron.wsgi [-] 10.0.0.74 "GET / HTTP/1.1" status: 200 len: 247 time: 0.0046790
2026-07-02 01:59:09.872 9 INFO neutron.wsgi [-] 10.0.0.74 "GET / HTTP/1.1" status: 200 len: 247 time: 0.0049789
2026-07-02 01:59:09.874 9 INFO neutron.wsgi [-] 10.0.0.74 "GET / HTTP/1.1" status: 200 len: 247 time: 0.0011744
2026-07-02 01:59:21.581 9 INFO neutron.wsgi [None req-331b2060-d250-47f8-9dd2-8630e02e8fb3 0785ec01bfbb49a3b56fa95061537b39 bd32e336a76443538ecfe0ed4257b9f7 - - default default] 10.0.0.224 "GET /v2.0/subnets HTTP/1.1" status: 200 len: 1437 time: 0.1297505
2026-07-02 01:59:21.631 9 INFO neutron.wsgi [None req-a96cb7a3-235a-42d9-8561-aa545e1c71fa 0785ec01bfbb49a3b56fa95061537b39 bd32e336a76443538ecfe0ed4257b9f7 - - default default] 10.0.0.224 "GET /v2.0/subnets HTTP/1.1" status: 200 len: 1437 time: 0.0495071
2026-07-02 01:59:21.646 9 INFO neutron.wsgi [None req-c389ba93-67b6-4ed8-9afe-f296fe59b7e2 0785ec01bfbb49a3b56fa95061537b39 bd32e336a76443538ecfe0ed4257b9f7 - - default default] 10.0.0.224 "GET /v2.0/subnetpools HTTP/1.1" status: 200 len: 193 time: 0.0134199
2026-07-02 01:59:21.668 9 INFO neutron.wsgi [None req-557215d5-0ab1-4d25-a1ac-41ce73f00804 0785ec01bfbb49a3b56fa95061537b39 bd32e336a76443538ecfe0ed4257b9f7 - - default default] 10.0.0.224 "GET /v2.0/routers HTTP/1.1" status: 200 len: 189 time: 0.0216887
2026-07-02 01:59:21.713 9 INFO neutron.wsgi [None req-556b55cd-5cdf-4959-9973-01430d6d5407 0785ec01bfbb49a3b56fa95061537b39 bd32e336a76443538ecfe0ed4257b9f7 - - default default] 10.0.0.224 "GET /v2.0/agents?binary=ovn-controller HTTP/1.1" status: 200 len: 591 time: 0.0441668
2026-07-02 01:59:21.726 9 INFO neutron.wsgi [None req-90834942-0b58-4a9f-8f71-93575bf951f5 0785ec01bfbb49a3b56fa95061537b39 bd32e336a76443538ecfe0ed4257b9f7 - - default default] 10.0.0.224 "GET /v2.0/agents HTTP/1.1" status: 200 len: 997 time: 0.0122685
2026-07-02 01:59:21.739 9 INFO neutron.wsgi [None req-3d4cfbae-7cf4-4f99-bb74-6f328bcf2ed2 0785ec01bfbb49a3b56fa95061537b39 bd32e336a76443538ecfe0ed4257b9f7 - - default default] 10.0.0.224 "GET /v2.0/network-ip-availabilities HTTP/1.1" status: 200 len: 1280 time: 0.0109231
2026-07-02 01:59:21.762 9 INFO neutron.wsgi [None req-c63d9065-bf1e-4785-b25a-b7ca2a32db87 0785ec01bfbb49a3b56fa95061537b39 bd32e336a76443538ecfe0ed4257b9f7 - - default default] 10.0.0.224 "GET /v2.0/floatingips HTTP/1.1" status: 200 len: 193 time: 0.0227728
2026-07-02 01:59:21.823 9 INFO neutron.wsgi [None req-f2777d8a-5d31-46ff-983c-cb522d2c67ab 0785ec01bfbb49a3b56fa95061537b39 bd32e336a76443538ecfe0ed4257b9f7 - - default default] 10.0.0.224 "GET /v2.0/networks HTTP/1.1" status: 200 len: 2348 time: 0.0597000
2026-07-02 01:59:21.893 9 INFO neutron.wsgi [None req-7778bdad-be97-440f-a88e-777db932cf40 0785ec01bfbb49a3b56fa95061537b39 bd32e336a76443538ecfe0ed4257b9f7 - - default default] 10.0.0.224 "GET /v2.0/security-groups HTTP/1.1" status: 200 len: 16803 time: 0.0665085
2026-07-02 01:59:21.935 9 INFO neutron.wsgi [None req-b69e154b-ad8c-4093-bfec-d15cf8f6cba4 0785ec01bfbb49a3b56fa95061537b39 bd32e336a76443538ecfe0ed4257b9f7 - - default default] 10.0.0.224 "GET /v2.0/ports HTTP/1.1" status: 200 len: 5351 time: 0.0370650
2026-07-02 01:59:24.869 10 INFO neutron.wsgi [-] 10.0.0.74 "GET / HTTP/1.1" status: 200 len: 247 time: 0.0014474
2026-07-02 01:59:24.869 9 INFO neutron.wsgi [-] 10.0.0.74 "GET / HTTP/1.1" status: 200 len: 247 time: 0.0017743
2026-07-02 01:59:39.870 9 INFO neutron.wsgi [-] 10.0.0.74 "GET / HTTP/1.1" status: 200 len: 247 time: 0.0019989
2026-07-02 01:59:39.872 9 INFO neutron.wsgi [-] 10.0.0.74 "GET / HTTP/1.1" status: 200 len: 247 time: 0.0014422
2026-07-02 01:59:54.870 10 INFO neutron.wsgi [-] 10.0.0.74 "GET / HTTP/1.1" status: 200 len: 247 time: 0.0025940
2026-07-02 01:59:54.871 9 INFO neutron.wsgi [-] 10.0.0.74 "GET / HTTP/1.1" status: 200 len: 247 time: 0.0034308
2026-07-02 02:00:09.870 9 INFO neutron.wsgi [-] 10.0.0.74 "GET / HTTP/1.1" status: 200 len: 247 time: 0.0021136
2026-07-02 02:00:09.872 9 INFO neutron.wsgi [-] 10.0.0.74 "GET / HTTP/1.1" status: 200 len: 247 time: 0.0014389
2026-07-02 02:00:21.621 9 INFO neutron.wsgi [None req-b4b9f0c8-a87a-4772-9aa0-bad440977057 0785ec01bfbb49a3b56fa95061537b39 bd32e336a76443538ecfe0ed4257b9f7 - - default default] 10.0.0.224 "GET /v2.0/agents HTTP/1.1" status: 200 len: 997 time: 0.1413534
2026-07-02 02:00:21.659 9 INFO neutron.wsgi [None req-5825648c-b379-4a9b-9401-e3f68048cc7c 0785ec01bfbb49a3b56fa95061537b39 bd32e336a76443538ecfe0ed4257b9f7 - - default default] 10.0.0.224 "GET /v2.0/floatingips HTTP/1.1" status: 200 len: 193 time: 0.0357850
2026-07-02 02:00:21.680 9 INFO neutron.wsgi [None req-d2970043-ffda-45a1-a4f4-c349735a938c 0785ec01bfbb49a3b56fa95061537b39 bd32e336a76443538ecfe0ed4257b9f7 - - default default] 10.0.0.224 "GET /v2.0/network-ip-availabilities HTTP/1.1" status: 200 len: 1280 time: 0.0200992
2026-07-02 02:00:21.727 9 INFO neutron.wsgi [None req-6ab3e409-e53a-4561-9de1-b4772f4ae622 0785ec01bfbb49a3b56fa95061537b39 bd32e336a76443538ecfe0ed4257b9f7 - - default default] 10.0.0.224 "GET /v2.0/subnets HTTP/1.1" status: 200 len: 1437 time: 0.0465176
2026-07-02 02:00:21.736 9 INFO neutron.wsgi [None req-6ccc1893-4965-40a9-945e-0fbe797f4bf1 0785ec01bfbb49a3b56fa95061537b39 bd32e336a76443538ecfe0ed4257b9f7 - - default default] 10.0.0.224 "GET /v2.0/subnetpools HTTP/1.1" status: 200 len: 193 time: 0.0078688
2026-07-02 02:00:21.763 9 INFO neutron.wsgi [None req-0c433547-d5f4-48e2-93a0-af56aa5248bc 0785ec01bfbb49a3b56fa95061537b39 bd32e336a76443538ecfe0ed4257b9f7 - - default default] 10.0.0.224 "GET /v2.0/subnets HTTP/1.1" status: 200 len: 1437 time: 0.0263586
2026-07-02 02:00:21.826 9 INFO neutron.wsgi [None req-dc74df37-bb39-4028-9934-ba645e6985a5 0785ec01bfbb49a3b56fa95061537b39 bd32e336a76443538ecfe0ed4257b9f7 - - default default] 10.0.0.224 "GET /v2.0/security-groups HTTP/1.1" status: 200 len: 16803 time: 0.0615206
2026-07-02 02:00:21.852 9 INFO neutron.wsgi [None req-1b7425fc-0726-44e6-b50e-450bf3efc0b3 0785ec01bfbb49a3b56fa95061537b39 bd32e336a76443538ecfe0ed4257b9f7 - - default default] 10.0.0.224 "GET /v2.0/routers HTTP/1.1" status: 200 len: 189 time: 0.0227077
2026-07-02 02:00:21.863 9 INFO neutron.wsgi [None req-7610ef8d-ada8-4182-8089-ef33f4e768b4 0785ec01bfbb49a3b56fa95061537b39 bd32e336a76443538ecfe0ed4257b9f7 - - default default] 10.0.0.224 "GET /v2.0/agents?binary=ovn-controller HTTP/1.1" status: 200 len: 591 time: 0.0105102
2026-07-02 02:00:22.181 9 INFO neutron.wsgi [None req-d9f16a1e-c762-49e4-8a40-bd3d9d1dea1f 0785ec01bfbb49a3b56fa95061537b39 bd32e336a76443538ecfe0ed4257b9f7 - - default default] 10.0.0.224 "GET /v2.0/networks HTTP/1.1" status: 200 len: 2348 time: 0.3166778
2026-07-02 02:00:22.219 9 INFO neutron.wsgi [None req-d440cc2a-3d2a-4ffb-90e2-716c90c476df 0785ec01bfbb49a3b56fa95061537b39 bd32e336a76443538ecfe0ed4257b9f7 - - default default] 10.0.0.224 "GET /v2.0/ports HTTP/1.1" status: 200 len: 5351 time: 0.0344472
2026-07-02 02:00:24.870 9 INFO neutron.wsgi [-] 10.0.0.74 "GET / HTTP/1.1" status: 200 len: 247 time: 0.0017610
2026-07-02 02:00:24.872 9 INFO neutron.wsgi [-] 10.0.0.74 "GET / HTTP/1.1" status: 200 len: 247 time: 0.0017281
2026-07-02 02:00:39.870 9 INFO neutron.wsgi [-] 10.0.0.74 "GET / HTTP/1.1" status: 200 len: 247 time: 0.0030134
2026-07-02 02:00:39.872 9 INFO neutron.wsgi [-] 10.0.0.74 "GET / HTTP/1.1" status: 200 len: 247 time: 0.0012782
2026-07-02 02:00:54.869 9 INFO neutron.wsgi [-] 10.0.0.74 "GET / HTTP/1.1" status: 200 len: 247 time: 0.0014591
2026-07-02 02:00:54.870 10 INFO neutron.wsgi [-] 10.0.0.74 "GET / HTTP/1.1" status: 200 len: 247 time: 0.0018053
2026-07-02 02:01:04.674 15 INFO neutron.plugins.ml2.drivers.ovn.mech_driver.ovsdb.maintenance [None req-40694b98-127e-4131-986a-4ea256a9bf07 - - - - - -] Maintenance task: Synchronization finished (took 0.36 seconds)
2026-07-02 02:01:09.870 10 INFO neutron.wsgi [-] 10.0.0.74 "GET / HTTP/1.1" status: 200 len: 247 time: 0.0020902
2026-07-02 02:01:09.871 9 INFO neutron.wsgi [-] 10.0.0.74 "GET / HTTP/1.1" status: 200 len: 247 time: 0.0033407
2026-07-02 02:01:21.548 9 INFO neutron.wsgi [None req-8fa64567-2db3-4555-9f99-3819e1916ee6 0785ec01bfbb49a3b56fa95061537b39 bd32e336a76443538ecfe0ed4257b9f7 - - default default] 10.0.0.224 "GET /v2.0/floatingips HTTP/1.1" status: 200 len: 193 time: 0.0725522
2026-07-02 02:01:21.620 9 INFO neutron.wsgi [None req-a4aaec70-68f6-4af7-a691-df597cc87951 0785ec01bfbb49a3b56fa95061537b39 bd32e336a76443538ecfe0ed4257b9f7 - - default default] 10.0.0.224 "GET /v2.0/security-groups HTTP/1.1" status: 200 len: 16803 time: 0.0715573
2026-07-02 02:01:21.638 9 INFO neutron.wsgi [None req-320f53d9-3c58-4565-9576-d6cdd6713aa2 0785ec01bfbb49a3b56fa95061537b39 bd32e336a76443538ecfe0ed4257b9f7 - - default default] 10.0.0.224 "GET /v2.0/network-ip-availabilities HTTP/1.1" status: 200 len: 1280 time: 0.0114601
2026-07-02 02:01:21.708 9 INFO neutron.wsgi [None req-ead625f2-32e8-46ed-80b0-0ec98f3ece6d 0785ec01bfbb49a3b56fa95061537b39 bd32e336a76443538ecfe0ed4257b9f7 - - default default] 10.0.0.224 "GET /v2.0/networks HTTP/1.1" status: 200 len: 2348 time: 0.0683584
2026-07-02 02:01:21.756 9 INFO neutron.wsgi [None req-4ee23ba7-a7af-4cde-8893-2c0efa8cb393 0785ec01bfbb49a3b56fa95061537b39 bd32e336a76443538ecfe0ed4257b9f7 - - default default] 10.0.0.224 "GET /v2.0/subnets HTTP/1.1" status: 200 len: 1437 time: 0.0437310
2026-07-02 02:01:21.803 9 INFO neutron.wsgi [None req-a1e4e075-e21c-4cd8-8715-144eb1c83542 0785ec01bfbb49a3b56fa95061537b39 bd32e336a76443538ecfe0ed4257b9f7 - - default default] 10.0.0.224 "GET /v2.0/ports HTTP/1.1" status: 200 len: 5351 time: 0.0405385
2026-07-02 02:01:21.827 9 INFO neutron.wsgi [None req-7630309d-d9fc-4024-9da1-c6652aeaa82d 0785ec01bfbb49a3b56fa95061537b39 bd32e336a76443538ecfe0ed4257b9f7 - - default default] 10.0.0.224 "GET /v2.0/routers HTTP/1.1" status: 200 len: 189 time: 0.0209498
2026-07-02 02:01:21.879 9 INFO neutron.wsgi [None req-883ad3a2-6e6c-45cd-9d61-98e247999cf6 0785ec01bfbb49a3b56fa95061537b39 bd32e336a76443538ecfe0ed4257b9f7 - - default default] 10.0.0.224 "GET /v2.0/agents?binary=ovn-controller HTTP/1.1" status: 200 len: 591 time: 0.0512917
2026-07-02 02:01:21.894 9 INFO neutron.wsgi [None req-712bd52c-49a2-46fe-a0b0-9df572a3bc1b 0785ec01bfbb49a3b56fa95061537b39 bd32e336a76443538ecfe0ed4257b9f7 - - default default] 10.0.0.224 "GET /v2.0/agents HTTP/1.1" status: 200 len: 997 time: 0.0132012
2026-07-02 02:01:21.930 9 INFO neutron.wsgi [None req-7faa528e-d058-41c4-9864-5101804d396f 0785ec01bfbb49a3b56fa95061537b39 bd32e336a76443538ecfe0ed4257b9f7 - - default default] 10.0.0.224 "GET /v2.0/subnets HTTP/1.1" status: 200 len: 1437 time: 0.0348444
2026-07-02 02:01:21.938 9 INFO neutron.wsgi [None req-ed89e4c1-ca9f-46bf-b1fe-1b5226ef093f 0785ec01bfbb49a3b56fa95061537b39 bd32e336a76443538ecfe0ed4257b9f7 - - default default] 10.0.0.224 "GET /v2.0/subnetpools HTTP/1.1" status: 200 len: 193 time: 0.0071518
2026-07-02 02:01:24.870 9 INFO neutron.wsgi [-] 10.0.0.74 "GET / HTTP/1.1" status: 200 len: 247 time: 0.0023565
2026-07-02 02:01:24.871 10 INFO neutron.wsgi [-] 10.0.0.74 "GET / HTTP/1.1" status: 200 len: 247 time: 0.0030024
2026-07-02 02:01:39.871 10 INFO neutron.wsgi [-] 10.0.0.74 "GET / HTTP/1.1" status: 200 len: 247 time: 0.0031838
2026-07-02 02:01:39.873 9 INFO neutron.wsgi [-] 10.0.0.74 "GET / HTTP/1.1" status: 200 len: 247 time: 0.0046871
2026-07-02 02:01:54.883 9 INFO neutron.wsgi [-] 10.0.0.74 "GET / HTTP/1.1" status: 200 len: 247 time: 0.0014596
2026-07-02 02:01:54.885 9 INFO neutron.wsgi [-] 10.0.0.74 "GET / HTTP/1.1" status: 200 len: 247 time: 0.0008807
2026-07-02 02:02:09.872 9 INFO neutron.wsgi [-] 10.0.0.74 "GET / HTTP/1.1" status: 200 len: 247 time: 0.0035377
2026-07-02 02:02:09.872 10 INFO neutron.wsgi [-] 10.0.0.74 "GET / HTTP/1.1" status: 200 len: 247 time: 0.0039065
2026-07-02 02:02:21.574 9 INFO neutron.wsgi [None req-5a15feda-c386-42b9-b506-d4a09bba633e 0785ec01bfbb49a3b56fa95061537b39 bd32e336a76443538ecfe0ed4257b9f7 - - default default] 10.0.0.224 "GET /v2.0/subnets HTTP/1.1" status: 200 len: 1437 time: 0.0855448
2026-07-02 02:02:21.583 9 INFO neutron.wsgi [None req-6a3d4c5c-7441-434f-910a-4ac1cba0ec74 0785ec01bfbb49a3b56fa95061537b39 bd32e336a76443538ecfe0ed4257b9f7 - - default default] 10.0.0.224 "GET /v2.0/subnetpools HTTP/1.1" status: 200 len: 193 time: 0.0075736
2026-07-02 02:02:21.642 9 INFO neutron.wsgi [None req-eb42691f-3236-41b4-a20d-2b1efe659dd2 0785ec01bfbb49a3b56fa95061537b39 bd32e336a76443538ecfe0ed4257b9f7 - - default default] 10.0.0.224 "GET /v2.0/networks HTTP/1.1" status: 200 len: 2348 time: 0.0578885
2026-07-02 02:02:21.664 9 INFO neutron.wsgi [None req-44eaccb5-a98c-4cc1-92ef-5e7e81281d7d 0785ec01bfbb49a3b56fa95061537b39 bd32e336a76443538ecfe0ed4257b9f7 - - default default] 10.0.0.224 "GET /v2.0/routers HTTP/1.1" status: 200 len: 189 time: 0.0204487
2026-07-02 02:02:21.707 9 INFO neutron.wsgi [None req-d5dd310c-32f9-4100-a8ce-e1b605145bba 0785ec01bfbb49a3b56fa95061537b39 bd32e336a76443538ecfe0ed4257b9f7 - - default default] 10.0.0.224 "GET /v2.0/agents?binary=ovn-controller HTTP/1.1" status: 200 len: 591 time: 0.0424039
2026-07-02 02:02:21.719 9 INFO neutron.wsgi [None req-62243c6f-7646-4c71-921e-949bc48492bd 0785ec01bfbb49a3b56fa95061537b39 bd32e336a76443538ecfe0ed4257b9f7 - - default default] 10.0.0.224 "GET /v2.0/network-ip-availabilities HTTP/1.1" status: 200 len: 1280 time: 0.0102968
2026-07-02 02:02:21.734 9 INFO neutron.wsgi [None req-d0e7be44-1aef-40f6-8725-4940e6c40dac 0785ec01bfbb49a3b56fa95061537b39 bd32e336a76443538ecfe0ed4257b9f7 - - default default] 10.0.0.224 "GET /v2.0/agents HTTP/1.1" status: 200 len: 997 time: 0.0138321
2026-07-02 02:02:21.769 9 INFO neutron.wsgi [None req-6d2875dd-d920-42e5-8346-c5ee01bdccae 0785ec01bfbb49a3b56fa95061537b39 bd32e336a76443538ecfe0ed4257b9f7 - - default default] 10.0.0.224 "GET /v2.0/ports HTTP/1.1" status: 200 len: 5351 time: 0.0330889
2026-07-02 02:02:21.793 9 INFO neutron.wsgi [None req-981a5d8b-e296-4255-9013-1dbaf0bdcf6f 0785ec01bfbb49a3b56fa95061537b39 bd32e336a76443538ecfe0ed4257b9f7 - - default default] 10.0.0.224 "GET /v2.0/floatingips HTTP/1.1" status: 200 len: 193 time: 0.0205996
2026-07-02 02:02:21.838 9 INFO neutron.wsgi [None req-1894d07e-f1a3-43b6-8dd7-721b5da1fa0a 0785ec01bfbb49a3b56fa95061537b39 bd32e336a76443538ecfe0ed4257b9f7 - - default default] 10.0.0.224 "GET /v2.0/security-groups HTTP/1.1" status: 200 len: 16803 time: 0.0441611
2026-07-02 02:02:21.880 9 INFO neutron.wsgi [None req-db369ec0-5e1f-469c-ad05-bf0fce49fd7e 0785ec01bfbb49a3b56fa95061537b39 bd32e336a76443538ecfe0ed4257b9f7 - - default default] 10.0.0.224 "GET /v2.0/subnets HTTP/1.1" status: 200 len: 1437 time: 0.0380738
2026-07-02 02:02:24.870 10 INFO neutron.wsgi [-] 10.0.0.74 "GET / HTTP/1.1" status: 200 len: 247 time: 0.0017757
2026-07-02 02:02:24.870 9 INFO neutron.wsgi [-] 10.0.0.74 "GET / HTTP/1.1" status: 200 len: 247 time: 0.0017853
2026-07-02 02:02:39.871 10 INFO neutron.wsgi [-] 10.0.0.74 "GET / HTTP/1.1" status: 200 len: 247 time: 0.0025918
2026-07-02 02:02:39.871 9 INFO neutron.wsgi [-] 10.0.0.74 "GET / HTTP/1.1" status: 200 len: 247 time: 0.0028126