2026-07-02 01:08:24.876 9 INFO neutron.wsgi [-] 10.0.0.74 "GET / HTTP/1.1" status: 200 len: 247 time: 0.0029218
2026-07-02 01:08:39.870 10 INFO neutron.wsgi [-] 10.0.0.74 "GET / HTTP/1.1" status: 200 len: 247 time: 0.0017598
2026-07-02 01:08:39.872 10 INFO neutron.wsgi [-] 10.0.0.74 "GET / HTTP/1.1" status: 200 len: 247 time: 0.0015619
2026-07-02 01:08:54.870 9 INFO neutron.wsgi [-] 10.0.0.74 "GET / HTTP/1.1" status: 200 len: 247 time: 0.0022807
2026-07-02 01:08:54.873 10 INFO neutron.wsgi [-] 10.0.0.74 "GET / HTTP/1.1" status: 200 len: 247 time: 0.0029011
2026-07-02 01:09:09.870 9 INFO neutron.wsgi [-] 10.0.0.74 "GET / HTTP/1.1" status: 200 len: 247 time: 0.0024450
2026-07-02 01:09:09.871 10 INFO neutron.wsgi [-] 10.0.0.74 "GET / HTTP/1.1" status: 200 len: 247 time: 0.0033190
2026-07-02 01:09:24.870 10 INFO neutron.wsgi [-] 10.0.0.74 "GET / HTTP/1.1" status: 200 len: 247 time: 0.0022953
2026-07-02 01:09:24.872 10 INFO neutron.wsgi [-] 10.0.0.74 "GET / HTTP/1.1" status: 200 len: 247 time: 0.0014315
2026-07-02 01:09:39.872 10 INFO neutron.wsgi [-] 10.0.0.74 "GET / HTTP/1.1" status: 200 len: 247 time: 0.0033562
2026-07-02 01:09:39.872 9 INFO neutron.wsgi [-] 10.0.0.74 "GET / HTTP/1.1" status: 200 len: 247 time: 0.0033140
2026-07-02 01:09:54.872 9 INFO neutron.wsgi [-] 10.0.0.74 "GET / HTTP/1.1" status: 200 len: 247 time: 0.0030694
2026-07-02 01:09:54.874 9 INFO neutron.wsgi [-] 10.0.0.74 "GET / HTTP/1.1" status: 200 len: 247 time: 0.0013492
2026-07-02 01:10:09.871 9 INFO neutron.wsgi [-] 10.0.0.74 "GET / HTTP/1.1" status: 200 len: 247 time: 0.0024855
2026-07-02 01:10:09.871 10 INFO neutron.wsgi [-] 10.0.0.74 "GET / HTTP/1.1" status: 200 len: 247 time: 0.0025520
2026-07-02 01:10:24.869 10 INFO neutron.wsgi [-] 10.0.0.74 "GET / HTTP/1.1" status: 200 len: 247 time: 0.0016069
2026-07-02 01:10:24.871 9 INFO neutron.wsgi [-] 10.0.0.74 "GET / HTTP/1.1" status: 200 len: 247 time: 0.0029027
2026-07-02 01:10:39.871 10 INFO neutron.wsgi [-] 10.0.0.74 "GET / HTTP/1.1" status: 200 len: 247 time: 0.0028436
2026-07-02 01:10:39.875 10 INFO neutron.wsgi [-] 10.0.0.74 "GET / HTTP/1.1" status: 200 len: 247 time: 0.0025573
2026-07-02 01:10:54.871 10 INFO neutron.wsgi [-] 10.0.0.74 "GET / HTTP/1.1" status: 200 len: 247 time: 0.0019233
2026-07-02 01:10:54.873 10 INFO neutron.wsgi [-] 10.0.0.74 "GET / HTTP/1.1" status: 200 len: 247 time: 0.0013604
2026-07-02 01:11:04.276 15 INFO neutron.db.ovn_revision_numbers_db [None req-40694b98-127e-4131-986a-4ea256a9bf07 - - - - - -] Successfully bumped revision number for resource 2ac29a0c-5edc-47bb-bd0b-d5a39027a43f (type: networks) to 2
2026-07-02 01:11:04.277 15 INFO neutron.plugins.ml2.drivers.ovn.mech_driver.ovsdb.maintenance [None req-40694b98-127e-4131-986a-4ea256a9bf07 - - - - - -] Maintenance task: Synchronization finished (took 0.16 seconds)
2026-07-02 01:11:09.872 10 INFO neutron.wsgi [-] 10.0.0.74 "GET / HTTP/1.1" status: 200 len: 247 time: 0.0033791
2026-07-02 01:11:09.873 9 INFO neutron.wsgi [-] 10.0.0.74 "GET / HTTP/1.1" status: 200 len: 247 time: 0.0031519
2026-07-02 01:11:24.870 10 INFO neutron.wsgi [-] 10.0.0.74 "GET / HTTP/1.1" status: 200 len: 247 time: 0.0022264
2026-07-02 01:11:24.872 10 INFO neutron.wsgi [-] 10.0.0.74 "GET / HTTP/1.1" status: 200 len: 247 time: 0.0015266
2026-07-02 01:11:39.870 10 INFO neutron.wsgi [-] 10.0.0.74 "GET / HTTP/1.1" status: 200 len: 247 time: 0.0013127
2026-07-02 01:11:39.871 9 INFO neutron.wsgi [-] 10.0.0.74 "GET / HTTP/1.1" status: 200 len: 247 time: 0.0024235
2026-07-02 01:11:54.872 10 INFO neutron.wsgi [-] 10.0.0.74 "GET / HTTP/1.1" status: 200 len: 247 time: 0.0044668
2026-07-02 01:11:54.872 9 INFO neutron.wsgi [-] 10.0.0.74 "GET / HTTP/1.1" status: 200 len: 247 time: 0.0028086
2026-07-02 01:12:09.869 9 INFO neutron.wsgi [-] 10.0.0.74 "GET / HTTP/1.1" status: 200 len: 247 time: 0.0016360
2026-07-02 01:12:09.871 10 INFO neutron.wsgi [-] 10.0.0.74 "GET / HTTP/1.1" status: 200 len: 247 time: 0.0026803
2026-07-02 01:12:24.872 9 INFO neutron.wsgi [-] 10.0.0.74 "GET / HTTP/1.1" status: 200 len: 247 time: 0.0032604
2026-07-02 01:12:24.873 10 INFO neutron.wsgi [-] 10.0.0.74 "GET / HTTP/1.1" status: 200 len: 247 time: 0.0021040
2026-07-02 01:12:39.871 9 INFO neutron.wsgi [-] 10.0.0.74 "GET / HTTP/1.1" status: 200 len: 247 time: 0.0026135
2026-07-02 01:12:39.872 10 INFO neutron.wsgi [-] 10.0.0.74 "GET / HTTP/1.1" status: 200 len: 247 time: 0.0039046
2026-07-02 01:12:54.870 10 INFO neutron.wsgi [-] 10.0.0.74 "GET / HTTP/1.1" status: 200 len: 247 time: 0.0021639
2026-07-02 01:12:54.871 9 INFO neutron.wsgi [-] 10.0.0.74 "GET / HTTP/1.1" status: 200 len: 247 time: 0.0028057
2026-07-02 01:13:09.870 10 INFO neutron.wsgi [-] 10.0.0.74 "GET / HTTP/1.1" status: 200 len: 247 time: 0.0025306
2026-07-02 01:13:09.870 9 INFO neutron.wsgi [-] 10.0.0.74 "GET / HTTP/1.1" status: 200 len: 247 time: 0.0027692 /var/lib/openstack/lib/python3.10/site-packages/memcache.py:1303: SyntaxWarning: "is" with a literal. Did you mean "=="? if key is '': /var/lib/openstack/lib/python3.10/site-packages/memcache.py:1304: SyntaxWarning: "is" with a literal. Did you mean "=="? if key_extra_len is 0: /var/lib/openstack/lib/python3.10/site-packages/pycadf/identifier.py:71: UserWarning: Invalid uuid: unknown. To ensure interoperability, identifiers should be a valid uuid. warnings.warn(('Invalid uuid: %s. To ensure interoperability, '
2026-07-02 01:13:15.304 9 WARNING oslo_policy.policy [None req-5ab8260d-ca29-41ef-a7c2-7ae273defc23 0785ec01bfbb49a3b56fa95061537b39 bd32e336a76443538ecfe0ed4257b9f7 - - default default] Policies ['delete_port', 'update_port:allowed_address_pairs', 'update_port:allowed_address_pairs:ip_address', 'update_port:allowed_address_pairs:mac_address', 'update_port:fixed_ips', 'update_port:mac_address'] reference a rule that is not defined.
2026-07-02 01:13:15.621 9 INFO neutron.wsgi [None req-5ab8260d-ca29-41ef-a7c2-7ae273defc23 0785ec01bfbb49a3b56fa95061537b39 bd32e336a76443538ecfe0ed4257b9f7 - - default default] 199.204.45.70,10.0.0.74 "GET /v2.0/networks HTTP/1.1" status: 200 len: 928 time: 0.8167300
2026-07-02 01:13:15.725 9 INFO neutron.db.segments_db [None req-4729dfc8-b5d1-4a56-8558-f0445e24fcaf 0785ec01bfbb49a3b56fa95061537b39 bd32e336a76443538ecfe0ed4257b9f7 - - default default] Added segment 15f19b7e-da23-46ea-ac6a-cb186d52c1a2 of type geneve for network cf878c5d-df22-46c6-a2a0-773c70f19abe
2026-07-02 01:13:15.828 9 INFO neutron.plugins.ml2.drivers.ovn.mech_driver.ovsdb.extensions.qos [None req-4729dfc8-b5d1-4a56-8558-f0445e24fcaf 0785ec01bfbb49a3b56fa95061537b39 bd32e336a76443538ecfe0ed4257b9f7 - - default default] Starting OVNClientQosExtension
2026-07-02 01:13:15.829 9 INFO neutron.plugins.ml2.drivers.ovn.mech_driver.ovsdb.extensions.placement [None req-4729dfc8-b5d1-4a56-8558-f0445e24fcaf 0785ec01bfbb49a3b56fa95061537b39 bd32e336a76443538ecfe0ed4257b9f7 - - default default] Starting OVNClientPlacementExtension
2026-07-02 01:13:15.922 9 INFO neutron.db.ovn_revision_numbers_db [None req-4729dfc8-b5d1-4a56-8558-f0445e24fcaf 0785ec01bfbb49a3b56fa95061537b39 bd32e336a76443538ecfe0ed4257b9f7 - - default default] Successfully bumped revision number for resource cf878c5d-df22-46c6-a2a0-773c70f19abe (type: networks) to 1
2026-07-02 01:13:16.179 9 WARNING neutron.scheduler.dhcp_agent_scheduler [None req-4729dfc8-b5d1-4a56-8558-f0445e24fcaf 0785ec01bfbb49a3b56fa95061537b39 bd32e336a76443538ecfe0ed4257b9f7 - - default default] No more DHCP agents
2026-07-02 01:13:16.181 9 WARNING neutron.api.rpc.agentnotifiers.dhcp_rpc_agent_api [None req-4729dfc8-b5d1-4a56-8558-f0445e24fcaf 0785ec01bfbb49a3b56fa95061537b39 bd32e336a76443538ecfe0ed4257b9f7 - - default default] Unable to schedule network cf878c5d-df22-46c6-a2a0-773c70f19abe: no agents available; will retry on subsequent port and subnet creation events.
2026-07-02 01:13:16.319 9 INFO neutron.db.ovn_revision_numbers_db [None req-4729dfc8-b5d1-4a56-8558-f0445e24fcaf 0785ec01bfbb49a3b56fa95061537b39 bd32e336a76443538ecfe0ed4257b9f7 - - default default] Successfully bumped revision number for resource d1aa75f2-29bb-489c-916c-07ca22be93cd (type: ports) to 1
2026-07-02 01:13:16.349 9 INFO neutron.wsgi [None req-4729dfc8-b5d1-4a56-8558-f0445e24fcaf 0785ec01bfbb49a3b56fa95061537b39 bd32e336a76443538ecfe0ed4257b9f7 - - default default] 199.204.45.70,10.0.0.74 "POST /v2.0/networks HTTP/1.1" status: 201 len: 888 time: 0.7231438
2026-07-02 01:13:17.781 10 INFO neutron.wsgi [None req-000b7e78-6038-443f-8213-4f9bc8359852 0785ec01bfbb49a3b56fa95061537b39 bd32e336a76443538ecfe0ed4257b9f7 - - default default] 199.204.45.70,10.0.0.74 "GET /v2.0/subnets HTTP/1.1" status: 200 len: 819 time: 0.0819016
2026-07-02 01:13:17.863 10 INFO neutron.wsgi [None req-6ae61cbb-c770-4bd2-bce3-b0a997108493 0785ec01bfbb49a3b56fa95061537b39 bd32e336a76443538ecfe0ed4257b9f7 - - default default] 199.204.45.70,10.0.0.74 "GET /v2.0/networks HTTP/1.1" status: 200 len: 1613 time: 0.0740049
2026-07-02 01:13:18.042 10 WARNING neutron.scheduler.dhcp_agent_scheduler [None req-6152869a-055c-42f8-a6d5-ba3e9fa027f7 0785ec01bfbb49a3b56fa95061537b39 bd32e336a76443538ecfe0ed4257b9f7 - - default default] No more DHCP agents
2026-07-02 01:13:18.044 10 WARNING neutron.api.rpc.agentnotifiers.dhcp_rpc_agent_api [None req-6152869a-055c-42f8-a6d5-ba3e9fa027f7 0785ec01bfbb49a3b56fa95061537b39 bd32e336a76443538ecfe0ed4257b9f7 - - default default] Unable to schedule network cf878c5d-df22-46c6-a2a0-773c70f19abe: no agents available; will retry on subsequent port and subnet creation events.
2026-07-02 01:13:18.550 10 INFO neutron.db.ovn_revision_numbers_db [None req-6152869a-055c-42f8-a6d5-ba3e9fa027f7 0785ec01bfbb49a3b56fa95061537b39 bd32e336a76443538ecfe0ed4257b9f7 - - default default] Successfully bumped revision number for resource d1aa75f2-29bb-489c-916c-07ca22be93cd (type: ports) to 2
2026-07-02 01:13:18.584 10 INFO neutron.db.ovn_revision_numbers_db [None req-6152869a-055c-42f8-a6d5-ba3e9fa027f7 0785ec01bfbb49a3b56fa95061537b39 bd32e336a76443538ecfe0ed4257b9f7 - - default default] Successfully bumped revision number for resource c5c49f41-3bb4-4201-85cd-5be1f5332988 (type: subnets) to 0
2026-07-02 01:13:18.599 10 INFO neutron.wsgi [None req-6152869a-055c-42f8-a6d5-ba3e9fa027f7 0785ec01bfbb49a3b56fa95061537b39 bd32e336a76443538ecfe0ed4257b9f7 - - default default] 199.204.45.70,10.0.0.74 "POST /v2.0/subnets HTTP/1.1" status: 201 len: 807 time: 0.7315297
2026-07-02 01:13:19.720 9 INFO neutron.wsgi [None req-f1230569-3250-42ba-889e-bcee93efd10f 0785ec01bfbb49a3b56fa95061537b39 bd32e336a76443538ecfe0ed4257b9f7 - - default default] 199.204.45.70,10.0.0.74 "GET /v2.0/security-groups?tenant_id=bd32e336a76443538ecfe0ed4257b9f7 HTTP/1.1" status: 200 len: 2969 time: 0.0852032
2026-07-02 01:13:19.875 9 INFO neutron.db.ovn_revision_numbers_db [None req-82d28d6e-f00d-415f-9d10-d3914d487b87 0785ec01bfbb49a3b56fa95061537b39 bd32e336a76443538ecfe0ed4257b9f7 - - default default] Successfully bumped revision number for resource c2d002ae-f3bf-4fde-8321-723a22168ddb (type: security_groups) to 1
2026-07-02 01:13:19.895 9 INFO neutron.db.ovn_revision_numbers_db [None req-82d28d6e-f00d-415f-9d10-d3914d487b87 0785ec01bfbb49a3b56fa95061537b39 bd32e336a76443538ecfe0ed4257b9f7 - - default default] Successfully bumped revision number for resource 9b880fc3-1869-4016-b445-1b9f1733ddbd (type: security_group_rules) to 0
2026-07-02 01:13:19.909 9 INFO neutron.db.ovn_revision_numbers_db [None req-82d28d6e-f00d-415f-9d10-d3914d487b87 0785ec01bfbb49a3b56fa95061537b39 bd32e336a76443538ecfe0ed4257b9f7 - - default default] Successfully bumped revision number for resource a5a677db-6670-434f-bdc0-3fd9d57a17a4 (type: security_group_rules) to 0
2026-07-02 01:13:19.928 9 INFO neutron.wsgi [None req-82d28d6e-f00d-415f-9d10-d3914d487b87 0785ec01bfbb49a3b56fa95061537b39 bd32e336a76443538ecfe0ed4257b9f7 - - default default] 199.204.45.70,10.0.0.74 "POST /v2.0/security-groups HTTP/1.1" status: 201 len: 1733 time: 0.1983931
2026-07-02 01:13:21.104 10 INFO neutron.wsgi [None req-6dced15b-9dbf-4238-9644-6f16ba9f731a 0785ec01bfbb49a3b56fa95061537b39 bd32e336a76443538ecfe0ed4257b9f7 - - default default] 199.204.45.70,10.0.0.74 "GET /v2.0/security-groups?tenant_id=bd32e336a76443538ecfe0ed4257b9f7 HTTP/1.1" status: 200 len: 4503 time: 0.1082683
2026-07-02 01:13:21.154 10 INFO neutron.wsgi [None req-ba76bbcd-841e-4dc9-871c-9129867690a8 0785ec01bfbb49a3b56fa95061537b39 bd32e336a76443538ecfe0ed4257b9f7 - - default default] 199.204.45.70,10.0.0.74 "GET /v2.0/security-groups HTTP/1.1" status: 200 len: 4503 time: 0.0405664
2026-07-02 01:13:21.301 10 INFO neutron.db.ovn_revision_numbers_db [None req-6f9b9c50-87d4-4a92-8bee-4e8055a313c8 0785ec01bfbb49a3b56fa95061537b39 bd32e336a76443538ecfe0ed4257b9f7 - - default default] Successfully bumped revision number for resource dcf5dd3c-d2c9-48d7-985e-be18f036a1c3 (type: security_group_rules) to 0
2026-07-02 01:13:21.332 10 INFO neutron.wsgi [None req-6f9b9c50-87d4-4a92-8bee-4e8055a313c8 0785ec01bfbb49a3b56fa95061537b39 bd32e336a76443538ecfe0ed4257b9f7 - - default default] 199.204.45.70,10.0.0.74 "POST /v2.0/security-group-rules HTTP/1.1" status: 201 len: 749 time: 0.1725924
2026-07-02 01:13:22.281 9 INFO neutron.wsgi [None req-864057cf-a96a-4386-aa4a-91a1bfb30ced 0785ec01bfbb49a3b56fa95061537b39 bd32e336a76443538ecfe0ed4257b9f7 - - default default] 199.204.45.70,10.0.0.74 "GET /v2.0/security-groups?tenant_id=bd32e336a76443538ecfe0ed4257b9f7 HTTP/1.1" status: 200 len: 5085 time: 0.0936730
2026-07-02 01:13:22.358 9 INFO neutron.wsgi [None req-86f97ae8-88cf-4352-a606-50edb8d4d80f 0785ec01bfbb49a3b56fa95061537b39 bd32e336a76443538ecfe0ed4257b9f7 - - default default] 199.204.45.70,10.0.0.74 "GET /v2.0/security-groups HTTP/1.1" status: 200 len: 5085 time: 0.0696778
2026-07-02 01:13:22.542 9 INFO neutron.db.ovn_revision_numbers_db [None req-6cacb828-db65-49e3-8fa9-5916266364de 0785ec01bfbb49a3b56fa95061537b39 bd32e336a76443538ecfe0ed4257b9f7 - - default default] Successfully bumped revision number for resource 78561d24-5108-4804-9615-498f563714f7 (type: security_group_rules) to 0
2026-07-02 01:13:22.570 9 INFO neutron.wsgi [None req-6cacb828-db65-49e3-8fa9-5916266364de 0785ec01bfbb49a3b56fa95061537b39 bd32e336a76443538ecfe0ed4257b9f7 - - default default] 199.204.45.70,10.0.0.74 "POST /v2.0/security-group-rules HTTP/1.1" status: 201 len: 751 time: 0.2018337
2026-07-02 01:13:23.470 9 INFO neutron.wsgi [None req-350a3293-638f-4204-8c9b-f38d61fff0fb 0785ec01bfbb49a3b56fa95061537b39 bd32e336a76443538ecfe0ed4257b9f7 - - default default] 199.204.45.70,10.0.0.74 "GET /v2.0/security-groups?tenant_id=bd32e336a76443538ecfe0ed4257b9f7 HTTP/1.1" status: 200 len: 5669 time: 0.0823727
2026-07-02 01:13:23.523 9 INFO neutron.wsgi [None req-3deb6448-3ea5-4125-b865-e3d6a529fea4 0785ec01bfbb49a3b56fa95061537b39 bd32e336a76443538ecfe0ed4257b9f7 - - default default] 199.204.45.70,10.0.0.74 "GET /v2.0/security-groups HTTP/1.1" status: 200 len: 5669 time: 0.0422008
2026-07-02 01:13:23.652 9 INFO neutron.db.ovn_revision_numbers_db [None req-d7ab97c7-b86c-4e56-911d-0074143451d0 0785ec01bfbb49a3b56fa95061537b39 bd32e336a76443538ecfe0ed4257b9f7 - - default default] Successfully bumped revision number for resource 3d71234a-5a96-42a9-8a69-8a4454712b4f (type: security_group_rules) to 0
2026-07-02 01:13:23.678 9 INFO neutron.wsgi [None req-d7ab97c7-b86c-4e56-911d-0074143451d0 0785ec01bfbb49a3b56fa95061537b39 bd32e336a76443538ecfe0ed4257b9f7 - - default default] 199.204.45.70,10.0.0.74 "POST /v2.0/security-group-rules HTTP/1.1" status: 201 len: 751 time: 0.1451588
2026-07-02 01:13:24.522 9 INFO neutron.wsgi [None req-9c400576-5387-4338-b360-74db59842b76 0785ec01bfbb49a3b56fa95061537b39 bd32e336a76443538ecfe0ed4257b9f7 - - default default] 199.204.45.70,10.0.0.74 "GET /v2.0/security-groups?tenant_id=bd32e336a76443538ecfe0ed4257b9f7 HTTP/1.1" status: 200 len: 6253 time: 0.0778425
2026-07-02 01:13:24.566 9 INFO neutron.wsgi [None req-78e5f434-c7b5-4836-8614-2adb329e76b7 0785ec01bfbb49a3b56fa95061537b39 bd32e336a76443538ecfe0ed4257b9f7 - - default default] 199.204.45.70,10.0.0.74 "GET /v2.0/security-groups HTTP/1.1" status: 200 len: 6253 time: 0.0368888
2026-07-02 01:13:24.707 9 INFO neutron.db.ovn_revision_numbers_db [None req-4af3afcd-4c94-4109-b7b8-3a2a329810c2 0785ec01bfbb49a3b56fa95061537b39 bd32e336a76443538ecfe0ed4257b9f7 - - default default] Successfully bumped revision number for resource 30f2c4d9-f9bd-4386-a43a-e5071bb11a0b (type: security_group_rules) to 0
2026-07-02 01:13:24.732 9 INFO neutron.wsgi [None req-4af3afcd-4c94-4109-b7b8-3a2a329810c2 0785ec01bfbb49a3b56fa95061537b39 bd32e336a76443538ecfe0ed4257b9f7 - - default default] 199.204.45.70,10.0.0.74 "POST /v2.0/security-group-rules HTTP/1.1" status: 201 len: 751 time: 0.1562662
2026-07-02 01:13:24.871 9 INFO neutron.wsgi [-] 10.0.0.74 "GET / HTTP/1.1" status: 200 len: 247 time: 0.0023348
2026-07-02 01:13:24.872 10 INFO neutron.wsgi [-] 10.0.0.74 "GET / HTTP/1.1" status: 200 len: 247 time: 0.0026767
2026-07-02 01:13:25.595 10 INFO neutron.wsgi [None req-d763e592-91cd-44b2-929d-a79e04242c5c 0785ec01bfbb49a3b56fa95061537b39 bd32e336a76443538ecfe0ed4257b9f7 - - default default] 199.204.45.70,10.0.0.74 "GET /v2.0/security-groups?tenant_id=bd32e336a76443538ecfe0ed4257b9f7 HTTP/1.1" status: 200 len: 6837 time: 0.0863419
2026-07-02 01:13:25.647 10 INFO neutron.wsgi [None req-0f1e5633-20f0-4a3d-b068-185414439f47 0785ec01bfbb49a3b56fa95061537b39 bd32e336a76443538ecfe0ed4257b9f7 - - default default] 199.204.45.70,10.0.0.74 "GET /v2.0/security-groups HTTP/1.1" status: 200 len: 6837 time: 0.0410419
2026-07-02 01:13:25.838 10 INFO neutron.db.ovn_revision_numbers_db [None req-fa75f740-75d1-4489-8956-086736770cdb 0785ec01bfbb49a3b56fa95061537b39 bd32e336a76443538ecfe0ed4257b9f7 - - default default] Successfully bumped revision number for resource b4437142-a05b-4439-bd8e-b6bf34970018 (type: security_group_rules) to 0
2026-07-02 01:13:25.859 10 INFO neutron.wsgi [None req-fa75f740-75d1-4489-8956-086736770cdb 0785ec01bfbb49a3b56fa95061537b39 bd32e336a76443538ecfe0ed4257b9f7 - - default default] 199.204.45.70,10.0.0.74 "POST /v2.0/security-group-rules HTTP/1.1" status: 201 len: 751 time: 0.2069111
2026-07-02 01:13:27.072 10 INFO neutron.wsgi [None req-1dcb740d-42b2-407f-bafb-0ff83066da1b 0785ec01bfbb49a3b56fa95061537b39 bd32e336a76443538ecfe0ed4257b9f7 - - default default] 199.204.45.70,10.0.0.74 "GET /v2.0/security-groups HTTP/1.1" status: 200 len: 7421 time: 0.1123121
2026-07-02 01:13:27.127 10 INFO neutron.wsgi [None req-ef6f0b1b-eeae-496c-8d52-7f4f84952aae 0785ec01bfbb49a3b56fa95061537b39 bd32e336a76443538ecfe0ed4257b9f7 - - default default] 199.204.45.70,10.0.0.74 "GET /v2.0/ports HTTP/1.1" status: 200 len: 2301 time: 0.0481122
2026-07-02 01:13:27.199 10 INFO neutron.wsgi [None req-4e1fcbd4-5209-43b1-8205-1e71b91df9c9 0785ec01bfbb49a3b56fa95061537b39 bd32e336a76443538ecfe0ed4257b9f7 - - default default] 199.204.45.70,10.0.0.74 "GET /v2.0/networks HTTP/1.1" status: 200 len: 1651 time: 0.0636570
2026-07-02 01:13:27.484 10 WARNING neutron.scheduler.dhcp_agent_scheduler [None req-493bdcd7-577f-43e4-a4ee-e1acf3e81c0c 0785ec01bfbb49a3b56fa95061537b39 bd32e336a76443538ecfe0ed4257b9f7 - - default default] No more DHCP agents
2026-07-02 01:13:27.488 10 WARNING neutron.api.rpc.agentnotifiers.dhcp_rpc_agent_api [None req-493bdcd7-577f-43e4-a4ee-e1acf3e81c0c 0785ec01bfbb49a3b56fa95061537b39 bd32e336a76443538ecfe0ed4257b9f7 - - default default] Unable to schedule network cf878c5d-df22-46c6-a2a0-773c70f19abe: no agents available; will retry on subsequent port and subnet creation events.
2026-07-02 01:13:27.619 10 INFO neutron.db.ovn_revision_numbers_db [None req-493bdcd7-577f-43e4-a4ee-e1acf3e81c0c 0785ec01bfbb49a3b56fa95061537b39 bd32e336a76443538ecfe0ed4257b9f7 - - default default] Successfully bumped revision number for resource 7e5dac02-0642-4ab2-bfa8-2b152be68877 (type: ports) to 1
2026-07-02 01:13:27.634 10 INFO neutron.wsgi [None req-493bdcd7-577f-43e4-a4ee-e1acf3e81c0c 0785ec01bfbb49a3b56fa95061537b39 bd32e336a76443538ecfe0ed4257b9f7 - - default default] 199.204.45.70,10.0.0.74 "POST /v2.0/ports HTTP/1.1" status: 201 len: 1281 time: 0.4298778 /var/lib/openstack/lib/python3.10/site-packages/pycadf/identifier.py:71: UserWarning: Invalid uuid: unknown. To ensure interoperability, identifiers should be a valid uuid. warnings.warn(('Invalid uuid: %s. To ensure interoperability, '
2026-07-02 01:13:33.688 10 INFO neutron.pecan_wsgi.hooks.translation [None req-7a1e2a07-4b16-4103-afa4-2628da192980 0785ec01bfbb49a3b56fa95061537b39 bd32e336a76443538ecfe0ed4257b9f7 - - default default] GET failed (client error): The resource could not be found.
2026-07-02 01:13:33.689 10 INFO neutron.wsgi [None req-7a1e2a07-4b16-4103-afa4-2628da192980 0785ec01bfbb49a3b56fa95061537b39 bd32e336a76443538ecfe0ed4257b9f7 - - default default] 199.204.45.70,10.0.0.74 "GET /v2.0/ports/octavia-health-manager-port-instance HTTP/1.1" status: 404 len: 314 time: 0.0630541
2026-07-02 01:13:33.741 10 INFO neutron.wsgi [None req-f674b8f9-0b2e-492f-ba92-e0d97bc7f932 0785ec01bfbb49a3b56fa95061537b39 bd32e336a76443538ecfe0ed4257b9f7 - - default default] 199.204.45.70,10.0.0.74 "GET /v2.0/ports?name=octavia-health-manager-port-instance HTTP/1.1" status: 200 len: 1279 time: 0.0473650
2026-07-02 01:13:34.177 10 INFO neutron.db.ovn_revision_numbers_db [None req-7f74d446-e248-46ff-b224-33e01cc5dd6d 0785ec01bfbb49a3b56fa95061537b39 bd32e336a76443538ecfe0ed4257b9f7 - - default default] Successfully bumped revision number for resource 7e5dac02-0642-4ab2-bfa8-2b152be68877 (type: ports) to 1
2026-07-02 01:13:34.445 10 INFO neutron.db.ovn_revision_numbers_db [None req-7f74d446-e248-46ff-b224-33e01cc5dd6d 0785ec01bfbb49a3b56fa95061537b39 bd32e336a76443538ecfe0ed4257b9f7 - - default default] Successfully bumped revision number for resource 7e5dac02-0642-4ab2-bfa8-2b152be68877 (type: ports) to 2
2026-07-02 01:13:34.464 10 INFO neutron.wsgi [None req-7f74d446-e248-46ff-b224-33e01cc5dd6d 0785ec01bfbb49a3b56fa95061537b39 bd32e336a76443538ecfe0ed4257b9f7 - - default default] 199.204.45.70,10.0.0.74 "PUT /v2.0/ports/7e5dac02-0642-4ab2-bfa8-2b152be68877 HTTP/1.1" status: 200 len: 1366 time: 0.7160199
2026-07-02 01:13:36.019 9 INFO neutron.wsgi [None req-0fd2d194-d6be-485f-b86a-7d2ae2707177 0785ec01bfbb49a3b56fa95061537b39 bd32e336a76443538ecfe0ed4257b9f7 - - default default] 199.204.45.70,10.0.0.74 "GET /v2.0/ports HTTP/1.1" status: 200 len: 3511 time: 0.0986161
2026-07-02 01:13:36.988 9 INFO neutron.wsgi [None req-9b5a753b-3750-4c1f-a9e1-5a73a35a02a7 0785ec01bfbb49a3b56fa95061537b39 bd32e336a76443538ecfe0ed4257b9f7 - - default default] 199.204.45.70,10.0.0.74 "GET /v2.0/security-groups?tenant_id=bd32e336a76443538ecfe0ed4257b9f7 HTTP/1.1" status: 200 len: 7421 time: 0.0901449
2026-07-02 01:13:37.146 9 INFO neutron.db.ovn_revision_numbers_db [None req-6901f2ce-2809-435d-840b-75984e4265a1 0785ec01bfbb49a3b56fa95061537b39 bd32e336a76443538ecfe0ed4257b9f7 - - default default] Successfully bumped revision number for resource 07ef4370-8ae4-456a-ba94-50c0ce32e15d (type: security_groups) to 1
2026-07-02 01:13:37.162 9 INFO neutron.db.ovn_revision_numbers_db [None req-6901f2ce-2809-435d-840b-75984e4265a1 0785ec01bfbb49a3b56fa95061537b39 bd32e336a76443538ecfe0ed4257b9f7 - - default default] Successfully bumped revision number for resource 4b05801d-b5e6-457f-b291-e9c5614cbe9d (type: security_group_rules) to 0
2026-07-02 01:13:37.178 9 INFO neutron.db.ovn_revision_numbers_db [None req-6901f2ce-2809-435d-840b-75984e4265a1 0785ec01bfbb49a3b56fa95061537b39 bd32e336a76443538ecfe0ed4257b9f7 - - default default] Successfully bumped revision number for resource aeb9a2bc-479e-44a6-88b8-33f13320607f (type: security_group_rules) to 0
2026-07-02 01:13:37.200 9 INFO neutron.wsgi [None req-6901f2ce-2809-435d-840b-75984e4265a1 0785ec01bfbb49a3b56fa95061537b39 bd32e336a76443538ecfe0ed4257b9f7 - - default default] 199.204.45.70,10.0.0.74 "POST /v2.0/security-groups HTTP/1.1" status: 201 len: 1727 time: 0.2052715 /var/lib/openstack/lib/python3.10/site-packages/pycadf/identifier.py:71: UserWarning: Invalid uuid: unknown. To ensure interoperability, identifiers should be a valid uuid. warnings.warn(('Invalid uuid: %s. To ensure interoperability, '
2026-07-02 01:13:38.151 10 INFO neutron.wsgi [None req-fd8ce481-5c9a-4a7d-905e-aa5dab31cd50 0785ec01bfbb49a3b56fa95061537b39 bd32e336a76443538ecfe0ed4257b9f7 - - default default] 199.204.45.70,10.0.0.74 "GET /v2.0/security-groups?tenant_id=bd32e336a76443538ecfe0ed4257b9f7 HTTP/1.1" status: 200 len: 8949 time: 0.0961795
2026-07-02 01:13:38.207 10 INFO neutron.wsgi [None req-010e63e1-915a-43be-8af0-0a58ea237583 0785ec01bfbb49a3b56fa95061537b39 bd32e336a76443538ecfe0ed4257b9f7 - - default default] 199.204.45.70,10.0.0.74 "GET /v2.0/security-groups HTTP/1.1" status: 200 len: 8949 time: 0.0444531
2026-07-02 01:13:38.371 10 INFO neutron.db.ovn_revision_numbers_db [None req-0090fdd9-a57a-469b-a37a-7800332c1405 0785ec01bfbb49a3b56fa95061537b39 bd32e336a76443538ecfe0ed4257b9f7 - - default default] Successfully bumped revision number for resource 711f9a9e-c0f9-437a-bea7-b47420254585 (type: security_group_rules) to 0
2026-07-02 01:13:38.404 10 INFO neutron.wsgi [None req-0090fdd9-a57a-469b-a37a-7800332c1405 0785ec01bfbb49a3b56fa95061537b39 bd32e336a76443538ecfe0ed4257b9f7 - - default default] 199.204.45.70,10.0.0.74 "POST /v2.0/security-group-rules HTTP/1.1" status: 201 len: 771 time: 0.1858082
2026-07-02 01:13:39.291 10 INFO neutron.wsgi [None req-4ed97628-ad57-4403-bcd4-a91d97600a4e 0785ec01bfbb49a3b56fa95061537b39 bd32e336a76443538ecfe0ed4257b9f7 - - default default] 199.204.45.70,10.0.0.74 "GET /v2.0/security-groups?tenant_id=bd32e336a76443538ecfe0ed4257b9f7 HTTP/1.1" status: 200 len: 9553 time: 0.0850062
2026-07-02 01:13:39.348 10 INFO neutron.wsgi [None req-624529c0-44e4-49ea-9973-1599b7524863 0785ec01bfbb49a3b56fa95061537b39 bd32e336a76443538ecfe0ed4257b9f7 - - default default] 199.204.45.70,10.0.0.74 "GET /v2.0/security-groups HTTP/1.1" status: 200 len: 9553 time: 0.0439925
2026-07-02 01:13:39.549 10 INFO neutron.db.ovn_revision_numbers_db [None req-4c886174-c32f-4287-a5dd-48e9edf6e709 0785ec01bfbb49a3b56fa95061537b39 bd32e336a76443538ecfe0ed4257b9f7 - - default default] Successfully bumped revision number for resource 510aca1e-020a-42e9-81d3-92bccda957f8 (type: security_group_rules) to 0
2026-07-02 01:13:39.572 10 INFO neutron.wsgi [None req-4c886174-c32f-4287-a5dd-48e9edf6e709 0785ec01bfbb49a3b56fa95061537b39 bd32e336a76443538ecfe0ed4257b9f7 - - default default] 199.204.45.70,10.0.0.74 "POST /v2.0/security-group-rules HTTP/1.1" status: 201 len: 775 time: 0.2122502
2026-07-02 01:13:39.870 9 INFO neutron.wsgi [-] 10.0.0.74 "GET / HTTP/1.1" status: 200 len: 247 time: 0.0020664
2026-07-02 01:13:39.871 10 INFO neutron.wsgi [-] 10.0.0.74 "GET / HTTP/1.1" status: 200 len: 247 time: 0.0025113
2026-07-02 01:13:54.871 9 INFO neutron.wsgi [-] 10.0.0.74 "GET / HTTP/1.1" status: 200 len: 247 time: 0.0026712
2026-07-02 01:13:54.872 10 INFO neutron.wsgi [-] 10.0.0.74 "GET / HTTP/1.1" status: 200 len: 247 time: 0.0030518
2026-07-02 01:14:09.870 10 INFO neutron.wsgi [-] 10.0.0.74 "GET / HTTP/1.1" status: 200 len: 247 time: 0.0026877
2026-07-02 01:14:09.873 9 INFO neutron.wsgi [-] 10.0.0.74 "GET / HTTP/1.1" status: 200 len: 247 time: 0.0049200
2026-07-02 01:14:24.870 9 INFO neutron.wsgi [-] 10.0.0.74 "GET / HTTP/1.1" status: 200 len: 247 time: 0.0020185
2026-07-02 01:14:24.871 10 INFO neutron.wsgi [-] 10.0.0.74 "GET / HTTP/1.1" status: 200 len: 247 time: 0.0026016
2026-07-02 01:14:39.870 10 INFO neutron.wsgi [-] 10.0.0.74 "GET / HTTP/1.1" status: 200 len: 247 time: 0.0017843
2026-07-02 01:14:39.871 9 INFO neutron.wsgi [-] 10.0.0.74 "GET / HTTP/1.1" status: 200 len: 247 time: 0.0029330
2026-07-02 01:14:54.871 10 INFO neutron.wsgi [-] 10.0.0.74 "GET / HTTP/1.1" status: 200 len: 247 time: 0.0025940
2026-07-02 01:14:54.874 10 INFO neutron.wsgi [-] 10.0.0.74 "GET / HTTP/1.1" status: 200 len: 247 time: 0.0022199
2026-07-02 01:15:09.871 9 INFO neutron.wsgi [-] 10.0.0.74 "GET / HTTP/1.1" status: 200 len: 247 time: 0.0027754
2026-07-02 01:15:09.873 10 INFO neutron.wsgi [-] 10.0.0.74 "GET / HTTP/1.1" status: 200 len: 247 time: 0.0031946
2026-07-02 01:15:24.871 10 INFO neutron.wsgi [-] 10.0.0.74 "GET / HTTP/1.1" status: 200 len: 247 time: 0.0025547
2026-07-02 01:15:24.874 10 INFO neutron.wsgi [-] 10.0.0.74 "GET / HTTP/1.1" status: 200 len: 247 time: 0.0021486
2026-07-02 01:15:30.314 9 INFO neutron.wsgi [None req-603325fc-b733-4803-b73c-f873d5b2af63 0785ec01bfbb49a3b56fa95061537b39 bd32e336a76443538ecfe0ed4257b9f7 - - default default] 199.204.45.70,10.0.0.74 "GET /v2.0/quotas/bd32e336a76443538ecfe0ed4257b9f7 HTTP/1.1" status: 200 len: 362 time: 0.0153837 /var/lib/openstack/lib/python3.10/site-packages/neutron/extensions/quotasv2.py:140: UserWarning: Neutron quota engine will require "--force" parameter to set a quota limit without checking the resource usage. warnings.warn('Neutron quota engine will require "--force" '
2026-07-02 01:15:30.663 9 INFO neutron.wsgi [None req-bccb5427-dc3e-49c9-866e-cae896f0d370 0785ec01bfbb49a3b56fa95061537b39 bd32e336a76443538ecfe0ed4257b9f7 - - default default] 199.204.45.70,10.0.0.74 "PUT /v2.0/quotas/bd32e336a76443538ecfe0ed4257b9f7 HTTP/1.1" status: 200 len: 361 time: 0.0341053
2026-07-02 01:15:30.976 9 INFO neutron.wsgi [None req-74d64784-f969-445d-9a5f-bf993e38bbec 0785ec01bfbb49a3b56fa95061537b39 bd32e336a76443538ecfe0ed4257b9f7 - - default default] 199.204.45.70,10.0.0.74 "GET /v2.0/quotas/bd32e336a76443538ecfe0ed4257b9f7 HTTP/1.1" status: 200 len: 361 time: 0.0111253
2026-07-02 01:15:39.871 10 INFO neutron.wsgi [-] 10.0.0.74 "GET / HTTP/1.1" status: 200 len: 247 time: 0.0036483
2026-07-02 01:15:39.872 9 INFO neutron.wsgi [-] 10.0.0.74 "GET / HTTP/1.1" status: 200 len: 247 time: 0.0041280
2026-07-02 01:15:54.871 10 INFO neutron.wsgi [-] 10.0.0.74 "GET / HTTP/1.1" status: 200 len: 247 time: 0.0022352
2026-07-02 01:15:54.872 9 INFO neutron.wsgi [-] 10.0.0.74 "GET / HTTP/1.1" status: 200 len: 247 time: 0.0032203
2026-07-02 01:16:04.287 15 INFO neutron.db.ovn_revision_numbers_db [None req-40694b98-127e-4131-986a-4ea256a9bf07 - - - - - -] Successfully bumped revision number for resource cf878c5d-df22-46c6-a2a0-773c70f19abe (type: networks) to 2
2026-07-02 01:16:04.396 15 INFO neutron.db.ovn_revision_numbers_db [None req-40694b98-127e-4131-986a-4ea256a9bf07 - - - - - -] Successfully bumped revision number for resource c2d002ae-f3bf-4fde-8321-723a22168ddb (type: security_groups) to 6
2026-07-02 01:16:04.486 15 INFO neutron.db.ovn_revision_numbers_db [None req-40694b98-127e-4131-986a-4ea256a9bf07 - - - - - -] Successfully bumped revision number for resource 07ef4370-8ae4-456a-ba94-50c0ce32e15d (type: security_groups) to 3
2026-07-02 01:16:04.690 15 INFO neutron.db.ovn_revision_numbers_db [None req-40694b98-127e-4131-986a-4ea256a9bf07 - - - - - -] Successfully bumped revision number for resource 7e5dac02-0642-4ab2-bfa8-2b152be68877 (type: ports) to 3
2026-07-02 01:16:04.690 15 INFO neutron.plugins.ml2.drivers.ovn.mech_driver.ovsdb.maintenance [None req-40694b98-127e-4131-986a-4ea256a9bf07 - - - - - -] Maintenance task: Synchronization finished (took 0.53 seconds)
2026-07-02 01:16:09.872 10 INFO neutron.wsgi [-] 10.0.0.74 "GET / HTTP/1.1" status: 200 len: 247 time: 0.0030630
2026-07-02 01:16:09.874 9 INFO neutron.wsgi [-] 10.0.0.74 "GET / HTTP/1.1" status: 200 len: 247 time: 0.0037031
2026-07-02 01:16:24.870 9 INFO neutron.wsgi [-] 10.0.0.74 "GET / HTTP/1.1" status: 200 len: 247 time: 0.0022740
2026-07-02 01:16:24.871 10 INFO neutron.wsgi [-] 10.0.0.74 "GET / HTTP/1.1" status: 200 len: 247 time: 0.0030217
2026-07-02 01:16:39.871 9 INFO neutron.wsgi [-] 10.0.0.74 "GET / HTTP/1.1" status: 200 len: 247 time: 0.0026181
2026-07-02 01:16:39.872 10 INFO neutron.wsgi [-] 10.0.0.74 "GET / HTTP/1.1" status: 200 len: 247 time: 0.0037656
2026-07-02 01:16:54.871 10 INFO neutron.wsgi [-] 10.0.0.74 "GET / HTTP/1.1" status: 200 len: 247 time: 0.0023670
2026-07-02 01:16:54.876 9 INFO neutron.wsgi [-] 10.0.0.74 "GET / HTTP/1.1" status: 200 len: 247 time: 0.0068455
2026-07-02 01:17:09.869 9 INFO neutron.wsgi [-] 10.0.0.74 "GET / HTTP/1.1" status: 200 len: 247 time: 0.0016460
2026-07-02 01:17:09.871 10 INFO neutron.wsgi [-] 10.0.0.74 "GET / HTTP/1.1" status: 200 len: 247 time: 0.0030878
2026-07-02 01:17:24.871 9 INFO neutron.wsgi [-] 10.0.0.74 "GET / HTTP/1.1" status: 200 len: 247 time: 0.0017023
2026-07-02 01:17:24.874 10 INFO neutron.wsgi [-] 10.0.0.74 "GET / HTTP/1.1" status: 200 len: 247 time: 0.0035293
2026-07-02 01:17:39.871 9 INFO neutron.wsgi [-] 10.0.0.74 "GET / HTTP/1.1" status: 200 len: 247 time: 0.0025380
2026-07-02 01:17:39.873 10 INFO neutron.wsgi [-] 10.0.0.74 "GET / HTTP/1.1" status: 200 len: 247 time: 0.0047224 /var/lib/openstack/lib/python3.10/site-packages/pycadf/identifier.py:71: UserWarning: Invalid uuid: neutron. To ensure interoperability, identifiers should be a valid uuid. warnings.warn(('Invalid uuid: %s. To ensure interoperability, '
2026-07-02 01:17:41.371 9 INFO neutron.pecan_wsgi.hooks.translation [None req-2a9a3b8a-ad37-44ad-af11-4df50ec8ce03 0785ec01bfbb49a3b56fa95061537b39 bd32e336a76443538ecfe0ed4257b9f7 - - default default] GET failed (client error): The resource could not be found.
2026-07-02 01:17:41.373 9 INFO neutron.wsgi [None req-2a9a3b8a-ad37-44ad-af11-4df50ec8ce03 0785ec01bfbb49a3b56fa95061537b39 bd32e336a76443538ecfe0ed4257b9f7 - - default default] 199.204.45.70 "GET /v2.0/ports/octavia-health-manager-port-instance HTTP/1.1" status: 404 len: 338 time: 0.1795793
2026-07-02 01:17:41.437 9 INFO neutron.wsgi [None req-833d85f2-2994-46f7-8095-1718a8fa38f3 0785ec01bfbb49a3b56fa95061537b39 bd32e336a76443538ecfe0ed4257b9f7 - - default default] 199.204.45.70 "GET /v2.0/ports?name=octavia-health-manager-port-instance HTTP/1.1" status: 200 len: 1421 time: 0.0580230 /var/lib/openstack/lib/python3.10/site-packages/pycadf/identifier.py:71: UserWarning: Invalid uuid: neutron. To ensure interoperability, identifiers should be a valid uuid. warnings.warn(('Invalid uuid: %s. To ensure interoperability, '
2026-07-02 01:17:43.214 10 INFO neutron.pecan_wsgi.hooks.translation [None req-87701477-4a6b-4348-aa99-bd942c62eb5a 0785ec01bfbb49a3b56fa95061537b39 bd32e336a76443538ecfe0ed4257b9f7 - - default default] GET failed (client error): The resource could not be found.
2026-07-02 01:17:43.216 10 INFO neutron.wsgi [None req-87701477-4a6b-4348-aa99-bd942c62eb5a 0785ec01bfbb49a3b56fa95061537b39 bd32e336a76443538ecfe0ed4257b9f7 - - default default] 199.204.45.70 "GET /v2.0/ports/octavia-health-manager-port-instance HTTP/1.1" status: 404 len: 338 time: 0.0795724
2026-07-02 01:17:43.263 10 INFO neutron.wsgi [None req-0bedca39-9b34-4e90-a4e3-e5430305017a 0785ec01bfbb49a3b56fa95061537b39 bd32e336a76443538ecfe0ed4257b9f7 - - default default] 199.204.45.70 "GET /v2.0/ports?name=octavia-health-manager-port-instance HTTP/1.1" status: 200 len: 1421 time: 0.0433528
2026-07-02 01:17:44.326 9 INFO neutron.plugins.ml2.drivers.ovn.mech_driver.mech_driver [-] OVN reports status up for port: 7e5dac02-0642-4ab2-bfa8-2b152be68877
2026-07-02 01:17:44.354 9 INFO neutron.plugins.ml2.plugin [None req-d554d10b-8a31-4b0b-82e7-ecb96d22c563 - - - - - -] Attempt 1 to provision port 7e5dac02-0642-4ab2-bfa8-2b152be68877
2026-07-02 01:17:44.680 9 INFO neutron.db.ovn_revision_numbers_db [None req-d554d10b-8a31-4b0b-82e7-ecb96d22c563 - - - - - -] Successfully bumped revision number for resource 7e5dac02-0642-4ab2-bfa8-2b152be68877 (type: ports) to 4
2026-07-02 01:17:54.871 10 INFO neutron.wsgi [-] 10.0.0.74 "GET / HTTP/1.1" status: 200 len: 247 time: 0.0026412
2026-07-02 01:17:54.874 10 INFO neutron.wsgi [-] 10.0.0.74 "GET / HTTP/1.1" status: 200 len: 247 time: 0.0022399
2026-07-02 01:18:09.872 10 INFO neutron.wsgi [-] 10.0.0.74 "GET / HTTP/1.1" status: 200 len: 247 time: 0.0038295
2026-07-02 01:18:09.875 10 INFO neutron.wsgi [-] 10.0.0.74 "GET / HTTP/1.1" status: 200 len: 247 time: 0.0020995
2026-07-02 01:18:24.870 10 INFO neutron.wsgi [-] 10.0.0.74 "GET / HTTP/1.1" status: 200 len: 247 time: 0.0026820
2026-07-02 01:18:24.879 10 INFO neutron.wsgi [-] 10.0.0.74 "GET / HTTP/1.1" status: 200 len: 247 time: 0.0013468
2026-07-02 01:18:39.872 10 INFO neutron.wsgi [-] 10.0.0.74 "GET / HTTP/1.1" status: 200 len: 247 time: 0.0031838
2026-07-02 01:18:39.874 10 INFO neutron.wsgi [-] 10.0.0.74 "GET / HTTP/1.1" status: 200 len: 247 time: 0.0013905
2026-07-02 01:18:54.870 10 INFO neutron.wsgi [-] 10.0.0.74 "GET / HTTP/1.1" status: 200 len: 247 time: 0.0024765
2026-07-02 01:18:54.871 9 INFO neutron.wsgi [-] 10.0.0.74 "GET / HTTP/1.1" status: 200 len: 247 time: 0.0034108
2026-07-02 01:19:09.870 9 INFO neutron.wsgi [-] 10.0.0.74 "GET / HTTP/1.1" status: 200 len: 247 time: 0.0023758
2026-07-02 01:19:09.872 10 INFO neutron.wsgi [-] 10.0.0.74 "GET / HTTP/1.1" status: 200 len: 247 time: 0.0043144
2026-07-02 01:19:24.872 10 INFO neutron.wsgi [-] 10.0.0.74 "GET / HTTP/1.1" status: 200 len: 247 time: 0.0019298
2026-07-02 01:19:24.876 10 INFO neutron.wsgi [-] 10.0.0.74 "GET / HTTP/1.1" status: 200 len: 247 time: 0.0023069
2026-07-02 01:19:39.872 10 INFO neutron.wsgi [-] 10.0.0.74 "GET / HTTP/1.1" status: 200 len: 247 time: 0.0026939
2026-07-02 01:19:39.872 9 INFO neutron.wsgi [-] 10.0.0.74 "GET / HTTP/1.1" status: 200 len: 247 time: 0.0033994
2026-07-02 01:19:54.873 9 INFO neutron.wsgi [-] 10.0.0.74 "GET / HTTP/1.1" status: 200 len: 247 time: 0.0030024
2026-07-02 01:19:54.875 10 INFO neutron.wsgi [-] 10.0.0.74 "GET / HTTP/1.1" status: 200 len: 247 time: 0.0062883
2026-07-02 01:20:09.872 10 INFO neutron.wsgi [-] 10.0.0.74 "GET / HTTP/1.1" status: 200 len: 247 time: 0.0029185
2026-07-02 01:20:09.878 10 INFO neutron.wsgi [-] 10.0.0.74 "GET / HTTP/1.1" status: 200 len: 247 time: 0.0051975
2026-07-02 01:20:24.871 9 INFO neutron.wsgi [-] 10.0.0.74 "GET / HTTP/1.1" status: 200 len: 247 time: 0.0027595
2026-07-02 01:20:24.875 10 INFO neutron.wsgi [-] 10.0.0.74 "GET / HTTP/1.1" status: 200 len: 247 time: 0.0066419
2026-07-02 01:20:39.871 9 INFO neutron.wsgi [-] 10.0.0.74 "GET / HTTP/1.1" status: 200 len: 247 time: 0.0025558
2026-07-02 01:20:39.872 10 INFO neutron.wsgi [-] 10.0.0.74 "GET / HTTP/1.1" status: 200 len: 247 time: 0.0039122
2026-07-02 01:20:54.871 10 INFO neutron.wsgi [-] 10.0.0.74 "GET / HTTP/1.1" status: 200 len: 247 time: 0.0030985
2026-07-02 01:20:54.872 9 INFO neutron.wsgi [-] 10.0.0.74 "GET / HTTP/1.1" status: 200 len: 247 time: 0.0028262
2026-07-02 01:21:09.870 9 INFO neutron.wsgi [-] 10.0.0.74 "GET / HTTP/1.1" status: 200 len: 247 time: 0.0020382
2026-07-02 01:21:09.871 10 INFO neutron.wsgi [-] 10.0.0.74 "GET / HTTP/1.1" status: 200 len: 247 time: 0.0029583
2026-07-02 01:21:24.871 9 INFO neutron.wsgi [-] 10.0.0.74 "GET / HTTP/1.1" status: 200 len: 247 time: 0.0027125
2026-07-02 01:21:24.871 10 INFO neutron.wsgi [-] 10.0.0.74 "GET / HTTP/1.1" status: 200 len: 247 time: 0.0024908
2026-07-02 01:21:39.873 10 INFO neutron.wsgi [-] 10.0.0.74 "GET / HTTP/1.1" status: 200 len: 247 time: 0.0034359
2026-07-02 01:21:39.875 10 INFO neutron.wsgi [-] 10.0.0.74 "GET / HTTP/1.1" status: 200 len: 247 time: 0.0012054
2026-07-02 01:21:54.871 10 INFO neutron.wsgi [-] 10.0.0.74 "GET / HTTP/1.1" status: 200 len: 247 time: 0.0023153
2026-07-02 01:21:54.874 10 INFO neutron.wsgi [-] 10.0.0.74 "GET / HTTP/1.1" status: 200 len: 247 time: 0.0024648
2026-07-02 01:22:09.869 9 INFO neutron.wsgi [-] 10.0.0.74 "GET / HTTP/1.1" status: 200 len: 247 time: 0.0017140
2026-07-02 01:22:09.869 10 INFO neutron.wsgi [-] 10.0.0.74 "GET / HTTP/1.1" status: 200 len: 247 time: 0.0018606
2026-07-02 01:22:24.869 9 INFO neutron.wsgi [-] 10.0.0.74 "GET / HTTP/1.1" status: 200 len: 247 time: 0.0012574
2026-07-02 01:22:24.871 10 INFO neutron.wsgi [-] 10.0.0.74 "GET / HTTP/1.1" status: 200 len: 247 time: 0.0029180
2026-07-02 01:22:39.871 9 INFO neutron.wsgi [-] 10.0.0.74 "GET / HTTP/1.1" status: 200 len: 247 time: 0.0027840
2026-07-02 01:22:39.871 10 INFO neutron.wsgi [-] 10.0.0.74 "GET / HTTP/1.1" status: 200 len: 247 time: 0.0032489
2026-07-02 01:22:54.870 9 INFO neutron.wsgi [-] 10.0.0.74 "GET / HTTP/1.1" status: 200 len: 247 time: 0.0023961
2026-07-02 01:22:54.872 10 INFO neutron.wsgi [-] 10.0.0.74 "GET / HTTP/1.1" status: 200 len: 247 time: 0.0031924
2026-07-02 01:23:09.870 9 INFO neutron.wsgi [-] 10.0.0.74 "GET / HTTP/1.1" status: 200 len: 247 time: 0.0020001
2026-07-02 01:23:09.871 10 INFO neutron.wsgi [-] 10.0.0.74 "GET / HTTP/1.1" status: 200 len: 247 time: 0.0025566
2026-07-02 01:23:24.871 10 INFO neutron.wsgi [-] 10.0.0.74 "GET / HTTP/1.1" status: 200 len: 247 time: 0.0030067
2026-07-02 01:23:24.875 9 INFO neutron.wsgi [-] 10.0.0.74 "GET / HTTP/1.1" status: 200 len: 247 time: 0.0062745
2026-07-02 01:23:39.871 10 INFO neutron.wsgi [-] 10.0.0.74 "GET / HTTP/1.1" status: 200 len: 247 time: 0.0023792
2026-07-02 01:23:39.872 9 INFO neutron.wsgi [-] 10.0.0.74 "GET / HTTP/1.1" status: 200 len: 247 time: 0.0025253
2026-07-02 01:23:54.870 10 INFO neutron.wsgi [-] 10.0.0.74 "GET / HTTP/1.1" status: 200 len: 247 time: 0.0024192
2026-07-02 01:23:54.871 9 INFO neutron.wsgi [-] 10.0.0.74 "GET / HTTP/1.1" status: 200 len: 247 time: 0.0038238
2026-07-02 01:24:09.874 10 INFO neutron.wsgi [-] 10.0.0.74 "GET / HTTP/1.1" status: 200 len: 247 time: 0.0060189
2026-07-02 01:24:09.877 10 INFO neutron.wsgi [-] 10.0.0.74 "GET / HTTP/1.1" status: 200 len: 247 time: 0.0014474
2026-07-02 01:24:24.870 9 INFO neutron.wsgi [-] 10.0.0.74 "GET / HTTP/1.1" status: 200 len: 247 time: 0.0019288
2026-07-02 01:24:24.872 10 INFO neutron.wsgi [-] 10.0.0.74 "GET / HTTP/1.1" status: 200 len: 247 time: 0.0031116
2026-07-02 01:24:39.870 9 INFO neutron.wsgi [-] 10.0.0.74 "GET / HTTP/1.1" status: 200 len: 247 time: 0.0016415
2026-07-02 01:24:39.871 10 INFO neutron.wsgi [-] 10.0.0.74 "GET / HTTP/1.1" status: 200 len: 247 time: 0.0024209
2026-07-02 01:24:54.873 10 INFO neutron.wsgi [-] 10.0.0.74 "GET / HTTP/1.1" status: 200 len: 247 time: 0.0033994
2026-07-02 01:24:54.874 9 INFO neutron.wsgi [-] 10.0.0.74 "GET / HTTP/1.1" status: 200 len: 247 time: 0.0043938
2026-07-02 01:25:09.944 9 INFO neutron.wsgi [-] 10.0.0.74 "GET / HTTP/1.1" status: 200 len: 247 time: 0.0013285
2026-07-02 01:25:09.944 10 INFO neutron.wsgi [-] 10.0.0.74 "GET / HTTP/1.1" status: 200 len: 247 time: 0.0012996
2026-07-02 01:25:24.871 10 INFO neutron.wsgi [-] 10.0.0.74 "GET / HTTP/1.1" status: 200 len: 247 time: 0.0026982
2026-07-02 01:25:24.871 9 INFO neutron.wsgi [-] 10.0.0.74 "GET / HTTP/1.1" status: 200 len: 247 time: 0.0027294
2026-07-02 01:25:39.869 9 INFO neutron.wsgi [-] 10.0.0.74 "GET / HTTP/1.1" status: 200 len: 247 time: 0.0013139
2026-07-02 01:25:39.872 9 INFO neutron.wsgi [-] 10.0.0.74 "GET / HTTP/1.1" status: 200 len: 247 time: 0.0009606
2026-07-02 01:25:54.871 10 INFO neutron.wsgi [-] 10.0.0.74 "GET / HTTP/1.1" status: 200 len: 247 time: 0.0036945
2026-07-02 01:25:54.875 10 INFO neutron.wsgi [-] 10.0.0.74 "GET / HTTP/1.1" status: 200 len: 247 time: 0.0021949
2026-07-02 01:26:09.871 9 INFO neutron.wsgi [-] 10.0.0.74 "GET / HTTP/1.1" status: 200 len: 247 time: 0.0026958
2026-07-02 01:26:09.872 10 INFO neutron.wsgi [-] 10.0.0.74 "GET / HTTP/1.1" status: 200 len: 247 time: 0.0036533
2026-07-02 01:26:24.870 10 INFO neutron.wsgi [-] 10.0.0.74 "GET / HTTP/1.1" status: 200 len: 247 time: 0.0019138
2026-07-02 01:26:24.870 9 INFO neutron.wsgi [-] 10.0.0.74 "GET / HTTP/1.1" status: 200 len: 247 time: 0.0025043
2026-07-02 01:26:39.872 9 INFO neutron.wsgi [-] 10.0.0.74 "GET / HTTP/1.1" status: 200 len: 247 time: 0.0028703
2026-07-02 01:26:39.873 10 INFO neutron.wsgi [-] 10.0.0.74 "GET / HTTP/1.1" status: 200 len: 247 time: 0.0038354
2026-07-02 01:26:54.871 9 INFO neutron.wsgi [-] 10.0.0.74 "GET / HTTP/1.1" status: 200 len: 247 time: 0.0026112
2026-07-02 01:26:54.871 10 INFO neutron.wsgi [-] 10.0.0.74 "GET / HTTP/1.1" status: 200 len: 247 time: 0.0026529
2026-07-02 01:27:09.871 9 INFO neutron.wsgi [-] 10.0.0.74 "GET / HTTP/1.1" status: 200 len: 247 time: 0.0025663
2026-07-02 01:27:09.872 10 INFO neutron.wsgi [-] 10.0.0.74 "GET / HTTP/1.1" status: 200 len: 247 time: 0.0033481
2026-07-02 01:27:24.872 10 INFO neutron.wsgi [-] 10.0.0.74 "GET / HTTP/1.1" status: 200 len: 247 time: 0.0033100
2026-07-02 01:27:24.874 9 INFO neutron.wsgi [-] 10.0.0.74 "GET / HTTP/1.1" status: 200 len: 247 time: 0.0044017
2026-07-02 01:27:39.872 10 INFO neutron.wsgi [-] 10.0.0.74 "GET / HTTP/1.1" status: 200 len: 247 time: 0.0028410
2026-07-02 01:27:39.873 9 INFO neutron.wsgi [-] 10.0.0.74 "GET / HTTP/1.1" status: 200 len: 247 time: 0.0036256
2026-07-02 01:27:54.872 10 INFO neutron.wsgi [-] 10.0.0.74 "GET / HTTP/1.1" status: 200 len: 247 time: 0.0035605
2026-07-02 01:27:54.873 9 INFO neutron.wsgi [-] 10.0.0.74 "GET / HTTP/1.1" status: 200 len: 247 time: 0.0036683
2026-07-02 01:28:09.871 9 INFO neutron.wsgi [-] 10.0.0.74 "GET / HTTP/1.1" status: 200 len: 247 time: 0.0030355
2026-07-02 01:28:09.872 10 INFO neutron.wsgi [-] 10.0.0.74 "GET / HTTP/1.1" status: 200 len: 247 time: 0.0036471
2026-07-02 01:28:24.872 9 INFO neutron.wsgi [-] 10.0.0.74 "GET / HTTP/1.1" status: 200 len: 247 time: 0.0026417
2026-07-02 01:28:24.876 9 INFO neutron.wsgi [-] 10.0.0.74 "GET / HTTP/1.1" status: 200 len: 247 time: 0.0028958
2026-07-02 01:28:39.869 9 INFO neutron.wsgi [-] 10.0.0.74 "GET / HTTP/1.1" status: 200 len: 247 time: 0.0017126
2026-07-02 01:28:39.873 9 INFO neutron.wsgi [-] 10.0.0.74 "GET / HTTP/1.1" status: 200 len: 247 time: 0.0019028
2026-07-02 01:28:54.870 10 INFO neutron.wsgi [-] 10.0.0.74 "GET / HTTP/1.1" status: 200 len: 247 time: 0.0026319
2026-07-02 01:28:54.871 9 INFO neutron.wsgi [-] 10.0.0.74 "GET / HTTP/1.1" status: 200 len: 247 time: 0.0028582
2026-07-02 01:28:59.379 10 INFO neutron.db.ovn_revision_numbers_db [None req-4dbe0cf0-4456-4419-ac04-0f72cd8f709d 0785ec01bfbb49a3b56fa95061537b39 bd32e336a76443538ecfe0ed4257b9f7 - - default default] Successfully bumped revision number for resource 6d70a0f1-15d2-4bf4-bd41-6ee51b2090c0 (type: security_groups) to 1
2026-07-02 01:28:59.393 10 INFO neutron.db.ovn_revision_numbers_db [None req-4dbe0cf0-4456-4419-ac04-0f72cd8f709d 0785ec01bfbb49a3b56fa95061537b39 bd32e336a76443538ecfe0ed4257b9f7 - - default default] Successfully bumped revision number for resource 0c8c4881-8038-49e3-8c3e-732c66bd6d27 (type: security_group_rules) to 0
2026-07-02 01:28:59.405 10 INFO neutron.db.ovn_revision_numbers_db [None req-4dbe0cf0-4456-4419-ac04-0f72cd8f709d 0785ec01bfbb49a3b56fa95061537b39 bd32e336a76443538ecfe0ed4257b9f7 - - default default] Successfully bumped revision number for resource 92a83d7d-1a3b-4bb9-97ac-6af5cea8fd13 (type: security_group_rules) to 0
2026-07-02 01:28:59.417 10 INFO neutron.db.ovn_revision_numbers_db [None req-4dbe0cf0-4456-4419-ac04-0f72cd8f709d 0785ec01bfbb49a3b56fa95061537b39 bd32e336a76443538ecfe0ed4257b9f7 - - default default] Successfully bumped revision number for resource b25c9d5a-4371-4a20-a0b0-dd564ef095b2 (type: security_group_rules) to 0
2026-07-02 01:28:59.430 10 INFO neutron.db.ovn_revision_numbers_db [None req-4dbe0cf0-4456-4419-ac04-0f72cd8f709d 0785ec01bfbb49a3b56fa95061537b39 bd32e336a76443538ecfe0ed4257b9f7 - - default default] Successfully bumped revision number for resource d4324a0b-13cf-4e9f-9008-0dc74ef5dd30 (type: security_group_rules) to 0
2026-07-02 01:28:59.454 10 INFO neutron.wsgi [None req-4dbe0cf0-4456-4419-ac04-0f72cd8f709d 0785ec01bfbb49a3b56fa95061537b39 bd32e336a76443538ecfe0ed4257b9f7 - - default default] 199.204.45.70,10.0.0.74 "GET /v2.0/security-groups?tenant_id=8f0f3f8a99ec42549119dbc71ad33162 HTTP/1.1" status: 200 len: 2973 time: 0.3355501
2026-07-02 01:28:59.582 10 INFO neutron.db.ovn_revision_numbers_db [None req-4d2a2bb4-6d79-41ea-b7f4-5837ec6aac71 0785ec01bfbb49a3b56fa95061537b39 bd32e336a76443538ecfe0ed4257b9f7 - - default default] Successfully bumped revision number for resource ba0bed0b-620c-42c9-843d-7b0ac1c50255 (type: security_groups) to 1
2026-07-02 01:28:59.597 10 INFO neutron.db.ovn_revision_numbers_db [None req-4d2a2bb4-6d79-41ea-b7f4-5837ec6aac71 0785ec01bfbb49a3b56fa95061537b39 bd32e336a76443538ecfe0ed4257b9f7 - - default default] Successfully bumped revision number for resource 2e6ffc15-4213-4a9c-a691-b25d4d350b92 (type: security_group_rules) to 0
2026-07-02 01:28:59.611 10 INFO neutron.db.ovn_revision_numbers_db [None req-4d2a2bb4-6d79-41ea-b7f4-5837ec6aac71 0785ec01bfbb49a3b56fa95061537b39 bd32e336a76443538ecfe0ed4257b9f7 - - default default] Successfully bumped revision number for resource 40842f7e-7d7c-4862-ab58-78b1f8066a81 (type: security_group_rules) to 0
2026-07-02 01:28:59.635 10 INFO neutron.wsgi [None req-4d2a2bb4-6d79-41ea-b7f4-5837ec6aac71 0785ec01bfbb49a3b56fa95061537b39 bd32e336a76443538ecfe0ed4257b9f7 - - default default] 199.204.45.70,10.0.0.74 "POST /v2.0/security-groups HTTP/1.1" status: 201 len: 1741 time: 0.1641171
2026-07-02 01:29:00.595 10 INFO neutron.wsgi [None req-fa50d322-557d-48d1-9b90-9f0944339fb4 0785ec01bfbb49a3b56fa95061537b39 bd32e336a76443538ecfe0ed4257b9f7 - - default default] 199.204.45.70,10.0.0.74 "GET /v2.0/security-groups?tenant_id=8f0f3f8a99ec42549119dbc71ad33162 HTTP/1.1" status: 200 len: 4515 time: 0.0832553
2026-07-02 01:29:00.653 10 INFO neutron.wsgi [None req-c5850d1d-4da1-4d0e-a962-d704158618eb 0785ec01bfbb49a3b56fa95061537b39 bd32e336a76443538ecfe0ed4257b9f7 - - default default] 199.204.45.70,10.0.0.74 "GET /v2.0/security-groups HTTP/1.1" status: 200 len: 14480 time: 0.0481715
2026-07-02 01:29:00.788 10 INFO neutron.db.ovn_revision_numbers_db [None req-5e8f2c9d-b448-4372-a703-c0e3ab62ef8e 0785ec01bfbb49a3b56fa95061537b39 bd32e336a76443538ecfe0ed4257b9f7 - - default default] Successfully bumped revision number for resource 4e755955-3951-4ce9-9baa-b93264730afa (type: security_group_rules) to 0
