2026-07-02 01:50:58.595 9 INFO neutron.wsgi [None req-5fac3d96-4aad-4c59-9fe5-2c85f4d6672b 0785ec01bfbb49a3b56fa95061537b39 bd32e336a76443538ecfe0ed4257b9f7 - - default default] 10.0.0.146 "DELETE /v2.0/security-groups/acf3b3f4-7f83-45bf-91db-d1851708859a HTTP/1.1" status: 204 len: 168 time: 0.3807425
2026-07-02 01:50:58.629 10 WARNING neutron.scheduler.dhcp_agent_scheduler [None req-7f046441-6308-44c7-95d5-67c762d9e8c2 9ef1dca6db9a4a69b4452a0b09c0e9b3 759eec1b1da447bf8e7801a7cff1cf39 - - default default] No more DHCP agents
2026-07-02 01:50:58.631 10 WARNING neutron.api.rpc.agentnotifiers.dhcp_rpc_agent_api [None req-7f046441-6308-44c7-95d5-67c762d9e8c2 9ef1dca6db9a4a69b4452a0b09c0e9b3 759eec1b1da447bf8e7801a7cff1cf39 - - default default] Unable to schedule network 4606972d-c507-4616-83c0-a53470db1d6d: no agents available; will retry on subsequent port and subnet creation events.
2026-07-02 01:50:58.799 9 INFO neutron.db.ovn_revision_numbers_db [None req-d554d10b-8a31-4b0b-82e7-ecb96d22c563 - - - - - -] Successfully bumped revision number for resource 0577e7bd-f6c6-4fb2-a4c0-e004adf07667 (type: ports) to 2
2026-07-02 01:50:58.853 9 INFO neutron.db.ovn_revision_numbers_db [None req-3c941eb5-a0bb-46b6-baa4-e815e1214f8f 4680828ee123406cab9d526da0169f55 924e218785324b1ba88f9c350d8545f3 - - default default] Successfully bumped revision number for resource 5c622985-9da6-4ea0-ad6b-31d9ee2436de (type: floatingips) to 0
2026-07-02 01:50:58.974 9 INFO neutron.db.ovn_revision_numbers_db [None req-036e6d9a-24cf-47b3-a026-81d91c854998 0785ec01bfbb49a3b56fa95061537b39 bd32e336a76443538ecfe0ed4257b9f7 - - default default] Successfully bumped revision number for resource ea526a37-e466-45ae-817c-3ef236da7b5d (type: security_groups) to 1
2026-07-02 01:50:58.988 9 INFO neutron.db.ovn_revision_numbers_db [None req-d554d10b-8a31-4b0b-82e7-ecb96d22c563 - - - - - -] Successfully bumped revision number for resource 0577e7bd-f6c6-4fb2-a4c0-e004adf07667 (type: router_ports) to 2
2026-07-02 01:50:58.999 9 INFO neutron.db.ovn_revision_numbers_db [None req-036e6d9a-24cf-47b3-a026-81d91c854998 0785ec01bfbb49a3b56fa95061537b39 bd32e336a76443538ecfe0ed4257b9f7 - - default default] Successfully bumped revision number for resource 2a18eb8d-2ff1-4418-8006-6d7e2da49da1 (type: security_group_rules) to 0
2026-07-02 01:50:59.038 9 INFO neutron.db.ovn_revision_numbers_db [None req-036e6d9a-24cf-47b3-a026-81d91c854998 0785ec01bfbb49a3b56fa95061537b39 bd32e336a76443538ecfe0ed4257b9f7 - - default default] Successfully bumped revision number for resource 92f47af1-9e14-4e9e-ab02-19701fcae150 (type: security_group_rules) to 0
2026-07-02 01:50:59.042 9 INFO neutron.db.ovn_revision_numbers_db [None req-3c941eb5-a0bb-46b6-baa4-e815e1214f8f 4680828ee123406cab9d526da0169f55 924e218785324b1ba88f9c350d8545f3 - - default default] Successfully bumped revision number for resource 5c622985-9da6-4ea0-ad6b-31d9ee2436de (type: floatingips) to 1
2026-07-02 01:50:59.064 9 INFO neutron.db.ovn_revision_numbers_db [None req-036e6d9a-24cf-47b3-a026-81d91c854998 0785ec01bfbb49a3b56fa95061537b39 bd32e336a76443538ecfe0ed4257b9f7 - - default default] Successfully bumped revision number for resource c602eebd-f4ac-41f9-aeeb-cabfd3a95ff3 (type: security_group_rules) to 0
2026-07-02 01:50:59.094 9 INFO neutron.wsgi [None req-3c941eb5-a0bb-46b6-baa4-e815e1214f8f 4680828ee123406cab9d526da0169f55 924e218785324b1ba88f9c350d8545f3 - - default default] 10.0.0.146 "POST /v2.0/floatingips HTTP/1.1" status: 201 len: 1041 time: 1.4725499
2026-07-02 01:50:59.095 9 INFO neutron.db.ovn_revision_numbers_db [None req-036e6d9a-24cf-47b3-a026-81d91c854998 0785ec01bfbb49a3b56fa95061537b39 bd32e336a76443538ecfe0ed4257b9f7 - - default default] Successfully bumped revision number for resource e81905ec-310c-43df-a045-e5f63e7045a1 (type: security_group_rules) to 0
2026-07-02 01:50:59.140 9 INFO neutron.wsgi [None req-036e6d9a-24cf-47b3-a026-81d91c854998 0785ec01bfbb49a3b56fa95061537b39 bd32e336a76443538ecfe0ed4257b9f7 - - default default] 10.0.0.146 "GET /v2.0/security-groups?tenant_id=637c58d6f2884acdb736833df18f7d13&name=default HTTP/1.1" status: 200 len: 2996 time: 0.4274890
2026-07-02 01:50:59.162 9 INFO neutron.wsgi [None req-382d22b1-7f9d-4147-8947-4141f5e54f06 4680828ee123406cab9d526da0169f55 924e218785324b1ba88f9c350d8545f3 - - default default] 10.0.0.146 "GET /v2.0/floatingips/5c622985-9da6-4ea0-ad6b-31d9ee2436de HTTP/1.1" status: 200 len: 1038 time: 0.0633910 /var/lib/openstack/lib/python3.10/site-packages/pycadf/identifier.py:71: UserWarning: Invalid uuid: neutron. To ensure interoperability, identifiers should be a valid uuid. warnings.warn(('Invalid uuid: %s. To ensure interoperability, '
2026-07-02 01:50:59.221 10 INFO neutron.db.ovn_revision_numbers_db [None req-7f046441-6308-44c7-95d5-67c762d9e8c2 9ef1dca6db9a4a69b4452a0b09c0e9b3 759eec1b1da447bf8e7801a7cff1cf39 - - default default] Successfully bumped revision number for resource 0577e7bd-f6c6-4fb2-a4c0-e004adf07667 (type: router_ports) to 2
2026-07-02 01:50:59.223 10 INFO neutron.wsgi [None req-7f046441-6308-44c7-95d5-67c762d9e8c2 9ef1dca6db9a4a69b4452a0b09c0e9b3 759eec1b1da447bf8e7801a7cff1cf39 - - default default] 10.0.0.146 "PUT /v2.0/routers/4cfcc941-1097-416e-88d9-1dccd8eaa616/add_router_interface HTTP/1.1" status: 200 len: 503 time: 2.0977445
2026-07-02 01:50:59.249 10 INFO neutron.wsgi [None req-9767a65b-19bc-43d2-aab6-1b545db52593 4680828ee123406cab9d526da0169f55 924e218785324b1ba88f9c350d8545f3 - - default default] 10.0.0.146 "GET /v2.0/floatingips HTTP/1.1" status: 200 len: 1041 time: 0.0778491
2026-07-02 01:50:59.321 10 INFO neutron.wsgi [None req-f35484b4-5a8e-4d79-bb46-398241fe2a7e 42c8249e6997410681f68950d940a1be 0d867366d3bc4dd69dc5f0843c644823 - - default default] 10.0.0.146 "GET /v2.0/networks HTTP/1.1" status: 200 len: 3875 time: 0.0924757
2026-07-02 01:50:59.368 10 INFO neutron.wsgi [None req-6815501a-3d08-4dfd-947a-9853042df865 42c8249e6997410681f68950d940a1be 0d867366d3bc4dd69dc5f0843c644823 - - default default] 10.0.0.146 "GET /v2.0/subnets HTTP/1.1" status: 200 len: 2707 time: 0.0424347
2026-07-02 01:50:59.421 9 INFO neutron.wsgi [None req-f55fe43c-a524-4af9-9d62-5d767d388f05 0785ec01bfbb49a3b56fa95061537b39 bd32e336a76443538ecfe0ed4257b9f7 - - default default] 10.0.0.146 "DELETE /v2.0/security-groups/ea526a37-e466-45ae-817c-3ef236da7b5d HTTP/1.1" status: 204 len: 168 time: 0.2761521
2026-07-02 01:50:59.491 10 INFO neutron.wsgi [None req-b0a53c1c-5936-4dc9-b232-1513ab008688 42c8249e6997410681f68950d940a1be 0d867366d3bc4dd69dc5f0843c644823 - - default default] 10.0.0.146 "GET /v2.0/routers HTTP/1.1" status: 200 len: 1550 time: 0.1122637
2026-07-02 01:50:59.513 9 INFO neutron.db.l3_db [None req-d97b63c7-136a-4ec2-a676-72d8c350969d 4680828ee123406cab9d526da0169f55 924e218785324b1ba88f9c350d8545f3 - - default default] Floating IP 5c622985-9da6-4ea0-ad6b-31d9ee2436de associated. External IP: 10.96.250.218, port: 16221f17-cda2-4916-b31f-1e73860ce453.
2026-07-02 01:50:59.727 9 INFO neutron.db.ovn_revision_numbers_db [None req-d97b63c7-136a-4ec2-a676-72d8c350969d 4680828ee123406cab9d526da0169f55 924e218785324b1ba88f9c350d8545f3 - - default default] Successfully bumped revision number for resource 5c622985-9da6-4ea0-ad6b-31d9ee2436de (type: floatingips) to 2
2026-07-02 01:50:59.736 10 INFO neutron.db.ovn_revision_numbers_db [None req-6bd0fe18-bc4b-4e16-bd6a-7fb1524865f7 9ef1dca6db9a4a69b4452a0b09c0e9b3 759eec1b1da447bf8e7801a7cff1cf39 - - default default] Successfully bumped revision number for resource a5021fbc-eb79-4122-838b-aed7c9b57efb (type: security_groups) to 1
2026-07-02 01:50:59.752 10 INFO neutron.db.ovn_revision_numbers_db [None req-6bd0fe18-bc4b-4e16-bd6a-7fb1524865f7 9ef1dca6db9a4a69b4452a0b09c0e9b3 759eec1b1da447bf8e7801a7cff1cf39 - - default default] Successfully bumped revision number for resource 2a7ef872-5d07-4085-bfb1-9865f7509f0b (type: security_group_rules) to 0
2026-07-02 01:50:59.772 10 INFO neutron.db.ovn_revision_numbers_db [None req-6bd0fe18-bc4b-4e16-bd6a-7fb1524865f7 9ef1dca6db9a4a69b4452a0b09c0e9b3 759eec1b1da447bf8e7801a7cff1cf39 - - default default] Successfully bumped revision number for resource fa3abf31-b223-4b61-a953-3ae1777dfdd9 (type: security_group_rules) to 0
2026-07-02 01:50:59.796 10 INFO neutron.wsgi [None req-6bd0fe18-bc4b-4e16-bd6a-7fb1524865f7 9ef1dca6db9a4a69b4452a0b09c0e9b3 759eec1b1da447bf8e7801a7cff1cf39 - - default default] 10.0.0.146 "POST /v2.0/security-groups HTTP/1.1" status: 201 len: 1811 time: 0.2529554
2026-07-02 01:50:59.819 9 INFO neutron.db.ovn_revision_numbers_db [None req-d97b63c7-136a-4ec2-a676-72d8c350969d 4680828ee123406cab9d526da0169f55 924e218785324b1ba88f9c350d8545f3 - - default default] Successfully bumped revision number for resource 5c622985-9da6-4ea0-ad6b-31d9ee2436de (type: floatingips) to 2
2026-07-02 01:50:59.867 9 INFO neutron.wsgi [None req-d97b63c7-136a-4ec2-a676-72d8c350969d 4680828ee123406cab9d526da0169f55 924e218785324b1ba88f9c350d8545f3 - - default default] 10.0.0.146 "PUT /v2.0/floatingips/5c622985-9da6-4ea0-ad6b-31d9ee2436de HTTP/1.1" status: 200 len: 1038 time: 0.6057250 /var/lib/openstack/lib/python3.10/site-packages/pycadf/identifier.py:71: UserWarning: Invalid uuid: neutron. To ensure interoperability, identifiers should be a valid uuid. warnings.warn(('Invalid uuid: %s. To ensure interoperability, '
2026-07-02 01:50:59.972 9 INFO neutron.db.ovn_revision_numbers_db [None req-18122730-66be-419e-b8ee-f234a9c83dae 9ef1dca6db9a4a69b4452a0b09c0e9b3 759eec1b1da447bf8e7801a7cff1cf39 - - default default] Successfully bumped revision number for resource 39bd455c-a198-4f37-acc6-e57d652020a5 (type: security_group_rules) to 0
2026-07-02 01:51:00.009 9 INFO neutron.wsgi [None req-18122730-66be-419e-b8ee-f234a9c83dae 9ef1dca6db9a4a69b4452a0b09c0e9b3 759eec1b1da447bf8e7801a7cff1cf39 - - default default] 10.0.0.146 "POST /v2.0/security-group-rules HTTP/1.1" status: 201 len: 764 time: 0.1868675
2026-07-02 01:51:00.051 10 INFO neutron.db.l3_db [None req-696d68f7-52ed-4290-b213-fa9b6e18be59 4680828ee123406cab9d526da0169f55 924e218785324b1ba88f9c350d8545f3 - - default default] Floating IP 5c622985-9da6-4ea0-ad6b-31d9ee2436de disassociated. External IP: 10.96.250.218, port: a572e645-f0db-4c30-a34e-a97f76551566.
2026-07-02 01:51:00.126 10 INFO neutron.db.ovn_revision_numbers_db [None req-696d68f7-52ed-4290-b213-fa9b6e18be59 4680828ee123406cab9d526da0169f55 924e218785324b1ba88f9c350d8545f3 - - default default] Successfully bumped revision number for resource 5c622985-9da6-4ea0-ad6b-31d9ee2436de (type: floatingips) to 3
2026-07-02 01:51:00.217 10 INFO neutron.wsgi [None req-696d68f7-52ed-4290-b213-fa9b6e18be59 4680828ee123406cab9d526da0169f55 924e218785324b1ba88f9c350d8545f3 - - default default] 10.0.0.146 "PUT /v2.0/floatingips/5c622985-9da6-4ea0-ad6b-31d9ee2436de HTTP/1.1" status: 200 len: 748 time: 0.3432739
2026-07-02 01:51:00.244 10 INFO neutron.db.ovn_revision_numbers_db [None req-97ff1608-33a6-4979-8eef-a315d940e01e 9ef1dca6db9a4a69b4452a0b09c0e9b3 759eec1b1da447bf8e7801a7cff1cf39 - - default default] Successfully bumped revision number for resource 55517f82-3d59-4ded-81a8-4d6d1b193488 (type: security_group_rules) to 0
2026-07-02 01:51:00.276 10 INFO neutron.wsgi [None req-97ff1608-33a6-4979-8eef-a315d940e01e 9ef1dca6db9a4a69b4452a0b09c0e9b3 759eec1b1da447bf8e7801a7cff1cf39 - - default default] 10.0.0.146 "POST /v2.0/security-group-rules HTTP/1.1" status: 201 len: 763 time: 0.2587290 /var/lib/openstack/lib/python3.10/site-packages/pycadf/identifier.py:71: UserWarning: Invalid uuid: neutron. To ensure interoperability, identifiers should be a valid uuid. warnings.warn(('Invalid uuid: %s. To ensure interoperability, '
2026-07-02 01:51:00.382 10 INFO neutron.db.ovn_revision_numbers_db [None req-27eba46d-6d87-4660-a1db-7baba082f995 9ef1dca6db9a4a69b4452a0b09c0e9b3 759eec1b1da447bf8e7801a7cff1cf39 - - default default] Successfully bumped revision number for resource abd3bbd3-408a-4896-a516-76bb07bd38b7 (type: security_group_rules) to 0
2026-07-02 01:51:00.408 10 INFO neutron.wsgi [None req-27eba46d-6d87-4660-a1db-7baba082f995 9ef1dca6db9a4a69b4452a0b09c0e9b3 759eec1b1da447bf8e7801a7cff1cf39 - - default default] 10.0.0.146 "POST /v2.0/security-group-rules HTTP/1.1" status: 201 len: 769 time: 0.1271276
2026-07-02 01:51:00.543 10 INFO neutron.db.ovn_revision_numbers_db [None req-0c26f6e6-3857-4917-a06e-746278a2072f 9ef1dca6db9a4a69b4452a0b09c0e9b3 759eec1b1da447bf8e7801a7cff1cf39 - - default default] Successfully bumped revision number for resource 820e02ee-5a11-4863-96ea-aa0c2fa97cc1 (type: security_group_rules) to 0
2026-07-02 01:51:00.589 10 INFO neutron.wsgi [None req-0c26f6e6-3857-4917-a06e-746278a2072f 9ef1dca6db9a4a69b4452a0b09c0e9b3 759eec1b1da447bf8e7801a7cff1cf39 - - default default] 10.0.0.146 "POST /v2.0/security-group-rules HTTP/1.1" status: 201 len: 768 time: 0.1765437
2026-07-02 01:51:00.604 9 INFO neutron.wsgi [None req-b84b7649-5dfd-4a53-941d-be073e55225c 4680828ee123406cab9d526da0169f55 924e218785324b1ba88f9c350d8545f3 - - default default] 10.0.0.146 "DELETE /v2.0/floatingips/5c622985-9da6-4ea0-ad6b-31d9ee2436de HTTP/1.1" status: 204 len: 168 time: 0.3804841
2026-07-02 01:51:00.635 10 INFO neutron.db.securitygroups_db [None req-c5d580e9-7af2-40a2-8083-1c2ad6df6468 9ef1dca6db9a4a69b4452a0b09c0e9b3 759eec1b1da447bf8e7801a7cff1cf39 - - default default] Project 759eec1b1da447bf8e7801a7cff1cf39 added a security group rule with legacy IPv6 ICMP protocol name icmp, ipv6-icmp should be used instead. It was automatically converted.
2026-07-02 01:51:00.742 10 INFO neutron.db.ovn_revision_numbers_db [None req-c5d580e9-7af2-40a2-8083-1c2ad6df6468 9ef1dca6db9a4a69b4452a0b09c0e9b3 759eec1b1da447bf8e7801a7cff1cf39 - - default default] Successfully bumped revision number for resource 78f5fde8-6875-44ac-a6af-76c544376de0 (type: security_group_rules) to 0
2026-07-02 01:51:00.774 10 INFO neutron.wsgi [None req-c5d580e9-7af2-40a2-8083-1c2ad6df6468 9ef1dca6db9a4a69b4452a0b09c0e9b3 759eec1b1da447bf8e7801a7cff1cf39 - - default default] 10.0.0.146 "POST /v2.0/security-group-rules HTTP/1.1" status: 201 len: 774 time: 0.1792977
2026-07-02 01:51:00.803 10 INFO neutron.db.securitygroups_db [None req-75ec968a-57c5-4843-9233-af80f6a8a60d 9ef1dca6db9a4a69b4452a0b09c0e9b3 759eec1b1da447bf8e7801a7cff1cf39 - - default default] Project 759eec1b1da447bf8e7801a7cff1cf39 added a security group rule with legacy IPv6 ICMP protocol name icmp, ipv6-icmp should be used instead. It was automatically converted.
2026-07-02 01:51:00.861 9 INFO neutron.api.v2.resource [None req-2dc3cc9c-cefe-405b-b623-85e875cd53ff 4680828ee123406cab9d526da0169f55 924e218785324b1ba88f9c350d8545f3 - - default default] delete failed (client error): The resource could not be found.
2026-07-02 01:51:00.862 9 INFO neutron.wsgi [None req-2dc3cc9c-cefe-405b-b623-85e875cd53ff 4680828ee123406cab9d526da0169f55 924e218785324b1ba88f9c350d8545f3 - - default default] 10.0.0.146 "DELETE /v2.0/floatingips/5c622985-9da6-4ea0-ad6b-31d9ee2436de HTTP/1.1" status: 404 len: 345 time: 0.2539127
2026-07-02 01:51:00.923 10 INFO neutron.db.ovn_revision_numbers_db [None req-75ec968a-57c5-4843-9233-af80f6a8a60d 9ef1dca6db9a4a69b4452a0b09c0e9b3 759eec1b1da447bf8e7801a7cff1cf39 - - default default] Successfully bumped revision number for resource 84b6d061-8991-42eb-bbd7-bfeb3ac8001a (type: security_group_rules) to 0
2026-07-02 01:51:00.953 10 INFO neutron.wsgi [None req-75ec968a-57c5-4843-9233-af80f6a8a60d 9ef1dca6db9a4a69b4452a0b09c0e9b3 759eec1b1da447bf8e7801a7cff1cf39 - - default default] 10.0.0.146 "POST /v2.0/security-group-rules HTTP/1.1" status: 201 len: 773 time: 0.1719398
2026-07-02 01:51:01.229 9 INFO neutron.wsgi [None req-1ade5176-a772-4bd4-a253-cf7b546681e1 4680828ee123406cab9d526da0169f55 924e218785324b1ba88f9c350d8545f3 - - default default] 10.0.0.146 "DELETE /v2.0/ports/a572e645-f0db-4c30-a34e-a97f76551566 HTTP/1.1" status: 204 len: 168 time: 0.3623846
2026-07-02 01:51:01.562 10 INFO neutron.wsgi [None req-231cfcbe-ced4-4852-8283-ed1cf8ddc069 9ef1dca6db9a4a69b4452a0b09c0e9b3 759eec1b1da447bf8e7801a7cff1cf39 - - default default] 10.0.0.146 "GET /v2.0/networks HTTP/1.1" status: 200 len: 1493 time: 0.2247338
2026-07-02 01:51:01.622 9 INFO neutron.wsgi [None req-119bdb40-59f7-49b5-97ae-8c2f4d7e9a7b 4680828ee123406cab9d526da0169f55 924e218785324b1ba88f9c350d8545f3 - - default default] 10.0.0.146 "DELETE /v2.0/ports/16221f17-cda2-4916-b31f-1e73860ce453 HTTP/1.1" status: 204 len: 168 time: 0.3867466
2026-07-02 01:51:01.699 9 INFO neutron.wsgi [req-1a04fab1-0bce-42e9-8a26-ae55ab8f3fee req-7f1b7431-263d-4a46-9cf3-a35983a61b7e 9ef1dca6db9a4a69b4452a0b09c0e9b3 759eec1b1da447bf8e7801a7cff1cf39 - - default default] 10.0.0.125 "GET /v2.0/security-groups?name=tempest-secgroup-smoke-1693038852&fields=id&tenant_id=759eec1b1da447bf8e7801a7cff1cf39 HTTP/1.1" status: 200 len: 267 time: 0.0606678
2026-07-02 01:51:01.758 9 INFO neutron.wsgi [None req-ba1c97f7-d76a-46ed-a285-a1821745d0ac 4680828ee123406cab9d526da0169f55 924e218785324b1ba88f9c350d8545f3 - - default default] 10.0.0.146 "GET /v2.0/ports?device_id=22b96833-110f-4b00-acdd-82b609fb3bd9 HTTP/1.1" status: 200 len: 1140 time: 0.1289825
2026-07-02 01:51:01.859 9 INFO neutron.wsgi [req-1a04fab1-0bce-42e9-8a26-ae55ab8f3fee req-fbe0498e-a8c6-4bf4-87f2-c5ccf4cc6c31 9ef1dca6db9a4a69b4452a0b09c0e9b3 759eec1b1da447bf8e7801a7cff1cf39 - - default default] 10.0.0.125 "GET /v2.0/networks?id=4606972d-c507-4616-83c0-a53470db1d6d HTTP/1.1" status: 200 len: 860 time: 0.1475651
2026-07-02 01:51:01.882 9 INFO neutron.wsgi [req-1a04fab1-0bce-42e9-8a26-ae55ab8f3fee req-5667af03-cd4f-42b4-8b00-3695d3f6a415 9ef1dca6db9a4a69b4452a0b09c0e9b3 759eec1b1da447bf8e7801a7cff1cf39 - - default default] 10.0.0.125 "GET /v2.0/quotas/759eec1b1da447bf8e7801a7cff1cf39 HTTP/1.1" status: 200 len: 386 time: 0.0114141
2026-07-02 01:51:02.013 9 INFO neutron.wsgi [req-1a04fab1-0bce-42e9-8a26-ae55ab8f3fee req-66291d43-ba0b-4998-8fc0-ddafeeba06f3 9ef1dca6db9a4a69b4452a0b09c0e9b3 759eec1b1da447bf8e7801a7cff1cf39 - - default default] 10.0.0.125 "GET /v2.0/ports?tenant_id=759eec1b1da447bf8e7801a7cff1cf39&fields=id HTTP/1.1" status: 200 len: 302 time: 0.1174700
2026-07-02 01:51:02.110 9 INFO neutron.wsgi [req-1a04fab1-0bce-42e9-8a26-ae55ab8f3fee req-add7bde7-5cd6-4220-8e34-209846ccab7e 57fe36a488ba486081a343b635dfba0d 8f0f3f8a99ec42549119dbc71ad33162 - - b77b7b8eed434c65920ba20056628b30 b77b7b8eed434c65920ba20056628b30] 10.0.0.125 "GET /v2.0/networks/4606972d-c507-4616-83c0-a53470db1d6d?fields=segments HTTP/1.1" status: 200 len: 212 time: 0.0801671
2026-07-02 01:51:02.206 9 INFO neutron.wsgi [req-1a04fab1-0bce-42e9-8a26-ae55ab8f3fee req-5a1df799-44a8-44df-87ac-d8439f4ceb89 57fe36a488ba486081a343b635dfba0d 8f0f3f8a99ec42549119dbc71ad33162 - - b77b7b8eed434c65920ba20056628b30 b77b7b8eed434c65920ba20056628b30] 10.0.0.125 "GET /v2.0/networks/4606972d-c507-4616-83c0-a53470db1d6d?fields=provider%3Aphysical_network&fields=provider%3Anetwork_type HTTP/1.1" status: 200 len: 277 time: 0.0764599
2026-07-02 01:51:02.391 9 INFO neutron.wsgi [req-23b82a72-c3b1-429d-b07c-4f78bf56a307 req-ea1e1b33-2f45-42cd-82d3-caee3397f250 9ef1dca6db9a4a69b4452a0b09c0e9b3 759eec1b1da447bf8e7801a7cff1cf39 - - default default] 10.0.0.125 "GET /v2.0/ports?device_id=ecdb2dd4-fef5-4994-9faf-cfa62b9e1e37 HTTP/1.1" status: 200 len: 210 time: 0.0247076
2026-07-02 01:51:02.822 9 INFO neutron.wsgi [None req-5cf0044e-832b-419f-bcd2-1738ec0814aa 4680828ee123406cab9d526da0169f55 924e218785324b1ba88f9c350d8545f3 - - default default] 10.0.0.146 "PUT /v2.0/routers/22b96833-110f-4b00-acdd-82b609fb3bd9/remove_router_interface HTTP/1.1" status: 200 len: 503 time: 1.0580511 /var/lib/openstack/lib/python3.10/site-packages/pycadf/identifier.py:71: UserWarning: Invalid uuid: neutron. To ensure interoperability, identifiers should be a valid uuid. warnings.warn(('Invalid uuid: %s. To ensure interoperability, '
2026-07-02 01:51:03.490 9 INFO neutron.wsgi [req-2a8d0e11-16a1-4501-aca2-0a16143c57f2 req-5695f2fc-d1de-4354-9f0e-4deac4d62122 9ef1dca6db9a4a69b4452a0b09c0e9b3 759eec1b1da447bf8e7801a7cff1cf39 - - default default] 10.0.0.125 "GET /v2.0/ports?device_id=ecdb2dd4-fef5-4994-9faf-cfa62b9e1e37 HTTP/1.1" status: 200 len: 210 time: 0.0263186
2026-07-02 01:51:03.751 10 INFO neutron.wsgi [req-1a04fab1-0bce-42e9-8a26-ae55ab8f3fee req-b3637ed3-11d2-48bf-a5d9-d794934f5c62 9ef1dca6db9a4a69b4452a0b09c0e9b3 759eec1b1da447bf8e7801a7cff1cf39 - - default default] 199.204.45.70 "GET /v2.0/networks?id=4606972d-c507-4616-83c0-a53470db1d6d HTTP/1.1" status: 200 len: 860 time: 0.5186357
2026-07-02 01:51:03.805 10 INFO neutron.db.ovn_revision_numbers_db [None req-9a26e223-219b-4335-bd8f-83c81310ecca fab6a7e7e5944b9ba05c1fc8758da12d cffb58e801394a92af03cd29372f22d0 - - default default] Successfully bumped revision number for resource 6235046a-3ea3-4955-b5aa-12a2e0dc396e (type: security_groups) to 1
2026-07-02 01:51:03.827 10 INFO neutron.wsgi [req-1a04fab1-0bce-42e9-8a26-ae55ab8f3fee req-2de9fa28-2618-4bb1-9a74-a8697593eb46 9ef1dca6db9a4a69b4452a0b09c0e9b3 759eec1b1da447bf8e7801a7cff1cf39 - - default default] 199.204.45.70 "GET /v2.0/security-groups?fields=id&fields=name&tenant_id=759eec1b1da447bf8e7801a7cff1cf39 HTTP/1.1" status: 200 len: 380 time: 0.0612366
2026-07-02 01:51:03.849 10 INFO neutron.db.ovn_revision_numbers_db [None req-9a26e223-219b-4335-bd8f-83c81310ecca fab6a7e7e5944b9ba05c1fc8758da12d cffb58e801394a92af03cd29372f22d0 - - default default] Successfully bumped revision number for resource 4d0d9833-55b9-4d6b-89db-d9e1a946b5be (type: security_group_rules) to 0
2026-07-02 01:51:03.883 10 INFO neutron.db.ovn_revision_numbers_db [None req-9a26e223-219b-4335-bd8f-83c81310ecca fab6a7e7e5944b9ba05c1fc8758da12d cffb58e801394a92af03cd29372f22d0 - - default default] Successfully bumped revision number for resource 4e716d3d-d7d4-4141-bf78-07c4aad9cdb2 (type: security_group_rules) to 0
2026-07-02 01:51:03.914 10 INFO neutron.db.ovn_revision_numbers_db [None req-9a26e223-219b-4335-bd8f-83c81310ecca fab6a7e7e5944b9ba05c1fc8758da12d cffb58e801394a92af03cd29372f22d0 - - default default] Successfully bumped revision number for resource a04d0bc6-9a00-4870-8362-54bfd4424012 (type: security_group_rules) to 0
2026-07-02 01:51:03.932 10 INFO neutron.db.ovn_revision_numbers_db [None req-9a26e223-219b-4335-bd8f-83c81310ecca fab6a7e7e5944b9ba05c1fc8758da12d cffb58e801394a92af03cd29372f22d0 - - default default] Successfully bumped revision number for resource eb4a9b7a-057e-45f3-a4fe-7305994ec9b1 (type: security_group_rules) to 0
2026-07-02 01:51:04.027 10 INFO neutron.db.segments_db [None req-9a26e223-219b-4335-bd8f-83c81310ecca fab6a7e7e5944b9ba05c1fc8758da12d cffb58e801394a92af03cd29372f22d0 - - default default] Added segment 1ba0a11c-4e77-4d98-a456-8169fa2afb26 of type geneve for network e4dbd0ec-b2ea-45d8-be8c-689ef16e327d
2026-07-02 01:51:04.169 10 INFO neutron.wsgi [None req-167c0ed3-ddae-4fb9-a228-f54337004913 4680828ee123406cab9d526da0169f55 924e218785324b1ba88f9c350d8545f3 - - default default] 10.0.0.146 "DELETE /v2.0/routers/22b96833-110f-4b00-acdd-82b609fb3bd9 HTTP/1.1" status: 204 len: 168 time: 1.3399935
2026-07-02 01:51:04.274 10 INFO neutron.db.ovn_revision_numbers_db [None req-9a26e223-219b-4335-bd8f-83c81310ecca fab6a7e7e5944b9ba05c1fc8758da12d cffb58e801394a92af03cd29372f22d0 - - default default] Successfully bumped revision number for resource e4dbd0ec-b2ea-45d8-be8c-689ef16e327d (type: networks) to 1
2026-07-02 01:51:04.349 10 WARNING neutron.scheduler.dhcp_agent_scheduler [req-1a04fab1-0bce-42e9-8a26-ae55ab8f3fee req-3a60160a-b55c-42cf-a4d2-0db528cd12ff 9ef1dca6db9a4a69b4452a0b09c0e9b3 759eec1b1da447bf8e7801a7cff1cf39 - - default default] No more DHCP agents
2026-07-02 01:51:04.376 10 WARNING neutron.api.rpc.agentnotifiers.dhcp_rpc_agent_api [req-1a04fab1-0bce-42e9-8a26-ae55ab8f3fee req-3a60160a-b55c-42cf-a4d2-0db528cd12ff 9ef1dca6db9a4a69b4452a0b09c0e9b3 759eec1b1da447bf8e7801a7cff1cf39 - - default default] Unable to schedule network 4606972d-c507-4616-83c0-a53470db1d6d: no agents available; will retry on subsequent port and subnet creation events.
2026-07-02 01:51:04.411 9 INFO neutron.wsgi [None req-12183d7a-a363-4803-8108-5760857a684b 4680828ee123406cab9d526da0169f55 924e218785324b1ba88f9c350d8545f3 - - default default] 10.0.0.146 "DELETE /v2.0/subnets/5b538a88-87c4-4a66-b9fe-86368b442d5f HTTP/1.1" status: 204 len: 168 time: 0.2352922
2026-07-02 01:51:04.621 9 INFO neutron.wsgi [req-fac1c4b7-92ee-469e-907f-96d317fd170d req-ba904669-c5d4-42a3-97a3-154cb232cb01 9ef1dca6db9a4a69b4452a0b09c0e9b3 759eec1b1da447bf8e7801a7cff1cf39 - - default default] 10.0.0.125 "GET /v2.0/ports?device_id=ecdb2dd4-fef5-4994-9faf-cfa62b9e1e37 HTTP/1.1" status: 200 len: 1160 time: 0.0587778
2026-07-02 01:51:04.629 10 WARNING neutron.scheduler.dhcp_agent_scheduler [None req-9a26e223-219b-4335-bd8f-83c81310ecca fab6a7e7e5944b9ba05c1fc8758da12d cffb58e801394a92af03cd29372f22d0 - - default default] No more DHCP agents
2026-07-02 01:51:04.632 10 WARNING neutron.api.rpc.agentnotifiers.dhcp_rpc_agent_api [None req-9a26e223-219b-4335-bd8f-83c81310ecca fab6a7e7e5944b9ba05c1fc8758da12d cffb58e801394a92af03cd29372f22d0 - - default default] Unable to schedule network e4dbd0ec-b2ea-45d8-be8c-689ef16e327d: no agents available; will retry on subsequent port and subnet creation events.
2026-07-02 01:51:04.651 9 WARNING neutron.plugins.ml2.drivers.ovn.mech_driver.ovsdb.ovn_client [None req-d554d10b-8a31-4b0b-82e7-ecb96d22c563 - - - - - -] No hosting information found for port 0577e7bd-f6c6-4fb2-a4c0-e004adf07667: RuntimeError: No hosting information found for port 0577e7bd-f6c6-4fb2-a4c0-e004adf07667
2026-07-02 01:51:04.655 10 INFO neutron.db.ovn_revision_numbers_db [req-1a04fab1-0bce-42e9-8a26-ae55ab8f3fee req-3a60160a-b55c-42cf-a4d2-0db528cd12ff 9ef1dca6db9a4a69b4452a0b09c0e9b3 759eec1b1da447bf8e7801a7cff1cf39 - - default default] Successfully bumped revision number for resource 47344e46-d733-45a1-8465-3676ad6a2951 (type: ports) to 1
2026-07-02 01:51:04.720 10 INFO neutron.wsgi [req-1a04fab1-0bce-42e9-8a26-ae55ab8f3fee req-3a60160a-b55c-42cf-a4d2-0db528cd12ff 9ef1dca6db9a4a69b4452a0b09c0e9b3 759eec1b1da447bf8e7801a7cff1cf39 - - default default] 199.204.45.70 "POST /v2.0/ports HTTP/1.1" status: 201 len: 1162 time: 0.8868587 /var/lib/openstack/lib/python3.10/site-packages/pycadf/identifier.py:71: UserWarning: Invalid uuid: neutron. To ensure interoperability, identifiers should be a valid uuid. warnings.warn(('Invalid uuid: %s. To ensure interoperability, '
2026-07-02 01:51:04.752 9 INFO neutron.wsgi [req-fac1c4b7-92ee-469e-907f-96d317fd170d req-0db950da-5129-4dc2-ab81-1d7f6a8f94c1 9ef1dca6db9a4a69b4452a0b09c0e9b3 759eec1b1da447bf8e7801a7cff1cf39 - - default default] 10.0.0.125 "GET /v2.0/security-groups?id=a5021fbc-eb79-4122-838b-aed7c9b57efb&fields=id&fields=name HTTP/1.1" status: 200 len: 313 time: 0.1191950
2026-07-02 01:51:04.775 10 INFO neutron.db.ovn_revision_numbers_db [None req-9a26e223-219b-4335-bd8f-83c81310ecca fab6a7e7e5944b9ba05c1fc8758da12d cffb58e801394a92af03cd29372f22d0 - - default default] Successfully bumped revision number for resource 7ae405a2-8026-40b7-9ec8-a45d01b34a25 (type: ports) to 1
2026-07-02 01:51:04.822 10 INFO neutron.wsgi [None req-9a26e223-219b-4335-bd8f-83c81310ecca fab6a7e7e5944b9ba05c1fc8758da12d cffb58e801394a92af03cd29372f22d0 - - default default] 10.0.0.146 "POST /v2.0/networks HTTP/1.1" status: 201 len: 830 time: 1.9235749
2026-07-02 01:51:04.904 10 INFO neutron.wsgi [None req-e3ea63ed-336e-4494-a833-483f235a2a60 fab6a7e7e5944b9ba05c1fc8758da12d cffb58e801394a92af03cd29372f22d0 - - default default] 10.0.0.146 "PUT /v2.0/networks/e4dbd0ec-b2ea-45d8-be8c-689ef16e327d/tags HTTP/1.1" status: 200 len: 218 time: 0.0734568 /var/lib/openstack/lib/python3.10/site-packages/pycadf/identifier.py:71: UserWarning: Invalid uuid: neutron. To ensure interoperability, identifiers should be a valid uuid. warnings.warn(('Invalid uuid: %s. To ensure interoperability, '
2026-07-02 01:51:04.965 9 INFO neutron.services.segments.plugin [-] Segment 8443cc2f-efac-497d-9a1e-e531bcb27a5e resource provider aggregate not found
2026-07-02 01:51:04.979 9 INFO neutron.services.segments.plugin [-] Segment 8443cc2f-efac-497d-9a1e-e531bcb27a5e resource provider aggregate not found
2026-07-02 01:51:04.989 9 INFO neutron.wsgi [None req-dab235fb-23f4-41a0-ba16-a6a55dcb9e6f fab6a7e7e5944b9ba05c1fc8758da12d cffb58e801394a92af03cd29372f22d0 - - default default] 10.0.0.146 "GET /v2.0/networks/e4dbd0ec-b2ea-45d8-be8c-689ef16e327d/tags HTTP/1.1" status: 200 len: 218 time: 0.0781798
2026-07-02 01:51:04.992 9 INFO neutron.services.segments.plugin [-] Segment 8443cc2f-efac-497d-9a1e-e531bcb27a5e resource provider not found; error: Placement Client Error (4xx): {"errors": [{"status": 404, "title": "Not Found", "detail": "The resource could not be found.\n\n No resource provider with uuid 8443cc2f-efac-497d-9a1e-e531bcb27a5e found for delete ", "request_id": "req-92bfddc5-c27f-4b50-9bda-cebfc04bf3fe"}]}
2026-07-02 01:51:05.006 9 INFO neutron.services.segments.plugin [-] Segment 8443cc2f-efac-497d-9a1e-e531bcb27a5e resource provider not found; error: Placement Client Error (4xx): {"errors": [{"status": 404, "title": "Not Found", "detail": "The resource could not be found.\n\n No resource provider with uuid 8443cc2f-efac-497d-9a1e-e531bcb27a5e found for delete ", "request_id": "req-fb4e63a0-f792-4eee-85c6-3d38877b1598"}]}
2026-07-02 01:51:05.045 9 INFO neutron.wsgi [None req-3be14541-9060-4e1d-b7a7-065fce54c055 4680828ee123406cab9d526da0169f55 924e218785324b1ba88f9c350d8545f3 - - default default] 10.0.0.146 "DELETE /v2.0/networks/3bb6c323-5a02-4beb-8ebc-932dd51fe60f HTTP/1.1" status: 204 len: 168 time: 0.6307020
2026-07-02 01:51:05.068 9 INFO neutron.wsgi [None req-5490548b-19e3-4682-a2b6-df5360cee17a fab6a7e7e5944b9ba05c1fc8758da12d cffb58e801394a92af03cd29372f22d0 - - default default] 10.0.0.146 "PUT /v2.0/networks/e4dbd0ec-b2ea-45d8-be8c-689ef16e327d/tags/green HTTP/1.1" status: 201 len: 201 time: 0.0722213
2026-07-02 01:51:05.116 9 INFO neutron.wsgi [None req-bf81e2db-8b71-4427-a2a6-2106fda62d23 fab6a7e7e5944b9ba05c1fc8758da12d cffb58e801394a92af03cd29372f22d0 - - default default] 10.0.0.146 "GET /v2.0/networks/e4dbd0ec-b2ea-45d8-be8c-689ef16e327d/tags HTTP/1.1" status: 200 len: 227 time: 0.0380797
2026-07-02 01:51:05.162 9 INFO neutron.wsgi [None req-d2465e6c-87cd-4781-9152-8cec29dd3734 fab6a7e7e5944b9ba05c1fc8758da12d cffb58e801394a92af03cd29372f22d0 - - default default] 10.0.0.146 "PUT /v2.0/networks/e4dbd0ec-b2ea-45d8-be8c-689ef16e327d/tags/red HTTP/1.1" status: 201 len: 201 time: 0.0419316 /var/lib/openstack/lib/python3.10/site-packages/pycadf/identifier.py:71: UserWarning: Invalid uuid: neutron. To ensure interoperability, identifiers should be a valid uuid. warnings.warn(('Invalid uuid: %s. To ensure interoperability, '
2026-07-02 01:51:05.224 10 INFO neutron.wsgi [None req-212ec60a-f6a4-40b3-9741-192a9eb36744 fab6a7e7e5944b9ba05c1fc8758da12d cffb58e801394a92af03cd29372f22d0 - - default default] 10.0.0.146 "GET /v2.0/networks/e4dbd0ec-b2ea-45d8-be8c-689ef16e327d/tags HTTP/1.1" status: 200 len: 227 time: 0.0522411
2026-07-02 01:51:05.255 10 INFO neutron.db.ovn_revision_numbers_db [req-1a04fab1-0bce-42e9-8a26-ae55ab8f3fee req-729fcc91-e81e-4145-9b02-f0707cf4fa81 57fe36a488ba486081a343b635dfba0d 8f0f3f8a99ec42549119dbc71ad33162 - - b77b7b8eed434c65920ba20056628b30 b77b7b8eed434c65920ba20056628b30] Successfully bumped revision number for resource 47344e46-d733-45a1-8465-3676ad6a2951 (type: ports) to 2
2026-07-02 01:51:05.309 10 INFO neutron.wsgi [None req-5d9806f0-f754-4c61-8ae9-3d79d7834a1c fab6a7e7e5944b9ba05c1fc8758da12d cffb58e801394a92af03cd29372f22d0 - - default default] 10.0.0.146 "PUT /v2.0/networks/e4dbd0ec-b2ea-45d8-be8c-689ef16e327d/tags/black.or.white HTTP/1.1" status: 201 len: 201 time: 0.0759952
2026-07-02 01:51:05.359 9 INFO neutron.wsgi [None req-5d190a5a-c9fc-46c7-8350-9503e155536e fab6a7e7e5944b9ba05c1fc8758da12d cffb58e801394a92af03cd29372f22d0 - - default default] 10.0.0.146 "GET /v2.0/networks/e4dbd0ec-b2ea-45d8-be8c-689ef16e327d/tags HTTP/1.1" status: 200 len: 245 time: 0.0431323
2026-07-02 01:51:05.422 9 INFO neutron.wsgi [None req-934ff56c-61e5-4f1a-b314-3b0c8811c5c8 fab6a7e7e5944b9ba05c1fc8758da12d cffb58e801394a92af03cd29372f22d0 - - default default] 10.0.0.146 "PUT /v2.0/networks/e4dbd0ec-b2ea-45d8-be8c-689ef16e327d/tags HTTP/1.1" status: 200 len: 230 time: 0.0573013
2026-07-02 01:51:05.467 9 INFO neutron.wsgi [None req-fbb7d5ed-332a-475c-a336-9b94abb5805e fab6a7e7e5944b9ba05c1fc8758da12d cffb58e801394a92af03cd29372f22d0 - - default default] 10.0.0.146 "GET /v2.0/networks/e4dbd0ec-b2ea-45d8-be8c-689ef16e327d/tags HTTP/1.1" status: 200 len: 230 time: 0.0385730
2026-07-02 01:51:05.480 10 INFO neutron.db.ovn_revision_numbers_db [req-1a04fab1-0bce-42e9-8a26-ae55ab8f3fee req-729fcc91-e81e-4145-9b02-f0707cf4fa81 57fe36a488ba486081a343b635dfba0d 8f0f3f8a99ec42549119dbc71ad33162 - - b77b7b8eed434c65920ba20056628b30 b77b7b8eed434c65920ba20056628b30] Successfully bumped revision number for resource 47344e46-d733-45a1-8465-3676ad6a2951 (type: ports) to 2
2026-07-02 01:51:05.500 10 INFO neutron.wsgi [req-1a04fab1-0bce-42e9-8a26-ae55ab8f3fee req-729fcc91-e81e-4145-9b02-f0707cf4fa81 57fe36a488ba486081a343b635dfba0d 8f0f3f8a99ec42549119dbc71ad33162 - - b77b7b8eed434c65920ba20056628b30 b77b7b8eed434c65920ba20056628b30] 199.204.45.70 "PUT /v2.0/ports/47344e46-d733-45a1-8465-3676ad6a2951 HTTP/1.1" status: 200 len: 1380 time: 0.7718813
2026-07-02 01:51:05.513 9 INFO neutron.wsgi [None req-0fd29538-1514-4129-8c02-5dc8f2c95157 fab6a7e7e5944b9ba05c1fc8758da12d cffb58e801394a92af03cd29372f22d0 - - default default] 10.0.0.146 "GET /v2.0/networks/e4dbd0ec-b2ea-45d8-be8c-689ef16e327d/tags/red HTTP/1.1" status: 204 len: 168 time: 0.0382605
2026-07-02 01:51:05.545 10 INFO neutron.notifiers.nova [-] Nova event matching ['req-a03d271a-8192-4d5a-a63d-0f7cbe897f3e'] response: {'name': 'network-changed', 'server_uuid': 'ecdb2dd4-fef5-4994-9faf-cfa62b9e1e37', 'tag': '47344e46-d733-45a1-8465-3676ad6a2951', 'status': 'completed', 'code': 200}
2026-07-02 01:51:05.560 9 INFO neutron.api.v2.resource [None req-b67d6fda-f980-4ea8-b960-9235f29564f3 fab6a7e7e5944b9ba05c1fc8758da12d cffb58e801394a92af03cd29372f22d0 - - default default] show failed (client error): The resource could not be found.
2026-07-02 01:51:05.562 9 INFO neutron.wsgi [None req-b67d6fda-f980-4ea8-b960-9235f29564f3 fab6a7e7e5944b9ba05c1fc8758da12d cffb58e801394a92af03cd29372f22d0 - - default default] 10.0.0.146 "GET /v2.0/networks/e4dbd0ec-b2ea-45d8-be8c-689ef16e327d/tags/green HTTP/1.1" status: 404 len: 299 time: 0.0431173 /var/lib/openstack/lib/python3.10/site-packages/pycadf/identifier.py:71: UserWarning: Invalid uuid: neutron. To ensure interoperability, identifiers should be a valid uuid. warnings.warn(('Invalid uuid: %s. To ensure interoperability, '
2026-07-02 01:51:05.596 10 INFO neutron.wsgi [req-a26e6e8d-ebb4-481b-9349-221a42de639d req-0d3713b8-2e99-42a8-a405-4cf070f5940a 57fe36a488ba486081a343b635dfba0d 8f0f3f8a99ec42549119dbc71ad33162 - - b77b7b8eed434c65920ba20056628b30 b77b7b8eed434c65920ba20056628b30] 199.204.45.70 "GET /v2.0/ports?tenant_id=759eec1b1da447bf8e7801a7cff1cf39&device_id=ecdb2dd4-fef5-4994-9faf-cfa62b9e1e37 HTTP/1.1" status: 200 len: 1411 time: 0.0341492
2026-07-02 01:51:05.645 9 INFO neutron.wsgi [None req-6951fbb6-b48a-40c3-99a7-3f87f505a7bf fab6a7e7e5944b9ba05c1fc8758da12d cffb58e801394a92af03cd29372f22d0 - - default default] 10.0.0.146 "DELETE /v2.0/networks/e4dbd0ec-b2ea-45d8-be8c-689ef16e327d/tags/red HTTP/1.1" status: 204 len: 168 time: 0.0766191
2026-07-02 01:51:05.678 10 INFO neutron.wsgi [req-a26e6e8d-ebb4-481b-9349-221a42de639d req-f574a4da-4db8-4fc7-9ed0-1efaa5b308bd 57fe36a488ba486081a343b635dfba0d 8f0f3f8a99ec42549119dbc71ad33162 - - b77b7b8eed434c65920ba20056628b30 b77b7b8eed434c65920ba20056628b30] 199.204.45.70 "GET /v2.0/networks?tenant_id=759eec1b1da447bf8e7801a7cff1cf39&shared=False HTTP/1.1" status: 200 len: 959 time: 0.0770991
2026-07-02 01:51:05.694 9 INFO neutron.wsgi [None req-45440af1-58c3-4f11-8c44-19c6ecde9fa0 fab6a7e7e5944b9ba05c1fc8758da12d cffb58e801394a92af03cd29372f22d0 - - default default] 10.0.0.146 "GET /v2.0/networks/e4dbd0ec-b2ea-45d8-be8c-689ef16e327d/tags HTTP/1.1" status: 200 len: 223 time: 0.0433576
2026-07-02 01:51:05.750 9 INFO neutron.api.v2.resource [None req-b7748218-09f1-4cd7-b102-46aeaf838611 fab6a7e7e5944b9ba05c1fc8758da12d cffb58e801394a92af03cd29372f22d0 - - default default] delete failed (client error): The resource could not be found.
2026-07-02 01:51:05.752 9 INFO neutron.wsgi [None req-b7748218-09f1-4cd7-b102-46aeaf838611 fab6a7e7e5944b9ba05c1fc8758da12d cffb58e801394a92af03cd29372f22d0 - - default default] 10.0.0.146 "DELETE /v2.0/networks/e4dbd0ec-b2ea-45d8-be8c-689ef16e327d/tags/green HTTP/1.1" status: 404 len: 299 time: 0.0510051
2026-07-02 01:51:05.769 10 INFO neutron.wsgi [req-a26e6e8d-ebb4-481b-9349-221a42de639d req-baca81a6-d142-44cf-b3c8-eca95fee5123 57fe36a488ba486081a343b635dfba0d 8f0f3f8a99ec42549119dbc71ad33162 - - b77b7b8eed434c65920ba20056628b30 b77b7b8eed434c65920ba20056628b30] 199.204.45.70 "GET /v2.0/networks?shared=True HTTP/1.1" status: 200 len: 952 time: 0.0843999
2026-07-02 01:51:05.812 9 INFO neutron.wsgi [None req-2dd2b1b9-49e4-4611-8a20-a9f3d663e3c1 0785ec01bfbb49a3b56fa95061537b39 bd32e336a76443538ecfe0ed4257b9f7 - - default default] 10.0.0.146 "GET /v2.0/security-groups?tenant_id=924e218785324b1ba88f9c350d8545f3&name=default HTTP/1.1" status: 200 len: 2996 time: 0.1870625
2026-07-02 01:51:05.839 10 INFO neutron.wsgi [req-1a04fab1-0bce-42e9-8a26-ae55ab8f3fee req-50485ec9-f5e1-4e4f-b4c6-22f44bb13980 57fe36a488ba486081a343b635dfba0d 8f0f3f8a99ec42549119dbc71ad33162 - - b77b7b8eed434c65920ba20056628b30 b77b7b8eed434c65920ba20056628b30] 199.204.45.70 "GET /v2.0/ports?tenant_id=759eec1b1da447bf8e7801a7cff1cf39&device_id=ecdb2dd4-fef5-4994-9faf-cfa62b9e1e37 HTTP/1.1" status: 200 len: 1411 time: 0.0383298
2026-07-02 01:51:05.868 9 INFO neutron.wsgi [None req-47acb502-6eca-4716-8a94-db6007bd1ff5 fab6a7e7e5944b9ba05c1fc8758da12d cffb58e801394a92af03cd29372f22d0 - - default default] 10.0.0.146 "DELETE /v2.0/networks/e4dbd0ec-b2ea-45d8-be8c-689ef16e327d/tags HTTP/1.1" status: 204 len: 168 time: 0.1059115
2026-07-02 01:51:05.869 10 INFO neutron.wsgi [req-1a04fab1-0bce-42e9-8a26-ae55ab8f3fee req-7a9dd0d7-e3cb-4663-bb11-74258970ff30 57fe36a488ba486081a343b635dfba0d 8f0f3f8a99ec42549119dbc71ad33162 - - b77b7b8eed434c65920ba20056628b30 b77b7b8eed434c65920ba20056628b30] 199.204.45.70 "GET /v2.0/floatingips?fixed_ip_address=10.100.0.14&port_id=47344e46-d733-45a1-8465-3676ad6a2951 HTTP/1.1" status: 200 len: 217 time: 0.0244532
2026-07-02 01:51:05.873 9 INFO neutron.wsgi [req-2116d7e6-61ef-43a8-8a73-c83aef06bf7a req-98d66e2b-5640-4451-b10b-ca402c48c6b1 9ef1dca6db9a4a69b4452a0b09c0e9b3 759eec1b1da447bf8e7801a7cff1cf39 - - default default] 10.0.0.125 "GET /v2.0/ports?device_id=ecdb2dd4-fef5-4994-9faf-cfa62b9e1e37 HTTP/1.1" status: 200 len: 1172 time: 0.0415351
2026-07-02 01:51:05.926 10 INFO neutron.wsgi [req-1a04fab1-0bce-42e9-8a26-ae55ab8f3fee req-090c7908-6472-4f7c-bf53-8a3d7dd0e572 57fe36a488ba486081a343b635dfba0d 8f0f3f8a99ec42549119dbc71ad33162 - - b77b7b8eed434c65920ba20056628b30 b77b7b8eed434c65920ba20056628b30] 199.204.45.70 "GET /v2.0/subnets?id=7abc0031-73d9-43fd-8c04-6d4ce57118ef HTTP/1.1" status: 200 len: 852 time: 0.0530281
2026-07-02 01:51:05.929 10 INFO neutron.wsgi [None req-1f04e8f7-5f5f-4ce1-bb33-2f2b8702f628 fab6a7e7e5944b9ba05c1fc8758da12d cffb58e801394a92af03cd29372f22d0 - - default default] 10.0.0.146 "GET /v2.0/networks/e4dbd0ec-b2ea-45d8-be8c-689ef16e327d/tags HTTP/1.1" status: 200 len: 205 time: 0.0542440
2026-07-02 01:51:05.947 9 INFO neutron.wsgi [req-2116d7e6-61ef-43a8-8a73-c83aef06bf7a req-efbbf797-e48c-4ad3-992e-4b1a85f21090 9ef1dca6db9a4a69b4452a0b09c0e9b3 759eec1b1da447bf8e7801a7cff1cf39 - - default default] 10.0.0.125 "GET /v2.0/security-groups?id=a5021fbc-eb79-4122-838b-aed7c9b57efb&fields=id&fields=name HTTP/1.1" status: 200 len: 313 time: 0.0646098
2026-07-02 01:51:05.961 10 INFO neutron.wsgi [req-1a04fab1-0bce-42e9-8a26-ae55ab8f3fee req-f4cb0c1e-9732-4416-b5d8-4301006a7334 57fe36a488ba486081a343b635dfba0d 8f0f3f8a99ec42549119dbc71ad33162 - - b77b7b8eed434c65920ba20056628b30 b77b7b8eed434c65920ba20056628b30] 199.204.45.70 "GET /v2.0/ports?network_id=4606972d-c507-4616-83c0-a53470db1d6d&device_owner=network%3Adhcp HTTP/1.1" status: 200 len: 210 time: 0.0276754
2026-07-02 01:51:06.068 10 INFO neutron.wsgi [req-1a04fab1-0bce-42e9-8a26-ae55ab8f3fee req-2ef463e6-e771-41cb-988d-c7d666523644 57fe36a488ba486081a343b635dfba0d 8f0f3f8a99ec42549119dbc71ad33162 - - b77b7b8eed434c65920ba20056628b30 b77b7b8eed434c65920ba20056628b30] 199.204.45.70 "GET /v2.0/networks/4606972d-c507-4616-83c0-a53470db1d6d?fields=segments HTTP/1.1" status: 200 len: 212 time: 0.0967045
2026-07-02 01:51:06.116 9 INFO neutron.wsgi [None req-1e448ba2-5670-4ee3-aa70-acd8591c2f77 0785ec01bfbb49a3b56fa95061537b39 bd32e336a76443538ecfe0ed4257b9f7 - - default default] 10.0.0.146 "DELETE /v2.0/security-groups/560f141d-c139-4520-ab4f-b39e89a7de84 HTTP/1.1" status: 204 len: 168 time: 0.2950006
2026-07-02 01:51:06.159 10 INFO neutron.wsgi [req-1a04fab1-0bce-42e9-8a26-ae55ab8f3fee req-8c573c32-ccb2-4ce0-9a32-4569a7b34052 57fe36a488ba486081a343b635dfba0d 8f0f3f8a99ec42549119dbc71ad33162 - - b77b7b8eed434c65920ba20056628b30 b77b7b8eed434c65920ba20056628b30] 199.204.45.70 "GET /v2.0/networks/4606972d-c507-4616-83c0-a53470db1d6d?fields=provider%3Aphysical_network&fields=provider%3Anetwork_type HTTP/1.1" status: 200 len: 277 time: 0.0823503
2026-07-02 01:51:06.340 10 INFO neutron.plugins.ml2.drivers.ovn.mech_driver.mech_driver [None req-1030e677-1232-499d-9dcc-bac5e89fa420 - - - - - -] OVN reports status up for port: 47344e46-d733-45a1-8465-3676ad6a2951
2026-07-02 01:51:06.356 10 INFO neutron.plugins.ml2.plugin [None req-1030e677-1232-499d-9dcc-bac5e89fa420 - - - - - -] Attempt 1 to provision port 47344e46-d733-45a1-8465-3676ad6a2951
2026-07-02 01:51:06.404 10 INFO neutron.services.segments.plugin [-] Segment 1ba0a11c-4e77-4d98-a456-8169fa2afb26 resource provider aggregate not found
2026-07-02 01:51:06.417 10 INFO neutron.services.segments.plugin [-] Segment 1ba0a11c-4e77-4d98-a456-8169fa2afb26 resource provider aggregate not found
2026-07-02 01:51:06.431 10 INFO neutron.services.segments.plugin [-] Segment 1ba0a11c-4e77-4d98-a456-8169fa2afb26 resource provider not found; error: Placement Client Error (4xx): {"errors": [{"status": 404, "title": "Not Found", "detail": "The resource could not be found.\n\n No resource provider with uuid 1ba0a11c-4e77-4d98-a456-8169fa2afb26 found for delete ", "request_id": "req-f12ab9b6-68df-4fda-b8d7-4863bbe96f81"}]}
2026-07-02 01:51:06.436 10 INFO neutron.services.segments.plugin [-] Segment 1ba0a11c-4e77-4d98-a456-8169fa2afb26 resource provider not found; error: Placement Client Error (4xx): {"errors": [{"status": 404, "title": "Not Found", "detail": "The resource could not be found.\n\n No resource provider with uuid 1ba0a11c-4e77-4d98-a456-8169fa2afb26 found for delete ", "request_id": "req-04d14c34-0419-4c1a-aa36-c35e7703cd5c"}]}
2026-07-02 01:51:06.472 10 INFO neutron.wsgi [None req-e64f7b15-bd4c-40d0-b753-54fb6287a461 fab6a7e7e5944b9ba05c1fc8758da12d cffb58e801394a92af03cd29372f22d0 - - default default] 10.0.0.146 "DELETE /v2.0/networks/e4dbd0ec-b2ea-45d8-be8c-689ef16e327d HTTP/1.1" status: 204 len: 168 time: 0.5265391
2026-07-02 01:51:06.745 10 INFO neutron.db.ovn_revision_numbers_db [None req-1030e677-1232-499d-9dcc-bac5e89fa420 - - - - - -] Successfully bumped revision number for resource 47344e46-d733-45a1-8465-3676ad6a2951 (type: ports) to 4
2026-07-02 01:51:06.851 15 INFO neutron.plugins.ml2.drivers.ovn.mech_driver.ovsdb.maintenance [None req-40694b98-127e-4131-986a-4ea256a9bf07 - - - - - -] Maintenance task: Synchronization finished (took 2.56 seconds)
2026-07-02 01:51:07.130 9 INFO neutron.wsgi [req-0a5f3edf-33ef-4034-bac6-4d5587d48c17 req-8deb2157-db47-43d8-a744-db03f982fb64 9ef1dca6db9a4a69b4452a0b09c0e9b3 759eec1b1da447bf8e7801a7cff1cf39 - - default default] 10.0.0.125 "GET /v2.0/ports?device_id=ecdb2dd4-fef5-4994-9faf-cfa62b9e1e37 HTTP/1.1" status: 200 len: 1174 time: 0.1064878
2026-07-02 01:51:07.182 9 INFO neutron.wsgi [req-0a5f3edf-33ef-4034-bac6-4d5587d48c17 req-dbf5ae98-8725-4b83-a67a-baa16aee2dce 9ef1dca6db9a4a69b4452a0b09c0e9b3 759eec1b1da447bf8e7801a7cff1cf39 - - default default] 10.0.0.125 "GET /v2.0/security-groups?id=a5021fbc-eb79-4122-838b-aed7c9b57efb&fields=id&fields=name HTTP/1.1" status: 200 len: 313 time: 0.0439954 /var/lib/openstack/lib/python3.10/site-packages/pycadf/identifier.py:71: UserWarning: Invalid uuid: neutron. To ensure interoperability, identifiers should be a valid uuid. warnings.warn(('Invalid uuid: %s. To ensure interoperability, '
2026-07-02 01:51:07.447 10 INFO neutron.db.ovn_revision_numbers_db [None req-a81ce144-f610-43b5-8323-ff731d74ebc0 0785ec01bfbb49a3b56fa95061537b39 bd32e336a76443538ecfe0ed4257b9f7 - - default default] Successfully bumped revision number for resource 8a8a6225-c909-45eb-80f2-3f472b0a85ac (type: security_groups) to 1
2026-07-02 01:51:07.461 10 INFO neutron.db.ovn_revision_numbers_db [None req-a81ce144-f610-43b5-8323-ff731d74ebc0 0785ec01bfbb49a3b56fa95061537b39 bd32e336a76443538ecfe0ed4257b9f7 - - default default] Successfully bumped revision number for resource 2616ed85-530a-40fe-a856-c6d3d993499e (type: security_group_rules) to 0
2026-07-02 01:51:07.477 10 INFO neutron.db.ovn_revision_numbers_db [None req-a81ce144-f610-43b5-8323-ff731d74ebc0 0785ec01bfbb49a3b56fa95061537b39 bd32e336a76443538ecfe0ed4257b9f7 - - default default] Successfully bumped revision number for resource 6a53be09-973c-475b-ac81-b6273e7bc299 (type: security_group_rules) to 0
2026-07-02 01:51:07.492 10 INFO neutron.db.ovn_revision_numbers_db [None req-a81ce144-f610-43b5-8323-ff731d74ebc0 0785ec01bfbb49a3b56fa95061537b39 bd32e336a76443538ecfe0ed4257b9f7 - - default default] Successfully bumped revision number for resource bf55f0b2-73ca-4ef6-9c63-2676c549dc2b (type: security_group_rules) to 0
2026-07-02 01:51:07.505 10 INFO neutron.db.ovn_revision_numbers_db [None req-a81ce144-f610-43b5-8323-ff731d74ebc0 0785ec01bfbb49a3b56fa95061537b39 bd32e336a76443538ecfe0ed4257b9f7 - - default default] Successfully bumped revision number for resource f39163f4-5379-4df5-8575-37480d701b3b (type: security_group_rules) to 0
2026-07-02 01:51:07.754 10 INFO neutron.wsgi [None req-a81ce144-f610-43b5-8323-ff731d74ebc0 0785ec01bfbb49a3b56fa95061537b39 bd32e336a76443538ecfe0ed4257b9f7 - - default default] 10.0.0.146 "GET /v2.0/security-groups?tenant_id=cc51b67c3f844bebb5974b50dc54a358&name=default HTTP/1.1" status: 200 len: 2996 time: 0.5848188
2026-07-02 01:51:07.783 10 INFO neutron.notifiers.nova [-] Nova event matching ['req-475d3d08-7c44-44f8-bed3-b7e80f97c800'] response: {'server_uuid': 'ecdb2dd4-fef5-4994-9faf-cfa62b9e1e37', 'name': 'network-vif-plugged', 'status': 'completed', 'tag': '47344e46-d733-45a1-8465-3676ad6a2951', 'code': 200}
2026-07-02 01:51:07.784 10 INFO neutron.notifiers.nova [-] Nova event matching ['req-475d3d08-7c44-44f8-bed3-b7e80f97c800'] response: {'server_uuid': 'ecdb2dd4-fef5-4994-9faf-cfa62b9e1e37', 'name': 'network-vif-plugged', 'status': 'completed', 'tag': '47344e46-d733-45a1-8465-3676ad6a2951', 'code': 200}
2026-07-02 01:51:07.957 9 INFO neutron.wsgi [None req-e38a05a7-ece7-4a69-8a33-7d82afa43b41 0785ec01bfbb49a3b56fa95061537b39 bd32e336a76443538ecfe0ed4257b9f7 - - default default] 10.0.0.146 "DELETE /v2.0/security-groups/8a8a6225-c909-45eb-80f2-3f472b0a85ac HTTP/1.1" status: 204 len: 168 time: 0.1974449
2026-07-02 01:51:08.212 10 INFO neutron.db.ovn_revision_numbers_db [None req-27960d3e-0cab-4e48-b41a-e49879a99c50 da4bd8fec1d543518a2663e7258a6fcc 4e5d458f808c4d499649bb8d10640c9a - - default default] Successfully bumped revision number for resource ac1cfd23-73a7-43bd-9836-0aa3bd1e2b34 (type: security_groups) to 1
2026-07-02 01:51:08.224 10 INFO neutron.wsgi [None req-4c348604-7e3b-4898-ac02-d78f8e034269 0785ec01bfbb49a3b56fa95061537b39 bd32e336a76443538ecfe0ed4257b9f7 - - default default] 10.0.0.146 "GET /v2.0/security-groups?tenant_id=cffb58e801394a92af03cd29372f22d0&name=default HTTP/1.1" status: 200 len: 2996 time: 0.0432661
2026-07-02 01:51:08.237 10 INFO neutron.db.ovn_revision_numbers_db [None req-27960d3e-0cab-4e48-b41a-e49879a99c50 da4bd8fec1d543518a2663e7258a6fcc 4e5d458f808c4d499649bb8d10640c9a - - default default] Successfully bumped revision number for resource 2a4c4e39-2aa9-4af3-88b7-6677b6df494a (type: security_group_rules) to 0
2026-07-02 01:51:08.260 10 INFO neutron.db.ovn_revision_numbers_db [None req-27960d3e-0cab-4e48-b41a-e49879a99c50 da4bd8fec1d543518a2663e7258a6fcc 4e5d458f808c4d499649bb8d10640c9a - - default default] Successfully bumped revision number for resource 4a1f14ac-6cae-489a-87d1-5058c4a08faf (type: security_group_rules) to 0
2026-07-02 01:51:08.283 10 INFO neutron.db.ovn_revision_numbers_db [None req-27960d3e-0cab-4e48-b41a-e49879a99c50 da4bd8fec1d543518a2663e7258a6fcc 4e5d458f808c4d499649bb8d10640c9a - - default default] Successfully bumped revision number for resource 5fb04f03-c598-47a8-9a39-a18f851d4784 (type: security_group_rules) to 0
2026-07-02 01:51:08.306 10 INFO neutron.db.ovn_revision_numbers_db [None req-27960d3e-0cab-4e48-b41a-e49879a99c50 da4bd8fec1d543518a2663e7258a6fcc 4e5d458f808c4d499649bb8d10640c9a - - default default] Successfully bumped revision number for resource aea7f3a2-b056-4696-a546-3a6c76e78386 (type: security_group_rules) to 0
