2026-07-02 01:47:56.292 9 INFO neutron.wsgi [None req-72ae8cd2-5c60-4600-a22f-c607f44b4b18 0785ec01bfbb49a3b56fa95061537b39 bd32e336a76443538ecfe0ed4257b9f7 - - default default] 10.0.0.146 "POST /v2.0/subnets HTTP/1.1" status: 201 len: 874 time: 1.4137228
2026-07-02 01:47:56.502 9 WARNING neutron.scheduler.dhcp_agent_scheduler [None req-c05c8c89-d497-4b07-8acc-0340cd6cd8d6 0785ec01bfbb49a3b56fa95061537b39 bd32e336a76443538ecfe0ed4257b9f7 - - default default] No more DHCP agents
2026-07-02 01:47:56.504 9 WARNING neutron.api.rpc.agentnotifiers.dhcp_rpc_agent_api [None req-c05c8c89-d497-4b07-8acc-0340cd6cd8d6 0785ec01bfbb49a3b56fa95061537b39 bd32e336a76443538ecfe0ed4257b9f7 - - default default] Unable to schedule network 2ac29a0c-5edc-47bb-bd0b-d5a39027a43f: no agents available; will retry on subsequent port and subnet creation events.
2026-07-02 01:47:56.524 9 WARNING neutron.scheduler.dhcp_agent_scheduler [None req-85369737-46f0-435e-a5d9-204469628819 0785ec01bfbb49a3b56fa95061537b39 bd32e336a76443538ecfe0ed4257b9f7 - - default default] No more DHCP agents
2026-07-02 01:47:56.528 9 WARNING neutron.api.rpc.agentnotifiers.dhcp_rpc_agent_api [None req-85369737-46f0-435e-a5d9-204469628819 0785ec01bfbb49a3b56fa95061537b39 bd32e336a76443538ecfe0ed4257b9f7 - - default default] Unable to schedule network 2ac29a0c-5edc-47bb-bd0b-d5a39027a43f: no agents available; will retry on subsequent port and subnet creation events.
2026-07-02 01:47:56.714 9 INFO neutron.db.ovn_revision_numbers_db [None req-c05c8c89-d497-4b07-8acc-0340cd6cd8d6 0785ec01bfbb49a3b56fa95061537b39 bd32e336a76443538ecfe0ed4257b9f7 - - default default] Successfully bumped revision number for resource 4d904ec4-24ae-441f-a150-2a1f067ff4b9 (type: ports) to 1
2026-07-02 01:47:56.734 9 INFO neutron.db.ovn_revision_numbers_db [None req-85369737-46f0-435e-a5d9-204469628819 0785ec01bfbb49a3b56fa95061537b39 bd32e336a76443538ecfe0ed4257b9f7 - - default default] Successfully bumped revision number for resource 7f9446e8-1406-4c4f-b67e-eefe6b24a847 (type: ports) to 1
2026-07-02 01:47:56.833 10 WARNING neutron.scheduler.dhcp_agent_scheduler [None req-bf0a6e07-05de-4d3f-afed-d44e12615ff0 0785ec01bfbb49a3b56fa95061537b39 bd32e336a76443538ecfe0ed4257b9f7 - - default default] No more DHCP agents
2026-07-02 01:47:56.836 10 WARNING neutron.api.rpc.agentnotifiers.dhcp_rpc_agent_api [None req-bf0a6e07-05de-4d3f-afed-d44e12615ff0 0785ec01bfbb49a3b56fa95061537b39 bd32e336a76443538ecfe0ed4257b9f7 - - default default] Unable to schedule network 2ac29a0c-5edc-47bb-bd0b-d5a39027a43f: no agents available; will retry on subsequent port and subnet creation events.
2026-07-02 01:47:56.955 10 INFO neutron.db.ovn_revision_numbers_db [None req-bf0a6e07-05de-4d3f-afed-d44e12615ff0 0785ec01bfbb49a3b56fa95061537b39 bd32e336a76443538ecfe0ed4257b9f7 - - default default] Successfully bumped revision number for resource 4e627a86-a4dc-4a52-b47d-57395110a0e1 (type: ports) to 1
2026-07-02 01:47:57.171 9 INFO neutron.plugins.ml2.drivers.ovn.mech_driver.ovsdb.extensions.qos [None req-c05c8c89-d497-4b07-8acc-0340cd6cd8d6 0785ec01bfbb49a3b56fa95061537b39 bd32e336a76443538ecfe0ed4257b9f7 - - default default] Starting OVNClientQosExtension
2026-07-02 01:47:57.248 10 INFO neutron.plugins.ml2.drivers.ovn.mech_driver.ovsdb.extensions.qos [None req-bf0a6e07-05de-4d3f-afed-d44e12615ff0 0785ec01bfbb49a3b56fa95061537b39 bd32e336a76443538ecfe0ed4257b9f7 - - default default] Starting OVNClientQosExtension
2026-07-02 01:47:57.251 10 INFO neutron.db.ovn_revision_numbers_db [None req-315ad286-755e-4590-9d52-7149822c43a3 0785ec01bfbb49a3b56fa95061537b39 bd32e336a76443538ecfe0ed4257b9f7 - - default default] Successfully bumped revision number for resource 2eca9619-8cd5-4dcf-80ae-ae261d384a6f (type: security_groups) to 1
2026-07-02 01:47:57.287 10 INFO neutron.db.ovn_revision_numbers_db [None req-315ad286-755e-4590-9d52-7149822c43a3 0785ec01bfbb49a3b56fa95061537b39 bd32e336a76443538ecfe0ed4257b9f7 - - default default] Successfully bumped revision number for resource 1c958484-a52d-4833-bb97-e30e40311752 (type: security_group_rules) to 0
2026-07-02 01:47:57.303 10 INFO neutron.db.ovn_revision_numbers_db [None req-315ad286-755e-4590-9d52-7149822c43a3 0785ec01bfbb49a3b56fa95061537b39 bd32e336a76443538ecfe0ed4257b9f7 - - default default] Successfully bumped revision number for resource 339ad558-a142-4be2-af7a-d057b312703d (type: security_group_rules) to 0
2026-07-02 01:47:57.320 10 INFO neutron.db.ovn_revision_numbers_db [None req-315ad286-755e-4590-9d52-7149822c43a3 0785ec01bfbb49a3b56fa95061537b39 bd32e336a76443538ecfe0ed4257b9f7 - - default default] Successfully bumped revision number for resource 93f5139f-bfd0-470a-9b70-e941e5a001bb (type: security_group_rules) to 0
2026-07-02 01:47:57.334 10 INFO neutron.db.ovn_revision_numbers_db [None req-315ad286-755e-4590-9d52-7149822c43a3 0785ec01bfbb49a3b56fa95061537b39 bd32e336a76443538ecfe0ed4257b9f7 - - default default] Successfully bumped revision number for resource 94f8cfd6-189e-4b86-8560-48c816dac1cc (type: security_group_rules) to 0
2026-07-02 01:47:57.397 10 INFO neutron.db.segments_db [None req-315ad286-755e-4590-9d52-7149822c43a3 0785ec01bfbb49a3b56fa95061537b39 bd32e336a76443538ecfe0ed4257b9f7 - - default default] Added segment a2352778-d66d-4dcc-96e0-d5282b42ca91 of type geneve for network 458d08b0-88f6-43f7-b833-aa83d9459b97
2026-07-02 01:47:57.571 10 INFO neutron.plugins.ml2.drivers.ovn.mech_driver.mech_driver [None req-1030e677-1232-499d-9dcc-bac5e89fa420 - - - - - -] OVN reports status up for port: 4d904ec4-24ae-441f-a150-2a1f067ff4b9
2026-07-02 01:47:57.579 10 INFO neutron.plugins.ml2.drivers.ovn.mech_driver.ovsdb.ovsdb_monitor [-] Router 36928b51-ee13-43a5-a4db-123d24763d6e is bound to host instance
2026-07-02 01:47:57.626 10 INFO neutron.plugins.ml2.plugin [None req-1030e677-1232-499d-9dcc-bac5e89fa420 - - - - - -] Attempt 1 to provision port 4d904ec4-24ae-441f-a150-2a1f067ff4b9
2026-07-02 01:47:57.679 9 INFO neutron.db.ovn_revision_numbers_db [None req-c05c8c89-d497-4b07-8acc-0340cd6cd8d6 0785ec01bfbb49a3b56fa95061537b39 bd32e336a76443538ecfe0ed4257b9f7 - - default default] Successfully bumped revision number for resource 4d904ec4-24ae-441f-a150-2a1f067ff4b9 (type: router_ports) to 1
2026-07-02 01:47:57.700 9 INFO neutron.plugins.ml2.drivers.ovn.mech_driver.mech_driver [None req-d554d10b-8a31-4b0b-82e7-ecb96d22c563 - - - - - -] OVN reports status up for port: 7f9446e8-1406-4c4f-b67e-eefe6b24a847
2026-07-02 01:47:57.721 9 INFO neutron.plugins.ml2.drivers.ovn.mech_driver.ovsdb.ovsdb_monitor [-] Router 81b11a6c-1de0-4b53-ac27-6958ccdb0870 is bound to host instance
2026-07-02 01:47:57.730 9 INFO neutron.plugins.ml2.plugin [None req-d554d10b-8a31-4b0b-82e7-ecb96d22c563 - - - - - -] Attempt 1 to provision port 7f9446e8-1406-4c4f-b67e-eefe6b24a847
2026-07-02 01:47:57.767 9 INFO neutron.db.ovn_revision_numbers_db [None req-85369737-46f0-435e-a5d9-204469628819 0785ec01bfbb49a3b56fa95061537b39 bd32e336a76443538ecfe0ed4257b9f7 - - default default] Successfully bumped revision number for resource 7f9446e8-1406-4c4f-b67e-eefe6b24a847 (type: router_ports) to 1
2026-07-02 01:47:57.782 10 INFO neutron.db.ovn_revision_numbers_db [None req-315ad286-755e-4590-9d52-7149822c43a3 0785ec01bfbb49a3b56fa95061537b39 bd32e336a76443538ecfe0ed4257b9f7 - - default default] Successfully bumped revision number for resource 458d08b0-88f6-43f7-b833-aa83d9459b97 (type: networks) to 1
2026-07-02 01:47:57.834 9 INFO neutron.db.ovn_revision_numbers_db [None req-c05c8c89-d497-4b07-8acc-0340cd6cd8d6 0785ec01bfbb49a3b56fa95061537b39 bd32e336a76443538ecfe0ed4257b9f7 - - default default] Successfully bumped revision number for resource 36928b51-ee13-43a5-a4db-123d24763d6e (type: routers) to 2
2026-07-02 01:47:57.879 9 INFO neutron.wsgi [None req-c05c8c89-d497-4b07-8acc-0340cd6cd8d6 0785ec01bfbb49a3b56fa95061537b39 bd32e336a76443538ecfe0ed4257b9f7 - - default default] 10.0.0.146 "POST /v2.0/routers HTTP/1.1" status: 201 len: 881 time: 2.1996603
2026-07-02 01:47:57.924 9 INFO neutron.db.ovn_revision_numbers_db [None req-85369737-46f0-435e-a5d9-204469628819 0785ec01bfbb49a3b56fa95061537b39 bd32e336a76443538ecfe0ed4257b9f7 - - default default] Successfully bumped revision number for resource 81b11a6c-1de0-4b53-ac27-6958ccdb0870 (type: routers) to 2
2026-07-02 01:47:57.964 9 INFO neutron.wsgi [None req-85369737-46f0-435e-a5d9-204469628819 0785ec01bfbb49a3b56fa95061537b39 bd32e336a76443538ecfe0ed4257b9f7 - - default default] 10.0.0.146 "POST /v2.0/routers HTTP/1.1" status: 201 len: 881 time: 2.2361135
2026-07-02 01:47:57.985 10 INFO neutron.db.ovn_revision_numbers_db [None req-bf0a6e07-05de-4d3f-afed-d44e12615ff0 0785ec01bfbb49a3b56fa95061537b39 bd32e336a76443538ecfe0ed4257b9f7 - - default default] Successfully bumped revision number for resource 4e627a86-a4dc-4a52-b47d-57395110a0e1 (type: router_ports) to 1
2026-07-02 01:47:58.103 10 INFO neutron.db.ovn_revision_numbers_db [None req-bf0a6e07-05de-4d3f-afed-d44e12615ff0 0785ec01bfbb49a3b56fa95061537b39 bd32e336a76443538ecfe0ed4257b9f7 - - default default] Successfully bumped revision number for resource 969daf62-1b1e-4694-850e-e2c420a69dae (type: routers) to 2
2026-07-02 01:47:58.133 10 INFO neutron.wsgi [None req-bf0a6e07-05de-4d3f-afed-d44e12615ff0 0785ec01bfbb49a3b56fa95061537b39 bd32e336a76443538ecfe0ed4257b9f7 - - default default] 10.0.0.146 "POST /v2.0/routers HTTP/1.1" status: 201 len: 885 time: 1.8328860
2026-07-02 01:47:58.135 10 WARNING neutron.scheduler.dhcp_agent_scheduler [None req-315ad286-755e-4590-9d52-7149822c43a3 0785ec01bfbb49a3b56fa95061537b39 bd32e336a76443538ecfe0ed4257b9f7 - - default default] No more DHCP agents
2026-07-02 01:47:58.139 10 WARNING neutron.api.rpc.agentnotifiers.dhcp_rpc_agent_api [None req-315ad286-755e-4590-9d52-7149822c43a3 0785ec01bfbb49a3b56fa95061537b39 bd32e336a76443538ecfe0ed4257b9f7 - - default default] Unable to schedule network 458d08b0-88f6-43f7-b833-aa83d9459b97: no agents available; will retry on subsequent port and subnet creation events.
2026-07-02 01:47:58.264 10 INFO neutron.db.ovn_revision_numbers_db [None req-315ad286-755e-4590-9d52-7149822c43a3 0785ec01bfbb49a3b56fa95061537b39 bd32e336a76443538ecfe0ed4257b9f7 - - default default] Successfully bumped revision number for resource 6089645e-8e33-47b0-8e98-11eb83f3cd5b (type: ports) to 1
2026-07-02 01:47:58.301 10 INFO neutron.wsgi [None req-315ad286-755e-4590-9d52-7149822c43a3 0785ec01bfbb49a3b56fa95061537b39 bd32e336a76443538ecfe0ed4257b9f7 - - default default] 10.0.0.146 "POST /v2.0/networks HTTP/1.1" status: 201 len: 939 time: 1.4217761
2026-07-02 01:47:58.570 10 INFO neutron.db.ovn_revision_numbers_db [None req-4f509168-9d93-47fd-a248-453172a61559 - - - - - -] Successfully bumped revision number for resource 4d904ec4-24ae-441f-a150-2a1f067ff4b9 (type: ports) to 1
2026-07-02 01:47:58.597 10 WARNING neutron.scheduler.dhcp_agent_scheduler [None req-b7f3d282-b832-41df-9fa6-38bab27f192e 0785ec01bfbb49a3b56fa95061537b39 bd32e336a76443538ecfe0ed4257b9f7 - - default default] No more DHCP agents
2026-07-02 01:47:58.603 10 WARNING neutron.api.rpc.agentnotifiers.dhcp_rpc_agent_api [None req-b7f3d282-b832-41df-9fa6-38bab27f192e 0785ec01bfbb49a3b56fa95061537b39 bd32e336a76443538ecfe0ed4257b9f7 - - default default] Unable to schedule network 458d08b0-88f6-43f7-b833-aa83d9459b97: no agents available; will retry on subsequent port and subnet creation events.
2026-07-02 01:47:58.902 10 INFO neutron.db.ovn_revision_numbers_db [None req-4f509168-9d93-47fd-a248-453172a61559 - - - - - -] Successfully bumped revision number for resource 4d904ec4-24ae-441f-a150-2a1f067ff4b9 (type: router_ports) to 3
2026-07-02 01:47:59.000 9 WARNING neutron.scheduler.dhcp_agent_scheduler [None req-129932a5-4d4b-4a15-8ab5-03a104f5236f 0785ec01bfbb49a3b56fa95061537b39 bd32e336a76443538ecfe0ed4257b9f7 - - default default] No more DHCP agents
2026-07-02 01:47:59.007 9 WARNING neutron.api.rpc.agentnotifiers.dhcp_rpc_agent_api [None req-129932a5-4d4b-4a15-8ab5-03a104f5236f 0785ec01bfbb49a3b56fa95061537b39 bd32e336a76443538ecfe0ed4257b9f7 - - default default] Unable to schedule network 74504a89-3d38-449e-aa0e-bc1ca879c717: no agents available; will retry on subsequent port and subnet creation events.
2026-07-02 01:47:59.026 9 INFO neutron.db.ovn_revision_numbers_db [None req-456a0f0e-6231-4129-8157-375904e2d44f - - - - - -] Successfully bumped revision number for resource 7f9446e8-1406-4c4f-b67e-eefe6b24a847 (type: ports) to 1
2026-07-02 01:47:59.081 9 WARNING neutron.scheduler.dhcp_agent_scheduler [None req-2a566c52-f5ff-4e54-8502-f29ca24bd478 0785ec01bfbb49a3b56fa95061537b39 bd32e336a76443538ecfe0ed4257b9f7 - - default default] No more DHCP agents
2026-07-02 01:47:59.091 10 INFO neutron.db.ovn_revision_numbers_db [None req-4f509168-9d93-47fd-a248-453172a61559 - - - - - -] Successfully bumped revision number for resource 4d904ec4-24ae-441f-a150-2a1f067ff4b9 (type: ports) to 2
2026-07-02 01:47:59.091 9 WARNING neutron.api.rpc.agentnotifiers.dhcp_rpc_agent_api [None req-2a566c52-f5ff-4e54-8502-f29ca24bd478 0785ec01bfbb49a3b56fa95061537b39 bd32e336a76443538ecfe0ed4257b9f7 - - default default] Unable to schedule network 8d573a81-d800-47f9-b03b-8dbd718f318c: no agents available; will retry on subsequent port and subnet creation events.
2026-07-02 01:47:59.251 10 INFO neutron.db.ovn_revision_numbers_db [None req-b7f3d282-b832-41df-9fa6-38bab27f192e 0785ec01bfbb49a3b56fa95061537b39 bd32e336a76443538ecfe0ed4257b9f7 - - default default] Successfully bumped revision number for resource 6089645e-8e33-47b0-8e98-11eb83f3cd5b (type: ports) to 2
2026-07-02 01:47:59.270 9 WARNING neutron.scheduler.dhcp_agent_scheduler [None req-8cd2ec1c-46a3-4a30-be0a-928917d34563 0785ec01bfbb49a3b56fa95061537b39 bd32e336a76443538ecfe0ed4257b9f7 - - default default] No more DHCP agents
2026-07-02 01:47:59.288 9 WARNING neutron.api.rpc.agentnotifiers.dhcp_rpc_agent_api [None req-8cd2ec1c-46a3-4a30-be0a-928917d34563 0785ec01bfbb49a3b56fa95061537b39 bd32e336a76443538ecfe0ed4257b9f7 - - default default] Unable to schedule network af126d28-3f12-4f0f-8108-8c64772acde6: no agents available; will retry on subsequent port and subnet creation events.
2026-07-02 01:47:59.298 10 INFO neutron.db.ovn_revision_numbers_db [None req-b7f3d282-b832-41df-9fa6-38bab27f192e 0785ec01bfbb49a3b56fa95061537b39 bd32e336a76443538ecfe0ed4257b9f7 - - default default] Successfully bumped revision number for resource 62674b6f-1d15-42f2-9c9d-a6974fa5ce47 (type: subnets) to 0
2026-07-02 01:47:59.326 10 INFO neutron.wsgi [None req-b7f3d282-b832-41df-9fa6-38bab27f192e 0785ec01bfbb49a3b56fa95061537b39 bd32e336a76443538ecfe0ed4257b9f7 - - default default] 10.0.0.146 "POST /v2.0/subnets HTTP/1.1" status: 201 len: 859 time: 1.0133679
2026-07-02 01:47:59.336 9 INFO neutron.db.ovn_revision_numbers_db [None req-129932a5-4d4b-4a15-8ab5-03a104f5236f 0785ec01bfbb49a3b56fa95061537b39 bd32e336a76443538ecfe0ed4257b9f7 - - default default] Successfully bumped revision number for resource e04d3edb-e03a-4bbc-b49c-cd75fc9e01e5 (type: ports) to 1
2026-07-02 01:47:59.429 10 INFO neutron.db.ovn_revision_numbers_db [None req-4f509168-9d93-47fd-a248-453172a61559 - - - - - -] Successfully bumped revision number for resource 4d904ec4-24ae-441f-a150-2a1f067ff4b9 (type: ports) to 4
2026-07-02 01:47:59.509 9 INFO neutron.db.ovn_revision_numbers_db [None req-2a566c52-f5ff-4e54-8502-f29ca24bd478 0785ec01bfbb49a3b56fa95061537b39 bd32e336a76443538ecfe0ed4257b9f7 - - default default] Successfully bumped revision number for resource 9dfecf64-6fec-47f1-b432-f8d31478a494 (type: ports) to 1
2026-07-02 01:47:59.748 9 INFO neutron.db.ovn_revision_numbers_db [None req-8cd2ec1c-46a3-4a30-be0a-928917d34563 0785ec01bfbb49a3b56fa95061537b39 bd32e336a76443538ecfe0ed4257b9f7 - - default default] Successfully bumped revision number for resource b2326a41-4fb7-4217-bc2a-75bd7c286c29 (type: ports) to 1
2026-07-02 01:47:59.772 9 INFO neutron.db.ovn_revision_numbers_db [None req-456a0f0e-6231-4129-8157-375904e2d44f - - - - - -] Successfully bumped revision number for resource 7f9446e8-1406-4c4f-b67e-eefe6b24a847 (type: router_ports) to 3
2026-07-02 01:47:59.863 10 INFO neutron.db.ovn_revision_numbers_db [None req-4f509168-9d93-47fd-a248-453172a61559 - - - - - -] Successfully bumped revision number for resource 4d904ec4-24ae-441f-a150-2a1f067ff4b9 (type: router_ports) to 4
2026-07-02 01:47:59.960 10 WARNING neutron.scheduler.dhcp_agent_scheduler [None req-4df5f099-9269-49da-908b-47710912ff60 0785ec01bfbb49a3b56fa95061537b39 bd32e336a76443538ecfe0ed4257b9f7 - - default default] No more DHCP agents
2026-07-02 01:47:59.964 10 WARNING neutron.api.rpc.agentnotifiers.dhcp_rpc_agent_api [None req-4df5f099-9269-49da-908b-47710912ff60 0785ec01bfbb49a3b56fa95061537b39 bd32e336a76443538ecfe0ed4257b9f7 - - default default] Unable to schedule network 2ac29a0c-5edc-47bb-bd0b-d5a39027a43f: no agents available; will retry on subsequent port and subnet creation events.
2026-07-02 01:48:00.082 9 INFO neutron.db.ovn_revision_numbers_db [None req-456a0f0e-6231-4129-8157-375904e2d44f - - - - - -] Successfully bumped revision number for resource 7f9446e8-1406-4c4f-b67e-eefe6b24a847 (type: ports) to 2
2026-07-02 01:48:00.125 10 INFO neutron.db.ovn_revision_numbers_db [None req-4df5f099-9269-49da-908b-47710912ff60 0785ec01bfbb49a3b56fa95061537b39 bd32e336a76443538ecfe0ed4257b9f7 - - default default] Successfully bumped revision number for resource a942321e-4017-4626-917a-4be5b3a1d9f8 (type: ports) to 1
2026-07-02 01:48:00.578 9 INFO neutron.db.ovn_revision_numbers_db [None req-2a566c52-f5ff-4e54-8502-f29ca24bd478 0785ec01bfbb49a3b56fa95061537b39 bd32e336a76443538ecfe0ed4257b9f7 - - default default] Successfully bumped revision number for resource 9dfecf64-6fec-47f1-b432-f8d31478a494 (type: router_ports) to 1
2026-07-02 01:48:00.591 9 INFO neutron.db.ovn_revision_numbers_db [None req-129932a5-4d4b-4a15-8ab5-03a104f5236f 0785ec01bfbb49a3b56fa95061537b39 bd32e336a76443538ecfe0ed4257b9f7 - - default default] Successfully bumped revision number for resource e04d3edb-e03a-4bbc-b49c-cd75fc9e01e5 (type: router_ports) to 1
2026-07-02 01:48:00.713 10 INFO neutron.plugins.ml2.drivers.ovn.mech_driver.mech_driver [None req-1030e677-1232-499d-9dcc-bac5e89fa420 - - - - - -] OVN reports status up for port: 4e627a86-a4dc-4a52-b47d-57395110a0e1
2026-07-02 01:48:00.804 9 INFO neutron.db.ovn_revision_numbers_db [None req-456a0f0e-6231-4129-8157-375904e2d44f - - - - - -] Successfully bumped revision number for resource 7f9446e8-1406-4c4f-b67e-eefe6b24a847 (type: ports) to 4
2026-07-02 01:48:00.814 10 INFO neutron.plugins.ml2.plugin [None req-1030e677-1232-499d-9dcc-bac5e89fa420 - - - - - -] Attempt 1 to provision port 4e627a86-a4dc-4a52-b47d-57395110a0e1
2026-07-02 01:48:00.826 9 INFO neutron.plugins.ml2.drivers.ovn.mech_driver.mech_driver [None req-d554d10b-8a31-4b0b-82e7-ecb96d22c563 - - - - - -] OVN reports status up for port: a942321e-4017-4626-917a-4be5b3a1d9f8
2026-07-02 01:48:00.852 10 INFO neutron.plugins.ml2.drivers.ovn.mech_driver.ovsdb.ovsdb_monitor [None req-4f509168-9d93-47fd-a248-453172a61559 - - - - - -] Router 875ec1c9-7df8-4aae-9b00-f5fae540f106 is bound to host instance
2026-07-02 01:48:00.887 9 INFO neutron.plugins.ml2.plugin [None req-d554d10b-8a31-4b0b-82e7-ecb96d22c563 - - - - - -] Attempt 1 to provision port a942321e-4017-4626-917a-4be5b3a1d9f8
2026-07-02 01:48:00.890 10 INFO neutron.db.ovn_revision_numbers_db [None req-4df5f099-9269-49da-908b-47710912ff60 0785ec01bfbb49a3b56fa95061537b39 bd32e336a76443538ecfe0ed4257b9f7 - - default default] Successfully bumped revision number for resource a942321e-4017-4626-917a-4be5b3a1d9f8 (type: router_ports) to 1
2026-07-02 01:48:00.940 9 INFO neutron.db.ovn_revision_numbers_db [None req-8cd2ec1c-46a3-4a30-be0a-928917d34563 0785ec01bfbb49a3b56fa95061537b39 bd32e336a76443538ecfe0ed4257b9f7 - - default default] Successfully bumped revision number for resource b2326a41-4fb7-4217-bc2a-75bd7c286c29 (type: router_ports) to 1
2026-07-02 01:48:00.967 9 INFO neutron.db.ovn_revision_numbers_db [None req-2a566c52-f5ff-4e54-8502-f29ca24bd478 0785ec01bfbb49a3b56fa95061537b39 bd32e336a76443538ecfe0ed4257b9f7 - - default default] Successfully bumped revision number for resource 9dfecf64-6fec-47f1-b432-f8d31478a494 (type: ports) to 1
2026-07-02 01:48:01.006 10 INFO neutron.db.ovn_revision_numbers_db [None req-4df5f099-9269-49da-908b-47710912ff60 0785ec01bfbb49a3b56fa95061537b39 bd32e336a76443538ecfe0ed4257b9f7 - - default default] Successfully bumped revision number for resource 875ec1c9-7df8-4aae-9b00-f5fae540f106 (type: routers) to 2
2026-07-02 01:48:01.007 9 INFO neutron.db.ovn_revision_numbers_db [None req-129932a5-4d4b-4a15-8ab5-03a104f5236f 0785ec01bfbb49a3b56fa95061537b39 bd32e336a76443538ecfe0ed4257b9f7 - - default default] Successfully bumped revision number for resource e04d3edb-e03a-4bbc-b49c-cd75fc9e01e5 (type: ports) to 1
2026-07-02 01:48:01.025 10 INFO neutron.wsgi [None req-4df5f099-9269-49da-908b-47710912ff60 0785ec01bfbb49a3b56fa95061537b39 bd32e336a76443538ecfe0ed4257b9f7 - - default default] 10.0.0.146 "POST /v2.0/routers HTTP/1.1" status: 201 len: 870 time: 1.6940796
2026-07-02 01:48:01.259 9 WARNING neutron.scheduler.dhcp_agent_scheduler [None req-2a566c52-f5ff-4e54-8502-f29ca24bd478 0785ec01bfbb49a3b56fa95061537b39 bd32e336a76443538ecfe0ed4257b9f7 - - default default] No more DHCP agents
2026-07-02 01:48:01.265 9 WARNING neutron.api.rpc.agentnotifiers.dhcp_rpc_agent_api [None req-2a566c52-f5ff-4e54-8502-f29ca24bd478 0785ec01bfbb49a3b56fa95061537b39 bd32e336a76443538ecfe0ed4257b9f7 - - default default] Unable to schedule network 8d573a81-d800-47f9-b03b-8dbd718f318c: no agents available; will retry on subsequent port and subnet creation events.
2026-07-02 01:48:01.287 9 WARNING neutron.scheduler.dhcp_agent_scheduler [None req-129932a5-4d4b-4a15-8ab5-03a104f5236f 0785ec01bfbb49a3b56fa95061537b39 bd32e336a76443538ecfe0ed4257b9f7 - - default default] No more DHCP agents
2026-07-02 01:48:01.292 9 WARNING neutron.api.rpc.agentnotifiers.dhcp_rpc_agent_api [None req-129932a5-4d4b-4a15-8ab5-03a104f5236f 0785ec01bfbb49a3b56fa95061537b39 bd32e336a76443538ecfe0ed4257b9f7 - - default default] Unable to schedule network 74504a89-3d38-449e-aa0e-bc1ca879c717: no agents available; will retry on subsequent port and subnet creation events.
2026-07-02 01:48:01.368 9 INFO neutron.db.ovn_revision_numbers_db [None req-8cd2ec1c-46a3-4a30-be0a-928917d34563 0785ec01bfbb49a3b56fa95061537b39 bd32e336a76443538ecfe0ed4257b9f7 - - default default] Successfully bumped revision number for resource b2326a41-4fb7-4217-bc2a-75bd7c286c29 (type: ports) to 1
2026-07-02 01:48:01.519 10 INFO neutron.db.ovn_revision_numbers_db [None req-4f509168-9d93-47fd-a248-453172a61559 - - - - - -] Successfully bumped revision number for resource a942321e-4017-4626-917a-4be5b3a1d9f8 (type: ports) to 1
2026-07-02 01:48:01.529 9 WARNING neutron.scheduler.dhcp_agent_scheduler [None req-8cd2ec1c-46a3-4a30-be0a-928917d34563 0785ec01bfbb49a3b56fa95061537b39 bd32e336a76443538ecfe0ed4257b9f7 - - default default] No more DHCP agents
2026-07-02 01:48:01.530 9 INFO neutron.db.ovn_revision_numbers_db [None req-456a0f0e-6231-4129-8157-375904e2d44f - - - - - -] Successfully bumped revision number for resource 7f9446e8-1406-4c4f-b67e-eefe6b24a847 (type: router_ports) to 4
2026-07-02 01:48:01.535 9 WARNING neutron.api.rpc.agentnotifiers.dhcp_rpc_agent_api [None req-8cd2ec1c-46a3-4a30-be0a-928917d34563 0785ec01bfbb49a3b56fa95061537b39 bd32e336a76443538ecfe0ed4257b9f7 - - default default] Unable to schedule network af126d28-3f12-4f0f-8108-8c64772acde6: no agents available; will retry on subsequent port and subnet creation events.
2026-07-02 01:48:01.591 9 INFO neutron.plugins.ml2.drivers.ovn.mech_driver.ovsdb.ovsdb_monitor [None req-456a0f0e-6231-4129-8157-375904e2d44f - - - - - -] Router 969daf62-1b1e-4694-850e-e2c420a69dae is bound to host instance
2026-07-02 01:48:01.591 10 WARNING neutron.scheduler.dhcp_agent_scheduler [None req-c5103435-e44e-4db0-9098-5a440f2698a8 0785ec01bfbb49a3b56fa95061537b39 bd32e336a76443538ecfe0ed4257b9f7 - - default default] No more DHCP agents
2026-07-02 01:48:01.595 10 WARNING neutron.api.rpc.agentnotifiers.dhcp_rpc_agent_api [None req-c5103435-e44e-4db0-9098-5a440f2698a8 0785ec01bfbb49a3b56fa95061537b39 bd32e336a76443538ecfe0ed4257b9f7 - - default default] Unable to schedule network 458d08b0-88f6-43f7-b833-aa83d9459b97: no agents available; will retry on subsequent port and subnet creation events.
2026-07-02 01:48:01.901 10 INFO neutron.db.ovn_revision_numbers_db [None req-c5103435-e44e-4db0-9098-5a440f2698a8 0785ec01bfbb49a3b56fa95061537b39 bd32e336a76443538ecfe0ed4257b9f7 - - default default] Successfully bumped revision number for resource 9fcafc17-cd6d-4bed-b4b3-9e6d194abe48 (type: ports) to 1
2026-07-02 01:48:01.977 10 INFO neutron.db.ovn_revision_numbers_db [None req-4f509168-9d93-47fd-a248-453172a61559 - - - - - -] Successfully bumped revision number for resource a942321e-4017-4626-917a-4be5b3a1d9f8 (type: router_ports) to 3
2026-07-02 01:48:02.210 10 INFO neutron.db.ovn_revision_numbers_db [None req-4f509168-9d93-47fd-a248-453172a61559 - - - - - -] Successfully bumped revision number for resource a942321e-4017-4626-917a-4be5b3a1d9f8 (type: ports) to 2
2026-07-02 01:48:02.512 10 INFO neutron.db.ovn_revision_numbers_db [None req-4f509168-9d93-47fd-a248-453172a61559 - - - - - -] Successfully bumped revision number for resource a942321e-4017-4626-917a-4be5b3a1d9f8 (type: ports) to 4
2026-07-02 01:48:02.559 10 INFO neutron.db.ovn_revision_numbers_db [None req-c5103435-e44e-4db0-9098-5a440f2698a8 0785ec01bfbb49a3b56fa95061537b39 bd32e336a76443538ecfe0ed4257b9f7 - - default default] Successfully bumped revision number for resource 9fcafc17-cd6d-4bed-b4b3-9e6d194abe48 (type: router_ports) to 1
2026-07-02 01:48:02.870 10 INFO neutron.db.ovn_revision_numbers_db [None req-c5103435-e44e-4db0-9098-5a440f2698a8 0785ec01bfbb49a3b56fa95061537b39 bd32e336a76443538ecfe0ed4257b9f7 - - default default] Successfully bumped revision number for resource 9fcafc17-cd6d-4bed-b4b3-9e6d194abe48 (type: ports) to 1
2026-07-02 01:48:02.918 10 INFO neutron.db.ovn_revision_numbers_db [None req-4f509168-9d93-47fd-a248-453172a61559 - - - - - -] Successfully bumped revision number for resource a942321e-4017-4626-917a-4be5b3a1d9f8 (type: router_ports) to 4
2026-07-02 01:48:02.960 10 WARNING neutron.scheduler.dhcp_agent_scheduler [None req-c5103435-e44e-4db0-9098-5a440f2698a8 0785ec01bfbb49a3b56fa95061537b39 bd32e336a76443538ecfe0ed4257b9f7 - - default default] No more DHCP agents
2026-07-02 01:48:02.963 10 WARNING neutron.api.rpc.agentnotifiers.dhcp_rpc_agent_api [None req-c5103435-e44e-4db0-9098-5a440f2698a8 0785ec01bfbb49a3b56fa95061537b39 bd32e336a76443538ecfe0ed4257b9f7 - - default default] Unable to schedule network 458d08b0-88f6-43f7-b833-aa83d9459b97: no agents available; will retry on subsequent port and subnet creation events.
2026-07-02 01:48:03.227 9 INFO neutron.plugins.ml2.drivers.ovn.mech_driver.mech_driver [None req-d554d10b-8a31-4b0b-82e7-ecb96d22c563 - - - - - -] OVN reports status up for port: b2326a41-4fb7-4217-bc2a-75bd7c286c29
2026-07-02 01:48:03.246 9 INFO neutron.plugins.ml2.plugin [None req-d554d10b-8a31-4b0b-82e7-ecb96d22c563 - - - - - -] Attempt 1 to provision port b2326a41-4fb7-4217-bc2a-75bd7c286c29
2026-07-02 01:48:03.249 9 INFO neutron.db.ovn_revision_numbers_db [None req-456a0f0e-6231-4129-8157-375904e2d44f - - - - - -] Successfully bumped revision number for resource 4e627a86-a4dc-4a52-b47d-57395110a0e1 (type: ports) to 1
2026-07-02 01:48:03.322 10 INFO neutron.plugins.ml2.drivers.ovn.mech_driver.mech_driver [None req-1030e677-1232-499d-9dcc-bac5e89fa420 - - - - - -] OVN reports status up for port: 9dfecf64-6fec-47f1-b432-f8d31478a494
2026-07-02 01:48:03.333 10 INFO neutron.plugins.ml2.plugin [None req-1030e677-1232-499d-9dcc-bac5e89fa420 - - - - - -] Attempt 1 to provision port 9dfecf64-6fec-47f1-b432-f8d31478a494
2026-07-02 01:48:03.460 9 INFO neutron.db.ovn_revision_numbers_db [None req-2a566c52-f5ff-4e54-8502-f29ca24bd478 0785ec01bfbb49a3b56fa95061537b39 bd32e336a76443538ecfe0ed4257b9f7 - - default default] Successfully bumped revision number for resource 9dfecf64-6fec-47f1-b432-f8d31478a494 (type: router_ports) to 1
2026-07-02 01:48:03.462 9 INFO neutron.wsgi [None req-2a566c52-f5ff-4e54-8502-f29ca24bd478 0785ec01bfbb49a3b56fa95061537b39 bd32e336a76443538ecfe0ed4257b9f7 - - default default] 10.0.0.146 "PUT /v2.0/routers/81b11a6c-1de0-4b53-ac27-6958ccdb0870/add_router_interface HTTP/1.1" status: 200 len: 503 time: 5.4914994
2026-07-02 01:48:03.734 10 INFO neutron.db.ovn_revision_numbers_db [None req-1030e677-1232-499d-9dcc-bac5e89fa420 - - - - - -] Successfully bumped revision number for resource 9dfecf64-6fec-47f1-b432-f8d31478a494 (type: ports) to 2
2026-07-02 01:48:03.739 9 INFO neutron.db.ovn_revision_numbers_db [None req-129932a5-4d4b-4a15-8ab5-03a104f5236f 0785ec01bfbb49a3b56fa95061537b39 bd32e336a76443538ecfe0ed4257b9f7 - - default default] Successfully bumped revision number for resource e04d3edb-e03a-4bbc-b49c-cd75fc9e01e5 (type: router_ports) to 1
2026-07-02 01:48:03.741 9 INFO neutron.wsgi [None req-129932a5-4d4b-4a15-8ab5-03a104f5236f 0785ec01bfbb49a3b56fa95061537b39 bd32e336a76443538ecfe0ed4257b9f7 - - default default] 10.0.0.146 "PUT /v2.0/routers/36928b51-ee13-43a5-a4db-123d24763d6e/add_router_interface HTTP/1.1" status: 200 len: 503 time: 5.8469174
2026-07-02 01:48:03.944 9 INFO neutron.db.ovn_revision_numbers_db [None req-8cd2ec1c-46a3-4a30-be0a-928917d34563 0785ec01bfbb49a3b56fa95061537b39 bd32e336a76443538ecfe0ed4257b9f7 - - default default] Successfully bumped revision number for resource b2326a41-4fb7-4217-bc2a-75bd7c286c29 (type: router_ports) to 1
2026-07-02 01:48:03.947 9 INFO neutron.wsgi [None req-8cd2ec1c-46a3-4a30-be0a-928917d34563 0785ec01bfbb49a3b56fa95061537b39 bd32e336a76443538ecfe0ed4257b9f7 - - default default] 10.0.0.146 "PUT /v2.0/routers/969daf62-1b1e-4694-850e-e2c420a69dae/add_router_interface HTTP/1.1" status: 200 len: 503 time: 5.8036194
2026-07-02 01:48:03.964 9 INFO neutron.db.ovn_revision_numbers_db [None req-d554d10b-8a31-4b0b-82e7-ecb96d22c563 - - - - - -] Successfully bumped revision number for resource b2326a41-4fb7-4217-bc2a-75bd7c286c29 (type: ports) to 2
2026-07-02 01:48:04.019 9 INFO neutron.db.ovn_revision_numbers_db [None req-456a0f0e-6231-4129-8157-375904e2d44f - - - - - -] Successfully bumped revision number for resource 4e627a86-a4dc-4a52-b47d-57395110a0e1 (type: router_ports) to 3
2026-07-02 01:48:04.178 10 INFO neutron.db.ovn_revision_numbers_db [None req-1030e677-1232-499d-9dcc-bac5e89fa420 - - - - - -] Successfully bumped revision number for resource 9dfecf64-6fec-47f1-b432-f8d31478a494 (type: router_ports) to 2
2026-07-02 01:48:04.227 10 INFO neutron.db.ovn_revision_numbers_db [None req-c5103435-e44e-4db0-9098-5a440f2698a8 0785ec01bfbb49a3b56fa95061537b39 bd32e336a76443538ecfe0ed4257b9f7 - - default default] Successfully bumped revision number for resource 9fcafc17-cd6d-4bed-b4b3-9e6d194abe48 (type: router_ports) to 1
2026-07-02 01:48:04.231 10 INFO neutron.wsgi [None req-c5103435-e44e-4db0-9098-5a440f2698a8 0785ec01bfbb49a3b56fa95061537b39 bd32e336a76443538ecfe0ed4257b9f7 - - default default] 10.0.0.146 "PUT /v2.0/routers/875ec1c9-7df8-4aae-9b00-f5fae540f106/add_router_interface HTTP/1.1" status: 200 len: 503 time: 3.2005796
2026-07-02 01:48:04.242 9 INFO neutron.db.ovn_revision_numbers_db [None req-d554d10b-8a31-4b0b-82e7-ecb96d22c563 - - - - - -] Successfully bumped revision number for resource b2326a41-4fb7-4217-bc2a-75bd7c286c29 (type: router_ports) to 2
2026-07-02 01:48:04.292 9 INFO neutron.db.ovn_revision_numbers_db [None req-456a0f0e-6231-4129-8157-375904e2d44f - - - - - -] Successfully bumped revision number for resource 4e627a86-a4dc-4a52-b47d-57395110a0e1 (type: ports) to 2
2026-07-02 01:48:04.353 9 INFO neutron.db.ovn_revision_numbers_db [None req-fbb233b0-efb5-46d9-b368-1c2ef0c927a3 8a9b0244610a46d48d0ae88860c343ce bd5053fd62e34c2e80935ea4ec992716 - - default default] Successfully bumped revision number for resource b1d25220-34f7-40ae-8921-568db36ea52d (type: security_groups) to 1
2026-07-02 01:48:04.375 9 INFO neutron.db.ovn_revision_numbers_db [None req-fbb233b0-efb5-46d9-b368-1c2ef0c927a3 8a9b0244610a46d48d0ae88860c343ce bd5053fd62e34c2e80935ea4ec992716 - - default default] Successfully bumped revision number for resource df5ec2cf-cadc-47cc-9ea4-af60552d43af (type: security_group_rules) to 0
2026-07-02 01:48:04.399 9 INFO neutron.db.ovn_revision_numbers_db [None req-fbb233b0-efb5-46d9-b368-1c2ef0c927a3 8a9b0244610a46d48d0ae88860c343ce bd5053fd62e34c2e80935ea4ec992716 - - default default] Successfully bumped revision number for resource f1574dcd-8f51-4b64-b569-e8416a9024d8 (type: security_group_rules) to 0
2026-07-02 01:48:04.432 9 INFO neutron.wsgi [None req-fbb233b0-efb5-46d9-b368-1c2ef0c927a3 8a9b0244610a46d48d0ae88860c343ce bd5053fd62e34c2e80935ea4ec992716 - - default default] 10.0.0.146 "POST /v2.0/security-groups HTTP/1.1" status: 201 len: 1795 time: 0.3226683
2026-07-02 01:48:04.622 10 INFO neutron.db.ovn_revision_numbers_db [None req-08df9c96-cd3c-4b97-85ad-b768f28cc89c 8a9b0244610a46d48d0ae88860c343ce bd5053fd62e34c2e80935ea4ec992716 - - default default] Successfully bumped revision number for resource c0c7a681-4858-4896-b989-87b824a3e821 (type: security_group_rules) to 0
2026-07-02 01:48:04.661 9 INFO neutron.db.ovn_revision_numbers_db [None req-456a0f0e-6231-4129-8157-375904e2d44f - - - - - -] Successfully bumped revision number for resource 4e627a86-a4dc-4a52-b47d-57395110a0e1 (type: ports) to 4
2026-07-02 01:48:04.663 10 INFO neutron.wsgi [None req-08df9c96-cd3c-4b97-85ad-b768f28cc89c 8a9b0244610a46d48d0ae88860c343ce bd5053fd62e34c2e80935ea4ec992716 - - default default] 10.0.0.146 "POST /v2.0/security-group-rules HTTP/1.1" status: 201 len: 764 time: 0.2203991
2026-07-02 01:48:04.700 10 INFO neutron.db.ovn_revision_numbers_db [None req-74cd121e-0ef3-4314-b2f2-fb502e9fc001 f8afd2a8fff74acfbaa946b8e7f6e734 bd6837bc02e84259879959dd1e14db43 - - default default] Successfully bumped revision number for resource 5b700973-fb69-4785-97d6-4fb8356bfa6d (type: security_groups) to 1
2026-07-02 01:48:04.725 10 INFO neutron.db.ovn_revision_numbers_db [None req-74cd121e-0ef3-4314-b2f2-fb502e9fc001 f8afd2a8fff74acfbaa946b8e7f6e734 bd6837bc02e84259879959dd1e14db43 - - default default] Successfully bumped revision number for resource 37d607bf-4edb-48f4-8376-ea5d686650ff (type: security_group_rules) to 0
2026-07-02 01:48:04.742 10 INFO neutron.db.ovn_revision_numbers_db [None req-74cd121e-0ef3-4314-b2f2-fb502e9fc001 f8afd2a8fff74acfbaa946b8e7f6e734 bd6837bc02e84259879959dd1e14db43 - - default default] Successfully bumped revision number for resource 5ee7ede1-4001-4ca6-8430-483242331147 (type: security_group_rules) to 0
2026-07-02 01:48:04.766 10 INFO neutron.wsgi [None req-74cd121e-0ef3-4314-b2f2-fb502e9fc001 f8afd2a8fff74acfbaa946b8e7f6e734 bd6837bc02e84259879959dd1e14db43 - - default default] 10.0.0.146 "POST /v2.0/security-groups HTTP/1.1" status: 201 len: 1795 time: 0.2305715
2026-07-02 01:48:04.847 10 INFO neutron.db.ovn_revision_numbers_db [None req-59b20cd8-e02e-42ff-b2ca-69bf4d60ddc3 8a9b0244610a46d48d0ae88860c343ce bd5053fd62e34c2e80935ea4ec992716 - - default default] Successfully bumped revision number for resource a7e7a8e4-a4ac-4cb3-980a-04ec8aaf93b1 (type: security_group_rules) to 0
2026-07-02 01:48:04.889 10 INFO neutron.wsgi [None req-59b20cd8-e02e-42ff-b2ca-69bf4d60ddc3 8a9b0244610a46d48d0ae88860c343ce bd5053fd62e34c2e80935ea4ec992716 - - default default] 10.0.0.146 "POST /v2.0/security-group-rules HTTP/1.1" status: 201 len: 769 time: 0.2145977
2026-07-02 01:48:04.950 9 INFO neutron.db.ovn_revision_numbers_db [req-ef391f3c-b730-4331-bab6-929ee032c43b req-1ec877a1-9bfd-4490-a081-08d19c7b1937 ba2cc41769244f3db70ebc542e30697e f1e6a255084e43afa021b71edde54eee - - default default] Successfully bumped revision number for resource 25ddeabc-e406-47fd-9d4e-6554cc652026 (type: security_groups) to 1
2026-07-02 01:48:04.972 10 INFO neutron.db.ovn_revision_numbers_db [None req-94112feb-b1cd-4f5a-9256-6facac42538e 2837d4b354614a4088716357c6dc168c 889cf1330fc74e61b5c447c642225060 - - default default] Successfully bumped revision number for resource 27da189c-cfe1-46fe-8bbb-43b8ef8b87a4 (type: security_groups) to 1
2026-07-02 01:48:04.977 9 INFO neutron.db.ovn_revision_numbers_db [req-ef391f3c-b730-4331-bab6-929ee032c43b req-1ec877a1-9bfd-4490-a081-08d19c7b1937 ba2cc41769244f3db70ebc542e30697e f1e6a255084e43afa021b71edde54eee - - default default] Successfully bumped revision number for resource 8b05e135-d822-4526-8ef6-0d1b9bbe44ab (type: security_group_rules) to 0
2026-07-02 01:48:04.984 9 INFO neutron.db.ovn_revision_numbers_db [None req-456a0f0e-6231-4129-8157-375904e2d44f - - - - - -] Successfully bumped revision number for resource 4e627a86-a4dc-4a52-b47d-57395110a0e1 (type: router_ports) to 4
2026-07-02 01:48:05.001 9 INFO neutron.db.ovn_revision_numbers_db [req-ef391f3c-b730-4331-bab6-929ee032c43b req-1ec877a1-9bfd-4490-a081-08d19c7b1937 ba2cc41769244f3db70ebc542e30697e f1e6a255084e43afa021b71edde54eee - - default default] Successfully bumped revision number for resource ed1827e0-fe6c-4a4b-9b89-38125c2c8289 (type: security_group_rules) to 0
2026-07-02 01:48:05.014 10 INFO neutron.db.ovn_revision_numbers_db [None req-bc0d0c31-17b9-4b19-be97-51bb9665c7c2 f8afd2a8fff74acfbaa946b8e7f6e734 bd6837bc02e84259879959dd1e14db43 - - default default] Successfully bumped revision number for resource 92b867b8-2c81-435e-8a7c-8941fb12d0d6 (type: security_group_rules) to 0
2026-07-02 01:48:05.019 10 INFO neutron.db.ovn_revision_numbers_db [None req-94112feb-b1cd-4f5a-9256-6facac42538e 2837d4b354614a4088716357c6dc168c 889cf1330fc74e61b5c447c642225060 - - default default] Successfully bumped revision number for resource 9c23b7ee-b632-4a4a-8ad8-0b46e40d2ef8 (type: security_group_rules) to 0
2026-07-02 01:48:05.022 9 INFO neutron.wsgi [req-ef391f3c-b730-4331-bab6-929ee032c43b req-1ec877a1-9bfd-4490-a081-08d19c7b1937 ba2cc41769244f3db70ebc542e30697e f1e6a255084e43afa021b71edde54eee - - default default] 10.0.0.125 "POST /v2.0/security-groups HTTP/1.1" status: 201 len: 1826 time: 0.3080542
2026-07-02 01:48:05.054 10 INFO neutron.db.ovn_revision_numbers_db [None req-94112feb-b1cd-4f5a-9256-6facac42538e 2837d4b354614a4088716357c6dc168c 889cf1330fc74e61b5c447c642225060 - - default default] Successfully bumped revision number for resource bfb8ad9e-b4d1-41dd-96a6-8690aa18749e (type: security_group_rules) to 0
2026-07-02 01:48:05.077 10 INFO neutron.wsgi [None req-bc0d0c31-17b9-4b19-be97-51bb9665c7c2 f8afd2a8fff74acfbaa946b8e7f6e734 bd6837bc02e84259879959dd1e14db43 - - default default] 10.0.0.146 "POST /v2.0/security-group-rules HTTP/1.1" status: 201 len: 764 time: 0.3043852
2026-07-02 01:48:05.087 10 INFO neutron.wsgi [None req-94112feb-b1cd-4f5a-9256-6facac42538e 2837d4b354614a4088716357c6dc168c 889cf1330fc74e61b5c447c642225060 - - default default] 10.0.0.146 "POST /v2.0/security-groups HTTP/1.1" status: 201 len: 1793 time: 0.3136852
2026-07-02 01:48:05.214 9 INFO neutron.db.ovn_revision_numbers_db [None req-9d7ccf2b-988d-4fe6-bd05-d7a4a625c83a f8afd2a8fff74acfbaa946b8e7f6e734 bd6837bc02e84259879959dd1e14db43 - - default default] Successfully bumped revision number for resource ac78d0b3-323b-415f-abe4-cef1d571ab17 (type: security_group_rules) to 0
2026-07-02 01:48:05.243 9 INFO neutron.wsgi [None req-9d7ccf2b-988d-4fe6-bd05-d7a4a625c83a f8afd2a8fff74acfbaa946b8e7f6e734 bd6837bc02e84259879959dd1e14db43 - - default default] 10.0.0.146 "POST /v2.0/security-group-rules HTTP/1.1" status: 201 len: 769 time: 0.1557436
2026-07-02 01:48:05.285 10 INFO neutron.db.ovn_revision_numbers_db [None req-21dec56d-575c-435e-b7fd-dfa69a0bf1c6 2837d4b354614a4088716357c6dc168c 889cf1330fc74e61b5c447c642225060 - - default default] Successfully bumped revision number for resource bfc94144-f3e5-4dd2-b2e0-2ae19127a1a6 (type: security_group_rules) to 0
2026-07-02 01:48:05.293 10 WARNING neutron.scheduler.dhcp_agent_scheduler [None req-6d783afa-8bef-40ce-bd17-8a14186b35d2 8a9b0244610a46d48d0ae88860c343ce bd5053fd62e34c2e80935ea4ec992716 - - default default] No more DHCP agents
2026-07-02 01:48:05.300 10 WARNING neutron.api.rpc.agentnotifiers.dhcp_rpc_agent_api [None req-6d783afa-8bef-40ce-bd17-8a14186b35d2 8a9b0244610a46d48d0ae88860c343ce bd5053fd62e34c2e80935ea4ec992716 - - default default] Unable to schedule network 2ac29a0c-5edc-47bb-bd0b-d5a39027a43f: no agents available; will retry on subsequent port and subnet creation events.
2026-07-02 01:48:05.343 10 INFO neutron.wsgi [None req-21dec56d-575c-435e-b7fd-dfa69a0bf1c6 2837d4b354614a4088716357c6dc168c 889cf1330fc74e61b5c447c642225060 - - default default] 10.0.0.146 "POST /v2.0/security-group-rules HTTP/1.1" status: 201 len: 764 time: 0.2499413
2026-07-02 01:48:05.481 9 INFO neutron.wsgi [req-9602d7b7-53c0-40db-8690-d4b3ba938292 req-c0edcaf2-2fdf-4e2b-901d-e4e7a438a3a3 ba2cc41769244f3db70ebc542e30697e f1e6a255084e43afa021b71edde54eee - - default default] 10.0.0.125 "GET /v2.0/security-groups/25ddeabc-e406-47fd-9d4e-6554cc652026 HTTP/1.1" status: 200 len: 1821 time: 0.0875831
2026-07-02 01:48:05.497 9 INFO neutron.db.ovn_revision_numbers_db [None req-6ef04757-35ff-4055-a3d6-41ab2e36d5f5 2837d4b354614a4088716357c6dc168c 889cf1330fc74e61b5c447c642225060 - - default default] Successfully bumped revision number for resource 393800f3-2bdb-4ffc-a45d-d532c09bbbad (type: security_group_rules) to 0
2026-07-02 01:48:05.526 9 INFO neutron.wsgi [None req-6ef04757-35ff-4055-a3d6-41ab2e36d5f5 2837d4b354614a4088716357c6dc168c 889cf1330fc74e61b5c447c642225060 - - default default] 10.0.0.146 "POST /v2.0/security-group-rules HTTP/1.1" status: 201 len: 769 time: 0.1770706
2026-07-02 01:48:05.579 10 WARNING neutron.scheduler.dhcp_agent_scheduler [None req-bafaa508-dfe0-4c0f-a412-765e8f7731cd f8afd2a8fff74acfbaa946b8e7f6e734 bd6837bc02e84259879959dd1e14db43 - - default default] No more DHCP agents
2026-07-02 01:48:05.583 10 WARNING neutron.api.rpc.agentnotifiers.dhcp_rpc_agent_api [None req-bafaa508-dfe0-4c0f-a412-765e8f7731cd f8afd2a8fff74acfbaa946b8e7f6e734 bd6837bc02e84259879959dd1e14db43 - - default default] Unable to schedule network 2ac29a0c-5edc-47bb-bd0b-d5a39027a43f: no agents available; will retry on subsequent port and subnet creation events.
2026-07-02 01:48:05.808 9 INFO neutron.db.ovn_revision_numbers_db [req-9602d7b7-53c0-40db-8690-d4b3ba938292 req-9eeb5f8e-93d6-43e9-a2a6-96eadb0f1118 ba2cc41769244f3db70ebc542e30697e f1e6a255084e43afa021b71edde54eee - - default default] Successfully bumped revision number for resource b4c6b79e-f23f-4f54-9f1d-2d74b8b3ee17 (type: security_group_rules) to 0
2026-07-02 01:48:05.827 10 INFO neutron.db.ovn_revision_numbers_db [None req-6d783afa-8bef-40ce-bd17-8a14186b35d2 8a9b0244610a46d48d0ae88860c343ce bd5053fd62e34c2e80935ea4ec992716 - - default default] Successfully bumped revision number for resource bebe8625-70cf-49b7-9f90-e56f20ca0d3d (type: floatingips) to 0
2026-07-02 01:48:05.842 10 INFO neutron.wsgi [None req-6d783afa-8bef-40ce-bd17-8a14186b35d2 8a9b0244610a46d48d0ae88860c343ce bd5053fd62e34c2e80935ea4ec992716 - - default default] 10.0.0.146 "POST /v2.0/floatingips HTTP/1.1" status: 201 len: 751 time: 0.9485209
2026-07-02 01:48:05.844 9 INFO neutron.wsgi [req-9602d7b7-53c0-40db-8690-d4b3ba938292 req-9eeb5f8e-93d6-43e9-a2a6-96eadb0f1118 ba2cc41769244f3db70ebc542e30697e f1e6a255084e43afa021b71edde54eee - - default default] 10.0.0.125 "POST /v2.0/security-group-rules HTTP/1.1" status: 201 len: 786 time: 0.3556218
2026-07-02 01:48:06.003 9 WARNING neutron.scheduler.dhcp_agent_scheduler [None req-d5df30f5-7ce0-450c-8817-b3eb0c848e55 2837d4b354614a4088716357c6dc168c 889cf1330fc74e61b5c447c642225060 - - default default] No more DHCP agents
2026-07-02 01:48:06.004 10 INFO neutron.db.ovn_revision_numbers_db [None req-bafaa508-dfe0-4c0f-a412-765e8f7731cd f8afd2a8fff74acfbaa946b8e7f6e734 bd6837bc02e84259879959dd1e14db43 - - default default] Successfully bumped revision number for resource 8d5c5846-9ee7-4f42-ab1b-8d4776e237b6 (type: floatingips) to 0
2026-07-02 01:48:06.007 9 WARNING neutron.api.rpc.agentnotifiers.dhcp_rpc_agent_api [None req-d5df30f5-7ce0-450c-8817-b3eb0c848e55 2837d4b354614a4088716357c6dc168c 889cf1330fc74e61b5c447c642225060 - - default default] Unable to schedule network 2ac29a0c-5edc-47bb-bd0b-d5a39027a43f: no agents available; will retry on subsequent port and subnet creation events.
2026-07-02 01:48:06.020 10 INFO neutron.wsgi [None req-bafaa508-dfe0-4c0f-a412-765e8f7731cd f8afd2a8fff74acfbaa946b8e7f6e734 bd6837bc02e84259879959dd1e14db43 - - default default] 10.0.0.146 "POST /v2.0/floatingips HTTP/1.1" status: 201 len: 751 time: 0.7708311
2026-07-02 01:48:06.053 9 INFO neutron.db.ovn_revision_numbers_db [req-891d0ff5-5f2f-4083-ac3b-7c27709d5a1e req-7abef6ee-b942-41dd-b70c-5b577b1a1d81 ba2cc41769244f3db70ebc542e30697e f1e6a255084e43afa021b71edde54eee - - default default] Successfully bumped revision number for resource af0c7e44-06dc-499e-aa61-05fcfe578719 (type: security_groups) to 1
2026-07-02 01:48:06.083 9 INFO neutron.db.ovn_revision_numbers_db [req-891d0ff5-5f2f-4083-ac3b-7c27709d5a1e req-7abef6ee-b942-41dd-b70c-5b577b1a1d81 ba2cc41769244f3db70ebc542e30697e f1e6a255084e43afa021b71edde54eee - - default default] Successfully bumped revision number for resource bcff31df-dd96-46fa-9512-b1195bc0ce99 (type: security_group_rules) to 0
2026-07-02 01:48:06.108 9 INFO neutron.db.ovn_revision_numbers_db [req-891d0ff5-5f2f-4083-ac3b-7c27709d5a1e req-7abef6ee-b942-41dd-b70c-5b577b1a1d81 ba2cc41769244f3db70ebc542e30697e f1e6a255084e43afa021b71edde54eee - - default default] Successfully bumped revision number for resource df56f025-2194-4ec4-961c-338789e8769e (type: security_group_rules) to 0
2026-07-02 01:48:06.127 9 INFO neutron.wsgi [req-891d0ff5-5f2f-4083-ac3b-7c27709d5a1e req-7abef6ee-b942-41dd-b70c-5b577b1a1d81 ba2cc41769244f3db70ebc542e30697e f1e6a255084e43afa021b71edde54eee - - default default] 10.0.0.125 "POST /v2.0/security-groups HTTP/1.1" status: 201 len: 1827 time: 0.2578778
2026-07-02 01:48:06.217 9 INFO neutron.wsgi [req-f3d6f957-fcdd-45cc-8263-db38c4d36427 req-4ba2d034-f380-4302-af66-32836737ab1d ba2cc41769244f3db70ebc542e30697e f1e6a255084e43afa021b71edde54eee - - default default] 10.0.0.125 "GET /v2.0/security-groups/af0c7e44-06dc-499e-aa61-05fcfe578719 HTTP/1.1" status: 200 len: 1822 time: 0.0591214
2026-07-02 01:48:06.405 9 INFO neutron.db.ovn_revision_numbers_db [None req-d5df30f5-7ce0-450c-8817-b3eb0c848e55 2837d4b354614a4088716357c6dc168c 889cf1330fc74e61b5c447c642225060 - - default default] Successfully bumped revision number for resource 848795ac-d45d-4fd3-afdd-7452ac56f24a (type: floatingips) to 0
2026-07-02 01:48:06.422 9 INFO neutron.wsgi [None req-d5df30f5-7ce0-450c-8817-b3eb0c848e55 2837d4b354614a4088716357c6dc168c 889cf1330fc74e61b5c447c642225060 - - default default] 10.0.0.146 "POST /v2.0/floatingips HTTP/1.1" status: 201 len: 751 time: 0.8915670
2026-07-02 01:48:06.435 9 INFO neutron.db.ovn_revision_numbers_db [req-f3d6f957-fcdd-45cc-8263-db38c4d36427 req-a2411e9b-44fa-4363-b97f-8c89577ba3c6 ba2cc41769244f3db70ebc542e30697e f1e6a255084e43afa021b71edde54eee - - default default] Successfully bumped revision number for resource 05019429-13af-4e37-82b6-fe044079b760 (type: security_group_rules) to 0
2026-07-02 01:48:06.496 9 INFO neutron.wsgi [req-035e560c-a143-4b51-a0f8-66baaaa0e2c5 req-af0d941d-e414-4f70-b343-fc1ce21a64a9 f8afd2a8fff74acfbaa946b8e7f6e734 bd6837bc02e84259879959dd1e14db43 - - default default] 10.0.0.125 "GET /v2.0/security-groups?name=tempest-securitygroup--633222422&fields=id&tenant_id=bd6837bc02e84259879959dd1e14db43 HTTP/1.1" status: 200 len: 267 time: 0.0663936
2026-07-02 01:48:06.501 9 INFO neutron.wsgi [req-f3d6f957-fcdd-45cc-8263-db38c4d36427 req-a2411e9b-44fa-4363-b97f-8c89577ba3c6 ba2cc41769244f3db70ebc542e30697e f1e6a255084e43afa021b71edde54eee - - default default] 10.0.0.125 "POST /v2.0/security-group-rules HTTP/1.1" status: 201 len: 786 time: 0.2717884
2026-07-02 01:48:06.595 9 INFO neutron.wsgi [req-47aad3d6-b44f-40d8-b86a-e877bfb414f9 req-dda6a57c-e08a-4d50-8b7c-5b51ea209750 ba2cc41769244f3db70ebc542e30697e f1e6a255084e43afa021b71edde54eee - - default default] 10.0.0.125 "GET /v2.0/security-groups/af0c7e44-06dc-499e-aa61-05fcfe578719 HTTP/1.1" status: 200 len: 2415 time: 0.0733016
2026-07-02 01:48:06.629 9 INFO neutron.wsgi [req-035e560c-a143-4b51-a0f8-66baaaa0e2c5 req-ddea3b90-40d0-41d7-be1f-5b2053585fa7 f8afd2a8fff74acfbaa946b8e7f6e734 bd6837bc02e84259879959dd1e14db43 - - default default] 10.0.0.125 "GET /v2.0/networks?id=af126d28-3f12-4f0f-8108-8c64772acde6 HTTP/1.1" status: 200 len: 883 time: 0.1264913
2026-07-02 01:48:06.670 9 INFO neutron.wsgi [req-035e560c-a143-4b51-a0f8-66baaaa0e2c5 req-db672808-0c78-45a3-b0dd-ee9668843498 f8afd2a8fff74acfbaa946b8e7f6e734 bd6837bc02e84259879959dd1e14db43 - - default default] 10.0.0.125 "GET /v2.0/quotas/bd6837bc02e84259879959dd1e14db43 HTTP/1.1" status: 200 len: 386 time: 0.0287516
2026-07-02 01:48:06.794 9 INFO neutron.wsgi [req-035e560c-a143-4b51-a0f8-66baaaa0e2c5 req-8055a36b-34a3-402e-9854-90339996c0eb f8afd2a8fff74acfbaa946b8e7f6e734 bd6837bc02e84259879959dd1e14db43 - - default default] 10.0.0.125 "GET /v2.0/ports?tenant_id=bd6837bc02e84259879959dd1e14db43&fields=id HTTP/1.1" status: 200 len: 302 time: 0.1182995
2026-07-02 01:48:06.845 9 INFO neutron.db.ovn_revision_numbers_db [req-47aad3d6-b44f-40d8-b86a-e877bfb414f9 req-b7d5c8de-7043-438f-8f1c-aee252bfea28 ba2cc41769244f3db70ebc542e30697e f1e6a255084e43afa021b71edde54eee - - default default] Successfully bumped revision number for resource c7cd22f5-f7e6-4e57-952d-5bcd376f2b0d (type: security_group_rules) to 0
