2026-07-02 01:53:05.004 9 INFO neutron.plugins.ml2.drivers.ovn.mech_driver.mech_driver [None req-d554d10b-8a31-4b0b-82e7-ecb96d22c563 - - - - - -] OVN reports status up for port: ca230efd-9c72-4238-b3fe-6331e7e2b3b5
2026-07-02 01:53:05.018 9 INFO neutron.plugins.ml2.plugin [None req-d554d10b-8a31-4b0b-82e7-ecb96d22c563 - - - - - -] Attempt 1 to provision port ca230efd-9c72-4238-b3fe-6331e7e2b3b5
2026-07-02 01:53:05.048 9 INFO neutron.db.ovn_revision_numbers_db [None req-63d34205-1807-46c9-9858-24e50d158e2a ae309cb1008b486e862d1777450af502 8a4da9c69a944025b3e7c578f852b77d - - default default] Successfully bumped revision number for resource 880bbf11-9d0e-49ca-9b01-86a1cf3de791 (type: security_group_rules) to 0
2026-07-02 01:53:05.094 9 INFO neutron.wsgi [None req-63d34205-1807-46c9-9858-24e50d158e2a ae309cb1008b486e862d1777450af502 8a4da9c69a944025b3e7c578f852b77d - - default default] 10.0.0.146 "POST /v2.0/security-group-rules HTTP/1.1" status: 201 len: 764 time: 0.5128386
2026-07-02 01:53:05.219 10 INFO neutron.db.ovn_revision_numbers_db [None req-85ab9e79-0424-42a9-b851-2fe1c34a07f2 ae309cb1008b486e862d1777450af502 8a4da9c69a944025b3e7c578f852b77d - - default default] Successfully bumped revision number for resource c708e0b2-5f75-4812-9641-f2f29a487218 (type: security_group_rules) to 0
2026-07-02 01:53:05.244 10 INFO neutron.wsgi [None req-85ab9e79-0424-42a9-b851-2fe1c34a07f2 ae309cb1008b486e862d1777450af502 8a4da9c69a944025b3e7c578f852b77d - - default default] 10.0.0.146 "POST /v2.0/security-group-rules HTTP/1.1" status: 201 len: 766 time: 0.1442072
2026-07-02 01:53:05.317 9 INFO neutron.db.ovn_revision_numbers_db [None req-d554d10b-8a31-4b0b-82e7-ecb96d22c563 - - - - - -] Successfully bumped revision number for resource ca230efd-9c72-4238-b3fe-6331e7e2b3b5 (type: ports) to 2
2026-07-02 01:53:05.381 10 INFO neutron.db.ovn_revision_numbers_db [None req-c66b0236-3fc1-4e84-bcf6-41b670d7da5c ae309cb1008b486e862d1777450af502 8a4da9c69a944025b3e7c578f852b77d - - default default] Successfully bumped revision number for resource 79db97dc-100b-42a5-b989-396ad2404d83 (type: security_group_rules) to 0
2026-07-02 01:53:05.407 10 INFO neutron.wsgi [None req-c66b0236-3fc1-4e84-bcf6-41b670d7da5c ae309cb1008b486e862d1777450af502 8a4da9c69a944025b3e7c578f852b77d - - default default] 10.0.0.146 "POST /v2.0/security-group-rules HTTP/1.1" status: 201 len: 768 time: 0.1587791
2026-07-02 01:53:05.437 9 INFO neutron.db.ovn_revision_numbers_db [None req-d554d10b-8a31-4b0b-82e7-ecb96d22c563 - - - - - -] Successfully bumped revision number for resource ca230efd-9c72-4238-b3fe-6331e7e2b3b5 (type: router_ports) to 2
2026-07-02 01:53:05.558 10 INFO neutron.db.ovn_revision_numbers_db [None req-a992f3c3-9d8a-4501-9eb9-339caca8b380 ae309cb1008b486e862d1777450af502 8a4da9c69a944025b3e7c578f852b77d - - default default] Successfully bumped revision number for resource 841f7952-04ac-479e-ab82-a6b67deb6ae1 (type: security_group_rules) to 0
2026-07-02 01:53:05.585 10 INFO neutron.wsgi [None req-a992f3c3-9d8a-4501-9eb9-339caca8b380 ae309cb1008b486e862d1777450af502 8a4da9c69a944025b3e7c578f852b77d - - default default] 10.0.0.146 "POST /v2.0/security-group-rules HTTP/1.1" status: 201 len: 768 time: 0.1686134
2026-07-02 01:53:05.737 10 INFO neutron.db.ovn_revision_numbers_db [None req-f83b1636-fffb-434b-96d1-2c2a21985530 ae309cb1008b486e862d1777450af502 8a4da9c69a944025b3e7c578f852b77d - - default default] Successfully bumped revision number for resource 1258ba3a-e431-4ba4-952b-5c54e045ca7f (type: security_group_rules) to 0
2026-07-02 01:53:05.764 10 INFO neutron.wsgi [None req-f83b1636-fffb-434b-96d1-2c2a21985530 ae309cb1008b486e862d1777450af502 8a4da9c69a944025b3e7c578f852b77d - - default default] 10.0.0.146 "POST /v2.0/security-group-rules HTTP/1.1" status: 201 len: 764 time: 0.1726532
2026-07-02 01:53:05.917 10 INFO neutron.db.ovn_revision_numbers_db [None req-4fb32430-6e91-4dc1-8726-13ca7eb9917a ae309cb1008b486e862d1777450af502 8a4da9c69a944025b3e7c578f852b77d - - default default] Successfully bumped revision number for resource c60c0f0e-15b4-4265-ac25-9c881c6e18f9 (type: security_group_rules) to 0
2026-07-02 01:53:05.945 10 INFO neutron.wsgi [None req-4fb32430-6e91-4dc1-8726-13ca7eb9917a ae309cb1008b486e862d1777450af502 8a4da9c69a944025b3e7c578f852b77d - - default default] 10.0.0.146 "POST /v2.0/security-group-rules HTTP/1.1" status: 201 len: 764 time: 0.1752095
2026-07-02 01:53:06.114 10 INFO neutron.db.ovn_revision_numbers_db [None req-419f0e6f-31fb-4306-9b93-5383793374b4 ae309cb1008b486e862d1777450af502 8a4da9c69a944025b3e7c578f852b77d - - default default] Successfully bumped revision number for resource b66a3701-32c3-4cf8-a90a-b988f8a31505 (type: security_group_rules) to 0
2026-07-02 01:53:06.145 10 INFO neutron.wsgi [None req-419f0e6f-31fb-4306-9b93-5383793374b4 ae309cb1008b486e862d1777450af502 8a4da9c69a944025b3e7c578f852b77d - - default default] 10.0.0.146 "POST /v2.0/security-group-rules HTTP/1.1" status: 201 len: 764 time: 0.1951742
2026-07-02 01:53:06.303 10 INFO neutron.db.ovn_revision_numbers_db [None req-248ae7a5-ee3c-47c9-a314-3c29a2ca3a4e ae309cb1008b486e862d1777450af502 8a4da9c69a944025b3e7c578f852b77d - - default default] Successfully bumped revision number for resource 89d2262c-97b9-48f2-a9ea-efeca33e6656 (type: security_group_rules) to 0
2026-07-02 01:53:06.328 10 INFO neutron.wsgi [None req-248ae7a5-ee3c-47c9-a314-3c29a2ca3a4e ae309cb1008b486e862d1777450af502 8a4da9c69a944025b3e7c578f852b77d - - default default] 10.0.0.146 "POST /v2.0/security-group-rules HTTP/1.1" status: 201 len: 766 time: 0.1770952
2026-07-02 01:53:06.488 10 INFO neutron.db.ovn_revision_numbers_db [None req-e367dc80-c01b-4852-bbed-266c97d0f071 ae309cb1008b486e862d1777450af502 8a4da9c69a944025b3e7c578f852b77d - - default default] Successfully bumped revision number for resource 0009f14b-f4fe-406b-96e9-ff5d6889d137 (type: security_group_rules) to 0
2026-07-02 01:53:06.514 10 INFO neutron.wsgi [None req-e367dc80-c01b-4852-bbed-266c97d0f071 ae309cb1008b486e862d1777450af502 8a4da9c69a944025b3e7c578f852b77d - - default default] 10.0.0.146 "POST /v2.0/security-group-rules HTTP/1.1" status: 201 len: 768 time: 0.1812944
2026-07-02 01:53:06.679 10 INFO neutron.db.ovn_revision_numbers_db [None req-50d39190-b448-4b85-b16d-3f37262d1e29 ae309cb1008b486e862d1777450af502 8a4da9c69a944025b3e7c578f852b77d - - default default] Successfully bumped revision number for resource 18bf282f-3649-4f08-aaad-963d0d5a0c6f (type: security_group_rules) to 0
2026-07-02 01:53:06.702 10 INFO neutron.wsgi [None req-50d39190-b448-4b85-b16d-3f37262d1e29 ae309cb1008b486e862d1777450af502 8a4da9c69a944025b3e7c578f852b77d - - default default] 10.0.0.146 "POST /v2.0/security-group-rules HTTP/1.1" status: 201 len: 764 time: 0.1825285
2026-07-02 01:53:07.110 10 WARNING neutron.plugins.ml2.drivers.ovn.mech_driver.ovsdb.ovn_client [None req-1030e677-1232-499d-9dcc-bac5e89fa420 - - - - - -] No hosting information found for port a917de72-ec30-4457-a621-ac1c588ee9d3: RuntimeError: No hosting information found for port a917de72-ec30-4457-a621-ac1c588ee9d3
2026-07-02 01:53:07.314 9 INFO neutron.wsgi [req-5679aef6-ab3a-4672-98ce-50cb4d16b9d6 req-e31f6f56-3fa2-4711-9136-179d35371a01 ae309cb1008b486e862d1777450af502 8a4da9c69a944025b3e7c578f852b77d - - default default] 10.0.0.125 "GET /v2.0/security-groups?name=tempest-lb_member_SG-370584301&fields=id&tenant_id=8a4da9c69a944025b3e7c578f852b77d HTTP/1.1" status: 200 len: 267 time: 0.0433650
2026-07-02 01:53:07.392 9 INFO neutron.wsgi [req-5679aef6-ab3a-4672-98ce-50cb4d16b9d6 req-d61480f7-8187-47a8-84aa-108eeee806d0 ae309cb1008b486e862d1777450af502 8a4da9c69a944025b3e7c578f852b77d - - default default] 10.0.0.125 "GET /v2.0/networks?id=d776758e-bc6b-4a40-9ffe-4247aadce837 HTTP/1.1" status: 200 len: 904 time: 0.0704613
2026-07-02 01:53:07.409 9 INFO neutron.wsgi [req-5679aef6-ab3a-4672-98ce-50cb4d16b9d6 req-9e4ee7a4-081f-4630-914f-56bd9cf5ff48 ae309cb1008b486e862d1777450af502 8a4da9c69a944025b3e7c578f852b77d - - default default] 10.0.0.125 "GET /v2.0/quotas/8a4da9c69a944025b3e7c578f852b77d HTTP/1.1" status: 200 len: 386 time: 0.0096123
2026-07-02 01:53:07.620 9 INFO neutron.wsgi [req-5679aef6-ab3a-4672-98ce-50cb4d16b9d6 req-477e6a34-d1cd-4d79-9aa4-fa9d70839ad0 ae309cb1008b486e862d1777450af502 8a4da9c69a944025b3e7c578f852b77d - - default default] 10.0.0.125 "GET /v2.0/ports?tenant_id=8a4da9c69a944025b3e7c578f852b77d&fields=id HTTP/1.1" status: 200 len: 486 time: 0.2043617
2026-07-02 01:53:07.867 9 INFO neutron.wsgi [req-5679aef6-ab3a-4672-98ce-50cb4d16b9d6 req-093bccbd-81fe-4e4e-b84f-f4a5816c9329 57fe36a488ba486081a343b635dfba0d 8f0f3f8a99ec42549119dbc71ad33162 - - b77b7b8eed434c65920ba20056628b30 b77b7b8eed434c65920ba20056628b30] 10.0.0.125 "GET /v2.0/networks/d776758e-bc6b-4a40-9ffe-4247aadce837?fields=segments HTTP/1.1" status: 200 len: 212 time: 0.2345870
2026-07-02 01:53:07.955 9 INFO neutron.wsgi [req-5679aef6-ab3a-4672-98ce-50cb4d16b9d6 req-3d2f769e-bce1-45e0-af79-3d157315f2b3 57fe36a488ba486081a343b635dfba0d 8f0f3f8a99ec42549119dbc71ad33162 - - b77b7b8eed434c65920ba20056628b30 b77b7b8eed434c65920ba20056628b30] 10.0.0.125 "GET /v2.0/networks/d776758e-bc6b-4a40-9ffe-4247aadce837?fields=provider%3Aphysical_network&fields=provider%3Anetwork_type HTTP/1.1" status: 200 len: 277 time: 0.0743639
2026-07-02 01:53:08.200 9 INFO neutron.wsgi [req-a398c48e-0190-4059-8f09-43c01f0c87b5 req-65621556-570c-4152-a31e-b7701d239b43 ae309cb1008b486e862d1777450af502 8a4da9c69a944025b3e7c578f852b77d - - default default] 10.0.0.125 "GET /v2.0/ports?device_id=37e47b5d-7e98-4690-931d-1247c521b70e HTTP/1.1" status: 200 len: 210 time: 0.1112843
2026-07-02 01:53:08.546 10 INFO neutron.db.ovn_revision_numbers_db [None req-bbf11cf3-fb2e-42cc-b46a-991a21963087 03dda0552c6745ec95235e7a77de69fc dd840805542c4164b2f9039de6e505de - - default default] Successfully bumped revision number for resource 0fb186f6-62dc-4cf1-bd3f-2ef1c6e1c2da (type: security_groups) to 1
2026-07-02 01:53:08.559 10 INFO neutron.db.ovn_revision_numbers_db [None req-bbf11cf3-fb2e-42cc-b46a-991a21963087 03dda0552c6745ec95235e7a77de69fc dd840805542c4164b2f9039de6e505de - - default default] Successfully bumped revision number for resource 3690381e-faca-495b-a490-bd27bb2b5e66 (type: security_group_rules) to 0
2026-07-02 01:53:08.573 10 INFO neutron.db.ovn_revision_numbers_db [None req-bbf11cf3-fb2e-42cc-b46a-991a21963087 03dda0552c6745ec95235e7a77de69fc dd840805542c4164b2f9039de6e505de - - default default] Successfully bumped revision number for resource 5d34e722-97cd-4f57-8f48-27cd16c10a1b (type: security_group_rules) to 0
2026-07-02 01:53:08.593 10 INFO neutron.db.ovn_revision_numbers_db [None req-bbf11cf3-fb2e-42cc-b46a-991a21963087 03dda0552c6745ec95235e7a77de69fc dd840805542c4164b2f9039de6e505de - - default default] Successfully bumped revision number for resource 9df333a2-34ae-4f5a-9160-69660dbdfd39 (type: security_group_rules) to 0
2026-07-02 01:53:08.609 10 INFO neutron.db.ovn_revision_numbers_db [None req-bbf11cf3-fb2e-42cc-b46a-991a21963087 03dda0552c6745ec95235e7a77de69fc dd840805542c4164b2f9039de6e505de - - default default] Successfully bumped revision number for resource f6e40c4b-d2bf-4f81-981b-c88eb857b65c (type: security_group_rules) to 0
2026-07-02 01:53:08.665 10 INFO neutron.db.segments_db [None req-bbf11cf3-fb2e-42cc-b46a-991a21963087 03dda0552c6745ec95235e7a77de69fc dd840805542c4164b2f9039de6e505de - - default default] Added segment a98eaaf9-a09e-4a01-b8fc-67731f1f7cde of type geneve for network 5fbbcd44-4f1d-4594-bcd2-a4308da6b131
2026-07-02 01:53:08.809 10 INFO neutron.db.ovn_revision_numbers_db [None req-bbf11cf3-fb2e-42cc-b46a-991a21963087 03dda0552c6745ec95235e7a77de69fc dd840805542c4164b2f9039de6e505de - - default default] Successfully bumped revision number for resource 5fbbcd44-4f1d-4594-bcd2-a4308da6b131 (type: networks) to 1
2026-07-02 01:53:08.989 10 INFO neutron.wsgi [req-5679aef6-ab3a-4672-98ce-50cb4d16b9d6 req-441e5dd6-764e-44c6-ac93-d2d3d3338b67 ae309cb1008b486e862d1777450af502 8a4da9c69a944025b3e7c578f852b77d - - default default] 199.204.45.70 "GET /v2.0/networks?id=d776758e-bc6b-4a40-9ffe-4247aadce837 HTTP/1.1" status: 200 len: 904 time: 0.1768620
2026-07-02 01:53:09.077 10 INFO neutron.wsgi [req-5679aef6-ab3a-4672-98ce-50cb4d16b9d6 req-96315622-aff6-4238-8edf-e1b7bec5abd6 ae309cb1008b486e862d1777450af502 8a4da9c69a944025b3e7c578f852b77d - - default default] 199.204.45.70 "GET /v2.0/security-groups?fields=id&fields=name&tenant_id=8a4da9c69a944025b3e7c578f852b77d HTTP/1.1" status: 200 len: 377 time: 0.0792468
2026-07-02 01:53:09.079 10 WARNING neutron.scheduler.dhcp_agent_scheduler [None req-bbf11cf3-fb2e-42cc-b46a-991a21963087 03dda0552c6745ec95235e7a77de69fc dd840805542c4164b2f9039de6e505de - - default default] No more DHCP agents
2026-07-02 01:53:09.081 10 WARNING neutron.api.rpc.agentnotifiers.dhcp_rpc_agent_api [None req-bbf11cf3-fb2e-42cc-b46a-991a21963087 03dda0552c6745ec95235e7a77de69fc dd840805542c4164b2f9039de6e505de - - default default] Unable to schedule network 5fbbcd44-4f1d-4594-bcd2-a4308da6b131: no agents available; will retry on subsequent port and subnet creation events.
2026-07-02 01:53:09.190 10 INFO neutron.db.ovn_revision_numbers_db [None req-bbf11cf3-fb2e-42cc-b46a-991a21963087 03dda0552c6745ec95235e7a77de69fc dd840805542c4164b2f9039de6e505de - - default default] Successfully bumped revision number for resource d2081383-82c4-4ca2-a3f3-bebb1b35381a (type: ports) to 1
2026-07-02 01:53:09.227 10 INFO neutron.wsgi [None req-bbf11cf3-fb2e-42cc-b46a-991a21963087 03dda0552c6745ec95235e7a77de69fc dd840805542c4164b2f9039de6e505de - - default default] 10.0.0.146 "POST /v2.0/networks HTTP/1.1" status: 201 len: 830 time: 0.8493068
2026-07-02 01:53:09.578 10 WARNING neutron.scheduler.dhcp_agent_scheduler [None req-4001e114-72b1-471f-b96e-04249050b890 03dda0552c6745ec95235e7a77de69fc dd840805542c4164b2f9039de6e505de - - default default] No more DHCP agents
2026-07-02 01:53:09.581 10 WARNING neutron.api.rpc.agentnotifiers.dhcp_rpc_agent_api [None req-4001e114-72b1-471f-b96e-04249050b890 03dda0552c6745ec95235e7a77de69fc dd840805542c4164b2f9039de6e505de - - default default] Unable to schedule network 5fbbcd44-4f1d-4594-bcd2-a4308da6b131: no agents available; will retry on subsequent port and subnet creation events.
2026-07-02 01:53:09.598 10 WARNING neutron.scheduler.dhcp_agent_scheduler [req-5679aef6-ab3a-4672-98ce-50cb4d16b9d6 req-d5d0d857-3659-4f10-8357-de4438bde6d7 ae309cb1008b486e862d1777450af502 8a4da9c69a944025b3e7c578f852b77d - - default default] No more DHCP agents
2026-07-02 01:53:09.610 10 WARNING neutron.api.rpc.agentnotifiers.dhcp_rpc_agent_api [req-5679aef6-ab3a-4672-98ce-50cb4d16b9d6 req-d5d0d857-3659-4f10-8357-de4438bde6d7 ae309cb1008b486e862d1777450af502 8a4da9c69a944025b3e7c578f852b77d - - default default] Unable to schedule network d776758e-bc6b-4a40-9ffe-4247aadce837: no agents available; will retry on subsequent port and subnet creation events.
2026-07-02 01:53:09.705 10 INFO neutron.db.ovn_revision_numbers_db [None req-4001e114-72b1-471f-b96e-04249050b890 03dda0552c6745ec95235e7a77de69fc dd840805542c4164b2f9039de6e505de - - default default] Successfully bumped revision number for resource b566cb5e-ff4a-402c-812d-cdc3acac7f6e (type: ports) to 1
2026-07-02 01:53:09.749 10 INFO neutron.wsgi [None req-4001e114-72b1-471f-b96e-04249050b890 03dda0552c6745ec95235e7a77de69fc dd840805542c4164b2f9039de6e505de - - default default] 10.0.0.146 "POST /v2.0/ports HTTP/1.1" status: 201 len: 942 time: 0.5157104
2026-07-02 01:53:09.836 10 INFO neutron.db.ovn_revision_numbers_db [req-5679aef6-ab3a-4672-98ce-50cb4d16b9d6 req-d5d0d857-3659-4f10-8357-de4438bde6d7 ae309cb1008b486e862d1777450af502 8a4da9c69a944025b3e7c578f852b77d - - default default] Successfully bumped revision number for resource cf865ddd-215f-469b-9fcd-71515ffaeb7d (type: ports) to 1
2026-07-02 01:53:09.871 10 INFO neutron.wsgi [-] 10.0.0.74 "GET / HTTP/1.1" status: 200 len: 247 time: 0.0026724
2026-07-02 01:53:09.874 10 INFO neutron.wsgi [-] 10.0.0.74 "GET / HTTP/1.1" status: 200 len: 247 time: 0.0022054
2026-07-02 01:53:09.888 9 INFO neutron.wsgi [None req-daeb94f6-21e5-44ad-b05e-93426d3abbcb 03dda0552c6745ec95235e7a77de69fc dd840805542c4164b2f9039de6e505de - - default default] 10.0.0.146 "PUT /v2.0/ports/b566cb5e-ff4a-402c-812d-cdc3acac7f6e/tags HTTP/1.1" status: 200 len: 218 time: 0.1323857 /var/lib/openstack/lib/python3.10/site-packages/pycadf/identifier.py:71: UserWarning: Invalid uuid: neutron. To ensure interoperability, identifiers should be a valid uuid. warnings.warn(('Invalid uuid: %s. To ensure interoperability, '
2026-07-02 01:53:09.924 10 INFO neutron.wsgi [req-5679aef6-ab3a-4672-98ce-50cb4d16b9d6 req-d5d0d857-3659-4f10-8357-de4438bde6d7 ae309cb1008b486e862d1777450af502 8a4da9c69a944025b3e7c578f852b77d - - default default] 199.204.45.70 "POST /v2.0/ports HTTP/1.1" status: 201 len: 1380 time: 0.8347921
2026-07-02 01:53:09.929 10 INFO neutron.wsgi [None req-af311e83-1063-43a4-b5eb-3ab82830932e 03dda0552c6745ec95235e7a77de69fc dd840805542c4164b2f9039de6e505de - - default default] 10.0.0.146 "GET /v2.0/ports/b566cb5e-ff4a-402c-812d-cdc3acac7f6e/tags HTTP/1.1" status: 200 len: 218 time: 0.0347500
2026-07-02 01:53:10.028 10 INFO neutron.wsgi [None req-d17cd0e3-ef2c-4971-a6e5-cbf49f57996d 03dda0552c6745ec95235e7a77de69fc dd840805542c4164b2f9039de6e505de - - default default] 10.0.0.146 "PUT /v2.0/ports/b566cb5e-ff4a-402c-812d-cdc3acac7f6e/tags/green HTTP/1.1" status: 201 len: 201 time: 0.0894833
2026-07-02 01:53:10.062 9 INFO neutron.wsgi [None req-8b2570a5-7b31-433a-981f-411fdaadfc70 03dda0552c6745ec95235e7a77de69fc dd840805542c4164b2f9039de6e505de - - default default] 10.0.0.146 "GET /v2.0/ports/b566cb5e-ff4a-402c-812d-cdc3acac7f6e/tags HTTP/1.1" status: 200 len: 227 time: 0.0278566
2026-07-02 01:53:10.084 9 WARNING neutron.plugins.ml2.drivers.ovn.mech_driver.ovsdb.ovn_client [None req-d554d10b-8a31-4b0b-82e7-ecb96d22c563 - - - - - -] No hosting information found for port ca230efd-9c72-4238-b3fe-6331e7e2b3b5: RuntimeError: No hosting information found for port ca230efd-9c72-4238-b3fe-6331e7e2b3b5
2026-07-02 01:53:10.127 10 INFO neutron.wsgi [None req-869e3878-674f-482c-88e4-faf77a83d3a1 03dda0552c6745ec95235e7a77de69fc dd840805542c4164b2f9039de6e505de - - default default] 10.0.0.146 "PUT /v2.0/ports/b566cb5e-ff4a-402c-812d-cdc3acac7f6e/tags/red HTTP/1.1" status: 201 len: 201 time: 0.0563605
2026-07-02 01:53:10.166 9 INFO neutron.wsgi [None req-a13fce99-b0f7-4b4e-8f6e-bd021eab54db 03dda0552c6745ec95235e7a77de69fc dd840805542c4164b2f9039de6e505de - - default default] 10.0.0.146 "GET /v2.0/ports/b566cb5e-ff4a-402c-812d-cdc3acac7f6e/tags HTTP/1.1" status: 200 len: 227 time: 0.0335922
2026-07-02 01:53:10.254 9 INFO neutron.wsgi [None req-6cff9fa3-8eca-4cc2-833e-69467a11bcb8 03dda0552c6745ec95235e7a77de69fc dd840805542c4164b2f9039de6e505de - - default default] 10.0.0.146 "PUT /v2.0/ports/b566cb5e-ff4a-402c-812d-cdc3acac7f6e/tags/black.or.white HTTP/1.1" status: 201 len: 201 time: 0.0816164
2026-07-02 01:53:10.285 9 INFO neutron.wsgi [None req-8c8466d3-b8db-42fd-ac97-42ed484d2159 03dda0552c6745ec95235e7a77de69fc dd840805542c4164b2f9039de6e505de - - default default] 10.0.0.146 "GET /v2.0/ports/b566cb5e-ff4a-402c-812d-cdc3acac7f6e/tags HTTP/1.1" status: 200 len: 245 time: 0.0277617
2026-07-02 01:53:10.330 9 INFO neutron.wsgi [None req-eababe95-a644-4968-b960-23959cb52e4d 03dda0552c6745ec95235e7a77de69fc dd840805542c4164b2f9039de6e505de - - default default] 10.0.0.146 "PUT /v2.0/ports/b566cb5e-ff4a-402c-812d-cdc3acac7f6e/tags HTTP/1.1" status: 200 len: 230 time: 0.0390666
2026-07-02 01:53:10.366 9 INFO neutron.wsgi [None req-dfc4758f-ced7-44d3-a699-aa491e715985 03dda0552c6745ec95235e7a77de69fc dd840805542c4164b2f9039de6e505de - - default default] 10.0.0.146 "GET /v2.0/ports/b566cb5e-ff4a-402c-812d-cdc3acac7f6e/tags HTTP/1.1" status: 200 len: 230 time: 0.0303411
2026-07-02 01:53:10.400 9 INFO neutron.wsgi [None req-c60db0eb-b967-4209-80ef-f227637f330a 03dda0552c6745ec95235e7a77de69fc dd840805542c4164b2f9039de6e505de - - default default] 10.0.0.146 "GET /v2.0/ports/b566cb5e-ff4a-402c-812d-cdc3acac7f6e/tags/red HTTP/1.1" status: 204 len: 168 time: 0.0281191
2026-07-02 01:53:10.436 9 INFO neutron.api.v2.resource [None req-6e8e6448-d693-4d3b-bdb1-c41aaf0df3b6 03dda0552c6745ec95235e7a77de69fc dd840805542c4164b2f9039de6e505de - - default default] show failed (client error): The resource could not be found.
2026-07-02 01:53:10.437 9 INFO neutron.wsgi [None req-6e8e6448-d693-4d3b-bdb1-c41aaf0df3b6 03dda0552c6745ec95235e7a77de69fc dd840805542c4164b2f9039de6e505de - - default default] 10.0.0.146 "GET /v2.0/ports/b566cb5e-ff4a-402c-812d-cdc3acac7f6e/tags/green HTTP/1.1" status: 404 len: 299 time: 0.0279958
2026-07-02 01:53:10.535 9 INFO neutron.wsgi [None req-5ed738f3-cef3-4113-bff5-fa73f5762541 03dda0552c6745ec95235e7a77de69fc dd840805542c4164b2f9039de6e505de - - default default] 10.0.0.146 "DELETE /v2.0/ports/b566cb5e-ff4a-402c-812d-cdc3acac7f6e/tags/red HTTP/1.1" status: 204 len: 168 time: 0.0928888
2026-07-02 01:53:10.572 9 INFO neutron.wsgi [None req-fe7437f3-2b84-4751-b88e-0391f73924fb 03dda0552c6745ec95235e7a77de69fc dd840805542c4164b2f9039de6e505de - - default default] 10.0.0.146 "GET /v2.0/ports/b566cb5e-ff4a-402c-812d-cdc3acac7f6e/tags HTTP/1.1" status: 200 len: 223 time: 0.0315998
2026-07-02 01:53:10.611 9 INFO neutron.api.v2.resource [None req-b21610a6-acfc-456d-8326-407ae66b2d86 03dda0552c6745ec95235e7a77de69fc dd840805542c4164b2f9039de6e505de - - default default] delete failed (client error): The resource could not be found.
2026-07-02 01:53:10.613 9 INFO neutron.wsgi [None req-b21610a6-acfc-456d-8326-407ae66b2d86 03dda0552c6745ec95235e7a77de69fc dd840805542c4164b2f9039de6e505de - - default default] 10.0.0.146 "DELETE /v2.0/ports/b566cb5e-ff4a-402c-812d-cdc3acac7f6e/tags/green HTTP/1.1" status: 404 len: 299 time: 0.0343926 /var/lib/openstack/lib/python3.10/site-packages/pycadf/identifier.py:71: UserWarning: Invalid uuid: neutron. To ensure interoperability, identifiers should be a valid uuid. warnings.warn(('Invalid uuid: %s. To ensure interoperability, '
2026-07-02 01:53:10.689 10 INFO neutron.wsgi [None req-9edabb1c-77ae-4ff6-9f9a-948e2a42860c 03dda0552c6745ec95235e7a77de69fc dd840805542c4164b2f9039de6e505de - - default default] 10.0.0.146 "DELETE /v2.0/ports/b566cb5e-ff4a-402c-812d-cdc3acac7f6e/tags HTTP/1.1" status: 204 len: 168 time: 0.0705607
2026-07-02 01:53:10.728 10 INFO neutron.wsgi [None req-30f2f29e-892d-4972-9476-ea540fd02b37 03dda0552c6745ec95235e7a77de69fc dd840805542c4164b2f9039de6e505de - - default default] 10.0.0.146 "GET /v2.0/ports/b566cb5e-ff4a-402c-812d-cdc3acac7f6e/tags HTTP/1.1" status: 200 len: 205 time: 0.0330536
2026-07-02 01:53:10.799 10 INFO neutron.db.ovn_revision_numbers_db [req-5679aef6-ab3a-4672-98ce-50cb4d16b9d6 req-b72d15f9-fddd-494d-b941-199dae35f114 57fe36a488ba486081a343b635dfba0d 8f0f3f8a99ec42549119dbc71ad33162 - - b77b7b8eed434c65920ba20056628b30 b77b7b8eed434c65920ba20056628b30] Successfully bumped revision number for resource cf865ddd-215f-469b-9fcd-71515ffaeb7d (type: ports) to 2
2026-07-02 01:53:11.016 9 INFO neutron.wsgi [None req-e6f0716b-27b8-4ff5-8d5c-056f60f90502 03dda0552c6745ec95235e7a77de69fc dd840805542c4164b2f9039de6e505de - - default default] 10.0.0.146 "DELETE /v2.0/ports/b566cb5e-ff4a-402c-812d-cdc3acac7f6e HTTP/1.1" status: 204 len: 168 time: 0.2756975 /var/lib/openstack/lib/python3.10/site-packages/pycadf/identifier.py:71: UserWarning: Invalid uuid: neutron. To ensure interoperability, identifiers should be a valid uuid. warnings.warn(('Invalid uuid: %s. To ensure interoperability, '
2026-07-02 01:53:11.145 10 INFO neutron.db.ovn_revision_numbers_db [req-5679aef6-ab3a-4672-98ce-50cb4d16b9d6 req-b72d15f9-fddd-494d-b941-199dae35f114 57fe36a488ba486081a343b635dfba0d 8f0f3f8a99ec42549119dbc71ad33162 - - b77b7b8eed434c65920ba20056628b30 b77b7b8eed434c65920ba20056628b30] Successfully bumped revision number for resource cf865ddd-215f-469b-9fcd-71515ffaeb7d (type: ports) to 2
2026-07-02 01:53:11.162 10 INFO neutron.wsgi [req-5679aef6-ab3a-4672-98ce-50cb4d16b9d6 req-b72d15f9-fddd-494d-b941-199dae35f114 57fe36a488ba486081a343b635dfba0d 8f0f3f8a99ec42549119dbc71ad33162 - - b77b7b8eed434c65920ba20056628b30 b77b7b8eed434c65920ba20056628b30] 199.204.45.70 "PUT /v2.0/ports/cf865ddd-215f-469b-9fcd-71515ffaeb7d HTTP/1.1" status: 200 len: 1597 time: 1.2286546
2026-07-02 01:53:11.258 10 INFO neutron.notifiers.nova [-] Nova event matching ['req-f8e8abfc-107e-452d-897a-028cdb022ff1'] response: {'name': 'network-changed', 'server_uuid': '37e47b5d-7e98-4690-931d-1247c521b70e', 'tag': 'cf865ddd-215f-469b-9fcd-71515ffaeb7d', 'status': 'completed', 'code': 200}
2026-07-02 01:53:11.261 10 INFO neutron.wsgi [req-5679aef6-ab3a-4672-98ce-50cb4d16b9d6 req-bea02177-2bdc-4186-9b71-6c54bf5d8c32 57fe36a488ba486081a343b635dfba0d 8f0f3f8a99ec42549119dbc71ad33162 - - b77b7b8eed434c65920ba20056628b30 b77b7b8eed434c65920ba20056628b30] 199.204.45.70 "GET /v2.0/ports?tenant_id=8a4da9c69a944025b3e7c578f852b77d&device_id=37e47b5d-7e98-4690-931d-1247c521b70e HTTP/1.1" status: 200 len: 1628 time: 0.0563838
2026-07-02 01:53:11.293 10 INFO neutron.wsgi [req-5679aef6-ab3a-4672-98ce-50cb4d16b9d6 req-a001da31-8a6f-40a5-94a3-00ec4fee8197 57fe36a488ba486081a343b635dfba0d 8f0f3f8a99ec42549119dbc71ad33162 - - b77b7b8eed434c65920ba20056628b30 b77b7b8eed434c65920ba20056628b30] 199.204.45.70 "GET /v2.0/floatingips?fixed_ip_address=10.2.1.186&port_id=cf865ddd-215f-469b-9fcd-71515ffaeb7d HTTP/1.1" status: 200 len: 217 time: 0.0241041
2026-07-02 01:53:11.319 10 INFO neutron.wsgi [req-5679aef6-ab3a-4672-98ce-50cb4d16b9d6 req-d6b64f9f-27be-46fe-bae9-b85a927836f9 57fe36a488ba486081a343b635dfba0d 8f0f3f8a99ec42549119dbc71ad33162 - - b77b7b8eed434c65920ba20056628b30 b77b7b8eed434c65920ba20056628b30] 199.204.45.70 "GET /v2.0/floatingips?fixed_ip_address=fd7b%3Af9f7%3Afff%3A4eca%3A%3Ad&port_id=cf865ddd-215f-469b-9fcd-71515ffaeb7d HTTP/1.1" status: 200 len: 217 time: 0.0189247
2026-07-02 01:53:11.369 10 INFO neutron.wsgi [req-5679aef6-ab3a-4672-98ce-50cb4d16b9d6 req-4b0ed0db-d4d7-44fa-a57b-46e995d5ad63 57fe36a488ba486081a343b635dfba0d 8f0f3f8a99ec42549119dbc71ad33162 - - b77b7b8eed434c65920ba20056628b30 b77b7b8eed434c65920ba20056628b30] 199.204.45.70 "GET /v2.0/subnets?id=8f776b21-5ce2-42f6-b0d0-d44799adc050&id=682b2eba-2a90-4091-9a4f-d70b66975e69 HTTP/1.1" status: 200 len: 1563 time: 0.0419579
2026-07-02 01:53:11.400 10 INFO neutron.wsgi [req-5679aef6-ab3a-4672-98ce-50cb4d16b9d6 req-0b59b56d-ff37-43e0-8c61-b644a1358b32 57fe36a488ba486081a343b635dfba0d 8f0f3f8a99ec42549119dbc71ad33162 - - b77b7b8eed434c65920ba20056628b30 b77b7b8eed434c65920ba20056628b30] 199.204.45.70 "GET /v2.0/ports?network_id=d776758e-bc6b-4a40-9ffe-4247aadce837&device_owner=network%3Adhcp HTTP/1.1" status: 200 len: 210 time: 0.0229864
2026-07-02 01:53:11.426 10 INFO neutron.wsgi [req-5679aef6-ab3a-4672-98ce-50cb4d16b9d6 req-a3fd1a4d-0ef4-4f22-a980-7b471e7568f8 57fe36a488ba486081a343b635dfba0d 8f0f3f8a99ec42549119dbc71ad33162 - - b77b7b8eed434c65920ba20056628b30 b77b7b8eed434c65920ba20056628b30] 199.204.45.70 "GET /v2.0/ports?network_id=d776758e-bc6b-4a40-9ffe-4247aadce837&device_owner=network%3Adhcp HTTP/1.1" status: 200 len: 210 time: 0.0190921
2026-07-02 01:53:11.500 10 INFO neutron.wsgi [req-5679aef6-ab3a-4672-98ce-50cb4d16b9d6 req-58dd8262-ea15-4f8d-9be4-51a9060094f3 57fe36a488ba486081a343b635dfba0d 8f0f3f8a99ec42549119dbc71ad33162 - - b77b7b8eed434c65920ba20056628b30 b77b7b8eed434c65920ba20056628b30] 199.204.45.70 "GET /v2.0/networks/d776758e-bc6b-4a40-9ffe-4247aadce837?fields=segments HTTP/1.1" status: 200 len: 212 time: 0.0613978
2026-07-02 01:53:11.523 10 INFO neutron.services.segments.plugin [-] Segment a98eaaf9-a09e-4a01-b8fc-67731f1f7cde resource provider aggregate not found
2026-07-02 01:53:11.528 10 INFO neutron.services.segments.plugin [-] Segment a98eaaf9-a09e-4a01-b8fc-67731f1f7cde resource provider aggregate not found
2026-07-02 01:53:11.543 10 INFO neutron.services.segments.plugin [-] Segment a98eaaf9-a09e-4a01-b8fc-67731f1f7cde resource provider not found; error: Placement Client Error (4xx): {"errors": [{"status": 404, "title": "Not Found", "detail": "The resource could not be found.\n\n No resource provider with uuid a98eaaf9-a09e-4a01-b8fc-67731f1f7cde found for delete ", "request_id": "req-cdfef4db-7831-425a-95c7-470384a0f282"}]}
2026-07-02 01:53:11.565 10 INFO neutron.services.segments.plugin [-] Segment a98eaaf9-a09e-4a01-b8fc-67731f1f7cde resource provider not found; error: Placement Client Error (4xx): {"errors": [{"status": 404, "title": "Not Found", "detail": "The resource could not be found.\n\n No resource provider with uuid a98eaaf9-a09e-4a01-b8fc-67731f1f7cde found for delete ", "request_id": "req-76b825de-2dc7-4431-b8d3-6bf557f6c860"}]}
2026-07-02 01:53:11.596 10 INFO neutron.wsgi [req-5679aef6-ab3a-4672-98ce-50cb4d16b9d6 req-4582856e-d585-43e3-bfd5-a21b6a726391 57fe36a488ba486081a343b635dfba0d 8f0f3f8a99ec42549119dbc71ad33162 - - b77b7b8eed434c65920ba20056628b30 b77b7b8eed434c65920ba20056628b30] 199.204.45.70 "GET /v2.0/networks/d776758e-bc6b-4a40-9ffe-4247aadce837?fields=provider%3Aphysical_network&fields=provider%3Anetwork_type HTTP/1.1" status: 200 len: 277 time: 0.0857964
2026-07-02 01:53:11.645 10 INFO neutron.wsgi [None req-3193726f-dd78-4d0d-a899-cf5714781d36 03dda0552c6745ec95235e7a77de69fc dd840805542c4164b2f9039de6e505de - - default default] 10.0.0.146 "DELETE /v2.0/networks/5fbbcd44-4f1d-4594-bcd2-a4308da6b131 HTTP/1.1" status: 204 len: 168 time: 0.6213918
2026-07-02 01:53:11.705 10 INFO neutron.wsgi [req-36393909-f076-4a20-a71d-448595bed494 req-32d49344-ac48-4b9e-aebc-1fe9573de532 57fe36a488ba486081a343b635dfba0d 8f0f3f8a99ec42549119dbc71ad33162 - - b77b7b8eed434c65920ba20056628b30 b77b7b8eed434c65920ba20056628b30] 199.204.45.70 "GET /v2.0/ports?tenant_id=8a4da9c69a944025b3e7c578f852b77d&device_id=37e47b5d-7e98-4690-931d-1247c521b70e HTTP/1.1" status: 200 len: 1628 time: 0.0436761
2026-07-02 01:53:11.783 10 INFO neutron.wsgi [req-36393909-f076-4a20-a71d-448595bed494 req-1798e04e-3884-4165-8a48-359a53a5a633 57fe36a488ba486081a343b635dfba0d 8f0f3f8a99ec42549119dbc71ad33162 - - b77b7b8eed434c65920ba20056628b30 b77b7b8eed434c65920ba20056628b30] 199.204.45.70 "GET /v2.0/networks?id=d776758e-bc6b-4a40-9ffe-4247aadce837 HTTP/1.1" status: 200 len: 1003 time: 0.0703526
2026-07-02 01:53:11.815 10 INFO neutron.wsgi [req-36393909-f076-4a20-a71d-448595bed494 req-d2d76354-5c3b-4346-89c2-5214ddeb62a0 57fe36a488ba486081a343b635dfba0d 8f0f3f8a99ec42549119dbc71ad33162 - - b77b7b8eed434c65920ba20056628b30 b77b7b8eed434c65920ba20056628b30] 199.204.45.70 "GET /v2.0/floatingips?fixed_ip_address=10.2.1.186&port_id=cf865ddd-215f-469b-9fcd-71515ffaeb7d HTTP/1.1" status: 200 len: 217 time: 0.0232971
2026-07-02 01:53:11.845 10 INFO neutron.wsgi [req-36393909-f076-4a20-a71d-448595bed494 req-35987f1e-1c8d-4922-954f-5d0d7bf36f47 57fe36a488ba486081a343b635dfba0d 8f0f3f8a99ec42549119dbc71ad33162 - - b77b7b8eed434c65920ba20056628b30 b77b7b8eed434c65920ba20056628b30] 199.204.45.70 "GET /v2.0/floatingips?fixed_ip_address=fd7b%3Af9f7%3Afff%3A4eca%3A%3Ad&port_id=cf865ddd-215f-469b-9fcd-71515ffaeb7d HTTP/1.1" status: 200 len: 217 time: 0.0265450
2026-07-02 01:53:11.879 10 INFO neutron.plugins.ml2.drivers.ovn.mech_driver.mech_driver [None req-1030e677-1232-499d-9dcc-bac5e89fa420 - - - - - -] OVN reports status up for port: cf865ddd-215f-469b-9fcd-71515ffaeb7d
2026-07-02 01:53:11.896 10 INFO neutron.wsgi [req-36393909-f076-4a20-a71d-448595bed494 req-2eef692c-dade-4517-844d-65b82729acb9 57fe36a488ba486081a343b635dfba0d 8f0f3f8a99ec42549119dbc71ad33162 - - b77b7b8eed434c65920ba20056628b30 b77b7b8eed434c65920ba20056628b30] 199.204.45.70 "GET /v2.0/subnets?id=8f776b21-5ce2-42f6-b0d0-d44799adc050&id=682b2eba-2a90-4091-9a4f-d70b66975e69 HTTP/1.1" status: 200 len: 1563 time: 0.0427055
2026-07-02 01:53:11.916 10 INFO neutron.plugins.ml2.plugin [None req-1030e677-1232-499d-9dcc-bac5e89fa420 - - - - - -] Attempt 1 to provision port cf865ddd-215f-469b-9fcd-71515ffaeb7d
2026-07-02 01:53:11.945 10 INFO neutron.wsgi [req-36393909-f076-4a20-a71d-448595bed494 req-1b15606f-e4f5-4fdf-b02b-08e8ec193d5f 57fe36a488ba486081a343b635dfba0d 8f0f3f8a99ec42549119dbc71ad33162 - - b77b7b8eed434c65920ba20056628b30 b77b7b8eed434c65920ba20056628b30] 199.204.45.70 "GET /v2.0/ports?network_id=d776758e-bc6b-4a40-9ffe-4247aadce837&device_owner=network%3Adhcp HTTP/1.1" status: 200 len: 210 time: 0.0408971
2026-07-02 01:53:11.977 10 INFO neutron.wsgi [req-36393909-f076-4a20-a71d-448595bed494 req-57e95bcf-9267-40df-a284-6d1acf83bb4a 57fe36a488ba486081a343b635dfba0d 8f0f3f8a99ec42549119dbc71ad33162 - - b77b7b8eed434c65920ba20056628b30 b77b7b8eed434c65920ba20056628b30] 199.204.45.70 "GET /v2.0/ports?network_id=d776758e-bc6b-4a40-9ffe-4247aadce837&device_owner=network%3Adhcp HTTP/1.1" status: 200 len: 210 time: 0.0257859
2026-07-02 01:53:12.064 10 INFO neutron.wsgi [req-36393909-f076-4a20-a71d-448595bed494 req-9b7743e3-9a6e-4f23-976b-80df5f064129 57fe36a488ba486081a343b635dfba0d 8f0f3f8a99ec42549119dbc71ad33162 - - b77b7b8eed434c65920ba20056628b30 b77b7b8eed434c65920ba20056628b30] 199.204.45.70 "GET /v2.0/networks/d776758e-bc6b-4a40-9ffe-4247aadce837?fields=segments HTTP/1.1" status: 200 len: 212 time: 0.0697947
2026-07-02 01:53:12.171 10 INFO neutron.wsgi [req-36393909-f076-4a20-a71d-448595bed494 req-4aa2fa1a-0251-4da9-9baa-16e6f31e36d7 57fe36a488ba486081a343b635dfba0d 8f0f3f8a99ec42549119dbc71ad33162 - - b77b7b8eed434c65920ba20056628b30 b77b7b8eed434c65920ba20056628b30] 199.204.45.70 "GET /v2.0/networks/d776758e-bc6b-4a40-9ffe-4247aadce837?fields=provider%3Aphysical_network&fields=provider%3Anetwork_type HTTP/1.1" status: 200 len: 277 time: 0.0994816
2026-07-02 01:53:12.354 10 INFO neutron.db.ovn_revision_numbers_db [None req-1030e677-1232-499d-9dcc-bac5e89fa420 - - - - - -] Successfully bumped revision number for resource cf865ddd-215f-469b-9fcd-71515ffaeb7d (type: ports) to 4 /var/lib/openstack/lib/python3.10/site-packages/pycadf/identifier.py:71: UserWarning: Invalid uuid: neutron. To ensure interoperability, identifiers should be a valid uuid. warnings.warn(('Invalid uuid: %s. To ensure interoperability, '
2026-07-02 01:53:12.942 10 INFO neutron.db.ovn_revision_numbers_db [None req-61fbb90a-a80f-42c4-bfb8-d9829ecdea3e 0785ec01bfbb49a3b56fa95061537b39 bd32e336a76443538ecfe0ed4257b9f7 - - default default] Successfully bumped revision number for resource c485b7bb-ec2b-43c2-8fd5-478a90a35796 (type: security_groups) to 1
2026-07-02 01:53:12.991 10 INFO neutron.db.ovn_revision_numbers_db [None req-61fbb90a-a80f-42c4-bfb8-d9829ecdea3e 0785ec01bfbb49a3b56fa95061537b39 bd32e336a76443538ecfe0ed4257b9f7 - - default default] Successfully bumped revision number for resource 627329b7-90db-4422-a6a0-3a027f12aebc (type: security_group_rules) to 0
2026-07-02 01:53:13.046 10 INFO neutron.db.ovn_revision_numbers_db [None req-61fbb90a-a80f-42c4-bfb8-d9829ecdea3e 0785ec01bfbb49a3b56fa95061537b39 bd32e336a76443538ecfe0ed4257b9f7 - - default default] Successfully bumped revision number for resource 9486d947-f3e3-4c36-9326-6f5b67e1b4f0 (type: security_group_rules) to 0
2026-07-02 01:53:13.163 10 INFO neutron.db.ovn_revision_numbers_db [None req-61fbb90a-a80f-42c4-bfb8-d9829ecdea3e 0785ec01bfbb49a3b56fa95061537b39 bd32e336a76443538ecfe0ed4257b9f7 - - default default] Successfully bumped revision number for resource bed79859-5e4b-49b5-939f-2981d88111f0 (type: security_group_rules) to 0
2026-07-02 01:53:13.271 10 INFO neutron.db.ovn_revision_numbers_db [None req-61fbb90a-a80f-42c4-bfb8-d9829ecdea3e 0785ec01bfbb49a3b56fa95061537b39 bd32e336a76443538ecfe0ed4257b9f7 - - default default] Successfully bumped revision number for resource cb46f5df-b7cf-41e2-9712-1479044f8254 (type: security_group_rules) to 0
2026-07-02 01:53:13.296 10 INFO neutron.notifiers.nova [-] Nova event matching ['req-7812e26f-909d-4558-a5a6-86cfc2a4d646'] response: {'server_uuid': '37e47b5d-7e98-4690-931d-1247c521b70e', 'name': 'network-vif-plugged', 'status': 'completed', 'tag': 'cf865ddd-215f-469b-9fcd-71515ffaeb7d', 'code': 200}
2026-07-02 01:53:13.297 10 INFO neutron.notifiers.nova [-] Nova event matching ['req-7812e26f-909d-4558-a5a6-86cfc2a4d646'] response: {'server_uuid': '37e47b5d-7e98-4690-931d-1247c521b70e', 'name': 'network-vif-plugged', 'status': 'completed', 'tag': 'cf865ddd-215f-469b-9fcd-71515ffaeb7d', 'code': 200}
2026-07-02 01:53:13.306 10 INFO neutron.wsgi [None req-61fbb90a-a80f-42c4-bfb8-d9829ecdea3e 0785ec01bfbb49a3b56fa95061537b39 bd32e336a76443538ecfe0ed4257b9f7 - - default default] 10.0.0.146 "GET /v2.0/security-groups?tenant_id=971db81dee574f11b6ea41689ae1f74d&name=default HTTP/1.1" status: 200 len: 3000 time: 0.7095354
2026-07-02 01:53:13.367 9 INFO neutron.wsgi [req-85d3f80b-8008-4635-ab39-16839d2b3441 req-7bbe0c6d-0e8d-4392-8600-dcc35bc7cd61 ae309cb1008b486e862d1777450af502 8a4da9c69a944025b3e7c578f852b77d - - default default] 10.0.0.125 "GET /v2.0/ports?device_id=37e47b5d-7e98-4690-931d-1247c521b70e HTTP/1.1" status: 200 len: 1392 time: 0.1060259
2026-07-02 01:53:13.418 9 INFO neutron.wsgi [req-85d3f80b-8008-4635-ab39-16839d2b3441 req-81d43637-f00c-40c5-b3d0-a26cf4e7e662 ae309cb1008b486e862d1777450af502 8a4da9c69a944025b3e7c578f852b77d - - default default] 10.0.0.125 "GET /v2.0/security-groups?id=1d10922f-4dd2-4364-98bd-ea0bae62f217&fields=id&fields=name HTTP/1.1" status: 200 len: 310 time: 0.0452800
2026-07-02 01:53:13.656 9 INFO neutron.wsgi [None req-5278de85-ed18-40fc-bb2d-c53fdd47912b 0785ec01bfbb49a3b56fa95061537b39 bd32e336a76443538ecfe0ed4257b9f7 - - default default] 10.0.0.146 "DELETE /v2.0/security-groups/c485b7bb-ec2b-43c2-8fd5-478a90a35796 HTTP/1.1" status: 204 len: 168 time: 0.3422651
2026-07-02 01:53:13.867 9 INFO neutron.wsgi [None req-1f701b87-ddd1-46d9-b450-77dbc5f6cc76 0785ec01bfbb49a3b56fa95061537b39 bd32e336a76443538ecfe0ed4257b9f7 - - default default] 10.0.0.146 "GET /v2.0/security-groups?tenant_id=dd840805542c4164b2f9039de6e505de&name=default HTTP/1.1" status: 200 len: 3000 time: 0.0394003
2026-07-02 01:53:14.247 9 INFO neutron.wsgi [None req-1d92d963-037c-4b6b-aec5-ad4908afff11 0785ec01bfbb49a3b56fa95061537b39 bd32e336a76443538ecfe0ed4257b9f7 - - default default] 10.0.0.146 "DELETE /v2.0/security-groups/0fb186f6-62dc-4cf1-bd3f-2ef1c6e1c2da HTTP/1.1" status: 204 len: 168 time: 0.3763356
2026-07-02 01:53:16.478 10 INFO neutron.wsgi [req-c1b27821-9d83-43b4-aa6c-c16a4a9add6c req-4eea4488-429b-447a-b517-b4e8b0fad47d 57fe36a488ba486081a343b635dfba0d 8f0f3f8a99ec42549119dbc71ad33162 - - b77b7b8eed434c65920ba20056628b30 b77b7b8eed434c65920ba20056628b30] 199.204.45.70 "GET /v2.0/ports?device_id=37e47b5d-7e98-4690-931d-1247c521b70e&fields=binding%3Ahost_id&fields=binding%3Avif_type HTTP/1.1" status: 200 len: 265 time: 0.0333946
2026-07-02 01:53:16.543 10 INFO neutron.wsgi [req-c1b27821-9d83-43b4-aa6c-c16a4a9add6c req-2bd472a3-8a0a-418c-8eb9-cd275c5f4a03 57fe36a488ba486081a343b635dfba0d 8f0f3f8a99ec42549119dbc71ad33162 - - b77b7b8eed434c65920ba20056628b30 b77b7b8eed434c65920ba20056628b30] 199.204.45.70 "GET /v2.0/ports?tenant_id=8a4da9c69a944025b3e7c578f852b77d&device_id=37e47b5d-7e98-4690-931d-1247c521b70e HTTP/1.1" status: 200 len: 1630 time: 0.0325205
2026-07-02 01:53:16.642 10 INFO neutron.wsgi [req-c1b27821-9d83-43b4-aa6c-c16a4a9add6c req-43e34743-7d81-47c0-bae9-cb0ded16d082 57fe36a488ba486081a343b635dfba0d 8f0f3f8a99ec42549119dbc71ad33162 - - b77b7b8eed434c65920ba20056628b30 b77b7b8eed434c65920ba20056628b30] 199.204.45.70 "GET /v2.0/networks?id=d776758e-bc6b-4a40-9ffe-4247aadce837 HTTP/1.1" status: 200 len: 1003 time: 0.0764680
2026-07-02 01:53:16.668 10 INFO neutron.wsgi [req-c1b27821-9d83-43b4-aa6c-c16a4a9add6c req-593f51e2-1a6d-419e-9989-ef6229dc05c9 57fe36a488ba486081a343b635dfba0d 8f0f3f8a99ec42549119dbc71ad33162 - - b77b7b8eed434c65920ba20056628b30 b77b7b8eed434c65920ba20056628b30] 199.204.45.70 "GET /v2.0/floatingips?fixed_ip_address=10.2.1.186&port_id=cf865ddd-215f-469b-9fcd-71515ffaeb7d HTTP/1.1" status: 200 len: 217 time: 0.0198643
2026-07-02 01:53:16.701 10 INFO neutron.wsgi [req-c1b27821-9d83-43b4-aa6c-c16a4a9add6c req-9ab7328c-5bce-4b3e-983f-8c11de671a86 57fe36a488ba486081a343b635dfba0d 8f0f3f8a99ec42549119dbc71ad33162 - - b77b7b8eed434c65920ba20056628b30 b77b7b8eed434c65920ba20056628b30] 199.204.45.70 "GET /v2.0/floatingips?fixed_ip_address=fd7b%3Af9f7%3Afff%3A4eca%3A%3Ad&port_id=cf865ddd-215f-469b-9fcd-71515ffaeb7d HTTP/1.1" status: 200 len: 217 time: 0.0286939
2026-07-02 01:53:16.757 10 INFO neutron.wsgi [req-c1b27821-9d83-43b4-aa6c-c16a4a9add6c req-9c6b991f-79a9-4162-adf2-5cb42e7000d2 57fe36a488ba486081a343b635dfba0d 8f0f3f8a99ec42549119dbc71ad33162 - - b77b7b8eed434c65920ba20056628b30 b77b7b8eed434c65920ba20056628b30] 199.204.45.70 "GET /v2.0/subnets?id=8f776b21-5ce2-42f6-b0d0-d44799adc050&id=682b2eba-2a90-4091-9a4f-d70b66975e69 HTTP/1.1" status: 200 len: 1563 time: 0.0480046
2026-07-02 01:53:16.789 10 INFO neutron.wsgi [req-c1b27821-9d83-43b4-aa6c-c16a4a9add6c req-a800a31b-0b11-4a74-8eaf-14d5e8d31644 57fe36a488ba486081a343b635dfba0d 8f0f3f8a99ec42549119dbc71ad33162 - - b77b7b8eed434c65920ba20056628b30 b77b7b8eed434c65920ba20056628b30] 199.204.45.70 "GET /v2.0/ports?network_id=d776758e-bc6b-4a40-9ffe-4247aadce837&device_owner=network%3Adhcp HTTP/1.1" status: 200 len: 210 time: 0.0243862
2026-07-02 01:53:16.823 10 INFO neutron.wsgi [req-c1b27821-9d83-43b4-aa6c-c16a4a9add6c req-61241586-b7a5-4641-b0aa-42fe124b958e 57fe36a488ba486081a343b635dfba0d 8f0f3f8a99ec42549119dbc71ad33162 - - b77b7b8eed434c65920ba20056628b30 b77b7b8eed434c65920ba20056628b30] 199.204.45.70 "GET /v2.0/ports?network_id=d776758e-bc6b-4a40-9ffe-4247aadce837&device_owner=network%3Adhcp HTTP/1.1" status: 200 len: 210 time: 0.0262635
2026-07-02 01:53:16.909 10 INFO neutron.wsgi [req-c1b27821-9d83-43b4-aa6c-c16a4a9add6c req-f9d1fb21-c223-4af6-8594-e4669cd008be 57fe36a488ba486081a343b635dfba0d 8f0f3f8a99ec42549119dbc71ad33162 - - b77b7b8eed434c65920ba20056628b30 b77b7b8eed434c65920ba20056628b30] 199.204.45.70 "GET /v2.0/networks/d776758e-bc6b-4a40-9ffe-4247aadce837?fields=segments HTTP/1.1" status: 200 len: 212 time: 0.0800073
2026-07-02 01:53:16.989 10 INFO neutron.wsgi [req-c1b27821-9d83-43b4-aa6c-c16a4a9add6c req-9e1db250-c963-4899-af62-99cf0c867991 57fe36a488ba486081a343b635dfba0d 8f0f3f8a99ec42549119dbc71ad33162 - - b77b7b8eed434c65920ba20056628b30 b77b7b8eed434c65920ba20056628b30] 199.204.45.70 "GET /v2.0/networks/d776758e-bc6b-4a40-9ffe-4247aadce837?fields=provider%3Aphysical_network&fields=provider%3Anetwork_type HTTP/1.1" status: 200 len: 277 time: 0.0721478
2026-07-02 01:53:18.612 9 INFO neutron.wsgi [req-ad248a5f-12a1-4893-a24a-44905912455b req-aac7833f-e218-43b8-bfa4-23584d67a400 ae309cb1008b486e862d1777450af502 8a4da9c69a944025b3e7c578f852b77d - - default default] 10.0.0.125 "GET /v2.0/ports?device_id=37e47b5d-7e98-4690-931d-1247c521b70e HTTP/1.1" status: 200 len: 1392 time: 0.1270916
2026-07-02 01:53:18.664 9 INFO neutron.wsgi [req-ad248a5f-12a1-4893-a24a-44905912455b req-b9c09bc3-4ba8-46ac-911a-d56108fccb38 ae309cb1008b486e862d1777450af502 8a4da9c69a944025b3e7c578f852b77d - - default default] 10.0.0.125 "GET /v2.0/security-groups?id=1d10922f-4dd2-4364-98bd-ea0bae62f217&fields=id&fields=name HTTP/1.1" status: 200 len: 310 time: 0.0447743
2026-07-02 01:53:18.668 10 INFO neutron.wsgi [None req-792fa931-4e1a-4124-a490-3f82426cb690 a4e11a7628c34dafb901abd00be0582a 660148b8800f417c95ea4ad79bc8824a - - default default] 10.0.0.146 "POST /v2.0/subnetpools HTTP/1.1" status: 201 len: 715 time: 0.3100564
2026-07-02 01:53:18.810 9 INFO neutron.wsgi [None req-888f354a-7ab1-4407-a31f-c7b7519ed705 a4e11a7628c34dafb901abd00be0582a 660148b8800f417c95ea4ad79bc8824a - - default default] 10.0.0.146 "PUT /v2.0/subnetpools/61147d84-4880-4b13-8e60-d7a56c9a7c6a/tags HTTP/1.1" status: 200 len: 218 time: 0.1359961
2026-07-02 01:53:18.823 10 INFO neutron.wsgi [None req-92d7f3cf-3e50-4225-9b74-d05b4f5f41d4 ae309cb1008b486e862d1777450af502 8a4da9c69a944025b3e7c578f852b77d - - default default] 10.0.0.146 "GET /v2.0/ports?network_id=d776758e-bc6b-4a40-9ffe-4247aadce837&mac_address=fa%3A16%3A3e%3A74%3A10%3A73 HTTP/1.1" status: 200 len: 1387 time: 0.1346767
2026-07-02 01:53:18.834 9 INFO neutron.wsgi [None req-637e2ace-3699-42a2-bb78-376ea6ea24f9 a4e11a7628c34dafb901abd00be0582a 660148b8800f417c95ea4ad79bc8824a - - default default] 10.0.0.146 "GET /v2.0/subnetpools/61147d84-4880-4b13-8e60-d7a56c9a7c6a/tags HTTP/1.1" status: 200 len: 218 time: 0.0179842
2026-07-02 01:53:18.899 9 INFO neutron.wsgi [None req-99538bc6-89f1-4b89-ae14-c16a580f60de a4e11a7628c34dafb901abd00be0582a 660148b8800f417c95ea4ad79bc8824a - - default default] 10.0.0.146 "PUT /v2.0/subnetpools/61147d84-4880-4b13-8e60-d7a56c9a7c6a/tags/green HTTP/1.1" status: 201 len: 201 time: 0.0573177
2026-07-02 01:53:18.924 9 INFO neutron.wsgi [None req-d493b993-bcf0-4f17-8219-4ec2d0e10586 a4e11a7628c34dafb901abd00be0582a 660148b8800f417c95ea4ad79bc8824a - - default default] 10.0.0.146 "GET /v2.0/subnetpools/61147d84-4880-4b13-8e60-d7a56c9a7c6a/tags HTTP/1.1" status: 200 len: 227 time: 0.0198205
2026-07-02 01:53:18.960 9 INFO neutron.wsgi [None req-d18fafe3-6c37-4d38-9bf9-4798daf59bc3 a4e11a7628c34dafb901abd00be0582a 660148b8800f417c95ea4ad79bc8824a - - default default] 10.0.0.146 "PUT /v2.0/subnetpools/61147d84-4880-4b13-8e60-d7a56c9a7c6a/tags/red HTTP/1.1" status: 201 len: 201 time: 0.0301399
2026-07-02 01:53:18.986 9 INFO neutron.wsgi [None req-4c4b5b12-e4b2-41b6-a04c-cf0a4e79456e a4e11a7628c34dafb901abd00be0582a 660148b8800f417c95ea4ad79bc8824a - - default default] 10.0.0.146 "GET /v2.0/subnetpools/61147d84-4880-4b13-8e60-d7a56c9a7c6a/tags HTTP/1.1" status: 200 len: 227 time: 0.0203640
2026-07-02 01:53:19.098 9 INFO neutron.wsgi [None req-a5547f66-1c93-4a3a-b0f6-10d4f12fbc33 a4e11a7628c34dafb901abd00be0582a 660148b8800f417c95ea4ad79bc8824a - - default default] 10.0.0.146 "PUT /v2.0/subnetpools/61147d84-4880-4b13-8e60-d7a56c9a7c6a/tags/black.or.white HTTP/1.1" status: 201 len: 201 time: 0.1056449
2026-07-02 01:53:19.126 9 INFO neutron.wsgi [None req-9e98aa92-ea7c-4402-ab00-1aec1b320c0d a4e11a7628c34dafb901abd00be0582a 660148b8800f417c95ea4ad79bc8824a - - default default] 10.0.0.146 "GET /v2.0/subnetpools/61147d84-4880-4b13-8e60-d7a56c9a7c6a/tags HTTP/1.1" status: 200 len: 245 time: 0.0217502
2026-07-02 01:53:19.355 9 INFO neutron.wsgi [None req-c9344edb-87ba-4d43-ab8d-15793460eafa a4e11a7628c34dafb901abd00be0582a 660148b8800f417c95ea4ad79bc8824a - - default default] 10.0.0.146 "PUT /v2.0/subnetpools/61147d84-4880-4b13-8e60-d7a56c9a7c6a/tags HTTP/1.1" status: 200 len: 230 time: 0.2207210
2026-07-02 01:53:19.376 10 WARNING neutron.scheduler.dhcp_agent_scheduler [None req-417c82cc-a02c-4f1e-8d1f-71f28b4eaf25 ae309cb1008b486e862d1777450af502 8a4da9c69a944025b3e7c578f852b77d - - default default] No more DHCP agents
2026-07-02 01:53:19.379 10 WARNING neutron.api.rpc.agentnotifiers.dhcp_rpc_agent_api [None req-417c82cc-a02c-4f1e-8d1f-71f28b4eaf25 ae309cb1008b486e862d1777450af502 8a4da9c69a944025b3e7c578f852b77d - - default default] Unable to schedule network 2ac29a0c-5edc-47bb-bd0b-d5a39027a43f: no agents available; will retry on subsequent port and subnet creation events.
2026-07-02 01:53:19.386 9 INFO neutron.wsgi [None req-003a4623-5b2f-4fbb-976a-d207661cad67 a4e11a7628c34dafb901abd00be0582a 660148b8800f417c95ea4ad79bc8824a - - default default] 10.0.0.146 "GET /v2.0/subnetpools/61147d84-4880-4b13-8e60-d7a56c9a7c6a/tags HTTP/1.1" status: 200 len: 230 time: 0.0246391
2026-07-02 01:53:19.409 10 INFO neutron.wsgi [None req-c7a82a42-747a-44b2-93dc-6202343e11e0 a4e11a7628c34dafb901abd00be0582a 660148b8800f417c95ea4ad79bc8824a - - default default] 10.0.0.146 "GET /v2.0/subnetpools/61147d84-4880-4b13-8e60-d7a56c9a7c6a/tags/red HTTP/1.1" status: 204 len: 168 time: 0.0183182
2026-07-02 01:53:19.455 10 INFO neutron.api.v2.resource [None req-3e323285-ae36-4cee-b43b-591c06f7e510 a4e11a7628c34dafb901abd00be0582a 660148b8800f417c95ea4ad79bc8824a - - default default] show failed (client error): The resource could not be found.
2026-07-02 01:53:19.457 10 INFO neutron.wsgi [None req-3e323285-ae36-4cee-b43b-591c06f7e510 a4e11a7628c34dafb901abd00be0582a 660148b8800f417c95ea4ad79bc8824a - - default default] 10.0.0.146 "GET /v2.0/subnetpools/61147d84-4880-4b13-8e60-d7a56c9a7c6a/tags/green HTTP/1.1" status: 404 len: 299 time: 0.0433967
2026-07-02 01:53:19.580 10 INFO neutron.wsgi [None req-66deccda-1cb7-4607-9311-e3521334fce2 a4e11a7628c34dafb901abd00be0582a 660148b8800f417c95ea4ad79bc8824a - - default default] 10.0.0.146 "DELETE /v2.0/subnetpools/61147d84-4880-4b13-8e60-d7a56c9a7c6a/tags/red HTTP/1.1" status: 204 len: 168 time: 0.1175549
2026-07-02 01:53:19.608 9 INFO neutron.wsgi [None req-ccb12eb6-b751-48e7-a9d8-04e3b4082aa3 a4e11a7628c34dafb901abd00be0582a 660148b8800f417c95ea4ad79bc8824a - - default default] 10.0.0.146 "GET /v2.0/subnetpools/61147d84-4880-4b13-8e60-d7a56c9a7c6a/tags HTTP/1.1" status: 200 len: 223 time: 0.0210392
2026-07-02 01:53:19.640 9 INFO neutron.api.v2.resource [None req-f0b03786-8dc4-4df5-8dbf-db4af9bc68dc a4e11a7628c34dafb901abd00be0582a 660148b8800f417c95ea4ad79bc8824a - - default default] delete failed (client error): The resource could not be found.
2026-07-02 01:53:19.642 9 INFO neutron.wsgi [None req-f0b03786-8dc4-4df5-8dbf-db4af9bc68dc a4e11a7628c34dafb901abd00be0582a 660148b8800f417c95ea4ad79bc8824a - - default default] 10.0.0.146 "DELETE /v2.0/subnetpools/61147d84-4880-4b13-8e60-d7a56c9a7c6a/tags/green HTTP/1.1" status: 404 len: 299 time: 0.0289977
2026-07-02 01:53:19.693 9 INFO neutron.wsgi [None req-92d67f01-9a4b-4e31-9ffc-8c637bc0db75 a4e11a7628c34dafb901abd00be0582a 660148b8800f417c95ea4ad79bc8824a - - default default] 10.0.0.146 "DELETE /v2.0/subnetpools/61147d84-4880-4b13-8e60-d7a56c9a7c6a/tags HTTP/1.1" status: 204 len: 168 time: 0.0438781
