2026-07-02 01:42:21.691 9 INFO neutron.wsgi [None req-b43f4298-2d09-4f1f-ab1b-30341611750a 0785ec01bfbb49a3b56fa95061537b39 bd32e336a76443538ecfe0ed4257b9f7 - - default default] 10.0.0.224 "GET /v2.0/agents HTTP/1.1" status: 200 len: 997 time: 0.2203193
2026-07-02 01:42:21.725 9 INFO neutron.wsgi [None req-cfad9b30-755d-4a75-ad4d-48cbb789331c 0785ec01bfbb49a3b56fa95061537b39 bd32e336a76443538ecfe0ed4257b9f7 - - default default] 10.0.0.224 "GET /v2.0/subnets HTTP/1.1" status: 200 len: 1437 time: 0.0326648
2026-07-02 01:42:21.739 9 INFO neutron.wsgi [None req-3e0535c2-877a-434a-b692-0e42e594650d 0785ec01bfbb49a3b56fa95061537b39 bd32e336a76443538ecfe0ed4257b9f7 - - default default] 10.0.0.224 "GET /v2.0/subnetpools HTTP/1.1" status: 200 len: 193 time: 0.0129952
2026-07-02 01:42:21.766 9 INFO neutron.wsgi [None req-584806b7-4f48-48bb-b03c-276476fe8110 0785ec01bfbb49a3b56fa95061537b39 bd32e336a76443538ecfe0ed4257b9f7 - - default default] 10.0.0.224 "GET /v2.0/floatingips HTTP/1.1" status: 200 len: 193 time: 0.0271838
2026-07-02 01:42:21.798 9 INFO neutron.wsgi [None req-9e0cd6c4-86fa-4a77-9d25-b1c09ad6fc3a 0785ec01bfbb49a3b56fa95061537b39 bd32e336a76443538ecfe0ed4257b9f7 - - default default] 10.0.0.224 "GET /v2.0/ports HTTP/1.1" status: 200 len: 5351 time: 0.0311997
2026-07-02 01:42:21.823 9 INFO neutron.wsgi [None req-7db2c174-de24-47ee-a7de-d3755dee9500 0785ec01bfbb49a3b56fa95061537b39 bd32e336a76443538ecfe0ed4257b9f7 - - default default] 10.0.0.224 "GET /v2.0/routers HTTP/1.1" status: 200 len: 189 time: 0.0203876
2026-07-02 01:42:21.831 9 INFO neutron.wsgi [None req-e81dd608-aa47-4466-9df2-38a746f2ea62 0785ec01bfbb49a3b56fa95061537b39 bd32e336a76443538ecfe0ed4257b9f7 - - default default] 10.0.0.224 "GET /v2.0/agents?binary=ovn-controller HTTP/1.1" status: 200 len: 591 time: 0.0078995
2026-07-02 01:42:21.900 9 INFO neutron.wsgi [None req-f2bbf5d4-545f-4bd4-97f8-0cf9500eebba 0785ec01bfbb49a3b56fa95061537b39 bd32e336a76443538ecfe0ed4257b9f7 - - default default] 10.0.0.224 "GET /v2.0/security-groups HTTP/1.1" status: 200 len: 16803 time: 0.0673811
2026-07-02 01:42:21.948 9 INFO neutron.wsgi [None req-c861c4a0-de06-4f29-a071-d813bbb8e442 0785ec01bfbb49a3b56fa95061537b39 bd32e336a76443538ecfe0ed4257b9f7 - - default default] 10.0.0.224 "GET /v2.0/subnets HTTP/1.1" status: 200 len: 1437 time: 0.0426576
2026-07-02 01:42:22.035 9 INFO neutron.wsgi [None req-b59c1c15-1a3b-4ee2-b8de-174144dbd99d 0785ec01bfbb49a3b56fa95061537b39 bd32e336a76443538ecfe0ed4257b9f7 - - default default] 10.0.0.224 "GET /v2.0/networks HTTP/1.1" status: 200 len: 2348 time: 0.0856471
2026-07-02 01:42:22.049 9 INFO neutron.wsgi [None req-ce9d5738-2e78-4aaa-b681-a443959b28fb 0785ec01bfbb49a3b56fa95061537b39 bd32e336a76443538ecfe0ed4257b9f7 - - default default] 10.0.0.224 "GET /v2.0/network-ip-availabilities HTTP/1.1" status: 200 len: 1280 time: 0.0109754
2026-07-02 01:42:24.870 9 INFO neutron.wsgi [-] 10.0.0.74 "GET / HTTP/1.1" status: 200 len: 247 time: 0.0017426
2026-07-02 01:42:24.872 10 INFO neutron.wsgi [-] 10.0.0.74 "GET / HTTP/1.1" status: 200 len: 247 time: 0.0040998
2026-07-02 01:42:39.869 10 INFO neutron.wsgi [-] 10.0.0.74 "GET / HTTP/1.1" status: 200 len: 247 time: 0.0012355
2026-07-02 01:42:39.870 10 INFO neutron.wsgi [-] 10.0.0.74 "GET / HTTP/1.1" status: 200 len: 247 time: 0.0009470
2026-07-02 01:42:54.872 9 INFO neutron.wsgi [-] 10.0.0.74 "GET / HTTP/1.1" status: 200 len: 247 time: 0.0031359
2026-07-02 01:42:54.872 10 INFO neutron.wsgi [-] 10.0.0.74 "GET / HTTP/1.1" status: 200 len: 247 time: 0.0042715
2026-07-02 01:43:09.870 9 INFO neutron.wsgi [-] 10.0.0.74 "GET / HTTP/1.1" status: 200 len: 247 time: 0.0017915
2026-07-02 01:43:09.876 9 INFO neutron.wsgi [-] 10.0.0.74 "GET / HTTP/1.1" status: 200 len: 247 time: 0.0048006
2026-07-02 01:43:21.684 9 INFO neutron.wsgi [None req-8e17da1a-6cf6-4bb6-85bc-433f9b8c9778 0785ec01bfbb49a3b56fa95061537b39 bd32e336a76443538ecfe0ed4257b9f7 - - default default] 10.0.0.224 "GET /v2.0/security-groups HTTP/1.1" status: 200 len: 16803 time: 0.1573820
2026-07-02 01:43:21.720 9 INFO neutron.wsgi [None req-ce75ffff-1be7-4a8d-abde-b6babb17cba3 0785ec01bfbb49a3b56fa95061537b39 bd32e336a76443538ecfe0ed4257b9f7 - - default default] 10.0.0.224 "GET /v2.0/routers HTTP/1.1" status: 200 len: 189 time: 0.0251515
2026-07-02 01:43:21.769 9 INFO neutron.wsgi [None req-11f74a8e-59fb-4f1a-a41e-e223de2f11ef 0785ec01bfbb49a3b56fa95061537b39 bd32e336a76443538ecfe0ed4257b9f7 - - default default] 10.0.0.224 "GET /v2.0/agents?binary=ovn-controller HTTP/1.1" status: 200 len: 591 time: 0.0473924
2026-07-02 01:43:21.792 9 INFO neutron.wsgi [None req-033b9aff-49f9-43c1-a988-abb536908d81 0785ec01bfbb49a3b56fa95061537b39 bd32e336a76443538ecfe0ed4257b9f7 - - default default] 10.0.0.224 "GET /v2.0/agents HTTP/1.1" status: 200 len: 997 time: 0.0142982
2026-07-02 01:43:21.814 9 INFO neutron.wsgi [None req-20b9853e-381a-442d-842d-6673a716e9f7 0785ec01bfbb49a3b56fa95061537b39 bd32e336a76443538ecfe0ed4257b9f7 - - default default] 10.0.0.224 "GET /v2.0/floatingips HTTP/1.1" status: 200 len: 193 time: 0.0212152
2026-07-02 01:43:21.860 9 INFO neutron.wsgi [None req-3eadb218-28a7-4f24-b389-44816ee60d8e 0785ec01bfbb49a3b56fa95061537b39 bd32e336a76443538ecfe0ed4257b9f7 - - default default] 10.0.0.224 "GET /v2.0/subnets HTTP/1.1" status: 200 len: 1437 time: 0.0447600
2026-07-02 01:43:21.874 9 INFO neutron.wsgi [None req-760a0625-334f-45b4-a964-b0c958f12108 0785ec01bfbb49a3b56fa95061537b39 bd32e336a76443538ecfe0ed4257b9f7 - - default default] 10.0.0.224 "GET /v2.0/network-ip-availabilities HTTP/1.1" status: 200 len: 1280 time: 0.0127289
2026-07-02 01:43:21.945 9 INFO neutron.wsgi [None req-fc309909-338b-40ae-9b32-d0af5a21fe56 0785ec01bfbb49a3b56fa95061537b39 bd32e336a76443538ecfe0ed4257b9f7 - - default default] 10.0.0.224 "GET /v2.0/networks HTTP/1.1" status: 200 len: 2348 time: 0.0701354
2026-07-02 01:43:21.982 9 INFO neutron.wsgi [None req-2cc99ba6-6175-4e04-b94a-33b3ca46c4a1 0785ec01bfbb49a3b56fa95061537b39 bd32e336a76443538ecfe0ed4257b9f7 - - default default] 10.0.0.224 "GET /v2.0/ports HTTP/1.1" status: 200 len: 5351 time: 0.0357835
2026-07-02 01:43:22.028 9 INFO neutron.wsgi [None req-80f2bdff-ccdb-4c26-8f72-94ca481a4960 0785ec01bfbb49a3b56fa95061537b39 bd32e336a76443538ecfe0ed4257b9f7 - - default default] 10.0.0.224 "GET /v2.0/subnets HTTP/1.1" status: 200 len: 1437 time: 0.0409274
2026-07-02 01:43:22.039 9 INFO neutron.wsgi [None req-b580b641-9577-4cea-af5f-39df0052c7e5 0785ec01bfbb49a3b56fa95061537b39 bd32e336a76443538ecfe0ed4257b9f7 - - default default] 10.0.0.224 "GET /v2.0/subnetpools HTTP/1.1" status: 200 len: 193 time: 0.0095084
2026-07-02 01:43:24.871 9 INFO neutron.wsgi [-] 10.0.0.74 "GET / HTTP/1.1" status: 200 len: 247 time: 0.0027254
2026-07-02 01:43:24.875 9 INFO neutron.wsgi [-] 10.0.0.74 "GET / HTTP/1.1" status: 200 len: 247 time: 0.0021570
2026-07-02 01:43:39.870 10 INFO neutron.wsgi [-] 10.0.0.74 "GET / HTTP/1.1" status: 200 len: 247 time: 0.0021057
2026-07-02 01:43:39.871 9 INFO neutron.wsgi [-] 10.0.0.74 "GET / HTTP/1.1" status: 200 len: 247 time: 0.0029769
2026-07-02 01:43:53.199 10 INFO neutron.wsgi [None req-512add62-a078-4af8-bb8a-555e150a8a57 0785ec01bfbb49a3b56fa95061537b39 bd32e336a76443538ecfe0ed4257b9f7 - - default default] 199.204.45.70,10.0.0.74 "GET /v2.0/networks HTTP/1.1" status: 200 len: 2348 time: 0.1063018 /var/lib/openstack/lib/python3.10/site-packages/pycadf/identifier.py:71: UserWarning: Invalid uuid: unknown. To ensure interoperability, identifiers should be a valid uuid. warnings.warn(('Invalid uuid: %s. To ensure interoperability, '
2026-07-02 01:43:54.195 9 INFO neutron.wsgi [None req-e5426f31-1c2c-4f36-8df2-749f66e059d3 0785ec01bfbb49a3b56fa95061537b39 bd32e336a76443538ecfe0ed4257b9f7 - - default default] 199.204.45.70,10.0.0.74 "GET /v2.0/subnets HTTP/1.1" status: 200 len: 1437 time: 0.0798953
2026-07-02 01:43:54.263 9 INFO neutron.wsgi [None req-253e624b-8e20-4f27-a964-c0c85e5a7ef1 0785ec01bfbb49a3b56fa95061537b39 bd32e336a76443538ecfe0ed4257b9f7 - - default default] 199.204.45.70,10.0.0.74 "GET /v2.0/networks HTTP/1.1" status: 200 len: 2348 time: 0.0620902
2026-07-02 01:43:54.870 9 INFO neutron.wsgi [-] 10.0.0.74 "GET / HTTP/1.1" status: 200 len: 247 time: 0.0014477
2026-07-02 01:43:54.872 10 INFO neutron.wsgi [-] 10.0.0.74 "GET / HTTP/1.1" status: 200 len: 247 time: 0.0026641
2026-07-02 01:44:09.870 10 INFO neutron.wsgi [-] 10.0.0.74 "GET / HTTP/1.1" status: 200 len: 247 time: 0.0021367
2026-07-02 01:44:09.873 10 INFO neutron.wsgi [-] 10.0.0.74 "GET / HTTP/1.1" status: 200 len: 247 time: 0.0012038
2026-07-02 01:44:21.567 9 INFO neutron.wsgi [None req-a63b088e-e93e-45cf-99e7-bfb4eec7fb2b 0785ec01bfbb49a3b56fa95061537b39 bd32e336a76443538ecfe0ed4257b9f7 - - default default] 10.0.0.224 "GET /v2.0/ports HTTP/1.1" status: 200 len: 5351 time: 0.0858648
2026-07-02 01:44:21.634 9 INFO neutron.wsgi [None req-0cd497d3-99a7-4c6c-8525-4dbd5dd3e366 0785ec01bfbb49a3b56fa95061537b39 bd32e336a76443538ecfe0ed4257b9f7 - - default default] 10.0.0.224 "GET /v2.0/networks HTTP/1.1" status: 200 len: 2348 time: 0.0620625
2026-07-02 01:44:21.673 9 INFO neutron.wsgi [None req-3cba95f5-31a2-4714-b337-064771a64c16 0785ec01bfbb49a3b56fa95061537b39 bd32e336a76443538ecfe0ed4257b9f7 - - default default] 10.0.0.224 "GET /v2.0/subnets HTTP/1.1" status: 200 len: 1437 time: 0.0359888
2026-07-02 01:44:21.694 9 INFO neutron.wsgi [None req-10c04830-a335-49bd-8810-c48b0ed9b46c 0785ec01bfbb49a3b56fa95061537b39 bd32e336a76443538ecfe0ed4257b9f7 - - default default] 10.0.0.224 "GET /v2.0/network-ip-availabilities HTTP/1.1" status: 200 len: 1280 time: 0.0164671
2026-07-02 01:44:21.717 9 INFO neutron.wsgi [None req-580e3128-f2ad-459e-8592-f84eee8613ae 0785ec01bfbb49a3b56fa95061537b39 bd32e336a76443538ecfe0ed4257b9f7 - - default default] 10.0.0.224 "GET /v2.0/routers HTTP/1.1" status: 200 len: 189 time: 0.0218403
2026-07-02 01:44:21.759 9 INFO neutron.wsgi [None req-084247ee-fd19-45fc-8ef0-652412080602 0785ec01bfbb49a3b56fa95061537b39 bd32e336a76443538ecfe0ed4257b9f7 - - default default] 10.0.0.224 "GET /v2.0/agents?binary=ovn-controller HTTP/1.1" status: 200 len: 591 time: 0.0407245
2026-07-02 01:44:21.770 9 INFO neutron.wsgi [None req-c4c7a9ee-126f-40a8-9766-d1a4f8446268 0785ec01bfbb49a3b56fa95061537b39 bd32e336a76443538ecfe0ed4257b9f7 - - default default] 10.0.0.224 "GET /v2.0/agents HTTP/1.1" status: 200 len: 997 time: 0.0104561
2026-07-02 01:44:21.799 9 INFO neutron.wsgi [None req-3d51c2a0-c425-4cdc-89e6-3216bb007cba 0785ec01bfbb49a3b56fa95061537b39 bd32e336a76443538ecfe0ed4257b9f7 - - default default] 10.0.0.224 "GET /v2.0/subnets HTTP/1.1" status: 200 len: 1437 time: 0.0279686
2026-07-02 01:44:21.810 9 INFO neutron.wsgi [None req-8193bd7a-8c86-4e6f-8f14-0f92f4bc76a1 0785ec01bfbb49a3b56fa95061537b39 bd32e336a76443538ecfe0ed4257b9f7 - - default default] 10.0.0.224 "GET /v2.0/subnetpools HTTP/1.1" status: 200 len: 193 time: 0.0095303
2026-07-02 01:44:21.860 9 INFO neutron.wsgi [None req-77de8596-3516-4efd-b31a-04ccf1617e13 0785ec01bfbb49a3b56fa95061537b39 bd32e336a76443538ecfe0ed4257b9f7 - - default default] 10.0.0.224 "GET /v2.0/security-groups HTTP/1.1" status: 200 len: 16803 time: 0.0491116
2026-07-02 01:44:21.890 9 INFO neutron.wsgi [None req-d760efd7-9a80-4743-bc7c-0308085983fe 0785ec01bfbb49a3b56fa95061537b39 bd32e336a76443538ecfe0ed4257b9f7 - - default default] 10.0.0.224 "GET /v2.0/floatingips HTTP/1.1" status: 200 len: 193 time: 0.0217535
2026-07-02 01:44:24.872 10 INFO neutron.wsgi [-] 10.0.0.74 "GET / HTTP/1.1" status: 200 len: 247 time: 0.0033267
2026-07-02 01:44:24.874 10 INFO neutron.wsgi [-] 10.0.0.74 "GET / HTTP/1.1" status: 200 len: 247 time: 0.0013366
2026-07-02 01:44:31.126 9 INFO neutron.wsgi [None req-f7b0c394-8fc4-4e0a-ac0e-3c5052262535 0785ec01bfbb49a3b56fa95061537b39 bd32e336a76443538ecfe0ed4257b9f7 - - default default] 199.204.45.70,10.0.0.74 "GET /v2.0/networks HTTP/1.1" status: 200 len: 2348 time: 0.1256864
2026-07-02 01:44:32.050 10 INFO neutron.wsgi [None req-ff214c40-08f7-4654-805d-53f2172c0531 0785ec01bfbb49a3b56fa95061537b39 bd32e336a76443538ecfe0ed4257b9f7 - - default default] 199.204.45.70,10.0.0.74 "GET /v2.0/subnets HTTP/1.1" status: 200 len: 1437 time: 0.1037290
2026-07-02 01:44:32.121 10 INFO neutron.wsgi [None req-aeaac8a6-4633-4d0a-8c89-97cb507547c1 0785ec01bfbb49a3b56fa95061537b39 bd32e336a76443538ecfe0ed4257b9f7 - - default default] 199.204.45.70,10.0.0.74 "GET /v2.0/networks HTTP/1.1" status: 200 len: 2348 time: 0.0628664
2026-07-02 01:44:33.296 10 INFO neutron.wsgi [None req-8a017634-38da-44d6-9f29-8433d258a295 0785ec01bfbb49a3b56fa95061537b39 bd32e336a76443538ecfe0ed4257b9f7 - - default default] 199.204.45.70,10.0.0.74 "GET /v2.0/security-groups?tenant_id=bd32e336a76443538ecfe0ed4257b9f7 HTTP/1.1" status: 200 len: 10161 time: 0.0830979
2026-07-02 01:44:34.518 10 INFO neutron.wsgi [None req-c829a3e5-5d69-48fe-801c-1649cbcecdb6 0785ec01bfbb49a3b56fa95061537b39 bd32e336a76443538ecfe0ed4257b9f7 - - default default] 199.204.45.70,10.0.0.74 "GET /v2.0/security-groups?tenant_id=bd32e336a76443538ecfe0ed4257b9f7 HTTP/1.1" status: 200 len: 10161 time: 0.1354299
2026-07-02 01:44:35.402 9 INFO neutron.wsgi [None req-065b383b-c0ba-44b2-9c75-bda59dc364a3 0785ec01bfbb49a3b56fa95061537b39 bd32e336a76443538ecfe0ed4257b9f7 - - default default] 199.204.45.70,10.0.0.74 "GET /v2.0/security-groups?tenant_id=bd32e336a76443538ecfe0ed4257b9f7 HTTP/1.1" status: 200 len: 10161 time: 0.0799544
2026-07-02 01:44:36.270 9 INFO neutron.wsgi [None req-83cb404c-ab69-4e13-a86a-0cd4117a43c0 0785ec01bfbb49a3b56fa95061537b39 bd32e336a76443538ecfe0ed4257b9f7 - - default default] 199.204.45.70,10.0.0.74 "GET /v2.0/security-groups?tenant_id=bd32e336a76443538ecfe0ed4257b9f7 HTTP/1.1" status: 200 len: 10161 time: 0.0907059
2026-07-02 01:44:37.130 10 INFO neutron.wsgi [None req-19cbe21e-1499-4206-b780-6f7e4d7f6bf5 0785ec01bfbb49a3b56fa95061537b39 bd32e336a76443538ecfe0ed4257b9f7 - - default default] 199.204.45.70,10.0.0.74 "GET /v2.0/security-groups?tenant_id=bd32e336a76443538ecfe0ed4257b9f7 HTTP/1.1" status: 200 len: 10161 time: 0.1136391
2026-07-02 01:44:38.036 9 INFO neutron.wsgi [None req-8b0d1ae4-c48a-45d8-b69b-53226f832b97 0785ec01bfbb49a3b56fa95061537b39 bd32e336a76443538ecfe0ed4257b9f7 - - default default] 199.204.45.70,10.0.0.74 "GET /v2.0/security-groups?tenant_id=bd32e336a76443538ecfe0ed4257b9f7 HTTP/1.1" status: 200 len: 10161 time: 0.1121194
2026-07-02 01:44:39.295 10 INFO neutron.wsgi [None req-86c23480-58ba-4f66-b552-50c143451cad 0785ec01bfbb49a3b56fa95061537b39 bd32e336a76443538ecfe0ed4257b9f7 - - default default] 199.204.45.70,10.0.0.74 "GET /v2.0/security-groups HTTP/1.1" status: 200 len: 16803 time: 0.0814044
2026-07-02 01:44:39.341 10 INFO neutron.wsgi [None req-25bcf8f9-7ab9-4913-85be-ae05478ea063 0785ec01bfbb49a3b56fa95061537b39 bd32e336a76443538ecfe0ed4257b9f7 - - default default] 199.204.45.70,10.0.0.74 "GET /v2.0/ports HTTP/1.1" status: 200 len: 5351 time: 0.0334232
2026-07-02 01:44:39.869 9 INFO neutron.wsgi [-] 10.0.0.74 "GET / HTTP/1.1" status: 200 len: 247 time: 0.0018251
2026-07-02 01:44:39.869 10 INFO neutron.wsgi [-] 10.0.0.74 "GET / HTTP/1.1" status: 200 len: 247 time: 0.0020530
2026-07-02 01:44:46.293 10 INFO neutron.pecan_wsgi.hooks.translation [None req-98981934-4897-462e-a027-5ee21308631e 0785ec01bfbb49a3b56fa95061537b39 bd32e336a76443538ecfe0ed4257b9f7 - - default default] GET failed (client error): The resource could not be found.
2026-07-02 01:44:46.295 10 INFO neutron.wsgi [None req-98981934-4897-462e-a027-5ee21308631e 0785ec01bfbb49a3b56fa95061537b39 bd32e336a76443538ecfe0ed4257b9f7 - - default default] 199.204.45.70,10.0.0.74 "GET /v2.0/ports/octavia-health-manager-port-instance HTTP/1.1" status: 404 len: 314 time: 0.0631351
2026-07-02 01:44:46.331 10 INFO neutron.wsgi [None req-4444a873-be08-405a-9cf4-68423d2e138d 0785ec01bfbb49a3b56fa95061537b39 bd32e336a76443538ecfe0ed4257b9f7 - - default default] 199.204.45.70,10.0.0.74 "GET /v2.0/ports?name=octavia-health-manager-port-instance HTTP/1.1" status: 200 len: 1399 time: 0.0317540
2026-07-02 01:44:47.901 10 INFO neutron.wsgi [None req-470a89d4-649f-47bc-a039-0c756081c33a 0785ec01bfbb49a3b56fa95061537b39 bd32e336a76443538ecfe0ed4257b9f7 - - default default] 199.204.45.70,10.0.0.74 "GET /v2.0/ports HTTP/1.1" status: 200 len: 5351 time: 0.0837381
2026-07-02 01:44:48.921 9 INFO neutron.wsgi [None req-8546b0b6-9194-458f-8f89-d4d2e3a2ed43 0785ec01bfbb49a3b56fa95061537b39 bd32e336a76443538ecfe0ed4257b9f7 - - default default] 199.204.45.70,10.0.0.74 "GET /v2.0/security-groups?tenant_id=bd32e336a76443538ecfe0ed4257b9f7 HTTP/1.1" status: 200 len: 10161 time: 0.0972331
2026-07-02 01:44:49.843 10 INFO neutron.wsgi [None req-304a96da-6660-4c93-a18f-b9363771f26b 0785ec01bfbb49a3b56fa95061537b39 bd32e336a76443538ecfe0ed4257b9f7 - - default default] 199.204.45.70,10.0.0.74 "GET /v2.0/security-groups?tenant_id=bd32e336a76443538ecfe0ed4257b9f7 HTTP/1.1" status: 200 len: 10161 time: 0.0748639
2026-07-02 01:44:50.700 10 INFO neutron.wsgi [None req-9402d13e-56c5-4ebc-a2de-9769535a848d 0785ec01bfbb49a3b56fa95061537b39 bd32e336a76443538ecfe0ed4257b9f7 - - default default] 199.204.45.70,10.0.0.74 "GET /v2.0/security-groups?tenant_id=bd32e336a76443538ecfe0ed4257b9f7 HTTP/1.1" status: 200 len: 10161 time: 0.0854087
2026-07-02 01:44:54.870 10 INFO neutron.wsgi [-] 10.0.0.74 "GET / HTTP/1.1" status: 200 len: 247 time: 0.0017796
2026-07-02 01:44:54.871 9 INFO neutron.wsgi [-] 10.0.0.74 "GET / HTTP/1.1" status: 200 len: 247 time: 0.0034003
2026-07-02 01:45:02.184 9 INFO neutron.wsgi [None req-789853cd-c632-4b5a-bfae-cb29353532df 0785ec01bfbb49a3b56fa95061537b39 bd32e336a76443538ecfe0ed4257b9f7 - - default default] 199.204.45.70,10.0.0.74 "GET /v2.0/quotas/bd32e336a76443538ecfe0ed4257b9f7 HTTP/1.1" status: 200 len: 361 time: 0.0125878
2026-07-02 01:45:09.870 9 INFO neutron.wsgi [-] 10.0.0.74 "GET / HTTP/1.1" status: 200 len: 247 time: 0.0017917
2026-07-02 01:45:09.873 10 INFO neutron.wsgi [-] 10.0.0.74 "GET / HTTP/1.1" status: 200 len: 247 time: 0.0043068
2026-07-02 01:45:21.565 9 INFO neutron.wsgi [None req-43f79c36-96d1-4c0f-b534-555f56645100 0785ec01bfbb49a3b56fa95061537b39 bd32e336a76443538ecfe0ed4257b9f7 - - default default] 10.0.0.224 "GET /v2.0/security-groups HTTP/1.1" status: 200 len: 16803 time: 0.0968962
2026-07-02 01:45:21.597 9 INFO neutron.wsgi [None req-e92ff00e-1e77-4b7c-aed3-fcfd9df50606 0785ec01bfbb49a3b56fa95061537b39 bd32e336a76443538ecfe0ed4257b9f7 - - default default] 10.0.0.224 "GET /v2.0/routers HTTP/1.1" status: 200 len: 189 time: 0.0283253
2026-07-02 01:45:21.635 9 INFO neutron.wsgi [None req-bbeac6cb-14e5-474c-ac9e-e7a74c16c48d 0785ec01bfbb49a3b56fa95061537b39 bd32e336a76443538ecfe0ed4257b9f7 - - default default] 10.0.0.224 "GET /v2.0/agents?binary=ovn-controller HTTP/1.1" status: 200 len: 591 time: 0.0359774
2026-07-02 01:45:21.669 9 INFO neutron.wsgi [None req-7bb93330-cad5-4b38-8cce-9592d1bd654e 0785ec01bfbb49a3b56fa95061537b39 bd32e336a76443538ecfe0ed4257b9f7 - - default default] 10.0.0.224 "GET /v2.0/subnets HTTP/1.1" status: 200 len: 1437 time: 0.0332747
2026-07-02 01:45:21.683 9 INFO neutron.wsgi [None req-e38fe3f9-7d7e-41ee-8a12-0b03e73240f0 0785ec01bfbb49a3b56fa95061537b39 bd32e336a76443538ecfe0ed4257b9f7 - - default default] 10.0.0.224 "GET /v2.0/subnetpools HTTP/1.1" status: 200 len: 193 time: 0.0124531
2026-07-02 01:45:21.712 9 INFO neutron.wsgi [None req-029f22c7-79ff-42de-83ab-bebbdd09a320 0785ec01bfbb49a3b56fa95061537b39 bd32e336a76443538ecfe0ed4257b9f7 - - default default] 10.0.0.224 "GET /v2.0/subnets HTTP/1.1" status: 200 len: 1437 time: 0.0283883
2026-07-02 01:45:21.755 9 INFO neutron.wsgi [None req-e7aae743-abf8-47fa-af2e-2771378f35a9 0785ec01bfbb49a3b56fa95061537b39 bd32e336a76443538ecfe0ed4257b9f7 - - default default] 10.0.0.224 "GET /v2.0/ports HTTP/1.1" status: 200 len: 5351 time: 0.0416746
2026-07-02 01:45:21.773 9 INFO neutron.wsgi [None req-732f8309-ac74-4f55-bc45-05e8f60dec9d 0785ec01bfbb49a3b56fa95061537b39 bd32e336a76443538ecfe0ed4257b9f7 - - default default] 10.0.0.224 "GET /v2.0/network-ip-availabilities HTTP/1.1" status: 200 len: 1280 time: 0.0135860
2026-07-02 01:45:21.839 9 INFO neutron.wsgi [None req-3d278012-a193-4513-af23-e3ecf178ea2d 0785ec01bfbb49a3b56fa95061537b39 bd32e336a76443538ecfe0ed4257b9f7 - - default default] 10.0.0.224 "GET /v2.0/networks HTTP/1.1" status: 200 len: 2348 time: 0.0627117
2026-07-02 01:45:21.864 9 INFO neutron.wsgi [None req-5777d6df-b265-41b0-8915-ef369ee9623b 0785ec01bfbb49a3b56fa95061537b39 bd32e336a76443538ecfe0ed4257b9f7 - - default default] 10.0.0.224 "GET /v2.0/floatingips HTTP/1.1" status: 200 len: 193 time: 0.0193446
2026-07-02 01:45:21.875 9 INFO neutron.wsgi [None req-05361826-bcdf-4741-af91-74823503f743 0785ec01bfbb49a3b56fa95061537b39 bd32e336a76443538ecfe0ed4257b9f7 - - default default] 10.0.0.224 "GET /v2.0/agents HTTP/1.1" status: 200 len: 997 time: 0.0084445
2026-07-02 01:45:24.871 9 INFO neutron.wsgi [-] 10.0.0.74 "GET / HTTP/1.1" status: 200 len: 247 time: 0.0026448
2026-07-02 01:45:24.872 10 INFO neutron.wsgi [-] 10.0.0.74 "GET / HTTP/1.1" status: 200 len: 247 time: 0.0029593
2026-07-02 01:45:39.870 9 INFO neutron.wsgi [-] 10.0.0.74 "GET / HTTP/1.1" status: 200 len: 247 time: 0.0019522
2026-07-02 01:45:39.871 10 INFO neutron.wsgi [-] 10.0.0.74 "GET / HTTP/1.1" status: 200 len: 247 time: 0.0024481
2026-07-02 01:45:54.870 9 INFO neutron.wsgi [-] 10.0.0.74 "GET / HTTP/1.1" status: 200 len: 247 time: 0.0025055
2026-07-02 01:45:54.871 10 INFO neutron.wsgi [-] 10.0.0.74 "GET / HTTP/1.1" status: 200 len: 247 time: 0.0024149
2026-07-02 01:45:57.259 10 INFO neutron.wsgi [None req-753dff3f-aeae-478d-bf75-6e0bedafb7f6 0785ec01bfbb49a3b56fa95061537b39 bd32e336a76443538ecfe0ed4257b9f7 - - default default] 199.204.45.70,10.0.0.74 "GET /v2.0/security-groups?tenant_id=8f0f3f8a99ec42549119dbc71ad33162 HTTP/1.1" status: 200 len: 6838 time: 0.0801504
2026-07-02 01:45:58.216 9 INFO neutron.wsgi [None req-2c38ee43-b4fb-4d32-9546-df162bd47e6d 0785ec01bfbb49a3b56fa95061537b39 bd32e336a76443538ecfe0ed4257b9f7 - - default default] 199.204.45.70,10.0.0.74 "GET /v2.0/security-groups?tenant_id=8f0f3f8a99ec42549119dbc71ad33162 HTTP/1.1" status: 200 len: 6838 time: 0.0859058
2026-07-02 01:45:59.112 9 INFO neutron.wsgi [None req-115d3891-fb76-4aa7-9786-46924763eb3d 0785ec01bfbb49a3b56fa95061537b39 bd32e336a76443538ecfe0ed4257b9f7 - - default default] 199.204.45.70,10.0.0.74 "GET /v2.0/security-groups?tenant_id=8f0f3f8a99ec42549119dbc71ad33162 HTTP/1.1" status: 200 len: 6838 time: 0.0832722
2026-07-02 01:46:00.073 10 INFO neutron.wsgi [None req-ec8f527f-5309-407c-8782-7b1e7a41f7a7 0785ec01bfbb49a3b56fa95061537b39 bd32e336a76443538ecfe0ed4257b9f7 - - default default] 199.204.45.70,10.0.0.74 "GET /v2.0/security-groups?tenant_id=8f0f3f8a99ec42549119dbc71ad33162 HTTP/1.1" status: 200 len: 6838 time: 0.1194482
2026-07-02 01:46:01.020 10 INFO neutron.wsgi [None req-d8b2e27c-a5c3-4fcd-833c-a150517d9883 0785ec01bfbb49a3b56fa95061537b39 bd32e336a76443538ecfe0ed4257b9f7 - - default default] 199.204.45.70,10.0.0.74 "GET /v2.0/security-groups?tenant_id=8f0f3f8a99ec42549119dbc71ad33162 HTTP/1.1" status: 200 len: 6838 time: 0.0999789
2026-07-02 01:46:08.516 10 INFO neutron.wsgi [None req-6b53aff3-c4b8-45b5-9642-4101a5f99684 0785ec01bfbb49a3b56fa95061537b39 bd32e336a76443538ecfe0ed4257b9f7 - - default default] 199.204.45.70,10.0.0.74 "GET /v2.0/quotas/8f0f3f8a99ec42549119dbc71ad33162 HTTP/1.1" status: 200 len: 361 time: 0.0119691
2026-07-02 01:46:09.872 10 INFO neutron.wsgi [-] 10.0.0.74 "GET / HTTP/1.1" status: 200 len: 247 time: 0.0035138
2026-07-02 01:46:09.874 10 INFO neutron.wsgi [-] 10.0.0.74 "GET / HTTP/1.1" status: 200 len: 247 time: 0.0015616
2026-07-02 01:46:21.590 9 INFO neutron.wsgi [None req-f2197fe0-f71e-4d0c-a941-1dd606c5e5d0 0785ec01bfbb49a3b56fa95061537b39 bd32e336a76443538ecfe0ed4257b9f7 - - default default] 10.0.0.224 "GET /v2.0/agents HTTP/1.1" status: 200 len: 997 time: 0.0988052
2026-07-02 01:46:21.612 9 INFO neutron.wsgi [None req-418049d2-6f08-4b27-bd86-0da8e0a7daeb 0785ec01bfbb49a3b56fa95061537b39 bd32e336a76443538ecfe0ed4257b9f7 - - default default] 10.0.0.224 "GET /v2.0/floatingips HTTP/1.1" status: 200 len: 193 time: 0.0199697
2026-07-02 01:46:21.688 9 INFO neutron.wsgi [None req-034280ab-65be-45ae-98dd-9a629a09de7a 0785ec01bfbb49a3b56fa95061537b39 bd32e336a76443538ecfe0ed4257b9f7 - - default default] 10.0.0.224 "GET /v2.0/networks HTTP/1.1" status: 200 len: 2348 time: 0.0757158
2026-07-02 01:46:21.740 9 INFO neutron.wsgi [None req-1e56b982-99c8-425e-a248-2b9f365ae70f 0785ec01bfbb49a3b56fa95061537b39 bd32e336a76443538ecfe0ed4257b9f7 - - default default] 10.0.0.224 "GET /v2.0/ports HTTP/1.1" status: 200 len: 5351 time: 0.0490496
2026-07-02 01:46:21.780 9 INFO neutron.wsgi [None req-6c42beb7-9f62-43c4-a1ad-8e1cb78a7ac8 0785ec01bfbb49a3b56fa95061537b39 bd32e336a76443538ecfe0ed4257b9f7 - - default default] 10.0.0.224 "GET /v2.0/subnets HTTP/1.1" status: 200 len: 1437 time: 0.0363381
2026-07-02 01:46:21.811 9 INFO neutron.wsgi [None req-6c8a29ba-be7c-468b-8d96-392e92bef7b5 0785ec01bfbb49a3b56fa95061537b39 bd32e336a76443538ecfe0ed4257b9f7 - - default default] 10.0.0.224 "GET /v2.0/subnets HTTP/1.1" status: 200 len: 1437 time: 0.0291657
2026-07-02 01:46:21.822 9 INFO neutron.wsgi [None req-2e5cd31e-1e9e-421f-9a51-af056c9b48f9 0785ec01bfbb49a3b56fa95061537b39 bd32e336a76443538ecfe0ed4257b9f7 - - default default] 10.0.0.224 "GET /v2.0/subnetpools HTTP/1.1" status: 200 len: 193 time: 0.0097902
2026-07-02 01:46:21.871 9 INFO neutron.wsgi [None req-4663101a-ea24-468a-8c7d-2a0773392658 0785ec01bfbb49a3b56fa95061537b39 bd32e336a76443538ecfe0ed4257b9f7 - - default default] 10.0.0.224 "GET /v2.0/security-groups HTTP/1.1" status: 200 len: 16803 time: 0.0478313
2026-07-02 01:46:21.908 9 INFO neutron.wsgi [None req-e64ab5d0-fd6e-4784-bc26-fb2ad95cb4c0 0785ec01bfbb49a3b56fa95061537b39 bd32e336a76443538ecfe0ed4257b9f7 - - default default] 10.0.0.224 "GET /v2.0/routers HTTP/1.1" status: 200 len: 189 time: 0.0278692
2026-07-02 01:46:21.930 9 INFO neutron.wsgi [None req-984891ac-72bd-483f-bcb5-a108d93b8afa 0785ec01bfbb49a3b56fa95061537b39 bd32e336a76443538ecfe0ed4257b9f7 - - default default] 10.0.0.224 "GET /v2.0/agents?binary=ovn-controller HTTP/1.1" status: 200 len: 591 time: 0.0207889
2026-07-02 01:46:21.944 9 INFO neutron.wsgi [None req-61e4ddcc-9585-4584-9df5-d3c819c1c7aa 0785ec01bfbb49a3b56fa95061537b39 bd32e336a76443538ecfe0ed4257b9f7 - - default default] 10.0.0.224 "GET /v2.0/network-ip-availabilities HTTP/1.1" status: 200 len: 1280 time: 0.0126193
2026-07-02 01:46:24.871 10 INFO neutron.wsgi [-] 10.0.0.74 "GET / HTTP/1.1" status: 200 len: 247 time: 0.0026522
2026-07-02 01:46:24.875 10 INFO neutron.wsgi [-] 10.0.0.74 "GET / HTTP/1.1" status: 200 len: 247 time: 0.0023916
2026-07-02 01:46:39.870 10 INFO neutron.wsgi [-] 10.0.0.74 "GET / HTTP/1.1" status: 200 len: 247 time: 0.0019643
2026-07-02 01:46:39.872 9 INFO neutron.wsgi [-] 10.0.0.74 "GET / HTTP/1.1" status: 200 len: 247 time: 0.0024674
2026-07-02 01:46:54.871 10 INFO neutron.wsgi [-] 10.0.0.74 "GET / HTTP/1.1" status: 200 len: 247 time: 0.0030317
2026-07-02 01:46:54.873 9 INFO neutron.wsgi [-] 10.0.0.74 "GET / HTTP/1.1" status: 200 len: 247 time: 0.0039301
2026-07-02 01:47:00.879 10 INFO neutron.wsgi [None req-eabaa0bf-6a6b-45e2-acbc-d694c24bc342 0785ec01bfbb49a3b56fa95061537b39 bd32e336a76443538ecfe0ed4257b9f7 - - default default] 199.204.45.70,10.0.0.74 "GET /v2.0/networks HTTP/1.1" status: 200 len: 2348 time: 0.0982916
2026-07-02 01:47:09.871 9 INFO neutron.wsgi [-] 10.0.0.74 "GET / HTTP/1.1" status: 200 len: 247 time: 0.0030198
2026-07-02 01:47:09.874 9 INFO neutron.wsgi [-] 10.0.0.74 "GET / HTTP/1.1" status: 200 len: 247 time: 0.0016437
2026-07-02 01:47:21.606 9 INFO neutron.wsgi [None req-e8622538-8e31-41f8-a8b2-c540551e8017 0785ec01bfbb49a3b56fa95061537b39 bd32e336a76443538ecfe0ed4257b9f7 - - default default] 10.0.0.224 "GET /v2.0/subnets HTTP/1.1" status: 200 len: 1437 time: 0.1540952
2026-07-02 01:47:21.621 9 INFO neutron.wsgi [None req-0f6914dd-7036-4c83-86e3-804a97169d85 0785ec01bfbb49a3b56fa95061537b39 bd32e336a76443538ecfe0ed4257b9f7 - - default default] 10.0.0.224 "GET /v2.0/subnetpools HTTP/1.1" status: 200 len: 193 time: 0.0144978
2026-07-02 01:47:21.661 9 INFO neutron.wsgi [None req-354bae54-312b-49fc-b855-174a2abc46f6 0785ec01bfbb49a3b56fa95061537b39 bd32e336a76443538ecfe0ed4257b9f7 - - default default] 10.0.0.224 "GET /v2.0/floatingips HTTP/1.1" status: 200 len: 193 time: 0.0383048
2026-07-02 01:47:21.741 9 INFO neutron.wsgi [None req-e9652bc9-b4e3-4c78-8446-b974af4c4bac 0785ec01bfbb49a3b56fa95061537b39 bd32e336a76443538ecfe0ed4257b9f7 - - default default] 10.0.0.224 "GET /v2.0/networks HTTP/1.1" status: 200 len: 2348 time: 0.0767961
2026-07-02 01:47:21.818 9 INFO neutron.wsgi [None req-15091d84-1905-4cb4-bcc9-65c07924d01e 0785ec01bfbb49a3b56fa95061537b39 bd32e336a76443538ecfe0ed4257b9f7 - - default default] 10.0.0.224 "GET /v2.0/routers HTTP/1.1" status: 200 len: 189 time: 0.0718718
2026-07-02 01:47:21.856 9 INFO neutron.wsgi [None req-d22a2469-f466-430c-9cc5-b3e0a9a5a2cd 0785ec01bfbb49a3b56fa95061537b39 bd32e336a76443538ecfe0ed4257b9f7 - - default default] 10.0.0.224 "GET /v2.0/agents?binary=ovn-controller HTTP/1.1" status: 200 len: 591 time: 0.0373342
2026-07-02 01:47:21.873 9 INFO neutron.wsgi [None req-80983159-1198-4f05-bb45-1ce67a609db3 0785ec01bfbb49a3b56fa95061537b39 bd32e336a76443538ecfe0ed4257b9f7 - - default default] 10.0.0.224 "GET /v2.0/agents HTTP/1.1" status: 200 len: 997 time: 0.0153913
2026-07-02 01:47:21.906 9 INFO neutron.wsgi [None req-f2174bb2-227a-4011-a252-213d3d26c8ae 0785ec01bfbb49a3b56fa95061537b39 bd32e336a76443538ecfe0ed4257b9f7 - - default default] 10.0.0.224 "GET /v2.0/ports HTTP/1.1" status: 200 len: 5351 time: 0.0328755
2026-07-02 01:47:21.919 9 INFO neutron.wsgi [None req-9e9caa62-c795-422d-ac8d-b1df76fd56c9 0785ec01bfbb49a3b56fa95061537b39 bd32e336a76443538ecfe0ed4257b9f7 - - default default] 10.0.0.224 "GET /v2.0/network-ip-availabilities HTTP/1.1" status: 200 len: 1280 time: 0.0095844
2026-07-02 01:47:21.972 9 INFO neutron.wsgi [None req-985485ec-774a-4997-afd2-83518b44f7ef 0785ec01bfbb49a3b56fa95061537b39 bd32e336a76443538ecfe0ed4257b9f7 - - default default] 10.0.0.224 "GET /v2.0/security-groups HTTP/1.1" status: 200 len: 16803 time: 0.0525403
2026-07-02 01:47:22.017 9 INFO neutron.wsgi [None req-68af74f5-701e-48b2-8116-66faf75edad4 0785ec01bfbb49a3b56fa95061537b39 bd32e336a76443538ecfe0ed4257b9f7 - - default default] 10.0.0.224 "GET /v2.0/subnets HTTP/1.1" status: 200 len: 1437 time: 0.0379386
2026-07-02 01:47:24.869 9 INFO neutron.wsgi [-] 10.0.0.74 "GET / HTTP/1.1" status: 200 len: 247 time: 0.0016873
2026-07-02 01:47:24.871 10 INFO neutron.wsgi [-] 10.0.0.74 "GET / HTTP/1.1" status: 200 len: 247 time: 0.0029187
2026-07-02 01:47:39.871 10 INFO neutron.wsgi [-] 10.0.0.74 "GET / HTTP/1.1" status: 200 len: 247 time: 0.0027506
2026-07-02 01:47:39.876 10 INFO neutron.wsgi [-] 10.0.0.74 "GET / HTTP/1.1" status: 200 len: 247 time: 0.0035052
2026-07-02 01:47:41.370 9 INFO neutron.wsgi [None req-b13d1e34-00b7-459d-9705-ecaea139ac71 0785ec01bfbb49a3b56fa95061537b39 bd32e336a76443538ecfe0ed4257b9f7 - - default default] 10.0.0.146 "GET /v2.0/networks HTTP/1.1" status: 200 len: 2367 time: 0.1607368
2026-07-02 01:47:42.525 9 INFO neutron.wsgi [None req-19da862f-7c0d-4231-a69c-20dd8a6f8d9c 0785ec01bfbb49a3b56fa95061537b39 bd32e336a76443538ecfe0ed4257b9f7 - - default default] 10.0.0.146 "GET /v2.0/floatingips HTTP/1.1" status: 200 len: 212 time: 0.0183618
2026-07-02 01:47:42.551 9 INFO neutron.wsgi [None req-cb509d4e-b833-4f12-b53c-b978d891c2e4 0785ec01bfbb49a3b56fa95061537b39 bd32e336a76443538ecfe0ed4257b9f7 - - default default] 10.0.0.146 "GET /v2.0/routers HTTP/1.1" status: 200 len: 208 time: 0.0221453
2026-07-02 01:47:42.587 9 INFO neutron.wsgi [None req-8ccb8767-f782-4299-b0f9-9f69105af94e 0785ec01bfbb49a3b56fa95061537b39 bd32e336a76443538ecfe0ed4257b9f7 - - default default] 10.0.0.146 "GET /v2.0/ports HTTP/1.1" status: 200 len: 5370 time: 0.0307221
2026-07-02 01:47:42.617 9 INFO neutron.wsgi [None req-b80b82e8-09d0-411b-9064-d28f04936225 0785ec01bfbb49a3b56fa95061537b39 bd32e336a76443538ecfe0ed4257b9f7 - - default default] 10.0.0.146 "GET /v2.0/subnets HTTP/1.1" status: 200 len: 1456 time: 0.0260091
2026-07-02 01:47:42.690 9 INFO neutron.wsgi [None req-3fcdc01f-1b08-4847-99c3-e504bccb828e 0785ec01bfbb49a3b56fa95061537b39 bd32e336a76443538ecfe0ed4257b9f7 - - default default] 10.0.0.146 "GET /v2.0/networks HTTP/1.1" status: 200 len: 2367 time: 0.0673792
2026-07-02 01:47:42.741 9 INFO neutron.wsgi [None req-7be70c67-df48-4d2e-8299-35c6222f59cf 0785ec01bfbb49a3b56fa95061537b39 bd32e336a76443538ecfe0ed4257b9f7 - - default default] 10.0.0.146 "GET /v2.0/security-groups HTTP/1.1" status: 200 len: 16822 time: 0.0453568
2026-07-02 01:47:42.756 9 INFO neutron.wsgi [None req-133b8fe5-9e7c-4c82-9f7f-6e5d70e74a6a 0785ec01bfbb49a3b56fa95061537b39 bd32e336a76443538ecfe0ed4257b9f7 - - default default] 10.0.0.146 "GET /v2.0/subnetpools HTTP/1.1" status: 200 len: 212 time: 0.0096729
2026-07-02 01:47:53.966 9 INFO neutron.db.ovn_revision_numbers_db [None req-19e248d2-8e13-4810-bebe-b702d2b57a80 0785ec01bfbb49a3b56fa95061537b39 bd32e336a76443538ecfe0ed4257b9f7 - - default default] Successfully bumped revision number for resource 0d9760f1-a9cb-4a41-a131-2fd8b4d871e0 (type: security_groups) to 1
2026-07-02 01:47:53.989 9 INFO neutron.db.ovn_revision_numbers_db [None req-19e248d2-8e13-4810-bebe-b702d2b57a80 0785ec01bfbb49a3b56fa95061537b39 bd32e336a76443538ecfe0ed4257b9f7 - - default default] Successfully bumped revision number for resource 3a7cb80d-7584-4573-83b8-72b108d7abaa (type: security_group_rules) to 0
2026-07-02 01:47:54.009 10 INFO neutron.db.ovn_revision_numbers_db [None req-866835d9-0ce8-47d1-8577-2b8f089aeb5c 0785ec01bfbb49a3b56fa95061537b39 bd32e336a76443538ecfe0ed4257b9f7 - - default default] Successfully bumped revision number for resource b202ac70-c500-49c0-a6c9-754753e12149 (type: security_groups) to 1
2026-07-02 01:47:54.015 9 INFO neutron.db.ovn_revision_numbers_db [None req-19e248d2-8e13-4810-bebe-b702d2b57a80 0785ec01bfbb49a3b56fa95061537b39 bd32e336a76443538ecfe0ed4257b9f7 - - default default] Successfully bumped revision number for resource 7f7fe30c-d5e6-4629-838b-d6ef08ca7a59 (type: security_group_rules) to 0
2026-07-02 01:47:54.032 9 INFO neutron.db.ovn_revision_numbers_db [None req-19e248d2-8e13-4810-bebe-b702d2b57a80 0785ec01bfbb49a3b56fa95061537b39 bd32e336a76443538ecfe0ed4257b9f7 - - default default] Successfully bumped revision number for resource b21553c6-0879-4c64-b1ae-4957716a2087 (type: security_group_rules) to 0
2026-07-02 01:47:54.035 10 INFO neutron.db.ovn_revision_numbers_db [None req-866835d9-0ce8-47d1-8577-2b8f089aeb5c 0785ec01bfbb49a3b56fa95061537b39 bd32e336a76443538ecfe0ed4257b9f7 - - default default] Successfully bumped revision number for resource 0de7f5e8-83c3-4029-8b6f-466dd21951bf (type: security_group_rules) to 0
2026-07-02 01:47:54.051 9 INFO neutron.db.ovn_revision_numbers_db [None req-19e248d2-8e13-4810-bebe-b702d2b57a80 0785ec01bfbb49a3b56fa95061537b39 bd32e336a76443538ecfe0ed4257b9f7 - - default default] Successfully bumped revision number for resource e79d23dd-f9dc-494e-8034-cf24b3577ff0 (type: security_group_rules) to 0
2026-07-02 01:47:54.062 10 INFO neutron.db.ovn_revision_numbers_db [None req-866835d9-0ce8-47d1-8577-2b8f089aeb5c 0785ec01bfbb49a3b56fa95061537b39 bd32e336a76443538ecfe0ed4257b9f7 - - default default] Successfully bumped revision number for resource 60b50561-1e82-43e4-8ffe-487a5730b286 (type: security_group_rules) to 0
2026-07-02 01:47:54.083 10 INFO neutron.db.ovn_revision_numbers_db [None req-866835d9-0ce8-47d1-8577-2b8f089aeb5c 0785ec01bfbb49a3b56fa95061537b39 bd32e336a76443538ecfe0ed4257b9f7 - - default default] Successfully bumped revision number for resource 7646ff7e-a3bf-4203-a47d-35b3b8ba5c30 (type: security_group_rules) to 0
2026-07-02 01:47:54.087 10 INFO neutron.db.ovn_revision_numbers_db [None req-790789ce-a082-46b7-b6eb-0bedf5fd553c 0785ec01bfbb49a3b56fa95061537b39 bd32e336a76443538ecfe0ed4257b9f7 - - default default] Successfully bumped revision number for resource 6733e98b-415b-45c2-a1e6-879d6f7e3c42 (type: security_groups) to 1
2026-07-02 01:47:54.103 10 INFO neutron.db.ovn_revision_numbers_db [None req-866835d9-0ce8-47d1-8577-2b8f089aeb5c 0785ec01bfbb49a3b56fa95061537b39 bd32e336a76443538ecfe0ed4257b9f7 - - default default] Successfully bumped revision number for resource 8b970f25-710f-4ad6-b09b-01edde1b5ba9 (type: security_group_rules) to 0
2026-07-02 01:47:54.108 10 INFO neutron.db.ovn_revision_numbers_db [None req-790789ce-a082-46b7-b6eb-0bedf5fd553c 0785ec01bfbb49a3b56fa95061537b39 bd32e336a76443538ecfe0ed4257b9f7 - - default default] Successfully bumped revision number for resource 3680c99c-624f-4980-81ea-7990a4c28eec (type: security_group_rules) to 0
2026-07-02 01:47:54.118 9 INFO neutron.db.segments_db [None req-19e248d2-8e13-4810-bebe-b702d2b57a80 0785ec01bfbb49a3b56fa95061537b39 bd32e336a76443538ecfe0ed4257b9f7 - - default default] Added segment b274a5c1-a6aa-4fd7-855b-e1a56f14d2c7 of type geneve for network 8d573a81-d800-47f9-b03b-8dbd718f318c
2026-07-02 01:47:54.130 10 INFO neutron.db.ovn_revision_numbers_db [None req-790789ce-a082-46b7-b6eb-0bedf5fd553c 0785ec01bfbb49a3b56fa95061537b39 bd32e336a76443538ecfe0ed4257b9f7 - - default default] Successfully bumped revision number for resource 542f6c67-71cf-432c-85f5-dd6cc2f0bf74 (type: security_group_rules) to 0
2026-07-02 01:47:54.146 10 INFO neutron.db.ovn_revision_numbers_db [None req-790789ce-a082-46b7-b6eb-0bedf5fd553c 0785ec01bfbb49a3b56fa95061537b39 bd32e336a76443538ecfe0ed4257b9f7 - - default default] Successfully bumped revision number for resource 5ac347b8-9858-48bc-9a8a-ed6a0e9b0b74 (type: security_group_rules) to 0
2026-07-02 01:47:54.160 10 INFO neutron.db.ovn_revision_numbers_db [None req-790789ce-a082-46b7-b6eb-0bedf5fd553c 0785ec01bfbb49a3b56fa95061537b39 bd32e336a76443538ecfe0ed4257b9f7 - - default default] Successfully bumped revision number for resource 98079a81-75fa-496e-afc9-31cf2e7669a0 (type: security_group_rules) to 0
2026-07-02 01:47:54.183 10 INFO neutron.db.segments_db [None req-866835d9-0ce8-47d1-8577-2b8f089aeb5c 0785ec01bfbb49a3b56fa95061537b39 bd32e336a76443538ecfe0ed4257b9f7 - - default default] Added segment 562bbe2d-dfee-49bf-a359-10f3a8781070 of type geneve for network af126d28-3f12-4f0f-8108-8c64772acde6
2026-07-02 01:47:54.227 10 INFO neutron.db.segments_db [None req-790789ce-a082-46b7-b6eb-0bedf5fd553c 0785ec01bfbb49a3b56fa95061537b39 bd32e336a76443538ecfe0ed4257b9f7 - - default default] Added segment 13b4ca1a-752c-4e45-9086-66036ac440de of type geneve for network 74504a89-3d38-449e-aa0e-bc1ca879c717
2026-07-02 01:47:54.292 9 INFO neutron.db.ovn_revision_numbers_db [None req-19e248d2-8e13-4810-bebe-b702d2b57a80 0785ec01bfbb49a3b56fa95061537b39 bd32e336a76443538ecfe0ed4257b9f7 - - default default] Successfully bumped revision number for resource 8d573a81-d800-47f9-b03b-8dbd718f318c (type: networks) to 1
2026-07-02 01:47:54.449 10 INFO neutron.db.ovn_revision_numbers_db [None req-866835d9-0ce8-47d1-8577-2b8f089aeb5c 0785ec01bfbb49a3b56fa95061537b39 bd32e336a76443538ecfe0ed4257b9f7 - - default default] Successfully bumped revision number for resource af126d28-3f12-4f0f-8108-8c64772acde6 (type: networks) to 1
2026-07-02 01:47:54.478 9 WARNING neutron.scheduler.dhcp_agent_scheduler [None req-19e248d2-8e13-4810-bebe-b702d2b57a80 0785ec01bfbb49a3b56fa95061537b39 bd32e336a76443538ecfe0ed4257b9f7 - - default default] No more DHCP agents
2026-07-02 01:47:54.481 9 WARNING neutron.api.rpc.agentnotifiers.dhcp_rpc_agent_api [None req-19e248d2-8e13-4810-bebe-b702d2b57a80 0785ec01bfbb49a3b56fa95061537b39 bd32e336a76443538ecfe0ed4257b9f7 - - default default] Unable to schedule network 8d573a81-d800-47f9-b03b-8dbd718f318c: no agents available; will retry on subsequent port and subnet creation events.
2026-07-02 01:47:54.494 10 INFO neutron.db.ovn_revision_numbers_db [None req-790789ce-a082-46b7-b6eb-0bedf5fd553c 0785ec01bfbb49a3b56fa95061537b39 bd32e336a76443538ecfe0ed4257b9f7 - - default default] Successfully bumped revision number for resource 74504a89-3d38-449e-aa0e-bc1ca879c717 (type: networks) to 1
2026-07-02 01:47:54.596 9 INFO neutron.db.ovn_revision_numbers_db [None req-19e248d2-8e13-4810-bebe-b702d2b57a80 0785ec01bfbb49a3b56fa95061537b39 bd32e336a76443538ecfe0ed4257b9f7 - - default default] Successfully bumped revision number for resource 72cd8768-a15f-4261-9e87-525d2f7c5ad8 (type: ports) to 1
2026-07-02 01:47:54.644 9 INFO neutron.wsgi [None req-19e248d2-8e13-4810-bebe-b702d2b57a80 0785ec01bfbb49a3b56fa95061537b39 bd32e336a76443538ecfe0ed4257b9f7 - - default default] 10.0.0.146 "POST /v2.0/networks HTTP/1.1" status: 201 len: 950 time: 0.9758234
2026-07-02 01:47:54.666 9 INFO neutron.db.ovn_revision_numbers_db [None req-edc7869d-be9b-45c0-a1c1-236754935c5f 0785ec01bfbb49a3b56fa95061537b39 bd32e336a76443538ecfe0ed4257b9f7 - - default default] Successfully bumped revision number for resource 18a8a1f2-e6d0-4ab7-a977-8791ec8625be (type: security_groups) to 1
2026-07-02 01:47:54.686 9 INFO neutron.db.ovn_revision_numbers_db [None req-edc7869d-be9b-45c0-a1c1-236754935c5f 0785ec01bfbb49a3b56fa95061537b39 bd32e336a76443538ecfe0ed4257b9f7 - - default default] Successfully bumped revision number for resource 7486f04d-e754-4db7-b89f-a42419aa38b1 (type: security_group_rules) to 0
2026-07-02 01:47:54.706 10 WARNING neutron.scheduler.dhcp_agent_scheduler [None req-866835d9-0ce8-47d1-8577-2b8f089aeb5c 0785ec01bfbb49a3b56fa95061537b39 bd32e336a76443538ecfe0ed4257b9f7 - - default default] No more DHCP agents
2026-07-02 01:47:54.709 10 WARNING neutron.api.rpc.agentnotifiers.dhcp_rpc_agent_api [None req-866835d9-0ce8-47d1-8577-2b8f089aeb5c 0785ec01bfbb49a3b56fa95061537b39 bd32e336a76443538ecfe0ed4257b9f7 - - default default] Unable to schedule network af126d28-3f12-4f0f-8108-8c64772acde6: no agents available; will retry on subsequent port and subnet creation events.
2026-07-02 01:47:54.712 9 INFO neutron.db.ovn_revision_numbers_db [None req-edc7869d-be9b-45c0-a1c1-236754935c5f 0785ec01bfbb49a3b56fa95061537b39 bd32e336a76443538ecfe0ed4257b9f7 - - default default] Successfully bumped revision number for resource a5bd724c-5554-42a4-8b15-7a643478a8f1 (type: security_group_rules) to 0
2026-07-02 01:47:54.739 9 INFO neutron.db.ovn_revision_numbers_db [None req-edc7869d-be9b-45c0-a1c1-236754935c5f 0785ec01bfbb49a3b56fa95061537b39 bd32e336a76443538ecfe0ed4257b9f7 - - default default] Successfully bumped revision number for resource a6f1df5e-a3c2-4337-be2e-a43fc42ca069 (type: security_group_rules) to 0
2026-07-02 01:47:54.752 10 WARNING neutron.scheduler.dhcp_agent_scheduler [None req-790789ce-a082-46b7-b6eb-0bedf5fd553c 0785ec01bfbb49a3b56fa95061537b39 bd32e336a76443538ecfe0ed4257b9f7 - - default default] No more DHCP agents
2026-07-02 01:47:54.755 9 INFO neutron.db.ovn_revision_numbers_db [None req-edc7869d-be9b-45c0-a1c1-236754935c5f 0785ec01bfbb49a3b56fa95061537b39 bd32e336a76443538ecfe0ed4257b9f7 - - default default] Successfully bumped revision number for resource fa9355ca-c23d-4e66-b6fd-0cf2e20b4bf7 (type: security_group_rules) to 0
2026-07-02 01:47:54.757 10 WARNING neutron.api.rpc.agentnotifiers.dhcp_rpc_agent_api [None req-790789ce-a082-46b7-b6eb-0bedf5fd553c 0785ec01bfbb49a3b56fa95061537b39 bd32e336a76443538ecfe0ed4257b9f7 - - default default] Unable to schedule network 74504a89-3d38-449e-aa0e-bc1ca879c717: no agents available; will retry on subsequent port and subnet creation events.
2026-07-02 01:47:54.795 9 INFO neutron.wsgi [None req-edc7869d-be9b-45c0-a1c1-236754935c5f 0785ec01bfbb49a3b56fa95061537b39 bd32e336a76443538ecfe0ed4257b9f7 - - default default] 10.0.0.146 "GET /v2.0/security-groups?tenant_id=bed3f9dbe13f436788d57bfd6ef23c18&name=default HTTP/1.1" status: 200 len: 2992 time: 0.4204736
2026-07-02 01:47:54.832 10 INFO neutron.db.ovn_revision_numbers_db [None req-866835d9-0ce8-47d1-8577-2b8f089aeb5c 0785ec01bfbb49a3b56fa95061537b39 bd32e336a76443538ecfe0ed4257b9f7 - - default default] Successfully bumped revision number for resource b05f0304-cfdf-44ba-9cff-3156fde8d04b (type: ports) to 1
2026-07-02 01:47:54.856 9 WARNING neutron.scheduler.dhcp_agent_scheduler [None req-3ac7e0a3-e641-4953-b88a-a88e19662f1e 0785ec01bfbb49a3b56fa95061537b39 bd32e336a76443538ecfe0ed4257b9f7 - - default default] No more DHCP agents
2026-07-02 01:47:54.859 9 WARNING neutron.api.rpc.agentnotifiers.dhcp_rpc_agent_api [None req-3ac7e0a3-e641-4953-b88a-a88e19662f1e 0785ec01bfbb49a3b56fa95061537b39 bd32e336a76443538ecfe0ed4257b9f7 - - default default] Unable to schedule network 8d573a81-d800-47f9-b03b-8dbd718f318c: no agents available; will retry on subsequent port and subnet creation events.
2026-07-02 01:47:54.868 10 INFO neutron.wsgi [None req-866835d9-0ce8-47d1-8577-2b8f089aeb5c 0785ec01bfbb49a3b56fa95061537b39 bd32e336a76443538ecfe0ed4257b9f7 - - default default] 10.0.0.146 "POST /v2.0/networks HTTP/1.1" status: 201 len: 954 time: 1.0817418
2026-07-02 01:47:54.871 10 INFO neutron.wsgi [-] 10.0.0.74 "GET / HTTP/1.1" status: 200 len: 247 time: 0.0011389
2026-07-02 01:47:54.873 10 INFO neutron.wsgi [-] 10.0.0.74 "GET / HTTP/1.1" status: 200 len: 247 time: 0.0010400
2026-07-02 01:47:54.893 10 INFO neutron.db.ovn_revision_numbers_db [None req-790789ce-a082-46b7-b6eb-0bedf5fd553c 0785ec01bfbb49a3b56fa95061537b39 bd32e336a76443538ecfe0ed4257b9f7 - - default default] Successfully bumped revision number for resource 8746906a-6609-47e3-96d0-04b53948991e (type: ports) to 1
2026-07-02 01:47:54.926 10 INFO neutron.wsgi [None req-790789ce-a082-46b7-b6eb-0bedf5fd553c 0785ec01bfbb49a3b56fa95061537b39 bd32e336a76443538ecfe0ed4257b9f7 - - default default] 10.0.0.146 "POST /v2.0/networks HTTP/1.1" status: 201 len: 950 time: 1.0500009
2026-07-02 01:47:55.131 10 INFO neutron.wsgi [None req-df386f75-7ce9-42a6-bcb2-ad5b91a224c7 0785ec01bfbb49a3b56fa95061537b39 bd32e336a76443538ecfe0ed4257b9f7 - - default default] 10.0.0.146 "DELETE /v2.0/security-groups/18a8a1f2-e6d0-4ab7-a977-8791ec8625be HTTP/1.1" status: 204 len: 168 time: 0.3300200
2026-07-02 01:47:55.138 10 WARNING neutron.scheduler.dhcp_agent_scheduler [None req-9944f5b0-f215-4e89-8918-b2e21047e869 0785ec01bfbb49a3b56fa95061537b39 bd32e336a76443538ecfe0ed4257b9f7 - - default default] No more DHCP agents
2026-07-02 01:47:55.139 10 WARNING neutron.api.rpc.agentnotifiers.dhcp_rpc_agent_api [None req-9944f5b0-f215-4e89-8918-b2e21047e869 0785ec01bfbb49a3b56fa95061537b39 bd32e336a76443538ecfe0ed4257b9f7 - - default default] Unable to schedule network 74504a89-3d38-449e-aa0e-bc1ca879c717: no agents available; will retry on subsequent port and subnet creation events.
2026-07-02 01:47:55.187 9 WARNING neutron.scheduler.dhcp_agent_scheduler [None req-72ae8cd2-5c60-4600-a22f-c607f44b4b18 0785ec01bfbb49a3b56fa95061537b39 bd32e336a76443538ecfe0ed4257b9f7 - - default default] No more DHCP agents
2026-07-02 01:47:55.200 9 WARNING neutron.api.rpc.agentnotifiers.dhcp_rpc_agent_api [None req-72ae8cd2-5c60-4600-a22f-c607f44b4b18 0785ec01bfbb49a3b56fa95061537b39 bd32e336a76443538ecfe0ed4257b9f7 - - default default] Unable to schedule network af126d28-3f12-4f0f-8108-8c64772acde6: no agents available; will retry on subsequent port and subnet creation events.
2026-07-02 01:47:55.627 10 INFO neutron.db.ovn_revision_numbers_db [None req-9944f5b0-f215-4e89-8918-b2e21047e869 0785ec01bfbb49a3b56fa95061537b39 bd32e336a76443538ecfe0ed4257b9f7 - - default default] Successfully bumped revision number for resource 8746906a-6609-47e3-96d0-04b53948991e (type: ports) to 2
2026-07-02 01:47:55.632 9 INFO neutron.db.ovn_revision_numbers_db [None req-3ac7e0a3-e641-4953-b88a-a88e19662f1e 0785ec01bfbb49a3b56fa95061537b39 bd32e336a76443538ecfe0ed4257b9f7 - - default default] Successfully bumped revision number for resource 72cd8768-a15f-4261-9e87-525d2f7c5ad8 (type: ports) to 2
2026-07-02 01:47:55.659 10 INFO neutron.db.ovn_revision_numbers_db [None req-9944f5b0-f215-4e89-8918-b2e21047e869 0785ec01bfbb49a3b56fa95061537b39 bd32e336a76443538ecfe0ed4257b9f7 - - default default] Successfully bumped revision number for resource 285c0471-9edf-4d84-85dd-50ae33811b45 (type: subnets) to 0
2026-07-02 01:47:55.675 10 INFO neutron.wsgi [None req-9944f5b0-f215-4e89-8918-b2e21047e869 0785ec01bfbb49a3b56fa95061537b39 bd32e336a76443538ecfe0ed4257b9f7 - - default default] 10.0.0.146 "POST /v2.0/subnets HTTP/1.1" status: 201 len: 870 time: 0.7414274
2026-07-02 01:47:55.702 9 INFO neutron.db.ovn_revision_numbers_db [None req-3ac7e0a3-e641-4953-b88a-a88e19662f1e 0785ec01bfbb49a3b56fa95061537b39 bd32e336a76443538ecfe0ed4257b9f7 - - default default] Successfully bumped revision number for resource 339f0668-8bc6-41be-9522-606d2efec916 (type: subnets) to 0
2026-07-02 01:47:55.723 9 INFO neutron.wsgi [None req-3ac7e0a3-e641-4953-b88a-a88e19662f1e 0785ec01bfbb49a3b56fa95061537b39 bd32e336a76443538ecfe0ed4257b9f7 - - default default] 10.0.0.146 "POST /v2.0/subnets HTTP/1.1" status: 201 len: 870 time: 1.0667515
2026-07-02 01:47:56.160 9 INFO neutron.db.ovn_revision_numbers_db [None req-72ae8cd2-5c60-4600-a22f-c607f44b4b18 0785ec01bfbb49a3b56fa95061537b39 bd32e336a76443538ecfe0ed4257b9f7 - - default default] Successfully bumped revision number for resource b05f0304-cfdf-44ba-9cff-3156fde8d04b (type: ports) to 2
2026-07-02 01:47:56.254 9 INFO neutron.db.ovn_revision_numbers_db [None req-72ae8cd2-5c60-4600-a22f-c607f44b4b18 0785ec01bfbb49a3b56fa95061537b39 bd32e336a76443538ecfe0ed4257b9f7 - - default default] Successfully bumped revision number for resource 70ddee6e-ada4-4731-a271-ec3cc0519a8e (type: subnets) to 0
