2026-07-02 01:49:32.721 10 INFO neutron.wsgi [req-50b0deaf-084c-45de-a46c-46ce4e5c5c37 req-d63a0e48-b628-4535-98be-71c44820b2ca 8b21bb6f669b4fbdaf311bf9d36fee1f 2c49751e16f145e6b20b78918012c462 - - default default] 199.204.45.70 "POST /v2.0/ports HTTP/1.1" status: 201 len: 1162 time: 0.5424776 /var/lib/openstack/lib/python3.10/site-packages/pycadf/identifier.py:71: UserWarning: Invalid uuid: neutron. To ensure interoperability, identifiers should be a valid uuid. warnings.warn(('Invalid uuid: %s. To ensure interoperability, '
2026-07-02 01:49:32.796 10 INFO neutron.wsgi [None req-3b9884be-3989-41bb-ba0a-b7046b63e3e1 0785ec01bfbb49a3b56fa95061537b39 bd32e336a76443538ecfe0ed4257b9f7 - - default default] 10.0.0.146 "GET /v2.0/security-groups?tenant_id=f357670f57564fb2a1f9c48648055aee&name=default HTTP/1.1" status: 200 len: 2996 time: 0.1410909
2026-07-02 01:49:33.131 9 INFO neutron.wsgi [None req-95a2e4d7-3bcd-4d73-a2ee-44bce9d67535 72746e617bad4adb8bb388747571af10 763d4f013bbe4daaa3651393054318ab - - default default] 10.0.0.146 "PUT /v2.0/routers/f9653d8a-924e-4b62-839d-2a0bed9f3714/remove_router_interface HTTP/1.1" status: 200 len: 503 time: 0.6536250 /var/lib/openstack/lib/python3.10/site-packages/pycadf/identifier.py:71: UserWarning: Invalid uuid: neutron. To ensure interoperability, identifiers should be a valid uuid. warnings.warn(('Invalid uuid: %s. To ensure interoperability, '
2026-07-02 01:49:33.141 9 INFO neutron.wsgi [None req-645dce34-37fb-48fc-8cbf-4fec07cddd20 0785ec01bfbb49a3b56fa95061537b39 bd32e336a76443538ecfe0ed4257b9f7 - - default default] 10.0.0.146 "DELETE /v2.0/security-groups/a57600db-52d9-478d-bd69-8a95aaa95c24 HTTP/1.1" status: 204 len: 168 time: 0.3405631
2026-07-02 01:49:33.152 10 INFO neutron.db.ovn_revision_numbers_db [req-50b0deaf-084c-45de-a46c-46ce4e5c5c37 req-54c4fc97-300f-456b-940b-77bcf420fa4b 57fe36a488ba486081a343b635dfba0d 8f0f3f8a99ec42549119dbc71ad33162 - - b77b7b8eed434c65920ba20056628b30 b77b7b8eed434c65920ba20056628b30] Successfully bumped revision number for resource d2b627fa-f04c-4c2c-a5ce-3e534eb06a50 (type: ports) to 2
2026-07-02 01:49:33.155 10 INFO neutron.wsgi [None req-631e72ff-40af-4577-aed3-9ac123d7690c 72746e617bad4adb8bb388747571af10 763d4f013bbe4daaa3651393054318ab - - default default] 10.0.0.146 "GET /v2.0/ports?device_id=f9653d8a-924e-4b62-839d-2a0bed9f3714 HTTP/1.1" status: 200 len: 205 time: 0.0196831
2026-07-02 01:49:33.409 10 INFO neutron.wsgi [None req-0723a352-3f4e-463c-8a80-106391fa5f62 72746e617bad4adb8bb388747571af10 763d4f013bbe4daaa3651393054318ab - - default default] 10.0.0.146 "DELETE /v2.0/routers/f9653d8a-924e-4b62-839d-2a0bed9f3714 HTTP/1.1" status: 204 len: 168 time: 0.2491207 /var/lib/openstack/lib/python3.10/site-packages/pycadf/identifier.py:71: UserWarning: Invalid uuid: neutron. To ensure interoperability, identifiers should be a valid uuid. warnings.warn(('Invalid uuid: %s. To ensure interoperability, '
2026-07-02 01:49:33.470 10 INFO neutron.db.ovn_revision_numbers_db [req-50b0deaf-084c-45de-a46c-46ce4e5c5c37 req-54c4fc97-300f-456b-940b-77bcf420fa4b 57fe36a488ba486081a343b635dfba0d 8f0f3f8a99ec42549119dbc71ad33162 - - b77b7b8eed434c65920ba20056628b30 b77b7b8eed434c65920ba20056628b30] Successfully bumped revision number for resource d2b627fa-f04c-4c2c-a5ce-3e534eb06a50 (type: ports) to 2
2026-07-02 01:49:33.489 10 INFO neutron.wsgi [req-50b0deaf-084c-45de-a46c-46ce4e5c5c37 req-54c4fc97-300f-456b-940b-77bcf420fa4b 57fe36a488ba486081a343b635dfba0d 8f0f3f8a99ec42549119dbc71ad33162 - - b77b7b8eed434c65920ba20056628b30 b77b7b8eed434c65920ba20056628b30] 199.204.45.70 "PUT /v2.0/ports/d2b627fa-f04c-4c2c-a5ce-3e534eb06a50 HTTP/1.1" status: 200 len: 1380 time: 0.7570498
2026-07-02 01:49:33.531 9 INFO neutron.wsgi [req-0bf47604-8719-4a61-a1a8-89eff2aef219 req-3f7425e9-21a8-4315-a2c1-ec35eeeae232 8b21bb6f669b4fbdaf311bf9d36fee1f 2c49751e16f145e6b20b78918012c462 - - default default] 10.0.0.125 "GET /v2.0/ports?device_id=6e4075ca-edd2-417a-9320-6c0a17e03a39 HTTP/1.1" status: 200 len: 1172 time: 0.0476983
2026-07-02 01:49:33.538 10 INFO neutron.notifiers.nova [-] Nova event matching ['req-99500d55-e223-4037-8d3d-0864ff4024c7'] response: {'name': 'network-changed', 'server_uuid': '6e4075ca-edd2-417a-9320-6c0a17e03a39', 'tag': 'd2b627fa-f04c-4c2c-a5ce-3e534eb06a50', 'status': 'completed', 'code': 200} /var/lib/openstack/lib/python3.10/site-packages/pycadf/identifier.py:71: UserWarning: Invalid uuid: neutron. To ensure interoperability, identifiers should be a valid uuid. warnings.warn(('Invalid uuid: %s. To ensure interoperability, '
2026-07-02 01:49:33.572 10 INFO neutron.wsgi [req-50b0deaf-084c-45de-a46c-46ce4e5c5c37 req-70ded343-b15f-44b9-af7f-a1e30c9284b1 57fe36a488ba486081a343b635dfba0d 8f0f3f8a99ec42549119dbc71ad33162 - - b77b7b8eed434c65920ba20056628b30 b77b7b8eed434c65920ba20056628b30] 199.204.45.70 "GET /v2.0/ports?tenant_id=2c49751e16f145e6b20b78918012c462&device_id=6e4075ca-edd2-417a-9320-6c0a17e03a39 HTTP/1.1" status: 200 len: 1411 time: 0.0298531
2026-07-02 01:49:33.611 9 INFO neutron.wsgi [req-0bf47604-8719-4a61-a1a8-89eff2aef219 req-73e08c1c-647b-416a-8d6c-d89f941c4f6e 8b21bb6f669b4fbdaf311bf9d36fee1f 2c49751e16f145e6b20b78918012c462 - - default default] 10.0.0.125 "GET /v2.0/security-groups?id=9f5b4cb5-9e12-43f6-9f7b-1a077afe108e&fields=id&fields=name HTTP/1.1" status: 200 len: 313 time: 0.0719490
2026-07-02 01:49:33.626 10 INFO neutron.wsgi [req-50b0deaf-084c-45de-a46c-46ce4e5c5c37 req-7224d93a-4d64-47c2-b2f7-7bb8c220ae8a 57fe36a488ba486081a343b635dfba0d 8f0f3f8a99ec42549119dbc71ad33162 - - b77b7b8eed434c65920ba20056628b30 b77b7b8eed434c65920ba20056628b30] 199.204.45.70 "GET /v2.0/floatingips?fixed_ip_address=10.100.0.10&port_id=d2b627fa-f04c-4c2c-a5ce-3e534eb06a50 HTTP/1.1" status: 200 len: 217 time: 0.0443132
2026-07-02 01:49:33.633 10 INFO neutron.wsgi [None req-2130586d-9aca-405d-a281-430c3e91d58b 964c389e14b74cfea049cf1a04c43995 2d1e04dba91446b08a1d5b3a18cd1692 - - default default] 10.0.0.67 "GET /v2.0/extensions HTTP/1.1" status: 200 len: 16525 time: 0.1515038
2026-07-02 01:49:33.673 10 INFO neutron.wsgi [req-50b0deaf-084c-45de-a46c-46ce4e5c5c37 req-d8d2cd32-dfa9-44c0-86e8-42e3f1e169fc 57fe36a488ba486081a343b635dfba0d 8f0f3f8a99ec42549119dbc71ad33162 - - b77b7b8eed434c65920ba20056628b30 b77b7b8eed434c65920ba20056628b30] 199.204.45.70 "GET /v2.0/subnets?id=90a8c404-455e-47f4-8c3a-15cb8ce17778 HTTP/1.1" status: 200 len: 869 time: 0.0260355
2026-07-02 01:49:33.701 10 INFO neutron.wsgi [req-50b0deaf-084c-45de-a46c-46ce4e5c5c37 req-f4c7f0c4-9969-429a-81af-f60f7faaa08f 57fe36a488ba486081a343b635dfba0d 8f0f3f8a99ec42549119dbc71ad33162 - - b77b7b8eed434c65920ba20056628b30 b77b7b8eed434c65920ba20056628b30] 199.204.45.70 "GET /v2.0/ports?network_id=6abf9432-d75b-4ce0-8498-7cd550e36231&device_owner=network%3Adhcp HTTP/1.1" status: 200 len: 210 time: 0.0202467
2026-07-02 01:49:33.701 9 INFO neutron.wsgi [None req-cb2b2bc4-3942-4b2f-8384-55ac09afea99 72746e617bad4adb8bb388747571af10 763d4f013bbe4daaa3651393054318ab - - default default] 10.0.0.146 "DELETE /v2.0/subnets/2ae55f69-43d0-40be-9547-a67e93d4338d HTTP/1.1" status: 204 len: 168 time: 0.2863214
2026-07-02 01:49:33.749 9 INFO neutron.wsgi [None req-bf6a8e01-4707-4e21-a3aa-112821e6697d 964c389e14b74cfea049cf1a04c43995 2d1e04dba91446b08a1d5b3a18cd1692 - - default default] 10.0.0.67 "GET /v2.0/quotas/2d1e04dba91446b08a1d5b3a18cd1692/details HTTP/1.1" status: 200 len: 756 time: 0.0983200
2026-07-02 01:49:33.813 10 INFO neutron.wsgi [req-50b0deaf-084c-45de-a46c-46ce4e5c5c37 req-e1753666-a77e-41ae-b176-f432f6e84e32 57fe36a488ba486081a343b635dfba0d 8f0f3f8a99ec42549119dbc71ad33162 - - b77b7b8eed434c65920ba20056628b30 b77b7b8eed434c65920ba20056628b30] 199.204.45.70 "GET /v2.0/networks/6abf9432-d75b-4ce0-8498-7cd550e36231?fields=segments HTTP/1.1" status: 200 len: 212 time: 0.0957904
2026-07-02 01:49:33.901 10 INFO neutron.wsgi [req-50b0deaf-084c-45de-a46c-46ce4e5c5c37 req-ba0b43d5-d483-4aac-8a25-4cddb603a918 57fe36a488ba486081a343b635dfba0d 8f0f3f8a99ec42549119dbc71ad33162 - - b77b7b8eed434c65920ba20056628b30 b77b7b8eed434c65920ba20056628b30] 199.204.45.70 "GET /v2.0/networks/6abf9432-d75b-4ce0-8498-7cd550e36231?fields=provider%3Aphysical_network&fields=provider%3Anetwork_type HTTP/1.1" status: 200 len: 277 time: 0.0802712
2026-07-02 01:49:33.947 10 INFO neutron.wsgi [None req-641233c7-a22e-415c-b042-ba63e0cc981e 72746e617bad4adb8bb388747571af10 763d4f013bbe4daaa3651393054318ab - - default default] 10.0.0.146 "DELETE /v2.0/subnets/72208c4c-0001-4c33-bd2c-f2d89ebd2fbd HTTP/1.1" status: 204 len: 168 time: 0.2380517
2026-07-02 01:49:33.986 10 INFO neutron.wsgi [req-1f8e3ff4-2e4d-40eb-bc13-6f362bed5317 req-2443b71a-b995-4fd0-becb-c98ca2349837 57fe36a488ba486081a343b635dfba0d 8f0f3f8a99ec42549119dbc71ad33162 - - b77b7b8eed434c65920ba20056628b30 b77b7b8eed434c65920ba20056628b30] 199.204.45.70 "GET /v2.0/ports?tenant_id=2c49751e16f145e6b20b78918012c462&device_id=6e4075ca-edd2-417a-9320-6c0a17e03a39 HTTP/1.1" status: 200 len: 1411 time: 0.0388355
2026-07-02 01:49:34.049 10 WARNING neutron.plugins.ml2.drivers.ovn.mech_driver.ovsdb.ovn_client [None req-1030e677-1232-499d-9dcc-bac5e89fa420 - - - - - -] No hosting information found for port f7c27674-6479-461c-8498-40fda843dd3e: RuntimeError: No hosting information found for port f7c27674-6479-461c-8498-40fda843dd3e
2026-07-02 01:49:34.049 10 INFO neutron.plugins.ml2.drivers.ovn.mech_driver.mech_driver [None req-1030e677-1232-499d-9dcc-bac5e89fa420 - - - - - -] OVN reports status down for port: aa0527a8-5548-43db-8b66-655cb147287b
2026-07-02 01:49:34.109 10 INFO neutron.wsgi [req-1f8e3ff4-2e4d-40eb-bc13-6f362bed5317 req-90132a28-3463-46ea-9be5-5ceba95b60a8 57fe36a488ba486081a343b635dfba0d 8f0f3f8a99ec42549119dbc71ad33162 - - b77b7b8eed434c65920ba20056628b30 b77b7b8eed434c65920ba20056628b30] 199.204.45.70 "GET /v2.0/networks?id=6abf9432-d75b-4ce0-8498-7cd550e36231 HTTP/1.1" status: 200 len: 974 time: 0.0955451
2026-07-02 01:49:34.158 10 INFO neutron.plugins.ml2.drivers.ovn.mech_driver.mech_driver [None req-1030e677-1232-499d-9dcc-bac5e89fa420 - - - - - -] OVN reports status up for port: d2b627fa-f04c-4c2c-a5ce-3e534eb06a50
2026-07-02 01:49:34.170 10 INFO neutron.wsgi [req-1f8e3ff4-2e4d-40eb-bc13-6f362bed5317 req-d73ff781-9bbb-4acb-914d-43e9efe2f602 57fe36a488ba486081a343b635dfba0d 8f0f3f8a99ec42549119dbc71ad33162 - - b77b7b8eed434c65920ba20056628b30 b77b7b8eed434c65920ba20056628b30] 199.204.45.70 "GET /v2.0/floatingips?fixed_ip_address=10.100.0.10&port_id=d2b627fa-f04c-4c2c-a5ce-3e534eb06a50 HTTP/1.1" status: 200 len: 217 time: 0.0519865
2026-07-02 01:49:34.217 10 INFO neutron.wsgi [req-1f8e3ff4-2e4d-40eb-bc13-6f362bed5317 req-06cf1319-c4c3-4f2b-a422-66d65f6b8a2d 57fe36a488ba486081a343b635dfba0d 8f0f3f8a99ec42549119dbc71ad33162 - - b77b7b8eed434c65920ba20056628b30 b77b7b8eed434c65920ba20056628b30] 199.204.45.70 "GET /v2.0/subnets?id=90a8c404-455e-47f4-8c3a-15cb8ce17778 HTTP/1.1" status: 200 len: 869 time: 0.0379241
2026-07-02 01:49:34.250 10 INFO neutron.wsgi [req-1f8e3ff4-2e4d-40eb-bc13-6f362bed5317 req-ffbb73b0-e1d1-4c5c-8e8f-bb3502d688da 57fe36a488ba486081a343b635dfba0d 8f0f3f8a99ec42549119dbc71ad33162 - - b77b7b8eed434c65920ba20056628b30 b77b7b8eed434c65920ba20056628b30] 199.204.45.70 "GET /v2.0/ports?network_id=6abf9432-d75b-4ce0-8498-7cd550e36231&device_owner=network%3Adhcp HTTP/1.1" status: 200 len: 210 time: 0.0281315
2026-07-02 01:49:34.318 10 INFO neutron.wsgi [req-1f8e3ff4-2e4d-40eb-bc13-6f362bed5317 req-292f60cc-0589-4a79-afe7-70edf5910b67 57fe36a488ba486081a343b635dfba0d 8f0f3f8a99ec42549119dbc71ad33162 - - b77b7b8eed434c65920ba20056628b30 b77b7b8eed434c65920ba20056628b30] 199.204.45.70 "GET /v2.0/networks/6abf9432-d75b-4ce0-8498-7cd550e36231?fields=segments HTTP/1.1" status: 200 len: 212 time: 0.0625765
2026-07-02 01:49:34.321 10 INFO neutron.plugins.ml2.plugin [None req-1030e677-1232-499d-9dcc-bac5e89fa420 - - - - - -] Attempt 1 to provision port d2b627fa-f04c-4c2c-a5ce-3e534eb06a50
2026-07-02 01:49:34.431 10 INFO neutron.wsgi [req-1f8e3ff4-2e4d-40eb-bc13-6f362bed5317 req-e91b1de9-a7f2-47d8-99f8-67ab3e0d76bd 57fe36a488ba486081a343b635dfba0d 8f0f3f8a99ec42549119dbc71ad33162 - - b77b7b8eed434c65920ba20056628b30 b77b7b8eed434c65920ba20056628b30] 199.204.45.70 "GET /v2.0/networks/6abf9432-d75b-4ce0-8498-7cd550e36231?fields=provider%3Aphysical_network&fields=provider%3Anetwork_type HTTP/1.1" status: 200 len: 277 time: 0.0987017
2026-07-02 01:49:34.534 9 INFO neutron.services.segments.plugin [-] Segment c1b50f14-4a54-4c29-b47e-9ca94dac8d06 resource provider aggregate not found
2026-07-02 01:49:34.543 9 INFO neutron.services.segments.plugin [-] Segment c1b50f14-4a54-4c29-b47e-9ca94dac8d06 resource provider aggregate not found
2026-07-02 01:49:34.559 9 INFO neutron.services.segments.plugin [-] Segment c1b50f14-4a54-4c29-b47e-9ca94dac8d06 resource provider not found; error: Placement Client Error (4xx): {"errors": [{"status": 404, "title": "Not Found", "detail": "The resource could not be found.\n\n No resource provider with uuid c1b50f14-4a54-4c29-b47e-9ca94dac8d06 found for delete ", "request_id": "req-4178015e-f737-40e1-82cf-f010c57da0e6"}]}
2026-07-02 01:49:34.560 9 INFO neutron.services.segments.plugin [-] Segment c1b50f14-4a54-4c29-b47e-9ca94dac8d06 resource provider not found; error: Placement Client Error (4xx): {"errors": [{"status": 404, "title": "Not Found", "detail": "The resource could not be found.\n\n No resource provider with uuid c1b50f14-4a54-4c29-b47e-9ca94dac8d06 found for delete ", "request_id": "req-d73264b7-c78c-4fd3-a089-0ebbcf35fa65"}]}
2026-07-02 01:49:34.606 9 INFO neutron.wsgi [None req-562afb5b-b76a-454a-b679-942c0020b3c2 72746e617bad4adb8bb388747571af10 763d4f013bbe4daaa3651393054318ab - - default default] 10.0.0.146 "DELETE /v2.0/networks/ba36bf63-ef09-4975-a141-eaa484f3a597 HTTP/1.1" status: 204 len: 168 time: 0.6446006
2026-07-02 01:49:34.728 9 INFO neutron.wsgi [req-07fda6e2-83af-4504-8630-f98da5d1ae40 req-1159e0f7-7c85-4e73-a274-a5f5a844921d 8b21bb6f669b4fbdaf311bf9d36fee1f 2c49751e16f145e6b20b78918012c462 - - default default] 10.0.0.125 "GET /v2.0/ports?device_id=6e4075ca-edd2-417a-9320-6c0a17e03a39 HTTP/1.1" status: 200 len: 1174 time: 0.0401330
2026-07-02 01:49:34.791 10 INFO neutron.db.ovn_revision_numbers_db [None req-1030e677-1232-499d-9dcc-bac5e89fa420 - - - - - -] Successfully bumped revision number for resource d2b627fa-f04c-4c2c-a5ce-3e534eb06a50 (type: ports) to 4
2026-07-02 01:49:34.795 9 INFO neutron.wsgi [req-07fda6e2-83af-4504-8630-f98da5d1ae40 req-e1d85a9a-d95d-498d-bda9-c63217b197c5 8b21bb6f669b4fbdaf311bf9d36fee1f 2c49751e16f145e6b20b78918012c462 - - default default] 10.0.0.125 "GET /v2.0/security-groups?id=9f5b4cb5-9e12-43f6-9f7b-1a077afe108e&fields=id&fields=name HTTP/1.1" status: 200 len: 313 time: 0.0564640
2026-07-02 01:49:35.004 10 INFO neutron.services.segments.plugin [-] Segment e3b67167-5aeb-4082-917b-58f24a13de24 resource provider aggregate not found
2026-07-02 01:49:35.024 10 INFO neutron.services.segments.plugin [-] Segment e3b67167-5aeb-4082-917b-58f24a13de24 resource provider aggregate not found
2026-07-02 01:49:35.040 10 INFO neutron.services.segments.plugin [-] Segment e3b67167-5aeb-4082-917b-58f24a13de24 resource provider not found; error: Placement Client Error (4xx): {"errors": [{"status": 404, "title": "Not Found", "detail": "The resource could not be found.\n\n No resource provider with uuid e3b67167-5aeb-4082-917b-58f24a13de24 found for delete ", "request_id": "req-76fba240-febe-473a-ae7d-1e1bd4ec30c1"}]}
2026-07-02 01:49:35.045 10 INFO neutron.services.segments.plugin [-] Segment e3b67167-5aeb-4082-917b-58f24a13de24 resource provider not found; error: Placement Client Error (4xx): {"errors": [{"status": 404, "title": "Not Found", "detail": "The resource could not be found.\n\n No resource provider with uuid e3b67167-5aeb-4082-917b-58f24a13de24 found for delete ", "request_id": "req-31e3d8a3-b1cf-49ec-bb69-7a627246e0bf"}]}
2026-07-02 01:49:35.067 10 INFO neutron.wsgi [None req-ae21e45c-cb13-4674-afa3-c724f4877b24 72746e617bad4adb8bb388747571af10 763d4f013bbe4daaa3651393054318ab - - default default] 10.0.0.146 "DELETE /v2.0/networks/b764b6ae-dc14-4510-b34b-f898fc1e58ae HTTP/1.1" status: 204 len: 168 time: 0.4568796
2026-07-02 01:49:35.176 9 INFO neutron.db.segments_db [None req-c6737add-9667-430f-b92b-5bcf0f0a4727 72746e617bad4adb8bb388747571af10 763d4f013bbe4daaa3651393054318ab - - default default] Added segment 1c17ce36-708d-4dd2-b521-b559f1d88c93 of type geneve for network 1811af39-321d-4761-8e07-4b2755f0b853
2026-07-02 01:49:35.362 9 INFO neutron.db.ovn_revision_numbers_db [None req-c6737add-9667-430f-b92b-5bcf0f0a4727 72746e617bad4adb8bb388747571af10 763d4f013bbe4daaa3651393054318ab - - default default] Successfully bumped revision number for resource 1811af39-321d-4761-8e07-4b2755f0b853 (type: networks) to 1
2026-07-02 01:49:35.550 9 INFO neutron.db.ovn_revision_numbers_db [None req-c3634d09-d1ab-4197-9a96-25ec4d6094c1 59a98373db494fb5a9222cbae4c85ebe 137926048671415690a1932821b4dae9 - - default default] Successfully bumped revision number for resource dce53f68-104b-4bd8-9400-8232a042f82c (type: security_groups) to 1
2026-07-02 01:49:35.562 9 WARNING neutron.scheduler.dhcp_agent_scheduler [None req-c6737add-9667-430f-b92b-5bcf0f0a4727 72746e617bad4adb8bb388747571af10 763d4f013bbe4daaa3651393054318ab - - default default] No more DHCP agents
2026-07-02 01:49:35.568 9 WARNING neutron.api.rpc.agentnotifiers.dhcp_rpc_agent_api [None req-c6737add-9667-430f-b92b-5bcf0f0a4727 72746e617bad4adb8bb388747571af10 763d4f013bbe4daaa3651393054318ab - - default default] Unable to schedule network 1811af39-321d-4761-8e07-4b2755f0b853: no agents available; will retry on subsequent port and subnet creation events.
2026-07-02 01:49:35.581 10 INFO neutron.notifiers.nova [-] Nova event matching ['req-db26d156-d9e6-4250-8b5e-d723c934625e'] response: {'server_uuid': '6e4075ca-edd2-417a-9320-6c0a17e03a39', 'name': 'network-vif-plugged', 'status': 'completed', 'tag': 'd2b627fa-f04c-4c2c-a5ce-3e534eb06a50', 'code': 200}
2026-07-02 01:49:35.581 10 INFO neutron.notifiers.nova [-] Nova event matching ['req-db26d156-d9e6-4250-8b5e-d723c934625e'] response: {'server_uuid': '6e4075ca-edd2-417a-9320-6c0a17e03a39', 'name': 'network-vif-plugged', 'status': 'completed', 'tag': 'd2b627fa-f04c-4c2c-a5ce-3e534eb06a50', 'code': 200}
2026-07-02 01:49:35.590 9 INFO neutron.db.ovn_revision_numbers_db [None req-c3634d09-d1ab-4197-9a96-25ec4d6094c1 59a98373db494fb5a9222cbae4c85ebe 137926048671415690a1932821b4dae9 - - default default] Successfully bumped revision number for resource 652677a5-f4cb-47fb-9d53-0b52e37b11fd (type: security_group_rules) to 0
2026-07-02 01:49:35.637 9 INFO neutron.db.ovn_revision_numbers_db [None req-c3634d09-d1ab-4197-9a96-25ec4d6094c1 59a98373db494fb5a9222cbae4c85ebe 137926048671415690a1932821b4dae9 - - default default] Successfully bumped revision number for resource 788dc45f-585d-4906-8ab5-de20173e7ec4 (type: security_group_rules) to 0
2026-07-02 01:49:35.673 9 INFO neutron.db.ovn_revision_numbers_db [None req-c3634d09-d1ab-4197-9a96-25ec4d6094c1 59a98373db494fb5a9222cbae4c85ebe 137926048671415690a1932821b4dae9 - - default default] Successfully bumped revision number for resource e048d16c-0dfb-4dd9-93fe-fe25924f6da4 (type: security_group_rules) to 0
2026-07-02 01:49:35.687 9 INFO neutron.db.ovn_revision_numbers_db [None req-c6737add-9667-430f-b92b-5bcf0f0a4727 72746e617bad4adb8bb388747571af10 763d4f013bbe4daaa3651393054318ab - - default default] Successfully bumped revision number for resource 66d17cca-d165-4634-bb90-590ba8bdadbd (type: ports) to 1
2026-07-02 01:49:35.706 9 INFO neutron.db.ovn_revision_numbers_db [None req-c3634d09-d1ab-4197-9a96-25ec4d6094c1 59a98373db494fb5a9222cbae4c85ebe 137926048671415690a1932821b4dae9 - - default default] Successfully bumped revision number for resource f38c8396-8510-43bb-ab47-b832434bfcdf (type: security_group_rules) to 0
2026-07-02 01:49:35.723 9 INFO neutron.wsgi [None req-c6737add-9667-430f-b92b-5bcf0f0a4727 72746e617bad4adb8bb388747571af10 763d4f013bbe4daaa3651393054318ab - - default default] 10.0.0.146 "POST /v2.0/networks HTTP/1.1" status: 201 len: 833 time: 0.6487939
2026-07-02 01:49:35.772 9 INFO neutron.db.segments_db [None req-c3634d09-d1ab-4197-9a96-25ec4d6094c1 59a98373db494fb5a9222cbae4c85ebe 137926048671415690a1932821b4dae9 - - default default] Added segment c3d9608e-a769-4437-ab16-46189d42425e of type geneve for network a20cdc83-a891-4314-8f21-d5d6c91311f6
2026-07-02 01:49:35.933 9 INFO neutron.wsgi [req-13089724-aae3-4043-9e6c-3ae805cdc0c0 req-c25a3048-7c0a-48cc-a2a4-6400f0a5e8f3 8b21bb6f669b4fbdaf311bf9d36fee1f 2c49751e16f145e6b20b78918012c462 - - default default] 10.0.0.125 "GET /v2.0/ports?device_id=6e4075ca-edd2-417a-9320-6c0a17e03a39 HTTP/1.1" status: 200 len: 1174 time: 0.0746994
2026-07-02 01:49:35.996 9 INFO neutron.db.ovn_revision_numbers_db [None req-c3634d09-d1ab-4197-9a96-25ec4d6094c1 59a98373db494fb5a9222cbae4c85ebe 137926048671415690a1932821b4dae9 - - default default] Successfully bumped revision number for resource a20cdc83-a891-4314-8f21-d5d6c91311f6 (type: networks) to 1
2026-07-02 01:49:36.008 9 INFO neutron.wsgi [req-13089724-aae3-4043-9e6c-3ae805cdc0c0 req-0bb06e4d-c636-4e1a-b22e-420960c37157 8b21bb6f669b4fbdaf311bf9d36fee1f 2c49751e16f145e6b20b78918012c462 - - default default] 10.0.0.125 "GET /v2.0/security-groups?id=9f5b4cb5-9e12-43f6-9f7b-1a077afe108e&fields=id&fields=name HTTP/1.1" status: 200 len: 313 time: 0.0664718
2026-07-02 01:49:36.015 9 WARNING neutron.plugins.ml2.drivers.ovn.mech_driver.ovsdb.ovn_client [None req-d554d10b-8a31-4b0b-82e7-ecb96d22c563 - - - - - -] No port found with ID 9494d81a-0681-4b30-9f6c-d4473e6bc9b7: RuntimeError: No port found with ID 9494d81a-0681-4b30-9f6c-d4473e6bc9b7
2026-07-02 01:49:36.136 9 WARNING neutron.scheduler.dhcp_agent_scheduler [None req-46cdf238-19f6-4acc-9339-fe0fe8929b64 72746e617bad4adb8bb388747571af10 763d4f013bbe4daaa3651393054318ab - - default default] No more DHCP agents
2026-07-02 01:49:36.148 9 WARNING neutron.api.rpc.agentnotifiers.dhcp_rpc_agent_api [None req-46cdf238-19f6-4acc-9339-fe0fe8929b64 72746e617bad4adb8bb388747571af10 763d4f013bbe4daaa3651393054318ab - - default default] Unable to schedule network 1811af39-321d-4761-8e07-4b2755f0b853: no agents available; will retry on subsequent port and subnet creation events.
2026-07-02 01:49:36.227 9 INFO neutron.wsgi [req-f9dd443d-39b6-4861-a59f-3384540cc12d req-75a4b133-2296-4d98-8852-aa4494888d66 8b21bb6f669b4fbdaf311bf9d36fee1f 2c49751e16f145e6b20b78918012c462 - - default default] 10.0.0.125 "GET /v2.0/ports?device_id=6e4075ca-edd2-417a-9320-6c0a17e03a39 HTTP/1.1" status: 200 len: 1174 time: 0.1450469
2026-07-02 01:49:36.230 9 INFO neutron.db.ovn_revision_numbers_db [None req-46cdf238-19f6-4acc-9339-fe0fe8929b64 72746e617bad4adb8bb388747571af10 763d4f013bbe4daaa3651393054318ab - - default default] Successfully bumped revision number for resource 1f3325ad-c5a4-470a-aad4-505d65050b9f (type: subnets) to 0 /var/lib/openstack/lib/python3.10/site-packages/pycadf/identifier.py:71: UserWarning: Invalid uuid: neutron. To ensure interoperability, identifiers should be a valid uuid. warnings.warn(('Invalid uuid: %s. To ensure interoperability, '
2026-07-02 01:49:36.235 10 INFO neutron.wsgi [None req-cf9706c4-6883-4190-bb11-8e9890979dfd 964c389e14b74cfea049cf1a04c43995 2d1e04dba91446b08a1d5b3a18cd1692 - - default default] 10.0.0.67 "GET /v2.0/extensions HTTP/1.1" status: 200 len: 16525 time: 0.0063901
2026-07-02 01:49:36.258 9 WARNING neutron.scheduler.dhcp_agent_scheduler [None req-c3634d09-d1ab-4197-9a96-25ec4d6094c1 59a98373db494fb5a9222cbae4c85ebe 137926048671415690a1932821b4dae9 - - default default] No more DHCP agents
2026-07-02 01:49:36.262 9 INFO neutron.wsgi [None req-46cdf238-19f6-4acc-9339-fe0fe8929b64 72746e617bad4adb8bb388747571af10 763d4f013bbe4daaa3651393054318ab - - default default] 10.0.0.146 "POST /v2.0/subnets HTTP/1.1" status: 201 len: 821 time: 0.5323794
2026-07-02 01:49:36.265 9 WARNING neutron.api.rpc.agentnotifiers.dhcp_rpc_agent_api [None req-c3634d09-d1ab-4197-9a96-25ec4d6094c1 59a98373db494fb5a9222cbae4c85ebe 137926048671415690a1932821b4dae9 - - default default] Unable to schedule network a20cdc83-a891-4314-8f21-d5d6c91311f6: no agents available; will retry on subsequent port and subnet creation events.
2026-07-02 01:49:36.407 9 INFO neutron.db.ovn_revision_numbers_db [None req-c3634d09-d1ab-4197-9a96-25ec4d6094c1 59a98373db494fb5a9222cbae4c85ebe 137926048671415690a1932821b4dae9 - - default default] Successfully bumped revision number for resource e939d6c9-15b5-47e4-bf6e-0f4a9ccf1b84 (type: ports) to 1
2026-07-02 01:49:36.431 10 INFO neutron.wsgi [None req-39176dbc-28f3-4f0e-8e1b-179e3711c8aa 964c389e14b74cfea049cf1a04c43995 2d1e04dba91446b08a1d5b3a18cd1692 - - default default] 10.0.0.67 "GET /v2.0/quotas/2d1e04dba91446b08a1d5b3a18cd1692/details HTTP/1.1" status: 200 len: 756 time: 0.1671293
2026-07-02 01:49:36.459 9 INFO neutron.wsgi [None req-c3634d09-d1ab-4197-9a96-25ec4d6094c1 59a98373db494fb5a9222cbae4c85ebe 137926048671415690a1932821b4dae9 - - default default] 10.0.0.146 "POST /v2.0/networks HTTP/1.1" status: 201 len: 844 time: 1.2800226
2026-07-02 01:49:36.483 9 INFO neutron.db.ovn_revision_numbers_db [None req-26b0320b-773b-4912-b808-709ca0481d4c 72746e617bad4adb8bb388747571af10 763d4f013bbe4daaa3651393054318ab - - default default] Successfully bumped revision number for resource 09c888e9-0631-46b0-a629-7c3f1caa4452 (type: routers) to 1
2026-07-02 01:49:36.499 9 INFO neutron.wsgi [None req-26b0320b-773b-4912-b808-709ca0481d4c 72746e617bad4adb8bb388747571af10 763d4f013bbe4daaa3651393054318ab - - default default] 10.0.0.146 "POST /v2.0/routers HTTP/1.1" status: 201 len: 690 time: 0.2291780
2026-07-02 01:49:36.509 10 INFO neutron.db.l3_db [None req-f190c7ba-a25d-43fd-83a6-d68ee36915a7 8b21bb6f669b4fbdaf311bf9d36fee1f 2c49751e16f145e6b20b78918012c462 - - default default] Floating IP ade7dc9e-cf71-484d-b4ea-78f1dabe9db3 associated. External IP: 10.96.250.208, port: d2b627fa-f04c-4c2c-a5ce-3e534eb06a50.
2026-07-02 01:49:36.876 9 WARNING neutron.scheduler.dhcp_agent_scheduler [None req-e88ab8c0-40af-49f8-abc9-56325fed80dc 72746e617bad4adb8bb388747571af10 763d4f013bbe4daaa3651393054318ab - - default default] No more DHCP agents
2026-07-02 01:49:36.878 9 WARNING neutron.api.rpc.agentnotifiers.dhcp_rpc_agent_api [None req-e88ab8c0-40af-49f8-abc9-56325fed80dc 72746e617bad4adb8bb388747571af10 763d4f013bbe4daaa3651393054318ab - - default default] Unable to schedule network 1811af39-321d-4761-8e07-4b2755f0b853: no agents available; will retry on subsequent port and subnet creation events.
2026-07-02 01:49:37.009 9 INFO neutron.db.ovn_revision_numbers_db [None req-e88ab8c0-40af-49f8-abc9-56325fed80dc 72746e617bad4adb8bb388747571af10 763d4f013bbe4daaa3651393054318ab - - default default] Successfully bumped revision number for resource 738b942c-73a6-422c-ad4c-afa0ca908532 (type: ports) to 1
2026-07-02 01:49:37.041 9 INFO neutron.wsgi [None req-e88ab8c0-40af-49f8-abc9-56325fed80dc 72746e617bad4adb8bb388747571af10 763d4f013bbe4daaa3651393054318ab - - default default] 10.0.0.146 "POST /v2.0/ports HTTP/1.1" status: 201 len: 1163 time: 0.5382328 /var/lib/openstack/lib/python3.10/site-packages/pycadf/identifier.py:71: UserWarning: Invalid uuid: neutron. To ensure interoperability, identifiers should be a valid uuid. warnings.warn(('Invalid uuid: %s. To ensure interoperability, '
2026-07-02 01:49:37.120 10 INFO neutron.db.ovn_revision_numbers_db [None req-f190c7ba-a25d-43fd-83a6-d68ee36915a7 8b21bb6f669b4fbdaf311bf9d36fee1f 2c49751e16f145e6b20b78918012c462 - - default default] Successfully bumped revision number for resource ade7dc9e-cf71-484d-b4ea-78f1dabe9db3 (type: floatingips) to 1
2026-07-02 01:49:37.149 10 WARNING neutron.scheduler.dhcp_agent_scheduler [None req-c6ebf74f-ac5a-4f6e-93e0-a8cbb13730b8 59a98373db494fb5a9222cbae4c85ebe 137926048671415690a1932821b4dae9 - - default default] No more DHCP agents
2026-07-02 01:49:37.154 10 WARNING neutron.api.rpc.agentnotifiers.dhcp_rpc_agent_api [None req-c6ebf74f-ac5a-4f6e-93e0-a8cbb13730b8 59a98373db494fb5a9222cbae4c85ebe 137926048671415690a1932821b4dae9 - - default default] Unable to schedule network a20cdc83-a891-4314-8f21-d5d6c91311f6: no agents available; will retry on subsequent port and subnet creation events.
2026-07-02 01:49:37.286 10 INFO neutron.db.ovn_revision_numbers_db [None req-c6ebf74f-ac5a-4f6e-93e0-a8cbb13730b8 59a98373db494fb5a9222cbae4c85ebe 137926048671415690a1932821b4dae9 - - default default] Successfully bumped revision number for resource 2c1c3067-52e4-4d2d-9c84-9ca36818c541 (type: ports) to 1
2026-07-02 01:49:37.289 10 INFO neutron.db.ovn_revision_numbers_db [None req-f190c7ba-a25d-43fd-83a6-d68ee36915a7 8b21bb6f669b4fbdaf311bf9d36fee1f 2c49751e16f145e6b20b78918012c462 - - default default] Successfully bumped revision number for resource ade7dc9e-cf71-484d-b4ea-78f1dabe9db3 (type: floatingips) to 2
2026-07-02 01:49:37.318 10 INFO neutron.wsgi [None req-f190c7ba-a25d-43fd-83a6-d68ee36915a7 8b21bb6f669b4fbdaf311bf9d36fee1f 2c49751e16f145e6b20b78918012c462 - - default default] 10.0.0.146 "PUT /v2.0/floatingips/ade7dc9e-cf71-484d-b4ea-78f1dabe9db3 HTTP/1.1" status: 200 len: 1050 time: 1.0786250
2026-07-02 01:49:37.327 10 INFO neutron.wsgi [None req-c6ebf74f-ac5a-4f6e-93e0-a8cbb13730b8 59a98373db494fb5a9222cbae4c85ebe 137926048671415690a1932821b4dae9 - - default default] 10.0.0.146 "POST /v2.0/ports HTTP/1.1" status: 201 len: 973 time: 0.8592827 /var/lib/openstack/lib/python3.10/site-packages/pycadf/identifier.py:71: UserWarning: Invalid uuid: neutron. To ensure interoperability, identifiers should be a valid uuid. warnings.warn(('Invalid uuid: %s. To ensure interoperability, '
2026-07-02 01:49:37.418 10 INFO neutron.db.segments_db [None req-bc797428-f858-4580-b22a-ac621594771a 59a98373db494fb5a9222cbae4c85ebe 137926048671415690a1932821b4dae9 - - default default] Added segment 849911af-d8d5-41f1-8b8f-6dbca9830067 of type geneve for network d10a8364-ebc0-4043-8786-687144f90641
2026-07-02 01:49:37.519 9 INFO neutron.plugins.ml2.drivers.ovn.mech_driver.mech_driver [None req-d554d10b-8a31-4b0b-82e7-ecb96d22c563 - - - - - -] OVN reports status up for port: 738b942c-73a6-422c-ad4c-afa0ca908532
2026-07-02 01:49:37.532 9 INFO neutron.plugins.ml2.plugin [None req-d554d10b-8a31-4b0b-82e7-ecb96d22c563 - - - - - -] Attempt 1 to provision port 738b942c-73a6-422c-ad4c-afa0ca908532
2026-07-02 01:49:37.551 9 INFO neutron.db.ovn_revision_numbers_db [None req-7a7cc59f-2a2b-411f-8c02-0c620a70e32a 72746e617bad4adb8bb388747571af10 763d4f013bbe4daaa3651393054318ab - - default default] Successfully bumped revision number for resource 738b942c-73a6-422c-ad4c-afa0ca908532 (type: router_ports) to 2
2026-07-02 01:49:37.618 10 INFO neutron.db.ovn_revision_numbers_db [None req-bc797428-f858-4580-b22a-ac621594771a 59a98373db494fb5a9222cbae4c85ebe 137926048671415690a1932821b4dae9 - - default default] Successfully bumped revision number for resource d10a8364-ebc0-4043-8786-687144f90641 (type: networks) to 1
2026-07-02 01:49:37.635 10 INFO neutron.notifiers.nova [-] Nova event matching ['req-9c8276f3-2478-495a-a13f-7aaa68a363c9'] response: {'name': 'network-changed', 'server_uuid': '6e4075ca-edd2-417a-9320-6c0a17e03a39', 'tag': 'd2b627fa-f04c-4c2c-a5ce-3e534eb06a50', 'status': 'completed', 'code': 200}
2026-07-02 01:49:37.760 10 INFO neutron.wsgi [req-45e89592-5600-409e-be5f-f8f53f013053 req-90b9c03b-2437-45e7-959a-1905d1686533 57fe36a488ba486081a343b635dfba0d 8f0f3f8a99ec42549119dbc71ad33162 - - b77b7b8eed434c65920ba20056628b30 b77b7b8eed434c65920ba20056628b30] 199.204.45.70 "GET /v2.0/ports?tenant_id=2c49751e16f145e6b20b78918012c462&device_id=6e4075ca-edd2-417a-9320-6c0a17e03a39 HTTP/1.1" status: 200 len: 1413 time: 0.0890923
2026-07-02 01:49:37.874 10 INFO neutron.wsgi [req-45e89592-5600-409e-be5f-f8f53f013053 req-e2d3cb9f-4c45-4d2b-a31a-9a40d1a1188f 57fe36a488ba486081a343b635dfba0d 8f0f3f8a99ec42549119dbc71ad33162 - - b77b7b8eed434c65920ba20056628b30 b77b7b8eed434c65920ba20056628b30] 199.204.45.70 "GET /v2.0/networks?id=6abf9432-d75b-4ce0-8498-7cd550e36231 HTTP/1.1" status: 200 len: 974 time: 0.1012976
2026-07-02 01:49:37.926 10 INFO neutron.wsgi [req-45e89592-5600-409e-be5f-f8f53f013053 req-605e346e-9484-4738-a1fa-231e1a84aa33 57fe36a488ba486081a343b635dfba0d 8f0f3f8a99ec42549119dbc71ad33162 - - b77b7b8eed434c65920ba20056628b30 b77b7b8eed434c65920ba20056628b30] 199.204.45.70 "GET /v2.0/floatingips?fixed_ip_address=10.100.0.10&port_id=d2b627fa-f04c-4c2c-a5ce-3e534eb06a50 HTTP/1.1" status: 200 len: 1060 time: 0.0440211
2026-07-02 01:49:37.934 10 WARNING neutron.scheduler.dhcp_agent_scheduler [None req-bc797428-f858-4580-b22a-ac621594771a 59a98373db494fb5a9222cbae4c85ebe 137926048671415690a1932821b4dae9 - - default default] No more DHCP agents
2026-07-02 01:49:37.937 10 WARNING neutron.api.rpc.agentnotifiers.dhcp_rpc_agent_api [None req-bc797428-f858-4580-b22a-ac621594771a 59a98373db494fb5a9222cbae4c85ebe 137926048671415690a1932821b4dae9 - - default default] Unable to schedule network d10a8364-ebc0-4043-8786-687144f90641: no agents available; will retry on subsequent port and subnet creation events.
2026-07-02 01:49:37.984 10 INFO neutron.wsgi [req-45e89592-5600-409e-be5f-f8f53f013053 req-7453ce30-c18e-4a55-a3b1-fddc8331587f 57fe36a488ba486081a343b635dfba0d 8f0f3f8a99ec42549119dbc71ad33162 - - b77b7b8eed434c65920ba20056628b30 b77b7b8eed434c65920ba20056628b30] 199.204.45.70 "GET /v2.0/subnets?id=90a8c404-455e-47f4-8c3a-15cb8ce17778 HTTP/1.1" status: 200 len: 869 time: 0.0481441
2026-07-02 01:49:38.015 10 INFO neutron.wsgi [req-45e89592-5600-409e-be5f-f8f53f013053 req-67ef460a-2a34-422a-b1ec-c95abda5c299 57fe36a488ba486081a343b635dfba0d 8f0f3f8a99ec42549119dbc71ad33162 - - b77b7b8eed434c65920ba20056628b30 b77b7b8eed434c65920ba20056628b30] 199.204.45.70 "GET /v2.0/ports?network_id=6abf9432-d75b-4ce0-8498-7cd550e36231&device_owner=network%3Adhcp HTTP/1.1" status: 200 len: 210 time: 0.0210721
2026-07-02 01:49:38.052 9 INFO neutron.db.ovn_revision_numbers_db [None req-7a7cc59f-2a2b-411f-8c02-0c620a70e32a 72746e617bad4adb8bb388747571af10 763d4f013bbe4daaa3651393054318ab - - default default] Successfully bumped revision number for resource 738b942c-73a6-422c-ad4c-afa0ca908532 (type: ports) to 2
2026-07-02 01:49:38.095 10 INFO neutron.db.ovn_revision_numbers_db [None req-bc797428-f858-4580-b22a-ac621594771a 59a98373db494fb5a9222cbae4c85ebe 137926048671415690a1932821b4dae9 - - default default] Successfully bumped revision number for resource fc5116a8-4cbd-4c58-997f-fe7cd66efb8c (type: ports) to 1
2026-07-02 01:49:38.103 10 INFO neutron.wsgi [req-45e89592-5600-409e-be5f-f8f53f013053 req-a161c5c2-5f6c-48ba-8c73-b3e28bbeab71 57fe36a488ba486081a343b635dfba0d 8f0f3f8a99ec42549119dbc71ad33162 - - b77b7b8eed434c65920ba20056628b30 b77b7b8eed434c65920ba20056628b30] 199.204.45.70 "GET /v2.0/networks/6abf9432-d75b-4ce0-8498-7cd550e36231?fields=segments HTTP/1.1" status: 200 len: 212 time: 0.0816638
2026-07-02 01:49:38.134 10 INFO neutron.wsgi [None req-bc797428-f858-4580-b22a-ac621594771a 59a98373db494fb5a9222cbae4c85ebe 137926048671415690a1932821b4dae9 - - default default] 10.0.0.146 "POST /v2.0/networks HTTP/1.1" status: 201 len: 831 time: 0.8008153 /var/lib/openstack/lib/python3.10/site-packages/pycadf/identifier.py:71: UserWarning: Invalid uuid: neutron. To ensure interoperability, identifiers should be a valid uuid. warnings.warn(('Invalid uuid: %s. To ensure interoperability, '
2026-07-02 01:49:38.178 10 INFO neutron.wsgi [req-45e89592-5600-409e-be5f-f8f53f013053 req-2acf0d8e-4c3c-480c-a92b-0ac426e85ef6 57fe36a488ba486081a343b635dfba0d 8f0f3f8a99ec42549119dbc71ad33162 - - b77b7b8eed434c65920ba20056628b30 b77b7b8eed434c65920ba20056628b30] 199.204.45.70 "GET /v2.0/networks/6abf9432-d75b-4ce0-8498-7cd550e36231?fields=provider%3Aphysical_network&fields=provider%3Anetwork_type HTTP/1.1" status: 200 len: 277 time: 0.0685148
2026-07-02 01:49:38.278 9 INFO neutron.db.ovn_revision_numbers_db [None req-d554d10b-8a31-4b0b-82e7-ecb96d22c563 - - - - - -] Successfully bumped revision number for resource 738b942c-73a6-422c-ad4c-afa0ca908532 (type: ports) to 3
2026-07-02 01:49:38.572 9 INFO neutron.db.ovn_revision_numbers_db [None req-d554d10b-8a31-4b0b-82e7-ecb96d22c563 - - - - - -] Successfully bumped revision number for resource 738b942c-73a6-422c-ad4c-afa0ca908532 (type: router_ports) to 3
2026-07-02 01:49:38.763 9 WARNING neutron.scheduler.dhcp_agent_scheduler [None req-c76559fa-6e99-4f30-95ab-5d2788684571 59a98373db494fb5a9222cbae4c85ebe 137926048671415690a1932821b4dae9 - - default default] No more DHCP agents
2026-07-02 01:49:38.776 9 WARNING neutron.api.rpc.agentnotifiers.dhcp_rpc_agent_api [None req-c76559fa-6e99-4f30-95ab-5d2788684571 59a98373db494fb5a9222cbae4c85ebe 137926048671415690a1932821b4dae9 - - default default] Unable to schedule network d10a8364-ebc0-4043-8786-687144f90641: no agents available; will retry on subsequent port and subnet creation events.
2026-07-02 01:49:38.992 9 INFO neutron.db.ovn_revision_numbers_db [None req-7a7cc59f-2a2b-411f-8c02-0c620a70e32a 72746e617bad4adb8bb388747571af10 763d4f013bbe4daaa3651393054318ab - - default default] Successfully bumped revision number for resource 738b942c-73a6-422c-ad4c-afa0ca908532 (type: ports) to 3
2026-07-02 01:49:39.108 9 WARNING neutron.scheduler.dhcp_agent_scheduler [None req-7a7cc59f-2a2b-411f-8c02-0c620a70e32a 72746e617bad4adb8bb388747571af10 763d4f013bbe4daaa3651393054318ab - - default default] No more DHCP agents
2026-07-02 01:49:39.110 9 WARNING neutron.api.rpc.agentnotifiers.dhcp_rpc_agent_api [None req-7a7cc59f-2a2b-411f-8c02-0c620a70e32a 72746e617bad4adb8bb388747571af10 763d4f013bbe4daaa3651393054318ab - - default default] Unable to schedule network 1811af39-321d-4761-8e07-4b2755f0b853: no agents available; will retry on subsequent port and subnet creation events.
2026-07-02 01:49:39.190 10 INFO neutron.db.ovn_revision_numbers_db [None req-dabde4c6-14ed-4755-ba1e-486e1679527c 0785ec01bfbb49a3b56fa95061537b39 bd32e336a76443538ecfe0ed4257b9f7 - - default default] Successfully bumped revision number for resource 95d82e4e-de5e-4504-83b6-dc5b99136dcc (type: security_groups) to 1
2026-07-02 01:49:39.213 10 INFO neutron.db.ovn_revision_numbers_db [None req-dabde4c6-14ed-4755-ba1e-486e1679527c 0785ec01bfbb49a3b56fa95061537b39 bd32e336a76443538ecfe0ed4257b9f7 - - default default] Successfully bumped revision number for resource 0b76b49f-e917-451a-929c-e31848a9af20 (type: security_group_rules) to 0
2026-07-02 01:49:39.234 10 INFO neutron.db.ovn_revision_numbers_db [None req-dabde4c6-14ed-4755-ba1e-486e1679527c 0785ec01bfbb49a3b56fa95061537b39 bd32e336a76443538ecfe0ed4257b9f7 - - default default] Successfully bumped revision number for resource 18c628a2-0da3-4310-b7c8-54d7f4e965c8 (type: security_group_rules) to 0
2026-07-02 01:49:39.259 10 INFO neutron.db.ovn_revision_numbers_db [None req-dabde4c6-14ed-4755-ba1e-486e1679527c 0785ec01bfbb49a3b56fa95061537b39 bd32e336a76443538ecfe0ed4257b9f7 - - default default] Successfully bumped revision number for resource d939eecd-3455-4cba-8dcf-b9a9c379b800 (type: security_group_rules) to 0
2026-07-02 01:49:39.275 10 INFO neutron.db.ovn_revision_numbers_db [None req-dabde4c6-14ed-4755-ba1e-486e1679527c 0785ec01bfbb49a3b56fa95061537b39 bd32e336a76443538ecfe0ed4257b9f7 - - default default] Successfully bumped revision number for resource dcdd1c0e-45fa-4293-aa59-97ded77bfbef (type: security_group_rules) to 0
2026-07-02 01:49:39.300 10 INFO neutron.wsgi [None req-dabde4c6-14ed-4755-ba1e-486e1679527c 0785ec01bfbb49a3b56fa95061537b39 bd32e336a76443538ecfe0ed4257b9f7 - - default default] 10.0.0.146 "GET /v2.0/security-groups?tenant_id=2d1e04dba91446b08a1d5b3a18cd1692&name=default HTTP/1.1" status: 200 len: 2996 time: 0.3746216
2026-07-02 01:49:39.390 9 INFO neutron.db.ovn_revision_numbers_db [None req-7a7cc59f-2a2b-411f-8c02-0c620a70e32a 72746e617bad4adb8bb388747571af10 763d4f013bbe4daaa3651393054318ab - - default default] Successfully bumped revision number for resource 738b942c-73a6-422c-ad4c-afa0ca908532 (type: router_ports) to 3
2026-07-02 01:49:39.392 9 INFO neutron.wsgi [None req-7a7cc59f-2a2b-411f-8c02-0c620a70e32a 72746e617bad4adb8bb388747571af10 763d4f013bbe4daaa3651393054318ab - - default default] 10.0.0.146 "PUT /v2.0/routers/09c888e9-0631-46b0-a629-7c3f1caa4452/add_router_interface HTTP/1.1" status: 200 len: 503 time: 2.3470011
2026-07-02 01:49:39.462 9 INFO neutron.db.ovn_revision_numbers_db [None req-c76559fa-6e99-4f30-95ab-5d2788684571 59a98373db494fb5a9222cbae4c85ebe 137926048671415690a1932821b4dae9 - - default default] Successfully bumped revision number for resource fc5116a8-4cbd-4c58-997f-fe7cd66efb8c (type: ports) to 2
2026-07-02 01:49:39.492 10 INFO neutron.wsgi [None req-a5311a8b-c567-423a-a03f-e3523b856800 72746e617bad4adb8bb388747571af10 763d4f013bbe4daaa3651393054318ab - - default default] 10.0.0.146 "GET /v2.0/ports/738b942c-73a6-422c-ad4c-afa0ca908532 HTTP/1.1" status: 200 len: 1221 time: 0.0931685 /var/lib/openstack/lib/python3.10/site-packages/pycadf/identifier.py:71: UserWarning: Invalid uuid: neutron. To ensure interoperability, identifiers should be a valid uuid. warnings.warn(('Invalid uuid: %s. To ensure interoperability, '
2026-07-02 01:49:39.520 9 INFO neutron.db.ovn_revision_numbers_db [None req-c76559fa-6e99-4f30-95ab-5d2788684571 59a98373db494fb5a9222cbae4c85ebe 137926048671415690a1932821b4dae9 - - default default] Successfully bumped revision number for resource 1e2f7bb6-4e7e-4b33-b161-fe00cf6ec4c6 (type: subnets) to 0
2026-07-02 01:49:39.562 9 INFO neutron.wsgi [None req-c76559fa-6e99-4f30-95ab-5d2788684571 59a98373db494fb5a9222cbae4c85ebe 137926048671415690a1932821b4dae9 - - default default] 10.0.0.146 "POST /v2.0/subnets HTTP/1.1" status: 201 len: 801 time: 1.4201767
2026-07-02 01:49:39.592 10 INFO neutron.wsgi [None req-85e55984-a281-4b24-b2a1-f1b8752c6663 0785ec01bfbb49a3b56fa95061537b39 bd32e336a76443538ecfe0ed4257b9f7 - - default default] 10.0.0.146 "DELETE /v2.0/security-groups/95d82e4e-de5e-4504-83b6-dc5b99136dcc HTTP/1.1" status: 204 len: 168 time: 0.2857819
2026-07-02 01:49:39.869 9 INFO neutron.wsgi [-] 10.0.0.74 "GET / HTTP/1.1" status: 200 len: 247 time: 0.0015619
2026-07-02 01:49:39.869 10 INFO neutron.wsgi [-] 10.0.0.74 "GET / HTTP/1.1" status: 200 len: 247 time: 0.0016611
2026-07-02 01:49:39.951 10 WARNING neutron.scheduler.dhcp_agent_scheduler [None req-f6e53afd-4819-47bf-9c6d-378952aecf17 59a98373db494fb5a9222cbae4c85ebe 137926048671415690a1932821b4dae9 - - default default] No more DHCP agents
2026-07-02 01:49:39.954 10 WARNING neutron.api.rpc.agentnotifiers.dhcp_rpc_agent_api [None req-f6e53afd-4819-47bf-9c6d-378952aecf17 59a98373db494fb5a9222cbae4c85ebe 137926048671415690a1932821b4dae9 - - default default] Unable to schedule network d10a8364-ebc0-4043-8786-687144f90641: no agents available; will retry on subsequent port and subnet creation events.
2026-07-02 01:49:40.190 10 INFO neutron.db.ovn_revision_numbers_db [None req-f6e53afd-4819-47bf-9c6d-378952aecf17 59a98373db494fb5a9222cbae4c85ebe 137926048671415690a1932821b4dae9 - - default default] Successfully bumped revision number for resource 4f7f24cf-1c4a-4e51-9ce8-afa31810ace5 (type: ports) to 1
2026-07-02 01:49:40.213 10 INFO neutron.wsgi [None req-f6e53afd-4819-47bf-9c6d-378952aecf17 59a98373db494fb5a9222cbae4c85ebe 137926048671415690a1932821b4dae9 - - default default] 10.0.0.146 "POST /v2.0/ports HTTP/1.1" status: 201 len: 1148 time: 0.6453865 /var/lib/openstack/lib/python3.10/site-packages/pycadf/identifier.py:71: UserWarning: Invalid uuid: neutron. To ensure interoperability, identifiers should be a valid uuid. warnings.warn(('Invalid uuid: %s. To ensure interoperability, '
2026-07-02 01:49:40.394 9 INFO neutron.wsgi [None req-3201953a-a36f-4637-b351-f5d89c2dc9d8 72746e617bad4adb8bb388747571af10 763d4f013bbe4daaa3651393054318ab - - default default] 10.0.0.146 "PUT /v2.0/routers/09c888e9-0631-46b0-a629-7c3f1caa4452/remove_router_interface HTTP/1.1" status: 200 len: 503 time: 0.8945889 /var/lib/openstack/lib/python3.10/site-packages/pycadf/identifier.py:71: UserWarning: Invalid uuid: neutron. To ensure interoperability, identifiers should be a valid uuid. warnings.warn(('Invalid uuid: %s. To ensure interoperability, '
2026-07-02 01:49:40.464 9 INFO neutron.api.v2.resource [None req-957596c1-c000-4048-9b4a-2f173efe5209 72746e617bad4adb8bb388747571af10 763d4f013bbe4daaa3651393054318ab - - default default] remove_router_interface failed (client error): The resource could not be found.
2026-07-02 01:49:40.466 9 INFO neutron.wsgi [None req-957596c1-c000-4048-9b4a-2f173efe5209 72746e617bad4adb8bb388747571af10 763d4f013bbe4daaa3651393054318ab - - default default] 10.0.0.146 "PUT /v2.0/routers/09c888e9-0631-46b0-a629-7c3f1caa4452/remove_router_interface HTTP/1.1" status: 404 len: 398 time: 0.0659475
2026-07-02 01:49:40.495 9 INFO neutron.wsgi [None req-d142047e-f66d-4f62-8bd8-480dd7a6fa98 72746e617bad4adb8bb388747571af10 763d4f013bbe4daaa3651393054318ab - - default default] 10.0.0.146 "GET /v2.0/ports?device_id=09c888e9-0631-46b0-a629-7c3f1caa4452 HTTP/1.1" status: 200 len: 205 time: 0.0238473
2026-07-02 01:49:40.526 10 INFO neutron.wsgi [None req-ec478ab2-cade-41c3-bd30-3ceadd25a924 59a98373db494fb5a9222cbae4c85ebe 137926048671415690a1932821b4dae9 - - default default] 10.0.0.146 "DELETE /v2.0/ports/4f7f24cf-1c4a-4e51-9ce8-afa31810ace5 HTTP/1.1" status: 204 len: 168 time: 0.3064106
2026-07-02 01:49:40.547 10 INFO neutron.pecan_wsgi.hooks.translation [None req-f465c4ec-1d07-4826-b119-39daab6358c9 59a98373db494fb5a9222cbae4c85ebe 137926048671415690a1932821b4dae9 - - default default] DELETE failed (client error): The resource could not be found.
2026-07-02 01:49:40.550 10 INFO neutron.wsgi [None req-f465c4ec-1d07-4826-b119-39daab6358c9 59a98373db494fb5a9222cbae4c85ebe 137926048671415690a1932821b4dae9 - - default default] 10.0.0.146 "DELETE /v2.0/ports/4f7f24cf-1c4a-4e51-9ce8-afa31810ace5 HTTP/1.1" status: 404 len: 333 time: 0.0187998
2026-07-02 01:49:40.568 10 INFO neutron.pecan_wsgi.hooks.translation [None req-cccc51f4-bab6-4d74-812b-990e39c1d24b 59a98373db494fb5a9222cbae4c85ebe 137926048671415690a1932821b4dae9 - - default default] GET failed (client error): The resource could not be found.
2026-07-02 01:49:40.570 10 INFO neutron.wsgi [None req-cccc51f4-bab6-4d74-812b-990e39c1d24b 59a98373db494fb5a9222cbae4c85ebe 137926048671415690a1932821b4dae9 - - default default] 10.0.0.146 "GET /v2.0/ports/4f7f24cf-1c4a-4e51-9ce8-afa31810ace5 HTTP/1.1" status: 404 len: 333 time: 0.0158985
2026-07-02 01:49:40.703 9 INFO neutron.wsgi [None req-2ad92969-cf38-48d6-aa6d-a6fdd716689e 72746e617bad4adb8bb388747571af10 763d4f013bbe4daaa3651393054318ab - - default default] 10.0.0.146 "DELETE /v2.0/routers/09c888e9-0631-46b0-a629-7c3f1caa4452 HTTP/1.1" status: 204 len: 168 time: 0.2033060
2026-07-02 01:49:40.840 10 INFO neutron.wsgi [None req-8bb32448-df80-4590-9452-1b4ee9cb77dc 59a98373db494fb5a9222cbae4c85ebe 137926048671415690a1932821b4dae9 - - default default] 10.0.0.146 "DELETE /v2.0/subnets/1e2f7bb6-4e7e-4b33-b161-fe00cf6ec4c6 HTTP/1.1" status: 204 len: 168 time: 0.2664769
2026-07-02 01:49:40.918 9 INFO neutron.wsgi [None req-4b8aea01-45aa-43e7-8fb2-7ed97227b8e7 72746e617bad4adb8bb388747571af10 763d4f013bbe4daaa3651393054318ab - - default default] 10.0.0.146 "DELETE /v2.0/subnets/1f3325ad-c5a4-470a-aad4-505d65050b9f HTTP/1.1" status: 204 len: 168 time: 0.2079175
2026-07-02 01:49:41.208 10 INFO neutron.services.segments.plugin [-] Segment 849911af-d8d5-41f1-8b8f-6dbca9830067 resource provider aggregate not found
2026-07-02 01:49:41.214 10 INFO neutron.services.segments.plugin [-] Segment 849911af-d8d5-41f1-8b8f-6dbca9830067 resource provider aggregate not found
2026-07-02 01:49:41.232 10 INFO neutron.services.segments.plugin [-] Segment 849911af-d8d5-41f1-8b8f-6dbca9830067 resource provider not found; error: Placement Client Error (4xx): {"errors": [{"status": 404, "title": "Not Found", "detail": "The resource could not be found.\n\n No resource provider with uuid 849911af-d8d5-41f1-8b8f-6dbca9830067 found for delete ", "request_id": "req-7de59aaf-6ff8-4b00-bf09-d1248c281921"}]}
2026-07-02 01:49:41.233 10 INFO neutron.services.segments.plugin [-] Segment 849911af-d8d5-41f1-8b8f-6dbca9830067 resource provider not found; error: Placement Client Error (4xx): {"errors": [{"status": 404, "title": "Not Found", "detail": "The resource could not be found.\n\n No resource provider with uuid 849911af-d8d5-41f1-8b8f-6dbca9830067 found for delete ", "request_id": "req-6cdbd90a-df63-45a1-88b2-1130e7692199"}]}
2026-07-02 01:49:41.278 10 INFO neutron.wsgi [None req-1bd8a815-d073-46ae-ad48-5e1506d62338 59a98373db494fb5a9222cbae4c85ebe 137926048671415690a1932821b4dae9 - - default default] 10.0.0.146 "DELETE /v2.0/networks/d10a8364-ebc0-4043-8786-687144f90641 HTTP/1.1" status: 204 len: 168 time: 0.4305670
2026-07-02 01:49:41.314 9 INFO neutron.services.segments.plugin [-] Segment 1c17ce36-708d-4dd2-b521-b559f1d88c93 resource provider aggregate not found
2026-07-02 01:49:41.320 9 INFO neutron.services.segments.plugin [-] Segment 1c17ce36-708d-4dd2-b521-b559f1d88c93 resource provider aggregate not found
2026-07-02 01:49:41.338 9 INFO neutron.services.segments.plugin [-] Segment 1c17ce36-708d-4dd2-b521-b559f1d88c93 resource provider not found; error: Placement Client Error (4xx): {"errors": [{"status": 404, "title": "Not Found", "detail": "The resource could not be found.\n\n No resource provider with uuid 1c17ce36-708d-4dd2-b521-b559f1d88c93 found for delete ", "request_id": "req-0a3e80fc-4000-44b1-895c-fb19191db34d"}]}
