2026-07-02 01:52:30.478 10 INFO neutron.db.l3_db [req-477c6590-bc34-4931-accd-3df0825ad71b req-61981db5-9bab-4b3c-ba81-62008bc7efbd 835d786b57754a30bd790bbf56a75ad7 69726c9ecac54fa7ab39ef07cf0adaf4 - - default default] Floating IP 1bd6b01c-e95e-4938-85ae-6db3fa8b745b disassociated. External IP: 10.96.250.220, port: 0e2e8626-1087-4aee-b751-2d1cd1f18cd2.
2026-07-02 01:52:30.543 9 INFO neutron.wsgi [req-d8ecf394-7e6c-4703-95fc-5d952d82cfe0 req-59ade2bf-9904-43e8-a03a-84382141bcdc 835d786b57754a30bd790bbf56a75ad7 69726c9ecac54fa7ab39ef07cf0adaf4 - - default default] 10.0.0.125 "GET /v2.0/security-groups?id=34d0fb3f-4bda-4cce-a9cb-992780b4a847&id=be156814-f6f1-49d7-a179-0979d9e97735&fields=id&fields=name HTTP/1.1" status: 200 len: 405 time: 0.0884006
2026-07-02 01:52:30.825 10 INFO neutron.wsgi [req-477c6590-bc34-4931-accd-3df0825ad71b req-61981db5-9bab-4b3c-ba81-62008bc7efbd 835d786b57754a30bd790bbf56a75ad7 69726c9ecac54fa7ab39ef07cf0adaf4 - - default default] 199.204.45.70 "DELETE /v2.0/ports/0e2e8626-1087-4aee-b751-2d1cd1f18cd2 HTTP/1.1" status: 204 len: 173 time: 1.0372849
2026-07-02 01:52:30.857 10 INFO neutron.notifiers.nova [-] Nova event matching ['req-80710000-9d8f-4122-9652-bed8f8dbf47e'] response: {'server_uuid': '5d952865-09ce-4a15-8ef8-826210c54990', 'name': 'network-vif-deleted', 'tag': '0e2e8626-1087-4aee-b751-2d1cd1f18cd2', 'status': 'completed', 'code': 200}
2026-07-02 01:52:30.932 9 INFO neutron.db.ovn_revision_numbers_db [None req-083bb094-10a6-4829-b9a0-c76d868d9b71 9f36356a965e42268ba3f080847ab8ee 3190119926784f6ba3e788111ffdf706 - - default default] Successfully bumped revision number for resource d7e077e4-2a23-439b-86b0-2d39e806b902 (type: routers) to 2
2026-07-02 01:52:30.937 9 INFO neutron.wsgi [None req-083bb094-10a6-4829-b9a0-c76d868d9b71 9f36356a965e42268ba3f080847ab8ee 3190119926784f6ba3e788111ffdf706 - - default default] 10.0.0.146 "PUT /v2.0/routers/d7e077e4-2a23-439b-86b0-2d39e806b902 HTTP/1.1" status: 200 len: 677 time: 0.5242696
2026-07-02 01:52:30.962 9 INFO neutron.wsgi [None req-bdb78754-bcb9-4dfa-bbc7-2284f0745c56 9f36356a965e42268ba3f080847ab8ee 3190119926784f6ba3e788111ffdf706 - - default default] 10.0.0.146 "GET /v2.0/ports?device_id=d7e077e4-2a23-439b-86b0-2d39e806b902 HTTP/1.1" status: 200 len: 205 time: 0.0206997
2026-07-02 01:52:31.356 9 INFO neutron.wsgi [None req-70cdf29a-8b56-4aa1-a8ba-e5408cc86111 9f36356a965e42268ba3f080847ab8ee 3190119926784f6ba3e788111ffdf706 - - default default] 10.0.0.146 "DELETE /v2.0/routers/d7e077e4-2a23-439b-86b0-2d39e806b902 HTTP/1.1" status: 204 len: 168 time: 0.3880072 /var/lib/openstack/lib/python3.10/site-packages/pycadf/identifier.py:71: UserWarning: Invalid uuid: neutron. To ensure interoperability, identifiers should be a valid uuid. warnings.warn(('Invalid uuid: %s. To ensure interoperability, '
2026-07-02 01:52:31.412 10 INFO neutron.wsgi [None req-6dc971b2-bdfd-434e-b92d-aa4d074b315f 9f36356a965e42268ba3f080847ab8ee 3190119926784f6ba3e788111ffdf706 - - default default] 10.0.0.146 "GET /v2.0/routers/7cf1cf57-60ab-4ec3-bc95-d6403434cad5 HTTP/1.1" status: 200 len: 662 time: 0.0499792
2026-07-02 01:52:31.478 9 INFO neutron.notifiers.nova [-] Nova event matching ['req-3461bbfb-44d6-4e9f-aaf6-a6c72084d4b3'] response: {'server_uuid': '5d952865-09ce-4a15-8ef8-826210c54990', 'name': 'network-vif-plugged', 'status': 'completed', 'tag': '0e2e8626-1087-4aee-b751-2d1cd1f18cd2', 'code': 200}
2026-07-02 01:52:31.656 9 INFO neutron.wsgi [req-4df76e09-5555-4d89-a475-a79c000fbcd6 req-e65372da-bd92-45b8-9452-5fbfb048c919 835d786b57754a30bd790bbf56a75ad7 69726c9ecac54fa7ab39ef07cf0adaf4 - - default default] 10.0.0.125 "GET /v2.0/ports?device_id=5d952865-09ce-4a15-8ef8-826210c54990 HTTP/1.1" status: 200 len: 210 time: 0.0219829
2026-07-02 01:52:32.275 10 INFO neutron.db.ovn_revision_numbers_db [None req-fce08f35-fcfd-406a-8822-8148ddda9a48 9f36356a965e42268ba3f080847ab8ee 3190119926784f6ba3e788111ffdf706 - - default default] Successfully bumped revision number for resource 7cf1cf57-60ab-4ec3-bc95-d6403434cad5 (type: routers) to 2
2026-07-02 01:52:32.280 10 INFO neutron.wsgi [None req-fce08f35-fcfd-406a-8822-8148ddda9a48 9f36356a965e42268ba3f080847ab8ee 3190119926784f6ba3e788111ffdf706 - - default default] 10.0.0.146 "PUT /v2.0/routers/7cf1cf57-60ab-4ec3-bc95-d6403434cad5 HTTP/1.1" status: 200 len: 662 time: 0.8624668
2026-07-02 01:52:32.309 10 INFO neutron.wsgi [None req-2d4b129c-b94c-46b8-80be-767ba08e7d75 9f36356a965e42268ba3f080847ab8ee 3190119926784f6ba3e788111ffdf706 - - default default] 10.0.0.146 "GET /v2.0/ports?device_id=7cf1cf57-60ab-4ec3-bc95-d6403434cad5 HTTP/1.1" status: 200 len: 205 time: 0.0234766
2026-07-02 01:52:32.626 10 INFO neutron.wsgi [None req-5a2ee275-76fc-44aa-ac9d-5a953480e5b1 9f36356a965e42268ba3f080847ab8ee 3190119926784f6ba3e788111ffdf706 - - default default] 10.0.0.146 "DELETE /v2.0/routers/7cf1cf57-60ab-4ec3-bc95-d6403434cad5 HTTP/1.1" status: 204 len: 168 time: 0.3119748
2026-07-02 01:52:32.684 10 INFO neutron.wsgi [None req-765fca7a-0b16-43e3-8e76-fcb09be58496 9f36356a965e42268ba3f080847ab8ee 3190119926784f6ba3e788111ffdf706 - - default default] 10.0.0.146 "GET /v2.0/routers/439e2bba-2da1-411d-923c-5f80200b8e97 HTTP/1.1" status: 200 len: 655 time: 0.0530114
2026-07-02 01:52:33.011 9 INFO neutron.wsgi [None req-5233e442-3a4e-4eab-9211-a8c7e5737933 835d786b57754a30bd790bbf56a75ad7 69726c9ecac54fa7ab39ef07cf0adaf4 - - default default] 10.0.0.146 "DELETE /v2.0/security-groups/be156814-f6f1-49d7-a179-0979d9e97735 HTTP/1.1" status: 204 len: 168 time: 0.1733162
2026-07-02 01:52:33.031 9 INFO neutron.api.v2.resource [None req-0dceaca6-d5ae-4345-b3d9-963dfe9da407 835d786b57754a30bd790bbf56a75ad7 69726c9ecac54fa7ab39ef07cf0adaf4 - - default default] show failed (client error): The resource could not be found.
2026-07-02 01:52:33.033 9 INFO neutron.wsgi [None req-0dceaca6-d5ae-4345-b3d9-963dfe9da407 835d786b57754a30bd790bbf56a75ad7 69726c9ecac54fa7ab39ef07cf0adaf4 - - default default] 10.0.0.146 "GET /v2.0/security-groups/be156814-f6f1-49d7-a179-0979d9e97735 HTTP/1.1" status: 404 len: 347 time: 0.0134275
2026-07-02 01:52:33.165 10 INFO neutron.wsgi [None req-5889125d-a340-455a-b80a-3d9a13316bea 9f36356a965e42268ba3f080847ab8ee 3190119926784f6ba3e788111ffdf706 - - default default] 10.0.0.146 "PUT /v2.0/routers/439e2bba-2da1-411d-923c-5f80200b8e97 HTTP/1.1" status: 200 len: 655 time: 0.4756982
2026-07-02 01:52:33.453 9 INFO neutron.wsgi [None req-e1250139-3ec8-471e-b754-914e8450f951 9f36356a965e42268ba3f080847ab8ee 3190119926784f6ba3e788111ffdf706 - - default default] 10.0.0.146 "GET /v2.0/ports?device_id=439e2bba-2da1-411d-923c-5f80200b8e97 HTTP/1.1" status: 200 len: 205 time: 0.2838721
2026-07-02 01:52:33.888 9 INFO neutron.wsgi [None req-cb5f870a-dc0b-4144-a97c-1b08948bf78d 9f36356a965e42268ba3f080847ab8ee 3190119926784f6ba3e788111ffdf706 - - default default] 10.0.0.146 "DELETE /v2.0/routers/439e2bba-2da1-411d-923c-5f80200b8e97 HTTP/1.1" status: 204 len: 168 time: 0.4303732
2026-07-02 01:52:33.943 9 INFO neutron.wsgi [None req-e9cc284b-3df2-42c7-a393-0c31a3b81714 835d786b57754a30bd790bbf56a75ad7 69726c9ecac54fa7ab39ef07cf0adaf4 - - default default] 10.0.0.146 "DELETE /v2.0/floatingips/1bd6b01c-e95e-4938-85ae-6db3fa8b745b HTTP/1.1" status: 204 len: 168 time: 0.9056199
2026-07-02 01:52:34.128 10 INFO neutron.wsgi [None req-9edeb729-ad89-45db-8763-a0f0a4da3f63 835d786b57754a30bd790bbf56a75ad7 69726c9ecac54fa7ab39ef07cf0adaf4 - - default default] 10.0.0.146 "DELETE /v2.0/security-groups/34d0fb3f-4bda-4cce-a9cb-992780b4a847 HTTP/1.1" status: 204 len: 168 time: 0.1783473
2026-07-02 01:52:35.169 9 INFO neutron.db.ovn_revision_numbers_db [None req-e4b0d9c4-2e85-4438-867d-6a24faa23083 0785ec01bfbb49a3b56fa95061537b39 bd32e336a76443538ecfe0ed4257b9f7 - - default default] Successfully bumped revision number for resource c657dc37-09d8-4c8e-9b70-40a859455e61 (type: security_groups) to 1
2026-07-02 01:52:35.217 9 INFO neutron.db.ovn_revision_numbers_db [None req-e4b0d9c4-2e85-4438-867d-6a24faa23083 0785ec01bfbb49a3b56fa95061537b39 bd32e336a76443538ecfe0ed4257b9f7 - - default default] Successfully bumped revision number for resource 2179eb44-edcc-4ae7-80f5-3a23ba04fb53 (type: security_group_rules) to 0
2026-07-02 01:52:35.234 9 INFO neutron.db.ovn_revision_numbers_db [None req-e4b0d9c4-2e85-4438-867d-6a24faa23083 0785ec01bfbb49a3b56fa95061537b39 bd32e336a76443538ecfe0ed4257b9f7 - - default default] Successfully bumped revision number for resource aee94842-4f79-4bb5-a2b4-8ab66cf7c65c (type: security_group_rules) to 0
2026-07-02 01:52:35.249 9 INFO neutron.db.ovn_revision_numbers_db [None req-e4b0d9c4-2e85-4438-867d-6a24faa23083 0785ec01bfbb49a3b56fa95061537b39 bd32e336a76443538ecfe0ed4257b9f7 - - default default] Successfully bumped revision number for resource bbb0a768-f5a9-47c0-81fc-6f29fbc0d433 (type: security_group_rules) to 0
2026-07-02 01:52:35.268 9 INFO neutron.db.ovn_revision_numbers_db [None req-e4b0d9c4-2e85-4438-867d-6a24faa23083 0785ec01bfbb49a3b56fa95061537b39 bd32e336a76443538ecfe0ed4257b9f7 - - default default] Successfully bumped revision number for resource f4f746ee-f689-4ce4-9394-473bad523582 (type: security_group_rules) to 0
2026-07-02 01:52:35.299 9 INFO neutron.wsgi [None req-e4b0d9c4-2e85-4438-867d-6a24faa23083 0785ec01bfbb49a3b56fa95061537b39 bd32e336a76443538ecfe0ed4257b9f7 - - default default] 10.0.0.146 "GET /v2.0/security-groups?tenant_id=e699e58a9e46462abcd2a73c2c46fe51&name=default HTTP/1.1" status: 200 len: 2996 time: 0.4559431
2026-07-02 01:52:35.503 10 INFO neutron.wsgi [None req-68d6ea72-de9a-48bc-9a3a-63797151c7f2 0785ec01bfbb49a3b56fa95061537b39 bd32e336a76443538ecfe0ed4257b9f7 - - default default] 10.0.0.146 "PUT /v2.0/routers/f95a3571-fcb0-4a22-ba9c-3547b2c97d25/remove_router_interface HTTP/1.1" status: 200 len: 503 time: 1.3255749
2026-07-02 01:52:35.508 9 INFO neutron.wsgi [None req-e6954c5c-1fdb-4a57-b0a0-eb0151e2eae4 0785ec01bfbb49a3b56fa95061537b39 bd32e336a76443538ecfe0ed4257b9f7 - - default default] 10.0.0.146 "DELETE /v2.0/security-groups/c657dc37-09d8-4c8e-9b70-40a859455e61 HTTP/1.1" status: 204 len: 168 time: 0.2029665 /var/lib/openstack/lib/python3.10/site-packages/pycadf/identifier.py:71: UserWarning: Invalid uuid: neutron. To ensure interoperability, identifiers should be a valid uuid. warnings.warn(('Invalid uuid: %s. To ensure interoperability, '
2026-07-02 01:52:35.734 9 INFO neutron.db.ovn_revision_numbers_db [None req-b1341586-f7b0-4b60-92a7-247ff46af72c 0785ec01bfbb49a3b56fa95061537b39 bd32e336a76443538ecfe0ed4257b9f7 - - default default] Successfully bumped revision number for resource a25782b7-0436-49d2-9f26-92f05ec6a6c7 (type: security_groups) to 1
2026-07-02 01:52:35.772 9 INFO neutron.db.ovn_revision_numbers_db [None req-b1341586-f7b0-4b60-92a7-247ff46af72c 0785ec01bfbb49a3b56fa95061537b39 bd32e336a76443538ecfe0ed4257b9f7 - - default default] Successfully bumped revision number for resource 19f8326e-b2df-4c23-bfce-31f55421d0ec (type: security_group_rules) to 0
2026-07-02 01:52:35.792 9 INFO neutron.db.ovn_revision_numbers_db [None req-b1341586-f7b0-4b60-92a7-247ff46af72c 0785ec01bfbb49a3b56fa95061537b39 bd32e336a76443538ecfe0ed4257b9f7 - - default default] Successfully bumped revision number for resource 1abb5bca-99d6-4ae8-ae85-36dfa4cdb2ed (type: security_group_rules) to 0
2026-07-02 01:52:35.809 9 INFO neutron.db.ovn_revision_numbers_db [None req-b1341586-f7b0-4b60-92a7-247ff46af72c 0785ec01bfbb49a3b56fa95061537b39 bd32e336a76443538ecfe0ed4257b9f7 - - default default] Successfully bumped revision number for resource 9397fbba-de2e-4aa6-b6fe-9a485bb3d974 (type: security_group_rules) to 0
2026-07-02 01:52:35.823 9 INFO neutron.db.ovn_revision_numbers_db [None req-b1341586-f7b0-4b60-92a7-247ff46af72c 0785ec01bfbb49a3b56fa95061537b39 bd32e336a76443538ecfe0ed4257b9f7 - - default default] Successfully bumped revision number for resource e3ee29be-ab2b-4cd8-b34f-4417a018b873 (type: security_group_rules) to 0
2026-07-02 01:52:35.846 9 INFO neutron.wsgi [None req-b1341586-f7b0-4b60-92a7-247ff46af72c 0785ec01bfbb49a3b56fa95061537b39 bd32e336a76443538ecfe0ed4257b9f7 - - default default] 10.0.0.146 "GET /v2.0/security-groups?tenant_id=59d5a422717445d3822dbcc94b009b8f&name=default HTTP/1.1" status: 200 len: 2996 time: 0.2336974
2026-07-02 01:52:36.092 9 INFO neutron.wsgi [None req-dac4f53a-02ee-41ca-8556-c5e3b9ed81ea 0785ec01bfbb49a3b56fa95061537b39 bd32e336a76443538ecfe0ed4257b9f7 - - default default] 10.0.0.146 "DELETE /v2.0/security-groups/a25782b7-0436-49d2-9f26-92f05ec6a6c7 HTTP/1.1" status: 204 len: 168 time: 0.2391286
2026-07-02 01:52:36.211 10 INFO neutron.wsgi [None req-aaf4000f-21f3-4574-8ef0-d9b03a53ddcb 0785ec01bfbb49a3b56fa95061537b39 bd32e336a76443538ecfe0ed4257b9f7 - - default default] 10.0.0.146 "DELETE /v2.0/routers/f95a3571-fcb0-4a22-ba9c-3547b2c97d25 HTTP/1.1" status: 204 len: 168 time: 0.6999733
2026-07-02 01:52:36.378 9 INFO neutron.db.ovn_revision_numbers_db [None req-5eb1b471-4562-4c50-a88a-ed0843267e1a 0785ec01bfbb49a3b56fa95061537b39 bd32e336a76443538ecfe0ed4257b9f7 - - default default] Successfully bumped revision number for resource 74d2b247-1080-4e24-8c3c-034b21ececbd (type: security_groups) to 1
2026-07-02 01:52:36.417 9 INFO neutron.db.ovn_revision_numbers_db [None req-5eb1b471-4562-4c50-a88a-ed0843267e1a 0785ec01bfbb49a3b56fa95061537b39 bd32e336a76443538ecfe0ed4257b9f7 - - default default] Successfully bumped revision number for resource a23b647a-0046-408d-9ede-805c156c09e6 (type: security_group_rules) to 0
2026-07-02 01:52:36.435 9 INFO neutron.db.ovn_revision_numbers_db [None req-5eb1b471-4562-4c50-a88a-ed0843267e1a 0785ec01bfbb49a3b56fa95061537b39 bd32e336a76443538ecfe0ed4257b9f7 - - default default] Successfully bumped revision number for resource bde01dc9-7e81-40ab-b897-63b3c38a8576 (type: security_group_rules) to 0
2026-07-02 01:52:36.445 10 INFO neutron.wsgi [None req-a2cb20b8-0ac6-4229-9794-145dceee11ae 0785ec01bfbb49a3b56fa95061537b39 bd32e336a76443538ecfe0ed4257b9f7 - - default default] 10.0.0.146 "DELETE /v2.0/subnets/cd0b956c-fa3b-4b11-88f4-3d066caed4cc HTTP/1.1" status: 204 len: 168 time: 0.2273176
2026-07-02 01:52:36.451 9 INFO neutron.db.ovn_revision_numbers_db [None req-5eb1b471-4562-4c50-a88a-ed0843267e1a 0785ec01bfbb49a3b56fa95061537b39 bd32e336a76443538ecfe0ed4257b9f7 - - default default] Successfully bumped revision number for resource cdd6cf55-0ba5-4946-8c9b-eb3000b8a416 (type: security_group_rules) to 0
2026-07-02 01:52:36.466 9 INFO neutron.db.ovn_revision_numbers_db [None req-5eb1b471-4562-4c50-a88a-ed0843267e1a 0785ec01bfbb49a3b56fa95061537b39 bd32e336a76443538ecfe0ed4257b9f7 - - default default] Successfully bumped revision number for resource e273aba1-2e98-4a27-8857-9ccfee0ac780 (type: security_group_rules) to 0
2026-07-02 01:52:36.490 9 INFO neutron.wsgi [None req-5eb1b471-4562-4c50-a88a-ed0843267e1a 0785ec01bfbb49a3b56fa95061537b39 bd32e336a76443538ecfe0ed4257b9f7 - - default default] 10.0.0.146 "GET /v2.0/security-groups?tenant_id=3190119926784f6ba3e788111ffdf706&name=default HTTP/1.1" status: 200 len: 2996 time: 0.2296085
2026-07-02 01:52:36.680 9 INFO neutron.wsgi [None req-06c5bc39-5314-4032-abb6-88d682ae143b 0785ec01bfbb49a3b56fa95061537b39 bd32e336a76443538ecfe0ed4257b9f7 - - default default] 10.0.0.146 "DELETE /v2.0/security-groups/74d2b247-1080-4e24-8c3c-034b21ececbd HTTP/1.1" status: 204 len: 168 time: 0.1855958
2026-07-02 01:52:36.839 10 INFO neutron.services.segments.plugin [-] Segment 810fc538-57bb-45b0-bded-8ab15f0383d1 resource provider aggregate not found
2026-07-02 01:52:36.845 10 INFO neutron.services.segments.plugin [-] Segment 810fc538-57bb-45b0-bded-8ab15f0383d1 resource provider aggregate not found
2026-07-02 01:52:36.859 10 INFO neutron.services.segments.plugin [-] Segment 810fc538-57bb-45b0-bded-8ab15f0383d1 resource provider not found; error: Placement Client Error (4xx): {"errors": [{"status": 404, "title": "Not Found", "detail": "The resource could not be found.\n\n No resource provider with uuid 810fc538-57bb-45b0-bded-8ab15f0383d1 found for delete ", "request_id": "req-80234dbd-b5a2-4cb5-b447-71bc27aa74e9"}]}
2026-07-02 01:52:36.860 10 INFO neutron.services.segments.plugin [-] Segment 810fc538-57bb-45b0-bded-8ab15f0383d1 resource provider not found; error: Placement Client Error (4xx): {"errors": [{"status": 404, "title": "Not Found", "detail": "The resource could not be found.\n\n No resource provider with uuid 810fc538-57bb-45b0-bded-8ab15f0383d1 found for delete ", "request_id": "req-ca1d7165-44d0-4327-bdc2-982b1305ef1f"}]}
2026-07-02 01:52:36.884 10 INFO neutron.wsgi [None req-2081734a-d224-445a-8831-a165947b6440 0785ec01bfbb49a3b56fa95061537b39 bd32e336a76443538ecfe0ed4257b9f7 - - default default] 10.0.0.146 "DELETE /v2.0/networks/860ad837-20d3-4739-b437-43c623c515db HTTP/1.1" status: 204 len: 168 time: 0.4333632
2026-07-02 01:52:37.872 9 INFO neutron.wsgi [None req-5ea79282-425a-4bb0-9e43-1f313ba74657 0785ec01bfbb49a3b56fa95061537b39 bd32e336a76443538ecfe0ed4257b9f7 - - default default] 10.0.0.146 "PUT /v2.0/routers/ccd44581-48e9-4fc8-8be2-d936a5adfef3/remove_router_interface HTTP/1.1" status: 200 len: 503 time: 0.9817874 /var/lib/openstack/lib/python3.10/site-packages/pycadf/identifier.py:71: UserWarning: Invalid uuid: neutron. To ensure interoperability, identifiers should be a valid uuid. warnings.warn(('Invalid uuid: %s. To ensure interoperability, '
2026-07-02 01:52:38.554 9 INFO neutron.wsgi [None req-cf42932c-7782-4c1c-82d5-2bc33d7c090f 0785ec01bfbb49a3b56fa95061537b39 bd32e336a76443538ecfe0ed4257b9f7 - - default default] 10.0.0.146 "DELETE /v2.0/routers/ccd44581-48e9-4fc8-8be2-d936a5adfef3 HTTP/1.1" status: 204 len: 168 time: 0.6752822
2026-07-02 01:52:38.772 9 INFO neutron.wsgi [None req-975b6fb7-42a5-4367-9929-dc22347e10b1 0785ec01bfbb49a3b56fa95061537b39 bd32e336a76443538ecfe0ed4257b9f7 - - default default] 10.0.0.146 "DELETE /v2.0/subnets/7766cd5d-2d34-4fcb-9e03-f471f3b17509 HTTP/1.1" status: 204 len: 168 time: 0.2139099
2026-07-02 01:52:39.154 9 INFO neutron.services.segments.plugin [-] Segment 5772b1bd-d84b-4449-9e78-5335e9636cb5 resource provider aggregate not found
2026-07-02 01:52:39.161 9 INFO neutron.services.segments.plugin [-] Segment 5772b1bd-d84b-4449-9e78-5335e9636cb5 resource provider aggregate not found
2026-07-02 01:52:39.169 9 INFO neutron.services.segments.plugin [-] Segment 5772b1bd-d84b-4449-9e78-5335e9636cb5 resource provider not found; error: Placement Client Error (4xx): {"errors": [{"status": 404, "title": "Not Found", "detail": "The resource could not be found.\n\n No resource provider with uuid 5772b1bd-d84b-4449-9e78-5335e9636cb5 found for delete ", "request_id": "req-5e761fe2-ac18-40b0-904b-5a5464c8236f"}]}
2026-07-02 01:52:39.176 9 INFO neutron.services.segments.plugin [-] Segment 5772b1bd-d84b-4449-9e78-5335e9636cb5 resource provider not found; error: Placement Client Error (4xx): {"errors": [{"status": 404, "title": "Not Found", "detail": "The resource could not be found.\n\n No resource provider with uuid 5772b1bd-d84b-4449-9e78-5335e9636cb5 found for delete ", "request_id": "req-0dc10243-b746-473a-80eb-51d15c55525c"}]}
2026-07-02 01:52:39.191 9 INFO neutron.wsgi [None req-dfd0382b-2099-4cff-8b1a-82c379f98edc 0785ec01bfbb49a3b56fa95061537b39 bd32e336a76443538ecfe0ed4257b9f7 - - default default] 10.0.0.146 "DELETE /v2.0/networks/059507e6-5af4-41bb-8307-bda515faddb3 HTTP/1.1" status: 204 len: 168 time: 0.4120226
2026-07-02 01:52:39.576 9 INFO neutron.wsgi [None req-7e495e8c-3ff5-423f-a834-1996721e384a 0785ec01bfbb49a3b56fa95061537b39 bd32e336a76443538ecfe0ed4257b9f7 - - default default] 10.0.0.146 "GET /v2.0/security-groups?tenant_id=6d78ab6d124f435597e2a561d8b438cc&name=default HTTP/1.1" status: 200 len: 2996 time: 0.0415056
2026-07-02 01:52:39.803 10 INFO neutron.wsgi [None req-132582a2-7a73-406f-b024-a9d3b1c9dc00 0785ec01bfbb49a3b56fa95061537b39 bd32e336a76443538ecfe0ed4257b9f7 - - default default] 10.0.0.146 "DELETE /v2.0/security-groups/841c0c01-1b9d-46e4-b0d2-9e8627067cf0 HTTP/1.1" status: 204 len: 168 time: 0.2224889
2026-07-02 01:52:39.870 10 INFO neutron.wsgi [-] 10.0.0.74 "GET / HTTP/1.1" status: 200 len: 247 time: 0.0019343
2026-07-02 01:52:39.871 9 INFO neutron.wsgi [-] 10.0.0.74 "GET / HTTP/1.1" status: 200 len: 247 time: 0.0031168
2026-07-02 01:52:39.962 9 INFO neutron.wsgi [None req-ce788092-50dc-45ba-9602-6110c931f9b3 0785ec01bfbb49a3b56fa95061537b39 bd32e336a76443538ecfe0ed4257b9f7 - - default default] 10.0.0.146 "GET /v2.0/security-groups?tenant_id=69726c9ecac54fa7ab39ef07cf0adaf4&name=default HTTP/1.1" status: 200 len: 2996 time: 0.0390418
2026-07-02 01:52:40.185 9 INFO neutron.wsgi [None req-1554ce6c-a0fe-4c39-a9db-12f9f8a8cd6d 0785ec01bfbb49a3b56fa95061537b39 bd32e336a76443538ecfe0ed4257b9f7 - - default default] 10.0.0.146 "DELETE /v2.0/security-groups/1ddb0815-7de3-4129-8e84-37bb06a1161a HTTP/1.1" status: 204 len: 168 time: 0.2177012
2026-07-02 01:52:41.535 9 INFO neutron.db.ovn_revision_numbers_db [None req-d2e37d9a-1e61-4c23-b6c2-9dc9f66c1b71 82b541b8dd994c54b8ab15422e5d10f0 ffbffbe34f4e481390d5cf8c41310eca - - default default] Successfully bumped revision number for resource eaf82323-3ba2-4d86-bddf-d55724e9775f (type: security_groups) to 1
2026-07-02 01:52:41.549 9 INFO neutron.db.ovn_revision_numbers_db [None req-d2e37d9a-1e61-4c23-b6c2-9dc9f66c1b71 82b541b8dd994c54b8ab15422e5d10f0 ffbffbe34f4e481390d5cf8c41310eca - - default default] Successfully bumped revision number for resource 0e3d0ade-f77f-46a5-86bd-5f8b27156c75 (type: security_group_rules) to 0
2026-07-02 01:52:41.562 9 INFO neutron.db.ovn_revision_numbers_db [None req-d2e37d9a-1e61-4c23-b6c2-9dc9f66c1b71 82b541b8dd994c54b8ab15422e5d10f0 ffbffbe34f4e481390d5cf8c41310eca - - default default] Successfully bumped revision number for resource 5c16b228-1db2-48b4-a3fd-6a99de4ae255 (type: security_group_rules) to 0
2026-07-02 01:52:41.575 9 INFO neutron.db.ovn_revision_numbers_db [None req-d2e37d9a-1e61-4c23-b6c2-9dc9f66c1b71 82b541b8dd994c54b8ab15422e5d10f0 ffbffbe34f4e481390d5cf8c41310eca - - default default] Successfully bumped revision number for resource 7712370c-c59d-4290-b138-723e4de67054 (type: security_group_rules) to 0
2026-07-02 01:52:41.599 9 INFO neutron.db.ovn_revision_numbers_db [None req-d2e37d9a-1e61-4c23-b6c2-9dc9f66c1b71 82b541b8dd994c54b8ab15422e5d10f0 ffbffbe34f4e481390d5cf8c41310eca - - default default] Successfully bumped revision number for resource 8cd4c82d-bd58-42cd-80bb-7a552bd6e1af (type: security_group_rules) to 0
2026-07-02 01:52:41.655 9 INFO neutron.db.segments_db [None req-d2e37d9a-1e61-4c23-b6c2-9dc9f66c1b71 82b541b8dd994c54b8ab15422e5d10f0 ffbffbe34f4e481390d5cf8c41310eca - - default default] Added segment 10ab4409-49f3-43d8-ad65-abd54efef457 of type geneve for network 5c3e9fbd-68ab-4e53-8d1c-b6e4d7fba79d
2026-07-02 01:52:41.833 9 INFO neutron.db.ovn_revision_numbers_db [None req-d2e37d9a-1e61-4c23-b6c2-9dc9f66c1b71 82b541b8dd994c54b8ab15422e5d10f0 ffbffbe34f4e481390d5cf8c41310eca - - default default] Successfully bumped revision number for resource 5c3e9fbd-68ab-4e53-8d1c-b6e4d7fba79d (type: networks) to 1
2026-07-02 01:52:42.048 9 WARNING neutron.scheduler.dhcp_agent_scheduler [None req-d2e37d9a-1e61-4c23-b6c2-9dc9f66c1b71 82b541b8dd994c54b8ab15422e5d10f0 ffbffbe34f4e481390d5cf8c41310eca - - default default] No more DHCP agents
2026-07-02 01:52:42.049 9 WARNING neutron.api.rpc.agentnotifiers.dhcp_rpc_agent_api [None req-d2e37d9a-1e61-4c23-b6c2-9dc9f66c1b71 82b541b8dd994c54b8ab15422e5d10f0 ffbffbe34f4e481390d5cf8c41310eca - - default default] Unable to schedule network 5c3e9fbd-68ab-4e53-8d1c-b6e4d7fba79d: no agents available; will retry on subsequent port and subnet creation events.
2026-07-02 01:52:42.168 9 INFO neutron.db.ovn_revision_numbers_db [None req-d2e37d9a-1e61-4c23-b6c2-9dc9f66c1b71 82b541b8dd994c54b8ab15422e5d10f0 ffbffbe34f4e481390d5cf8c41310eca - - default default] Successfully bumped revision number for resource 0275637e-5c3e-4551-8fc0-007b27e261cd (type: ports) to 1
2026-07-02 01:52:42.195 9 INFO neutron.wsgi [None req-d2e37d9a-1e61-4c23-b6c2-9dc9f66c1b71 82b541b8dd994c54b8ab15422e5d10f0 ffbffbe34f4e481390d5cf8c41310eca - - default default] 10.0.0.146 "POST /v2.0/networks HTTP/1.1" status: 201 len: 830 time: 0.9589684
2026-07-02 01:52:42.555 9 WARNING neutron.scheduler.dhcp_agent_scheduler [None req-66985ae8-ceb6-4d28-acf7-94d5c402d4fb 82b541b8dd994c54b8ab15422e5d10f0 ffbffbe34f4e481390d5cf8c41310eca - - default default] No more DHCP agents
2026-07-02 01:52:42.559 9 WARNING neutron.api.rpc.agentnotifiers.dhcp_rpc_agent_api [None req-66985ae8-ceb6-4d28-acf7-94d5c402d4fb 82b541b8dd994c54b8ab15422e5d10f0 ffbffbe34f4e481390d5cf8c41310eca - - default default] Unable to schedule network 5c3e9fbd-68ab-4e53-8d1c-b6e4d7fba79d: no agents available; will retry on subsequent port and subnet creation events.
2026-07-02 01:52:43.106 9 INFO neutron.db.ovn_revision_numbers_db [None req-66985ae8-ceb6-4d28-acf7-94d5c402d4fb 82b541b8dd994c54b8ab15422e5d10f0 ffbffbe34f4e481390d5cf8c41310eca - - default default] Successfully bumped revision number for resource 0275637e-5c3e-4551-8fc0-007b27e261cd (type: ports) to 2
2026-07-02 01:52:43.387 9 INFO neutron.db.ovn_revision_numbers_db [None req-66985ae8-ceb6-4d28-acf7-94d5c402d4fb 82b541b8dd994c54b8ab15422e5d10f0 ffbffbe34f4e481390d5cf8c41310eca - - default default] Successfully bumped revision number for resource 20622629-e575-480a-830a-669ea482575a (type: subnets) to 0
2026-07-02 01:52:43.403 9 INFO neutron.wsgi [None req-66985ae8-ceb6-4d28-acf7-94d5c402d4fb 82b541b8dd994c54b8ab15422e5d10f0 ffbffbe34f4e481390d5cf8c41310eca - - default default] 10.0.0.146 "POST /v2.0/subnets HTTP/1.1" status: 201 len: 801 time: 1.2036552
2026-07-02 01:52:43.494 9 INFO neutron.db.segments_db [None req-8a16eb28-e8d1-40af-b21e-ca3acb52fa1f 82b541b8dd994c54b8ab15422e5d10f0 ffbffbe34f4e481390d5cf8c41310eca - - default default] Added segment a8b5b8a1-f0d7-4c77-bcb1-1124d55b7d4f of type geneve for network f454a96d-90ea-4ef6-89af-ce67669def91
2026-07-02 01:52:43.627 9 INFO neutron.db.ovn_revision_numbers_db [None req-8a16eb28-e8d1-40af-b21e-ca3acb52fa1f 82b541b8dd994c54b8ab15422e5d10f0 ffbffbe34f4e481390d5cf8c41310eca - - default default] Successfully bumped revision number for resource f454a96d-90ea-4ef6-89af-ce67669def91 (type: networks) to 1
2026-07-02 01:52:43.799 9 WARNING neutron.scheduler.dhcp_agent_scheduler [None req-8a16eb28-e8d1-40af-b21e-ca3acb52fa1f 82b541b8dd994c54b8ab15422e5d10f0 ffbffbe34f4e481390d5cf8c41310eca - - default default] No more DHCP agents
2026-07-02 01:52:43.801 9 WARNING neutron.api.rpc.agentnotifiers.dhcp_rpc_agent_api [None req-8a16eb28-e8d1-40af-b21e-ca3acb52fa1f 82b541b8dd994c54b8ab15422e5d10f0 ffbffbe34f4e481390d5cf8c41310eca - - default default] Unable to schedule network f454a96d-90ea-4ef6-89af-ce67669def91: no agents available; will retry on subsequent port and subnet creation events.
2026-07-02 01:52:43.887 9 INFO neutron.db.ovn_revision_numbers_db [None req-8a16eb28-e8d1-40af-b21e-ca3acb52fa1f 82b541b8dd994c54b8ab15422e5d10f0 ffbffbe34f4e481390d5cf8c41310eca - - default default] Successfully bumped revision number for resource dfe8573a-04e9-48ae-ab12-df9e82119016 (type: ports) to 1
2026-07-02 01:52:43.908 9 INFO neutron.wsgi [None req-8a16eb28-e8d1-40af-b21e-ca3acb52fa1f 82b541b8dd994c54b8ab15422e5d10f0 ffbffbe34f4e481390d5cf8c41310eca - - default default] 10.0.0.146 "POST /v2.0/networks HTTP/1.1" status: 201 len: 830 time: 0.4999943
2026-07-02 01:52:44.211 9 WARNING neutron.scheduler.dhcp_agent_scheduler [None req-79924ac8-acea-41d3-b39a-111f78d95747 82b541b8dd994c54b8ab15422e5d10f0 ffbffbe34f4e481390d5cf8c41310eca - - default default] No more DHCP agents
2026-07-02 01:52:44.213 9 WARNING neutron.api.rpc.agentnotifiers.dhcp_rpc_agent_api [None req-79924ac8-acea-41d3-b39a-111f78d95747 82b541b8dd994c54b8ab15422e5d10f0 ffbffbe34f4e481390d5cf8c41310eca - - default default] Unable to schedule network f454a96d-90ea-4ef6-89af-ce67669def91: no agents available; will retry on subsequent port and subnet creation events.
2026-07-02 01:52:44.716 9 INFO neutron.db.ovn_revision_numbers_db [None req-79924ac8-acea-41d3-b39a-111f78d95747 82b541b8dd994c54b8ab15422e5d10f0 ffbffbe34f4e481390d5cf8c41310eca - - default default] Successfully bumped revision number for resource dfe8573a-04e9-48ae-ab12-df9e82119016 (type: ports) to 2
2026-07-02 01:52:44.751 9 INFO neutron.db.ovn_revision_numbers_db [None req-79924ac8-acea-41d3-b39a-111f78d95747 82b541b8dd994c54b8ab15422e5d10f0 ffbffbe34f4e481390d5cf8c41310eca - - default default] Successfully bumped revision number for resource f099a0d7-33f7-4198-89bc-ac4255ddd6d6 (type: subnets) to 0
2026-07-02 01:52:44.770 9 INFO neutron.wsgi [None req-79924ac8-acea-41d3-b39a-111f78d95747 82b541b8dd994c54b8ab15422e5d10f0 ffbffbe34f4e481390d5cf8c41310eca - - default default] 10.0.0.146 "POST /v2.0/subnets HTTP/1.1" status: 201 len: 804 time: 0.8549929
2026-07-02 01:52:44.854 9 INFO neutron.db.segments_db [None req-c68e819d-93de-4c46-b771-3e8b8b64afd8 82b541b8dd994c54b8ab15422e5d10f0 ffbffbe34f4e481390d5cf8c41310eca - - default default] Added segment 62db62b2-08b3-4145-b908-f956600b6727 of type geneve for network 430b7077-cf7d-4517-9d0e-8faef1382380
2026-07-02 01:52:45.002 9 INFO neutron.db.ovn_revision_numbers_db [None req-c68e819d-93de-4c46-b771-3e8b8b64afd8 82b541b8dd994c54b8ab15422e5d10f0 ffbffbe34f4e481390d5cf8c41310eca - - default default] Successfully bumped revision number for resource 430b7077-cf7d-4517-9d0e-8faef1382380 (type: networks) to 1
2026-07-02 01:52:45.195 9 WARNING neutron.scheduler.dhcp_agent_scheduler [None req-c68e819d-93de-4c46-b771-3e8b8b64afd8 82b541b8dd994c54b8ab15422e5d10f0 ffbffbe34f4e481390d5cf8c41310eca - - default default] No more DHCP agents
2026-07-02 01:52:45.197 9 WARNING neutron.api.rpc.agentnotifiers.dhcp_rpc_agent_api [None req-c68e819d-93de-4c46-b771-3e8b8b64afd8 82b541b8dd994c54b8ab15422e5d10f0 ffbffbe34f4e481390d5cf8c41310eca - - default default] Unable to schedule network 430b7077-cf7d-4517-9d0e-8faef1382380: no agents available; will retry on subsequent port and subnet creation events.
2026-07-02 01:52:45.308 9 INFO neutron.db.ovn_revision_numbers_db [None req-c68e819d-93de-4c46-b771-3e8b8b64afd8 82b541b8dd994c54b8ab15422e5d10f0 ffbffbe34f4e481390d5cf8c41310eca - - default default] Successfully bumped revision number for resource 04e099c6-2eda-4b9c-bcc0-6f082454a29f (type: ports) to 1
2026-07-02 01:52:45.336 9 INFO neutron.wsgi [None req-c68e819d-93de-4c46-b771-3e8b8b64afd8 82b541b8dd994c54b8ab15422e5d10f0 ffbffbe34f4e481390d5cf8c41310eca - - default default] 10.0.0.146 "POST /v2.0/networks HTTP/1.1" status: 201 len: 829 time: 0.5605917
2026-07-02 01:52:45.599 9 WARNING neutron.scheduler.dhcp_agent_scheduler [None req-38394c5e-1ee2-4593-9b2d-9376b7d23073 82b541b8dd994c54b8ab15422e5d10f0 ffbffbe34f4e481390d5cf8c41310eca - - default default] No more DHCP agents
2026-07-02 01:52:45.601 9 WARNING neutron.api.rpc.agentnotifiers.dhcp_rpc_agent_api [None req-38394c5e-1ee2-4593-9b2d-9376b7d23073 82b541b8dd994c54b8ab15422e5d10f0 ffbffbe34f4e481390d5cf8c41310eca - - default default] Unable to schedule network 430b7077-cf7d-4517-9d0e-8faef1382380: no agents available; will retry on subsequent port and subnet creation events.
2026-07-02 01:52:46.057 9 INFO neutron.db.ovn_revision_numbers_db [None req-38394c5e-1ee2-4593-9b2d-9376b7d23073 82b541b8dd994c54b8ab15422e5d10f0 ffbffbe34f4e481390d5cf8c41310eca - - default default] Successfully bumped revision number for resource 04e099c6-2eda-4b9c-bcc0-6f082454a29f (type: ports) to 2
2026-07-02 01:52:46.095 9 INFO neutron.db.ovn_revision_numbers_db [None req-38394c5e-1ee2-4593-9b2d-9376b7d23073 82b541b8dd994c54b8ab15422e5d10f0 ffbffbe34f4e481390d5cf8c41310eca - - default default] Successfully bumped revision number for resource 27fae66b-205b-46c1-bf0d-8dab97b816e0 (type: subnets) to 0
2026-07-02 01:52:46.114 9 INFO neutron.wsgi [None req-38394c5e-1ee2-4593-9b2d-9376b7d23073 82b541b8dd994c54b8ab15422e5d10f0 ffbffbe34f4e481390d5cf8c41310eca - - default default] 10.0.0.146 "POST /v2.0/subnets HTTP/1.1" status: 201 len: 804 time: 0.7722695
2026-07-02 01:52:46.198 9 INFO neutron.db.segments_db [None req-c7e4f5ca-5cd9-42f8-bedb-8eb1317bd15e 82b541b8dd994c54b8ab15422e5d10f0 ffbffbe34f4e481390d5cf8c41310eca - - default default] Added segment 9f54865c-1c40-4dbb-bc30-fea0c47e816d of type geneve for network f3d709e2-e734-4e0b-9574-667ddd390861
2026-07-02 01:52:46.344 9 INFO neutron.db.ovn_revision_numbers_db [None req-c7e4f5ca-5cd9-42f8-bedb-8eb1317bd15e 82b541b8dd994c54b8ab15422e5d10f0 ffbffbe34f4e481390d5cf8c41310eca - - default default] Successfully bumped revision number for resource f3d709e2-e734-4e0b-9574-667ddd390861 (type: networks) to 1
2026-07-02 01:52:46.524 9 WARNING neutron.scheduler.dhcp_agent_scheduler [None req-c7e4f5ca-5cd9-42f8-bedb-8eb1317bd15e 82b541b8dd994c54b8ab15422e5d10f0 ffbffbe34f4e481390d5cf8c41310eca - - default default] No more DHCP agents
2026-07-02 01:52:46.528 9 WARNING neutron.api.rpc.agentnotifiers.dhcp_rpc_agent_api [None req-c7e4f5ca-5cd9-42f8-bedb-8eb1317bd15e 82b541b8dd994c54b8ab15422e5d10f0 ffbffbe34f4e481390d5cf8c41310eca - - default default] Unable to schedule network f3d709e2-e734-4e0b-9574-667ddd390861: no agents available; will retry on subsequent port and subnet creation events.
2026-07-02 01:52:46.615 9 INFO neutron.db.ovn_revision_numbers_db [None req-c7e4f5ca-5cd9-42f8-bedb-8eb1317bd15e 82b541b8dd994c54b8ab15422e5d10f0 ffbffbe34f4e481390d5cf8c41310eca - - default default] Successfully bumped revision number for resource 3ed41be8-e03b-472d-9f66-0c7a3b44872f (type: ports) to 1
2026-07-02 01:52:46.639 9 INFO neutron.wsgi [None req-c7e4f5ca-5cd9-42f8-bedb-8eb1317bd15e 82b541b8dd994c54b8ab15422e5d10f0 ffbffbe34f4e481390d5cf8c41310eca - - default default] 10.0.0.146 "POST /v2.0/networks HTTP/1.1" status: 201 len: 831 time: 0.5190828
2026-07-02 01:52:46.911 9 WARNING neutron.scheduler.dhcp_agent_scheduler [None req-e1174487-3581-45cc-941a-665cdeab3a2e 82b541b8dd994c54b8ab15422e5d10f0 ffbffbe34f4e481390d5cf8c41310eca - - default default] No more DHCP agents
2026-07-02 01:52:46.912 9 WARNING neutron.api.rpc.agentnotifiers.dhcp_rpc_agent_api [None req-e1174487-3581-45cc-941a-665cdeab3a2e 82b541b8dd994c54b8ab15422e5d10f0 ffbffbe34f4e481390d5cf8c41310eca - - default default] Unable to schedule network f3d709e2-e734-4e0b-9574-667ddd390861: no agents available; will retry on subsequent port and subnet creation events.
2026-07-02 01:52:47.423 9 INFO neutron.db.ovn_revision_numbers_db [None req-e1174487-3581-45cc-941a-665cdeab3a2e 82b541b8dd994c54b8ab15422e5d10f0 ffbffbe34f4e481390d5cf8c41310eca - - default default] Successfully bumped revision number for resource 3ed41be8-e03b-472d-9f66-0c7a3b44872f (type: ports) to 2
2026-07-02 01:52:47.470 9 INFO neutron.db.ovn_revision_numbers_db [None req-e1174487-3581-45cc-941a-665cdeab3a2e 82b541b8dd994c54b8ab15422e5d10f0 ffbffbe34f4e481390d5cf8c41310eca - - default default] Successfully bumped revision number for resource 302f808a-4868-4361-832b-fc23349fb2b0 (type: subnets) to 0
2026-07-02 01:52:47.490 9 INFO neutron.wsgi [None req-e1174487-3581-45cc-941a-665cdeab3a2e 82b541b8dd994c54b8ab15422e5d10f0 ffbffbe34f4e481390d5cf8c41310eca - - default default] 10.0.0.146 "POST /v2.0/subnets HTTP/1.1" status: 201 len: 804 time: 0.8447695
2026-07-02 01:52:47.575 9 INFO neutron.db.segments_db [None req-695b02d5-d638-418b-8f9e-2f7f3448ad28 82b541b8dd994c54b8ab15422e5d10f0 ffbffbe34f4e481390d5cf8c41310eca - - default default] Added segment 38ae11c7-1f4e-4d83-9d19-46f3136592aa of type geneve for network 20acb697-c7b5-4191-b569-4119df0b8c36
2026-07-02 01:52:47.733 9 INFO neutron.db.ovn_revision_numbers_db [None req-695b02d5-d638-418b-8f9e-2f7f3448ad28 82b541b8dd994c54b8ab15422e5d10f0 ffbffbe34f4e481390d5cf8c41310eca - - default default] Successfully bumped revision number for resource 20acb697-c7b5-4191-b569-4119df0b8c36 (type: networks) to 1
2026-07-02 01:52:47.914 9 WARNING neutron.scheduler.dhcp_agent_scheduler [None req-695b02d5-d638-418b-8f9e-2f7f3448ad28 82b541b8dd994c54b8ab15422e5d10f0 ffbffbe34f4e481390d5cf8c41310eca - - default default] No more DHCP agents
2026-07-02 01:52:47.916 9 WARNING neutron.api.rpc.agentnotifiers.dhcp_rpc_agent_api [None req-695b02d5-d638-418b-8f9e-2f7f3448ad28 82b541b8dd994c54b8ab15422e5d10f0 ffbffbe34f4e481390d5cf8c41310eca - - default default] Unable to schedule network 20acb697-c7b5-4191-b569-4119df0b8c36: no agents available; will retry on subsequent port and subnet creation events.
2026-07-02 01:52:48.004 9 INFO neutron.db.ovn_revision_numbers_db [None req-695b02d5-d638-418b-8f9e-2f7f3448ad28 82b541b8dd994c54b8ab15422e5d10f0 ffbffbe34f4e481390d5cf8c41310eca - - default default] Successfully bumped revision number for resource 0ba0de20-d00f-4ce3-b7cc-e184af4de96e (type: ports) to 1
2026-07-02 01:52:48.027 9 INFO neutron.wsgi [None req-695b02d5-d638-418b-8f9e-2f7f3448ad28 82b541b8dd994c54b8ab15422e5d10f0 ffbffbe34f4e481390d5cf8c41310eca - - default default] 10.0.0.146 "POST /v2.0/networks HTTP/1.1" status: 201 len: 830 time: 0.5298042
2026-07-02 01:52:48.290 9 WARNING neutron.scheduler.dhcp_agent_scheduler [None req-b14fdffe-ee3b-41ab-a7df-128ebfa21d37 82b541b8dd994c54b8ab15422e5d10f0 ffbffbe34f4e481390d5cf8c41310eca - - default default] No more DHCP agents
2026-07-02 01:52:48.293 9 WARNING neutron.api.rpc.agentnotifiers.dhcp_rpc_agent_api [None req-b14fdffe-ee3b-41ab-a7df-128ebfa21d37 82b541b8dd994c54b8ab15422e5d10f0 ffbffbe34f4e481390d5cf8c41310eca - - default default] Unable to schedule network 20acb697-c7b5-4191-b569-4119df0b8c36: no agents available; will retry on subsequent port and subnet creation events.
2026-07-02 01:52:48.690 9 INFO neutron.db.ovn_revision_numbers_db [None req-b14fdffe-ee3b-41ab-a7df-128ebfa21d37 82b541b8dd994c54b8ab15422e5d10f0 ffbffbe34f4e481390d5cf8c41310eca - - default default] Successfully bumped revision number for resource 0ba0de20-d00f-4ce3-b7cc-e184af4de96e (type: ports) to 2
2026-07-02 01:52:48.723 9 INFO neutron.db.ovn_revision_numbers_db [None req-b14fdffe-ee3b-41ab-a7df-128ebfa21d37 82b541b8dd994c54b8ab15422e5d10f0 ffbffbe34f4e481390d5cf8c41310eca - - default default] Successfully bumped revision number for resource cbad35a8-defd-4ee8-a58e-e6c0366194b1 (type: subnets) to 0
2026-07-02 01:52:48.740 9 INFO neutron.wsgi [None req-b14fdffe-ee3b-41ab-a7df-128ebfa21d37 82b541b8dd994c54b8ab15422e5d10f0 ffbffbe34f4e481390d5cf8c41310eca - - default default] 10.0.0.146 "POST /v2.0/subnets HTTP/1.1" status: 201 len: 804 time: 0.7087862
2026-07-02 01:52:48.892 9 INFO neutron.wsgi [None req-b516c8db-80e5-4c05-8bbe-c50086a340a5 82b541b8dd994c54b8ab15422e5d10f0 ffbffbe34f4e481390d5cf8c41310eca - - default default] 10.0.0.146 "PUT /v2.0/subnets/20622629-e575-480a-830a-669ea482575a/tags HTTP/1.1" status: 200 len: 210 time: 0.1464884
2026-07-02 01:52:48.936 9 INFO neutron.wsgi [None req-976238ae-da6b-4257-a2c0-5d9e987bde72 82b541b8dd994c54b8ab15422e5d10f0 ffbffbe34f4e481390d5cf8c41310eca - - default default] 10.0.0.146 "PUT /v2.0/subnets/f099a0d7-33f7-4198-89bc-ac4255ddd6d6/tags HTTP/1.1" status: 200 len: 218 time: 0.0385544
2026-07-02 01:52:48.989 9 INFO neutron.wsgi [None req-5da54d43-fe37-414a-9c1c-62dabebc8643 82b541b8dd994c54b8ab15422e5d10f0 ffbffbe34f4e481390d5cf8c41310eca - - default default] 10.0.0.146 "PUT /v2.0/subnets/27fae66b-205b-46c1-bf0d-8dab97b816e0/tags HTTP/1.1" status: 200 len: 227 time: 0.0472188
2026-07-02 01:52:49.041 9 INFO neutron.wsgi [None req-4b394413-1f53-43f8-be94-770b6eb73eeb 82b541b8dd994c54b8ab15422e5d10f0 ffbffbe34f4e481390d5cf8c41310eca - - default default] 10.0.0.146 "PUT /v2.0/subnets/302f808a-4868-4361-832b-fc23349fb2b0/tags HTTP/1.1" status: 200 len: 212 time: 0.0457001
2026-07-02 01:52:49.134 9 INFO neutron.wsgi [None req-c36a5f6a-eddd-4ddd-838b-c38b2f7b0000 82b541b8dd994c54b8ab15422e5d10f0 ffbffbe34f4e481390d5cf8c41310eca - - default default] 10.0.0.146 "GET /v2.0/subnets?tags=red HTTP/1.1" status: 200 len: 2027 time: 0.0875511
2026-07-02 01:52:49.200 9 INFO neutron.wsgi [None req-ceccf831-24e2-444a-95fb-30788c644e56 82b541b8dd994c54b8ab15422e5d10f0 ffbffbe34f4e481390d5cf8c41310eca - - default default] 10.0.0.146 "GET /v2.0/subnets?tags=red%2Cblue HTTP/1.1" status: 200 len: 1430 time: 0.0611796
2026-07-02 01:52:49.266 9 INFO neutron.wsgi [None req-65164861-1cc0-457c-905a-5d2b94a107bc 82b541b8dd994c54b8ab15422e5d10f0 ffbffbe34f4e481390d5cf8c41310eca - - default default] 10.0.0.146 "GET /v2.0/subnets?tags-any=blue HTTP/1.1" status: 200 len: 1430 time: 0.0602617
2026-07-02 01:52:49.330 9 INFO neutron.wsgi [None req-ce3e8c44-4c23-4964-93b3-b0a86849c9eb 82b541b8dd994c54b8ab15422e5d10f0 ffbffbe34f4e481390d5cf8c41310eca - - default default] 10.0.0.146 "GET /v2.0/subnets?tags-any=red%2Cblue HTTP/1.1" status: 200 len: 2027 time: 0.0590754
2026-07-02 01:52:49.634 9 INFO neutron.wsgi [None req-2420af28-81e5-4a2d-9623-5a9efdfc9eea 82b541b8dd994c54b8ab15422e5d10f0 ffbffbe34f4e481390d5cf8c41310eca - - default default] 10.0.0.146 "GET /v2.0/subnets?not-tags=red HTTP/1.1" status: 200 len: 2018 time: 0.3002577
2026-07-02 01:52:49.712 9 INFO neutron.wsgi [None req-9d45a78f-1ff8-4d90-aa33-119de794ebf6 82b541b8dd994c54b8ab15422e5d10f0 ffbffbe34f4e481390d5cf8c41310eca - - default default] 10.0.0.146 "GET /v2.0/subnets?not-tags=red%2Cblue HTTP/1.1" status: 200 len: 2615 time: 0.0720825
2026-07-02 01:52:49.721 10 INFO neutron.db.ovn_revision_numbers_db [None req-ab92b18a-8013-47a8-a545-64a845f226af ae309cb1008b486e862d1777450af502 8a4da9c69a944025b3e7c578f852b77d - - default default] Successfully bumped revision number for resource 50a1ef5b-7b18-4e48-b7d5-b463f6d9fe8b (type: security_groups) to 1
2026-07-02 01:52:49.775 10 INFO neutron.db.ovn_revision_numbers_db [None req-ab92b18a-8013-47a8-a545-64a845f226af ae309cb1008b486e862d1777450af502 8a4da9c69a944025b3e7c578f852b77d - - default default] Successfully bumped revision number for resource 35a1d37b-eaa5-4f4a-b0c7-e9e310950c13 (type: security_group_rules) to 0
2026-07-02 01:52:49.791 9 INFO neutron.wsgi [None req-5eedfcc1-ca45-4b91-85f5-0e94a89a328e 82b541b8dd994c54b8ab15422e5d10f0 ffbffbe34f4e481390d5cf8c41310eca - - default default] 10.0.0.146 "GET /v2.0/subnets?not-tags-any=blue HTTP/1.1" status: 200 len: 2615 time: 0.0738041
2026-07-02 01:52:49.830 10 INFO neutron.db.ovn_revision_numbers_db [None req-ab92b18a-8013-47a8-a545-64a845f226af ae309cb1008b486e862d1777450af502 8a4da9c69a944025b3e7c578f852b77d - - default default] Successfully bumped revision number for resource 400b1db8-09d0-4de5-b00b-74544f788045 (type: security_group_rules) to 0
2026-07-02 01:52:49.840 9 INFO neutron.wsgi [None req-2a56ac6b-a2e9-4830-894c-53208f43a1f8 82b541b8dd994c54b8ab15422e5d10f0 ffbffbe34f4e481390d5cf8c41310eca - - default default] 10.0.0.146 "GET /v2.0/subnets?not-tags-any=red%2Cblue HTTP/1.1" status: 200 len: 2018 time: 0.0437937
2026-07-02 01:52:49.883 10 INFO neutron.db.ovn_revision_numbers_db [None req-ab92b18a-8013-47a8-a545-64a845f226af ae309cb1008b486e862d1777450af502 8a4da9c69a944025b3e7c578f852b77d - - default default] Successfully bumped revision number for resource 9f7db451-8919-4f63-aa51-a21676670cf7 (type: security_group_rules) to 0
2026-07-02 01:52:49.960 10 INFO neutron.db.ovn_revision_numbers_db [None req-ab92b18a-8013-47a8-a545-64a845f226af ae309cb1008b486e862d1777450af502 8a4da9c69a944025b3e7c578f852b77d - - default default] Successfully bumped revision number for resource b5f8a830-f24f-460f-a6b5-aa6e9e9394e1 (type: security_group_rules) to 0
2026-07-02 01:52:50.025 10 INFO neutron.db.segments_db [None req-ab92b18a-8013-47a8-a545-64a845f226af ae309cb1008b486e862d1777450af502 8a4da9c69a944025b3e7c578f852b77d - - default default] Added segment ab709963-4d44-448c-bb48-294ec0f9bd6d of type geneve for network 3df18ed1-682f-4e7c-aa5b-cafbbafb5857
2026-07-02 01:52:50.188 9 INFO neutron.wsgi [None req-287d198e-e290-4db5-9edc-4e3063575f8d 82b541b8dd994c54b8ab15422e5d10f0 ffbffbe34f4e481390d5cf8c41310eca - - default default] 10.0.0.146 "DELETE /v2.0/subnets/20622629-e575-480a-830a-669ea482575a HTTP/1.1" status: 204 len: 168 time: 0.3416464
2026-07-02 01:52:50.593 10 INFO neutron.db.ovn_revision_numbers_db [None req-ab92b18a-8013-47a8-a545-64a845f226af ae309cb1008b486e862d1777450af502 8a4da9c69a944025b3e7c578f852b77d - - default default] Successfully bumped revision number for resource 3df18ed1-682f-4e7c-aa5b-cafbbafb5857 (type: networks) to 1
2026-07-02 01:52:50.620 9 INFO neutron.wsgi [None req-a67e16a5-3127-4d5a-b975-4673858b6e36 82b541b8dd994c54b8ab15422e5d10f0 ffbffbe34f4e481390d5cf8c41310eca - - default default] 10.0.0.146 "DELETE /v2.0/subnets/f099a0d7-33f7-4198-89bc-ac4255ddd6d6 HTTP/1.1" status: 204 len: 168 time: 0.4256606
2026-07-02 01:52:50.792 10 WARNING neutron.scheduler.dhcp_agent_scheduler [None req-ab92b18a-8013-47a8-a545-64a845f226af ae309cb1008b486e862d1777450af502 8a4da9c69a944025b3e7c578f852b77d - - default default] No more DHCP agents
2026-07-02 01:52:50.794 10 WARNING neutron.api.rpc.agentnotifiers.dhcp_rpc_agent_api [None req-ab92b18a-8013-47a8-a545-64a845f226af ae309cb1008b486e862d1777450af502 8a4da9c69a944025b3e7c578f852b77d - - default default] Unable to schedule network 3df18ed1-682f-4e7c-aa5b-cafbbafb5857: no agents available; will retry on subsequent port and subnet creation events.
2026-07-02 01:52:50.864 9 INFO neutron.wsgi [None req-202c6dfa-4db7-46a1-8fc9-e39f7d145a1c 82b541b8dd994c54b8ab15422e5d10f0 ffbffbe34f4e481390d5cf8c41310eca - - default default] 10.0.0.146 "DELETE /v2.0/subnets/27fae66b-205b-46c1-bf0d-8dab97b816e0 HTTP/1.1" status: 204 len: 168 time: 0.2395501
2026-07-02 01:52:50.886 10 INFO neutron.db.ovn_revision_numbers_db [None req-ab92b18a-8013-47a8-a545-64a845f226af ae309cb1008b486e862d1777450af502 8a4da9c69a944025b3e7c578f852b77d - - default default] Successfully bumped revision number for resource 1b435672-9133-44b7-b44b-b2b36bf8ca26 (type: ports) to 1
2026-07-02 01:52:50.908 10 INFO neutron.wsgi [None req-ab92b18a-8013-47a8-a545-64a845f226af ae309cb1008b486e862d1777450af502 8a4da9c69a944025b3e7c578f852b77d - - default default] 10.0.0.146 "POST /v2.0/networks HTTP/1.1" status: 201 len: 838 time: 1.4700835
2026-07-02 01:52:51.154 9 INFO neutron.wsgi [None req-fae51cf3-b0a2-4282-aae5-4aa0c9614bc9 82b541b8dd994c54b8ab15422e5d10f0 ffbffbe34f4e481390d5cf8c41310eca - - default default] 10.0.0.146 "DELETE /v2.0/subnets/302f808a-4868-4361-832b-fc23349fb2b0 HTTP/1.1" status: 204 len: 168 time: 0.2853200
2026-07-02 01:52:51.241 9 WARNING neutron.scheduler.dhcp_agent_scheduler [None req-b44780cf-27be-4490-883b-7777e6f552bb ae309cb1008b486e862d1777450af502 8a4da9c69a944025b3e7c578f852b77d - - default default] No more DHCP agents
2026-07-02 01:52:51.244 9 WARNING neutron.api.rpc.agentnotifiers.dhcp_rpc_agent_api [None req-b44780cf-27be-4490-883b-7777e6f552bb ae309cb1008b486e862d1777450af502 8a4da9c69a944025b3e7c578f852b77d - - default default] Unable to schedule network 3df18ed1-682f-4e7c-aa5b-cafbbafb5857: no agents available; will retry on subsequent port and subnet creation events.
2026-07-02 01:52:51.374 10 INFO neutron.wsgi [None req-68fc6bb6-bb1f-4730-90df-1cc9bb24aa1b 82b541b8dd994c54b8ab15422e5d10f0 ffbffbe34f4e481390d5cf8c41310eca - - default default] 10.0.0.146 "DELETE /v2.0/subnets/cbad35a8-defd-4ee8-a58e-e6c0366194b1 HTTP/1.1" status: 204 len: 168 time: 0.2136500
2026-07-02 01:52:51.773 9 INFO neutron.db.ovn_revision_numbers_db [None req-b44780cf-27be-4490-883b-7777e6f552bb ae309cb1008b486e862d1777450af502 8a4da9c69a944025b3e7c578f852b77d - - default default] Successfully bumped revision number for resource 1b435672-9133-44b7-b44b-b2b36bf8ca26 (type: ports) to 2
2026-07-02 01:52:51.810 9 INFO neutron.db.ovn_revision_numbers_db [None req-b44780cf-27be-4490-883b-7777e6f552bb ae309cb1008b486e862d1777450af502 8a4da9c69a944025b3e7c578f852b77d - - default default] Successfully bumped revision number for resource fcd52b01-5022-4d82-abb1-acf4490b3b77 (type: subnets) to 0
2026-07-02 01:52:51.826 9 INFO neutron.wsgi [None req-b44780cf-27be-4490-883b-7777e6f552bb ae309cb1008b486e862d1777450af502 8a4da9c69a944025b3e7c578f852b77d - - default default] 10.0.0.146 "POST /v2.0/subnets HTTP/1.1" status: 201 len: 833 time: 0.9119041
2026-07-02 01:52:51.899 10 INFO neutron.wsgi [None req-ebb6b878-54f9-4e69-b7e8-11b33740b878 e3221282ea1c4fe8966a84649bd4cf18 34ae0691ab2943768e8d9a63ea97b8dc - - default default] 10.0.0.146 "GET /v2.0/subnetpools?name=shared-default-subnetpool-v6 HTTP/1.1" status: 200 len: 212 time: 0.0670383
2026-07-02 01:52:51.935 10 INFO neutron.services.segments.plugin [-] Segment 10ab4409-49f3-43d8-ad65-abd54efef457 resource provider aggregate not found
2026-07-02 01:52:51.940 10 INFO neutron.services.segments.plugin [-] Segment 10ab4409-49f3-43d8-ad65-abd54efef457 resource provider aggregate not found
2026-07-02 01:52:51.960 10 INFO neutron.services.segments.plugin [-] Segment 10ab4409-49f3-43d8-ad65-abd54efef457 resource provider not found; error: Placement Client Error (4xx): {"errors": [{"status": 404, "title": "Not Found", "detail": "The resource could not be found.\n\n No resource provider with uuid 10ab4409-49f3-43d8-ad65-abd54efef457 found for delete ", "request_id": "req-e2ecb2cb-e65b-4a47-ad41-8e4654e81594"}]}
2026-07-02 01:52:51.961 10 INFO neutron.services.segments.plugin [-] Segment 10ab4409-49f3-43d8-ad65-abd54efef457 resource provider not found; error: Placement Client Error (4xx): {"errors": [{"status": 404, "title": "Not Found", "detail": "The resource could not be found.\n\n No resource provider with uuid 10ab4409-49f3-43d8-ad65-abd54efef457 found for delete ", "request_id": "req-0dd57bcf-5990-43f5-bf2a-cc76ebb13ab1"}]}
