2026-07-02 01:49:41.339 9 INFO neutron.services.segments.plugin [-] Segment 1c17ce36-708d-4dd2-b521-b559f1d88c93 resource provider not found; error: Placement Client Error (4xx): {"errors": [{"status": 404, "title": "Not Found", "detail": "The resource could not be found.\n\n No resource provider with uuid 1c17ce36-708d-4dd2-b521-b559f1d88c93 found for delete ", "request_id": "req-21a7548e-c4bc-453e-bfac-53b5685e5c42"}]}
2026-07-02 01:49:41.371 9 INFO neutron.wsgi [None req-8d506aff-1456-4ea6-8280-85fd3e1f06eb 72746e617bad4adb8bb388747571af10 763d4f013bbe4daaa3651393054318ab - - default default] 10.0.0.146 "DELETE /v2.0/networks/1811af39-321d-4761-8e07-4b2755f0b853 HTTP/1.1" status: 204 len: 168 time: 0.4474998
2026-07-02 01:49:41.374 10 INFO neutron.db.segments_db [None req-c634fc61-c9f9-48ed-8a32-e897bef3c769 59a98373db494fb5a9222cbae4c85ebe 137926048671415690a1932821b4dae9 - - default default] Added segment 49588179-0921-4ce7-9cd6-e311d0a6d292 of type geneve for network e2247eaa-82e3-4a58-a860-8cda28a6a0e4
2026-07-02 01:49:41.473 9 INFO neutron.db.segments_db [None req-697c7d60-0df3-433e-9322-06bad5b61046 72746e617bad4adb8bb388747571af10 763d4f013bbe4daaa3651393054318ab - - default default] Added segment 51cd38e1-c6cf-4116-aa97-af242538108d of type geneve for network 6a93e4e1-84c0-481e-bc9b-f3fc8fccd331
2026-07-02 01:49:41.536 10 INFO neutron.db.ovn_revision_numbers_db [None req-c634fc61-c9f9-48ed-8a32-e897bef3c769 59a98373db494fb5a9222cbae4c85ebe 137926048671415690a1932821b4dae9 - - default default] Successfully bumped revision number for resource e2247eaa-82e3-4a58-a860-8cda28a6a0e4 (type: networks) to 1
2026-07-02 01:49:41.648 9 INFO neutron.db.ovn_revision_numbers_db [None req-697c7d60-0df3-433e-9322-06bad5b61046 72746e617bad4adb8bb388747571af10 763d4f013bbe4daaa3651393054318ab - - default default] Successfully bumped revision number for resource 6a93e4e1-84c0-481e-bc9b-f3fc8fccd331 (type: networks) to 1
2026-07-02 01:49:41.740 10 WARNING neutron.scheduler.dhcp_agent_scheduler [None req-c634fc61-c9f9-48ed-8a32-e897bef3c769 59a98373db494fb5a9222cbae4c85ebe 137926048671415690a1932821b4dae9 - - default default] No more DHCP agents
2026-07-02 01:49:41.743 10 WARNING neutron.api.rpc.agentnotifiers.dhcp_rpc_agent_api [None req-c634fc61-c9f9-48ed-8a32-e897bef3c769 59a98373db494fb5a9222cbae4c85ebe 137926048671415690a1932821b4dae9 - - default default] Unable to schedule network e2247eaa-82e3-4a58-a860-8cda28a6a0e4: no agents available; will retry on subsequent port and subnet creation events.
2026-07-02 01:49:41.828 10 INFO neutron.db.ovn_revision_numbers_db [None req-c634fc61-c9f9-48ed-8a32-e897bef3c769 59a98373db494fb5a9222cbae4c85ebe 137926048671415690a1932821b4dae9 - - default default] Successfully bumped revision number for resource d07b4114-273a-41a6-b23f-453c1047c080 (type: ports) to 1
2026-07-02 01:49:41.846 10 INFO neutron.wsgi [None req-c634fc61-c9f9-48ed-8a32-e897bef3c769 59a98373db494fb5a9222cbae4c85ebe 137926048671415690a1932821b4dae9 - - default default] 10.0.0.146 "POST /v2.0/networks HTTP/1.1" status: 201 len: 830 time: 0.5625255
2026-07-02 01:49:41.847 9 WARNING neutron.scheduler.dhcp_agent_scheduler [None req-697c7d60-0df3-433e-9322-06bad5b61046 72746e617bad4adb8bb388747571af10 763d4f013bbe4daaa3651393054318ab - - default default] No more DHCP agents
2026-07-02 01:49:41.850 9 WARNING neutron.api.rpc.agentnotifiers.dhcp_rpc_agent_api [None req-697c7d60-0df3-433e-9322-06bad5b61046 72746e617bad4adb8bb388747571af10 763d4f013bbe4daaa3651393054318ab - - default default] Unable to schedule network 6a93e4e1-84c0-481e-bc9b-f3fc8fccd331: no agents available; will retry on subsequent port and subnet creation events.
2026-07-02 01:49:41.926 9 INFO neutron.db.ovn_revision_numbers_db [None req-697c7d60-0df3-433e-9322-06bad5b61046 72746e617bad4adb8bb388747571af10 763d4f013bbe4daaa3651393054318ab - - default default] Successfully bumped revision number for resource 941c1987-7182-4a99-a9e4-ba345bdcf8ec (type: ports) to 1
2026-07-02 01:49:41.955 9 INFO neutron.wsgi [None req-697c7d60-0df3-433e-9322-06bad5b61046 72746e617bad4adb8bb388747571af10 763d4f013bbe4daaa3651393054318ab - - default default] 10.0.0.146 "POST /v2.0/networks HTTP/1.1" status: 201 len: 832 time: 0.5772693
2026-07-02 01:49:42.163 10 WARNING neutron.scheduler.dhcp_agent_scheduler [None req-72a413e4-7b93-4fb7-990c-bd69a3aacddd 59a98373db494fb5a9222cbae4c85ebe 137926048671415690a1932821b4dae9 - - default default] No more DHCP agents
2026-07-02 01:49:42.165 10 WARNING neutron.api.rpc.agentnotifiers.dhcp_rpc_agent_api [None req-72a413e4-7b93-4fb7-990c-bd69a3aacddd 59a98373db494fb5a9222cbae4c85ebe 137926048671415690a1932821b4dae9 - - default default] Unable to schedule network e2247eaa-82e3-4a58-a860-8cda28a6a0e4: no agents available; will retry on subsequent port and subnet creation events.
2026-07-02 01:49:42.264 9 WARNING neutron.scheduler.dhcp_agent_scheduler [None req-b209440f-656e-45e1-96ca-f17a9f297d67 72746e617bad4adb8bb388747571af10 763d4f013bbe4daaa3651393054318ab - - default default] No more DHCP agents
2026-07-02 01:49:42.266 9 WARNING neutron.api.rpc.agentnotifiers.dhcp_rpc_agent_api [None req-b209440f-656e-45e1-96ca-f17a9f297d67 72746e617bad4adb8bb388747571af10 763d4f013bbe4daaa3651393054318ab - - default default] Unable to schedule network 6a93e4e1-84c0-481e-bc9b-f3fc8fccd331: no agents available; will retry on subsequent port and subnet creation events.
2026-07-02 01:49:42.302 9 INFO neutron.db.ovn_revision_numbers_db [None req-b209440f-656e-45e1-96ca-f17a9f297d67 72746e617bad4adb8bb388747571af10 763d4f013bbe4daaa3651393054318ab - - default default] Successfully bumped revision number for resource f2a717d9-2c9d-479c-ae33-6d000420d954 (type: subnets) to 0
2026-07-02 01:49:42.319 9 INFO neutron.wsgi [None req-b209440f-656e-45e1-96ca-f17a9f297d67 72746e617bad4adb8bb388747571af10 763d4f013bbe4daaa3651393054318ab - - default default] 10.0.0.146 "POST /v2.0/subnets HTTP/1.1" status: 201 len: 821 time: 0.3573339
2026-07-02 01:49:42.543 9 INFO neutron.db.ovn_revision_numbers_db [None req-2b967230-6f12-4a3c-b283-978da10abdd0 72746e617bad4adb8bb388747571af10 763d4f013bbe4daaa3651393054318ab - - default default] Successfully bumped revision number for resource c243af12-7de0-4c13-b2dd-832a725d79bf (type: routers) to 1
2026-07-02 01:49:42.560 9 INFO neutron.wsgi [None req-2b967230-6f12-4a3c-b283-978da10abdd0 72746e617bad4adb8bb388747571af10 763d4f013bbe4daaa3651393054318ab - - default default] 10.0.0.146 "POST /v2.0/routers HTTP/1.1" status: 201 len: 691 time: 0.2358601
2026-07-02 01:49:42.698 10 INFO neutron.db.ovn_revision_numbers_db [None req-72a413e4-7b93-4fb7-990c-bd69a3aacddd 59a98373db494fb5a9222cbae4c85ebe 137926048671415690a1932821b4dae9 - - default default] Successfully bumped revision number for resource d07b4114-273a-41a6-b23f-453c1047c080 (type: ports) to 2
2026-07-02 01:49:42.734 10 INFO neutron.db.ovn_revision_numbers_db [None req-72a413e4-7b93-4fb7-990c-bd69a3aacddd 59a98373db494fb5a9222cbae4c85ebe 137926048671415690a1932821b4dae9 - - default default] Successfully bumped revision number for resource 543da46e-c1a0-48e1-bf34-2621b36c6c87 (type: subnets) to 0
2026-07-02 01:49:42.751 10 INFO neutron.wsgi [None req-72a413e4-7b93-4fb7-990c-bd69a3aacddd 59a98373db494fb5a9222cbae4c85ebe 137926048671415690a1932821b4dae9 - - default default] 10.0.0.146 "POST /v2.0/subnets HTTP/1.1" status: 201 len: 801 time: 0.8995500
2026-07-02 01:49:43.001 9 WARNING neutron.scheduler.dhcp_agent_scheduler [None req-b83d5b89-d792-4f6b-82f3-e858d3ad5049 72746e617bad4adb8bb388747571af10 763d4f013bbe4daaa3651393054318ab - - default default] No more DHCP agents
2026-07-02 01:49:43.003 9 WARNING neutron.api.rpc.agentnotifiers.dhcp_rpc_agent_api [None req-b83d5b89-d792-4f6b-82f3-e858d3ad5049 72746e617bad4adb8bb388747571af10 763d4f013bbe4daaa3651393054318ab - - default default] Unable to schedule network 6a93e4e1-84c0-481e-bc9b-f3fc8fccd331: no agents available; will retry on subsequent port and subnet creation events.
2026-07-02 01:49:43.127 9 INFO neutron.db.ovn_revision_numbers_db [None req-b83d5b89-d792-4f6b-82f3-e858d3ad5049 72746e617bad4adb8bb388747571af10 763d4f013bbe4daaa3651393054318ab - - default default] Successfully bumped revision number for resource 3b18016c-f4c8-4182-bf29-8f784411d906 (type: ports) to 1
2026-07-02 01:49:43.130 10 WARNING neutron.scheduler.dhcp_agent_scheduler [None req-353629f3-4c8b-4bbe-8883-6c3bfcf1df36 59a98373db494fb5a9222cbae4c85ebe 137926048671415690a1932821b4dae9 - - default default] No more DHCP agents
2026-07-02 01:49:43.132 10 WARNING neutron.api.rpc.agentnotifiers.dhcp_rpc_agent_api [None req-353629f3-4c8b-4bbe-8883-6c3bfcf1df36 59a98373db494fb5a9222cbae4c85ebe 137926048671415690a1932821b4dae9 - - default default] Unable to schedule network e2247eaa-82e3-4a58-a860-8cda28a6a0e4: no agents available; will retry on subsequent port and subnet creation events.
2026-07-02 01:49:43.297 10 INFO neutron.db.ovn_revision_numbers_db [None req-353629f3-4c8b-4bbe-8883-6c3bfcf1df36 59a98373db494fb5a9222cbae4c85ebe 137926048671415690a1932821b4dae9 - - default default] Successfully bumped revision number for resource 176c90fc-168c-418c-9a5c-cc38b91b257e (type: ports) to 1
2026-07-02 01:49:43.325 10 INFO neutron.wsgi [None req-353629f3-4c8b-4bbe-8883-6c3bfcf1df36 59a98373db494fb5a9222cbae4c85ebe 137926048671415690a1932821b4dae9 - - default default] 10.0.0.146 "POST /v2.0/ports HTTP/1.1" status: 201 len: 1111 time: 0.5684907
2026-07-02 01:49:43.544 9 INFO neutron.db.ovn_revision_numbers_db [None req-b83d5b89-d792-4f6b-82f3-e858d3ad5049 72746e617bad4adb8bb388747571af10 763d4f013bbe4daaa3651393054318ab - - default default] Successfully bumped revision number for resource 3b18016c-f4c8-4182-bf29-8f784411d906 (type: router_ports) to 1
2026-07-02 01:49:43.647 9 INFO neutron.db.ovn_revision_numbers_db [None req-b83d5b89-d792-4f6b-82f3-e858d3ad5049 72746e617bad4adb8bb388747571af10 763d4f013bbe4daaa3651393054318ab - - default default] Successfully bumped revision number for resource 3b18016c-f4c8-4182-bf29-8f784411d906 (type: ports) to 1
2026-07-02 01:49:43.682 10 INFO neutron.wsgi [None req-91988bf1-090f-479e-9438-80499f15186e 59a98373db494fb5a9222cbae4c85ebe 137926048671415690a1932821b4dae9 - - default default] 10.0.0.146 "DELETE /v2.0/ports/176c90fc-168c-418c-9a5c-cc38b91b257e HTTP/1.1" status: 204 len: 168 time: 0.3509564
2026-07-02 01:49:43.704 10 INFO neutron.pecan_wsgi.hooks.translation [None req-61b019bd-d960-4367-82fc-0206dad652ea 59a98373db494fb5a9222cbae4c85ebe 137926048671415690a1932821b4dae9 - - default default] GET failed (client error): The resource could not be found.
2026-07-02 01:49:43.705 10 INFO neutron.wsgi [None req-61b019bd-d960-4367-82fc-0206dad652ea 59a98373db494fb5a9222cbae4c85ebe 137926048671415690a1932821b4dae9 - - default default] 10.0.0.146 "GET /v2.0/ports/176c90fc-168c-418c-9a5c-cc38b91b257e HTTP/1.1" status: 404 len: 333 time: 0.0188007
2026-07-02 01:49:43.706 9 WARNING neutron.scheduler.dhcp_agent_scheduler [None req-b83d5b89-d792-4f6b-82f3-e858d3ad5049 72746e617bad4adb8bb388747571af10 763d4f013bbe4daaa3651393054318ab - - default default] No more DHCP agents
2026-07-02 01:49:43.708 9 WARNING neutron.api.rpc.agentnotifiers.dhcp_rpc_agent_api [None req-b83d5b89-d792-4f6b-82f3-e858d3ad5049 72746e617bad4adb8bb388747571af10 763d4f013bbe4daaa3651393054318ab - - default default] Unable to schedule network 6a93e4e1-84c0-481e-bc9b-f3fc8fccd331: no agents available; will retry on subsequent port and subnet creation events.
2026-07-02 01:49:43.825 9 WARNING neutron.plugins.ml2.drivers.ovn.mech_driver.ovsdb.ovn_client [None req-d554d10b-8a31-4b0b-82e7-ecb96d22c563 - - - - - -] No port found with ID 738b942c-73a6-422c-ad4c-afa0ca908532: RuntimeError: No port found with ID 738b942c-73a6-422c-ad4c-afa0ca908532
2026-07-02 01:49:43.826 9 INFO neutron.plugins.ml2.drivers.ovn.mech_driver.mech_driver [None req-d554d10b-8a31-4b0b-82e7-ecb96d22c563 - - - - - -] OVN reports status up for port: 3b18016c-f4c8-4182-bf29-8f784411d906
2026-07-02 01:49:43.841 9 INFO neutron.plugins.ml2.plugin [None req-d554d10b-8a31-4b0b-82e7-ecb96d22c563 - - - - - -] Attempt 1 to provision port 3b18016c-f4c8-4182-bf29-8f784411d906
2026-07-02 01:49:43.965 9 INFO neutron.db.ovn_revision_numbers_db [None req-b83d5b89-d792-4f6b-82f3-e858d3ad5049 72746e617bad4adb8bb388747571af10 763d4f013bbe4daaa3651393054318ab - - default default] Successfully bumped revision number for resource 3b18016c-f4c8-4182-bf29-8f784411d906 (type: router_ports) to 1
2026-07-02 01:49:43.967 9 INFO neutron.wsgi [None req-b83d5b89-d792-4f6b-82f3-e858d3ad5049 72746e617bad4adb8bb388747571af10 763d4f013bbe4daaa3651393054318ab - - default default] 10.0.0.146 "PUT /v2.0/routers/c243af12-7de0-4c13-b2dd-832a725d79bf/add_router_interface HTTP/1.1" status: 200 len: 503 time: 1.4016383
2026-07-02 01:49:44.030 9 INFO neutron.wsgi [None req-6f80b0d8-c6db-4aa8-84a3-95e9446e8524 59a98373db494fb5a9222cbae4c85ebe 137926048671415690a1932821b4dae9 - - default default] 10.0.0.146 "DELETE /v2.0/subnets/543da46e-c1a0-48e1-bf34-2621b36c6c87 HTTP/1.1" status: 204 len: 168 time: 0.3173351
2026-07-02 01:49:44.117 10 INFO neutron.wsgi [None req-8c26c9ce-a280-4b25-93b7-b8975347d8be 72746e617bad4adb8bb388747571af10 763d4f013bbe4daaa3651393054318ab - - default default] 10.0.0.146 "GET /v2.0/ports/3b18016c-f4c8-4182-bf29-8f784411d906 HTTP/1.1" status: 200 len: 1139 time: 0.1413505
2026-07-02 01:49:44.162 10 INFO neutron.wsgi [None req-a6aaf9c6-e202-452c-a9ff-7ff076b36ca2 72746e617bad4adb8bb388747571af10 763d4f013bbe4daaa3651393054318ab - - default default] 10.0.0.146 "GET /v2.0/ports/3b18016c-f4c8-4182-bf29-8f784411d906 HTTP/1.1" status: 200 len: 1141 time: 0.0393546
2026-07-02 01:49:44.469 9 INFO neutron.db.ovn_revision_numbers_db [None req-d554d10b-8a31-4b0b-82e7-ecb96d22c563 - - - - - -] Successfully bumped revision number for resource 3b18016c-f4c8-4182-bf29-8f784411d906 (type: ports) to 2
2026-07-02 01:49:44.496 10 WARNING neutron.scheduler.dhcp_agent_scheduler [None req-7db7e99d-fd32-4023-b69a-863c2ca4c05c c2c38ac6e9654731af2d4a45e2535a0c e8aaf5384bb34636ab54958368e8773f - - default default] No more DHCP agents
2026-07-02 01:49:44.500 10 WARNING neutron.api.rpc.agentnotifiers.dhcp_rpc_agent_api [None req-7db7e99d-fd32-4023-b69a-863c2ca4c05c c2c38ac6e9654731af2d4a45e2535a0c e8aaf5384bb34636ab54958368e8773f - - default default] Unable to schedule network 2ac29a0c-5edc-47bb-bd0b-d5a39027a43f: no agents available; will retry on subsequent port and subnet creation events.
2026-07-02 01:49:44.622 9 INFO neutron.db.ovn_revision_numbers_db [None req-d554d10b-8a31-4b0b-82e7-ecb96d22c563 - - - - - -] Successfully bumped revision number for resource 3b18016c-f4c8-4182-bf29-8f784411d906 (type: router_ports) to 2
2026-07-02 01:49:44.686 9 INFO neutron.services.segments.plugin [-] Segment 49588179-0921-4ce7-9cd6-e311d0a6d292 resource provider aggregate not found
2026-07-02 01:49:44.691 9 INFO neutron.services.segments.plugin [-] Segment 49588179-0921-4ce7-9cd6-e311d0a6d292 resource provider aggregate not found
2026-07-02 01:49:44.715 9 INFO neutron.services.segments.plugin [-] Segment 49588179-0921-4ce7-9cd6-e311d0a6d292 resource provider not found; error: Placement Client Error (4xx): {"errors": [{"status": 404, "title": "Not Found", "detail": "The resource could not be found.\n\n No resource provider with uuid 49588179-0921-4ce7-9cd6-e311d0a6d292 found for delete ", "request_id": "req-eaa1e3aa-49a7-4313-95fb-d352a4b437e2"}]}
2026-07-02 01:49:44.717 9 INFO neutron.services.segments.plugin [-] Segment 49588179-0921-4ce7-9cd6-e311d0a6d292 resource provider not found; error: Placement Client Error (4xx): {"errors": [{"status": 404, "title": "Not Found", "detail": "The resource could not be found.\n\n No resource provider with uuid 49588179-0921-4ce7-9cd6-e311d0a6d292 found for delete ", "request_id": "req-802e7fd9-1404-49d3-a605-7b029b33ab71"}]}
2026-07-02 01:49:44.739 9 INFO neutron.wsgi [None req-00828f6f-2b70-41dd-b17a-39cbb6f120cd 59a98373db494fb5a9222cbae4c85ebe 137926048671415690a1932821b4dae9 - - default default] 10.0.0.146 "DELETE /v2.0/networks/e2247eaa-82e3-4a58-a860-8cda28a6a0e4 HTTP/1.1" status: 204 len: 168 time: 0.7013993
2026-07-02 01:49:44.966 10 INFO neutron.db.ovn_revision_numbers_db [None req-7db7e99d-fd32-4023-b69a-863c2ca4c05c c2c38ac6e9654731af2d4a45e2535a0c e8aaf5384bb34636ab54958368e8773f - - default default] Successfully bumped revision number for resource 2de6c076-3b4f-4af3-a626-19fc92ae8e14 (type: floatingips) to 0
2026-07-02 01:49:45.010 10 INFO neutron.wsgi [None req-7db7e99d-fd32-4023-b69a-863c2ca4c05c c2c38ac6e9654731af2d4a45e2535a0c e8aaf5384bb34636ab54958368e8773f - - default default] 10.0.0.146 "POST /v2.0/floatingips HTTP/1.1" status: 201 len: 751 time: 1.2694941 /var/lib/openstack/lib/python3.10/site-packages/pycadf/identifier.py:71: UserWarning: Invalid uuid: neutron. To ensure interoperability, identifiers should be a valid uuid. warnings.warn(('Invalid uuid: %s. To ensure interoperability, '
2026-07-02 01:49:45.042 9 WARNING neutron.scheduler.dhcp_agent_scheduler [None req-6412ad0f-dfde-4181-88ec-f29dab81832d 59a98373db494fb5a9222cbae4c85ebe 137926048671415690a1932821b4dae9 - - default default] No more DHCP agents
2026-07-02 01:49:45.045 9 WARNING neutron.api.rpc.agentnotifiers.dhcp_rpc_agent_api [None req-6412ad0f-dfde-4181-88ec-f29dab81832d 59a98373db494fb5a9222cbae4c85ebe 137926048671415690a1932821b4dae9 - - default default] Unable to schedule network a20cdc83-a891-4314-8f21-d5d6c91311f6: no agents available; will retry on subsequent port and subnet creation events.
2026-07-02 01:49:45.105 10 INFO neutron.wsgi [None req-20777fa5-2d6e-4a71-95c0-7c6dda7fb290 72746e617bad4adb8bb388747571af10 763d4f013bbe4daaa3651393054318ab - - default default] 10.0.0.146 "PUT /v2.0/routers/c243af12-7de0-4c13-b2dd-832a725d79bf/remove_router_interface HTTP/1.1" status: 200 len: 503 time: 0.9353678 /var/lib/openstack/lib/python3.10/site-packages/pycadf/identifier.py:71: UserWarning: Invalid uuid: neutron. To ensure interoperability, identifiers should be a valid uuid. warnings.warn(('Invalid uuid: %s. To ensure interoperability, '
2026-07-02 01:49:45.136 9 INFO neutron.wsgi [None req-c55edbd1-131d-493c-b17f-ab007c72d52c 72746e617bad4adb8bb388747571af10 763d4f013bbe4daaa3651393054318ab - - default default] 10.0.0.146 "GET /v2.0/ports?device_id=c243af12-7de0-4c13-b2dd-832a725d79bf HTTP/1.1" status: 200 len: 205 time: 0.0237088 /var/lib/openstack/lib/python3.10/site-packages/pycadf/identifier.py:71: UserWarning: Invalid uuid: neutron. To ensure interoperability, identifiers should be a valid uuid. warnings.warn(('Invalid uuid: %s. To ensure interoperability, '
2026-07-02 01:49:45.172 9 INFO neutron.db.ovn_revision_numbers_db [None req-6412ad0f-dfde-4181-88ec-f29dab81832d 59a98373db494fb5a9222cbae4c85ebe 137926048671415690a1932821b4dae9 - - default default] Successfully bumped revision number for resource e0a85453-af7a-4b73-b039-aa82f53e0eb7 (type: ports) to 1
2026-07-02 01:49:45.202 9 INFO neutron.wsgi [None req-6412ad0f-dfde-4181-88ec-f29dab81832d 59a98373db494fb5a9222cbae4c85ebe 137926048671415690a1932821b4dae9 - - default default] 10.0.0.146 "POST /v2.0/ports HTTP/1.1" status: 201 len: 973 time: 0.4565985
2026-07-02 01:49:45.368 10 INFO neutron.wsgi [None req-ee595f7e-f907-47e2-92ce-0e9eaae5deaa 72746e617bad4adb8bb388747571af10 763d4f013bbe4daaa3651393054318ab - - default default] 10.0.0.146 "DELETE /v2.0/routers/c243af12-7de0-4c13-b2dd-832a725d79bf HTTP/1.1" status: 204 len: 168 time: 0.2256973
2026-07-02 01:49:45.379 9 WARNING neutron.scheduler.dhcp_agent_scheduler [None req-e142ef30-ba53-4677-aa5e-caf464236d0a c2c38ac6e9654731af2d4a45e2535a0c e8aaf5384bb34636ab54958368e8773f - - default default] No more DHCP agents
2026-07-02 01:49:45.382 9 WARNING neutron.api.rpc.agentnotifiers.dhcp_rpc_agent_api [None req-e142ef30-ba53-4677-aa5e-caf464236d0a c2c38ac6e9654731af2d4a45e2535a0c e8aaf5384bb34636ab54958368e8773f - - default default] Unable to schedule network 2ac29a0c-5edc-47bb-bd0b-d5a39027a43f: no agents available; will retry on subsequent port and subnet creation events.
2026-07-02 01:49:45.519 9 INFO neutron.db.ovn_revision_numbers_db [None req-b4fad43f-26cb-4160-aef8-777a165a9cca 59a98373db494fb5a9222cbae4c85ebe 137926048671415690a1932821b4dae9 - - default default] Successfully bumped revision number for resource e0a85453-af7a-4b73-b039-aa82f53e0eb7 (type: ports) to 2
2026-07-02 01:49:45.530 9 INFO neutron.wsgi [None req-b4fad43f-26cb-4160-aef8-777a165a9cca 59a98373db494fb5a9222cbae4c85ebe 137926048671415690a1932821b4dae9 - - default default] 10.0.0.146 "PUT /v2.0/ports/e0a85453-af7a-4b73-b039-aa82f53e0eb7 HTTP/1.1" status: 200 len: 946 time: 0.3229644
2026-07-02 01:49:45.588 10 INFO neutron.wsgi [None req-33c551a8-cf6f-4dc8-bf8c-d202c93a0708 72746e617bad4adb8bb388747571af10 763d4f013bbe4daaa3651393054318ab - - default default] 10.0.0.146 "DELETE /v2.0/subnets/f2a717d9-2c9d-479c-ae33-6d000420d954 HTTP/1.1" status: 204 len: 168 time: 0.2137260 /var/lib/openstack/lib/python3.10/site-packages/pycadf/identifier.py:71: UserWarning: Invalid uuid: neutron. To ensure interoperability, identifiers should be a valid uuid. warnings.warn(('Invalid uuid: %s. To ensure interoperability, '
2026-07-02 01:49:45.810 10 INFO neutron.wsgi [None req-12ef2b20-aa06-45bd-b215-3bbc56354993 59a98373db494fb5a9222cbae4c85ebe 137926048671415690a1932821b4dae9 - - default default] 10.0.0.146 "DELETE /v2.0/ports/e0a85453-af7a-4b73-b039-aa82f53e0eb7 HTTP/1.1" status: 204 len: 168 time: 0.2754364
2026-07-02 01:49:45.832 9 INFO neutron.db.ovn_revision_numbers_db [None req-e142ef30-ba53-4677-aa5e-caf464236d0a c2c38ac6e9654731af2d4a45e2535a0c e8aaf5384bb34636ab54958368e8773f - - default default] Successfully bumped revision number for resource a943f49d-e363-4197-87af-f63ddca0665e (type: floatingips) to 0
2026-07-02 01:49:45.856 9 INFO neutron.wsgi [None req-e142ef30-ba53-4677-aa5e-caf464236d0a c2c38ac6e9654731af2d4a45e2535a0c e8aaf5384bb34636ab54958368e8773f - - default default] 10.0.0.146 "POST /v2.0/floatingips HTTP/1.1" status: 201 len: 751 time: 0.8358560
2026-07-02 01:49:45.919 9 INFO neutron.wsgi [None req-10037b4a-7d25-414a-abd3-424d2329c509 59a98373db494fb5a9222cbae4c85ebe 137926048671415690a1932821b4dae9 - - default default] 10.0.0.146 "GET /v2.0/ports HTTP/1.1" status: 200 len: 1728 time: 0.1042147
2026-07-02 01:49:45.939 9 INFO neutron.pecan_wsgi.hooks.translation [None req-1511507f-29c9-46e7-beb3-d5148350677d 59a98373db494fb5a9222cbae4c85ebe 137926048671415690a1932821b4dae9 - - default default] GET failed (client error): The resource could not be found.
2026-07-02 01:49:45.941 9 INFO neutron.wsgi [None req-1511507f-29c9-46e7-beb3-d5148350677d 59a98373db494fb5a9222cbae4c85ebe 137926048671415690a1932821b4dae9 - - default default] 10.0.0.146 "GET /v2.0/ports/e0a85453-af7a-4b73-b039-aa82f53e0eb7 HTTP/1.1" status: 404 len: 333 time: 0.0172830
2026-07-02 01:49:46.003 9 INFO neutron.wsgi [None req-59a04407-874d-4e14-ab7a-f091e8a558e5 59a98373db494fb5a9222cbae4c85ebe 137926048671415690a1932821b4dae9 - - default default] 10.0.0.146 "GET /v2.0/ports HTTP/1.1" status: 200 len: 1728 time: 0.0540588
2026-07-02 01:49:46.112 10 INFO neutron.wsgi [None req-bf32ec61-0fcc-468a-afb6-d0f72144880b 59a98373db494fb5a9222cbae4c85ebe 137926048671415690a1932821b4dae9 - - default default] 10.0.0.146 "GET /v2.0/ports/2c1c3067-52e4-4d2d-9c84-9ca36818c541 HTTP/1.1" status: 200 len: 968 time: 0.1020331
2026-07-02 01:49:46.119 9 INFO neutron.wsgi [None req-8ad4c2a8-d9af-4dff-8f24-849931f6c1db 72746e617bad4adb8bb388747571af10 763d4f013bbe4daaa3651393054318ab - - default default] 10.0.0.146 "DELETE /v2.0/networks/6a93e4e1-84c0-481e-bc9b-f3fc8fccd331 HTTP/1.1" status: 204 len: 168 time: 0.5256953
2026-07-02 01:49:46.149 10 INFO neutron.pecan_wsgi.hooks.translation [None req-094770a2-646c-4ab5-a12e-f5d0f75bf26e 59a98373db494fb5a9222cbae4c85ebe 137926048671415690a1932821b4dae9 - - default default] DELETE failed (client error): The resource could not be found.
2026-07-02 01:49:46.151 10 INFO neutron.wsgi [None req-094770a2-646c-4ab5-a12e-f5d0f75bf26e 59a98373db494fb5a9222cbae4c85ebe 137926048671415690a1932821b4dae9 - - default default] 10.0.0.146 "DELETE /v2.0/ports/176c90fc-168c-418c-9a5c-cc38b91b257e HTTP/1.1" status: 404 len: 333 time: 0.0325141
2026-07-02 01:49:46.173 9 INFO neutron.pecan_wsgi.hooks.translation [None req-d59732ba-1689-4325-b6ea-02dc3fa5a1be 59a98373db494fb5a9222cbae4c85ebe 137926048671415690a1932821b4dae9 - - default default] DELETE failed (client error): The resource could not be found.
2026-07-02 01:49:46.175 9 INFO neutron.wsgi [None req-d59732ba-1689-4325-b6ea-02dc3fa5a1be 59a98373db494fb5a9222cbae4c85ebe 137926048671415690a1932821b4dae9 - - default default] 10.0.0.146 "DELETE /v2.0/subnets/543da46e-c1a0-48e1-bf34-2621b36c6c87 HTTP/1.1" status: 404 len: 337 time: 0.0175231
2026-07-02 01:49:46.194 9 INFO neutron.pecan_wsgi.hooks.translation [None req-623f8d6c-73d1-4c4c-90d2-7aa6ee91c6e8 59a98373db494fb5a9222cbae4c85ebe 137926048671415690a1932821b4dae9 - - default default] DELETE failed (client error): The resource could not be found.
2026-07-02 01:49:46.196 9 INFO neutron.wsgi [None req-623f8d6c-73d1-4c4c-90d2-7aa6ee91c6e8 59a98373db494fb5a9222cbae4c85ebe 137926048671415690a1932821b4dae9 - - default default] 10.0.0.146 "DELETE /v2.0/subnets/1e2f7bb6-4e7e-4b33-b161-fe00cf6ec4c6 HTTP/1.1" status: 404 len: 337 time: 0.0163410
2026-07-02 01:49:46.226 10 WARNING neutron.scheduler.dhcp_agent_scheduler [None req-20fcb0ab-38c9-4c99-a749-2fceed460c01 c2c38ac6e9654731af2d4a45e2535a0c e8aaf5384bb34636ab54958368e8773f - - default default] No more DHCP agents
2026-07-02 01:49:46.229 10 WARNING neutron.api.rpc.agentnotifiers.dhcp_rpc_agent_api [None req-20fcb0ab-38c9-4c99-a749-2fceed460c01 c2c38ac6e9654731af2d4a45e2535a0c e8aaf5384bb34636ab54958368e8773f - - default default] Unable to schedule network 2ac29a0c-5edc-47bb-bd0b-d5a39027a43f: no agents available; will retry on subsequent port and subnet creation events.
2026-07-02 01:49:46.427 9 INFO neutron.wsgi [None req-efaddda6-2720-4a49-96a0-c7804dcd91cd 59a98373db494fb5a9222cbae4c85ebe 137926048671415690a1932821b4dae9 - - default default] 10.0.0.146 "DELETE /v2.0/ports/2c1c3067-52e4-4d2d-9c84-9ca36818c541 HTTP/1.1" status: 204 len: 168 time: 0.2265489
2026-07-02 01:49:46.734 10 INFO neutron.db.ovn_revision_numbers_db [None req-20fcb0ab-38c9-4c99-a749-2fceed460c01 c2c38ac6e9654731af2d4a45e2535a0c e8aaf5384bb34636ab54958368e8773f - - default default] Successfully bumped revision number for resource 13b84d1e-b392-4e59-87d1-5b4043b70674 (type: floatingips) to 0
2026-07-02 01:49:46.749 9 INFO neutron.services.segments.plugin [-] Segment 51cd38e1-c6cf-4116-aa97-af242538108d resource provider aggregate not found
2026-07-02 01:49:46.755 10 INFO neutron.wsgi [None req-20fcb0ab-38c9-4c99-a749-2fceed460c01 c2c38ac6e9654731af2d4a45e2535a0c e8aaf5384bb34636ab54958368e8773f - - default default] 10.0.0.146 "POST /v2.0/floatingips HTTP/1.1" status: 201 len: 751 time: 0.8932235
2026-07-02 01:49:46.757 9 INFO neutron.services.segments.plugin [-] Segment 51cd38e1-c6cf-4116-aa97-af242538108d resource provider aggregate not found
2026-07-02 01:49:46.770 9 INFO neutron.services.segments.plugin [-] Segment 51cd38e1-c6cf-4116-aa97-af242538108d resource provider not found; error: Placement Client Error (4xx): {"errors": [{"status": 404, "title": "Not Found", "detail": "The resource could not be found.\n\n No resource provider with uuid 51cd38e1-c6cf-4116-aa97-af242538108d found for delete ", "request_id": "req-a91f589b-740a-4c24-ba69-5705f14e3183"}]}
2026-07-02 01:49:46.772 10 WARNING neutron.scheduler.dhcp_agent_scheduler [None req-bc25d419-c064-463b-a74c-287d0e5eeed5 72746e617bad4adb8bb388747571af10 763d4f013bbe4daaa3651393054318ab - - default default] No more DHCP agents
2026-07-02 01:49:46.774 9 INFO neutron.services.segments.plugin [-] Segment 51cd38e1-c6cf-4116-aa97-af242538108d resource provider not found; error: Placement Client Error (4xx): {"errors": [{"status": 404, "title": "Not Found", "detail": "The resource could not be found.\n\n No resource provider with uuid 51cd38e1-c6cf-4116-aa97-af242538108d found for delete ", "request_id": "req-1770cf59-741a-4d13-a0ae-244e14b64e4f"}]}
2026-07-02 01:49:46.776 10 WARNING neutron.api.rpc.agentnotifiers.dhcp_rpc_agent_api [None req-bc25d419-c064-463b-a74c-287d0e5eeed5 72746e617bad4adb8bb388747571af10 763d4f013bbe4daaa3651393054318ab - - default default] Unable to schedule network 2ac29a0c-5edc-47bb-bd0b-d5a39027a43f: no agents available; will retry on subsequent port and subnet creation events.
2026-07-02 01:49:46.830 9 INFO neutron.wsgi [None req-d574a72e-82d3-4feb-8621-014027ee16d4 59a98373db494fb5a9222cbae4c85ebe 137926048671415690a1932821b4dae9 - - default default] 10.0.0.146 "DELETE /v2.0/networks/a20cdc83-a891-4314-8f21-d5d6c91311f6 HTTP/1.1" status: 204 len: 168 time: 0.3972149
2026-07-02 01:49:47.002 10 INFO neutron.db.ovn_revision_numbers_db [None req-bc25d419-c064-463b-a74c-287d0e5eeed5 72746e617bad4adb8bb388747571af10 763d4f013bbe4daaa3651393054318ab - - default default] Successfully bumped revision number for resource db868128-9340-482c-b2bc-b080f91e8705 (type: ports) to 1
2026-07-02 01:49:47.460 10 WARNING neutron.scheduler.dhcp_agent_scheduler [None req-62ff17d9-0652-4279-9f19-cf1ff5ad1271 c2c38ac6e9654731af2d4a45e2535a0c e8aaf5384bb34636ab54958368e8773f - - default default] No more DHCP agents
2026-07-02 01:49:47.467 10 WARNING neutron.api.rpc.agentnotifiers.dhcp_rpc_agent_api [None req-62ff17d9-0652-4279-9f19-cf1ff5ad1271 c2c38ac6e9654731af2d4a45e2535a0c e8aaf5384bb34636ab54958368e8773f - - default default] Unable to schedule network 2ac29a0c-5edc-47bb-bd0b-d5a39027a43f: no agents available; will retry on subsequent port and subnet creation events.
2026-07-02 01:49:47.667 9 INFO neutron.wsgi [None req-3e5ec871-0ad5-419a-ad9a-9a9fb1235337 0785ec01bfbb49a3b56fa95061537b39 bd32e336a76443538ecfe0ed4257b9f7 - - default default] 10.0.0.146 "GET /v2.0/security-groups?tenant_id=137926048671415690a1932821b4dae9&name=default HTTP/1.1" status: 200 len: 2996 time: 0.2681344
2026-07-02 01:49:47.902 9 INFO neutron.wsgi [None req-029f6af1-ac55-42ea-bb78-ed7ae3e70d73 0785ec01bfbb49a3b56fa95061537b39 bd32e336a76443538ecfe0ed4257b9f7 - - default default] 10.0.0.146 "DELETE /v2.0/security-groups/dce53f68-104b-4bd8-9400-8232a042f82c HTTP/1.1" status: 204 len: 168 time: 0.2284873
2026-07-02 01:49:47.930 10 INFO neutron.db.ovn_revision_numbers_db [None req-62ff17d9-0652-4279-9f19-cf1ff5ad1271 c2c38ac6e9654731af2d4a45e2535a0c e8aaf5384bb34636ab54958368e8773f - - default default] Successfully bumped revision number for resource e7f0888c-8cfc-4358-af03-54948cab406f (type: floatingips) to 0
2026-07-02 01:49:47.966 10 INFO neutron.wsgi [None req-62ff17d9-0652-4279-9f19-cf1ff5ad1271 c2c38ac6e9654731af2d4a45e2535a0c e8aaf5384bb34636ab54958368e8773f - - default default] 10.0.0.146 "POST /v2.0/floatingips HTTP/1.1" status: 201 len: 751 time: 1.2044785
2026-07-02 01:49:48.138 10 INFO neutron.db.ovn_revision_numbers_db [None req-bc25d419-c064-463b-a74c-287d0e5eeed5 72746e617bad4adb8bb388747571af10 763d4f013bbe4daaa3651393054318ab - - default default] Successfully bumped revision number for resource db868128-9340-482c-b2bc-b080f91e8705 (type: router_ports) to 1
2026-07-02 01:49:48.211 10 INFO neutron.db.ovn_revision_numbers_db [None req-bc25d419-c064-463b-a74c-287d0e5eeed5 72746e617bad4adb8bb388747571af10 763d4f013bbe4daaa3651393054318ab - - default default] Successfully bumped revision number for resource 5e53723a-a17f-4172-a41f-3e5f28a2a600 (type: routers) to 2
2026-07-02 01:49:48.241 10 INFO neutron.wsgi [None req-bc25d419-c064-463b-a74c-287d0e5eeed5 72746e617bad4adb8bb388747571af10 763d4f013bbe4daaa3651393054318ab - - default default] 10.0.0.146 "POST /v2.0/routers HTTP/1.1" status: 201 len: 872 time: 2.1106184
2026-07-02 01:49:48.307 9 WARNING neutron.scheduler.dhcp_agent_scheduler [None req-f6fe8b85-5e4b-424e-af66-e164ab43d09d c2c38ac6e9654731af2d4a45e2535a0c e8aaf5384bb34636ab54958368e8773f - - default default] No more DHCP agents
2026-07-02 01:49:48.310 9 WARNING neutron.api.rpc.agentnotifiers.dhcp_rpc_agent_api [None req-f6fe8b85-5e4b-424e-af66-e164ab43d09d c2c38ac6e9654731af2d4a45e2535a0c e8aaf5384bb34636ab54958368e8773f - - default default] Unable to schedule network 2ac29a0c-5edc-47bb-bd0b-d5a39027a43f: no agents available; will retry on subsequent port and subnet creation events.
2026-07-02 01:49:48.346 9 INFO neutron.wsgi [None req-cfdd4af5-cecc-4c94-8eec-bcbbb1d463ae 72746e617bad4adb8bb388747571af10 763d4f013bbe4daaa3651393054318ab - - default default] 10.0.0.146 "GET /v2.0/routers/5e53723a-a17f-4172-a41f-3e5f28a2a600 HTTP/1.1" status: 200 len: 873 time: 0.0968218
2026-07-02 01:49:48.419 9 INFO neutron.wsgi [req-20214103-8b7c-4d82-af5b-73535cbd6d93 req-fb3f6093-44a9-45f9-82f2-06857eeb0c3c 57fe36a488ba486081a343b635dfba0d 8f0f3f8a99ec42549119dbc71ad33162 - - b77b7b8eed434c65920ba20056628b30 b77b7b8eed434c65920ba20056628b30] 10.0.0.53 "GET /v2.0/ports?device_id=6e4075ca-edd2-417a-9320-6c0a17e03a39 HTTP/1.1" status: 200 len: 1413 time: 0.0606353
2026-07-02 01:49:48.472 9 INFO neutron.wsgi [req-20214103-8b7c-4d82-af5b-73535cbd6d93 req-7a7230c0-6b38-4f34-852b-ca5b3cdd8645 57fe36a488ba486081a343b635dfba0d 8f0f3f8a99ec42549119dbc71ad33162 - - b77b7b8eed434c65920ba20056628b30 b77b7b8eed434c65920ba20056628b30] 10.0.0.53 "GET /v2.0/security-groups?id=9f5b4cb5-9e12-43f6-9f7b-1a077afe108e&fields=id&fields=name HTTP/1.1" status: 200 len: 313 time: 0.0411794
2026-07-02 01:49:48.474 10 INFO neutron.wsgi [None req-bde8713a-9811-4ab9-9bc0-f7b1031ced3f 72746e617bad4adb8bb388747571af10 763d4f013bbe4daaa3651393054318ab - - default default] 10.0.0.146 "GET /v2.0/routers HTTP/1.1" status: 200 len: 876 time: 0.1231720
2026-07-02 01:49:48.681 9 INFO neutron.db.ovn_revision_numbers_db [None req-f6fe8b85-5e4b-424e-af66-e164ab43d09d c2c38ac6e9654731af2d4a45e2535a0c e8aaf5384bb34636ab54958368e8773f - - default default] Successfully bumped revision number for resource 30aa05a3-5ce6-443d-8128-868c18686e4c (type: floatingips) to 0
2026-07-02 01:49:48.701 9 INFO neutron.wsgi [None req-f6fe8b85-5e4b-424e-af66-e164ab43d09d c2c38ac6e9654731af2d4a45e2535a0c e8aaf5384bb34636ab54958368e8773f - - default default] 10.0.0.146 "POST /v2.0/floatingips HTTP/1.1" status: 201 len: 751 time: 0.7307703
2026-07-02 01:49:48.796 9 INFO neutron.services.segments.plugin [-] Segment c3d9608e-a769-4437-ab16-46189d42425e resource provider aggregate not found
2026-07-02 01:49:48.799 10 INFO neutron.wsgi [None req-355bd6c5-9c7c-444f-9355-6fa85beabbb7 c2c38ac6e9654731af2d4a45e2535a0c e8aaf5384bb34636ab54958368e8773f - - default default] 10.0.0.146 "PUT /v2.0/floatingips/2de6c076-3b4f-4af3-a626-19fc92ae8e14/tags HTTP/1.1" status: 200 len: 210 time: 0.0889382
2026-07-02 01:49:48.804 9 INFO neutron.services.segments.plugin [-] Segment c3d9608e-a769-4437-ab16-46189d42425e resource provider aggregate not found
2026-07-02 01:49:48.828 9 INFO neutron.services.segments.plugin [-] Segment c3d9608e-a769-4437-ab16-46189d42425e resource provider not found; error: Placement Client Error (4xx): {"errors": [{"status": 404, "title": "Not Found", "detail": "The resource could not be found.\n\n No resource provider with uuid c3d9608e-a769-4437-ab16-46189d42425e found for delete ", "request_id": "req-637c890b-6995-4310-829a-a906000d6165"}]}
2026-07-02 01:49:48.829 9 INFO neutron.services.segments.plugin [-] Segment c3d9608e-a769-4437-ab16-46189d42425e resource provider not found; error: Placement Client Error (4xx): {"errors": [{"status": 404, "title": "Not Found", "detail": "The resource could not be found.\n\n No resource provider with uuid c3d9608e-a769-4437-ab16-46189d42425e found for delete ", "request_id": "req-dcc53c67-bad4-4c41-9377-b1dc0893d1ca"}]}
2026-07-02 01:49:48.857 10 INFO neutron.wsgi [None req-9e3ad928-99d5-451e-b2e7-82e054f1183f c2c38ac6e9654731af2d4a45e2535a0c e8aaf5384bb34636ab54958368e8773f - - default default] 10.0.0.146 "PUT /v2.0/floatingips/a943f49d-e363-4197-87af-f63ddca0665e/tags HTTP/1.1" status: 200 len: 218 time: 0.0450804
2026-07-02 01:49:48.928 10 INFO neutron.wsgi [None req-39e6981d-f7da-44ee-916c-7cfea3876c12 c2c38ac6e9654731af2d4a45e2535a0c e8aaf5384bb34636ab54958368e8773f - - default default] 10.0.0.146 "PUT /v2.0/floatingips/13b84d1e-b392-4e59-87d1-5b4043b70674/tags HTTP/1.1" status: 200 len: 227 time: 0.0639122
2026-07-02 01:49:48.993 9 INFO neutron.wsgi [None req-8ef45303-1d8e-4ba8-82cd-4b2354d335d3 c2c38ac6e9654731af2d4a45e2535a0c e8aaf5384bb34636ab54958368e8773f - - default default] 10.0.0.146 "PUT /v2.0/floatingips/e7f0888c-8cfc-4358-af03-54948cab406f/tags HTTP/1.1" status: 200 len: 212 time: 0.0568011
2026-07-02 01:49:49.056 9 INFO neutron.wsgi [None req-c2bf26d3-6769-4ddb-87b4-bcf12574c4b5 c2c38ac6e9654731af2d4a45e2535a0c e8aaf5384bb34636ab54958368e8773f - - default default] 10.0.0.146 "GET /v2.0/floatingips?tags=red HTTP/1.1" status: 200 len: 1866 time: 0.0552661
2026-07-02 01:49:49.103 10 INFO neutron.wsgi [None req-42a88cd2-1490-4856-a1e0-6c6a7f8b734e c2c38ac6e9654731af2d4a45e2535a0c e8aaf5384bb34636ab54958368e8773f - - default default] 10.0.0.146 "GET /v2.0/floatingips?tags=red%2Cblue HTTP/1.1" status: 200 len: 1323 time: 0.0417705
2026-07-02 01:49:49.104 10 INFO neutron.db.ovn_revision_numbers_db [None req-cb6e4295-2be8-4842-95ec-7f0ac76a87b3 72746e617bad4adb8bb388747571af10 763d4f013bbe4daaa3651393054318ab - - default default] Successfully bumped revision number for resource 5e53723a-a17f-4172-a41f-3e5f28a2a600 (type: routers) to 3
2026-07-02 01:49:49.107 10 INFO neutron.wsgi [None req-cb6e4295-2be8-4842-95ec-7f0ac76a87b3 72746e617bad4adb8bb388747571af10 763d4f013bbe4daaa3651393054318ab - - default default] 10.0.0.146 "PUT /v2.0/routers/5e53723a-a17f-4172-a41f-3e5f28a2a600 HTTP/1.1" status: 200 len: 880 time: 0.6263998
2026-07-02 01:49:49.144 10 INFO neutron.wsgi [None req-c976642b-07b3-4941-a64a-6291ff3cd2ef c2c38ac6e9654731af2d4a45e2535a0c e8aaf5384bb34636ab54958368e8773f - - default default] 10.0.0.146 "GET /v2.0/floatingips?tags-any=blue HTTP/1.1" status: 200 len: 1323 time: 0.0338218
2026-07-02 01:49:49.178 10 INFO neutron.wsgi [None req-faebf83b-0ef5-4032-a360-e06cc67d86ae c2c38ac6e9654731af2d4a45e2535a0c e8aaf5384bb34636ab54958368e8773f - - default default] 10.0.0.146 "GET /v2.0/floatingips?tags-any=red%2Cblue HTTP/1.1" status: 200 len: 1866 time: 0.0285714
2026-07-02 01:49:49.182 9 INFO neutron.wsgi [None req-c34a5f43-8671-4dee-8c02-4b4273616ee1 72746e617bad4adb8bb388747571af10 763d4f013bbe4daaa3651393054318ab - - default default] 10.0.0.146 "GET /v2.0/routers/5e53723a-a17f-4172-a41f-3e5f28a2a600 HTTP/1.1" status: 200 len: 880 time: 0.0681024
2026-07-02 01:49:49.205 9 INFO neutron.wsgi [None req-1b3ce9d3-e900-4e97-977b-070b670da376 72746e617bad4adb8bb388747571af10 763d4f013bbe4daaa3651393054318ab - - default default] 10.0.0.146 "GET /v2.0/ports?device_id=5e53723a-a17f-4172-a41f-3e5f28a2a600 HTTP/1.1" status: 200 len: 205 time: 0.0183516
2026-07-02 01:49:49.216 10 INFO neutron.wsgi [None req-9fc0afdc-fb17-4123-8c13-488ac51fc627 c2c38ac6e9654731af2d4a45e2535a0c e8aaf5384bb34636ab54958368e8773f - - default default] 10.0.0.146 "GET /v2.0/floatingips?not-tags=red HTTP/1.1" status: 200 len: 1295 time: 0.0333028
2026-07-02 01:49:49.262 10 INFO neutron.wsgi [None req-3cc8078f-ffb5-4c96-930c-e19db3673eb7 c2c38ac6e9654731af2d4a45e2535a0c e8aaf5384bb34636ab54958368e8773f - - default default] 10.0.0.146 "GET /v2.0/floatingips?not-tags=red%2Cblue HTTP/1.1" status: 200 len: 1838 time: 0.0421631
2026-07-02 01:49:49.306 10 INFO neutron.wsgi [None req-30485f82-c623-40ff-90eb-c27849043d8c c2c38ac6e9654731af2d4a45e2535a0c e8aaf5384bb34636ab54958368e8773f - - default default] 10.0.0.146 "GET /v2.0/floatingips?not-tags-any=blue HTTP/1.1" status: 200 len: 1838 time: 0.0392072
2026-07-02 01:49:49.536 10 INFO neutron.wsgi [None req-84ff1c91-5549-4e99-b66e-9f971a6b8f9b c2c38ac6e9654731af2d4a45e2535a0c e8aaf5384bb34636ab54958368e8773f - - default default] 10.0.0.146 "GET /v2.0/floatingips?not-tags-any=red%2Cblue HTTP/1.1" status: 200 len: 1295 time: 0.2246516
2026-07-02 01:49:49.856 9 WARNING neutron.plugins.ml2.drivers.ovn.mech_driver.ovsdb.ovn_client [None req-d554d10b-8a31-4b0b-82e7-ecb96d22c563 - - - - - -] No port found with ID 3b18016c-f4c8-4182-bf29-8f784411d906: RuntimeError: No port found with ID 3b18016c-f4c8-4182-bf29-8f784411d906
2026-07-02 01:49:49.857 9 INFO neutron.plugins.ml2.drivers.ovn.mech_driver.mech_driver [None req-d554d10b-8a31-4b0b-82e7-ecb96d22c563 - - - - - -] OVN reports status down for port: e0a85453-af7a-4b73-b039-aa82f53e0eb7
2026-07-02 01:49:49.866 9 INFO neutron.plugins.ml2.drivers.ovn.mech_driver.mech_driver [None req-d554d10b-8a31-4b0b-82e7-ecb96d22c563 - - - - - -] OVN reports status up for port: db868128-9340-482c-b2bc-b080f91e8705
2026-07-02 01:49:49.887 10 INFO neutron.wsgi [None req-314ad34c-1525-4b0f-902b-17a61ec87b4e c2c38ac6e9654731af2d4a45e2535a0c e8aaf5384bb34636ab54958368e8773f - - default default] 10.0.0.146 "DELETE /v2.0/floatingips/2de6c076-3b4f-4af3-a626-19fc92ae8e14 HTTP/1.1" status: 204 len: 168 time: 0.3391218
2026-07-02 01:49:50.086 9 INFO neutron.wsgi [None req-6077027d-7635-4440-b3b8-086283363c05 72746e617bad4adb8bb388747571af10 763d4f013bbe4daaa3651393054318ab - - default default] 10.0.0.146 "DELETE /v2.0/routers/5e53723a-a17f-4172-a41f-3e5f28a2a600 HTTP/1.1" status: 204 len: 168 time: 0.8753686
2026-07-02 01:49:50.129 10 INFO neutron.wsgi [None req-677842dd-7a52-443d-88b1-b85cd597670e 72746e617bad4adb8bb388747571af10 763d4f013bbe4daaa3651393054318ab - - default default] 10.0.0.146 "GET /v2.0/ports?device_id=5e53723a-a17f-4172-a41f-3e5f28a2a600 HTTP/1.1" status: 200 len: 205 time: 0.0339851
2026-07-02 01:49:50.156 9 INFO neutron.api.v2.resource [None req-5f1d5c8c-a95b-4e97-8a6c-f28e63556a77 72746e617bad4adb8bb388747571af10 763d4f013bbe4daaa3651393054318ab - - default default] delete failed (client error): The resource could not be found.
2026-07-02 01:49:50.157 9 INFO neutron.wsgi [None req-5f1d5c8c-a95b-4e97-8a6c-f28e63556a77 72746e617bad4adb8bb388747571af10 763d4f013bbe4daaa3651393054318ab - - default default] 10.0.0.146 "DELETE /v2.0/routers/5e53723a-a17f-4172-a41f-3e5f28a2a600 HTTP/1.1" status: 404 len: 336 time: 0.0211842
2026-07-02 01:49:50.178 9 INFO neutron.db.ovn_revision_numbers_db [None req-b84abf68-2d86-4d54-b7b9-5a37eb7585b2 c7375252b8d54b0bb1470db8b13b2cfa 7194a6d03f93444ca3f0d899a1ecfc97 - - default default] Successfully bumped revision number for resource 9d89e16d-19ff-4339-bcbf-17329c44a6df (type: security_groups) to 1
2026-07-02 01:49:50.187 10 INFO neutron.wsgi [None req-8aa01af3-ff68-416d-9ad7-ba186a398fd3 72746e617bad4adb8bb388747571af10 763d4f013bbe4daaa3651393054318ab - - default default] 10.0.0.146 "GET /v2.0/ports?device_id=c243af12-7de0-4c13-b2dd-832a725d79bf HTTP/1.1" status: 200 len: 205 time: 0.0241787
2026-07-02 01:49:50.197 9 INFO neutron.db.ovn_revision_numbers_db [None req-b84abf68-2d86-4d54-b7b9-5a37eb7585b2 c7375252b8d54b0bb1470db8b13b2cfa 7194a6d03f93444ca3f0d899a1ecfc97 - - default default] Successfully bumped revision number for resource 09993cca-19c3-41e6-a5ed-801240087eb6 (type: security_group_rules) to 0
2026-07-02 01:49:50.212 9 INFO neutron.api.v2.resource [None req-71a1a15b-6144-45ef-b380-41a17775333d 72746e617bad4adb8bb388747571af10 763d4f013bbe4daaa3651393054318ab - - default default] delete failed (client error): The resource could not be found.
2026-07-02 01:49:50.213 9 INFO neutron.wsgi [None req-71a1a15b-6144-45ef-b380-41a17775333d 72746e617bad4adb8bb388747571af10 763d4f013bbe4daaa3651393054318ab - - default default] 10.0.0.146 "DELETE /v2.0/routers/c243af12-7de0-4c13-b2dd-832a725d79bf HTTP/1.1" status: 404 len: 336 time: 0.0212893
2026-07-02 01:49:50.236 9 INFO neutron.pecan_wsgi.hooks.translation [None req-aa2c62eb-5ee6-4152-b9a2-7082b0d3b464 72746e617bad4adb8bb388747571af10 763d4f013bbe4daaa3651393054318ab - - default default] DELETE failed (client error): The resource could not be found.
2026-07-02 01:49:50.239 9 INFO neutron.wsgi [None req-aa2c62eb-5ee6-4152-b9a2-7082b0d3b464 72746e617bad4adb8bb388747571af10 763d4f013bbe4daaa3651393054318ab - - default default] 10.0.0.146 "DELETE /v2.0/subnets/f2a717d9-2c9d-479c-ae33-6d000420d954 HTTP/1.1" status: 404 len: 337 time: 0.0220189
2026-07-02 01:49:50.249 9 INFO neutron.db.ovn_revision_numbers_db [None req-b84abf68-2d86-4d54-b7b9-5a37eb7585b2 c7375252b8d54b0bb1470db8b13b2cfa 7194a6d03f93444ca3f0d899a1ecfc97 - - default default] Successfully bumped revision number for resource 31ce814d-2ff7-40ea-9671-71a379a3ea33 (type: security_group_rules) to 0
2026-07-02 01:49:50.261 9 INFO neutron.wsgi [None req-305dca04-0bd7-4fd4-b8df-91d6a843f1b4 72746e617bad4adb8bb388747571af10 763d4f013bbe4daaa3651393054318ab - - default default] 10.0.0.146 "GET /v2.0/ports?device_id=09c888e9-0631-46b0-a629-7c3f1caa4452 HTTP/1.1" status: 200 len: 205 time: 0.0191453
2026-07-02 01:49:50.273 9 INFO neutron.db.ovn_revision_numbers_db [None req-b84abf68-2d86-4d54-b7b9-5a37eb7585b2 c7375252b8d54b0bb1470db8b13b2cfa 7194a6d03f93444ca3f0d899a1ecfc97 - - default default] Successfully bumped revision number for resource 74923546-a6e9-4ddc-b35a-c077467b680e (type: security_group_rules) to 0
2026-07-02 01:49:50.291 9 INFO neutron.db.ovn_revision_numbers_db [None req-b84abf68-2d86-4d54-b7b9-5a37eb7585b2 c7375252b8d54b0bb1470db8b13b2cfa 7194a6d03f93444ca3f0d899a1ecfc97 - - default default] Successfully bumped revision number for resource d6d96656-5430-42fd-912b-d41ca1ceb5df (type: security_group_rules) to 0
2026-07-02 01:49:50.294 10 INFO neutron.api.v2.resource [None req-53f60461-7c54-4b06-86a2-2a8801d4e42b 72746e617bad4adb8bb388747571af10 763d4f013bbe4daaa3651393054318ab - - default default] delete failed (client error): The resource could not be found.
2026-07-02 01:49:50.296 10 INFO neutron.wsgi [None req-53f60461-7c54-4b06-86a2-2a8801d4e42b 72746e617bad4adb8bb388747571af10 763d4f013bbe4daaa3651393054318ab - - default default] 10.0.0.146 "DELETE /v2.0/routers/09c888e9-0631-46b0-a629-7c3f1caa4452 HTTP/1.1" status: 404 len: 336 time: 0.0299022
2026-07-02 01:49:50.319 10 INFO neutron.pecan_wsgi.hooks.translation [None req-54e7db8f-7ec1-4e12-89c9-bba1d3eea818 72746e617bad4adb8bb388747571af10 763d4f013bbe4daaa3651393054318ab - - default default] DELETE failed (client error): The resource could not be found.
2026-07-02 01:49:50.322 10 INFO neutron.wsgi [None req-54e7db8f-7ec1-4e12-89c9-bba1d3eea818 72746e617bad4adb8bb388747571af10 763d4f013bbe4daaa3651393054318ab - - default default] 10.0.0.146 "DELETE /v2.0/subnets/1f3325ad-c5a4-470a-aad4-505d65050b9f HTTP/1.1" status: 404 len: 337 time: 0.0216928
2026-07-02 01:49:50.345 10 INFO neutron.wsgi [None req-06983416-9da5-4114-9da7-b29f4477ccae 72746e617bad4adb8bb388747571af10 763d4f013bbe4daaa3651393054318ab - - default default] 10.0.0.146 "GET /v2.0/ports?device_id=f9653d8a-924e-4b62-839d-2a0bed9f3714 HTTP/1.1" status: 200 len: 205 time: 0.0178347
2026-07-02 01:49:50.359 10 INFO neutron.wsgi [None req-c07d8bf6-a787-4d5b-ae78-36c8b4c19eb5 c2c38ac6e9654731af2d4a45e2535a0c e8aaf5384bb34636ab54958368e8773f - - default default] 10.0.0.146 "DELETE /v2.0/floatingips/a943f49d-e363-4197-87af-f63ddca0665e HTTP/1.1" status: 204 len: 168 time: 0.4688058
2026-07-02 01:49:50.376 9 INFO neutron.api.v2.resource [None req-0271af91-db92-4a62-a336-a9d33f938399 72746e617bad4adb8bb388747571af10 763d4f013bbe4daaa3651393054318ab - - default default] delete failed (client error): The resource could not be found.
2026-07-02 01:49:50.377 9 INFO neutron.wsgi [None req-0271af91-db92-4a62-a336-a9d33f938399 72746e617bad4adb8bb388747571af10 763d4f013bbe4daaa3651393054318ab - - default default] 10.0.0.146 "DELETE /v2.0/routers/f9653d8a-924e-4b62-839d-2a0bed9f3714 HTTP/1.1" status: 404 len: 336 time: 0.0263004
2026-07-02 01:49:50.401 9 INFO neutron.pecan_wsgi.hooks.translation [None req-e8894815-bc7e-46dc-8b15-dfc0e9df8c6c 72746e617bad4adb8bb388747571af10 763d4f013bbe4daaa3651393054318ab - - default default] DELETE failed (client error): The resource could not be found.
2026-07-02 01:49:50.403 9 INFO neutron.wsgi [None req-e8894815-bc7e-46dc-8b15-dfc0e9df8c6c 72746e617bad4adb8bb388747571af10 763d4f013bbe4daaa3651393054318ab - - default default] 10.0.0.146 "DELETE /v2.0/subnets/2ae55f69-43d0-40be-9547-a67e93d4338d HTTP/1.1" status: 404 len: 337 time: 0.0195351
2026-07-02 01:49:50.420 9 INFO neutron.db.ovn_revision_numbers_db [None req-b84abf68-2d86-4d54-b7b9-5a37eb7585b2 c7375252b8d54b0bb1470db8b13b2cfa 7194a6d03f93444ca3f0d899a1ecfc97 - - default default] Successfully bumped revision number for resource d2f8edcc-031e-482a-8d7d-ddd9f6cb633c (type: security_groups) to 1
2026-07-02 01:49:50.429 9 INFO neutron.pecan_wsgi.hooks.translation [None req-905a91ae-24d3-4563-a46d-f15184cb395f 72746e617bad4adb8bb388747571af10 763d4f013bbe4daaa3651393054318ab - - default default] DELETE failed (client error): The resource could not be found.
2026-07-02 01:49:50.432 9 INFO neutron.wsgi [None req-905a91ae-24d3-4563-a46d-f15184cb395f 72746e617bad4adb8bb388747571af10 763d4f013bbe4daaa3651393054318ab - - default default] 10.0.0.146 "DELETE /v2.0/subnets/72208c4c-0001-4c33-bd2c-f2d89ebd2fbd HTTP/1.1" status: 404 len: 337 time: 0.0204141
2026-07-02 01:49:50.455 9 INFO neutron.db.ovn_revision_numbers_db [None req-b84abf68-2d86-4d54-b7b9-5a37eb7585b2 c7375252b8d54b0bb1470db8b13b2cfa 7194a6d03f93444ca3f0d899a1ecfc97 - - default default] Successfully bumped revision number for resource 08cc0e9d-5285-4297-a91f-0c0160142b59 (type: security_group_rules) to 0
