Feb 17 20:42:58.895500 np0000156172 devstack@neutron-api.service[103248]: DEBUG neutron.plugins.ml2.drivers.ovn.mech_driver.ovsdb.maintenance [-] Touching Hash Ring node "3309d27d57e95829900ce66849bbd3c5" from periodic health check thread {{(pid=103248) touch_hash_ring_node /opt/stack/neutron/neutron/plugins/ml2/drivers/ovn/mech_driver/ovsdb/maintenance.py:1135}}
Feb 17 20:42:58.996379 np0000156172 devstack@neutron-api.service[103249]: DEBUG futurist.periodics [-] Submitting periodic callback 'neutron.plugins.ml2.drivers.ovn.mech_driver.ovsdb.maintenance.HashRingHealthCheckPeriodics.touch_hash_ring_node' {{(pid=103249) _process_scheduled /opt/stack/data/venv/lib/python3.12/site-packages/futurist/periodics.py:638}}
Feb 17 20:42:58.997827 np0000156172 devstack@neutron-api.service[103249]: DEBUG neutron.plugins.ml2.drivers.ovn.mech_driver.ovsdb.maintenance [-] Touching Hash Ring node "75a1967e3b6b51a1920b94a550cc57ba" from periodic health check thread {{(pid=103249) touch_hash_ring_node /opt/stack/neutron/neutron/plugins/ml2/drivers/ovn/mech_driver/ovsdb/maintenance.py:1135}}
Feb 17 20:43:08.217907 np0000156172 devstack@neutron-api.service[103247]: DEBUG dbcounter [-] [103247] Writing DB stats neutron:UPDATE=1,neutron:SELECT=1 {{(pid=103247) stat_writer /opt/stack/data/venv/lib/python3.12/site-packages/dbcounter.py:115}}
Feb 17 20:43:08.892549 np0000156172 devstack@neutron-api.service[103250]: DEBUG dbcounter [-] [103250] Writing DB stats neutron:UPDATE=1,neutron:SELECT=1 {{(pid=103250) stat_writer /opt/stack/data/venv/lib/python3.12/site-packages/dbcounter.py:115}}
Feb 17 20:43:08.902732 np0000156172 devstack@neutron-api.service[103248]: DEBUG dbcounter [-] [103248] Writing DB stats neutron:UPDATE=1,neutron:SELECT=1 {{(pid=103248) stat_writer /opt/stack/data/venv/lib/python3.12/site-packages/dbcounter.py:115}}
Feb 17 20:43:09.008579 np0000156172 devstack@neutron-api.service[103249]: DEBUG dbcounter [-] [103249] Writing DB stats neutron:UPDATE=1,neutron:SELECT=1 {{(pid=103249) stat_writer /opt/stack/data/venv/lib/python3.12/site-packages/dbcounter.py:115}}
Feb 17 20:43:13.204843 np0000156172 devstack@neutron-api.service[103247]: DEBUG futurist.periodics [-] Submitting periodic callback 'neutron.plugins.ml2.drivers.ovn.mech_driver.ovsdb.maintenance.HashRingHealthCheckPeriodics.touch_hash_ring_node' {{(pid=103247) _process_scheduled /opt/stack/data/venv/lib/python3.12/site-packages/futurist/periodics.py:638}}
Feb 17 20:43:13.206193 np0000156172 devstack@neutron-api.service[103247]: DEBUG neutron.plugins.ml2.drivers.ovn.mech_driver.ovsdb.maintenance [-] Touching Hash Ring node "60405f1d9880523db2df0b9b72792b78" from periodic health check thread {{(pid=103247) touch_hash_ring_node /opt/stack/neutron/neutron/plugins/ml2/drivers/ovn/mech_driver/ovsdb/maintenance.py:1135}}
Feb 17 20:43:13.882324 np0000156172 devstack@neutron-api.service[103250]: DEBUG futurist.periodics [-] Submitting periodic callback 'neutron.plugins.ml2.drivers.ovn.mech_driver.ovsdb.maintenance.HashRingHealthCheckPeriodics.touch_hash_ring_node' {{(pid=103250) _process_scheduled /opt/stack/data/venv/lib/python3.12/site-packages/futurist/periodics.py:638}}
Feb 17 20:43:13.883479 np0000156172 devstack@neutron-api.service[103250]: DEBUG neutron.plugins.ml2.drivers.ovn.mech_driver.ovsdb.maintenance [-] Touching Hash Ring node "d1ff929aae755626a8ab32e8105306f5" from periodic health check thread {{(pid=103250) touch_hash_ring_node /opt/stack/neutron/neutron/plugins/ml2/drivers/ovn/mech_driver/ovsdb/maintenance.py:1135}}
Feb 17 20:43:13.895862 np0000156172 devstack@neutron-api.service[103248]: DEBUG futurist.periodics [-] Submitting periodic callback 'neutron.plugins.ml2.drivers.ovn.mech_driver.ovsdb.maintenance.HashRingHealthCheckPeriodics.touch_hash_ring_node' {{(pid=103248) _process_scheduled /opt/stack/data/venv/lib/python3.12/site-packages/futurist/periodics.py:638}}
Feb 17 20:43:13.897263 np0000156172 devstack@neutron-api.service[103248]: DEBUG neutron.plugins.ml2.drivers.ovn.mech_driver.ovsdb.maintenance [-] Touching Hash Ring node "3309d27d57e95829900ce66849bbd3c5" from periodic health check thread {{(pid=103248) touch_hash_ring_node /opt/stack/neutron/neutron/plugins/ml2/drivers/ovn/mech_driver/ovsdb/maintenance.py:1135}}
Feb 17 20:43:13.997982 np0000156172 devstack@neutron-api.service[103249]: DEBUG futurist.periodics [-] Submitting periodic callback 'neutron.plugins.ml2.drivers.ovn.mech_driver.ovsdb.maintenance.HashRingHealthCheckPeriodics.touch_hash_ring_node' {{(pid=103249) _process_scheduled /opt/stack/data/venv/lib/python3.12/site-packages/futurist/periodics.py:638}}
Feb 17 20:43:13.999434 np0000156172 devstack@neutron-api.service[103249]: DEBUG neutron.plugins.ml2.drivers.ovn.mech_driver.ovsdb.maintenance [-] Touching Hash Ring node "75a1967e3b6b51a1920b94a550cc57ba" from periodic health check thread {{(pid=103249) touch_hash_ring_node /opt/stack/neutron/neutron/plugins/ml2/drivers/ovn/mech_driver/ovsdb/maintenance.py:1135}}
Feb 17 20:43:23.218314 np0000156172 devstack@neutron-api.service[103247]: DEBUG dbcounter [-] [103247] Writing DB stats neutron:UPDATE=1,neutron:SELECT=1 {{(pid=103247) stat_writer /opt/stack/data/venv/lib/python3.12/site-packages/dbcounter.py:115}}
Feb 17 20:43:23.907709 np0000156172 devstack@neutron-api.service[103250]: DEBUG dbcounter [-] [103250] Writing DB stats neutron:UPDATE=1,neutron:SELECT=1 {{(pid=103250) stat_writer /opt/stack/data/venv/lib/python3.12/site-packages/dbcounter.py:115}}
Feb 17 20:43:23.927269 np0000156172 devstack@neutron-api.service[103248]: DEBUG dbcounter [-] [103248] Writing DB stats neutron:UPDATE=1,neutron:SELECT=1 {{(pid=103248) stat_writer /opt/stack/data/venv/lib/python3.12/site-packages/dbcounter.py:115}}
Feb 17 20:43:24.014826 np0000156172 devstack@neutron-api.service[103249]: DEBUG dbcounter [-] [103249] Writing DB stats neutron:UPDATE=1,neutron:SELECT=1 {{(pid=103249) stat_writer /opt/stack/data/venv/lib/python3.12/site-packages/dbcounter.py:115}}
Feb 17 20:43:28.206224 np0000156172 devstack@neutron-api.service[103247]: DEBUG futurist.periodics [-] Submitting periodic callback 'neutron.plugins.ml2.drivers.ovn.mech_driver.ovsdb.maintenance.HashRingHealthCheckPeriodics.touch_hash_ring_node' {{(pid=103247) _process_scheduled /opt/stack/data/venv/lib/python3.12/site-packages/futurist/periodics.py:638}}
Feb 17 20:43:28.207299 np0000156172 devstack@neutron-api.service[103247]: DEBUG neutron.plugins.ml2.drivers.ovn.mech_driver.ovsdb.maintenance [-] Touching Hash Ring node "60405f1d9880523db2df0b9b72792b78" from periodic health check thread {{(pid=103247) touch_hash_ring_node /opt/stack/neutron/neutron/plugins/ml2/drivers/ovn/mech_driver/ovsdb/maintenance.py:1135}}
Feb 17 20:43:28.883837 np0000156172 devstack@neutron-api.service[103250]: DEBUG futurist.periodics [-] Submitting periodic callback 'neutron.plugins.ml2.drivers.ovn.mech_driver.ovsdb.maintenance.HashRingHealthCheckPeriodics.touch_hash_ring_node' {{(pid=103250) _process_scheduled /opt/stack/data/venv/lib/python3.12/site-packages/futurist/periodics.py:638}}
Feb 17 20:43:28.885946 np0000156172 devstack@neutron-api.service[103250]: DEBUG neutron.plugins.ml2.drivers.ovn.mech_driver.ovsdb.maintenance [-] Touching Hash Ring node "d1ff929aae755626a8ab32e8105306f5" from periodic health check thread {{(pid=103250) touch_hash_ring_node /opt/stack/neutron/neutron/plugins/ml2/drivers/ovn/mech_driver/ovsdb/maintenance.py:1135}}
Feb 17 20:43:28.897393 np0000156172 devstack@neutron-api.service[103248]: DEBUG futurist.periodics [-] Submitting periodic callback 'neutron.plugins.ml2.drivers.ovn.mech_driver.ovsdb.maintenance.HashRingHealthCheckPeriodics.touch_hash_ring_node' {{(pid=103248) _process_scheduled /opt/stack/data/venv/lib/python3.12/site-packages/futurist/periodics.py:638}}
Feb 17 20:43:28.898518 np0000156172 devstack@neutron-api.service[103248]: DEBUG neutron.plugins.ml2.drivers.ovn.mech_driver.ovsdb.maintenance [-] Touching Hash Ring node "3309d27d57e95829900ce66849bbd3c5" from periodic health check thread {{(pid=103248) touch_hash_ring_node /opt/stack/neutron/neutron/plugins/ml2/drivers/ovn/mech_driver/ovsdb/maintenance.py:1135}}
Feb 17 20:43:28.999248 np0000156172 devstack@neutron-api.service[103249]: DEBUG futurist.periodics [-] Submitting periodic callback 'neutron.plugins.ml2.drivers.ovn.mech_driver.ovsdb.maintenance.HashRingHealthCheckPeriodics.touch_hash_ring_node' {{(pid=103249) _process_scheduled /opt/stack/data/venv/lib/python3.12/site-packages/futurist/periodics.py:638}}
Feb 17 20:43:29.000773 np0000156172 devstack@neutron-api.service[103249]: DEBUG neutron.plugins.ml2.drivers.ovn.mech_driver.ovsdb.maintenance [-] Touching Hash Ring node "75a1967e3b6b51a1920b94a550cc57ba" from periodic health check thread {{(pid=103249) touch_hash_ring_node /opt/stack/neutron/neutron/plugins/ml2/drivers/ovn/mech_driver/ovsdb/maintenance.py:1135}}
Feb 17 20:43:38.219410 np0000156172 devstack@neutron-api.service[103247]: DEBUG dbcounter [-] [103247] Writing DB stats neutron:UPDATE=1,neutron:SELECT=1 {{(pid=103247) stat_writer /opt/stack/data/venv/lib/python3.12/site-packages/dbcounter.py:115}}
Feb 17 20:43:39.160332 np0000156172 devstack@neutron-api.service[103250]: DEBUG dbcounter [-] [103250] Writing DB stats neutron:UPDATE=1,neutron:SELECT=1 {{(pid=103250) stat_writer /opt/stack/data/venv/lib/python3.12/site-packages/dbcounter.py:115}}
Feb 17 20:43:39.162301 np0000156172 devstack@neutron-api.service[103248]: DEBUG dbcounter [-] [103248] Writing DB stats neutron:UPDATE=1,neutron:SELECT=1 {{(pid=103248) stat_writer /opt/stack/data/venv/lib/python3.12/site-packages/dbcounter.py:115}}
Feb 17 20:43:39.163746 np0000156172 devstack@neutron-api.service[103249]: DEBUG dbcounter [-] [103249] Writing DB stats neutron:UPDATE=1,neutron:SELECT=1 {{(pid=103249) stat_writer /opt/stack/data/venv/lib/python3.12/site-packages/dbcounter.py:115}}
Feb 17 20:43:43.207290 np0000156172 devstack@neutron-api.service[103247]: DEBUG futurist.periodics [-] Submitting periodic callback 'neutron.plugins.ml2.drivers.ovn.mech_driver.ovsdb.maintenance.HashRingHealthCheckPeriodics.touch_hash_ring_node' {{(pid=103247) _process_scheduled /opt/stack/data/venv/lib/python3.12/site-packages/futurist/periodics.py:638}}
Feb 17 20:43:43.208687 np0000156172 devstack@neutron-api.service[103247]: DEBUG neutron.plugins.ml2.drivers.ovn.mech_driver.ovsdb.maintenance [-] Touching Hash Ring node "60405f1d9880523db2df0b9b72792b78" from periodic health check thread {{(pid=103247) touch_hash_ring_node /opt/stack/neutron/neutron/plugins/ml2/drivers/ovn/mech_driver/ovsdb/maintenance.py:1135}}
Feb 17 20:43:43.886214 np0000156172 devstack@neutron-api.service[103250]: DEBUG futurist.periodics [-] Submitting periodic callback 'neutron.plugins.ml2.drivers.ovn.mech_driver.ovsdb.maintenance.HashRingHealthCheckPeriodics.touch_hash_ring_node' {{(pid=103250) _process_scheduled /opt/stack/data/venv/lib/python3.12/site-packages/futurist/periodics.py:638}}
Feb 17 20:43:43.887293 np0000156172 devstack@neutron-api.service[103250]: DEBUG neutron.plugins.ml2.drivers.ovn.mech_driver.ovsdb.maintenance [-] Touching Hash Ring node "d1ff929aae755626a8ab32e8105306f5" from periodic health check thread {{(pid=103250) touch_hash_ring_node /opt/stack/neutron/neutron/plugins/ml2/drivers/ovn/mech_driver/ovsdb/maintenance.py:1135}}
Feb 17 20:43:43.898580 np0000156172 devstack@neutron-api.service[103248]: DEBUG futurist.periodics [-] Submitting periodic callback 'neutron.plugins.ml2.drivers.ovn.mech_driver.ovsdb.maintenance.HashRingHealthCheckPeriodics.touch_hash_ring_node' {{(pid=103248) _process_scheduled /opt/stack/data/venv/lib/python3.12/site-packages/futurist/periodics.py:638}}
Feb 17 20:43:43.899883 np0000156172 devstack@neutron-api.service[103248]: DEBUG neutron.plugins.ml2.drivers.ovn.mech_driver.ovsdb.maintenance [-] Touching Hash Ring node "3309d27d57e95829900ce66849bbd3c5" from periodic health check thread {{(pid=103248) touch_hash_ring_node /opt/stack/neutron/neutron/plugins/ml2/drivers/ovn/mech_driver/ovsdb/maintenance.py:1135}}
Feb 17 20:43:44.000791 np0000156172 devstack@neutron-api.service[103249]: DEBUG futurist.periodics [-] Submitting periodic callback 'neutron.plugins.ml2.drivers.ovn.mech_driver.ovsdb.maintenance.HashRingHealthCheckPeriodics.touch_hash_ring_node' {{(pid=103249) _process_scheduled /opt/stack/data/venv/lib/python3.12/site-packages/futurist/periodics.py:638}}
Feb 17 20:43:44.001623 np0000156172 devstack@neutron-api.service[103249]: DEBUG neutron.plugins.ml2.drivers.ovn.mech_driver.ovsdb.maintenance [-] Touching Hash Ring node "75a1967e3b6b51a1920b94a550cc57ba" from periodic health check thread {{(pid=103249) touch_hash_ring_node /opt/stack/neutron/neutron/plugins/ml2/drivers/ovn/mech_driver/ovsdb/maintenance.py:1135}}
Feb 17 20:43:53.220285 np0000156172 devstack@neutron-api.service[103247]: DEBUG dbcounter [-] [103247] Writing DB stats neutron:UPDATE=1,neutron:SELECT=1 {{(pid=103247) stat_writer /opt/stack/data/venv/lib/python3.12/site-packages/dbcounter.py:115}}
Feb 17 20:43:53.898266 np0000156172 devstack@neutron-api.service[103250]: DEBUG dbcounter [-] [103250] Writing DB stats neutron:UPDATE=1,neutron:SELECT=1 {{(pid=103250) stat_writer /opt/stack/data/venv/lib/python3.12/site-packages/dbcounter.py:115}}
Feb 17 20:43:53.910524 np0000156172 devstack@neutron-api.service[103248]: DEBUG dbcounter [-] [103248] Writing DB stats neutron:UPDATE=1,neutron:SELECT=1 {{(pid=103248) stat_writer /opt/stack/data/venv/lib/python3.12/site-packages/dbcounter.py:115}}
Feb 17 20:43:54.011115 np0000156172 devstack@neutron-api.service[103249]: DEBUG dbcounter [-] [103249] Writing DB stats neutron:UPDATE=1,neutron:SELECT=1 {{(pid=103249) stat_writer /opt/stack/data/venv/lib/python3.12/site-packages/dbcounter.py:115}}
Feb 17 20:43:58.208793 np0000156172 devstack@neutron-api.service[103247]: DEBUG futurist.periodics [-] Submitting periodic callback 'neutron.plugins.ml2.drivers.ovn.mech_driver.ovsdb.maintenance.HashRingHealthCheckPeriodics.touch_hash_ring_node' {{(pid=103247) _process_scheduled /opt/stack/data/venv/lib/python3.12/site-packages/futurist/periodics.py:638}}
Feb 17 20:43:58.211813 np0000156172 devstack@neutron-api.service[103247]: DEBUG neutron.plugins.ml2.drivers.ovn.mech_driver.ovsdb.maintenance [-] Touching Hash Ring node "60405f1d9880523db2df0b9b72792b78" from periodic health check thread {{(pid=103247) touch_hash_ring_node /opt/stack/neutron/neutron/plugins/ml2/drivers/ovn/mech_driver/ovsdb/maintenance.py:1135}}
Feb 17 20:43:58.409577 np0000156172 devstack@neutron-api.service[103249]: INFO neutron.pecan_wsgi.hooks.translation [None req-4d2a893e-c9ec-4835-987a-bc05041b93a0 admin admin] GET failed (client error): The resource could not be found.
Feb 17 20:43:58.410297 np0000156172 devstack@neutron-api.service[103249]: [pid: 103249|app: 0|req: 23/91] 199.204.45.246 () {64 vars in 1333 bytes} [Tue Feb 17 20:43:58 2026] GET /networking/v2.0/networks/admin_net => generated 111 bytes in 99 msecs (HTTP/1.1 404) 4 headers in 164 bytes (1 switches on core 0)
Feb 17 20:43:58.438711 np0000156172 devstack@neutron-api.service[103250]: [pid: 103250|app: 0|req: 23/92] 199.204.45.246 () {64 vars in 1345 bytes} [Tue Feb 17 20:43:58 2026] GET /networking/v2.0/networks?name=admin_net => generated 15 bytes in 19 msecs (HTTP/1.1 200) 4 headers in 156 bytes (1 switches on core 0)
Feb 17 20:43:58.666828 np0000156172 devstack@neutron-api.service[103247]: DEBUG neutron.api.v2.base [None req-5a1437ed-cfa3-43fb-8b84-e2a0e541b2f8 admin admin] Request body: {'network': {'admin_state_up': True, 'project_id': 'ef1ff70116544bd9be19b0d8a80927dc', 'name': 'admin_net'}} {{(pid=103247) prepare_request_body /opt/stack/neutron/neutron/api/v2/base.py:729}}
Feb 17 20:43:58.684913 np0000156172 devstack@neutron-api.service[103247]: DEBUG neutron.pecan_wsgi.hooks.quota_enforcement [None req-5a1437ed-cfa3-43fb-8b84-e2a0e541b2f8 admin admin] Made reservation on behalf of ef1ff70116544bd9be19b0d8a80927dc for: {'network': 1} {{(pid=103247) before /opt/stack/neutron/neutron/pecan_wsgi/hooks/quota_enforcement.py:66}}
Feb 17 20:43:58.688853 np0000156172 devstack@neutron-api.service[103247]: DEBUG neutron_lib.callbacks.manager [None req-5a1437ed-cfa3-43fb-8b84-e2a0e541b2f8 admin admin] Publish callbacks ['neutron.plugins.ml2.plugin.SecurityGroupDbMixin._ensure_default_security_group_handler-108849'] for network (None), before_create {{(pid=103247) _notify_loop /opt/stack/data/venv/lib/python3.12/site-packages/neutron_lib/callbacks/manager.py:184}}
Feb 17 20:43:58.693514 np0000156172 devstack@neutron-api.service[103247]: DEBUG neutron_lib.callbacks.manager [None req-5a1437ed-cfa3-43fb-8b84-e2a0e541b2f8 admin admin] Publish callbacks [] for security_group (None), before_create {{(pid=103247) _notify_loop /opt/stack/data/venv/lib/python3.12/site-packages/neutron_lib/callbacks/manager.py:184}}
Feb 17 20:43:58.752944 np0000156172 devstack@neutron-api.service[103247]: DEBUG neutron_lib.callbacks.manager [None req-5a1437ed-cfa3-43fb-8b84-e2a0e541b2f8 admin admin] Publish callbacks ['neutron.plugins.ml2.drivers.ovn.mech_driver.mech_driver.OVNMechanismDriver._create_security_group_precommit-495960'] for security_group (9c936fb2-11f1-4e26-93d8-679d3b21d735), precommit_create {{(pid=103247) _notify_loop /opt/stack/data/venv/lib/python3.12/site-packages/neutron_lib/callbacks/manager.py:184}}
Feb 17 20:43:58.753189 np0000156172 devstack@neutron-api.service[103247]: DEBUG neutron.db.ovn_revision_numbers_db [None req-5a1437ed-cfa3-43fb-8b84-e2a0e541b2f8 admin admin] create_initial_revision uuid=9c936fb2-11f1-4e26-93d8-679d3b21d735, type=security_groups, rev=-1 {{(pid=103247) create_initial_revision /opt/stack/neutron/neutron/db/ovn_revision_numbers_db.py:98}}
Feb 17 20:43:58.754674 np0000156172 devstack@neutron-api.service[103247]: DEBUG neutron.db.ovn_revision_numbers_db [None req-5a1437ed-cfa3-43fb-8b84-e2a0e541b2f8 admin admin] create_initial_revision uuid=197be1d5-21b2-487b-a15e-592843e52146, type=security_group_rules, rev=-1 {{(pid=103247) create_initial_revision /opt/stack/neutron/neutron/db/ovn_revision_numbers_db.py:98}}
Feb 17 20:43:58.755685 np0000156172 devstack@neutron-api.service[103247]: DEBUG neutron.db.ovn_revision_numbers_db [None req-5a1437ed-cfa3-43fb-8b84-e2a0e541b2f8 admin admin] create_initial_revision uuid=5f7bfa6e-33b6-4ff2-b67f-6707b117634e, type=security_group_rules, rev=-1 {{(pid=103247) create_initial_revision /opt/stack/neutron/neutron/db/ovn_revision_numbers_db.py:98}}
Feb 17 20:43:58.756618 np0000156172 devstack@neutron-api.service[103247]: DEBUG neutron.db.ovn_revision_numbers_db [None req-5a1437ed-cfa3-43fb-8b84-e2a0e541b2f8 admin admin] create_initial_revision uuid=9554f918-b6b8-4956-8b9e-0b8b754befef, type=security_group_rules, rev=-1 {{(pid=103247) create_initial_revision /opt/stack/neutron/neutron/db/ovn_revision_numbers_db.py:98}}
Feb 17 20:43:58.757571 np0000156172 devstack@neutron-api.service[103247]: DEBUG neutron.db.ovn_revision_numbers_db [None req-5a1437ed-cfa3-43fb-8b84-e2a0e541b2f8 admin admin] create_initial_revision uuid=e082efd9-6b2c-4228-959e-0b8c1d9a9792, type=security_group_rules, rev=-1 {{(pid=103247) create_initial_revision /opt/stack/neutron/neutron/db/ovn_revision_numbers_db.py:98}}
Feb 17 20:43:58.768463 np0000156172 devstack@neutron-api.service[103247]: DEBUG neutron_lib.callbacks.manager [None req-5a1437ed-cfa3-43fb-8b84-e2a0e541b2f8 admin admin] Publish callbacks ['neutron.plugins.ml2.drivers.ovn.mech_driver.mech_driver.OVNMechanismDriver._create_security_group-495938', 'neutron.plugins.ml2.ovo_rpc._ObjectChangeHandler.handle_event-7449723'] for security_group (9c936fb2-11f1-4e26-93d8-679d3b21d735), after_create {{(pid=103247) _notify_loop /opt/stack/data/venv/lib/python3.12/site-packages/neutron_lib/callbacks/manager.py:184}}
Feb 17 20:43:58.769524 np0000156172 devstack@neutron-api.service[103247]: DEBUG ovsdbapp.backend.ovs_idl.transaction [None req-389dbd99-efe5-4a49-9646-6359f60aea81 None None] Running txn n=1 command(idx=0): PgAddCommand(_result=None, name=pg_9c936fb2_11f1_4e26_93d8_679d3b21d735, may_exist=False, columns={'acls': [], 'external_ids': {'neutron:security_group_id': '9c936fb2-11f1-4e26-93d8-679d3b21d735'}}) {{(pid=103247) do_commit /opt/stack/data/venv/lib/python3.12/site-packages/ovsdbapp/backend/ovs_idl/transaction.py:89}}
Feb 17 20:43:58.769996 np0000156172 devstack@neutron-api.service[103247]: DEBUG ovsdbapp.backend.ovs_idl.transaction [None req-389dbd99-efe5-4a49-9646-6359f60aea81 None None] Running txn n=1 command(idx=1): PgAclAddCommand(_result=None, entity=pg_9c936fb2_11f1_4e26_93d8_679d3b21d735, direction=from-lport, priority=1002, match=inport == @pg_9c936fb2_11f1_4e26_93d8_679d3b21d735 && ip6, action=allow-related, log=False, may_exist=True, severity=[], name=[], meter=[], external_ids={'neutron:security_group_rule_id': '197be1d5-21b2-487b-a15e-592843e52146'}) {{(pid=103247) do_commit /opt/stack/data/venv/lib/python3.12/site-packages/ovsdbapp/backend/ovs_idl/transaction.py:89}}
Feb 17 20:43:58.770487 np0000156172 devstack@neutron-api.service[103247]: DEBUG ovsdbapp.backend.ovs_idl.transaction [None req-389dbd99-efe5-4a49-9646-6359f60aea81 None None] Running txn n=1 command(idx=2): PgAclAddCommand(_result=None, entity=pg_9c936fb2_11f1_4e26_93d8_679d3b21d735, direction=from-lport, priority=1002, match=inport == @pg_9c936fb2_11f1_4e26_93d8_679d3b21d735 && ip4, action=allow-related, log=False, may_exist=True, severity=[], name=[], meter=[], external_ids={'neutron:security_group_rule_id': '5f7bfa6e-33b6-4ff2-b67f-6707b117634e'}) {{(pid=103247) do_commit /opt/stack/data/venv/lib/python3.12/site-packages/ovsdbapp/backend/ovs_idl/transaction.py:89}}
Feb 17 20:43:58.770900 np0000156172 devstack@neutron-api.service[103247]: DEBUG ovsdbapp.backend.ovs_idl.transaction [None req-389dbd99-efe5-4a49-9646-6359f60aea81 None None] Running txn n=1 command(idx=3): PgAclAddCommand(_result=None, entity=pg_9c936fb2_11f1_4e26_93d8_679d3b21d735, direction=to-lport, priority=1002, match=outport == @pg_9c936fb2_11f1_4e26_93d8_679d3b21d735 && ip6 && ip6.src == $pg_9c936fb2_11f1_4e26_93d8_679d3b21d735_ip6, action=allow-related, log=False, may_exist=True, severity=[], name=[], meter=[], external_ids={'neutron:security_group_rule_id': '9554f918-b6b8-4956-8b9e-0b8b754befef'}) {{(pid=103247) do_commit /opt/stack/data/venv/lib/python3.12/site-packages/ovsdbapp/backend/ovs_idl/transaction.py:89}}
Feb 17 20:43:58.771343 np0000156172 devstack@neutron-api.service[103247]: DEBUG ovsdbapp.backend.ovs_idl.transaction [None req-389dbd99-efe5-4a49-9646-6359f60aea81 None None] Running txn n=1 command(idx=4): PgAclAddCommand(_result=None, entity=pg_9c936fb2_11f1_4e26_93d8_679d3b21d735, direction=to-lport, priority=1002, match=outport == @pg_9c936fb2_11f1_4e26_93d8_679d3b21d735 && ip4 && ip4.src == $pg_9c936fb2_11f1_4e26_93d8_679d3b21d735_ip4, action=allow-related, log=False, may_exist=True, severity=[], name=[], meter=[], external_ids={'neutron:security_group_rule_id': 'e082efd9-6b2c-4228-959e-0b8c1d9a9792'}) {{(pid=103247) do_commit /opt/stack/data/venv/lib/python3.12/site-packages/ovsdbapp/backend/ovs_idl/transaction.py:89}}
Feb 17 20:43:58.783711 np0000156172 devstack@neutron-api.service[103248]: DEBUG neutron.common.ovn.hash_ring_manager [None req-1b119700-db14-4270-8b7b-2549d2532309 None None] Hash Ring loaded. 4 active nodes. 0 offline nodes {{(pid=103248) _load_hash_ring /opt/stack/neutron/neutron/common/ovn/hash_ring_manager.py:102}}
Feb 17 20:43:58.784450 np0000156172 devstack@neutron-api.service[103247]: DEBUG neutron.common.ovn.hash_ring_manager [None req-389dbd99-efe5-4a49-9646-6359f60aea81 None None] Hash Ring loaded. 4 active nodes. 0 offline nodes {{(pid=103247) _load_hash_ring /opt/stack/neutron/neutron/common/ovn/hash_ring_manager.py:102}}
Feb 17 20:43:58.784749 np0000156172 devstack@neutron-api.service[103247]: DEBUG neutron.plugins.ml2.drivers.ovn.mech_driver.ovsdb.ovsdb_monitor [None req-389dbd99-efe5-4a49-9646-6359f60aea81 None None] Hash Ring: Node 60405f1d9880523db2df0b9b72792b78 (host: np0000156172) handling event "create" for row 44767917-7f2d-4f64-944e-34d57637d7ab (table: ACL) {{(pid=103247) notify /opt/stack/neutron/neutron/plugins/ml2/drivers/ovn/mech_driver/ovsdb/ovsdb_monitor.py:920}}
Feb 17 20:43:58.784967 np0000156172 devstack@neutron-api.service[103247]: DEBUG neutron.plugins.ml2.drivers.ovn.mech_driver.ovsdb.ovsdb_monitor [None req-389dbd99-efe5-4a49-9646-6359f60aea81 None None] Hash Ring: Node 60405f1d9880523db2df0b9b72792b78 (host: np0000156172) handling event "create" for row 4d2ab2f0-d944-4148-8aeb-53b33202576d (table: ACL) {{(pid=103247) notify /opt/stack/neutron/neutron/plugins/ml2/drivers/ovn/mech_driver/ovsdb/ovsdb_monitor.py:920}}
Feb 17 20:43:58.785016 np0000156172 devstack@neutron-api.service[103249]: DEBUG neutron.common.ovn.hash_ring_manager [None req-ddc0e378-2a29-40ca-a57d-35fee665808a None None] Hash Ring loaded. 4 active nodes. 0 offline nodes {{(pid=103249) _load_hash_ring /opt/stack/neutron/neutron/common/ovn/hash_ring_manager.py:102}}
Feb 17 20:43:58.785343 np0000156172 devstack@neutron-api.service[103247]: DEBUG neutron.plugins.ml2.drivers.ovn.mech_driver.ovsdb.ovsdb_monitor [None req-389dbd99-efe5-4a49-9646-6359f60aea81 None None] Hash Ring: Node 60405f1d9880523db2df0b9b72792b78 (host: np0000156172) handling event "create" for row 5dc70cef-22a9-4b80-9a33-2301a5babe73 (table: ACL) {{(pid=103247) notify /opt/stack/neutron/neutron/plugins/ml2/drivers/ovn/mech_driver/ovsdb/ovsdb_monitor.py:920}}
Feb 17 20:43:58.785390 np0000156172 devstack@neutron-api.service[103249]: DEBUG neutron.plugins.ml2.drivers.ovn.mech_driver.ovsdb.ovsdb_monitor [None req-ddc0e378-2a29-40ca-a57d-35fee665808a None None] Hash Ring: Node 75a1967e3b6b51a1920b94a550cc57ba (host: np0000156172) handling event "create" for row d4b9c6fe-9797-43d9-b697-34240523400c (table: Port_Group) {{(pid=103249) notify /opt/stack/neutron/neutron/plugins/ml2/drivers/ovn/mech_driver/ovsdb/ovsdb_monitor.py:920}}
Feb 17 20:43:58.786259 np0000156172 devstack@neutron-api.service[103250]: DEBUG neutron.common.ovn.hash_ring_manager [None req-20c94deb-4452-48e9-8d5f-f1ab37b1cf27 None None] Hash Ring loaded. 4 active nodes. 0 offline nodes {{(pid=103250) _load_hash_ring /opt/stack/neutron/neutron/common/ovn/hash_ring_manager.py:102}}
Feb 17 20:43:58.786634 np0000156172 devstack@neutron-api.service[103250]: DEBUG neutron.plugins.ml2.drivers.ovn.mech_driver.ovsdb.ovsdb_monitor [None req-20c94deb-4452-48e9-8d5f-f1ab37b1cf27 None None] Hash Ring: Node d1ff929aae755626a8ab32e8105306f5 (host: np0000156172) handling event "create" for row c89391d0-37fc-46f7-95c4-10de682e61a2 (table: ACL) {{(pid=103250) notify /opt/stack/neutron/neutron/plugins/ml2/drivers/ovn/mech_driver/ovsdb/ovsdb_monitor.py:920}}
Feb 17 20:43:58.804549 np0000156172 devstack@neutron-api.service[103247]: INFO neutron.db.ovn_revision_numbers_db [None req-5a1437ed-cfa3-43fb-8b84-e2a0e541b2f8 admin admin] Successfully bumped revision number for resource 9c936fb2-11f1-4e26-93d8-679d3b21d735 (type: security_groups) to 1
Feb 17 20:43:58.818124 np0000156172 devstack@neutron-api.service[103247]: INFO neutron.db.ovn_revision_numbers_db [None req-5a1437ed-cfa3-43fb-8b84-e2a0e541b2f8 admin admin] Successfully bumped revision number for resource 197be1d5-21b2-487b-a15e-592843e52146 (type: security_group_rules) to 0
Feb 17 20:43:58.829872 np0000156172 devstack@neutron-api.service[103247]: INFO neutron.db.ovn_revision_numbers_db [None req-5a1437ed-cfa3-43fb-8b84-e2a0e541b2f8 admin admin] Successfully bumped revision number for resource 5f7bfa6e-33b6-4ff2-b67f-6707b117634e (type: security_group_rules) to 0
Feb 17 20:43:58.844486 np0000156172 devstack@neutron-api.service[103247]: INFO neutron.db.ovn_revision_numbers_db [None req-5a1437ed-cfa3-43fb-8b84-e2a0e541b2f8 admin admin] Successfully bumped revision number for resource 9554f918-b6b8-4956-8b9e-0b8b754befef (type: security_group_rules) to 0
Feb 17 20:43:58.859378 np0000156172 devstack@neutron-api.service[103247]: INFO neutron.db.ovn_revision_numbers_db [None req-5a1437ed-cfa3-43fb-8b84-e2a0e541b2f8 admin admin] Successfully bumped revision number for resource e082efd9-6b2c-4228-959e-0b8c1d9a9792 (type: security_group_rules) to 0
Feb 17 20:43:58.884284 np0000156172 devstack@neutron-api.service[103247]: DEBUG neutron.api.rpc.handlers.resources_rpc [None req-5a1437ed-cfa3-43fb-8b84-e2a0e541b2f8 admin admin] Pushing event updated for resources: {'SecurityGroup': ['ID=9c936fb2-11f1-4e26-93d8-679d3b21d735,revision_number=1']} {{(pid=103247) push /opt/stack/neutron/neutron/api/rpc/handlers/resources_rpc.py:237}}
Feb 17 20:43:58.887514 np0000156172 devstack@neutron-api.service[103250]: DEBUG futurist.periodics [-] Submitting periodic callback 'neutron.plugins.ml2.drivers.ovn.mech_driver.ovsdb.maintenance.HashRingHealthCheckPeriodics.touch_hash_ring_node' {{(pid=103250) _process_scheduled /opt/stack/data/venv/lib/python3.12/site-packages/futurist/periodics.py:638}}
Feb 17 20:43:58.888531 np0000156172 devstack@neutron-api.service[103250]: DEBUG neutron.plugins.ml2.drivers.ovn.mech_driver.ovsdb.maintenance [-] Touching Hash Ring node "d1ff929aae755626a8ab32e8105306f5" from periodic health check thread {{(pid=103250) touch_hash_ring_node /opt/stack/neutron/neutron/plugins/ml2/drivers/ovn/mech_driver/ovsdb/maintenance.py:1135}}
Feb 17 20:43:58.888691 np0000156172 devstack@neutron-api.service[103247]: DEBUG ovsdbapp.backend.ovs_idl.transaction [None req-389dbd99-efe5-4a49-9646-6359f60aea81 None None] Running txn n=1 command(idx=0): CheckLivenessCommand(_result=None) {{(pid=103247) do_commit /opt/stack/data/venv/lib/python3.12/site-packages/ovsdbapp/backend/ovs_idl/transaction.py:89}}
Feb 17 20:43:58.893021 np0000156172 devstack@neutron-api.service[103250]: DEBUG neutron.plugins.ml2.drivers.ovn.mech_driver.ovsdb.ovsdb_monitor [None req-20c94deb-4452-48e9-8d5f-f1ab37b1cf27 None None] Hash Ring: Node d1ff929aae755626a8ab32e8105306f5 (host: np0000156172) handling event "update" for row f8f78aaa-309d-4c1a-80ab-e9e3a014e49f (table: NB_Global) {{(pid=103250) notify /opt/stack/neutron/neutron/plugins/ml2/drivers/ovn/mech_driver/ovsdb/ovsdb_monitor.py:920}}
Feb 17 20:43:58.894558 np0000156172 devstack@neutron-api.service[103247]: DEBUG neutron.api.rpc.callbacks.version_manager [None req-5a1437ed-cfa3-43fb-8b84-e2a0e541b2f8 admin admin] Tracked resource versions report:
Feb 17 20:43:58.894558 np0000156172 devstack@neutron-api.service[103247]: pushed versions:
Feb 17 20:43:58.894558 np0000156172 devstack@neutron-api.service[103247]: { 'AddressGroup': {'1.2'},
Feb 17 20:43:58.894558 np0000156172 devstack@neutron-api.service[103247]: 'Agent': {'1.1'},
Feb 17 20:43:58.894558 np0000156172 devstack@neutron-api.service[103247]: 'ConntrackHelper': {'1.0'},
Feb 17 20:43:58.894558 np0000156172 devstack@neutron-api.service[103247]: 'LocalIPAssociation': {'1.0'},
Feb 17 20:43:58.894558 np0000156172 devstack@neutron-api.service[103247]: 'Log': {'1.0'},
Feb 17 20:43:58.894558 np0000156172 devstack@neutron-api.service[103247]: 'NDPProxy': {'1.0'},
Feb 17 20:43:58.894558 np0000156172 devstack@neutron-api.service[103247]: 'Network': {'1.2'},
Feb 17 20:43:58.894558 np0000156172 devstack@neutron-api.service[103247]: 'Port': {'1.10'},
Feb 17 20:43:58.894558 np0000156172 devstack@neutron-api.service[103247]: 'PortForwarding': {'1.3'},
Feb 17 20:43:58.894558 np0000156172 devstack@neutron-api.service[103247]: 'QosPolicy': {'1.10'},
Feb 17 20:43:58.894558 np0000156172 devstack@neutron-api.service[103247]: 'SecurityGroup': {'1.6'},
Feb 17 20:43:58.894558 np0000156172 devstack@neutron-api.service[103247]: 'SecurityGroupRule': {'1.3'},
Feb 17 20:43:58.894558 np0000156172 devstack@neutron-api.service[103247]: 'SubPort': {'1.0'},
Feb 17 20:43:58.894558 np0000156172 devstack@neutron-api.service[103247]: 'Subnet': {'1.2'},
Feb 17 20:43:58.894558 np0000156172 devstack@neutron-api.service[103247]: 'Trunk': {'1.1'}}
Feb 17 20:43:58.894558 np0000156172 devstack@neutron-api.service[103247]: consumer versions:
Feb 17 20:43:58.894558 np0000156172 devstack@neutron-api.service[103247]: {}
Feb 17 20:43:58.894558 np0000156172 devstack@neutron-api.service[103247]: {{(pid=103247) report /opt/stack/neutron/neutron/api/rpc/callbacks/version_manager.py:183}}
Feb 17 20:43:58.895698 np0000156172 devstack@neutron-api.service[103250]: DEBUG neutron.plugins.ml2.drivers.ovn.mech_driver.ovsdb.ovsdb_monitor [None req-20c94deb-4452-48e9-8d5f-f1ab37b1cf27 None None] Hash Ring: Node d1ff929aae755626a8ab32e8105306f5 (host: np0000156172) handling event "update" for row f8f78aaa-309d-4c1a-80ab-e9e3a014e49f (table: NB_Global) {{(pid=103250) notify /opt/stack/neutron/neutron/plugins/ml2/drivers/ovn/mech_driver/ovsdb/ovsdb_monitor.py:920}}
Feb 17 20:43:58.896436 np0000156172 devstack@neutron-api.service[103249]: DEBUG neutron.plugins.ml2.drivers.ovn.mech_driver.ovsdb.ovsdb_monitor [None req-62eb7282-2160-4045-8d3d-714f8dd6f58d None None] ChassisAgentWriteEvent : Matched Chassis_Private, update, None None {{(pid=103249) matches /opt/stack/neutron/neutron/plugins/ml2/drivers/ovn/mech_driver/ovsdb/ovsdb_monitor.py:65}}
Feb 17 20:43:58.897814 np0000156172 devstack@neutron-api.service[103248]: DEBUG neutron.plugins.ml2.drivers.ovn.mech_driver.ovsdb.ovsdb_monitor [None req-0538013e-089b-432f-af09-f54d75c4ab39 None None] ChassisAgentWriteEvent : Matched Chassis_Private, update, None None {{(pid=103248) matches /opt/stack/neutron/neutron/plugins/ml2/drivers/ovn/mech_driver/ovsdb/ovsdb_monitor.py:65}}
Feb 17 20:43:58.898353 np0000156172 devstack@neutron-api.service[103250]: DEBUG neutron.plugins.ml2.drivers.ovn.mech_driver.ovsdb.ovsdb_monitor [None req-d180fea9-ec1b-4822-84c5-c8becdd978b6 None None] ChassisAgentWriteEvent : Matched Chassis_Private, update, None None {{(pid=103250) matches /opt/stack/neutron/neutron/plugins/ml2/drivers/ovn/mech_driver/ovsdb/ovsdb_monitor.py:65}}
Feb 17 20:43:58.900200 np0000156172 devstack@neutron-api.service[103250]: DEBUG neutron.plugins.ml2.drivers.ovn.mech_driver.ovsdb.ovsdb_monitor [None req-20c94deb-4452-48e9-8d5f-f1ab37b1cf27 None None] Hash Ring: Node d1ff929aae755626a8ab32e8105306f5 (host: np0000156172) handling event "update" for row f8f78aaa-309d-4c1a-80ab-e9e3a014e49f (table: NB_Global) {{(pid=103250) notify /opt/stack/neutron/neutron/plugins/ml2/drivers/ovn/mech_driver/ovsdb/ovsdb_monitor.py:920}}
Feb 17 20:43:58.901699 np0000156172 devstack@neutron-api.service[103248]: DEBUG futurist.periodics [-] Submitting periodic callback 'neutron.plugins.ml2.drivers.ovn.mech_driver.ovsdb.maintenance.HashRingHealthCheckPeriodics.touch_hash_ring_node' {{(pid=103248) _process_scheduled /opt/stack/data/venv/lib/python3.12/site-packages/futurist/periodics.py:638}}
Feb 17 20:43:58.903249 np0000156172 devstack@neutron-api.service[103247]: DEBUG neutron.plugins.ml2.drivers.ovn.mech_driver.ovsdb.ovsdb_monitor [None req-b6d5b07d-922b-4b73-a076-3cc698057f93 None None] ChassisAgentWriteEvent : Matched Chassis_Private, update, None None {{(pid=103247) matches /opt/stack/neutron/neutron/plugins/ml2/drivers/ovn/mech_driver/ovsdb/ovsdb_monitor.py:65}}
Feb 17 20:43:58.903793 np0000156172 devstack@neutron-api.service[103250]: DEBUG neutron.plugins.ml2.drivers.ovn.mech_driver.ovsdb.ovsdb_monitor [None req-20c94deb-4452-48e9-8d5f-f1ab37b1cf27 None None] Hash Ring: Node d1ff929aae755626a8ab32e8105306f5 (host: np0000156172) handling event "update" for row f8f78aaa-309d-4c1a-80ab-e9e3a014e49f (table: NB_Global) {{(pid=103250) notify /opt/stack/neutron/neutron/plugins/ml2/drivers/ovn/mech_driver/ovsdb/ovsdb_monitor.py:920}}
Feb 17 20:43:58.904082 np0000156172 devstack@neutron-api.service[103249]: DEBUG neutron.common.ovn.hash_ring_manager [None req-62eb7282-2160-4045-8d3d-714f8dd6f58d None None] Hash Ring loaded. 4 active nodes. 0 offline nodes {{(pid=103249) _load_hash_ring /opt/stack/neutron/neutron/common/ovn/hash_ring_manager.py:102}}
Feb 17 20:43:58.904990 np0000156172 devstack@neutron-api.service[103248]: DEBUG neutron.plugins.ml2.drivers.ovn.mech_driver.ovsdb.maintenance [-] Touching Hash Ring node "3309d27d57e95829900ce66849bbd3c5" from periodic health check thread {{(pid=103248) touch_hash_ring_node /opt/stack/neutron/neutron/plugins/ml2/drivers/ovn/mech_driver/ovsdb/maintenance.py:1135}}
Feb 17 20:43:58.910146 np0000156172 devstack@neutron-api.service[103248]: DEBUG neutron.common.ovn.hash_ring_manager [None req-0538013e-089b-432f-af09-f54d75c4ab39 None None] Hash Ring loaded. 4 active nodes. 0 offline nodes {{(pid=103248) _load_hash_ring /opt/stack/neutron/neutron/common/ovn/hash_ring_manager.py:102}}
Feb 17 20:43:58.913781 np0000156172 devstack@neutron-api.service[103250]: DEBUG neutron.common.ovn.hash_ring_manager [None req-d180fea9-ec1b-4822-84c5-c8becdd978b6 None None] Hash Ring loaded. 4 active nodes. 0 offline nodes {{(pid=103250) _load_hash_ring /opt/stack/neutron/neutron/common/ovn/hash_ring_manager.py:102}}
Feb 17 20:43:58.914096 np0000156172 devstack@neutron-api.service[103250]: DEBUG neutron.plugins.ml2.drivers.ovn.mech_driver.ovsdb.ovsdb_monitor [None req-d180fea9-ec1b-4822-84c5-c8becdd978b6 None None] Hash Ring: Node d1ff929aae755626a8ab32e8105306f5 (host: np0000156172) handling event "update" for row 7f567ed0-02e9-417d-be21-6509b95accd7 (table: Chassis_Private) {{(pid=103250) notify /opt/stack/neutron/neutron/plugins/ml2/drivers/ovn/mech_driver/ovsdb/ovsdb_monitor.py:920}}
Feb 17 20:43:58.921800 np0000156172 devstack@neutron-api.service[103247]: DEBUG neutron.common.ovn.hash_ring_manager [None req-b6d5b07d-922b-4b73-a076-3cc698057f93 None None] Hash Ring loaded. 4 active nodes. 0 offline nodes {{(pid=103247) _load_hash_ring /opt/stack/neutron/neutron/common/ovn/hash_ring_manager.py:102}}
Feb 17 20:43:58.946295 np0000156172 devstack@neutron-api.service[103247]: DEBUG neutron.plugins.ml2.drivers.helpers [None req-5a1437ed-cfa3-43fb-8b84-e2a0e541b2f8 admin admin] geneve segment allocate from pool success with {'geneve_vni': 55011} {{(pid=103247) allocate_partially_specified_segment /opt/stack/neutron/neutron/plugins/ml2/drivers/helpers.py:142}}
Feb 17 20:43:58.955739 np0000156172 devstack@neutron-api.service[103247]: DEBUG neutron_lib.callbacks.manager [None req-5a1437ed-cfa3-43fb-8b84-e2a0e541b2f8 admin admin] Publish callbacks ['neutron.services.segments.db._add_segment_host_mapping_for_segment-8073628838782', 'neutron.plugins.ml2.plugin.Ml2Plugin._handle_segment_change-820041'] for segment (7977f1f3-bec3-4342-b643-23ff498c2cf2), precommit_create {{(pid=103247) _notify_loop /opt/stack/data/venv/lib/python3.12/site-packages/neutron_lib/callbacks/manager.py:184}}
Feb 17 20:43:58.955739 np0000156172 devstack@neutron-api.service[103247]: INFO neutron.db.segments_db [None req-5a1437ed-cfa3-43fb-8b84-e2a0e541b2f8 admin admin] Added segment 7977f1f3-bec3-4342-b643-23ff498c2cf2 of type geneve for network b6b663f1-29a6-4786-b65f-3137d393b6df
Feb 17 20:43:58.982569 np0000156172 devstack@neutron-api.service[103247]: DEBUG neutron_lib.callbacks.manager [None req-5a1437ed-cfa3-43fb-8b84-e2a0e541b2f8 admin admin] Publish callbacks ['neutron.services.auto_allocate.db._ensure_external_network_default_value_callback-8073627200272'] for network (b6b663f1-29a6-4786-b65f-3137d393b6df), precommit_create {{(pid=103247) _notify_loop /opt/stack/data/venv/lib/python3.12/site-packages/neutron_lib/callbacks/manager.py:184}}
Feb 17 20:43:58.997878 np0000156172 devstack@neutron-api.service[103247]: DEBUG neutron.plugins.ml2.drivers.ovn.mech_driver.mech_driver [None req-5a1437ed-cfa3-43fb-8b84-e2a0e541b2f8 admin admin] Validating network segment with type geneve, segmentation ID 55011, physical network None {{(pid=103247) _validate_network_segments /opt/stack/neutron/neutron/plugins/ml2/drivers/ovn/mech_driver/mech_driver.py:630}}
Feb 17 20:43:58.998134 np0000156172 devstack@neutron-api.service[103247]: DEBUG neutron.db.ovn_revision_numbers_db [None req-5a1437ed-cfa3-43fb-8b84-e2a0e541b2f8 admin admin] create_initial_revision uuid=b6b663f1-29a6-4786-b65f-3137d393b6df, type=networks, rev=-1 {{(pid=103247) create_initial_revision /opt/stack/neutron/neutron/db/ovn_revision_numbers_db.py:98}}
Feb 17 20:43:59.001953 np0000156172 devstack@neutron-api.service[103249]: DEBUG futurist.periodics [-] Submitting periodic callback 'neutron.plugins.ml2.drivers.ovn.mech_driver.ovsdb.maintenance.HashRingHealthCheckPeriodics.touch_hash_ring_node' {{(pid=103249) _process_scheduled /opt/stack/data/venv/lib/python3.12/site-packages/futurist/periodics.py:638}}
Feb 17 20:43:59.003370 np0000156172 devstack@neutron-api.service[103249]: DEBUG neutron.plugins.ml2.drivers.ovn.mech_driver.ovsdb.maintenance [-] Touching Hash Ring node "75a1967e3b6b51a1920b94a550cc57ba" from periodic health check thread {{(pid=103249) touch_hash_ring_node /opt/stack/neutron/neutron/plugins/ml2/drivers/ovn/mech_driver/ovsdb/maintenance.py:1135}}
Feb 17 20:43:59.015786 np0000156172 devstack@neutron-api.service[103247]: DEBUG neutron_lib.callbacks.manager [None req-5a1437ed-cfa3-43fb-8b84-e2a0e541b2f8 admin admin] Publish callbacks ['neutron.plugins.ml2.ovo_rpc._ObjectChangeHandler.handle_event-7449701'] for network (b6b663f1-29a6-4786-b65f-3137d393b6df), after_create {{(pid=103247) _notify_loop /opt/stack/data/venv/lib/python3.12/site-packages/neutron_lib/callbacks/manager.py:184}}
Feb 17 20:43:59.047339 np0000156172 devstack@neutron-api.service[103247]: DEBUG neutron.api.rpc.handlers.resources_rpc [None req-5a1437ed-cfa3-43fb-8b84-e2a0e541b2f8 admin admin] Pushing event updated for resources: {'Network': ['ID=b6b663f1-29a6-4786-b65f-3137d393b6df,revision_number=1']} {{(pid=103247) push /opt/stack/neutron/neutron/api/rpc/handlers/resources_rpc.py:237}}
Feb 17 20:43:59.055895 np0000156172 devstack@neutron-api.service[103247]: DEBUG ovsdbapp.backend.ovs_idl.transaction [None req-389dbd99-efe5-4a49-9646-6359f60aea81 None None] Running txn n=1 command(idx=0): AddNetworkCommand(_result=None, network_uuid=b6b663f1-29a6-4786-b65f-3137d393b6df, may_exist=True, columns={'external_ids': {'neutron:network_name': 'admin_net', 'neutron:mtu': '1372', 'neutron:revision_number': '1', 'neutron:availability_zone_hints': '', 'neutron:provnet-network-type': 'geneve'}, 'other_config': {'mcast_snoop': 'false', 'mcast_flood_unregistered': 'false', 'vlan-passthru': 'false'}}) {{(pid=103247) do_commit /opt/stack/data/venv/lib/python3.12/site-packages/ovsdbapp/backend/ovs_idl/transaction.py:89}}
Feb 17 20:43:59.056232 np0000156172 devstack@neutron-api.service[103247]: DEBUG neutron.common.ovn.utils [None req-389dbd99-efe5-4a49-9646-6359f60aea81 None None] OVS persist_uuid supported=True {{(pid=103247) ovs_persist_uuid_supported /opt/stack/neutron/neutron/common/ovn/utils.py:1504}}
Feb 17 20:43:59.063906 np0000156172 devstack@neutron-api.service[103248]: DEBUG neutron.plugins.ml2.drivers.ovn.mech_driver.ovsdb.ovsdb_monitor [None req-1b119700-db14-4270-8b7b-2549d2532309 None None] Touching Hash Ring node "3309d27d57e95829900ce66849bbd3c5" from IDL notify handler {{(pid=103248) notify /opt/stack/neutron/neutron/plugins/ml2/drivers/ovn/mech_driver/ovsdb/ovsdb_monitor.py:912}}
Feb 17 20:43:59.069242 np0000156172 devstack@neutron-api.service[103248]: DEBUG neutron.plugins.ml2.drivers.ovn.mech_driver.ovsdb.ovsdb_monitor [None req-1b119700-db14-4270-8b7b-2549d2532309 None None] Hash Ring: Node 3309d27d57e95829900ce66849bbd3c5 (host: np0000156172) handling event "create" for row b6b663f1-29a6-4786-b65f-3137d393b6df (table: Logical_Switch) {{(pid=103248) notify /opt/stack/neutron/neutron/plugins/ml2/drivers/ovn/mech_driver/ovsdb/ovsdb_monitor.py:920}}
Feb 17 20:43:59.074391 np0000156172 devstack@neutron-api.service[103247]: DEBUG neutron.plugins.ml2.drivers.ovn.mech_driver.ovsdb.ovsdb_monitor [None req-b6d5b07d-922b-4b73-a076-3cc698057f93 None None] Hash Ring: Node 60405f1d9880523db2df0b9b72792b78 (host: np0000156172) handling event "create" for row 5e7ad850-388a-43ff-95aa-bd15f040b1a9 (table: Datapath_Binding) {{(pid=103247) notify /opt/stack/neutron/neutron/plugins/ml2/drivers/ovn/mech_driver/ovsdb/ovsdb_monitor.py:920}}
Feb 17 20:43:59.088796 np0000156172 devstack@neutron-api.service[103247]: INFO neutron.db.ovn_revision_numbers_db [None req-5a1437ed-cfa3-43fb-8b84-e2a0e541b2f8 admin admin] Successfully bumped revision number for resource b6b663f1-29a6-4786-b65f-3137d393b6df (type: networks) to 1
Feb 17 20:43:59.148953 np0000156172 devstack@neutron-api.service[103247]: DEBUG neutron_lib.callbacks.manager [None req-5a1437ed-cfa3-43fb-8b84-e2a0e541b2f8 admin admin] Publish callbacks ['neutron.plugins.ml2.plugin.SecurityGroupDbMixin._ensure_default_security_group_handler-108849'] for port (None), before_create {{(pid=103247) _notify_loop /opt/stack/data/venv/lib/python3.12/site-packages/neutron_lib/callbacks/manager.py:184}}
Feb 17 20:43:59.230143 np0000156172 devstack@neutron-api.service[103247]: DEBUG neutron_lib.callbacks.manager [None req-5a1437ed-cfa3-43fb-8b84-e2a0e541b2f8 admin admin] Publish callbacks ['neutron.plugins.ml2.drivers.ovn.mech_driver.mech_driver.OVNMechanismDriver._validate_allowed_address_pairs-496080'] for allowed_address_pair (75782807-a109-4888-b608-e5f96584d9d2), before_create {{(pid=103247) _notify_loop /opt/stack/data/venv/lib/python3.12/site-packages/neutron_lib/callbacks/manager.py:184}}
Feb 17 20:43:59.231314 np0000156172 devstack@neutron-api.service[103247]: DEBUG neutron_lib.callbacks.manager [None req-5a1437ed-cfa3-43fb-8b84-e2a0e541b2f8 admin admin] Publish callbacks [] for port (75782807-a109-4888-b608-e5f96584d9d2), precommit_create {{(pid=103247) _notify_loop /opt/stack/data/venv/lib/python3.12/site-packages/neutron_lib/callbacks/manager.py:184}}
Feb 17 20:43:59.231314 np0000156172 devstack@neutron-api.service[103247]: DEBUG neutron.plugins.ml2.drivers.ovn.mech_driver.mech_driver [None req-5a1437ed-cfa3-43fb-8b84-e2a0e541b2f8 admin admin] No provisioning block for port 75782807-a109-4888-b608-e5f96584d9d2 since it does not have a host {{(pid=103247) _is_port_provisioning_required /opt/stack/neutron/neutron/plugins/ml2/drivers/ovn/mech_driver/mech_driver.py:883}}
Feb 17 20:43:59.231314 np0000156172 devstack@neutron-api.service[103247]: DEBUG neutron.db.ovn_revision_numbers_db [None req-5a1437ed-cfa3-43fb-8b84-e2a0e541b2f8 admin admin] create_initial_revision uuid=75782807-a109-4888-b608-e5f96584d9d2, type=ports, rev=-1 {{(pid=103247) create_initial_revision /opt/stack/neutron/neutron/db/ovn_revision_numbers_db.py:98}}
Feb 17 20:43:59.272252 np0000156172 devstack@neutron-api.service[103247]: DEBUG neutron_lib.callbacks.manager [None req-5a1437ed-cfa3-43fb-8b84-e2a0e541b2f8 admin admin] Publish callbacks ['neutron.plugins.ml2.ovo_rpc._ObjectChangeHandler.handle_event-7449708'] for port (75782807-a109-4888-b608-e5f96584d9d2), after_create {{(pid=103247) _notify_loop /opt/stack/data/venv/lib/python3.12/site-packages/neutron_lib/callbacks/manager.py:184}}
Feb 17 20:43:59.308396 np0000156172 devstack@neutron-api.service[103247]: DEBUG neutron.api.rpc.handlers.resources_rpc [None req-5a1437ed-cfa3-43fb-8b84-e2a0e541b2f8 admin admin] Pushing event updated for resources: {'Port': ['ID=75782807-a109-4888-b608-e5f96584d9d2,revision_number=1']} {{(pid=103247) push /opt/stack/neutron/neutron/api/rpc/handlers/resources_rpc.py:237}}
Feb 17 20:43:59.325397 np0000156172 devstack@neutron-api.service[103247]: DEBUG ovsdbapp.backend.ovs_idl.transaction [None req-389dbd99-efe5-4a49-9646-6359f60aea81 None None] Running txn n=1 command(idx=0): AddLSwitchPortCommand(_result=None, lport=75782807-a109-4888-b608-e5f96584d9d2, lswitch=neutron-b6b663f1-29a6-4786-b65f-3137d393b6df, may_exist=True, network_uuid=b6b663f1-29a6-4786-b65f-3137d393b6df, columns={'addresses': ['fa:16:3e:da:c0:04'], 'external_ids': {'neutron:port_name': '', 'neutron:device_id': 'ovnmeta-b6b663f1-29a6-4786-b65f-3137d393b6df', 'neutron:project_id': 'ef1ff70116544bd9be19b0d8a80927dc', 'neutron:cidrs': '', 'neutron:device_owner': 'network:distributed', 'neutron:subnet_pool_addr_scope4': '', 'neutron:subnet_pool_addr_scope6': '', 'neutron:network_name': 'neutron-b6b663f1-29a6-4786-b65f-3137d393b6df', 'neutron:security_group_ids': '', 'neutron:revision_number': '1', 'neutron:vnic_type': 'normal', 'neutron:port_capabilities': '', 'neutron:mtu': ''}, 'parent_name': [], 'tag': [], 'enabled': True, 'options': {}, 'type': 'localport', 'port_security': [], 'dhcpv4_options': [], 'dhcpv6_options': []}) {{(pid=103247) do_commit /opt/stack/data/venv/lib/python3.12/site-packages/ovsdbapp/backend/ovs_idl/transaction.py:89}}
Feb 17 20:43:59.326784 np0000156172 devstack@neutron-api.service[103247]: DEBUG ovsdbapp.backend.ovs_idl.transaction [None req-389dbd99-efe5-4a49-9646-6359f60aea81 None None] Running txn n=1 command(idx=1): QoSDelCommand(_result=None, switch=neutron-b6b663f1-29a6-4786-b65f-3137d393b6df, conditions=[('direction', '=', 'to-lport'), ('priority', '=', 2002), ('match', '=', 'outport == "75782807-a109-4888-b608-e5f96584d9d2"')], if_exists=True) {{(pid=103247) do_commit /opt/stack/data/venv/lib/python3.12/site-packages/ovsdbapp/backend/ovs_idl/transaction.py:89}}
Feb 17 20:43:59.327325 np0000156172 devstack@neutron-api.service[103247]: DEBUG ovsdbapp.backend.ovs_idl.transaction [None req-389dbd99-efe5-4a49-9646-6359f60aea81 None None] Running txn n=1 command(idx=2): QoSDelCommand(_result=None, switch=neutron-b6b663f1-29a6-4786-b65f-3137d393b6df, conditions=[('direction', '=', 'from-lport'), ('priority', '=', 2002), ('match', '=', 'inport == "75782807-a109-4888-b608-e5f96584d9d2"')], if_exists=True) {{(pid=103247) do_commit /opt/stack/data/venv/lib/python3.12/site-packages/ovsdbapp/backend/ovs_idl/transaction.py:89}}
