2026-06-25 23:32:30.359 9 INFO neutron.db.ovn_revision_numbers_db [None req-1df71a21-6708-4588-b84d-b5082d8e7b70 eb385586f3e7424ca61f8366f483a2e1 5e6f572533a8440b9f7d5c9b69bf8a4b - - default default] Successfully bumped revision number for resource e12f9c0a-4d6c-48a6-8ec7-f321557c119b (type: router_ports) to 2
2026-06-25 23:32:30.411 9 INFO neutron.db.ovn_revision_numbers_db [None req-aad7a30c-36aa-41af-8b31-848f23945492 eb385586f3e7424ca61f8366f483a2e1 5e6f572533a8440b9f7d5c9b69bf8a4b - - - -] Successfully bumped revision number for resource 32c8bc45-a0a2-4646-8f36-f1eab60f0709 (type: ports) to 2
2026-06-25 23:32:30.439 9 INFO neutron.db.ovn_revision_numbers_db [None req-0a36e2aa-30fb-414f-a85e-c7ab3bd5a16e eb385586f3e7424ca61f8366f483a2e1 5e6f572533a8440b9f7d5c9b69bf8a4b - - default default] Successfully bumped revision number for resource 37eacd4b-2b40-4632-9336-65280a22595f (type: router_ports) to 2
2026-06-25 23:32:30.443 9 INFO neutron.db.ovn_revision_numbers_db [None req-aad7a30c-36aa-41af-8b31-848f23945492 eb385586f3e7424ca61f8366f483a2e1 5e6f572533a8440b9f7d5c9b69bf8a4b - - - -] Successfully bumped revision number for resource 3379cd6e-0653-4b27-b660-c954a0d8fb7e (type: subnets) to 0
2026-06-25 23:32:30.475 9 INFO neutron.wsgi [None req-aad7a30c-36aa-41af-8b31-848f23945492 eb385586f3e7424ca61f8366f483a2e1 5e6f572533a8440b9f7d5c9b69bf8a4b - - - -] 10.0.0.23 "POST /v2.0/subnets HTTP/1.1" status: 201 len: 867 time: 1.8367450
2026-06-25 23:32:30.548 9 INFO neutron.db.ovn_revision_numbers_db [None req-1df71a21-6708-4588-b84d-b5082d8e7b70 eb385586f3e7424ca61f8366f483a2e1 5e6f572533a8440b9f7d5c9b69bf8a4b - - default default] Successfully bumped revision number for resource e12f9c0a-4d6c-48a6-8ec7-f321557c119b (type: ports) to 2
2026-06-25 23:32:30.713 9 INFO neutron.db.ovn_revision_numbers_db [None req-0a36e2aa-30fb-414f-a85e-c7ab3bd5a16e eb385586f3e7424ca61f8366f483a2e1 5e6f572533a8440b9f7d5c9b69bf8a4b - - default default] Successfully bumped revision number for resource 37eacd4b-2b40-4632-9336-65280a22595f (type: ports) to 2
2026-06-25 23:32:30.758 9 WARNING neutron.scheduler.dhcp_agent_scheduler [None req-1df71a21-6708-4588-b84d-b5082d8e7b70 eb385586f3e7424ca61f8366f483a2e1 5e6f572533a8440b9f7d5c9b69bf8a4b - - default default] No more DHCP agents
2026-06-25 23:32:30.760 9 WARNING neutron.api.rpc.agentnotifiers.dhcp_rpc_agent_api [None req-1df71a21-6708-4588-b84d-b5082d8e7b70 eb385586f3e7424ca61f8366f483a2e1 5e6f572533a8440b9f7d5c9b69bf8a4b - - default default] Unable to schedule network 64d2012f-24fc-4ea2-b2f6-5db3d54def40: no agents available; will retry on subsequent port and subnet creation events.
2026-06-25 23:32:30.891 10 INFO neutron.db.ovn_revision_numbers_db [None req-56e06cab-88df-4a0c-9f6c-9609ea2afd09 - - - - - -] Successfully bumped revision number for resource 6186c46b-e102-4110-8b7b-96483aeee2e5 (type: router_ports) to 4
2026-06-25 23:32:31.028 10 INFO neutron.plugins.ml2.drivers.ovn.mech_driver.mech_driver [None req-56e06cab-88df-4a0c-9f6c-9609ea2afd09 - - - - - -] OVN reports status up for port: cf45013f-c7ef-44af-ba26-edea198971cc
2026-06-25 23:32:31.033 9 WARNING neutron.scheduler.dhcp_agent_scheduler [None req-0a36e2aa-30fb-414f-a85e-c7ab3bd5a16e eb385586f3e7424ca61f8366f483a2e1 5e6f572533a8440b9f7d5c9b69bf8a4b - - default default] No more DHCP agents
2026-06-25 23:32:31.035 9 WARNING neutron.api.rpc.agentnotifiers.dhcp_rpc_agent_api [None req-0a36e2aa-30fb-414f-a85e-c7ab3bd5a16e eb385586f3e7424ca61f8366f483a2e1 5e6f572533a8440b9f7d5c9b69bf8a4b - - default default] Unable to schedule network c218f168-718d-4c45-96fd-54b0976a176c: no agents available; will retry on subsequent port and subnet creation events.
2026-06-25 23:32:31.044 10 INFO neutron.plugins.ml2.plugin [None req-56e06cab-88df-4a0c-9f6c-9609ea2afd09 - - - - - -] Attempt 1 to provision port cf45013f-c7ef-44af-ba26-edea198971cc
2026-06-25 23:32:31.139 10 INFO neutron.plugins.ml2.drivers.ovn.mech_driver.mech_driver [None req-56e06cab-88df-4a0c-9f6c-9609ea2afd09 - - - - - -] OVN reports status up for port: 5a7aa8ce-0b5c-41f5-a924-429a65d77969
2026-06-25 23:32:31.140 10 INFO neutron.db.ovn_revision_numbers_db [None req-289c20c1-bd9a-449c-a6d8-e51975102629 - - - - - -] Successfully bumped revision number for resource cf45013f-c7ef-44af-ba26-edea198971cc (type: ports) to 1
2026-06-25 23:32:31.154 10 INFO neutron.plugins.ml2.plugin [None req-56e06cab-88df-4a0c-9f6c-9609ea2afd09 - - - - - -] Attempt 1 to provision port 5a7aa8ce-0b5c-41f5-a924-429a65d77969
2026-06-25 23:32:31.198 10 INFO neutron.db.ovn_revision_numbers_db [None req-999397be-c0e3-4738-820c-c5263fb2ca84 eb385586f3e7424ca61f8366f483a2e1 5e6f572533a8440b9f7d5c9b69bf8a4b - - - -] Successfully bumped revision number for resource 5a7aa8ce-0b5c-41f5-a924-429a65d77969 (type: router_ports) to 2
2026-06-25 23:32:31.201 10 INFO neutron.wsgi [None req-999397be-c0e3-4738-820c-c5263fb2ca84 eb385586f3e7424ca61f8366f483a2e1 5e6f572533a8440b9f7d5c9b69bf8a4b - - - -] 10.0.0.23 "PUT /v2.0/routers/6919c11a-24c9-4887-8eb0-5e20df83656f/add_router_interface HTTP/1.1" status: 200 len: 503 time: 4.0973289
2026-06-25 23:32:31.477 9 WARNING neutron.scheduler.dhcp_agent_scheduler [None req-0c1d2aeb-c8cf-4616-9bab-449956f95ac8 eb385586f3e7424ca61f8366f483a2e1 5e6f572533a8440b9f7d5c9b69bf8a4b - - - -] No more DHCP agents
2026-06-25 23:32:31.481 9 WARNING neutron.api.rpc.agentnotifiers.dhcp_rpc_agent_api [None req-0c1d2aeb-c8cf-4616-9bab-449956f95ac8 eb385586f3e7424ca61f8366f483a2e1 5e6f572533a8440b9f7d5c9b69bf8a4b - - - -] Unable to schedule network 07e37ad0-790d-445f-8e30-23b81f61b800: no agents available; will retry on subsequent port and subnet creation events.
2026-06-25 23:32:31.655 10 INFO neutron.db.ovn_revision_numbers_db [None req-289c20c1-bd9a-449c-a6d8-e51975102629 - - - - - -] Successfully bumped revision number for resource cf45013f-c7ef-44af-ba26-edea198971cc (type: router_ports) to 3
2026-06-25 23:32:31.665 10 INFO neutron.db.ovn_revision_numbers_db [None req-56e06cab-88df-4a0c-9f6c-9609ea2afd09 - - - - - -] Successfully bumped revision number for resource 5a7aa8ce-0b5c-41f5-a924-429a65d77969 (type: ports) to 3
2026-06-25 23:32:31.802 10 INFO neutron.db.ovn_revision_numbers_db [None req-56e06cab-88df-4a0c-9f6c-9609ea2afd09 - - - - - -] Successfully bumped revision number for resource 5a7aa8ce-0b5c-41f5-a924-429a65d77969 (type: router_ports) to 3
2026-06-25 23:32:31.811 10 INFO neutron.db.ovn_revision_numbers_db [None req-289c20c1-bd9a-449c-a6d8-e51975102629 - - - - - -] Successfully bumped revision number for resource cf45013f-c7ef-44af-ba26-edea198971cc (type: ports) to 2
2026-06-25 23:32:31.965 9 INFO neutron.db.ovn_revision_numbers_db [None req-0c1d2aeb-c8cf-4616-9bab-449956f95ac8 eb385586f3e7424ca61f8366f483a2e1 5e6f572533a8440b9f7d5c9b69bf8a4b - - - -] Successfully bumped revision number for resource 771b8529-8298-43d0-9602-2dc06c671a5a (type: ports) to 1
2026-06-25 23:32:32.015 10 INFO neutron.db.ovn_revision_numbers_db [None req-289c20c1-bd9a-449c-a6d8-e51975102629 - - - - - -] Successfully bumped revision number for resource cf45013f-c7ef-44af-ba26-edea198971cc (type: ports) to 4
2026-06-25 23:32:32.104 9 INFO neutron.db.ovn_revision_numbers_db [None req-de10d065-5585-49cc-98ce-38ebb398cf8c dcba21c6d4df4a7d9f06b6c97fec1f40 38cd13e69ba44c059d22935d463d4c84 - - - -] Successfully bumped revision number for resource 58b08e99-1346-4993-a214-4a820875389a (type: security_groups) to 1
2026-06-25 23:32:32.172 9 INFO neutron.wsgi [None req-de10d065-5585-49cc-98ce-38ebb398cf8c dcba21c6d4df4a7d9f06b6c97fec1f40 38cd13e69ba44c059d22935d463d4c84 - - - -] 10.0.0.23 "POST /v2.0/security-groups HTTP/1.1" status: 201 len: 1795 time: 0.4030809
2026-06-25 23:32:32.244 10 INFO neutron.db.ovn_revision_numbers_db [None req-289c20c1-bd9a-449c-a6d8-e51975102629 - - - - - -] Successfully bumped revision number for resource cf45013f-c7ef-44af-ba26-edea198971cc (type: router_ports) to 4
2026-06-25 23:32:32.323 10 INFO neutron.db.ovn_revision_numbers_db [None req-72befb76-3ce9-4573-8fab-51969ee1754d dcba21c6d4df4a7d9f06b6c97fec1f40 38cd13e69ba44c059d22935d463d4c84 - - - -] Successfully bumped revision number for resource 9e94dd1e-6d57-4be7-94ee-1e88d768eef9 (type: security_group_rules) to 0
2026-06-25 23:32:32.356 10 INFO neutron.wsgi [None req-72befb76-3ce9-4573-8fab-51969ee1754d dcba21c6d4df4a7d9f06b6c97fec1f40 38cd13e69ba44c059d22935d463d4c84 - - - -] 10.0.0.23 "POST /v2.0/security-group-rules HTTP/1.1" status: 201 len: 764 time: 0.1780393
2026-06-25 23:32:32.479 10 INFO neutron.db.ovn_revision_numbers_db [None req-b6bc30a3-9428-4d3e-8201-8352462776be dcba21c6d4df4a7d9f06b6c97fec1f40 38cd13e69ba44c059d22935d463d4c84 - - - -] Successfully bumped revision number for resource 826214e2-8148-4cbb-966a-bbb6c6666033 (type: security_group_rules) to 0
2026-06-25 23:32:32.504 10 INFO neutron.wsgi [None req-b6bc30a3-9428-4d3e-8201-8352462776be dcba21c6d4df4a7d9f06b6c97fec1f40 38cd13e69ba44c059d22935d463d4c84 - - - -] 10.0.0.23 "POST /v2.0/security-group-rules HTTP/1.1" status: 201 len: 769 time: 0.1412308
2026-06-25 23:32:32.586 9 INFO neutron.db.ovn_revision_numbers_db [None req-1df71a21-6708-4588-b84d-b5082d8e7b70 eb385586f3e7424ca61f8366f483a2e1 5e6f572533a8440b9f7d5c9b69bf8a4b - - - -] Successfully bumped revision number for resource e12f9c0a-4d6c-48a6-8ec7-f321557c119b (type: router_ports) to 2
2026-06-25 23:32:32.589 9 INFO neutron.wsgi [None req-1df71a21-6708-4588-b84d-b5082d8e7b70 eb385586f3e7424ca61f8366f483a2e1 5e6f572533a8440b9f7d5c9b69bf8a4b - - - -] 10.0.0.23 "PUT /v2.0/routers/85e842f9-0140-44b9-a447-541f4e408c0c/add_router_interface HTTP/1.1" status: 200 len: 503 time: 4.7752063
2026-06-25 23:32:32.743 9 INFO neutron.db.ovn_revision_numbers_db [None req-0a36e2aa-30fb-414f-a85e-c7ab3bd5a16e eb385586f3e7424ca61f8366f483a2e1 5e6f572533a8440b9f7d5c9b69bf8a4b - - - -] Successfully bumped revision number for resource 37eacd4b-2b40-4632-9336-65280a22595f (type: router_ports) to 2
2026-06-25 23:32:32.745 9 INFO neutron.wsgi [None req-0a36e2aa-30fb-414f-a85e-c7ab3bd5a16e eb385586f3e7424ca61f8366f483a2e1 5e6f572533a8440b9f7d5c9b69bf8a4b - - - -] 10.0.0.23 "PUT /v2.0/routers/b88e3d6e-9800-4ac3-9967-510220f0a91f/add_router_interface HTTP/1.1" status: 200 len: 503 time: 4.9256704
2026-06-25 23:32:32.932 9 INFO neutron.wsgi [-] 10.0.0.37 "GET / HTTP/1.1" status: 200 len: 247 time: 0.0019469
2026-06-25 23:32:32.933 9 INFO neutron.wsgi [-] 10.0.0.37 "GET / HTTP/1.1" status: 200 len: 247 time: 0.0008895
2026-06-25 23:32:32.933 10 WARNING neutron.scheduler.dhcp_agent_scheduler [None req-1f0a61aa-5d0d-4d72-949d-4255ae1e0387 dcba21c6d4df4a7d9f06b6c97fec1f40 38cd13e69ba44c059d22935d463d4c84 - - - -] No more DHCP agents
2026-06-25 23:32:32.936 10 WARNING neutron.api.rpc.agentnotifiers.dhcp_rpc_agent_api [None req-1f0a61aa-5d0d-4d72-949d-4255ae1e0387 dcba21c6d4df4a7d9f06b6c97fec1f40 38cd13e69ba44c059d22935d463d4c84 - - - -] Unable to schedule network 07e37ad0-790d-445f-8e30-23b81f61b800: no agents available; will retry on subsequent port and subnet creation events.
2026-06-25 23:32:32.976 9 INFO neutron.plugins.ml2.drivers.ovn.mech_driver.ovsdb.ovsdb_monitor [None req-64ee1026-ea86-45b1-9f4e-62e0590bb4ee - - - - - -] Router 9d70993f-a842-42f4-ae4d-371b9d5812fd is bound to host instance
2026-06-25 23:32:32.978 9 INFO neutron.db.ovn_revision_numbers_db [None req-0c1d2aeb-c8cf-4616-9bab-449956f95ac8 eb385586f3e7424ca61f8366f483a2e1 5e6f572533a8440b9f7d5c9b69bf8a4b - - - -] Successfully bumped revision number for resource 771b8529-8298-43d0-9602-2dc06c671a5a (type: router_ports) to 1
2026-06-25 23:32:33.106 9 INFO neutron.db.ovn_revision_numbers_db [None req-0c1d2aeb-c8cf-4616-9bab-449956f95ac8 eb385586f3e7424ca61f8366f483a2e1 5e6f572533a8440b9f7d5c9b69bf8a4b - - - -] Successfully bumped revision number for resource 9d70993f-a842-42f4-ae4d-371b9d5812fd (type: routers) to 3
2026-06-25 23:32:33.127 9 INFO neutron.wsgi [None req-0c1d2aeb-c8cf-4616-9bab-449956f95ac8 eb385586f3e7424ca61f8366f483a2e1 5e6f572533a8440b9f7d5c9b69bf8a4b - - - -] 10.0.0.23 "POST /v2.0/routers HTTP/1.1" status: 201 len: 878 time: 2.6452816
2026-06-25 23:32:33.295 10 INFO neutron.db.ovn_revision_numbers_db [None req-1f0a61aa-5d0d-4d72-949d-4255ae1e0387 dcba21c6d4df4a7d9f06b6c97fec1f40 38cd13e69ba44c059d22935d463d4c84 - - - -] Successfully bumped revision number for resource 530c0a13-e4ad-4bef-a9b2-94310f1ca793 (type: floatingips) to 0
2026-06-25 23:32:33.318 10 INFO neutron.wsgi [None req-1f0a61aa-5d0d-4d72-949d-4255ae1e0387 dcba21c6d4df4a7d9f06b6c97fec1f40 38cd13e69ba44c059d22935d463d4c84 - - - -] 10.0.0.23 "POST /v2.0/floatingips HTTP/1.1" status: 201 len: 751 time: 0.8072307
2026-06-25 23:32:33.386 10 INFO neutron.db.ovn_revision_numbers_db [None req-c26017a7-c99f-46ff-9d03-96c86a6035c5 0134876e63df4d6d89960bb22d4a8a48 4e8bfc06c6304b95bdd83a85c6ce652b - - - -] Successfully bumped revision number for resource d09fdccc-43ba-40ff-b915-27a56c05261b (type: security_groups) to 1
2026-06-25 23:32:33.419 10 INFO neutron.wsgi [None req-c26017a7-c99f-46ff-9d03-96c86a6035c5 0134876e63df4d6d89960bb22d4a8a48 4e8bfc06c6304b95bdd83a85c6ce652b - - - -] 10.0.0.23 "POST /v2.0/security-groups HTTP/1.1" status: 201 len: 1797 time: 0.2091644
2026-06-25 23:32:33.677 10 WARNING neutron.scheduler.dhcp_agent_scheduler [None req-c705a28d-7986-49b6-b986-065e3a267baa eb385586f3e7424ca61f8366f483a2e1 5e6f572533a8440b9f7d5c9b69bf8a4b - - default default] No more DHCP agents
2026-06-25 23:32:33.681 10 WARNING neutron.api.rpc.agentnotifiers.dhcp_rpc_agent_api [None req-c705a28d-7986-49b6-b986-065e3a267baa eb385586f3e7424ca61f8366f483a2e1 5e6f572533a8440b9f7d5c9b69bf8a4b - - default default] Unable to schedule network 0c36d105-d05b-44d5-b31f-a9330767ab37: no agents available; will retry on subsequent port and subnet creation events.
2026-06-25 23:32:33.794 10 INFO neutron.db.ovn_revision_numbers_db [None req-c705a28d-7986-49b6-b986-065e3a267baa eb385586f3e7424ca61f8366f483a2e1 5e6f572533a8440b9f7d5c9b69bf8a4b - - default default] Successfully bumped revision number for resource d722be7a-05b7-45da-909f-83912f3fcee8 (type: ports) to 1
2026-06-25 23:32:33.806 9 INFO neutron.db.ovn_revision_numbers_db [None req-64ee1026-ea86-45b1-9f4e-62e0590bb4ee - - - - - -] Successfully bumped revision number for resource 771b8529-8298-43d0-9602-2dc06c671a5a (type: ports) to 1
2026-06-25 23:32:33.817 9 INFO neutron.db.ovn_revision_numbers_db [None req-e2995516-47b3-4741-9102-15c70567e584 0134876e63df4d6d89960bb22d4a8a48 4e8bfc06c6304b95bdd83a85c6ce652b - - - -] Successfully bumped revision number for resource 0b15665c-e025-42f6-9255-cbd5ed695336 (type: security_group_rules) to 0
2026-06-25 23:32:33.823 9 INFO neutron.db.ovn_revision_numbers_db [None req-40264281-63af-449f-8b7b-deee1025b807 5708b641184d43329b1250b89b1012c9 0ffab1204bde4b23889760e4ccb09dce - - - -] Successfully bumped revision number for resource 192ded1b-a742-4e36-a238-8898f6d630ac (type: security_groups) to 1
2026-06-25 23:32:33.859 9 INFO neutron.wsgi [None req-40264281-63af-449f-8b7b-deee1025b807 5708b641184d43329b1250b89b1012c9 0ffab1204bde4b23889760e4ccb09dce - - - -] 10.0.0.211 "POST /v2.0/security-groups HTTP/1.1" status: 201 len: 1825 time: 0.4614332
2026-06-25 23:32:33.880 9 INFO neutron.wsgi [None req-e2995516-47b3-4741-9102-15c70567e584 0134876e63df4d6d89960bb22d4a8a48 4e8bfc06c6304b95bdd83a85c6ce652b - - - -] 10.0.0.23 "POST /v2.0/security-group-rules HTTP/1.1" status: 201 len: 764 time: 0.4555318
2026-06-25 23:32:33.957 9 INFO neutron.wsgi [req-4d8c82dd-b356-464d-b3e8-9efde9574018 req-7adb567a-29c7-41d1-9eda-884984f0ab44 5708b641184d43329b1250b89b1012c9 0ffab1204bde4b23889760e4ccb09dce - - default default] 10.0.0.211 "GET /v2.0/security-groups/192ded1b-a742-4e36-a238-8898f6d630ac HTTP/1.1" status: 200 len: 1820 time: 0.0701303
2026-06-25 23:32:34.164 10 INFO neutron.wsgi [req-dd5c0509-6067-47ce-a061-dd66ee7f4d7b req-aeab08ac-b9ec-4a45-89cd-4830d2bdc59c dcba21c6d4df4a7d9f06b6c97fec1f40 38cd13e69ba44c059d22935d463d4c84 - - default default] 10.0.0.211 "GET /v2.0/security-groups?name=tempest-securitygroup--1469347408&fields=id&tenant_id=38cd13e69ba44c059d22935d463d4c84 HTTP/1.1" status: 200 len: 267 time: 0.0397999
2026-06-25 23:32:34.215 9 INFO neutron.db.ovn_revision_numbers_db [None req-830a0c6b-ff62-4cb3-b203-d4b9801c732e 0134876e63df4d6d89960bb22d4a8a48 4e8bfc06c6304b95bdd83a85c6ce652b - - - -] Successfully bumped revision number for resource 4a2ba60c-dfd5-4094-827e-5e91ebc804f5 (type: security_group_rules) to 0
2026-06-25 23:32:34.283 9 INFO neutron.db.ovn_revision_numbers_db [None req-de03fc76-8c49-4f14-bc14-19fd24f3fc17 5708b641184d43329b1250b89b1012c9 0ffab1204bde4b23889760e4ccb09dce - - - -] Successfully bumped revision number for resource 0d61f4fc-6b4b-4f2a-8c4b-4d93c92eb381 (type: security_group_rules) to 0
2026-06-25 23:32:34.315 9 INFO neutron.wsgi [None req-830a0c6b-ff62-4cb3-b203-d4b9801c732e 0134876e63df4d6d89960bb22d4a8a48 4e8bfc06c6304b95bdd83a85c6ce652b - - - -] 10.0.0.23 "POST /v2.0/security-group-rules HTTP/1.1" status: 201 len: 769 time: 0.4278262
2026-06-25 23:32:34.321 10 INFO neutron.wsgi [req-dd5c0509-6067-47ce-a061-dd66ee7f4d7b req-79d34489-0643-453c-8491-5d187c074264 dcba21c6d4df4a7d9f06b6c97fec1f40 38cd13e69ba44c059d22935d463d4c84 - - default default] 10.0.0.211 "GET /v2.0/networks?id=91fcb463-0faa-41e1-81d0-ba0164b0f4ad HTTP/1.1" status: 200 len: 882 time: 0.1491103
2026-06-25 23:32:34.353 9 INFO neutron.wsgi [None req-de03fc76-8c49-4f14-bc14-19fd24f3fc17 5708b641184d43329b1250b89b1012c9 0ffab1204bde4b23889760e4ccb09dce - - - -] 10.0.0.211 "POST /v2.0/security-group-rules HTTP/1.1" status: 201 len: 786 time: 0.3691387
2026-06-25 23:32:34.354 10 INFO neutron.wsgi [req-dd5c0509-6067-47ce-a061-dd66ee7f4d7b req-43a8482a-c894-456d-8a89-40faea444b2b dcba21c6d4df4a7d9f06b6c97fec1f40 38cd13e69ba44c059d22935d463d4c84 - - default default] 10.0.0.211 "GET /v2.0/quotas/38cd13e69ba44c059d22935d463d4c84 HTTP/1.1" status: 200 len: 386 time: 0.0251606
2026-06-25 23:32:34.367 9 INFO neutron.db.ovn_revision_numbers_db [None req-64ee1026-ea86-45b1-9f4e-62e0590bb4ee - - - - - -] Successfully bumped revision number for resource 771b8529-8298-43d0-9602-2dc06c671a5a (type: router_ports) to 3
2026-06-25 23:32:34.504 10 INFO neutron.wsgi [req-dd5c0509-6067-47ce-a061-dd66ee7f4d7b req-91600fd5-c2ec-4185-ac19-bb727aeb4e91 dcba21c6d4df4a7d9f06b6c97fec1f40 38cd13e69ba44c059d22935d463d4c84 - - default default] 10.0.0.211 "GET /v2.0/ports?tenant_id=38cd13e69ba44c059d22935d463d4c84&fields=id HTTP/1.1" status: 200 len: 302 time: 0.1352360
2026-06-25 23:32:34.574 10 INFO neutron.db.ovn_revision_numbers_db [None req-c705a28d-7986-49b6-b986-065e3a267baa eb385586f3e7424ca61f8366f483a2e1 5e6f572533a8440b9f7d5c9b69bf8a4b - - default default] Successfully bumped revision number for resource d722be7a-05b7-45da-909f-83912f3fcee8 (type: router_ports) to 2
2026-06-25 23:32:34.623 9 INFO neutron.db.ovn_revision_numbers_db [None req-64ee1026-ea86-45b1-9f4e-62e0590bb4ee - - - - - -] Successfully bumped revision number for resource 771b8529-8298-43d0-9602-2dc06c671a5a (type: ports) to 2
2026-06-25 23:32:34.625 9 INFO neutron.db.ovn_revision_numbers_db [None req-e88a2172-4581-4685-9be7-59e84d87cfb6 5708b641184d43329b1250b89b1012c9 0ffab1204bde4b23889760e4ccb09dce - - - -] Successfully bumped revision number for resource a0845ce3-2e72-409e-81b9-6b8ccde8a10d (type: security_groups) to 1
2026-06-25 23:32:34.673 9 INFO neutron.wsgi [None req-e88a2172-4581-4685-9be7-59e84d87cfb6 5708b641184d43329b1250b89b1012c9 0ffab1204bde4b23889760e4ccb09dce - - - -] 10.0.0.211 "POST /v2.0/security-groups HTTP/1.1" status: 201 len: 1826 time: 0.2832465
2026-06-25 23:32:34.698 10 INFO neutron.db.ovn_revision_numbers_db [None req-c705a28d-7986-49b6-b986-065e3a267baa eb385586f3e7424ca61f8366f483a2e1 5e6f572533a8440b9f7d5c9b69bf8a4b - - default default] Successfully bumped revision number for resource d722be7a-05b7-45da-909f-83912f3fcee8 (type: ports) to 2
2026-06-25 23:32:34.759 10 WARNING neutron.scheduler.dhcp_agent_scheduler [None req-c705a28d-7986-49b6-b986-065e3a267baa eb385586f3e7424ca61f8366f483a2e1 5e6f572533a8440b9f7d5c9b69bf8a4b - - default default] No more DHCP agents
2026-06-25 23:32:34.760 10 WARNING neutron.api.rpc.agentnotifiers.dhcp_rpc_agent_api [None req-c705a28d-7986-49b6-b986-065e3a267baa eb385586f3e7424ca61f8366f483a2e1 5e6f572533a8440b9f7d5c9b69bf8a4b - - default default] Unable to schedule network 0c36d105-d05b-44d5-b31f-a9330767ab37: no agents available; will retry on subsequent port and subnet creation events.
2026-06-25 23:32:34.762 9 INFO neutron.wsgi [req-912ec740-b028-42f5-99d5-1512c8a8e463 req-ab06f6c4-b31a-4099-96f7-af7b9f4f5620 5708b641184d43329b1250b89b1012c9 0ffab1204bde4b23889760e4ccb09dce - - default default] 10.0.0.211 "GET /v2.0/security-groups/a0845ce3-2e72-409e-81b9-6b8ccde8a10d HTTP/1.1" status: 200 len: 1821 time: 0.0559001
2026-06-25 23:32:34.779 9 WARNING neutron.scheduler.dhcp_agent_scheduler [None req-70e336c6-85be-4d62-9b3b-005df9650400 0134876e63df4d6d89960bb22d4a8a48 4e8bfc06c6304b95bdd83a85c6ce652b - - - -] No more DHCP agents
2026-06-25 23:32:34.800 9 WARNING neutron.api.rpc.agentnotifiers.dhcp_rpc_agent_api [None req-70e336c6-85be-4d62-9b3b-005df9650400 0134876e63df4d6d89960bb22d4a8a48 4e8bfc06c6304b95bdd83a85c6ce652b - - - -] Unable to schedule network 07e37ad0-790d-445f-8e30-23b81f61b800: no agents available; will retry on subsequent port and subnet creation events.
2026-06-25 23:32:34.929 10 INFO neutron.wsgi [req-dd5c0509-6067-47ce-a061-dd66ee7f4d7b req-876ee2d0-46cb-4493-be14-1839be310ae0 143c65c7298446e681cd119dc2c0a3b2 6f1c8f48b77349a8adaa6d1ed7cf1c6e - - b086645a873745aabf57b5e0cf146ab9 b086645a873745aabf57b5e0cf146ab9] 10.0.0.211 "GET /v2.0/extensions HTTP/1.1" status: 200 len: 16525 time: 0.0851486
2026-06-25 23:32:35.020 10 INFO neutron.wsgi [req-dd5c0509-6067-47ce-a061-dd66ee7f4d7b req-c8b40643-f2bf-4a20-aced-365135530a68 143c65c7298446e681cd119dc2c0a3b2 6f1c8f48b77349a8adaa6d1ed7cf1c6e - - b086645a873745aabf57b5e0cf146ab9 b086645a873745aabf57b5e0cf146ab9] 10.0.0.211 "GET /v2.0/networks/91fcb463-0faa-41e1-81d0-ba0164b0f4ad?fields=segments HTTP/1.1" status: 200 len: 212 time: 0.0851748
2026-06-25 23:32:35.108 10 INFO neutron.wsgi [req-dd5c0509-6067-47ce-a061-dd66ee7f4d7b req-57dc262b-0032-419d-97b7-64ceca77b9e0 143c65c7298446e681cd119dc2c0a3b2 6f1c8f48b77349a8adaa6d1ed7cf1c6e - - b086645a873745aabf57b5e0cf146ab9 b086645a873745aabf57b5e0cf146ab9] 10.0.0.211 "GET /v2.0/networks/91fcb463-0faa-41e1-81d0-ba0164b0f4ad?fields=provider%3Aphysical_network&fields=provider%3Anetwork_type HTTP/1.1" status: 200 len: 277 time: 0.0658705
2026-06-25 23:32:35.222 9 INFO neutron.db.ovn_revision_numbers_db [None req-64ee1026-ea86-45b1-9f4e-62e0590bb4ee - - - - - -] Successfully bumped revision number for resource 771b8529-8298-43d0-9602-2dc06c671a5a (type: ports) to 4
2026-06-25 23:32:35.224 9 INFO neutron.db.ovn_revision_numbers_db [None req-26c9efc7-39ed-4379-95b9-f5f845c7f93f 5708b641184d43329b1250b89b1012c9 0ffab1204bde4b23889760e4ccb09dce - - - -] Successfully bumped revision number for resource de2d3284-c461-467f-8ced-ba2b0166991a (type: security_group_rules) to 0
2026-06-25 23:32:35.280 9 INFO neutron.wsgi [None req-26c9efc7-39ed-4379-95b9-f5f845c7f93f 5708b641184d43329b1250b89b1012c9 0ffab1204bde4b23889760e4ccb09dce - - - -] 10.0.0.211 "POST /v2.0/security-group-rules HTTP/1.1" status: 201 len: 786 time: 0.5050433
2026-06-25 23:32:35.372 9 INFO neutron.wsgi [req-1edf385f-ac58-4cd8-bcd1-e8174348be18 req-b2bee85d-3fe0-456b-9b4c-6b71802c9ccf 5708b641184d43329b1250b89b1012c9 0ffab1204bde4b23889760e4ccb09dce - - default default] 10.0.0.211 "GET /v2.0/security-groups/a0845ce3-2e72-409e-81b9-6b8ccde8a10d HTTP/1.1" status: 200 len: 2414 time: 0.0702326
2026-06-25 23:32:35.377 10 INFO neutron.wsgi [req-4c551b2c-a677-4b8c-b036-a7957de393da req-aad6e5e6-a09d-4af6-8091-8e206ef999b4 dcba21c6d4df4a7d9f06b6c97fec1f40 38cd13e69ba44c059d22935d463d4c84 - - default default] 10.0.0.211 "GET /v2.0/ports?device_id=9f5b5dab-b80c-421a-ab12-73a61fef08de HTTP/1.1" status: 200 len: 210 time: 0.0407186
2026-06-25 23:32:35.537 9 INFO neutron.db.ovn_revision_numbers_db [None req-70e336c6-85be-4d62-9b3b-005df9650400 0134876e63df4d6d89960bb22d4a8a48 4e8bfc06c6304b95bdd83a85c6ce652b - - - -] Successfully bumped revision number for resource c3464738-f52e-476b-83b0-07b8d01d4e67 (type: floatingips) to 0
2026-06-25 23:32:35.553 9 INFO neutron.wsgi [None req-70e336c6-85be-4d62-9b3b-005df9650400 0134876e63df4d6d89960bb22d4a8a48 4e8bfc06c6304b95bdd83a85c6ce652b - - - -] 10.0.0.23 "POST /v2.0/floatingips HTTP/1.1" status: 201 len: 751 time: 1.2296035
2026-06-25 23:32:35.621 9 INFO neutron.db.ovn_revision_numbers_db [None req-6f336a89-0b9c-423f-87ba-0cbfc51602ec 5708b641184d43329b1250b89b1012c9 0ffab1204bde4b23889760e4ccb09dce - - - -] Successfully bumped revision number for resource cbdeeec2-75fa-446b-96af-dd244b5e8a55 (type: security_group_rules) to 0
2026-06-25 23:32:35.661 9 INFO neutron.wsgi [None req-6f336a89-0b9c-423f-87ba-0cbfc51602ec 5708b641184d43329b1250b89b1012c9 0ffab1204bde4b23889760e4ccb09dce - - - -] 10.0.0.211 "POST /v2.0/security-group-rules HTTP/1.1" status: 201 len: 791 time: 0.2625165
2026-06-25 23:32:35.670 9 INFO neutron.db.ovn_revision_numbers_db [None req-64ee1026-ea86-45b1-9f4e-62e0590bb4ee - - - - - -] Successfully bumped revision number for resource 771b8529-8298-43d0-9602-2dc06c671a5a (type: router_ports) to 4
2026-06-25 23:32:35.761 10 INFO neutron.wsgi [req-555f9874-bc45-4b18-aad9-701eb0b646d1 req-5ca501d9-00a9-4dff-aadb-d176a38eecb1 5708b641184d43329b1250b89b1012c9 0ffab1204bde4b23889760e4ccb09dce - - default default] 10.0.0.211 "GET /v2.0/security-groups/a0845ce3-2e72-409e-81b9-6b8ccde8a10d HTTP/1.1" status: 200 len: 3012 time: 0.0671294
2026-06-25 23:32:35.799 9 INFO neutron.wsgi [req-1826d924-8df7-4367-a1cb-d436377a6870 req-2266e7b5-0844-4dec-8bbf-1a543791ebda 5708b641184d43329b1250b89b1012c9 0ffab1204bde4b23889760e4ccb09dce - - default default] 10.0.0.211 "GET /v2.0/security-group-rules/cbdeeec2-75fa-446b-96af-dd244b5e8a55 HTTP/1.1" status: 200 len: 783 time: 0.0180025
2026-06-25 23:32:35.865 9 INFO neutron.wsgi [req-1826d924-8df7-4367-a1cb-d436377a6870 req-b11a567b-ef23-4402-a351-b1896926bcc8 5708b641184d43329b1250b89b1012c9 0ffab1204bde4b23889760e4ccb09dce - - default default] 10.0.0.211 "GET /v2.0/security-groups/a0845ce3-2e72-409e-81b9-6b8ccde8a10d HTTP/1.1" status: 200 len: 3012 time: 0.0524156
2026-06-25 23:32:35.914 10 INFO neutron.db.ovn_revision_numbers_db [None req-c705a28d-7986-49b6-b986-065e3a267baa eb385586f3e7424ca61f8366f483a2e1 5e6f572533a8440b9f7d5c9b69bf8a4b - - - -] Successfully bumped revision number for resource d722be7a-05b7-45da-909f-83912f3fcee8 (type: router_ports) to 2
2026-06-25 23:32:35.917 10 INFO neutron.wsgi [None req-c705a28d-7986-49b6-b986-065e3a267baa eb385586f3e7424ca61f8366f483a2e1 5e6f572533a8440b9f7d5c9b69bf8a4b - - - -] 10.0.0.23 "PUT /v2.0/routers/9d70993f-a842-42f4-ae4d-371b9d5812fd/add_router_interface HTTP/1.1" status: 200 len: 503 time: 2.7808499
2026-06-25 23:32:36.046 9 INFO neutron.wsgi [None req-f89b2f3c-82de-4582-9afe-1844331da993 5708b641184d43329b1250b89b1012c9 0ffab1204bde4b23889760e4ccb09dce - - - -] 10.0.0.211 "DELETE /v2.0/security-group-rules/cbdeeec2-75fa-446b-96af-dd244b5e8a55 HTTP/1.1" status: 204 len: 173 time: 0.1744850
2026-06-25 23:32:36.104 10 INFO neutron.wsgi [req-f8792814-edb4-4ae7-9a57-70320d09e9dc req-03baa4b0-6687-427c-affa-0010af860c98 5708b641184d43329b1250b89b1012c9 0ffab1204bde4b23889760e4ccb09dce - - default default] 10.0.0.211 "GET /v2.0/security-groups/a0845ce3-2e72-409e-81b9-6b8ccde8a10d HTTP/1.1" status: 200 len: 2414 time: 0.0339017
2026-06-25 23:32:36.237 10 INFO neutron.wsgi [None req-b2b388e7-b5ee-4f3f-b928-7081310e229a 5708b641184d43329b1250b89b1012c9 0ffab1204bde4b23889760e4ccb09dce - - - -] 10.0.0.211 "DELETE /v2.0/security-groups/a0845ce3-2e72-409e-81b9-6b8ccde8a10d HTTP/1.1" status: 204 len: 173 time: 0.1287553
2026-06-25 23:32:36.302 9 INFO neutron.wsgi [req-1588948b-2a3c-4eae-a170-aa4d4f37a0d6 req-ca2b1f16-b4a0-4ee6-9280-d04049915a6a 5708b641184d43329b1250b89b1012c9 0ffab1204bde4b23889760e4ccb09dce - - default default] 10.0.0.211 "GET /v2.0/security-groups/192ded1b-a742-4e36-a238-8898f6d630ac HTTP/1.1" status: 200 len: 2413 time: 0.0405674
2026-06-25 23:32:36.492 9 INFO neutron.wsgi [None req-2a01b32e-cee8-4aaa-941f-39906880a8c8 5708b641184d43329b1250b89b1012c9 0ffab1204bde4b23889760e4ccb09dce - - - -] 10.0.0.211 "DELETE /v2.0/security-groups/192ded1b-a742-4e36-a238-8898f6d630ac HTTP/1.1" status: 204 len: 173 time: 0.1832933
2026-06-25 23:32:36.573 10 INFO neutron.db.ovn_revision_numbers_db [None req-8f80b03a-e312-4f6b-b7c6-3ad1e9c142b3 2928ce90cfe84480a6781d9ddf17247a d6bf0b89694d4bec8677c1b4d2aa0ce3 - - - -] Successfully bumped revision number for resource 0a5ba699-4678-4f97-be00-d9eaf991c9f7 (type: security_groups) to 1
2026-06-25 23:32:36.600 10 INFO neutron.wsgi [None req-8f80b03a-e312-4f6b-b7c6-3ad1e9c142b3 2928ce90cfe84480a6781d9ddf17247a d6bf0b89694d4bec8677c1b4d2aa0ce3 - - - -] 10.0.0.211 "POST /v2.0/security-groups HTTP/1.1" status: 201 len: 1821 time: 0.1459246
2026-06-25 23:32:36.633 9 INFO neutron.wsgi [req-955b0f88-932c-49e0-80c3-2cdcba99c68a req-2a74f100-770c-48b0-bd41-9c5452bfa357 dcba21c6d4df4a7d9f06b6c97fec1f40 38cd13e69ba44c059d22935d463d4c84 - - default default] 10.0.0.211 "GET /v2.0/ports?device_id=9f5b5dab-b80c-421a-ab12-73a61fef08de HTTP/1.1" status: 200 len: 210 time: 0.0532165
2026-06-25 23:32:36.775 10 INFO neutron.db.ovn_revision_numbers_db [None req-7b602698-1975-4a07-80f7-6fdeaabc4d26 2928ce90cfe84480a6781d9ddf17247a d6bf0b89694d4bec8677c1b4d2aa0ce3 - - - -] Successfully bumped revision number for resource 4dee09bc-0a96-4296-9f30-2c9f78ddd15e (type: security_groups) to 1
2026-06-25 23:32:36.797 10 INFO neutron.wsgi [None req-7b602698-1975-4a07-80f7-6fdeaabc4d26 2928ce90cfe84480a6781d9ddf17247a d6bf0b89694d4bec8677c1b4d2aa0ce3 - - - -] 10.0.0.211 "POST /v2.0/security-groups HTTP/1.1" status: 201 len: 1822 time: 0.1672213
2026-06-25 23:32:36.993 10 WARNING neutron.plugins.ml2.drivers.ovn.mech_driver.ovsdb.ovn_client [None req-56e06cab-88df-4a0c-9f6c-9609ea2afd09 - - - - - -] No hosting information found for port 5a7aa8ce-0b5c-41f5-a924-429a65d77969: RuntimeError: No hosting information found for port 5a7aa8ce-0b5c-41f5-a924-429a65d77969
2026-06-25 23:32:36.994 10 INFO neutron.plugins.ml2.drivers.ovn.mech_driver.mech_driver [None req-56e06cab-88df-4a0c-9f6c-9609ea2afd09 - - - - - -] OVN reports status up for port: e12f9c0a-4d6c-48a6-8ec7-f321557c119b
2026-06-25 23:32:37.010 10 INFO neutron.plugins.ml2.plugin [None req-56e06cab-88df-4a0c-9f6c-9609ea2afd09 - - - - - -] Attempt 1 to provision port e12f9c0a-4d6c-48a6-8ec7-f321557c119b
2026-06-25 23:32:37.057 10 INFO neutron.wsgi [req-dd5c0509-6067-47ce-a061-dd66ee7f4d7b req-8bacaede-770b-408d-bac0-73843cbd13ef dcba21c6d4df4a7d9f06b6c97fec1f40 38cd13e69ba44c059d22935d463d4c84 - - default default] 199.19.213.169 "GET /v2.0/networks?id=91fcb463-0faa-41e1-81d0-ba0164b0f4ad HTTP/1.1" status: 200 len: 882 time: 0.1352088
2026-06-25 23:32:37.096 9 INFO neutron.db.ovn_revision_numbers_db [None req-49616308-934c-44a9-a199-ec2ecd52bc65 2928ce90cfe84480a6781d9ddf17247a d6bf0b89694d4bec8677c1b4d2aa0ce3 - - - -] Successfully bumped revision number for resource 9d41c447-7093-4637-ad78-4a6317c4a992 (type: security_groups) to 1
2026-06-25 23:32:37.136 9 INFO neutron.wsgi [None req-49616308-934c-44a9-a199-ec2ecd52bc65 2928ce90cfe84480a6781d9ddf17247a d6bf0b89694d4bec8677c1b4d2aa0ce3 - - - -] 10.0.0.211 "POST /v2.0/security-groups HTTP/1.1" status: 201 len: 1821 time: 0.2264421
2026-06-25 23:32:37.146 10 INFO neutron.wsgi [req-dd5c0509-6067-47ce-a061-dd66ee7f4d7b req-de97fadf-d10a-4bbd-8655-988adc4fe32e dcba21c6d4df4a7d9f06b6c97fec1f40 38cd13e69ba44c059d22935d463d4c84 - - default default] 199.19.213.169 "GET /v2.0/security-groups?fields=id&fields=name&tenant_id=38cd13e69ba44c059d22935d463d4c84 HTTP/1.1" status: 200 len: 380 time: 0.0641413
2026-06-25 23:32:37.269 10 INFO neutron.wsgi [req-ed8be39e-cb96-46fb-b5fa-4b22f0a8801e req-3a42364c-bf89-4337-a012-f6632327efd2 2928ce90cfe84480a6781d9ddf17247a d6bf0b89694d4bec8677c1b4d2aa0ce3 - - default default] 10.0.0.211 "GET /v2.0/security-groups?tenant_id=d6bf0b89694d4bec8677c1b4d2aa0ce3 HTTP/1.1" status: 200 len: 7792 time: 0.0996854
2026-06-25 23:32:37.371 10 INFO neutron.wsgi [req-ed8be39e-cb96-46fb-b5fa-4b22f0a8801e req-80516364-3cea-4dce-9112-a2372f361b4a 2928ce90cfe84480a6781d9ddf17247a d6bf0b89694d4bec8677c1b4d2aa0ce3 - - default default] 10.0.0.211 "GET /v2.0/security-groups/885ffc06-03c9-4b8a-9b0d-8468c49d428d HTTP/1.1" status: 200 len: 2994 time: 0.0839560
2026-06-25 23:32:37.468 10 ERROR neutron.plugins.ml2.managers [None req-56e06cab-88df-4a0c-9f6c-9609ea2afd09 - - - - - -] Mechanism driver 'ovn' failed in update_port_postcommit: ovsdbapp.backend.ovs_idl.idlutils.RowNotFound: Cannot find Logical_Switch_Port with name=e12f9c0a-4d6c-48a6-8ec7-f321557c119b
2026-06-25 23:32:37.468 10 ERROR neutron.plugins.ml2.managers
Traceback (most recent call last):
2026-06-25 23:32:37.468 10 ERROR neutron.plugins.ml2.managers
File "/var/lib/openstack/lib/python3.10/site-packages/neutron/plugins/ml2/managers.py", line 497, in _call_on_drivers
2026-06-25 23:32:37.468 10 ERROR neutron.plugins.ml2.managers getattr(driver.obj, method_name)(context)
2026-06-25 23:32:37.468 10 ERROR neutron.plugins.ml2.managers
File "/var/lib/openstack/lib/python3.10/site-packages/neutron/plugins/ml2/drivers/ovn/mech_driver/mech_driver.py", line 874, in update_port_postcommit
2026-06-25 23:32:37.468 10 ERROR neutron.plugins.ml2.managers self._ovn_update_port(context._plugin_context, port, original_port,
2026-06-25 23:32:37.468 10 ERROR neutron.plugins.ml2.managers
File "/var/lib/openstack/lib/python3.10/site-packages/neutron/plugins/ml2/drivers/ovn/mech_driver/mech_driver.py", line 757, in _ovn_update_port
2026-06-25 23:32:37.468 10 ERROR neutron.plugins.ml2.managers self._ovn_client.update_port(plugin_context, port,
2026-06-25 23:32:37.468 10 ERROR neutron.plugins.ml2.managers
File "/var/lib/openstack/lib/python3.10/site-packages/neutron/plugins/ml2/drivers/ovn/mech_driver/ovsdb/ovn_client.py", line 813, in update_port
2026-06-25 23:32:37.468 10 ERROR neutron.plugins.ml2.managers ovn_port = self._nb_idl.lookup('Logical_Switch_Port', port['id'])
2026-06-25 23:32:37.468 10 ERROR neutron.plugins.ml2.managers
File "/var/lib/openstack/lib/python3.10/site-packages/ovsdbapp/backend/ovs_idl/__init__.py", line 181, in lookup
2026-06-25 23:32:37.468 10 ERROR neutron.plugins.ml2.managers return self._lookup(table, record)
2026-06-25 23:32:37.468 10 ERROR neutron.plugins.ml2.managers
File "/var/lib/openstack/lib/python3.10/site-packages/ovsdbapp/backend/ovs_idl/__init__.py", line 228, in _lookup
2026-06-25 23:32:37.468 10 ERROR neutron.plugins.ml2.managers row = idlutils.row_by_value(self, rl.table, rl.column, record)
2026-06-25 23:32:37.468 10 ERROR neutron.plugins.ml2.managers
File "/var/lib/openstack/lib/python3.10/site-packages/ovsdbapp/backend/ovs_idl/idlutils.py", line 114, in row_by_value
2026-06-25 23:32:37.468 10 ERROR neutron.plugins.ml2.managers raise RowNotFound(table=table, col=column, match=match)
2026-06-25 23:32:37.468 10 ERROR neutron.plugins.ml2.managers ovsdbapp.backend.ovs_idl.idlutils.RowNotFound: Cannot find Logical_Switch_Port with name=e12f9c0a-4d6c-48a6-8ec7-f321557c119b
2026-06-25 23:32:37.468 10 ERROR neutron.plugins.ml2.managers 
2026-06-25 23:32:37.474 10 INFO neutron.wsgi [req-ed8be39e-cb96-46fb-b5fa-4b22f0a8801e req-8a8bd0dc-0b0f-4b52-a1a6-cf3131c92861 2928ce90cfe84480a6781d9ddf17247a d6bf0b89694d4bec8677c1b4d2aa0ce3 - - default default] 10.0.0.211 "GET /v2.0/security-groups/885ffc06-03c9-4b8a-9b0d-8468c49d428d HTTP/1.1" status: 200 len: 2994 time: 0.0891516
2026-06-25 23:32:37.543 9 INFO neutron.wsgi [req-98c9a68a-ed29-4a98-b141-3a51d1d84ea1 req-d6dadb85-10de-4235-b81a-790efd576014 2928ce90cfe84480a6781d9ddf17247a d6bf0b89694d4bec8677c1b4d2aa0ce3 - - default default] 10.0.0.211 "GET /v2.0/security-groups/0a5ba699-4678-4f97-be00-d9eaf991c9f7 HTTP/1.1" status: 200 len: 1816 time: 0.0309656
2026-06-25 23:32:37.745 9 INFO neutron.wsgi [None req-43becc38-718a-4231-b326-2277497ac923 2928ce90cfe84480a6781d9ddf17247a d6bf0b89694d4bec8677c1b4d2aa0ce3 - - - -] 10.0.0.211 "DELETE /v2.0/security-groups/0a5ba699-4678-4f97-be00-d9eaf991c9f7 HTTP/1.1" status: 204 len: 173 time: 0.1949754
2026-06-25 23:32:37.795 9 INFO neutron.api.v2.resource [req-d8f9d414-da5d-49ea-be9b-31f191b89fc5 req-5a386d85-ed16-4e79-9d54-93d4399d5427 2928ce90cfe84480a6781d9ddf17247a d6bf0b89694d4bec8677c1b4d2aa0ce3 - - default default] show failed (client error): The resource could not be found.
2026-06-25 23:32:37.796 9 INFO neutron.wsgi [req-d8f9d414-da5d-49ea-be9b-31f191b89fc5 req-5a386d85-ed16-4e79-9d54-93d4399d5427 2928ce90cfe84480a6781d9ddf17247a d6bf0b89694d4bec8677c1b4d2aa0ce3 - - default default] 10.0.0.211 "GET /v2.0/security-groups/0a5ba699-4678-4f97-be00-d9eaf991c9f7 HTTP/1.1" status: 404 len: 352 time: 0.0251842
2026-06-25 23:32:37.800 10 INFO neutron.wsgi [req-3aa7771b-104b-4677-82c0-f75e84c1b67e req-44fa6c67-d679-4703-9727-2fe4b8121f4b dcba21c6d4df4a7d9f06b6c97fec1f40 38cd13e69ba44c059d22935d463d4c84 - - default default] 10.0.0.211 "GET /v2.0/ports?device_id=9f5b5dab-b80c-421a-ab12-73a61fef08de HTTP/1.1" status: 200 len: 210 time: 0.0250628
2026-06-25 23:32:37.909 10 WARNING neutron.scheduler.dhcp_agent_scheduler [None req-bb04dc05-03f1-4460-96d3-e05274732a81 dcba21c6d4df4a7d9f06b6c97fec1f40 38cd13e69ba44c059d22935d463d4c84 - - - -] No more DHCP agents
2026-06-25 23:32:37.912 10 WARNING neutron.api.rpc.agentnotifiers.dhcp_rpc_agent_api [None req-bb04dc05-03f1-4460-96d3-e05274732a81 dcba21c6d4df4a7d9f06b6c97fec1f40 38cd13e69ba44c059d22935d463d4c84 - - - -] Unable to schedule network 91fcb463-0faa-41e1-81d0-ba0164b0f4ad: no agents available; will retry on subsequent port and subnet creation events.
2026-06-25 23:32:38.018 9 INFO neutron.wsgi [req-5639d3dd-5238-46d0-99b3-a72b641b232f req-f1e26214-507a-45d9-8eb5-ffeaab8b6a4c 2928ce90cfe84480a6781d9ddf17247a d6bf0b89694d4bec8677c1b4d2aa0ce3 - - default default] 10.0.0.211 "GET /v2.0/security-groups/4dee09bc-0a96-4296-9f30-2c9f78ddd15e HTTP/1.1" status: 200 len: 1817 time: 0.0468616
2026-06-25 23:32:38.051 10 INFO neutron.db.ovn_revision_numbers_db [None req-bb04dc05-03f1-4460-96d3-e05274732a81 dcba21c6d4df4a7d9f06b6c97fec1f40 38cd13e69ba44c059d22935d463d4c84 - - - -] Successfully bumped revision number for resource cd21e6d4-014d-46d9-aeb3-91b634c40a32 (type: ports) to 1
2026-06-25 23:32:38.075 10 INFO neutron.wsgi [None req-bb04dc05-03f1-4460-96d3-e05274732a81 dcba21c6d4df4a7d9f06b6c97fec1f40 38cd13e69ba44c059d22935d463d4c84 - - - -] 199.19.213.169 "POST /v2.0/ports HTTP/1.1" status: 201 len: 1162 time: 0.9219842 /var/lib/openstack/lib/python3.10/site-packages/pycadf/identifier.py:71: UserWarning: Invalid uuid: neutron. To ensure interoperability, identifiers should be a valid uuid. warnings.warn(('Invalid uuid: %s. To ensure interoperability, '
2026-06-25 23:32:38.089 10 INFO neutron.wsgi [req-dd5c0509-6067-47ce-a061-dd66ee7f4d7b req-c35bc29b-4119-4b43-a8af-350d31620aef dcba21c6d4df4a7d9f06b6c97fec1f40 38cd13e69ba44c059d22935d463d4c84 - - default default] 199.19.213.169 "GET /v2.0/extensions HTTP/1.1" status: 200 len: 16525 time: 0.0087466
2026-06-25 23:32:38.235 9 INFO neutron.wsgi [None req-2d33b559-7478-493f-a7a1-8671d150a8df 2928ce90cfe84480a6781d9ddf17247a d6bf0b89694d4bec8677c1b4d2aa0ce3 - - - -] 10.0.0.211 "DELETE /v2.0/security-groups/4dee09bc-0a96-4296-9f30-2c9f78ddd15e HTTP/1.1" status: 204 len: 173 time: 0.2081685
2026-06-25 23:32:38.275 10 INFO neutron.api.v2.resource [req-74461f8d-c369-4b49-b8c0-b34f7182a6b5 req-4a136795-bfc4-4f12-9119-935f67ac0f65 2928ce90cfe84480a6781d9ddf17247a d6bf0b89694d4bec8677c1b4d2aa0ce3 - - default default] show failed (client error): The resource could not be found.
2026-06-25 23:32:38.276 10 INFO neutron.wsgi [req-74461f8d-c369-4b49-b8c0-b34f7182a6b5 req-4a136795-bfc4-4f12-9119-935f67ac0f65 2928ce90cfe84480a6781d9ddf17247a d6bf0b89694d4bec8677c1b4d2aa0ce3 - - default default] 10.0.0.211 "GET /v2.0/security-groups/4dee09bc-0a96-4296-9f30-2c9f78ddd15e HTTP/1.1" status: 404 len: 352 time: 0.0162661 /var/lib/openstack/lib/python3.10/site-packages/pycadf/identifier.py:71: UserWarning: Invalid uuid: neutron. To ensure interoperability, identifiers should be a valid uuid. warnings.warn(('Invalid uuid: %s. To ensure interoperability, '
2026-06-25 23:32:38.316 9 INFO neutron.wsgi [None req-65929d61-32ea-42b1-84d6-6c38254b5d22 eb385586f3e7424ca61f8366f483a2e1 5e6f572533a8440b9f7d5c9b69bf8a4b - - - -] 10.0.0.23 "PUT /v2.0/routers/85e842f9-0140-44b9-a447-541f4e408c0c/remove_router_interface HTTP/1.1" status: 200 len: 503 time: 1.8103888
2026-06-25 23:32:38.355 9 INFO neutron.wsgi [req-7faabdd6-6ca9-40dc-aa51-8c753dc4dadd req-97fd8036-ef66-48fb-8733-ceee80749fdc 2928ce90cfe84480a6781d9ddf17247a d6bf0b89694d4bec8677c1b4d2aa0ce3 - - default default] 10.0.0.211 "GET /v2.0/security-groups/9d41c447-7093-4637-ad78-4a6317c4a992 HTTP/1.1" status: 200 len: 1816 time: 0.0543478
2026-06-25 23:32:38.515 9 INFO neutron.wsgi [None req-bb1674e9-749a-432b-9b75-cc39558a9040 2928ce90cfe84480a6781d9ddf17247a d6bf0b89694d4bec8677c1b4d2aa0ce3 - - - -] 10.0.0.211 "DELETE /v2.0/security-groups/9d41c447-7093-4637-ad78-4a6317c4a992 HTTP/1.1" status: 204 len: 173 time: 0.1537998
2026-06-25 23:32:38.560 10 INFO neutron.api.v2.resource [req-e57c75a9-8350-4d89-894d-6b97b654124c req-40d16cae-3894-499d-8a01-f3aafc1c3c92 2928ce90cfe84480a6781d9ddf17247a d6bf0b89694d4bec8677c1b4d2aa0ce3 - - default default] show failed (client error): The resource could not be found.
2026-06-25 23:32:38.562 10 INFO neutron.wsgi [req-e57c75a9-8350-4d89-894d-6b97b654124c req-40d16cae-3894-499d-8a01-f3aafc1c3c92 2928ce90cfe84480a6781d9ddf17247a d6bf0b89694d4bec8677c1b4d2aa0ce3 - - default default] 10.0.0.211 "GET /v2.0/security-groups/9d41c447-7093-4637-ad78-4a6317c4a992 HTTP/1.1" status: 404 len: 352 time: 0.0198133
2026-06-25 23:32:38.634 9 INFO neutron.wsgi [req-b55fb53c-432c-4463-bbf5-d9de90c4aefd req-17473cdf-704c-48a1-a9f1-339c68d4eef1 2928ce90cfe84480a6781d9ddf17247a d6bf0b89694d4bec8677c1b4d2aa0ce3 - - default default] 10.0.0.211 "GET /v2.0/security-groups?tenant_id=d6bf0b89694d4bec8677c1b4d2aa0ce3 HTTP/1.1" status: 200 len: 2997 time: 0.0466666
2026-06-25 23:32:38.676 9 INFO neutron.wsgi [req-b55fb53c-432c-4463-bbf5-d9de90c4aefd req-79a0167b-8c55-4c69-8851-41e42b428607 2928ce90cfe84480a6781d9ddf17247a d6bf0b89694d4bec8677c1b4d2aa0ce3 - - default default] 10.0.0.211 "GET /v2.0/security-groups/885ffc06-03c9-4b8a-9b0d-8468c49d428d HTTP/1.1" status: 200 len: 2994 time: 0.0345984
2026-06-25 23:32:38.720 9 INFO neutron.wsgi [req-b55fb53c-432c-4463-bbf5-d9de90c4aefd req-eae40fec-abff-40c0-9d1f-471caf20d389 2928ce90cfe84480a6781d9ddf17247a d6bf0b89694d4bec8677c1b4d2aa0ce3 - - default default] 10.0.0.211 "GET /v2.0/security-groups/885ffc06-03c9-4b8a-9b0d-8468c49d428d HTTP/1.1" status: 200 len: 2994 time: 0.0362763
2026-06-25 23:32:38.790 10 INFO neutron.api.v2.resource [req-08cd70ac-e1a7-4012-b601-d4b6330426ed req-30fb67b7-3c28-4f50-b0aa-9fac0696e928 2928ce90cfe84480a6781d9ddf17247a d6bf0b89694d4bec8677c1b4d2aa0ce3 - - default default] show failed (client error): The resource could not be found.
2026-06-25 23:32:38.791 10 INFO neutron.wsgi [req-08cd70ac-e1a7-4012-b601-d4b6330426ed req-30fb67b7-3c28-4f50-b0aa-9fac0696e928 2928ce90cfe84480a6781d9ddf17247a d6bf0b89694d4bec8677c1b4d2aa0ce3 - - default default] 10.0.0.211 "GET /v2.0/security-groups/9d41c447-7093-4637-ad78-4a6317c4a992 HTTP/1.1" status: 404 len: 352 time: 0.0317490
2026-06-25 23:32:38.835 9 INFO neutron.api.v2.resource [req-6697f289-758b-4625-a8c3-5a2109730c53 req-6661d154-f7de-41cf-ba9f-b894a1f5ec51 2928ce90cfe84480a6781d9ddf17247a d6bf0b89694d4bec8677c1b4d2aa0ce3 - - default default] show failed (client error): The resource could not be found.
2026-06-25 23:32:38.836 9 INFO neutron.wsgi [req-6697f289-758b-4625-a8c3-5a2109730c53 req-6661d154-f7de-41cf-ba9f-b894a1f5ec51 2928ce90cfe84480a6781d9ddf17247a d6bf0b89694d4bec8677c1b4d2aa0ce3 - - default default] 10.0.0.211 "GET /v2.0/security-groups/4dee09bc-0a96-4296-9f30-2c9f78ddd15e HTTP/1.1" status: 404 len: 352 time: 0.0201004
2026-06-25 23:32:38.876 9 INFO neutron.api.v2.resource [req-0ce47fdc-4d1d-4a09-bccb-feb8a0695f55 req-e019301d-acee-40ce-b8a4-234601aed37f 2928ce90cfe84480a6781d9ddf17247a d6bf0b89694d4bec8677c1b4d2aa0ce3 - - default default] show failed (client error): The resource could not be found.
2026-06-25 23:32:38.878 9 INFO neutron.wsgi [req-0ce47fdc-4d1d-4a09-bccb-feb8a0695f55 req-e019301d-acee-40ce-b8a4-234601aed37f 2928ce90cfe84480a6781d9ddf17247a d6bf0b89694d4bec8677c1b4d2aa0ce3 - - default default] 10.0.0.211 "GET /v2.0/security-groups/0a5ba699-4678-4f97-be00-d9eaf991c9f7 HTTP/1.1" status: 404 len: 352 time: 0.0188067
2026-06-25 23:32:39.173 10 INFO neutron.wsgi [req-a143db7a-686c-4b37-ab65-6b92999c75d6 req-5e589973-bcb1-4960-ae1e-7eb58cc2f086 dcba21c6d4df4a7d9f06b6c97fec1f40 38cd13e69ba44c059d22935d463d4c84 - - default default] 10.0.0.211 "GET /v2.0/ports?device_id=9f5b5dab-b80c-421a-ab12-73a61fef08de HTTP/1.1" status: 200 len: 1172 time: 0.3044686 /var/lib/openstack/lib/python3.10/site-packages/pycadf/identifier.py:71: UserWarning: Invalid uuid: neutron. To ensure interoperability, identifiers should be a valid uuid. warnings.warn(('Invalid uuid: %s. To ensure interoperability, '
2026-06-25 23:32:39.244 10 INFO neutron.wsgi [req-a143db7a-686c-4b37-ab65-6b92999c75d6 req-b3eb6b36-da66-4937-941c-630a3c24c346 dcba21c6d4df4a7d9f06b6c97fec1f40 38cd13e69ba44c059d22935d463d4c84 - - default default] 10.0.0.211 "GET /v2.0/security-groups?id=58b08e99-1346-4993-a214-4a820875389a&fields=id&fields=name HTTP/1.1" status: 200 len: 313 time: 0.0633943
2026-06-25 23:32:39.281 10 INFO neutron.db.ovn_revision_numbers_db [None req-0d5b588d-4310-407e-9d2a-20712493c128 143c65c7298446e681cd119dc2c0a3b2 6f1c8f48b77349a8adaa6d1ed7cf1c6e - - - -] Successfully bumped revision number for resource cd21e6d4-014d-46d9-aeb3-91b634c40a32 (type: ports) to 2
2026-06-25 23:32:39.495 10 INFO neutron.wsgi [None req-53cfe3aa-f290-435e-ab9b-a15535b758e5 eb385586f3e7424ca61f8366f483a2e1 5e6f572533a8440b9f7d5c9b69bf8a4b - - - -] 10.0.0.23 "DELETE /v2.0/routers/85e842f9-0140-44b9-a447-541f4e408c0c HTTP/1.1" status: 204 len: 168 time: 1.1726987
2026-06-25 23:32:39.552 10 INFO neutron.db.ovn_revision_numbers_db [None req-0d5b588d-4310-407e-9d2a-20712493c128 143c65c7298446e681cd119dc2c0a3b2 6f1c8f48b77349a8adaa6d1ed7cf1c6e - - - -] Successfully bumped revision number for resource cd21e6d4-014d-46d9-aeb3-91b634c40a32 (type: ports) to 2
2026-06-25 23:32:39.572 10 INFO neutron.wsgi [None req-0d5b588d-4310-407e-9d2a-20712493c128 143c65c7298446e681cd119dc2c0a3b2 6f1c8f48b77349a8adaa6d1ed7cf1c6e - - - -] 199.19.213.169 "PUT /v2.0/ports/cd21e6d4-014d-46d9-aeb3-91b634c40a32 HTTP/1.1" status: 200 len: 1332 time: 1.1512516 /var/lib/openstack/lib/python3.10/site-packages/pycadf/identifier.py:71: UserWarning: Invalid uuid: neutron. To ensure interoperability, identifiers should be a valid uuid. warnings.warn(('Invalid uuid: %s. To ensure interoperability, '
2026-06-25 23:32:39.685 10 INFO neutron.wsgi [req-dd5c0509-6067-47ce-a061-dd66ee7f4d7b req-ffa9c9bb-a438-4b8e-ae4a-948648826c2c 143c65c7298446e681cd119dc2c0a3b2 6f1c8f48b77349a8adaa6d1ed7cf1c6e - - b086645a873745aabf57b5e0cf146ab9 b086645a873745aabf57b5e0cf146ab9] 199.19.213.169 "GET /v2.0/ports?tenant_id=38cd13e69ba44c059d22935d463d4c84&device_id=9f5b5dab-b80c-421a-ab12-73a61fef08de HTTP/1.1" status: 200 len: 1363 time: 0.0707386
2026-06-25 23:32:39.726 10 INFO neutron.wsgi [req-dd5c0509-6067-47ce-a061-dd66ee7f4d7b req-786bf5b4-2d16-4e52-8636-ee26f038482c 143c65c7298446e681cd119dc2c0a3b2 6f1c8f48b77349a8adaa6d1ed7cf1c6e - - b086645a873745aabf57b5e0cf146ab9 b086645a873745aabf57b5e0cf146ab9] 199.19.213.169 "GET /v2.0/floatingips?fixed_ip_address=10.100.0.12&port_id=cd21e6d4-014d-46d9-aeb3-91b634c40a32 HTTP/1.1" status: 200 len: 217 time: 0.0348432
2026-06-25 23:32:39.774 10 INFO neutron.wsgi [req-dd5c0509-6067-47ce-a061-dd66ee7f4d7b req-5a489692-69b6-48ff-8a67-4ef79fed5f21 143c65c7298446e681cd119dc2c0a3b2 6f1c8f48b77349a8adaa6d1ed7cf1c6e - - b086645a873745aabf57b5e0cf146ab9 b086645a873745aabf57b5e0cf146ab9] 199.19.213.169 "GET /v2.0/subnets?id=cc35d19e-f33d-4ab7-ba9e-3a526dac6e5d HTTP/1.1" status: 200 len: 876 time: 0.0409739
2026-06-25 23:32:39.779 9 INFO neutron.wsgi [None req-a664d604-c441-4887-9ef9-3513122ce73e eb385586f3e7424ca61f8366f483a2e1 5e6f572533a8440b9f7d5c9b69bf8a4b - - - -] 10.0.0.23 "DELETE /v2.0/subnets/622d602b-b492-46db-9719-60259834fb47 HTTP/1.1" status: 204 len: 168 time: 0.2708287
2026-06-25 23:32:39.837 10 INFO neutron.wsgi [req-dd5c0509-6067-47ce-a061-dd66ee7f4d7b req-563a4caa-c1d7-44fb-a659-8bf7a612358e 143c65c7298446e681cd119dc2c0a3b2 6f1c8f48b77349a8adaa6d1ed7cf1c6e - - b086645a873745aabf57b5e0cf146ab9 b086645a873745aabf57b5e0cf146ab9] 199.19.213.169 "GET /v2.0/ports?network_id=91fcb463-0faa-41e1-81d0-ba0164b0f4ad&device_owner=network%3Adhcp HTTP/1.1" status: 200 len: 210 time: 0.0509305
2026-06-25 23:32:39.930 10 INFO neutron.wsgi [req-dd5c0509-6067-47ce-a061-dd66ee7f4d7b req-66788838-a769-4c3d-84ba-c4dee1c554f9 143c65c7298446e681cd119dc2c0a3b2 6f1c8f48b77349a8adaa6d1ed7cf1c6e - - b086645a873745aabf57b5e0cf146ab9 b086645a873745aabf57b5e0cf146ab9] 199.19.213.169 "GET /v2.0/networks/91fcb463-0faa-41e1-81d0-ba0164b0f4ad?fields=segments HTTP/1.1" status: 200 len: 212 time: 0.0831931
