2026-06-25 23:36:05.030 10 INFO neutron.wsgi [req-232e2c2d-66b3-48a0-9eb3-97eb299aa4b5 req-5e70df36-37b2-48e2-a3e0-af81007c2d1a 143c65c7298446e681cd119dc2c0a3b2 6f1c8f48b77349a8adaa6d1ed7cf1c6e - - b086645a873745aabf57b5e0cf146ab9 b086645a873745aabf57b5e0cf146ab9] 199.19.213.169 "GET /v2.0/ports?tenant_id=c524240544d547fc99cbb280f6abf5eb&device_id=5125a1bb-8ebb-41ad-8854-676769c52204 HTTP/1.1" status: 200 len: 1361 time: 0.0315073
2026-06-25 23:36:05.127 10 INFO neutron.wsgi [req-232e2c2d-66b3-48a0-9eb3-97eb299aa4b5 req-f4a02c32-0fbd-49ff-ba4a-b0b53936f0d7 143c65c7298446e681cd119dc2c0a3b2 6f1c8f48b77349a8adaa6d1ed7cf1c6e - - b086645a873745aabf57b5e0cf146ab9 b086645a873745aabf57b5e0cf146ab9] 199.19.213.169 "GET /v2.0/networks?id=fbdbb22a-a003-4639-bd92-e994a7378e3b HTTP/1.1" status: 200 len: 957 time: 0.0896599
2026-06-25 23:36:05.597 10 INFO neutron.wsgi [req-232e2c2d-66b3-48a0-9eb3-97eb299aa4b5 req-aca6af08-a97e-4c19-95f2-824bcf949006 143c65c7298446e681cd119dc2c0a3b2 6f1c8f48b77349a8adaa6d1ed7cf1c6e - - b086645a873745aabf57b5e0cf146ab9 b086645a873745aabf57b5e0cf146ab9] 199.19.213.169 "GET /v2.0/floatingips?fixed_ip_address=10.100.0.6&port_id=ad202508-7dda-4fee-a721-e8455b492fac HTTP/1.1" status: 200 len: 1059 time: 0.4621999
2026-06-25 23:36:05.652 10 INFO neutron.wsgi [req-232e2c2d-66b3-48a0-9eb3-97eb299aa4b5 req-3c05f4c9-c65c-4d4c-ad56-905032ab40b5 143c65c7298446e681cd119dc2c0a3b2 6f1c8f48b77349a8adaa6d1ed7cf1c6e - - b086645a873745aabf57b5e0cf146ab9 b086645a873745aabf57b5e0cf146ab9] 199.19.213.169 "GET /v2.0/subnets?id=5943f111-bdb8-43f8-9062-24e974cf8558 HTTP/1.1" status: 200 len: 853 time: 0.0446844
2026-06-25 23:36:05.694 10 INFO neutron.wsgi [req-232e2c2d-66b3-48a0-9eb3-97eb299aa4b5 req-5c17f31a-7d73-494f-8997-8f547c5a1903 143c65c7298446e681cd119dc2c0a3b2 6f1c8f48b77349a8adaa6d1ed7cf1c6e - - b086645a873745aabf57b5e0cf146ab9 b086645a873745aabf57b5e0cf146ab9] 199.19.213.169 "GET /v2.0/ports?network_id=fbdbb22a-a003-4639-bd92-e994a7378e3b&device_owner=network%3Adhcp HTTP/1.1" status: 200 len: 210 time: 0.0280621
2026-06-25 23:36:05.794 10 INFO neutron.wsgi [req-232e2c2d-66b3-48a0-9eb3-97eb299aa4b5 req-ca6e8758-8cbe-4871-b97f-6533f681754f 143c65c7298446e681cd119dc2c0a3b2 6f1c8f48b77349a8adaa6d1ed7cf1c6e - - b086645a873745aabf57b5e0cf146ab9 b086645a873745aabf57b5e0cf146ab9] 199.19.213.169 "GET /v2.0/networks/fbdbb22a-a003-4639-bd92-e994a7378e3b?fields=segments HTTP/1.1" status: 200 len: 212 time: 0.0803139
2026-06-25 23:36:05.885 10 INFO neutron.wsgi [req-232e2c2d-66b3-48a0-9eb3-97eb299aa4b5 req-e8954cf1-f628-4f8c-b00c-919d60e9a049 143c65c7298446e681cd119dc2c0a3b2 6f1c8f48b77349a8adaa6d1ed7cf1c6e - - b086645a873745aabf57b5e0cf146ab9 b086645a873745aabf57b5e0cf146ab9] 199.19.213.169 "GET /v2.0/networks/fbdbb22a-a003-4639-bd92-e994a7378e3b?fields=provider%3Aphysical_network&fields=provider%3Anetwork_type HTTP/1.1" status: 200 len: 277 time: 0.0821774
2026-06-25 23:36:06.040 10 INFO neutron.wsgi [None req-d899637d-bc6c-45bd-8dba-81618c2f91a9 eb385586f3e7424ca61f8366f483a2e1 5e6f572533a8440b9f7d5c9b69bf8a4b - - - -] 10.0.0.23 "PUT /v2.0/routers/617928a7-d52d-40c9-8af6-b62a8cea6ed1/remove_router_interface HTTP/1.1" status: 200 len: 503 time: 1.9397540 /var/lib/openstack/lib/python3.10/site-packages/pycadf/identifier.py:71: UserWarning: Invalid uuid: neutron. To ensure interoperability, identifiers should be a valid uuid. warnings.warn(('Invalid uuid: %s. To ensure interoperability, '
2026-06-25 23:36:06.731 10 INFO neutron.wsgi [None req-eee0da41-1b1c-42bd-be88-4867475232cd eb385586f3e7424ca61f8366f483a2e1 5e6f572533a8440b9f7d5c9b69bf8a4b - - - -] 10.0.0.23 "DELETE /v2.0/routers/617928a7-d52d-40c9-8af6-b62a8cea6ed1 HTTP/1.1" status: 204 len: 168 time: 0.6864183
2026-06-25 23:36:06.940 10 INFO neutron.wsgi [None req-7237e734-632f-45fb-8fd3-f95ec0765127 eb385586f3e7424ca61f8366f483a2e1 5e6f572533a8440b9f7d5c9b69bf8a4b - - - -] 10.0.0.23 "DELETE /v2.0/subnets/9e348b8a-d11d-4487-a5fd-fe3eb6ce4b30 HTTP/1.1" status: 204 len: 168 time: 0.2036655 /var/lib/openstack/lib/python3.10/site-packages/pycadf/identifier.py:71: UserWarning: Invalid uuid: neutron. To ensure interoperability, identifiers should be a valid uuid. warnings.warn(('Invalid uuid: %s. To ensure interoperability, '
2026-06-25 23:36:07.295 10 INFO neutron.services.segments.plugin [-] Segment 6f242b5a-e248-44c5-a9f2-58ac0ae80fab resource provider aggregate not found
2026-06-25 23:36:07.303 10 INFO neutron.services.segments.plugin [-] Segment 6f242b5a-e248-44c5-a9f2-58ac0ae80fab resource provider aggregate not found
2026-06-25 23:36:07.334 10 INFO neutron.services.segments.plugin [-] Segment 6f242b5a-e248-44c5-a9f2-58ac0ae80fab resource provider not found; error: Placement Client Error (4xx): {"errors": [{"status": 404, "title": "Not Found", "detail": "The resource could not be found.\n\n No resource provider with uuid 6f242b5a-e248-44c5-a9f2-58ac0ae80fab found for delete ", "request_id": "req-2bdbc199-7659-470c-b39b-bb9f7a9d0682"}]}
2026-06-25 23:36:07.335 10 INFO neutron.services.segments.plugin [-] Segment 6f242b5a-e248-44c5-a9f2-58ac0ae80fab resource provider not found; error: Placement Client Error (4xx): {"errors": [{"status": 404, "title": "Not Found", "detail": "The resource could not be found.\n\n No resource provider with uuid 6f242b5a-e248-44c5-a9f2-58ac0ae80fab found for delete ", "request_id": "req-63791954-b7ad-419e-b9a9-cda6725e865b"}]}
2026-06-25 23:36:07.366 10 INFO neutron.wsgi [None req-c47ba429-e7d7-433d-9247-851aeedded57 eb385586f3e7424ca61f8366f483a2e1 5e6f572533a8440b9f7d5c9b69bf8a4b - - - -] 10.0.0.23 "DELETE /v2.0/networks/1f3f6d55-64c5-4cf7-8d38-98104c5e89a5 HTTP/1.1" status: 204 len: 168 time: 0.4201393
2026-06-25 23:36:07.369 9 INFO neutron.db.ovn_revision_numbers_db [None req-a86e8f4c-6c59-4461-9e72-026e9b905dcc d53ba930520d42cd99113bf8dbce60e7 c71605fc79a547af978a252edf4ef3ee - - - -] Successfully bumped revision number for resource a0e0b097-665c-4f1c-ba44-f0923f1032a7 (type: security_groups) to 1
2026-06-25 23:36:07.438 9 INFO neutron.db.segments_db [None req-a86e8f4c-6c59-4461-9e72-026e9b905dcc d53ba930520d42cd99113bf8dbce60e7 c71605fc79a547af978a252edf4ef3ee - - - -] Added segment fa190f8f-1f0c-4da8-89ea-cb30ccfcfe08 of type geneve for network 7def0826-afa7-44a5-9680-b1b81c11273c
2026-06-25 23:36:07.565 9 INFO neutron.db.ovn_revision_numbers_db [None req-a86e8f4c-6c59-4461-9e72-026e9b905dcc d53ba930520d42cd99113bf8dbce60e7 c71605fc79a547af978a252edf4ef3ee - - - -] Successfully bumped revision number for resource 7def0826-afa7-44a5-9680-b1b81c11273c (type: networks) to 1
2026-06-25 23:36:07.733 10 INFO neutron.wsgi [None req-ff0e688f-bd36-41e9-b40c-3f6dc7eee060 eb385586f3e7424ca61f8366f483a2e1 5e6f572533a8440b9f7d5c9b69bf8a4b - - default default] 10.0.0.23 "GET /v2.0/security-groups?tenant_id=2c27c76fe17d4e7983f058039acc979b&name=default HTTP/1.1" status: 200 len: 2996 time: 0.0327859
2026-06-25 23:36:07.768 9 WARNING neutron.scheduler.dhcp_agent_scheduler [None req-a86e8f4c-6c59-4461-9e72-026e9b905dcc d53ba930520d42cd99113bf8dbce60e7 c71605fc79a547af978a252edf4ef3ee - - - -] No more DHCP agents
2026-06-25 23:36:07.772 9 WARNING neutron.api.rpc.agentnotifiers.dhcp_rpc_agent_api [None req-a86e8f4c-6c59-4461-9e72-026e9b905dcc d53ba930520d42cd99113bf8dbce60e7 c71605fc79a547af978a252edf4ef3ee - - - -] Unable to schedule network 7def0826-afa7-44a5-9680-b1b81c11273c: no agents available; will retry on subsequent port and subnet creation events.
2026-06-25 23:36:07.842 9 INFO neutron.db.ovn_revision_numbers_db [None req-a86e8f4c-6c59-4461-9e72-026e9b905dcc d53ba930520d42cd99113bf8dbce60e7 c71605fc79a547af978a252edf4ef3ee - - - -] Successfully bumped revision number for resource d342fd0e-6ba7-452c-96a3-3e42c3ca0185 (type: ports) to 1
2026-06-25 23:36:07.864 9 INFO neutron.wsgi [None req-a86e8f4c-6c59-4461-9e72-026e9b905dcc d53ba930520d42cd99113bf8dbce60e7 c71605fc79a547af978a252edf4ef3ee - - - -] 10.0.0.23 "POST /v2.0/networks HTTP/1.1" status: 201 len: 831 time: 0.8046610
2026-06-25 23:36:07.907 10 INFO neutron.wsgi [None req-060efa96-7237-468c-b204-32fc8a2e019c eb385586f3e7424ca61f8366f483a2e1 5e6f572533a8440b9f7d5c9b69bf8a4b - - - -] 10.0.0.23 "DELETE /v2.0/security-groups/fff41cd1-5a17-4923-838c-6dc6a7db3ec6 HTTP/1.1" status: 204 len: 168 time: 0.1681032 /var/lib/openstack/lib/python3.10/site-packages/pycadf/identifier.py:71: UserWarning: Invalid uuid: neutron. To ensure interoperability, identifiers should be a valid uuid. warnings.warn(('Invalid uuid: %s. To ensure interoperability, '
2026-06-25 23:36:08.124 9 WARNING neutron.scheduler.dhcp_agent_scheduler [None req-368cb0c1-5cb0-44c2-a6d5-84c08d0c6ef6 d53ba930520d42cd99113bf8dbce60e7 c71605fc79a547af978a252edf4ef3ee - - - -] No more DHCP agents
2026-06-25 23:36:08.127 9 INFO neutron.wsgi [None req-1d55538b-ffc6-462b-9e72-de889bfcbc00 eb385586f3e7424ca61f8366f483a2e1 5e6f572533a8440b9f7d5c9b69bf8a4b - - default default] 10.0.0.23 "GET /v2.0/security-groups?tenant_id=28cf637e611240b7bce3a0214bd48414&name=default HTTP/1.1" status: 200 len: 2996 time: 0.0543525
2026-06-25 23:36:08.128 9 WARNING neutron.api.rpc.agentnotifiers.dhcp_rpc_agent_api [None req-368cb0c1-5cb0-44c2-a6d5-84c08d0c6ef6 d53ba930520d42cd99113bf8dbce60e7 c71605fc79a547af978a252edf4ef3ee - - - -] Unable to schedule network 7def0826-afa7-44a5-9680-b1b81c11273c: no agents available; will retry on subsequent port and subnet creation events. /var/lib/openstack/lib/python3.10/site-packages/pycadf/identifier.py:71: UserWarning: Invalid uuid: neutron. To ensure interoperability, identifiers should be a valid uuid. warnings.warn(('Invalid uuid: %s. To ensure interoperability, '
2026-06-25 23:36:08.217 9 INFO neutron.db.ovn_revision_numbers_db [None req-368cb0c1-5cb0-44c2-a6d5-84c08d0c6ef6 d53ba930520d42cd99113bf8dbce60e7 c71605fc79a547af978a252edf4ef3ee - - - -] Successfully bumped revision number for resource 0ec0bd09-a93a-4e24-9ece-5f82bb8b54c0 (type: ports) to 1
2026-06-25 23:36:08.260 9 INFO neutron.wsgi [None req-368cb0c1-5cb0-44c2-a6d5-84c08d0c6ef6 d53ba930520d42cd99113bf8dbce60e7 c71605fc79a547af978a252edf4ef3ee - - - -] 10.0.0.23 "POST /v2.0/ports HTTP/1.1" status: 201 len: 942 time: 0.3898745
2026-06-25 23:36:08.401 9 INFO neutron.wsgi [None req-29933e59-e674-4878-ab54-83547f3aa3aa eb385586f3e7424ca61f8366f483a2e1 5e6f572533a8440b9f7d5c9b69bf8a4b - - - -] 10.0.0.23 "DELETE /v2.0/security-groups/f1e3dcc1-bfb7-454e-8189-a595db63e10b HTTP/1.1" status: 204 len: 168 time: 0.2691340
2026-06-25 23:36:08.528 10 INFO neutron.wsgi [None req-672793b9-6f52-4cb8-8841-8dcc1538a907 d53ba930520d42cd99113bf8dbce60e7 c71605fc79a547af978a252edf4ef3ee - - - -] 10.0.0.23 "POST /v2.0/trunks HTTP/1.1" status: 201 len: 608 time: 0.2612920
2026-06-25 23:36:08.620 10 INFO neutron.db.segments_db [None req-c8ba9593-1bf3-4d74-b7f4-b2d0496d98eb d53ba930520d42cd99113bf8dbce60e7 c71605fc79a547af978a252edf4ef3ee - - - -] Added segment d45594bb-5a82-418e-806e-ee5773ddef2a of type geneve for network 71b97fe6-c343-4da9-9a54-a663c96d0336
2026-06-25 23:36:08.733 10 INFO neutron.db.ovn_revision_numbers_db [None req-c8ba9593-1bf3-4d74-b7f4-b2d0496d98eb d53ba930520d42cd99113bf8dbce60e7 c71605fc79a547af978a252edf4ef3ee - - - -] Successfully bumped revision number for resource 71b97fe6-c343-4da9-9a54-a663c96d0336 (type: networks) to 1
2026-06-25 23:36:08.929 10 WARNING neutron.scheduler.dhcp_agent_scheduler [None req-c8ba9593-1bf3-4d74-b7f4-b2d0496d98eb d53ba930520d42cd99113bf8dbce60e7 c71605fc79a547af978a252edf4ef3ee - - - -] No more DHCP agents
2026-06-25 23:36:08.930 10 WARNING neutron.api.rpc.agentnotifiers.dhcp_rpc_agent_api [None req-c8ba9593-1bf3-4d74-b7f4-b2d0496d98eb d53ba930520d42cd99113bf8dbce60e7 c71605fc79a547af978a252edf4ef3ee - - - -] Unable to schedule network 71b97fe6-c343-4da9-9a54-a663c96d0336: no agents available; will retry on subsequent port and subnet creation events.
2026-06-25 23:36:09.002 10 INFO neutron.db.ovn_revision_numbers_db [None req-c8ba9593-1bf3-4d74-b7f4-b2d0496d98eb d53ba930520d42cd99113bf8dbce60e7 c71605fc79a547af978a252edf4ef3ee - - - -] Successfully bumped revision number for resource e6beb9b3-2bb5-4c97-a084-efa5fc72e96b (type: ports) to 1
2026-06-25 23:36:09.027 10 INFO neutron.wsgi [None req-c8ba9593-1bf3-4d74-b7f4-b2d0496d98eb d53ba930520d42cd99113bf8dbce60e7 c71605fc79a547af978a252edf4ef3ee - - - -] 10.0.0.23 "POST /v2.0/networks HTTP/1.1" status: 201 len: 831 time: 0.4934309
2026-06-25 23:36:09.298 10 WARNING neutron.scheduler.dhcp_agent_scheduler [None req-eb857f62-8591-4b15-8a0b-d0d56d6a228a d53ba930520d42cd99113bf8dbce60e7 c71605fc79a547af978a252edf4ef3ee - - - -] No more DHCP agents
2026-06-25 23:36:09.300 10 WARNING neutron.api.rpc.agentnotifiers.dhcp_rpc_agent_api [None req-eb857f62-8591-4b15-8a0b-d0d56d6a228a d53ba930520d42cd99113bf8dbce60e7 c71605fc79a547af978a252edf4ef3ee - - - -] Unable to schedule network 71b97fe6-c343-4da9-9a54-a663c96d0336: no agents available; will retry on subsequent port and subnet creation events.
2026-06-25 23:36:09.391 10 INFO neutron.db.ovn_revision_numbers_db [None req-eb857f62-8591-4b15-8a0b-d0d56d6a228a d53ba930520d42cd99113bf8dbce60e7 c71605fc79a547af978a252edf4ef3ee - - - -] Successfully bumped revision number for resource 46739061-c7f8-49a7-b10d-09f2cb9311d0 (type: ports) to 1
2026-06-25 23:36:09.418 10 INFO neutron.wsgi [None req-eb857f62-8591-4b15-8a0b-d0d56d6a228a d53ba930520d42cd99113bf8dbce60e7 c71605fc79a547af978a252edf4ef3ee - - - -] 10.0.0.23 "POST /v2.0/ports HTTP/1.1" status: 201 len: 942 time: 0.3849092
2026-06-25 23:36:09.781 9 INFO neutron.wsgi [None req-96beefa7-83ff-425a-b07f-3cf917e9057a d53ba930520d42cd99113bf8dbce60e7 c71605fc79a547af978a252edf4ef3ee - - - -] 10.0.0.23 "POST /v2.0/trunks HTTP/1.1" status: 201 len: 608 time: 0.3481691
2026-06-25 23:36:09.880 9 INFO neutron.db.segments_db [None req-704be6c0-ae5a-4e9e-972a-499c8eeceae1 d53ba930520d42cd99113bf8dbce60e7 c71605fc79a547af978a252edf4ef3ee - - - -] Added segment 76f9c9f0-083b-4fe2-a296-6f77358c9b88 of type geneve for network fa0f8410-f459-4719-a13a-0c4604054629
2026-06-25 23:36:10.024 9 INFO neutron.db.ovn_revision_numbers_db [None req-704be6c0-ae5a-4e9e-972a-499c8eeceae1 d53ba930520d42cd99113bf8dbce60e7 c71605fc79a547af978a252edf4ef3ee - - - -] Successfully bumped revision number for resource fa0f8410-f459-4719-a13a-0c4604054629 (type: networks) to 1
2026-06-25 23:36:10.202 9 WARNING neutron.scheduler.dhcp_agent_scheduler [None req-704be6c0-ae5a-4e9e-972a-499c8eeceae1 d53ba930520d42cd99113bf8dbce60e7 c71605fc79a547af978a252edf4ef3ee - - - -] No more DHCP agents
2026-06-25 23:36:10.203 9 WARNING neutron.api.rpc.agentnotifiers.dhcp_rpc_agent_api [None req-704be6c0-ae5a-4e9e-972a-499c8eeceae1 d53ba930520d42cd99113bf8dbce60e7 c71605fc79a547af978a252edf4ef3ee - - - -] Unable to schedule network fa0f8410-f459-4719-a13a-0c4604054629: no agents available; will retry on subsequent port and subnet creation events.
2026-06-25 23:36:10.267 9 INFO neutron.db.ovn_revision_numbers_db [None req-704be6c0-ae5a-4e9e-972a-499c8eeceae1 d53ba930520d42cd99113bf8dbce60e7 c71605fc79a547af978a252edf4ef3ee - - - -] Successfully bumped revision number for resource 08878132-1761-42a6-87bf-d381e9d12da0 (type: ports) to 1
2026-06-25 23:36:10.291 9 INFO neutron.wsgi [None req-704be6c0-ae5a-4e9e-972a-499c8eeceae1 d53ba930520d42cd99113bf8dbce60e7 c71605fc79a547af978a252edf4ef3ee - - - -] 10.0.0.23 "POST /v2.0/networks HTTP/1.1" status: 201 len: 830 time: 0.5002930
2026-06-25 23:36:10.566 9 WARNING neutron.scheduler.dhcp_agent_scheduler [None req-ad110ed2-d378-44f3-b8b9-e3165cfac0e2 d53ba930520d42cd99113bf8dbce60e7 c71605fc79a547af978a252edf4ef3ee - - - -] No more DHCP agents
2026-06-25 23:36:10.569 9 WARNING neutron.api.rpc.agentnotifiers.dhcp_rpc_agent_api [None req-ad110ed2-d378-44f3-b8b9-e3165cfac0e2 d53ba930520d42cd99113bf8dbce60e7 c71605fc79a547af978a252edf4ef3ee - - - -] Unable to schedule network fa0f8410-f459-4719-a13a-0c4604054629: no agents available; will retry on subsequent port and subnet creation events.
2026-06-25 23:36:10.648 9 INFO neutron.db.ovn_revision_numbers_db [None req-ad110ed2-d378-44f3-b8b9-e3165cfac0e2 d53ba930520d42cd99113bf8dbce60e7 c71605fc79a547af978a252edf4ef3ee - - - -] Successfully bumped revision number for resource 8a9f9c93-6e1f-4fa4-b38e-5b04637fbe5d (type: ports) to 1
2026-06-25 23:36:10.673 9 INFO neutron.wsgi [None req-ad110ed2-d378-44f3-b8b9-e3165cfac0e2 d53ba930520d42cd99113bf8dbce60e7 c71605fc79a547af978a252edf4ef3ee - - - -] 10.0.0.23 "POST /v2.0/ports HTTP/1.1" status: 201 len: 942 time: 0.3745480 /var/lib/openstack/lib/python3.10/site-packages/pycadf/identifier.py:71: UserWarning: Invalid uuid: neutron. To ensure interoperability, identifiers should be a valid uuid. warnings.warn(('Invalid uuid: %s. To ensure interoperability, '
2026-06-25 23:36:10.913 9 INFO neutron.wsgi [None req-dbf68a1a-2992-4f30-b74b-8c50977f902f d53ba930520d42cd99113bf8dbce60e7 c71605fc79a547af978a252edf4ef3ee - - - -] 10.0.0.23 "POST /v2.0/trunks HTTP/1.1" status: 201 len: 608 time: 0.2350297
2026-06-25 23:36:11.008 9 INFO neutron.db.segments_db [None req-f9ac3eee-a27b-4367-873f-95a9fc14ae7c d53ba930520d42cd99113bf8dbce60e7 c71605fc79a547af978a252edf4ef3ee - - - -] Added segment 1a74343d-5629-4681-be18-6806b83c86a6 of type geneve for network d1f5905d-02dc-4c9a-bf84-048fdc0b3401
2026-06-25 23:36:11.136 9 INFO neutron.db.ovn_revision_numbers_db [None req-f9ac3eee-a27b-4367-873f-95a9fc14ae7c d53ba930520d42cd99113bf8dbce60e7 c71605fc79a547af978a252edf4ef3ee - - - -] Successfully bumped revision number for resource d1f5905d-02dc-4c9a-bf84-048fdc0b3401 (type: networks) to 1
2026-06-25 23:36:11.330 9 WARNING neutron.scheduler.dhcp_agent_scheduler [None req-f9ac3eee-a27b-4367-873f-95a9fc14ae7c d53ba930520d42cd99113bf8dbce60e7 c71605fc79a547af978a252edf4ef3ee - - - -] No more DHCP agents
2026-06-25 23:36:11.334 9 WARNING neutron.api.rpc.agentnotifiers.dhcp_rpc_agent_api [None req-f9ac3eee-a27b-4367-873f-95a9fc14ae7c d53ba930520d42cd99113bf8dbce60e7 c71605fc79a547af978a252edf4ef3ee - - - -] Unable to schedule network d1f5905d-02dc-4c9a-bf84-048fdc0b3401: no agents available; will retry on subsequent port and subnet creation events.
2026-06-25 23:36:11.416 9 INFO neutron.db.ovn_revision_numbers_db [None req-f9ac3eee-a27b-4367-873f-95a9fc14ae7c d53ba930520d42cd99113bf8dbce60e7 c71605fc79a547af978a252edf4ef3ee - - - -] Successfully bumped revision number for resource bdf65177-2bab-49ff-8651-fc79ec3bfd3e (type: ports) to 1
2026-06-25 23:36:11.445 9 INFO neutron.wsgi [None req-f9ac3eee-a27b-4367-873f-95a9fc14ae7c d53ba930520d42cd99113bf8dbce60e7 c71605fc79a547af978a252edf4ef3ee - - - -] 10.0.0.23 "POST /v2.0/networks HTTP/1.1" status: 201 len: 830 time: 0.5258317
2026-06-25 23:36:11.679 9 WARNING neutron.scheduler.dhcp_agent_scheduler [None req-d27d73b1-6c38-4671-8ee4-9204c767653c d53ba930520d42cd99113bf8dbce60e7 c71605fc79a547af978a252edf4ef3ee - - - -] No more DHCP agents
2026-06-25 23:36:11.682 9 WARNING neutron.api.rpc.agentnotifiers.dhcp_rpc_agent_api [None req-d27d73b1-6c38-4671-8ee4-9204c767653c d53ba930520d42cd99113bf8dbce60e7 c71605fc79a547af978a252edf4ef3ee - - - -] Unable to schedule network d1f5905d-02dc-4c9a-bf84-048fdc0b3401: no agents available; will retry on subsequent port and subnet creation events.
2026-06-25 23:36:11.747 9 INFO neutron.db.ovn_revision_numbers_db [None req-d27d73b1-6c38-4671-8ee4-9204c767653c d53ba930520d42cd99113bf8dbce60e7 c71605fc79a547af978a252edf4ef3ee - - - -] Successfully bumped revision number for resource 1dd020ad-8cae-4360-a263-f6f01e1d643c (type: ports) to 1
2026-06-25 23:36:11.766 9 INFO neutron.wsgi [None req-d27d73b1-6c38-4671-8ee4-9204c767653c d53ba930520d42cd99113bf8dbce60e7 c71605fc79a547af978a252edf4ef3ee - - - -] 10.0.0.23 "POST /v2.0/ports HTTP/1.1" status: 201 len: 942 time: 0.3152459 /var/lib/openstack/lib/python3.10/site-packages/pycadf/identifier.py:71: UserWarning: Invalid uuid: neutron. To ensure interoperability, identifiers should be a valid uuid. warnings.warn(('Invalid uuid: %s. To ensure interoperability, '
2026-06-25 23:36:12.432 9 INFO neutron.wsgi [None req-8dbac151-1b1c-4270-8597-a4cefb31831a d53ba930520d42cd99113bf8dbce60e7 c71605fc79a547af978a252edf4ef3ee - - - -] 10.0.0.23 "POST /v2.0/trunks HTTP/1.1" status: 201 len: 608 time: 0.6598084
2026-06-25 23:36:12.524 9 INFO neutron.db.segments_db [None req-f32bdb7b-0125-420b-8b9f-0a12e063687d d53ba930520d42cd99113bf8dbce60e7 c71605fc79a547af978a252edf4ef3ee - - - -] Added segment 96f6956e-716f-440b-a93b-9424e0bb5d86 of type geneve for network 493f2f71-603b-43ca-b897-07c581022386
2026-06-25 23:36:12.686 9 INFO neutron.db.ovn_revision_numbers_db [None req-f32bdb7b-0125-420b-8b9f-0a12e063687d d53ba930520d42cd99113bf8dbce60e7 c71605fc79a547af978a252edf4ef3ee - - - -] Successfully bumped revision number for resource 493f2f71-603b-43ca-b897-07c581022386 (type: networks) to 1
2026-06-25 23:36:12.891 9 WARNING neutron.scheduler.dhcp_agent_scheduler [None req-f32bdb7b-0125-420b-8b9f-0a12e063687d d53ba930520d42cd99113bf8dbce60e7 c71605fc79a547af978a252edf4ef3ee - - - -] No more DHCP agents
2026-06-25 23:36:12.896 9 WARNING neutron.api.rpc.agentnotifiers.dhcp_rpc_agent_api [None req-f32bdb7b-0125-420b-8b9f-0a12e063687d d53ba930520d42cd99113bf8dbce60e7 c71605fc79a547af978a252edf4ef3ee - - - -] Unable to schedule network 493f2f71-603b-43ca-b897-07c581022386: no agents available; will retry on subsequent port and subnet creation events.
2026-06-25 23:36:12.966 9 INFO neutron.db.ovn_revision_numbers_db [None req-f32bdb7b-0125-420b-8b9f-0a12e063687d d53ba930520d42cd99113bf8dbce60e7 c71605fc79a547af978a252edf4ef3ee - - - -] Successfully bumped revision number for resource 58803383-8053-412c-883e-f0010cc7ea77 (type: ports) to 1
2026-06-25 23:36:12.992 9 INFO neutron.wsgi [None req-f32bdb7b-0125-420b-8b9f-0a12e063687d d53ba930520d42cd99113bf8dbce60e7 c71605fc79a547af978a252edf4ef3ee - - - -] 10.0.0.23 "POST /v2.0/networks HTTP/1.1" status: 201 len: 831 time: 0.5548284
2026-06-25 23:36:13.225 9 INFO neutron.wsgi [req-0f7fbb84-fe64-4d14-bbbc-b972f002d8db req-275d2ccb-749f-49d6-b605-184d109894a7 143c65c7298446e681cd119dc2c0a3b2 6f1c8f48b77349a8adaa6d1ed7cf1c6e - - b086645a873745aabf57b5e0cf146ab9 b086645a873745aabf57b5e0cf146ab9] 10.0.0.137 "GET /v2.0/ports?device_id=5125a1bb-8ebb-41ad-8854-676769c52204 HTTP/1.1" status: 200 len: 1361 time: 0.0334427 /var/lib/openstack/lib/python3.10/site-packages/pycadf/identifier.py:71: UserWarning: Invalid uuid: neutron. To ensure interoperability, identifiers should be a valid uuid. warnings.warn(('Invalid uuid: %s. To ensure interoperability, '
2026-06-25 23:36:13.253 9 WARNING neutron.scheduler.dhcp_agent_scheduler [None req-7fed7f6c-f568-4154-9a2b-cb668e16e449 d53ba930520d42cd99113bf8dbce60e7 c71605fc79a547af978a252edf4ef3ee - - - -] No more DHCP agents
2026-06-25 23:36:13.257 9 WARNING neutron.api.rpc.agentnotifiers.dhcp_rpc_agent_api [None req-7fed7f6c-f568-4154-9a2b-cb668e16e449 d53ba930520d42cd99113bf8dbce60e7 c71605fc79a547af978a252edf4ef3ee - - - -] Unable to schedule network 493f2f71-603b-43ca-b897-07c581022386: no agents available; will retry on subsequent port and subnet creation events.
2026-06-25 23:36:13.283 9 INFO neutron.wsgi [req-0f7fbb84-fe64-4d14-bbbc-b972f002d8db req-c2685dbb-303c-4462-b942-8909a0e45b71 143c65c7298446e681cd119dc2c0a3b2 6f1c8f48b77349a8adaa6d1ed7cf1c6e - - b086645a873745aabf57b5e0cf146ab9 b086645a873745aabf57b5e0cf146ab9] 10.0.0.137 "GET /v2.0/security-groups?id=314e79b0-f9c3-4110-9118-3cea87490fa6&fields=id&fields=name HTTP/1.1" status: 200 len: 313 time: 0.0445011
2026-06-25 23:36:13.337 9 INFO neutron.db.ovn_revision_numbers_db [None req-7fed7f6c-f568-4154-9a2b-cb668e16e449 d53ba930520d42cd99113bf8dbce60e7 c71605fc79a547af978a252edf4ef3ee - - - -] Successfully bumped revision number for resource b1b3aa83-bd84-4893-800d-c884376a6133 (type: ports) to 1
2026-06-25 23:36:13.362 9 INFO neutron.wsgi [None req-7fed7f6c-f568-4154-9a2b-cb668e16e449 d53ba930520d42cd99113bf8dbce60e7 c71605fc79a547af978a252edf4ef3ee - - - -] 10.0.0.23 "POST /v2.0/ports HTTP/1.1" status: 201 len: 942 time: 0.3638935 /var/lib/openstack/lib/python3.10/site-packages/pycadf/identifier.py:71: UserWarning: Invalid uuid: neutron. To ensure interoperability, identifiers should be a valid uuid. warnings.warn(('Invalid uuid: %s. To ensure interoperability, '
2026-06-25 23:36:13.601 9 INFO neutron.wsgi [None req-f72c497c-9831-458a-8966-92f95f501660 d53ba930520d42cd99113bf8dbce60e7 c71605fc79a547af978a252edf4ef3ee - - - -] 10.0.0.23 "POST /v2.0/trunks HTTP/1.1" status: 201 len: 608 time: 0.2321630
2026-06-25 23:36:13.640 9 INFO neutron.wsgi [None req-94db063a-ec3d-4606-8ae3-2c2e71b0f051 d53ba930520d42cd99113bf8dbce60e7 c71605fc79a547af978a252edf4ef3ee - - - -] 10.0.0.23 "PUT /v2.0/trunks/4a43e41e-b45d-4c9b-b1f7-27388fbcbe7a/tags HTTP/1.1" status: 200 len: 210 time: 0.0341296
2026-06-25 23:36:13.699 9 INFO neutron.wsgi [None req-a2f89322-a97d-4470-ba56-3346b2239eb7 d53ba930520d42cd99113bf8dbce60e7 c71605fc79a547af978a252edf4ef3ee - - - -] 10.0.0.23 "PUT /v2.0/trunks/44767ea8-544d-4d54-9dd4-4dd5f95823b6/tags HTTP/1.1" status: 200 len: 218 time: 0.0377464
2026-06-25 23:36:13.733 9 INFO neutron.wsgi [None req-88a92165-5cf3-4d18-8ec5-485d18d72ae4 d53ba930520d42cd99113bf8dbce60e7 c71605fc79a547af978a252edf4ef3ee - - - -] 10.0.0.23 "PUT /v2.0/trunks/704f1c67-30ca-4819-9a6b-d8b5e1d1875c/tags HTTP/1.1" status: 200 len: 227 time: 0.0281169 /var/lib/openstack/lib/python3.10/site-packages/pycadf/identifier.py:71: UserWarning: Invalid uuid: neutron. To ensure interoperability, identifiers should be a valid uuid. warnings.warn(('Invalid uuid: %s. To ensure interoperability, '
2026-06-25 23:36:13.772 10 INFO neutron.wsgi [None req-074a0a32-b109-43c4-9847-3e389357bbd2 d53ba930520d42cd99113bf8dbce60e7 c71605fc79a547af978a252edf4ef3ee - - - -] 10.0.0.23 "PUT /v2.0/trunks/4cfc90fe-6630-4326-a5ab-d487b0c5bd8b/tags HTTP/1.1" status: 200 len: 212 time: 0.0338838
2026-06-25 23:36:13.807 9 INFO neutron.wsgi [None req-6a63fbd1-acf2-4358-9f05-60e5dccd3cd4 d53ba930520d42cd99113bf8dbce60e7 c71605fc79a547af978a252edf4ef3ee - - default default] 10.0.0.23 "GET /v2.0/trunks?tags=red HTTP/1.1" status: 200 len: 1447 time: 0.0286520
2026-06-25 23:36:13.839 9 INFO neutron.wsgi [None req-17fed213-ca21-4203-82c3-e8239458b948 d53ba930520d42cd99113bf8dbce60e7 c71605fc79a547af978a252edf4ef3ee - - default default] 10.0.0.23 "GET /v2.0/trunks?tags=red%2Cblue HTTP/1.1" status: 200 len: 1041 time: 0.0250969
2026-06-25 23:36:13.865 9 INFO neutron.wsgi [None req-373e1bac-1be4-431e-a245-a83dc086871d d53ba930520d42cd99113bf8dbce60e7 c71605fc79a547af978a252edf4ef3ee - - default default] 10.0.0.23 "GET /v2.0/trunks?tags-any=blue HTTP/1.1" status: 200 len: 1041 time: 0.0216758
2026-06-25 23:36:13.887 9 INFO neutron.wsgi [None req-c98efc1e-6427-4dc4-b856-c9613be0478f d53ba930520d42cd99113bf8dbce60e7 c71605fc79a547af978a252edf4ef3ee - - default default] 10.0.0.23 "GET /v2.0/trunks?tags-any=red%2Cblue HTTP/1.1" status: 200 len: 1447 time: 0.0183432
2026-06-25 23:36:13.915 9 INFO neutron.wsgi [None req-1a6f943b-0214-4b8a-8537-b2aa3f92b35e d53ba930520d42cd99113bf8dbce60e7 c71605fc79a547af978a252edf4ef3ee - - default default] 10.0.0.23 "GET /v2.0/trunks?not-tags=red HTTP/1.1" status: 200 len: 1013 time: 0.0234299
2026-06-25 23:36:13.947 9 INFO neutron.wsgi [None req-4ac69286-3ecd-4b38-8936-2076e0763d8c d53ba930520d42cd99113bf8dbce60e7 c71605fc79a547af978a252edf4ef3ee - - default default] 10.0.0.23 "GET /v2.0/trunks?not-tags=red%2Cblue HTTP/1.1" status: 200 len: 1419 time: 0.0257840
2026-06-25 23:36:13.976 9 INFO neutron.wsgi [None req-a528c0d8-89c3-466e-8838-c605f5fd18df d53ba930520d42cd99113bf8dbce60e7 c71605fc79a547af978a252edf4ef3ee - - default default] 10.0.0.23 "GET /v2.0/trunks?not-tags-any=blue HTTP/1.1" status: 200 len: 1419 time: 0.0224576
2026-06-25 23:36:13.999 9 INFO neutron.wsgi [None req-097544bf-9a6c-4326-9e5c-4c65f5d96469 d53ba930520d42cd99113bf8dbce60e7 c71605fc79a547af978a252edf4ef3ee - - default default] 10.0.0.23 "GET /v2.0/trunks?not-tags-any=red%2Cblue HTTP/1.1" status: 200 len: 1013 time: 0.0175302
2026-06-25 23:36:14.021 9 INFO neutron.wsgi [None req-d31eb43c-d6cb-4437-9f45-a3ba9b48dba7 d53ba930520d42cd99113bf8dbce60e7 c71605fc79a547af978a252edf4ef3ee - - default default] 10.0.0.23 "GET /v2.0/trunks/4a43e41e-b45d-4c9b-b1f7-27388fbcbe7a HTTP/1.1" status: 200 len: 608 time: 0.0157850
2026-06-25 23:36:14.149 10 INFO neutron.wsgi [None req-460e460a-f35d-4c67-b3ea-6188df1141ec d53ba930520d42cd99113bf8dbce60e7 c71605fc79a547af978a252edf4ef3ee - - default default] 10.0.0.23 "GET /v2.0/ports/0ec0bd09-a93a-4e24-9ece-5f82bb8b54c0 HTTP/1.1" status: 200 len: 1020 time: 0.1187146
2026-06-25 23:36:14.698 10 INFO neutron.wsgi [None req-3f1fb48f-22d3-4e8b-a55d-44468ca0f6a9 d53ba930520d42cd99113bf8dbce60e7 c71605fc79a547af978a252edf4ef3ee - - - -] 10.0.0.23 "DELETE /v2.0/trunks/4a43e41e-b45d-4c9b-b1f7-27388fbcbe7a HTTP/1.1" status: 204 len: 168 time: 0.5419135
2026-06-25 23:36:14.722 10 INFO neutron.wsgi [None req-cb80b7a3-c67a-4ab4-917a-f7b091379528 d53ba930520d42cd99113bf8dbce60e7 c71605fc79a547af978a252edf4ef3ee - - default default] 10.0.0.23 "GET /v2.0/trunks/44767ea8-544d-4d54-9dd4-4dd5f95823b6 HTTP/1.1" status: 200 len: 616 time: 0.0179389
2026-06-25 23:36:14.813 10 INFO neutron.wsgi [None req-f944666b-295c-49bd-8e68-44e65ec622c1 d53ba930520d42cd99113bf8dbce60e7 c71605fc79a547af978a252edf4ef3ee - - default default] 10.0.0.23 "GET /v2.0/ports/46739061-c7f8-49a7-b10d-09f2cb9311d0 HTTP/1.1" status: 200 len: 1020 time: 0.0874343
2026-06-25 23:36:14.921 10 INFO neutron.wsgi [None req-d90b217a-0977-492b-90c0-345f74d8b24d d53ba930520d42cd99113bf8dbce60e7 c71605fc79a547af978a252edf4ef3ee - - - -] 10.0.0.23 "DELETE /v2.0/trunks/44767ea8-544d-4d54-9dd4-4dd5f95823b6 HTTP/1.1" status: 204 len: 168 time: 0.1035073
2026-06-25 23:36:14.947 10 INFO neutron.wsgi [None req-b8d605fc-0580-4a9a-8307-c77d777150b6 d53ba930520d42cd99113bf8dbce60e7 c71605fc79a547af978a252edf4ef3ee - - default default] 10.0.0.23 "GET /v2.0/trunks/704f1c67-30ca-4819-9a6b-d8b5e1d1875c HTTP/1.1" status: 200 len: 625 time: 0.0197279
2026-06-25 23:36:15.035 10 INFO neutron.wsgi [None req-5cdc5860-2bfe-421b-adc1-6de3157635f3 d53ba930520d42cd99113bf8dbce60e7 c71605fc79a547af978a252edf4ef3ee - - default default] 10.0.0.23 "GET /v2.0/ports/8a9f9c93-6e1f-4fa4-b38e-5b04637fbe5d HTTP/1.1" status: 200 len: 1020 time: 0.0822701
2026-06-25 23:36:15.198 9 INFO neutron.wsgi [None req-4dc37ef0-11e6-4406-bade-fb9f66fee0d6 d53ba930520d42cd99113bf8dbce60e7 c71605fc79a547af978a252edf4ef3ee - - - -] 10.0.0.23 "DELETE /v2.0/trunks/704f1c67-30ca-4819-9a6b-d8b5e1d1875c HTTP/1.1" status: 204 len: 168 time: 0.1556065
2026-06-25 23:36:15.230 10 INFO neutron.wsgi [None req-f158944c-b0e2-4eae-bf5a-e141005b43ef d53ba930520d42cd99113bf8dbce60e7 c71605fc79a547af978a252edf4ef3ee - - default default] 10.0.0.23 "GET /v2.0/trunks/4cfc90fe-6630-4326-a5ab-d487b0c5bd8b HTTP/1.1" status: 200 len: 610 time: 0.0226073
2026-06-25 23:36:15.299 10 INFO neutron.plugins.ml2.drivers.ovn.mech_driver.mech_driver [None req-56e06cab-88df-4a0c-9f6c-9609ea2afd09 - - - - - -] OVN reports status down for port: ad202508-7dda-4fee-a721-e8455b492fac
2026-06-25 23:36:15.362 9 INFO neutron.wsgi [req-4aca650a-c79b-4f43-a309-a936c0bdc680 req-d3dfd72d-582d-426b-9dbd-f776da0ce10e f0d020fc47254d7baec4d291f4529ed9 c524240544d547fc99cbb280f6abf5eb - - default default] 10.0.0.211 "GET /v2.0/ports?device_id=5125a1bb-8ebb-41ad-8854-676769c52204 HTTP/1.1" status: 200 len: 1170 time: 0.1333952
2026-06-25 23:36:15.382 10 INFO neutron.wsgi [None req-71d959f2-d474-4bb9-b337-11fb73b30534 d53ba930520d42cd99113bf8dbce60e7 c71605fc79a547af978a252edf4ef3ee - - default default] 10.0.0.23 "GET /v2.0/ports/1dd020ad-8cae-4360-a263-f6f01e1d643c HTTP/1.1" status: 200 len: 1020 time: 0.1439078
2026-06-25 23:36:15.409 9 INFO neutron.wsgi [req-4aca650a-c79b-4f43-a309-a936c0bdc680 req-5fbc7ac7-63de-45cc-b6c3-9c130cd666e8 f0d020fc47254d7baec4d291f4529ed9 c524240544d547fc99cbb280f6abf5eb - - default default] 10.0.0.211 "GET /v2.0/security-groups?id=314e79b0-f9c3-4110-9118-3cea87490fa6&fields=id&fields=name HTTP/1.1" status: 200 len: 313 time: 0.0389888
2026-06-25 23:36:15.500 10 INFO neutron.notifiers.nova [-] Nova event matching ['req-1c9559e5-18b5-4dcf-bf59-6564ef8b33e0'] response: {'server_uuid': '5125a1bb-8ebb-41ad-8854-676769c52204', 'name': 'network-vif-unplugged', 'status': 'completed', 'tag': 'ad202508-7dda-4fee-a721-e8455b492fac', 'code': 200}
2026-06-25 23:36:15.524 10 INFO neutron.wsgi [None req-b6a38837-eca4-4f68-90c9-d4c0ab900b0a d53ba930520d42cd99113bf8dbce60e7 c71605fc79a547af978a252edf4ef3ee - - - -] 10.0.0.23 "DELETE /v2.0/trunks/4cfc90fe-6630-4326-a5ab-d487b0c5bd8b HTTP/1.1" status: 204 len: 168 time: 0.1360352
2026-06-25 23:36:15.549 9 INFO neutron.wsgi [None req-0724f5ec-394d-43f8-93de-8f3c3c38c558 d53ba930520d42cd99113bf8dbce60e7 c71605fc79a547af978a252edf4ef3ee - - default default] 10.0.0.23 "GET /v2.0/trunks/034b300a-5ba9-4220-8379-642fa4f0f6e8 HTTP/1.1" status: 200 len: 603 time: 0.0162928
2026-06-25 23:36:15.656 9 INFO neutron.wsgi [None req-1c761a60-f565-44eb-9d37-61c6c04edf37 d53ba930520d42cd99113bf8dbce60e7 c71605fc79a547af978a252edf4ef3ee - - default default] 10.0.0.23 "GET /v2.0/ports/b1b3aa83-bd84-4893-800d-c884376a6133 HTTP/1.1" status: 200 len: 1020 time: 0.1035395
2026-06-25 23:36:15.668 10 INFO neutron.wsgi [req-69c47bc5-ab05-4fb4-9bfc-b0b16450dd8f req-820cc26b-00d4-4bd9-b1f8-130cff197235 f0d020fc47254d7baec4d291f4529ed9 c524240544d547fc99cbb280f6abf5eb - - default default] 199.19.213.169 "GET /v2.0/ports?device_id=5125a1bb-8ebb-41ad-8854-676769c52204 HTTP/1.1" status: 200 len: 1168 time: 0.0980153
2026-06-25 23:36:15.752 9 INFO neutron.wsgi [None req-9d299df5-df30-4436-967b-f594e7414b34 d53ba930520d42cd99113bf8dbce60e7 c71605fc79a547af978a252edf4ef3ee - - - -] 10.0.0.23 "DELETE /v2.0/trunks/034b300a-5ba9-4220-8379-642fa4f0f6e8 HTTP/1.1" status: 204 len: 168 time: 0.0883133
2026-06-25 23:36:15.766 10 INFO neutron.db.ovn_revision_numbers_db [None req-56e06cab-88df-4a0c-9f6c-9609ea2afd09 - - - - - -] Successfully bumped revision number for resource ad202508-7dda-4fee-a721-e8455b492fac (type: ports) to 5
2026-06-25 23:36:16.014 10 INFO neutron.db.l3_db [None req-016dedcb-8785-420c-8e99-925ef6e88c4e f0d020fc47254d7baec4d291f4529ed9 c524240544d547fc99cbb280f6abf5eb - - - -] Floating IP d5987db6-e8e3-45e0-b231-fb98f6f540b4 disassociated. External IP: 10.96.250.219, port: ad202508-7dda-4fee-a721-e8455b492fac.
2026-06-25 23:36:16.058 9 INFO neutron.wsgi [None req-406673db-1734-480e-9ef2-b3182a564e6d d53ba930520d42cd99113bf8dbce60e7 c71605fc79a547af978a252edf4ef3ee - - - -] 10.0.0.23 "DELETE /v2.0/ports/0ec0bd09-a93a-4e24-9ece-5f82bb8b54c0 HTTP/1.1" status: 204 len: 168 time: 0.3017859 /var/lib/openstack/lib/python3.10/site-packages/pycadf/identifier.py:71: UserWarning: Invalid uuid: neutron. To ensure interoperability, identifiers should be a valid uuid. warnings.warn(('Invalid uuid: %s. To ensure interoperability, '
2026-06-25 23:36:16.215 10 INFO neutron.wsgi [None req-016dedcb-8785-420c-8e99-925ef6e88c4e f0d020fc47254d7baec4d291f4529ed9 c524240544d547fc99cbb280f6abf5eb - - - -] 199.19.213.169 "DELETE /v2.0/ports/ad202508-7dda-4fee-a721-e8455b492fac HTTP/1.1" status: 204 len: 173 time: 0.5327585
2026-06-25 23:36:16.362 9 INFO neutron.wsgi [None req-1f81f199-1821-4a09-82a0-276432e976c6 d53ba930520d42cd99113bf8dbce60e7 c71605fc79a547af978a252edf4ef3ee - - - -] 10.0.0.23 "DELETE /v2.0/ports/46739061-c7f8-49a7-b10d-09f2cb9311d0 HTTP/1.1" status: 204 len: 168 time: 0.2957606 /var/lib/openstack/lib/python3.10/site-packages/pycadf/identifier.py:71: UserWarning: Invalid uuid: neutron. To ensure interoperability, identifiers should be a valid uuid. warnings.warn(('Invalid uuid: %s. To ensure interoperability, '
2026-06-25 23:36:16.423 10 INFO neutron.wsgi [req-f7dd1136-db76-4178-8822-6e34e4f796e8 req-d2481b3e-88d4-471d-8888-e12430d91e77 143c65c7298446e681cd119dc2c0a3b2 6f1c8f48b77349a8adaa6d1ed7cf1c6e - - b086645a873745aabf57b5e0cf146ab9 b086645a873745aabf57b5e0cf146ab9] 199.19.213.169 "GET /v2.0/ports?device_id=21810d6d-a9ce-43ca-a98d-0ca68b578b70&fields=binding%3Ahost_id&fields=binding%3Avif_type HTTP/1.1" status: 200 len: 265 time: 0.0433109
2026-06-25 23:36:16.508 10 INFO neutron.wsgi [req-f7dd1136-db76-4178-8822-6e34e4f796e8 req-6be60531-a845-4b33-9d55-8b43b4a91062 143c65c7298446e681cd119dc2c0a3b2 6f1c8f48b77349a8adaa6d1ed7cf1c6e - - b086645a873745aabf57b5e0cf146ab9 b086645a873745aabf57b5e0cf146ab9] 199.19.213.169 "GET /v2.0/ports?tenant_id=c524240544d547fc99cbb280f6abf5eb&device_id=21810d6d-a9ce-43ca-a98d-0ca68b578b70 HTTP/1.1" status: 200 len: 1361 time: 0.0473113
2026-06-25 23:36:16.543 9 INFO neutron.wsgi [req-f5f5a832-8f20-46e3-9676-0f831825bd06 req-bfc6a2e3-e92b-49ca-b676-eb203cc38f10 f0d020fc47254d7baec4d291f4529ed9 c524240544d547fc99cbb280f6abf5eb - - default default] 10.0.0.211 "GET /v2.0/ports?device_id=5125a1bb-8ebb-41ad-8854-676769c52204 HTTP/1.1" status: 200 len: 210 time: 0.0347142
2026-06-25 23:36:16.591 10 INFO neutron.wsgi [req-f7dd1136-db76-4178-8822-6e34e4f796e8 req-a58b5be5-4c9c-49f7-9d84-24a7f04feff2 143c65c7298446e681cd119dc2c0a3b2 6f1c8f48b77349a8adaa6d1ed7cf1c6e - - b086645a873745aabf57b5e0cf146ab9 b086645a873745aabf57b5e0cf146ab9] 199.19.213.169 "GET /v2.0/networks?id=fbdbb22a-a003-4639-bd92-e994a7378e3b HTTP/1.1" status: 200 len: 957 time: 0.0643730
2026-06-25 23:36:16.630 10 INFO neutron.wsgi [req-f7dd1136-db76-4178-8822-6e34e4f796e8 req-2b793f3f-0aad-4530-b8cf-0b43a3fa4e78 143c65c7298446e681cd119dc2c0a3b2 6f1c8f48b77349a8adaa6d1ed7cf1c6e - - b086645a873745aabf57b5e0cf146ab9 b086645a873745aabf57b5e0cf146ab9] 199.19.213.169 "GET /v2.0/floatingips?fixed_ip_address=10.100.0.4&port_id=f144b14b-eb38-47f6-8216-1ec12894bc4d HTTP/1.1" status: 200 len: 217 time: 0.0283148
2026-06-25 23:36:16.660 9 INFO neutron.wsgi [None req-85d96c1e-74bd-43ed-b378-8e4dd9597c54 d53ba930520d42cd99113bf8dbce60e7 c71605fc79a547af978a252edf4ef3ee - - - -] 10.0.0.23 "DELETE /v2.0/ports/8a9f9c93-6e1f-4fa4-b38e-5b04637fbe5d HTTP/1.1" status: 204 len: 168 time: 0.2910862
2026-06-25 23:36:16.669 10 INFO neutron.wsgi [req-f7dd1136-db76-4178-8822-6e34e4f796e8 req-08006ab0-8bf6-4ae5-846f-a062f32c4fe3 143c65c7298446e681cd119dc2c0a3b2 6f1c8f48b77349a8adaa6d1ed7cf1c6e - - b086645a873745aabf57b5e0cf146ab9 b086645a873745aabf57b5e0cf146ab9] 199.19.213.169 "GET /v2.0/subnets?id=5943f111-bdb8-43f8-9062-24e974cf8558 HTTP/1.1" status: 200 len: 853 time: 0.0314279
2026-06-25 23:36:16.701 10 INFO neutron.wsgi [req-f7dd1136-db76-4178-8822-6e34e4f796e8 req-61f78b14-f640-43b2-a71d-035161e050b0 143c65c7298446e681cd119dc2c0a3b2 6f1c8f48b77349a8adaa6d1ed7cf1c6e - - b086645a873745aabf57b5e0cf146ab9 b086645a873745aabf57b5e0cf146ab9] 199.19.213.169 "GET /v2.0/ports?network_id=fbdbb22a-a003-4639-bd92-e994a7378e3b&device_owner=network%3Adhcp HTTP/1.1" status: 200 len: 210 time: 0.0240235
2026-06-25 23:36:16.763 10 INFO neutron.wsgi [req-f7dd1136-db76-4178-8822-6e34e4f796e8 req-1b542560-2db7-47ba-81b4-be331913ba2b 143c65c7298446e681cd119dc2c0a3b2 6f1c8f48b77349a8adaa6d1ed7cf1c6e - - b086645a873745aabf57b5e0cf146ab9 b086645a873745aabf57b5e0cf146ab9] 199.19.213.169 "GET /v2.0/networks/fbdbb22a-a003-4639-bd92-e994a7378e3b?fields=segments HTTP/1.1" status: 200 len: 212 time: 0.0542731
2026-06-25 23:36:16.824 10 INFO neutron.wsgi [req-f7dd1136-db76-4178-8822-6e34e4f796e8 req-cdcfb318-5f14-49b1-837f-bc6cfc3750b6 143c65c7298446e681cd119dc2c0a3b2 6f1c8f48b77349a8adaa6d1ed7cf1c6e - - b086645a873745aabf57b5e0cf146ab9 b086645a873745aabf57b5e0cf146ab9] 199.19.213.169 "GET /v2.0/networks/fbdbb22a-a003-4639-bd92-e994a7378e3b?fields=provider%3Aphysical_network&fields=provider%3Anetwork_type HTTP/1.1" status: 200 len: 277 time: 0.0529864
2026-06-25 23:36:16.953 9 INFO neutron.wsgi [None req-49f171dc-781f-44b9-b98a-33c9b77736f5 d53ba930520d42cd99113bf8dbce60e7 c71605fc79a547af978a252edf4ef3ee - - - -] 10.0.0.23 "DELETE /v2.0/ports/1dd020ad-8cae-4360-a263-f6f01e1d643c HTTP/1.1" status: 204 len: 168 time: 0.2879884
2026-06-25 23:36:17.229 10 INFO neutron.wsgi [None req-9aa826bb-7dce-4374-8ec3-6d3e28f0882c d53ba930520d42cd99113bf8dbce60e7 c71605fc79a547af978a252edf4ef3ee - - - -] 10.0.0.23 "DELETE /v2.0/ports/b1b3aa83-bd84-4893-800d-c884376a6133 HTTP/1.1" status: 204 len: 168 time: 0.2693899
2026-06-25 23:36:17.538 10 INFO neutron.notifiers.nova [-] Nova event matching ['req-117bd476-883f-4de1-ad0d-4816e0f89d1a'] response: {'server_uuid': '5125a1bb-8ebb-41ad-8854-676769c52204', 'name': 'network-vif-plugged', 'status': 'completed', 'tag': 'ad202508-7dda-4fee-a721-e8455b492fac', 'code': 200}
2026-06-25 23:36:17.538 10 INFO neutron.notifiers.nova [-] Nova event matching ['req-117bd476-883f-4de1-ad0d-4816e0f89d1a'] response: {'server_uuid': '5125a1bb-8ebb-41ad-8854-676769c52204', 'name': 'network-vif-deleted', 'tag': 'ad202508-7dda-4fee-a721-e8455b492fac', 'status': 'completed', 'code': 200}
2026-06-25 23:36:17.634 10 INFO neutron.services.segments.plugin [-] Segment fa190f8f-1f0c-4da8-89ea-cb30ccfcfe08 resource provider aggregate not found
2026-06-25 23:36:17.641 10 INFO neutron.services.segments.plugin [-] Segment fa190f8f-1f0c-4da8-89ea-cb30ccfcfe08 resource provider aggregate not found
2026-06-25 23:36:17.656 10 INFO neutron.services.segments.plugin [-] Segment fa190f8f-1f0c-4da8-89ea-cb30ccfcfe08 resource provider not found; error: Placement Client Error (4xx): {"errors": [{"status": 404, "title": "Not Found", "detail": "The resource could not be found.\n\n No resource provider with uuid fa190f8f-1f0c-4da8-89ea-cb30ccfcfe08 found for delete ", "request_id": "req-933fe029-4cd6-40f1-ac4a-34b6d7aaa730"}]}
2026-06-25 23:36:17.657 10 INFO neutron.services.segments.plugin [-] Segment fa190f8f-1f0c-4da8-89ea-cb30ccfcfe08 resource provider not found; error: Placement Client Error (4xx): {"errors": [{"status": 404, "title": "Not Found", "detail": "The resource could not be found.\n\n No resource provider with uuid fa190f8f-1f0c-4da8-89ea-cb30ccfcfe08 found for delete ", "request_id": "req-8d12b50b-e337-47ae-b6c5-e894c8cbb849"}]}
2026-06-25 23:36:17.714 10 INFO neutron.wsgi [None req-917e803f-a1cd-468e-ae37-aa334abbe521 d53ba930520d42cd99113bf8dbce60e7 c71605fc79a547af978a252edf4ef3ee - - - -] 10.0.0.23 "DELETE /v2.0/networks/7def0826-afa7-44a5-9680-b1b81c11273c HTTP/1.1" status: 204 len: 168 time: 0.4780078
2026-06-25 23:36:17.798 10 INFO neutron.wsgi [None req-6b554e73-5722-4d97-86f3-dde44d150896 f0d020fc47254d7baec4d291f4529ed9 c524240544d547fc99cbb280f6abf5eb - - - -] 10.0.0.23 "DELETE /v2.0/security-groups/314e79b0-f9c3-4110-9118-3cea87490fa6 HTTP/1.1" status: 204 len: 168 time: 0.1952176
2026-06-25 23:36:17.931 10 INFO neutron.wsgi [-] 10.0.0.37 "GET / HTTP/1.1" status: 200 len: 247 time: 0.0016401
2026-06-25 23:36:17.934 10 INFO neutron.wsgi [-] 10.0.0.37 "GET / HTTP/1.1" status: 200 len: 247 time: 0.0017631
2026-06-25 23:36:18.097 9 INFO neutron.services.segments.plugin [-] Segment d45594bb-5a82-418e-806e-ee5773ddef2a resource provider aggregate not found
2026-06-25 23:36:18.117 9 INFO neutron.services.segments.plugin [-] Segment d45594bb-5a82-418e-806e-ee5773ddef2a resource provider not found; error: Placement Client Error (4xx): {"errors": [{"status": 404, "title": "Not Found", "detail": "The resource could not be found.\n\n No resource provider with uuid d45594bb-5a82-418e-806e-ee5773ddef2a found for delete ", "request_id": "req-11181a4f-39b2-46f0-8602-da2127d02733"}]}
2026-06-25 23:36:18.118 9 INFO neutron.services.segments.plugin [-] Segment d45594bb-5a82-418e-806e-ee5773ddef2a resource provider aggregate not found
2026-06-25 23:36:18.144 9 INFO neutron.services.segments.plugin [-] Segment d45594bb-5a82-418e-806e-ee5773ddef2a resource provider not found; error: Placement Client Error (4xx): {"errors": [{"status": 404, "title": "Not Found", "detail": "The resource could not be found.\n\n No resource provider with uuid d45594bb-5a82-418e-806e-ee5773ddef2a found for delete ", "request_id": "req-e16e2c07-a7a6-4493-9b45-c56c9c52ba60"}]}
2026-06-25 23:36:18.161 9 INFO neutron.wsgi [None req-ee9c8065-5c82-4911-b48e-b8addd02df4d d53ba930520d42cd99113bf8dbce60e7 c71605fc79a547af978a252edf4ef3ee - - - -] 10.0.0.23 "DELETE /v2.0/networks/71b97fe6-c343-4da9-9a54-a663c96d0336 HTTP/1.1" status: 204 len: 168 time: 0.4419012
2026-06-25 23:36:18.223 10 INFO neutron.wsgi [None req-36d09b94-135f-42f3-8c73-21e6d2d74b3e f0d020fc47254d7baec4d291f4529ed9 c524240544d547fc99cbb280f6abf5eb - - - -] 10.0.0.23 "DELETE /v2.0/floatingips/d5987db6-e8e3-45e0-b231-fb98f6f540b4 HTTP/1.1" status: 204 len: 168 time: 0.3898575
2026-06-25 23:36:18.234 10 INFO neutron.db.ovn_revision_numbers_db [None req-6c7b3111-dab2-4bee-b00f-a2b868a67381 5bd909b3c06e4f81890b480a2fad5e2b 83f71c9fea0b4201aa9f250211848d99 - - - -] Successfully bumped revision number for resource c0f04dee-1f0e-4317-9b4b-f08d06520617 (type: security_groups) to 1
2026-06-25 23:36:18.322 10 INFO neutron.db.segments_db [None req-6c7b3111-dab2-4bee-b00f-a2b868a67381 5bd909b3c06e4f81890b480a2fad5e2b 83f71c9fea0b4201aa9f250211848d99 - - - -] Added segment 60cfb912-e325-47db-b5d0-f6922ceb42ec of type geneve for network bcaab46f-6b91-40b0-8518-899742da5621
2026-06-25 23:36:18.453 10 INFO neutron.plugins.ml2.drivers.ovn.mech_driver.mech_driver [None req-56e06cab-88df-4a0c-9f6c-9609ea2afd09 - - - - - -] OVN reports status down for port: f144b14b-eb38-47f6-8216-1ec12894bc4d
2026-06-25 23:36:18.485 10 INFO neutron.wsgi [req-122a3bca-bd3a-493f-b8c9-837ef8a67c7d req-b3e75632-c8e4-43a3-8c0d-5e40baacf9ac f0d020fc47254d7baec4d291f4529ed9 c524240544d547fc99cbb280f6abf5eb - - default default] 10.0.0.211 "GET /v2.0/ports?device_id=21810d6d-a9ce-43ca-a98d-0ca68b578b70 HTTP/1.1" status: 200 len: 1170 time: 0.0738387
2026-06-25 23:36:18.592 10 INFO neutron.wsgi [req-122a3bca-bd3a-493f-b8c9-837ef8a67c7d req-3df8ae63-f62f-48bf-b83e-05651b371417 f0d020fc47254d7baec4d291f4529ed9 c524240544d547fc99cbb280f6abf5eb - - default default] 10.0.0.211 "GET /v2.0/security-groups?id=2058614e-51cd-4aff-b231-159f9e6f796c&fields=id&fields=name HTTP/1.1" status: 200 len: 313 time: 0.0977862
2026-06-25 23:36:18.593 10 INFO neutron.db.ovn_revision_numbers_db [None req-6c7b3111-dab2-4bee-b00f-a2b868a67381 5bd909b3c06e4f81890b480a2fad5e2b 83f71c9fea0b4201aa9f250211848d99 - - - -] Successfully bumped revision number for resource bcaab46f-6b91-40b0-8518-899742da5621 (type: networks) to 1
2026-06-25 23:36:18.790 10 INFO neutron.wsgi [req-0801857e-a400-4d76-ad3c-67f0795fda17 req-e5962c28-a483-4db2-9218-6494c57aac85 f0d020fc47254d7baec4d291f4529ed9 c524240544d547fc99cbb280f6abf5eb - - default default] 199.19.213.169 "GET /v2.0/ports?device_id=21810d6d-a9ce-43ca-a98d-0ca68b578b70 HTTP/1.1" status: 200 len: 1170 time: 0.0908861
2026-06-25 23:36:19.252 10 INFO neutron.wsgi [None req-08172204-f714-47be-9372-885e6b04cd89 d53ba930520d42cd99113bf8dbce60e7 c71605fc79a547af978a252edf4ef3ee - - - -] 10.0.0.23 "DELETE /v2.0/networks/fa0f8410-f459-4719-a13a-0c4604054629 HTTP/1.1" status: 204 len: 168 time: 1.0847199
2026-06-25 23:36:19.371 10 WARNING neutron.scheduler.dhcp_agent_scheduler [None req-6c7b3111-dab2-4bee-b00f-a2b868a67381 5bd909b3c06e4f81890b480a2fad5e2b 83f71c9fea0b4201aa9f250211848d99 - - - -] No more DHCP agents
2026-06-25 23:36:19.378 10 WARNING neutron.api.rpc.agentnotifiers.dhcp_rpc_agent_api [None req-6c7b3111-dab2-4bee-b00f-a2b868a67381 5bd909b3c06e4f81890b480a2fad5e2b 83f71c9fea0b4201aa9f250211848d99 - - - -] Unable to schedule network bcaab46f-6b91-40b0-8518-899742da5621: no agents available; will retry on subsequent port and subnet creation events.
2026-06-25 23:36:19.520 10 INFO neutron.db.ovn_revision_numbers_db [None req-6c7b3111-dab2-4bee-b00f-a2b868a67381 5bd909b3c06e4f81890b480a2fad5e2b 83f71c9fea0b4201aa9f250211848d99 - - - -] Successfully bumped revision number for resource 189c1a9d-cc48-4b0d-86e8-aa51677de201 (type: ports) to 1
2026-06-25 23:36:19.570 10 INFO neutron.db.ovn_revision_numbers_db [None req-56e06cab-88df-4a0c-9f6c-9609ea2afd09 - - - - - -] Successfully bumped revision number for resource f144b14b-eb38-47f6-8216-1ec12894bc4d (type: ports) to 5
2026-06-25 23:36:19.601 10 INFO neutron.notifiers.nova [-] Nova event matching ['req-f0914ce6-ecdd-4796-b2cb-8fffad6aa9b9'] response: {'server_uuid': '21810d6d-a9ce-43ca-a98d-0ca68b578b70', 'name': 'network-vif-unplugged', 'status': 'completed', 'tag': 'f144b14b-eb38-47f6-8216-1ec12894bc4d', 'code': 200}
2026-06-25 23:36:19.605 10 INFO neutron.wsgi [None req-6c7b3111-dab2-4bee-b00f-a2b868a67381 5bd909b3c06e4f81890b480a2fad5e2b 83f71c9fea0b4201aa9f250211848d99 - - - -] 10.0.0.23 "POST /v2.0/networks HTTP/1.1" status: 201 len: 838 time: 1.7072802
2026-06-25 23:36:19.687 10 INFO neutron.services.segments.plugin [-] Segment 76f9c9f0-083b-4fe2-a296-6f77358c9b88 resource provider aggregate not found
2026-06-25 23:36:19.694 10 INFO neutron.services.segments.plugin [-] Segment 76f9c9f0-083b-4fe2-a296-6f77358c9b88 resource provider aggregate not found
2026-06-25 23:36:19.715 10 INFO neutron.services.segments.plugin [-] Segment 76f9c9f0-083b-4fe2-a296-6f77358c9b88 resource provider not found; error: Placement Client Error (4xx): {"errors": [{"status": 404, "title": "Not Found", "detail": "The resource could not be found.\n\n No resource provider with uuid 76f9c9f0-083b-4fe2-a296-6f77358c9b88 found for delete ", "request_id": "req-97d775e2-cc60-429a-9813-33149dc73133"}]}
2026-06-25 23:36:19.731 10 INFO neutron.services.segments.plugin [-] Segment 76f9c9f0-083b-4fe2-a296-6f77358c9b88 resource provider not found; error: Placement Client Error (4xx): {"errors": [{"status": 404, "title": "Not Found", "detail": "The resource could not be found.\n\n No resource provider with uuid 76f9c9f0-083b-4fe2-a296-6f77358c9b88 found for delete ", "request_id": "req-90f648c4-2b2c-491f-a365-ebf329225edc"}]}
