2026-06-25 23:38:34.629 10 INFO neutron.wsgi [None req-a2418873-dda4-4037-a9b0-daf13e89a035 eb385586f3e7424ca61f8366f483a2e1 5e6f572533a8440b9f7d5c9b69bf8a4b - - - -] 199.19.213.169 "POST /v2.0/ports HTTP/1.1" status: 201 len: 1496 time: 0.5225096 /var/lib/openstack/lib/python3.10/site-packages/pycadf/identifier.py:71: UserWarning: Invalid uuid: neutron. To ensure interoperability, identifiers should be a valid uuid. warnings.warn(('Invalid uuid: %s. To ensure interoperability, '
2026-06-25 23:38:35.100 10 INFO neutron.db.ovn_revision_numbers_db [None req-a6d8fcaa-c3af-4454-81ac-1446f97530a0 143c65c7298446e681cd119dc2c0a3b2 6f1c8f48b77349a8adaa6d1ed7cf1c6e - - - -] Successfully bumped revision number for resource 336acca1-d28a-465b-ad98-03cbd93e890d (type: ports) to 2
2026-06-25 23:38:35.354 10 INFO neutron.db.ovn_revision_numbers_db [None req-a6d8fcaa-c3af-4454-81ac-1446f97530a0 143c65c7298446e681cd119dc2c0a3b2 6f1c8f48b77349a8adaa6d1ed7cf1c6e - - - -] Successfully bumped revision number for resource 336acca1-d28a-465b-ad98-03cbd93e890d (type: ports) to 2
2026-06-25 23:38:35.370 10 INFO neutron.wsgi [None req-a6d8fcaa-c3af-4454-81ac-1446f97530a0 143c65c7298446e681cd119dc2c0a3b2 6f1c8f48b77349a8adaa6d1ed7cf1c6e - - - -] 199.19.213.169 "PUT /v2.0/ports/336acca1-d28a-465b-ad98-03cbd93e890d HTTP/1.1" status: 200 len: 1545 time: 0.7319608
2026-06-25 23:38:35.410 10 INFO neutron.notifiers.nova [-] Nova event matching ['req-cfd5efdd-c3ff-421e-9ddc-7112b501b1f1'] response: {'name': 'network-changed', 'server_uuid': 'db0799c6-fb0b-44aa-91ac-251a469eab2e', 'tag': '336acca1-d28a-465b-ad98-03cbd93e890d', 'status': 'completed', 'code': 200} /var/lib/openstack/lib/python3.10/site-packages/pycadf/identifier.py:71: UserWarning: Invalid uuid: neutron. To ensure interoperability, identifiers should be a valid uuid. warnings.warn(('Invalid uuid: %s. To ensure interoperability, '
2026-06-25 23:38:35.464 10 INFO neutron.wsgi [req-d5e5d2ef-cc16-4a52-b7e0-498afdb3db69 req-212daf0d-7273-4652-96a9-9945c658f07d 143c65c7298446e681cd119dc2c0a3b2 6f1c8f48b77349a8adaa6d1ed7cf1c6e - - b086645a873745aabf57b5e0cf146ab9 b086645a873745aabf57b5e0cf146ab9] 199.19.213.169 "GET /v2.0/ports?tenant_id=5e6f572533a8440b9f7d5c9b69bf8a4b&device_id=db0799c6-fb0b-44aa-91ac-251a469eab2e HTTP/1.1" status: 200 len: 3988 time: 0.0448670
2026-06-25 23:38:35.514 10 INFO neutron.wsgi [req-d5e5d2ef-cc16-4a52-b7e0-498afdb3db69 req-45b6398e-8cb0-4aba-a6df-ad0959cadb4d 143c65c7298446e681cd119dc2c0a3b2 6f1c8f48b77349a8adaa6d1ed7cf1c6e - - b086645a873745aabf57b5e0cf146ab9 b086645a873745aabf57b5e0cf146ab9] 199.19.213.169 "GET /v2.0/floatingips?fixed_ip_address=172.24.3.92&port_id=d3203adc-bad1-4870-95c7-a4879842a6e1 HTTP/1.1" status: 200 len: 217 time: 0.0413463
2026-06-25 23:38:35.560 10 INFO neutron.wsgi [req-d5e5d2ef-cc16-4a52-b7e0-498afdb3db69 req-4da7a5c5-2561-4581-81b4-05e4a182ab42 143c65c7298446e681cd119dc2c0a3b2 6f1c8f48b77349a8adaa6d1ed7cf1c6e - - b086645a873745aabf57b5e0cf146ab9 b086645a873745aabf57b5e0cf146ab9] 199.19.213.169 "GET /v2.0/subnets?id=c900c280-b2fd-4b7e-b285-762fda8aff92 HTTP/1.1" status: 200 len: 829 time: 0.0350673
2026-06-25 23:38:35.596 10 INFO neutron.wsgi [req-d5e5d2ef-cc16-4a52-b7e0-498afdb3db69 req-e411fbc3-ad6f-46c9-856b-45ee9ff3994c 143c65c7298446e681cd119dc2c0a3b2 6f1c8f48b77349a8adaa6d1ed7cf1c6e - - b086645a873745aabf57b5e0cf146ab9 b086645a873745aabf57b5e0cf146ab9] 199.19.213.169 "GET /v2.0/ports?network_id=df414cfd-5435-4016-9e81-0c20824a1a62&device_owner=network%3Adhcp HTTP/1.1" status: 200 len: 210 time: 0.0291815
2026-06-25 23:38:35.683 10 INFO neutron.wsgi [req-d5e5d2ef-cc16-4a52-b7e0-498afdb3db69 req-b205874e-8edd-4451-a1f0-9e5c81a67b66 143c65c7298446e681cd119dc2c0a3b2 6f1c8f48b77349a8adaa6d1ed7cf1c6e - - b086645a873745aabf57b5e0cf146ab9 b086645a873745aabf57b5e0cf146ab9] 199.19.213.169 "GET /v2.0/networks/df414cfd-5435-4016-9e81-0c20824a1a62?fields=segments HTTP/1.1" status: 200 len: 212 time: 0.0781119
2026-06-25 23:38:35.749 10 INFO neutron.wsgi [req-d5e5d2ef-cc16-4a52-b7e0-498afdb3db69 req-920c5b1f-81b1-4957-b784-a63bb002177d 143c65c7298446e681cd119dc2c0a3b2 6f1c8f48b77349a8adaa6d1ed7cf1c6e - - b086645a873745aabf57b5e0cf146ab9 b086645a873745aabf57b5e0cf146ab9] 199.19.213.169 "GET /v2.0/networks/df414cfd-5435-4016-9e81-0c20824a1a62?fields=provider%3Aphysical_network&fields=provider%3Anetwork_type HTTP/1.1" status: 200 len: 277 time: 0.0545459
2026-06-25 23:38:35.789 10 INFO neutron.wsgi [req-d5e5d2ef-cc16-4a52-b7e0-498afdb3db69 req-5ae6dfb9-aea5-4a4c-9632-fb18aea74d6e 143c65c7298446e681cd119dc2c0a3b2 6f1c8f48b77349a8adaa6d1ed7cf1c6e - - b086645a873745aabf57b5e0cf146ab9 b086645a873745aabf57b5e0cf146ab9] 199.19.213.169 "GET /v2.0/floatingips?fixed_ip_address=10.1.1.27&port_id=1239b4aa-1991-403b-b1ba-1b4ccaf37ce2 HTTP/1.1" status: 200 len: 217 time: 0.0327864
2026-06-25 23:38:35.841 10 INFO neutron.wsgi [req-d5e5d2ef-cc16-4a52-b7e0-498afdb3db69 req-319a88e0-1968-4c4f-8e91-9f7c5beb8fd9 143c65c7298446e681cd119dc2c0a3b2 6f1c8f48b77349a8adaa6d1ed7cf1c6e - - b086645a873745aabf57b5e0cf146ab9 b086645a873745aabf57b5e0cf146ab9] 199.19.213.169 "GET /v2.0/subnets?id=7fe49b7b-3041-4f4c-a532-2679b71a2d20 HTTP/1.1" status: 200 len: 853 time: 0.0438142
2026-06-25 23:38:35.875 10 INFO neutron.wsgi [req-d5e5d2ef-cc16-4a52-b7e0-498afdb3db69 req-3d0d7662-16bd-4f7b-b391-c93580ae7bb2 143c65c7298446e681cd119dc2c0a3b2 6f1c8f48b77349a8adaa6d1ed7cf1c6e - - b086645a873745aabf57b5e0cf146ab9 b086645a873745aabf57b5e0cf146ab9] 199.19.213.169 "GET /v2.0/ports?network_id=bcaab46f-6b91-40b0-8518-899742da5621&device_owner=network%3Adhcp HTTP/1.1" status: 200 len: 210 time: 0.0247233
2026-06-25 23:38:35.944 10 INFO neutron.wsgi [req-d5e5d2ef-cc16-4a52-b7e0-498afdb3db69 req-a53cde40-7189-4c93-9ca2-30984b2e80a7 143c65c7298446e681cd119dc2c0a3b2 6f1c8f48b77349a8adaa6d1ed7cf1c6e - - b086645a873745aabf57b5e0cf146ab9 b086645a873745aabf57b5e0cf146ab9] 199.19.213.169 "GET /v2.0/networks/bcaab46f-6b91-40b0-8518-899742da5621?fields=segments HTTP/1.1" status: 200 len: 212 time: 0.0619102
2026-06-25 23:38:36.003 10 INFO neutron.wsgi [req-d5e5d2ef-cc16-4a52-b7e0-498afdb3db69 req-5709007d-2368-49fd-9ea6-2e03946e545f 143c65c7298446e681cd119dc2c0a3b2 6f1c8f48b77349a8adaa6d1ed7cf1c6e - - b086645a873745aabf57b5e0cf146ab9 b086645a873745aabf57b5e0cf146ab9] 199.19.213.169 "GET /v2.0/networks/bcaab46f-6b91-40b0-8518-899742da5621?fields=provider%3Aphysical_network&fields=provider%3Anetwork_type HTTP/1.1" status: 200 len: 277 time: 0.0515611
2026-06-25 23:38:36.033 10 INFO neutron.wsgi [req-d5e5d2ef-cc16-4a52-b7e0-498afdb3db69 req-9a938cdc-a181-401f-b858-ccbe3f768a22 143c65c7298446e681cd119dc2c0a3b2 6f1c8f48b77349a8adaa6d1ed7cf1c6e - - b086645a873745aabf57b5e0cf146ab9 b086645a873745aabf57b5e0cf146ab9] 199.19.213.169 "GET /v2.0/floatingips?fixed_ip_address=10.2.1.8&port_id=336acca1-d28a-465b-ad98-03cbd93e890d HTTP/1.1" status: 200 len: 217 time: 0.0234647
2026-06-25 23:38:36.067 10 INFO neutron.wsgi [req-d5e5d2ef-cc16-4a52-b7e0-498afdb3db69 req-81b26015-9767-487b-9e57-d8561de6e6d6 143c65c7298446e681cd119dc2c0a3b2 6f1c8f48b77349a8adaa6d1ed7cf1c6e - - b086645a873745aabf57b5e0cf146ab9 b086645a873745aabf57b5e0cf146ab9] 199.19.213.169 "GET /v2.0/floatingips?fixed_ip_address=fd7b%3Af9f7%3Afff%3A4eca%3A%3A96&port_id=336acca1-d28a-465b-ad98-03cbd93e890d HTTP/1.1" status: 200 len: 217 time: 0.0281157
2026-06-25 23:38:36.113 10 INFO neutron.wsgi [req-d5e5d2ef-cc16-4a52-b7e0-498afdb3db69 req-bf9ed351-a1ec-416c-8c81-db55f2cd5ba9 143c65c7298446e681cd119dc2c0a3b2 6f1c8f48b77349a8adaa6d1ed7cf1c6e - - b086645a873745aabf57b5e0cf146ab9 b086645a873745aabf57b5e0cf146ab9] 199.19.213.169 "GET /v2.0/subnets?id=72024b13-4d50-468d-a17f-1e6c52661004&id=64785dd7-f05e-4318-be67-2c0b672cd8ed HTTP/1.1" status: 200 len: 1562 time: 0.0401771
2026-06-25 23:38:36.145 10 INFO neutron.wsgi [req-d5e5d2ef-cc16-4a52-b7e0-498afdb3db69 req-32b667f0-85ce-48a9-9b66-616a5a2e7a6d 143c65c7298446e681cd119dc2c0a3b2 6f1c8f48b77349a8adaa6d1ed7cf1c6e - - b086645a873745aabf57b5e0cf146ab9 b086645a873745aabf57b5e0cf146ab9] 199.19.213.169 "GET /v2.0/ports?network_id=c568d2cf-18e6-4f84-8821-88474fe65eeb&device_owner=network%3Adhcp HTTP/1.1" status: 200 len: 210 time: 0.0245383
2026-06-25 23:38:36.173 10 INFO neutron.wsgi [req-d5e5d2ef-cc16-4a52-b7e0-498afdb3db69 req-49b3f90a-ca0c-455d-9643-a1a81d90c6ef 143c65c7298446e681cd119dc2c0a3b2 6f1c8f48b77349a8adaa6d1ed7cf1c6e - - b086645a873745aabf57b5e0cf146ab9 b086645a873745aabf57b5e0cf146ab9] 199.19.213.169 "GET /v2.0/ports?network_id=c568d2cf-18e6-4f84-8821-88474fe65eeb&device_owner=network%3Adhcp HTTP/1.1" status: 200 len: 210 time: 0.0216396
2026-06-25 23:38:36.240 10 INFO neutron.wsgi [req-d5e5d2ef-cc16-4a52-b7e0-498afdb3db69 req-80dd67ca-9781-496e-ac0c-c754212a39cf 143c65c7298446e681cd119dc2c0a3b2 6f1c8f48b77349a8adaa6d1ed7cf1c6e - - b086645a873745aabf57b5e0cf146ab9 b086645a873745aabf57b5e0cf146ab9] 199.19.213.169 "GET /v2.0/networks/c568d2cf-18e6-4f84-8821-88474fe65eeb?fields=segments HTTP/1.1" status: 200 len: 212 time: 0.0590413
2026-06-25 23:38:36.318 10 INFO neutron.wsgi [req-d5e5d2ef-cc16-4a52-b7e0-498afdb3db69 req-b3095046-a9bd-410f-ab63-441d46af4ab8 143c65c7298446e681cd119dc2c0a3b2 6f1c8f48b77349a8adaa6d1ed7cf1c6e - - b086645a873745aabf57b5e0cf146ab9 b086645a873745aabf57b5e0cf146ab9] 199.19.213.169 "GET /v2.0/networks/c568d2cf-18e6-4f84-8821-88474fe65eeb?fields=provider%3Aphysical_network&fields=provider%3Anetwork_type HTTP/1.1" status: 200 len: 277 time: 0.0736225
2026-06-25 23:38:36.430 10 INFO neutron.wsgi [req-6a59fafb-417d-4595-b7fa-1d2da07d421b req-15eba894-d509-4eb4-ad43-9bfa96f49065 143c65c7298446e681cd119dc2c0a3b2 6f1c8f48b77349a8adaa6d1ed7cf1c6e - - b086645a873745aabf57b5e0cf146ab9 b086645a873745aabf57b5e0cf146ab9] 199.19.213.169 "GET /v2.0/ports?tenant_id=5e6f572533a8440b9f7d5c9b69bf8a4b&device_id=db0799c6-fb0b-44aa-91ac-251a469eab2e HTTP/1.1" status: 200 len: 3988 time: 0.0614359
2026-06-25 23:38:36.443 10 INFO neutron.plugins.ml2.drivers.ovn.mech_driver.mech_driver [None req-56e06cab-88df-4a0c-9f6c-9609ea2afd09 - - - - - -] OVN reports status up for port: 336acca1-d28a-465b-ad98-03cbd93e890d
2026-06-25 23:38:36.467 10 INFO neutron.plugins.ml2.plugin [None req-56e06cab-88df-4a0c-9f6c-9609ea2afd09 - - - - - -] Attempt 1 to provision port 336acca1-d28a-465b-ad98-03cbd93e890d
2026-06-25 23:38:36.543 10 INFO neutron.wsgi [req-6a59fafb-417d-4595-b7fa-1d2da07d421b req-18475013-589c-4ac0-b670-59e54d2a58ee 143c65c7298446e681cd119dc2c0a3b2 6f1c8f48b77349a8adaa6d1ed7cf1c6e - - b086645a873745aabf57b5e0cf146ab9 b086645a873745aabf57b5e0cf146ab9] 199.19.213.169 "GET /v2.0/networks?id=c568d2cf-18e6-4f84-8821-88474fe65eeb HTTP/1.1" status: 200 len: 1003 time: 0.1020589
2026-06-25 23:38:36.585 10 INFO neutron.wsgi [req-6a59fafb-417d-4595-b7fa-1d2da07d421b req-535c15f3-6873-4e0f-b56b-b852b83c78e0 143c65c7298446e681cd119dc2c0a3b2 6f1c8f48b77349a8adaa6d1ed7cf1c6e - - b086645a873745aabf57b5e0cf146ab9 b086645a873745aabf57b5e0cf146ab9] 199.19.213.169 "GET /v2.0/floatingips?fixed_ip_address=10.2.1.8&port_id=336acca1-d28a-465b-ad98-03cbd93e890d HTTP/1.1" status: 200 len: 217 time: 0.0355082
2026-06-25 23:38:36.633 10 INFO neutron.wsgi [req-6a59fafb-417d-4595-b7fa-1d2da07d421b req-76340083-346e-48d5-8730-91256f97aae8 143c65c7298446e681cd119dc2c0a3b2 6f1c8f48b77349a8adaa6d1ed7cf1c6e - - b086645a873745aabf57b5e0cf146ab9 b086645a873745aabf57b5e0cf146ab9] 199.19.213.169 "GET /v2.0/floatingips?fixed_ip_address=fd7b%3Af9f7%3Afff%3A4eca%3A%3A96&port_id=336acca1-d28a-465b-ad98-03cbd93e890d HTTP/1.1" status: 200 len: 217 time: 0.0408461
2026-06-25 23:38:36.677 10 INFO neutron.wsgi [req-6a59fafb-417d-4595-b7fa-1d2da07d421b req-2253507e-ab62-4465-bde1-106136ac5528 143c65c7298446e681cd119dc2c0a3b2 6f1c8f48b77349a8adaa6d1ed7cf1c6e - - b086645a873745aabf57b5e0cf146ab9 b086645a873745aabf57b5e0cf146ab9] 199.19.213.169 "GET /v2.0/subnets?id=72024b13-4d50-468d-a17f-1e6c52661004&id=64785dd7-f05e-4318-be67-2c0b672cd8ed HTTP/1.1" status: 200 len: 1562 time: 0.0391102
2026-06-25 23:38:36.728 10 INFO neutron.wsgi [req-6a59fafb-417d-4595-b7fa-1d2da07d421b req-01997940-f4c6-48fb-8628-c6791562a415 143c65c7298446e681cd119dc2c0a3b2 6f1c8f48b77349a8adaa6d1ed7cf1c6e - - b086645a873745aabf57b5e0cf146ab9 b086645a873745aabf57b5e0cf146ab9] 199.19.213.169 "GET /v2.0/ports?network_id=c568d2cf-18e6-4f84-8821-88474fe65eeb&device_owner=network%3Adhcp HTTP/1.1" status: 200 len: 210 time: 0.0312138
2026-06-25 23:38:36.732 10 INFO neutron.wsgi [req-d5e5d2ef-cc16-4a52-b7e0-498afdb3db69 req-ed81017b-3542-4287-ad50-1c752ce53c40 eb385586f3e7424ca61f8366f483a2e1 5e6f572533a8440b9f7d5c9b69bf8a4b - - default default] 10.0.0.211 "GET /v2.0/ports/336acca1-d28a-465b-ad98-03cbd93e890d HTTP/1.1" status: 200 len: 1575 time: 0.1328092
2026-06-25 23:38:36.761 10 INFO neutron.wsgi [req-6a59fafb-417d-4595-b7fa-1d2da07d421b req-97bc2223-ed71-42fc-abc5-a69468215b1c 143c65c7298446e681cd119dc2c0a3b2 6f1c8f48b77349a8adaa6d1ed7cf1c6e - - b086645a873745aabf57b5e0cf146ab9 b086645a873745aabf57b5e0cf146ab9] 199.19.213.169 "GET /v2.0/ports?network_id=c568d2cf-18e6-4f84-8821-88474fe65eeb&device_owner=network%3Adhcp HTTP/1.1" status: 200 len: 210 time: 0.0245562
2026-06-25 23:38:36.785 9 INFO neutron.wsgi [None req-96c7f31f-4009-4cd9-82f4-61ffb003eb42 eb385586f3e7424ca61f8366f483a2e1 5e6f572533a8440b9f7d5c9b69bf8a4b - - default default] 199.19.213.169 "GET /v2.0/ports/336acca1-d28a-465b-ad98-03cbd93e890d HTTP/1.1" status: 200 len: 1575 time: 0.0378568
2026-06-25 23:38:36.834 9 INFO neutron.wsgi [None req-14eb9b53-62c2-401f-82dd-abbe1ffd0377 eb385586f3e7424ca61f8366f483a2e1 5e6f572533a8440b9f7d5c9b69bf8a4b - - default default] 199.19.213.169 "GET /v2.0/ports/336acca1-d28a-465b-ad98-03cbd93e890d HTTP/1.1" status: 200 len: 1575 time: 0.0424619
2026-06-25 23:38:37.272 10 INFO neutron.wsgi [req-6a59fafb-417d-4595-b7fa-1d2da07d421b req-d2f14396-8e04-48fb-8405-bbb8034b2c15 143c65c7298446e681cd119dc2c0a3b2 6f1c8f48b77349a8adaa6d1ed7cf1c6e - - b086645a873745aabf57b5e0cf146ab9 b086645a873745aabf57b5e0cf146ab9] 199.19.213.169 "GET /v2.0/networks/c568d2cf-18e6-4f84-8821-88474fe65eeb?fields=segments HTTP/1.1" status: 200 len: 212 time: 0.4968889
2026-06-25 23:38:37.342 9 INFO neutron.db.ovn_revision_numbers_db [None req-d2df3640-bb5e-4a95-be6f-c440cd228a9c eb385586f3e7424ca61f8366f483a2e1 5e6f572533a8440b9f7d5c9b69bf8a4b - - - -] Successfully bumped revision number for resource 336acca1-d28a-465b-ad98-03cbd93e890d (type: ports) to 5
2026-06-25 23:38:37.355 10 INFO neutron.db.ovn_revision_numbers_db [None req-56e06cab-88df-4a0c-9f6c-9609ea2afd09 - - - - - -] Successfully bumped revision number for resource 336acca1-d28a-465b-ad98-03cbd93e890d (type: ports) to 4
2026-06-25 23:38:37.367 9 INFO neutron.wsgi [None req-d2df3640-bb5e-4a95-be6f-c440cd228a9c eb385586f3e7424ca61f8366f483a2e1 5e6f572533a8440b9f7d5c9b69bf8a4b - - - -] 199.19.213.169 "PUT /v2.0/ports/336acca1-d28a-465b-ad98-03cbd93e890d HTTP/1.1" status: 200 len: 1322 time: 0.5248709
2026-06-25 23:38:37.374 10 INFO neutron.wsgi [req-6a59fafb-417d-4595-b7fa-1d2da07d421b req-8940cd86-d59d-48b9-a240-4eb18502e1fb 143c65c7298446e681cd119dc2c0a3b2 6f1c8f48b77349a8adaa6d1ed7cf1c6e - - b086645a873745aabf57b5e0cf146ab9 b086645a873745aabf57b5e0cf146ab9] 199.19.213.169 "GET /v2.0/networks/c568d2cf-18e6-4f84-8821-88474fe65eeb?fields=provider%3Aphysical_network&fields=provider%3Anetwork_type HTTP/1.1" status: 200 len: 277 time: 0.0918396 /var/lib/openstack/lib/python3.10/site-packages/pycadf/identifier.py:71: UserWarning: Invalid uuid: neutron. To ensure interoperability, identifiers should be a valid uuid. warnings.warn(('Invalid uuid: %s. To ensure interoperability, '
2026-06-25 23:38:37.446 9 INFO neutron.wsgi [None req-4ebdf2b1-38b2-4276-9d9e-eca3217c9c29 eb385586f3e7424ca61f8366f483a2e1 5e6f572533a8440b9f7d5c9b69bf8a4b - - default default] 199.19.213.169 "GET /v2.0/networks/c568d2cf-18e6-4f84-8821-88474fe65eeb HTTP/1.1" status: 200 len: 1000 time: 0.0707316
2026-06-25 23:38:37.457 10 INFO neutron.notifiers.nova [-] Nova event matching ['req-02436ad7-b826-4c2e-9670-d494573fe653'] response: {'server_uuid': 'db0799c6-fb0b-44aa-91ac-251a469eab2e', 'name': 'network-vif-plugged', 'status': 'completed', 'tag': '336acca1-d28a-465b-ad98-03cbd93e890d', 'code': 200}
2026-06-25 23:38:37.474 9 INFO neutron.notifiers.nova [-] Nova event matching ['req-ce08f773-9ffe-4e07-9917-c5eb6d2293f2'] response: {'name': 'network-changed', 'server_uuid': 'db0799c6-fb0b-44aa-91ac-251a469eab2e', 'tag': '336acca1-d28a-465b-ad98-03cbd93e890d', 'status': 'completed', 'code': 200}
2026-06-25 23:38:37.488 9 INFO neutron.wsgi [None req-8673b154-5431-4bf3-9a8d-1d826743c4e8 eb385586f3e7424ca61f8366f483a2e1 5e6f572533a8440b9f7d5c9b69bf8a4b - - default default] 199.19.213.169 "GET /v2.0/subnets/64785dd7-f05e-4318-be67-2c0b672cd8ed HTTP/1.1" status: 200 len: 848 time: 0.0344684 /var/lib/openstack/lib/python3.10/site-packages/pycadf/identifier.py:71: UserWarning: Invalid uuid: neutron. To ensure interoperability, identifiers should be a valid uuid. warnings.warn(('Invalid uuid: %s. To ensure interoperability, '
2026-06-25 23:38:37.524 10 INFO neutron.wsgi [req-ff9236f5-6468-4a31-bd6d-cf5a513c7a58 req-ba03f487-c0d2-447d-90da-cdbadc7646c7 143c65c7298446e681cd119dc2c0a3b2 6f1c8f48b77349a8adaa6d1ed7cf1c6e - - b086645a873745aabf57b5e0cf146ab9 b086645a873745aabf57b5e0cf146ab9] 199.19.213.169 "GET /v2.0/ports?tenant_id=5e6f572533a8440b9f7d5c9b69bf8a4b&device_id=db0799c6-fb0b-44aa-91ac-251a469eab2e HTTP/1.1" status: 200 len: 3765 time: 0.0338738
2026-06-25 23:38:37.570 9 INFO neutron.wsgi [None req-4ea20cb2-f0f8-4ed1-aceb-e2c0d6ecb107 eb385586f3e7424ca61f8366f483a2e1 5e6f572533a8440b9f7d5c9b69bf8a4b - - default default] 199.19.213.169 "GET /v2.0/extensions/security-group HTTP/1.1" status: 200 len: 369 time: 0.0088015
2026-06-25 23:38:37.578 9 INFO neutron.wsgi [None req-086c88e0-98dd-43e5-a3f4-a5ea924e48cf eb385586f3e7424ca61f8366f483a2e1 5e6f572533a8440b9f7d5c9b69bf8a4b - - default default] 199.19.213.169 "GET /v2.0/extensions/dns-integration HTTP/1.1" status: 200 len: 371 time: 0.0033860
2026-06-25 23:38:37.587 9 INFO neutron.wsgi [None req-24a81c96-db29-4fb9-805c-15a86591b48c eb385586f3e7424ca61f8366f483a2e1 5e6f572533a8440b9f7d5c9b69bf8a4b - - default default] 199.19.213.169 "GET /v2.0/extensions/qos HTTP/1.1" status: 200 len: 365 time: 0.0043793
2026-06-25 23:38:37.587 10 INFO neutron.wsgi [req-ff9236f5-6468-4a31-bd6d-cf5a513c7a58 req-b0e6616e-45bb-4b9f-9b52-dc0507d0673a 143c65c7298446e681cd119dc2c0a3b2 6f1c8f48b77349a8adaa6d1ed7cf1c6e - - b086645a873745aabf57b5e0cf146ab9 b086645a873745aabf57b5e0cf146ab9] 199.19.213.169 "GET /v2.0/networks?id=c568d2cf-18e6-4f84-8821-88474fe65eeb HTTP/1.1" status: 200 len: 1003 time: 0.0553639
2026-06-25 23:38:37.596 9 INFO neutron.wsgi [None req-139d5aac-156e-4966-bdd9-5f49a9bdadab eb385586f3e7424ca61f8366f483a2e1 5e6f572533a8440b9f7d5c9b69bf8a4b - - default default] 199.19.213.169 "GET /v2.0/extensions/allowed-address-pairs HTTP/1.1" status: 200 len: 383 time: 0.0049274
2026-06-25 23:38:37.621 10 INFO neutron.wsgi [req-ff9236f5-6468-4a31-bd6d-cf5a513c7a58 req-fb1ee4ba-c18f-48bf-bd05-faf2a54fd6b2 143c65c7298446e681cd119dc2c0a3b2 6f1c8f48b77349a8adaa6d1ed7cf1c6e - - b086645a873745aabf57b5e0cf146ab9 b086645a873745aabf57b5e0cf146ab9] 199.19.213.169 "GET /v2.0/floatingips?fixed_ip_address=10.2.1.8&port_id=336acca1-d28a-465b-ad98-03cbd93e890d HTTP/1.1" status: 200 len: 217 time: 0.0268357
2026-06-25 23:38:37.638 9 INFO neutron.wsgi [None req-a4c43746-7d13-402d-9560-f3c755d0365f eb385586f3e7424ca61f8366f483a2e1 5e6f572533a8440b9f7d5c9b69bf8a4b - - default default] 199.19.213.169 "GET /v2.0/subnets/7fe49b7b-3041-4f4c-a532-2679b71a2d20 HTTP/1.1" status: 200 len: 850 time: 0.0373011
2026-06-25 23:38:37.657 10 INFO neutron.wsgi [req-ff9236f5-6468-4a31-bd6d-cf5a513c7a58 req-ebba4a5e-01d1-4f29-805e-c0ac737c7580 143c65c7298446e681cd119dc2c0a3b2 6f1c8f48b77349a8adaa6d1ed7cf1c6e - - b086645a873745aabf57b5e0cf146ab9 b086645a873745aabf57b5e0cf146ab9] 199.19.213.169 "GET /v2.0/subnets?id=64785dd7-f05e-4318-be67-2c0b672cd8ed HTTP/1.1" status: 200 len: 851 time: 0.0290327
2026-06-25 23:38:37.677 9 INFO neutron.wsgi [None req-7094f2f5-61f1-4487-90c1-ab5750a64ec4 eb385586f3e7424ca61f8366f483a2e1 5e6f572533a8440b9f7d5c9b69bf8a4b - - default default] 199.19.213.169 "GET /v2.0/ports/5edb32fb-db4c-43d9-bcf7-4128d3ef1ddc HTTP/1.1" status: 200 len: 1336 time: 0.0338933
2026-06-25 23:38:37.691 10 INFO neutron.wsgi [req-ff9236f5-6468-4a31-bd6d-cf5a513c7a58 req-9d0ab835-b0f1-4834-8286-2f9f495c3cfa 143c65c7298446e681cd119dc2c0a3b2 6f1c8f48b77349a8adaa6d1ed7cf1c6e - - b086645a873745aabf57b5e0cf146ab9 b086645a873745aabf57b5e0cf146ab9] 199.19.213.169 "GET /v2.0/ports?network_id=c568d2cf-18e6-4f84-8821-88474fe65eeb&device_owner=network%3Adhcp HTTP/1.1" status: 200 len: 210 time: 0.0273366
2026-06-25 23:38:37.711 9 INFO neutron.wsgi [None req-b6f48c65-6d49-4eaf-9556-634c02e85cb3 eb385586f3e7424ca61f8366f483a2e1 5e6f572533a8440b9f7d5c9b69bf8a4b - - default default] 199.19.213.169 "GET /v2.0/ports/1239b4aa-1991-403b-b1ba-1b4ccaf37ce2 HTTP/1.1" status: 200 len: 1466 time: 0.0281961
2026-06-25 23:38:37.749 9 INFO neutron.wsgi [None req-2543e68f-efc2-4e20-9fdf-cbabdcf8a38c eb385586f3e7424ca61f8366f483a2e1 5e6f572533a8440b9f7d5c9b69bf8a4b - - default default] 199.19.213.169 "GET /v2.0/subnets/7fe49b7b-3041-4f4c-a532-2679b71a2d20 HTTP/1.1" status: 200 len: 850 time: 0.0316434
2026-06-25 23:38:37.760 10 INFO neutron.wsgi [req-ff9236f5-6468-4a31-bd6d-cf5a513c7a58 req-2947cfce-b5b6-44e3-9783-ebd44bcde6ca 143c65c7298446e681cd119dc2c0a3b2 6f1c8f48b77349a8adaa6d1ed7cf1c6e - - b086645a873745aabf57b5e0cf146ab9 b086645a873745aabf57b5e0cf146ab9] 199.19.213.169 "GET /v2.0/networks/c568d2cf-18e6-4f84-8821-88474fe65eeb?fields=segments HTTP/1.1" status: 200 len: 212 time: 0.0603831
2026-06-25 23:38:37.821 10 INFO neutron.wsgi [req-ff9236f5-6468-4a31-bd6d-cf5a513c7a58 req-5c710d95-d127-4884-bc7d-4d2b3981c67f 143c65c7298446e681cd119dc2c0a3b2 6f1c8f48b77349a8adaa6d1ed7cf1c6e - - b086645a873745aabf57b5e0cf146ab9 b086645a873745aabf57b5e0cf146ab9] 199.19.213.169 "GET /v2.0/networks/c568d2cf-18e6-4f84-8821-88474fe65eeb?fields=provider%3Aphysical_network&fields=provider%3Anetwork_type HTTP/1.1" status: 200 len: 277 time: 0.0545642
2026-06-25 23:38:37.827 9 INFO neutron.wsgi [None req-8c51e9aa-7532-422e-a6f7-9577aeed6bf3 eb385586f3e7424ca61f8366f483a2e1 5e6f572533a8440b9f7d5c9b69bf8a4b - - default default] 199.19.213.169 "GET /v2.0/networks/bcaab46f-6b91-40b0-8518-899742da5621 HTTP/1.1" status: 200 len: 1001 time: 0.0733657
2026-06-25 23:38:37.881 9 INFO neutron.wsgi [None req-b2b8293a-ee22-4412-a53b-8a68a3bae5f9 eb385586f3e7424ca61f8366f483a2e1 5e6f572533a8440b9f7d5c9b69bf8a4b - - default default] 199.19.213.169 "GET /v2.0/ports/5edb32fb-db4c-43d9-bcf7-4128d3ef1ddc HTTP/1.1" status: 200 len: 1336 time: 0.0495989
2026-06-25 23:38:37.925 9 INFO neutron.wsgi [None req-2a71f62a-b41b-441b-8560-0d6f785630f9 eb385586f3e7424ca61f8366f483a2e1 5e6f572533a8440b9f7d5c9b69bf8a4b - - default default] 199.19.213.169 "GET /v2.0/subnets/7fe49b7b-3041-4f4c-a532-2679b71a2d20 HTTP/1.1" status: 200 len: 850 time: 0.0372314
2026-06-25 23:38:39.501 10 INFO neutron.notifiers.nova [-] Nova event matching ['req-b31cfdab-212b-47a8-b485-2bb2813eeab4'] response: {'server_uuid': 'db0799c6-fb0b-44aa-91ac-251a469eab2e', 'name': 'network-vif-plugged', 'status': 'completed', 'tag': '336acca1-d28a-465b-ad98-03cbd93e890d', 'code': 200}
2026-06-25 23:38:42.092 9 INFO neutron.wsgi [None req-3ce09072-6515-41f7-a18e-2660dc014cb8 eb385586f3e7424ca61f8366f483a2e1 5e6f572533a8440b9f7d5c9b69bf8a4b - - default default] 10.0.0.254 "GET /v2.0/routers HTTP/1.1" status: 200 len: 850 time: 0.1303229
2026-06-25 23:38:42.107 9 INFO neutron.wsgi [None req-e8ac266e-b5ac-4d21-a2c3-6c7854c4bfef eb385586f3e7424ca61f8366f483a2e1 5e6f572533a8440b9f7d5c9b69bf8a4b - - default default] 10.0.0.254 "GET /v2.0/agents?binary=ovn-controller HTTP/1.1" status: 200 len: 591 time: 0.0133781
2026-06-25 23:38:42.125 9 INFO neutron.wsgi [None req-ed175bf2-e777-4fa5-972b-cbcaa6442b9f eb385586f3e7424ca61f8366f483a2e1 5e6f572533a8440b9f7d5c9b69bf8a4b - - default default] 10.0.0.254 "GET /v2.0/network-ip-availabilities HTTP/1.1" status: 200 len: 3362 time: 0.0159624
2026-06-25 23:38:42.571 9 INFO neutron.wsgi [None req-a7469873-9427-45a8-84dd-572d0ec1b3ff eb385586f3e7424ca61f8366f483a2e1 5e6f572533a8440b9f7d5c9b69bf8a4b - - default default] 10.0.0.254 "GET /v2.0/networks HTTP/1.1" status: 200 len: 4719 time: 0.4445367
2026-06-25 23:38:42.612 9 INFO neutron.wsgi [None req-018c1544-e3ba-42dd-9d67-78e6c29996d8 eb385586f3e7424ca61f8366f483a2e1 5e6f572533a8440b9f7d5c9b69bf8a4b - - default default] 10.0.0.254 "GET /v2.0/subnets HTTP/1.1" status: 200 len: 5496 time: 0.0373900
2026-06-25 23:38:42.626 9 INFO neutron.wsgi [None req-04fdbecf-8926-4719-b62b-68ad3ec13c2c eb385586f3e7424ca61f8366f483a2e1 5e6f572533a8440b9f7d5c9b69bf8a4b - - default default] 10.0.0.254 "GET /v2.0/subnetpools HTTP/1.1" status: 200 len: 193 time: 0.0114260
2026-06-25 23:38:42.683 9 INFO neutron.wsgi [None req-d8a840d7-08f3-4bd1-9ba6-634f59e69fac eb385586f3e7424ca61f8366f483a2e1 5e6f572533a8440b9f7d5c9b69bf8a4b - - default default] 10.0.0.254 "GET /v2.0/ports HTTP/1.1" status: 200 len: 23023 time: 0.0564072
2026-06-25 23:38:42.739 9 INFO neutron.wsgi [None req-0e7db2c9-a05c-4f18-9250-c6ae978bb963 eb385586f3e7424ca61f8366f483a2e1 5e6f572533a8440b9f7d5c9b69bf8a4b - - default default] 10.0.0.254 "GET /v2.0/floatingips HTTP/1.1" status: 200 len: 2765 time: 0.0435145
2026-06-25 23:38:42.824 9 INFO neutron.wsgi [None req-7228a9ac-72f1-47d1-afc9-09fb4bcd6635 eb385586f3e7424ca61f8366f483a2e1 5e6f572533a8440b9f7d5c9b69bf8a4b - - default default] 10.0.0.254 "GET /v2.0/security-groups HTTP/1.1" status: 200 len: 30235 time: 0.0830688
2026-06-25 23:38:42.871 9 INFO neutron.wsgi [None req-6878c52c-3a18-42c8-8f78-33e8cd5321f7 eb385586f3e7424ca61f8366f483a2e1 5e6f572533a8440b9f7d5c9b69bf8a4b - - default default] 10.0.0.254 "GET /v2.0/subnets HTTP/1.1" status: 200 len: 5496 time: 0.0428271
2026-06-25 23:38:42.886 9 INFO neutron.wsgi [None req-c4caf4d5-83da-46d6-b202-4e1421d87f08 eb385586f3e7424ca61f8366f483a2e1 5e6f572533a8440b9f7d5c9b69bf8a4b - - default default] 10.0.0.254 "GET /v2.0/agents HTTP/1.1" status: 200 len: 997 time: 0.0128016
2026-06-25 23:38:43.242 9 INFO neutron.wsgi [None req-956113ae-7cca-473e-8a2e-2cf51983704c eb385586f3e7424ca61f8366f483a2e1 5e6f572533a8440b9f7d5c9b69bf8a4b - - default default] 10.0.0.84 "GET /v2.0/extensions/security-group HTTP/1.1" status: 200 len: 369 time: 0.0082645
2026-06-25 23:38:43.253 9 INFO neutron.wsgi [None req-7f93a395-db34-4d51-9ef0-cba3f9c1f5e5 eb385586f3e7424ca61f8366f483a2e1 5e6f572533a8440b9f7d5c9b69bf8a4b - - default default] 10.0.0.84 "GET /v2.0/extensions/dns-integration HTTP/1.1" status: 200 len: 371 time: 0.0055690
2026-06-25 23:38:43.263 9 INFO neutron.wsgi [None req-ec8475ba-e020-4491-b05e-f321109096a9 eb385586f3e7424ca61f8366f483a2e1 5e6f572533a8440b9f7d5c9b69bf8a4b - - default default] 10.0.0.84 "GET /v2.0/extensions/qos HTTP/1.1" status: 200 len: 365 time: 0.0042634
2026-06-25 23:38:43.274 9 INFO neutron.wsgi [None req-a1da3bbb-982a-4462-a95f-dca17e7e977e eb385586f3e7424ca61f8366f483a2e1 5e6f572533a8440b9f7d5c9b69bf8a4b - - default default] 10.0.0.84 "GET /v2.0/extensions/allowed-address-pairs HTTP/1.1" status: 200 len: 383 time: 0.0043197
2026-06-25 23:38:43.644 10 INFO neutron.wsgi [-] 10.0.0.84 "GET / HTTP/1.1" status: 200 len: 284 time: 0.0029633
2026-06-25 23:38:43.690 10 INFO neutron.wsgi [None req-a7fc5039-074b-400a-adf7-e172bb981e69 5bd909b3c06e4f81890b480a2fad5e2b 83f71c9fea0b4201aa9f250211848d99 - - default default] 10.0.0.84 "GET /v2.0/subnets/15337110-6a6e-4a88-b6ee-7b82cbe9cbc3 HTTP/1.1" status: 200 len: 831 time: 0.0405405
2026-06-25 23:38:44.103 10 INFO neutron.wsgi [None req-4e4da627-8f80-4c80-b038-05216eaaf591 eb385586f3e7424ca61f8366f483a2e1 5e6f572533a8440b9f7d5c9b69bf8a4b - - default default] 199.19.213.169 "GET /v2.0/extensions/security-group HTTP/1.1" status: 200 len: 369 time: 0.0069263
2026-06-25 23:38:44.116 10 INFO neutron.wsgi [None req-29c11561-8be6-40f9-94ee-df3d3910096b eb385586f3e7424ca61f8366f483a2e1 5e6f572533a8440b9f7d5c9b69bf8a4b - - default default] 199.19.213.169 "GET /v2.0/extensions/dns-integration HTTP/1.1" status: 200 len: 371 time: 0.0049801
2026-06-25 23:38:44.125 10 INFO neutron.wsgi [None req-1a5fadd6-9c6c-4e73-b2e6-e391b8867feb eb385586f3e7424ca61f8366f483a2e1 5e6f572533a8440b9f7d5c9b69bf8a4b - - default default] 199.19.213.169 "GET /v2.0/extensions/qos HTTP/1.1" status: 200 len: 365 time: 0.0048540
2026-06-25 23:38:44.135 10 INFO neutron.wsgi [None req-329a8fcb-8e6c-446c-8633-67fa34cd94ab eb385586f3e7424ca61f8366f483a2e1 5e6f572533a8440b9f7d5c9b69bf8a4b - - default default] 199.19.213.169 "GET /v2.0/extensions/allowed-address-pairs HTTP/1.1" status: 200 len: 383 time: 0.0052271
2026-06-25 23:38:44.176 10 INFO neutron.wsgi [None req-b10f33c6-2add-4f08-a1bd-20fb20fd0546 eb385586f3e7424ca61f8366f483a2e1 5e6f572533a8440b9f7d5c9b69bf8a4b - - default default] 199.19.213.169 "GET /v2.0/subnets/64785dd7-f05e-4318-be67-2c0b672cd8ed HTTP/1.1" status: 200 len: 848 time: 0.0351059
2026-06-25 23:38:44.210 10 INFO neutron.wsgi [None req-69a592b3-2f8c-4748-9fc7-8d7ef172e54d eb385586f3e7424ca61f8366f483a2e1 5e6f572533a8440b9f7d5c9b69bf8a4b - - default default] 199.19.213.169 "GET /v2.0/subnets/15337110-6a6e-4a88-b6ee-7b82cbe9cbc3 HTTP/1.1" status: 200 len: 849 time: 0.0302806
2026-06-25 23:38:44.250 10 INFO neutron.wsgi [None req-3215723c-9924-4285-85c2-029c2a5c45c9 eb385586f3e7424ca61f8366f483a2e1 5e6f572533a8440b9f7d5c9b69bf8a4b - - default default] 199.19.213.169 "GET /v2.0/ports?device_id=db0799c6-fb0b-44aa-91ac-251a469eab2e HTTP/1.1" status: 200 len: 3765 time: 0.0331733
2026-06-25 23:38:44.405 10 INFO neutron.wsgi [None req-429c2229-1df2-4330-a462-7ffd54291361 eb385586f3e7424ca61f8366f483a2e1 5e6f572533a8440b9f7d5c9b69bf8a4b - - default default] 199.19.213.169 "GET /v2.0/extensions/security-group HTTP/1.1" status: 200 len: 369 time: 0.0072296
2026-06-25 23:38:44.413 10 INFO neutron.wsgi [None req-c11104fe-baed-40f5-9049-9bf157730272 eb385586f3e7424ca61f8366f483a2e1 5e6f572533a8440b9f7d5c9b69bf8a4b - - default default] 199.19.213.169 "GET /v2.0/extensions/dns-integration HTTP/1.1" status: 200 len: 371 time: 0.0040410
2026-06-25 23:38:44.423 10 INFO neutron.wsgi [None req-7f1fffcc-a605-4ff1-a3d8-483608335e8c eb385586f3e7424ca61f8366f483a2e1 5e6f572533a8440b9f7d5c9b69bf8a4b - - default default] 199.19.213.169 "GET /v2.0/extensions/qos HTTP/1.1" status: 200 len: 365 time: 0.0053108
2026-06-25 23:38:44.435 10 INFO neutron.wsgi [None req-b7fb71fd-90a4-4315-8340-1414f7b9ac9d eb385586f3e7424ca61f8366f483a2e1 5e6f572533a8440b9f7d5c9b69bf8a4b - - default default] 199.19.213.169 "GET /v2.0/extensions/allowed-address-pairs HTTP/1.1" status: 200 len: 383 time: 0.0063319
2026-06-25 23:38:44.601 10 INFO neutron.wsgi [req-9cd6dc90-2a78-409a-b6bd-b329d1b4fd9f req-fb2f69f0-932a-495f-b221-8de0a5e9bc80 143c65c7298446e681cd119dc2c0a3b2 6f1c8f48b77349a8adaa6d1ed7cf1c6e - - b086645a873745aabf57b5e0cf146ab9 b086645a873745aabf57b5e0cf146ab9] 199.19.213.169 "GET /v2.0/networks/7329542c-31c4-4fa5-9aec-2fc8efc7c4ff?fields=segments HTTP/1.1" status: 200 len: 212 time: 0.0647013
2026-06-25 23:38:44.664 10 INFO neutron.wsgi [req-9cd6dc90-2a78-409a-b6bd-b329d1b4fd9f req-f8c9fa50-cede-4c5f-816b-1f9952724991 143c65c7298446e681cd119dc2c0a3b2 6f1c8f48b77349a8adaa6d1ed7cf1c6e - - b086645a873745aabf57b5e0cf146ab9 b086645a873745aabf57b5e0cf146ab9] 199.19.213.169 "GET /v2.0/networks/7329542c-31c4-4fa5-9aec-2fc8efc7c4ff?fields=provider%3Aphysical_network&fields=provider%3Anetwork_type HTTP/1.1" status: 200 len: 277 time: 0.0537007
2026-06-25 23:38:44.766 10 INFO neutron.wsgi [req-9cd6dc90-2a78-409a-b6bd-b329d1b4fd9f req-ee895be9-ac44-40e9-9a3e-510931a41857 eb385586f3e7424ca61f8366f483a2e1 5e6f572533a8440b9f7d5c9b69bf8a4b - - default default] 199.19.213.169 "GET /v2.0/networks?id=7329542c-31c4-4fa5-9aec-2fc8efc7c4ff HTTP/1.1" status: 200 len: 1002 time: 0.0784380
2026-06-25 23:38:45.089 10 WARNING neutron.scheduler.dhcp_agent_scheduler [None req-9f2fb682-22dc-40f5-9312-c1b2b620ecc1 eb385586f3e7424ca61f8366f483a2e1 5e6f572533a8440b9f7d5c9b69bf8a4b - - - -] No more DHCP agents
2026-06-25 23:38:45.091 10 WARNING neutron.api.rpc.agentnotifiers.dhcp_rpc_agent_api [None req-9f2fb682-22dc-40f5-9312-c1b2b620ecc1 eb385586f3e7424ca61f8366f483a2e1 5e6f572533a8440b9f7d5c9b69bf8a4b - - - -] Unable to schedule network 7329542c-31c4-4fa5-9aec-2fc8efc7c4ff: no agents available; will retry on subsequent port and subnet creation events.
2026-06-25 23:38:45.241 10 INFO neutron.db.ovn_revision_numbers_db [None req-9f2fb682-22dc-40f5-9312-c1b2b620ecc1 eb385586f3e7424ca61f8366f483a2e1 5e6f572533a8440b9f7d5c9b69bf8a4b - - - -] Successfully bumped revision number for resource 32b7545d-0a42-45d9-bbc1-8d59123f444a (type: ports) to 1
2026-06-25 23:38:45.262 10 INFO neutron.wsgi [None req-9f2fb682-22dc-40f5-9312-c1b2b620ecc1 eb385586f3e7424ca61f8366f483a2e1 5e6f572533a8440b9f7d5c9b69bf8a4b - - - -] 199.19.213.169 "POST /v2.0/ports HTTP/1.1" status: 201 len: 1504 time: 0.4909449 /var/lib/openstack/lib/python3.10/site-packages/pycadf/identifier.py:71: UserWarning: Invalid uuid: neutron. To ensure interoperability, identifiers should be a valid uuid. warnings.warn(('Invalid uuid: %s. To ensure interoperability, '
2026-06-25 23:38:45.773 10 INFO neutron.db.ovn_revision_numbers_db [None req-b178a368-99a8-4971-9a7e-86c525b1dba7 143c65c7298446e681cd119dc2c0a3b2 6f1c8f48b77349a8adaa6d1ed7cf1c6e - - - -] Successfully bumped revision number for resource 32b7545d-0a42-45d9-bbc1-8d59123f444a (type: ports) to 2
2026-06-25 23:38:45.942 10 INFO neutron.db.ovn_revision_numbers_db [None req-b178a368-99a8-4971-9a7e-86c525b1dba7 143c65c7298446e681cd119dc2c0a3b2 6f1c8f48b77349a8adaa6d1ed7cf1c6e - - - -] Successfully bumped revision number for resource 32b7545d-0a42-45d9-bbc1-8d59123f444a (type: ports) to 2
2026-06-25 23:38:45.957 10 INFO neutron.wsgi [None req-b178a368-99a8-4971-9a7e-86c525b1dba7 143c65c7298446e681cd119dc2c0a3b2 6f1c8f48b77349a8adaa6d1ed7cf1c6e - - - -] 199.19.213.169 "PUT /v2.0/ports/32b7545d-0a42-45d9-bbc1-8d59123f444a HTTP/1.1" status: 200 len: 1553 time: 0.6844206
2026-06-25 23:38:45.998 10 INFO neutron.notifiers.nova [-] Nova event matching ['req-912e5e42-df8a-4a40-b4ce-246d9e2f8d67'] response: {'name': 'network-changed', 'server_uuid': 'db0799c6-fb0b-44aa-91ac-251a469eab2e', 'tag': '32b7545d-0a42-45d9-bbc1-8d59123f444a', 'status': 'completed', 'code': 200} /var/lib/openstack/lib/python3.10/site-packages/pycadf/identifier.py:71: UserWarning: Invalid uuid: neutron. To ensure interoperability, identifiers should be a valid uuid. warnings.warn(('Invalid uuid: %s. To ensure interoperability, '
2026-06-25 23:38:46.047 10 INFO neutron.wsgi [req-9cd6dc90-2a78-409a-b6bd-b329d1b4fd9f req-9d66724d-fd85-486f-b443-5c8a3582c9b1 143c65c7298446e681cd119dc2c0a3b2 6f1c8f48b77349a8adaa6d1ed7cf1c6e - - b086645a873745aabf57b5e0cf146ab9 b086645a873745aabf57b5e0cf146ab9] 199.19.213.169 "GET /v2.0/ports?tenant_id=5e6f572533a8440b9f7d5c9b69bf8a4b&device_id=db0799c6-fb0b-44aa-91ac-251a469eab2e HTTP/1.1" status: 200 len: 5138 time: 0.0426621
2026-06-25 23:38:46.080 10 INFO neutron.wsgi [req-9cd6dc90-2a78-409a-b6bd-b329d1b4fd9f req-da0ff0d0-eba3-4ecc-9e7f-1342184ca081 143c65c7298446e681cd119dc2c0a3b2 6f1c8f48b77349a8adaa6d1ed7cf1c6e - - b086645a873745aabf57b5e0cf146ab9 b086645a873745aabf57b5e0cf146ab9] 199.19.213.169 "GET /v2.0/floatingips?fixed_ip_address=172.24.3.92&port_id=d3203adc-bad1-4870-95c7-a4879842a6e1 HTTP/1.1" status: 200 len: 217 time: 0.0259197
2026-06-25 23:38:46.117 10 INFO neutron.wsgi [req-9cd6dc90-2a78-409a-b6bd-b329d1b4fd9f req-9fbbb0ad-64a6-42c5-8c7a-00a3c05f23f0 143c65c7298446e681cd119dc2c0a3b2 6f1c8f48b77349a8adaa6d1ed7cf1c6e - - b086645a873745aabf57b5e0cf146ab9 b086645a873745aabf57b5e0cf146ab9] 199.19.213.169 "GET /v2.0/subnets?id=c900c280-b2fd-4b7e-b285-762fda8aff92 HTTP/1.1" status: 200 len: 829 time: 0.0309100
2026-06-25 23:38:46.142 10 INFO neutron.wsgi [req-9cd6dc90-2a78-409a-b6bd-b329d1b4fd9f req-65d661fb-f6e9-4dc6-8abf-059f44b3df57 143c65c7298446e681cd119dc2c0a3b2 6f1c8f48b77349a8adaa6d1ed7cf1c6e - - b086645a873745aabf57b5e0cf146ab9 b086645a873745aabf57b5e0cf146ab9] 199.19.213.169 "GET /v2.0/ports?network_id=df414cfd-5435-4016-9e81-0c20824a1a62&device_owner=network%3Adhcp HTTP/1.1" status: 200 len: 210 time: 0.0198925
2026-06-25 23:38:46.226 10 INFO neutron.wsgi [req-9cd6dc90-2a78-409a-b6bd-b329d1b4fd9f req-ab39dd08-31ba-40dc-979f-65dc5cc183cb 143c65c7298446e681cd119dc2c0a3b2 6f1c8f48b77349a8adaa6d1ed7cf1c6e - - b086645a873745aabf57b5e0cf146ab9 b086645a873745aabf57b5e0cf146ab9] 199.19.213.169 "GET /v2.0/networks/df414cfd-5435-4016-9e81-0c20824a1a62?fields=segments HTTP/1.1" status: 200 len: 212 time: 0.0772047
2026-06-25 23:38:46.300 10 INFO neutron.wsgi [req-9cd6dc90-2a78-409a-b6bd-b329d1b4fd9f req-5c2e0531-d90c-40ac-bcc7-2482b247a588 143c65c7298446e681cd119dc2c0a3b2 6f1c8f48b77349a8adaa6d1ed7cf1c6e - - b086645a873745aabf57b5e0cf146ab9 b086645a873745aabf57b5e0cf146ab9] 199.19.213.169 "GET /v2.0/networks/df414cfd-5435-4016-9e81-0c20824a1a62?fields=provider%3Aphysical_network&fields=provider%3Anetwork_type HTTP/1.1" status: 200 len: 277 time: 0.0653362
2026-06-25 23:38:46.341 10 INFO neutron.wsgi [req-9cd6dc90-2a78-409a-b6bd-b329d1b4fd9f req-f82ffb5c-d07c-4bb7-bef0-218a29ef7b7e 143c65c7298446e681cd119dc2c0a3b2 6f1c8f48b77349a8adaa6d1ed7cf1c6e - - b086645a873745aabf57b5e0cf146ab9 b086645a873745aabf57b5e0cf146ab9] 199.19.213.169 "GET /v2.0/floatingips?fixed_ip_address=10.1.1.27&port_id=1239b4aa-1991-403b-b1ba-1b4ccaf37ce2 HTTP/1.1" status: 200 len: 217 time: 0.0338070
2026-06-25 23:38:46.389 10 INFO neutron.wsgi [req-9cd6dc90-2a78-409a-b6bd-b329d1b4fd9f req-b087b870-6550-4399-a28a-f88422647876 143c65c7298446e681cd119dc2c0a3b2 6f1c8f48b77349a8adaa6d1ed7cf1c6e - - b086645a873745aabf57b5e0cf146ab9 b086645a873745aabf57b5e0cf146ab9] 199.19.213.169 "GET /v2.0/subnets?id=7fe49b7b-3041-4f4c-a532-2679b71a2d20 HTTP/1.1" status: 200 len: 853 time: 0.0393286
2026-06-25 23:38:46.430 10 INFO neutron.wsgi [req-9cd6dc90-2a78-409a-b6bd-b329d1b4fd9f req-24c88571-2fec-4cee-871f-12a18a14c075 143c65c7298446e681cd119dc2c0a3b2 6f1c8f48b77349a8adaa6d1ed7cf1c6e - - b086645a873745aabf57b5e0cf146ab9 b086645a873745aabf57b5e0cf146ab9] 199.19.213.169 "GET /v2.0/ports?network_id=bcaab46f-6b91-40b0-8518-899742da5621&device_owner=network%3Adhcp HTTP/1.1" status: 200 len: 210 time: 0.0329661
2026-06-25 23:38:46.501 10 INFO neutron.wsgi [req-9cd6dc90-2a78-409a-b6bd-b329d1b4fd9f req-edc0950d-af58-4d12-80b0-9226b867b5ed 143c65c7298446e681cd119dc2c0a3b2 6f1c8f48b77349a8adaa6d1ed7cf1c6e - - b086645a873745aabf57b5e0cf146ab9 b086645a873745aabf57b5e0cf146ab9] 199.19.213.169 "GET /v2.0/networks/bcaab46f-6b91-40b0-8518-899742da5621?fields=segments HTTP/1.1" status: 200 len: 212 time: 0.0582507
2026-06-25 23:38:46.562 10 INFO neutron.wsgi [req-9cd6dc90-2a78-409a-b6bd-b329d1b4fd9f req-7a1a41c7-d451-4803-ae4f-eaaa156ed8d0 143c65c7298446e681cd119dc2c0a3b2 6f1c8f48b77349a8adaa6d1ed7cf1c6e - - b086645a873745aabf57b5e0cf146ab9 b086645a873745aabf57b5e0cf146ab9] 199.19.213.169 "GET /v2.0/networks/bcaab46f-6b91-40b0-8518-899742da5621?fields=provider%3Aphysical_network&fields=provider%3Anetwork_type HTTP/1.1" status: 200 len: 277 time: 0.0557420
2026-06-25 23:38:46.595 10 INFO neutron.wsgi [req-9cd6dc90-2a78-409a-b6bd-b329d1b4fd9f req-fdcd894f-f97b-4d8e-8bc3-d7b3026da3f3 143c65c7298446e681cd119dc2c0a3b2 6f1c8f48b77349a8adaa6d1ed7cf1c6e - - b086645a873745aabf57b5e0cf146ab9 b086645a873745aabf57b5e0cf146ab9] 199.19.213.169 "GET /v2.0/floatingips?fixed_ip_address=10.2.1.8&port_id=336acca1-d28a-465b-ad98-03cbd93e890d HTTP/1.1" status: 200 len: 217 time: 0.0264337
2026-06-25 23:38:46.625 10 INFO neutron.wsgi [req-9cd6dc90-2a78-409a-b6bd-b329d1b4fd9f req-435486de-e7eb-44c2-83ec-3b6a18130414 143c65c7298446e681cd119dc2c0a3b2 6f1c8f48b77349a8adaa6d1ed7cf1c6e - - b086645a873745aabf57b5e0cf146ab9 b086645a873745aabf57b5e0cf146ab9] 199.19.213.169 "GET /v2.0/subnets?id=64785dd7-f05e-4318-be67-2c0b672cd8ed HTTP/1.1" status: 200 len: 851 time: 0.0250413
2026-06-25 23:38:46.651 10 INFO neutron.wsgi [req-9cd6dc90-2a78-409a-b6bd-b329d1b4fd9f req-7aa3328e-e893-4b3e-ae34-0e7e26c23951 143c65c7298446e681cd119dc2c0a3b2 6f1c8f48b77349a8adaa6d1ed7cf1c6e - - b086645a873745aabf57b5e0cf146ab9 b086645a873745aabf57b5e0cf146ab9] 199.19.213.169 "GET /v2.0/ports?network_id=c568d2cf-18e6-4f84-8821-88474fe65eeb&device_owner=network%3Adhcp HTTP/1.1" status: 200 len: 210 time: 0.0199652
2026-06-25 23:38:46.709 10 INFO neutron.wsgi [req-9cd6dc90-2a78-409a-b6bd-b329d1b4fd9f req-3ebfed32-fef0-47ab-a13e-5d9c8e7a2d6d 143c65c7298446e681cd119dc2c0a3b2 6f1c8f48b77349a8adaa6d1ed7cf1c6e - - b086645a873745aabf57b5e0cf146ab9 b086645a873745aabf57b5e0cf146ab9] 199.19.213.169 "GET /v2.0/networks/c568d2cf-18e6-4f84-8821-88474fe65eeb?fields=segments HTTP/1.1" status: 200 len: 212 time: 0.0523012
2026-06-25 23:38:46.778 10 INFO neutron.wsgi [req-9cd6dc90-2a78-409a-b6bd-b329d1b4fd9f req-1a17c978-a2e2-4471-8c25-f8f7cd734291 143c65c7298446e681cd119dc2c0a3b2 6f1c8f48b77349a8adaa6d1ed7cf1c6e - - b086645a873745aabf57b5e0cf146ab9 b086645a873745aabf57b5e0cf146ab9] 199.19.213.169 "GET /v2.0/networks/c568d2cf-18e6-4f84-8821-88474fe65eeb?fields=provider%3Aphysical_network&fields=provider%3Anetwork_type HTTP/1.1" status: 200 len: 277 time: 0.0620811
2026-06-25 23:38:46.808 10 INFO neutron.wsgi [req-9cd6dc90-2a78-409a-b6bd-b329d1b4fd9f req-65f5340e-28f1-44b2-b195-d46368fdb8db 143c65c7298446e681cd119dc2c0a3b2 6f1c8f48b77349a8adaa6d1ed7cf1c6e - - b086645a873745aabf57b5e0cf146ab9 b086645a873745aabf57b5e0cf146ab9] 199.19.213.169 "GET /v2.0/floatingips?fixed_ip_address=10.2.2.63&port_id=32b7545d-0a42-45d9-bbc1-8d59123f444a HTTP/1.1" status: 200 len: 217 time: 0.0240579
2026-06-25 23:38:46.837 10 INFO neutron.wsgi [req-9cd6dc90-2a78-409a-b6bd-b329d1b4fd9f req-c2d0c5ef-ab01-4f48-9089-4ef8cfb24d46 143c65c7298446e681cd119dc2c0a3b2 6f1c8f48b77349a8adaa6d1ed7cf1c6e - - b086645a873745aabf57b5e0cf146ab9 b086645a873745aabf57b5e0cf146ab9] 199.19.213.169 "GET /v2.0/floatingips?fixed_ip_address=fd77%3A1457%3A4cf0%3A26a8%3A%3A63&port_id=32b7545d-0a42-45d9-bbc1-8d59123f444a HTTP/1.1" status: 200 len: 217 time: 0.0241075
2026-06-25 23:38:46.878 10 INFO neutron.wsgi [req-9cd6dc90-2a78-409a-b6bd-b329d1b4fd9f req-dc40de00-21c6-42e6-8238-f91ea5c2c721 143c65c7298446e681cd119dc2c0a3b2 6f1c8f48b77349a8adaa6d1ed7cf1c6e - - b086645a873745aabf57b5e0cf146ab9 b086645a873745aabf57b5e0cf146ab9] 199.19.213.169 "GET /v2.0/subnets?id=15337110-6a6e-4a88-b6ee-7b82cbe9cbc3&id=e82c3a87-aaf7-41d6-9a9d-9bd9b7c1be67 HTTP/1.1" status: 200 len: 1566 time: 0.0316978
2026-06-25 23:38:46.914 10 INFO neutron.wsgi [req-9cd6dc90-2a78-409a-b6bd-b329d1b4fd9f req-55408827-4b8b-4f78-b38d-2f227fb71e74 143c65c7298446e681cd119dc2c0a3b2 6f1c8f48b77349a8adaa6d1ed7cf1c6e - - b086645a873745aabf57b5e0cf146ab9 b086645a873745aabf57b5e0cf146ab9] 199.19.213.169 "GET /v2.0/ports?network_id=7329542c-31c4-4fa5-9aec-2fc8efc7c4ff&device_owner=network%3Adhcp HTTP/1.1" status: 200 len: 210 time: 0.0251591
2026-06-25 23:38:46.946 10 INFO neutron.wsgi [req-9cd6dc90-2a78-409a-b6bd-b329d1b4fd9f req-7c1ee45f-1cd7-4146-9a4b-109c1272a116 143c65c7298446e681cd119dc2c0a3b2 6f1c8f48b77349a8adaa6d1ed7cf1c6e - - b086645a873745aabf57b5e0cf146ab9 b086645a873745aabf57b5e0cf146ab9] 199.19.213.169 "GET /v2.0/ports?network_id=7329542c-31c4-4fa5-9aec-2fc8efc7c4ff&device_owner=network%3Adhcp HTTP/1.1" status: 200 len: 210 time: 0.0231652
2026-06-25 23:38:47.029 10 INFO neutron.wsgi [req-9cd6dc90-2a78-409a-b6bd-b329d1b4fd9f req-600486b9-96b7-476d-9778-977c26dc2374 143c65c7298446e681cd119dc2c0a3b2 6f1c8f48b77349a8adaa6d1ed7cf1c6e - - b086645a873745aabf57b5e0cf146ab9 b086645a873745aabf57b5e0cf146ab9] 199.19.213.169 "GET /v2.0/networks/7329542c-31c4-4fa5-9aec-2fc8efc7c4ff?fields=segments HTTP/1.1" status: 200 len: 212 time: 0.0742631
2026-06-25 23:38:47.105 10 INFO neutron.wsgi [req-9cd6dc90-2a78-409a-b6bd-b329d1b4fd9f req-ed127974-0701-4482-8c3e-9ebf3cffb939 143c65c7298446e681cd119dc2c0a3b2 6f1c8f48b77349a8adaa6d1ed7cf1c6e - - b086645a873745aabf57b5e0cf146ab9 b086645a873745aabf57b5e0cf146ab9] 199.19.213.169 "GET /v2.0/networks/7329542c-31c4-4fa5-9aec-2fc8efc7c4ff?fields=provider%3Aphysical_network&fields=provider%3Anetwork_type HTTP/1.1" status: 200 len: 277 time: 0.0696096
2026-06-25 23:38:47.232 10 INFO neutron.plugins.ml2.drivers.ovn.mech_driver.mech_driver [None req-56e06cab-88df-4a0c-9f6c-9609ea2afd09 - - - - - -] OVN reports status up for port: 32b7545d-0a42-45d9-bbc1-8d59123f444a
2026-06-25 23:38:47.244 10 INFO neutron.wsgi [req-4af8ea7c-55bf-4c35-b0b6-da5b14119dd9 req-5659a72a-0242-4f72-a201-c5e3574c6ef0 143c65c7298446e681cd119dc2c0a3b2 6f1c8f48b77349a8adaa6d1ed7cf1c6e - - b086645a873745aabf57b5e0cf146ab9 b086645a873745aabf57b5e0cf146ab9] 199.19.213.169 "GET /v2.0/ports?tenant_id=5e6f572533a8440b9f7d5c9b69bf8a4b&device_id=db0799c6-fb0b-44aa-91ac-251a469eab2e HTTP/1.1" status: 200 len: 5138 time: 0.0758748
2026-06-25 23:38:47.263 10 INFO neutron.plugins.ml2.plugin [None req-56e06cab-88df-4a0c-9f6c-9609ea2afd09 - - - - - -] Attempt 1 to provision port 32b7545d-0a42-45d9-bbc1-8d59123f444a
2026-06-25 23:38:47.349 10 INFO neutron.wsgi [req-4af8ea7c-55bf-4c35-b0b6-da5b14119dd9 req-46cd7c67-fa77-4bcd-a512-f287df71b2f3 143c65c7298446e681cd119dc2c0a3b2 6f1c8f48b77349a8adaa6d1ed7cf1c6e - - b086645a873745aabf57b5e0cf146ab9 b086645a873745aabf57b5e0cf146ab9] 199.19.213.169 "GET /v2.0/networks?id=7329542c-31c4-4fa5-9aec-2fc8efc7c4ff HTTP/1.1" status: 200 len: 1002 time: 0.0979719
2026-06-25 23:38:47.395 10 INFO neutron.wsgi [req-4af8ea7c-55bf-4c35-b0b6-da5b14119dd9 req-287e33d3-a947-473a-8cd0-5e901ca6e9ff 143c65c7298446e681cd119dc2c0a3b2 6f1c8f48b77349a8adaa6d1ed7cf1c6e - - b086645a873745aabf57b5e0cf146ab9 b086645a873745aabf57b5e0cf146ab9] 199.19.213.169 "GET /v2.0/floatingips?fixed_ip_address=10.2.2.63&port_id=32b7545d-0a42-45d9-bbc1-8d59123f444a HTTP/1.1" status: 200 len: 217 time: 0.0279377
2026-06-25 23:38:47.429 10 INFO neutron.wsgi [req-4af8ea7c-55bf-4c35-b0b6-da5b14119dd9 req-32dcd04a-d01a-412b-8ae0-c1c33ecca908 143c65c7298446e681cd119dc2c0a3b2 6f1c8f48b77349a8adaa6d1ed7cf1c6e - - b086645a873745aabf57b5e0cf146ab9 b086645a873745aabf57b5e0cf146ab9] 199.19.213.169 "GET /v2.0/floatingips?fixed_ip_address=fd77%3A1457%3A4cf0%3A26a8%3A%3A63&port_id=32b7545d-0a42-45d9-bbc1-8d59123f444a HTTP/1.1" status: 200 len: 217 time: 0.0239475
2026-06-25 23:38:47.474 9 INFO neutron.wsgi [req-9cd6dc90-2a78-409a-b6bd-b329d1b4fd9f req-40fe5ccd-6299-4497-8173-be980e716413 eb385586f3e7424ca61f8366f483a2e1 5e6f572533a8440b9f7d5c9b69bf8a4b - - default default] 10.0.0.211 "GET /v2.0/ports/32b7545d-0a42-45d9-bbc1-8d59123f444a HTTP/1.1" status: 200 len: 1583 time: 0.0313625
2026-06-25 23:38:47.482 10 INFO neutron.wsgi [req-4af8ea7c-55bf-4c35-b0b6-da5b14119dd9 req-64ecda85-d998-4049-9dec-36b12e194752 143c65c7298446e681cd119dc2c0a3b2 6f1c8f48b77349a8adaa6d1ed7cf1c6e - - b086645a873745aabf57b5e0cf146ab9 b086645a873745aabf57b5e0cf146ab9] 199.19.213.169 "GET /v2.0/subnets?id=15337110-6a6e-4a88-b6ee-7b82cbe9cbc3&id=e82c3a87-aaf7-41d6-9a9d-9bd9b7c1be67 HTTP/1.1" status: 200 len: 1566 time: 0.0440376
2026-06-25 23:38:47.537 10 INFO neutron.wsgi [req-4af8ea7c-55bf-4c35-b0b6-da5b14119dd9 req-7e60a874-7f1a-4e41-97fd-219b30ea921b 143c65c7298446e681cd119dc2c0a3b2 6f1c8f48b77349a8adaa6d1ed7cf1c6e - - b086645a873745aabf57b5e0cf146ab9 b086645a873745aabf57b5e0cf146ab9] 199.19.213.169 "GET /v2.0/ports?network_id=7329542c-31c4-4fa5-9aec-2fc8efc7c4ff&device_owner=network%3Adhcp HTTP/1.1" status: 200 len: 210 time: 0.0447519
2026-06-25 23:38:47.542 10 INFO neutron.wsgi [None req-28e9de09-6ac8-4a6c-94e7-19eeef6a537a eb385586f3e7424ca61f8366f483a2e1 5e6f572533a8440b9f7d5c9b69bf8a4b - - default default] 199.19.213.169 "GET /v2.0/ports/32b7545d-0a42-45d9-bbc1-8d59123f444a HTTP/1.1" status: 200 len: 1583 time: 0.0582521
2026-06-25 23:38:47.570 10 INFO neutron.wsgi [req-4af8ea7c-55bf-4c35-b0b6-da5b14119dd9 req-efa6d5e5-9840-4c17-aca2-26602042e9bd 143c65c7298446e681cd119dc2c0a3b2 6f1c8f48b77349a8adaa6d1ed7cf1c6e - - b086645a873745aabf57b5e0cf146ab9 b086645a873745aabf57b5e0cf146ab9] 199.19.213.169 "GET /v2.0/ports?network_id=7329542c-31c4-4fa5-9aec-2fc8efc7c4ff&device_owner=network%3Adhcp HTTP/1.1" status: 200 len: 210 time: 0.0239294
2026-06-25 23:38:47.601 10 INFO neutron.wsgi [None req-711382cb-9d44-4101-9fca-05c588100a62 eb385586f3e7424ca61f8366f483a2e1 5e6f572533a8440b9f7d5c9b69bf8a4b - - default default] 199.19.213.169 "GET /v2.0/ports/32b7545d-0a42-45d9-bbc1-8d59123f444a HTTP/1.1" status: 200 len: 1583 time: 0.0470297
2026-06-25 23:38:47.933 9 INFO neutron.wsgi [-] 10.0.0.37 "GET / HTTP/1.1" status: 200 len: 247 time: 0.0020170
2026-06-25 23:38:47.935 9 INFO neutron.wsgi [-] 10.0.0.37 "GET / HTTP/1.1" status: 200 len: 247 time: 0.0011199
2026-06-25 23:38:48.083 10 INFO neutron.wsgi [req-4af8ea7c-55bf-4c35-b0b6-da5b14119dd9 req-b628cbda-c6dc-4832-8dba-54548501b477 143c65c7298446e681cd119dc2c0a3b2 6f1c8f48b77349a8adaa6d1ed7cf1c6e - - b086645a873745aabf57b5e0cf146ab9 b086645a873745aabf57b5e0cf146ab9] 199.19.213.169 "GET /v2.0/networks/7329542c-31c4-4fa5-9aec-2fc8efc7c4ff?fields=segments HTTP/1.1" status: 200 len: 212 time: 0.5006111
2026-06-25 23:38:48.117 10 INFO neutron.notifiers.nova [-] Nova event matching ['req-479f8eaf-c189-4a38-97bd-79ab1660ac09'] response: {'server_uuid': 'db0799c6-fb0b-44aa-91ac-251a469eab2e', 'name': 'network-vif-plugged', 'status': 'completed', 'tag': '32b7545d-0a42-45d9-bbc1-8d59123f444a', 'code': 200}
2026-06-25 23:38:48.145 10 INFO neutron.db.ovn_revision_numbers_db [None req-56e06cab-88df-4a0c-9f6c-9609ea2afd09 - - - - - -] Successfully bumped revision number for resource 32b7545d-0a42-45d9-bbc1-8d59123f444a (type: ports) to 4
