2026-06-25 23:33:59.004 9 INFO neutron.wsgi [None req-531ac1c7-7bcd-4574-be84-224a3a6a290b 44ff998684804d8ba8e941410b81871d e10ad56087c14065bbe7dbdd18a17897 - - default default] 10.0.0.23 "PUT /v2.0/routers/2d8ed1f8-7aa2-4b25-8c5e-143a6a2a5327/remove_router_interface HTTP/1.1" status: 404 len: 398 time: 0.0914407
2026-06-25 23:33:59.012 10 INFO neutron.wsgi [None req-72042b13-bbe5-489f-b438-94c803646b2d eb385586f3e7424ca61f8366f483a2e1 5e6f572533a8440b9f7d5c9b69bf8a4b - - default default] 10.0.0.23 "GET /v2.0/security-groups?tenant_id=64401a8c65424a4597c523cf09800745&name=default HTTP/1.1" status: 200 len: 2996 time: 0.1260459
2026-06-25 23:33:59.034 9 INFO neutron.wsgi [None req-f4618172-93db-43f7-8fc2-7ca5d3b7510f 44ff998684804d8ba8e941410b81871d e10ad56087c14065bbe7dbdd18a17897 - - default default] 10.0.0.23 "GET /v2.0/ports?device_id=2d8ed1f8-7aa2-4b25-8c5e-143a6a2a5327 HTTP/1.1" status: 200 len: 205 time: 0.0255690
2026-06-25 23:33:59.225 9 INFO neutron.wsgi [None req-7bc531af-7f07-4730-bf1e-e7b3545e577e eb385586f3e7424ca61f8366f483a2e1 5e6f572533a8440b9f7d5c9b69bf8a4b - - - -] 10.0.0.23 "DELETE /v2.0/security-groups/14687d4e-cc80-45ec-94ba-652d8c764f41 HTTP/1.1" status: 204 len: 168 time: 0.2057731
2026-06-25 23:33:59.302 10 INFO neutron.wsgi [None req-9d8c0038-6d7f-4acc-ad89-4c6dc20facc7 44ff998684804d8ba8e941410b81871d e10ad56087c14065bbe7dbdd18a17897 - - - -] 10.0.0.23 "DELETE /v2.0/routers/2d8ed1f8-7aa2-4b25-8c5e-143a6a2a5327 HTTP/1.1" status: 204 len: 168 time: 0.2620692
2026-06-25 23:33:59.566 10 INFO neutron.db.ovn_revision_numbers_db [None req-2e6ad8d9-8686-47f5-94cf-ece4a6ea3f9a 5d5096d3abc14ce78bb3cae77abe96d7 10bd846c48bf4d3095992db890efaa11 - - - -] Successfully bumped revision number for resource 90bd4a95-43c6-4fe1-a3f7-3986c18a0381 (type: security_groups) to 1
2026-06-25 23:33:59.582 10 INFO neutron.wsgi [None req-9541987a-6a66-4a7a-9489-f2d9fbaeffb1 44ff998684804d8ba8e941410b81871d e10ad56087c14065bbe7dbdd18a17897 - - - -] 10.0.0.23 "DELETE /v2.0/subnets/79ddffd8-734a-4b40-876e-89e7973dc2b4 HTTP/1.1" status: 204 len: 168 time: 0.2736590
2026-06-25 23:33:59.645 10 INFO neutron.db.ovn_revision_numbers_db [None req-2e6ad8d9-8686-47f5-94cf-ece4a6ea3f9a 5d5096d3abc14ce78bb3cae77abe96d7 10bd846c48bf4d3095992db890efaa11 - - - -] Successfully bumped revision number for resource b7cae371-2f1f-4c4b-bb4c-70af5a8fd08e (type: security_groups) to 1
2026-06-25 23:33:59.667 10 INFO neutron.wsgi [None req-2e6ad8d9-8686-47f5-94cf-ece4a6ea3f9a 5d5096d3abc14ce78bb3cae77abe96d7 10bd846c48bf4d3095992db890efaa11 - - - -] 10.0.0.23 "POST /v2.0/security-groups HTTP/1.1" status: 201 len: 1761 time: 0.5719180
2026-06-25 23:33:59.732 10 INFO neutron.wsgi [None req-ba4df43e-5c6b-40a2-aace-27c41b2d3cd7 5d5096d3abc14ce78bb3cae77abe96d7 10bd846c48bf4d3095992db890efaa11 - - default default] 10.0.0.23 "GET /v2.0/security-groups HTTP/1.1" status: 200 len: 4539 time: 0.0601141
2026-06-25 23:33:59.811 10 INFO neutron.db.ovn_revision_numbers_db [None req-acc2a7c8-04a4-486a-b8f6-6ff705612af7 5d5096d3abc14ce78bb3cae77abe96d7 10bd846c48bf4d3095992db890efaa11 - - - -] Successfully bumped revision number for resource b7cae371-2f1f-4c4b-bb4c-70af5a8fd08e (type: security_groups) to 2
2026-06-25 23:33:59.815 10 INFO neutron.wsgi [None req-acc2a7c8-04a4-486a-b8f6-6ff705612af7 5d5096d3abc14ce78bb3cae77abe96d7 10bd846c48bf4d3095992db890efaa11 - - - -] 10.0.0.23 "PUT /v2.0/security-groups/b7cae371-2f1f-4c4b-bb4c-70af5a8fd08e HTTP/1.1" status: 200 len: 1794 time: 0.0770650
2026-06-25 23:33:59.883 9 INFO neutron.wsgi [None req-39c8d081-ace3-4925-9bee-06eeded2dcb0 5d5096d3abc14ce78bb3cae77abe96d7 10bd846c48bf4d3095992db890efaa11 - - default default] 10.0.0.23 "GET /v2.0/security-groups/b7cae371-2f1f-4c4b-bb4c-70af5a8fd08e HTTP/1.1" status: 200 len: 1794 time: 0.0620706
2026-06-25 23:33:59.909 10 INFO neutron.db.ovn_revision_numbers_db [None req-a53df2f9-5912-4686-9d57-64b3754cac56 eb385586f3e7424ca61f8366f483a2e1 5e6f572533a8440b9f7d5c9b69bf8a4b - - default default] Successfully bumped revision number for resource d786cc75-c0ff-469a-b3ac-6001cec4db78 (type: security_groups) to 1
2026-06-25 23:33:59.931 10 INFO neutron.wsgi [None req-a53df2f9-5912-4686-9d57-64b3754cac56 eb385586f3e7424ca61f8366f483a2e1 5e6f572533a8440b9f7d5c9b69bf8a4b - - default default] 10.0.0.23 "GET /v2.0/security-groups?tenant_id=f3b212043ede451d952c9b63ab3869e6&name=default HTTP/1.1" status: 200 len: 2996 time: 0.2114115
2026-06-25 23:34:00.008 9 INFO neutron.services.segments.plugin [-] Segment b85645e0-9160-4c16-b758-7afce0460d4e resource provider aggregate not found
2026-06-25 23:34:00.013 9 INFO neutron.services.segments.plugin [-] Segment b85645e0-9160-4c16-b758-7afce0460d4e resource provider aggregate not found
2026-06-25 23:34:00.033 9 INFO neutron.services.segments.plugin [-] Segment b85645e0-9160-4c16-b758-7afce0460d4e resource provider not found; error: Placement Client Error (4xx): {"errors": [{"status": 404, "title": "Not Found", "detail": "The resource could not be found.\n\n No resource provider with uuid b85645e0-9160-4c16-b758-7afce0460d4e found for delete ", "request_id": "req-fb4f9fcf-1ada-49c1-824c-18e640354f55"}]}
2026-06-25 23:34:00.034 9 INFO neutron.services.segments.plugin [-] Segment b85645e0-9160-4c16-b758-7afce0460d4e resource provider not found; error: Placement Client Error (4xx): {"errors": [{"status": 404, "title": "Not Found", "detail": "The resource could not be found.\n\n No resource provider with uuid b85645e0-9160-4c16-b758-7afce0460d4e found for delete ", "request_id": "req-6b127bf7-233f-4a27-a2e1-68ba29d571b7"}]}
2026-06-25 23:34:00.061 9 INFO neutron.wsgi [None req-ca280500-e108-4872-aded-a62d2b415a61 5d5096d3abc14ce78bb3cae77abe96d7 10bd846c48bf4d3095992db890efaa11 - - - -] 10.0.0.23 "DELETE /v2.0/security-groups/b7cae371-2f1f-4c4b-bb4c-70af5a8fd08e HTTP/1.1" status: 204 len: 168 time: 0.1732929
2026-06-25 23:34:00.067 9 INFO neutron.wsgi [None req-96aef660-3724-4c28-8d8b-836cabd94ac6 44ff998684804d8ba8e941410b81871d e10ad56087c14065bbe7dbdd18a17897 - - - -] 10.0.0.23 "DELETE /v2.0/networks/a9768d24-7f0e-48f8-aab7-de4fb999c4ed HTTP/1.1" status: 204 len: 168 time: 0.4783826
2026-06-25 23:34:00.114 10 INFO neutron.wsgi [None req-6205280e-5cd4-466b-9b9b-6f6ff245de1a 5d5096d3abc14ce78bb3cae77abe96d7 10bd846c48bf4d3095992db890efaa11 - - default default] 10.0.0.23 "GET /v2.0/security-groups HTTP/1.1" status: 200 len: 2996 time: 0.0473893
2026-06-25 23:34:00.137 9 INFO neutron.api.v2.resource [None req-a4e44cca-311b-4af7-98f8-8be700891879 5d5096d3abc14ce78bb3cae77abe96d7 10bd846c48bf4d3095992db890efaa11 - - - -] delete failed (client error): The resource could not be found.
2026-06-25 23:34:00.139 9 INFO neutron.wsgi [None req-a4e44cca-311b-4af7-98f8-8be700891879 5d5096d3abc14ce78bb3cae77abe96d7 10bd846c48bf4d3095992db890efaa11 - - - -] 10.0.0.23 "DELETE /v2.0/security-groups/b7cae371-2f1f-4c4b-bb4c-70af5a8fd08e HTTP/1.1" status: 404 len: 347 time: 0.0189025
2026-06-25 23:34:00.155 10 INFO neutron.wsgi [None req-fbd50f56-4655-4538-ae16-617643103b35 eb385586f3e7424ca61f8366f483a2e1 5e6f572533a8440b9f7d5c9b69bf8a4b - - - -] 10.0.0.23 "DELETE /v2.0/security-groups/d786cc75-c0ff-469a-b3ac-6001cec4db78 HTTP/1.1" status: 204 len: 168 time: 0.2179763
2026-06-25 23:34:00.163 9 INFO neutron.db.segments_db [None req-a5b04b46-0d9f-4061-a564-081ebe8663ac 44ff998684804d8ba8e941410b81871d e10ad56087c14065bbe7dbdd18a17897 - - - -] Added segment 665176b7-d314-412e-a18d-94a3b9b37668 of type geneve for network 7b951e56-be10-4916-846d-106fb0d61665
2026-06-25 23:34:00.312 9 INFO neutron.db.ovn_revision_numbers_db [None req-a5b04b46-0d9f-4061-a564-081ebe8663ac 44ff998684804d8ba8e941410b81871d e10ad56087c14065bbe7dbdd18a17897 - - - -] Successfully bumped revision number for resource 7b951e56-be10-4916-846d-106fb0d61665 (type: networks) to 1
2026-06-25 23:34:00.335 9 INFO neutron.db.ovn_revision_numbers_db [None req-26c32e35-589d-481d-8ad1-ccf1eed45a6c 5d5096d3abc14ce78bb3cae77abe96d7 10bd846c48bf4d3095992db890efaa11 - - - -] Successfully bumped revision number for resource b82c69bf-3bbc-4c4d-912f-cbff2f186849 (type: security_groups) to 1
2026-06-25 23:34:00.357 9 INFO neutron.wsgi [None req-26c32e35-589d-481d-8ad1-ccf1eed45a6c 5d5096d3abc14ce78bb3cae77abe96d7 10bd846c48bf4d3095992db890efaa11 - - - -] 10.0.0.23 "POST /v2.0/security-groups HTTP/1.1" status: 201 len: 1760 time: 0.2116954
2026-06-25 23:34:00.394 10 INFO neutron.db.ovn_revision_numbers_db [None req-b1629914-f4e6-48e2-a6c5-5ba93df18ef7 eb385586f3e7424ca61f8366f483a2e1 5e6f572533a8440b9f7d5c9b69bf8a4b - - default default] Successfully bumped revision number for resource 053f2db8-b8fa-49b0-9027-257abf570f79 (type: security_groups) to 1
2026-06-25 23:34:00.419 10 INFO neutron.wsgi [None req-b1629914-f4e6-48e2-a6c5-5ba93df18ef7 eb385586f3e7424ca61f8366f483a2e1 5e6f572533a8440b9f7d5c9b69bf8a4b - - default default] 10.0.0.23 "GET /v2.0/security-groups?tenant_id=a24154aee3c34898ade78792712166a6&name=default HTTP/1.1" status: 200 len: 2996 time: 0.1650507
2026-06-25 23:34:00.536 9 WARNING neutron.scheduler.dhcp_agent_scheduler [None req-a5b04b46-0d9f-4061-a564-081ebe8663ac 44ff998684804d8ba8e941410b81871d e10ad56087c14065bbe7dbdd18a17897 - - - -] No more DHCP agents
2026-06-25 23:34:00.538 9 WARNING neutron.api.rpc.agentnotifiers.dhcp_rpc_agent_api [None req-a5b04b46-0d9f-4061-a564-081ebe8663ac 44ff998684804d8ba8e941410b81871d e10ad56087c14065bbe7dbdd18a17897 - - - -] Unable to schedule network 7b951e56-be10-4916-846d-106fb0d61665: no agents available; will retry on subsequent port and subnet creation events.
2026-06-25 23:34:00.552 9 INFO neutron.db.ovn_revision_numbers_db [None req-2aa2a7c1-6982-4e59-8122-a74c4327e820 5d5096d3abc14ce78bb3cae77abe96d7 10bd846c48bf4d3095992db890efaa11 - - - -] Successfully bumped revision number for resource 34037672-9389-42c5-b7ab-10e3cf2403f1 (type: security_group_rules) to 0
2026-06-25 23:34:00.614 9 INFO neutron.wsgi [None req-2aa2a7c1-6982-4e59-8122-a74c4327e820 5d5096d3abc14ce78bb3cae77abe96d7 10bd846c48bf4d3095992db890efaa11 - - - -] 10.0.0.23 "POST /v2.0/security-group-rules HTTP/1.1" status: 201 len: 768 time: 0.2456849
2026-06-25 23:34:00.638 9 INFO neutron.db.ovn_revision_numbers_db [None req-a5b04b46-0d9f-4061-a564-081ebe8663ac 44ff998684804d8ba8e941410b81871d e10ad56087c14065bbe7dbdd18a17897 - - - -] Successfully bumped revision number for resource 3f544251-6d58-404b-b1e6-aa47ce1c028c (type: ports) to 1
2026-06-25 23:34:00.639 10 INFO neutron.wsgi [None req-4535b76b-3e8d-40c9-b76f-e228f8fc26a2 eb385586f3e7424ca61f8366f483a2e1 5e6f572533a8440b9f7d5c9b69bf8a4b - - - -] 10.0.0.23 "DELETE /v2.0/security-groups/053f2db8-b8fa-49b0-9027-257abf570f79 HTTP/1.1" status: 204 len: 168 time: 0.2143619
2026-06-25 23:34:00.652 10 INFO neutron.wsgi [None req-6e70ccb5-c78a-4357-a7fe-d05eb6a105f3 5d5096d3abc14ce78bb3cae77abe96d7 10bd846c48bf4d3095992db890efaa11 - - default default] 10.0.0.23 "GET /v2.0/security-group-rules/34037672-9389-42c5-b7ab-10e3cf2403f1 HTTP/1.1" status: 200 len: 763 time: 0.0251975
2026-06-25 23:34:00.665 9 INFO neutron.wsgi [None req-a5b04b46-0d9f-4061-a564-081ebe8663ac 44ff998684804d8ba8e941410b81871d e10ad56087c14065bbe7dbdd18a17897 - - - -] 10.0.0.23 "POST /v2.0/networks HTTP/1.1" status: 201 len: 829 time: 0.5901012
2026-06-25 23:34:00.689 9 INFO neutron.wsgi [None req-5609a3a2-1a69-4392-8413-1b8d1c941e70 5d5096d3abc14ce78bb3cae77abe96d7 10bd846c48bf4d3095992db890efaa11 - - default default] 10.0.0.23 "GET /v2.0/security-group-rules HTTP/1.1" status: 200 len: 4113 time: 0.0314941
2026-06-25 23:34:00.793 9 INFO neutron.wsgi [None req-2a859bb2-abb5-445c-934c-0b1485164d89 5d5096d3abc14ce78bb3cae77abe96d7 10bd846c48bf4d3095992db890efaa11 - - - -] 10.0.0.23 "DELETE /v2.0/security-group-rules/34037672-9389-42c5-b7ab-10e3cf2403f1 HTTP/1.1" status: 204 len: 168 time: 0.1005890
2026-06-25 23:34:00.868 10 INFO neutron.wsgi [None req-6acb803b-0f18-4d57-805e-7786289b7ea3 5d5096d3abc14ce78bb3cae77abe96d7 10bd846c48bf4d3095992db890efaa11 - - default default] 10.0.0.23 "GET /v2.0/security-group-rules HTTP/1.1" status: 200 len: 3567 time: 0.0688310
2026-06-25 23:34:00.981 9 INFO neutron.db.ovn_revision_numbers_db [None req-67083c87-55b7-4b49-b55e-ed82ce2752a7 5d5096d3abc14ce78bb3cae77abe96d7 10bd846c48bf4d3095992db890efaa11 - - - -] Successfully bumped revision number for resource ed8f3763-65f4-41ba-947d-2a41f978f0c0 (type: security_group_rules) to 0
2026-06-25 23:34:00.987 10 WARNING neutron.scheduler.dhcp_agent_scheduler [None req-26a065aa-5401-4bd0-865d-9f7b03add564 44ff998684804d8ba8e941410b81871d e10ad56087c14065bbe7dbdd18a17897 - - - -] No more DHCP agents
2026-06-25 23:34:00.990 10 WARNING neutron.api.rpc.agentnotifiers.dhcp_rpc_agent_api [None req-26a065aa-5401-4bd0-865d-9f7b03add564 44ff998684804d8ba8e941410b81871d e10ad56087c14065bbe7dbdd18a17897 - - - -] Unable to schedule network 7b951e56-be10-4916-846d-106fb0d61665: no agents available; will retry on subsequent port and subnet creation events.
2026-06-25 23:34:01.003 9 INFO neutron.wsgi [None req-67083c87-55b7-4b49-b55e-ed82ce2752a7 5d5096d3abc14ce78bb3cae77abe96d7 10bd846c48bf4d3095992db890efaa11 - - - -] 10.0.0.23 "POST /v2.0/security-group-rules HTTP/1.1" status: 201 len: 768 time: 0.1296458
2026-06-25 23:34:01.023 9 INFO neutron.wsgi [None req-1a1e6bfe-7bd5-4b3c-9dc4-7eb66f4dbd41 5d5096d3abc14ce78bb3cae77abe96d7 10bd846c48bf4d3095992db890efaa11 - - default default] 10.0.0.23 "GET /v2.0/security-group-rules/ed8f3763-65f4-41ba-947d-2a41f978f0c0 HTTP/1.1" status: 200 len: 763 time: 0.0147603
2026-06-25 23:34:01.057 9 INFO neutron.wsgi [None req-f99e1a47-68c9-4515-992a-7805c45e7a2e 5d5096d3abc14ce78bb3cae77abe96d7 10bd846c48bf4d3095992db890efaa11 - - default default] 10.0.0.23 "GET /v2.0/security-group-rules HTTP/1.1" status: 200 len: 4113 time: 0.0277040
2026-06-25 23:34:01.158 9 INFO neutron.wsgi [None req-25109eff-8b85-4f23-98ec-0a7fdf48e1de 5d5096d3abc14ce78bb3cae77abe96d7 10bd846c48bf4d3095992db890efaa11 - - - -] 10.0.0.23 "DELETE /v2.0/security-group-rules/ed8f3763-65f4-41ba-947d-2a41f978f0c0 HTTP/1.1" status: 204 len: 168 time: 0.0904710
2026-06-25 23:34:01.195 9 INFO neutron.wsgi [None req-7c053101-eec5-4875-9d0d-190776265960 5d5096d3abc14ce78bb3cae77abe96d7 10bd846c48bf4d3095992db890efaa11 - - default default] 10.0.0.23 "GET /v2.0/security-group-rules HTTP/1.1" status: 200 len: 3567 time: 0.0302777
2026-06-25 23:34:01.228 9 INFO neutron.db.securitygroups_db [None req-c1416cf7-f035-4b10-a74b-b4a5a2b7e07b 5d5096d3abc14ce78bb3cae77abe96d7 10bd846c48bf4d3095992db890efaa11 - - - -] Project 10bd846c48bf4d3095992db890efaa11 added a security group rule with legacy IPv6 ICMP protocol name icmp, ipv6-icmp should be used instead. It was automatically converted.
2026-06-25 23:34:01.353 9 INFO neutron.db.ovn_revision_numbers_db [None req-c1416cf7-f035-4b10-a74b-b4a5a2b7e07b 5d5096d3abc14ce78bb3cae77abe96d7 10bd846c48bf4d3095992db890efaa11 - - - -] Successfully bumped revision number for resource fb28dab2-ef6e-4f85-aa03-dbd71315074a (type: security_group_rules) to 0
2026-06-25 23:34:01.387 9 INFO neutron.wsgi [None req-c1416cf7-f035-4b10-a74b-b4a5a2b7e07b 5d5096d3abc14ce78bb3cae77abe96d7 10bd846c48bf4d3095992db890efaa11 - - - -] 10.0.0.23 "POST /v2.0/security-group-rules HTTP/1.1" status: 201 len: 774 time: 0.1863081
2026-06-25 23:34:01.413 9 INFO neutron.wsgi [None req-8e1a1308-2319-4154-a67a-f44f1c2bd695 5d5096d3abc14ce78bb3cae77abe96d7 10bd846c48bf4d3095992db890efaa11 - - default default] 10.0.0.23 "GET /v2.0/security-group-rules/fb28dab2-ef6e-4f85-aa03-dbd71315074a HTTP/1.1" status: 200 len: 769 time: 0.0184147
2026-06-25 23:34:01.454 9 INFO neutron.wsgi [None req-bd19e17a-6736-46bc-8006-f0f056edf8ef 5d5096d3abc14ce78bb3cae77abe96d7 10bd846c48bf4d3095992db890efaa11 - - default default] 10.0.0.23 "GET /v2.0/security-group-rules HTTP/1.1" status: 200 len: 4119 time: 0.0348499
2026-06-25 23:34:01.523 10 INFO neutron.db.ovn_revision_numbers_db [None req-26a065aa-5401-4bd0-865d-9f7b03add564 44ff998684804d8ba8e941410b81871d e10ad56087c14065bbe7dbdd18a17897 - - - -] Successfully bumped revision number for resource 3f544251-6d58-404b-b1e6-aa47ce1c028c (type: ports) to 2
2026-06-25 23:34:01.545 10 INFO neutron.db.ovn_revision_numbers_db [None req-26a065aa-5401-4bd0-865d-9f7b03add564 44ff998684804d8ba8e941410b81871d e10ad56087c14065bbe7dbdd18a17897 - - - -] Successfully bumped revision number for resource e4a92de4-61a9-42d2-b53a-db7c04f97048 (type: subnets) to 0
2026-06-25 23:34:01.556 9 INFO neutron.wsgi [None req-fa4b9193-ba9b-45ce-81de-61bf7afa0743 5d5096d3abc14ce78bb3cae77abe96d7 10bd846c48bf4d3095992db890efaa11 - - - -] 10.0.0.23 "DELETE /v2.0/security-group-rules/fb28dab2-ef6e-4f85-aa03-dbd71315074a HTTP/1.1" status: 204 len: 168 time: 0.0969863
2026-06-25 23:34:01.561 10 INFO neutron.wsgi [None req-26a065aa-5401-4bd0-865d-9f7b03add564 44ff998684804d8ba8e941410b81871d e10ad56087c14065bbe7dbdd18a17897 - - - -] 10.0.0.23 "POST /v2.0/subnets HTTP/1.1" status: 201 len: 801 time: 0.8911164
2026-06-25 23:34:01.599 9 INFO neutron.wsgi [None req-c0e521dc-11fd-4d57-b1fe-c4df55d971b7 5d5096d3abc14ce78bb3cae77abe96d7 10bd846c48bf4d3095992db890efaa11 - - default default] 10.0.0.23 "GET /v2.0/security-group-rules HTTP/1.1" status: 200 len: 3567 time: 0.0378234
2026-06-25 23:34:01.724 9 INFO neutron.wsgi [None req-6d667ded-f649-4384-9b66-90c9a8ff9e03 5d5096d3abc14ce78bb3cae77abe96d7 10bd846c48bf4d3095992db890efaa11 - - - -] 10.0.0.23 "DELETE /v2.0/security-groups/b82c69bf-3bbc-4c4d-912f-cbff2f186849 HTTP/1.1" status: 204 len: 168 time: 0.1169889
2026-06-25 23:34:01.759 10 INFO neutron.db.ovn_revision_numbers_db [None req-9e9f4304-1e1a-4bf5-86f8-41bf4b8cb3ac 44ff998684804d8ba8e941410b81871d e10ad56087c14065bbe7dbdd18a17897 - - - -] Successfully bumped revision number for resource ffab2ec5-c3bc-4329-a048-8b72700cd880 (type: routers) to 1
2026-06-25 23:34:01.766 9 INFO neutron.wsgi [None req-db83314b-ba43-4ffc-96b1-60ce07dd4de0 5d5096d3abc14ce78bb3cae77abe96d7 10bd846c48bf4d3095992db890efaa11 - - default default] 10.0.0.23 "GET /v2.0/security-groups HTTP/1.1" status: 200 len: 2996 time: 0.0361607
2026-06-25 23:34:01.782 10 INFO neutron.wsgi [None req-9e9f4304-1e1a-4bf5-86f8-41bf4b8cb3ac 44ff998684804d8ba8e941410b81871d e10ad56087c14065bbe7dbdd18a17897 - - - -] 10.0.0.23 "POST /v2.0/routers HTTP/1.1" status: 201 len: 687 time: 0.2136669
2026-06-25 23:34:01.820 9 INFO neutron.wsgi [None req-24698909-b62f-42f1-931d-715bb8f31eb3 5d5096d3abc14ce78bb3cae77abe96d7 10bd846c48bf4d3095992db890efaa11 - - default default] 10.0.0.23 "GET /v2.0/security-groups HTTP/1.1" status: 200 len: 2996 time: 0.0457416
2026-06-25 23:34:02.069 10 WARNING neutron.plugins.ml2.drivers.ovn.mech_driver.ovsdb.ovn_client [None req-56e06cab-88df-4a0c-9f6c-9609ea2afd09 - - - - - -] No port found with ID 81092fb4-6a5a-4f53-a90f-d0781f14592b: RuntimeError: No port found with ID 81092fb4-6a5a-4f53-a90f-d0781f14592b
2026-06-25 23:34:02.180 9 WARNING neutron.scheduler.dhcp_agent_scheduler [None req-632cb22d-d416-45f0-acc6-e43da13db2ff 44ff998684804d8ba8e941410b81871d e10ad56087c14065bbe7dbdd18a17897 - - default default] No more DHCP agents
2026-06-25 23:34:02.182 9 WARNING neutron.api.rpc.agentnotifiers.dhcp_rpc_agent_api [None req-632cb22d-d416-45f0-acc6-e43da13db2ff 44ff998684804d8ba8e941410b81871d e10ad56087c14065bbe7dbdd18a17897 - - default default] Unable to schedule network 7b951e56-be10-4916-846d-106fb0d61665: no agents available; will retry on subsequent port and subnet creation events.
2026-06-25 23:34:02.316 9 INFO neutron.db.ovn_revision_numbers_db [None req-632cb22d-d416-45f0-acc6-e43da13db2ff 44ff998684804d8ba8e941410b81871d e10ad56087c14065bbe7dbdd18a17897 - - default default] Successfully bumped revision number for resource 52a002a5-b9a1-45e5-9b5c-2fca67f7c5c9 (type: ports) to 1
2026-06-25 23:34:02.495 10 INFO neutron.wsgi [None req-a1eab27e-e6d4-4f2c-a6e2-42818634e901 eb385586f3e7424ca61f8366f483a2e1 5e6f572533a8440b9f7d5c9b69bf8a4b - - default default] 10.0.0.23 "GET /v2.0/security-groups?tenant_id=10bd846c48bf4d3095992db890efaa11&name=default HTTP/1.1" status: 200 len: 2996 time: 0.1989634
2026-06-25 23:34:02.934 10 INFO neutron.wsgi [-] 10.0.0.37 "GET / HTTP/1.1" status: 200 len: 247 time: 0.0025656
2026-06-25 23:34:02.937 10 INFO neutron.wsgi [-] 10.0.0.37 "GET / HTTP/1.1" status: 200 len: 247 time: 0.0018930
2026-06-25 23:34:03.123 9 INFO neutron.plugins.ml2.drivers.ovn.mech_driver.mech_driver [None req-af23856a-b697-49de-96a5-efa60640ed41 - - - - - -] OVN reports status up for port: 52a002a5-b9a1-45e5-9b5c-2fca67f7c5c9
2026-06-25 23:34:03.133 9 INFO neutron.plugins.ml2.plugin [None req-af23856a-b697-49de-96a5-efa60640ed41 - - - - - -] Attempt 1 to provision port 52a002a5-b9a1-45e5-9b5c-2fca67f7c5c9
2026-06-25 23:34:03.135 9 INFO neutron.db.ovn_revision_numbers_db [None req-632cb22d-d416-45f0-acc6-e43da13db2ff 44ff998684804d8ba8e941410b81871d e10ad56087c14065bbe7dbdd18a17897 - - default default] Successfully bumped revision number for resource 52a002a5-b9a1-45e5-9b5c-2fca67f7c5c9 (type: router_ports) to 2
2026-06-25 23:34:03.221 9 INFO neutron.wsgi [None req-3c91422b-e2ba-46cd-a96c-b01b3f2b1462 eb385586f3e7424ca61f8366f483a2e1 5e6f572533a8440b9f7d5c9b69bf8a4b - - - -] 10.0.0.23 "DELETE /v2.0/security-groups/90bd4a95-43c6-4fe1-a3f7-3986c18a0381 HTTP/1.1" status: 204 len: 168 time: 0.7196591
2026-06-25 23:34:03.382 9 INFO neutron.db.ovn_revision_numbers_db [None req-632cb22d-d416-45f0-acc6-e43da13db2ff 44ff998684804d8ba8e941410b81871d e10ad56087c14065bbe7dbdd18a17897 - - default default] Successfully bumped revision number for resource 52a002a5-b9a1-45e5-9b5c-2fca67f7c5c9 (type: ports) to 2
2026-06-25 23:34:03.476 9 WARNING neutron.scheduler.dhcp_agent_scheduler [None req-632cb22d-d416-45f0-acc6-e43da13db2ff 44ff998684804d8ba8e941410b81871d e10ad56087c14065bbe7dbdd18a17897 - - default default] No more DHCP agents
2026-06-25 23:34:03.479 9 WARNING neutron.api.rpc.agentnotifiers.dhcp_rpc_agent_api [None req-632cb22d-d416-45f0-acc6-e43da13db2ff 44ff998684804d8ba8e941410b81871d e10ad56087c14065bbe7dbdd18a17897 - - default default] Unable to schedule network 7b951e56-be10-4916-846d-106fb0d61665: no agents available; will retry on subsequent port and subnet creation events.
2026-06-25 23:34:03.552 9 INFO neutron.db.ovn_revision_numbers_db [None req-af23856a-b697-49de-96a5-efa60640ed41 - - - - - -] Successfully bumped revision number for resource 52a002a5-b9a1-45e5-9b5c-2fca67f7c5c9 (type: ports) to 3
2026-06-25 23:34:03.715 9 INFO neutron.db.ovn_revision_numbers_db [None req-af23856a-b697-49de-96a5-efa60640ed41 - - - - - -] Successfully bumped revision number for resource 52a002a5-b9a1-45e5-9b5c-2fca67f7c5c9 (type: router_ports) to 3
2026-06-25 23:34:03.747 9 INFO neutron.db.ovn_revision_numbers_db [None req-632cb22d-d416-45f0-acc6-e43da13db2ff 44ff998684804d8ba8e941410b81871d e10ad56087c14065bbe7dbdd18a17897 - - - -] Successfully bumped revision number for resource 52a002a5-b9a1-45e5-9b5c-2fca67f7c5c9 (type: router_ports) to 3
2026-06-25 23:34:03.750 9 INFO neutron.wsgi [None req-632cb22d-d416-45f0-acc6-e43da13db2ff 44ff998684804d8ba8e941410b81871d e10ad56087c14065bbe7dbdd18a17897 - - - -] 10.0.0.23 "PUT /v2.0/routers/ffab2ec5-c3bc-4329-a048-8b72700cd880/add_router_interface HTTP/1.1" status: 200 len: 503 time: 1.9598324
2026-06-25 23:34:03.805 10 INFO neutron.wsgi [None req-9c45a3af-a5cf-4aa1-9d31-f373b2b422b4 44ff998684804d8ba8e941410b81871d e10ad56087c14065bbe7dbdd18a17897 - - default default] 10.0.0.23 "GET /v2.0/ports/52a002a5-b9a1-45e5-9b5c-2fca67f7c5c9 HTTP/1.1" status: 200 len: 1137 time: 0.0478561
2026-06-25 23:34:03.848 10 INFO neutron.wsgi [None req-dabc5537-07d5-4f34-a476-0e2ee1252c57 44ff998684804d8ba8e941410b81871d e10ad56087c14065bbe7dbdd18a17897 - - default default] 10.0.0.23 "GET /v2.0/ports/52a002a5-b9a1-45e5-9b5c-2fca67f7c5c9 HTTP/1.1" status: 200 len: 1137 time: 0.0355270
2026-06-25 23:34:04.734 9 INFO neutron.db.ovn_revision_numbers_db [None req-47f62839-9de0-41b8-a265-cbba242a4aa3 eb385586f3e7424ca61f8366f483a2e1 5e6f572533a8440b9f7d5c9b69bf8a4b - - default default] Successfully bumped revision number for resource ea691098-16cd-40b6-abf5-d9142b07775d (type: security_groups) to 1
2026-06-25 23:34:04.763 9 INFO neutron.wsgi [None req-47f62839-9de0-41b8-a265-cbba242a4aa3 eb385586f3e7424ca61f8366f483a2e1 5e6f572533a8440b9f7d5c9b69bf8a4b - - default default] 10.0.0.23 "GET /v2.0/security-groups?tenant_id=d24e371e2b1c4f27ad0f936219e92f7f&name=default HTTP/1.1" status: 200 len: 2996 time: 0.2666028
2026-06-25 23:34:04.766 9 INFO neutron.db.ovn_revision_numbers_db [None req-ac901207-e635-4332-a75f-5855589fcec4 eb385586f3e7424ca61f8366f483a2e1 5e6f572533a8440b9f7d5c9b69bf8a4b - - default default] Successfully bumped revision number for resource 0f7bd55b-2c28-44f3-b0c6-a7baad703453 (type: security_groups) to 1
2026-06-25 23:34:04.794 9 INFO neutron.wsgi [None req-ac901207-e635-4332-a75f-5855589fcec4 eb385586f3e7424ca61f8366f483a2e1 5e6f572533a8440b9f7d5c9b69bf8a4b - - default default] 10.0.0.23 "GET /v2.0/security-groups?tenant_id=ce284ed9550c42528350daa94069ab92&name=default HTTP/1.1" status: 200 len: 2996 time: 0.2631578
2026-06-25 23:34:05.058 9 INFO neutron.wsgi [None req-494f7b52-1486-4fed-9ca8-cb1140a91f6f eb385586f3e7424ca61f8366f483a2e1 5e6f572533a8440b9f7d5c9b69bf8a4b - - - -] 10.0.0.23 "DELETE /v2.0/security-groups/ea691098-16cd-40b6-abf5-d9142b07775d HTTP/1.1" status: 204 len: 168 time: 0.2845652
2026-06-25 23:34:05.073 10 INFO neutron.wsgi [None req-1edade40-c6ed-41a2-80d2-5d05d57088b1 44ff998684804d8ba8e941410b81871d e10ad56087c14065bbe7dbdd18a17897 - - - -] 10.0.0.23 "PUT /v2.0/routers/ffab2ec5-c3bc-4329-a048-8b72700cd880/remove_router_interface HTTP/1.1" status: 200 len: 503 time: 1.2187166
2026-06-25 23:34:05.092 9 INFO neutron.wsgi [None req-8c9966a6-c650-4390-8c9d-63eda5b8eb8d eb385586f3e7424ca61f8366f483a2e1 5e6f572533a8440b9f7d5c9b69bf8a4b - - - -] 10.0.0.23 "DELETE /v2.0/security-groups/0f7bd55b-2c28-44f3-b0c6-a7baad703453 HTTP/1.1" status: 204 len: 168 time: 0.2874863
2026-06-25 23:34:05.111 9 INFO neutron.wsgi [None req-4e568ce4-ddc4-41dc-8c98-3f1a23665356 44ff998684804d8ba8e941410b81871d e10ad56087c14065bbe7dbdd18a17897 - - default default] 10.0.0.23 "GET /v2.0/ports?device_id=ffab2ec5-c3bc-4329-a048-8b72700cd880 HTTP/1.1" status: 200 len: 205 time: 0.0333717
2026-06-25 23:34:05.364 9 INFO neutron.wsgi [None req-dc255c26-ac3a-4517-ad2c-ea9a77306640 44ff998684804d8ba8e941410b81871d e10ad56087c14065bbe7dbdd18a17897 - - - -] 10.0.0.23 "DELETE /v2.0/routers/ffab2ec5-c3bc-4329-a048-8b72700cd880 HTTP/1.1" status: 204 len: 168 time: 0.2470453
2026-06-25 23:34:05.405 9 INFO neutron.db.ovn_revision_numbers_db [None req-2f400299-486f-49d5-a372-aa7520bf67c8 eb385586f3e7424ca61f8366f483a2e1 5e6f572533a8440b9f7d5c9b69bf8a4b - - default default] Successfully bumped revision number for resource 19df8f75-dee4-4335-9ea6-e20e7c8b9211 (type: security_groups) to 1
2026-06-25 23:34:05.439 9 INFO neutron.wsgi [None req-2f400299-486f-49d5-a372-aa7520bf67c8 eb385586f3e7424ca61f8366f483a2e1 5e6f572533a8440b9f7d5c9b69bf8a4b - - default default] 10.0.0.23 "GET /v2.0/security-groups?tenant_id=2063c0d42bd14333a71ee120e316fb76&name=default HTTP/1.1" status: 200 len: 2996 time: 0.2303867
2026-06-25 23:34:05.603 9 INFO neutron.wsgi [None req-805a169d-b3f6-4f29-870c-a5ee391ff725 44ff998684804d8ba8e941410b81871d e10ad56087c14065bbe7dbdd18a17897 - - - -] 10.0.0.23 "DELETE /v2.0/subnets/e4a92de4-61a9-42d2-b53a-db7c04f97048 HTTP/1.1" status: 204 len: 168 time: 0.2258632 /var/lib/openstack/lib/python3.10/site-packages/pycadf/identifier.py:71: UserWarning: Invalid uuid: neutron. To ensure interoperability, identifiers should be a valid uuid. warnings.warn(('Invalid uuid: %s. To ensure interoperability, '
2026-06-25 23:34:05.686 9 INFO neutron.wsgi [None req-cbe27a18-d39b-4e0e-b989-deb71f33216b eb385586f3e7424ca61f8366f483a2e1 5e6f572533a8440b9f7d5c9b69bf8a4b - - - -] 10.0.0.23 "DELETE /v2.0/security-groups/19df8f75-dee4-4335-9ea6-e20e7c8b9211 HTTP/1.1" status: 204 len: 168 time: 0.2408581
2026-06-25 23:34:05.867 10 INFO neutron.db.ovn_revision_numbers_db [None req-f710a5b8-d469-4ef5-bbc1-fc9701785d99 e4a03d5a368a46fbab859681fce6a01c dae174f6751540849304564d914e9282 - - - -] Successfully bumped revision number for resource 83650b12-e943-4867-b9bd-4ad1e7fc73a9 (type: security_groups) to 1
2026-06-25 23:34:05.961 10 INFO neutron.db.ovn_revision_numbers_db [None req-f710a5b8-d469-4ef5-bbc1-fc9701785d99 e4a03d5a368a46fbab859681fce6a01c dae174f6751540849304564d914e9282 - - - -] Successfully bumped revision number for resource 4eb0f6ea-a900-47ca-926e-c6624709dd72 (type: security_groups) to 1
2026-06-25 23:34:05.995 10 INFO neutron.wsgi [None req-f710a5b8-d469-4ef5-bbc1-fc9701785d99 e4a03d5a368a46fbab859681fce6a01c dae174f6751540849304564d914e9282 - - - -] 10.0.0.23 "POST /v2.0/security-groups HTTP/1.1" status: 201 len: 1761 time: 0.5519900
2026-06-25 23:34:06.060 9 INFO neutron.wsgi [None req-c416bc57-41fe-4a9c-a8d9-ea72a54257e9 e4a03d5a368a46fbab859681fce6a01c dae174f6751540849304564d914e9282 - - default default] 10.0.0.23 "GET /v2.0/security-groups HTTP/1.1" status: 200 len: 4539 time: 0.0588024
2026-06-25 23:34:06.070 10 INFO neutron.services.segments.plugin [-] Segment 665176b7-d314-412e-a18d-94a3b9b37668 resource provider aggregate not found
2026-06-25 23:34:06.076 10 INFO neutron.services.segments.plugin [-] Segment 665176b7-d314-412e-a18d-94a3b9b37668 resource provider aggregate not found
2026-06-25 23:34:06.097 10 INFO neutron.services.segments.plugin [-] Segment 665176b7-d314-412e-a18d-94a3b9b37668 resource provider not found; error: Placement Client Error (4xx): {"errors": [{"status": 404, "title": "Not Found", "detail": "The resource could not be found.\n\n No resource provider with uuid 665176b7-d314-412e-a18d-94a3b9b37668 found for delete ", "request_id": "req-86dfa53b-31b0-47e6-9da2-f0f022f0f06c"}]}
2026-06-25 23:34:06.099 10 INFO neutron.services.segments.plugin [-] Segment 665176b7-d314-412e-a18d-94a3b9b37668 resource provider not found; error: Placement Client Error (4xx): {"errors": [{"status": 404, "title": "Not Found", "detail": "The resource could not be found.\n\n No resource provider with uuid 665176b7-d314-412e-a18d-94a3b9b37668 found for delete ", "request_id": "req-c3103800-afda-4a61-bdd4-54144487364f"}]}
2026-06-25 23:34:06.112 10 INFO neutron.wsgi [None req-7a5bc109-3ab8-45ce-a9e8-583c73092f5b 44ff998684804d8ba8e941410b81871d e10ad56087c14065bbe7dbdd18a17897 - - - -] 10.0.0.23 "DELETE /v2.0/networks/7b951e56-be10-4916-846d-106fb0d61665 HTTP/1.1" status: 204 len: 168 time: 0.5024326
2026-06-25 23:34:06.159 9 INFO neutron.db.ovn_revision_numbers_db [None req-334f7688-3247-44ea-89da-a0fac635b020 e4a03d5a368a46fbab859681fce6a01c dae174f6751540849304564d914e9282 - - - -] Successfully bumped revision number for resource 4eb0f6ea-a900-47ca-926e-c6624709dd72 (type: security_groups) to 2
2026-06-25 23:34:06.163 9 INFO neutron.wsgi [None req-334f7688-3247-44ea-89da-a0fac635b020 e4a03d5a368a46fbab859681fce6a01c dae174f6751540849304564d914e9282 - - - -] 10.0.0.23 "PUT /v2.0/security-groups/4eb0f6ea-a900-47ca-926e-c6624709dd72 HTTP/1.1" status: 200 len: 1795 time: 0.0981619
2026-06-25 23:34:06.200 9 INFO neutron.wsgi [None req-1c730d07-2d1f-4f5d-b102-773b9edf8f69 e4a03d5a368a46fbab859681fce6a01c dae174f6751540849304564d914e9282 - - default default] 10.0.0.23 "GET /v2.0/security-groups/4eb0f6ea-a900-47ca-926e-c6624709dd72 HTTP/1.1" status: 200 len: 1795 time: 0.0319078
2026-06-25 23:34:06.339 9 INFO neutron.wsgi [None req-aaa8ce1e-9f3f-43d8-8086-454706316b85 e4a03d5a368a46fbab859681fce6a01c dae174f6751540849304564d914e9282 - - - -] 10.0.0.23 "DELETE /v2.0/security-groups/4eb0f6ea-a900-47ca-926e-c6624709dd72 HTTP/1.1" status: 204 len: 168 time: 0.1339865
2026-06-25 23:34:06.405 10 INFO neutron.wsgi [None req-06d1f95e-4f55-4a1b-a241-b0319781d4af e4a03d5a368a46fbab859681fce6a01c dae174f6751540849304564d914e9282 - - default default] 10.0.0.23 "GET /v2.0/security-groups HTTP/1.1" status: 200 len: 2996 time: 0.0602784
2026-06-25 23:34:06.426 9 INFO neutron.api.v2.resource [None req-d6d4f519-6b91-4ffd-b814-c47bae354275 e4a03d5a368a46fbab859681fce6a01c dae174f6751540849304564d914e9282 - - - -] delete failed (client error): The resource could not be found.
2026-06-25 23:34:06.428 9 INFO neutron.wsgi [None req-d6d4f519-6b91-4ffd-b814-c47bae354275 e4a03d5a368a46fbab859681fce6a01c dae174f6751540849304564d914e9282 - - - -] 10.0.0.23 "DELETE /v2.0/security-groups/4eb0f6ea-a900-47ca-926e-c6624709dd72 HTTP/1.1" status: 404 len: 347 time: 0.0167654
2026-06-25 23:34:06.543 9 INFO neutron.db.ovn_revision_numbers_db [None req-ed188361-7582-47f0-9cc5-c4f81f2e16be e4a03d5a368a46fbab859681fce6a01c dae174f6751540849304564d914e9282 - - - -] Successfully bumped revision number for resource 0a263f89-22c6-497b-b29f-63e9fdcd24a9 (type: security_groups) to 1
2026-06-25 23:34:06.567 9 INFO neutron.wsgi [None req-ed188361-7582-47f0-9cc5-c4f81f2e16be e4a03d5a368a46fbab859681fce6a01c dae174f6751540849304564d914e9282 - - - -] 10.0.0.23 "POST /v2.0/security-groups HTTP/1.1" status: 201 len: 1760 time: 0.1323118
2026-06-25 23:34:06.677 10 WARNING neutron.scheduler.dhcp_agent_scheduler [None req-9d203b09-5122-4c78-9f4e-d8f1b466e2d2 44ff998684804d8ba8e941410b81871d e10ad56087c14065bbe7dbdd18a17897 - - - -] No more DHCP agents
2026-06-25 23:34:06.681 10 WARNING neutron.api.rpc.agentnotifiers.dhcp_rpc_agent_api [None req-9d203b09-5122-4c78-9f4e-d8f1b466e2d2 44ff998684804d8ba8e941410b81871d e10ad56087c14065bbe7dbdd18a17897 - - - -] Unable to schedule network 07e37ad0-790d-445f-8e30-23b81f61b800: no agents available; will retry on subsequent port and subnet creation events.
2026-06-25 23:34:06.682 9 INFO neutron.db.ovn_revision_numbers_db [None req-2f78a88b-b2a7-4a0b-9e42-f741eb9d027b e4a03d5a368a46fbab859681fce6a01c dae174f6751540849304564d914e9282 - - - -] Successfully bumped revision number for resource 62ac3eb1-d95f-4613-9304-4e53b748dca2 (type: security_group_rules) to 0
2026-06-25 23:34:06.704 9 INFO neutron.wsgi [None req-2f78a88b-b2a7-4a0b-9e42-f741eb9d027b e4a03d5a368a46fbab859681fce6a01c dae174f6751540849304564d914e9282 - - - -] 10.0.0.23 "POST /v2.0/security-group-rules HTTP/1.1" status: 201 len: 768 time: 0.1317809
2026-06-25 23:34:06.722 9 INFO neutron.wsgi [None req-e6e8e775-b57a-4dee-8a85-ea172ea000fa e4a03d5a368a46fbab859681fce6a01c dae174f6751540849304564d914e9282 - - default default] 10.0.0.23 "GET /v2.0/security-group-rules/62ac3eb1-d95f-4613-9304-4e53b748dca2 HTTP/1.1" status: 200 len: 763 time: 0.0127313
2026-06-25 23:34:06.755 9 INFO neutron.wsgi [None req-604af75d-3374-434d-9899-c572962ee0e8 e4a03d5a368a46fbab859681fce6a01c dae174f6751540849304564d914e9282 - - default default] 10.0.0.23 "GET /v2.0/security-group-rules HTTP/1.1" status: 200 len: 4113 time: 0.0286422
2026-06-25 23:34:06.819 10 INFO neutron.db.ovn_revision_numbers_db [None req-9d203b09-5122-4c78-9f4e-d8f1b466e2d2 44ff998684804d8ba8e941410b81871d e10ad56087c14065bbe7dbdd18a17897 - - - -] Successfully bumped revision number for resource fe64c48e-e554-4a0b-ae69-74bae5a1260c (type: ports) to 1
2026-06-25 23:34:06.858 9 INFO neutron.wsgi [None req-c5fae89a-a398-40dc-8ff9-54bc564b249e e4a03d5a368a46fbab859681fce6a01c dae174f6751540849304564d914e9282 - - - -] 10.0.0.23 "DELETE /v2.0/security-group-rules/62ac3eb1-d95f-4613-9304-4e53b748dca2 HTTP/1.1" status: 204 len: 168 time: 0.0981190
2026-06-25 23:34:06.899 9 INFO neutron.wsgi [None req-8b8fb3b8-27e8-4e5a-bbae-aa8629dadcdd e4a03d5a368a46fbab859681fce6a01c dae174f6751540849304564d914e9282 - - default default] 10.0.0.23 "GET /v2.0/security-group-rules HTTP/1.1" status: 200 len: 3567 time: 0.0350134
2026-06-25 23:34:07.002 9 INFO neutron.db.ovn_revision_numbers_db [None req-b16c0d74-d83e-4ca7-9d0b-4752e04fb43b e4a03d5a368a46fbab859681fce6a01c dae174f6751540849304564d914e9282 - - - -] Successfully bumped revision number for resource 274bd3a4-4894-4d0b-9423-9040dee6a104 (type: security_group_rules) to 0
2026-06-25 23:34:07.029 9 INFO neutron.wsgi [None req-b16c0d74-d83e-4ca7-9d0b-4752e04fb43b e4a03d5a368a46fbab859681fce6a01c dae174f6751540849304564d914e9282 - - - -] 10.0.0.23 "POST /v2.0/security-group-rules HTTP/1.1" status: 201 len: 768 time: 0.1254108
2026-06-25 23:34:07.052 9 INFO neutron.wsgi [None req-8f13124b-1154-449b-b1c4-928f944f473c e4a03d5a368a46fbab859681fce6a01c dae174f6751540849304564d914e9282 - - default default] 10.0.0.23 "GET /v2.0/security-group-rules/274bd3a4-4894-4d0b-9423-9040dee6a104 HTTP/1.1" status: 200 len: 763 time: 0.0162828
2026-06-25 23:34:07.104 9 INFO neutron.wsgi [None req-45e94ab7-4cc4-4029-83d2-5d0e6d9bbccd e4a03d5a368a46fbab859681fce6a01c dae174f6751540849304564d914e9282 - - default default] 10.0.0.23 "GET /v2.0/security-group-rules HTTP/1.1" status: 200 len: 4113 time: 0.0460386
2026-06-25 23:34:07.199 9 INFO neutron.db.ovn_revision_numbers_db [None req-041f5777-c34e-4eb4-b555-8e0dd8324652 1f3d611d4dd2416c8ffa924f0250b7cc 403abb8459364d19826582243e4210c8 - - - -] Successfully bumped revision number for resource e4178069-9c80-4e21-8410-0e9db91ac684 (type: security_groups) to 1
2026-06-25 23:34:07.247 9 INFO neutron.wsgi [None req-b2c8148a-ca58-4834-8ef2-77d2e9ba02eb e4a03d5a368a46fbab859681fce6a01c dae174f6751540849304564d914e9282 - - - -] 10.0.0.23 "DELETE /v2.0/security-group-rules/274bd3a4-4894-4d0b-9423-9040dee6a104 HTTP/1.1" status: 204 len: 168 time: 0.1363168
2026-06-25 23:34:07.281 9 INFO neutron.db.segments_db [None req-041f5777-c34e-4eb4-b555-8e0dd8324652 1f3d611d4dd2416c8ffa924f0250b7cc 403abb8459364d19826582243e4210c8 - - - -] Added segment 71fff8c8-53ea-4c52-b1b0-aa434a7a287e of type geneve for network 7f503439-0163-4b1f-8a2f-697d66e4a436
2026-06-25 23:34:07.314 9 INFO neutron.wsgi [None req-d67e3caa-86e2-40f9-a1ed-bd22b1c5acbf e4a03d5a368a46fbab859681fce6a01c dae174f6751540849304564d914e9282 - - default default] 10.0.0.23 "GET /v2.0/security-group-rules HTTP/1.1" status: 200 len: 3567 time: 0.0568271
2026-06-25 23:34:07.428 9 INFO neutron.db.segments_db [None req-041f5777-c34e-4eb4-b555-8e0dd8324652 1f3d611d4dd2416c8ffa924f0250b7cc 403abb8459364d19826582243e4210c8 - - - -] Added segment 3412f151-994a-410a-ae04-959e70af2ab6 of type geneve for network f53c8fa9-ecef-491d-ad0e-89397431b795
2026-06-25 23:34:07.475 10 INFO neutron.plugins.ml2.drivers.ovn.mech_driver.mech_driver [None req-56e06cab-88df-4a0c-9f6c-9609ea2afd09 - - - - - -] OVN reports status up for port: fe64c48e-e554-4a0b-ae69-74bae5a1260c
2026-06-25 23:34:07.485 10 INFO neutron.plugins.ml2.plugin [None req-56e06cab-88df-4a0c-9f6c-9609ea2afd09 - - - - - -] Attempt 1 to provision port fe64c48e-e554-4a0b-ae69-74bae5a1260c
2026-06-25 23:34:07.488 10 INFO neutron.db.ovn_revision_numbers_db [None req-9d203b09-5122-4c78-9f4e-d8f1b466e2d2 44ff998684804d8ba8e941410b81871d e10ad56087c14065bbe7dbdd18a17897 - - - -] Successfully bumped revision number for resource fe64c48e-e554-4a0b-ae69-74bae5a1260c (type: router_ports) to 1
2026-06-25 23:34:07.523 9 INFO neutron.db.ovn_revision_numbers_db [None req-7fbb8b6c-4e65-4fb7-a973-bafebb6051e8 e4a03d5a368a46fbab859681fce6a01c dae174f6751540849304564d914e9282 - - - -] Successfully bumped revision number for resource 581e2a01-e582-4521-a7d6-178e9309300b (type: security_group_rules) to 0
2026-06-25 23:34:07.563 10 INFO neutron.db.ovn_revision_numbers_db [None req-9d203b09-5122-4c78-9f4e-d8f1b466e2d2 44ff998684804d8ba8e941410b81871d e10ad56087c14065bbe7dbdd18a17897 - - - -] Successfully bumped revision number for resource 0f780724-017d-4579-9077-2a319a5b8920 (type: routers) to 3
2026-06-25 23:34:07.574 9 INFO neutron.wsgi [None req-7fbb8b6c-4e65-4fb7-a973-bafebb6051e8 e4a03d5a368a46fbab859681fce6a01c dae174f6751540849304564d914e9282 - - - -] 10.0.0.23 "POST /v2.0/security-group-rules HTTP/1.1" status: 201 len: 769 time: 0.2473621
2026-06-25 23:34:07.592 10 INFO neutron.wsgi [None req-9d203b09-5122-4c78-9f4e-d8f1b466e2d2 44ff998684804d8ba8e941410b81871d e10ad56087c14065bbe7dbdd18a17897 - - - -] 10.0.0.23 "POST /v2.0/routers HTTP/1.1" status: 201 len: 868 time: 1.4687138
2026-06-25 23:34:07.596 9 INFO neutron.db.ovn_revision_numbers_db [None req-041f5777-c34e-4eb4-b555-8e0dd8324652 1f3d611d4dd2416c8ffa924f0250b7cc 403abb8459364d19826582243e4210c8 - - - -] Successfully bumped revision number for resource 7f503439-0163-4b1f-8a2f-697d66e4a436 (type: networks) to 1
2026-06-25 23:34:07.602 9 INFO neutron.wsgi [None req-f3f2bb7e-786f-4396-bd25-1a2e5e2f711c e4a03d5a368a46fbab859681fce6a01c dae174f6751540849304564d914e9282 - - default default] 10.0.0.23 "GET /v2.0/security-group-rules/581e2a01-e582-4521-a7d6-178e9309300b HTTP/1.1" status: 200 len: 764 time: 0.0189438
2026-06-25 23:34:07.690 10 INFO neutron.wsgi [None req-7526b8f5-8581-4c1b-947d-90a40834ffc1 e4a03d5a368a46fbab859681fce6a01c dae174f6751540849304564d914e9282 - - default default] 10.0.0.23 "GET /v2.0/security-group-rules HTTP/1.1" status: 200 len: 4114 time: 0.0812552
2026-06-25 23:34:07.698 10 INFO neutron.wsgi [None req-8d336988-78c5-4400-ab82-64a996fe8971 44ff998684804d8ba8e941410b81871d e10ad56087c14065bbe7dbdd18a17897 - - default default] 10.0.0.23 "GET /v2.0/routers/0f780724-017d-4579-9077-2a319a5b8920 HTTP/1.1" status: 200 len: 869 time: 0.0995557
2026-06-25 23:34:07.820 9 WARNING neutron.scheduler.dhcp_agent_scheduler [None req-041f5777-c34e-4eb4-b555-8e0dd8324652 1f3d611d4dd2416c8ffa924f0250b7cc 403abb8459364d19826582243e4210c8 - - - -] No more DHCP agents
2026-06-25 23:34:07.822 10 INFO neutron.wsgi [None req-b7ad3737-b785-46be-972e-f74eaeff42f3 44ff998684804d8ba8e941410b81871d e10ad56087c14065bbe7dbdd18a17897 - - default default] 10.0.0.23 "GET /v2.0/routers HTTP/1.1" status: 200 len: 872 time: 0.1186707
2026-06-25 23:34:07.824 9 WARNING neutron.api.rpc.agentnotifiers.dhcp_rpc_agent_api [None req-041f5777-c34e-4eb4-b555-8e0dd8324652 1f3d611d4dd2416c8ffa924f0250b7cc 403abb8459364d19826582243e4210c8 - - - -] Unable to schedule network 7f503439-0163-4b1f-8a2f-697d66e4a436: no agents available; will retry on subsequent port and subnet creation events.
2026-06-25 23:34:07.907 9 INFO neutron.wsgi [None req-03bd2e1c-cf0a-4420-8286-db5d9d8b7044 e4a03d5a368a46fbab859681fce6a01c dae174f6751540849304564d914e9282 - - - -] 10.0.0.23 "DELETE /v2.0/security-group-rules/581e2a01-e582-4521-a7d6-178e9309300b HTTP/1.1" status: 204 len: 168 time: 0.2110467
2026-06-25 23:34:07.928 9 INFO neutron.db.ovn_revision_numbers_db [None req-041f5777-c34e-4eb4-b555-8e0dd8324652 1f3d611d4dd2416c8ffa924f0250b7cc 403abb8459364d19826582243e4210c8 - - - -] Successfully bumped revision number for resource cc1d4d1a-5d5a-403f-a5cc-0b3316e806df (type: ports) to 1
2026-06-25 23:34:07.959 9 INFO neutron.wsgi [None req-98429b26-5187-4748-83d7-68e88ba774b0 e4a03d5a368a46fbab859681fce6a01c dae174f6751540849304564d914e9282 - - default default] 10.0.0.23 "GET /v2.0/security-group-rules HTTP/1.1" status: 200 len: 3567 time: 0.0444453
2026-06-25 23:34:07.960 9 INFO neutron.db.ovn_revision_numbers_db [None req-1edd94c9-a23e-4c8a-90fb-b9f6c719736d 003ad2d926334eeebbadfe659e81a5b5 ec35b6928f2846f4943e2fbc6dbad8dc - - - -] Successfully bumped revision number for resource 0b5feac9-d4b9-4e94-bc10-c60a66267329 (type: security_groups) to 1
2026-06-25 23:34:08.036 9 INFO neutron.db.segments_db [None req-1edd94c9-a23e-4c8a-90fb-b9f6c719736d 003ad2d926334eeebbadfe659e81a5b5 ec35b6928f2846f4943e2fbc6dbad8dc - - - -] Added segment 4547899a-3b37-47b3-9c82-efbcec863859 of type geneve for network 28088cfb-3ae2-4a3f-aa1f-b21a6a738bd4
2026-06-25 23:34:08.045 9 INFO neutron.db.ovn_revision_numbers_db [None req-041f5777-c34e-4eb4-b555-8e0dd8324652 1f3d611d4dd2416c8ffa924f0250b7cc 403abb8459364d19826582243e4210c8 - - - -] Successfully bumped revision number for resource f53c8fa9-ecef-491d-ad0e-89397431b795 (type: networks) to 1
2026-06-25 23:34:08.246 9 WARNING neutron.plugins.ml2.drivers.ovn.mech_driver.ovsdb.ovn_client [None req-af23856a-b697-49de-96a5-efa60640ed41 - - - - - -] No port found with ID 52a002a5-b9a1-45e5-9b5c-2fca67f7c5c9: RuntimeError: No port found with ID 52a002a5-b9a1-45e5-9b5c-2fca67f7c5c9
2026-06-25 23:34:08.277 9 INFO neutron.db.ovn_revision_numbers_db [None req-1edd94c9-a23e-4c8a-90fb-b9f6c719736d 003ad2d926334eeebbadfe659e81a5b5 ec35b6928f2846f4943e2fbc6dbad8dc - - - -] Successfully bumped revision number for resource 28088cfb-3ae2-4a3f-aa1f-b21a6a738bd4 (type: networks) to 1
2026-06-25 23:34:08.328 9 INFO neutron.wsgi [None req-7f59f416-dc09-4c1f-bbe8-9b381408ef92 e4a03d5a368a46fbab859681fce6a01c dae174f6751540849304564d914e9282 - - - -] 10.0.0.23 "DELETE /v2.0/security-groups/0a263f89-22c6-497b-b29f-63e9fdcd24a9 HTTP/1.1" status: 204 len: 168 time: 0.3568575
2026-06-25 23:34:08.398 9 WARNING neutron.scheduler.dhcp_agent_scheduler [None req-041f5777-c34e-4eb4-b555-8e0dd8324652 1f3d611d4dd2416c8ffa924f0250b7cc 403abb8459364d19826582243e4210c8 - - - -] No more DHCP agents
2026-06-25 23:34:08.403 9 WARNING neutron.api.rpc.agentnotifiers.dhcp_rpc_agent_api [None req-041f5777-c34e-4eb4-b555-8e0dd8324652 1f3d611d4dd2416c8ffa924f0250b7cc 403abb8459364d19826582243e4210c8 - - - -] Unable to schedule network f53c8fa9-ecef-491d-ad0e-89397431b795: no agents available; will retry on subsequent port and subnet creation events.
2026-06-25 23:34:08.427 10 INFO neutron.wsgi [None req-e52a1b45-54a9-4592-a568-de8ec744b8f1 e4a03d5a368a46fbab859681fce6a01c dae174f6751540849304564d914e9282 - - default default] 10.0.0.23 "GET /v2.0/security-groups HTTP/1.1" status: 200 len: 2996 time: 0.0900235
2026-06-25 23:34:08.503 10 INFO neutron.wsgi [None req-a846a5c2-052b-4b0e-9bad-1dfc3659abc1 e4a03d5a368a46fbab859681fce6a01c dae174f6751540849304564d914e9282 - - default default] 10.0.0.23 "GET /v2.0/security-groups HTTP/1.1" status: 200 len: 2996 time: 0.0689793
2026-06-25 23:34:08.520 9 INFO neutron.db.ovn_revision_numbers_db [None req-041f5777-c34e-4eb4-b555-8e0dd8324652 1f3d611d4dd2416c8ffa924f0250b7cc 403abb8459364d19826582243e4210c8 - - - -] Successfully bumped revision number for resource 031d878c-6704-4696-aa93-580c02971f01 (type: ports) to 1
2026-06-25 23:34:08.581 9 INFO neutron.wsgi [None req-041f5777-c34e-4eb4-b555-8e0dd8324652 1f3d611d4dd2416c8ffa924f0250b7cc 403abb8459364d19826582243e4210c8 - - - -] 10.0.0.23 "POST /v2.0/networks HTTP/1.1" status: 201 len: 1446 time: 1.7058818
2026-06-25 23:34:08.582 9 WARNING neutron.scheduler.dhcp_agent_scheduler [None req-1edd94c9-a23e-4c8a-90fb-b9f6c719736d 003ad2d926334eeebbadfe659e81a5b5 ec35b6928f2846f4943e2fbc6dbad8dc - - - -] No more DHCP agents
2026-06-25 23:34:08.584 9 WARNING neutron.api.rpc.agentnotifiers.dhcp_rpc_agent_api [None req-1edd94c9-a23e-4c8a-90fb-b9f6c719736d 003ad2d926334eeebbadfe659e81a5b5 ec35b6928f2846f4943e2fbc6dbad8dc - - - -] Unable to schedule network 28088cfb-3ae2-4a3f-aa1f-b21a6a738bd4: no agents available; will retry on subsequent port and subnet creation events.
2026-06-25 23:34:08.853 10 INFO neutron.db.ovn_revision_numbers_db [None req-bd1738d8-9299-49c3-8368-33ea89b5142b 44ff998684804d8ba8e941410b81871d e10ad56087c14065bbe7dbdd18a17897 - - - -] Successfully bumped revision number for resource 0f780724-017d-4579-9077-2a319a5b8920 (type: routers) to 4
2026-06-25 23:34:08.857 10 INFO neutron.wsgi [None req-bd1738d8-9299-49c3-8368-33ea89b5142b 44ff998684804d8ba8e941410b81871d e10ad56087c14065bbe7dbdd18a17897 - - - -] 10.0.0.23 "PUT /v2.0/routers/0f780724-017d-4579-9077-2a319a5b8920 HTTP/1.1" status: 200 len: 876 time: 1.0284514
2026-06-25 23:34:08.951 10 INFO neutron.wsgi [None req-41f89e29-bdef-4aee-b99c-52a8524e08a4 44ff998684804d8ba8e941410b81871d e10ad56087c14065bbe7dbdd18a17897 - - default default] 10.0.0.23 "GET /v2.0/routers/0f780724-017d-4579-9077-2a319a5b8920 HTTP/1.1" status: 200 len: 876 time: 0.0886996
2026-06-25 23:34:08.981 10 INFO neutron.wsgi [None req-fc6cd7c7-0cef-4476-ac41-2872271824c5 44ff998684804d8ba8e941410b81871d e10ad56087c14065bbe7dbdd18a17897 - - default default] 10.0.0.23 "GET /v2.0/ports?device_id=0f780724-017d-4579-9077-2a319a5b8920 HTTP/1.1" status: 200 len: 205 time: 0.0240078
2026-06-25 23:34:09.162 9 INFO neutron.wsgi [None req-3cd6c4c4-cd69-4b22-a987-74819470d66c 1f3d611d4dd2416c8ffa924f0250b7cc 403abb8459364d19826582243e4210c8 - - default default] 10.0.0.23 "GET /v2.0/networks HTTP/1.1" status: 200 len: 2052 time: 0.5747466
2026-06-25 23:34:09.163 9 INFO neutron.db.ovn_revision_numbers_db [None req-1edd94c9-a23e-4c8a-90fb-b9f6c719736d 003ad2d926334eeebbadfe659e81a5b5 ec35b6928f2846f4943e2fbc6dbad8dc - - - -] Successfully bumped revision number for resource a39be7e8-199f-4b1d-bfd7-b11c1fbef9f0 (type: ports) to 1
2026-06-25 23:34:09.181 9 INFO neutron.wsgi [None req-1edd94c9-a23e-4c8a-90fb-b9f6c719736d 003ad2d926334eeebbadfe659e81a5b5 ec35b6928f2846f4943e2fbc6dbad8dc - - - -] 10.0.0.23 "POST /v2.0/networks HTTP/1.1" status: 201 len: 849 time: 1.5582216
2026-06-25 23:34:09.278 10 INFO neutron.wsgi [None req-a54daacd-d677-4a39-b9b9-6a4cde664ec6 eb385586f3e7424ca61f8366f483a2e1 5e6f572533a8440b9f7d5c9b69bf8a4b - - default default] 10.0.0.23 "GET /v2.0/security-groups?tenant_id=dae174f6751540849304564d914e9282&name=default HTTP/1.1" status: 200 len: 2996 time: 0.1707692
2026-06-25 23:34:09.522 9 WARNING neutron.scheduler.dhcp_agent_scheduler [None req-2d4e639d-6f6d-458a-aae8-4887145147c7 003ad2d926334eeebbadfe659e81a5b5 ec35b6928f2846f4943e2fbc6dbad8dc - - - -] No more DHCP agents
2026-06-25 23:34:09.527 9 WARNING neutron.api.rpc.agentnotifiers.dhcp_rpc_agent_api [None req-2d4e639d-6f6d-458a-aae8-4887145147c7 003ad2d926334eeebbadfe659e81a5b5 ec35b6928f2846f4943e2fbc6dbad8dc - - - -] Unable to schedule network 28088cfb-3ae2-4a3f-aa1f-b21a6a738bd4: no agents available; will retry on subsequent port and subnet creation events.
