2026-06-25 23:35:36.699 9 INFO neutron.wsgi [req-a00bbe9f-76b1-45ed-a114-6c4508386a56 req-261e05b2-4053-40d1-a914-14f7df54188e c4b842a097af472bbedbb2a39a05645b 2c27c76fe17d4e7983f058039acc979b - - default default] 10.0.0.211 "GET /v2.0/security-groups?id=b4a259b6-fb50-4de5-ac83-ddee803797f8&id=aa9c3eec-70cd-412c-86f2-e21d8ba66156&fields=id&fields=name HTTP/1.1" status: 200 len: 403 time: 0.0892479
2026-06-25 23:35:36.837 10 WARNING neutron.plugins.ml2.drivers.ovn.mech_driver.ovsdb.ovn_client [None req-56e06cab-88df-4a0c-9f6c-9609ea2afd09 - - - - - -] No hosting information found for port 2e5e1c24-a175-4eb9-b532-ad6c6d7762b1: RuntimeError: No hosting information found for port 2e5e1c24-a175-4eb9-b532-ad6c6d7762b1
2026-06-25 23:35:36.837 10 INFO neutron.plugins.ml2.drivers.ovn.mech_driver.mech_driver [None req-56e06cab-88df-4a0c-9f6c-9609ea2afd09 - - - - - -] OVN reports status up for port: f144b14b-eb38-47f6-8216-1ec12894bc4d
2026-06-25 23:35:36.854 10 INFO neutron.wsgi [req-96151186-7f06-4fc8-bf14-37488d41f6cb req-87c6f878-5633-43f0-b290-0be2adf7829b 143c65c7298446e681cd119dc2c0a3b2 6f1c8f48b77349a8adaa6d1ed7cf1c6e - - b086645a873745aabf57b5e0cf146ab9 b086645a873745aabf57b5e0cf146ab9] 199.19.213.169 "GET /v2.0/networks/e7609e35-e0db-4b02-b503-c95d45862db9?fields=provider%3Aphysical_network&fields=provider%3Anetwork_type HTTP/1.1" status: 200 len: 277 time: 0.4492762
2026-06-25 23:35:36.855 10 INFO neutron.plugins.ml2.plugin [None req-56e06cab-88df-4a0c-9f6c-9609ea2afd09 - - - - - -] Attempt 1 to provision port f144b14b-eb38-47f6-8216-1ec12894bc4d
2026-06-25 23:35:36.871 9 INFO neutron.db.ovn_revision_numbers_db [None req-af23856a-b697-49de-96a5-efa60640ed41 - - - - - -] Successfully bumped revision number for resource a4425626-463d-4622-9e3d-5571392e3a7e (type: ports) to 4
2026-06-25 23:35:36.942 9 INFO neutron.db.ovn_revision_numbers_db [None req-670973ed-9781-440a-a1ce-4d39622b04b9 22353de4e1a446e197a58bea00f5f193 a0f6a5537e6e4750b99aa88c6028652b - - - -] Successfully bumped revision number for resource f905c555-f0a4-41e6-96c9-92f9418449f2 (type: floatingips) to 0
2026-06-25 23:35:36.956 9 INFO neutron.wsgi [None req-670973ed-9781-440a-a1ce-4d39622b04b9 22353de4e1a446e197a58bea00f5f193 a0f6a5537e6e4750b99aa88c6028652b - - - -] 10.0.0.23 "POST /v2.0/floatingips HTTP/1.1" status: 201 len: 751 time: 0.9189000 /var/lib/openstack/lib/python3.10/site-packages/pycadf/identifier.py:71: UserWarning: Invalid uuid: neutron. To ensure interoperability, identifiers should be a valid uuid. warnings.warn(('Invalid uuid: %s. To ensure interoperability, '
2026-06-25 23:35:37.155 10 INFO neutron.db.ovn_revision_numbers_db [None req-56e06cab-88df-4a0c-9f6c-9609ea2afd09 - - - - - -] Successfully bumped revision number for resource f144b14b-eb38-47f6-8216-1ec12894bc4d (type: ports) to 4
2026-06-25 23:35:37.260 9 WARNING neutron.scheduler.dhcp_agent_scheduler [None req-6d7b0cdd-3d05-4706-b12c-3709cbdeac28 22353de4e1a446e197a58bea00f5f193 a0f6a5537e6e4750b99aa88c6028652b - - - -] No more DHCP agents
2026-06-25 23:35:37.266 9 WARNING neutron.api.rpc.agentnotifiers.dhcp_rpc_agent_api [None req-6d7b0cdd-3d05-4706-b12c-3709cbdeac28 22353de4e1a446e197a58bea00f5f193 a0f6a5537e6e4750b99aa88c6028652b - - - -] Unable to schedule network 07e37ad0-790d-445f-8e30-23b81f61b800: no agents available; will retry on subsequent port and subnet creation events. /var/lib/openstack/lib/python3.10/site-packages/pycadf/identifier.py:71: UserWarning: Invalid uuid: neutron. To ensure interoperability, identifiers should be a valid uuid. warnings.warn(('Invalid uuid: %s. To ensure interoperability, '
2026-06-25 23:35:37.520 10 INFO neutron.wsgi [req-5e492ea0-7ce6-4c8c-b1e2-d8146d7b4db4 req-b9ec9f79-2544-4557-8372-be497315c9b7 f0d020fc47254d7baec4d291f4529ed9 c524240544d547fc99cbb280f6abf5eb - - default default] 10.0.0.211 "GET /v2.0/ports?device_id=21810d6d-a9ce-43ca-a98d-0ca68b578b70 HTTP/1.1" status: 200 len: 1170 time: 0.0941358
2026-06-25 23:35:37.564 10 INFO neutron.wsgi [req-5e492ea0-7ce6-4c8c-b1e2-d8146d7b4db4 req-a10d9d2e-c8ed-403b-900b-21375b1f1a62 f0d020fc47254d7baec4d291f4529ed9 c524240544d547fc99cbb280f6abf5eb - - default default] 10.0.0.211 "GET /v2.0/security-groups?id=2058614e-51cd-4aff-b231-159f9e6f796c&fields=id&fields=name HTTP/1.1" status: 200 len: 313 time: 0.0371139
2026-06-25 23:35:37.615 9 INFO neutron.db.ovn_revision_numbers_db [None req-6d7b0cdd-3d05-4706-b12c-3709cbdeac28 22353de4e1a446e197a58bea00f5f193 a0f6a5537e6e4750b99aa88c6028652b - - - -] Successfully bumped revision number for resource 1837601c-8fda-4114-9a6a-85421ccf633b (type: floatingips) to 0
2026-06-25 23:35:37.628 9 INFO neutron.wsgi [None req-6d7b0cdd-3d05-4706-b12c-3709cbdeac28 22353de4e1a446e197a58bea00f5f193 a0f6a5537e6e4750b99aa88c6028652b - - - -] 10.0.0.23 "POST /v2.0/floatingips HTTP/1.1" status: 201 len: 751 time: 0.6660697
2026-06-25 23:35:37.661 10 INFO neutron.notifiers.nova [-] Nova event matching ['req-9e40ca92-a254-43fe-af25-5424fc2f64dc'] response: {'server_uuid': '21810d6d-a9ce-43ca-a98d-0ca68b578b70', 'name': 'network-vif-plugged', 'status': 'completed', 'tag': 'f144b14b-eb38-47f6-8216-1ec12894bc4d', 'code': 200}
2026-06-25 23:35:37.661 10 INFO neutron.notifiers.nova [-] Nova event matching ['req-9e40ca92-a254-43fe-af25-5424fc2f64dc'] response: {'server_uuid': '21810d6d-a9ce-43ca-a98d-0ca68b578b70', 'name': 'network-vif-plugged', 'status': 'completed', 'tag': 'f144b14b-eb38-47f6-8216-1ec12894bc4d', 'code': 200}
2026-06-25 23:35:37.897 10 INFO neutron.wsgi [req-17f8b492-06d1-42d4-986b-efd28caa5e3a req-e6c0a5c1-5e6f-4287-b8fa-1270d819cdb1 c4b842a097af472bbedbb2a39a05645b 2c27c76fe17d4e7983f058039acc979b - - default default] 10.0.0.211 "GET /v2.0/ports?device_id=eadd3033-6020-40fd-a6ea-de3f2a5714e0 HTTP/1.1" status: 200 len: 1210 time: 0.1176319
2026-06-25 23:35:37.964 10 INFO neutron.wsgi [req-17f8b492-06d1-42d4-986b-efd28caa5e3a req-1602a07a-ee40-453a-bece-ee656d766185 c4b842a097af472bbedbb2a39a05645b 2c27c76fe17d4e7983f058039acc979b - - default default] 10.0.0.211 "GET /v2.0/security-groups?id=b4a259b6-fb50-4de5-ac83-ddee803797f8&id=aa9c3eec-70cd-412c-86f2-e21d8ba66156&fields=id&fields=name HTTP/1.1" status: 200 len: 403 time: 0.0586371
2026-06-25 23:35:38.027 10 WARNING neutron.scheduler.dhcp_agent_scheduler [None req-ab23f1b6-a527-489f-8be4-031e20958179 22353de4e1a446e197a58bea00f5f193 a0f6a5537e6e4750b99aa88c6028652b - - - -] No more DHCP agents
2026-06-25 23:35:38.029 10 WARNING neutron.api.rpc.agentnotifiers.dhcp_rpc_agent_api [None req-ab23f1b6-a527-489f-8be4-031e20958179 22353de4e1a446e197a58bea00f5f193 a0f6a5537e6e4750b99aa88c6028652b - - - -] Unable to schedule network 07e37ad0-790d-445f-8e30-23b81f61b800: no agents available; will retry on subsequent port and subnet creation events.
2026-06-25 23:35:38.085 9 INFO neutron.wsgi [req-239c705b-f3a0-4356-b456-80b6a883abc0 req-6a17f9f7-86ac-4b3d-b0b3-5b227e2024d8 c4b842a097af472bbedbb2a39a05645b 2c27c76fe17d4e7983f058039acc979b - - default default] 10.0.0.211 "GET /v2.0/ports?device_id=eadd3033-6020-40fd-a6ea-de3f2a5714e0 HTTP/1.1" status: 200 len: 1210 time: 0.0541987
2026-06-25 23:35:38.542 10 INFO neutron.db.l3_db [None req-8a26087d-931f-4537-9126-16ecec9c748b c4b842a097af472bbedbb2a39a05645b 2c27c76fe17d4e7983f058039acc979b - - - -] Floating IP 84789cc4-3804-4164-b76e-ea5e985f40da associated. External IP: 10.96.250.202, port: a4425626-463d-4622-9e3d-5571392e3a7e.
2026-06-25 23:35:38.626 10 INFO neutron.db.ovn_revision_numbers_db [None req-ab23f1b6-a527-489f-8be4-031e20958179 22353de4e1a446e197a58bea00f5f193 a0f6a5537e6e4750b99aa88c6028652b - - - -] Successfully bumped revision number for resource fce983c7-4236-4f7f-ac1c-eb18d1abab5b (type: floatingips) to 0
2026-06-25 23:35:38.642 10 INFO neutron.wsgi [None req-ab23f1b6-a527-489f-8be4-031e20958179 22353de4e1a446e197a58bea00f5f193 a0f6a5537e6e4750b99aa88c6028652b - - - -] 10.0.0.23 "POST /v2.0/floatingips HTTP/1.1" status: 201 len: 751 time: 1.0074530
2026-06-25 23:35:38.676 9 INFO neutron.wsgi [req-098476f4-9796-4a0c-96c4-c4267ceff8ff req-9d666f70-7157-47fa-a022-3dc0c1bb7145 f0d020fc47254d7baec4d291f4529ed9 c524240544d547fc99cbb280f6abf5eb - - default default] 10.0.0.211 "GET /v2.0/ports?device_id=21810d6d-a9ce-43ca-a98d-0ca68b578b70 HTTP/1.1" status: 200 len: 1170 time: 0.0376053
2026-06-25 23:35:38.714 9 INFO neutron.notifiers.nova [-] Nova event matching ['req-41a6f3a9-e642-4892-b964-1a2455a1d67b'] response: {'server_uuid': 'eadd3033-6020-40fd-a6ea-de3f2a5714e0', 'name': 'network-vif-plugged', 'status': 'completed', 'tag': 'a4425626-463d-4622-9e3d-5571392e3a7e', 'code': 200}
2026-06-25 23:35:38.718 9 INFO neutron.wsgi [req-098476f4-9796-4a0c-96c4-c4267ceff8ff req-e737e584-709d-4a62-9370-60a1e530a5fb f0d020fc47254d7baec4d291f4529ed9 c524240544d547fc99cbb280f6abf5eb - - default default] 10.0.0.211 "GET /v2.0/security-groups?id=2058614e-51cd-4aff-b231-159f9e6f796c&fields=id&fields=name HTTP/1.1" status: 200 len: 313 time: 0.0339675
2026-06-25 23:35:38.726 10 INFO neutron.wsgi [None req-f21a0b74-79b3-4192-9688-2991546b8b98 22353de4e1a446e197a58bea00f5f193 a0f6a5537e6e4750b99aa88c6028652b - - - -] 10.0.0.23 "PUT /v2.0/floatingips/67ab1813-c276-4fa3-9d6d-3bb86a0f3a18/tags HTTP/1.1" status: 200 len: 210 time: 0.0796657
2026-06-25 23:35:38.792 10 INFO neutron.db.ovn_revision_numbers_db [None req-8a26087d-931f-4537-9126-16ecec9c748b c4b842a097af472bbedbb2a39a05645b 2c27c76fe17d4e7983f058039acc979b - - - -] Successfully bumped revision number for resource 84789cc4-3804-4164-b76e-ea5e985f40da (type: floatingips) to 1
2026-06-25 23:35:38.823 9 INFO neutron.wsgi [None req-d8370bfa-2108-42c6-bd64-54a15519023a 22353de4e1a446e197a58bea00f5f193 a0f6a5537e6e4750b99aa88c6028652b - - - -] 10.0.0.23 "PUT /v2.0/floatingips/5ab8ebd7-d3f7-48fa-b607-e421a348cd74/tags HTTP/1.1" status: 200 len: 218 time: 0.0905814 /var/lib/openstack/lib/python3.10/site-packages/pycadf/identifier.py:71: UserWarning: Invalid uuid: neutron. To ensure interoperability, identifiers should be a valid uuid. warnings.warn(('Invalid uuid: %s. To ensure interoperability, '
2026-06-25 23:35:38.840 10 INFO neutron.wsgi [req-488b8704-3af3-49fa-ac59-4484215c42bf req-a75681dc-0358-4e56-8565-e9a837be7a20 f0d020fc47254d7baec4d291f4529ed9 c524240544d547fc99cbb280f6abf5eb - - default default] 10.0.0.211 "GET /v2.0/ports?device_id=21810d6d-a9ce-43ca-a98d-0ca68b578b70 HTTP/1.1" status: 200 len: 1170 time: 0.0458090
2026-06-25 23:35:38.876 9 INFO neutron.wsgi [None req-8ca94234-9e08-4131-a2cd-d60b78de71ba 22353de4e1a446e197a58bea00f5f193 a0f6a5537e6e4750b99aa88c6028652b - - - -] 10.0.0.23 "PUT /v2.0/floatingips/f905c555-f0a4-41e6-96c9-92f9418449f2/tags HTTP/1.1" status: 200 len: 227 time: 0.0470707
2026-06-25 23:35:38.892 10 INFO neutron.wsgi [req-488b8704-3af3-49fa-ac59-4484215c42bf req-9d4b4bfe-fd6e-4442-ab62-1c7073e737f5 f0d020fc47254d7baec4d291f4529ed9 c524240544d547fc99cbb280f6abf5eb - - default default] 10.0.0.211 "GET /v2.0/security-groups?id=2058614e-51cd-4aff-b231-159f9e6f796c&fields=id&fields=name HTTP/1.1" status: 200 len: 313 time: 0.0388660
2026-06-25 23:35:38.920 10 INFO neutron.db.ovn_revision_numbers_db [None req-8a26087d-931f-4537-9126-16ecec9c748b c4b842a097af472bbedbb2a39a05645b 2c27c76fe17d4e7983f058039acc979b - - - -] Successfully bumped revision number for resource 84789cc4-3804-4164-b76e-ea5e985f40da (type: floatingips) to 2
2026-06-25 23:35:38.927 10 INFO neutron.wsgi [None req-7da61491-7db5-4876-ab2c-fbddebfd8e25 22353de4e1a446e197a58bea00f5f193 a0f6a5537e6e4750b99aa88c6028652b - - - -] 10.0.0.23 "PUT /v2.0/floatingips/1837601c-8fda-4114-9a6a-85421ccf633b/tags HTTP/1.1" status: 200 len: 212 time: 0.0460434
2026-06-25 23:35:38.948 10 INFO neutron.wsgi [None req-8a26087d-931f-4537-9126-16ecec9c748b c4b842a097af472bbedbb2a39a05645b 2c27c76fe17d4e7983f058039acc979b - - - -] 10.0.0.23 "PUT /v2.0/floatingips/84789cc4-3804-4164-b76e-ea5e985f40da HTTP/1.1" status: 200 len: 1049 time: 0.8481238
2026-06-25 23:35:39.001 9 INFO neutron.wsgi [None req-d0756880-ca26-4c9a-a1ea-955764370cf4 22353de4e1a446e197a58bea00f5f193 a0f6a5537e6e4750b99aa88c6028652b - - default default] 10.0.0.23 "GET /v2.0/floatingips?tags=red HTTP/1.1" status: 200 len: 1866 time: 0.0644152
2026-06-25 23:35:39.005 9 INFO neutron.wsgi [None req-977d128d-d54c-4322-8cb2-e1c32e7d914c cc9d405589d84f91a9cfa13a3de28714 0137f63fb8af452b8db2e3f537251d0c - - default default] 10.0.0.23 "GET /v2.0/ports?device_id=21810d6d-a9ce-43ca-a98d-0ca68b578b70 HTTP/1.1" status: 200 len: 1356 time: 0.0689898
2026-06-25 23:35:39.054 9 INFO neutron.wsgi [None req-4d643d9a-07b6-47e7-8828-5c45f1e9d92b 22353de4e1a446e197a58bea00f5f193 a0f6a5537e6e4750b99aa88c6028652b - - default default] 10.0.0.23 "GET /v2.0/floatingips?tags=red%2Cblue HTTP/1.1" status: 200 len: 1323 time: 0.0471063
2026-06-25 23:35:39.105 9 INFO neutron.wsgi [None req-5183ec77-6f13-42ea-99b5-a73b2845dfbb 22353de4e1a446e197a58bea00f5f193 a0f6a5537e6e4750b99aa88c6028652b - - default default] 10.0.0.23 "GET /v2.0/floatingips?tags-any=blue HTTP/1.1" status: 200 len: 1323 time: 0.0434239
2026-06-25 23:35:39.186 10 INFO neutron.wsgi [None req-e006409a-60f9-4e13-8cc3-f534097f24ef 22353de4e1a446e197a58bea00f5f193 a0f6a5537e6e4750b99aa88c6028652b - - default default] 10.0.0.23 "GET /v2.0/floatingips?tags-any=red%2Cblue HTTP/1.1" status: 200 len: 1866 time: 0.0752306
2026-06-25 23:35:39.243 9 INFO neutron.wsgi [None req-fbc86c66-617f-434c-afc4-72eaa8ba6640 22353de4e1a446e197a58bea00f5f193 a0f6a5537e6e4750b99aa88c6028652b - - default default] 10.0.0.23 "GET /v2.0/floatingips?not-tags=red HTTP/1.1" status: 200 len: 1295 time: 0.0507493
2026-06-25 23:35:39.384 10 WARNING neutron.scheduler.dhcp_agent_scheduler [None req-e7d11109-4cb2-43fd-bd79-a8db5aae9c1c f0d020fc47254d7baec4d291f4529ed9 c524240544d547fc99cbb280f6abf5eb - - - -] No more DHCP agents
2026-06-25 23:35:39.385 10 WARNING neutron.api.rpc.agentnotifiers.dhcp_rpc_agent_api [None req-e7d11109-4cb2-43fd-bd79-a8db5aae9c1c f0d020fc47254d7baec4d291f4529ed9 c524240544d547fc99cbb280f6abf5eb - - - -] Unable to schedule network 07e37ad0-790d-445f-8e30-23b81f61b800: no agents available; will retry on subsequent port and subnet creation events.
2026-06-25 23:35:39.706 9 INFO neutron.wsgi [None req-57c4ef2a-e69f-451a-ba70-adbd600d4e4a 22353de4e1a446e197a58bea00f5f193 a0f6a5537e6e4750b99aa88c6028652b - - default default] 10.0.0.23 "GET /v2.0/floatingips?not-tags=red%2Cblue HTTP/1.1" status: 200 len: 1838 time: 0.4574525
2026-06-25 23:35:39.764 9 INFO neutron.wsgi [None req-febb5e62-0be4-4fd1-8e53-08d8768af6f4 22353de4e1a446e197a58bea00f5f193 a0f6a5537e6e4750b99aa88c6028652b - - default default] 10.0.0.23 "GET /v2.0/floatingips?not-tags-any=blue HTTP/1.1" status: 200 len: 1838 time: 0.0517337
2026-06-25 23:35:39.814 9 INFO neutron.wsgi [None req-0b359ba0-ecee-4dd5-b4e5-bfe708e444a3 22353de4e1a446e197a58bea00f5f193 a0f6a5537e6e4750b99aa88c6028652b - - default default] 10.0.0.23 "GET /v2.0/floatingips?not-tags-any=red%2Cblue HTTP/1.1" status: 200 len: 1295 time: 0.0359054
2026-06-25 23:35:40.165 10 INFO neutron.notifiers.nova [-] Nova event matching ['req-57a51b38-b53d-420f-866a-569d4060ba4b'] response: {'name': 'network-changed', 'server_uuid': 'eadd3033-6020-40fd-a6ea-de3f2a5714e0', 'tag': 'a4425626-463d-4622-9e3d-5571392e3a7e', 'status': 'completed', 'code': 200}
2026-06-25 23:35:40.249 10 INFO neutron.wsgi [req-8fb50fac-4778-474d-a7d6-24e4d5206517 req-09df81cb-19b4-463c-a61a-c50b0ce6196d 143c65c7298446e681cd119dc2c0a3b2 6f1c8f48b77349a8adaa6d1ed7cf1c6e - - b086645a873745aabf57b5e0cf146ab9 b086645a873745aabf57b5e0cf146ab9] 199.19.213.169 "GET /v2.0/ports?tenant_id=2c27c76fe17d4e7983f058039acc979b&device_id=eadd3033-6020-40fd-a6ea-de3f2a5714e0 HTTP/1.1" status: 200 len: 1400 time: 0.0589316
2026-06-25 23:35:40.303 9 INFO neutron.wsgi [None req-ec84eb22-e7ea-446d-86e1-25a9adb96f99 22353de4e1a446e197a58bea00f5f193 a0f6a5537e6e4750b99aa88c6028652b - - - -] 10.0.0.23 "DELETE /v2.0/floatingips/67ab1813-c276-4fa3-9d6d-3bb86a0f3a18 HTTP/1.1" status: 204 len: 168 time: 0.4783108
2026-06-25 23:35:40.357 10 INFO neutron.wsgi [req-8fb50fac-4778-474d-a7d6-24e4d5206517 req-d9911134-f4a0-4ba8-8dd2-67c06b2b0eb0 143c65c7298446e681cd119dc2c0a3b2 6f1c8f48b77349a8adaa6d1ed7cf1c6e - - b086645a873745aabf57b5e0cf146ab9 b086645a873745aabf57b5e0cf146ab9] 199.19.213.169 "GET /v2.0/networks?id=e7609e35-e0db-4b02-b503-c95d45862db9 HTTP/1.1" status: 200 len: 970 time: 0.1017714
2026-06-25 23:35:40.365 10 INFO neutron.db.l3_db [None req-e7d11109-4cb2-43fd-bd79-a8db5aae9c1c f0d020fc47254d7baec4d291f4529ed9 c524240544d547fc99cbb280f6abf5eb - - - -] Floating IP d5987db6-e8e3-45e0-b231-fb98f6f540b4 associated. External IP: 10.96.250.219, port: f144b14b-eb38-47f6-8216-1ec12894bc4d.
2026-06-25 23:35:40.442 10 INFO neutron.wsgi [req-8fb50fac-4778-474d-a7d6-24e4d5206517 req-0a75e646-9662-46bf-93f2-55851a43ee8c 143c65c7298446e681cd119dc2c0a3b2 6f1c8f48b77349a8adaa6d1ed7cf1c6e - - b086645a873745aabf57b5e0cf146ab9 b086645a873745aabf57b5e0cf146ab9] 199.19.213.169 "GET /v2.0/floatingips?fixed_ip_address=10.100.0.4&port_id=a4425626-463d-4622-9e3d-5571392e3a7e HTTP/1.1" status: 200 len: 1059 time: 0.0777545
2026-06-25 23:35:40.503 10 INFO neutron.wsgi [req-8fb50fac-4778-474d-a7d6-24e4d5206517 req-dd4cb30e-9f2c-4410-ade9-02efa579e15c 143c65c7298446e681cd119dc2c0a3b2 6f1c8f48b77349a8adaa6d1ed7cf1c6e - - b086645a873745aabf57b5e0cf146ab9 b086645a873745aabf57b5e0cf146ab9] 199.19.213.169 "GET /v2.0/subnets?id=fe8eba85-94e0-499d-9bf8-118990e76995 HTTP/1.1" status: 200 len: 865 time: 0.0568039
2026-06-25 23:35:40.543 10 INFO neutron.wsgi [req-8fb50fac-4778-474d-a7d6-24e4d5206517 req-82ed1fe5-5287-4f1a-9ad1-bcbaf3ed8f24 143c65c7298446e681cd119dc2c0a3b2 6f1c8f48b77349a8adaa6d1ed7cf1c6e - - b086645a873745aabf57b5e0cf146ab9 b086645a873745aabf57b5e0cf146ab9] 199.19.213.169 "GET /v2.0/ports?network_id=e7609e35-e0db-4b02-b503-c95d45862db9&device_owner=network%3Adhcp HTTP/1.1" status: 200 len: 210 time: 0.0230842
2026-06-25 23:35:40.619 10 INFO neutron.wsgi [req-8fb50fac-4778-474d-a7d6-24e4d5206517 req-be4e53b2-c3ed-43dc-8b98-5e6059810be9 143c65c7298446e681cd119dc2c0a3b2 6f1c8f48b77349a8adaa6d1ed7cf1c6e - - b086645a873745aabf57b5e0cf146ab9 b086645a873745aabf57b5e0cf146ab9] 199.19.213.169 "GET /v2.0/networks/e7609e35-e0db-4b02-b503-c95d45862db9?fields=segments HTTP/1.1" status: 200 len: 212 time: 0.0686042
2026-06-25 23:35:40.621 10 INFO neutron.db.ovn_revision_numbers_db [None req-e7d11109-4cb2-43fd-bd79-a8db5aae9c1c f0d020fc47254d7baec4d291f4529ed9 c524240544d547fc99cbb280f6abf5eb - - - -] Successfully bumped revision number for resource d5987db6-e8e3-45e0-b231-fb98f6f540b4 (type: floatingips) to 0
2026-06-25 23:35:40.711 10 INFO neutron.wsgi [req-8fb50fac-4778-474d-a7d6-24e4d5206517 req-1f45cc58-4c9f-4dc5-8ac1-232c3e70074b 143c65c7298446e681cd119dc2c0a3b2 6f1c8f48b77349a8adaa6d1ed7cf1c6e - - b086645a873745aabf57b5e0cf146ab9 b086645a873745aabf57b5e0cf146ab9] 199.19.213.169 "GET /v2.0/networks/e7609e35-e0db-4b02-b503-c95d45862db9?fields=provider%3Aphysical_network&fields=provider%3Anetwork_type HTTP/1.1" status: 200 len: 277 time: 0.0738065
2026-06-25 23:35:40.736 10 INFO neutron.db.ovn_revision_numbers_db [None req-e7d11109-4cb2-43fd-bd79-a8db5aae9c1c f0d020fc47254d7baec4d291f4529ed9 c524240544d547fc99cbb280f6abf5eb - - - -] Successfully bumped revision number for resource d5987db6-e8e3-45e0-b231-fb98f6f540b4 (type: floatingips) to 1
2026-06-25 23:35:40.766 10 INFO neutron.wsgi [None req-e7d11109-4cb2-43fd-bd79-a8db5aae9c1c f0d020fc47254d7baec4d291f4529ed9 c524240544d547fc99cbb280f6abf5eb - - - -] 10.0.0.23 "POST /v2.0/floatingips HTTP/1.1" status: 201 len: 1054 time: 1.7558916
2026-06-25 23:35:40.786 9 INFO neutron.wsgi [None req-71ace690-ac46-4c1e-a4af-79e67a87cc1b 22353de4e1a446e197a58bea00f5f193 a0f6a5537e6e4750b99aa88c6028652b - - - -] 10.0.0.23 "DELETE /v2.0/floatingips/5ab8ebd7-d3f7-48fa-b607-e421a348cd74 HTTP/1.1" status: 204 len: 168 time: 0.4758101 /var/lib/openstack/lib/python3.10/site-packages/pycadf/identifier.py:71: UserWarning: Invalid uuid: neutron. To ensure interoperability, identifiers should be a valid uuid. warnings.warn(('Invalid uuid: %s. To ensure interoperability, '
2026-06-25 23:35:40.807 10 INFO neutron.wsgi [None req-095fc00b-4c96-4c16-b33d-24450a26a5a0 f0d020fc47254d7baec4d291f4529ed9 c524240544d547fc99cbb280f6abf5eb - - default default] 10.0.0.23 "GET /v2.0/floatingips/d5987db6-e8e3-45e0-b231-fb98f6f540b4 HTTP/1.1" status: 200 len: 1051 time: 0.0353024
2026-06-25 23:35:41.210 9 INFO neutron.wsgi [None req-30edb622-60f2-4289-8163-272f246d7d4e 22353de4e1a446e197a58bea00f5f193 a0f6a5537e6e4750b99aa88c6028652b - - - -] 10.0.0.23 "DELETE /v2.0/floatingips/f905c555-f0a4-41e6-96c9-92f9418449f2 HTTP/1.1" status: 204 len: 168 time: 0.4169822
2026-06-25 23:35:41.593 9 INFO neutron.wsgi [None req-6f7b3b34-3f52-414c-9bed-1271c10bcdd2 22353de4e1a446e197a58bea00f5f193 a0f6a5537e6e4750b99aa88c6028652b - - - -] 10.0.0.23 "DELETE /v2.0/floatingips/1837601c-8fda-4114-9a6a-85421ccf633b HTTP/1.1" status: 204 len: 168 time: 0.3776627
2026-06-25 23:35:42.002 9 INFO neutron.wsgi [None req-a180a2e9-1cc3-4f9a-a27e-049c989bb0f2 22353de4e1a446e197a58bea00f5f193 a0f6a5537e6e4750b99aa88c6028652b - - - -] 10.0.0.23 "DELETE /v2.0/floatingips/fce983c7-4236-4f7f-ac1c-eb18d1abab5b HTTP/1.1" status: 204 len: 168 time: 0.4003887
2026-06-25 23:35:42.211 10 INFO neutron.notifiers.nova [-] Nova event matching ['req-32beff69-fa2e-4d42-9fc9-a70ef40bf92f'] response: {'name': 'network-changed', 'server_uuid': '21810d6d-a9ce-43ca-a98d-0ca68b578b70', 'tag': 'f144b14b-eb38-47f6-8216-1ec12894bc4d', 'status': 'completed', 'code': 200}
2026-06-25 23:35:42.281 10 INFO neutron.wsgi [req-e24f1897-6454-4266-acb8-a87a3d7e65c7 req-2dcc7710-e311-4a8c-81ba-956cede6dd15 143c65c7298446e681cd119dc2c0a3b2 6f1c8f48b77349a8adaa6d1ed7cf1c6e - - b086645a873745aabf57b5e0cf146ab9 b086645a873745aabf57b5e0cf146ab9] 199.19.213.169 "GET /v2.0/ports?tenant_id=c524240544d547fc99cbb280f6abf5eb&device_id=21810d6d-a9ce-43ca-a98d-0ca68b578b70 HTTP/1.1" status: 200 len: 1361 time: 0.0487885
2026-06-25 23:35:42.318 9 INFO neutron.wsgi [None req-6c6be676-8762-4f3b-8fd4-ba9c6a95d0a9 eb385586f3e7424ca61f8366f483a2e1 5e6f572533a8440b9f7d5c9b69bf8a4b - - default default] 10.0.0.254 "GET /v2.0/networks HTTP/1.1" status: 200 len: 4607 time: 0.2577567
2026-06-25 23:35:42.338 9 INFO neutron.wsgi [None req-82a02611-a787-4175-9014-16239ae7e924 eb385586f3e7424ca61f8366f483a2e1 5e6f572533a8440b9f7d5c9b69bf8a4b - - default default] 10.0.0.254 "GET /v2.0/agents HTTP/1.1" status: 200 len: 997 time: 0.0149288
2026-06-25 23:35:42.382 9 INFO neutron.wsgi [None req-d95e23de-44a9-48b9-a43d-b12f1fa376ea eb385586f3e7424ca61f8366f483a2e1 5e6f572533a8440b9f7d5c9b69bf8a4b - - default default] 10.0.0.254 "GET /v2.0/subnets HTTP/1.1" status: 200 len: 3384 time: 0.0407231
2026-06-25 23:35:42.397 10 INFO neutron.wsgi [req-e24f1897-6454-4266-acb8-a87a3d7e65c7 req-02bddf7c-d943-4fdb-b6c4-0c7edac8291a 143c65c7298446e681cd119dc2c0a3b2 6f1c8f48b77349a8adaa6d1ed7cf1c6e - - b086645a873745aabf57b5e0cf146ab9 b086645a873745aabf57b5e0cf146ab9] 199.19.213.169 "GET /v2.0/networks?id=fbdbb22a-a003-4639-bd92-e994a7378e3b HTTP/1.1" status: 200 len: 957 time: 0.1052742
2026-06-25 23:35:42.401 9 INFO neutron.wsgi [None req-86da24e0-6e87-46f2-87a4-64772575f7f0 eb385586f3e7424ca61f8366f483a2e1 5e6f572533a8440b9f7d5c9b69bf8a4b - - default default] 10.0.0.254 "GET /v2.0/subnetpools HTTP/1.1" status: 200 len: 193 time: 0.0157876
2026-06-25 23:35:42.461 10 INFO neutron.wsgi [req-e24f1897-6454-4266-acb8-a87a3d7e65c7 req-a5f20895-dc29-4d30-9e29-fffb7855c558 143c65c7298446e681cd119dc2c0a3b2 6f1c8f48b77349a8adaa6d1ed7cf1c6e - - b086645a873745aabf57b5e0cf146ab9 b086645a873745aabf57b5e0cf146ab9] 199.19.213.169 "GET /v2.0/floatingips?fixed_ip_address=10.100.0.4&port_id=f144b14b-eb38-47f6-8216-1ec12894bc4d HTTP/1.1" status: 200 len: 1059 time: 0.0547783
2026-06-25 23:35:42.472 9 INFO neutron.wsgi [None req-164b8612-573f-407a-90ef-3fda28f0926e eb385586f3e7424ca61f8366f483a2e1 5e6f572533a8440b9f7d5c9b69bf8a4b - - default default] 10.0.0.254 "GET /v2.0/floatingips HTTP/1.1" status: 200 len: 1879 time: 0.0701268
2026-06-25 23:35:42.517 10 INFO neutron.wsgi [req-e24f1897-6454-4266-acb8-a87a3d7e65c7 req-687f0590-8d2e-4699-b7cd-e2e9d704b630 143c65c7298446e681cd119dc2c0a3b2 6f1c8f48b77349a8adaa6d1ed7cf1c6e - - b086645a873745aabf57b5e0cf146ab9 b086645a873745aabf57b5e0cf146ab9] 199.19.213.169 "GET /v2.0/subnets?id=5943f111-bdb8-43f8-9062-24e974cf8558 HTTP/1.1" status: 200 len: 853 time: 0.0507228
2026-06-25 23:35:42.550 10 INFO neutron.wsgi [req-e24f1897-6454-4266-acb8-a87a3d7e65c7 req-f8df2f02-fd9a-49cd-af19-094b5551da89 143c65c7298446e681cd119dc2c0a3b2 6f1c8f48b77349a8adaa6d1ed7cf1c6e - - b086645a873745aabf57b5e0cf146ab9 b086645a873745aabf57b5e0cf146ab9] 199.19.213.169 "GET /v2.0/ports?network_id=fbdbb22a-a003-4639-bd92-e994a7378e3b&device_owner=network%3Adhcp HTTP/1.1" status: 200 len: 210 time: 0.0259306
2026-06-25 23:35:42.581 9 INFO neutron.wsgi [None req-b3081f8f-3f34-49ad-a1d4-2de5f4ea3a93 eb385586f3e7424ca61f8366f483a2e1 5e6f572533a8440b9f7d5c9b69bf8a4b - - default default] 10.0.0.254 "GET /v2.0/security-groups HTTP/1.1" status: 200 len: 38069 time: 0.1022666
2026-06-25 23:35:42.630 10 INFO neutron.wsgi [req-e24f1897-6454-4266-acb8-a87a3d7e65c7 req-70fed757-ffdc-408e-8e55-4a1f8ffbbc9f 143c65c7298446e681cd119dc2c0a3b2 6f1c8f48b77349a8adaa6d1ed7cf1c6e - - b086645a873745aabf57b5e0cf146ab9 b086645a873745aabf57b5e0cf146ab9] 199.19.213.169 "GET /v2.0/networks/fbdbb22a-a003-4639-bd92-e994a7378e3b?fields=segments HTTP/1.1" status: 200 len: 212 time: 0.0711989
2026-06-25 23:35:42.647 9 INFO neutron.wsgi [None req-996f0bca-c59e-4bed-92a7-d1e0cb0b490f eb385586f3e7424ca61f8366f483a2e1 5e6f572533a8440b9f7d5c9b69bf8a4b - - default default] 10.0.0.254 "GET /v2.0/ports HTTP/1.1" status: 200 len: 19042 time: 0.0563552
2026-06-25 23:35:42.718 10 INFO neutron.wsgi [req-e24f1897-6454-4266-acb8-a87a3d7e65c7 req-0d2f830c-f908-4c65-a653-df00cfa075cd 143c65c7298446e681cd119dc2c0a3b2 6f1c8f48b77349a8adaa6d1ed7cf1c6e - - b086645a873745aabf57b5e0cf146ab9 b086645a873745aabf57b5e0cf146ab9] 199.19.213.169 "GET /v2.0/networks/fbdbb22a-a003-4639-bd92-e994a7378e3b?fields=provider%3Aphysical_network&fields=provider%3Anetwork_type HTTP/1.1" status: 200 len: 277 time: 0.0792885
2026-06-25 23:35:42.739 9 INFO neutron.wsgi [None req-f8caf754-ccf6-450c-9b6e-d832ebda330b eb385586f3e7424ca61f8366f483a2e1 5e6f572533a8440b9f7d5c9b69bf8a4b - - default default] 10.0.0.254 "GET /v2.0/routers HTTP/1.1" status: 200 len: 2200 time: 0.0816665
2026-06-25 23:35:42.752 9 INFO neutron.wsgi [None req-ae969473-7e50-449d-8bfc-f80587b6c00d eb385586f3e7424ca61f8366f483a2e1 5e6f572533a8440b9f7d5c9b69bf8a4b - - default default] 10.0.0.254 "GET /v2.0/agents?binary=ovn-controller HTTP/1.1" status: 200 len: 591 time: 0.0114872
2026-06-25 23:35:42.763 9 INFO neutron.wsgi [None req-b0af4685-d597-462a-adcb-f5ed5fc0040e eb385586f3e7424ca61f8366f483a2e1 5e6f572533a8440b9f7d5c9b69bf8a4b - - default default] 10.0.0.254 "GET /v2.0/network-ip-availabilities HTTP/1.1" status: 200 len: 2665 time: 0.0103223
2026-06-25 23:35:42.797 9 INFO neutron.wsgi [None req-2303a0be-9f6d-4ec0-8bb1-7cd861fb524f eb385586f3e7424ca61f8366f483a2e1 5e6f572533a8440b9f7d5c9b69bf8a4b - - default default] 10.0.0.254 "GET /v2.0/subnets HTTP/1.1" status: 200 len: 3384 time: 0.0323374
2026-06-25 23:35:43.156 10 INFO neutron.db.ovn_revision_numbers_db [None req-2ff0649b-d1c6-46ad-ad7e-c8e382f763d1 eb385586f3e7424ca61f8366f483a2e1 5e6f572533a8440b9f7d5c9b69bf8a4b - - default default] Successfully bumped revision number for resource 48d703a2-3c6f-42c1-854c-784af8eba6fa (type: security_groups) to 1
2026-06-25 23:35:43.185 10 INFO neutron.wsgi [None req-2ff0649b-d1c6-46ad-ad7e-c8e382f763d1 eb385586f3e7424ca61f8366f483a2e1 5e6f572533a8440b9f7d5c9b69bf8a4b - - default default] 10.0.0.23 "GET /v2.0/security-groups?tenant_id=a0f6a5537e6e4750b99aa88c6028652b&name=default HTTP/1.1" status: 200 len: 2996 time: 0.3169496
2026-06-25 23:35:43.428 10 INFO neutron.wsgi [None req-dce8e89e-a677-419a-8625-977c9b6600cd eb385586f3e7424ca61f8366f483a2e1 5e6f572533a8440b9f7d5c9b69bf8a4b - - - -] 10.0.0.23 "DELETE /v2.0/security-groups/48d703a2-3c6f-42c1-854c-784af8eba6fa HTTP/1.1" status: 204 len: 168 time: 0.2377858
2026-06-25 23:35:43.641 10 INFO neutron.db.ovn_revision_numbers_db [None req-e0d25811-eb3b-4b26-9246-12638010321e eb385586f3e7424ca61f8366f483a2e1 5e6f572533a8440b9f7d5c9b69bf8a4b - - default default] Successfully bumped revision number for resource d5625d9d-7ddb-4334-8ecc-1332ec5ec039 (type: security_groups) to 1
2026-06-25 23:35:43.664 10 INFO neutron.wsgi [None req-e0d25811-eb3b-4b26-9246-12638010321e eb385586f3e7424ca61f8366f483a2e1 5e6f572533a8440b9f7d5c9b69bf8a4b - - default default] 10.0.0.23 "GET /v2.0/security-groups?tenant_id=241fce3dc57742c29f0290778898d9d4&name=default HTTP/1.1" status: 200 len: 2996 time: 0.1223407
2026-06-25 23:35:43.853 10 INFO neutron.wsgi [None req-65c58aa8-7f62-4326-abff-cdbdda2ec899 eb385586f3e7424ca61f8366f483a2e1 5e6f572533a8440b9f7d5c9b69bf8a4b - - - -] 10.0.0.23 "DELETE /v2.0/security-groups/d5625d9d-7ddb-4334-8ecc-1332ec5ec039 HTTP/1.1" status: 204 len: 168 time: 0.1832435
2026-06-25 23:35:44.084 9 INFO neutron.db.ovn_revision_numbers_db [None req-06d26701-c41a-4bc1-96a8-5e02a9836616 eb385586f3e7424ca61f8366f483a2e1 5e6f572533a8440b9f7d5c9b69bf8a4b - - default default] Successfully bumped revision number for resource 177ccff8-c04f-4031-b037-0954d58c3b12 (type: security_groups) to 1
2026-06-25 23:35:44.109 9 INFO neutron.wsgi [None req-06d26701-c41a-4bc1-96a8-5e02a9836616 eb385586f3e7424ca61f8366f483a2e1 5e6f572533a8440b9f7d5c9b69bf8a4b - - default default] 10.0.0.23 "GET /v2.0/security-groups?tenant_id=4671934113bd4cc9ba285b39e8bf1c0c&name=default HTTP/1.1" status: 200 len: 2996 time: 0.1290495
2026-06-25 23:35:44.296 9 INFO neutron.wsgi [None req-6b4270b5-4ad5-4135-b685-3ae3ea0a5a3a eb385586f3e7424ca61f8366f483a2e1 5e6f572533a8440b9f7d5c9b69bf8a4b - - - -] 10.0.0.23 "DELETE /v2.0/security-groups/177ccff8-c04f-4031-b037-0954d58c3b12 HTTP/1.1" status: 204 len: 168 time: 0.1805131
2026-06-25 23:35:47.934 10 INFO neutron.wsgi [-] 10.0.0.37 "GET / HTTP/1.1" status: 200 len: 247 time: 0.0031738
2026-06-25 23:35:47.937 10 INFO neutron.wsgi [-] 10.0.0.37 "GET / HTTP/1.1" status: 200 len: 247 time: 0.0021529
2026-06-25 23:35:48.741 10 INFO neutron.db.ovn_revision_numbers_db [None req-b4480058-086d-4573-85b1-983cb8b97bfb 5e50b16beff843ce97b924c4523fda61 82208c5c294f4ea185c539f1031d8ee5 - - - -] Successfully bumped revision number for resource b0ac7d70-d8ba-4a8b-9bba-90467a564932 (type: security_groups) to 1
2026-06-25 23:35:48.795 10 INFO neutron.db.segments_db [None req-b4480058-086d-4573-85b1-983cb8b97bfb 5e50b16beff843ce97b924c4523fda61 82208c5c294f4ea185c539f1031d8ee5 - - - -] Added segment 9a172bd0-9e3c-4762-aae0-9fb23c89cf73 of type geneve for network 03f617a0-6c9f-4e70-a528-715c7a9d41ed
2026-06-25 23:35:48.933 10 INFO neutron.db.ovn_revision_numbers_db [None req-b4480058-086d-4573-85b1-983cb8b97bfb 5e50b16beff843ce97b924c4523fda61 82208c5c294f4ea185c539f1031d8ee5 - - - -] Successfully bumped revision number for resource 03f617a0-6c9f-4e70-a528-715c7a9d41ed (type: networks) to 1
2026-06-25 23:35:49.104 10 WARNING neutron.scheduler.dhcp_agent_scheduler [None req-b4480058-086d-4573-85b1-983cb8b97bfb 5e50b16beff843ce97b924c4523fda61 82208c5c294f4ea185c539f1031d8ee5 - - - -] No more DHCP agents
2026-06-25 23:35:49.107 10 WARNING neutron.api.rpc.agentnotifiers.dhcp_rpc_agent_api [None req-b4480058-086d-4573-85b1-983cb8b97bfb 5e50b16beff843ce97b924c4523fda61 82208c5c294f4ea185c539f1031d8ee5 - - - -] Unable to schedule network 03f617a0-6c9f-4e70-a528-715c7a9d41ed: no agents available; will retry on subsequent port and subnet creation events.
2026-06-25 23:35:49.189 10 INFO neutron.db.ovn_revision_numbers_db [None req-b4480058-086d-4573-85b1-983cb8b97bfb 5e50b16beff843ce97b924c4523fda61 82208c5c294f4ea185c539f1031d8ee5 - - - -] Successfully bumped revision number for resource 3d362d7f-2804-424e-be78-c19853ddb531 (type: ports) to 1
2026-06-25 23:35:49.223 10 INFO neutron.wsgi [None req-b4480058-086d-4573-85b1-983cb8b97bfb 5e50b16beff843ce97b924c4523fda61 82208c5c294f4ea185c539f1031d8ee5 - - - -] 10.0.0.23 "POST /v2.0/networks HTTP/1.1" status: 201 len: 831 time: 0.7612753
2026-06-25 23:35:49.479 10 WARNING neutron.scheduler.dhcp_agent_scheduler [None req-4f603333-6f77-44a5-bf33-8dfbabb51f72 5e50b16beff843ce97b924c4523fda61 82208c5c294f4ea185c539f1031d8ee5 - - - -] No more DHCP agents
2026-06-25 23:35:49.481 10 WARNING neutron.api.rpc.agentnotifiers.dhcp_rpc_agent_api [None req-4f603333-6f77-44a5-bf33-8dfbabb51f72 5e50b16beff843ce97b924c4523fda61 82208c5c294f4ea185c539f1031d8ee5 - - - -] Unable to schedule network 03f617a0-6c9f-4e70-a528-715c7a9d41ed: no agents available; will retry on subsequent port and subnet creation events.
2026-06-25 23:35:49.597 10 INFO neutron.db.ovn_revision_numbers_db [None req-4f603333-6f77-44a5-bf33-8dfbabb51f72 5e50b16beff843ce97b924c4523fda61 82208c5c294f4ea185c539f1031d8ee5 - - - -] Successfully bumped revision number for resource 8d2eaacc-2c2c-4b5f-bb37-35fcbbfe8540 (type: ports) to 1
2026-06-25 23:35:49.625 10 INFO neutron.wsgi [None req-4f603333-6f77-44a5-bf33-8dfbabb51f72 5e50b16beff843ce97b924c4523fda61 82208c5c294f4ea185c539f1031d8ee5 - - - -] 10.0.0.23 "POST /v2.0/ports HTTP/1.1" status: 201 len: 942 time: 0.3959801 /var/lib/openstack/lib/python3.10/site-packages/pycadf/identifier.py:71: UserWarning: Invalid uuid: neutron. To ensure interoperability, identifiers should be a valid uuid. warnings.warn(('Invalid uuid: %s. To ensure interoperability, '
2026-06-25 23:35:49.712 10 INFO neutron.db.segments_db [None req-c7c2075e-e9ee-4f28-ae21-af0b2630948a 5e50b16beff843ce97b924c4523fda61 82208c5c294f4ea185c539f1031d8ee5 - - - -] Added segment b25adfc3-c03c-4251-8aba-dab2a572cff1 of type geneve for network c8b6ac37-1718-44ee-87b0-d925b758c6b0
2026-06-25 23:35:49.858 10 INFO neutron.db.ovn_revision_numbers_db [None req-c7c2075e-e9ee-4f28-ae21-af0b2630948a 5e50b16beff843ce97b924c4523fda61 82208c5c294f4ea185c539f1031d8ee5 - - - -] Successfully bumped revision number for resource c8b6ac37-1718-44ee-87b0-d925b758c6b0 (type: networks) to 1
2026-06-25 23:35:50.043 10 WARNING neutron.scheduler.dhcp_agent_scheduler [None req-c7c2075e-e9ee-4f28-ae21-af0b2630948a 5e50b16beff843ce97b924c4523fda61 82208c5c294f4ea185c539f1031d8ee5 - - - -] No more DHCP agents
2026-06-25 23:35:50.045 10 WARNING neutron.api.rpc.agentnotifiers.dhcp_rpc_agent_api [None req-c7c2075e-e9ee-4f28-ae21-af0b2630948a 5e50b16beff843ce97b924c4523fda61 82208c5c294f4ea185c539f1031d8ee5 - - - -] Unable to schedule network c8b6ac37-1718-44ee-87b0-d925b758c6b0: no agents available; will retry on subsequent port and subnet creation events.
2026-06-25 23:35:50.125 10 INFO neutron.db.ovn_revision_numbers_db [None req-c7c2075e-e9ee-4f28-ae21-af0b2630948a 5e50b16beff843ce97b924c4523fda61 82208c5c294f4ea185c539f1031d8ee5 - - - -] Successfully bumped revision number for resource e57cdcf8-731e-4c53-ba43-2b62b12e43a5 (type: ports) to 1
2026-06-25 23:35:50.143 9 INFO neutron.wsgi [req-33df9bf7-99ed-46ed-ace1-5e1601862bef req-b69f9a67-3f16-47dc-a1b0-40cef20180b0 143c65c7298446e681cd119dc2c0a3b2 6f1c8f48b77349a8adaa6d1ed7cf1c6e - - b086645a873745aabf57b5e0cf146ab9 b086645a873745aabf57b5e0cf146ab9] 10.0.0.137 "GET /v2.0/ports?device_id=21810d6d-a9ce-43ca-a98d-0ca68b578b70 HTTP/1.1" status: 200 len: 1361 time: 0.0437095
2026-06-25 23:35:50.149 10 INFO neutron.wsgi [None req-c7c2075e-e9ee-4f28-ae21-af0b2630948a 5e50b16beff843ce97b924c4523fda61 82208c5c294f4ea185c539f1031d8ee5 - - - -] 10.0.0.23 "POST /v2.0/networks HTTP/1.1" status: 201 len: 831 time: 0.5163431
2026-06-25 23:35:50.181 9 INFO neutron.wsgi [req-33df9bf7-99ed-46ed-ace1-5e1601862bef req-ac652f25-b76b-4469-867a-ffddab91d116 143c65c7298446e681cd119dc2c0a3b2 6f1c8f48b77349a8adaa6d1ed7cf1c6e - - b086645a873745aabf57b5e0cf146ab9 b086645a873745aabf57b5e0cf146ab9] 10.0.0.137 "GET /v2.0/security-groups?id=2058614e-51cd-4aff-b231-159f9e6f796c&fields=id&fields=name HTTP/1.1" status: 200 len: 313 time: 0.0312936
2026-06-25 23:35:50.471 10 WARNING neutron.scheduler.dhcp_agent_scheduler [None req-4e55713a-f578-4473-9900-2b5f33d3815a 5e50b16beff843ce97b924c4523fda61 82208c5c294f4ea185c539f1031d8ee5 - - - -] No more DHCP agents
2026-06-25 23:35:50.473 10 WARNING neutron.api.rpc.agentnotifiers.dhcp_rpc_agent_api [None req-4e55713a-f578-4473-9900-2b5f33d3815a 5e50b16beff843ce97b924c4523fda61 82208c5c294f4ea185c539f1031d8ee5 - - - -] Unable to schedule network c8b6ac37-1718-44ee-87b0-d925b758c6b0: no agents available; will retry on subsequent port and subnet creation events.
2026-06-25 23:35:50.569 10 INFO neutron.db.ovn_revision_numbers_db [None req-4e55713a-f578-4473-9900-2b5f33d3815a 5e50b16beff843ce97b924c4523fda61 82208c5c294f4ea185c539f1031d8ee5 - - - -] Successfully bumped revision number for resource 31b54a59-e87a-49f4-b70b-a2f199afa621 (type: ports) to 1
2026-06-25 23:35:50.608 10 INFO neutron.wsgi [None req-4e55713a-f578-4473-9900-2b5f33d3815a 5e50b16beff843ce97b924c4523fda61 82208c5c294f4ea185c539f1031d8ee5 - - - -] 10.0.0.23 "POST /v2.0/ports HTTP/1.1" status: 201 len: 942 time: 0.4539497
2026-06-25 23:35:50.708 9 INFO neutron.db.segments_db [None req-a0fa172c-9f69-4e86-a2fe-db8f3ba37482 5e50b16beff843ce97b924c4523fda61 82208c5c294f4ea185c539f1031d8ee5 - - - -] Added segment 64baa9e7-a42e-4774-8720-176cd0112915 of type geneve for network 7ac1910d-5071-40ab-8a2c-a614e41458b7
2026-06-25 23:35:50.873 9 INFO neutron.db.ovn_revision_numbers_db [None req-a0fa172c-9f69-4e86-a2fe-db8f3ba37482 5e50b16beff843ce97b924c4523fda61 82208c5c294f4ea185c539f1031d8ee5 - - - -] Successfully bumped revision number for resource 7ac1910d-5071-40ab-8a2c-a614e41458b7 (type: networks) to 1
2026-06-25 23:35:51.089 9 WARNING neutron.scheduler.dhcp_agent_scheduler [None req-a0fa172c-9f69-4e86-a2fe-db8f3ba37482 5e50b16beff843ce97b924c4523fda61 82208c5c294f4ea185c539f1031d8ee5 - - - -] No more DHCP agents
2026-06-25 23:35:51.090 9 WARNING neutron.api.rpc.agentnotifiers.dhcp_rpc_agent_api [None req-a0fa172c-9f69-4e86-a2fe-db8f3ba37482 5e50b16beff843ce97b924c4523fda61 82208c5c294f4ea185c539f1031d8ee5 - - - -] Unable to schedule network 7ac1910d-5071-40ab-8a2c-a614e41458b7: no agents available; will retry on subsequent port and subnet creation events.
2026-06-25 23:35:51.159 9 INFO neutron.db.ovn_revision_numbers_db [None req-a0fa172c-9f69-4e86-a2fe-db8f3ba37482 5e50b16beff843ce97b924c4523fda61 82208c5c294f4ea185c539f1031d8ee5 - - - -] Successfully bumped revision number for resource f6ab4a50-6e46-4ac8-ade2-7318bf2104c5 (type: ports) to 1
2026-06-25 23:35:51.185 9 INFO neutron.wsgi [None req-a0fa172c-9f69-4e86-a2fe-db8f3ba37482 5e50b16beff843ce97b924c4523fda61 82208c5c294f4ea185c539f1031d8ee5 - - - -] 10.0.0.23 "POST /v2.0/networks HTTP/1.1" status: 201 len: 830 time: 0.5684583
2026-06-25 23:35:51.430 9 WARNING neutron.scheduler.dhcp_agent_scheduler [None req-a5725062-d111-46fb-8f9c-d76015b8e968 5e50b16beff843ce97b924c4523fda61 82208c5c294f4ea185c539f1031d8ee5 - - - -] No more DHCP agents
2026-06-25 23:35:51.433 9 WARNING neutron.api.rpc.agentnotifiers.dhcp_rpc_agent_api [None req-a5725062-d111-46fb-8f9c-d76015b8e968 5e50b16beff843ce97b924c4523fda61 82208c5c294f4ea185c539f1031d8ee5 - - - -] Unable to schedule network 7ac1910d-5071-40ab-8a2c-a614e41458b7: no agents available; will retry on subsequent port and subnet creation events.
2026-06-25 23:35:51.531 9 INFO neutron.db.ovn_revision_numbers_db [None req-a5725062-d111-46fb-8f9c-d76015b8e968 5e50b16beff843ce97b924c4523fda61 82208c5c294f4ea185c539f1031d8ee5 - - - -] Successfully bumped revision number for resource b6f38ae7-8444-4857-81f7-4114498ce68d (type: ports) to 1
2026-06-25 23:35:51.556 9 INFO neutron.wsgi [None req-a5725062-d111-46fb-8f9c-d76015b8e968 5e50b16beff843ce97b924c4523fda61 82208c5c294f4ea185c539f1031d8ee5 - - - -] 10.0.0.23 "POST /v2.0/ports HTTP/1.1" status: 201 len: 942 time: 0.3641443 /var/lib/openstack/lib/python3.10/site-packages/pycadf/identifier.py:71: UserWarning: Invalid uuid: neutron. To ensure interoperability, identifiers should be a valid uuid. warnings.warn(('Invalid uuid: %s. To ensure interoperability, '
2026-06-25 23:35:51.641 9 INFO neutron.db.segments_db [None req-fc13d810-cd4b-4a4e-b9c3-355321b079b1 5e50b16beff843ce97b924c4523fda61 82208c5c294f4ea185c539f1031d8ee5 - - - -] Added segment 03d4148b-ee70-4be2-bad5-2782e8046a5a of type geneve for network f49dad0c-6e33-43ef-b543-c2f7ce2a4d77
2026-06-25 23:35:51.803 9 INFO neutron.db.ovn_revision_numbers_db [None req-fc13d810-cd4b-4a4e-b9c3-355321b079b1 5e50b16beff843ce97b924c4523fda61 82208c5c294f4ea185c539f1031d8ee5 - - - -] Successfully bumped revision number for resource f49dad0c-6e33-43ef-b543-c2f7ce2a4d77 (type: networks) to 1
2026-06-25 23:35:52.033 9 WARNING neutron.scheduler.dhcp_agent_scheduler [None req-fc13d810-cd4b-4a4e-b9c3-355321b079b1 5e50b16beff843ce97b924c4523fda61 82208c5c294f4ea185c539f1031d8ee5 - - - -] No more DHCP agents
2026-06-25 23:35:52.037 9 WARNING neutron.api.rpc.agentnotifiers.dhcp_rpc_agent_api [None req-fc13d810-cd4b-4a4e-b9c3-355321b079b1 5e50b16beff843ce97b924c4523fda61 82208c5c294f4ea185c539f1031d8ee5 - - - -] Unable to schedule network f49dad0c-6e33-43ef-b543-c2f7ce2a4d77: no agents available; will retry on subsequent port and subnet creation events.
2026-06-25 23:35:52.112 9 INFO neutron.db.ovn_revision_numbers_db [None req-fc13d810-cd4b-4a4e-b9c3-355321b079b1 5e50b16beff843ce97b924c4523fda61 82208c5c294f4ea185c539f1031d8ee5 - - - -] Successfully bumped revision number for resource 75bec706-2d40-4a6a-bda6-a5764cdef847 (type: ports) to 1
2026-06-25 23:35:52.131 9 INFO neutron.wsgi [None req-fc13d810-cd4b-4a4e-b9c3-355321b079b1 5e50b16beff843ce97b924c4523fda61 82208c5c294f4ea185c539f1031d8ee5 - - - -] 10.0.0.23 "POST /v2.0/networks HTTP/1.1" status: 201 len: 831 time: 0.5707159
2026-06-25 23:35:52.424 9 WARNING neutron.scheduler.dhcp_agent_scheduler [None req-eb1aa948-e1bb-4268-ba3c-2a418e690bc3 5e50b16beff843ce97b924c4523fda61 82208c5c294f4ea185c539f1031d8ee5 - - - -] No more DHCP agents
2026-06-25 23:35:52.426 9 WARNING neutron.api.rpc.agentnotifiers.dhcp_rpc_agent_api [None req-eb1aa948-e1bb-4268-ba3c-2a418e690bc3 5e50b16beff843ce97b924c4523fda61 82208c5c294f4ea185c539f1031d8ee5 - - - -] Unable to schedule network f49dad0c-6e33-43ef-b543-c2f7ce2a4d77: no agents available; will retry on subsequent port and subnet creation events.
2026-06-25 23:35:52.494 9 INFO neutron.db.ovn_revision_numbers_db [None req-eb1aa948-e1bb-4268-ba3c-2a418e690bc3 5e50b16beff843ce97b924c4523fda61 82208c5c294f4ea185c539f1031d8ee5 - - - -] Successfully bumped revision number for resource 79c7360d-752e-45c2-a117-04798fa89834 (type: ports) to 1
2026-06-25 23:35:52.516 9 INFO neutron.wsgi [None req-eb1aa948-e1bb-4268-ba3c-2a418e690bc3 5e50b16beff843ce97b924c4523fda61 82208c5c294f4ea185c539f1031d8ee5 - - - -] 10.0.0.23 "POST /v2.0/ports HTTP/1.1" status: 201 len: 942 time: 0.3796587 /var/lib/openstack/lib/python3.10/site-packages/pycadf/identifier.py:71: UserWarning: Invalid uuid: neutron. To ensure interoperability, identifiers should be a valid uuid. warnings.warn(('Invalid uuid: %s. To ensure interoperability, '
2026-06-25 23:35:52.605 9 INFO neutron.db.segments_db [None req-8101c724-2bc1-4445-b3ae-4179991dc20a 5e50b16beff843ce97b924c4523fda61 82208c5c294f4ea185c539f1031d8ee5 - - - -] Added segment eeb65ddb-3a10-4b2f-a6db-e3a7dea171ac of type geneve for network db693d37-48e1-4cc4-9613-02e873e996b1
2026-06-25 23:35:53.061 9 INFO neutron.db.ovn_revision_numbers_db [None req-8101c724-2bc1-4445-b3ae-4179991dc20a 5e50b16beff843ce97b924c4523fda61 82208c5c294f4ea185c539f1031d8ee5 - - - -] Successfully bumped revision number for resource db693d37-48e1-4cc4-9613-02e873e996b1 (type: networks) to 1
2026-06-25 23:35:53.257 9 WARNING neutron.scheduler.dhcp_agent_scheduler [None req-8101c724-2bc1-4445-b3ae-4179991dc20a 5e50b16beff843ce97b924c4523fda61 82208c5c294f4ea185c539f1031d8ee5 - - - -] No more DHCP agents
2026-06-25 23:35:53.259 9 WARNING neutron.api.rpc.agentnotifiers.dhcp_rpc_agent_api [None req-8101c724-2bc1-4445-b3ae-4179991dc20a 5e50b16beff843ce97b924c4523fda61 82208c5c294f4ea185c539f1031d8ee5 - - - -] Unable to schedule network db693d37-48e1-4cc4-9613-02e873e996b1: no agents available; will retry on subsequent port and subnet creation events.
2026-06-25 23:35:53.335 9 INFO neutron.db.ovn_revision_numbers_db [None req-8101c724-2bc1-4445-b3ae-4179991dc20a 5e50b16beff843ce97b924c4523fda61 82208c5c294f4ea185c539f1031d8ee5 - - - -] Successfully bumped revision number for resource 5cfb2144-33d8-4d5d-9e53-a5a7e51468a2 (type: ports) to 1
2026-06-25 23:35:53.370 9 INFO neutron.wsgi [None req-8101c724-2bc1-4445-b3ae-4179991dc20a 5e50b16beff843ce97b924c4523fda61 82208c5c294f4ea185c539f1031d8ee5 - - - -] 10.0.0.23 "POST /v2.0/networks HTTP/1.1" status: 201 len: 830 time: 0.8475490 /var/lib/openstack/lib/python3.10/site-packages/pycadf/identifier.py:71: UserWarning: Invalid uuid: neutron. To ensure interoperability, identifiers should be a valid uuid. warnings.warn(('Invalid uuid: %s. To ensure interoperability, '
2026-06-25 23:35:53.778 9 INFO neutron.wsgi [None req-7818e499-fefb-4caa-ab57-6e9cb44b2ad0 cc9d405589d84f91a9cfa13a3de28714 0137f63fb8af452b8db2e3f537251d0c - - default default] 10.0.0.23 "GET /v2.0/ports?project_id=c524240544d547fc99cbb280f6abf5eb&network_id=fbdbb22a-a003-4639-bd92-e994a7378e3b HTTP/1.1" status: 200 len: 3462 time: 0.0542657
2026-06-25 23:35:53.964 10 WARNING neutron.scheduler.dhcp_agent_scheduler [None req-1054b240-81ef-48c9-8a04-dff52d1dd64c 5e50b16beff843ce97b924c4523fda61 82208c5c294f4ea185c539f1031d8ee5 - - - -] No more DHCP agents
2026-06-25 23:35:53.969 10 WARNING neutron.api.rpc.agentnotifiers.dhcp_rpc_agent_api [None req-1054b240-81ef-48c9-8a04-dff52d1dd64c 5e50b16beff843ce97b924c4523fda61 82208c5c294f4ea185c539f1031d8ee5 - - - -] Unable to schedule network db693d37-48e1-4cc4-9613-02e873e996b1: no agents available; will retry on subsequent port and subnet creation events.
2026-06-25 23:35:54.029 9 INFO neutron.wsgi [None req-dce60f20-9504-4363-875c-4c8439d73fab cc9d405589d84f91a9cfa13a3de28714 0137f63fb8af452b8db2e3f537251d0c - - default default] 10.0.0.23 "GET /v2.0/subnets?network_id=07e37ad0-790d-445f-8e30-23b81f61b800 HTTP/1.1" status: 200 len: 838 time: 0.0408413
2026-06-25 23:35:54.051 10 INFO neutron.db.ovn_revision_numbers_db [None req-1054b240-81ef-48c9-8a04-dff52d1dd64c 5e50b16beff843ce97b924c4523fda61 82208c5c294f4ea185c539f1031d8ee5 - - - -] Successfully bumped revision number for resource 729b489f-5cc2-4502-92be-6fec88346d47 (type: ports) to 1
2026-06-25 23:35:54.086 10 INFO neutron.wsgi [None req-1054b240-81ef-48c9-8a04-dff52d1dd64c 5e50b16beff843ce97b924c4523fda61 82208c5c294f4ea185c539f1031d8ee5 - - - -] 10.0.0.23 "POST /v2.0/ports HTTP/1.1" status: 201 len: 942 time: 0.7098522 /var/lib/openstack/lib/python3.10/site-packages/pycadf/identifier.py:71: UserWarning: Invalid uuid: neutron. To ensure interoperability, identifiers should be a valid uuid. warnings.warn(('Invalid uuid: %s. To ensure interoperability, '
2026-06-25 23:35:54.152 10 INFO neutron.wsgi [None req-ca3392b8-795c-4e48-b060-50e5e390bd9a 5e50b16beff843ce97b924c4523fda61 82208c5c294f4ea185c539f1031d8ee5 - - - -] 10.0.0.23 "PUT /v2.0/ports/8d2eaacc-2c2c-4b5f-bb37-35fcbbfe8540/tags HTTP/1.1" status: 200 len: 210 time: 0.0592704
2026-06-25 23:35:54.199 9 INFO neutron.wsgi [None req-8e062ede-e60a-4e9f-aef0-bd688b456e4d 5e50b16beff843ce97b924c4523fda61 82208c5c294f4ea185c539f1031d8ee5 - - - -] 10.0.0.23 "PUT /v2.0/ports/31b54a59-e87a-49f4-b70b-a2f199afa621/tags HTTP/1.1" status: 200 len: 218 time: 0.0404277
2026-06-25 23:35:54.246 9 INFO neutron.wsgi [None req-7f115d17-7540-480f-8280-0ecb6a1fbbe5 5e50b16beff843ce97b924c4523fda61 82208c5c294f4ea185c539f1031d8ee5 - - - -] 10.0.0.23 "PUT /v2.0/ports/b6f38ae7-8444-4857-81f7-4114498ce68d/tags HTTP/1.1" status: 200 len: 227 time: 0.0434666
2026-06-25 23:35:54.335 9 INFO neutron.wsgi [None req-87a58cd5-f675-40ae-989b-3ad602dd057d 5e50b16beff843ce97b924c4523fda61 82208c5c294f4ea185c539f1031d8ee5 - - - -] 10.0.0.23 "PUT /v2.0/ports/79c7360d-752e-45c2-a117-04798fa89834/tags HTTP/1.1" status: 200 len: 212 time: 0.0838418
2026-06-25 23:35:54.371 10 INFO neutron.db.l3_db [None req-f144be38-6be4-40b9-9f8c-f303790f1003 f0d020fc47254d7baec4d291f4529ed9 c524240544d547fc99cbb280f6abf5eb - - - -] Floating IP d5987db6-e8e3-45e0-b231-fb98f6f540b4 disassociated. External IP: 10.96.250.219, port: f144b14b-eb38-47f6-8216-1ec12894bc4d.
2026-06-25 23:35:54.392 10 INFO neutron.db.ovn_revision_numbers_db [None req-f144be38-6be4-40b9-9f8c-f303790f1003 f0d020fc47254d7baec4d291f4529ed9 c524240544d547fc99cbb280f6abf5eb - - - -] Successfully bumped revision number for resource d5987db6-e8e3-45e0-b231-fb98f6f540b4 (type: floatingips) to 2
2026-06-25 23:35:54.497 10 INFO neutron.wsgi [None req-f144be38-6be4-40b9-9f8c-f303790f1003 f0d020fc47254d7baec4d291f4529ed9 c524240544d547fc99cbb280f6abf5eb - - - -] 10.0.0.23 "PUT /v2.0/floatingips/d5987db6-e8e3-45e0-b231-fb98f6f540b4 HTTP/1.1" status: 200 len: 748 time: 0.3294203
2026-06-25 23:35:54.549 10 INFO neutron.notifiers.nova [-] Nova event matching ['req-bcc64215-0eac-46d2-8bb6-809da6c559d4'] response: {'name': 'network-changed', 'server_uuid': '21810d6d-a9ce-43ca-a98d-0ca68b578b70', 'tag': 'f144b14b-eb38-47f6-8216-1ec12894bc4d', 'status': 'completed', 'code': 200}
2026-06-25 23:35:54.553 10 INFO neutron.wsgi [None req-ee6c798c-9874-4e96-aedf-dd0e2fc03f82 f0d020fc47254d7baec4d291f4529ed9 c524240544d547fc99cbb280f6abf5eb - - default default] 10.0.0.23 "GET /v2.0/floatingips/d5987db6-e8e3-45e0-b231-fb98f6f540b4 HTTP/1.1" status: 200 len: 746 time: 0.0493772
