2026-06-25 23:34:09.541 9 INFO neutron.db.ovn_revision_numbers_db [None req-2d4e639d-6f6d-458a-aae8-4887145147c7 003ad2d926334eeebbadfe659e81a5b5 ec35b6928f2846f4943e2fbc6dbad8dc - - - -] Successfully bumped revision number for resource b55e610e-12ba-4bfc-b26f-346dfa6bf828 (type: subnets) to 0
2026-06-25 23:34:09.563 9 INFO neutron.wsgi [None req-2d4e639d-6f6d-458a-aae8-4887145147c7 003ad2d926334eeebbadfe659e81a5b5 ec35b6928f2846f4943e2fbc6dbad8dc - - - -] 10.0.0.23 "POST /v2.0/subnets HTTP/1.1" status: 201 len: 802 time: 0.3757713
2026-06-25 23:34:09.621 9 INFO neutron.wsgi [None req-547f47cc-c7b5-4374-be19-1016340bb637 eb385586f3e7424ca61f8366f483a2e1 5e6f572533a8440b9f7d5c9b69bf8a4b - - - -] 10.0.0.23 "DELETE /v2.0/security-groups/83650b12-e943-4867-b9bd-4ad1e7fc73a9 HTTP/1.1" status: 204 len: 168 time: 0.3370073
2026-06-25 23:34:09.763 10 INFO neutron.services.segments.plugin [-] Segment 71fff8c8-53ea-4c52-b1b0-aa434a7a287e resource provider aggregate not found
2026-06-25 23:34:09.773 10 INFO neutron.services.segments.plugin [-] Segment 71fff8c8-53ea-4c52-b1b0-aa434a7a287e resource provider aggregate not found
2026-06-25 23:34:09.795 10 INFO neutron.services.segments.plugin [-] Segment 71fff8c8-53ea-4c52-b1b0-aa434a7a287e resource provider not found; error: Placement Client Error (4xx): {"errors": [{"status": 404, "title": "Not Found", "detail": "The resource could not be found.\n\n No resource provider with uuid 71fff8c8-53ea-4c52-b1b0-aa434a7a287e found for delete ", "request_id": "req-6b18f657-12f3-4b30-aa21-f47bda4c4551"}]}
2026-06-25 23:34:09.803 10 INFO neutron.services.segments.plugin [-] Segment 71fff8c8-53ea-4c52-b1b0-aa434a7a287e resource provider not found; error: Placement Client Error (4xx): {"errors": [{"status": 404, "title": "Not Found", "detail": "The resource could not be found.\n\n No resource provider with uuid 71fff8c8-53ea-4c52-b1b0-aa434a7a287e found for delete ", "request_id": "req-93ecd2ef-a923-44b6-a646-b3d9fb9d1a10"}]}
2026-06-25 23:34:09.869 10 INFO neutron.wsgi [None req-174ba9c6-0dae-4fcc-ad18-789036ddd951 1f3d611d4dd2416c8ffa924f0250b7cc 403abb8459364d19826582243e4210c8 - - - -] 10.0.0.23 "DELETE /v2.0/networks/7f503439-0163-4b1f-8a2f-697d66e4a436 HTTP/1.1" status: 204 len: 168 time: 0.6998909
2026-06-25 23:34:09.923 10 INFO neutron.wsgi [None req-e1a360ad-f348-4da8-b57d-5225fd4a40a9 44ff998684804d8ba8e941410b81871d e10ad56087c14065bbe7dbdd18a17897 - - - -] 10.0.0.23 "DELETE /v2.0/routers/0f780724-017d-4579-9077-2a319a5b8920 HTTP/1.1" status: 204 len: 168 time: 0.9371054
2026-06-25 23:34:09.957 10 INFO neutron.wsgi [None req-37c80592-e748-41bf-bafa-21b0fdf029c8 44ff998684804d8ba8e941410b81871d e10ad56087c14065bbe7dbdd18a17897 - - default default] 10.0.0.23 "GET /v2.0/ports?device_id=0f780724-017d-4579-9077-2a319a5b8920 HTTP/1.1" status: 200 len: 205 time: 0.0257802
2026-06-25 23:34:09.993 10 INFO neutron.api.v2.resource [None req-9b218b33-b93d-452f-bca5-a5e8f4e96664 44ff998684804d8ba8e941410b81871d e10ad56087c14065bbe7dbdd18a17897 - - - -] delete failed (client error): The resource could not be found.
2026-06-25 23:34:09.994 10 INFO neutron.wsgi [None req-9b218b33-b93d-452f-bca5-a5e8f4e96664 44ff998684804d8ba8e941410b81871d e10ad56087c14065bbe7dbdd18a17897 - - - -] 10.0.0.23 "DELETE /v2.0/routers/0f780724-017d-4579-9077-2a319a5b8920 HTTP/1.1" status: 404 len: 336 time: 0.0225353
2026-06-25 23:34:10.018 10 INFO neutron.wsgi [None req-252672ca-99ca-4365-98f3-9f8797e29b07 44ff998684804d8ba8e941410b81871d e10ad56087c14065bbe7dbdd18a17897 - - default default] 10.0.0.23 "GET /v2.0/ports?device_id=ffab2ec5-c3bc-4329-a048-8b72700cd880 HTTP/1.1" status: 200 len: 205 time: 0.0192962
2026-06-25 23:34:10.049 10 INFO neutron.api.v2.resource [None req-8b4466a1-c63e-4ab2-9b27-1cea6d4e713a 44ff998684804d8ba8e941410b81871d e10ad56087c14065bbe7dbdd18a17897 - - - -] delete failed (client error): The resource could not be found.
2026-06-25 23:34:10.050 10 INFO neutron.wsgi [None req-8b4466a1-c63e-4ab2-9b27-1cea6d4e713a 44ff998684804d8ba8e941410b81871d e10ad56087c14065bbe7dbdd18a17897 - - - -] 10.0.0.23 "DELETE /v2.0/routers/ffab2ec5-c3bc-4329-a048-8b72700cd880 HTTP/1.1" status: 404 len: 336 time: 0.0274618
2026-06-25 23:34:10.075 10 INFO neutron.pecan_wsgi.hooks.translation [None req-650ee311-e95b-4c67-98e7-559f796636ee 44ff998684804d8ba8e941410b81871d e10ad56087c14065bbe7dbdd18a17897 - - - -] DELETE failed (client error): The resource could not be found.
2026-06-25 23:34:10.077 10 INFO neutron.wsgi [None req-650ee311-e95b-4c67-98e7-559f796636ee 44ff998684804d8ba8e941410b81871d e10ad56087c14065bbe7dbdd18a17897 - - - -] 10.0.0.23 "DELETE /v2.0/subnets/e4a92de4-61a9-42d2-b53a-db7c04f97048 HTTP/1.1" status: 404 len: 337 time: 0.0217164
2026-06-25 23:34:10.103 10 INFO neutron.wsgi [None req-ebbe6a22-e686-4741-9921-d9467f8651a7 44ff998684804d8ba8e941410b81871d e10ad56087c14065bbe7dbdd18a17897 - - default default] 10.0.0.23 "GET /v2.0/ports?device_id=2d8ed1f8-7aa2-4b25-8c5e-143a6a2a5327 HTTP/1.1" status: 200 len: 205 time: 0.0217803
2026-06-25 23:34:10.163 10 INFO neutron.api.v2.resource [None req-0b4d15a1-01df-484a-9a9b-e6656ca8e74a 44ff998684804d8ba8e941410b81871d e10ad56087c14065bbe7dbdd18a17897 - - - -] delete failed (client error): The resource could not be found.
2026-06-25 23:34:10.165 10 INFO neutron.wsgi [None req-0b4d15a1-01df-484a-9a9b-e6656ca8e74a 44ff998684804d8ba8e941410b81871d e10ad56087c14065bbe7dbdd18a17897 - - - -] 10.0.0.23 "DELETE /v2.0/routers/2d8ed1f8-7aa2-4b25-8c5e-143a6a2a5327 HTTP/1.1" status: 404 len: 336 time: 0.0552654
2026-06-25 23:34:10.211 9 INFO neutron.pecan_wsgi.hooks.translation [None req-f0d6abfa-54df-4c8c-b00b-c0cbcd256f68 44ff998684804d8ba8e941410b81871d e10ad56087c14065bbe7dbdd18a17897 - - - -] DELETE failed (client error): The resource could not be found.
2026-06-25 23:34:10.214 9 INFO neutron.wsgi [None req-f0d6abfa-54df-4c8c-b00b-c0cbcd256f68 44ff998684804d8ba8e941410b81871d e10ad56087c14065bbe7dbdd18a17897 - - - -] 10.0.0.23 "DELETE /v2.0/subnets/79ddffd8-734a-4b40-876e-89e7973dc2b4 HTTP/1.1" status: 404 len: 337 time: 0.0406787
2026-06-25 23:34:10.244 9 INFO neutron.wsgi [None req-181fdf35-6f6f-4466-95ba-0d0e84faa1ea 44ff998684804d8ba8e941410b81871d e10ad56087c14065bbe7dbdd18a17897 - - default default] 10.0.0.23 "GET /v2.0/ports?device_id=ea744295-2f85-4835-b382-48e7fddaf2ce HTTP/1.1" status: 200 len: 205 time: 0.0239975
2026-06-25 23:34:10.285 10 INFO neutron.api.v2.resource [None req-413dceca-aff6-4d40-b549-7b2a89b1febb 44ff998684804d8ba8e941410b81871d e10ad56087c14065bbe7dbdd18a17897 - - - -] delete failed (client error): The resource could not be found.
2026-06-25 23:34:10.287 10 INFO neutron.wsgi [None req-413dceca-aff6-4d40-b549-7b2a89b1febb 44ff998684804d8ba8e941410b81871d e10ad56087c14065bbe7dbdd18a17897 - - - -] 10.0.0.23 "DELETE /v2.0/routers/ea744295-2f85-4835-b382-48e7fddaf2ce HTTP/1.1" status: 404 len: 336 time: 0.0368481
2026-06-25 23:34:10.287 9 WARNING neutron.scheduler.dhcp_agent_scheduler [None req-5ac89ba7-fa5c-4eb8-925a-8d92bdbc14da 003ad2d926334eeebbadfe659e81a5b5 ec35b6928f2846f4943e2fbc6dbad8dc - - - -] No more DHCP agents
2026-06-25 23:34:10.289 9 WARNING neutron.api.rpc.agentnotifiers.dhcp_rpc_agent_api [None req-5ac89ba7-fa5c-4eb8-925a-8d92bdbc14da 003ad2d926334eeebbadfe659e81a5b5 ec35b6928f2846f4943e2fbc6dbad8dc - - - -] Unable to schedule network 07e37ad0-790d-445f-8e30-23b81f61b800: no agents available; will retry on subsequent port and subnet creation events.
2026-06-25 23:34:10.313 10 INFO neutron.pecan_wsgi.hooks.translation [None req-d406bc75-5cea-48f9-a97f-f8864a43de6e 44ff998684804d8ba8e941410b81871d e10ad56087c14065bbe7dbdd18a17897 - - - -] DELETE failed (client error): The resource could not be found.
2026-06-25 23:34:10.317 10 INFO neutron.wsgi [None req-d406bc75-5cea-48f9-a97f-f8864a43de6e 44ff998684804d8ba8e941410b81871d e10ad56087c14065bbe7dbdd18a17897 - - - -] 10.0.0.23 "DELETE /v2.0/subnets/4346c684-20c8-4f49-bf8b-c302cbe41b64 HTTP/1.1" status: 404 len: 337 time: 0.0260808
2026-06-25 23:34:10.345 10 INFO neutron.pecan_wsgi.hooks.translation [None req-5e769eec-4153-4b2b-b789-a211172f2c3e 44ff998684804d8ba8e941410b81871d e10ad56087c14065bbe7dbdd18a17897 - - - -] DELETE failed (client error): The resource could not be found.
2026-06-25 23:34:10.348 10 INFO neutron.wsgi [None req-5e769eec-4153-4b2b-b789-a211172f2c3e 44ff998684804d8ba8e941410b81871d e10ad56087c14065bbe7dbdd18a17897 - - - -] 10.0.0.23 "DELETE /v2.0/subnets/8ac682bf-51ee-4f6d-a329-6cd5a774bf9b HTTP/1.1" status: 404 len: 337 time: 0.0265212
2026-06-25 23:34:10.471 9 INFO neutron.services.segments.plugin [-] Segment 3412f151-994a-410a-ae04-959e70af2ab6 resource provider aggregate not found
2026-06-25 23:34:10.476 9 INFO neutron.services.segments.plugin [-] Segment 3412f151-994a-410a-ae04-959e70af2ab6 resource provider aggregate not found
2026-06-25 23:34:10.503 9 INFO neutron.services.segments.plugin [-] Segment 3412f151-994a-410a-ae04-959e70af2ab6 resource provider not found; error: Placement Client Error (4xx): {"errors": [{"status": 404, "title": "Not Found", "detail": "The resource could not be found.\n\n No resource provider with uuid 3412f151-994a-410a-ae04-959e70af2ab6 found for delete ", "request_id": "req-7a7886cc-43f6-431b-a13f-2c1e54e8649f"}]}
2026-06-25 23:34:10.507 9 INFO neutron.services.segments.plugin [-] Segment 3412f151-994a-410a-ae04-959e70af2ab6 resource provider not found; error: Placement Client Error (4xx): {"errors": [{"status": 404, "title": "Not Found", "detail": "The resource could not be found.\n\n No resource provider with uuid 3412f151-994a-410a-ae04-959e70af2ab6 found for delete ", "request_id": "req-21f15d61-48f5-4e21-82d7-595610fdac6b"}]}
2026-06-25 23:34:10.527 9 INFO neutron.wsgi [None req-99743de6-f431-4a86-accb-7ef854c37c0b 1f3d611d4dd2416c8ffa924f0250b7cc 403abb8459364d19826582243e4210c8 - - - -] 10.0.0.23 "DELETE /v2.0/networks/f53c8fa9-ecef-491d-ad0e-89397431b795 HTTP/1.1" status: 204 len: 168 time: 0.6513202
2026-06-25 23:34:10.534 9 INFO neutron.db.ovn_revision_numbers_db [None req-5ac89ba7-fa5c-4eb8-925a-8d92bdbc14da 003ad2d926334eeebbadfe659e81a5b5 ec35b6928f2846f4943e2fbc6dbad8dc - - - -] Successfully bumped revision number for resource f4851398-73cc-43de-95b1-67f56db0cdea (type: ports) to 1
2026-06-25 23:34:10.603 10 INFO neutron.wsgi [None req-ce86c8f4-9794-41c0-a87d-e421c398c1bb 1f3d611d4dd2416c8ffa924f0250b7cc 403abb8459364d19826582243e4210c8 - - default default] 10.0.0.23 "GET /v2.0/networks HTTP/1.1" status: 200 len: 845 time: 0.0701013
2026-06-25 23:34:10.718 10 INFO neutron.db.segments_db [None req-b1183662-c867-4d9a-bea8-36289b96c4fb 1f3d611d4dd2416c8ffa924f0250b7cc 403abb8459364d19826582243e4210c8 - - - -] Added segment 6603056b-26f4-420c-bb03-f6d9429a642f of type geneve for network 598b3af2-b79c-4af0-a9db-178248a915a4
2026-06-25 23:34:10.853 10 INFO neutron.db.ovn_revision_numbers_db [None req-b1183662-c867-4d9a-bea8-36289b96c4fb 1f3d611d4dd2416c8ffa924f0250b7cc 403abb8459364d19826582243e4210c8 - - - -] Successfully bumped revision number for resource 598b3af2-b79c-4af0-a9db-178248a915a4 (type: networks) to 1
2026-06-25 23:34:11.013 10 INFO neutron.wsgi [None req-b0428612-cd72-4b9e-82f3-6a41c00ca353 eb385586f3e7424ca61f8366f483a2e1 5e6f572533a8440b9f7d5c9b69bf8a4b - - default default] 10.0.0.23 "GET /v2.0/security-groups?tenant_id=e10ad56087c14065bbe7dbdd18a17897&name=default HTTP/1.1" status: 200 len: 2996 time: 0.2050705
2026-06-25 23:34:11.049 10 WARNING neutron.scheduler.dhcp_agent_scheduler [None req-b1183662-c867-4d9a-bea8-36289b96c4fb 1f3d611d4dd2416c8ffa924f0250b7cc 403abb8459364d19826582243e4210c8 - - - -] No more DHCP agents
2026-06-25 23:34:11.051 10 WARNING neutron.api.rpc.agentnotifiers.dhcp_rpc_agent_api [None req-b1183662-c867-4d9a-bea8-36289b96c4fb 1f3d611d4dd2416c8ffa924f0250b7cc 403abb8459364d19826582243e4210c8 - - - -] Unable to schedule network 598b3af2-b79c-4af0-a9db-178248a915a4: no agents available; will retry on subsequent port and subnet creation events.
2026-06-25 23:34:11.152 10 INFO neutron.db.ovn_revision_numbers_db [None req-b1183662-c867-4d9a-bea8-36289b96c4fb 1f3d611d4dd2416c8ffa924f0250b7cc 403abb8459364d19826582243e4210c8 - - - -] Successfully bumped revision number for resource c945e526-528a-4816-a1e4-49be202624dc (type: ports) to 1
2026-06-25 23:34:11.173 10 INFO neutron.wsgi [None req-b1183662-c867-4d9a-bea8-36289b96c4fb 1f3d611d4dd2416c8ffa924f0250b7cc 403abb8459364d19826582243e4210c8 - - - -] 10.0.0.23 "POST /v2.0/networks HTTP/1.1" status: 201 len: 853 time: 0.5629652
2026-06-25 23:34:11.207 9 INFO neutron.db.ovn_revision_numbers_db [None req-5ac89ba7-fa5c-4eb8-925a-8d92bdbc14da 003ad2d926334eeebbadfe659e81a5b5 ec35b6928f2846f4943e2fbc6dbad8dc - - - -] Successfully bumped revision number for resource f4851398-73cc-43de-95b1-67f56db0cdea (type: router_ports) to 1
2026-06-25 23:34:11.270 10 INFO neutron.db.segments_db [None req-6d5fd461-df91-4f7a-b650-31e5b8569ba1 1f3d611d4dd2416c8ffa924f0250b7cc 403abb8459364d19826582243e4210c8 - - - -] Added segment 27590573-988f-49ed-9da5-fb7b82cf9e37 of type geneve for network 67a16b04-6697-4ef8-bf14-abed0b4077a3
2026-06-25 23:34:11.282 9 INFO neutron.db.ovn_revision_numbers_db [None req-5ac89ba7-fa5c-4eb8-925a-8d92bdbc14da 003ad2d926334eeebbadfe659e81a5b5 ec35b6928f2846f4943e2fbc6dbad8dc - - - -] Successfully bumped revision number for resource ad0a44ac-3eaf-4c7d-b39e-23d458b283d4 (type: routers) to 3
2026-06-25 23:34:11.295 9 INFO neutron.wsgi [None req-5ac89ba7-fa5c-4eb8-925a-8d92bdbc14da 003ad2d926334eeebbadfe659e81a5b5 ec35b6928f2846f4943e2fbc6dbad8dc - - - -] 10.0.0.23 "POST /v2.0/routers HTTP/1.1" status: 201 len: 874 time: 1.7265229
2026-06-25 23:34:11.397 9 INFO neutron.wsgi [None req-684bacc8-0f8d-4d45-b1cd-28f8ae1a929f eb385586f3e7424ca61f8366f483a2e1 5e6f572533a8440b9f7d5c9b69bf8a4b - - - -] 10.0.0.23 "DELETE /v2.0/security-groups/2bc7672f-3094-43ca-80b1-f71c93f1a127 HTTP/1.1" status: 204 len: 168 time: 0.3787940
2026-06-25 23:34:11.428 10 INFO neutron.db.ovn_revision_numbers_db [None req-6d5fd461-df91-4f7a-b650-31e5b8569ba1 1f3d611d4dd2416c8ffa924f0250b7cc 403abb8459364d19826582243e4210c8 - - - -] Successfully bumped revision number for resource 67a16b04-6697-4ef8-bf14-abed0b4077a3 (type: networks) to 1
2026-06-25 23:34:11.643 10 WARNING neutron.scheduler.dhcp_agent_scheduler [None req-6d5fd461-df91-4f7a-b650-31e5b8569ba1 1f3d611d4dd2416c8ffa924f0250b7cc 403abb8459364d19826582243e4210c8 - - - -] No more DHCP agents
2026-06-25 23:34:11.645 10 WARNING neutron.api.rpc.agentnotifiers.dhcp_rpc_agent_api [None req-6d5fd461-df91-4f7a-b650-31e5b8569ba1 1f3d611d4dd2416c8ffa924f0250b7cc 403abb8459364d19826582243e4210c8 - - - -] Unable to schedule network 67a16b04-6697-4ef8-bf14-abed0b4077a3: no agents available; will retry on subsequent port and subnet creation events.
2026-06-25 23:34:11.720 10 INFO neutron.db.ovn_revision_numbers_db [None req-6d5fd461-df91-4f7a-b650-31e5b8569ba1 1f3d611d4dd2416c8ffa924f0250b7cc 403abb8459364d19826582243e4210c8 - - - -] Successfully bumped revision number for resource f2711b68-f618-49f3-9906-63401d243ce5 (type: ports) to 1
2026-06-25 23:34:11.739 10 INFO neutron.wsgi [None req-6d5fd461-df91-4f7a-b650-31e5b8569ba1 1f3d611d4dd2416c8ffa924f0250b7cc 403abb8459364d19826582243e4210c8 - - - -] 10.0.0.23 "POST /v2.0/networks HTTP/1.1" status: 201 len: 852 time: 0.5606751
2026-06-25 23:34:11.905 9 WARNING neutron.scheduler.dhcp_agent_scheduler [None req-a2c491a9-3c5c-4939-8162-fdfae9a5705a 003ad2d926334eeebbadfe659e81a5b5 ec35b6928f2846f4943e2fbc6dbad8dc - - default default] No more DHCP agents
2026-06-25 23:34:11.906 9 WARNING neutron.api.rpc.agentnotifiers.dhcp_rpc_agent_api [None req-a2c491a9-3c5c-4939-8162-fdfae9a5705a 003ad2d926334eeebbadfe659e81a5b5 ec35b6928f2846f4943e2fbc6dbad8dc - - default default] Unable to schedule network 28088cfb-3ae2-4a3f-aa1f-b21a6a738bd4: no agents available; will retry on subsequent port and subnet creation events.
2026-06-25 23:34:12.057 9 INFO neutron.db.ovn_revision_numbers_db [None req-a2c491a9-3c5c-4939-8162-fdfae9a5705a 003ad2d926334eeebbadfe659e81a5b5 ec35b6928f2846f4943e2fbc6dbad8dc - - default default] Successfully bumped revision number for resource 32236d40-e4fe-4a21-b642-5d5b592b9853 (type: ports) to 1
2026-06-25 23:34:12.159 10 WARNING neutron.scheduler.dhcp_agent_scheduler [None req-d2cba865-2ef6-4d4c-b5ed-9fd24ce6d4a0 1f3d611d4dd2416c8ffa924f0250b7cc 403abb8459364d19826582243e4210c8 - - - -] No more DHCP agents
2026-06-25 23:34:12.166 10 WARNING neutron.api.rpc.agentnotifiers.dhcp_rpc_agent_api [None req-d2cba865-2ef6-4d4c-b5ed-9fd24ce6d4a0 1f3d611d4dd2416c8ffa924f0250b7cc 403abb8459364d19826582243e4210c8 - - - -] Unable to schedule network 598b3af2-b79c-4af0-a9db-178248a915a4: no agents available; will retry on subsequent port and subnet creation events.
2026-06-25 23:34:12.232 10 INFO neutron.db.ovn_revision_numbers_db [None req-d2cba865-2ef6-4d4c-b5ed-9fd24ce6d4a0 1f3d611d4dd2416c8ffa924f0250b7cc 403abb8459364d19826582243e4210c8 - - - -] Successfully bumped revision number for resource f188a48e-ce79-42a3-9c9b-2a621967bf9f (type: ports) to 1
2026-06-25 23:34:12.263 10 WARNING neutron.scheduler.dhcp_agent_scheduler [None req-d2cba865-2ef6-4d4c-b5ed-9fd24ce6d4a0 1f3d611d4dd2416c8ffa924f0250b7cc 403abb8459364d19826582243e4210c8 - - - -] No more DHCP agents
2026-06-25 23:34:12.267 10 WARNING neutron.api.rpc.agentnotifiers.dhcp_rpc_agent_api [None req-d2cba865-2ef6-4d4c-b5ed-9fd24ce6d4a0 1f3d611d4dd2416c8ffa924f0250b7cc 403abb8459364d19826582243e4210c8 - - - -] Unable to schedule network 67a16b04-6697-4ef8-bf14-abed0b4077a3: no agents available; will retry on subsequent port and subnet creation events.
2026-06-25 23:34:12.346 10 INFO neutron.db.ovn_revision_numbers_db [None req-d2cba865-2ef6-4d4c-b5ed-9fd24ce6d4a0 1f3d611d4dd2416c8ffa924f0250b7cc 403abb8459364d19826582243e4210c8 - - - -] Successfully bumped revision number for resource d4364a12-522c-4e44-9944-60f7ee7e3cdb (type: ports) to 1
2026-06-25 23:34:12.373 10 INFO neutron.wsgi [None req-d2cba865-2ef6-4d4c-b5ed-9fd24ce6d4a0 1f3d611d4dd2416c8ffa924f0250b7cc 403abb8459364d19826582243e4210c8 - - - -] 10.0.0.23 "POST /v2.0/ports HTTP/1.1" status: 201 len: 1706 time: 0.6291313 /var/lib/openstack/lib/python3.10/site-packages/pycadf/identifier.py:71: UserWarning: Invalid uuid: neutron. To ensure interoperability, identifiers should be a valid uuid. warnings.warn(('Invalid uuid: %s. To ensure interoperability, '
2026-06-25 23:34:12.511 10 INFO neutron.wsgi [None req-efae33dc-48a4-4936-8186-647336f135ac 1f3d611d4dd2416c8ffa924f0250b7cc 403abb8459364d19826582243e4210c8 - - default default] 10.0.0.23 "GET /v2.0/ports HTTP/1.1" status: 200 len: 3213 time: 0.1302435
2026-06-25 23:34:13.039 9 INFO neutron.db.ovn_revision_numbers_db [None req-a2c491a9-3c5c-4939-8162-fdfae9a5705a 003ad2d926334eeebbadfe659e81a5b5 ec35b6928f2846f4943e2fbc6dbad8dc - - default default] Successfully bumped revision number for resource 32236d40-e4fe-4a21-b642-5d5b592b9853 (type: router_ports) to 2
2026-06-25 23:34:13.126 10 WARNING neutron.plugins.ml2.drivers.ovn.mech_driver.ovsdb.ovn_client [None req-56e06cab-88df-4a0c-9f6c-9609ea2afd09 - - - - - -] No port found with ID fe64c48e-e554-4a0b-ae69-74bae5a1260c: RuntimeError: No port found with ID fe64c48e-e554-4a0b-ae69-74bae5a1260c
2026-06-25 23:34:13.126 10 INFO neutron.plugins.ml2.drivers.ovn.mech_driver.mech_driver [None req-56e06cab-88df-4a0c-9f6c-9609ea2afd09 - - - - - -] OVN reports status up for port: f4851398-73cc-43de-95b1-67f56db0cdea
2026-06-25 23:34:13.134 10 INFO neutron.plugins.ml2.plugin [None req-56e06cab-88df-4a0c-9f6c-9609ea2afd09 - - - - - -] Attempt 1 to provision port f4851398-73cc-43de-95b1-67f56db0cdea
2026-06-25 23:34:13.198 9 INFO neutron.db.ovn_revision_numbers_db [None req-a2c491a9-3c5c-4939-8162-fdfae9a5705a 003ad2d926334eeebbadfe659e81a5b5 ec35b6928f2846f4943e2fbc6dbad8dc - - default default] Successfully bumped revision number for resource 32236d40-e4fe-4a21-b642-5d5b592b9853 (type: ports) to 2
2026-06-25 23:34:13.202 10 INFO neutron.wsgi [None req-681f79cf-6a18-44b2-8abe-82d2a3d4af24 1f3d611d4dd2416c8ffa924f0250b7cc 403abb8459364d19826582243e4210c8 - - - -] 10.0.0.23 "DELETE /v2.0/ports/f188a48e-ce79-42a3-9c9b-2a621967bf9f HTTP/1.1" status: 204 len: 168 time: 0.6856661
2026-06-25 23:34:13.240 10 INFO neutron.wsgi [-] 10.0.0.23 "GET / HTTP/1.1" status: 200 len: 279 time: 0.0018513
2026-06-25 23:34:13.297 9 WARNING neutron.scheduler.dhcp_agent_scheduler [None req-a2c491a9-3c5c-4939-8162-fdfae9a5705a 003ad2d926334eeebbadfe659e81a5b5 ec35b6928f2846f4943e2fbc6dbad8dc - - default default] No more DHCP agents
2026-06-25 23:34:13.299 9 WARNING neutron.api.rpc.agentnotifiers.dhcp_rpc_agent_api [None req-a2c491a9-3c5c-4939-8162-fdfae9a5705a 003ad2d926334eeebbadfe659e81a5b5 ec35b6928f2846f4943e2fbc6dbad8dc - - default default] Unable to schedule network 28088cfb-3ae2-4a3f-aa1f-b21a6a738bd4: no agents available; will retry on subsequent port and subnet creation events.
2026-06-25 23:34:13.457 9 INFO neutron.wsgi [None req-18382d3d-4f31-4a85-8fd4-513ec55b3bd4 d9477491388b4ad9a7dc2d9944f9b026 eff16f8a62774cebb1844c34ebb1009b - - default default] 10.0.0.23 "GET /v2.0/ HTTP/1.1" status: 200 len: 826 time: 0.2095129
2026-06-25 23:34:13.475 10 INFO neutron.wsgi [None req-c2fd2d73-7553-41db-ab77-c0d9b4978093 1f3d611d4dd2416c8ffa924f0250b7cc 403abb8459364d19826582243e4210c8 - - - -] 10.0.0.23 "DELETE /v2.0/ports/d4364a12-522c-4e44-9944-60f7ee7e3cdb HTTP/1.1" status: 204 len: 168 time: 0.2662964
2026-06-25 23:34:13.532 10 INFO neutron.wsgi [None req-4e581339-5000-4bad-85e9-fef0b339be05 1f3d611d4dd2416c8ffa924f0250b7cc 403abb8459364d19826582243e4210c8 - - default default] 10.0.0.23 "GET /v2.0/ports HTTP/1.1" status: 200 len: 1718 time: 0.0486946
2026-06-25 23:34:13.639 10 INFO neutron.db.segments_db [None req-564075de-d00d-4a58-932a-2da5f879af7b 1f3d611d4dd2416c8ffa924f0250b7cc 403abb8459364d19826582243e4210c8 - - - -] Added segment 234f5960-ff56-40c5-ac06-f09d8b07c8f9 of type geneve for network 963c353b-c50e-4af8-9f7c-46173cbef04c
2026-06-25 23:34:13.666 9 INFO neutron.db.ovn_revision_numbers_db [None req-a2c491a9-3c5c-4939-8162-fdfae9a5705a 003ad2d926334eeebbadfe659e81a5b5 ec35b6928f2846f4943e2fbc6dbad8dc - - - -] Successfully bumped revision number for resource 32236d40-e4fe-4a21-b642-5d5b592b9853 (type: router_ports) to 2
2026-06-25 23:34:13.670 9 INFO neutron.wsgi [None req-a2c491a9-3c5c-4939-8162-fdfae9a5705a 003ad2d926334eeebbadfe659e81a5b5 ec35b6928f2846f4943e2fbc6dbad8dc - - - -] 10.0.0.23 "PUT /v2.0/routers/ad0a44ac-3eaf-4c7d-b39e-23d458b283d4/add_router_interface HTTP/1.1" status: 200 len: 503 time: 2.3675735
2026-06-25 23:34:13.756 10 INFO neutron.db.ovn_revision_numbers_db [None req-564075de-d00d-4a58-932a-2da5f879af7b 1f3d611d4dd2416c8ffa924f0250b7cc 403abb8459364d19826582243e4210c8 - - - -] Successfully bumped revision number for resource 963c353b-c50e-4af8-9f7c-46173cbef04c (type: networks) to 1
2026-06-25 23:34:13.937 10 WARNING neutron.scheduler.dhcp_agent_scheduler [None req-564075de-d00d-4a58-932a-2da5f879af7b 1f3d611d4dd2416c8ffa924f0250b7cc 403abb8459364d19826582243e4210c8 - - - -] No more DHCP agents
2026-06-25 23:34:13.940 10 WARNING neutron.api.rpc.agentnotifiers.dhcp_rpc_agent_api [None req-564075de-d00d-4a58-932a-2da5f879af7b 1f3d611d4dd2416c8ffa924f0250b7cc 403abb8459364d19826582243e4210c8 - - - -] Unable to schedule network 963c353b-c50e-4af8-9f7c-46173cbef04c: no agents available; will retry on subsequent port and subnet creation events.
2026-06-25 23:34:14.014 10 INFO neutron.db.ovn_revision_numbers_db [None req-564075de-d00d-4a58-932a-2da5f879af7b 1f3d611d4dd2416c8ffa924f0250b7cc 403abb8459364d19826582243e4210c8 - - - -] Successfully bumped revision number for resource e7f45309-2237-4ff2-b68b-85f561892f04 (type: ports) to 1
2026-06-25 23:34:14.032 9 WARNING neutron.scheduler.dhcp_agent_scheduler [None req-98fedbc2-ecdb-4a5f-b282-b8a5158c8d72 003ad2d926334eeebbadfe659e81a5b5 ec35b6928f2846f4943e2fbc6dbad8dc - - - -] No more DHCP agents
2026-06-25 23:34:14.035 9 WARNING neutron.api.rpc.agentnotifiers.dhcp_rpc_agent_api [None req-98fedbc2-ecdb-4a5f-b282-b8a5158c8d72 003ad2d926334eeebbadfe659e81a5b5 ec35b6928f2846f4943e2fbc6dbad8dc - - - -] Unable to schedule network 28088cfb-3ae2-4a3f-aa1f-b21a6a738bd4: no agents available; will retry on subsequent port and subnet creation events.
2026-06-25 23:34:14.037 10 INFO neutron.wsgi [None req-564075de-d00d-4a58-932a-2da5f879af7b 1f3d611d4dd2416c8ffa924f0250b7cc 403abb8459364d19826582243e4210c8 - - - -] 10.0.0.23 "POST /v2.0/networks HTTP/1.1" status: 201 len: 853 time: 0.4959135 /var/lib/openstack/lib/python3.10/site-packages/pycadf/identifier.py:71: UserWarning: Invalid uuid: neutron. To ensure interoperability, identifiers should be a valid uuid. warnings.warn(('Invalid uuid: %s. To ensure interoperability, '
2026-06-25 23:34:14.121 10 INFO neutron.db.segments_db [None req-282bd13f-7397-4179-881a-64ec44fca4a2 1f3d611d4dd2416c8ffa924f0250b7cc 403abb8459364d19826582243e4210c8 - - - -] Added segment 53b45f05-65b9-4af1-b321-f36ccaa15a65 of type geneve for network 8f810a72-3d93-4cdc-8448-af2810e2afed
2026-06-25 23:34:14.221 9 INFO neutron.db.ovn_revision_numbers_db [None req-98fedbc2-ecdb-4a5f-b282-b8a5158c8d72 003ad2d926334eeebbadfe659e81a5b5 ec35b6928f2846f4943e2fbc6dbad8dc - - - -] Successfully bumped revision number for resource 7809f217-d348-4818-9160-ab886892ef27 (type: ports) to 1
2026-06-25 23:34:14.247 10 INFO neutron.db.ovn_revision_numbers_db [None req-282bd13f-7397-4179-881a-64ec44fca4a2 1f3d611d4dd2416c8ffa924f0250b7cc 403abb8459364d19826582243e4210c8 - - - -] Successfully bumped revision number for resource 8f810a72-3d93-4cdc-8448-af2810e2afed (type: networks) to 1
2026-06-25 23:34:14.254 9 INFO neutron.wsgi [None req-98fedbc2-ecdb-4a5f-b282-b8a5158c8d72 003ad2d926334eeebbadfe659e81a5b5 ec35b6928f2846f4943e2fbc6dbad8dc - - - -] 10.0.0.23 "POST /v2.0/ports HTTP/1.1" status: 201 len: 1158 time: 0.5786929
2026-06-25 23:34:14.272 9 INFO neutron.db.ovn_revision_numbers_db [None req-2472ceaa-2680-43cc-9344-3441161d1d59 eb385586f3e7424ca61f8366f483a2e1 5e6f572533a8440b9f7d5c9b69bf8a4b - - default default] Successfully bumped revision number for resource a31b1bc6-0d5b-4383-9567-cd6219cf5a87 (type: security_groups) to 1
2026-06-25 23:34:14.312 9 INFO neutron.wsgi [None req-2472ceaa-2680-43cc-9344-3441161d1d59 eb385586f3e7424ca61f8366f483a2e1 5e6f572533a8440b9f7d5c9b69bf8a4b - - default default] 10.0.0.23 "GET /v2.0/security-groups?tenant_id=eff16f8a62774cebb1844c34ebb1009b&name=default HTTP/1.1" status: 200 len: 2996 time: 0.3335447
2026-06-25 23:34:14.475 10 WARNING neutron.scheduler.dhcp_agent_scheduler [None req-282bd13f-7397-4179-881a-64ec44fca4a2 1f3d611d4dd2416c8ffa924f0250b7cc 403abb8459364d19826582243e4210c8 - - - -] No more DHCP agents
2026-06-25 23:34:14.480 10 WARNING neutron.api.rpc.agentnotifiers.dhcp_rpc_agent_api [None req-282bd13f-7397-4179-881a-64ec44fca4a2 1f3d611d4dd2416c8ffa924f0250b7cc 403abb8459364d19826582243e4210c8 - - - -] Unable to schedule network 8f810a72-3d93-4cdc-8448-af2810e2afed: no agents available; will retry on subsequent port and subnet creation events.
2026-06-25 23:34:14.554 10 INFO neutron.db.ovn_revision_numbers_db [None req-282bd13f-7397-4179-881a-64ec44fca4a2 1f3d611d4dd2416c8ffa924f0250b7cc 403abb8459364d19826582243e4210c8 - - - -] Successfully bumped revision number for resource c2ee9b3b-96cc-4851-a6e6-7c9a40003572 (type: ports) to 1
2026-06-25 23:34:14.578 10 INFO neutron.wsgi [None req-282bd13f-7397-4179-881a-64ec44fca4a2 1f3d611d4dd2416c8ffa924f0250b7cc 403abb8459364d19826582243e4210c8 - - - -] 10.0.0.23 "POST /v2.0/networks HTTP/1.1" status: 201 len: 853 time: 0.5361245
2026-06-25 23:34:14.604 9 WARNING neutron.scheduler.dhcp_agent_scheduler [None req-f4069eb4-69e4-4a40-b3d4-8e63ead7a806 003ad2d926334eeebbadfe659e81a5b5 ec35b6928f2846f4943e2fbc6dbad8dc - - - -] No more DHCP agents
2026-06-25 23:34:14.606 9 WARNING neutron.api.rpc.agentnotifiers.dhcp_rpc_agent_api [None req-f4069eb4-69e4-4a40-b3d4-8e63ead7a806 003ad2d926334eeebbadfe659e81a5b5 ec35b6928f2846f4943e2fbc6dbad8dc - - - -] Unable to schedule network 28088cfb-3ae2-4a3f-aa1f-b21a6a738bd4: no agents available; will retry on subsequent port and subnet creation events.
2026-06-25 23:34:14.618 10 INFO neutron.wsgi [None req-8c8fc757-9d6b-4997-b9e8-0f4ba8e8e37a eb385586f3e7424ca61f8366f483a2e1 5e6f572533a8440b9f7d5c9b69bf8a4b - - - -] 10.0.0.23 "DELETE /v2.0/security-groups/a31b1bc6-0d5b-4383-9567-cd6219cf5a87 HTTP/1.1" status: 204 len: 168 time: 0.2923615
2026-06-25 23:34:14.748 9 INFO neutron.db.ovn_revision_numbers_db [None req-f4069eb4-69e4-4a40-b3d4-8e63ead7a806 003ad2d926334eeebbadfe659e81a5b5 ec35b6928f2846f4943e2fbc6dbad8dc - - - -] Successfully bumped revision number for resource d83de6ba-042c-4a59-973b-4ecea9edfe0e (type: ports) to 1
2026-06-25 23:34:14.773 9 INFO neutron.wsgi [None req-f4069eb4-69e4-4a40-b3d4-8e63ead7a806 003ad2d926334eeebbadfe659e81a5b5 ec35b6928f2846f4943e2fbc6dbad8dc - - - -] 10.0.0.23 "POST /v2.0/ports HTTP/1.1" status: 201 len: 1153 time: 0.5025527 /var/lib/openstack/lib/python3.10/site-packages/pycadf/identifier.py:71: UserWarning: Invalid uuid: neutron. To ensure interoperability, identifiers should be a valid uuid. warnings.warn(('Invalid uuid: %s. To ensure interoperability, '
2026-06-25 23:34:15.098 9 WARNING neutron.scheduler.dhcp_agent_scheduler [None req-2adc0775-ee9a-438b-a654-4799c0323bd3 003ad2d926334eeebbadfe659e81a5b5 ec35b6928f2846f4943e2fbc6dbad8dc - - - -] No more DHCP agents
2026-06-25 23:34:15.102 9 WARNING neutron.api.rpc.agentnotifiers.dhcp_rpc_agent_api [None req-2adc0775-ee9a-438b-a654-4799c0323bd3 003ad2d926334eeebbadfe659e81a5b5 ec35b6928f2846f4943e2fbc6dbad8dc - - - -] Unable to schedule network 07e37ad0-790d-445f-8e30-23b81f61b800: no agents available; will retry on subsequent port and subnet creation events.
2026-06-25 23:34:15.791 9 INFO neutron.db.l3_db [None req-2adc0775-ee9a-438b-a654-4799c0323bd3 003ad2d926334eeebbadfe659e81a5b5 ec35b6928f2846f4943e2fbc6dbad8dc - - - -] Floating IP 05c6ec31-8f78-403d-a26c-4a1c1236726e associated. External IP: 10.96.250.207, port: d83de6ba-042c-4a59-973b-4ecea9edfe0e.
2026-06-25 23:34:15.846 9 WARNING neutron.scheduler.dhcp_agent_scheduler [None req-ea8c4bcb-0530-4e34-9430-ab6ac4dbe9ab 1f3d611d4dd2416c8ffa924f0250b7cc 403abb8459364d19826582243e4210c8 - - - -] No more DHCP agents
2026-06-25 23:34:15.855 9 WARNING neutron.api.rpc.agentnotifiers.dhcp_rpc_agent_api [None req-ea8c4bcb-0530-4e34-9430-ab6ac4dbe9ab 1f3d611d4dd2416c8ffa924f0250b7cc 403abb8459364d19826582243e4210c8 - - - -] Unable to schedule network 963c353b-c50e-4af8-9f7c-46173cbef04c: no agents available; will retry on subsequent port and subnet creation events.
2026-06-25 23:34:15.886 9 INFO neutron.db.ovn_revision_numbers_db [None req-ea8c4bcb-0530-4e34-9430-ab6ac4dbe9ab 1f3d611d4dd2416c8ffa924f0250b7cc 403abb8459364d19826582243e4210c8 - - - -] Successfully bumped revision number for resource 47213aea-a561-44e8-8184-1940c292fd1d (type: subnets) to 0
2026-06-25 23:34:15.932 9 WARNING neutron.scheduler.dhcp_agent_scheduler [None req-ea8c4bcb-0530-4e34-9430-ab6ac4dbe9ab 1f3d611d4dd2416c8ffa924f0250b7cc 403abb8459364d19826582243e4210c8 - - - -] No more DHCP agents
2026-06-25 23:34:15.933 9 WARNING neutron.api.rpc.agentnotifiers.dhcp_rpc_agent_api [None req-ea8c4bcb-0530-4e34-9430-ab6ac4dbe9ab 1f3d611d4dd2416c8ffa924f0250b7cc 403abb8459364d19826582243e4210c8 - - - -] Unable to schedule network 8f810a72-3d93-4cdc-8448-af2810e2afed: no agents available; will retry on subsequent port and subnet creation events.
2026-06-25 23:34:15.956 9 INFO neutron.db.ovn_revision_numbers_db [None req-ea8c4bcb-0530-4e34-9430-ab6ac4dbe9ab 1f3d611d4dd2416c8ffa924f0250b7cc 403abb8459364d19826582243e4210c8 - - - -] Successfully bumped revision number for resource 18d0f1c4-7ef8-4873-bce8-4932ffee75b8 (type: subnets) to 0
2026-06-25 23:34:15.980 9 INFO neutron.wsgi [None req-ea8c4bcb-0530-4e34-9430-ab6ac4dbe9ab 1f3d611d4dd2416c8ffa924f0250b7cc 403abb8459364d19826582243e4210c8 - - - -] 10.0.0.23 "POST /v2.0/subnets HTTP/1.1" status: 201 len: 1476 time: 0.8565185
2026-06-25 23:34:16.012 9 INFO neutron.db.ovn_revision_numbers_db [None req-2adc0775-ee9a-438b-a654-4799c0323bd3 003ad2d926334eeebbadfe659e81a5b5 ec35b6928f2846f4943e2fbc6dbad8dc - - - -] Successfully bumped revision number for resource 05c6ec31-8f78-403d-a26c-4a1c1236726e (type: floatingips) to 0
2026-06-25 23:34:16.061 9 INFO neutron.wsgi [None req-db73f55b-398d-4a7a-804c-c287d798c54b 1f3d611d4dd2416c8ffa924f0250b7cc 403abb8459364d19826582243e4210c8 - - default default] 10.0.0.23 "GET /v2.0/subnets HTTP/1.1" status: 200 len: 2084 time: 0.0709116
2026-06-25 23:34:16.113 9 INFO neutron.db.ovn_revision_numbers_db [None req-2adc0775-ee9a-438b-a654-4799c0323bd3 003ad2d926334eeebbadfe659e81a5b5 ec35b6928f2846f4943e2fbc6dbad8dc - - - -] Successfully bumped revision number for resource 05c6ec31-8f78-403d-a26c-4a1c1236726e (type: floatingips) to 1
2026-06-25 23:34:16.143 9 INFO neutron.wsgi [None req-2adc0775-ee9a-438b-a654-4799c0323bd3 003ad2d926334eeebbadfe659e81a5b5 ec35b6928f2846f4943e2fbc6dbad8dc - - - -] 10.0.0.23 "POST /v2.0/floatingips HTTP/1.1" status: 201 len: 1040 time: 1.3596067
2026-06-25 23:34:16.336 10 INFO neutron.db.l3_db [None req-077dfbee-0bee-4f6a-8d7a-c9afd182ff50 003ad2d926334eeebbadfe659e81a5b5 ec35b6928f2846f4943e2fbc6dbad8dc - - - -] Floating IP 05c6ec31-8f78-403d-a26c-4a1c1236726e disassociated. External IP: 10.96.250.207, port: d83de6ba-042c-4a59-973b-4ecea9edfe0e.
2026-06-25 23:34:16.371 10 INFO neutron.wsgi [None req-1a22e172-66c5-4794-8cac-50a71beeaf13 1f3d611d4dd2416c8ffa924f0250b7cc 403abb8459364d19826582243e4210c8 - - - -] 10.0.0.23 "DELETE /v2.0/subnets/47213aea-a561-44e8-8184-1940c292fd1d HTTP/1.1" status: 204 len: 168 time: 0.2952740
2026-06-25 23:34:16.372 10 INFO neutron.db.ovn_revision_numbers_db [None req-077dfbee-0bee-4f6a-8d7a-c9afd182ff50 003ad2d926334eeebbadfe659e81a5b5 ec35b6928f2846f4943e2fbc6dbad8dc - - - -] Successfully bumped revision number for resource 05c6ec31-8f78-403d-a26c-4a1c1236726e (type: floatingips) to 2
2026-06-25 23:34:16.498 10 INFO neutron.wsgi [None req-077dfbee-0bee-4f6a-8d7a-c9afd182ff50 003ad2d926334eeebbadfe659e81a5b5 ec35b6928f2846f4943e2fbc6dbad8dc - - - -] 10.0.0.23 "PUT /v2.0/floatingips/05c6ec31-8f78-403d-a26c-4a1c1236726e HTTP/1.1" status: 200 len: 748 time: 0.3500557
2026-06-25 23:34:16.720 10 INFO neutron.wsgi [None req-b3cf1ad5-bf65-4b4a-8082-18cce34cc9e4 1f3d611d4dd2416c8ffa924f0250b7cc 403abb8459364d19826582243e4210c8 - - - -] 10.0.0.23 "DELETE /v2.0/subnets/18d0f1c4-7ef8-4873-bce8-4932ffee75b8 HTTP/1.1" status: 204 len: 168 time: 0.3434222
2026-06-25 23:34:16.773 9 INFO neutron.wsgi [None req-2b189423-3068-4dba-a4da-5f1379eb74de 1f3d611d4dd2416c8ffa924f0250b7cc 403abb8459364d19826582243e4210c8 - - default default] 10.0.0.23 "GET /v2.0/subnets HTTP/1.1" status: 200 len: 820 time: 0.0417106
2026-06-25 23:34:16.985 10 INFO neutron.wsgi [None req-ac3bb799-b999-4f7c-90ca-652be639ade5 003ad2d926334eeebbadfe659e81a5b5 ec35b6928f2846f4943e2fbc6dbad8dc - - - -] 10.0.0.23 "DELETE /v2.0/floatingips/05c6ec31-8f78-403d-a26c-4a1c1236726e HTTP/1.1" status: 204 len: 168 time: 0.4805293
2026-06-25 23:34:17.153 10 INFO neutron.services.segments.plugin [-] Segment 53b45f05-65b9-4af1-b321-f36ccaa15a65 resource provider aggregate not found
2026-06-25 23:34:17.158 10 INFO neutron.services.segments.plugin [-] Segment 53b45f05-65b9-4af1-b321-f36ccaa15a65 resource provider aggregate not found
2026-06-25 23:34:17.173 10 INFO neutron.services.segments.plugin [-] Segment 53b45f05-65b9-4af1-b321-f36ccaa15a65 resource provider not found; error: Placement Client Error (4xx): {"errors": [{"status": 404, "title": "Not Found", "detail": "The resource could not be found.\n\n No resource provider with uuid 53b45f05-65b9-4af1-b321-f36ccaa15a65 found for delete ", "request_id": "req-3e825866-7fd7-4943-8367-58ea2a47e16e"}]}
2026-06-25 23:34:17.182 10 INFO neutron.services.segments.plugin [-] Segment 53b45f05-65b9-4af1-b321-f36ccaa15a65 resource provider not found; error: Placement Client Error (4xx): {"errors": [{"status": 404, "title": "Not Found", "detail": "The resource could not be found.\n\n No resource provider with uuid 53b45f05-65b9-4af1-b321-f36ccaa15a65 found for delete ", "request_id": "req-34fe4bda-4a57-49e7-b25c-00c755ac5cbc"}]}
2026-06-25 23:34:17.192 10 INFO neutron.wsgi [None req-f8eeab66-c448-4e7e-8391-122cdee6c95d 1f3d611d4dd2416c8ffa924f0250b7cc 403abb8459364d19826582243e4210c8 - - - -] 10.0.0.23 "DELETE /v2.0/networks/8f810a72-3d93-4cdc-8448-af2810e2afed HTTP/1.1" status: 204 len: 168 time: 0.4104986
2026-06-25 23:34:17.632 10 INFO neutron.wsgi [None req-5e19c085-3ee0-490c-a045-52531dc41d89 1f3d611d4dd2416c8ffa924f0250b7cc 403abb8459364d19826582243e4210c8 - - - -] 10.0.0.23 "DELETE /v2.0/networks/963c353b-c50e-4af8-9f7c-46173cbef04c HTTP/1.1" status: 204 len: 168 time: 0.4329309
2026-06-25 23:34:17.693 9 WARNING neutron.scheduler.dhcp_agent_scheduler [None req-b1237671-6d10-44a7-9dea-f371371150df 003ad2d926334eeebbadfe659e81a5b5 ec35b6928f2846f4943e2fbc6dbad8dc - - - -] No more DHCP agents
2026-06-25 23:34:17.697 9 WARNING neutron.api.rpc.agentnotifiers.dhcp_rpc_agent_api [None req-b1237671-6d10-44a7-9dea-f371371150df 003ad2d926334eeebbadfe659e81a5b5 ec35b6928f2846f4943e2fbc6dbad8dc - - - -] Unable to schedule network 07e37ad0-790d-445f-8e30-23b81f61b800: no agents available; will retry on subsequent port and subnet creation events.
2026-06-25 23:34:17.932 9 INFO neutron.wsgi [-] 10.0.0.37 "GET / HTTP/1.1" status: 200 len: 247 time: 0.0024073
2026-06-25 23:34:17.935 9 INFO neutron.wsgi [-] 10.0.0.37 "GET / HTTP/1.1" status: 200 len: 247 time: 0.0014639
2026-06-25 23:34:18.011 10 INFO neutron.wsgi [None req-cb2ba7b2-a77b-40fa-b6cc-325b92533a75 1f3d611d4dd2416c8ffa924f0250b7cc 403abb8459364d19826582243e4210c8 - - - -] 10.0.0.23 "DELETE /v2.0/networks/67a16b04-6697-4ef8-bf14-abed0b4077a3 HTTP/1.1" status: 204 len: 168 time: 0.3703520
2026-06-25 23:34:18.189 9 INFO neutron.db.l3_db [None req-b1237671-6d10-44a7-9dea-f371371150df 003ad2d926334eeebbadfe659e81a5b5 ec35b6928f2846f4943e2fbc6dbad8dc - - - -] Floating IP 7a8bd883-04b6-40dc-9dcc-c2bd3513e7bf associated. External IP: 10.96.250.204, port: 7809f217-d348-4818-9160-ab886892ef27.
2026-06-25 23:34:18.430 9 INFO neutron.db.ovn_revision_numbers_db [None req-b1237671-6d10-44a7-9dea-f371371150df 003ad2d926334eeebbadfe659e81a5b5 ec35b6928f2846f4943e2fbc6dbad8dc - - - -] Successfully bumped revision number for resource 7a8bd883-04b6-40dc-9dcc-c2bd3513e7bf (type: floatingips) to 0
2026-06-25 23:34:18.550 9 INFO neutron.db.ovn_revision_numbers_db [None req-b1237671-6d10-44a7-9dea-f371371150df 003ad2d926334eeebbadfe659e81a5b5 ec35b6928f2846f4943e2fbc6dbad8dc - - - -] Successfully bumped revision number for resource 7a8bd883-04b6-40dc-9dcc-c2bd3513e7bf (type: floatingips) to 1
2026-06-25 23:34:18.601 9 INFO neutron.wsgi [None req-b1237671-6d10-44a7-9dea-f371371150df 003ad2d926334eeebbadfe659e81a5b5 ec35b6928f2846f4943e2fbc6dbad8dc - - - -] 10.0.0.23 "POST /v2.0/floatingips HTTP/1.1" status: 201 len: 1042 time: 1.6086187 /var/lib/openstack/lib/python3.10/site-packages/pycadf/identifier.py:71: UserWarning: Invalid uuid: neutron. To ensure interoperability, identifiers should be a valid uuid. warnings.warn(('Invalid uuid: %s. To ensure interoperability, '
2026-06-25 23:34:18.690 9 INFO neutron.wsgi [None req-21b94e8c-3399-4d33-b7d7-b14f3e32dd0a 003ad2d926334eeebbadfe659e81a5b5 ec35b6928f2846f4943e2fbc6dbad8dc - - default default] 10.0.0.23 "GET /v2.0/floatingips/7a8bd883-04b6-40dc-9dcc-c2bd3513e7bf HTTP/1.1" status: 200 len: 1039 time: 0.0814095
2026-06-25 23:34:18.785 9 INFO neutron.wsgi [None req-567971e3-1521-4a9e-9e88-df562f772fbc 003ad2d926334eeebbadfe659e81a5b5 ec35b6928f2846f4943e2fbc6dbad8dc - - default default] 10.0.0.23 "GET /v2.0/floatingips HTTP/1.1" status: 200 len: 1042 time: 0.0892453
2026-06-25 23:34:19.001 10 WARNING neutron.plugins.ml2.drivers.ovn.mech_driver.ovsdb.ovn_client [None req-56e06cab-88df-4a0c-9f6c-9609ea2afd09 - - - - - -] No hosting information found for port f4851398-73cc-43de-95b1-67f56db0cdea: RuntimeError: No hosting information found for port f4851398-73cc-43de-95b1-67f56db0cdea
2026-06-25 23:34:19.002 10 INFO neutron.plugins.ml2.drivers.ovn.mech_driver.mech_driver [None req-56e06cab-88df-4a0c-9f6c-9609ea2afd09 - - - - - -] OVN reports status up for port: 32236d40-e4fe-4a21-b642-5d5b592b9853
2026-06-25 23:34:19.012 10 INFO neutron.plugins.ml2.plugin [None req-56e06cab-88df-4a0c-9f6c-9609ea2afd09 - - - - - -] Attempt 1 to provision port 32236d40-e4fe-4a21-b642-5d5b592b9853
2026-06-25 23:34:19.104 10 INFO neutron.wsgi [None req-6dc609b6-265c-43a9-92a7-7ef4934e0c22 1f3d611d4dd2416c8ffa924f0250b7cc 403abb8459364d19826582243e4210c8 - - - -] 10.0.0.23 "DELETE /v2.0/networks/598b3af2-b79c-4af0-a9db-178248a915a4 HTTP/1.1" status: 204 len: 168 time: 1.0861924
2026-06-25 23:34:19.146 9 INFO neutron.db.l3_db [None req-699571b7-1256-46e9-98f8-b940bd5597a8 003ad2d926334eeebbadfe659e81a5b5 ec35b6928f2846f4943e2fbc6dbad8dc - - - -] Floating IP 7a8bd883-04b6-40dc-9dcc-c2bd3513e7bf associated. External IP: 10.96.250.204, port: 7809f217-d348-4818-9160-ab886892ef27.
2026-06-25 23:34:19.205 10 INFO neutron.services.segments.plugin [-] Segment 234f5960-ff56-40c5-ac06-f09d8b07c8f9 resource provider aggregate not found
2026-06-25 23:34:19.210 10 INFO neutron.services.segments.plugin [-] Segment 234f5960-ff56-40c5-ac06-f09d8b07c8f9 resource provider aggregate not found
2026-06-25 23:34:19.224 10 INFO neutron.services.segments.plugin [-] Segment 234f5960-ff56-40c5-ac06-f09d8b07c8f9 resource provider not found; error: Placement Client Error (4xx): {"errors": [{"status": 404, "title": "Not Found", "detail": "The resource could not be found.\n\n No resource provider with uuid 234f5960-ff56-40c5-ac06-f09d8b07c8f9 found for delete ", "request_id": "req-c2cc4f82-40e8-4fc8-8c8b-1d781fa0ef6b"}]}
2026-06-25 23:34:19.235 10 INFO neutron.services.segments.plugin [-] Segment 234f5960-ff56-40c5-ac06-f09d8b07c8f9 resource provider not found; error: Placement Client Error (4xx): {"errors": [{"status": 404, "title": "Not Found", "detail": "The resource could not be found.\n\n No resource provider with uuid 234f5960-ff56-40c5-ac06-f09d8b07c8f9 found for delete ", "request_id": "req-8618997b-3e23-4a8d-9f49-ccd649bd8cf1"}]}
2026-06-25 23:34:19.248 10 INFO neutron.services.segments.plugin [-] Segment 27590573-988f-49ed-9da5-fb7b82cf9e37 resource provider aggregate not found
2026-06-25 23:34:19.252 10 INFO neutron.services.segments.plugin [-] Segment 27590573-988f-49ed-9da5-fb7b82cf9e37 resource provider aggregate not found
2026-06-25 23:34:19.272 10 INFO neutron.services.segments.plugin [-] Segment 27590573-988f-49ed-9da5-fb7b82cf9e37 resource provider not found; error: Placement Client Error (4xx): {"errors": [{"status": 404, "title": "Not Found", "detail": "The resource could not be found.\n\n No resource provider with uuid 27590573-988f-49ed-9da5-fb7b82cf9e37 found for delete ", "request_id": "req-36f2e261-23d6-4a52-92e1-8e2d1b07f505"}]}
2026-06-25 23:34:19.297 10 INFO neutron.services.segments.plugin [-] Segment 6603056b-26f4-420c-bb03-f6d9429a642f resource provider aggregate not found
2026-06-25 23:34:19.365 10 INFO neutron.services.segments.plugin [-] Segment 27590573-988f-49ed-9da5-fb7b82cf9e37 resource provider not found; error: Placement Client Error (4xx): {"errors": [{"status": 404, "title": "Not Found", "detail": "The resource could not be found.\n\n No resource provider with uuid 27590573-988f-49ed-9da5-fb7b82cf9e37 found for delete ", "request_id": "req-c17af52d-e871-4705-bb2b-67bfd31e1c5b"}]}
2026-06-25 23:34:19.416 10 INFO neutron.services.segments.plugin [-] Segment 6603056b-26f4-420c-bb03-f6d9429a642f resource provider aggregate not found
2026-06-25 23:34:19.425 10 INFO neutron.db.ovn_revision_numbers_db [None req-56e06cab-88df-4a0c-9f6c-9609ea2afd09 - - - - - -] Successfully bumped revision number for resource 32236d40-e4fe-4a21-b642-5d5b592b9853 (type: ports) to 3
2026-06-25 23:34:19.437 10 INFO neutron.services.segments.plugin [-] Segment 6603056b-26f4-420c-bb03-f6d9429a642f resource provider not found; error: Placement Client Error (4xx): {"errors": [{"status": 404, "title": "Not Found", "detail": "The resource could not be found.\n\n No resource provider with uuid 6603056b-26f4-420c-bb03-f6d9429a642f found for delete ", "request_id": "req-fd09836c-aaf3-4d54-bc05-08b962d78f72"}]}
2026-06-25 23:34:19.454 9 INFO neutron.db.ovn_revision_numbers_db [None req-699571b7-1256-46e9-98f8-b940bd5597a8 003ad2d926334eeebbadfe659e81a5b5 ec35b6928f2846f4943e2fbc6dbad8dc - - - -] Successfully bumped revision number for resource 7a8bd883-04b6-40dc-9dcc-c2bd3513e7bf (type: floatingips) to 2
2026-06-25 23:34:19.458 10 INFO neutron.services.segments.plugin [-] Segment 6603056b-26f4-420c-bb03-f6d9429a642f resource provider not found; error: Placement Client Error (4xx): {"errors": [{"status": 404, "title": "Not Found", "detail": "The resource could not be found.\n\n No resource provider with uuid 6603056b-26f4-420c-bb03-f6d9429a642f found for delete ", "request_id": "req-1a9d5122-f21d-458a-bf7c-edd2d7870019"}]}
2026-06-25 23:34:19.540 9 INFO neutron.db.ovn_revision_numbers_db [None req-699571b7-1256-46e9-98f8-b940bd5597a8 003ad2d926334eeebbadfe659e81a5b5 ec35b6928f2846f4943e2fbc6dbad8dc - - - -] Successfully bumped revision number for resource 7a8bd883-04b6-40dc-9dcc-c2bd3513e7bf (type: floatingips) to 3
2026-06-25 23:34:19.543 10 INFO neutron.db.ovn_revision_numbers_db [None req-56e06cab-88df-4a0c-9f6c-9609ea2afd09 - - - - - -] Successfully bumped revision number for resource 32236d40-e4fe-4a21-b642-5d5b592b9853 (type: router_ports) to 3
2026-06-25 23:34:19.609 9 INFO neutron.wsgi [None req-699571b7-1256-46e9-98f8-b940bd5597a8 003ad2d926334eeebbadfe659e81a5b5 ec35b6928f2846f4943e2fbc6dbad8dc - - - -] 10.0.0.23 "PUT /v2.0/floatingips/7a8bd883-04b6-40dc-9dcc-c2bd3513e7bf HTTP/1.1" status: 200 len: 1037 time: 0.8159566 /var/lib/openstack/lib/python3.10/site-packages/pycadf/identifier.py:71: UserWarning: Invalid uuid: neutron. To ensure interoperability, identifiers should be a valid uuid. warnings.warn(('Invalid uuid: %s. To ensure interoperability, '
2026-06-25 23:34:19.762 9 INFO neutron.db.l3_db [None req-bb98af3d-4476-4b68-969a-d006dbdbaa84 003ad2d926334eeebbadfe659e81a5b5 ec35b6928f2846f4943e2fbc6dbad8dc - - - -] Floating IP 7a8bd883-04b6-40dc-9dcc-c2bd3513e7bf disassociated. External IP: 10.96.250.204, port: d83de6ba-042c-4a59-973b-4ecea9edfe0e.
2026-06-25 23:34:19.819 9 INFO neutron.db.ovn_revision_numbers_db [None req-bb98af3d-4476-4b68-969a-d006dbdbaa84 003ad2d926334eeebbadfe659e81a5b5 ec35b6928f2846f4943e2fbc6dbad8dc - - - -] Successfully bumped revision number for resource 7a8bd883-04b6-40dc-9dcc-c2bd3513e7bf (type: floatingips) to 4
2026-06-25 23:34:19.913 9 INFO neutron.wsgi [None req-bb98af3d-4476-4b68-969a-d006dbdbaa84 003ad2d926334eeebbadfe659e81a5b5 ec35b6928f2846f4943e2fbc6dbad8dc - - - -] 10.0.0.23 "PUT /v2.0/floatingips/7a8bd883-04b6-40dc-9dcc-c2bd3513e7bf HTTP/1.1" status: 200 len: 748 time: 0.2960939 /var/lib/openstack/lib/python3.10/site-packages/pycadf/identifier.py:71: UserWarning: Invalid uuid: neutron. To ensure interoperability, identifiers should be a valid uuid. warnings.warn(('Invalid uuid: %s. To ensure interoperability, '
2026-06-25 23:34:19.985 10 INFO neutron.wsgi [None req-d8fb6368-dd15-42e1-8201-5c8af76786f4 eb385586f3e7424ca61f8366f483a2e1 5e6f572533a8440b9f7d5c9b69bf8a4b - - default default] 10.0.0.23 "GET /v2.0/security-groups?tenant_id=403abb8459364d19826582243e4210c8&name=default HTTP/1.1" status: 200 len: 2996 time: 0.1969163
2026-06-25 23:34:20.087 10 INFO neutron.db.ovn_revision_numbers_db [None req-864dce02-5a01-4bf6-ac9d-5359aa6d88ab eb385586f3e7424ca61f8366f483a2e1 5e6f572533a8440b9f7d5c9b69bf8a4b - - default default] Successfully bumped revision number for resource 14da37a1-a666-4534-8749-bd3aa47f2f6e (type: security_groups) to 1
2026-06-25 23:34:20.117 10 INFO neutron.wsgi [None req-864dce02-5a01-4bf6-ac9d-5359aa6d88ab eb385586f3e7424ca61f8366f483a2e1 5e6f572533a8440b9f7d5c9b69bf8a4b - - default default] 10.0.0.23 "GET /v2.0/security-groups?tenant_id=50c709242b9f42c88998dab1653ff9e3&name=default HTTP/1.1" status: 200 len: 2996 time: 0.1904233
2026-06-25 23:34:20.248 10 INFO neutron.wsgi [None req-0638f5a1-b7bc-4d39-9c7a-0a43c29eaf02 eb385586f3e7424ca61f8366f483a2e1 5e6f572533a8440b9f7d5c9b69bf8a4b - - - -] 10.0.0.23 "DELETE /v2.0/security-groups/e4178069-9c80-4e21-8410-0e9db91ac684 HTTP/1.1" status: 204 len: 168 time: 0.2586730
2026-06-25 23:34:20.329 9 INFO neutron.wsgi [None req-ab10cb34-32c9-4b1e-b9f9-2afb1753c0e4 003ad2d926334eeebbadfe659e81a5b5 ec35b6928f2846f4943e2fbc6dbad8dc - - - -] 10.0.0.23 "DELETE /v2.0/floatingips/7a8bd883-04b6-40dc-9dcc-c2bd3513e7bf HTTP/1.1" status: 204 len: 168 time: 0.4104524
2026-06-25 23:34:20.377 10 INFO neutron.api.v2.resource [None req-2fb043fd-99c1-4de8-943c-065a76fcf5c5 003ad2d926334eeebbadfe659e81a5b5 ec35b6928f2846f4943e2fbc6dbad8dc - - - -] delete failed (client error): The resource could not be found.
2026-06-25 23:34:20.378 10 INFO neutron.wsgi [None req-2fb043fd-99c1-4de8-943c-065a76fcf5c5 003ad2d926334eeebbadfe659e81a5b5 ec35b6928f2846f4943e2fbc6dbad8dc - - - -] 10.0.0.23 "DELETE /v2.0/floatingips/7a8bd883-04b6-40dc-9dcc-c2bd3513e7bf HTTP/1.1" status: 404 len: 345 time: 0.0374641
2026-06-25 23:34:20.409 10 INFO neutron.wsgi [None req-190f21e9-65be-4377-8fb6-c47ffc073942 eb385586f3e7424ca61f8366f483a2e1 5e6f572533a8440b9f7d5c9b69bf8a4b - - - -] 10.0.0.23 "DELETE /v2.0/security-groups/14da37a1-a666-4534-8749-bd3aa47f2f6e HTTP/1.1" status: 204 len: 168 time: 0.2856390
