2026-06-25 23:33:20.166 9 INFO neutron.wsgi [req-aaa4a471-71dc-4064-9a12-f351b4654440 req-70b12629-ca7a-466c-ad67-02967c277654 1bf0bf7383824236ab525885a13cb0f1 8d834ce1edcd424b979bd11228a6b076 - - default default] 10.0.0.211 "GET /v2.0/ports?device_id=adc53bae-ae7e-435c-a31b-94452b2c7195 HTTP/1.1" status: 200 len: 210 time: 0.0255694
2026-06-25 23:33:20.170 10 INFO neutron.db.ovn_revision_numbers_db [None req-56e06cab-88df-4a0c-9f6c-9609ea2afd09 - - - - - -] Successfully bumped revision number for resource cf076332-3a3d-4f67-a50d-62f10bc74e2f (type: ports) to 5
2026-06-25 23:33:20.213 10 INFO neutron.wsgi [req-2b85e35d-648b-49cc-880a-cfc802e6809e req-b205ccef-ae16-422b-a096-5376efb7bbc4 4725594f430f438090195acdb0d905ed c4f62d2435eb4917933c3c2d90ed7469 - - default default] 10.0.0.211 "GET /v2.0/ports?device_id=bc45bbd4-ec03-4d24-965c-dfc5cea51fca HTTP/1.1" status: 200 len: 1168 time: 0.0402088
2026-06-25 23:33:20.260 10 INFO neutron.wsgi [req-2b85e35d-648b-49cc-880a-cfc802e6809e req-5d65803d-d232-4fed-ad43-f2a81fe775dc 4725594f430f438090195acdb0d905ed c4f62d2435eb4917933c3c2d90ed7469 - - default default] 10.0.0.211 "GET /v2.0/security-groups?id=cb74c00e-26d3-47f2-a609-e30b97d7fce4&fields=id&fields=name HTTP/1.1" status: 200 len: 312 time: 0.0354981
2026-06-25 23:33:20.261 9 INFO neutron.wsgi [None req-341c8684-0260-491d-8f9d-7c4be170d687 eb385586f3e7424ca61f8366f483a2e1 5e6f572533a8440b9f7d5c9b69bf8a4b - - default default] 10.0.0.23 "GET /v2.0/security-groups?tenant_id=38cd13e69ba44c059d22935d463d4c84&name=default HTTP/1.1" status: 200 len: 2992 time: 0.0407753 /var/lib/openstack/lib/python3.10/site-packages/pycadf/identifier.py:71: UserWarning: Invalid uuid: neutron. To ensure interoperability, identifiers should be a valid uuid. warnings.warn(('Invalid uuid: %s. To ensure interoperability, '
2026-06-25 23:33:20.351 10 INFO neutron.plugins.ml2.drivers.ovn.mech_driver.mech_driver [None req-56e06cab-88df-4a0c-9f6c-9609ea2afd09 - - - - - -] OVN reports status up for port: cf076332-3a3d-4f67-a50d-62f10bc74e2f
2026-06-25 23:33:20.372 10 INFO neutron.plugins.ml2.plugin [None req-56e06cab-88df-4a0c-9f6c-9609ea2afd09 - - - - - -] Attempt 1 to provision port cf076332-3a3d-4f67-a50d-62f10bc74e2f
2026-06-25 23:33:20.389 9 INFO neutron.db.ovn_revision_numbers_db [None req-107619c0-98e9-4a08-8793-7ebfe570eee4 eb385586f3e7424ca61f8366f483a2e1 5e6f572533a8440b9f7d5c9b69bf8a4b - - default default] Successfully bumped revision number for resource e08bfc8a-83fd-4cd8-85d0-f2fcef43713f (type: security_groups) to 1
2026-06-25 23:33:20.414 9 INFO neutron.wsgi [None req-107619c0-98e9-4a08-8793-7ebfe570eee4 eb385586f3e7424ca61f8366f483a2e1 5e6f572533a8440b9f7d5c9b69bf8a4b - - default default] 10.0.0.23 "GET /v2.0/security-groups?tenant_id=b030baede94c4a77bcbcb79bdc218b78&name=default HTTP/1.1" status: 200 len: 2996 time: 0.1732221
2026-06-25 23:33:20.566 10 INFO neutron.wsgi [None req-1b18ccf2-b96b-4cca-bb91-01b544208d6d eb385586f3e7424ca61f8366f483a2e1 5e6f572533a8440b9f7d5c9b69bf8a4b - - - -] 10.0.0.23 "DELETE /v2.0/security-groups/5b3a74c6-000f-4fee-a0f2-796a03fe7288 HTTP/1.1" status: 204 len: 168 time: 0.2967663
2026-06-25 23:33:20.665 9 INFO neutron.wsgi [None req-9bf440ca-92be-49af-92d9-566d08664597 eb385586f3e7424ca61f8366f483a2e1 5e6f572533a8440b9f7d5c9b69bf8a4b - - - -] 10.0.0.23 "DELETE /v2.0/security-groups/e08bfc8a-83fd-4cd8-85d0-f2fcef43713f HTTP/1.1" status: 204 len: 168 time: 0.2416267
2026-06-25 23:33:20.667 10 INFO neutron.db.ovn_revision_numbers_db [None req-56e06cab-88df-4a0c-9f6c-9609ea2afd09 - - - - - -] Successfully bumped revision number for resource cf076332-3a3d-4f67-a50d-62f10bc74e2f (type: ports) to 6 /var/lib/openstack/lib/python3.10/site-packages/pycadf/identifier.py:71: UserWarning: Invalid uuid: neutron. To ensure interoperability, identifiers should be a valid uuid. warnings.warn(('Invalid uuid: %s. To ensure interoperability, '
2026-06-25 23:33:21.392 10 INFO neutron.wsgi [req-5e13c9cf-bcb3-497b-9a54-d34866f85673 req-fdaa13bc-2d7f-4bba-9b41-148ebe1b3f30 4725594f430f438090195acdb0d905ed c4f62d2435eb4917933c3c2d90ed7469 - - default default] 10.0.0.211 "GET /v2.0/ports?device_id=bc45bbd4-ec03-4d24-965c-dfc5cea51fca HTTP/1.1" status: 200 len: 1170 time: 0.0480931
2026-06-25 23:33:21.460 10 INFO neutron.wsgi [req-5e13c9cf-bcb3-497b-9a54-d34866f85673 req-bd3b538d-d649-48b2-ac9b-c22afc192fcc 4725594f430f438090195acdb0d905ed c4f62d2435eb4917933c3c2d90ed7469 - - default default] 10.0.0.211 "GET /v2.0/security-groups?id=cb74c00e-26d3-47f2-a609-e30b97d7fce4&fields=id&fields=name HTTP/1.1" status: 200 len: 312 time: 0.0531986
2026-06-25 23:33:22.416 10 INFO neutron.notifiers.nova [-] Nova event matching ['req-e02927dc-69d6-40f4-9254-35466fe7da78'] response: {'server_uuid': 'bc45bbd4-ec03-4d24-965c-dfc5cea51fca', 'name': 'network-vif-plugged', 'status': 'completed', 'tag': 'cf076332-3a3d-4f67-a50d-62f10bc74e2f', 'code': 200}
2026-06-25 23:33:22.417 10 INFO neutron.notifiers.nova [-] Nova event matching ['req-e02927dc-69d6-40f4-9254-35466fe7da78'] response: {'server_uuid': 'bc45bbd4-ec03-4d24-965c-dfc5cea51fca', 'name': 'network-vif-plugged', 'status': 'completed', 'tag': 'cf076332-3a3d-4f67-a50d-62f10bc74e2f', 'code': 200}
2026-06-25 23:33:22.417 10 INFO neutron.notifiers.nova [-] Nova event matching ['req-e02927dc-69d6-40f4-9254-35466fe7da78'] response: {'server_uuid': 'bc45bbd4-ec03-4d24-965c-dfc5cea51fca', 'name': 'network-vif-plugged', 'status': 'completed', 'tag': 'cf076332-3a3d-4f67-a50d-62f10bc74e2f', 'code': 200}
2026-06-25 23:33:22.619 10 INFO neutron.wsgi [req-e1d52dd5-ab11-4e2a-9dc7-b6ef0e72cc29 req-d99fd31a-4cc1-4265-9715-79f0d4e6129f 4725594f430f438090195acdb0d905ed c4f62d2435eb4917933c3c2d90ed7469 - - default default] 10.0.0.211 "GET /v2.0/ports?device_id=bc45bbd4-ec03-4d24-965c-dfc5cea51fca HTTP/1.1" status: 200 len: 1170 time: 0.0628214
2026-06-25 23:33:22.722 10 INFO neutron.wsgi [req-e1d52dd5-ab11-4e2a-9dc7-b6ef0e72cc29 req-a86c7739-d223-4776-9b36-e11c01202d94 4725594f430f438090195acdb0d905ed c4f62d2435eb4917933c3c2d90ed7469 - - default default] 10.0.0.211 "GET /v2.0/security-groups?id=cb74c00e-26d3-47f2-a609-e30b97d7fce4&fields=id&fields=name HTTP/1.1" status: 200 len: 312 time: 0.0927083
2026-06-25 23:33:22.827 10 INFO neutron.db.ovn_revision_numbers_db [None req-757ca816-8564-4fcb-8cb8-0e40181d31fe eb385586f3e7424ca61f8366f483a2e1 5e6f572533a8440b9f7d5c9b69bf8a4b - - - -] Successfully bumped revision number for resource 2c011b93-6ccf-482c-9b41-7c001ebb160a (type: security_groups) to 1
2026-06-25 23:33:22.955 10 INFO neutron.db.segments_db [None req-757ca816-8564-4fcb-8cb8-0e40181d31fe eb385586f3e7424ca61f8366f483a2e1 5e6f572533a8440b9f7d5c9b69bf8a4b - - - -] Added segment 7bbe08ce-92c7-4642-adef-7d5a2429b1fc of type geneve for network 665b617b-9b69-4750-8c0a-90e1438c10b5
2026-06-25 23:33:23.028 10 INFO neutron.wsgi [None req-d00d0a7d-5971-47b6-815e-233e35005f45 eb385586f3e7424ca61f8366f483a2e1 5e6f572533a8440b9f7d5c9b69bf8a4b - - - -] 10.0.0.23 "PUT /v2.0/routers/b01dd85c-04aa-4b78-a18f-85a71d32cbed/remove_router_interface HTTP/1.1" status: 200 len: 503 time: 1.8018725
2026-06-25 23:33:23.127 10 INFO neutron.db.ovn_revision_numbers_db [None req-757ca816-8564-4fcb-8cb8-0e40181d31fe eb385586f3e7424ca61f8366f483a2e1 5e6f572533a8440b9f7d5c9b69bf8a4b - - - -] Successfully bumped revision number for resource 665b617b-9b69-4750-8c0a-90e1438c10b5 (type: networks) to 1
2026-06-25 23:33:23.327 10 WARNING neutron.scheduler.dhcp_agent_scheduler [None req-757ca816-8564-4fcb-8cb8-0e40181d31fe eb385586f3e7424ca61f8366f483a2e1 5e6f572533a8440b9f7d5c9b69bf8a4b - - - -] No more DHCP agents
2026-06-25 23:33:23.328 10 WARNING neutron.api.rpc.agentnotifiers.dhcp_rpc_agent_api [None req-757ca816-8564-4fcb-8cb8-0e40181d31fe eb385586f3e7424ca61f8366f483a2e1 5e6f572533a8440b9f7d5c9b69bf8a4b - - - -] Unable to schedule network 665b617b-9b69-4750-8c0a-90e1438c10b5: no agents available; will retry on subsequent port and subnet creation events.
2026-06-25 23:33:23.405 10 INFO neutron.db.ovn_revision_numbers_db [None req-757ca816-8564-4fcb-8cb8-0e40181d31fe eb385586f3e7424ca61f8366f483a2e1 5e6f572533a8440b9f7d5c9b69bf8a4b - - - -] Successfully bumped revision number for resource a2c5bc81-e20e-4c5c-b600-6cf82f82643e (type: ports) to 1
2026-06-25 23:33:23.424 10 INFO neutron.wsgi [None req-757ca816-8564-4fcb-8cb8-0e40181d31fe eb385586f3e7424ca61f8366f483a2e1 5e6f572533a8440b9f7d5c9b69bf8a4b - - - -] 10.0.0.23 "POST /v2.0/networks HTTP/1.1" status: 201 len: 942 time: 0.9746890 /var/lib/openstack/lib/python3.10/site-packages/pycadf/identifier.py:71: UserWarning: Invalid uuid: neutron. To ensure interoperability, identifiers should be a valid uuid. warnings.warn(('Invalid uuid: %s. To ensure interoperability, '
2026-06-25 23:33:23.578 10 WARNING neutron.scheduler.dhcp_agent_scheduler [None req-615151f9-6c41-4836-a8db-3ac6f2281aa9 eb385586f3e7424ca61f8366f483a2e1 5e6f572533a8440b9f7d5c9b69bf8a4b - - - -] No more DHCP agents
2026-06-25 23:33:23.580 10 WARNING neutron.api.rpc.agentnotifiers.dhcp_rpc_agent_api [None req-615151f9-6c41-4836-a8db-3ac6f2281aa9 eb385586f3e7424ca61f8366f483a2e1 5e6f572533a8440b9f7d5c9b69bf8a4b - - - -] Unable to schedule network 665b617b-9b69-4750-8c0a-90e1438c10b5: no agents available; will retry on subsequent port and subnet creation events.
2026-06-25 23:33:23.735 9 INFO neutron.wsgi [None req-208992d4-c977-4f58-ac27-3de889af10db eb385586f3e7424ca61f8366f483a2e1 5e6f572533a8440b9f7d5c9b69bf8a4b - - - -] 10.0.0.23 "DELETE /v2.0/routers/b01dd85c-04aa-4b78-a18f-85a71d32cbed HTTP/1.1" status: 204 len: 168 time: 0.6990507
2026-06-25 23:33:23.962 9 INFO neutron.wsgi [None req-3b0a3ca2-b616-4a54-b080-dec2fa2aaaa8 eb385586f3e7424ca61f8366f483a2e1 5e6f572533a8440b9f7d5c9b69bf8a4b - - - -] 10.0.0.23 "DELETE /v2.0/subnets/3bff7a07-216a-4703-87d5-3cda458e788f HTTP/1.1" status: 204 len: 168 time: 0.2210059
2026-06-25 23:33:24.101 10 INFO neutron.db.ovn_revision_numbers_db [None req-615151f9-6c41-4836-a8db-3ac6f2281aa9 eb385586f3e7424ca61f8366f483a2e1 5e6f572533a8440b9f7d5c9b69bf8a4b - - - -] Successfully bumped revision number for resource a2c5bc81-e20e-4c5c-b600-6cf82f82643e (type: ports) to 2
2026-06-25 23:33:24.115 10 INFO neutron.db.ovn_revision_numbers_db [None req-615151f9-6c41-4836-a8db-3ac6f2281aa9 eb385586f3e7424ca61f8366f483a2e1 5e6f572533a8440b9f7d5c9b69bf8a4b - - - -] Successfully bumped revision number for resource 58a4f9e3-5b2a-4140-ae40-240a25aed1d4 (type: subnets) to 0
2026-06-25 23:33:24.128 10 INFO neutron.wsgi [None req-615151f9-6c41-4836-a8db-3ac6f2281aa9 eb385586f3e7424ca61f8366f483a2e1 5e6f572533a8440b9f7d5c9b69bf8a4b - - - -] 10.0.0.23 "POST /v2.0/subnets HTTP/1.1" status: 201 len: 862 time: 0.6972582
2026-06-25 23:33:24.690 10 WARNING neutron.scheduler.dhcp_agent_scheduler [None req-29572b1f-7016-4c19-845a-21c9d8c270d3 eb385586f3e7424ca61f8366f483a2e1 5e6f572533a8440b9f7d5c9b69bf8a4b - - - -] No more DHCP agents
2026-06-25 23:33:24.691 10 WARNING neutron.api.rpc.agentnotifiers.dhcp_rpc_agent_api [None req-29572b1f-7016-4c19-845a-21c9d8c270d3 eb385586f3e7424ca61f8366f483a2e1 5e6f572533a8440b9f7d5c9b69bf8a4b - - - -] Unable to schedule network 07e37ad0-790d-445f-8e30-23b81f61b800: no agents available; will retry on subsequent port and subnet creation events.
2026-06-25 23:33:24.758 9 INFO neutron.services.segments.plugin [-] Segment a0116538-3f42-4fe3-81f8-bbfb26dae108 resource provider aggregate not found
2026-06-25 23:33:24.763 9 INFO neutron.services.segments.plugin [-] Segment a0116538-3f42-4fe3-81f8-bbfb26dae108 resource provider aggregate not found
2026-06-25 23:33:24.789 9 INFO neutron.services.segments.plugin [-] Segment a0116538-3f42-4fe3-81f8-bbfb26dae108 resource provider not found; error: Placement Client Error (4xx): {"errors": [{"status": 404, "title": "Not Found", "detail": "The resource could not be found.\n\n No resource provider with uuid a0116538-3f42-4fe3-81f8-bbfb26dae108 found for delete ", "request_id": "req-5cf91497-8e2d-49a6-9a41-923cafcd66cc"}]}
2026-06-25 23:33:24.796 9 INFO neutron.services.segments.plugin [-] Segment a0116538-3f42-4fe3-81f8-bbfb26dae108 resource provider not found; error: Placement Client Error (4xx): {"errors": [{"status": 404, "title": "Not Found", "detail": "The resource could not be found.\n\n No resource provider with uuid a0116538-3f42-4fe3-81f8-bbfb26dae108 found for delete ", "request_id": "req-89f42264-bc7f-4be2-b034-a0d611bda90c"}]}
2026-06-25 23:33:24.813 9 INFO neutron.wsgi [None req-742d9ec9-7b1e-4633-b65c-2971501a3431 eb385586f3e7424ca61f8366f483a2e1 5e6f572533a8440b9f7d5c9b69bf8a4b - - - -] 10.0.0.23 "DELETE /v2.0/networks/8036df23-395d-4284-ac8b-1519f931b613 HTTP/1.1" status: 204 len: 168 time: 0.8456166
2026-06-25 23:33:24.838 10 INFO neutron.db.ovn_revision_numbers_db [None req-29572b1f-7016-4c19-845a-21c9d8c270d3 eb385586f3e7424ca61f8366f483a2e1 5e6f572533a8440b9f7d5c9b69bf8a4b - - - -] Successfully bumped revision number for resource 81d74776-b9bb-4e5b-a3d0-de5d9e75eb7c (type: ports) to 1
2026-06-25 23:33:25.113 9 INFO neutron.wsgi [None req-7b996aed-f1db-4919-ad8f-b05d4e74805f eb385586f3e7424ca61f8366f483a2e1 5e6f572533a8440b9f7d5c9b69bf8a4b - - default default] 10.0.0.23 "GET /v2.0/security-groups?tenant_id=8d834ce1edcd424b979bd11228a6b076&name=default HTTP/1.1" status: 200 len: 2996 time: 0.0274556
2026-06-25 23:33:25.278 9 INFO neutron.wsgi [None req-907b16d0-8160-4f69-915f-c6deef1bee29 eb385586f3e7424ca61f8366f483a2e1 5e6f572533a8440b9f7d5c9b69bf8a4b - - - -] 10.0.0.23 "DELETE /v2.0/security-groups/c6995ff0-7746-487e-a81f-dbf694a45cff HTTP/1.1" status: 204 len: 168 time: 0.1493206
2026-06-25 23:33:25.535 9 INFO neutron.plugins.ml2.drivers.ovn.mech_driver.mech_driver [None req-af23856a-b697-49de-96a5-efa60640ed41 - - - - - -] OVN reports status up for port: 81d74776-b9bb-4e5b-a3d0-de5d9e75eb7c
2026-06-25 23:33:25.547 9 INFO neutron.plugins.ml2.drivers.ovn.mech_driver.ovsdb.ovsdb_monitor [None req-64ee1026-ea86-45b1-9f4e-62e0590bb4ee - - - - - -] Router e6fb6b7d-2de1-4785-9398-54b70977cd55 is bound to host instance
2026-06-25 23:33:25.551 10 INFO neutron.db.ovn_revision_numbers_db [None req-29572b1f-7016-4c19-845a-21c9d8c270d3 eb385586f3e7424ca61f8366f483a2e1 5e6f572533a8440b9f7d5c9b69bf8a4b - - - -] Successfully bumped revision number for resource 81d74776-b9bb-4e5b-a3d0-de5d9e75eb7c (type: router_ports) to 1
2026-06-25 23:33:25.552 9 INFO neutron.plugins.ml2.plugin [None req-af23856a-b697-49de-96a5-efa60640ed41 - - - - - -] Attempt 1 to provision port 81d74776-b9bb-4e5b-a3d0-de5d9e75eb7c
2026-06-25 23:33:25.968 10 INFO neutron.db.ovn_revision_numbers_db [None req-29572b1f-7016-4c19-845a-21c9d8c270d3 eb385586f3e7424ca61f8366f483a2e1 5e6f572533a8440b9f7d5c9b69bf8a4b - - - -] Successfully bumped revision number for resource e6fb6b7d-2de1-4785-9398-54b70977cd55 (type: routers) to 3
2026-06-25 23:33:25.984 10 INFO neutron.wsgi [None req-29572b1f-7016-4c19-845a-21c9d8c270d3 eb385586f3e7424ca61f8366f483a2e1 5e6f572533a8440b9f7d5c9b69bf8a4b - - - -] 10.0.0.23 "POST /v2.0/routers HTTP/1.1" status: 201 len: 873 time: 1.8484290
2026-06-25 23:33:26.170 9 INFO neutron.db.ovn_revision_numbers_db [None req-64ee1026-ea86-45b1-9f4e-62e0590bb4ee - - - - - -] Successfully bumped revision number for resource 81d74776-b9bb-4e5b-a3d0-de5d9e75eb7c (type: ports) to 1
2026-06-25 23:33:26.608 9 INFO neutron.db.ovn_revision_numbers_db [None req-64ee1026-ea86-45b1-9f4e-62e0590bb4ee - - - - - -] Successfully bumped revision number for resource 81d74776-b9bb-4e5b-a3d0-de5d9e75eb7c (type: router_ports) to 3
2026-06-25 23:33:26.680 9 WARNING neutron.scheduler.dhcp_agent_scheduler [None req-3fc4f938-8c9a-4703-bbd1-5c458d1e5175 eb385586f3e7424ca61f8366f483a2e1 5e6f572533a8440b9f7d5c9b69bf8a4b - - default default] No more DHCP agents
2026-06-25 23:33:26.683 9 WARNING neutron.api.rpc.agentnotifiers.dhcp_rpc_agent_api [None req-3fc4f938-8c9a-4703-bbd1-5c458d1e5175 eb385586f3e7424ca61f8366f483a2e1 5e6f572533a8440b9f7d5c9b69bf8a4b - - default default] Unable to schedule network 665b617b-9b69-4750-8c0a-90e1438c10b5: no agents available; will retry on subsequent port and subnet creation events.
2026-06-25 23:33:26.802 9 INFO neutron.db.ovn_revision_numbers_db [None req-64ee1026-ea86-45b1-9f4e-62e0590bb4ee - - - - - -] Successfully bumped revision number for resource 81d74776-b9bb-4e5b-a3d0-de5d9e75eb7c (type: ports) to 2
2026-06-25 23:33:26.869 9 INFO neutron.db.ovn_revision_numbers_db [None req-3fc4f938-8c9a-4703-bbd1-5c458d1e5175 eb385586f3e7424ca61f8366f483a2e1 5e6f572533a8440b9f7d5c9b69bf8a4b - - default default] Successfully bumped revision number for resource 5cec13e3-0d7a-4469-91eb-ee11c8a7b0d1 (type: ports) to 1
2026-06-25 23:33:26.896 10 INFO neutron.db.ovn_revision_numbers_db [None req-f539d575-f64b-4aa4-9361-d38b6a2db65f eb385586f3e7424ca61f8366f483a2e1 5e6f572533a8440b9f7d5c9b69bf8a4b - - default default] Successfully bumped revision number for resource 3715d147-2864-4777-912f-9d8a384981d7 (type: security_groups) to 1
2026-06-25 23:33:26.921 10 INFO neutron.wsgi [None req-f539d575-f64b-4aa4-9361-d38b6a2db65f eb385586f3e7424ca61f8366f483a2e1 5e6f572533a8440b9f7d5c9b69bf8a4b - - default default] 10.0.0.23 "GET /v2.0/security-groups?tenant_id=e27d4a5ca4124b0584a44bb0be14b200&name=default HTTP/1.1" status: 200 len: 2996 time: 0.3238940
2026-06-25 23:33:27.102 9 INFO neutron.db.ovn_revision_numbers_db [None req-64ee1026-ea86-45b1-9f4e-62e0590bb4ee - - - - - -] Successfully bumped revision number for resource 81d74776-b9bb-4e5b-a3d0-de5d9e75eb7c (type: ports) to 4
2026-06-25 23:33:27.135 10 INFO neutron.wsgi [None req-62e66977-a607-4564-a087-1f7daa91435b eb385586f3e7424ca61f8366f483a2e1 5e6f572533a8440b9f7d5c9b69bf8a4b - - - -] 10.0.0.23 "DELETE /v2.0/security-groups/3715d147-2864-4777-912f-9d8a384981d7 HTTP/1.1" status: 204 len: 168 time: 0.2077479
2026-06-25 23:33:27.498 9 INFO neutron.db.ovn_revision_numbers_db [None req-64ee1026-ea86-45b1-9f4e-62e0590bb4ee - - - - - -] Successfully bumped revision number for resource 81d74776-b9bb-4e5b-a3d0-de5d9e75eb7c (type: router_ports) to 4
2026-06-25 23:33:27.519 10 INFO neutron.plugins.ml2.drivers.ovn.mech_driver.mech_driver [None req-56e06cab-88df-4a0c-9f6c-9609ea2afd09 - - - - - -] OVN reports status up for port: 5cec13e3-0d7a-4469-91eb-ee11c8a7b0d1
2026-06-25 23:33:27.539 9 INFO neutron.db.ovn_revision_numbers_db [None req-3fc4f938-8c9a-4703-bbd1-5c458d1e5175 eb385586f3e7424ca61f8366f483a2e1 5e6f572533a8440b9f7d5c9b69bf8a4b - - default default] Successfully bumped revision number for resource 5cec13e3-0d7a-4469-91eb-ee11c8a7b0d1 (type: router_ports) to 2
2026-06-25 23:33:27.540 10 INFO neutron.plugins.ml2.plugin [None req-56e06cab-88df-4a0c-9f6c-9609ea2afd09 - - - - - -] Attempt 1 to provision port 5cec13e3-0d7a-4469-91eb-ee11c8a7b0d1
2026-06-25 23:33:27.559 9 INFO neutron.db.ovn_revision_numbers_db [None req-676c2e27-8142-4b53-a3a9-eb646c4c64fc eb385586f3e7424ca61f8366f483a2e1 5e6f572533a8440b9f7d5c9b69bf8a4b - - default default] Successfully bumped revision number for resource 9919c8f3-f46a-466b-984f-af844ec55b02 (type: security_groups) to 1
2026-06-25 23:33:27.597 9 INFO neutron.wsgi [None req-676c2e27-8142-4b53-a3a9-eb646c4c64fc eb385586f3e7424ca61f8366f483a2e1 5e6f572533a8440b9f7d5c9b69bf8a4b - - default default] 10.0.0.23 "GET /v2.0/security-groups?tenant_id=e9a0be2b39144583b029617171880981&name=default HTTP/1.1" status: 200 len: 2996 time: 0.2656701
2026-06-25 23:33:27.865 10 INFO neutron.db.ovn_revision_numbers_db [None req-56e06cab-88df-4a0c-9f6c-9609ea2afd09 - - - - - -] Successfully bumped revision number for resource 5cec13e3-0d7a-4469-91eb-ee11c8a7b0d1 (type: ports) to 3
2026-06-25 23:33:27.952 10 INFO neutron.db.ovn_revision_numbers_db [None req-56e06cab-88df-4a0c-9f6c-9609ea2afd09 - - - - - -] Successfully bumped revision number for resource 5cec13e3-0d7a-4469-91eb-ee11c8a7b0d1 (type: router_ports) to 3
2026-06-25 23:33:27.988 9 ERROR ovsdbapp.backend.ovs_idl.transaction [None req-3fc4f938-8c9a-4703-bbd1-5c458d1e5175 eb385586f3e7424ca61f8366f483a2e1 5e6f572533a8440b9f7d5c9b69bf8a4b - - default default]
Traceback (most recent call last): File "/var/lib/openstack/lib/python3.10/site-packages/ovsdbapp/backend/ovs_idl/connection.py", line 118, in run txn.results.put(txn.do_commit())
File "/var/lib/openstack/lib/python3.10/site-packages/ovsdbapp/backend/ovs_idl/transaction.py", line 92, in do_commit command.run_idl(txn)
File "/var/lib/openstack/lib/python3.10/site-packages/neutron/plugins/ml2/drivers/ovn/mech_driver/ovsdb/commands.py", line 801, in run_idl raise ovn_exc.RevisionConflict( neutron.common.ovn.exceptions.RevisionConflict: OVN revision number for 5cec13e3-0d7a-4469-91eb-ee11c8a7b0d1 (type: ports) is equal or higher than the given resource. Skipping update 
2026-06-25 23:33:27.988 9 INFO neutron.plugins.ml2.drivers.ovn.mech_driver.ovsdb.impl_idl_ovn [None req-3fc4f938-8c9a-4703-bbd1-5c458d1e5175 eb385586f3e7424ca61f8366f483a2e1 5e6f572533a8440b9f7d5c9b69bf8a4b - - default default] Transaction aborted. Reason: OVN revision number for 5cec13e3-0d7a-4469-91eb-ee11c8a7b0d1 (type: ports) is equal or higher than the given resource. Skipping update
2026-06-25 23:33:28.063 9 WARNING neutron.scheduler.dhcp_agent_scheduler [None req-3fc4f938-8c9a-4703-bbd1-5c458d1e5175 eb385586f3e7424ca61f8366f483a2e1 5e6f572533a8440b9f7d5c9b69bf8a4b - - default default] No more DHCP agents
2026-06-25 23:33:28.064 9 WARNING neutron.api.rpc.agentnotifiers.dhcp_rpc_agent_api [None req-3fc4f938-8c9a-4703-bbd1-5c458d1e5175 eb385586f3e7424ca61f8366f483a2e1 5e6f572533a8440b9f7d5c9b69bf8a4b - - default default] Unable to schedule network 665b617b-9b69-4750-8c0a-90e1438c10b5: no agents available; will retry on subsequent port and subnet creation events.
2026-06-25 23:33:28.166 9 INFO neutron.wsgi [None req-e518c070-40f8-4ff9-ad01-e0591c3eb7a7 eb385586f3e7424ca61f8366f483a2e1 5e6f572533a8440b9f7d5c9b69bf8a4b - - - -] 10.0.0.23 "DELETE /v2.0/security-groups/9919c8f3-f46a-466b-984f-af844ec55b02 HTTP/1.1" status: 204 len: 168 time: 0.5615885
2026-06-25 23:33:28.505 10 INFO neutron.db.ovn_revision_numbers_db [None req-6a6bad42-09ea-4dcc-8fb2-9f9afea02139 eb385586f3e7424ca61f8366f483a2e1 5e6f572533a8440b9f7d5c9b69bf8a4b - - default default] Successfully bumped revision number for resource 5729b398-c1a9-4c45-8bdd-acaa84abbfa3 (type: security_groups) to 1
2026-06-25 23:33:28.534 10 INFO neutron.wsgi [None req-6a6bad42-09ea-4dcc-8fb2-9f9afea02139 eb385586f3e7424ca61f8366f483a2e1 5e6f572533a8440b9f7d5c9b69bf8a4b - - default default] 10.0.0.23 "GET /v2.0/security-groups?tenant_id=2850cfdf1db34dee9f6d599eae0a6761&name=default HTTP/1.1" status: 200 len: 2996 time: 0.3354473
2026-06-25 23:33:28.661 9 INFO neutron.db.ovn_revision_numbers_db [None req-3fc4f938-8c9a-4703-bbd1-5c458d1e5175 eb385586f3e7424ca61f8366f483a2e1 5e6f572533a8440b9f7d5c9b69bf8a4b - - - -] Successfully bumped revision number for resource 5cec13e3-0d7a-4469-91eb-ee11c8a7b0d1 (type: router_ports) to 3
2026-06-25 23:33:28.664 9 INFO neutron.wsgi [None req-3fc4f938-8c9a-4703-bbd1-5c458d1e5175 eb385586f3e7424ca61f8366f483a2e1 5e6f572533a8440b9f7d5c9b69bf8a4b - - - -] 10.0.0.23 "PUT /v2.0/routers/e6fb6b7d-2de1-4785-9398-54b70977cd55/add_router_interface HTTP/1.1" status: 200 len: 503 time: 2.6704130
2026-06-25 23:33:28.744 10 INFO neutron.wsgi [None req-0b99eb27-4cb6-4cc0-a3b5-463f79185abe eb385586f3e7424ca61f8366f483a2e1 5e6f572533a8440b9f7d5c9b69bf8a4b - - - -] 10.0.0.23 "DELETE /v2.0/security-groups/5729b398-c1a9-4c45-8bdd-acaa84abbfa3 HTTP/1.1" status: 204 len: 168 time: 0.2037480
2026-06-25 23:33:29.382 10 INFO neutron.db.ovn_revision_numbers_db [None req-98981c26-9835-454a-bc43-6ce483b05d69 f57674b292cb477fa3b04444bf848846 c4e4b2ccd90b438ca1647b18d12aadf7 - - - -] Successfully bumped revision number for resource c9081898-3c6c-4286-bf38-4968cdfd4a00 (type: security_groups) to 1
2026-06-25 23:33:29.409 10 INFO neutron.wsgi [None req-98981c26-9835-454a-bc43-6ce483b05d69 f57674b292cb477fa3b04444bf848846 c4e4b2ccd90b438ca1647b18d12aadf7 - - - -] 10.0.0.23 "POST /v2.0/security-groups HTTP/1.1" status: 201 len: 1795 time: 0.1507080
2026-06-25 23:33:29.532 10 INFO neutron.db.ovn_revision_numbers_db [None req-51921dda-316d-42f7-bbe6-f80cc1c2676e f57674b292cb477fa3b04444bf848846 c4e4b2ccd90b438ca1647b18d12aadf7 - - - -] Successfully bumped revision number for resource 661d8dd6-6833-413b-acba-f7800f782d47 (type: security_group_rules) to 0
2026-06-25 23:33:29.556 10 INFO neutron.wsgi [None req-51921dda-316d-42f7-bbe6-f80cc1c2676e f57674b292cb477fa3b04444bf848846 c4e4b2ccd90b438ca1647b18d12aadf7 - - - -] 10.0.0.23 "POST /v2.0/security-group-rules HTTP/1.1" status: 201 len: 764 time: 0.1418433
2026-06-25 23:33:29.677 10 INFO neutron.db.ovn_revision_numbers_db [None req-85902124-0830-4b22-ac89-c7adefe3ac0b f57674b292cb477fa3b04444bf848846 c4e4b2ccd90b438ca1647b18d12aadf7 - - - -] Successfully bumped revision number for resource e7c8e3d9-1891-4ff5-afb6-bc2ceb542f98 (type: security_group_rules) to 0
2026-06-25 23:33:29.710 10 INFO neutron.wsgi [None req-85902124-0830-4b22-ac89-c7adefe3ac0b f57674b292cb477fa3b04444bf848846 c4e4b2ccd90b438ca1647b18d12aadf7 - - - -] 10.0.0.23 "POST /v2.0/security-group-rules HTTP/1.1" status: 201 len: 769 time: 0.1496685
2026-06-25 23:33:30.038 10 WARNING neutron.scheduler.dhcp_agent_scheduler [None req-96078a0b-816b-4156-9e38-b92fcefa01e5 f57674b292cb477fa3b04444bf848846 c4e4b2ccd90b438ca1647b18d12aadf7 - - - -] No more DHCP agents
2026-06-25 23:33:30.043 10 WARNING neutron.api.rpc.agentnotifiers.dhcp_rpc_agent_api [None req-96078a0b-816b-4156-9e38-b92fcefa01e5 f57674b292cb477fa3b04444bf848846 c4e4b2ccd90b438ca1647b18d12aadf7 - - - -] Unable to schedule network 07e37ad0-790d-445f-8e30-23b81f61b800: no agents available; will retry on subsequent port and subnet creation events.
2026-06-25 23:33:30.427 10 INFO neutron.db.ovn_revision_numbers_db [None req-96078a0b-816b-4156-9e38-b92fcefa01e5 f57674b292cb477fa3b04444bf848846 c4e4b2ccd90b438ca1647b18d12aadf7 - - - -] Successfully bumped revision number for resource 247f8acf-743f-4bc4-8359-4828adb869aa (type: floatingips) to 0
2026-06-25 23:33:30.444 10 INFO neutron.wsgi [None req-96078a0b-816b-4156-9e38-b92fcefa01e5 f57674b292cb477fa3b04444bf848846 c4e4b2ccd90b438ca1647b18d12aadf7 - - - -] 10.0.0.23 "POST /v2.0/floatingips HTTP/1.1" status: 201 len: 751 time: 0.7264392
2026-06-25 23:33:30.928 9 INFO neutron.wsgi [req-babdd7ea-15b8-429c-8d9b-e6a7979006a7 req-6c46689e-4e3d-4f96-8abf-899d1c912446 f57674b292cb477fa3b04444bf848846 c4e4b2ccd90b438ca1647b18d12aadf7 - - default default] 10.0.0.211 "GET /v2.0/security-groups?name=tempest-securitygroup--171691627&fields=id&tenant_id=c4e4b2ccd90b438ca1647b18d12aadf7 HTTP/1.1" status: 200 len: 267 time: 0.0656581
2026-06-25 23:33:31.017 9 INFO neutron.wsgi [req-babdd7ea-15b8-429c-8d9b-e6a7979006a7 req-113c0469-f9c5-4fc3-b6bb-7d9ac1085ae5 f57674b292cb477fa3b04444bf848846 c4e4b2ccd90b438ca1647b18d12aadf7 - - default default] 10.0.0.211 "GET /v2.0/networks?id=665b617b-9b69-4750-8c0a-90e1438c10b5 HTTP/1.1" status: 200 len: 871 time: 0.0777311
2026-06-25 23:33:31.033 9 INFO neutron.wsgi [req-babdd7ea-15b8-429c-8d9b-e6a7979006a7 req-f35efb74-ef74-4b33-92d8-d17643c40721 f57674b292cb477fa3b04444bf848846 c4e4b2ccd90b438ca1647b18d12aadf7 - - default default] 10.0.0.211 "GET /v2.0/quotas/c4e4b2ccd90b438ca1647b18d12aadf7 HTTP/1.1" status: 200 len: 386 time: 0.0115817
2026-06-25 23:33:31.122 9 INFO neutron.wsgi [req-babdd7ea-15b8-429c-8d9b-e6a7979006a7 req-af8efdaa-43db-431a-ade2-4bac86290b64 f57674b292cb477fa3b04444bf848846 c4e4b2ccd90b438ca1647b18d12aadf7 - - default default] 10.0.0.211 "GET /v2.0/ports?tenant_id=c4e4b2ccd90b438ca1647b18d12aadf7&fields=id HTTP/1.1" status: 200 len: 302 time: 0.0800898
2026-06-25 23:33:31.182 9 INFO neutron.wsgi [req-babdd7ea-15b8-429c-8d9b-e6a7979006a7 req-e0da7821-ae88-4420-98fb-ca127428cef1 143c65c7298446e681cd119dc2c0a3b2 6f1c8f48b77349a8adaa6d1ed7cf1c6e - - b086645a873745aabf57b5e0cf146ab9 b086645a873745aabf57b5e0cf146ab9] 10.0.0.211 "GET /v2.0/networks/665b617b-9b69-4750-8c0a-90e1438c10b5?fields=segments HTTP/1.1" status: 200 len: 212 time: 0.0498817
2026-06-25 23:33:31.257 9 INFO neutron.wsgi [req-babdd7ea-15b8-429c-8d9b-e6a7979006a7 req-fcfabbcf-4a7e-4c27-b635-1e7582b10069 143c65c7298446e681cd119dc2c0a3b2 6f1c8f48b77349a8adaa6d1ed7cf1c6e - - b086645a873745aabf57b5e0cf146ab9 b086645a873745aabf57b5e0cf146ab9] 10.0.0.211 "GET /v2.0/networks/665b617b-9b69-4750-8c0a-90e1438c10b5?fields=provider%3Aphysical_network&fields=provider%3Anetwork_type HTTP/1.1" status: 200 len: 277 time: 0.0657129
2026-06-25 23:33:31.347 9 INFO neutron.db.ovn_revision_numbers_db [None req-952f57ed-8cc4-4caf-93da-5be8773e0820 eb385586f3e7424ca61f8366f483a2e1 5e6f572533a8440b9f7d5c9b69bf8a4b - - default default] Successfully bumped revision number for resource a10c2d02-c58d-4484-a1c8-eea70199a32c (type: security_groups) to 1
2026-06-25 23:33:31.369 9 INFO neutron.wsgi [None req-952f57ed-8cc4-4caf-93da-5be8773e0820 eb385586f3e7424ca61f8366f483a2e1 5e6f572533a8440b9f7d5c9b69bf8a4b - - default default] 10.0.0.23 "GET /v2.0/security-groups?tenant_id=2bf45db7ae2a4fbbaba468ba669687b8&name=default HTTP/1.1" status: 200 len: 2996 time: 0.3293881
2026-06-25 23:33:31.479 10 INFO neutron.wsgi [req-2f4dbbbb-6107-4e4c-9f18-99417c4b64d4 req-c865c40a-5c59-491a-b41a-4cce1dc52a22 f57674b292cb477fa3b04444bf848846 c4e4b2ccd90b438ca1647b18d12aadf7 - - default default] 10.0.0.211 "GET /v2.0/ports?device_id=2b956275-d6c1-4427-9db6-274ce8edd146 HTTP/1.1" status: 200 len: 210 time: 0.0291572
2026-06-25 23:33:31.608 9 INFO neutron.wsgi [None req-505ccbd1-39f1-4df1-8c0f-fa18de64ddd9 eb385586f3e7424ca61f8366f483a2e1 5e6f572533a8440b9f7d5c9b69bf8a4b - - - -] 10.0.0.23 "DELETE /v2.0/security-groups/a10c2d02-c58d-4484-a1c8-eea70199a32c HTTP/1.1" status: 204 len: 168 time: 0.2321513
2026-06-25 23:33:32.261 9 INFO neutron.wsgi [req-babdd7ea-15b8-429c-8d9b-e6a7979006a7 req-3efe8c29-5908-438e-8e7b-b8cae31867d7 f57674b292cb477fa3b04444bf848846 c4e4b2ccd90b438ca1647b18d12aadf7 - - default default] 199.19.213.169 "GET /v2.0/networks?id=665b617b-9b69-4750-8c0a-90e1438c10b5 HTTP/1.1" status: 200 len: 871 time: 0.0807674
2026-06-25 23:33:32.337 9 INFO neutron.wsgi [req-babdd7ea-15b8-429c-8d9b-e6a7979006a7 req-85483ce6-d312-44df-aea9-945b7184a84e f57674b292cb477fa3b04444bf848846 c4e4b2ccd90b438ca1647b18d12aadf7 - - default default] 199.19.213.169 "GET /v2.0/security-groups?fields=id&fields=name&tenant_id=c4e4b2ccd90b438ca1647b18d12aadf7 HTTP/1.1" status: 200 len: 379 time: 0.0596812
2026-06-25 23:33:32.571 9 INFO neutron.wsgi [req-f37648fe-bdc5-4a3b-b549-35050f59d81b req-270c6188-8521-4438-8eec-7904934bad83 f57674b292cb477fa3b04444bf848846 c4e4b2ccd90b438ca1647b18d12aadf7 - - default default] 10.0.0.211 "GET /v2.0/ports?device_id=2b956275-d6c1-4427-9db6-274ce8edd146 HTTP/1.1" status: 200 len: 210 time: 0.0303135
2026-06-25 23:33:32.729 9 WARNING neutron.scheduler.dhcp_agent_scheduler [None req-f8155c7b-267c-458e-a670-6416e208829d f57674b292cb477fa3b04444bf848846 c4e4b2ccd90b438ca1647b18d12aadf7 - - - -] No more DHCP agents
2026-06-25 23:33:32.731 9 WARNING neutron.api.rpc.agentnotifiers.dhcp_rpc_agent_api [None req-f8155c7b-267c-458e-a670-6416e208829d f57674b292cb477fa3b04444bf848846 c4e4b2ccd90b438ca1647b18d12aadf7 - - - -] Unable to schedule network 665b617b-9b69-4750-8c0a-90e1438c10b5: no agents available; will retry on subsequent port and subnet creation events.
2026-06-25 23:33:32.810 10 WARNING neutron.plugins.ml2.drivers.ovn.mech_driver.ovsdb.ovn_client [None req-56e06cab-88df-4a0c-9f6c-9609ea2afd09 - - - - - -] No hosting information found for port 5cec13e3-0d7a-4469-91eb-ee11c8a7b0d1: RuntimeError: No hosting information found for port 5cec13e3-0d7a-4469-91eb-ee11c8a7b0d1
2026-06-25 23:33:32.872 9 INFO neutron.db.ovn_revision_numbers_db [None req-f8155c7b-267c-458e-a670-6416e208829d f57674b292cb477fa3b04444bf848846 c4e4b2ccd90b438ca1647b18d12aadf7 - - - -] Successfully bumped revision number for resource 584fecf1-ad83-493a-bec5-a829966c1804 (type: ports) to 1
2026-06-25 23:33:32.893 9 INFO neutron.wsgi [None req-f8155c7b-267c-458e-a670-6416e208829d f57674b292cb477fa3b04444bf848846 c4e4b2ccd90b438ca1647b18d12aadf7 - - - -] 199.19.213.169 "POST /v2.0/ports HTTP/1.1" status: 201 len: 1158 time: 0.5515406 /var/lib/openstack/lib/python3.10/site-packages/pycadf/identifier.py:71: UserWarning: Invalid uuid: neutron. To ensure interoperability, identifiers should be a valid uuid. warnings.warn(('Invalid uuid: %s. To ensure interoperability, '
2026-06-25 23:33:32.931 9 INFO neutron.wsgi [-] 10.0.0.37 "GET / HTTP/1.1" status: 200 len: 247 time: 0.0011153
2026-06-25 23:33:32.933 10 INFO neutron.wsgi [-] 10.0.0.37 "GET / HTTP/1.1" status: 200 len: 247 time: 0.0027308
2026-06-25 23:33:33.241 9 INFO neutron.db.ovn_revision_numbers_db [None req-e273b40b-4dcc-480e-9c28-2ffdfde1eefc 143c65c7298446e681cd119dc2c0a3b2 6f1c8f48b77349a8adaa6d1ed7cf1c6e - - - -] Successfully bumped revision number for resource 584fecf1-ad83-493a-bec5-a829966c1804 (type: ports) to 2
2026-06-25 23:33:33.443 9 INFO neutron.db.ovn_revision_numbers_db [None req-e273b40b-4dcc-480e-9c28-2ffdfde1eefc 143c65c7298446e681cd119dc2c0a3b2 6f1c8f48b77349a8adaa6d1ed7cf1c6e - - - -] Successfully bumped revision number for resource 584fecf1-ad83-493a-bec5-a829966c1804 (type: ports) to 2
2026-06-25 23:33:33.465 9 INFO neutron.wsgi [None req-e273b40b-4dcc-480e-9c28-2ffdfde1eefc 143c65c7298446e681cd119dc2c0a3b2 6f1c8f48b77349a8adaa6d1ed7cf1c6e - - - -] 199.19.213.169 "PUT /v2.0/ports/584fecf1-ad83-493a-bec5-a829966c1804 HTTP/1.1" status: 200 len: 1328 time: 0.5618057
2026-06-25 23:33:33.505 9 INFO neutron.notifiers.nova [-] Nova event matching ['req-4354e2f9-4110-4d03-a010-7e6f8d4aac26'] response: {'name': 'network-changed', 'server_uuid': '2b956275-d6c1-4427-9db6-274ce8edd146', 'tag': '584fecf1-ad83-493a-bec5-a829966c1804', 'status': 'completed', 'code': 200} /var/lib/openstack/lib/python3.10/site-packages/pycadf/identifier.py:71: UserWarning: Invalid uuid: neutron. To ensure interoperability, identifiers should be a valid uuid. warnings.warn(('Invalid uuid: %s. To ensure interoperability, '
2026-06-25 23:33:33.539 9 INFO neutron.wsgi [req-babdd7ea-15b8-429c-8d9b-e6a7979006a7 req-83c77b26-b3bc-4ea6-83d7-a66e17b8c678 143c65c7298446e681cd119dc2c0a3b2 6f1c8f48b77349a8adaa6d1ed7cf1c6e - - b086645a873745aabf57b5e0cf146ab9 b086645a873745aabf57b5e0cf146ab9] 199.19.213.169 "GET /v2.0/ports?tenant_id=c4e4b2ccd90b438ca1647b18d12aadf7&device_id=2b956275-d6c1-4427-9db6-274ce8edd146 HTTP/1.1" status: 200 len: 1359 time: 0.0309317
2026-06-25 23:33:33.574 9 INFO neutron.wsgi [req-babdd7ea-15b8-429c-8d9b-e6a7979006a7 req-06fc96d0-5385-4a92-a9f6-0cfa3ce5424d 143c65c7298446e681cd119dc2c0a3b2 6f1c8f48b77349a8adaa6d1ed7cf1c6e - - b086645a873745aabf57b5e0cf146ab9 b086645a873745aabf57b5e0cf146ab9] 199.19.213.169 "GET /v2.0/floatingips?fixed_ip_address=10.100.0.5&port_id=584fecf1-ad83-493a-bec5-a829966c1804 HTTP/1.1" status: 200 len: 217 time: 0.0264294
2026-06-25 23:33:33.617 9 INFO neutron.wsgi [req-babdd7ea-15b8-429c-8d9b-e6a7979006a7 req-f56334b5-e810-463f-8326-a0e437cc23c3 143c65c7298446e681cd119dc2c0a3b2 6f1c8f48b77349a8adaa6d1ed7cf1c6e - - b086645a873745aabf57b5e0cf146ab9 b086645a873745aabf57b5e0cf146ab9] 199.19.213.169 "GET /v2.0/subnets?id=58a4f9e3-5b2a-4140-ae40-240a25aed1d4 HTTP/1.1" status: 200 len: 865 time: 0.0348363
2026-06-25 23:33:33.652 9 INFO neutron.wsgi [req-babdd7ea-15b8-429c-8d9b-e6a7979006a7 req-c8e4d331-6e34-4cb8-b592-02528d5a09d7 143c65c7298446e681cd119dc2c0a3b2 6f1c8f48b77349a8adaa6d1ed7cf1c6e - - b086645a873745aabf57b5e0cf146ab9 b086645a873745aabf57b5e0cf146ab9] 199.19.213.169 "GET /v2.0/ports?network_id=665b617b-9b69-4750-8c0a-90e1438c10b5&device_owner=network%3Adhcp HTTP/1.1" status: 200 len: 210 time: 0.0301888
2026-06-25 23:33:33.660 10 INFO neutron.wsgi [req-f7240d0c-e806-4060-8192-a966ba88e7d3 req-67c42ac2-acf4-42e3-8856-eae2802f8e83 143c65c7298446e681cd119dc2c0a3b2 6f1c8f48b77349a8adaa6d1ed7cf1c6e - - b086645a873745aabf57b5e0cf146ab9 b086645a873745aabf57b5e0cf146ab9] 10.0.0.137 "GET /v2.0/ports?device_id=bc45bbd4-ec03-4d24-965c-dfc5cea51fca HTTP/1.1" status: 200 len: 1361 time: 0.0390301
2026-06-25 23:33:33.687 9 INFO neutron.wsgi [req-987c1cfa-a2c0-41e4-8643-6c670df04b3f req-115fdfa9-c862-4039-8822-8d8bca814a37 f57674b292cb477fa3b04444bf848846 c4e4b2ccd90b438ca1647b18d12aadf7 - - default default] 10.0.0.211 "GET /v2.0/ports?device_id=2b956275-d6c1-4427-9db6-274ce8edd146 HTTP/1.1" status: 200 len: 1168 time: 0.0447159
2026-06-25 23:33:33.699 10 INFO neutron.wsgi [req-f7240d0c-e806-4060-8192-a966ba88e7d3 req-e4646046-51a6-4455-82b2-b241fec43c4a 143c65c7298446e681cd119dc2c0a3b2 6f1c8f48b77349a8adaa6d1ed7cf1c6e - - b086645a873745aabf57b5e0cf146ab9 b086645a873745aabf57b5e0cf146ab9] 10.0.0.137 "GET /v2.0/security-groups?id=cb74c00e-26d3-47f2-a609-e30b97d7fce4&fields=id&fields=name HTTP/1.1" status: 200 len: 312 time: 0.0310349
2026-06-25 23:33:33.735 9 INFO neutron.wsgi [req-babdd7ea-15b8-429c-8d9b-e6a7979006a7 req-caad7e66-9a6f-42e1-b685-129be9d2fb8c 143c65c7298446e681cd119dc2c0a3b2 6f1c8f48b77349a8adaa6d1ed7cf1c6e - - b086645a873745aabf57b5e0cf146ab9 b086645a873745aabf57b5e0cf146ab9] 199.19.213.169 "GET /v2.0/networks/665b617b-9b69-4750-8c0a-90e1438c10b5?fields=segments HTTP/1.1" status: 200 len: 212 time: 0.0729191
2026-06-25 23:33:33.740 9 INFO neutron.wsgi [req-987c1cfa-a2c0-41e4-8643-6c670df04b3f req-5d626432-8f78-43ae-aab8-af04cc0daa20 f57674b292cb477fa3b04444bf848846 c4e4b2ccd90b438ca1647b18d12aadf7 - - default default] 10.0.0.211 "GET /v2.0/security-groups?id=c9081898-3c6c-4286-bf38-4968cdfd4a00&fields=id&fields=name HTTP/1.1" status: 200 len: 312 time: 0.0383306
2026-06-25 23:33:33.790 9 INFO neutron.wsgi [req-babdd7ea-15b8-429c-8d9b-e6a7979006a7 req-faae00c1-93bf-45b4-a218-f2ae60f56163 143c65c7298446e681cd119dc2c0a3b2 6f1c8f48b77349a8adaa6d1ed7cf1c6e - - b086645a873745aabf57b5e0cf146ab9 b086645a873745aabf57b5e0cf146ab9] 199.19.213.169 "GET /v2.0/networks/665b617b-9b69-4750-8c0a-90e1438c10b5?fields=provider%3Aphysical_network&fields=provider%3Anetwork_type HTTP/1.1" status: 200 len: 277 time: 0.0488820
2026-06-25 23:33:33.866 9 INFO neutron.wsgi [req-4b8b0c47-ce6f-4f8b-a8b9-c1279c213437 req-e07ac9bf-1ce3-411b-9af5-0abfe49f4bb4 143c65c7298446e681cd119dc2c0a3b2 6f1c8f48b77349a8adaa6d1ed7cf1c6e - - b086645a873745aabf57b5e0cf146ab9 b086645a873745aabf57b5e0cf146ab9] 199.19.213.169 "GET /v2.0/ports?tenant_id=c4e4b2ccd90b438ca1647b18d12aadf7&device_id=2b956275-d6c1-4427-9db6-274ce8edd146 HTTP/1.1" status: 200 len: 1359 time: 0.0378149
2026-06-25 23:33:33.939 9 INFO neutron.wsgi [req-4b8b0c47-ce6f-4f8b-a8b9-c1279c213437 req-514c87df-d091-4efe-a3a7-8a4ee0df16b3 143c65c7298446e681cd119dc2c0a3b2 6f1c8f48b77349a8adaa6d1ed7cf1c6e - - b086645a873745aabf57b5e0cf146ab9 b086645a873745aabf57b5e0cf146ab9] 199.19.213.169 "GET /v2.0/networks?id=665b617b-9b69-4750-8c0a-90e1438c10b5 HTTP/1.1" status: 200 len: 970 time: 0.0641968
2026-06-25 23:33:33.944 10 INFO neutron.wsgi [None req-b6b0e5be-0810-4fca-b46e-2e4b4c9cf71e 9ff34c3583ff4eb09f4b57a606cf9129 13de606f58494415a35ae9da7bace73f - - default default] 10.0.0.23 "GET /v2.0/extensions HTTP/1.1" status: 200 len: 16520 time: 0.2405596
2026-06-25 23:33:33.958 10 INFO neutron.wsgi [None req-740a371b-be0d-4f66-9ea4-8a204c5917c1 9ff34c3583ff4eb09f4b57a606cf9129 13de606f58494415a35ae9da7bace73f - - default default] 10.0.0.23 "GET /v2.0/extensions/address-group HTTP/1.1" status: 200 len: 353 time: 0.0060470
2026-06-25 23:33:33.973 10 INFO neutron.wsgi [None req-971fda97-3ddf-4aa9-ac46-b2be9d9ec5c1 9ff34c3583ff4eb09f4b57a606cf9129 13de606f58494415a35ae9da7bace73f - - default default] 10.0.0.23 "GET /v2.0/extensions/address-scope HTTP/1.1" status: 200 len: 357 time: 0.0064194
2026-06-25 23:33:33.977 9 INFO neutron.plugins.ml2.drivers.ovn.mech_driver.mech_driver [None req-af23856a-b697-49de-96a5-efa60640ed41 - - - - - -] OVN reports status up for port: 584fecf1-ad83-493a-bec5-a829966c1804
2026-06-25 23:33:33.981 9 INFO neutron.wsgi [req-4b8b0c47-ce6f-4f8b-a8b9-c1279c213437 req-5ebcba98-1997-4fbb-96cb-451530f7d413 143c65c7298446e681cd119dc2c0a3b2 6f1c8f48b77349a8adaa6d1ed7cf1c6e - - b086645a873745aabf57b5e0cf146ab9 b086645a873745aabf57b5e0cf146ab9] 199.19.213.169 "GET /v2.0/floatingips?fixed_ip_address=10.100.0.5&port_id=584fecf1-ad83-493a-bec5-a829966c1804 HTTP/1.1" status: 200 len: 217 time: 0.0322969
2026-06-25 23:33:33.991 9 INFO neutron.wsgi [None req-c82052f5-7dad-4911-bf2a-59d1ddf7d3b9 9ff34c3583ff4eb09f4b57a606cf9129 13de606f58494415a35ae9da7bace73f - - default default] 10.0.0.23 "GET /v2.0/extensions/agent HTTP/1.1" status: 200 len: 347 time: 0.0069675
2026-06-25 23:33:33.998 9 INFO neutron.plugins.ml2.plugin [None req-af23856a-b697-49de-96a5-efa60640ed41 - - - - - -] Attempt 1 to provision port 584fecf1-ad83-493a-bec5-a829966c1804
2026-06-25 23:33:34.001 10 INFO neutron.wsgi [None req-7c969441-8c78-4cd8-a9cc-811089e8da8f 9ff34c3583ff4eb09f4b57a606cf9129 13de606f58494415a35ae9da7bace73f - - default default] 10.0.0.23 "GET /v2.0/extensions/allowed-address-pairs HTTP/1.1" status: 200 len: 378 time: 0.0062060
2026-06-25 23:33:34.013 10 INFO neutron.wsgi [None req-5bb27d08-9e62-4134-9e01-c4b3f3518523 9ff34c3583ff4eb09f4b57a606cf9129 13de606f58494415a35ae9da7bace73f - - default default] 10.0.0.23 "GET /v2.0/extensions/auto-allocated-topology HTTP/1.1" status: 200 len: 394 time: 0.0064995
2026-06-25 23:33:34.025 10 INFO neutron.wsgi [None req-9f9b8c21-445c-4738-a47e-4d8f0fb1da99 9ff34c3583ff4eb09f4b57a606cf9129 13de606f58494415a35ae9da7bace73f - - default default] 10.0.0.23 "GET /v2.0/extensions/availability_zone HTTP/1.1" status: 200 len: 372 time: 0.0058801
2026-06-25 23:33:34.029 9 INFO neutron.wsgi [req-4b8b0c47-ce6f-4f8b-a8b9-c1279c213437 req-0540cfc6-b2c1-44d3-9fa0-d92ab332a379 143c65c7298446e681cd119dc2c0a3b2 6f1c8f48b77349a8adaa6d1ed7cf1c6e - - b086645a873745aabf57b5e0cf146ab9 b086645a873745aabf57b5e0cf146ab9] 199.19.213.169 "GET /v2.0/subnets?id=58a4f9e3-5b2a-4140-ae40-240a25aed1d4 HTTP/1.1" status: 200 len: 865 time: 0.0379024
2026-06-25 23:33:34.039 10 INFO neutron.wsgi [None req-2c1310d9-dcb8-4f87-a597-3a18b569cb04 9ff34c3583ff4eb09f4b57a606cf9129 13de606f58494415a35ae9da7bace73f - - default default] 10.0.0.23 "GET /v2.0/extensions/default-subnetpools HTTP/1.1" status: 200 len: 405 time: 0.0068126
2026-06-25 23:33:34.048 10 INFO neutron.wsgi [None req-0295fc7f-c005-4b27-b67d-55b326334ba1 9ff34c3583ff4eb09f4b57a606cf9129 13de606f58494415a35ae9da7bace73f - - default default] 10.0.0.23 "GET /v2.0/extensions/dhcp_agent_scheduler HTTP/1.1" status: 200 len: 381 time: 0.0046258
2026-06-25 23:33:34.069 10 INFO neutron.wsgi [None req-8c731bf3-0a83-4b56-9ad3-1d281626afd1 9ff34c3583ff4eb09f4b57a606cf9129 13de606f58494415a35ae9da7bace73f - - default default] 10.0.0.23 "GET /v2.0/extensions/dns-integration HTTP/1.1" status: 200 len: 366 time: 0.0078971
2026-06-25 23:33:34.071 9 INFO neutron.wsgi [req-4b8b0c47-ce6f-4f8b-a8b9-c1279c213437 req-4f4c6d0b-9e86-455a-a3b0-dd9e4ec198fe 143c65c7298446e681cd119dc2c0a3b2 6f1c8f48b77349a8adaa6d1ed7cf1c6e - - b086645a873745aabf57b5e0cf146ab9 b086645a873745aabf57b5e0cf146ab9] 199.19.213.169 "GET /v2.0/ports?network_id=665b617b-9b69-4750-8c0a-90e1438c10b5&device_owner=network%3Adhcp HTTP/1.1" status: 200 len: 210 time: 0.0361004
2026-06-25 23:33:34.078 10 INFO neutron.wsgi [None req-03d9f608-8fcd-408d-8f80-b297adeed446 9ff34c3583ff4eb09f4b57a606cf9129 13de606f58494415a35ae9da7bace73f - - default default] 10.0.0.23 "GET /v2.0/extensions/dns-domain-ports HTTP/1.1" status: 200 len: 399 time: 0.0037565
2026-06-25 23:33:34.085 10 INFO neutron.wsgi [None req-565d8241-981a-4d70-a460-18584f481165 9ff34c3583ff4eb09f4b57a606cf9129 13de606f58494415a35ae9da7bace73f - - default default] 10.0.0.23 "GET /v2.0/extensions/dns-integration-domain-keywords HTTP/1.1" status: 200 len: 477 time: 0.0045600
2026-06-25 23:33:34.096 10 INFO neutron.wsgi [None req-913fd0c4-8b05-4116-8ced-7d99e7ff708b 9ff34c3583ff4eb09f4b57a606cf9129 13de606f58494415a35ae9da7bace73f - - default default] 10.0.0.23 "GET /v2.0/extensions/external-net HTTP/1.1" status: 200 len: 394 time: 0.0051913
2026-06-25 23:33:34.107 10 INFO neutron.wsgi [None req-0847a0bc-b9ba-4bd5-930c-6046447c7d40 9ff34c3583ff4eb09f4b57a606cf9129 13de606f58494415a35ae9da7bace73f - - default default] 10.0.0.23 "GET /v2.0/extensions/extra_dhcp_opt HTTP/1.1" status: 200 len: 498 time: 0.0057008
2026-06-25 23:33:34.119 10 INFO neutron.wsgi [None req-4924e9e9-5199-4ca2-90d2-4eb2fadb27e4 9ff34c3583ff4eb09f4b57a606cf9129 13de606f58494415a35ae9da7bace73f - - default default] 10.0.0.23 "GET /v2.0/extensions/extraroute HTTP/1.1" status: 200 len: 375 time: 0.0064981
2026-06-25 23:33:34.132 10 INFO neutron.wsgi [None req-3845492c-a4af-44e9-8172-e865ffb27749 9ff34c3583ff4eb09f4b57a606cf9129 13de606f58494415a35ae9da7bace73f - - default default] 10.0.0.23 "GET /v2.0/extensions/filter-validation HTTP/1.1" status: 200 len: 392 time: 0.0078108
2026-06-25 23:33:34.143 10 INFO neutron.wsgi [None req-14f6db5a-4b0c-4217-841c-e478d53ce8b2 9ff34c3583ff4eb09f4b57a606cf9129 13de606f58494415a35ae9da7bace73f - - default default] 10.0.0.23 "GET /v2.0/extensions/floating-ip-port-forwarding-detail HTTP/1.1" status: 200 len: 465 time: 0.0068531
2026-06-25 23:33:34.152 10 INFO neutron.wsgi [None req-2b0b582d-9ff1-4ae8-bd1a-db9be216c815 9ff34c3583ff4eb09f4b57a606cf9129 13de606f58494415a35ae9da7bace73f - - default default] 10.0.0.23 "GET /v2.0/extensions/fip-port-details HTTP/1.1" status: 200 len: 406 time: 0.0047183
2026-06-25 23:33:34.163 10 INFO neutron.wsgi [None req-6efc8e55-3632-42b2-bd31-5c9394af18f9 9ff34c3583ff4eb09f4b57a606cf9129 13de606f58494415a35ae9da7bace73f - - default default] 10.0.0.23 "GET /v2.0/extensions/flavors HTTP/1.1" status: 200 len: 387 time: 0.0064123
2026-06-25 23:33:34.172 9 INFO neutron.wsgi [req-4b8b0c47-ce6f-4f8b-a8b9-c1279c213437 req-8949e1cf-c27f-44bf-b965-1b6dc563a2b9 143c65c7298446e681cd119dc2c0a3b2 6f1c8f48b77349a8adaa6d1ed7cf1c6e - - b086645a873745aabf57b5e0cf146ab9 b086645a873745aabf57b5e0cf146ab9] 199.19.213.169 "GET /v2.0/networks/665b617b-9b69-4750-8c0a-90e1438c10b5?fields=segments HTTP/1.1" status: 200 len: 212 time: 0.0893922
2026-06-25 23:33:34.175 10 INFO neutron.wsgi [None req-271ac2ae-d1c0-44a2-8ea7-58eb9c9f9395 9ff34c3583ff4eb09f4b57a606cf9129 13de606f58494415a35ae9da7bace73f - - default default] 10.0.0.23 "GET /v2.0/extensions/floatingip-pools HTTP/1.1" status: 200 len: 382 time: 0.0061648
2026-06-25 23:33:34.187 10 INFO neutron.wsgi [None req-b4c4abb6-f0fe-4fbd-9a8a-a3f4cb27dfe7 9ff34c3583ff4eb09f4b57a606cf9129 13de606f58494415a35ae9da7bace73f - - default default] 10.0.0.23 "GET /v2.0/extensions/ip_allocation HTTP/1.1" status: 200 len: 356 time: 0.0064545
2026-06-25 23:33:34.205 10 INFO neutron.wsgi [None req-20dfac2c-15ca-4613-94da-8b2dadac9e4e 9ff34c3583ff4eb09f4b57a606cf9129 13de606f58494415a35ae9da7bace73f - - default default] 10.0.0.23 "GET /v2.0/extensions/l2_adjacency HTTP/1.1" status: 200 len: 372 time: 0.0096107
2026-06-25 23:33:34.217 10 INFO neutron.wsgi [None req-2307af2d-6b50-442c-b813-852241f870c7 9ff34c3583ff4eb09f4b57a606cf9129 13de606f58494415a35ae9da7bace73f - - default default] 10.0.0.23 "GET /v2.0/extensions/router HTTP/1.1" status: 200 len: 450 time: 0.0060263
2026-06-25 23:33:34.227 10 INFO neutron.wsgi [None req-945887d0-0610-4f53-abff-059417e0392f 9ff34c3583ff4eb09f4b57a606cf9129 13de606f58494415a35ae9da7bace73f - - default default] 10.0.0.23 "GET /v2.0/extensions/ext-gw-mode HTTP/1.1" status: 200 len: 462 time: 0.0060897
2026-06-25 23:33:34.238 10 INFO neutron.wsgi [None req-552a0713-7888-47df-ad20-e50cf7a17b6a 9ff34c3583ff4eb09f4b57a606cf9129 13de606f58494415a35ae9da7bace73f - - default default] 10.0.0.23 "GET /v2.0/extensions/logging HTTP/1.1" status: 200 len: 407 time: 0.0068243
2026-06-25 23:33:34.248 10 INFO neutron.wsgi [None req-b0f8bd31-7d4b-4fc5-8624-ce4edcf6d813 9ff34c3583ff4eb09f4b57a606cf9129 13de606f58494415a35ae9da7bace73f - - default default] 10.0.0.23 "GET /v2.0/extensions/multi-provider HTTP/1.1" status: 200 len: 406 time: 0.0053771
2026-06-25 23:33:34.265 9 INFO neutron.wsgi [req-4b8b0c47-ce6f-4f8b-a8b9-c1279c213437 req-4fbe7fa8-4db6-47f5-b8f6-54bf41843fac 143c65c7298446e681cd119dc2c0a3b2 6f1c8f48b77349a8adaa6d1ed7cf1c6e - - b086645a873745aabf57b5e0cf146ab9 b086645a873745aabf57b5e0cf146ab9] 199.19.213.169 "GET /v2.0/networks/665b617b-9b69-4750-8c0a-90e1438c10b5?fields=provider%3Aphysical_network&fields=provider%3Anetwork_type HTTP/1.1" status: 200 len: 277 time: 0.0815108
2026-06-25 23:33:34.274 10 INFO neutron.wsgi [None req-b683f076-e557-4abf-90f0-d6d07a2bcb64 9ff34c3583ff4eb09f4b57a606cf9129 13de606f58494415a35ae9da7bace73f - - default default] 10.0.0.23 "GET /v2.0/extensions/net-mtu HTTP/1.1" status: 200 len: 370 time: 0.0128274
2026-06-25 23:33:34.285 9 INFO neutron.wsgi [None req-d1673547-2a04-4fb9-89a8-f52b20251efc 9ff34c3583ff4eb09f4b57a606cf9129 13de606f58494415a35ae9da7bace73f - - default default] 10.0.0.23 "GET /v2.0/extensions/net-mtu-writable HTTP/1.1" status: 200 len: 401 time: 0.0060353
2026-06-25 23:33:34.299 9 INFO neutron.wsgi [None req-b00de08a-098a-4bcf-a613-10cc17eabb34 9ff34c3583ff4eb09f4b57a606cf9129 13de606f58494415a35ae9da7bace73f - - default default] 10.0.0.23 "GET /v2.0/extensions/network_availability_zone HTTP/1.1" status: 200 len: 394 time: 0.0059156
2026-06-25 23:33:34.322 9 INFO neutron.wsgi [None req-47a575f5-8e79-44e3-8b44-a8714ca79744 9ff34c3583ff4eb09f4b57a606cf9129 13de606f58494415a35ae9da7bace73f - - default default] 10.0.0.23 "GET /v2.0/extensions/network-ip-availability HTTP/1.1" status: 200 len: 410 time: 0.0123594
2026-06-25 23:33:34.335 10 INFO neutron.wsgi [None req-31df4f6e-2ad1-40e8-94b3-1bfa8c002fa0 9ff34c3583ff4eb09f4b57a606cf9129 13de606f58494415a35ae9da7bace73f - - default default] 10.0.0.23 "GET /v2.0/extensions/pagination HTTP/1.1" status: 200 len: 386 time: 0.0074146
