2026-06-25 23:39:14.856 10 INFO neutron.wsgi [None req-9fc0fcf0-ee7b-45ee-b9f0-7b421fa46adb eb385586f3e7424ca61f8366f483a2e1 5e6f572533a8440b9f7d5c9b69bf8a4b - - default default] 199.19.213.169 "GET /v2.0/extensions/allowed-address-pairs HTTP/1.1" status: 200 len: 383 time: 0.0032039
2026-06-25 23:39:14.893 10 INFO neutron.wsgi [None req-eb16a553-6a84-4e06-93ae-d7338dcae2e1 eb385586f3e7424ca61f8366f483a2e1 5e6f572533a8440b9f7d5c9b69bf8a4b - - default default] 199.19.213.169 "GET /v2.0/security-groups?name=lb-be694100-ea8d-486b-9f41-f09a78c4a107 HTTP/1.1" status: 200 len: 2941 time: 0.0297837
2026-06-25 23:39:14.917 10 INFO neutron.wsgi [None req-5785b4c7-9097-468b-b80e-f2581131125e eb385586f3e7424ca61f8366f483a2e1 5e6f572533a8440b9f7d5c9b69bf8a4b - - default default] 199.19.213.169 "GET /v2.0/security-group-rules?security_group_id=5cbb109a-6525-41e0-8601-3e08af10156b HTTP/1.1" status: 200 len: 2406 time: 0.0176225
2026-06-25 23:39:15.008 10 INFO neutron.wsgi [None req-9c7daf4e-5ef6-4fd0-99f6-f4bbd2837a86 eb385586f3e7424ca61f8366f483a2e1 5e6f572533a8440b9f7d5c9b69bf8a4b - - - -] 199.19.213.169 "DELETE /v2.0/security-group-rules/44635297-7269-463b-b8d5-9a8ecb350246 HTTP/1.1" status: 204 len: 173 time: 0.0838399
2026-06-25 23:39:15.099 10 INFO neutron.wsgi [None req-384bb00f-fe98-423d-bafa-624281597038 eb385586f3e7424ca61f8366f483a2e1 5e6f572533a8440b9f7d5c9b69bf8a4b - - - -] 199.19.213.169 "DELETE /v2.0/security-group-rules/97900be5-ea3b-4901-a8b1-8873321b7034 HTTP/1.1" status: 204 len: 173 time: 0.0805709
2026-06-25 23:39:17.933 10 INFO neutron.wsgi [-] 10.0.0.37 "GET / HTTP/1.1" status: 200 len: 247 time: 0.0028470
2026-06-25 23:39:17.934 9 INFO neutron.wsgi [-] 10.0.0.37 "GET / HTTP/1.1" status: 200 len: 247 time: 0.0031691
2026-06-25 23:39:19.724 10 INFO neutron.db.l3_db [None req-20c69eb2-a253-48dd-9619-e627c5eaf593 5bd909b3c06e4f81890b480a2fad5e2b 83f71c9fea0b4201aa9f250211848d99 - - - -] Floating IP 1985add1-3e5c-4809-ab07-fd37c20c9119 disassociated (deleted). External IP: 10.96.250.218, port: 5edb32fb-db4c-43d9-bcf7-4128d3ef1ddc.
2026-06-25 23:39:19.817 10 INFO neutron.wsgi [None req-20c69eb2-a253-48dd-9619-e627c5eaf593 5bd909b3c06e4f81890b480a2fad5e2b 83f71c9fea0b4201aa9f250211848d99 - - - -] 10.0.0.23 "DELETE /v2.0/floatingips/1985add1-3e5c-4809-ab07-fd37c20c9119 HTTP/1.1" status: 204 len: 168 time: 0.6149788 /var/lib/openstack/lib/python3.10/site-packages/pycadf/identifier.py:71: UserWarning: Invalid uuid: neutron. To ensure interoperability, identifiers should be a valid uuid. warnings.warn(('Invalid uuid: %s. To ensure interoperability, '
2026-06-25 23:39:19.875 10 INFO neutron.api.v2.resource [None req-f26d6847-4b48-4668-8c85-61fdcd5234e7 5bd909b3c06e4f81890b480a2fad5e2b 83f71c9fea0b4201aa9f250211848d99 - - default default] show failed (client error): The resource could not be found.
2026-06-25 23:39:19.877 10 INFO neutron.wsgi [None req-f26d6847-4b48-4668-8c85-61fdcd5234e7 5bd909b3c06e4f81890b480a2fad5e2b 83f71c9fea0b4201aa9f250211848d99 - - default default] 10.0.0.23 "GET /v2.0/floatingips/1985add1-3e5c-4809-ab07-fd37c20c9119 HTTP/1.1" status: 404 len: 345 time: 0.0519562
2026-06-25 23:39:20.165 9 INFO neutron.wsgi [None req-9c18330c-38d0-4f2a-ae5d-a1e57b313a13 eb385586f3e7424ca61f8366f483a2e1 5e6f572533a8440b9f7d5c9b69bf8a4b - - default default] 199.19.213.169 "GET /v2.0/extensions/security-group HTTP/1.1" status: 200 len: 369 time: 0.0078220
2026-06-25 23:39:20.175 9 INFO neutron.wsgi [None req-47ed3cbe-51b5-47fd-88e5-b2898f821b3e eb385586f3e7424ca61f8366f483a2e1 5e6f572533a8440b9f7d5c9b69bf8a4b - - default default] 199.19.213.169 "GET /v2.0/extensions/dns-integration HTTP/1.1" status: 200 len: 371 time: 0.0044568
2026-06-25 23:39:20.183 9 INFO neutron.wsgi [None req-df4dc654-e6ce-4a6b-aedf-e5d4a3496855 eb385586f3e7424ca61f8366f483a2e1 5e6f572533a8440b9f7d5c9b69bf8a4b - - default default] 199.19.213.169 "GET /v2.0/extensions/qos HTTP/1.1" status: 200 len: 365 time: 0.0045474
2026-06-25 23:39:20.193 9 INFO neutron.wsgi [None req-6a463e50-1ade-46ec-97d8-804568315aaa eb385586f3e7424ca61f8366f483a2e1 5e6f572533a8440b9f7d5c9b69bf8a4b - - default default] 199.19.213.169 "GET /v2.0/extensions/allowed-address-pairs HTTP/1.1" status: 200 len: 383 time: 0.0055866
2026-06-25 23:39:20.234 9 INFO neutron.wsgi [None req-0e4e0141-5846-4aa6-8017-2208edd9a327 eb385586f3e7424ca61f8366f483a2e1 5e6f572533a8440b9f7d5c9b69bf8a4b - - default default] 199.19.213.169 "GET /v2.0/subnets/7fe49b7b-3041-4f4c-a532-2679b71a2d20 HTTP/1.1" status: 200 len: 850 time: 0.0356820
2026-06-25 23:39:20.287 9 INFO neutron.wsgi [None req-045daf20-8fa9-4b94-99fc-f97dc75394f0 eb385586f3e7424ca61f8366f483a2e1 5e6f572533a8440b9f7d5c9b69bf8a4b - - default default] 199.19.213.169 "GET /v2.0/ports?device_id=db0799c6-fb0b-44aa-91ac-251a469eab2e HTTP/1.1" status: 200 len: 2623 time: 0.0476370
2026-06-25 23:39:20.333 9 INFO neutron.wsgi [None req-7164d817-301d-479d-8809-9ca5c91b97bf eb385586f3e7424ca61f8366f483a2e1 5e6f572533a8440b9f7d5c9b69bf8a4b - - default default] 199.19.213.169 "GET /v2.0/ports?device_id=db0799c6-fb0b-44aa-91ac-251a469eab2e HTTP/1.1" status: 200 len: 2623 time: 0.0394676
2026-06-25 23:39:20.455 9 INFO neutron.wsgi [None req-3a72fbc6-0b43-48f9-bd31-6ef5cd2615a9 eb385586f3e7424ca61f8366f483a2e1 5e6f572533a8440b9f7d5c9b69bf8a4b - - default default] 199.19.213.169 "GET /v2.0/ports?device_id=db0799c6-fb0b-44aa-91ac-251a469eab2e HTTP/1.1" status: 200 len: 2623 time: 0.0334857
2026-06-25 23:39:20.720 10 INFO neutron.plugins.ml2.drivers.ovn.mech_driver.mech_driver [None req-56e06cab-88df-4a0c-9f6c-9609ea2afd09 - - - - - -] OVN reports status down for port: 1239b4aa-1991-403b-b1ba-1b4ccaf37ce2
2026-06-25 23:39:20.816 9 INFO neutron.wsgi [req-1c194603-b8eb-431b-9601-64a81e154cde req-d411daea-80bb-48bc-b05b-718c0cb79b1c 143c65c7298446e681cd119dc2c0a3b2 6f1c8f48b77349a8adaa6d1ed7cf1c6e - - b086645a873745aabf57b5e0cf146ab9 b086645a873745aabf57b5e0cf146ab9] 199.19.213.169 "GET /v2.0/ports/1239b4aa-1991-403b-b1ba-1b4ccaf37ce2 HTTP/1.1" status: 200 len: 1466 time: 0.0338228
2026-06-25 23:39:20.853 9 INFO neutron.wsgi [req-1c194603-b8eb-431b-9601-64a81e154cde req-ae51204e-3b21-49a6-8de5-a9d93d1a0a07 eb385586f3e7424ca61f8366f483a2e1 5e6f572533a8440b9f7d5c9b69bf8a4b - - default default] 199.19.213.169 "GET /v2.0/ports/1239b4aa-1991-403b-b1ba-1b4ccaf37ce2?fields=binding%3Aprofile&fields=network_id HTTP/1.1" status: 200 len: 281 time: 0.0325365
2026-06-25 23:39:20.890 10 INFO neutron.notifiers.nova [-] Nova event matching ['req-d4dfa079-2d2d-4160-bf58-624e7187bdbe'] response: {'server_uuid': 'db0799c6-fb0b-44aa-91ac-251a469eab2e', 'name': 'network-vif-unplugged', 'status': 'completed', 'tag': '1239b4aa-1991-403b-b1ba-1b4ccaf37ce2', 'code': 200}
2026-06-25 23:39:20.932 9 INFO neutron.wsgi [req-1c194603-b8eb-431b-9601-64a81e154cde req-2460aac2-29d2-4c28-a04c-32141f3fa5e0 eb385586f3e7424ca61f8366f483a2e1 5e6f572533a8440b9f7d5c9b69bf8a4b - - default default] 199.19.213.169 "GET /v2.0/networks/bcaab46f-6b91-40b0-8518-899742da5621?fields=dns_domain HTTP/1.1" status: 200 len: 227 time: 0.0742478
2026-06-25 23:39:20.998 10 INFO neutron.db.ovn_revision_numbers_db [None req-56e06cab-88df-4a0c-9f6c-9609ea2afd09 - - - - - -] Successfully bumped revision number for resource 1239b4aa-1991-403b-b1ba-1b4ccaf37ce2 (type: ports) to 7
2026-06-25 23:39:21.024 10 INFO neutron.plugins.ml2.drivers.ovn.mech_driver.mech_driver [None req-56e06cab-88df-4a0c-9f6c-9609ea2afd09 - - - - - -] OVN reports status down for port: 5edb32fb-db4c-43d9-bcf7-4128d3ef1ddc /var/lib/openstack/lib/python3.10/site-packages/pycadf/identifier.py:71: UserWarning: Invalid uuid: neutron. To ensure interoperability, identifiers should be a valid uuid. warnings.warn(('Invalid uuid: %s. To ensure interoperability, '
2026-06-25 23:39:21.444 10 INFO neutron.wsgi [req-30d8a900-a6e8-4627-b29a-f0a96b5fa6ce req-5267ac44-4cc3-4df5-b97c-fd12c6a13efc 143c65c7298446e681cd119dc2c0a3b2 6f1c8f48b77349a8adaa6d1ed7cf1c6e - - b086645a873745aabf57b5e0cf146ab9 b086645a873745aabf57b5e0cf146ab9] 199.19.213.169 "GET /v2.0/ports?device_id=57dde641-66b5-405d-b2d1-c8aea9eed614&fields=binding%3Ahost_id&fields=binding%3Avif_type HTTP/1.1" status: 200 len: 265 time: 0.0436535
2026-06-25 23:39:21.504 10 INFO neutron.wsgi [req-30d8a900-a6e8-4627-b29a-f0a96b5fa6ce req-4697a49e-cc62-40d9-8fa9-737915059d09 143c65c7298446e681cd119dc2c0a3b2 6f1c8f48b77349a8adaa6d1ed7cf1c6e - - b086645a873745aabf57b5e0cf146ab9 b086645a873745aabf57b5e0cf146ab9] 199.19.213.169 "GET /v2.0/ports?tenant_id=83f71c9fea0b4201aa9f250211848d99&device_id=57dde641-66b5-405d-b2d1-c8aea9eed614 HTTP/1.1" status: 200 len: 1594 time: 0.0356510 /var/lib/openstack/lib/python3.10/site-packages/pycadf/identifier.py:71: UserWarning: Invalid uuid: neutron. To ensure interoperability, identifiers should be a valid uuid. warnings.warn(('Invalid uuid: %s. To ensure interoperability, '
2026-06-25 23:39:21.585 10 INFO neutron.wsgi [req-30d8a900-a6e8-4627-b29a-f0a96b5fa6ce req-9d42799f-704c-491d-afaf-85f090751f78 143c65c7298446e681cd119dc2c0a3b2 6f1c8f48b77349a8adaa6d1ed7cf1c6e - - b086645a873745aabf57b5e0cf146ab9 b086645a873745aabf57b5e0cf146ab9] 199.19.213.169 "GET /v2.0/networks?id=7329542c-31c4-4fa5-9aec-2fc8efc7c4ff HTTP/1.1" status: 200 len: 1002 time: 0.0595229
2026-06-25 23:39:21.611 9 INFO neutron.wsgi [None req-cfa7c380-1415-4927-988a-ae648461a4ea eb385586f3e7424ca61f8366f483a2e1 5e6f572533a8440b9f7d5c9b69bf8a4b - - default default] 199.19.213.169 "GET /v2.0/ports?device_id=db0799c6-fb0b-44aa-91ac-251a469eab2e HTTP/1.1" status: 200 len: 1365 time: 0.0446820
2026-06-25 23:39:21.639 10 INFO neutron.wsgi [req-30d8a900-a6e8-4627-b29a-f0a96b5fa6ce req-e84dcbc5-46fd-42df-992e-3c9e9d13f5b3 143c65c7298446e681cd119dc2c0a3b2 6f1c8f48b77349a8adaa6d1ed7cf1c6e - - b086645a873745aabf57b5e0cf146ab9 b086645a873745aabf57b5e0cf146ab9] 199.19.213.169 "GET /v2.0/floatingips?fixed_ip_address=10.2.2.205&port_id=38c5ecfe-61eb-497f-a472-16b8c4db2a5c HTTP/1.1" status: 200 len: 1059 time: 0.0479920
2026-06-25 23:39:21.673 10 INFO neutron.wsgi [req-30d8a900-a6e8-4627-b29a-f0a96b5fa6ce req-89cc968d-3f78-41e7-84aa-2b117887dc2a 143c65c7298446e681cd119dc2c0a3b2 6f1c8f48b77349a8adaa6d1ed7cf1c6e - - b086645a873745aabf57b5e0cf146ab9 b086645a873745aabf57b5e0cf146ab9] 199.19.213.169 "GET /v2.0/floatingips?fixed_ip_address=fd77%3A1457%3A4cf0%3A26a8%3A%3A202&port_id=38c5ecfe-61eb-497f-a472-16b8c4db2a5c HTTP/1.1" status: 200 len: 217 time: 0.0290785
2026-06-25 23:39:21.737 10 INFO neutron.wsgi [req-30d8a900-a6e8-4627-b29a-f0a96b5fa6ce req-daeab276-ad20-42d0-9bdc-2783f5b26b64 143c65c7298446e681cd119dc2c0a3b2 6f1c8f48b77349a8adaa6d1ed7cf1c6e - - b086645a873745aabf57b5e0cf146ab9 b086645a873745aabf57b5e0cf146ab9] 199.19.213.169 "GET /v2.0/subnets?id=15337110-6a6e-4a88-b6ee-7b82cbe9cbc3&id=e82c3a87-aaf7-41d6-9a9d-9bd9b7c1be67 HTTP/1.1" status: 200 len: 1566 time: 0.0579059
2026-06-25 23:39:21.790 10 INFO neutron.wsgi [req-30d8a900-a6e8-4627-b29a-f0a96b5fa6ce req-9a670efb-286e-4408-afb1-8de85e4c47fa 143c65c7298446e681cd119dc2c0a3b2 6f1c8f48b77349a8adaa6d1ed7cf1c6e - - b086645a873745aabf57b5e0cf146ab9 b086645a873745aabf57b5e0cf146ab9] 199.19.213.169 "GET /v2.0/ports?network_id=7329542c-31c4-4fa5-9aec-2fc8efc7c4ff&device_owner=network%3Adhcp HTTP/1.1" status: 200 len: 210 time: 0.0451705
2026-06-25 23:39:21.792 9 INFO neutron.db.ovn_revision_numbers_db [None req-0881a597-5afa-4ad3-9589-510e0764145e 143c65c7298446e681cd119dc2c0a3b2 6f1c8f48b77349a8adaa6d1ed7cf1c6e - - - -] Successfully bumped revision number for resource 1239b4aa-1991-403b-b1ba-1b4ccaf37ce2 (type: ports) to 8
2026-06-25 23:39:21.822 10 INFO neutron.wsgi [req-30d8a900-a6e8-4627-b29a-f0a96b5fa6ce req-be288dd4-8427-4bfc-bce9-265fd8e617ae 143c65c7298446e681cd119dc2c0a3b2 6f1c8f48b77349a8adaa6d1ed7cf1c6e - - b086645a873745aabf57b5e0cf146ab9 b086645a873745aabf57b5e0cf146ab9] 199.19.213.169 "GET /v2.0/ports?network_id=7329542c-31c4-4fa5-9aec-2fc8efc7c4ff&device_owner=network%3Adhcp HTTP/1.1" status: 200 len: 210 time: 0.0259049
2026-06-25 23:39:21.842 9 INFO neutron.wsgi [None req-0881a597-5afa-4ad3-9589-510e0764145e 143c65c7298446e681cd119dc2c0a3b2 6f1c8f48b77349a8adaa6d1ed7cf1c6e - - - -] 199.19.213.169 "PUT /v2.0/ports/1239b4aa-1991-403b-b1ba-1b4ccaf37ce2 HTTP/1.1" status: 200 len: 1346 time: 0.9032404
2026-06-25 23:39:21.902 10 INFO neutron.wsgi [req-30d8a900-a6e8-4627-b29a-f0a96b5fa6ce req-2260be43-d904-4c48-a3d2-67d2a75b91b3 143c65c7298446e681cd119dc2c0a3b2 6f1c8f48b77349a8adaa6d1ed7cf1c6e - - b086645a873745aabf57b5e0cf146ab9 b086645a873745aabf57b5e0cf146ab9] 199.19.213.169 "GET /v2.0/networks/7329542c-31c4-4fa5-9aec-2fc8efc7c4ff?fields=segments HTTP/1.1" status: 200 len: 212 time: 0.0731390
2026-06-25 23:39:21.982 10 INFO neutron.wsgi [req-30d8a900-a6e8-4627-b29a-f0a96b5fa6ce req-f77f0cd5-510a-4ac7-99eb-30579b776cba 143c65c7298446e681cd119dc2c0a3b2 6f1c8f48b77349a8adaa6d1ed7cf1c6e - - b086645a873745aabf57b5e0cf146ab9 b086645a873745aabf57b5e0cf146ab9] 199.19.213.169 "GET /v2.0/networks/7329542c-31c4-4fa5-9aec-2fc8efc7c4ff?fields=provider%3Aphysical_network&fields=provider%3Anetwork_type HTTP/1.1" status: 200 len: 277 time: 0.0741322
2026-06-25 23:39:21.984 9 INFO neutron.wsgi [req-1c194603-b8eb-431b-9601-64a81e154cde req-a9459520-4cfb-4325-914e-f570ebcd343b 143c65c7298446e681cd119dc2c0a3b2 6f1c8f48b77349a8adaa6d1ed7cf1c6e - - b086645a873745aabf57b5e0cf146ab9 b086645a873745aabf57b5e0cf146ab9] 199.19.213.169 "GET /v2.0/ports?tenant_id=5e6f572533a8440b9f7d5c9b69bf8a4b&device_id=db0799c6-fb0b-44aa-91ac-251a469eab2e HTTP/1.1" status: 200 len: 1365 time: 0.0838497 /var/lib/openstack/lib/python3.10/site-packages/pycadf/identifier.py:71: UserWarning: Invalid uuid: neutron. To ensure interoperability, identifiers should be a valid uuid. warnings.warn(('Invalid uuid: %s. To ensure interoperability, '
2026-06-25 23:39:22.076 9 INFO neutron.wsgi [req-1c194603-b8eb-431b-9601-64a81e154cde req-9ccafe36-ce73-4a63-ac4f-9b06bad85ac4 143c65c7298446e681cd119dc2c0a3b2 6f1c8f48b77349a8adaa6d1ed7cf1c6e - - b086645a873745aabf57b5e0cf146ab9 b086645a873745aabf57b5e0cf146ab9] 199.19.213.169 "GET /v2.0/networks?id=df414cfd-5435-4016-9e81-0c20824a1a62&id=bcaab46f-6b91-40b0-8518-899742da5621 HTTP/1.1" status: 200 len: 1728 time: 0.0785239
2026-06-25 23:39:22.121 9 INFO neutron.wsgi [req-1c194603-b8eb-431b-9601-64a81e154cde req-afa8344d-a203-4296-8336-167ee30494da 143c65c7298446e681cd119dc2c0a3b2 6f1c8f48b77349a8adaa6d1ed7cf1c6e - - b086645a873745aabf57b5e0cf146ab9 b086645a873745aabf57b5e0cf146ab9] 199.19.213.169 "GET /v2.0/floatingips?fixed_ip_address=172.24.3.92&port_id=d3203adc-bad1-4870-95c7-a4879842a6e1 HTTP/1.1" status: 200 len: 217 time: 0.0379846
2026-06-25 23:39:22.189 9 INFO neutron.wsgi [req-1c194603-b8eb-431b-9601-64a81e154cde req-10834981-39a0-4bdd-80d5-f196e8ca574d 143c65c7298446e681cd119dc2c0a3b2 6f1c8f48b77349a8adaa6d1ed7cf1c6e - - b086645a873745aabf57b5e0cf146ab9 b086645a873745aabf57b5e0cf146ab9] 199.19.213.169 "GET /v2.0/subnets?id=c900c280-b2fd-4b7e-b285-762fda8aff92 HTTP/1.1" status: 200 len: 829 time: 0.0603359
2026-06-25 23:39:22.222 9 INFO neutron.wsgi [req-1c194603-b8eb-431b-9601-64a81e154cde req-e1c89b44-23af-43e9-a436-4223d6a8b935 143c65c7298446e681cd119dc2c0a3b2 6f1c8f48b77349a8adaa6d1ed7cf1c6e - - b086645a873745aabf57b5e0cf146ab9 b086645a873745aabf57b5e0cf146ab9] 199.19.213.169 "GET /v2.0/ports?network_id=df414cfd-5435-4016-9e81-0c20824a1a62&device_owner=network%3Adhcp HTTP/1.1" status: 200 len: 210 time: 0.0278449
2026-06-25 23:39:22.227 9 INFO neutron.db.ovn_revision_numbers_db [None req-0fff1feb-15fc-448f-a9fe-3513fdeca4ec eb385586f3e7424ca61f8366f483a2e1 5e6f572533a8440b9f7d5c9b69bf8a4b - - - -] Successfully bumped revision number for resource 1239b4aa-1991-403b-b1ba-1b4ccaf37ce2 (type: ports) to 9
2026-06-25 23:39:22.256 9 INFO neutron.wsgi [None req-0fff1feb-15fc-448f-a9fe-3513fdeca4ec eb385586f3e7424ca61f8366f483a2e1 5e6f572533a8440b9f7d5c9b69bf8a4b - - - -] 199.19.213.169 "PUT /v2.0/ports/1239b4aa-1991-403b-b1ba-1b4ccaf37ce2 HTTP/1.1" status: 200 len: 1286 time: 0.6351371
2026-06-25 23:39:22.309 9 INFO neutron.wsgi [None req-92079e62-9205-4bd4-9658-3e8538f552a1 eb385586f3e7424ca61f8366f483a2e1 5e6f572533a8440b9f7d5c9b69bf8a4b - - default default] 199.19.213.169 "GET /v2.0/ports/1239b4aa-1991-403b-b1ba-1b4ccaf37ce2 HTTP/1.1" status: 200 len: 1286 time: 0.0341609
2026-06-25 23:39:22.311 9 INFO neutron.wsgi [req-1c194603-b8eb-431b-9601-64a81e154cde req-8d310fb9-4886-4709-97a5-0016df9a33f0 143c65c7298446e681cd119dc2c0a3b2 6f1c8f48b77349a8adaa6d1ed7cf1c6e - - b086645a873745aabf57b5e0cf146ab9 b086645a873745aabf57b5e0cf146ab9] 199.19.213.169 "GET /v2.0/networks/df414cfd-5435-4016-9e81-0c20824a1a62?fields=segments HTTP/1.1" status: 200 len: 212 time: 0.0820696
2026-06-25 23:39:22.399 9 INFO neutron.wsgi [req-1c194603-b8eb-431b-9601-64a81e154cde req-b5b72012-3640-4792-98fc-bcaa5e7ac849 143c65c7298446e681cd119dc2c0a3b2 6f1c8f48b77349a8adaa6d1ed7cf1c6e - - b086645a873745aabf57b5e0cf146ab9 b086645a873745aabf57b5e0cf146ab9] 199.19.213.169 "GET /v2.0/networks/df414cfd-5435-4016-9e81-0c20824a1a62?fields=provider%3Aphysical_network&fields=provider%3Anetwork_type HTTP/1.1" status: 200 len: 277 time: 0.0762932
2026-06-25 23:39:22.665 9 INFO neutron.wsgi [None req-b7034691-8533-403a-a359-7384ba2cbcc0 eb385586f3e7424ca61f8366f483a2e1 5e6f572533a8440b9f7d5c9b69bf8a4b - - - -] 199.19.213.169 "DELETE /v2.0/ports/1239b4aa-1991-403b-b1ba-1b4ccaf37ce2 HTTP/1.1" status: 204 len: 173 time: 0.3499067
2026-06-25 23:39:22.711 9 INFO neutron.wsgi [None req-31486f4e-925f-45ca-8854-2c05752591e3 eb385586f3e7424ca61f8366f483a2e1 5e6f572533a8440b9f7d5c9b69bf8a4b - - default default] 199.19.213.169 "GET /v2.0/extensions/security-group HTTP/1.1" status: 200 len: 369 time: 0.0096400
2026-06-25 23:39:22.719 9 INFO neutron.wsgi [None req-3d6afa6e-c081-42ed-bd92-b0ae34979236 eb385586f3e7424ca61f8366f483a2e1 5e6f572533a8440b9f7d5c9b69bf8a4b - - default default] 199.19.213.169 "GET /v2.0/extensions/dns-integration HTTP/1.1" status: 200 len: 371 time: 0.0034270
2026-06-25 23:39:22.728 9 INFO neutron.wsgi [None req-d17108cb-009a-4174-ba66-1d50baaeead6 eb385586f3e7424ca61f8366f483a2e1 5e6f572533a8440b9f7d5c9b69bf8a4b - - default default] 199.19.213.169 "GET /v2.0/extensions/qos HTTP/1.1" status: 200 len: 365 time: 0.0046492
2026-06-25 23:39:22.737 9 INFO neutron.wsgi [None req-1466f5a6-9cd6-4366-8ae2-0fd9e472039f eb385586f3e7424ca61f8366f483a2e1 5e6f572533a8440b9f7d5c9b69bf8a4b - - default default] 199.19.213.169 "GET /v2.0/extensions/allowed-address-pairs HTTP/1.1" status: 200 len: 383 time: 0.0049751
2026-06-25 23:39:22.771 9 INFO neutron.pecan_wsgi.hooks.translation [None req-3943e156-cc52-488b-be86-757033ea1a89 eb385586f3e7424ca61f8366f483a2e1 5e6f572533a8440b9f7d5c9b69bf8a4b - - - -] DELETE failed (client error): The resource could not be found.
2026-06-25 23:39:22.775 9 INFO neutron.wsgi [None req-3943e156-cc52-488b-be86-757033ea1a89 eb385586f3e7424ca61f8366f483a2e1 5e6f572533a8440b9f7d5c9b69bf8a4b - - - -] 199.19.213.169 "DELETE /v2.0/ports/1239b4aa-1991-403b-b1ba-1b4ccaf37ce2 HTTP/1.1" status: 404 len: 338 time: 0.0323770
2026-06-25 23:39:22.818 9 INFO neutron.wsgi [None req-f901e447-c08c-476d-87b6-5206cf65e69f eb385586f3e7424ca61f8366f483a2e1 5e6f572533a8440b9f7d5c9b69bf8a4b - - default default] 199.19.213.169 "GET /v2.0/ports/5edb32fb-db4c-43d9-bcf7-4128d3ef1ddc HTTP/1.1" status: 200 len: 1329 time: 0.0379338
2026-06-25 23:39:22.862 9 INFO neutron.wsgi [None req-7a52c8af-7f68-4522-8f47-90dc88f58ca0 eb385586f3e7424ca61f8366f483a2e1 5e6f572533a8440b9f7d5c9b69bf8a4b - - default default] 199.19.213.169 "GET /v2.0/security-groups?name=lb-be694100-ea8d-486b-9f41-f09a78c4a107 HTTP/1.1" status: 200 len: 1777 time: 0.0375397
2026-06-25 23:39:22.901 9 INFO neutron.wsgi [None req-d4ca3966-a01b-4c97-905b-172e4b7501f4 eb385586f3e7424ca61f8366f483a2e1 5e6f572533a8440b9f7d5c9b69bf8a4b - - default default] 199.19.213.169 "GET /v2.0/ports/5edb32fb-db4c-43d9-bcf7-4128d3ef1ddc HTTP/1.1" status: 200 len: 1329 time: 0.0316110
2026-06-25 23:39:22.937 10 INFO neutron.notifiers.nova [-] Nova event matching ['req-007921ee-4a47-446a-b892-1bd98f1c18e1'] response: {'server_uuid': 'db0799c6-fb0b-44aa-91ac-251a469eab2e', 'name': 'network-vif-plugged', 'status': 'completed', 'tag': '1239b4aa-1991-403b-b1ba-1b4ccaf37ce2', 'code': 200}
2026-06-25 23:39:23.316 9 INFO neutron.db.ovn_revision_numbers_db [None req-312f9eff-1ef3-4efa-a82c-0dd989e094d5 eb385586f3e7424ca61f8366f483a2e1 5e6f572533a8440b9f7d5c9b69bf8a4b - - - -] Successfully bumped revision number for resource 5edb32fb-db4c-43d9-bcf7-4128d3ef1ddc (type: ports) to 17
2026-06-25 23:39:23.339 9 INFO neutron.wsgi [None req-312f9eff-1ef3-4efa-a82c-0dd989e094d5 eb385586f3e7424ca61f8366f483a2e1 5e6f572533a8440b9f7d5c9b69bf8a4b - - - -] 199.19.213.169 "PUT /v2.0/ports/5edb32fb-db4c-43d9-bcf7-4128d3ef1ddc HTTP/1.1" status: 200 len: 1291 time: 0.4293950
2026-06-25 23:39:23.495 9 INFO neutron.wsgi [None req-44d9bd89-e64e-4295-9087-fab537903185 eb385586f3e7424ca61f8366f483a2e1 5e6f572533a8440b9f7d5c9b69bf8a4b - - - -] 199.19.213.169 "DELETE /v2.0/security-groups/5cbb109a-6525-41e0-8601-3e08af10156b HTTP/1.1" status: 204 len: 173 time: 0.1502392
2026-06-25 23:39:23.810 9 INFO neutron.wsgi [None req-0a29b1df-a938-465a-b4f4-86b44c232e3f eb385586f3e7424ca61f8366f483a2e1 5e6f572533a8440b9f7d5c9b69bf8a4b - - - -] 199.19.213.169 "DELETE /v2.0/ports/5edb32fb-db4c-43d9-bcf7-4128d3ef1ddc HTTP/1.1" status: 204 len: 173 time: 0.3078825
2026-06-25 23:39:24.094 10 INFO neutron.plugins.ml2.drivers.ovn.mech_driver.mech_driver [None req-56e06cab-88df-4a0c-9f6c-9609ea2afd09 - - - - - -] OVN reports status down for port: d3203adc-bad1-4870-95c7-a4879842a6e1
2026-06-25 23:39:24.419 9 INFO neutron.wsgi [req-25a00036-bb04-4ace-b89b-722768a2bfb9 req-bdcb65e9-507a-41dc-b50b-2aa7227f5336 eb385586f3e7424ca61f8366f483a2e1 5e6f572533a8440b9f7d5c9b69bf8a4b - - default default] 199.19.213.169 "GET /v2.0/ports?device_id=db0799c6-fb0b-44aa-91ac-251a469eab2e HTTP/1.1" status: 200 len: 1363 time: 0.0599246
2026-06-25 23:39:24.428 10 INFO neutron.db.ovn_revision_numbers_db [None req-56e06cab-88df-4a0c-9f6c-9609ea2afd09 - - - - - -] Successfully bumped revision number for resource d3203adc-bad1-4870-95c7-a4879842a6e1 (type: ports) to 5
2026-06-25 23:39:24.697 9 INFO neutron.wsgi [None req-23ebd4a6-7f3a-4e41-9c7b-ef3833a29cb2 eb385586f3e7424ca61f8366f483a2e1 5e6f572533a8440b9f7d5c9b69bf8a4b - - - -] 199.19.213.169 "DELETE /v2.0/ports/d3203adc-bad1-4870-95c7-a4879842a6e1 HTTP/1.1" status: 204 len: 173 time: 0.2741599
2026-06-25 23:39:24.744 9 INFO neutron.notifiers.nova [-] Nova event matching ['req-751f39ce-6b8b-4efe-83f2-99223e05d88f'] response: {'server_uuid': 'db0799c6-fb0b-44aa-91ac-251a469eab2e', 'name': 'network-vif-deleted', 'tag': 'd3203adc-bad1-4870-95c7-a4879842a6e1', 'status': 'completed', 'code': 200}
2026-06-25 23:39:24.979 10 INFO neutron.notifiers.nova [-] Nova event matching ['req-21588ac2-80e2-47e1-831e-0cb60a1fb26b'] response: {'server_uuid': 'db0799c6-fb0b-44aa-91ac-251a469eab2e', 'name': 'network-vif-unplugged', 'status': 'completed', 'tag': 'd3203adc-bad1-4870-95c7-a4879842a6e1', 'code': 200}
2026-06-25 23:39:24.980 10 INFO neutron.notifiers.nova [-] Nova event matching ['req-21588ac2-80e2-47e1-831e-0cb60a1fb26b'] response: {'server_uuid': 'db0799c6-fb0b-44aa-91ac-251a469eab2e', 'name': 'network-vif-plugged', 'status': 'completed', 'tag': 'd3203adc-bad1-4870-95c7-a4879842a6e1', 'code': 200} /var/lib/openstack/lib/python3.10/site-packages/pycadf/identifier.py:71: UserWarning: Invalid uuid: neutron. To ensure interoperability, identifiers should be a valid uuid. warnings.warn(('Invalid uuid: %s. To ensure interoperability, '
2026-06-25 23:39:25.577 10 INFO neutron.db.l3_db [None req-79709244-3e8b-4fc7-9bc9-c17423285063 5bd909b3c06e4f81890b480a2fad5e2b 83f71c9fea0b4201aa9f250211848d99 - - - -] Floating IP ece49be9-0ed6-4d7d-b058-e4f3b20895f9 disassociated (deleted). External IP: 10.96.250.212, port: 38c5ecfe-61eb-497f-a472-16b8c4db2a5c.
2026-06-25 23:39:25.668 10 INFO neutron.wsgi [None req-79709244-3e8b-4fc7-9bc9-c17423285063 5bd909b3c06e4f81890b480a2fad5e2b 83f71c9fea0b4201aa9f250211848d99 - - - -] 10.0.0.23 "DELETE /v2.0/floatingips/ece49be9-0ed6-4d7d-b058-e4f3b20895f9 HTTP/1.1" status: 204 len: 168 time: 0.5674856 /var/lib/openstack/lib/python3.10/site-packages/pycadf/identifier.py:71: UserWarning: Invalid uuid: neutron. To ensure interoperability, identifiers should be a valid uuid. warnings.warn(('Invalid uuid: %s. To ensure interoperability, '
2026-06-25 23:39:25.698 10 INFO neutron.api.v2.resource [None req-7dc5079a-402d-4f92-83e0-d7141a779358 5bd909b3c06e4f81890b480a2fad5e2b 83f71c9fea0b4201aa9f250211848d99 - - default default] show failed (client error): The resource could not be found.
2026-06-25 23:39:25.700 10 INFO neutron.wsgi [None req-7dc5079a-402d-4f92-83e0-d7141a779358 5bd909b3c06e4f81890b480a2fad5e2b 83f71c9fea0b4201aa9f250211848d99 - - default default] 10.0.0.23 "GET /v2.0/floatingips/ece49be9-0ed6-4d7d-b058-e4f3b20895f9 HTTP/1.1" status: 404 len: 345 time: 0.0270929
2026-06-25 23:39:25.918 9 INFO neutron.plugins.ml2.drivers.ovn.mech_driver.mech_driver [None req-af23856a-b697-49de-96a5-efa60640ed41 - - - - - -] OVN reports status down for port: 38c5ecfe-61eb-497f-a472-16b8c4db2a5c
2026-06-25 23:39:26.003 10 INFO neutron.wsgi [req-4d0c202a-e92b-4bdf-854a-0b93a6eb3845 req-fd9ca0a1-d470-4ea8-a514-9007c799727f 5bd909b3c06e4f81890b480a2fad5e2b 83f71c9fea0b4201aa9f250211848d99 - - default default] 10.0.0.211 "GET /v2.0/ports?device_id=57dde641-66b5-405d-b2d1-c8aea9eed614 HTTP/1.1" status: 200 len: 1404 time: 0.1306615
2026-06-25 23:39:26.065 10 INFO neutron.wsgi [req-4d0c202a-e92b-4bdf-854a-0b93a6eb3845 req-3550a9c2-77c5-4624-92f1-bbc56d055249 5bd909b3c06e4f81890b480a2fad5e2b 83f71c9fea0b4201aa9f250211848d99 - - default default] 10.0.0.211 "GET /v2.0/security-groups?id=1ca2b18f-f0fe-45f3-8d57-b359e4511924&fields=id&fields=name HTTP/1.1" status: 200 len: 311 time: 0.0557995
2026-06-25 23:39:26.283 9 INFO neutron.db.ovn_revision_numbers_db [None req-af23856a-b697-49de-96a5-efa60640ed41 - - - - - -] Successfully bumped revision number for resource 38c5ecfe-61eb-497f-a472-16b8c4db2a5c (type: ports) to 5
2026-06-25 23:39:26.309 9 INFO neutron.wsgi [req-91d5e77c-9487-4d04-a40d-8a72674b0b0d req-31401bba-2e9d-4da3-8d87-b4f9dc916b55 5bd909b3c06e4f81890b480a2fad5e2b 83f71c9fea0b4201aa9f250211848d99 - - default default] 199.19.213.169 "GET /v2.0/ports?device_id=57dde641-66b5-405d-b2d1-c8aea9eed614 HTTP/1.1" status: 200 len: 1402 time: 0.1100645
2026-06-25 23:39:26.698 9 INFO neutron.wsgi [None req-e93cae85-e911-4f3d-9a0c-980c5300bd27 5bd909b3c06e4f81890b480a2fad5e2b 83f71c9fea0b4201aa9f250211848d99 - - - -] 199.19.213.169 "DELETE /v2.0/ports/38c5ecfe-61eb-497f-a472-16b8c4db2a5c HTTP/1.1" status: 204 len: 173 time: 0.3780138
2026-06-25 23:39:26.782 9 INFO neutron.notifiers.nova [-] Nova event matching ['req-7a5cbf8b-766c-43eb-b36e-08ea82d71bac'] response: {'server_uuid': '57dde641-66b5-405d-b2d1-c8aea9eed614', 'name': 'network-vif-unplugged', 'status': 'completed', 'tag': '38c5ecfe-61eb-497f-a472-16b8c4db2a5c', 'code': 200}
2026-06-25 23:39:26.782 9 INFO neutron.notifiers.nova [-] Nova event matching ['req-7a5cbf8b-766c-43eb-b36e-08ea82d71bac'] response: {'server_uuid': '57dde641-66b5-405d-b2d1-c8aea9eed614', 'name': 'network-vif-plugged', 'status': 'completed', 'tag': '38c5ecfe-61eb-497f-a472-16b8c4db2a5c', 'code': 200}
2026-06-25 23:39:26.782 9 INFO neutron.notifiers.nova [-] Nova event matching ['req-7a5cbf8b-766c-43eb-b36e-08ea82d71bac'] response: {'server_uuid': '57dde641-66b5-405d-b2d1-c8aea9eed614', 'name': 'network-vif-deleted', 'tag': '38c5ecfe-61eb-497f-a472-16b8c4db2a5c', 'status': 'completed', 'code': 200}
2026-06-25 23:39:27.023 10 INFO neutron.notifiers.nova [-] Nova event matching ['req-ffa4a1ca-ce03-4a7b-b252-caa15c252d9a'] response: {'name': 'network-changed', 'server_uuid': '57dde641-66b5-405d-b2d1-c8aea9eed614', 'tag': '38c5ecfe-61eb-497f-a472-16b8c4db2a5c', 'status': 'completed', 'code': 200} /var/lib/openstack/lib/python3.10/site-packages/pycadf/identifier.py:71: UserWarning: Invalid uuid: neutron. To ensure interoperability, identifiers should be a valid uuid. warnings.warn(('Invalid uuid: %s. To ensure interoperability, '
2026-06-25 23:39:27.074 9 INFO neutron.wsgi [req-a5d0b655-2eca-45fd-a248-ee21f077e4c5 req-eabbfb99-3f91-4bda-b4b1-004cca40333d 143c65c7298446e681cd119dc2c0a3b2 6f1c8f48b77349a8adaa6d1ed7cf1c6e - - b086645a873745aabf57b5e0cf146ab9 b086645a873745aabf57b5e0cf146ab9] 199.19.213.169 "GET /v2.0/ports?tenant_id=83f71c9fea0b4201aa9f250211848d99&device_id=57dde641-66b5-405d-b2d1-c8aea9eed614 HTTP/1.1" status: 200 len: 210 time: 0.0324843
2026-06-25 23:39:27.197 9 INFO neutron.wsgi [req-a5d0b655-2eca-45fd-a248-ee21f077e4c5 req-8c75acb2-863f-493d-9054-79e8e85d7406 143c65c7298446e681cd119dc2c0a3b2 6f1c8f48b77349a8adaa6d1ed7cf1c6e - - b086645a873745aabf57b5e0cf146ab9 b086645a873745aabf57b5e0cf146ab9] 199.19.213.169 "GET /v2.0/networks?tenant_id=83f71c9fea0b4201aa9f250211848d99&shared=False HTTP/1.1" status: 200 len: 2584 time: 0.1160617
2026-06-25 23:39:27.725 9 INFO neutron.wsgi [req-a5d0b655-2eca-45fd-a248-ee21f077e4c5 req-79e19d4a-ad6c-49dc-9fcb-b8420dc96619 143c65c7298446e681cd119dc2c0a3b2 6f1c8f48b77349a8adaa6d1ed7cf1c6e - - b086645a873745aabf57b5e0cf146ab9 b086645a873745aabf57b5e0cf146ab9] 199.19.213.169 "GET /v2.0/networks?shared=True HTTP/1.1" status: 200 len: 952 time: 0.5213187
2026-06-25 23:39:31.959 10 INFO neutron.db.l3_db [None req-4401d915-c629-4dad-a4f0-c2aa98e6ac12 5bd909b3c06e4f81890b480a2fad5e2b 83f71c9fea0b4201aa9f250211848d99 - - - -] Floating IP 19075650-97ed-4db4-b675-247801439e42 disassociated (deleted). External IP: 10.96.250.210, port: c7efd1ca-2067-4ce3-965a-ccdfcd7ce49d.
2026-06-25 23:39:32.060 10 INFO neutron.wsgi [None req-4401d915-c629-4dad-a4f0-c2aa98e6ac12 5bd909b3c06e4f81890b480a2fad5e2b 83f71c9fea0b4201aa9f250211848d99 - - - -] 10.0.0.23 "DELETE /v2.0/floatingips/19075650-97ed-4db4-b675-247801439e42 HTTP/1.1" status: 204 len: 168 time: 0.9175308
2026-06-25 23:39:32.100 10 INFO neutron.notifiers.nova [-] Nova event matching ['req-3197d6d4-1f8a-44a6-8061-dec87e3869bb'] response: {'name': 'network-changed', 'server_uuid': '4161043c-ae62-493f-b7f5-2b69e3903ea0', 'tag': 'c7efd1ca-2067-4ce3-965a-ccdfcd7ce49d', 'status': 'completed', 'code': 200}
2026-06-25 23:39:32.111 9 INFO neutron.api.v2.resource [None req-9e403036-638c-49aa-9326-472b088e6f9e 5bd909b3c06e4f81890b480a2fad5e2b 83f71c9fea0b4201aa9f250211848d99 - - default default] show failed (client error): The resource could not be found.
2026-06-25 23:39:32.112 9 INFO neutron.wsgi [None req-9e403036-638c-49aa-9326-472b088e6f9e 5bd909b3c06e4f81890b480a2fad5e2b 83f71c9fea0b4201aa9f250211848d99 - - default default] 10.0.0.23 "GET /v2.0/floatingips/19075650-97ed-4db4-b675-247801439e42 HTTP/1.1" status: 404 len: 345 time: 0.0469511
2026-06-25 23:39:32.156 9 INFO neutron.wsgi [req-aba2c0aa-481b-4d49-992c-cc3e341e5b8f req-fd71f5c3-2f3c-4e48-bc1a-e0aabc071261 143c65c7298446e681cd119dc2c0a3b2 6f1c8f48b77349a8adaa6d1ed7cf1c6e - - b086645a873745aabf57b5e0cf146ab9 b086645a873745aabf57b5e0cf146ab9] 199.19.213.169 "GET /v2.0/ports?tenant_id=83f71c9fea0b4201aa9f250211848d99&device_id=4161043c-ae62-493f-b7f5-2b69e3903ea0 HTTP/1.1" status: 200 len: 1590 time: 0.0351140
2026-06-25 23:39:32.221 9 INFO neutron.wsgi [req-aba2c0aa-481b-4d49-992c-cc3e341e5b8f req-a0f9fac9-62cf-4542-8e6c-25419370da9d 143c65c7298446e681cd119dc2c0a3b2 6f1c8f48b77349a8adaa6d1ed7cf1c6e - - b086645a873745aabf57b5e0cf146ab9 b086645a873745aabf57b5e0cf146ab9] 199.19.213.169 "GET /v2.0/networks?id=c568d2cf-18e6-4f84-8821-88474fe65eeb HTTP/1.1" status: 200 len: 1003 time: 0.0584488
2026-06-25 23:39:32.256 9 INFO neutron.wsgi [req-aba2c0aa-481b-4d49-992c-cc3e341e5b8f req-dbc58e22-2a37-4151-bc16-6e0b1a0898da 143c65c7298446e681cd119dc2c0a3b2 6f1c8f48b77349a8adaa6d1ed7cf1c6e - - b086645a873745aabf57b5e0cf146ab9 b086645a873745aabf57b5e0cf146ab9] 199.19.213.169 "GET /v2.0/floatingips?fixed_ip_address=10.2.1.129&port_id=c7efd1ca-2067-4ce3-965a-ccdfcd7ce49d HTTP/1.1" status: 200 len: 217 time: 0.0305734
2026-06-25 23:39:32.299 9 INFO neutron.wsgi [req-aba2c0aa-481b-4d49-992c-cc3e341e5b8f req-7e5bb48f-fc82-4c3e-b50c-25fcf59fdc5e 143c65c7298446e681cd119dc2c0a3b2 6f1c8f48b77349a8adaa6d1ed7cf1c6e - - b086645a873745aabf57b5e0cf146ab9 b086645a873745aabf57b5e0cf146ab9] 199.19.213.169 "GET /v2.0/floatingips?fixed_ip_address=fd7b%3Af9f7%3Afff%3A4eca%3A%3A138&port_id=c7efd1ca-2067-4ce3-965a-ccdfcd7ce49d HTTP/1.1" status: 200 len: 217 time: 0.0347788
2026-06-25 23:39:32.336 9 INFO neutron.plugins.ml2.drivers.ovn.mech_driver.mech_driver [None req-af23856a-b697-49de-96a5-efa60640ed41 - - - - - -] OVN reports status down for port: c7efd1ca-2067-4ce3-965a-ccdfcd7ce49d
2026-06-25 23:39:32.396 9 INFO neutron.wsgi [req-aba2c0aa-481b-4d49-992c-cc3e341e5b8f req-7c732b4e-31ed-46b5-b7b7-4f68e9e5f3e9 143c65c7298446e681cd119dc2c0a3b2 6f1c8f48b77349a8adaa6d1ed7cf1c6e - - b086645a873745aabf57b5e0cf146ab9 b086645a873745aabf57b5e0cf146ab9] 199.19.213.169 "GET /v2.0/subnets?id=72024b13-4d50-468d-a17f-1e6c52661004&id=64785dd7-f05e-4318-be67-2c0b672cd8ed HTTP/1.1" status: 200 len: 1562 time: 0.0915544
2026-06-25 23:39:32.432 9 INFO neutron.wsgi [req-aba2c0aa-481b-4d49-992c-cc3e341e5b8f req-372b2706-7f9c-49a3-8e34-2094cf7ba018 143c65c7298446e681cd119dc2c0a3b2 6f1c8f48b77349a8adaa6d1ed7cf1c6e - - b086645a873745aabf57b5e0cf146ab9 b086645a873745aabf57b5e0cf146ab9] 199.19.213.169 "GET /v2.0/ports?network_id=c568d2cf-18e6-4f84-8821-88474fe65eeb&device_owner=network%3Adhcp HTTP/1.1" status: 200 len: 210 time: 0.0284774
2026-06-25 23:39:32.438 9 INFO neutron.wsgi [req-f1f2efa0-9b17-4b86-b1d6-e9c17d81d7dc req-cf59fb0f-4eb4-4558-8e46-87223bc1d60b 5bd909b3c06e4f81890b480a2fad5e2b 83f71c9fea0b4201aa9f250211848d99 - - default default] 10.0.0.211 "GET /v2.0/ports?device_id=4161043c-ae62-493f-b7f5-2b69e3903ea0 HTTP/1.1" status: 200 len: 1400 time: 0.1417735
2026-06-25 23:39:32.484 9 INFO neutron.wsgi [req-aba2c0aa-481b-4d49-992c-cc3e341e5b8f req-7ad0a17f-2700-48b3-9205-2ec5310660d1 143c65c7298446e681cd119dc2c0a3b2 6f1c8f48b77349a8adaa6d1ed7cf1c6e - - b086645a873745aabf57b5e0cf146ab9 b086645a873745aabf57b5e0cf146ab9] 199.19.213.169 "GET /v2.0/ports?network_id=c568d2cf-18e6-4f84-8821-88474fe65eeb&device_owner=network%3Adhcp HTTP/1.1" status: 200 len: 210 time: 0.0328135
2026-06-25 23:39:32.530 9 INFO neutron.wsgi [req-f1f2efa0-9b17-4b86-b1d6-e9c17d81d7dc req-fd9bc31b-5202-4e6e-ad6d-ffa63758153a 5bd909b3c06e4f81890b480a2fad5e2b 83f71c9fea0b4201aa9f250211848d99 - - default default] 10.0.0.211 "GET /v2.0/security-groups?id=1ca2b18f-f0fe-45f3-8d57-b359e4511924&fields=id&fields=name HTTP/1.1" status: 200 len: 311 time: 0.0751739
2026-06-25 23:39:32.575 9 INFO neutron.wsgi [req-aba2c0aa-481b-4d49-992c-cc3e341e5b8f req-c017a1a2-ebf3-4e18-8019-5fda76436277 143c65c7298446e681cd119dc2c0a3b2 6f1c8f48b77349a8adaa6d1ed7cf1c6e - - b086645a873745aabf57b5e0cf146ab9 b086645a873745aabf57b5e0cf146ab9] 199.19.213.169 "GET /v2.0/networks/c568d2cf-18e6-4f84-8821-88474fe65eeb?fields=segments HTTP/1.1" status: 200 len: 212 time: 0.0855391
2026-06-25 23:39:32.581 9 INFO neutron.notifiers.nova [-] Nova event matching ['req-caa9f710-907d-4d0c-a3d5-3ce4b5c4338e'] response: {'server_uuid': '4161043c-ae62-493f-b7f5-2b69e3903ea0', 'name': 'network-vif-unplugged', 'status': 'completed', 'tag': 'c7efd1ca-2067-4ce3-965a-ccdfcd7ce49d', 'code': 200} /var/lib/openstack/lib/python3.10/site-packages/pycadf/identifier.py:71: UserWarning: Invalid uuid: neutron. To ensure interoperability, identifiers should be a valid uuid. warnings.warn(('Invalid uuid: %s. To ensure interoperability, '
2026-06-25 23:39:32.669 9 INFO neutron.wsgi [req-aba2c0aa-481b-4d49-992c-cc3e341e5b8f req-2c77ea64-aca9-4838-bc6c-a3664455caa3 143c65c7298446e681cd119dc2c0a3b2 6f1c8f48b77349a8adaa6d1ed7cf1c6e - - b086645a873745aabf57b5e0cf146ab9 b086645a873745aabf57b5e0cf146ab9] 199.19.213.169 "GET /v2.0/networks/c568d2cf-18e6-4f84-8821-88474fe65eeb?fields=provider%3Aphysical_network&fields=provider%3Anetwork_type HTTP/1.1" status: 200 len: 277 time: 0.0703237
2026-06-25 23:39:32.718 10 INFO neutron.wsgi [req-79c6fad0-56c2-4274-aa84-9946448542e2 req-04e09491-4994-48e7-bae7-a14ec0631906 5bd909b3c06e4f81890b480a2fad5e2b 83f71c9fea0b4201aa9f250211848d99 - - default default] 199.19.213.169 "GET /v2.0/ports?device_id=4161043c-ae62-493f-b7f5-2b69e3903ea0 HTTP/1.1" status: 200 len: 1398 time: 0.1069777
2026-06-25 23:39:32.746 9 INFO neutron.db.ovn_revision_numbers_db [None req-af23856a-b697-49de-96a5-efa60640ed41 - - - - - -] Successfully bumped revision number for resource c7efd1ca-2067-4ce3-965a-ccdfcd7ce49d (type: ports) to 5
2026-06-25 23:39:32.932 10 INFO neutron.wsgi [-] 10.0.0.37 "GET / HTTP/1.1" status: 200 len: 247 time: 0.0015414
2026-06-25 23:39:32.933 10 INFO neutron.wsgi [-] 10.0.0.37 "GET / HTTP/1.1" status: 200 len: 247 time: 0.0010469
2026-06-25 23:39:33.060 10 INFO neutron.wsgi [None req-f7ef5071-4d6c-4381-8b3f-fb7a720d3b16 5bd909b3c06e4f81890b480a2fad5e2b 83f71c9fea0b4201aa9f250211848d99 - - - -] 199.19.213.169 "DELETE /v2.0/ports/c7efd1ca-2067-4ce3-965a-ccdfcd7ce49d HTTP/1.1" status: 204 len: 173 time: 0.3378859
2026-06-25 23:39:34.140 10 INFO neutron.notifiers.nova [-] Nova event matching ['req-4e9944b5-4d4e-4b57-8f3a-2ad659d0c8ca'] response: {'server_uuid': '4161043c-ae62-493f-b7f5-2b69e3903ea0', 'name': 'network-vif-deleted', 'tag': 'c7efd1ca-2067-4ce3-965a-ccdfcd7ce49d', 'status': 'completed', 'code': 200}
2026-06-25 23:39:34.629 9 INFO neutron.notifiers.nova [-] Nova event matching ['req-f7f62bfd-8fae-4678-86d6-72c8fe225800'] response: {'server_uuid': '4161043c-ae62-493f-b7f5-2b69e3903ea0', 'name': 'network-vif-plugged', 'status': 'completed', 'tag': 'c7efd1ca-2067-4ce3-965a-ccdfcd7ce49d', 'code': 200} /var/lib/openstack/lib/python3.10/site-packages/pycadf/identifier.py:71: UserWarning: Invalid uuid: neutron. To ensure interoperability, identifiers should be a valid uuid. warnings.warn(('Invalid uuid: %s. To ensure interoperability, '
2026-06-25 23:39:37.747 9 INFO neutron.wsgi [None req-4a7d0727-ba90-479b-ae04-47d63b10ab21 5bd909b3c06e4f81890b480a2fad5e2b 83f71c9fea0b4201aa9f250211848d99 - - - -] 10.0.0.23 "DELETE /v2.0/security-group-rules/aeabdd72-d2d7-4a23-b2d2-c25ee03a42fe HTTP/1.1" status: 204 len: 168 time: 0.1470542
2026-06-25 23:39:37.765 9 INFO neutron.api.v2.resource [None req-689f6a04-3b7d-4ae8-b42b-8ed66a36b5bf 5bd909b3c06e4f81890b480a2fad5e2b 83f71c9fea0b4201aa9f250211848d99 - - default default] show failed (client error): The resource could not be found.
2026-06-25 23:39:37.767 9 INFO neutron.wsgi [None req-689f6a04-3b7d-4ae8-b42b-8ed66a36b5bf 5bd909b3c06e4f81890b480a2fad5e2b 83f71c9fea0b4201aa9f250211848d99 - - default default] 10.0.0.23 "GET /v2.0/security-group-rules/aeabdd72-d2d7-4a23-b2d2-c25ee03a42fe HTTP/1.1" status: 404 len: 356 time: 0.0127687
2026-06-25 23:39:37.872 9 INFO neutron.wsgi [None req-54905197-3936-4193-8e64-febc84e047d8 5bd909b3c06e4f81890b480a2fad5e2b 83f71c9fea0b4201aa9f250211848d99 - - - -] 10.0.0.23 "DELETE /v2.0/security-group-rules/c3d5dba4-9ea1-4a01-a2a6-c2dfdb8ccb50 HTTP/1.1" status: 204 len: 168 time: 0.1006591
2026-06-25 23:39:37.888 9 INFO neutron.api.v2.resource [None req-b6d01c6b-118f-49ee-a034-ccd91737e93c 5bd909b3c06e4f81890b480a2fad5e2b 83f71c9fea0b4201aa9f250211848d99 - - default default] show failed (client error): The resource could not be found.
2026-06-25 23:39:37.889 9 INFO neutron.wsgi [None req-b6d01c6b-118f-49ee-a034-ccd91737e93c 5bd909b3c06e4f81890b480a2fad5e2b 83f71c9fea0b4201aa9f250211848d99 - - default default] 10.0.0.23 "GET /v2.0/security-group-rules/c3d5dba4-9ea1-4a01-a2a6-c2dfdb8ccb50 HTTP/1.1" status: 404 len: 356 time: 0.0112131
2026-06-25 23:39:38.001 9 INFO neutron.wsgi [None req-1b4545cc-cddb-4ec0-a8f7-71c99ee36407 5bd909b3c06e4f81890b480a2fad5e2b 83f71c9fea0b4201aa9f250211848d99 - - - -] 10.0.0.23 "DELETE /v2.0/security-group-rules/df880ea9-dc22-4e32-a3e9-a17b0192eed4 HTTP/1.1" status: 204 len: 168 time: 0.1068447
2026-06-25 23:39:38.020 9 INFO neutron.api.v2.resource [None req-4fe1ec16-f9a9-4489-8358-770ca8d46af9 5bd909b3c06e4f81890b480a2fad5e2b 83f71c9fea0b4201aa9f250211848d99 - - default default] show failed (client error): The resource could not be found.
2026-06-25 23:39:38.021 9 INFO neutron.wsgi [None req-4fe1ec16-f9a9-4489-8358-770ca8d46af9 5bd909b3c06e4f81890b480a2fad5e2b 83f71c9fea0b4201aa9f250211848d99 - - default default] 10.0.0.23 "GET /v2.0/security-group-rules/df880ea9-dc22-4e32-a3e9-a17b0192eed4 HTTP/1.1" status: 404 len: 356 time: 0.0130897
2026-06-25 23:39:38.159 9 INFO neutron.wsgi [None req-afa16eb3-fe86-426e-b46d-93124cb7c7e6 5bd909b3c06e4f81890b480a2fad5e2b 83f71c9fea0b4201aa9f250211848d99 - - - -] 10.0.0.23 "DELETE /v2.0/security-group-rules/f3775569-9568-4ceb-8f20-9d73507ae961 HTTP/1.1" status: 204 len: 168 time: 0.1333332
2026-06-25 23:39:38.176 9 INFO neutron.api.v2.resource [None req-66f14233-dbc4-4de4-bfee-e3acdc3867de 5bd909b3c06e4f81890b480a2fad5e2b 83f71c9fea0b4201aa9f250211848d99 - - default default] show failed (client error): The resource could not be found.
2026-06-25 23:39:38.177 9 INFO neutron.wsgi [None req-66f14233-dbc4-4de4-bfee-e3acdc3867de 5bd909b3c06e4f81890b480a2fad5e2b 83f71c9fea0b4201aa9f250211848d99 - - default default] 10.0.0.23 "GET /v2.0/security-group-rules/f3775569-9568-4ceb-8f20-9d73507ae961 HTTP/1.1" status: 404 len: 356 time: 0.0124793
2026-06-25 23:39:38.306 9 INFO neutron.wsgi [None req-8b98e063-3e2d-4898-8161-67ad2b80d3b7 5bd909b3c06e4f81890b480a2fad5e2b 83f71c9fea0b4201aa9f250211848d99 - - - -] 10.0.0.23 "DELETE /v2.0/security-group-rules/e9410e02-005a-4da6-b85f-6987d5b93279 HTTP/1.1" status: 204 len: 168 time: 0.1243527
2026-06-25 23:39:38.334 10 INFO neutron.api.v2.resource [None req-0e50bbc6-de21-45dc-a204-e84504804e0d 5bd909b3c06e4f81890b480a2fad5e2b 83f71c9fea0b4201aa9f250211848d99 - - default default] show failed (client error): The resource could not be found.
2026-06-25 23:39:38.336 10 INFO neutron.wsgi [None req-0e50bbc6-de21-45dc-a204-e84504804e0d 5bd909b3c06e4f81890b480a2fad5e2b 83f71c9fea0b4201aa9f250211848d99 - - default default] 10.0.0.23 "GET /v2.0/security-group-rules/e9410e02-005a-4da6-b85f-6987d5b93279 HTTP/1.1" status: 404 len: 356 time: 0.0203795
2026-06-25 23:39:38.472 10 INFO neutron.wsgi [None req-9dba781f-c000-4120-9f63-a934f0683c03 5bd909b3c06e4f81890b480a2fad5e2b 83f71c9fea0b4201aa9f250211848d99 - - - -] 10.0.0.23 "DELETE /v2.0/security-group-rules/be85ac67-ba69-4b83-be34-5bb55a9975c8 HTTP/1.1" status: 204 len: 168 time: 0.1306083
2026-06-25 23:39:38.493 10 INFO neutron.api.v2.resource [None req-192b9b7b-d1f8-43d1-bcb3-9662a0f2c633 5bd909b3c06e4f81890b480a2fad5e2b 83f71c9fea0b4201aa9f250211848d99 - - default default] show failed (client error): The resource could not be found.
2026-06-25 23:39:38.494 10 INFO neutron.wsgi [None req-192b9b7b-d1f8-43d1-bcb3-9662a0f2c633 5bd909b3c06e4f81890b480a2fad5e2b 83f71c9fea0b4201aa9f250211848d99 - - default default] 10.0.0.23 "GET /v2.0/security-group-rules/be85ac67-ba69-4b83-be34-5bb55a9975c8 HTTP/1.1" status: 404 len: 356 time: 0.0136273
2026-06-25 23:39:38.611 10 INFO neutron.wsgi [None req-2147bad1-5a57-4f8d-b17a-baa4f615e6b7 5bd909b3c06e4f81890b480a2fad5e2b 83f71c9fea0b4201aa9f250211848d99 - - - -] 10.0.0.23 "DELETE /v2.0/security-group-rules/a5d95266-ae36-4587-85e9-83dfb037bd69 HTTP/1.1" status: 204 len: 168 time: 0.1107993
2026-06-25 23:39:38.640 9 INFO neutron.api.v2.resource [None req-c401586d-a2c0-4e77-9793-ea16f0cd04d7 5bd909b3c06e4f81890b480a2fad5e2b 83f71c9fea0b4201aa9f250211848d99 - - default default] show failed (client error): The resource could not be found.
2026-06-25 23:39:38.641 9 INFO neutron.wsgi [None req-c401586d-a2c0-4e77-9793-ea16f0cd04d7 5bd909b3c06e4f81890b480a2fad5e2b 83f71c9fea0b4201aa9f250211848d99 - - default default] 10.0.0.23 "GET /v2.0/security-group-rules/a5d95266-ae36-4587-85e9-83dfb037bd69 HTTP/1.1" status: 404 len: 356 time: 0.0120780
2026-06-25 23:39:38.754 9 INFO neutron.wsgi [None req-eb6c1de4-08c2-4b8c-a2fc-270a26d27153 5bd909b3c06e4f81890b480a2fad5e2b 83f71c9fea0b4201aa9f250211848d99 - - - -] 10.0.0.23 "DELETE /v2.0/security-group-rules/d772135a-ef1f-4907-aa19-04ffde583092 HTTP/1.1" status: 204 len: 168 time: 0.1054835
2026-06-25 23:39:38.770 9 INFO neutron.api.v2.resource [None req-50fd2c7a-d40d-4484-932f-55fe9632cc05 5bd909b3c06e4f81890b480a2fad5e2b 83f71c9fea0b4201aa9f250211848d99 - - default default] show failed (client error): The resource could not be found.
2026-06-25 23:39:38.771 9 INFO neutron.wsgi [None req-50fd2c7a-d40d-4484-932f-55fe9632cc05 5bd909b3c06e4f81890b480a2fad5e2b 83f71c9fea0b4201aa9f250211848d99 - - default default] 10.0.0.23 "GET /v2.0/security-group-rules/d772135a-ef1f-4907-aa19-04ffde583092 HTTP/1.1" status: 404 len: 356 time: 0.0112066
2026-06-25 23:39:38.874 9 INFO neutron.wsgi [None req-f8c343c5-e42c-489c-bd58-bcd7a36852ca 5bd909b3c06e4f81890b480a2fad5e2b 83f71c9fea0b4201aa9f250211848d99 - - - -] 10.0.0.23 "DELETE /v2.0/security-group-rules/b7265154-07ce-4ab0-8ca1-1074d992c093 HTTP/1.1" status: 204 len: 168 time: 0.0978780
2026-06-25 23:39:38.891 9 INFO neutron.api.v2.resource [None req-ecf45a48-b96b-47b9-8733-403ed4334b7a 5bd909b3c06e4f81890b480a2fad5e2b 83f71c9fea0b4201aa9f250211848d99 - - default default] show failed (client error): The resource could not be found.
2026-06-25 23:39:38.892 9 INFO neutron.wsgi [None req-ecf45a48-b96b-47b9-8733-403ed4334b7a 5bd909b3c06e4f81890b480a2fad5e2b 83f71c9fea0b4201aa9f250211848d99 - - default default] 10.0.0.23 "GET /v2.0/security-group-rules/b7265154-07ce-4ab0-8ca1-1074d992c093 HTTP/1.1" status: 404 len: 356 time: 0.0121040
2026-06-25 23:39:38.996 9 INFO neutron.wsgi [None req-53b4d4cf-508f-4fbf-97ff-5cbb263fa7cc 5bd909b3c06e4f81890b480a2fad5e2b 83f71c9fea0b4201aa9f250211848d99 - - - -] 10.0.0.23 "DELETE /v2.0/security-group-rules/af7c7803-0d7c-4454-b35f-107b58eba690 HTTP/1.1" status: 204 len: 168 time: 0.0997460
2026-06-25 23:39:39.015 9 INFO neutron.api.v2.resource [None req-a11bd0c0-eb79-4c07-8e34-2965d52ae6ca 5bd909b3c06e4f81890b480a2fad5e2b 83f71c9fea0b4201aa9f250211848d99 - - default default] show failed (client error): The resource could not be found.
2026-06-25 23:39:39.016 9 INFO neutron.wsgi [None req-a11bd0c0-eb79-4c07-8e34-2965d52ae6ca 5bd909b3c06e4f81890b480a2fad5e2b 83f71c9fea0b4201aa9f250211848d99 - - default default] 10.0.0.23 "GET /v2.0/security-group-rules/af7c7803-0d7c-4454-b35f-107b58eba690 HTTP/1.1" status: 404 len: 356 time: 0.0140755
2026-06-25 23:39:39.121 9 INFO neutron.wsgi [None req-4df37087-a992-4f84-b019-364d8000bd30 5bd909b3c06e4f81890b480a2fad5e2b 83f71c9fea0b4201aa9f250211848d99 - - - -] 10.0.0.23 "DELETE /v2.0/security-group-rules/b31e666e-64c6-480b-be81-dbb963c4851e HTTP/1.1" status: 204 len: 168 time: 0.0993142
2026-06-25 23:39:39.136 9 INFO neutron.api.v2.resource [None req-2d5de45a-6fe1-4a1d-8a71-12e349f9e2c2 5bd909b3c06e4f81890b480a2fad5e2b 83f71c9fea0b4201aa9f250211848d99 - - default default] show failed (client error): The resource could not be found.
2026-06-25 23:39:39.137 9 INFO neutron.wsgi [None req-2d5de45a-6fe1-4a1d-8a71-12e349f9e2c2 5bd909b3c06e4f81890b480a2fad5e2b 83f71c9fea0b4201aa9f250211848d99 - - default default] 10.0.0.23 "GET /v2.0/security-group-rules/b31e666e-64c6-480b-be81-dbb963c4851e HTTP/1.1" status: 404 len: 356 time: 0.0118241
2026-06-25 23:39:39.269 9 INFO neutron.wsgi [None req-2aae2d03-0147-4cfe-9015-1a19dab7d337 5bd909b3c06e4f81890b480a2fad5e2b 83f71c9fea0b4201aa9f250211848d99 - - - -] 10.0.0.23 "DELETE /v2.0/security-groups/1ca2b18f-f0fe-45f3-8d57-b359e4511924 HTTP/1.1" status: 204 len: 168 time: 0.1262984
2026-06-25 23:39:39.300 9 INFO neutron.api.v2.resource [None req-aca97f68-188d-40a2-a2d8-cf9ebb059b3d 5bd909b3c06e4f81890b480a2fad5e2b 83f71c9fea0b4201aa9f250211848d99 - - default default] show failed (client error): The resource could not be found.
2026-06-25 23:39:39.302 9 INFO neutron.wsgi [None req-aca97f68-188d-40a2-a2d8-cf9ebb059b3d 5bd909b3c06e4f81890b480a2fad5e2b 83f71c9fea0b4201aa9f250211848d99 - - default default] 10.0.0.23 "GET /v2.0/security-groups/1ca2b18f-f0fe-45f3-8d57-b359e4511924 HTTP/1.1" status: 404 len: 347 time: 0.0239336
2026-06-25 23:39:40.469 10 INFO neutron.wsgi [None req-a506a0b1-323c-436d-806d-11762a7391ea 5bd909b3c06e4f81890b480a2fad5e2b 83f71c9fea0b4201aa9f250211848d99 - - - -] 10.0.0.23 "PUT /v2.0/routers/ce03462f-2d22-4d41-902e-176314e00716/remove_router_interface HTTP/1.1" status: 200 len: 503 time: 1.1018693
2026-06-25 23:39:40.612 9 INFO neutron.api.v2.resource [None req-6f6a4c75-f6f6-4bde-9ea1-a5b2844439d1 5bd909b3c06e4f81890b480a2fad5e2b 83f71c9fea0b4201aa9f250211848d99 - - default default] remove_router_interface failed (client error): The resource could not be found.
2026-06-25 23:39:40.614 9 INFO neutron.wsgi [None req-6f6a4c75-f6f6-4bde-9ea1-a5b2844439d1 5bd909b3c06e4f81890b480a2fad5e2b 83f71c9fea0b4201aa9f250211848d99 - - default default] 10.0.0.23 "PUT /v2.0/routers/ce03462f-2d22-4d41-902e-176314e00716/remove_router_interface HTTP/1.1" status: 404 len: 399 time: 0.1382804
2026-06-25 23:39:41.707 9 INFO neutron.wsgi [None req-604b52bf-93c3-43f9-b269-6db4eda01711 5bd909b3c06e4f81890b480a2fad5e2b 83f71c9fea0b4201aa9f250211848d99 - - - -] 10.0.0.23 "PUT /v2.0/routers/ce03462f-2d22-4d41-902e-176314e00716/remove_router_interface HTTP/1.1" status: 200 len: 503 time: 1.0880389 /var/lib/openstack/lib/python3.10/site-packages/pycadf/identifier.py:71: UserWarning: Invalid uuid: neutron. To ensure interoperability, identifiers should be a valid uuid. warnings.warn(('Invalid uuid: %s. To ensure interoperability, '
