2026-06-25 23:34:50.558 9 INFO neutron.wsgi [None req-f05ae76f-cdfd-4b12-85f8-95edc8beb688 cabad9752b53494bb2f4f69018832863 2250bfcd9d2947d095e9a0502011eabb - - - -] 10.0.0.23 "POST /v2.0/subnets HTTP/1.1" status: 201 len: 821 time: 0.5194156 /var/lib/openstack/lib/python3.10/site-packages/pycadf/identifier.py:71: UserWarning: Invalid uuid: neutron. To ensure interoperability, identifiers should be a valid uuid. warnings.warn(('Invalid uuid: %s. To ensure interoperability, '
2026-06-25 23:34:50.598 10 INFO neutron.api.v2.resource [None req-97bf8e73-25c3-41e9-a97d-3e9a753fd2c7 5e556969b74e459699589a6a388f2793 651967df80a145febaf4e9c34182d1a8 - - default default] remove_router_interface failed (client error): The resource could not be found.
2026-06-25 23:34:50.600 10 INFO neutron.wsgi [None req-97bf8e73-25c3-41e9-a97d-3e9a753fd2c7 5e556969b74e459699589a6a388f2793 651967df80a145febaf4e9c34182d1a8 - - default default] 10.0.0.23 "PUT /v2.0/routers/925ab645-6c98-4841-979e-5f18941be8ef/remove_router_interface HTTP/1.1" status: 404 len: 398 time: 0.0999947
2026-06-25 23:34:50.632 10 INFO neutron.wsgi [None req-79329a80-1dab-433d-a70b-e6ab25e019df 5e556969b74e459699589a6a388f2793 651967df80a145febaf4e9c34182d1a8 - - default default] 10.0.0.23 "GET /v2.0/ports?device_id=925ab645-6c98-4841-979e-5f18941be8ef HTTP/1.1" status: 200 len: 205 time: 0.0253544
2026-06-25 23:34:50.854 10 INFO neutron.wsgi [None req-331efc36-358e-4e13-bb8d-82a8e1760add 5e556969b74e459699589a6a388f2793 651967df80a145febaf4e9c34182d1a8 - - - -] 10.0.0.23 "DELETE /v2.0/routers/925ab645-6c98-4841-979e-5f18941be8ef HTTP/1.1" status: 204 len: 168 time: 0.2155166
2026-06-25 23:34:50.928 9 WARNING neutron.scheduler.dhcp_agent_scheduler [None req-23c967a7-0ff1-4e83-8060-edb1eb97c999 cabad9752b53494bb2f4f69018832863 2250bfcd9d2947d095e9a0502011eabb - - - -] No more DHCP agents
2026-06-25 23:34:50.931 9 WARNING neutron.api.rpc.agentnotifiers.dhcp_rpc_agent_api [None req-23c967a7-0ff1-4e83-8060-edb1eb97c999 cabad9752b53494bb2f4f69018832863 2250bfcd9d2947d095e9a0502011eabb - - - -] Unable to schedule network 368d388f-4abb-458d-ae98-693c0ccc77bf: no agents available; will retry on subsequent port and subnet creation events.
2026-06-25 23:34:50.962 10 INFO neutron.db.ovn_revision_numbers_db [None req-ac36dfda-1978-4c14-9043-b15d50ca8706 eb385586f3e7424ca61f8366f483a2e1 5e6f572533a8440b9f7d5c9b69bf8a4b - - default default] Successfully bumped revision number for resource f1e4fe1e-3df7-412b-887c-299b75182a55 (type: security_groups) to 1
2026-06-25 23:34:50.986 10 INFO neutron.wsgi [None req-ac36dfda-1978-4c14-9043-b15d50ca8706 eb385586f3e7424ca61f8366f483a2e1 5e6f572533a8440b9f7d5c9b69bf8a4b - - default default] 10.0.0.23 "GET /v2.0/security-groups?tenant_id=fca0047fd50a4497ba3c42ae07eb7c1c&name=default HTTP/1.1" status: 200 len: 2996 time: 0.2706938
2026-06-25 23:34:51.043 9 INFO neutron.db.ovn_revision_numbers_db [None req-23c967a7-0ff1-4e83-8060-edb1eb97c999 cabad9752b53494bb2f4f69018832863 2250bfcd9d2947d095e9a0502011eabb - - - -] Successfully bumped revision number for resource eea63efe-ebce-40d7-9daa-e43d0f104fec (type: ports) to 1
2026-06-25 23:34:51.067 9 INFO neutron.wsgi [None req-23c967a7-0ff1-4e83-8060-edb1eb97c999 cabad9752b53494bb2f4f69018832863 2250bfcd9d2947d095e9a0502011eabb - - - -] 10.0.0.23 "POST /v2.0/ports HTTP/1.1" status: 201 len: 1164 time: 0.4992864
2026-06-25 23:34:51.075 9 INFO neutron.wsgi [None req-bfb64b22-8189-4fa9-8ccb-d79808e98389 5e556969b74e459699589a6a388f2793 651967df80a145febaf4e9c34182d1a8 - - - -] 10.0.0.23 "DELETE /v2.0/subnets/aebc243b-2209-46eb-89bf-142c2ca85513 HTTP/1.1" status: 204 len: 168 time: 0.2130027 /var/lib/openstack/lib/python3.10/site-packages/pycadf/identifier.py:71: UserWarning: Invalid uuid: neutron. To ensure interoperability, identifiers should be a valid uuid. warnings.warn(('Invalid uuid: %s. To ensure interoperability, '
2026-06-25 23:34:51.449 10 INFO neutron.wsgi [None req-42fdbe4d-a085-4431-911e-c19fc789f2ab eb385586f3e7424ca61f8366f483a2e1 5e6f572533a8440b9f7d5c9b69bf8a4b - - - -] 10.0.0.23 "DELETE /v2.0/security-groups/f1e4fe1e-3df7-412b-887c-299b75182a55 HTTP/1.1" status: 204 len: 168 time: 0.4570570
2026-06-25 23:34:51.591 10 INFO neutron.wsgi [None req-3fb3dba0-cff3-4208-a59b-a5242939a801 cabad9752b53494bb2f4f69018832863 2250bfcd9d2947d095e9a0502011eabb - - - -] 10.0.0.23 "DELETE /v2.0/ports/eea63efe-ebce-40d7-9daa-e43d0f104fec HTTP/1.1" status: 204 len: 168 time: 0.5045104
2026-06-25 23:34:51.634 10 INFO neutron.pecan_wsgi.hooks.translation [None req-a4e8eee1-b47c-4def-b423-17b4d36c457e cabad9752b53494bb2f4f69018832863 2250bfcd9d2947d095e9a0502011eabb - - - -] DELETE failed (client error): The resource could not be found.
2026-06-25 23:34:51.637 10 INFO neutron.wsgi [None req-a4e8eee1-b47c-4def-b423-17b4d36c457e cabad9752b53494bb2f4f69018832863 2250bfcd9d2947d095e9a0502011eabb - - - -] 10.0.0.23 "DELETE /v2.0/ports/eea63efe-ebce-40d7-9daa-e43d0f104fec HTTP/1.1" status: 404 len: 333 time: 0.0293970
2026-06-25 23:34:51.673 10 INFO neutron.pecan_wsgi.hooks.translation [None req-e3da64cc-b323-4538-9226-5dda401f4ad7 cabad9752b53494bb2f4f69018832863 2250bfcd9d2947d095e9a0502011eabb - - default default] GET failed (client error): The resource could not be found.
2026-06-25 23:34:51.675 10 INFO neutron.wsgi [None req-e3da64cc-b323-4538-9226-5dda401f4ad7 cabad9752b53494bb2f4f69018832863 2250bfcd9d2947d095e9a0502011eabb - - default default] 10.0.0.23 "GET /v2.0/ports/eea63efe-ebce-40d7-9daa-e43d0f104fec HTTP/1.1" status: 404 len: 333 time: 0.0319214
2026-06-25 23:34:51.709 10 INFO neutron.services.segments.plugin [-] Segment 47664537-9d67-4399-92e3-5cc168528c2e resource provider aggregate not found
2026-06-25 23:34:51.728 10 INFO neutron.services.segments.plugin [-] Segment 47664537-9d67-4399-92e3-5cc168528c2e resource provider aggregate not found
2026-06-25 23:34:51.747 10 INFO neutron.services.segments.plugin [-] Segment 47664537-9d67-4399-92e3-5cc168528c2e resource provider not found; error: Placement Client Error (4xx): {"errors": [{"status": 404, "title": "Not Found", "detail": "The resource could not be found.\n\n No resource provider with uuid 47664537-9d67-4399-92e3-5cc168528c2e found for delete ", "request_id": "req-273c05d9-bb7e-4fdc-aeb9-b2b107821139"}]}
2026-06-25 23:34:51.769 10 INFO neutron.services.segments.plugin [-] Segment 47664537-9d67-4399-92e3-5cc168528c2e resource provider not found; error: Placement Client Error (4xx): {"errors": [{"status": 404, "title": "Not Found", "detail": "The resource could not be found.\n\n No resource provider with uuid 47664537-9d67-4399-92e3-5cc168528c2e found for delete ", "request_id": "req-d5cf8450-97d9-4fa7-91a1-e2d9107eedf4"}]}
2026-06-25 23:34:51.819 10 INFO neutron.wsgi [None req-15187405-554c-40e3-9b62-0b2d67ae032a 5e556969b74e459699589a6a388f2793 651967df80a145febaf4e9c34182d1a8 - - - -] 10.0.0.23 "DELETE /v2.0/networks/1bad02e7-5c1f-4a08-bf95-0a3b60810e08 HTTP/1.1" status: 204 len: 168 time: 0.7318168
2026-06-25 23:34:51.828 10 INFO neutron.db.ovn_revision_numbers_db [None req-9a3166f0-ffb7-4ad7-b2e9-de809d50422d eb385586f3e7424ca61f8366f483a2e1 5e6f572533a8440b9f7d5c9b69bf8a4b - - default default] Successfully bumped revision number for resource 86cba2a6-e98d-452c-8eb1-f71261277fd5 (type: security_groups) to 1
2026-06-25 23:34:51.852 10 INFO neutron.wsgi [None req-9a3166f0-ffb7-4ad7-b2e9-de809d50422d eb385586f3e7424ca61f8366f483a2e1 5e6f572533a8440b9f7d5c9b69bf8a4b - - default default] 10.0.0.23 "GET /v2.0/security-groups?tenant_id=01ebcd06d9c8434fa6d62b6b8b69e39e&name=default HTTP/1.1" status: 200 len: 2996 time: 0.2971351
2026-06-25 23:34:51.962 9 INFO neutron.db.segments_db [None req-224c9fb0-b8b3-4041-8559-e198230be9ad 5e556969b74e459699589a6a388f2793 651967df80a145febaf4e9c34182d1a8 - - - -] Added segment 915e6669-e3e1-4e82-b6db-81966ea0e873 of type geneve for network 0dda6761-97b4-403a-9da3-0a502276c910
2026-06-25 23:34:52.043 10 INFO neutron.wsgi [None req-5b7652c8-c0f5-46cd-994c-bf9ba3aa3325 eb385586f3e7424ca61f8366f483a2e1 5e6f572533a8440b9f7d5c9b69bf8a4b - - - -] 10.0.0.23 "DELETE /v2.0/security-groups/86cba2a6-e98d-452c-8eb1-f71261277fd5 HTTP/1.1" status: 204 len: 168 time: 0.1846838
2026-06-25 23:34:52.110 9 INFO neutron.wsgi [None req-acef82a3-942c-4adf-997d-1ded0e517e26 cabad9752b53494bb2f4f69018832863 2250bfcd9d2947d095e9a0502011eabb - - - -] 10.0.0.23 "DELETE /v2.0/subnets/421614f8-6e41-42b7-a174-0d20641698db HTTP/1.1" status: 204 len: 168 time: 0.4231136
2026-06-25 23:34:52.179 9 INFO neutron.db.ovn_revision_numbers_db [None req-224c9fb0-b8b3-4041-8559-e198230be9ad 5e556969b74e459699589a6a388f2793 651967df80a145febaf4e9c34182d1a8 - - - -] Successfully bumped revision number for resource 0dda6761-97b4-403a-9da3-0a502276c910 (type: networks) to 1
2026-06-25 23:34:52.522 10 INFO neutron.wsgi [None req-f404cd86-fd51-4c30-b57e-076e180e2162 cabad9752b53494bb2f4f69018832863 2250bfcd9d2947d095e9a0502011eabb - - - -] 10.0.0.23 "DELETE /v2.0/networks/368d388f-4abb-458d-ae98-693c0ccc77bf HTTP/1.1" status: 204 len: 168 time: 0.4038568
2026-06-25 23:34:52.526 9 INFO neutron.db.ovn_revision_numbers_db [None req-ac0ed9db-4a00-409f-88df-204b21722dd1 eb385586f3e7424ca61f8366f483a2e1 5e6f572533a8440b9f7d5c9b69bf8a4b - - default default] Successfully bumped revision number for resource cfe15bb6-f05c-4834-bf70-787c3bf59bcd (type: security_groups) to 1
2026-06-25 23:34:52.552 9 WARNING neutron.scheduler.dhcp_agent_scheduler [None req-224c9fb0-b8b3-4041-8559-e198230be9ad 5e556969b74e459699589a6a388f2793 651967df80a145febaf4e9c34182d1a8 - - - -] No more DHCP agents
2026-06-25 23:34:52.564 9 WARNING neutron.api.rpc.agentnotifiers.dhcp_rpc_agent_api [None req-224c9fb0-b8b3-4041-8559-e198230be9ad 5e556969b74e459699589a6a388f2793 651967df80a145febaf4e9c34182d1a8 - - - -] Unable to schedule network 0dda6761-97b4-403a-9da3-0a502276c910: no agents available; will retry on subsequent port and subnet creation events.
2026-06-25 23:34:52.569 9 INFO neutron.wsgi [None req-ac0ed9db-4a00-409f-88df-204b21722dd1 eb385586f3e7424ca61f8366f483a2e1 5e6f572533a8440b9f7d5c9b69bf8a4b - - default default] 10.0.0.23 "GET /v2.0/security-groups?tenant_id=dfde5ae957d2495d8fe70495b2e135aa&name=default HTTP/1.1" status: 200 len: 2996 time: 0.3334932
2026-06-25 23:34:52.688 9 INFO neutron.db.ovn_revision_numbers_db [None req-224c9fb0-b8b3-4041-8559-e198230be9ad 5e556969b74e459699589a6a388f2793 651967df80a145febaf4e9c34182d1a8 - - - -] Successfully bumped revision number for resource 4392acb1-d1ac-45a0-8778-d8ad81183b67 (type: ports) to 1
2026-06-25 23:34:52.730 9 INFO neutron.db.segments_db [None req-d327ab3f-b64c-4776-842c-ad3f099cd7ad cabad9752b53494bb2f4f69018832863 2250bfcd9d2947d095e9a0502011eabb - - - -] Added segment be9fdbdf-b60f-4c42-8625-923d873a48d6 of type geneve for network edb27cbc-f6bc-43b3-a6e2-e2db0f73174a
2026-06-25 23:34:52.737 10 INFO neutron.wsgi [None req-7d2d08f1-5c85-46a5-88bb-eb1921526024 eb385586f3e7424ca61f8366f483a2e1 5e6f572533a8440b9f7d5c9b69bf8a4b - - - -] 10.0.0.23 "DELETE /v2.0/security-groups/cfe15bb6-f05c-4834-bf70-787c3bf59bcd HTTP/1.1" status: 204 len: 168 time: 0.1609159
2026-06-25 23:34:52.743 9 INFO neutron.wsgi [None req-224c9fb0-b8b3-4041-8559-e198230be9ad 5e556969b74e459699589a6a388f2793 651967df80a145febaf4e9c34182d1a8 - - - -] 10.0.0.23 "POST /v2.0/networks HTTP/1.1" status: 201 len: 831 time: 0.9146512
2026-06-25 23:34:52.933 9 INFO neutron.db.ovn_revision_numbers_db [None req-d327ab3f-b64c-4776-842c-ad3f099cd7ad cabad9752b53494bb2f4f69018832863 2250bfcd9d2947d095e9a0502011eabb - - - -] Successfully bumped revision number for resource edb27cbc-f6bc-43b3-a6e2-e2db0f73174a (type: networks) to 1
2026-06-25 23:34:53.005 10 WARNING neutron.scheduler.dhcp_agent_scheduler [None req-1cf66844-3fb9-4f9a-9dce-0015d7e75a89 5e556969b74e459699589a6a388f2793 651967df80a145febaf4e9c34182d1a8 - - - -] No more DHCP agents
2026-06-25 23:34:53.007 10 WARNING neutron.api.rpc.agentnotifiers.dhcp_rpc_agent_api [None req-1cf66844-3fb9-4f9a-9dce-0015d7e75a89 5e556969b74e459699589a6a388f2793 651967df80a145febaf4e9c34182d1a8 - - - -] Unable to schedule network 0dda6761-97b4-403a-9da3-0a502276c910: no agents available; will retry on subsequent port and subnet creation events.
2026-06-25 23:34:53.020 10 INFO neutron.db.ovn_revision_numbers_db [None req-1cf66844-3fb9-4f9a-9dce-0015d7e75a89 5e556969b74e459699589a6a388f2793 651967df80a145febaf4e9c34182d1a8 - - - -] Successfully bumped revision number for resource 95590ad2-e3a9-49b1-8046-b52208a95e21 (type: subnets) to 0
2026-06-25 23:34:53.034 10 INFO neutron.wsgi [None req-1cf66844-3fb9-4f9a-9dce-0015d7e75a89 5e556969b74e459699589a6a388f2793 651967df80a145febaf4e9c34182d1a8 - - - -] 10.0.0.23 "POST /v2.0/subnets HTTP/1.1" status: 201 len: 821 time: 0.2833176
2026-06-25 23:34:53.047 9 WARNING neutron.plugins.ml2.drivers.ovn.mech_driver.ovsdb.ovn_client [None req-af23856a-b697-49de-96a5-efa60640ed41 - - - - - -] No port found with ID 4735685d-a22a-4a08-b5c4-018bbbfdd4ee: RuntimeError: No port found with ID 4735685d-a22a-4a08-b5c4-018bbbfdd4ee
2026-06-25 23:34:53.217 9 WARNING neutron.scheduler.dhcp_agent_scheduler [None req-d327ab3f-b64c-4776-842c-ad3f099cd7ad cabad9752b53494bb2f4f69018832863 2250bfcd9d2947d095e9a0502011eabb - - - -] No more DHCP agents
2026-06-25 23:34:53.217 10 INFO neutron.db.ovn_revision_numbers_db [None req-2b8848e1-b785-4ef6-a670-bd65b728334c 5e556969b74e459699589a6a388f2793 651967df80a145febaf4e9c34182d1a8 - - - -] Successfully bumped revision number for resource 90c182fa-22b5-4a42-94c4-ab84416b557f (type: routers) to 1
2026-06-25 23:34:53.221 9 INFO neutron.wsgi [None req-e8d7b9aa-e247-417c-9edc-3bcb696de334 eb385586f3e7424ca61f8366f483a2e1 5e6f572533a8440b9f7d5c9b69bf8a4b - - - -] 10.0.0.23 "PUT /v2.0/routers/7157a86d-3934-47f9-9b68-ce35d0c128a0/remove_router_interface HTTP/1.1" status: 200 len: 503 time: 2.0854299
2026-06-25 23:34:53.224 9 WARNING neutron.api.rpc.agentnotifiers.dhcp_rpc_agent_api [None req-d327ab3f-b64c-4776-842c-ad3f099cd7ad cabad9752b53494bb2f4f69018832863 2250bfcd9d2947d095e9a0502011eabb - - - -] Unable to schedule network edb27cbc-f6bc-43b3-a6e2-e2db0f73174a: no agents available; will retry on subsequent port and subnet creation events.
2026-06-25 23:34:53.239 10 INFO neutron.wsgi [None req-2b8848e1-b785-4ef6-a670-bd65b728334c 5e556969b74e459699589a6a388f2793 651967df80a145febaf4e9c34182d1a8 - - - -] 10.0.0.23 "POST /v2.0/routers HTTP/1.1" status: 201 len: 691 time: 0.1985908 /var/lib/openstack/lib/python3.10/site-packages/pycadf/identifier.py:71: UserWarning: Invalid uuid: neutron. To ensure interoperability, identifiers should be a valid uuid. warnings.warn(('Invalid uuid: %s. To ensure interoperability, '
2026-06-25 23:34:53.648 9 INFO neutron.db.ovn_revision_numbers_db [None req-d327ab3f-b64c-4776-842c-ad3f099cd7ad cabad9752b53494bb2f4f69018832863 2250bfcd9d2947d095e9a0502011eabb - - - -] Successfully bumped revision number for resource 6fa41407-732a-4c7e-9738-5433a4875ea2 (type: ports) to 1
2026-06-25 23:34:53.692 9 INFO neutron.wsgi [None req-d327ab3f-b64c-4776-842c-ad3f099cd7ad cabad9752b53494bb2f4f69018832863 2250bfcd9d2947d095e9a0502011eabb - - - -] 10.0.0.23 "POST /v2.0/networks HTTP/1.1" status: 201 len: 835 time: 1.1561189
2026-06-25 23:34:53.827 10 INFO neutron.services.segments.plugin [-] Segment b5eb37fb-d9a5-4f42-b59e-2d935bb7662a resource provider aggregate not found
2026-06-25 23:34:53.832 10 INFO neutron.services.segments.plugin [-] Segment b5eb37fb-d9a5-4f42-b59e-2d935bb7662a resource provider aggregate not found
2026-06-25 23:34:53.841 10 INFO neutron.services.segments.plugin [-] Segment b5eb37fb-d9a5-4f42-b59e-2d935bb7662a resource provider not found; error: Placement Client Error (4xx): {"errors": [{"status": 404, "title": "Not Found", "detail": "The resource could not be found.\n\n No resource provider with uuid b5eb37fb-d9a5-4f42-b59e-2d935bb7662a found for delete ", "request_id": "req-8fd10ecf-49c8-4a21-b032-7a06336dd06d"}]}
2026-06-25 23:34:53.852 10 INFO neutron.services.segments.plugin [-] Segment b5eb37fb-d9a5-4f42-b59e-2d935bb7662a resource provider not found; error: Placement Client Error (4xx): {"errors": [{"status": 404, "title": "Not Found", "detail": "The resource could not be found.\n\n No resource provider with uuid b5eb37fb-d9a5-4f42-b59e-2d935bb7662a found for delete ", "request_id": "req-6a9f3e24-96cb-413b-bc4b-7f3fa542f681"}]}
2026-06-25 23:34:54.100 9 WARNING neutron.scheduler.dhcp_agent_scheduler [None req-46ac1a41-fc97-42d8-8164-10f702e06a17 cabad9752b53494bb2f4f69018832863 2250bfcd9d2947d095e9a0502011eabb - - - -] No more DHCP agents
2026-06-25 23:34:54.104 9 WARNING neutron.api.rpc.agentnotifiers.dhcp_rpc_agent_api [None req-46ac1a41-fc97-42d8-8164-10f702e06a17 cabad9752b53494bb2f4f69018832863 2250bfcd9d2947d095e9a0502011eabb - - - -] Unable to schedule network edb27cbc-f6bc-43b3-a6e2-e2db0f73174a: no agents available; will retry on subsequent port and subnet creation events.
2026-06-25 23:34:54.118 9 WARNING neutron.scheduler.dhcp_agent_scheduler [None req-99c484cd-e7f8-4d15-bb00-34ff476fc662 5e556969b74e459699589a6a388f2793 651967df80a145febaf4e9c34182d1a8 - - default default] No more DHCP agents
2026-06-25 23:34:54.124 9 WARNING neutron.api.rpc.agentnotifiers.dhcp_rpc_agent_api [None req-99c484cd-e7f8-4d15-bb00-34ff476fc662 5e556969b74e459699589a6a388f2793 651967df80a145febaf4e9c34182d1a8 - - default default] Unable to schedule network 0dda6761-97b4-403a-9da3-0a502276c910: no agents available; will retry on subsequent port and subnet creation events.
2026-06-25 23:34:54.138 9 INFO neutron.db.ovn_revision_numbers_db [None req-46ac1a41-fc97-42d8-8164-10f702e06a17 cabad9752b53494bb2f4f69018832863 2250bfcd9d2947d095e9a0502011eabb - - - -] Successfully bumped revision number for resource 15e35a36-12e4-4da7-9640-91441778f1aa (type: subnets) to 0
2026-06-25 23:34:54.160 9 INFO neutron.wsgi [None req-46ac1a41-fc97-42d8-8164-10f702e06a17 cabad9752b53494bb2f4f69018832863 2250bfcd9d2947d095e9a0502011eabb - - - -] 10.0.0.23 "POST /v2.0/subnets HTTP/1.1" status: 201 len: 821 time: 0.4618802
2026-06-25 23:34:54.265 9 INFO neutron.db.ovn_revision_numbers_db [None req-99c484cd-e7f8-4d15-bb00-34ff476fc662 5e556969b74e459699589a6a388f2793 651967df80a145febaf4e9c34182d1a8 - - default default] Successfully bumped revision number for resource 5788be55-4334-4ee6-9592-e51e47eec631 (type: ports) to 1
2026-06-25 23:34:54.268 10 INFO neutron.wsgi [None req-8b7bd54e-ebff-4703-8d6a-3b960ddbe277 eb385586f3e7424ca61f8366f483a2e1 5e6f572533a8440b9f7d5c9b69bf8a4b - - - -] 10.0.0.23 "DELETE /v2.0/routers/7157a86d-3934-47f9-9b68-ce35d0c128a0 HTTP/1.1" status: 204 len: 168 time: 1.0403502
2026-06-25 23:34:54.560 10 INFO neutron.wsgi [None req-5b1bf72d-99f9-4bc2-8f77-222e072e7059 eb385586f3e7424ca61f8366f483a2e1 5e6f572533a8440b9f7d5c9b69bf8a4b - - - -] 10.0.0.23 "DELETE /v2.0/subnets/552086e0-ac02-444e-8d51-b217025eed6c HTTP/1.1" status: 204 len: 168 time: 0.2825489
2026-06-25 23:34:54.639 9 WARNING neutron.scheduler.dhcp_agent_scheduler [None req-3710181a-53d5-4953-bb13-17533874ab02 cabad9752b53494bb2f4f69018832863 2250bfcd9d2947d095e9a0502011eabb - - - -] No more DHCP agents
2026-06-25 23:34:54.642 9 WARNING neutron.api.rpc.agentnotifiers.dhcp_rpc_agent_api [None req-3710181a-53d5-4953-bb13-17533874ab02 cabad9752b53494bb2f4f69018832863 2250bfcd9d2947d095e9a0502011eabb - - - -] Unable to schedule network edb27cbc-f6bc-43b3-a6e2-e2db0f73174a: no agents available; will retry on subsequent port and subnet creation events.
2026-06-25 23:34:54.781 9 INFO neutron.plugins.ml2.drivers.ovn.mech_driver.mech_driver [None req-af23856a-b697-49de-96a5-efa60640ed41 - - - - - -] OVN reports status up for port: 5788be55-4334-4ee6-9592-e51e47eec631
2026-06-25 23:34:54.788 9 INFO neutron.db.ovn_revision_numbers_db [None req-3710181a-53d5-4953-bb13-17533874ab02 cabad9752b53494bb2f4f69018832863 2250bfcd9d2947d095e9a0502011eabb - - - -] Successfully bumped revision number for resource d8c82060-7a71-48ac-926b-5daa3f59e9d0 (type: ports) to 1
2026-06-25 23:34:54.790 9 INFO neutron.plugins.ml2.plugin [None req-af23856a-b697-49de-96a5-efa60640ed41 - - - - - -] Attempt 1 to provision port 5788be55-4334-4ee6-9592-e51e47eec631
2026-06-25 23:34:54.809 9 INFO neutron.db.ovn_revision_numbers_db [None req-99c484cd-e7f8-4d15-bb00-34ff476fc662 5e556969b74e459699589a6a388f2793 651967df80a145febaf4e9c34182d1a8 - - default default] Successfully bumped revision number for resource 5788be55-4334-4ee6-9592-e51e47eec631 (type: router_ports) to 2
2026-06-25 23:34:54.856 9 INFO neutron.wsgi [None req-3710181a-53d5-4953-bb13-17533874ab02 cabad9752b53494bb2f4f69018832863 2250bfcd9d2947d095e9a0502011eabb - - - -] 10.0.0.23 "POST /v2.0/ports HTTP/1.1" status: 201 len: 1126 time: 0.6847010
2026-06-25 23:34:55.001 9 INFO neutron.db.ovn_revision_numbers_db [None req-99c484cd-e7f8-4d15-bb00-34ff476fc662 5e556969b74e459699589a6a388f2793 651967df80a145febaf4e9c34182d1a8 - - default default] Successfully bumped revision number for resource 5788be55-4334-4ee6-9592-e51e47eec631 (type: ports) to 2
2026-06-25 23:34:55.051 10 INFO neutron.wsgi [None req-6c6bc082-c6e0-4c43-bc73-09dba2acd614 eb385586f3e7424ca61f8366f483a2e1 5e6f572533a8440b9f7d5c9b69bf8a4b - - - -] 10.0.0.23 "DELETE /v2.0/networks/91a30024-fb32-4aab-abe9-da7294441a88 HTTP/1.1" status: 204 len: 168 time: 0.4854472
2026-06-25 23:34:55.127 9 WARNING neutron.scheduler.dhcp_agent_scheduler [None req-99c484cd-e7f8-4d15-bb00-34ff476fc662 5e556969b74e459699589a6a388f2793 651967df80a145febaf4e9c34182d1a8 - - default default] No more DHCP agents
2026-06-25 23:34:55.140 9 WARNING neutron.api.rpc.agentnotifiers.dhcp_rpc_agent_api [None req-99c484cd-e7f8-4d15-bb00-34ff476fc662 5e556969b74e459699589a6a388f2793 651967df80a145febaf4e9c34182d1a8 - - default default] Unable to schedule network 0dda6761-97b4-403a-9da3-0a502276c910: no agents available; will retry on subsequent port and subnet creation events.
2026-06-25 23:34:55.199 10 INFO neutron.wsgi [None req-183ab9e1-fbe0-42b4-bc61-4ac284613975 eb385586f3e7424ca61f8366f483a2e1 5e6f572533a8440b9f7d5c9b69bf8a4b - - default default] 10.0.0.23 "GET /v2.0/security-groups?tenant_id=a9653c8aaa2f49f9a68ca9399bd1c4f4&name=default HTTP/1.1" status: 200 len: 2996 time: 0.0335593
2026-06-25 23:34:55.721 9 INFO neutron.db.ovn_revision_numbers_db [None req-af23856a-b697-49de-96a5-efa60640ed41 - - - - - -] Successfully bumped revision number for resource 5788be55-4334-4ee6-9592-e51e47eec631 (type: ports) to 3
2026-06-25 23:34:55.771 9 INFO neutron.wsgi [None req-c43b980c-fdeb-40ad-9287-380152bcc1ad cabad9752b53494bb2f4f69018832863 2250bfcd9d2947d095e9a0502011eabb - - - -] 10.0.0.23 "DELETE /v2.0/ports/d8c82060-7a71-48ac-926b-5daa3f59e9d0 HTTP/1.1" status: 204 len: 168 time: 0.9079437
2026-06-25 23:34:55.803 10 INFO neutron.pecan_wsgi.hooks.translation [None req-30f3aacd-7a59-469e-bba5-41861d8386e2 cabad9752b53494bb2f4f69018832863 2250bfcd9d2947d095e9a0502011eabb - - default default] GET failed (client error): The resource could not be found.
2026-06-25 23:34:55.804 10 INFO neutron.wsgi [None req-30f3aacd-7a59-469e-bba5-41861d8386e2 cabad9752b53494bb2f4f69018832863 2250bfcd9d2947d095e9a0502011eabb - - default default] 10.0.0.23 "GET /v2.0/ports/d8c82060-7a71-48ac-926b-5daa3f59e9d0 HTTP/1.1" status: 404 len: 333 time: 0.0238874
2026-06-25 23:34:55.849 9 INFO neutron.db.ovn_revision_numbers_db [None req-99c484cd-e7f8-4d15-bb00-34ff476fc662 5e556969b74e459699589a6a388f2793 651967df80a145febaf4e9c34182d1a8 - - - -] Successfully bumped revision number for resource 5788be55-4334-4ee6-9592-e51e47eec631 (type: router_ports) to 3
2026-06-25 23:34:55.852 9 INFO neutron.wsgi [None req-99c484cd-e7f8-4d15-bb00-34ff476fc662 5e556969b74e459699589a6a388f2793 651967df80a145febaf4e9c34182d1a8 - - - -] 10.0.0.23 "PUT /v2.0/routers/90c182fa-22b5-4a42-94c4-ab84416b557f/add_router_interface HTTP/1.1" status: 200 len: 503 time: 2.6067781
2026-06-25 23:34:55.872 10 INFO neutron.services.segments.plugin [-] Segment 8b05e84b-f60f-4597-9e0b-66b3065e7d5b resource provider aggregate not found
2026-06-25 23:34:55.887 10 INFO neutron.services.segments.plugin [-] Segment 8b05e84b-f60f-4597-9e0b-66b3065e7d5b resource provider aggregate not found
2026-06-25 23:34:55.891 10 INFO neutron.services.segments.plugin [-] Segment 8b05e84b-f60f-4597-9e0b-66b3065e7d5b resource provider not found; error: Placement Client Error (4xx): {"errors": [{"status": 404, "title": "Not Found", "detail": "The resource could not be found.\n\n No resource provider with uuid 8b05e84b-f60f-4597-9e0b-66b3065e7d5b found for delete ", "request_id": "req-60eb9cf4-c00c-4d04-bf82-c35199571d15"}]}
2026-06-25 23:34:55.906 10 INFO neutron.services.segments.plugin [-] Segment 8b05e84b-f60f-4597-9e0b-66b3065e7d5b resource provider not found; error: Placement Client Error (4xx): {"errors": [{"status": 404, "title": "Not Found", "detail": "The resource could not be found.\n\n No resource provider with uuid 8b05e84b-f60f-4597-9e0b-66b3065e7d5b found for delete ", "request_id": "req-bb225b35-ff52-4910-8791-4e0a56cecb3c"}]}
2026-06-25 23:34:55.957 9 INFO neutron.wsgi [None req-761a2626-39b1-4aa0-aa8d-024d3b7ddb3c 5e556969b74e459699589a6a388f2793 651967df80a145febaf4e9c34182d1a8 - - default default] 10.0.0.23 "GET /v2.0/ports/5788be55-4334-4ee6-9592-e51e47eec631 HTTP/1.1" status: 200 len: 1141 time: 0.0880651
2026-06-25 23:34:55.996 9 INFO neutron.wsgi [None req-d6d74340-b8db-46eb-b8cf-4f18851fbf38 5e556969b74e459699589a6a388f2793 651967df80a145febaf4e9c34182d1a8 - - default default] 10.0.0.23 "GET /v2.0/ports/5788be55-4334-4ee6-9592-e51e47eec631 HTTP/1.1" status: 200 len: 1141 time: 0.0316346
2026-06-25 23:34:56.017 9 INFO neutron.wsgi [None req-eab22372-33a3-4e6c-ae1e-422100ed6510 eb385586f3e7424ca61f8366f483a2e1 5e6f572533a8440b9f7d5c9b69bf8a4b - - - -] 10.0.0.23 "DELETE /v2.0/security-groups/40eef6fc-1e53-4293-b405-c7e8a0d63292 HTTP/1.1" status: 204 len: 168 time: 0.8122277
2026-06-25 23:34:56.028 10 INFO neutron.wsgi [None req-b8ca7817-adb9-46bd-9223-4f461b829381 cabad9752b53494bb2f4f69018832863 2250bfcd9d2947d095e9a0502011eabb - - - -] 10.0.0.23 "DELETE /v2.0/subnets/15e35a36-12e4-4da7-9640-91441778f1aa HTTP/1.1" status: 204 len: 168 time: 0.2187810
2026-06-25 23:34:56.645 9 INFO neutron.services.segments.plugin [-] Segment be9fdbdf-b60f-4c42-8625-923d873a48d6 resource provider aggregate not found
2026-06-25 23:34:56.650 9 INFO neutron.services.segments.plugin [-] Segment be9fdbdf-b60f-4c42-8625-923d873a48d6 resource provider aggregate not found
2026-06-25 23:34:56.671 9 INFO neutron.services.segments.plugin [-] Segment be9fdbdf-b60f-4c42-8625-923d873a48d6 resource provider not found; error: Placement Client Error (4xx): {"errors": [{"status": 404, "title": "Not Found", "detail": "The resource could not be found.\n\n No resource provider with uuid be9fdbdf-b60f-4c42-8625-923d873a48d6 found for delete ", "request_id": "req-8e776cd3-b506-47f2-8073-13be0d28da3d"}]}
2026-06-25 23:34:56.671 9 INFO neutron.services.segments.plugin [-] Segment be9fdbdf-b60f-4c42-8625-923d873a48d6 resource provider not found; error: Placement Client Error (4xx): {"errors": [{"status": 404, "title": "Not Found", "detail": "The resource could not be found.\n\n No resource provider with uuid be9fdbdf-b60f-4c42-8625-923d873a48d6 found for delete ", "request_id": "req-967d511e-4320-475c-8643-70f119bc8631"}]}
2026-06-25 23:34:56.706 9 INFO neutron.wsgi [None req-a0d44cc7-f735-43a3-a6e2-00a16c95f74e cabad9752b53494bb2f4f69018832863 2250bfcd9d2947d095e9a0502011eabb - - - -] 10.0.0.23 "DELETE /v2.0/networks/edb27cbc-f6bc-43b3-a6e2-e2db0f73174a HTTP/1.1" status: 204 len: 168 time: 0.6716266
2026-06-25 23:34:56.844 10 INFO neutron.db.ovn_revision_numbers_db [None req-4888dd28-c255-43ff-a02a-b32e1cd1f452 370da65e839b4464b8002c020a05e157 5c50e6ba5d964660ad1ca0cd32569ffc - - - -] Successfully bumped revision number for resource d0c37734-3c6d-4ae7-9baa-011660ed0c90 (type: security_groups) to 1
2026-06-25 23:34:56.919 9 INFO neutron.wsgi [None req-e9c15093-fd2c-4f53-9a3a-d5f5c3d268fb 5e556969b74e459699589a6a388f2793 651967df80a145febaf4e9c34182d1a8 - - - -] 10.0.0.23 "PUT /v2.0/routers/90c182fa-22b5-4a42-94c4-ab84416b557f/remove_router_interface HTTP/1.1" status: 200 len: 503 time: 0.9162745
2026-06-25 23:34:56.922 10 INFO neutron.db.segments_db [None req-4888dd28-c255-43ff-a02a-b32e1cd1f452 370da65e839b4464b8002c020a05e157 5c50e6ba5d964660ad1ca0cd32569ffc - - - -] Added segment 3199891b-856e-46b3-9629-bb5ae79ea056 of type geneve for network 890ec2f6-6ec0-49af-8091-56d18561d9ca /var/lib/openstack/lib/python3.10/site-packages/pycadf/identifier.py:71: UserWarning: Invalid uuid: neutron. To ensure interoperability, identifiers should be a valid uuid. warnings.warn(('Invalid uuid: %s. To ensure interoperability, '
2026-06-25 23:34:56.962 9 INFO neutron.wsgi [None req-fd6d08bf-c0b3-4aef-a350-034726cdfd76 5e556969b74e459699589a6a388f2793 651967df80a145febaf4e9c34182d1a8 - - default default] 10.0.0.23 "GET /v2.0/ports?device_id=90c182fa-22b5-4a42-94c4-ab84416b557f HTTP/1.1" status: 200 len: 205 time: 0.0367904
2026-06-25 23:34:57.059 10 WARNING neutron.scheduler.dhcp_agent_scheduler [None req-efcd9f17-9558-4f43-9460-da9663f528b2 cabad9752b53494bb2f4f69018832863 2250bfcd9d2947d095e9a0502011eabb - - - -] No more DHCP agents
2026-06-25 23:34:57.069 10 WARNING neutron.api.rpc.agentnotifiers.dhcp_rpc_agent_api [None req-efcd9f17-9558-4f43-9460-da9663f528b2 cabad9752b53494bb2f4f69018832863 2250bfcd9d2947d095e9a0502011eabb - - - -] Unable to schedule network c5c4bde6-46b2-4370-9995-c8b299603106: no agents available; will retry on subsequent port and subnet creation events.
2026-06-25 23:34:57.112 10 INFO neutron.db.ovn_revision_numbers_db [None req-4888dd28-c255-43ff-a02a-b32e1cd1f452 370da65e839b4464b8002c020a05e157 5c50e6ba5d964660ad1ca0cd32569ffc - - - -] Successfully bumped revision number for resource 890ec2f6-6ec0-49af-8091-56d18561d9ca (type: networks) to 1
2026-06-25 23:34:57.173 10 INFO neutron.db.ovn_revision_numbers_db [None req-efcd9f17-9558-4f43-9460-da9663f528b2 cabad9752b53494bb2f4f69018832863 2250bfcd9d2947d095e9a0502011eabb - - - -] Successfully bumped revision number for resource cdf9371f-8575-4a0a-aabf-39f8eeb0c7aa (type: ports) to 1
2026-06-25 23:34:57.206 10 INFO neutron.wsgi [None req-efcd9f17-9558-4f43-9460-da9663f528b2 cabad9752b53494bb2f4f69018832863 2250bfcd9d2947d095e9a0502011eabb - - - -] 10.0.0.23 "POST /v2.0/ports HTTP/1.1" status: 201 len: 977 time: 0.4895968 /var/lib/openstack/lib/python3.10/site-packages/pycadf/identifier.py:71: UserWarning: Invalid uuid: neutron. To ensure interoperability, identifiers should be a valid uuid. warnings.warn(('Invalid uuid: %s. To ensure interoperability, '
2026-06-25 23:34:57.247 9 INFO neutron.wsgi [None req-0a27e3c7-e739-4875-a518-0c329dba159f 5e556969b74e459699589a6a388f2793 651967df80a145febaf4e9c34182d1a8 - - - -] 10.0.0.23 "DELETE /v2.0/routers/90c182fa-22b5-4a42-94c4-ab84416b557f HTTP/1.1" status: 204 len: 168 time: 0.2788992
2026-06-25 23:34:57.417 10 WARNING neutron.scheduler.dhcp_agent_scheduler [None req-4888dd28-c255-43ff-a02a-b32e1cd1f452 370da65e839b4464b8002c020a05e157 5c50e6ba5d964660ad1ca0cd32569ffc - - - -] No more DHCP agents
2026-06-25 23:34:57.438 10 WARNING neutron.api.rpc.agentnotifiers.dhcp_rpc_agent_api [None req-4888dd28-c255-43ff-a02a-b32e1cd1f452 370da65e839b4464b8002c020a05e157 5c50e6ba5d964660ad1ca0cd32569ffc - - - -] Unable to schedule network 890ec2f6-6ec0-49af-8091-56d18561d9ca: no agents available; will retry on subsequent port and subnet creation events.
2026-06-25 23:34:57.498 9 INFO neutron.wsgi [None req-2f72f08c-c003-4609-b08e-e32d44c6fe7a 5e556969b74e459699589a6a388f2793 651967df80a145febaf4e9c34182d1a8 - - - -] 10.0.0.23 "DELETE /v2.0/subnets/95590ad2-e3a9-49b1-8046-b52208a95e21 HTTP/1.1" status: 204 len: 168 time: 0.2303998
2026-06-25 23:34:57.559 10 INFO neutron.db.ovn_revision_numbers_db [None req-4888dd28-c255-43ff-a02a-b32e1cd1f452 370da65e839b4464b8002c020a05e157 5c50e6ba5d964660ad1ca0cd32569ffc - - - -] Successfully bumped revision number for resource bbe8864a-e038-4afb-b1b5-0735dfd6c0cb (type: ports) to 1
2026-06-25 23:34:57.592 10 INFO neutron.wsgi [None req-4888dd28-c255-43ff-a02a-b32e1cd1f452 370da65e839b4464b8002c020a05e157 5c50e6ba5d964660ad1ca0cd32569ffc - - - -] 10.0.0.23 "POST /v2.0/networks HTTP/1.1" status: 201 len: 831 time: 1.2421234 /var/lib/openstack/lib/python3.10/site-packages/pycadf/identifier.py:71: UserWarning: Invalid uuid: neutron. To ensure interoperability, identifiers should be a valid uuid. warnings.warn(('Invalid uuid: %s. To ensure interoperability, '
2026-06-25 23:34:57.617 10 INFO neutron.db.ovn_revision_numbers_db [None req-4286a809-e512-4d3e-b7b6-17fabec0aa70 cabad9752b53494bb2f4f69018832863 2250bfcd9d2947d095e9a0502011eabb - - - -] Successfully bumped revision number for resource cdf9371f-8575-4a0a-aabf-39f8eeb0c7aa (type: ports) to 2
2026-06-25 23:34:57.631 10 INFO neutron.wsgi [None req-4286a809-e512-4d3e-b7b6-17fabec0aa70 cabad9752b53494bb2f4f69018832863 2250bfcd9d2947d095e9a0502011eabb - - - -] 10.0.0.23 "PUT /v2.0/ports/cdf9371f-8575-4a0a-aabf-39f8eeb0c7aa HTTP/1.1" status: 200 len: 946 time: 0.4159279
2026-06-25 23:34:57.858 10 WARNING neutron.scheduler.dhcp_agent_scheduler [None req-11995ead-70a3-438d-90e8-ccee8c01b8de 370da65e839b4464b8002c020a05e157 5c50e6ba5d964660ad1ca0cd32569ffc - - - -] No more DHCP agents
2026-06-25 23:34:57.861 10 WARNING neutron.api.rpc.agentnotifiers.dhcp_rpc_agent_api [None req-11995ead-70a3-438d-90e8-ccee8c01b8de 370da65e839b4464b8002c020a05e157 5c50e6ba5d964660ad1ca0cd32569ffc - - - -] Unable to schedule network 890ec2f6-6ec0-49af-8091-56d18561d9ca: no agents available; will retry on subsequent port and subnet creation events.
2026-06-25 23:34:57.998 9 INFO neutron.wsgi [None req-c17f8c1a-e508-4972-989d-61f370d78d8e cabad9752b53494bb2f4f69018832863 2250bfcd9d2947d095e9a0502011eabb - - - -] 10.0.0.23 "DELETE /v2.0/ports/cdf9371f-8575-4a0a-aabf-39f8eeb0c7aa HTTP/1.1" status: 204 len: 168 time: 0.3609684
2026-06-25 23:34:58.073 9 INFO neutron.wsgi [None req-e576f68e-31bb-4488-906b-a40fa510c28d 5e556969b74e459699589a6a388f2793 651967df80a145febaf4e9c34182d1a8 - - - -] 10.0.0.23 "DELETE /v2.0/networks/0dda6761-97b4-403a-9da3-0a502276c910 HTTP/1.1" status: 204 len: 168 time: 0.5630901
2026-06-25 23:34:58.100 9 INFO neutron.wsgi [None req-00dfb2cf-026b-46f4-a0a8-252208d56567 cabad9752b53494bb2f4f69018832863 2250bfcd9d2947d095e9a0502011eabb - - default default] 10.0.0.23 "GET /v2.0/ports HTTP/1.1" status: 200 len: 1733 time: 0.0955153
2026-06-25 23:34:58.137 9 INFO neutron.pecan_wsgi.hooks.translation [None req-475ec276-0aff-412f-8201-fd08a4d5c796 cabad9752b53494bb2f4f69018832863 2250bfcd9d2947d095e9a0502011eabb - - default default] GET failed (client error): The resource could not be found.
2026-06-25 23:34:58.140 9 INFO neutron.wsgi [None req-475ec276-0aff-412f-8201-fd08a4d5c796 cabad9752b53494bb2f4f69018832863 2250bfcd9d2947d095e9a0502011eabb - - default default] 10.0.0.23 "GET /v2.0/ports/cdf9371f-8575-4a0a-aabf-39f8eeb0c7aa HTTP/1.1" status: 404 len: 333 time: 0.0338759
2026-06-25 23:34:58.200 9 INFO neutron.wsgi [None req-6ac84cee-c832-4f49-b31d-5dc2d82c3a92 cabad9752b53494bb2f4f69018832863 2250bfcd9d2947d095e9a0502011eabb - - default default] 10.0.0.23 "GET /v2.0/ports HTTP/1.1" status: 200 len: 1733 time: 0.0526645
2026-06-25 23:34:58.251 9 INFO neutron.wsgi [None req-8b039314-0dd7-4bdf-9265-6f52fe30edd3 cabad9752b53494bb2f4f69018832863 2250bfcd9d2947d095e9a0502011eabb - - default default] 10.0.0.23 "GET /v2.0/ports/50af3a91-d4a1-46bc-975b-a96507ce731e HTTP/1.1" status: 200 len: 973 time: 0.0420828
2026-06-25 23:34:58.294 9 INFO neutron.pecan_wsgi.hooks.translation [None req-8c043a69-1d11-4844-a878-1599201a9389 cabad9752b53494bb2f4f69018832863 2250bfcd9d2947d095e9a0502011eabb - - - -] DELETE failed (client error): The resource could not be found.
2026-06-25 23:34:58.297 9 INFO neutron.wsgi [None req-8c043a69-1d11-4844-a878-1599201a9389 cabad9752b53494bb2f4f69018832863 2250bfcd9d2947d095e9a0502011eabb - - - -] 10.0.0.23 "DELETE /v2.0/ports/d8c82060-7a71-48ac-926b-5daa3f59e9d0 HTTP/1.1" status: 404 len: 333 time: 0.0376477
2026-06-25 23:34:58.322 9 INFO neutron.pecan_wsgi.hooks.translation [None req-2b5b41c4-d093-46f6-864a-8d6e01edfea8 cabad9752b53494bb2f4f69018832863 2250bfcd9d2947d095e9a0502011eabb - - - -] DELETE failed (client error): The resource could not be found.
2026-06-25 23:34:58.325 9 INFO neutron.wsgi [None req-2b5b41c4-d093-46f6-864a-8d6e01edfea8 cabad9752b53494bb2f4f69018832863 2250bfcd9d2947d095e9a0502011eabb - - - -] 10.0.0.23 "DELETE /v2.0/subnets/15e35a36-12e4-4da7-9640-91441778f1aa HTTP/1.1" status: 404 len: 337 time: 0.0213726
2026-06-25 23:34:58.351 9 INFO neutron.pecan_wsgi.hooks.translation [None req-e502f6a5-7fbe-4840-9526-9540ea1ad134 cabad9752b53494bb2f4f69018832863 2250bfcd9d2947d095e9a0502011eabb - - - -] DELETE failed (client error): The resource could not be found.
2026-06-25 23:34:58.354 9 INFO neutron.wsgi [None req-e502f6a5-7fbe-4840-9526-9540ea1ad134 cabad9752b53494bb2f4f69018832863 2250bfcd9d2947d095e9a0502011eabb - - - -] 10.0.0.23 "DELETE /v2.0/subnets/421614f8-6e41-42b7-a174-0d20641698db HTTP/1.1" status: 404 len: 337 time: 0.0243967
2026-06-25 23:34:58.465 10 INFO neutron.db.ovn_revision_numbers_db [None req-11995ead-70a3-438d-90e8-ccee8c01b8de 370da65e839b4464b8002c020a05e157 5c50e6ba5d964660ad1ca0cd32569ffc - - - -] Successfully bumped revision number for resource bbe8864a-e038-4afb-b1b5-0735dfd6c0cb (type: ports) to 2
2026-06-25 23:34:58.488 10 INFO neutron.db.ovn_revision_numbers_db [None req-11995ead-70a3-438d-90e8-ccee8c01b8de 370da65e839b4464b8002c020a05e157 5c50e6ba5d964660ad1ca0cd32569ffc - - - -] Successfully bumped revision number for resource 39783aa6-4e95-4292-8e4a-64b20f737bf6 (type: subnets) to 0
2026-06-25 23:34:58.513 10 INFO neutron.wsgi [None req-11995ead-70a3-438d-90e8-ccee8c01b8de 370da65e839b4464b8002c020a05e157 5c50e6ba5d964660ad1ca0cd32569ffc - - - -] 10.0.0.23 "POST /v2.0/subnets HTTP/1.1" status: 201 len: 801 time: 0.9162548
2026-06-25 23:34:58.888 9 INFO neutron.services.segments.plugin [-] Segment 915e6669-e3e1-4e82-b6db-81966ea0e873 resource provider aggregate not found
2026-06-25 23:34:58.893 9 INFO neutron.services.segments.plugin [-] Segment 915e6669-e3e1-4e82-b6db-81966ea0e873 resource provider aggregate not found
2026-06-25 23:34:58.913 9 INFO neutron.services.segments.plugin [-] Segment 915e6669-e3e1-4e82-b6db-81966ea0e873 resource provider not found; error: Placement Client Error (4xx): {"errors": [{"status": 404, "title": "Not Found", "detail": "The resource could not be found.\n\n No resource provider with uuid 915e6669-e3e1-4e82-b6db-81966ea0e873 found for delete ", "request_id": "req-77935a26-5943-4df7-97a4-a85951c59399"}]}
2026-06-25 23:34:58.917 9 INFO neutron.services.segments.plugin [-] Segment 915e6669-e3e1-4e82-b6db-81966ea0e873 resource provider not found; error: Placement Client Error (4xx): {"errors": [{"status": 404, "title": "Not Found", "detail": "The resource could not be found.\n\n No resource provider with uuid 915e6669-e3e1-4e82-b6db-81966ea0e873 found for delete ", "request_id": "req-39bae0b7-26b9-48ec-a3aa-ed88b8665e39"}]}
2026-06-25 23:34:58.920 10 INFO neutron.wsgi [None req-a50bce4c-9d38-4aff-aec0-379a9d9303b7 370da65e839b4464b8002c020a05e157 5c50e6ba5d964660ad1ca0cd32569ffc - - - -] 10.0.0.23 "PUT /v2.0/subnets/39783aa6-4e95-4292-8e4a-64b20f737bf6/tags HTTP/1.1" status: 200 len: 218 time: 0.3989034
2026-06-25 23:34:58.996 9 INFO neutron.wsgi [None req-a881c234-6fd2-4770-8059-1ed171c3eb34 370da65e839b4464b8002c020a05e157 5c50e6ba5d964660ad1ca0cd32569ffc - - default default] 10.0.0.23 "GET /v2.0/subnets/39783aa6-4e95-4292-8e4a-64b20f737bf6/tags HTTP/1.1" status: 200 len: 218 time: 0.0715518
2026-06-25 23:34:59.028 9 INFO neutron.wsgi [None req-35b44ea9-03db-4073-bd19-21e645e13fd7 cabad9752b53494bb2f4f69018832863 2250bfcd9d2947d095e9a0502011eabb - - - -] 10.0.0.23 "DELETE /v2.0/ports/50af3a91-d4a1-46bc-975b-a96507ce731e HTTP/1.1" status: 204 len: 168 time: 0.6683016
2026-06-25 23:34:59.080 9 INFO neutron.wsgi [None req-b54ec3d9-242c-420b-92d6-7810175bda5f 370da65e839b4464b8002c020a05e157 5c50e6ba5d964660ad1ca0cd32569ffc - - - -] 10.0.0.23 "PUT /v2.0/subnets/39783aa6-4e95-4292-8e4a-64b20f737bf6/tags/green HTTP/1.1" status: 201 len: 201 time: 0.0772023
2026-06-25 23:34:59.090 10 WARNING neutron.scheduler.dhcp_agent_scheduler [None req-41fe65e0-065c-4352-b00d-a8306f72049b 5e556969b74e459699589a6a388f2793 651967df80a145febaf4e9c34182d1a8 - - - -] No more DHCP agents
2026-06-25 23:34:59.094 10 WARNING neutron.api.rpc.agentnotifiers.dhcp_rpc_agent_api [None req-41fe65e0-065c-4352-b00d-a8306f72049b 5e556969b74e459699589a6a388f2793 651967df80a145febaf4e9c34182d1a8 - - - -] Unable to schedule network 07e37ad0-790d-445f-8e30-23b81f61b800: no agents available; will retry on subsequent port and subnet creation events.
2026-06-25 23:34:59.135 9 INFO neutron.wsgi [None req-ff3e7177-cabb-465b-ba31-2549cc1c233f 370da65e839b4464b8002c020a05e157 5c50e6ba5d964660ad1ca0cd32569ffc - - default default] 10.0.0.23 "GET /v2.0/subnets/39783aa6-4e95-4292-8e4a-64b20f737bf6/tags HTTP/1.1" status: 200 len: 227 time: 0.0459535
2026-06-25 23:34:59.195 10 INFO neutron.wsgi [None req-85f23a0e-a666-42e1-a3e6-d0dbcc1a96e0 370da65e839b4464b8002c020a05e157 5c50e6ba5d964660ad1ca0cd32569ffc - - - -] 10.0.0.23 "PUT /v2.0/subnets/39783aa6-4e95-4292-8e4a-64b20f737bf6/tags/red HTTP/1.1" status: 201 len: 201 time: 0.0521474
2026-06-25 23:34:59.261 9 INFO neutron.wsgi [None req-d86e7c6c-1caf-4927-81c9-7db3f71184cf 370da65e839b4464b8002c020a05e157 5c50e6ba5d964660ad1ca0cd32569ffc - - default default] 10.0.0.23 "GET /v2.0/subnets/39783aa6-4e95-4292-8e4a-64b20f737bf6/tags HTTP/1.1" status: 200 len: 227 time: 0.0573659
2026-06-25 23:34:59.278 10 INFO neutron.db.ovn_revision_numbers_db [None req-41fe65e0-065c-4352-b00d-a8306f72049b 5e556969b74e459699589a6a388f2793 651967df80a145febaf4e9c34182d1a8 - - - -] Successfully bumped revision number for resource c0012aa5-21c5-4c9e-9e27-2e0c127e40be (type: ports) to 1
2026-06-25 23:34:59.393 10 INFO neutron.wsgi [None req-73dd445a-b23c-45b3-a179-82cc974e4e53 370da65e839b4464b8002c020a05e157 5c50e6ba5d964660ad1ca0cd32569ffc - - - -] 10.0.0.23 "PUT /v2.0/subnets/39783aa6-4e95-4292-8e4a-64b20f737bf6/tags/black.or.white HTTP/1.1" status: 201 len: 201 time: 0.1232023
2026-06-25 23:34:59.455 10 INFO neutron.wsgi [None req-24cc5feb-6cfc-473a-bc61-145550c566e9 370da65e839b4464b8002c020a05e157 5c50e6ba5d964660ad1ca0cd32569ffc - - default default] 10.0.0.23 "GET /v2.0/subnets/39783aa6-4e95-4292-8e4a-64b20f737bf6/tags HTTP/1.1" status: 200 len: 245 time: 0.0533020
2026-06-25 23:34:59.526 9 INFO neutron.wsgi [None req-74954edb-ed40-4ff2-80dd-e29a5a2962cc cabad9752b53494bb2f4f69018832863 2250bfcd9d2947d095e9a0502011eabb - - - -] 10.0.0.23 "DELETE /v2.0/networks/c5c4bde6-46b2-4370-9995-c8b299603106 HTTP/1.1" status: 204 len: 168 time: 0.4906771
2026-06-25 23:34:59.528 9 INFO neutron.wsgi [None req-9da64424-3de4-4cac-b295-a20accd83b46 370da65e839b4464b8002c020a05e157 5c50e6ba5d964660ad1ca0cd32569ffc - - - -] 10.0.0.23 "PUT /v2.0/subnets/39783aa6-4e95-4292-8e4a-64b20f737bf6/tags HTTP/1.1" status: 200 len: 230 time: 0.0604601
2026-06-25 23:34:59.564 9 INFO neutron.wsgi [None req-2bb278d7-3214-4878-952d-06ce80f08460 370da65e839b4464b8002c020a05e157 5c50e6ba5d964660ad1ca0cd32569ffc - - default default] 10.0.0.23 "GET /v2.0/subnets/39783aa6-4e95-4292-8e4a-64b20f737bf6/tags HTTP/1.1" status: 200 len: 230 time: 0.0309465
2026-06-25 23:34:59.601 9 INFO neutron.wsgi [None req-18e5d42b-2730-4434-93ec-7eeb2bd5e8ae 370da65e839b4464b8002c020a05e157 5c50e6ba5d964660ad1ca0cd32569ffc - - default default] 10.0.0.23 "GET /v2.0/subnets/39783aa6-4e95-4292-8e4a-64b20f737bf6/tags/red HTTP/1.1" status: 204 len: 168 time: 0.0311677
2026-06-25 23:34:59.664 10 INFO neutron.api.v2.resource [None req-00bd3168-ab24-4520-aee8-b5036e108920 370da65e839b4464b8002c020a05e157 5c50e6ba5d964660ad1ca0cd32569ffc - - default default] show failed (client error): The resource could not be found.
2026-06-25 23:34:59.666 10 INFO neutron.wsgi [None req-00bd3168-ab24-4520-aee8-b5036e108920 370da65e839b4464b8002c020a05e157 5c50e6ba5d964660ad1ca0cd32569ffc - - default default] 10.0.0.23 "GET /v2.0/subnets/39783aa6-4e95-4292-8e4a-64b20f737bf6/tags/green HTTP/1.1" status: 404 len: 299 time: 0.0534585
2026-06-25 23:34:59.747 10 INFO neutron.wsgi [None req-0ac6d4b3-613a-4fe2-8905-9f5a5bdb77dd 370da65e839b4464b8002c020a05e157 5c50e6ba5d964660ad1ca0cd32569ffc - - - -] 10.0.0.23 "DELETE /v2.0/subnets/39783aa6-4e95-4292-8e4a-64b20f737bf6/tags/red HTTP/1.1" status: 204 len: 168 time: 0.0759947
2026-06-25 23:34:59.787 9 INFO neutron.wsgi [None req-539591e8-c58e-4d5b-962c-86588395c3f4 370da65e839b4464b8002c020a05e157 5c50e6ba5d964660ad1ca0cd32569ffc - - default default] 10.0.0.23 "GET /v2.0/subnets/39783aa6-4e95-4292-8e4a-64b20f737bf6/tags HTTP/1.1" status: 200 len: 223 time: 0.0328429
2026-06-25 23:34:59.842 10 INFO neutron.api.v2.resource [None req-dd252576-eae3-415d-a5a2-31fa4ebe7bd4 370da65e839b4464b8002c020a05e157 5c50e6ba5d964660ad1ca0cd32569ffc - - - -] delete failed (client error): The resource could not be found.
2026-06-25 23:34:59.844 10 INFO neutron.wsgi [None req-dd252576-eae3-415d-a5a2-31fa4ebe7bd4 370da65e839b4464b8002c020a05e157 5c50e6ba5d964660ad1ca0cd32569ffc - - - -] 10.0.0.23 "DELETE /v2.0/subnets/39783aa6-4e95-4292-8e4a-64b20f737bf6/tags/green HTTP/1.1" status: 404 len: 299 time: 0.0512538
2026-06-25 23:34:59.916 10 INFO neutron.wsgi [None req-edef453e-8f84-4bf0-b47f-c743f6e0552e 370da65e839b4464b8002c020a05e157 5c50e6ba5d964660ad1ca0cd32569ffc - - - -] 10.0.0.23 "DELETE /v2.0/subnets/39783aa6-4e95-4292-8e4a-64b20f737bf6/tags HTTP/1.1" status: 204 len: 168 time: 0.0678620
2026-06-25 23:34:59.968 9 INFO neutron.wsgi [None req-6ffeca16-07dc-426a-9c73-c2e369da8f8d 370da65e839b4464b8002c020a05e157 5c50e6ba5d964660ad1ca0cd32569ffc - - default default] 10.0.0.23 "GET /v2.0/subnets/39783aa6-4e95-4292-8e4a-64b20f737bf6/tags HTTP/1.1" status: 200 len: 205 time: 0.0462272
2026-06-25 23:35:00.099 10 INFO neutron.plugins.ml2.drivers.ovn.mech_driver.mech_driver [None req-56e06cab-88df-4a0c-9f6c-9609ea2afd09 - - - - - -] OVN reports status up for port: c0012aa5-21c5-4c9e-9e27-2e0c127e40be
2026-06-25 23:35:00.115 10 INFO neutron.db.ovn_revision_numbers_db [None req-41fe65e0-065c-4352-b00d-a8306f72049b 5e556969b74e459699589a6a388f2793 651967df80a145febaf4e9c34182d1a8 - - - -] Successfully bumped revision number for resource c0012aa5-21c5-4c9e-9e27-2e0c127e40be (type: router_ports) to 1
2026-06-25 23:35:00.120 10 INFO neutron.plugins.ml2.plugin [None req-56e06cab-88df-4a0c-9f6c-9609ea2afd09 - - - - - -] Attempt 1 to provision port c0012aa5-21c5-4c9e-9e27-2e0c127e40be
2026-06-25 23:35:00.231 10 INFO neutron.db.ovn_revision_numbers_db [None req-41fe65e0-065c-4352-b00d-a8306f72049b 5e556969b74e459699589a6a388f2793 651967df80a145febaf4e9c34182d1a8 - - - -] Successfully bumped revision number for resource dc3ed619-88d8-4cba-bb7f-12fd55713406 (type: routers) to 3
2026-06-25 23:35:00.251 10 INFO neutron.wsgi [None req-41fe65e0-065c-4352-b00d-a8306f72049b 5e556969b74e459699589a6a388f2793 651967df80a145febaf4e9c34182d1a8 - - - -] 10.0.0.23 "POST /v2.0/routers HTTP/1.1" status: 201 len: 872 time: 2.1675658
2026-06-25 23:35:00.268 9 INFO neutron.wsgi [None req-a7f8ebef-f4c8-4c0e-b244-842fa3edeedf 370da65e839b4464b8002c020a05e157 5c50e6ba5d964660ad1ca0cd32569ffc - - - -] 10.0.0.23 "DELETE /v2.0/subnets/39783aa6-4e95-4292-8e4a-64b20f737bf6 HTTP/1.1" status: 204 len: 168 time: 0.2906742
2026-06-25 23:35:00.340 10 INFO neutron.wsgi [None req-5b6ccae9-8ad0-4e35-bd81-5034aa700b37 5e556969b74e459699589a6a388f2793 651967df80a145febaf4e9c34182d1a8 - - default default] 10.0.0.23 "GET /v2.0/routers/dc3ed619-88d8-4cba-bb7f-12fd55713406 HTTP/1.1" status: 200 len: 873 time: 0.0809960
2026-06-25 23:35:00.385 9 INFO neutron.wsgi [None req-d9223541-5e40-40d5-b212-c6c6039f5111 eb385586f3e7424ca61f8366f483a2e1 5e6f572533a8440b9f7d5c9b69bf8a4b - - default default] 10.0.0.23 "GET /v2.0/security-groups?tenant_id=2250bfcd9d2947d095e9a0502011eabb&name=default HTTP/1.1" status: 200 len: 2996 time: 0.2834499
2026-06-25 23:35:00.487 10 INFO neutron.wsgi [None req-9c62bc5d-f746-4987-9140-8f625cb13525 5e556969b74e459699589a6a388f2793 651967df80a145febaf4e9c34182d1a8 - - default default] 10.0.0.23 "GET /v2.0/routers HTTP/1.1" status: 200 len: 876 time: 0.1384943
2026-06-25 23:35:00.540 9 WARNING neutron.plugins.ml2.drivers.ovn.mech_driver.ovsdb.ovn_client [None req-af23856a-b697-49de-96a5-efa60640ed41 - - - - - -] No port found with ID 5788be55-4334-4ee6-9592-e51e47eec631: RuntimeError: No port found with ID 5788be55-4334-4ee6-9592-e51e47eec631
2026-06-25 23:35:00.709 10 INFO neutron.wsgi [None req-5108b76a-86ad-4394-807b-2a72259ec26d eb385586f3e7424ca61f8366f483a2e1 5e6f572533a8440b9f7d5c9b69bf8a4b - - - -] 10.0.0.23 "DELETE /v2.0/security-groups/ab32d5c1-56c4-4ef2-8ebf-0d29a4a43537 HTTP/1.1" status: 204 len: 168 time: 0.3182590
2026-06-25 23:35:00.909 9 INFO neutron.wsgi [None req-a0a33802-25b8-4fdf-979b-04d5744a1b56 370da65e839b4464b8002c020a05e157 5c50e6ba5d964660ad1ca0cd32569ffc - - - -] 10.0.0.23 "DELETE /v2.0/networks/890ec2f6-6ec0-49af-8091-56d18561d9ca HTTP/1.1" status: 204 len: 168 time: 0.6308768
2026-06-25 23:35:00.950 9 INFO neutron.services.segments.plugin [-] Segment bec2c356-852f-4383-b519-56169dc8db81 resource provider aggregate not found
2026-06-25 23:35:00.978 9 INFO neutron.services.segments.plugin [-] Segment bec2c356-852f-4383-b519-56169dc8db81 resource provider aggregate not found
