2026-06-25 23:02:00.866 15 INFO neutron.plugins.ml2.drivers.ovn.mech_driver.ovsdb.maintenance [None req-e0ae1a8e-0d17-44bf-a099-d740348fc88d - - - - - -] Maintenance task: Synchronization finished (took 0.11 seconds)
2026-06-25 23:02:02.932 9 INFO neutron.wsgi [-] 10.0.0.37 "GET / HTTP/1.1" status: 200 len: 247 time: 0.0023196
2026-06-25 23:02:02.932 10 INFO neutron.wsgi [-] 10.0.0.37 "GET / HTTP/1.1" status: 200 len: 247 time: 0.0027707
2026-06-25 23:02:17.932 10 INFO neutron.wsgi [-] 10.0.0.37 "GET / HTTP/1.1" status: 200 len: 247 time: 0.0019491
2026-06-25 23:02:17.935 9 INFO neutron.wsgi [-] 10.0.0.37 "GET / HTTP/1.1" status: 200 len: 247 time: 0.0040562
2026-06-25 23:02:32.934 10 INFO neutron.wsgi [-] 10.0.0.37 "GET / HTTP/1.1" status: 200 len: 247 time: 0.0029576
2026-06-25 23:02:32.934 9 INFO neutron.wsgi [-] 10.0.0.37 "GET / HTTP/1.1" status: 200 len: 247 time: 0.0028358
2026-06-25 23:02:47.932 10 INFO neutron.wsgi [-] 10.0.0.37 "GET / HTTP/1.1" status: 200 len: 247 time: 0.0019026
2026-06-25 23:02:47.933 9 INFO neutron.wsgi [-] 10.0.0.37 "GET / HTTP/1.1" status: 200 len: 247 time: 0.0025933
2026-06-25 23:03:02.931 9 INFO neutron.wsgi [-] 10.0.0.37 "GET / HTTP/1.1" status: 200 len: 247 time: 0.0014453
2026-06-25 23:03:02.932 9 INFO neutron.wsgi [-] 10.0.0.37 "GET / HTTP/1.1" status: 200 len: 247 time: 0.0008950
2026-06-25 23:03:17.932 9 INFO neutron.wsgi [-] 10.0.0.37 "GET / HTTP/1.1" status: 200 len: 247 time: 0.0016606
2026-06-25 23:03:17.937 10 INFO neutron.wsgi [-] 10.0.0.37 "GET / HTTP/1.1" status: 200 len: 247 time: 0.0027008
2026-06-25 23:03:32.933 9 INFO neutron.wsgi [-] 10.0.0.37 "GET / HTTP/1.1" status: 200 len: 247 time: 0.0026312
2026-06-25 23:03:32.934 10 INFO neutron.wsgi [-] 10.0.0.37 "GET / HTTP/1.1" status: 200 len: 247 time: 0.0031955
2026-06-25 23:03:47.932 9 INFO neutron.wsgi [-] 10.0.0.37 "GET / HTTP/1.1" status: 200 len: 247 time: 0.0021086
2026-06-25 23:03:47.933 10 INFO neutron.wsgi [-] 10.0.0.37 "GET / HTTP/1.1" status: 200 len: 247 time: 0.0024772
2026-06-25 23:03:59.161 9 INFO neutron.wsgi [None req-26b80b47-06d8-4c3e-a421-b312ad5e87d3 eb385586f3e7424ca61f8366f483a2e1 5e6f572533a8440b9f7d5c9b69bf8a4b - - default default] 199.19.213.169,10.0.0.37 "GET /v2.0/networks HTTP/1.1" status: 200 len: 928 time: 0.1763177
2026-06-25 23:03:59.263 9 INFO neutron.db.segments_db [None req-bff131e8-dbc7-4f76-9fd4-5e6c53b84ffe eb385586f3e7424ca61f8366f483a2e1 5e6f572533a8440b9f7d5c9b69bf8a4b - - - -] Added segment adb2dcd1-8189-423f-89c0-d20f9cdb37e5 of type geneve for network df414cfd-5435-4016-9e81-0c20824a1a62
2026-06-25 23:03:59.452 9 INFO neutron.db.ovn_revision_numbers_db [None req-bff131e8-dbc7-4f76-9fd4-5e6c53b84ffe eb385586f3e7424ca61f8366f483a2e1 5e6f572533a8440b9f7d5c9b69bf8a4b - - - -] Successfully bumped revision number for resource df414cfd-5435-4016-9e81-0c20824a1a62 (type: networks) to 1
2026-06-25 23:03:59.613 9 WARNING neutron.scheduler.dhcp_agent_scheduler [None req-bff131e8-dbc7-4f76-9fd4-5e6c53b84ffe eb385586f3e7424ca61f8366f483a2e1 5e6f572533a8440b9f7d5c9b69bf8a4b - - - -] No more DHCP agents
2026-06-25 23:03:59.616 9 WARNING neutron.api.rpc.agentnotifiers.dhcp_rpc_agent_api [None req-bff131e8-dbc7-4f76-9fd4-5e6c53b84ffe eb385586f3e7424ca61f8366f483a2e1 5e6f572533a8440b9f7d5c9b69bf8a4b - - - -] Unable to schedule network df414cfd-5435-4016-9e81-0c20824a1a62: no agents available; will retry on subsequent port and subnet creation events.
2026-06-25 23:03:59.688 9 INFO neutron.db.ovn_revision_numbers_db [None req-bff131e8-dbc7-4f76-9fd4-5e6c53b84ffe eb385586f3e7424ca61f8366f483a2e1 5e6f572533a8440b9f7d5c9b69bf8a4b - - - -] Successfully bumped revision number for resource 6de32c8a-b292-4b82-a575-dd41a6e2d540 (type: ports) to 1
2026-06-25 23:03:59.707 9 INFO neutron.wsgi [None req-bff131e8-dbc7-4f76-9fd4-5e6c53b84ffe eb385586f3e7424ca61f8366f483a2e1 5e6f572533a8440b9f7d5c9b69bf8a4b - - - -] 199.19.213.169,10.0.0.37 "POST /v2.0/networks HTTP/1.1" status: 201 len: 889 time: 0.5408714 /var/lib/openstack/lib/python3.10/site-packages/memcache.py:1303: SyntaxWarning: "is" with a literal. Did you mean "=="? if key is '': /var/lib/openstack/lib/python3.10/site-packages/memcache.py:1304: SyntaxWarning: "is" with a literal. Did you mean "=="? if key_extra_len is 0: /var/lib/openstack/lib/python3.10/site-packages/pycadf/identifier.py:71: UserWarning: Invalid uuid: unknown. To ensure interoperability, identifiers should be a valid uuid. warnings.warn(('Invalid uuid: %s. To ensure interoperability, '
2026-06-25 23:04:00.945 10 WARNING oslo_policy.policy [None req-23a5d94a-ffc0-483e-ba0e-a90a02411d03 eb385586f3e7424ca61f8366f483a2e1 5e6f572533a8440b9f7d5c9b69bf8a4b - - default default] Policies ['delete_port', 'update_port:allowed_address_pairs', 'update_port:allowed_address_pairs:ip_address', 'update_port:allowed_address_pairs:mac_address', 'update_port:fixed_ips', 'update_port:mac_address'] reference a rule that is not defined.
2026-06-25 23:04:01.229 10 INFO neutron.wsgi [None req-23a5d94a-ffc0-483e-ba0e-a90a02411d03 eb385586f3e7424ca61f8366f483a2e1 5e6f572533a8440b9f7d5c9b69bf8a4b - - default default] 199.19.213.169,10.0.0.37 "GET /v2.0/subnets HTTP/1.1" status: 200 len: 819 time: 0.6905637
2026-06-25 23:04:01.381 10 INFO neutron.wsgi [None req-567e1f40-90e9-4371-9a65-0e4f3c373dc2 eb385586f3e7424ca61f8366f483a2e1 5e6f572533a8440b9f7d5c9b69bf8a4b - - default default] 199.19.213.169,10.0.0.37 "GET /v2.0/networks HTTP/1.1" status: 200 len: 1614 time: 0.1433287
2026-06-25 23:04:01.635 10 WARNING neutron.scheduler.dhcp_agent_scheduler [None req-b758c4c9-4fe3-4706-ad40-3f1dcc069567 eb385586f3e7424ca61f8366f483a2e1 5e6f572533a8440b9f7d5c9b69bf8a4b - - - -] No more DHCP agents
2026-06-25 23:04:01.637 10 WARNING neutron.api.rpc.agentnotifiers.dhcp_rpc_agent_api [None req-b758c4c9-4fe3-4706-ad40-3f1dcc069567 eb385586f3e7424ca61f8366f483a2e1 5e6f572533a8440b9f7d5c9b69bf8a4b - - - -] Unable to schedule network df414cfd-5435-4016-9e81-0c20824a1a62: no agents available; will retry on subsequent port and subnet creation events.
2026-06-25 23:04:01.637 10 INFO neutron.plugins.ml2.drivers.ovn.mech_driver.ovsdb.extensions.qos [None req-b758c4c9-4fe3-4706-ad40-3f1dcc069567 eb385586f3e7424ca61f8366f483a2e1 5e6f572533a8440b9f7d5c9b69bf8a4b - - - -] Starting OVNClientQosExtension
2026-06-25 23:04:01.638 10 INFO neutron.plugins.ml2.drivers.ovn.mech_driver.ovsdb.extensions.placement [None req-b758c4c9-4fe3-4706-ad40-3f1dcc069567 eb385586f3e7424ca61f8366f483a2e1 5e6f572533a8440b9f7d5c9b69bf8a4b - - - -] Starting OVNClientPlacementExtension
2026-06-25 23:04:02.333 10 INFO neutron.db.ovn_revision_numbers_db [None req-b758c4c9-4fe3-4706-ad40-3f1dcc069567 eb385586f3e7424ca61f8366f483a2e1 5e6f572533a8440b9f7d5c9b69bf8a4b - - - -] Successfully bumped revision number for resource 6de32c8a-b292-4b82-a575-dd41a6e2d540 (type: ports) to 2
2026-06-25 23:04:02.351 10 INFO neutron.db.ovn_revision_numbers_db [None req-b758c4c9-4fe3-4706-ad40-3f1dcc069567 eb385586f3e7424ca61f8366f483a2e1 5e6f572533a8440b9f7d5c9b69bf8a4b - - - -] Successfully bumped revision number for resource c900c280-b2fd-4b7e-b285-762fda8aff92 (type: subnets) to 0
2026-06-25 23:04:02.376 10 INFO neutron.wsgi [None req-b758c4c9-4fe3-4706-ad40-3f1dcc069567 eb385586f3e7424ca61f8366f483a2e1 5e6f572533a8440b9f7d5c9b69bf8a4b - - - -] 199.19.213.169,10.0.0.37 "POST /v2.0/subnets HTTP/1.1" status: 201 len: 807 time: 0.9894097
2026-06-25 23:04:02.933 10 INFO neutron.wsgi [-] 10.0.0.37 "GET / HTTP/1.1" status: 200 len: 247 time: 0.0025063
2026-06-25 23:04:02.934 9 INFO neutron.wsgi [-] 10.0.0.37 "GET / HTTP/1.1" status: 200 len: 247 time: 0.0029590
2026-06-25 23:04:03.524 10 INFO neutron.wsgi [None req-47b31c58-819c-405e-9e3f-1cc663bf8430 eb385586f3e7424ca61f8366f483a2e1 5e6f572533a8440b9f7d5c9b69bf8a4b - - default default] 199.19.213.169,10.0.0.37 "GET /v2.0/security-groups?tenant_id=5e6f572533a8440b9f7d5c9b69bf8a4b HTTP/1.1" status: 200 len: 2969 time: 0.0743639
2026-06-25 23:04:03.736 10 INFO neutron.db.ovn_revision_numbers_db [None req-5daff391-0a9c-455f-bc12-f4f3e4d296a9 eb385586f3e7424ca61f8366f483a2e1 5e6f572533a8440b9f7d5c9b69bf8a4b - - - -] Successfully bumped revision number for resource 084381b5-8151-4eb9-930b-b6810ace1347 (type: security_groups) to 1
2026-06-25 23:04:03.759 10 INFO neutron.wsgi [None req-5daff391-0a9c-455f-bc12-f4f3e4d296a9 eb385586f3e7424ca61f8366f483a2e1 5e6f572533a8440b9f7d5c9b69bf8a4b - - - -] 199.19.213.169,10.0.0.37 "POST /v2.0/security-groups HTTP/1.1" status: 201 len: 1733 time: 0.2255688
2026-06-25 23:04:04.916 10 INFO neutron.wsgi [None req-b5133d7a-6653-4227-9a8e-6832935a648e eb385586f3e7424ca61f8366f483a2e1 5e6f572533a8440b9f7d5c9b69bf8a4b - - default default] 199.19.213.169,10.0.0.37 "GET /v2.0/security-groups?tenant_id=5e6f572533a8440b9f7d5c9b69bf8a4b HTTP/1.1" status: 200 len: 4503 time: 0.0691707
2026-06-25 23:04:04.962 10 INFO neutron.wsgi [None req-790acd8a-6268-4b76-bd7f-d82182dcf1f4 eb385586f3e7424ca61f8366f483a2e1 5e6f572533a8440b9f7d5c9b69bf8a4b - - default default] 199.19.213.169,10.0.0.37 "GET /v2.0/security-groups HTTP/1.1" status: 200 len: 4503 time: 0.0365672
2026-06-25 23:04:05.109 10 INFO neutron.db.ovn_revision_numbers_db [None req-ddae323b-8465-4ae5-88b2-4b6c6ecdac9b eb385586f3e7424ca61f8366f483a2e1 5e6f572533a8440b9f7d5c9b69bf8a4b - - - -] Successfully bumped revision number for resource ec9df287-7aef-4629-90c6-86698c2e3f44 (type: security_group_rules) to 0
2026-06-25 23:04:05.148 10 INFO neutron.wsgi [None req-ddae323b-8465-4ae5-88b2-4b6c6ecdac9b eb385586f3e7424ca61f8366f483a2e1 5e6f572533a8440b9f7d5c9b69bf8a4b - - - -] 199.19.213.169,10.0.0.37 "POST /v2.0/security-group-rules HTTP/1.1" status: 201 len: 749 time: 0.1762600
2026-06-25 23:04:06.010 10 INFO neutron.wsgi [None req-ca731224-267d-4e05-bffa-40dd30f4cd40 eb385586f3e7424ca61f8366f483a2e1 5e6f572533a8440b9f7d5c9b69bf8a4b - - default default] 199.19.213.169,10.0.0.37 "GET /v2.0/security-groups?tenant_id=5e6f572533a8440b9f7d5c9b69bf8a4b HTTP/1.1" status: 200 len: 5085 time: 0.0764799
2026-06-25 23:04:06.052 10 INFO neutron.wsgi [None req-aea45874-2eb1-4323-be6e-ee1d28cf204d eb385586f3e7424ca61f8366f483a2e1 5e6f572533a8440b9f7d5c9b69bf8a4b - - default default] 199.19.213.169,10.0.0.37 "GET /v2.0/security-groups HTTP/1.1" status: 200 len: 5085 time: 0.0322099
2026-06-25 23:04:06.158 10 INFO neutron.db.ovn_revision_numbers_db [None req-07e009d2-8588-4451-81b5-51478f0c6925 eb385586f3e7424ca61f8366f483a2e1 5e6f572533a8440b9f7d5c9b69bf8a4b - - - -] Successfully bumped revision number for resource 8e547d56-b136-45f4-951c-5ac25ee7d19a (type: security_group_rules) to 0
2026-06-25 23:04:06.182 10 INFO neutron.wsgi [None req-07e009d2-8588-4451-81b5-51478f0c6925 eb385586f3e7424ca61f8366f483a2e1 5e6f572533a8440b9f7d5c9b69bf8a4b - - - -] 199.19.213.169,10.0.0.37 "POST /v2.0/security-group-rules HTTP/1.1" status: 201 len: 751 time: 0.1225564
2026-06-25 23:04:07.039 10 INFO neutron.wsgi [None req-81a65165-7615-4eb1-90fc-23727bd40def eb385586f3e7424ca61f8366f483a2e1 5e6f572533a8440b9f7d5c9b69bf8a4b - - default default] 199.19.213.169,10.0.0.37 "GET /v2.0/security-groups?tenant_id=5e6f572533a8440b9f7d5c9b69bf8a4b HTTP/1.1" status: 200 len: 5669 time: 0.0800133
2026-06-25 23:04:07.084 10 INFO neutron.wsgi [None req-7540a487-a89f-4215-8198-08f8e47fce13 eb385586f3e7424ca61f8366f483a2e1 5e6f572533a8440b9f7d5c9b69bf8a4b - - default default] 199.19.213.169,10.0.0.37 "GET /v2.0/security-groups HTTP/1.1" status: 200 len: 5669 time: 0.0363853
2026-06-25 23:04:07.194 10 INFO neutron.db.ovn_revision_numbers_db [None req-1f1dab6f-cea8-431d-8b1e-ee724a1d265f eb385586f3e7424ca61f8366f483a2e1 5e6f572533a8440b9f7d5c9b69bf8a4b - - - -] Successfully bumped revision number for resource 880e65e7-ee2f-4d48-99fc-4758a68c185d (type: security_group_rules) to 0
2026-06-25 23:04:07.225 10 INFO neutron.wsgi [None req-1f1dab6f-cea8-431d-8b1e-ee724a1d265f eb385586f3e7424ca61f8366f483a2e1 5e6f572533a8440b9f7d5c9b69bf8a4b - - - -] 199.19.213.169,10.0.0.37 "POST /v2.0/security-group-rules HTTP/1.1" status: 201 len: 751 time: 0.1329138
2026-06-25 23:04:08.090 10 INFO neutron.wsgi [None req-bf767bdf-c3a5-45af-b3ae-02d91f8e0a69 eb385586f3e7424ca61f8366f483a2e1 5e6f572533a8440b9f7d5c9b69bf8a4b - - default default] 199.19.213.169,10.0.0.37 "GET /v2.0/security-groups?tenant_id=5e6f572533a8440b9f7d5c9b69bf8a4b HTTP/1.1" status: 200 len: 6253 time: 0.0802014
2026-06-25 23:04:08.135 10 INFO neutron.wsgi [None req-05cd09d4-68f9-46c3-9fc3-b27e15b0baf5 eb385586f3e7424ca61f8366f483a2e1 5e6f572533a8440b9f7d5c9b69bf8a4b - - default default] 199.19.213.169,10.0.0.37 "GET /v2.0/security-groups HTTP/1.1" status: 200 len: 6253 time: 0.0377097
2026-06-25 23:04:08.252 10 INFO neutron.db.ovn_revision_numbers_db [None req-5cdd82e5-fff8-40dd-b34b-7eb7c0b2e163 eb385586f3e7424ca61f8366f483a2e1 5e6f572533a8440b9f7d5c9b69bf8a4b - - - -] Successfully bumped revision number for resource a83f8c91-3e59-430e-801b-4f863b012861 (type: security_group_rules) to 0
2026-06-25 23:04:08.290 10 INFO neutron.wsgi [None req-5cdd82e5-fff8-40dd-b34b-7eb7c0b2e163 eb385586f3e7424ca61f8366f483a2e1 5e6f572533a8440b9f7d5c9b69bf8a4b - - - -] 199.19.213.169,10.0.0.37 "POST /v2.0/security-group-rules HTTP/1.1" status: 201 len: 751 time: 0.1434512
2026-06-25 23:04:09.134 9 INFO neutron.wsgi [None req-08dd6e2a-c8fb-4b6a-ba4b-d6f0f5b86665 eb385586f3e7424ca61f8366f483a2e1 5e6f572533a8440b9f7d5c9b69bf8a4b - - default default] 199.19.213.169,10.0.0.37 "GET /v2.0/security-groups?tenant_id=5e6f572533a8440b9f7d5c9b69bf8a4b HTTP/1.1" status: 200 len: 6837 time: 0.0905366
2026-06-25 23:04:09.190 9 INFO neutron.wsgi [None req-5bd0017a-fba0-43f3-bf6a-8a0e91f38ab1 eb385586f3e7424ca61f8366f483a2e1 5e6f572533a8440b9f7d5c9b69bf8a4b - - default default] 199.19.213.169,10.0.0.37 "GET /v2.0/security-groups HTTP/1.1" status: 200 len: 6837 time: 0.0468304
2026-06-25 23:04:09.496 9 INFO neutron.db.ovn_revision_numbers_db [None req-efb970c1-4a2e-4a02-aebf-85841a61a075 eb385586f3e7424ca61f8366f483a2e1 5e6f572533a8440b9f7d5c9b69bf8a4b - - - -] Successfully bumped revision number for resource 6ce327a5-097b-45f7-bbc2-e441e2cb5e36 (type: security_group_rules) to 0
2026-06-25 23:04:09.538 9 INFO neutron.wsgi [None req-efb970c1-4a2e-4a02-aebf-85841a61a075 eb385586f3e7424ca61f8366f483a2e1 5e6f572533a8440b9f7d5c9b69bf8a4b - - - -] 199.19.213.169,10.0.0.37 "POST /v2.0/security-group-rules HTTP/1.1" status: 201 len: 751 time: 0.3396113
2026-06-25 23:04:10.828 10 INFO neutron.wsgi [None req-c60f0e4f-043c-4848-b35c-61f63b935f1b eb385586f3e7424ca61f8366f483a2e1 5e6f572533a8440b9f7d5c9b69bf8a4b - - default default] 199.19.213.169,10.0.0.37 "GET /v2.0/security-groups HTTP/1.1" status: 200 len: 7421 time: 0.0864997
2026-06-25 23:04:10.885 10 INFO neutron.wsgi [None req-8189b828-49dd-4a08-91f2-69a93c311e38 eb385586f3e7424ca61f8366f483a2e1 5e6f572533a8440b9f7d5c9b69bf8a4b - - default default] 199.19.213.169,10.0.0.37 "GET /v2.0/ports HTTP/1.1" status: 200 len: 2301 time: 0.0498590
2026-06-25 23:04:10.953 10 INFO neutron.wsgi [None req-0104794d-f95d-4111-aaeb-de8d0b99e520 eb385586f3e7424ca61f8366f483a2e1 5e6f572533a8440b9f7d5c9b69bf8a4b - - default default] 199.19.213.169,10.0.0.37 "GET /v2.0/networks HTTP/1.1" status: 200 len: 1652 time: 0.0573659
2026-06-25 23:04:11.254 10 WARNING neutron.scheduler.dhcp_agent_scheduler [None req-7c753cef-876a-49b1-ad5a-7cea5b5ae746 eb385586f3e7424ca61f8366f483a2e1 5e6f572533a8440b9f7d5c9b69bf8a4b - - - -] No more DHCP agents
2026-06-25 23:04:11.256 10 WARNING neutron.api.rpc.agentnotifiers.dhcp_rpc_agent_api [None req-7c753cef-876a-49b1-ad5a-7cea5b5ae746 eb385586f3e7424ca61f8366f483a2e1 5e6f572533a8440b9f7d5c9b69bf8a4b - - - -] Unable to schedule network df414cfd-5435-4016-9e81-0c20824a1a62: no agents available; will retry on subsequent port and subnet creation events.
2026-06-25 23:04:11.394 10 INFO neutron.db.ovn_revision_numbers_db [None req-7c753cef-876a-49b1-ad5a-7cea5b5ae746 eb385586f3e7424ca61f8366f483a2e1 5e6f572533a8440b9f7d5c9b69bf8a4b - - - -] Successfully bumped revision number for resource 2674988c-3104-4a9c-97eb-bb47b51d7ef3 (type: ports) to 1
2026-06-25 23:04:11.414 10 INFO neutron.wsgi [None req-7c753cef-876a-49b1-ad5a-7cea5b5ae746 eb385586f3e7424ca61f8366f483a2e1 5e6f572533a8440b9f7d5c9b69bf8a4b - - - -] 199.19.213.169,10.0.0.37 "POST /v2.0/ports HTTP/1.1" status: 201 len: 1281 time: 0.4546938
2026-06-25 23:04:17.931 10 INFO neutron.wsgi [-] 10.0.0.37 "GET / HTTP/1.1" status: 200 len: 247 time: 0.0018120
2026-06-25 23:04:17.932 9 INFO neutron.wsgi [-] 10.0.0.37 "GET / HTTP/1.1" status: 200 len: 247 time: 0.0022578
2026-06-25 23:04:18.767 9 INFO neutron.pecan_wsgi.hooks.translation [None req-aa6326f4-4ecd-45f6-af1a-3a99cd0309e6 eb385586f3e7424ca61f8366f483a2e1 5e6f572533a8440b9f7d5c9b69bf8a4b - - default default] GET failed (client error): The resource could not be found.
2026-06-25 23:04:18.768 9 INFO neutron.wsgi [None req-aa6326f4-4ecd-45f6-af1a-3a99cd0309e6 eb385586f3e7424ca61f8366f483a2e1 5e6f572533a8440b9f7d5c9b69bf8a4b - - default default] 199.19.213.169,10.0.0.37 "GET /v2.0/ports/octavia-health-manager-port-instance HTTP/1.1" status: 404 len: 314 time: 0.0659904
2026-06-25 23:04:18.816 9 INFO neutron.wsgi [None req-a36d8807-99fc-4e0b-85bf-2119a432cd16 eb385586f3e7424ca61f8366f483a2e1 5e6f572533a8440b9f7d5c9b69bf8a4b - - default default] 199.19.213.169,10.0.0.37 "GET /v2.0/ports?name=octavia-health-manager-port-instance HTTP/1.1" status: 200 len: 1279 time: 0.0415404
2026-06-25 23:04:19.210 9 INFO neutron.db.ovn_revision_numbers_db [None req-957c79e7-ccf1-4313-bfc5-f6fd14dfde73 eb385586f3e7424ca61f8366f483a2e1 5e6f572533a8440b9f7d5c9b69bf8a4b - - - -] Successfully bumped revision number for resource 2674988c-3104-4a9c-97eb-bb47b51d7ef3 (type: ports) to 1
2026-06-25 23:04:19.471 9 INFO neutron.db.ovn_revision_numbers_db [None req-957c79e7-ccf1-4313-bfc5-f6fd14dfde73 eb385586f3e7424ca61f8366f483a2e1 5e6f572533a8440b9f7d5c9b69bf8a4b - - - -] Successfully bumped revision number for resource 2674988c-3104-4a9c-97eb-bb47b51d7ef3 (type: ports) to 2
2026-06-25 23:04:19.488 9 INFO neutron.wsgi [None req-957c79e7-ccf1-4313-bfc5-f6fd14dfde73 eb385586f3e7424ca61f8366f483a2e1 5e6f572533a8440b9f7d5c9b69bf8a4b - - - -] 199.19.213.169,10.0.0.37 "PUT /v2.0/ports/2674988c-3104-4a9c-97eb-bb47b51d7ef3 HTTP/1.1" status: 200 len: 1318 time: 0.6647878 /var/lib/openstack/lib/python3.10/site-packages/pycadf/identifier.py:71: UserWarning: Invalid uuid: unknown. To ensure interoperability, identifiers should be a valid uuid. warnings.warn(('Invalid uuid: %s. To ensure interoperability, '
2026-06-25 23:04:21.063 10 INFO neutron.wsgi [None req-8534b51d-1fce-429f-bdd8-fdd7cdf82ad1 eb385586f3e7424ca61f8366f483a2e1 5e6f572533a8440b9f7d5c9b69bf8a4b - - default default] 199.19.213.169,10.0.0.37 "GET /v2.0/ports HTTP/1.1" status: 200 len: 3463 time: 0.0735266 /var/lib/openstack/lib/python3.10/site-packages/pycadf/identifier.py:71: UserWarning: Invalid uuid: unknown. To ensure interoperability, identifiers should be a valid uuid. warnings.warn(('Invalid uuid: %s. To ensure interoperability, '
2026-06-25 23:04:22.167 9 INFO neutron.wsgi [None req-f227504f-3a21-45e9-a506-681755338070 eb385586f3e7424ca61f8366f483a2e1 5e6f572533a8440b9f7d5c9b69bf8a4b - - default default] 199.19.213.169,10.0.0.37 "GET /v2.0/security-groups?tenant_id=5e6f572533a8440b9f7d5c9b69bf8a4b HTTP/1.1" status: 200 len: 7421 time: 0.1004996
2026-06-25 23:04:22.298 9 INFO neutron.db.ovn_revision_numbers_db [None req-82a7f4c9-69a3-4d64-9a07-dc3e78098d4f eb385586f3e7424ca61f8366f483a2e1 5e6f572533a8440b9f7d5c9b69bf8a4b - - - -] Successfully bumped revision number for resource 2d924afd-6b22-4806-b5d7-69966aae5a59 (type: security_groups) to 1
2026-06-25 23:04:22.329 9 INFO neutron.wsgi [None req-82a7f4c9-69a3-4d64-9a07-dc3e78098d4f eb385586f3e7424ca61f8366f483a2e1 5e6f572533a8440b9f7d5c9b69bf8a4b - - - -] 199.19.213.169,10.0.0.37 "POST /v2.0/security-groups HTTP/1.1" status: 201 len: 1727 time: 0.1522441
2026-06-25 23:04:23.304 10 INFO neutron.wsgi [None req-9c6cc335-596b-4abb-94b0-ce39ac12f0f5 eb385586f3e7424ca61f8366f483a2e1 5e6f572533a8440b9f7d5c9b69bf8a4b - - default default] 199.19.213.169,10.0.0.37 "GET /v2.0/security-groups?tenant_id=5e6f572533a8440b9f7d5c9b69bf8a4b HTTP/1.1" status: 200 len: 8949 time: 0.1028643
2026-06-25 23:04:23.363 10 INFO neutron.wsgi [None req-735f14e4-1b00-46f5-8ecc-13cd9cb366a4 eb385586f3e7424ca61f8366f483a2e1 5e6f572533a8440b9f7d5c9b69bf8a4b - - default default] 199.19.213.169,10.0.0.37 "GET /v2.0/security-groups HTTP/1.1" status: 200 len: 8949 time: 0.0498834
2026-06-25 23:04:23.486 10 INFO neutron.db.ovn_revision_numbers_db [None req-cd0d14a7-8799-432b-a8b5-cdf0731447f2 eb385586f3e7424ca61f8366f483a2e1 5e6f572533a8440b9f7d5c9b69bf8a4b - - - -] Successfully bumped revision number for resource 18ee4460-a6d4-4077-8c1d-cb09a1901dd2 (type: security_group_rules) to 0
2026-06-25 23:04:23.524 10 INFO neutron.wsgi [None req-cd0d14a7-8799-432b-a8b5-cdf0731447f2 eb385586f3e7424ca61f8366f483a2e1 5e6f572533a8440b9f7d5c9b69bf8a4b - - - -] 199.19.213.169,10.0.0.37 "POST /v2.0/security-group-rules HTTP/1.1" status: 201 len: 771 time: 0.1505065
2026-06-25 23:04:24.393 9 INFO neutron.wsgi [None req-0eed53bd-0446-42b4-acc6-2d85ab255a19 eb385586f3e7424ca61f8366f483a2e1 5e6f572533a8440b9f7d5c9b69bf8a4b - - default default] 199.19.213.169,10.0.0.37 "GET /v2.0/security-groups?tenant_id=5e6f572533a8440b9f7d5c9b69bf8a4b HTTP/1.1" status: 200 len: 9553 time: 0.0890260
2026-06-25 23:04:24.437 9 INFO neutron.wsgi [None req-054215e9-fb91-406d-8864-5725b2fdaef7 eb385586f3e7424ca61f8366f483a2e1 5e6f572533a8440b9f7d5c9b69bf8a4b - - default default] 199.19.213.169,10.0.0.37 "GET /v2.0/security-groups HTTP/1.1" status: 200 len: 9553 time: 0.0371637
2026-06-25 23:04:24.569 9 INFO neutron.db.ovn_revision_numbers_db [None req-95132b7f-2241-4977-bb8f-6bcfb13bccc9 eb385586f3e7424ca61f8366f483a2e1 5e6f572533a8440b9f7d5c9b69bf8a4b - - - -] Successfully bumped revision number for resource 2382d930-d0cb-47e2-80b8-cc898091ac1b (type: security_group_rules) to 0
2026-06-25 23:04:24.593 9 INFO neutron.wsgi [None req-95132b7f-2241-4977-bb8f-6bcfb13bccc9 eb385586f3e7424ca61f8366f483a2e1 5e6f572533a8440b9f7d5c9b69bf8a4b - - - -] 199.19.213.169,10.0.0.37 "POST /v2.0/security-group-rules HTTP/1.1" status: 201 len: 775 time: 0.1445518
2026-06-25 23:04:32.933 9 INFO neutron.wsgi [-] 10.0.0.37 "GET / HTTP/1.1" status: 200 len: 247 time: 0.0024321
2026-06-25 23:04:32.936 9 INFO neutron.wsgi [-] 10.0.0.37 "GET / HTTP/1.1" status: 200 len: 247 time: 0.0022314
2026-06-25 23:04:47.934 10 INFO neutron.wsgi [-] 10.0.0.37 "GET / HTTP/1.1" status: 200 len: 247 time: 0.0034163
2026-06-25 23:04:47.935 9 INFO neutron.wsgi [-] 10.0.0.37 "GET / HTTP/1.1" status: 200 len: 247 time: 0.0047688
2026-06-25 23:05:02.933 9 INFO neutron.wsgi [-] 10.0.0.37 "GET / HTTP/1.1" status: 200 len: 247 time: 0.0027597
2026-06-25 23:05:02.937 9 INFO neutron.wsgi [-] 10.0.0.37 "GET / HTTP/1.1" status: 200 len: 247 time: 0.0021658
2026-06-25 23:05:17.932 9 INFO neutron.wsgi [-] 10.0.0.37 "GET / HTTP/1.1" status: 200 len: 247 time: 0.0021129
2026-06-25 23:05:17.933 9 INFO neutron.wsgi [-] 10.0.0.37 "GET / HTTP/1.1" status: 200 len: 247 time: 0.0009079
2026-06-25 23:05:29.242 10 INFO neutron.wsgi [None req-439faab2-720e-49c4-9e2c-67ddf62904e4 eb385586f3e7424ca61f8366f483a2e1 5e6f572533a8440b9f7d5c9b69bf8a4b - - default default] 199.19.213.169,10.0.0.37 "GET /v2.0/quotas/5e6f572533a8440b9f7d5c9b69bf8a4b HTTP/1.1" status: 200 len: 362 time: 0.0177820 /var/lib/openstack/lib/python3.10/site-packages/neutron/extensions/quotasv2.py:140: UserWarning: Neutron quota engine will require "--force" parameter to set a quota limit without checking the resource usage. warnings.warn('Neutron quota engine will require "--force" '
2026-06-25 23:05:29.616 10 INFO neutron.wsgi [None req-9b8c5b90-a760-42bf-a23d-8691fd5d954d eb385586f3e7424ca61f8366f483a2e1 5e6f572533a8440b9f7d5c9b69bf8a4b - - default default] 199.19.213.169,10.0.0.37 "PUT /v2.0/quotas/5e6f572533a8440b9f7d5c9b69bf8a4b HTTP/1.1" status: 200 len: 361 time: 0.0346415
2026-06-25 23:05:29.915 10 INFO neutron.wsgi [None req-04b03d75-59b6-4a3f-9907-b637b78e6955 eb385586f3e7424ca61f8366f483a2e1 5e6f572533a8440b9f7d5c9b69bf8a4b - - default default] 199.19.213.169,10.0.0.37 "GET /v2.0/quotas/5e6f572533a8440b9f7d5c9b69bf8a4b HTTP/1.1" status: 200 len: 361 time: 0.0130966
2026-06-25 23:05:32.933 9 INFO neutron.wsgi [-] 10.0.0.37 "GET / HTTP/1.1" status: 200 len: 247 time: 0.0026906
2026-06-25 23:05:32.936 9 INFO neutron.wsgi [-] 10.0.0.37 "GET / HTTP/1.1" status: 200 len: 247 time: 0.0019803
2026-06-25 23:05:47.933 9 INFO neutron.wsgi [-] 10.0.0.37 "GET / HTTP/1.1" status: 200 len: 247 time: 0.0026219
2026-06-25 23:05:47.933 10 INFO neutron.wsgi [-] 10.0.0.37 "GET / HTTP/1.1" status: 200 len: 247 time: 0.0034475
2026-06-25 23:06:02.935 10 INFO neutron.wsgi [-] 10.0.0.37 "GET / HTTP/1.1" status: 200 len: 247 time: 0.0051517
2026-06-25 23:06:02.936 9 INFO neutron.wsgi [-] 10.0.0.37 "GET / HTTP/1.1" status: 200 len: 247 time: 0.0053074
2026-06-25 23:06:17.933 10 INFO neutron.wsgi [-] 10.0.0.37 "GET / HTTP/1.1" status: 200 len: 247 time: 0.0030100
2026-06-25 23:06:17.935 9 INFO neutron.wsgi [-] 10.0.0.37 "GET / HTTP/1.1" status: 200 len: 247 time: 0.0039799
2026-06-25 23:06:32.931 10 INFO neutron.wsgi [-] 10.0.0.37 "GET / HTTP/1.1" status: 200 len: 247 time: 0.0016646
2026-06-25 23:06:32.933 9 INFO neutron.wsgi [-] 10.0.0.37 "GET / HTTP/1.1" status: 200 len: 247 time: 0.0031421
2026-06-25 23:06:47.932 9 INFO neutron.wsgi [-] 10.0.0.37 "GET / HTTP/1.1" status: 200 len: 247 time: 0.0016978
2026-06-25 23:06:47.933 10 INFO neutron.wsgi [-] 10.0.0.37 "GET / HTTP/1.1" status: 200 len: 247 time: 0.0027323
2026-06-25 23:07:00.896 15 INFO neutron.db.ovn_revision_numbers_db [None req-e0ae1a8e-0d17-44bf-a099-d740348fc88d - - - - - -] Successfully bumped revision number for resource df414cfd-5435-4016-9e81-0c20824a1a62 (type: networks) to 2
2026-06-25 23:07:00.941 15 INFO neutron.db.ovn_revision_numbers_db [None req-e0ae1a8e-0d17-44bf-a099-d740348fc88d - - - - - -] Successfully bumped revision number for resource 084381b5-8151-4eb9-930b-b6810ace1347 (type: security_groups) to 6
2026-06-25 23:07:00.971 15 INFO neutron.db.ovn_revision_numbers_db [None req-e0ae1a8e-0d17-44bf-a099-d740348fc88d - - - - - -] Successfully bumped revision number for resource 2d924afd-6b22-4806-b5d7-69966aae5a59 (type: security_groups) to 3
2026-06-25 23:07:01.144 15 INFO neutron.db.ovn_revision_numbers_db [None req-e0ae1a8e-0d17-44bf-a099-d740348fc88d - - - - - -] Successfully bumped revision number for resource 2674988c-3104-4a9c-97eb-bb47b51d7ef3 (type: ports) to 3
2026-06-25 23:07:01.145 15 INFO neutron.plugins.ml2.drivers.ovn.mech_driver.ovsdb.maintenance [None req-e0ae1a8e-0d17-44bf-a099-d740348fc88d - - - - - -] Maintenance task: Synchronization finished (took 0.35 seconds)
2026-06-25 23:07:02.933 10 INFO neutron.wsgi [-] 10.0.0.37 "GET / HTTP/1.1" status: 200 len: 247 time: 0.0026481
2026-06-25 23:07:02.936 10 INFO neutron.wsgi [-] 10.0.0.37 "GET / HTTP/1.1" status: 200 len: 247 time: 0.0016103
2026-06-25 23:07:17.932 9 INFO neutron.wsgi [-] 10.0.0.37 "GET / HTTP/1.1" status: 200 len: 247 time: 0.0026252
2026-06-25 23:07:17.938 10 INFO neutron.wsgi [-] 10.0.0.37 "GET / HTTP/1.1" status: 200 len: 247 time: 0.0028696 /var/lib/openstack/lib/python3.10/site-packages/pycadf/identifier.py:71: UserWarning: Invalid uuid: neutron. To ensure interoperability, identifiers should be a valid uuid. warnings.warn(('Invalid uuid: %s. To ensure interoperability, '
2026-06-25 23:07:31.321 9 INFO neutron.pecan_wsgi.hooks.translation [None req-bcd63804-2c8c-42f1-a524-24bb582b26ec eb385586f3e7424ca61f8366f483a2e1 5e6f572533a8440b9f7d5c9b69bf8a4b - - default default] GET failed (client error): The resource could not be found.
2026-06-25 23:07:31.323 9 INFO neutron.wsgi [None req-bcd63804-2c8c-42f1-a524-24bb582b26ec eb385586f3e7424ca61f8366f483a2e1 5e6f572533a8440b9f7d5c9b69bf8a4b - - default default] 199.19.213.169 "GET /v2.0/ports/octavia-health-manager-port-instance HTTP/1.1" status: 404 len: 338 time: 0.1407259
2026-06-25 23:07:31.369 9 INFO neutron.wsgi [None req-ff1d3d5a-447b-4555-8a32-621d39045609 eb385586f3e7424ca61f8366f483a2e1 5e6f572533a8440b9f7d5c9b69bf8a4b - - default default] 199.19.213.169 "GET /v2.0/ports?name=octavia-health-manager-port-instance HTTP/1.1" status: 200 len: 1373 time: 0.0401845
2026-06-25 23:07:32.933 10 INFO neutron.wsgi [-] 10.0.0.37 "GET / HTTP/1.1" status: 200 len: 247 time: 0.0026908
2026-06-25 23:07:32.936 10 INFO neutron.wsgi [-] 10.0.0.37 "GET / HTTP/1.1" status: 200 len: 247 time: 0.0020399
2026-06-25 23:07:33.214 9 INFO neutron.pecan_wsgi.hooks.translation [None req-ee777ea7-b6d7-4f16-a3f1-c8dc2924fe48 eb385586f3e7424ca61f8366f483a2e1 5e6f572533a8440b9f7d5c9b69bf8a4b - - default default] GET failed (client error): The resource could not be found.
2026-06-25 23:07:33.216 9 INFO neutron.wsgi [None req-ee777ea7-b6d7-4f16-a3f1-c8dc2924fe48 eb385586f3e7424ca61f8366f483a2e1 5e6f572533a8440b9f7d5c9b69bf8a4b - - default default] 199.19.213.169 "GET /v2.0/ports/octavia-health-manager-port-instance HTTP/1.1" status: 404 len: 338 time: 0.0518093
2026-06-25 23:07:33.254 9 INFO neutron.wsgi [None req-1bc91037-d8fc-4c1a-9899-f350ba5c3b87 eb385586f3e7424ca61f8366f483a2e1 5e6f572533a8440b9f7d5c9b69bf8a4b - - default default] 199.19.213.169 "GET /v2.0/ports?name=octavia-health-manager-port-instance HTTP/1.1" status: 200 len: 1373 time: 0.0327072
2026-06-25 23:07:34.286 9 INFO neutron.plugins.ml2.drivers.ovn.mech_driver.mech_driver [-] OVN reports status up for port: 2674988c-3104-4a9c-97eb-bb47b51d7ef3
2026-06-25 23:07:34.302 9 INFO neutron.plugins.ml2.plugin [None req-af23856a-b697-49de-96a5-efa60640ed41 - - - - - -] Attempt 1 to provision port 2674988c-3104-4a9c-97eb-bb47b51d7ef3
2026-06-25 23:07:34.718 9 INFO neutron.db.ovn_revision_numbers_db [None req-af23856a-b697-49de-96a5-efa60640ed41 - - - - - -] Successfully bumped revision number for resource 2674988c-3104-4a9c-97eb-bb47b51d7ef3 (type: ports) to 4
2026-06-25 23:07:47.933 10 INFO neutron.wsgi [-] 10.0.0.37 "GET / HTTP/1.1" status: 200 len: 247 time: 0.0026915
2026-06-25 23:07:47.935 9 INFO neutron.wsgi [-] 10.0.0.37 "GET / HTTP/1.1" status: 200 len: 247 time: 0.0039043
2026-06-25 23:08:02.933 9 INFO neutron.wsgi [-] 10.0.0.37 "GET / HTTP/1.1" status: 200 len: 247 time: 0.0022755
2026-06-25 23:08:02.936 9 INFO neutron.wsgi [-] 10.0.0.37 "GET / HTTP/1.1" status: 200 len: 247 time: 0.0023704
2026-06-25 23:08:17.933 10 INFO neutron.wsgi [-] 10.0.0.37 "GET / HTTP/1.1" status: 200 len: 247 time: 0.0021477
2026-06-25 23:08:17.934 9 INFO neutron.wsgi [-] 10.0.0.37 "GET / HTTP/1.1" status: 200 len: 247 time: 0.0030990
2026-06-25 23:08:32.934 10 INFO neutron.wsgi [-] 10.0.0.37 "GET / HTTP/1.1" status: 200 len: 247 time: 0.0036211
2026-06-25 23:08:32.937 10 INFO neutron.wsgi [-] 10.0.0.37 "GET / HTTP/1.1" status: 200 len: 247 time: 0.0013156
2026-06-25 23:08:47.933 10 INFO neutron.wsgi [-] 10.0.0.37 "GET / HTTP/1.1" status: 200 len: 247 time: 0.0023565
2026-06-25 23:08:47.936 9 INFO neutron.wsgi [-] 10.0.0.37 "GET / HTTP/1.1" status: 200 len: 247 time: 0.0056040
2026-06-25 23:09:02.933 9 INFO neutron.wsgi [-] 10.0.0.37 "GET / HTTP/1.1" status: 200 len: 247 time: 0.0024526
2026-06-25 23:09:02.935 9 INFO neutron.wsgi [-] 10.0.0.37 "GET / HTTP/1.1" status: 200 len: 247 time: 0.0014741
2026-06-25 23:09:17.933 10 INFO neutron.wsgi [-] 10.0.0.37 "GET / HTTP/1.1" status: 200 len: 247 time: 0.0021613
2026-06-25 23:09:17.933 9 INFO neutron.wsgi [-] 10.0.0.37 "GET / HTTP/1.1" status: 200 len: 247 time: 0.0023890
2026-06-25 23:09:32.932 10 INFO neutron.wsgi [-] 10.0.0.37 "GET / HTTP/1.1" status: 200 len: 247 time: 0.0023005
2026-06-25 23:09:32.934 9 INFO neutron.wsgi [-] 10.0.0.37 "GET / HTTP/1.1" status: 200 len: 247 time: 0.0026977
2026-06-25 23:09:47.933 10 INFO neutron.wsgi [-] 10.0.0.37 "GET / HTTP/1.1" status: 200 len: 247 time: 0.0024927
2026-06-25 23:09:47.934 9 INFO neutron.wsgi [-] 10.0.0.37 "GET / HTTP/1.1" status: 200 len: 247 time: 0.0029898
2026-06-25 23:10:02.932 10 INFO neutron.wsgi [-] 10.0.0.37 "GET / HTTP/1.1" status: 200 len: 247 time: 0.0022950
2026-06-25 23:10:02.934 10 INFO neutron.wsgi [-] 10.0.0.37 "GET / HTTP/1.1" status: 200 len: 247 time: 0.0009720
2026-06-25 23:10:17.934 10 INFO neutron.wsgi [-] 10.0.0.37 "GET / HTTP/1.1" status: 200 len: 247 time: 0.0030813
2026-06-25 23:10:17.934 9 INFO neutron.wsgi [-] 10.0.0.37 "GET / HTTP/1.1" status: 200 len: 247 time: 0.0028489
2026-06-25 23:10:32.932 10 INFO neutron.wsgi [-] 10.0.0.37 "GET / HTTP/1.1" status: 200 len: 247 time: 0.0020852
2026-06-25 23:10:32.933 9 INFO neutron.wsgi [-] 10.0.0.37 "GET / HTTP/1.1" status: 200 len: 247 time: 0.0026541
2026-06-25 23:10:47.933 10 INFO neutron.wsgi [-] 10.0.0.37 "GET / HTTP/1.1" status: 200 len: 247 time: 0.0031424
2026-06-25 23:10:47.937 10 INFO neutron.wsgi [-] 10.0.0.37 "GET / HTTP/1.1" status: 200 len: 247 time: 0.0020862
2026-06-25 23:11:02.933 9 INFO neutron.wsgi [-] 10.0.0.37 "GET / HTTP/1.1" status: 200 len: 247 time: 0.0021281
2026-06-25 23:11:02.935 9 INFO neutron.wsgi [-] 10.0.0.37 "GET / HTTP/1.1" status: 200 len: 247 time: 0.0018024
2026-06-25 23:11:17.932 10 INFO neutron.wsgi [-] 10.0.0.37 "GET / HTTP/1.1" status: 200 len: 247 time: 0.0024624
2026-06-25 23:11:17.935 10 INFO neutron.wsgi [-] 10.0.0.37 "GET / HTTP/1.1" status: 200 len: 247 time: 0.0011439
2026-06-25 23:11:32.932 9 INFO neutron.wsgi [-] 10.0.0.37 "GET / HTTP/1.1" status: 200 len: 247 time: 0.0021944
2026-06-25 23:11:32.934 9 INFO neutron.wsgi [-] 10.0.0.37 "GET / HTTP/1.1" status: 200 len: 247 time: 0.0010781
2026-06-25 23:11:47.932 10 INFO neutron.wsgi [-] 10.0.0.37 "GET / HTTP/1.1" status: 200 len: 247 time: 0.0018466
2026-06-25 23:11:47.933 9 INFO neutron.wsgi [-] 10.0.0.37 "GET / HTTP/1.1" status: 200 len: 247 time: 0.0027637
2026-06-25 23:12:02.937 9 INFO neutron.wsgi [-] 10.0.0.37 "GET / HTTP/1.1" status: 200 len: 247 time: 0.0018032
2026-06-25 23:12:02.940 9 INFO neutron.wsgi [-] 10.0.0.37 "GET / HTTP/1.1" status: 200 len: 247 time: 0.0017655
2026-06-25 23:12:17.931 9 INFO neutron.wsgi [-] 10.0.0.37 "GET / HTTP/1.1" status: 200 len: 247 time: 0.0017023
2026-06-25 23:12:17.933 10 INFO neutron.wsgi [-] 10.0.0.37 "GET / HTTP/1.1" status: 200 len: 247 time: 0.0029459
2026-06-25 23:12:32.933 9 INFO neutron.wsgi [-] 10.0.0.37 "GET / HTTP/1.1" status: 200 len: 247 time: 0.0025616
2026-06-25 23:12:32.934 10 INFO neutron.wsgi [-] 10.0.0.37 "GET / HTTP/1.1" status: 200 len: 247 time: 0.0032933
2026-06-25 23:12:47.933 10 INFO neutron.wsgi [-] 10.0.0.37 "GET / HTTP/1.1" status: 200 len: 247 time: 0.0027518
2026-06-25 23:12:47.934 9 INFO neutron.wsgi [-] 10.0.0.37 "GET / HTTP/1.1" status: 200 len: 247 time: 0.0036600
2026-06-25 23:13:02.933 10 INFO neutron.wsgi [-] 10.0.0.37 "GET / HTTP/1.1" status: 200 len: 247 time: 0.0025184
2026-06-25 23:13:02.934 9 INFO neutron.wsgi [-] 10.0.0.37 "GET / HTTP/1.1" status: 200 len: 247 time: 0.0032156
2026-06-25 23:13:17.742 10 INFO neutron.db.ovn_revision_numbers_db [None req-c9294e9f-be98-4506-8922-572968ba59d2 eb385586f3e7424ca61f8366f483a2e1 5e6f572533a8440b9f7d5c9b69bf8a4b - - default default] Successfully bumped revision number for resource 842c6d68-0b7b-481a-b867-b21b690445ed (type: security_groups) to 1
2026-06-25 23:13:17.762 10 INFO neutron.wsgi [None req-c9294e9f-be98-4506-8922-572968ba59d2 eb385586f3e7424ca61f8366f483a2e1 5e6f572533a8440b9f7d5c9b69bf8a4b - - default default] 199.19.213.169,10.0.0.37 "GET /v2.0/security-groups?tenant_id=6f1c8f48b77349a8adaa6d1ed7cf1c6e HTTP/1.1" status: 200 len: 2973 time: 0.3013113
2026-06-25 23:13:17.866 10 INFO neutron.db.ovn_revision_numbers_db [None req-9d60a0c2-5559-40d6-a53a-a11d519e547e eb385586f3e7424ca61f8366f483a2e1 5e6f572533a8440b9f7d5c9b69bf8a4b - - - -] Successfully bumped revision number for resource 7685c779-f1a2-4c0b-a9bb-42d6c6b99b36 (type: security_groups) to 1
2026-06-25 23:13:17.890 10 INFO neutron.wsgi [None req-9d60a0c2-5559-40d6-a53a-a11d519e547e eb385586f3e7424ca61f8366f483a2e1 5e6f572533a8440b9f7d5c9b69bf8a4b - - - -] 199.19.213.169,10.0.0.37 "POST /v2.0/security-groups HTTP/1.1" status: 201 len: 1741 time: 0.1207185
2026-06-25 23:13:17.932 10 INFO neutron.wsgi [-] 10.0.0.37 "GET / HTTP/1.1" status: 200 len: 247 time: 0.0021064
2026-06-25 23:13:17.934 10 INFO neutron.wsgi [-] 10.0.0.37 "GET / HTTP/1.1" status: 200 len: 247 time: 0.0015099
2026-06-25 23:13:18.855 10 INFO neutron.wsgi [None req-161ca081-6742-48ed-a690-44cf304b47d3 eb385586f3e7424ca61f8366f483a2e1 5e6f572533a8440b9f7d5c9b69bf8a4b - - default default] 199.19.213.169,10.0.0.37 "GET /v2.0/security-groups?tenant_id=6f1c8f48b77349a8adaa6d1ed7cf1c6e HTTP/1.1" status: 200 len: 4515 time: 0.0822802
2026-06-25 23:13:18.927 10 INFO neutron.wsgi [None req-309c39ae-8cc2-445f-92ed-ffb624e544d2 eb385586f3e7424ca61f8366f483a2e1 5e6f572533a8440b9f7d5c9b69bf8a4b - - default default] 199.19.213.169,10.0.0.37 "GET /v2.0/security-groups HTTP/1.1" status: 200 len: 14480 time: 0.0607455
2026-06-25 23:13:19.042 10 INFO neutron.db.ovn_revision_numbers_db [None req-812bb25d-e5ad-4da0-948b-ea451bbeadb9 eb385586f3e7424ca61f8366f483a2e1 5e6f572533a8440b9f7d5c9b69bf8a4b - - - -] Successfully bumped revision number for resource eb0aa14d-2da6-4b2c-a85d-5eedaaff2de1 (type: security_group_rules) to 0
2026-06-25 23:13:19.065 10 INFO neutron.wsgi [None req-812bb25d-e5ad-4da0-948b-ea451bbeadb9 eb385586f3e7424ca61f8366f483a2e1 5e6f572533a8440b9f7d5c9b69bf8a4b - - - -] 199.19.213.169,10.0.0.37 "POST /v2.0/security-group-rules HTTP/1.1" status: 201 len: 745 time: 0.1246986
2026-06-25 23:13:19.989 10 INFO neutron.wsgi [None req-0e22b4cd-240f-4fb3-a1f6-bf40e6fa9f37 eb385586f3e7424ca61f8366f483a2e1 5e6f572533a8440b9f7d5c9b69bf8a4b - - default default] 199.19.213.169,10.0.0.37 "GET /v2.0/security-groups?tenant_id=6f1c8f48b77349a8adaa6d1ed7cf1c6e HTTP/1.1" status: 200 len: 5093 time: 0.0828919
2026-06-25 23:13:20.062 10 INFO neutron.wsgi [None req-f78b8f98-0a27-49bb-8d55-ebd10981d565 eb385586f3e7424ca61f8366f483a2e1 5e6f572533a8440b9f7d5c9b69bf8a4b - - default default] 199.19.213.169,10.0.0.37 "GET /v2.0/security-groups HTTP/1.1" status: 200 len: 15058 time: 0.0652673
2026-06-25 23:13:20.172 10 INFO neutron.db.ovn_revision_numbers_db [None req-4611ce32-82ab-4ab9-af0d-04c7a0ee5638 eb385586f3e7424ca61f8366f483a2e1 5e6f572533a8440b9f7d5c9b69bf8a4b - - - -] Successfully bumped revision number for resource d673d4c7-d263-41e8-92ad-76d16896f3a0 (type: security_group_rules) to 0
2026-06-25 23:13:20.195 10 INFO neutron.wsgi [None req-4611ce32-82ab-4ab9-af0d-04c7a0ee5638 eb385586f3e7424ca61f8366f483a2e1 5e6f572533a8440b9f7d5c9b69bf8a4b - - - -] 199.19.213.169,10.0.0.37 "POST /v2.0/security-group-rules HTTP/1.1" status: 201 len: 747 time: 0.1197388
2026-06-25 23:13:21.094 10 INFO neutron.wsgi [None req-ee647ea4-5aca-43ba-beb2-54002f63f150 eb385586f3e7424ca61f8366f483a2e1 5e6f572533a8440b9f7d5c9b69bf8a4b - - default default] 199.19.213.169,10.0.0.37 "GET /v2.0/security-groups?tenant_id=6f1c8f48b77349a8adaa6d1ed7cf1c6e HTTP/1.1" status: 200 len: 5673 time: 0.0825932
2026-06-25 23:13:21.165 10 INFO neutron.wsgi [None req-d570656b-f5ac-4f8b-8865-30a9b487ed77 eb385586f3e7424ca61f8366f483a2e1 5e6f572533a8440b9f7d5c9b69bf8a4b - - default default] 199.19.213.169,10.0.0.37 "GET /v2.0/security-groups HTTP/1.1" status: 200 len: 15638 time: 0.0626819
2026-06-25 23:13:21.282 10 INFO neutron.db.ovn_revision_numbers_db [None req-2ea844b2-f113-4f34-94c6-7f1e20bf03d2 eb385586f3e7424ca61f8366f483a2e1 5e6f572533a8440b9f7d5c9b69bf8a4b - - - -] Successfully bumped revision number for resource ac0afaaa-69c5-4752-a389-830802146a20 (type: security_group_rules) to 0
2026-06-25 23:13:21.330 10 INFO neutron.wsgi [None req-2ea844b2-f113-4f34-94c6-7f1e20bf03d2 eb385586f3e7424ca61f8366f483a2e1 5e6f572533a8440b9f7d5c9b69bf8a4b - - - -] 199.19.213.169,10.0.0.37 "POST /v2.0/security-group-rules HTTP/1.1" status: 201 len: 749 time: 0.1528995
2026-06-25 23:13:22.332 10 INFO neutron.wsgi [None req-c918b058-d374-4cba-88d3-0d51eed6b594 eb385586f3e7424ca61f8366f483a2e1 5e6f572533a8440b9f7d5c9b69bf8a4b - - default default] 199.19.213.169,10.0.0.37 "GET /v2.0/security-groups?tenant_id=6f1c8f48b77349a8adaa6d1ed7cf1c6e HTTP/1.1" status: 200 len: 6255 time: 0.0998278
2026-06-25 23:13:22.405 10 INFO neutron.wsgi [None req-ee15fab7-a74d-4be5-b6a7-ec9e5a0d3920 eb385586f3e7424ca61f8366f483a2e1 5e6f572533a8440b9f7d5c9b69bf8a4b - - default default] 199.19.213.169,10.0.0.37 "GET /v2.0/security-groups HTTP/1.1" status: 200 len: 16220 time: 0.0642371
2026-06-25 23:13:22.536 10 INFO neutron.db.ovn_revision_numbers_db [None req-62fd9999-e792-4ded-b618-392147743ee5 eb385586f3e7424ca61f8366f483a2e1 5e6f572533a8440b9f7d5c9b69bf8a4b - - - -] Successfully bumped revision number for resource 1ac717c1-7680-4b06-b5b3-9c4e88bbbce9 (type: security_group_rules) to 0
2026-06-25 23:13:22.561 10 INFO neutron.wsgi [None req-62fd9999-e792-4ded-b618-392147743ee5 eb385586f3e7424ca61f8366f483a2e1 5e6f572533a8440b9f7d5c9b69bf8a4b - - - -] 199.19.213.169,10.0.0.37 "POST /v2.0/security-group-rules HTTP/1.1" status: 201 len: 750 time: 0.1486616
2026-06-25 23:13:32.932 10 INFO neutron.wsgi [-] 10.0.0.37 "GET / HTTP/1.1" status: 200 len: 247 time: 0.0024381
2026-06-25 23:13:32.933 9 INFO neutron.wsgi [-] 10.0.0.37 "GET / HTTP/1.1" status: 200 len: 247 time: 0.0026324
2026-06-25 23:13:47.936 9 INFO neutron.wsgi [-] 10.0.0.37 "GET / HTTP/1.1" status: 200 len: 247 time: 0.0048087
2026-06-25 23:13:47.939 9 INFO neutron.wsgi [-] 10.0.0.37 "GET / HTTP/1.1" status: 200 len: 247 time: 0.0026782
2026-06-25 23:14:02.933 10 INFO neutron.wsgi [-] 10.0.0.37 "GET / HTTP/1.1" status: 200 len: 247 time: 0.0025275
2026-06-25 23:14:02.936 9 INFO neutron.wsgi [-] 10.0.0.37 "GET / HTTP/1.1" status: 200 len: 247 time: 0.0050182
2026-06-25 23:14:17.932 9 INFO neutron.wsgi [-] 10.0.0.37 "GET / HTTP/1.1" status: 200 len: 247 time: 0.0014558
2026-06-25 23:14:17.933 9 INFO neutron.wsgi [-] 10.0.0.37 "GET / HTTP/1.1" status: 200 len: 247 time: 0.0009038
2026-06-25 23:14:32.932 9 INFO neutron.wsgi [-] 10.0.0.37 "GET / HTTP/1.1" status: 200 len: 247 time: 0.0016701
2026-06-25 23:14:32.933 10 INFO neutron.wsgi [-] 10.0.0.37 "GET / HTTP/1.1" status: 200 len: 247 time: 0.0023723
2026-06-25 23:14:47.934 10 INFO neutron.wsgi [-] 10.0.0.37 "GET / HTTP/1.1" status: 200 len: 247 time: 0.0023382
2026-06-25 23:14:47.934 9 INFO neutron.wsgi [-] 10.0.0.37 "GET / HTTP/1.1" status: 200 len: 247 time: 0.0042694
2026-06-25 23:15:02.932 10 INFO neutron.wsgi [-] 10.0.0.37 "GET / HTTP/1.1" status: 200 len: 247 time: 0.0026393
2026-06-25 23:15:02.935 10 INFO neutron.wsgi [-] 10.0.0.37 "GET / HTTP/1.1" status: 200 len: 247 time: 0.0016110
2026-06-25 23:15:17.934 10 INFO neutron.wsgi [-] 10.0.0.37 "GET / HTTP/1.1" status: 200 len: 247 time: 0.0029683
2026-06-25 23:15:17.937 10 INFO neutron.wsgi [-] 10.0.0.37 "GET / HTTP/1.1" status: 200 len: 247 time: 0.0017362 /var/lib/openstack/lib/python3.10/site-packages/pycadf/identifier.py:71: UserWarning: Invalid uuid: neutron. To ensure interoperability, identifiers should be a valid uuid. warnings.warn(('Invalid uuid: %s. To ensure interoperability, '
2026-06-25 23:15:27.641 9 INFO neutron.wsgi [None req-5ab70c94-3c72-419e-b7d0-6a396d8e19f2 7eabcc37a94e473a8e09b3af56975345 6f1c8f48b77349a8adaa6d1ed7cf1c6e - - b086645a873745aabf57b5e0cf146ab9 b086645a873745aabf57b5e0cf146ab9] 199.19.213.169 "GET /v2.0/networks?tenant_id=6f1c8f48b77349a8adaa6d1ed7cf1c6e&shared=False HTTP/1.1" status: 200 len: 213 time: 0.5126157
2026-06-25 23:15:27.730 9 INFO neutron.db.segments_db [None req-374e41ab-9599-4e7c-b06b-30cc2f09c1d1 7eabcc37a94e473a8e09b3af56975345 6f1c8f48b77349a8adaa6d1ed7cf1c6e - - - -] Added segment c6a1d6e8-2760-469d-a77c-fd38d524a7c1 of type geneve for network 270254c0-39cd-4c0b-9d95-3d54938d4b60
2026-06-25 23:15:27.872 9 INFO neutron.db.ovn_revision_numbers_db [None req-374e41ab-9599-4e7c-b06b-30cc2f09c1d1 7eabcc37a94e473a8e09b3af56975345 6f1c8f48b77349a8adaa6d1ed7cf1c6e - - - -] Successfully bumped revision number for resource 270254c0-39cd-4c0b-9d95-3d54938d4b60 (type: networks) to 1
2026-06-25 23:15:28.060 9 WARNING neutron.scheduler.dhcp_agent_scheduler [None req-374e41ab-9599-4e7c-b06b-30cc2f09c1d1 7eabcc37a94e473a8e09b3af56975345 6f1c8f48b77349a8adaa6d1ed7cf1c6e - - - -] No more DHCP agents
2026-06-25 23:15:28.063 9 WARNING neutron.api.rpc.agentnotifiers.dhcp_rpc_agent_api [None req-374e41ab-9599-4e7c-b06b-30cc2f09c1d1 7eabcc37a94e473a8e09b3af56975345 6f1c8f48b77349a8adaa6d1ed7cf1c6e - - - -] Unable to schedule network 270254c0-39cd-4c0b-9d95-3d54938d4b60: no agents available; will retry on subsequent port and subnet creation events.
2026-06-25 23:15:28.167 9 INFO neutron.db.ovn_revision_numbers_db [None req-374e41ab-9599-4e7c-b06b-30cc2f09c1d1 7eabcc37a94e473a8e09b3af56975345 6f1c8f48b77349a8adaa6d1ed7cf1c6e - - - -] Successfully bumped revision number for resource a327030a-3901-4ce6-bfe0-1ce936a6c429 (type: ports) to 1
2026-06-25 23:15:28.192 9 INFO neutron.wsgi [None req-374e41ab-9599-4e7c-b06b-30cc2f09c1d1 7eabcc37a94e473a8e09b3af56975345 6f1c8f48b77349a8adaa6d1ed7cf1c6e - - - -] 199.19.213.169 "POST /v2.0/networks HTTP/1.1" status: 201 len: 925 time: 0.5427175
2026-06-25 23:15:28.241 9 INFO neutron.wsgi [None req-8dd68c53-f8b7-4ea3-bb62-621fd9413971 7eabcc37a94e473a8e09b3af56975345 6f1c8f48b77349a8adaa6d1ed7cf1c6e - - b086645a873745aabf57b5e0cf146ab9 b086645a873745aabf57b5e0cf146ab9] 199.19.213.169 "GET /v2.0/ports?device_id=manila-share&binding%3Ahost_id=instance HTTP/1.1" status: 200 len: 210 time: 0.0381675
2026-06-25 23:15:28.255 9 INFO neutron.wsgi [None req-46a79d90-f505-4a4a-8b01-d6acba2f7680 7eabcc37a94e473a8e09b3af56975345 6f1c8f48b77349a8adaa6d1ed7cf1c6e - - b086645a873745aabf57b5e0cf146ab9 b086645a873745aabf57b5e0cf146ab9] 199.19.213.169 "GET /v2.0/extensions HTTP/1.1" status: 200 len: 16525 time: 0.0059154
2026-06-25 23:15:28.499 9 WARNING neutron.scheduler.dhcp_agent_scheduler [None req-4c6b447e-1000-49ae-9454-41e3da080d75 7eabcc37a94e473a8e09b3af56975345 6f1c8f48b77349a8adaa6d1ed7cf1c6e - - - -] No more DHCP agents
2026-06-25 23:15:28.501 9 WARNING neutron.api.rpc.agentnotifiers.dhcp_rpc_agent_api [None req-4c6b447e-1000-49ae-9454-41e3da080d75 7eabcc37a94e473a8e09b3af56975345 6f1c8f48b77349a8adaa6d1ed7cf1c6e - - - -] Unable to schedule network 270254c0-39cd-4c0b-9d95-3d54938d4b60: no agents available; will retry on subsequent port and subnet creation events.
2026-06-25 23:15:28.561 9 INFO neutron.db.ovn_revision_numbers_db [None req-4c6b447e-1000-49ae-9454-41e3da080d75 7eabcc37a94e473a8e09b3af56975345 6f1c8f48b77349a8adaa6d1ed7cf1c6e - - - -] Successfully bumped revision number for resource 53fee571-51fc-498e-8808-42bfb053e148 (type: ports) to 1
2026-06-25 23:15:28.714 9 INFO neutron.db.ovn_revision_numbers_db [None req-4c6b447e-1000-49ae-9454-41e3da080d75 7eabcc37a94e473a8e09b3af56975345 6f1c8f48b77349a8adaa6d1ed7cf1c6e - - - -] Successfully bumped revision number for resource 53fee571-51fc-498e-8808-42bfb053e148 (type: ports) to 1
2026-06-25 23:15:28.735 9 INFO neutron.wsgi [None req-4c6b447e-1000-49ae-9454-41e3da080d75 7eabcc37a94e473a8e09b3af56975345 6f1c8f48b77349a8adaa6d1ed7cf1c6e - - - -] 199.19.213.169 "POST /v2.0/ports HTTP/1.1" status: 201 len: 1096 time: 0.4750350
2026-06-25 23:15:28.796 9 INFO neutron.wsgi [None req-f2873952-c98c-4a7a-8f17-69bea14f30e6 7eabcc37a94e473a8e09b3af56975345 6f1c8f48b77349a8adaa6d1ed7cf1c6e - - b086645a873745aabf57b5e0cf146ab9 b086645a873745aabf57b5e0cf146ab9] 199.19.213.169 "GET /v2.0/networks/270254c0-39cd-4c0b-9d95-3d54938d4b60 HTTP/1.1" status: 200 len: 907 time: 0.0516572
2026-06-25 23:15:29.631 10 INFO neutron.plugins.ml2.drivers.ovn.mech_driver.mech_driver [-] OVN reports status up for port: 53fee571-51fc-498e-8808-42bfb053e148
2026-06-25 23:15:29.646 10 INFO neutron.plugins.ml2.plugin [None req-56e06cab-88df-4a0c-9f6c-9609ea2afd09 - - - - - -] Attempt 1 to provision port 53fee571-51fc-498e-8808-42bfb053e148
2026-06-25 23:15:29.914 10 INFO neutron.db.ovn_revision_numbers_db [None req-56e06cab-88df-4a0c-9f6c-9609ea2afd09 - - - - - -] Successfully bumped revision number for resource 53fee571-51fc-498e-8808-42bfb053e148 (type: ports) to 3
2026-06-25 23:15:31.387 9 INFO neutron.wsgi [None req-c9293176-3955-4155-8373-d2ae4e1f9e1d 7eabcc37a94e473a8e09b3af56975345 6f1c8f48b77349a8adaa6d1ed7cf1c6e - - b086645a873745aabf57b5e0cf146ab9 b086645a873745aabf57b5e0cf146ab9] 199.19.213.169 "GET /v2.0/ports?device_id=manila-share&binding%3Ahost_id=instance HTTP/1.1" status: 200 len: 1124 time: 0.0527844
2026-06-25 23:15:31.439 9 INFO neutron.wsgi [None req-25cbe818-d988-4a68-87d2-f9dd91740a46 7eabcc37a94e473a8e09b3af56975345 6f1c8f48b77349a8adaa6d1ed7cf1c6e - - b086645a873745aabf57b5e0cf146ab9 b086645a873745aabf57b5e0cf146ab9] 199.19.213.169 "GET /v2.0/networks/270254c0-39cd-4c0b-9d95-3d54938d4b60 HTTP/1.1" status: 200 len: 907 time: 0.0437682
2026-06-25 23:15:32.933 10 INFO neutron.wsgi [-] 10.0.0.37 "GET / HTTP/1.1" status: 200 len: 247 time: 0.0025866
2026-06-25 23:15:32.934 9 INFO neutron.wsgi [-] 10.0.0.37 "GET / HTTP/1.1" status: 200 len: 247 time: 0.0032613
2026-06-25 23:15:45.156 10 INFO neutron.wsgi [None req-f033d174-7982-4ec2-8ab9-7a8ba7610554 eb385586f3e7424ca61f8366f483a2e1 5e6f572533a8440b9f7d5c9b69bf8a4b - - default default] 199.19.213.169,10.0.0.37 "GET /v2.0/quotas/6f1c8f48b77349a8adaa6d1ed7cf1c6e HTTP/1.1" status: 200 len: 362 time: 0.0213957
2026-06-25 23:15:45.575 10 INFO neutron.wsgi [None req-97191969-169e-4cf8-94af-ecf32bc3a0de eb385586f3e7424ca61f8366f483a2e1 5e6f572533a8440b9f7d5c9b69bf8a4b - - default default] 199.19.213.169,10.0.0.37 "PUT /v2.0/quotas/6f1c8f48b77349a8adaa6d1ed7cf1c6e HTTP/1.1" status: 200 len: 361 time: 0.0307701
