2026-06-25 23:32:39.999 10 INFO neutron.wsgi [req-dd5c0509-6067-47ce-a061-dd66ee7f4d7b req-deae2e40-c5fd-4368-80f2-997a6a7bd381 143c65c7298446e681cd119dc2c0a3b2 6f1c8f48b77349a8adaa6d1ed7cf1c6e - - b086645a873745aabf57b5e0cf146ab9 b086645a873745aabf57b5e0cf146ab9] 199.19.213.169 "GET /v2.0/networks/91fcb463-0faa-41e1-81d0-ba0164b0f4ad?fields=provider%3Aphysical_network&fields=provider%3Anetwork_type HTTP/1.1" status: 200 len: 277 time: 0.0610404
2026-06-25 23:32:40.062 10 INFO neutron.notifiers.nova [-] Nova event matching ['req-dc58f405-4c49-4fdd-b6cb-945199d4816a'] response: {'name': 'network-changed', 'server_uuid': '9f5b5dab-b80c-421a-ab12-73a61fef08de', 'tag': 'cd21e6d4-014d-46d9-aeb3-91b634c40a32', 'status': 'completed', 'code': 200}
2026-06-25 23:32:40.148 10 INFO neutron.wsgi [req-a5d7967b-4d20-4348-aa69-c5f5fbfd3dcd req-e2939bd5-c32a-4ae3-869c-5056c023ccee 143c65c7298446e681cd119dc2c0a3b2 6f1c8f48b77349a8adaa6d1ed7cf1c6e - - b086645a873745aabf57b5e0cf146ab9 b086645a873745aabf57b5e0cf146ab9] 199.19.213.169 "GET /v2.0/ports?tenant_id=38cd13e69ba44c059d22935d463d4c84&device_id=9f5b5dab-b80c-421a-ab12-73a61fef08de HTTP/1.1" status: 200 len: 1363 time: 0.0548739
2026-06-25 23:32:40.235 10 INFO neutron.wsgi [req-a5d7967b-4d20-4348-aa69-c5f5fbfd3dcd req-48b9cdf4-a501-42ef-9c13-80df04ca4d19 143c65c7298446e681cd119dc2c0a3b2 6f1c8f48b77349a8adaa6d1ed7cf1c6e - - b086645a873745aabf57b5e0cf146ab9 b086645a873745aabf57b5e0cf146ab9] 199.19.213.169 "GET /v2.0/networks?id=91fcb463-0faa-41e1-81d0-ba0164b0f4ad HTTP/1.1" status: 200 len: 981 time: 0.0679450
2026-06-25 23:32:40.275 10 INFO neutron.wsgi [req-a5d7967b-4d20-4348-aa69-c5f5fbfd3dcd req-ece35588-d099-428b-839c-0bb66b8d00ab 143c65c7298446e681cd119dc2c0a3b2 6f1c8f48b77349a8adaa6d1ed7cf1c6e - - b086645a873745aabf57b5e0cf146ab9 b086645a873745aabf57b5e0cf146ab9] 199.19.213.169 "GET /v2.0/floatingips?fixed_ip_address=10.100.0.12&port_id=cd21e6d4-014d-46d9-aeb3-91b634c40a32 HTTP/1.1" status: 200 len: 217 time: 0.0342519
2026-06-25 23:32:40.326 10 INFO neutron.wsgi [req-a5d7967b-4d20-4348-aa69-c5f5fbfd3dcd req-b14e7500-f2ca-4e62-b65a-97fc49e78e7e 143c65c7298446e681cd119dc2c0a3b2 6f1c8f48b77349a8adaa6d1ed7cf1c6e - - b086645a873745aabf57b5e0cf146ab9 b086645a873745aabf57b5e0cf146ab9] 199.19.213.169 "GET /v2.0/subnets?id=cc35d19e-f33d-4ab7-ba9e-3a526dac6e5d HTTP/1.1" status: 200 len: 876 time: 0.0391934
2026-06-25 23:32:40.368 10 INFO neutron.wsgi [req-a5d7967b-4d20-4348-aa69-c5f5fbfd3dcd req-b0c9fb8e-f0af-4dd5-983b-25e103691fea 143c65c7298446e681cd119dc2c0a3b2 6f1c8f48b77349a8adaa6d1ed7cf1c6e - - b086645a873745aabf57b5e0cf146ab9 b086645a873745aabf57b5e0cf146ab9] 199.19.213.169 "GET /v2.0/ports?network_id=91fcb463-0faa-41e1-81d0-ba0164b0f4ad&device_owner=network%3Adhcp HTTP/1.1" status: 200 len: 210 time: 0.0287621
2026-06-25 23:32:40.556 10 INFO neutron.wsgi [req-a5d7967b-4d20-4348-aa69-c5f5fbfd3dcd req-35d5db60-2866-4a7d-8961-097080de90e0 143c65c7298446e681cd119dc2c0a3b2 6f1c8f48b77349a8adaa6d1ed7cf1c6e - - b086645a873745aabf57b5e0cf146ab9 b086645a873745aabf57b5e0cf146ab9] 199.19.213.169 "GET /v2.0/networks/91fcb463-0faa-41e1-81d0-ba0164b0f4ad?fields=segments HTTP/1.1" status: 200 len: 212 time: 0.0832691
2026-06-25 23:32:40.629 10 INFO neutron.wsgi [req-76737ca9-7954-46e9-adf2-15c6c7d93b29 req-faf0384a-8bd4-455f-8b3e-274040a5fc2a dcba21c6d4df4a7d9f06b6c97fec1f40 38cd13e69ba44c059d22935d463d4c84 - - default default] 10.0.0.211 "GET /v2.0/ports?device_id=9f5b5dab-b80c-421a-ab12-73a61fef08de HTTP/1.1" status: 200 len: 1172 time: 0.1432359
2026-06-25 23:32:40.650 10 INFO neutron.wsgi [req-a5d7967b-4d20-4348-aa69-c5f5fbfd3dcd req-0db8980f-e792-48c2-879c-125e362ad769 143c65c7298446e681cd119dc2c0a3b2 6f1c8f48b77349a8adaa6d1ed7cf1c6e - - b086645a873745aabf57b5e0cf146ab9 b086645a873745aabf57b5e0cf146ab9] 199.19.213.169 "GET /v2.0/networks/91fcb463-0faa-41e1-81d0-ba0164b0f4ad?fields=provider%3Aphysical_network&fields=provider%3Anetwork_type HTTP/1.1" status: 200 len: 277 time: 0.0885656
2026-06-25 23:32:40.674 10 INFO neutron.wsgi [req-76737ca9-7954-46e9-adf2-15c6c7d93b29 req-9d25f930-708f-4758-bd2b-92e3c20ffcd5 dcba21c6d4df4a7d9f06b6c97fec1f40 38cd13e69ba44c059d22935d463d4c84 - - default default] 10.0.0.211 "GET /v2.0/security-groups?id=58b08e99-1346-4993-a214-4a820875389a&fields=id&fields=name HTTP/1.1" status: 200 len: 313 time: 0.0368371
2026-06-25 23:32:40.761 9 INFO neutron.wsgi [None req-7451644e-e14c-4b4f-b319-227bb933bb02 eb385586f3e7424ca61f8366f483a2e1 5e6f572533a8440b9f7d5c9b69bf8a4b - - - -] 10.0.0.23 "DELETE /v2.0/networks/64d2012f-24fc-4ea2-b2f6-5db3d54def40 HTTP/1.1" status: 204 len: 168 time: 0.9724128
2026-06-25 23:32:40.920 10 INFO neutron.wsgi [None req-58188577-c007-47e8-94bb-ae59c8ffc187 eb385586f3e7424ca61f8366f483a2e1 5e6f572533a8440b9f7d5c9b69bf8a4b - - default default] 10.0.0.23 "GET /v2.0/security-groups?tenant_id=0ffab1204bde4b23889760e4ccb09dce&name=default HTTP/1.1" status: 200 len: 2992 time: 0.0351510
2026-06-25 23:32:41.007 9 INFO neutron.services.segments.plugin [-] Segment 3423af3f-5857-4e79-bd5c-588528645bf2 resource provider aggregate not found
2026-06-25 23:32:41.057 9 INFO neutron.services.segments.plugin [-] Segment 3423af3f-5857-4e79-bd5c-588528645bf2 resource provider not found; error: Placement Client Error (4xx): {"errors": [{"status": 404, "title": "Not Found", "detail": "The resource could not be found.\n\n No resource provider with uuid 3423af3f-5857-4e79-bd5c-588528645bf2 found for delete ", "request_id": "req-04d21d11-62fb-47c4-9daa-17977f456a2e"}]}
2026-06-25 23:32:41.068 9 INFO neutron.wsgi [None req-3e3c9af8-599f-4ad0-b4fa-4e4476c93b95 eb385586f3e7424ca61f8366f483a2e1 5e6f572533a8440b9f7d5c9b69bf8a4b - - - -] 10.0.0.23 "PUT /v2.0/routers/9d70993f-a842-42f4-ae4d-371b9d5812fd/remove_router_interface HTTP/1.1" status: 200 len: 503 time: 2.1817303
2026-06-25 23:32:41.145 9 INFO neutron.services.segments.plugin [-] Segment 3423af3f-5857-4e79-bd5c-588528645bf2 resource provider aggregate not found
2026-06-25 23:32:41.176 9 INFO neutron.services.segments.plugin [-] Segment 3423af3f-5857-4e79-bd5c-588528645bf2 resource provider not found; error: Placement Client Error (4xx): {"errors": [{"status": 404, "title": "Not Found", "detail": "The resource could not be found.\n\n No resource provider with uuid 3423af3f-5857-4e79-bd5c-588528645bf2 found for delete ", "request_id": "req-b03944c6-68bf-4570-a616-598f116a58db"}]}
2026-06-25 23:32:41.230 10 INFO neutron.wsgi [None req-bc864354-a4a8-4523-99bb-bbd40f95a4ce eb385586f3e7424ca61f8366f483a2e1 5e6f572533a8440b9f7d5c9b69bf8a4b - - - -] 10.0.0.23 "DELETE /v2.0/security-groups/b38e3aa7-a647-4a2f-8a53-ecbaadd761a6 HTTP/1.1" status: 204 len: 168 time: 0.3003523 /var/lib/openstack/lib/python3.10/site-packages/pycadf/identifier.py:71: UserWarning: Invalid uuid: neutron. To ensure interoperability, identifiers should be a valid uuid. warnings.warn(('Invalid uuid: %s. To ensure interoperability, '
2026-06-25 23:32:41.382 9 INFO neutron.wsgi [req-68ec64cf-2c1d-477e-92f0-40e69fe30f77 req-15b405bb-4935-4671-8933-9969d11e0c2c 0134876e63df4d6d89960bb22d4a8a48 4e8bfc06c6304b95bdd83a85c6ce652b - - default default] 10.0.0.211 "GET /v2.0/security-groups?name=tempest-securitygroup--1083680821&fields=id&tenant_id=4e8bfc06c6304b95bdd83a85c6ce652b HTTP/1.1" status: 200 len: 267 time: 0.0578628
2026-06-25 23:32:41.515 9 INFO neutron.wsgi [req-68ec64cf-2c1d-477e-92f0-40e69fe30f77 req-11eae7d0-79ea-4277-8973-19ccac6b0cdf 0134876e63df4d6d89960bb22d4a8a48 4e8bfc06c6304b95bdd83a85c6ce652b - - default default] 10.0.0.211 "GET /v2.0/networks?id=c218f168-718d-4c45-96fd-54b0976a176c HTTP/1.1" status: 200 len: 879 time: 0.1245694
2026-06-25 23:32:41.547 9 INFO neutron.wsgi [req-68ec64cf-2c1d-477e-92f0-40e69fe30f77 req-4bb470f6-953d-4a4c-b695-00131cfe37ef 0134876e63df4d6d89960bb22d4a8a48 4e8bfc06c6304b95bdd83a85c6ce652b - - default default] 10.0.0.211 "GET /v2.0/quotas/4e8bfc06c6304b95bdd83a85c6ce652b HTTP/1.1" status: 200 len: 386 time: 0.0203197
2026-06-25 23:32:41.699 9 INFO neutron.wsgi [req-68ec64cf-2c1d-477e-92f0-40e69fe30f77 req-4f2f9b30-c2db-4d78-aa46-c977cd502859 0134876e63df4d6d89960bb22d4a8a48 4e8bfc06c6304b95bdd83a85c6ce652b - - default default] 10.0.0.211 "GET /v2.0/ports?tenant_id=4e8bfc06c6304b95bdd83a85c6ce652b&fields=id HTTP/1.1" status: 200 len: 302 time: 0.1432772
2026-06-25 23:32:41.838 10 INFO neutron.wsgi [req-0bca8219-f166-46b7-bcef-832fbeb523ef req-017dd7d3-0ab4-40af-80d3-55fba731e6df dcba21c6d4df4a7d9f06b6c97fec1f40 38cd13e69ba44c059d22935d463d4c84 - - default default] 10.0.0.211 "GET /v2.0/ports?device_id=9f5b5dab-b80c-421a-ab12-73a61fef08de HTTP/1.1" status: 200 len: 1172 time: 0.0571628
2026-06-25 23:32:41.905 10 INFO neutron.wsgi [req-0bca8219-f166-46b7-bcef-832fbeb523ef req-68be82b6-2b8e-4dc6-9505-603c3564dec9 dcba21c6d4df4a7d9f06b6c97fec1f40 38cd13e69ba44c059d22935d463d4c84 - - default default] 10.0.0.211 "GET /v2.0/security-groups?id=58b08e99-1346-4993-a214-4a820875389a&fields=id&fields=name HTTP/1.1" status: 200 len: 313 time: 0.0584185
2026-06-25 23:32:42.107 10 INFO neutron.wsgi [None req-87d881b2-477b-460e-8ae8-36fb95a4e963 eb385586f3e7424ca61f8366f483a2e1 5e6f572533a8440b9f7d5c9b69bf8a4b - - - -] 10.0.0.23 "DELETE /v2.0/routers/9d70993f-a842-42f4-ae4d-371b9d5812fd HTTP/1.1" status: 204 len: 168 time: 1.0244193
2026-06-25 23:32:42.156 9 INFO neutron.wsgi [req-68ec64cf-2c1d-477e-92f0-40e69fe30f77 req-501b6a9d-13a7-40f8-91ec-7f0b23da509d 143c65c7298446e681cd119dc2c0a3b2 6f1c8f48b77349a8adaa6d1ed7cf1c6e - - b086645a873745aabf57b5e0cf146ab9 b086645a873745aabf57b5e0cf146ab9] 10.0.0.211 "GET /v2.0/extensions HTTP/1.1" status: 200 len: 16525 time: 0.0558085
2026-06-25 23:32:42.290 9 INFO neutron.wsgi [req-68ec64cf-2c1d-477e-92f0-40e69fe30f77 req-a483e079-9480-4c94-a756-ada9f72fd73c 143c65c7298446e681cd119dc2c0a3b2 6f1c8f48b77349a8adaa6d1ed7cf1c6e - - b086645a873745aabf57b5e0cf146ab9 b086645a873745aabf57b5e0cf146ab9] 10.0.0.211 "GET /v2.0/networks/c218f168-718d-4c45-96fd-54b0976a176c?fields=segments HTTP/1.1" status: 200 len: 212 time: 0.1221721
2026-06-25 23:32:42.299 10 WARNING neutron.plugins.ml2.drivers.ovn.mech_driver.ovsdb.ovn_client [None req-56e06cab-88df-4a0c-9f6c-9609ea2afd09 - - - - - -] No port found with ID e12f9c0a-4d6c-48a6-8ec7-f321557c119b: RuntimeError: No port found with ID e12f9c0a-4d6c-48a6-8ec7-f321557c119b
2026-06-25 23:32:42.299 10 INFO neutron.plugins.ml2.drivers.ovn.mech_driver.mech_driver [None req-56e06cab-88df-4a0c-9f6c-9609ea2afd09 - - - - - -] OVN reports status up for port: 37eacd4b-2b40-4632-9336-65280a22595f
2026-06-25 23:32:42.307 10 INFO neutron.plugins.ml2.plugin [None req-56e06cab-88df-4a0c-9f6c-9609ea2afd09 - - - - - -] Attempt 1 to provision port 37eacd4b-2b40-4632-9336-65280a22595f
2026-06-25 23:32:42.391 9 INFO neutron.wsgi [None req-63f0d680-87c8-4635-b738-e5403e2906df eb385586f3e7424ca61f8366f483a2e1 5e6f572533a8440b9f7d5c9b69bf8a4b - - default default] 10.0.0.254 "GET /v2.0/security-groups HTTP/1.1" status: 200 len: 30612 time: 0.3307912
2026-06-25 23:32:42.415 9 INFO neutron.wsgi [req-68ec64cf-2c1d-477e-92f0-40e69fe30f77 req-fd33ce8b-88f9-4f4e-916a-98d29c95576f 143c65c7298446e681cd119dc2c0a3b2 6f1c8f48b77349a8adaa6d1ed7cf1c6e - - b086645a873745aabf57b5e0cf146ab9 b086645a873745aabf57b5e0cf146ab9] 10.0.0.211 "GET /v2.0/networks/c218f168-718d-4c45-96fd-54b0976a176c?fields=provider%3Aphysical_network&fields=provider%3Anetwork_type HTTP/1.1" status: 200 len: 277 time: 0.1116140
2026-06-25 23:32:42.443 9 INFO neutron.wsgi [None req-73863385-68a4-4c73-a1a8-257b9cd983f1 eb385586f3e7424ca61f8366f483a2e1 5e6f572533a8440b9f7d5c9b69bf8a4b - - default default] 10.0.0.254 "GET /v2.0/subnets HTTP/1.1" status: 200 len: 3420 time: 0.0379829
2026-06-25 23:32:42.455 9 INFO neutron.wsgi [None req-d26ff83a-abc3-42f5-b7c7-aaa64c21cb1a eb385586f3e7424ca61f8366f483a2e1 5e6f572533a8440b9f7d5c9b69bf8a4b - - default default] 10.0.0.254 "GET /v2.0/subnetpools HTTP/1.1" status: 200 len: 193 time: 0.0099609
2026-06-25 23:32:42.486 9 INFO neutron.wsgi [None req-ba6c22a8-d7bd-4837-b237-ff0e6a5608c0 eb385586f3e7424ca61f8366f483a2e1 5e6f572533a8440b9f7d5c9b69bf8a4b - - default default] 10.0.0.254 "GET /v2.0/floatingips HTTP/1.1" status: 200 len: 1269 time: 0.0298760
2026-06-25 23:32:42.504 9 INFO neutron.wsgi [None req-3853dc93-bbb1-45c1-9c7d-1b8cee621b1f eb385586f3e7424ca61f8366f483a2e1 5e6f572533a8440b9f7d5c9b69bf8a4b - - - -] 10.0.0.23 "DELETE /v2.0/subnets/3379cd6e-0653-4b27-b660-c954a0d8fb7e HTTP/1.1" status: 204 len: 168 time: 0.3904824
2026-06-25 23:32:42.539 9 INFO neutron.wsgi [None req-a7ffcfc4-1aa3-40a7-a83a-9e70acc9c4bd eb385586f3e7424ca61f8366f483a2e1 5e6f572533a8440b9f7d5c9b69bf8a4b - - default default] 10.0.0.254 "GET /v2.0/ports HTTP/1.1" status: 200 len: 15626 time: 0.0469565
2026-06-25 23:32:42.644 10 INFO neutron.db.ovn_revision_numbers_db [None req-56e06cab-88df-4a0c-9f6c-9609ea2afd09 - - - - - -] Successfully bumped revision number for resource 37eacd4b-2b40-4632-9336-65280a22595f (type: ports) to 3
2026-06-25 23:32:42.660 9 INFO neutron.wsgi [None req-aef4b6e4-eb98-46a3-86b0-3ac609b714ca eb385586f3e7424ca61f8366f483a2e1 5e6f572533a8440b9f7d5c9b69bf8a4b - - default default] 10.0.0.254 "GET /v2.0/routers HTTP/1.1" status: 200 len: 1548 time: 0.1135468
2026-06-25 23:32:42.673 9 INFO neutron.wsgi [None req-3d945d2d-cf90-45ad-a5c6-c2c71558f842 eb385586f3e7424ca61f8366f483a2e1 5e6f572533a8440b9f7d5c9b69bf8a4b - - default default] 10.0.0.254 "GET /v2.0/agents?binary=ovn-controller HTTP/1.1" status: 200 len: 591 time: 0.0117083
2026-06-25 23:32:42.688 9 INFO neutron.wsgi [None req-0d09fa54-4ac9-41f7-b9f8-3c09f8cf5ba3 eb385586f3e7424ca61f8366f483a2e1 5e6f572533a8440b9f7d5c9b69bf8a4b - - default default] 10.0.0.254 "GET /v2.0/agents HTTP/1.1" status: 200 len: 997 time: 0.0135438
2026-06-25 23:32:42.722 9 INFO neutron.wsgi [None req-fc535031-754b-4af2-bd9c-184baba1806a eb385586f3e7424ca61f8366f483a2e1 5e6f572533a8440b9f7d5c9b69bf8a4b - - default default] 10.0.0.254 "GET /v2.0/subnets HTTP/1.1" status: 200 len: 2762 time: 0.0323892
2026-06-25 23:32:42.772 10 INFO neutron.wsgi [req-dfe5cebd-233b-43a2-b447-e56083699c29 req-25715be2-c48e-4757-84d7-9fc421d84105 0134876e63df4d6d89960bb22d4a8a48 4e8bfc06c6304b95bdd83a85c6ce652b - - default default] 10.0.0.211 "GET /v2.0/ports?device_id=3d71f5df-bfdd-496b-b9e4-d07626a802d0 HTTP/1.1" status: 200 len: 210 time: 0.0353601
2026-06-25 23:32:42.789 9 INFO neutron.wsgi [None req-ba92ac87-a5cf-4776-91ce-d88ccc3a4d40 eb385586f3e7424ca61f8366f483a2e1 5e6f572533a8440b9f7d5c9b69bf8a4b - - default default] 10.0.0.254 "GET /v2.0/networks HTTP/1.1" status: 200 len: 4606 time: 0.0656018
2026-06-25 23:32:42.810 9 INFO neutron.wsgi [None req-a26428ec-c90d-413e-9c29-adae818c3b59 eb385586f3e7424ca61f8366f483a2e1 5e6f572533a8440b9f7d5c9b69bf8a4b - - default default] 10.0.0.254 "GET /v2.0/network-ip-availabilities HTTP/1.1" status: 200 len: 2543 time: 0.0142159
2026-06-25 23:32:42.823 10 INFO neutron.db.ovn_revision_numbers_db [None req-56e06cab-88df-4a0c-9f6c-9609ea2afd09 - - - - - -] Successfully bumped revision number for resource 37eacd4b-2b40-4632-9336-65280a22595f (type: router_ports) to 3
2026-06-25 23:32:43.110 10 INFO neutron.wsgi [None req-87aaa314-df60-4ff5-92ef-544c6c7e5c47 eb385586f3e7424ca61f8366f483a2e1 5e6f572533a8440b9f7d5c9b69bf8a4b - - - -] 10.0.0.23 "DELETE /v2.0/networks/0c36d105-d05b-44d5-b31f-a9330767ab37 HTTP/1.1" status: 204 len: 168 time: 0.5978634
2026-06-25 23:32:43.133 9 INFO neutron.wsgi [req-b2b70bce-4a41-4e20-868d-c0f474eee339 req-b41aa73b-8ec5-4318-9f8a-376e0999fc3f dcba21c6d4df4a7d9f06b6c97fec1f40 38cd13e69ba44c059d22935d463d4c84 - - default default] 10.0.0.211 "GET /v2.0/ports?device_id=9f5b5dab-b80c-421a-ab12-73a61fef08de HTTP/1.1" status: 200 len: 1172 time: 0.1301367
2026-06-25 23:32:43.385 10 INFO neutron.wsgi [None req-aa34e18a-0148-429e-ad21-400b0cf3083e eb385586f3e7424ca61f8366f483a2e1 5e6f572533a8440b9f7d5c9b69bf8a4b - - default default] 10.0.0.23 "GET /v2.0/security-groups?tenant_id=d6bf0b89694d4bec8677c1b4d2aa0ce3&name=default HTTP/1.1" status: 200 len: 2992 time: 0.0581024
2026-06-25 23:32:43.420 10 INFO neutron.db.ovn_revision_numbers_db [None req-a191d59d-88bb-4552-8107-ab1f1151e126 eb385586f3e7424ca61f8366f483a2e1 5e6f572533a8440b9f7d5c9b69bf8a4b - - - -] Successfully bumped revision number for resource 888fc9fb-1bb6-4fcd-80e8-e087dc550422 (type: security_groups) to 1
2026-06-25 23:32:43.424 9 INFO neutron.wsgi [req-b2b70bce-4a41-4e20-868d-c0f474eee339 req-ad3c70f3-9944-4049-ab29-982aaceff726 dcba21c6d4df4a7d9f06b6c97fec1f40 38cd13e69ba44c059d22935d463d4c84 - - default default] 10.0.0.211 "GET /v2.0/security-groups?id=58b08e99-1346-4993-a214-4a820875389a&fields=id&fields=name HTTP/1.1" status: 200 len: 313 time: 0.2865374
2026-06-25 23:32:43.483 10 INFO neutron.db.segments_db [None req-a191d59d-88bb-4552-8107-ab1f1151e126 eb385586f3e7424ca61f8366f483a2e1 5e6f572533a8440b9f7d5c9b69bf8a4b - - - -] Added segment a683e8f7-657c-47c9-ae2c-0ba384443ccb of type geneve for network 828dc68b-535c-4cf5-85af-808c7b1ddd74
2026-06-25 23:32:43.649 10 INFO neutron.services.segments.plugin [-] Segment 85569844-cb17-4d62-8932-3b990d19d00f resource provider aggregate not found
2026-06-25 23:32:43.665 10 INFO neutron.db.ovn_revision_numbers_db [None req-a191d59d-88bb-4552-8107-ab1f1151e126 eb385586f3e7424ca61f8366f483a2e1 5e6f572533a8440b9f7d5c9b69bf8a4b - - - -] Successfully bumped revision number for resource 828dc68b-535c-4cf5-85af-808c7b1ddd74 (type: networks) to 1
2026-06-25 23:32:43.675 10 INFO neutron.services.segments.plugin [-] Segment 85569844-cb17-4d62-8932-3b990d19d00f resource provider not found; error: Placement Client Error (4xx): {"errors": [{"status": 404, "title": "Not Found", "detail": "The resource could not be found.\n\n No resource provider with uuid 85569844-cb17-4d62-8932-3b990d19d00f found for delete ", "request_id": "req-fdfc9152-4731-46a9-9fd2-3f9d2a34eb60"}]}
2026-06-25 23:32:43.694 10 INFO neutron.services.segments.plugin [-] Segment 85569844-cb17-4d62-8932-3b990d19d00f resource provider aggregate not found
2026-06-25 23:32:43.722 10 INFO neutron.services.segments.plugin [-] Segment 85569844-cb17-4d62-8932-3b990d19d00f resource provider not found; error: Placement Client Error (4xx): {"errors": [{"status": 404, "title": "Not Found", "detail": "The resource could not be found.\n\n No resource provider with uuid 85569844-cb17-4d62-8932-3b990d19d00f found for delete ", "request_id": "req-c92fdb4e-d5ee-4150-ae3e-e489e81f53e4"}]}
2026-06-25 23:32:43.745 10 INFO neutron.wsgi [req-68ec64cf-2c1d-477e-92f0-40e69fe30f77 req-d2c26130-d874-4e82-867b-0f24e1dab30a 0134876e63df4d6d89960bb22d4a8a48 4e8bfc06c6304b95bdd83a85c6ce652b - - default default] 199.19.213.169 "GET /v2.0/networks?id=c218f168-718d-4c45-96fd-54b0976a176c HTTP/1.1" status: 200 len: 879 time: 0.1434345
2026-06-25 23:32:43.754 10 INFO neutron.wsgi [None req-a8af3cd1-8140-4df6-a0f8-34bf77be1ab2 eb385586f3e7424ca61f8366f483a2e1 5e6f572533a8440b9f7d5c9b69bf8a4b - - - -] 10.0.0.23 "DELETE /v2.0/security-groups/885ffc06-03c9-4b8a-9b0d-8468c49d428d HTTP/1.1" status: 204 len: 168 time: 0.3633931
2026-06-25 23:32:43.812 10 INFO neutron.wsgi [req-68ec64cf-2c1d-477e-92f0-40e69fe30f77 req-e3a4e462-ced4-4e3f-a7a6-7aee3d5e1171 0134876e63df4d6d89960bb22d4a8a48 4e8bfc06c6304b95bdd83a85c6ce652b - - default default] 199.19.213.169 "GET /v2.0/security-groups?fields=id&fields=name&tenant_id=4e8bfc06c6304b95bdd83a85c6ce652b HTTP/1.1" status: 200 len: 380 time: 0.0571868
2026-06-25 23:32:43.902 10 INFO neutron.wsgi [req-f78115e3-e192-4b6f-8336-a9464e328b63 req-4a0e8d47-aa85-48ca-9a95-24714869fa32 0134876e63df4d6d89960bb22d4a8a48 4e8bfc06c6304b95bdd83a85c6ce652b - - default default] 10.0.0.211 "GET /v2.0/ports?device_id=3d71f5df-bfdd-496b-b9e4-d07626a802d0 HTTP/1.1" status: 200 len: 210 time: 0.0405467
2026-06-25 23:32:43.940 10 WARNING neutron.scheduler.dhcp_agent_scheduler [None req-a191d59d-88bb-4552-8107-ab1f1151e126 eb385586f3e7424ca61f8366f483a2e1 5e6f572533a8440b9f7d5c9b69bf8a4b - - - -] No more DHCP agents
2026-06-25 23:32:43.944 10 WARNING neutron.api.rpc.agentnotifiers.dhcp_rpc_agent_api [None req-a191d59d-88bb-4552-8107-ab1f1151e126 eb385586f3e7424ca61f8366f483a2e1 5e6f572533a8440b9f7d5c9b69bf8a4b - - - -] Unable to schedule network 828dc68b-535c-4cf5-85af-808c7b1ddd74: no agents available; will retry on subsequent port and subnet creation events.
2026-06-25 23:32:44.041 10 INFO neutron.db.ovn_revision_numbers_db [None req-a191d59d-88bb-4552-8107-ab1f1151e126 eb385586f3e7424ca61f8366f483a2e1 5e6f572533a8440b9f7d5c9b69bf8a4b - - - -] Successfully bumped revision number for resource 5d6087a1-8e5b-416b-ac58-9fef35dc8a01 (type: ports) to 1
2026-06-25 23:32:44.070 10 INFO neutron.wsgi [None req-a191d59d-88bb-4552-8107-ab1f1151e126 eb385586f3e7424ca61f8366f483a2e1 5e6f572533a8440b9f7d5c9b69bf8a4b - - - -] 10.0.0.23 "POST /v2.0/networks HTTP/1.1" status: 201 len: 945 time: 0.9488366
2026-06-25 23:32:44.269 9 WARNING neutron.scheduler.dhcp_agent_scheduler [None req-2b045ef5-b907-4671-9187-ab499224ad4f eb385586f3e7424ca61f8366f483a2e1 5e6f572533a8440b9f7d5c9b69bf8a4b - - - -] No more DHCP agents
2026-06-25 23:32:44.271 9 WARNING neutron.api.rpc.agentnotifiers.dhcp_rpc_agent_api [None req-2b045ef5-b907-4671-9187-ab499224ad4f eb385586f3e7424ca61f8366f483a2e1 5e6f572533a8440b9f7d5c9b69bf8a4b - - - -] Unable to schedule network 828dc68b-535c-4cf5-85af-808c7b1ddd74: no agents available; will retry on subsequent port and subnet creation events.
2026-06-25 23:32:44.480 10 WARNING neutron.scheduler.dhcp_agent_scheduler [None req-ba5ac8c3-b63c-44c6-b8bc-d793978243bf 0134876e63df4d6d89960bb22d4a8a48 4e8bfc06c6304b95bdd83a85c6ce652b - - - -] No more DHCP agents
2026-06-25 23:32:44.482 10 WARNING neutron.api.rpc.agentnotifiers.dhcp_rpc_agent_api [None req-ba5ac8c3-b63c-44c6-b8bc-d793978243bf 0134876e63df4d6d89960bb22d4a8a48 4e8bfc06c6304b95bdd83a85c6ce652b - - - -] Unable to schedule network c218f168-718d-4c45-96fd-54b0976a176c: no agents available; will retry on subsequent port and subnet creation events.
2026-06-25 23:32:44.526 9 INFO neutron.wsgi [req-a420a918-4a25-4013-be9f-df33659db99f req-e894d01d-f4cf-4e11-9621-ceb81341813a dcba21c6d4df4a7d9f06b6c97fec1f40 38cd13e69ba44c059d22935d463d4c84 - - default default] 10.0.0.211 "GET /v2.0/ports?device_id=9f5b5dab-b80c-421a-ab12-73a61fef08de HTTP/1.1" status: 200 len: 1172 time: 0.0362685
2026-06-25 23:32:44.582 9 INFO neutron.wsgi [req-a420a918-4a25-4013-be9f-df33659db99f req-87b19e86-98d8-47e6-83c1-4794f3a30d80 dcba21c6d4df4a7d9f06b6c97fec1f40 38cd13e69ba44c059d22935d463d4c84 - - default default] 10.0.0.211 "GET /v2.0/security-groups?id=58b08e99-1346-4993-a214-4a820875389a&fields=id&fields=name HTTP/1.1" status: 200 len: 313 time: 0.0433016
2026-06-25 23:32:44.631 10 INFO neutron.db.ovn_revision_numbers_db [None req-ba5ac8c3-b63c-44c6-b8bc-d793978243bf 0134876e63df4d6d89960bb22d4a8a48 4e8bfc06c6304b95bdd83a85c6ce652b - - - -] Successfully bumped revision number for resource fdf0101c-b6d1-456d-b75e-0c2bb079d28c (type: ports) to 1
2026-06-25 23:32:44.664 10 INFO neutron.wsgi [None req-ba5ac8c3-b63c-44c6-b8bc-d793978243bf 0134876e63df4d6d89960bb22d4a8a48 4e8bfc06c6304b95bdd83a85c6ce652b - - - -] 199.19.213.169 "POST /v2.0/ports HTTP/1.1" status: 201 len: 1158 time: 0.8360820 /var/lib/openstack/lib/python3.10/site-packages/pycadf/identifier.py:71: UserWarning: Invalid uuid: neutron. To ensure interoperability, identifiers should be a valid uuid. warnings.warn(('Invalid uuid: %s. To ensure interoperability, '
2026-06-25 23:32:44.737 9 INFO neutron.db.ovn_revision_numbers_db [None req-2b045ef5-b907-4671-9187-ab499224ad4f eb385586f3e7424ca61f8366f483a2e1 5e6f572533a8440b9f7d5c9b69bf8a4b - - - -] Successfully bumped revision number for resource 5d6087a1-8e5b-416b-ac58-9fef35dc8a01 (type: ports) to 2
2026-06-25 23:32:44.756 9 INFO neutron.db.ovn_revision_numbers_db [None req-2b045ef5-b907-4671-9187-ab499224ad4f eb385586f3e7424ca61f8366f483a2e1 5e6f572533a8440b9f7d5c9b69bf8a4b - - - -] Successfully bumped revision number for resource 6f957457-9ebc-4cdb-a965-1510a794a929 (type: subnets) to 0
2026-06-25 23:32:44.771 9 INFO neutron.wsgi [None req-2b045ef5-b907-4671-9187-ab499224ad4f eb385586f3e7424ca61f8366f483a2e1 5e6f572533a8440b9f7d5c9b69bf8a4b - - - -] 10.0.0.23 "POST /v2.0/subnets HTTP/1.1" status: 201 len: 865 time: 0.6940193
2026-06-25 23:32:45.109 10 INFO neutron.wsgi [req-d9457997-3cf7-463a-b8c7-ee0775bd4e50 req-ad3ee42d-7fdd-41e9-91d9-c6f3874497af 0134876e63df4d6d89960bb22d4a8a48 4e8bfc06c6304b95bdd83a85c6ce652b - - default default] 10.0.0.211 "GET /v2.0/ports?device_id=3d71f5df-bfdd-496b-b9e4-d07626a802d0 HTTP/1.1" status: 200 len: 1168 time: 0.1168158 /var/lib/openstack/lib/python3.10/site-packages/pycadf/identifier.py:71: UserWarning: Invalid uuid: neutron. To ensure interoperability, identifiers should be a valid uuid. warnings.warn(('Invalid uuid: %s. To ensure interoperability, '
2026-06-25 23:32:45.166 10 INFO neutron.wsgi [req-d9457997-3cf7-463a-b8c7-ee0775bd4e50 req-50d6b2ca-169f-4457-b099-27f25bfc7759 0134876e63df4d6d89960bb22d4a8a48 4e8bfc06c6304b95bdd83a85c6ce652b - - default default] 10.0.0.211 "GET /v2.0/security-groups?id=d09fdccc-43ba-40ff-b915-27a56c05261b&fields=id&fields=name HTTP/1.1" status: 200 len: 313 time: 0.0484533
2026-06-25 23:32:45.194 10 INFO neutron.db.ovn_revision_numbers_db [None req-c25db7c6-54da-41ca-883c-ba3fbcc9b43e 143c65c7298446e681cd119dc2c0a3b2 6f1c8f48b77349a8adaa6d1ed7cf1c6e - - - -] Successfully bumped revision number for resource fdf0101c-b6d1-456d-b75e-0c2bb079d28c (type: ports) to 2
2026-06-25 23:32:45.319 9 WARNING neutron.scheduler.dhcp_agent_scheduler [None req-ebcc0547-39d7-4e4f-8286-bad6d16485a9 eb385586f3e7424ca61f8366f483a2e1 5e6f572533a8440b9f7d5c9b69bf8a4b - - - -] No more DHCP agents
2026-06-25 23:32:45.321 9 WARNING neutron.api.rpc.agentnotifiers.dhcp_rpc_agent_api [None req-ebcc0547-39d7-4e4f-8286-bad6d16485a9 eb385586f3e7424ca61f8366f483a2e1 5e6f572533a8440b9f7d5c9b69bf8a4b - - - -] Unable to schedule network 07e37ad0-790d-445f-8e30-23b81f61b800: no agents available; will retry on subsequent port and subnet creation events.
2026-06-25 23:32:45.448 10 INFO neutron.db.ovn_revision_numbers_db [None req-c25db7c6-54da-41ca-883c-ba3fbcc9b43e 143c65c7298446e681cd119dc2c0a3b2 6f1c8f48b77349a8adaa6d1ed7cf1c6e - - - -] Successfully bumped revision number for resource fdf0101c-b6d1-456d-b75e-0c2bb079d28c (type: ports) to 2
2026-06-25 23:32:45.470 10 INFO neutron.wsgi [None req-c25db7c6-54da-41ca-883c-ba3fbcc9b43e 143c65c7298446e681cd119dc2c0a3b2 6f1c8f48b77349a8adaa6d1ed7cf1c6e - - - -] 199.19.213.169 "PUT /v2.0/ports/fdf0101c-b6d1-456d-b75e-0c2bb079d28c HTTP/1.1" status: 200 len: 1328 time: 0.7982049
2026-06-25 23:32:45.498 9 INFO neutron.db.ovn_revision_numbers_db [None req-ebcc0547-39d7-4e4f-8286-bad6d16485a9 eb385586f3e7424ca61f8366f483a2e1 5e6f572533a8440b9f7d5c9b69bf8a4b - - - -] Successfully bumped revision number for resource ac1edcc9-e5bd-4198-bbb6-a3a68c658f30 (type: ports) to 1 /var/lib/openstack/lib/python3.10/site-packages/pycadf/identifier.py:71: UserWarning: Invalid uuid: neutron. To ensure interoperability, identifiers should be a valid uuid. warnings.warn(('Invalid uuid: %s. To ensure interoperability, '
2026-06-25 23:32:45.530 10 INFO neutron.notifiers.nova [-] Nova event matching ['req-8ec41a66-398d-4a86-8897-f6f318a0ab89'] response: {'name': 'network-changed', 'server_uuid': '3d71f5df-bfdd-496b-b9e4-d07626a802d0', 'tag': 'fdf0101c-b6d1-456d-b75e-0c2bb079d28c', 'status': 'completed', 'code': 200}
2026-06-25 23:32:45.560 10 INFO neutron.wsgi [req-68ec64cf-2c1d-477e-92f0-40e69fe30f77 req-46153b78-90b6-40d5-ac6d-df955d8cc6f7 143c65c7298446e681cd119dc2c0a3b2 6f1c8f48b77349a8adaa6d1ed7cf1c6e - - b086645a873745aabf57b5e0cf146ab9 b086645a873745aabf57b5e0cf146ab9] 199.19.213.169 "GET /v2.0/ports?tenant_id=4e8bfc06c6304b95bdd83a85c6ce652b&device_id=3d71f5df-bfdd-496b-b9e4-d07626a802d0 HTTP/1.1" status: 200 len: 1359 time: 0.0463178
2026-06-25 23:32:45.592 10 INFO neutron.wsgi [req-68ec64cf-2c1d-477e-92f0-40e69fe30f77 req-95b5ea9d-f969-476c-9628-8a02a067eb90 143c65c7298446e681cd119dc2c0a3b2 6f1c8f48b77349a8adaa6d1ed7cf1c6e - - b086645a873745aabf57b5e0cf146ab9 b086645a873745aabf57b5e0cf146ab9] 199.19.213.169 "GET /v2.0/floatingips?fixed_ip_address=10.100.0.6&port_id=fdf0101c-b6d1-456d-b75e-0c2bb079d28c HTTP/1.1" status: 200 len: 217 time: 0.0255890
2026-06-25 23:32:45.643 10 INFO neutron.wsgi [req-68ec64cf-2c1d-477e-92f0-40e69fe30f77 req-7be067e3-3e87-43a3-84c9-cc22cce73b07 143c65c7298446e681cd119dc2c0a3b2 6f1c8f48b77349a8adaa6d1ed7cf1c6e - - b086645a873745aabf57b5e0cf146ab9 b086645a873745aabf57b5e0cf146ab9] 199.19.213.169 "GET /v2.0/subnets?id=60d1dfcd-0845-4331-9808-e6950f1ea08f HTTP/1.1" status: 200 len: 873 time: 0.0430043
2026-06-25 23:32:45.678 10 INFO neutron.wsgi [req-68ec64cf-2c1d-477e-92f0-40e69fe30f77 req-a0cb334a-ac52-43ca-9dfa-df825c633bc3 143c65c7298446e681cd119dc2c0a3b2 6f1c8f48b77349a8adaa6d1ed7cf1c6e - - b086645a873745aabf57b5e0cf146ab9 b086645a873745aabf57b5e0cf146ab9] 199.19.213.169 "GET /v2.0/ports?network_id=c218f168-718d-4c45-96fd-54b0976a176c&device_owner=network%3Adhcp HTTP/1.1" status: 200 len: 210 time: 0.0273385
2026-06-25 23:32:45.776 10 INFO neutron.wsgi [req-68ec64cf-2c1d-477e-92f0-40e69fe30f77 req-a9a2058d-4c64-4cfe-83f3-80a634cd8c52 143c65c7298446e681cd119dc2c0a3b2 6f1c8f48b77349a8adaa6d1ed7cf1c6e - - b086645a873745aabf57b5e0cf146ab9 b086645a873745aabf57b5e0cf146ab9] 199.19.213.169 "GET /v2.0/networks/c218f168-718d-4c45-96fd-54b0976a176c?fields=segments HTTP/1.1" status: 200 len: 212 time: 0.0898178
2026-06-25 23:32:45.800 10 INFO neutron.wsgi [req-19ed7919-6c23-49ff-91b4-226cdff54acf req-a022abe4-9045-4d9a-80f7-f93665e0bafa dcba21c6d4df4a7d9f06b6c97fec1f40 38cd13e69ba44c059d22935d463d4c84 - - default default] 10.0.0.211 "GET /v2.0/ports?device_id=9f5b5dab-b80c-421a-ab12-73a61fef08de HTTP/1.1" status: 200 len: 1172 time: 0.1383111
2026-06-25 23:32:45.854 10 INFO neutron.wsgi [req-19ed7919-6c23-49ff-91b4-226cdff54acf req-d75bb373-8840-4e71-ac1a-1eb0ea8b4b17 dcba21c6d4df4a7d9f06b6c97fec1f40 38cd13e69ba44c059d22935d463d4c84 - - default default] 10.0.0.211 "GET /v2.0/security-groups?id=58b08e99-1346-4993-a214-4a820875389a&fields=id&fields=name HTTP/1.1" status: 200 len: 313 time: 0.0392478
2026-06-25 23:32:45.858 10 INFO neutron.wsgi [req-68ec64cf-2c1d-477e-92f0-40e69fe30f77 req-9794764f-374f-428c-8cd9-4594abc7bf83 143c65c7298446e681cd119dc2c0a3b2 6f1c8f48b77349a8adaa6d1ed7cf1c6e - - b086645a873745aabf57b5e0cf146ab9 b086645a873745aabf57b5e0cf146ab9] 199.19.213.169 "GET /v2.0/networks/c218f168-718d-4c45-96fd-54b0976a176c?fields=provider%3Aphysical_network&fields=provider%3Anetwork_type HTTP/1.1" status: 200 len: 277 time: 0.0750592
2026-06-25 23:32:45.940 10 INFO neutron.wsgi [req-9168c3d3-8e9b-4e3c-8d34-a390b941db2a req-7a79672d-fd62-435f-a8b4-3849092430bc 143c65c7298446e681cd119dc2c0a3b2 6f1c8f48b77349a8adaa6d1ed7cf1c6e - - b086645a873745aabf57b5e0cf146ab9 b086645a873745aabf57b5e0cf146ab9] 199.19.213.169 "GET /v2.0/ports?tenant_id=4e8bfc06c6304b95bdd83a85c6ce652b&device_id=3d71f5df-bfdd-496b-b9e4-d07626a802d0 HTTP/1.1" status: 200 len: 1359 time: 0.0384474
2026-06-25 23:32:46.018 9 INFO neutron.db.ovn_revision_numbers_db [None req-67e9df94-950b-41e3-beb1-2b94755b2de3 eb385586f3e7424ca61f8366f483a2e1 5e6f572533a8440b9f7d5c9b69bf8a4b - - - -] Successfully bumped revision number for resource c6ee3b44-b333-4e6c-876d-5b8f523dd571 (type: security_groups) to 1
2026-06-25 23:32:46.024 10 INFO neutron.wsgi [req-9168c3d3-8e9b-4e3c-8d34-a390b941db2a req-321218ab-21d6-4dfe-ac78-c367a4ee731b 143c65c7298446e681cd119dc2c0a3b2 6f1c8f48b77349a8adaa6d1ed7cf1c6e - - b086645a873745aabf57b5e0cf146ab9 b086645a873745aabf57b5e0cf146ab9] 199.19.213.169 "GET /v2.0/networks?id=c218f168-718d-4c45-96fd-54b0976a176c HTTP/1.1" status: 200 len: 978 time: 0.0791740
2026-06-25 23:32:46.052 10 INFO neutron.wsgi [req-9168c3d3-8e9b-4e3c-8d34-a390b941db2a req-a3db3a37-8fea-4b73-8691-108b60c4cd7d 143c65c7298446e681cd119dc2c0a3b2 6f1c8f48b77349a8adaa6d1ed7cf1c6e - - b086645a873745aabf57b5e0cf146ab9 b086645a873745aabf57b5e0cf146ab9] 199.19.213.169 "GET /v2.0/floatingips?fixed_ip_address=10.100.0.6&port_id=fdf0101c-b6d1-456d-b75e-0c2bb079d28c HTTP/1.1" status: 200 len: 217 time: 0.0229897
2026-06-25 23:32:46.078 9 INFO neutron.db.segments_db [None req-67e9df94-950b-41e3-beb1-2b94755b2de3 eb385586f3e7424ca61f8366f483a2e1 5e6f572533a8440b9f7d5c9b69bf8a4b - - - -] Added segment 7ab42bcf-bedb-48a6-b521-80614daae6da of type geneve for network 9e40e088-38ba-480a-b317-8da692abcddf
2026-06-25 23:32:46.096 10 INFO neutron.wsgi [req-9168c3d3-8e9b-4e3c-8d34-a390b941db2a req-1afd14e3-beb2-431a-b8ec-9804bb92131c 143c65c7298446e681cd119dc2c0a3b2 6f1c8f48b77349a8adaa6d1ed7cf1c6e - - b086645a873745aabf57b5e0cf146ab9 b086645a873745aabf57b5e0cf146ab9] 199.19.213.169 "GET /v2.0/subnets?id=60d1dfcd-0845-4331-9808-e6950f1ea08f HTTP/1.1" status: 200 len: 873 time: 0.0384753
2026-06-25 23:32:46.115 9 INFO neutron.plugins.ml2.drivers.ovn.mech_driver.mech_driver [None req-af23856a-b697-49de-96a5-efa60640ed41 - - - - - -] OVN reports status up for port: ac1edcc9-e5bd-4198-bbb6-a3a68c658f30
2026-06-25 23:32:46.125 9 INFO neutron.plugins.ml2.plugin [None req-af23856a-b697-49de-96a5-efa60640ed41 - - - - - -] Attempt 1 to provision port ac1edcc9-e5bd-4198-bbb6-a3a68c658f30
2026-06-25 23:32:46.136 9 INFO neutron.db.ovn_revision_numbers_db [None req-ebcc0547-39d7-4e4f-8286-bad6d16485a9 eb385586f3e7424ca61f8366f483a2e1 5e6f572533a8440b9f7d5c9b69bf8a4b - - - -] Successfully bumped revision number for resource ac1edcc9-e5bd-4198-bbb6-a3a68c658f30 (type: router_ports) to 1
2026-06-25 23:32:46.152 9 INFO neutron.plugins.ml2.drivers.ovn.mech_driver.ovsdb.ovsdb_monitor [None req-64ee1026-ea86-45b1-9f4e-62e0590bb4ee - - - - - -] Router 8072d4bf-1b78-404c-9fac-ca2a6cf18b3b is bound to host instance
2026-06-25 23:32:46.155 10 INFO neutron.wsgi [req-9168c3d3-8e9b-4e3c-8d34-a390b941db2a req-116e39ee-99f4-4274-8606-4edc76639884 143c65c7298446e681cd119dc2c0a3b2 6f1c8f48b77349a8adaa6d1ed7cf1c6e - - b086645a873745aabf57b5e0cf146ab9 b086645a873745aabf57b5e0cf146ab9] 199.19.213.169 "GET /v2.0/ports?network_id=c218f168-718d-4c45-96fd-54b0976a176c&device_owner=network%3Adhcp HTTP/1.1" status: 200 len: 210 time: 0.0411086
2026-06-25 23:32:46.251 10 INFO neutron.wsgi [req-9168c3d3-8e9b-4e3c-8d34-a390b941db2a req-24f2f513-4331-4f47-9d9b-68b92a29357c 143c65c7298446e681cd119dc2c0a3b2 6f1c8f48b77349a8adaa6d1ed7cf1c6e - - b086645a873745aabf57b5e0cf146ab9 b086645a873745aabf57b5e0cf146ab9] 199.19.213.169 "GET /v2.0/networks/c218f168-718d-4c45-96fd-54b0976a176c?fields=segments HTTP/1.1" status: 200 len: 212 time: 0.0873303
2026-06-25 23:32:46.335 10 INFO neutron.wsgi [req-9168c3d3-8e9b-4e3c-8d34-a390b941db2a req-b2f1ed5c-1765-4829-8cce-85038fb2508a 143c65c7298446e681cd119dc2c0a3b2 6f1c8f48b77349a8adaa6d1ed7cf1c6e - - b086645a873745aabf57b5e0cf146ab9 b086645a873745aabf57b5e0cf146ab9] 199.19.213.169 "GET /v2.0/networks/c218f168-718d-4c45-96fd-54b0976a176c?fields=provider%3Aphysical_network&fields=provider%3Anetwork_type HTTP/1.1" status: 200 len: 277 time: 0.0778239
2026-06-25 23:32:46.588 9 INFO neutron.wsgi [req-2d6247b6-7b69-4942-9fdc-bbe9b9abba28 req-d923343a-6275-4e9b-9f03-441cdd185dbb 0134876e63df4d6d89960bb22d4a8a48 4e8bfc06c6304b95bdd83a85c6ce652b - - default default] 10.0.0.211 "GET /v2.0/ports?device_id=3d71f5df-bfdd-496b-b9e4-d07626a802d0 HTTP/1.1" status: 200 len: 1168 time: 0.0934777
2026-06-25 23:32:46.649 9 INFO neutron.db.ovn_revision_numbers_db [None req-ebcc0547-39d7-4e4f-8286-bad6d16485a9 eb385586f3e7424ca61f8366f483a2e1 5e6f572533a8440b9f7d5c9b69bf8a4b - - - -] Successfully bumped revision number for resource 8072d4bf-1b78-404c-9fac-ca2a6cf18b3b (type: routers) to 3
2026-06-25 23:32:46.673 9 INFO neutron.db.ovn_revision_numbers_db [None req-67e9df94-950b-41e3-beb1-2b94755b2de3 eb385586f3e7424ca61f8366f483a2e1 5e6f572533a8440b9f7d5c9b69bf8a4b - - - -] Successfully bumped revision number for resource 9e40e088-38ba-480a-b317-8da692abcddf (type: networks) to 1
2026-06-25 23:32:46.697 9 INFO neutron.wsgi [None req-ebcc0547-39d7-4e4f-8286-bad6d16485a9 eb385586f3e7424ca61f8366f483a2e1 5e6f572533a8440b9f7d5c9b69bf8a4b - - - -] 10.0.0.23 "POST /v2.0/routers HTTP/1.1" status: 201 len: 876 time: 1.9190831
2026-06-25 23:32:46.733 9 INFO neutron.wsgi [req-2d6247b6-7b69-4942-9fdc-bbe9b9abba28 req-8033c845-1e17-4f44-b5da-81a817608ded 0134876e63df4d6d89960bb22d4a8a48 4e8bfc06c6304b95bdd83a85c6ce652b - - default default] 10.0.0.211 "GET /v2.0/security-groups?id=d09fdccc-43ba-40ff-b915-27a56c05261b&fields=id&fields=name HTTP/1.1" status: 200 len: 313 time: 0.1339905
2026-06-25 23:32:46.950 9 WARNING neutron.scheduler.dhcp_agent_scheduler [None req-67e9df94-950b-41e3-beb1-2b94755b2de3 eb385586f3e7424ca61f8366f483a2e1 5e6f572533a8440b9f7d5c9b69bf8a4b - - - -] No more DHCP agents
2026-06-25 23:32:46.953 9 WARNING neutron.api.rpc.agentnotifiers.dhcp_rpc_agent_api [None req-67e9df94-950b-41e3-beb1-2b94755b2de3 eb385586f3e7424ca61f8366f483a2e1 5e6f572533a8440b9f7d5c9b69bf8a4b - - - -] Unable to schedule network 9e40e088-38ba-480a-b317-8da692abcddf: no agents available; will retry on subsequent port and subnet creation events.
2026-06-25 23:32:46.965 10 INFO neutron.wsgi [req-dc4f1638-368d-4e2d-8da1-d9fcd9c1442b req-5c6335b3-18cc-46cf-a84c-9962b8da29f1 dcba21c6d4df4a7d9f06b6c97fec1f40 38cd13e69ba44c059d22935d463d4c84 - - default default] 10.0.0.211 "GET /v2.0/ports?device_id=9f5b5dab-b80c-421a-ab12-73a61fef08de HTTP/1.1" status: 200 len: 1172 time: 0.0407786
2026-06-25 23:32:47.070 9 INFO neutron.db.ovn_revision_numbers_db [None req-67e9df94-950b-41e3-beb1-2b94755b2de3 eb385586f3e7424ca61f8366f483a2e1 5e6f572533a8440b9f7d5c9b69bf8a4b - - - -] Successfully bumped revision number for resource 5faf5967-e57f-47ec-bbd5-102306dd7ed4 (type: ports) to 1
2026-06-25 23:32:47.127 9 INFO neutron.wsgi [None req-67e9df94-950b-41e3-beb1-2b94755b2de3 eb385586f3e7424ca61f8366f483a2e1 5e6f572533a8440b9f7d5c9b69bf8a4b - - - -] 10.0.0.23 "POST /v2.0/networks HTTP/1.1" status: 201 len: 940 time: 1.5086062
2026-06-25 23:32:47.256 10 WARNING neutron.plugins.ml2.drivers.ovn.mech_driver.ovsdb.ovn_client [None req-56e06cab-88df-4a0c-9f6c-9609ea2afd09 - - - - - -] No hosting information found for port 37eacd4b-2b40-4632-9336-65280a22595f: RuntimeError: No hosting information found for port 37eacd4b-2b40-4632-9336-65280a22595f
2026-06-25 23:32:47.257 10 INFO neutron.plugins.ml2.drivers.ovn.mech_driver.mech_driver [None req-56e06cab-88df-4a0c-9f6c-9609ea2afd09 - - - - - -] OVN reports status up for port: 771b8529-8298-43d0-9602-2dc06c671a5a
2026-06-25 23:32:47.290 10 INFO neutron.plugins.ml2.drivers.ovn.mech_driver.mech_driver [None req-56e06cab-88df-4a0c-9f6c-9609ea2afd09 - - - - - -] OVN reports status up for port: d722be7a-05b7-45da-909f-83912f3fcee8
2026-06-25 23:32:47.296 10 INFO neutron.wsgi [req-dc4f1638-368d-4e2d-8da1-d9fcd9c1442b req-6ced4bfe-d8a2-4111-bbdf-ed5182d03456 dcba21c6d4df4a7d9f06b6c97fec1f40 38cd13e69ba44c059d22935d463d4c84 - - default default] 10.0.0.211 "GET /v2.0/security-groups?id=58b08e99-1346-4993-a214-4a820875389a&fields=id&fields=name HTTP/1.1" status: 200 len: 313 time: 0.3235781
2026-06-25 23:32:47.327 10 INFO neutron.plugins.ml2.drivers.ovn.mech_driver.mech_driver [None req-56e06cab-88df-4a0c-9f6c-9609ea2afd09 - - - - - -] OVN reports status up for port: cd21e6d4-014d-46d9-aeb3-91b634c40a32
2026-06-25 23:32:47.343 10 INFO neutron.plugins.ml2.plugin [None req-56e06cab-88df-4a0c-9f6c-9609ea2afd09 - - - - - -] Attempt 1 to provision port cd21e6d4-014d-46d9-aeb3-91b634c40a32
2026-06-25 23:32:47.354 9 INFO neutron.db.ovn_revision_numbers_db [None req-64ee1026-ea86-45b1-9f4e-62e0590bb4ee - - - - - -] Successfully bumped revision number for resource ac1edcc9-e5bd-4198-bbb6-a3a68c658f30 (type: ports) to 1
2026-06-25 23:32:47.377 9 WARNING neutron.scheduler.dhcp_agent_scheduler [None req-a2a173c8-3199-4bd2-b707-4448ce93209f eb385586f3e7424ca61f8366f483a2e1 5e6f572533a8440b9f7d5c9b69bf8a4b - - - -] No more DHCP agents
2026-06-25 23:32:47.380 9 WARNING neutron.api.rpc.agentnotifiers.dhcp_rpc_agent_api [None req-a2a173c8-3199-4bd2-b707-4448ce93209f eb385586f3e7424ca61f8366f483a2e1 5e6f572533a8440b9f7d5c9b69bf8a4b - - - -] Unable to schedule network 9e40e088-38ba-480a-b317-8da692abcddf: no agents available; will retry on subsequent port and subnet creation events.
2026-06-25 23:32:47.517 10 WARNING neutron.scheduler.dhcp_agent_scheduler [None req-774b4202-96c0-4e28-bda6-4cccc9adf429 eb385586f3e7424ca61f8366f483a2e1 5e6f572533a8440b9f7d5c9b69bf8a4b - - default default] No more DHCP agents
2026-06-25 23:32:47.520 10 WARNING neutron.api.rpc.agentnotifiers.dhcp_rpc_agent_api [None req-774b4202-96c0-4e28-bda6-4cccc9adf429 eb385586f3e7424ca61f8366f483a2e1 5e6f572533a8440b9f7d5c9b69bf8a4b - - default default] Unable to schedule network 828dc68b-535c-4cf5-85af-808c7b1ddd74: no agents available; will retry on subsequent port and subnet creation events.
2026-06-25 23:32:47.577 10 INFO neutron.notifiers.nova [-] Nova event matching ['req-2ed3d231-bbac-4886-868d-a9ce3ff567a8'] response: {'server_uuid': '9f5b5dab-b80c-421a-ab12-73a61fef08de', 'name': 'network-vif-plugged', 'status': 'completed', 'tag': 'cd21e6d4-014d-46d9-aeb3-91b634c40a32', 'code': 200}
2026-06-25 23:32:47.678 10 INFO neutron.db.ovn_revision_numbers_db [None req-56e06cab-88df-4a0c-9f6c-9609ea2afd09 - - - - - -] Successfully bumped revision number for resource cd21e6d4-014d-46d9-aeb3-91b634c40a32 (type: ports) to 4
2026-06-25 23:32:47.730 9 INFO neutron.db.ovn_revision_numbers_db [None req-64ee1026-ea86-45b1-9f4e-62e0590bb4ee - - - - - -] Successfully bumped revision number for resource ac1edcc9-e5bd-4198-bbb6-a3a68c658f30 (type: router_ports) to 3
2026-06-25 23:32:47.736 10 INFO neutron.db.ovn_revision_numbers_db [None req-774b4202-96c0-4e28-bda6-4cccc9adf429 eb385586f3e7424ca61f8366f483a2e1 5e6f572533a8440b9f7d5c9b69bf8a4b - - default default] Successfully bumped revision number for resource a9c0e2f1-8f97-4bf4-83cb-7d3a0011b9ac (type: ports) to 1 /var/lib/openstack/lib/python3.10/site-packages/pycadf/identifier.py:71: UserWarning: Invalid uuid: neutron. To ensure interoperability, identifiers should be a valid uuid. warnings.warn(('Invalid uuid: %s. To ensure interoperability, '
2026-06-25 23:32:47.874 10 INFO neutron.wsgi [req-6b5f4f17-5a95-4b07-9a56-cad32a630a28 req-7c937842-3850-4d4c-a95a-a3319df7cd84 0134876e63df4d6d89960bb22d4a8a48 4e8bfc06c6304b95bdd83a85c6ce652b - - default default] 10.0.0.211 "GET /v2.0/ports?device_id=3d71f5df-bfdd-496b-b9e4-d07626a802d0 HTTP/1.1" status: 200 len: 1168 time: 0.0373080
2026-06-25 23:32:47.934 10 INFO neutron.wsgi [-] 10.0.0.37 "GET / HTTP/1.1" status: 200 len: 247 time: 0.0020001
2026-06-25 23:32:47.936 10 INFO neutron.wsgi [-] 10.0.0.37 "GET / HTTP/1.1" status: 200 len: 247 time: 0.0010993
2026-06-25 23:32:47.944 10 INFO neutron.wsgi [req-6b5f4f17-5a95-4b07-9a56-cad32a630a28 req-0cb72418-29c8-4349-b3ab-dbc3ca873908 0134876e63df4d6d89960bb22d4a8a48 4e8bfc06c6304b95bdd83a85c6ce652b - - default default] 10.0.0.211 "GET /v2.0/security-groups?id=d09fdccc-43ba-40ff-b915-27a56c05261b&fields=id&fields=name HTTP/1.1" status: 200 len: 313 time: 0.0573404
2026-06-25 23:32:48.164 9 INFO neutron.db.ovn_revision_numbers_db [None req-64ee1026-ea86-45b1-9f4e-62e0590bb4ee - - - - - -] Successfully bumped revision number for resource ac1edcc9-e5bd-4198-bbb6-a3a68c658f30 (type: ports) to 2
2026-06-25 23:32:48.236 10 INFO neutron.db.ovn_revision_numbers_db [None req-774b4202-96c0-4e28-bda6-4cccc9adf429 eb385586f3e7424ca61f8366f483a2e1 5e6f572533a8440b9f7d5c9b69bf8a4b - - default default] Successfully bumped revision number for resource a9c0e2f1-8f97-4bf4-83cb-7d3a0011b9ac (type: router_ports) to 2
2026-06-25 23:32:48.240 9 INFO neutron.db.ovn_revision_numbers_db [None req-a2a173c8-3199-4bd2-b707-4448ce93209f eb385586f3e7424ca61f8366f483a2e1 5e6f572533a8440b9f7d5c9b69bf8a4b - - - -] Successfully bumped revision number for resource 5faf5967-e57f-47ec-bbd5-102306dd7ed4 (type: ports) to 2
2026-06-25 23:32:48.260 9 INFO neutron.db.ovn_revision_numbers_db [None req-a2a173c8-3199-4bd2-b707-4448ce93209f eb385586f3e7424ca61f8366f483a2e1 5e6f572533a8440b9f7d5c9b69bf8a4b - - - -] Successfully bumped revision number for resource e746df53-ac84-4e8a-bb06-f97c3490668d (type: subnets) to 0
2026-06-25 23:32:48.302 9 INFO neutron.wsgi [None req-a2a173c8-3199-4bd2-b707-4448ce93209f eb385586f3e7424ca61f8366f483a2e1 5e6f572533a8440b9f7d5c9b69bf8a4b - - - -] 10.0.0.23 "POST /v2.0/subnets HTTP/1.1" status: 201 len: 860 time: 1.1656654
2026-06-25 23:32:48.436 9 INFO neutron.db.ovn_revision_numbers_db [None req-64ee1026-ea86-45b1-9f4e-62e0590bb4ee - - - - - -] Successfully bumped revision number for resource ac1edcc9-e5bd-4198-bbb6-a3a68c658f30 (type: ports) to 4
2026-06-25 23:32:48.476 10 INFO neutron.db.ovn_revision_numbers_db [None req-774b4202-96c0-4e28-bda6-4cccc9adf429 eb385586f3e7424ca61f8366f483a2e1 5e6f572533a8440b9f7d5c9b69bf8a4b - - default default] Successfully bumped revision number for resource a9c0e2f1-8f97-4bf4-83cb-7d3a0011b9ac (type: ports) to 2
2026-06-25 23:32:48.503 9 INFO neutron.wsgi [req-1d1f6b22-41da-4ed1-b8f5-c82759561bc4 req-b2bbafd1-5541-483d-a325-b400e116eb01 dcba21c6d4df4a7d9f06b6c97fec1f40 38cd13e69ba44c059d22935d463d4c84 - - default default] 10.0.0.211 "GET /v2.0/ports?device_id=9f5b5dab-b80c-421a-ab12-73a61fef08de HTTP/1.1" status: 200 len: 1174 time: 0.1269696
2026-06-25 23:32:48.565 9 INFO neutron.wsgi [req-1d1f6b22-41da-4ed1-b8f5-c82759561bc4 req-c4d3dac5-fe76-472e-bcfb-3f87c9779d35 dcba21c6d4df4a7d9f06b6c97fec1f40 38cd13e69ba44c059d22935d463d4c84 - - default default] 10.0.0.211 "GET /v2.0/security-groups?id=58b08e99-1346-4993-a214-4a820875389a&fields=id&fields=name HTTP/1.1" status: 200 len: 313 time: 0.0513647
2026-06-25 23:32:48.593 10 WARNING neutron.scheduler.dhcp_agent_scheduler [None req-774b4202-96c0-4e28-bda6-4cccc9adf429 eb385586f3e7424ca61f8366f483a2e1 5e6f572533a8440b9f7d5c9b69bf8a4b - - default default] No more DHCP agents
2026-06-25 23:32:48.609 10 WARNING neutron.api.rpc.agentnotifiers.dhcp_rpc_agent_api [None req-774b4202-96c0-4e28-bda6-4cccc9adf429 eb385586f3e7424ca61f8366f483a2e1 5e6f572533a8440b9f7d5c9b69bf8a4b - - default default] Unable to schedule network 828dc68b-535c-4cf5-85af-808c7b1ddd74: no agents available; will retry on subsequent port and subnet creation events.
2026-06-25 23:32:48.734 9 INFO neutron.db.ovn_revision_numbers_db [None req-64ee1026-ea86-45b1-9f4e-62e0590bb4ee - - - - - -] Successfully bumped revision number for resource ac1edcc9-e5bd-4198-bbb6-a3a68c658f30 (type: router_ports) to 4
2026-06-25 23:32:48.735 10 INFO neutron.wsgi [req-197b366f-c942-46c0-9035-9c872fc39399 req-b52bef14-c0b6-4f1f-859a-8fe770491709 dcba21c6d4df4a7d9f06b6c97fec1f40 38cd13e69ba44c059d22935d463d4c84 - - default default] 10.0.0.211 "GET /v2.0/ports?device_id=9f5b5dab-b80c-421a-ab12-73a61fef08de HTTP/1.1" status: 200 len: 1174 time: 0.0510354
2026-06-25 23:32:49.122 9 INFO neutron.wsgi [req-2600390c-8c9a-4fba-a1d4-66dd9252348e req-8aa5b3cd-caed-4411-81bb-29aa273a6517 0134876e63df4d6d89960bb22d4a8a48 4e8bfc06c6304b95bdd83a85c6ce652b - - default default] 10.0.0.211 "GET /v2.0/ports?device_id=3d71f5df-bfdd-496b-b9e4-d07626a802d0 HTTP/1.1" status: 200 len: 1168 time: 0.1023772
2026-06-25 23:32:49.167 9 INFO neutron.plugins.ml2.drivers.ovn.mech_driver.mech_driver [None req-af23856a-b697-49de-96a5-efa60640ed41 - - - - - -] OVN reports status up for port: fdf0101c-b6d1-456d-b75e-0c2bb079d28c
2026-06-25 23:32:49.189 9 INFO neutron.wsgi [req-2600390c-8c9a-4fba-a1d4-66dd9252348e req-30bb83c0-c3a5-4514-98e5-04bac26757f1 0134876e63df4d6d89960bb22d4a8a48 4e8bfc06c6304b95bdd83a85c6ce652b - - default default] 10.0.0.211 "GET /v2.0/security-groups?id=d09fdccc-43ba-40ff-b915-27a56c05261b&fields=id&fields=name HTTP/1.1" status: 200 len: 313 time: 0.0591249
2026-06-25 23:32:49.189 9 INFO neutron.plugins.ml2.plugin [None req-af23856a-b697-49de-96a5-efa60640ed41 - - - - - -] Attempt 1 to provision port fdf0101c-b6d1-456d-b75e-0c2bb079d28c
2026-06-25 23:32:49.488 9 INFO neutron.db.ovn_revision_numbers_db [None req-af23856a-b697-49de-96a5-efa60640ed41 - - - - - -] Successfully bumped revision number for resource fdf0101c-b6d1-456d-b75e-0c2bb079d28c (type: ports) to 4
2026-06-25 23:32:49.537 9 INFO neutron.plugins.ml2.drivers.ovn.mech_driver.mech_driver [None req-af23856a-b697-49de-96a5-efa60640ed41 - - - - - -] OVN reports status up for port: a9c0e2f1-8f97-4bf4-83cb-7d3a0011b9ac
2026-06-25 23:32:49.546 9 INFO neutron.plugins.ml2.plugin [None req-af23856a-b697-49de-96a5-efa60640ed41 - - - - - -] Attempt 1 to provision port a9c0e2f1-8f97-4bf4-83cb-7d3a0011b9ac
2026-06-25 23:32:49.605 10 WARNING neutron.scheduler.dhcp_agent_scheduler [None req-f90934e6-6e9a-4fbc-9ba7-6ae709190032 eb385586f3e7424ca61f8366f483a2e1 5e6f572533a8440b9f7d5c9b69bf8a4b - - - -] No more DHCP agents
2026-06-25 23:32:49.612 10 WARNING neutron.api.rpc.agentnotifiers.dhcp_rpc_agent_api [None req-f90934e6-6e9a-4fbc-9ba7-6ae709190032 eb385586f3e7424ca61f8366f483a2e1 5e6f572533a8440b9f7d5c9b69bf8a4b - - - -] Unable to schedule network 07e37ad0-790d-445f-8e30-23b81f61b800: no agents available; will retry on subsequent port and subnet creation events.
2026-06-25 23:32:49.630 10 INFO neutron.db.l3_db [None req-f2aaee30-2cb6-45d8-938b-ffa06b79987f dcba21c6d4df4a7d9f06b6c97fec1f40 38cd13e69ba44c059d22935d463d4c84 - - - -] Floating IP 530c0a13-e4ad-4bef-a9b2-94310f1ca793 associated. External IP: 10.96.250.205, port: cd21e6d4-014d-46d9-aeb3-91b634c40a32.
