2026-06-25 23:36:53.597 10 INFO neutron.wsgi [req-1e9a5925-c827-431c-a23d-2e8f17762801 req-57ba99e1-f61c-4192-86e4-275c1e958ced 143c65c7298446e681cd119dc2c0a3b2 6f1c8f48b77349a8adaa6d1ed7cf1c6e - - b086645a873745aabf57b5e0cf146ab9 b086645a873745aabf57b5e0cf146ab9] 199.19.213.169 "GET /v2.0/floatingips?fixed_ip_address=fd77%3A1457%3A4cf0%3A26a8%3A%3A202&port_id=38c5ecfe-61eb-497f-a472-16b8c4db2a5c HTTP/1.1" status: 200 len: 217 time: 0.0302737
2026-06-25 23:36:53.628 9 INFO neutron.db.ovn_revision_numbers_db [None req-615e62cd-902d-4718-bdce-3fd8892b3f62 eb385586f3e7424ca61f8366f483a2e1 5e6f572533a8440b9f7d5c9b69bf8a4b - - default default] Successfully bumped revision number for resource 9124ef5d-70b8-4e58-9d21-57dab1840b7a (type: security_groups) to 1
2026-06-25 23:36:53.648 10 INFO neutron.wsgi [req-1e9a5925-c827-431c-a23d-2e8f17762801 req-1071a6a2-4898-40f1-aa88-7f63cad8a15b 143c65c7298446e681cd119dc2c0a3b2 6f1c8f48b77349a8adaa6d1ed7cf1c6e - - b086645a873745aabf57b5e0cf146ab9 b086645a873745aabf57b5e0cf146ab9] 199.19.213.169 "GET /v2.0/subnets?id=15337110-6a6e-4a88-b6ee-7b82cbe9cbc3&id=e82c3a87-aaf7-41d6-9a9d-9bd9b7c1be67 HTTP/1.1" status: 200 len: 1566 time: 0.0427814
2026-06-25 23:36:53.649 9 INFO neutron.wsgi [None req-615e62cd-902d-4718-bdce-3fd8892b3f62 eb385586f3e7424ca61f8366f483a2e1 5e6f572533a8440b9f7d5c9b69bf8a4b - - default default] 10.0.0.23 "GET /v2.0/security-groups?tenant_id=58a119af5f2b401cae3fa6dfdecb7c5a&name=default HTTP/1.1" status: 200 len: 3000 time: 0.1201527
2026-06-25 23:36:53.685 10 INFO neutron.wsgi [req-1e9a5925-c827-431c-a23d-2e8f17762801 req-1e86511f-b1ea-4d97-aa0f-3713055a9ded 143c65c7298446e681cd119dc2c0a3b2 6f1c8f48b77349a8adaa6d1ed7cf1c6e - - b086645a873745aabf57b5e0cf146ab9 b086645a873745aabf57b5e0cf146ab9] 199.19.213.169 "GET /v2.0/ports?network_id=7329542c-31c4-4fa5-9aec-2fc8efc7c4ff&device_owner=network%3Adhcp HTTP/1.1" status: 200 len: 210 time: 0.0292225
2026-06-25 23:36:53.737 10 INFO neutron.wsgi [req-1e9a5925-c827-431c-a23d-2e8f17762801 req-7d1c83b0-1ec4-4c32-a96e-0a91085aabba 143c65c7298446e681cd119dc2c0a3b2 6f1c8f48b77349a8adaa6d1ed7cf1c6e - - b086645a873745aabf57b5e0cf146ab9 b086645a873745aabf57b5e0cf146ab9] 199.19.213.169 "GET /v2.0/ports?network_id=7329542c-31c4-4fa5-9aec-2fc8efc7c4ff&device_owner=network%3Adhcp HTTP/1.1" status: 200 len: 210 time: 0.0454159
2026-06-25 23:36:53.908 10 INFO neutron.wsgi [req-1e9a5925-c827-431c-a23d-2e8f17762801 req-0a547e2e-b596-4492-a66a-f52e105ea80b 143c65c7298446e681cd119dc2c0a3b2 6f1c8f48b77349a8adaa6d1ed7cf1c6e - - b086645a873745aabf57b5e0cf146ab9 b086645a873745aabf57b5e0cf146ab9] 199.19.213.169 "GET /v2.0/networks/7329542c-31c4-4fa5-9aec-2fc8efc7c4ff?fields=segments HTTP/1.1" status: 200 len: 212 time: 0.1610250
2026-06-25 23:36:53.970 9 INFO neutron.wsgi [None req-ba5abd63-65c4-4694-884d-1c53f0c73609 eb385586f3e7424ca61f8366f483a2e1 5e6f572533a8440b9f7d5c9b69bf8a4b - - - -] 10.0.0.23 "DELETE /v2.0/security-groups/9124ef5d-70b8-4e58-9d21-57dab1840b7a HTTP/1.1" status: 204 len: 168 time: 0.3151884
2026-06-25 23:36:53.978 10 INFO neutron.wsgi [req-1e9a5925-c827-431c-a23d-2e8f17762801 req-5ee7c036-539c-4948-b926-65f0b45508d5 143c65c7298446e681cd119dc2c0a3b2 6f1c8f48b77349a8adaa6d1ed7cf1c6e - - b086645a873745aabf57b5e0cf146ab9 b086645a873745aabf57b5e0cf146ab9] 199.19.213.169 "GET /v2.0/networks/7329542c-31c4-4fa5-9aec-2fc8efc7c4ff?fields=provider%3Aphysical_network&fields=provider%3Anetwork_type HTTP/1.1" status: 200 len: 277 time: 0.0600927
2026-06-25 23:36:54.797 10 INFO neutron.wsgi [req-91862b51-faba-4072-bbe6-77c24c0ea9c8 req-98d8e640-94b5-411f-995f-b4c81cfe54bb 143c65c7298446e681cd119dc2c0a3b2 6f1c8f48b77349a8adaa6d1ed7cf1c6e - - b086645a873745aabf57b5e0cf146ab9 b086645a873745aabf57b5e0cf146ab9] 10.0.0.137 "GET /v2.0/ports?device_id=4161043c-ae62-493f-b7f5-2b69e3903ea0 HTTP/1.1" status: 200 len: 1590 time: 0.0340204
2026-06-25 23:36:54.843 10 INFO neutron.wsgi [req-91862b51-faba-4072-bbe6-77c24c0ea9c8 req-01dfa252-b45f-4b1e-9231-10a1d67e36f8 143c65c7298446e681cd119dc2c0a3b2 6f1c8f48b77349a8adaa6d1ed7cf1c6e - - b086645a873745aabf57b5e0cf146ab9 b086645a873745aabf57b5e0cf146ab9] 10.0.0.137 "GET /v2.0/security-groups?id=1ca2b18f-f0fe-45f3-8d57-b359e4511924&fields=id&fields=name HTTP/1.1" status: 200 len: 311 time: 0.0356507
2026-06-25 23:36:57.467 10 INFO neutron.wsgi [None req-312ca163-62bd-40fe-af10-684f48604a97 970a508b4f1f49f699003ea232e81bd4 b714da0999094927bfa699bbb56db65c - - - -] 10.0.0.23 "POST /v2.0/qos/policies HTTP/1.1" status: 201 len: 558 time: 0.3064485
2026-06-25 23:36:57.508 10 INFO neutron.wsgi [None req-5a904f48-c06d-4a69-9cd6-28facab7fdb0 970a508b4f1f49f699003ea232e81bd4 b714da0999094927bfa699bbb56db65c - - - -] 10.0.0.23 "PUT /v2.0/policies/ba89814d-2e9c-4ada-a324-569ebe155f66/tags HTTP/1.1" status: 200 len: 218 time: 0.0337641
2026-06-25 23:36:57.544 10 INFO neutron.wsgi [None req-2433a209-2b61-4a66-b282-0aceeb0645a5 970a508b4f1f49f699003ea232e81bd4 b714da0999094927bfa699bbb56db65c - - default default] 10.0.0.23 "GET /v2.0/policies/ba89814d-2e9c-4ada-a324-569ebe155f66/tags HTTP/1.1" status: 200 len: 218 time: 0.0174725
2026-06-25 23:36:57.578 10 INFO neutron.wsgi [None req-d2bef0f5-fde7-4e22-80ff-a179aeee0695 970a508b4f1f49f699003ea232e81bd4 b714da0999094927bfa699bbb56db65c - - - -] 10.0.0.23 "PUT /v2.0/policies/ba89814d-2e9c-4ada-a324-569ebe155f66/tags/green HTTP/1.1" status: 201 len: 201 time: 0.0290949
2026-06-25 23:36:57.598 10 INFO neutron.wsgi [None req-e538f7a4-4e2e-4678-a480-1e37b43adf16 970a508b4f1f49f699003ea232e81bd4 b714da0999094927bfa699bbb56db65c - - default default] 10.0.0.23 "GET /v2.0/policies/ba89814d-2e9c-4ada-a324-569ebe155f66/tags HTTP/1.1" status: 200 len: 227 time: 0.0144866
2026-06-25 23:36:57.623 10 INFO neutron.wsgi [None req-f27f0c05-c552-4878-a268-eea62258c97e 970a508b4f1f49f699003ea232e81bd4 b714da0999094927bfa699bbb56db65c - - - -] 10.0.0.23 "PUT /v2.0/policies/ba89814d-2e9c-4ada-a324-569ebe155f66/tags/red HTTP/1.1" status: 201 len: 201 time: 0.0199895
2026-06-25 23:36:57.641 10 INFO neutron.wsgi [None req-7061e667-b857-43f7-bd5e-926710723b48 970a508b4f1f49f699003ea232e81bd4 b714da0999094927bfa699bbb56db65c - - default default] 10.0.0.23 "GET /v2.0/policies/ba89814d-2e9c-4ada-a324-569ebe155f66/tags HTTP/1.1" status: 200 len: 227 time: 0.0112474
2026-06-25 23:36:57.667 10 INFO neutron.wsgi [None req-b1770aea-3fe7-4719-946d-cbbccd2033cf 970a508b4f1f49f699003ea232e81bd4 b714da0999094927bfa699bbb56db65c - - - -] 10.0.0.23 "PUT /v2.0/policies/ba89814d-2e9c-4ada-a324-569ebe155f66/tags/black.or.white HTTP/1.1" status: 201 len: 201 time: 0.0222540
2026-06-25 23:36:57.692 10 INFO neutron.wsgi [None req-23dc8e0f-95e6-4129-9406-2df5a8331ccc 970a508b4f1f49f699003ea232e81bd4 b714da0999094927bfa699bbb56db65c - - default default] 10.0.0.23 "GET /v2.0/policies/ba89814d-2e9c-4ada-a324-569ebe155f66/tags HTTP/1.1" status: 200 len: 245 time: 0.0195832
2026-06-25 23:36:57.724 10 INFO neutron.wsgi [None req-8739fe17-63df-4577-b606-eae2c891a527 970a508b4f1f49f699003ea232e81bd4 b714da0999094927bfa699bbb56db65c - - - -] 10.0.0.23 "PUT /v2.0/policies/ba89814d-2e9c-4ada-a324-569ebe155f66/tags HTTP/1.1" status: 200 len: 230 time: 0.0273194
2026-06-25 23:36:57.740 10 INFO neutron.wsgi [None req-1fa87ab0-ac3c-465e-b8fa-e5685ca6595d 970a508b4f1f49f699003ea232e81bd4 b714da0999094927bfa699bbb56db65c - - default default] 10.0.0.23 "GET /v2.0/policies/ba89814d-2e9c-4ada-a324-569ebe155f66/tags HTTP/1.1" status: 200 len: 230 time: 0.0126817
2026-06-25 23:36:57.755 10 INFO neutron.wsgi [None req-13373e64-2b94-40ee-83e1-700d14d04a5a 970a508b4f1f49f699003ea232e81bd4 b714da0999094927bfa699bbb56db65c - - default default] 10.0.0.23 "GET /v2.0/policies/ba89814d-2e9c-4ada-a324-569ebe155f66/tags/red HTTP/1.1" status: 204 len: 168 time: 0.0117285
2026-06-25 23:36:57.769 10 INFO neutron.api.v2.resource [None req-a9d02110-92c6-4487-a9fd-847717d61379 970a508b4f1f49f699003ea232e81bd4 b714da0999094927bfa699bbb56db65c - - default default] show failed (client error): The resource could not be found.
2026-06-25 23:36:57.770 10 INFO neutron.wsgi [None req-a9d02110-92c6-4487-a9fd-847717d61379 970a508b4f1f49f699003ea232e81bd4 b714da0999094927bfa699bbb56db65c - - default default] 10.0.0.23 "GET /v2.0/policies/ba89814d-2e9c-4ada-a324-569ebe155f66/tags/green HTTP/1.1" status: 404 len: 299 time: 0.0123219
2026-06-25 23:36:57.796 10 INFO neutron.wsgi [None req-69809cac-a900-49b7-9e8d-af23f9707ee7 970a508b4f1f49f699003ea232e81bd4 b714da0999094927bfa699bbb56db65c - - - -] 10.0.0.23 "DELETE /v2.0/policies/ba89814d-2e9c-4ada-a324-569ebe155f66/tags/red HTTP/1.1" status: 204 len: 168 time: 0.0227292
2026-06-25 23:36:57.813 10 INFO neutron.wsgi [None req-625a8003-a11b-4c07-aef7-270ee81218d0 970a508b4f1f49f699003ea232e81bd4 b714da0999094927bfa699bbb56db65c - - default default] 10.0.0.23 "GET /v2.0/policies/ba89814d-2e9c-4ada-a324-569ebe155f66/tags HTTP/1.1" status: 200 len: 223 time: 0.0128641
2026-06-25 23:36:57.830 10 INFO neutron.api.v2.resource [None req-65ce1162-1e4b-4d67-8cb3-9c9059207eec 970a508b4f1f49f699003ea232e81bd4 b714da0999094927bfa699bbb56db65c - - - -] delete failed (client error): The resource could not be found.
2026-06-25 23:36:57.831 10 INFO neutron.wsgi [None req-65ce1162-1e4b-4d67-8cb3-9c9059207eec 970a508b4f1f49f699003ea232e81bd4 b714da0999094927bfa699bbb56db65c - - - -] 10.0.0.23 "DELETE /v2.0/policies/ba89814d-2e9c-4ada-a324-569ebe155f66/tags/green HTTP/1.1" status: 404 len: 299 time: 0.0148134
2026-06-25 23:36:57.862 10 INFO neutron.wsgi [None req-0983f318-9e37-4522-89bc-879a931914e3 970a508b4f1f49f699003ea232e81bd4 b714da0999094927bfa699bbb56db65c - - - -] 10.0.0.23 "DELETE /v2.0/policies/ba89814d-2e9c-4ada-a324-569ebe155f66/tags HTTP/1.1" status: 204 len: 168 time: 0.0268831
2026-06-25 23:36:57.882 10 INFO neutron.wsgi [None req-ef3c1f8c-107e-4311-95d8-5ef79ed585fd 970a508b4f1f49f699003ea232e81bd4 b714da0999094927bfa699bbb56db65c - - default default] 10.0.0.23 "GET /v2.0/policies/ba89814d-2e9c-4ada-a324-569ebe155f66/tags HTTP/1.1" status: 200 len: 205 time: 0.0163047
2026-06-25 23:36:57.933 10 INFO neutron.wsgi [None req-dade8bf8-3c89-4ec4-b9a7-f8e23563ad96 970a508b4f1f49f699003ea232e81bd4 b714da0999094927bfa699bbb56db65c - - - -] 10.0.0.23 "DELETE /v2.0/qos/policies/ba89814d-2e9c-4ada-a324-569ebe155f66 HTTP/1.1" status: 204 len: 168 time: 0.0457273
2026-06-25 23:36:58.867 9 INFO neutron.db.ovn_revision_numbers_db [None req-e597970a-ae7d-4caf-84fe-c64bafa89eec eb385586f3e7424ca61f8366f483a2e1 5e6f572533a8440b9f7d5c9b69bf8a4b - - default default] Successfully bumped revision number for resource 77e02bf7-3b4d-4392-80d9-5cc312a86012 (type: security_groups) to 1
2026-06-25 23:36:58.889 9 INFO neutron.wsgi [None req-e597970a-ae7d-4caf-84fe-c64bafa89eec eb385586f3e7424ca61f8366f483a2e1 5e6f572533a8440b9f7d5c9b69bf8a4b - - default default] 10.0.0.23 "GET /v2.0/security-groups?tenant_id=5e8ea3aa368b4baeb52b61cc131b0974&name=default HTTP/1.1" status: 200 len: 3000 time: 0.2615173
2026-06-25 23:36:59.113 9 INFO neutron.wsgi [None req-73ae8f29-6a31-40de-b70a-fe6daae34769 eb385586f3e7424ca61f8366f483a2e1 5e6f572533a8440b9f7d5c9b69bf8a4b - - - -] 10.0.0.23 "DELETE /v2.0/security-groups/77e02bf7-3b4d-4392-80d9-5cc312a86012 HTTP/1.1" status: 204 len: 168 time: 0.2175374
2026-06-25 23:36:59.338 10 INFO neutron.db.ovn_revision_numbers_db [None req-2c8e7069-6a48-49c9-a626-36edb73dd68f eb385586f3e7424ca61f8366f483a2e1 5e6f572533a8440b9f7d5c9b69bf8a4b - - default default] Successfully bumped revision number for resource f1c0e30a-cc09-4e4b-b423-0455aac6081b (type: security_groups) to 1
2026-06-25 23:36:59.375 10 INFO neutron.wsgi [None req-2c8e7069-6a48-49c9-a626-36edb73dd68f eb385586f3e7424ca61f8366f483a2e1 5e6f572533a8440b9f7d5c9b69bf8a4b - - default default] 10.0.0.23 "GET /v2.0/security-groups?tenant_id=b714da0999094927bfa699bbb56db65c&name=default HTTP/1.1" status: 200 len: 3000 time: 0.1637242
2026-06-25 23:36:59.565 9 INFO neutron.wsgi [None req-75ece081-9eef-4057-ad03-9e2e74750f30 eb385586f3e7424ca61f8366f483a2e1 5e6f572533a8440b9f7d5c9b69bf8a4b - - - -] 10.0.0.23 "DELETE /v2.0/security-groups/f1c0e30a-cc09-4e4b-b423-0455aac6081b HTTP/1.1" status: 204 len: 168 time: 0.1812708
2026-06-25 23:37:01.194 15 INFO neutron.plugins.ml2.drivers.ovn.mech_driver.ovsdb.maintenance [None req-e0ae1a8e-0d17-44bf-a099-d740348fc88d - - - - - -] Maintenance task: Synchronization finished (took 0.34 seconds)
2026-06-25 23:37:02.886 10 INFO neutron.wsgi [req-76fcd023-074e-4112-b3f9-15973e051b5f req-dcd529b9-98f4-44bf-a693-0f965a839a6e 143c65c7298446e681cd119dc2c0a3b2 6f1c8f48b77349a8adaa6d1ed7cf1c6e - - b086645a873745aabf57b5e0cf146ab9 b086645a873745aabf57b5e0cf146ab9] 10.0.0.137 "GET /v2.0/ports?device_id=57dde641-66b5-405d-b2d1-c8aea9eed614 HTTP/1.1" status: 200 len: 1594 time: 0.0416255
2026-06-25 23:37:02.931 10 INFO neutron.wsgi [-] 10.0.0.37 "GET / HTTP/1.1" status: 200 len: 247 time: 0.0014684
2026-06-25 23:37:02.934 9 INFO neutron.wsgi [-] 10.0.0.37 "GET / HTTP/1.1" status: 200 len: 247 time: 0.0032732
2026-06-25 23:37:02.935 10 INFO neutron.wsgi [req-76fcd023-074e-4112-b3f9-15973e051b5f req-db488669-b24e-4054-bcb7-82047a76c66b 143c65c7298446e681cd119dc2c0a3b2 6f1c8f48b77349a8adaa6d1ed7cf1c6e - - b086645a873745aabf57b5e0cf146ab9 b086645a873745aabf57b5e0cf146ab9] 10.0.0.137 "GET /v2.0/security-groups?id=1ca2b18f-f0fe-45f3-8d57-b359e4511924&fields=id&fields=name HTTP/1.1" status: 200 len: 311 time: 0.0409503
2026-06-25 23:37:03.261 9 INFO neutron.db.ovn_revision_numbers_db [None req-c7291303-dc7e-45f5-ba31-1db5e18d8471 e64a1bf948074c439f3116559c8febb4 3e98202e7b394136a8a2b31c730976e3 - - - -] Successfully bumped revision number for resource 31ddb67c-d898-4250-9327-42db2b44696e (type: routers) to 1
2026-06-25 23:37:03.282 9 INFO neutron.wsgi [None req-c7291303-dc7e-45f5-ba31-1db5e18d8471 e64a1bf948074c439f3116559c8febb4 3e98202e7b394136a8a2b31c730976e3 - - - -] 10.0.0.23 "POST /v2.0/routers HTTP/1.1" status: 201 len: 654 time: 0.4163110
2026-06-25 23:37:03.352 10 INFO neutron.wsgi [None req-cd93a48f-d32d-46ee-bf74-f84ceaea7475 e64a1bf948074c439f3116559c8febb4 3e98202e7b394136a8a2b31c730976e3 - - - -] 10.0.0.23 "PUT /v2.0/routers/31ddb67c-d898-4250-9327-42db2b44696e/tags HTTP/1.1" status: 200 len: 218 time: 0.0641091
2026-06-25 23:37:03.420 10 INFO neutron.wsgi [None req-c073b467-8b39-4b78-ac3c-df72d4b0c630 e64a1bf948074c439f3116559c8febb4 3e98202e7b394136a8a2b31c730976e3 - - default default] 10.0.0.23 "GET /v2.0/routers/31ddb67c-d898-4250-9327-42db2b44696e/tags HTTP/1.1" status: 200 len: 218 time: 0.0632024
2026-06-25 23:37:03.494 10 INFO neutron.wsgi [None req-78d8eb09-7602-426c-b49f-6ef7d55f73a7 e64a1bf948074c439f3116559c8febb4 3e98202e7b394136a8a2b31c730976e3 - - - -] 10.0.0.23 "PUT /v2.0/routers/31ddb67c-d898-4250-9327-42db2b44696e/tags/green HTTP/1.1" status: 201 len: 201 time: 0.0676858
2026-06-25 23:37:03.552 9 INFO neutron.wsgi [None req-a5e48504-d18d-4245-a42b-42a15d4a406d e64a1bf948074c439f3116559c8febb4 3e98202e7b394136a8a2b31c730976e3 - - default default] 10.0.0.23 "GET /v2.0/routers/31ddb67c-d898-4250-9327-42db2b44696e/tags HTTP/1.1" status: 200 len: 227 time: 0.0510051
2026-06-25 23:37:03.621 9 INFO neutron.wsgi [None req-fe6b36ae-26ee-4ea2-a732-852a91fe0676 e64a1bf948074c439f3116559c8febb4 3e98202e7b394136a8a2b31c730976e3 - - - -] 10.0.0.23 "PUT /v2.0/routers/31ddb67c-d898-4250-9327-42db2b44696e/tags/red HTTP/1.1" status: 201 len: 201 time: 0.0625858
2026-06-25 23:37:03.686 9 INFO neutron.wsgi [None req-a9fcf520-aeb3-401b-8aa6-53af732f7ab2 e64a1bf948074c439f3116559c8febb4 3e98202e7b394136a8a2b31c730976e3 - - default default] 10.0.0.23 "GET /v2.0/routers/31ddb67c-d898-4250-9327-42db2b44696e/tags HTTP/1.1" status: 200 len: 227 time: 0.0591362
2026-06-25 23:37:03.770 9 INFO neutron.wsgi [None req-893e4f7c-aba0-434c-9a79-0fbb9c993a49 e64a1bf948074c439f3116559c8febb4 3e98202e7b394136a8a2b31c730976e3 - - - -] 10.0.0.23 "PUT /v2.0/routers/31ddb67c-d898-4250-9327-42db2b44696e/tags/black.or.white HTTP/1.1" status: 201 len: 201 time: 0.0787144
2026-06-25 23:37:03.835 9 INFO neutron.wsgi [None req-b4ef1014-90ac-45bd-a958-5d9793e31164 e64a1bf948074c439f3116559c8febb4 3e98202e7b394136a8a2b31c730976e3 - - default default] 10.0.0.23 "GET /v2.0/routers/31ddb67c-d898-4250-9327-42db2b44696e/tags HTTP/1.1" status: 200 len: 245 time: 0.0593684
2026-06-25 23:37:03.903 9 INFO neutron.wsgi [None req-3c68a424-5b23-4f4d-ab2b-37e76804c2a4 e64a1bf948074c439f3116559c8febb4 3e98202e7b394136a8a2b31c730976e3 - - - -] 10.0.0.23 "PUT /v2.0/routers/31ddb67c-d898-4250-9327-42db2b44696e/tags HTTP/1.1" status: 200 len: 230 time: 0.0623245
2026-06-25 23:37:03.957 9 INFO neutron.wsgi [None req-3f38b730-2f50-438a-aecd-4b6a96df96dd e64a1bf948074c439f3116559c8febb4 3e98202e7b394136a8a2b31c730976e3 - - default default] 10.0.0.23 "GET /v2.0/routers/31ddb67c-d898-4250-9327-42db2b44696e/tags HTTP/1.1" status: 200 len: 230 time: 0.0479758
2026-06-25 23:37:04.008 9 INFO neutron.wsgi [None req-f0b555c3-b6f4-4b27-9944-0d3d284b2670 e64a1bf948074c439f3116559c8febb4 3e98202e7b394136a8a2b31c730976e3 - - default default] 10.0.0.23 "GET /v2.0/routers/31ddb67c-d898-4250-9327-42db2b44696e/tags/red HTTP/1.1" status: 204 len: 168 time: 0.0446966
2026-06-25 23:37:04.074 9 INFO neutron.api.v2.resource [None req-ef4c5253-1609-4b59-89ff-f3d5aaf7ba09 e64a1bf948074c439f3116559c8febb4 3e98202e7b394136a8a2b31c730976e3 - - default default] show failed (client error): The resource could not be found.
2026-06-25 23:37:04.076 9 INFO neutron.wsgi [None req-ef4c5253-1609-4b59-89ff-f3d5aaf7ba09 e64a1bf948074c439f3116559c8febb4 3e98202e7b394136a8a2b31c730976e3 - - default default] 10.0.0.23 "GET /v2.0/routers/31ddb67c-d898-4250-9327-42db2b44696e/tags/green HTTP/1.1" status: 404 len: 299 time: 0.0626504
2026-06-25 23:37:04.140 9 INFO neutron.wsgi [None req-880a136b-9c1d-499b-8b91-612db9c8bad4 e64a1bf948074c439f3116559c8febb4 3e98202e7b394136a8a2b31c730976e3 - - - -] 10.0.0.23 "DELETE /v2.0/routers/31ddb67c-d898-4250-9327-42db2b44696e/tags/red HTTP/1.1" status: 204 len: 168 time: 0.0595179
2026-06-25 23:37:04.203 10 INFO neutron.wsgi [None req-5c9299c3-1646-41f5-a585-d306698f9f9a e64a1bf948074c439f3116559c8febb4 3e98202e7b394136a8a2b31c730976e3 - - default default] 10.0.0.23 "GET /v2.0/routers/31ddb67c-d898-4250-9327-42db2b44696e/tags HTTP/1.1" status: 200 len: 223 time: 0.0564194
2026-06-25 23:37:04.268 10 INFO neutron.api.v2.resource [None req-c62238f1-62ae-4740-b05b-48bd2b71672f e64a1bf948074c439f3116559c8febb4 3e98202e7b394136a8a2b31c730976e3 - - - -] delete failed (client error): The resource could not be found.
2026-06-25 23:37:04.269 10 INFO neutron.wsgi [None req-c62238f1-62ae-4740-b05b-48bd2b71672f e64a1bf948074c439f3116559c8febb4 3e98202e7b394136a8a2b31c730976e3 - - - -] 10.0.0.23 "DELETE /v2.0/routers/31ddb67c-d898-4250-9327-42db2b44696e/tags/green HTTP/1.1" status: 404 len: 299 time: 0.0595572
2026-06-25 23:37:04.362 10 INFO neutron.wsgi [None req-e8e2f0f6-3ca8-4eea-a5d9-4ee5ee33fa0f e64a1bf948074c439f3116559c8febb4 3e98202e7b394136a8a2b31c730976e3 - - - -] 10.0.0.23 "DELETE /v2.0/routers/31ddb67c-d898-4250-9327-42db2b44696e/tags HTTP/1.1" status: 204 len: 168 time: 0.0837870
2026-06-25 23:37:04.419 10 INFO neutron.wsgi [None req-02e52c94-6df1-4082-904e-5441345cdbda e64a1bf948074c439f3116559c8febb4 3e98202e7b394136a8a2b31c730976e3 - - default default] 10.0.0.23 "GET /v2.0/routers/31ddb67c-d898-4250-9327-42db2b44696e/tags HTTP/1.1" status: 200 len: 205 time: 0.0490618
2026-06-25 23:37:04.487 10 INFO neutron.wsgi [None req-3749ae3e-1ce7-4d75-9bb8-1255e9b8473e e64a1bf948074c439f3116559c8febb4 3e98202e7b394136a8a2b31c730976e3 - - default default] 10.0.0.23 "GET /v2.0/routers/31ddb67c-d898-4250-9327-42db2b44696e HTTP/1.1" status: 200 len: 655 time: 0.0545576
2026-06-25 23:37:05.591 10 INFO neutron.db.ovn_revision_numbers_db [None req-fa45fc3a-3fd5-4be7-882b-10d89b74f4eb e64a1bf948074c439f3116559c8febb4 3e98202e7b394136a8a2b31c730976e3 - - - -] Successfully bumped revision number for resource 31ddb67c-d898-4250-9327-42db2b44696e (type: routers) to 9
2026-06-25 23:37:05.596 10 INFO neutron.wsgi [None req-fa45fc3a-3fd5-4be7-882b-10d89b74f4eb e64a1bf948074c439f3116559c8febb4 3e98202e7b394136a8a2b31c730976e3 - - - -] 10.0.0.23 "PUT /v2.0/routers/31ddb67c-d898-4250-9327-42db2b44696e HTTP/1.1" status: 200 len: 655 time: 1.1031010
2026-06-25 23:37:05.627 10 INFO neutron.wsgi [None req-8baeaefc-c869-4b9c-a5f2-57b6d6e1713e e64a1bf948074c439f3116559c8febb4 3e98202e7b394136a8a2b31c730976e3 - - default default] 10.0.0.23 "GET /v2.0/ports?device_id=31ddb67c-d898-4250-9327-42db2b44696e HTTP/1.1" status: 200 len: 205 time: 0.0247271
2026-06-25 23:37:05.881 10 INFO neutron.wsgi [None req-75aef2f4-5985-4a48-b67f-aa68399d6d62 e64a1bf948074c439f3116559c8febb4 3e98202e7b394136a8a2b31c730976e3 - - - -] 10.0.0.23 "DELETE /v2.0/routers/31ddb67c-d898-4250-9327-42db2b44696e HTTP/1.1" status: 204 len: 168 time: 0.2503102
2026-06-25 23:37:06.049 9 INFO neutron.wsgi [None req-6e0d813c-f990-46c0-956d-9828011290cf 09a0dcd124604f34bf03ed23723effed 268317aa7b8c4a53bae8f71d9c5a98de - - default default] 10.0.0.23 "GET /v2.0/subnets/7fe49b7b-3041-4f4c-a532-2679b71a2d20 HTTP/1.1" status: 200 len: 845 time: 0.0399506
2026-06-25 23:37:06.791 10 INFO neutron.wsgi [None req-f745ddf4-54ac-44b8-8930-fb706faa7f72 eb385586f3e7424ca61f8366f483a2e1 5e6f572533a8440b9f7d5c9b69bf8a4b - - default default] 10.0.0.84 "GET /v2.0/extensions/security-group HTTP/1.1" status: 200 len: 369 time: 0.1221402
2026-06-25 23:37:06.806 10 INFO neutron.wsgi [None req-b84eed02-6a1b-48a9-99eb-adfd2bcc3bb7 eb385586f3e7424ca61f8366f483a2e1 5e6f572533a8440b9f7d5c9b69bf8a4b - - default default] 10.0.0.84 "GET /v2.0/extensions/dns-integration HTTP/1.1" status: 200 len: 371 time: 0.0067914
2026-06-25 23:37:06.821 10 INFO neutron.wsgi [None req-e27145bf-6cd6-4e8a-b90d-8707eeffab24 eb385586f3e7424ca61f8366f483a2e1 5e6f572533a8440b9f7d5c9b69bf8a4b - - default default] 10.0.0.84 "GET /v2.0/extensions/qos HTTP/1.1" status: 200 len: 365 time: 0.0060079
2026-06-25 23:37:06.833 10 INFO neutron.wsgi [None req-e2b795d8-3947-4b1a-9e6c-2cb820d93730 eb385586f3e7424ca61f8366f483a2e1 5e6f572533a8440b9f7d5c9b69bf8a4b - - default default] 10.0.0.84 "GET /v2.0/extensions/allowed-address-pairs HTTP/1.1" status: 200 len: 383 time: 0.0070450
2026-06-25 23:37:06.851 10 INFO neutron.db.ovn_revision_numbers_db [None req-94eaa2e8-8fc8-41d1-be9c-73abfa55ca49 eb385586f3e7424ca61f8366f483a2e1 5e6f572533a8440b9f7d5c9b69bf8a4b - - default default] Successfully bumped revision number for resource 1d995e65-6f1e-4297-bb42-378a229ba4b3 (type: security_groups) to 1
2026-06-25 23:37:06.876 10 INFO neutron.wsgi [None req-94eaa2e8-8fc8-41d1-be9c-73abfa55ca49 eb385586f3e7424ca61f8366f483a2e1 5e6f572533a8440b9f7d5c9b69bf8a4b - - default default] 10.0.0.23 "GET /v2.0/security-groups?tenant_id=3e98202e7b394136a8a2b31c730976e3&name=default HTTP/1.1" status: 200 len: 3000 time: 0.2629693
2026-06-25 23:37:07.117 10 INFO neutron.wsgi [None req-a5ecd3cd-7963-4bbb-90eb-3d9498775f0d eb385586f3e7424ca61f8366f483a2e1 5e6f572533a8440b9f7d5c9b69bf8a4b - - - -] 10.0.0.23 "DELETE /v2.0/security-groups/1d995e65-6f1e-4297-bb42-378a229ba4b3 HTTP/1.1" status: 204 len: 168 time: 0.2338076
2026-06-25 23:37:07.358 9 INFO neutron.db.ovn_revision_numbers_db [None req-925e9295-d0e3-48db-ac7b-86a9f4b3320f eb385586f3e7424ca61f8366f483a2e1 5e6f572533a8440b9f7d5c9b69bf8a4b - - default default] Successfully bumped revision number for resource d06f2e84-a736-4263-ac7f-4330eb1b7847 (type: security_groups) to 1
2026-06-25 23:37:07.397 9 INFO neutron.wsgi [None req-925e9295-d0e3-48db-ac7b-86a9f4b3320f eb385586f3e7424ca61f8366f483a2e1 5e6f572533a8440b9f7d5c9b69bf8a4b - - default default] 10.0.0.23 "GET /v2.0/security-groups?tenant_id=1e93d87418104d3a993f1e29fb816bde&name=default HTTP/1.1" status: 200 len: 3000 time: 0.1682963
2026-06-25 23:37:07.451 10 INFO neutron.wsgi [-] 10.0.0.84 "GET / HTTP/1.1" status: 200 len: 284 time: 0.0020018
2026-06-25 23:37:07.493 10 INFO neutron.wsgi [None req-f3abba76-5c42-4c3b-a70f-f2adf2a1af05 5bd909b3c06e4f81890b480a2fad5e2b 83f71c9fea0b4201aa9f250211848d99 - - default default] 10.0.0.84 "GET /v2.0/subnets/7fe49b7b-3041-4f4c-a532-2679b71a2d20 HTTP/1.1" status: 200 len: 832 time: 0.0370066
2026-06-25 23:37:07.509 10 INFO neutron.wsgi [None req-1e460970-7e9e-4f7c-bd32-53f23230946b eb385586f3e7424ca61f8366f483a2e1 5e6f572533a8440b9f7d5c9b69bf8a4b - - default default] 10.0.0.84 "GET /v2.0/extensions/security-group HTTP/1.1" status: 200 len: 369 time: 0.0062618
2026-06-25 23:37:07.523 10 INFO neutron.wsgi [None req-4fac5194-1512-4d2e-8690-e6f7180463ad eb385586f3e7424ca61f8366f483a2e1 5e6f572533a8440b9f7d5c9b69bf8a4b - - default default] 10.0.0.84 "GET /v2.0/extensions/dns-integration HTTP/1.1" status: 200 len: 371 time: 0.0069487
2026-06-25 23:37:07.532 10 INFO neutron.wsgi [None req-5a5ca055-9120-4774-a3de-f17b46d28d1b eb385586f3e7424ca61f8366f483a2e1 5e6f572533a8440b9f7d5c9b69bf8a4b - - default default] 10.0.0.84 "GET /v2.0/extensions/qos HTTP/1.1" status: 200 len: 365 time: 0.0042245
2026-06-25 23:37:07.542 10 INFO neutron.wsgi [None req-24ad809a-bdb9-4d50-8729-2a9aedbf485d eb385586f3e7424ca61f8366f483a2e1 5e6f572533a8440b9f7d5c9b69bf8a4b - - default default] 10.0.0.84 "GET /v2.0/extensions/allowed-address-pairs HTTP/1.1" status: 200 len: 383 time: 0.0040431
2026-06-25 23:37:07.583 10 INFO neutron.wsgi [None req-51564706-abae-46be-89c0-82cff4a938ae eb385586f3e7424ca61f8366f483a2e1 5e6f572533a8440b9f7d5c9b69bf8a4b - - default default] 10.0.0.84 "GET /v2.0/subnets/7fe49b7b-3041-4f4c-a532-2679b71a2d20 HTTP/1.1" status: 200 len: 850 time: 0.0331826
2026-06-25 23:37:07.620 9 INFO neutron.wsgi [None req-efd3db0a-3b52-4702-ad52-26fa5d4dd281 eb385586f3e7424ca61f8366f483a2e1 5e6f572533a8440b9f7d5c9b69bf8a4b - - - -] 10.0.0.23 "DELETE /v2.0/security-groups/d06f2e84-a736-4263-ac7f-4330eb1b7847 HTTP/1.1" status: 204 len: 168 time: 0.2173033
2026-06-25 23:37:07.796 10 INFO neutron.wsgi [None req-e8873e7a-a229-4884-905c-4c4a0838c9b5 eb385586f3e7424ca61f8366f483a2e1 5e6f572533a8440b9f7d5c9b69bf8a4b - - default default] 10.0.0.84 "GET /v2.0/extensions/security-group HTTP/1.1" status: 200 len: 369 time: 0.0074518
2026-06-25 23:37:07.807 10 INFO neutron.wsgi [None req-d092c63e-2873-47e9-99ed-663cda5f018b eb385586f3e7424ca61f8366f483a2e1 5e6f572533a8440b9f7d5c9b69bf8a4b - - default default] 10.0.0.84 "GET /v2.0/extensions/dns-integration HTTP/1.1" status: 200 len: 371 time: 0.0043609
2026-06-25 23:37:07.817 10 INFO neutron.wsgi [None req-be9b248d-0f9e-478e-ac59-5a06ee27cbca eb385586f3e7424ca61f8366f483a2e1 5e6f572533a8440b9f7d5c9b69bf8a4b - - default default] 10.0.0.84 "GET /v2.0/extensions/qos HTTP/1.1" status: 200 len: 365 time: 0.0044801
2026-06-25 23:37:07.827 10 INFO neutron.wsgi [None req-c29bf73d-2b98-446b-be1a-e5e660f423ce eb385586f3e7424ca61f8366f483a2e1 5e6f572533a8440b9f7d5c9b69bf8a4b - - default default] 10.0.0.84 "GET /v2.0/extensions/allowed-address-pairs HTTP/1.1" status: 200 len: 383 time: 0.0050154
2026-06-25 23:37:07.884 10 INFO neutron.wsgi [None req-bc440b94-bbae-42c8-91e9-79dd285caf2c eb385586f3e7424ca61f8366f483a2e1 5e6f572533a8440b9f7d5c9b69bf8a4b - - default default] 10.0.0.84 "GET /v2.0/networks/bcaab46f-6b91-40b0-8518-899742da5621 HTTP/1.1" status: 200 len: 1001 time: 0.0499513
2026-06-25 23:37:07.900 10 INFO neutron.wsgi [None req-a88c6555-f186-45d0-9a54-6b5f0f53d01d eb385586f3e7424ca61f8366f483a2e1 5e6f572533a8440b9f7d5c9b69bf8a4b - - default default] 10.0.0.84 "GET /v2.0/extensions/project-id HTTP/1.1" status: 200 len: 403 time: 0.0077505
2026-06-25 23:37:08.199 10 WARNING neutron.scheduler.dhcp_agent_scheduler [None req-af9f9756-8d1d-48cb-baaf-33b99e23b06e eb385586f3e7424ca61f8366f483a2e1 5e6f572533a8440b9f7d5c9b69bf8a4b - - - -] No more DHCP agents
2026-06-25 23:37:08.201 10 WARNING neutron.api.rpc.agentnotifiers.dhcp_rpc_agent_api [None req-af9f9756-8d1d-48cb-baaf-33b99e23b06e eb385586f3e7424ca61f8366f483a2e1 5e6f572533a8440b9f7d5c9b69bf8a4b - - - -] Unable to schedule network bcaab46f-6b91-40b0-8518-899742da5621: no agents available; will retry on subsequent port and subnet creation events.
2026-06-25 23:37:08.368 10 INFO neutron.db.ovn_revision_numbers_db [None req-af9f9756-8d1d-48cb-baaf-33b99e23b06e eb385586f3e7424ca61f8366f483a2e1 5e6f572533a8440b9f7d5c9b69bf8a4b - - - -] Successfully bumped revision number for resource 5edb32fb-db4c-43d9-bcf7-4128d3ef1ddc (type: ports) to 1
2026-06-25 23:37:08.399 10 INFO neutron.wsgi [None req-af9f9756-8d1d-48cb-baaf-33b99e23b06e eb385586f3e7424ca61f8366f483a2e1 5e6f572533a8440b9f7d5c9b69bf8a4b - - - -] 10.0.0.84 "POST /v2.0/ports HTTP/1.1" status: 201 len: 1333 time: 0.4922605 /var/lib/openstack/lib/python3.10/site-packages/pycadf/identifier.py:71: UserWarning: Invalid uuid: neutron. To ensure interoperability, identifiers should be a valid uuid. warnings.warn(('Invalid uuid: %s. To ensure interoperability, '
2026-06-25 23:37:10.066 10 INFO neutron.wsgi [None req-c3e88043-cff2-43b4-8d28-dc833b68f735 eb385586f3e7424ca61f8366f483a2e1 5e6f572533a8440b9f7d5c9b69bf8a4b - - default default] 199.19.213.169 "GET /v2.0/extensions/security-group HTTP/1.1" status: 200 len: 369 time: 0.1635416
2026-06-25 23:37:10.080 10 INFO neutron.wsgi [None req-3e0fca19-d580-4793-9c2f-704c99f500cf eb385586f3e7424ca61f8366f483a2e1 5e6f572533a8440b9f7d5c9b69bf8a4b - - default default] 199.19.213.169 "GET /v2.0/extensions/dns-integration HTTP/1.1" status: 200 len: 371 time: 0.0072300
2026-06-25 23:37:10.092 10 INFO neutron.wsgi [None req-07467157-3636-4af7-b427-ea4f2eb23caf eb385586f3e7424ca61f8366f483a2e1 5e6f572533a8440b9f7d5c9b69bf8a4b - - default default] 199.19.213.169 "GET /v2.0/extensions/qos HTTP/1.1" status: 200 len: 365 time: 0.0075724
2026-06-25 23:37:10.107 10 INFO neutron.wsgi [None req-d83a72b0-3eec-4e6b-bf12-7aa98ca7037b eb385586f3e7424ca61f8366f483a2e1 5e6f572533a8440b9f7d5c9b69bf8a4b - - default default] 199.19.213.169 "GET /v2.0/extensions/allowed-address-pairs HTTP/1.1" status: 200 len: 383 time: 0.0108206
2026-06-25 23:37:10.144 10 INFO neutron.wsgi [None req-f35f3ad3-3ba8-4a06-b7ac-b524a1318753 eb385586f3e7424ca61f8366f483a2e1 5e6f572533a8440b9f7d5c9b69bf8a4b - - default default] 199.19.213.169 "GET /v2.0/ports/5edb32fb-db4c-43d9-bcf7-4128d3ef1ddc HTTP/1.1" status: 200 len: 1328 time: 0.0282121
2026-06-25 23:37:10.247 10 INFO neutron.wsgi [None req-2493021d-d6be-4028-ac18-83b9c775e2af eb385586f3e7424ca61f8366f483a2e1 5e6f572533a8440b9f7d5c9b69bf8a4b - - default default] 199.19.213.169 "GET /v2.0/extensions/security-group HTTP/1.1" status: 200 len: 369 time: 0.0067251
2026-06-25 23:37:10.256 10 INFO neutron.wsgi [None req-23a40ce9-e2cb-4748-850a-fc336108abaa eb385586f3e7424ca61f8366f483a2e1 5e6f572533a8440b9f7d5c9b69bf8a4b - - default default] 199.19.213.169 "GET /v2.0/extensions/dns-integration HTTP/1.1" status: 200 len: 371 time: 0.0064380
2026-06-25 23:37:10.268 10 INFO neutron.wsgi [None req-4e642a5f-1624-446f-8b6a-b5d56033d786 eb385586f3e7424ca61f8366f483a2e1 5e6f572533a8440b9f7d5c9b69bf8a4b - - default default] 199.19.213.169 "GET /v2.0/extensions/qos HTTP/1.1" status: 200 len: 365 time: 0.0070832
2026-06-25 23:37:10.284 10 INFO neutron.wsgi [None req-7a49d38b-c1cd-4682-930a-bf840dda8899 eb385586f3e7424ca61f8366f483a2e1 5e6f572533a8440b9f7d5c9b69bf8a4b - - default default] 199.19.213.169 "GET /v2.0/extensions/allowed-address-pairs HTTP/1.1" status: 200 len: 383 time: 0.0105627
2026-06-25 23:37:10.326 10 INFO neutron.wsgi [None req-2daa92bf-b624-4883-b261-5de63644e58c eb385586f3e7424ca61f8366f483a2e1 5e6f572533a8440b9f7d5c9b69bf8a4b - - default default] 199.19.213.169 "GET /v2.0/security-groups?name=lb-be694100-ea8d-486b-9f41-f09a78c4a107 HTTP/1.1" status: 200 len: 221 time: 0.0363748
2026-06-25 23:37:10.438 10 INFO neutron.db.ovn_revision_numbers_db [None req-f4c30926-2a50-4ea4-ae0b-3b2a48ddd955 eb385586f3e7424ca61f8366f483a2e1 5e6f572533a8440b9f7d5c9b69bf8a4b - - - -] Successfully bumped revision number for resource 5cbb109a-6525-41e0-8601-3e08af10156b (type: security_groups) to 1
2026-06-25 23:37:10.457 10 INFO neutron.wsgi [None req-f4c30926-2a50-4ea4-ae0b-3b2a48ddd955 eb385586f3e7424ca61f8366f483a2e1 5e6f572533a8440b9f7d5c9b69bf8a4b - - - -] 199.19.213.169 "POST /v2.0/security-groups HTTP/1.1" status: 201 len: 1779 time: 0.1258564
2026-06-25 23:37:10.497 10 INFO neutron.wsgi [None req-319d777c-ccb1-4c10-8967-e45dddfa5de7 eb385586f3e7424ca61f8366f483a2e1 5e6f572533a8440b9f7d5c9b69bf8a4b - - default default] 199.19.213.169 "GET /v2.0/security-group-rules?security_group_id=5cbb109a-6525-41e0-8601-3e08af10156b HTTP/1.1" status: 200 len: 1318 time: 0.0313103
2026-06-25 23:37:10.889 10 INFO neutron.db.ovn_revision_numbers_db [None req-ff330131-46c5-49f6-830b-1f32fc2af880 eb385586f3e7424ca61f8366f483a2e1 5e6f572533a8440b9f7d5c9b69bf8a4b - - - -] Successfully bumped revision number for resource 5edb32fb-db4c-43d9-bcf7-4128d3ef1ddc (type: ports) to 2
2026-06-25 23:37:10.897 10 INFO neutron.wsgi [None req-ff330131-46c5-49f6-830b-1f32fc2af880 eb385586f3e7424ca61f8366f483a2e1 5e6f572533a8440b9f7d5c9b69bf8a4b - - - -] 199.19.213.169 "PUT /v2.0/ports/5edb32fb-db4c-43d9-bcf7-4128d3ef1ddc HTTP/1.1" status: 200 len: 1328 time: 0.3914032 /var/lib/openstack/lib/python3.10/site-packages/pycadf/identifier.py:71: UserWarning: Invalid uuid: neutron. To ensure interoperability, identifiers should be a valid uuid. warnings.warn(('Invalid uuid: %s. To ensure interoperability, '
2026-06-25 23:37:10.915 10 INFO neutron.wsgi [None req-3fc660c0-8d8b-442c-abb7-cba3782b0d24 eb385586f3e7424ca61f8366f483a2e1 5e6f572533a8440b9f7d5c9b69bf8a4b - - default default] 199.19.213.169 "GET /v2.0/extensions/security-group HTTP/1.1" status: 200 len: 369 time: 0.0058029
2026-06-25 23:37:10.925 10 INFO neutron.wsgi [None req-03d579a5-4cd2-42ec-9aca-bdb86b225c3f eb385586f3e7424ca61f8366f483a2e1 5e6f572533a8440b9f7d5c9b69bf8a4b - - default default] 199.19.213.169 "GET /v2.0/extensions/dns-integration HTTP/1.1" status: 200 len: 371 time: 0.0056274
2026-06-25 23:37:10.939 10 INFO neutron.wsgi [None req-ec1682a9-91fa-43ae-80af-9dcfc77ae5b5 eb385586f3e7424ca61f8366f483a2e1 5e6f572533a8440b9f7d5c9b69bf8a4b - - default default] 199.19.213.169 "GET /v2.0/extensions/qos HTTP/1.1" status: 200 len: 365 time: 0.0065463
2026-06-25 23:37:10.952 10 INFO neutron.wsgi [None req-ae00b02e-ea57-49c0-99b4-e6fff259f476 eb385586f3e7424ca61f8366f483a2e1 5e6f572533a8440b9f7d5c9b69bf8a4b - - default default] 199.19.213.169 "GET /v2.0/extensions/allowed-address-pairs HTTP/1.1" status: 200 len: 383 time: 0.0070920
2026-06-25 23:37:11.004 10 INFO neutron.wsgi [None req-990380b5-a865-4966-947a-172afe13129b eb385586f3e7424ca61f8366f483a2e1 5e6f572533a8440b9f7d5c9b69bf8a4b - - default default] 199.19.213.169 "GET /v2.0/subnets/7fe49b7b-3041-4f4c-a532-2679b71a2d20 HTTP/1.1" status: 200 len: 850 time: 0.0448749
2026-06-25 23:37:17.934 10 INFO neutron.wsgi [-] 10.0.0.37 "GET / HTTP/1.1" status: 200 len: 247 time: 0.0027564
2026-06-25 23:37:17.937 10 INFO neutron.wsgi [-] 10.0.0.37 "GET / HTTP/1.1" status: 200 len: 247 time: 0.0014446
2026-06-25 23:37:18.248 10 INFO neutron.wsgi [req-c50becd4-1401-4465-9ea2-c1a2b96a02b3 req-95a873f4-a219-4096-b0bb-2d76ba5436f0 eb385586f3e7424ca61f8366f483a2e1 5e6f572533a8440b9f7d5c9b69bf8a4b - - default default] 10.0.0.211 "GET /v2.0/security-groups?id=2d924afd-6b22-4806-b5d7-69966aae5a59&fields=id HTTP/1.1" status: 200 len: 267 time: 0.0418766
2026-06-25 23:37:18.326 10 INFO neutron.wsgi [req-c50becd4-1401-4465-9ea2-c1a2b96a02b3 req-804f1843-fe5d-4f1c-a0b5-68e546d4615f eb385586f3e7424ca61f8366f483a2e1 5e6f572533a8440b9f7d5c9b69bf8a4b - - default default] 10.0.0.211 "GET /v2.0/networks?id=df414cfd-5435-4016-9e81-0c20824a1a62 HTTP/1.1" status: 200 len: 936 time: 0.0696976
2026-06-25 23:37:18.344 10 INFO neutron.wsgi [req-c50becd4-1401-4465-9ea2-c1a2b96a02b3 req-500a64ea-e466-44e9-91c7-9395fed324e4 eb385586f3e7424ca61f8366f483a2e1 5e6f572533a8440b9f7d5c9b69bf8a4b - - default default] 10.0.0.211 "GET /v2.0/quotas/5e6f572533a8440b9f7d5c9b69bf8a4b HTTP/1.1" status: 200 len: 385 time: 0.0118546
2026-06-25 23:37:18.428 10 INFO neutron.wsgi [req-c50becd4-1401-4465-9ea2-c1a2b96a02b3 req-30b56def-8929-48bc-8a83-be181bcc71ce eb385586f3e7424ca61f8366f483a2e1 5e6f572533a8440b9f7d5c9b69bf8a4b - - default default] 10.0.0.211 "GET /v2.0/ports?tenant_id=5e6f572533a8440b9f7d5c9b69bf8a4b&fields=id HTTP/1.1" status: 200 len: 348 time: 0.0738657
2026-06-25 23:37:18.501 10 INFO neutron.wsgi [req-c50becd4-1401-4465-9ea2-c1a2b96a02b3 req-b9ad20c1-e6f4-4dbc-bf90-9a8c2cd8e4ef 143c65c7298446e681cd119dc2c0a3b2 6f1c8f48b77349a8adaa6d1ed7cf1c6e - - b086645a873745aabf57b5e0cf146ab9 b086645a873745aabf57b5e0cf146ab9] 10.0.0.211 "GET /v2.0/networks/df414cfd-5435-4016-9e81-0c20824a1a62?fields=segments HTTP/1.1" status: 200 len: 212 time: 0.0564995
2026-06-25 23:37:18.563 10 INFO neutron.wsgi [req-c50becd4-1401-4465-9ea2-c1a2b96a02b3 req-a20610ee-3ed1-4152-ad5a-a29ac88fd930 143c65c7298446e681cd119dc2c0a3b2 6f1c8f48b77349a8adaa6d1ed7cf1c6e - - b086645a873745aabf57b5e0cf146ab9 b086645a873745aabf57b5e0cf146ab9] 10.0.0.211 "GET /v2.0/networks/df414cfd-5435-4016-9e81-0c20824a1a62?fields=provider%3Aphysical_network&fields=provider%3Anetwork_type HTTP/1.1" status: 200 len: 277 time: 0.0528491
2026-06-25 23:37:18.922 9 INFO neutron.wsgi [req-4b93bdd6-188f-4afe-83db-75db0cc127eb req-1385a8b3-17fd-450d-bc35-81cefb0734e2 eb385586f3e7424ca61f8366f483a2e1 5e6f572533a8440b9f7d5c9b69bf8a4b - - default default] 10.0.0.211 "GET /v2.0/ports?device_id=db0799c6-fb0b-44aa-91ac-251a469eab2e HTTP/1.1" status: 200 len: 210 time: 0.0432196
2026-06-25 23:37:18.994 10 INFO neutron.wsgi [req-96a6f81d-c77b-47cf-b244-2a7f594002f2 req-f8fcdaaa-c520-4278-8f28-8937ee0d5249 eb385586f3e7424ca61f8366f483a2e1 5e6f572533a8440b9f7d5c9b69bf8a4b - - default default] 10.0.0.211 "GET /v2.0/ports?device_id=db0799c6-fb0b-44aa-91ac-251a469eab2e HTTP/1.1" status: 200 len: 210 time: 0.0284495
2026-06-25 23:37:19.736 10 INFO neutron.wsgi [req-c50becd4-1401-4465-9ea2-c1a2b96a02b3 req-b13caf35-6b16-4a33-a4b9-541638716e9f eb385586f3e7424ca61f8366f483a2e1 5e6f572533a8440b9f7d5c9b69bf8a4b - - default default] 199.19.213.169 "GET /v2.0/networks?id=df414cfd-5435-4016-9e81-0c20824a1a62 HTTP/1.1" status: 200 len: 936 time: 0.0630991
2026-06-25 23:37:19.816 10 INFO neutron.wsgi [req-c50becd4-1401-4465-9ea2-c1a2b96a02b3 req-729aa94e-b846-4467-8b8d-56516d08a4c8 eb385586f3e7424ca61f8366f483a2e1 5e6f572533a8440b9f7d5c9b69bf8a4b - - default default] 199.19.213.169 "GET /v2.0/security-groups?fields=id&fields=name&tenant_id=5e6f572533a8440b9f7d5c9b69bf8a4b HTTP/1.1" status: 200 len: 542 time: 0.0704861
2026-06-25 23:37:20.077 10 WARNING neutron.scheduler.dhcp_agent_scheduler [None req-f6c8398a-70f9-45bf-85d0-ecd8e843ba8e eb385586f3e7424ca61f8366f483a2e1 5e6f572533a8440b9f7d5c9b69bf8a4b - - - -] No more DHCP agents
2026-06-25 23:37:20.079 10 WARNING neutron.api.rpc.agentnotifiers.dhcp_rpc_agent_api [None req-f6c8398a-70f9-45bf-85d0-ecd8e843ba8e eb385586f3e7424ca61f8366f483a2e1 5e6f572533a8440b9f7d5c9b69bf8a4b - - - -] Unable to schedule network df414cfd-5435-4016-9e81-0c20824a1a62: no agents available; will retry on subsequent port and subnet creation events.
2026-06-25 23:37:20.220 10 INFO neutron.db.ovn_revision_numbers_db [None req-f6c8398a-70f9-45bf-85d0-ecd8e843ba8e eb385586f3e7424ca61f8366f483a2e1 5e6f572533a8440b9f7d5c9b69bf8a4b - - - -] Successfully bumped revision number for resource d3203adc-bad1-4870-95c7-a4879842a6e1 (type: ports) to 1
2026-06-25 23:37:20.239 10 INFO neutron.wsgi [None req-f6c8398a-70f9-45bf-85d0-ecd8e843ba8e eb385586f3e7424ca61f8366f483a2e1 5e6f572533a8440b9f7d5c9b69bf8a4b - - - -] 199.19.213.169 "POST /v2.0/ports HTTP/1.1" status: 201 len: 1283 time: 0.4181032 /var/lib/openstack/lib/python3.10/site-packages/pycadf/identifier.py:71: UserWarning: Invalid uuid: neutron. To ensure interoperability, identifiers should be a valid uuid. warnings.warn(('Invalid uuid: %s. To ensure interoperability, '
2026-06-25 23:37:20.980 10 INFO neutron.db.ovn_revision_numbers_db [None req-9b19892e-63f5-453f-9dca-e5576212caf7 143c65c7298446e681cd119dc2c0a3b2 6f1c8f48b77349a8adaa6d1ed7cf1c6e - - - -] Successfully bumped revision number for resource d3203adc-bad1-4870-95c7-a4879842a6e1 (type: ports) to 2 /var/lib/openstack/lib/python3.10/site-packages/pycadf/identifier.py:71: UserWarning: Invalid uuid: neutron. To ensure interoperability, identifiers should be a valid uuid. warnings.warn(('Invalid uuid: %s. To ensure interoperability, '
2026-06-25 23:37:21.192 10 INFO neutron.wsgi [req-22c94b07-fbff-43b4-9e64-26ada4d2cf39 req-7edd8e02-89a0-48dd-9fb2-b97c964f4924 eb385586f3e7424ca61f8366f483a2e1 5e6f572533a8440b9f7d5c9b69bf8a4b - - default default] 10.0.0.211 "GET /v2.0/ports?device_id=db0799c6-fb0b-44aa-91ac-251a469eab2e HTTP/1.1" status: 200 len: 1363 time: 0.0384707
2026-06-25 23:37:21.196 10 INFO neutron.db.ovn_revision_numbers_db [None req-9b19892e-63f5-453f-9dca-e5576212caf7 143c65c7298446e681cd119dc2c0a3b2 6f1c8f48b77349a8adaa6d1ed7cf1c6e - - - -] Successfully bumped revision number for resource d3203adc-bad1-4870-95c7-a4879842a6e1 (type: ports) to 2
2026-06-25 23:37:21.219 10 INFO neutron.wsgi [None req-9b19892e-63f5-453f-9dca-e5576212caf7 143c65c7298446e681cd119dc2c0a3b2 6f1c8f48b77349a8adaa6d1ed7cf1c6e - - - -] 199.19.213.169 "PUT /v2.0/ports/d3203adc-bad1-4870-95c7-a4879842a6e1 HTTP/1.1" status: 200 len: 1332 time: 0.9701445
2026-06-25 23:37:21.236 10 INFO neutron.wsgi [req-22c94b07-fbff-43b4-9e64-26ada4d2cf39 req-0767ec2c-55b6-4720-b9a2-815634722b54 eb385586f3e7424ca61f8366f483a2e1 5e6f572533a8440b9f7d5c9b69bf8a4b - - default default] 10.0.0.211 "GET /v2.0/security-groups?id=2d924afd-6b22-4806-b5d7-69966aae5a59&fields=id&fields=name HTTP/1.1" status: 200 len: 294 time: 0.0345919
2026-06-25 23:37:21.256 10 INFO neutron.notifiers.nova [-] Nova event matching ['req-039c08c2-1e9a-4ced-b8a1-420e241f124d'] response: {'name': 'network-changed', 'server_uuid': 'db0799c6-fb0b-44aa-91ac-251a469eab2e', 'tag': 'd3203adc-bad1-4870-95c7-a4879842a6e1', 'status': 'completed', 'code': 200}
2026-06-25 23:37:21.283 10 INFO neutron.wsgi [req-c50becd4-1401-4465-9ea2-c1a2b96a02b3 req-d336eb5e-c72a-4084-b9a5-2c79789c1fd1 143c65c7298446e681cd119dc2c0a3b2 6f1c8f48b77349a8adaa6d1ed7cf1c6e - - b086645a873745aabf57b5e0cf146ab9 b086645a873745aabf57b5e0cf146ab9] 199.19.213.169 "GET /v2.0/ports?tenant_id=5e6f572533a8440b9f7d5c9b69bf8a4b&device_id=db0799c6-fb0b-44aa-91ac-251a469eab2e HTTP/1.1" status: 200 len: 1363 time: 0.0295029
2026-06-25 23:37:21.322 10 INFO neutron.wsgi [req-c50becd4-1401-4465-9ea2-c1a2b96a02b3 req-29025305-2c3e-45d8-bb6f-f80d2b5294b2 143c65c7298446e681cd119dc2c0a3b2 6f1c8f48b77349a8adaa6d1ed7cf1c6e - - b086645a873745aabf57b5e0cf146ab9 b086645a873745aabf57b5e0cf146ab9] 199.19.213.169 "GET /v2.0/floatingips?fixed_ip_address=172.24.3.92&port_id=d3203adc-bad1-4870-95c7-a4879842a6e1 HTTP/1.1" status: 200 len: 217 time: 0.0271089
2026-06-25 23:37:21.372 10 INFO neutron.wsgi [req-f4e63445-7808-4216-ac57-512d3f625770 req-5c12855b-dd7f-4279-a414-da51cb52cc01 eb385586f3e7424ca61f8366f483a2e1 5e6f572533a8440b9f7d5c9b69bf8a4b - - default default] 10.0.0.211 "GET /v2.0/ports?device_id=db0799c6-fb0b-44aa-91ac-251a469eab2e HTTP/1.1" status: 200 len: 1363 time: 0.0460520
2026-06-25 23:37:21.383 10 INFO neutron.wsgi [req-c50becd4-1401-4465-9ea2-c1a2b96a02b3 req-dd30379d-82ce-480e-9d91-4fe97c2f0e7e 143c65c7298446e681cd119dc2c0a3b2 6f1c8f48b77349a8adaa6d1ed7cf1c6e - - b086645a873745aabf57b5e0cf146ab9 b086645a873745aabf57b5e0cf146ab9] 199.19.213.169 "GET /v2.0/subnets?id=c900c280-b2fd-4b7e-b285-762fda8aff92 HTTP/1.1" status: 200 len: 829 time: 0.0500884
2026-06-25 23:37:21.429 10 INFO neutron.wsgi [req-c50becd4-1401-4465-9ea2-c1a2b96a02b3 req-a32274ad-c693-4487-bfc1-49092fb1dcb2 143c65c7298446e681cd119dc2c0a3b2 6f1c8f48b77349a8adaa6d1ed7cf1c6e - - b086645a873745aabf57b5e0cf146ab9 b086645a873745aabf57b5e0cf146ab9] 199.19.213.169 "GET /v2.0/ports?network_id=df414cfd-5435-4016-9e81-0c20824a1a62&device_owner=network%3Adhcp HTTP/1.1" status: 200 len: 210 time: 0.0392675
2026-06-25 23:37:21.516 10 INFO neutron.wsgi [req-c50becd4-1401-4465-9ea2-c1a2b96a02b3 req-52130ac0-ad54-493f-bf82-9357666c9c44 143c65c7298446e681cd119dc2c0a3b2 6f1c8f48b77349a8adaa6d1ed7cf1c6e - - b086645a873745aabf57b5e0cf146ab9 b086645a873745aabf57b5e0cf146ab9] 199.19.213.169 "GET /v2.0/networks/df414cfd-5435-4016-9e81-0c20824a1a62?fields=segments HTTP/1.1" status: 200 len: 212 time: 0.0796294
2026-06-25 23:37:21.593 10 INFO neutron.wsgi [req-c50becd4-1401-4465-9ea2-c1a2b96a02b3 req-77176a2b-ea18-4562-b337-86f3ccde2deb 143c65c7298446e681cd119dc2c0a3b2 6f1c8f48b77349a8adaa6d1ed7cf1c6e - - b086645a873745aabf57b5e0cf146ab9 b086645a873745aabf57b5e0cf146ab9] 199.19.213.169 "GET /v2.0/networks/df414cfd-5435-4016-9e81-0c20824a1a62?fields=provider%3Aphysical_network&fields=provider%3Anetwork_type HTTP/1.1" status: 200 len: 277 time: 0.0672874
2026-06-25 23:37:21.685 10 INFO neutron.wsgi [req-6c801540-6f21-443b-abec-7cfbe1d4333e req-0e657335-d4f5-40d7-8b0f-123feb2158e0 143c65c7298446e681cd119dc2c0a3b2 6f1c8f48b77349a8adaa6d1ed7cf1c6e - - b086645a873745aabf57b5e0cf146ab9 b086645a873745aabf57b5e0cf146ab9] 199.19.213.169 "GET /v2.0/ports?tenant_id=5e6f572533a8440b9f7d5c9b69bf8a4b&device_id=db0799c6-fb0b-44aa-91ac-251a469eab2e HTTP/1.1" status: 200 len: 1363 time: 0.0345306
2026-06-25 23:37:21.773 10 INFO neutron.wsgi [req-6c801540-6f21-443b-abec-7cfbe1d4333e req-f3b9b03e-6fdc-47ce-949c-74e5eb40ebdb 143c65c7298446e681cd119dc2c0a3b2 6f1c8f48b77349a8adaa6d1ed7cf1c6e - - b086645a873745aabf57b5e0cf146ab9 b086645a873745aabf57b5e0cf146ab9] 199.19.213.169 "GET /v2.0/networks?id=df414cfd-5435-4016-9e81-0c20824a1a62 HTTP/1.1" status: 200 len: 936 time: 0.0753920
2026-06-25 23:37:22.051 10 INFO neutron.wsgi [req-6c801540-6f21-443b-abec-7cfbe1d4333e req-4aff3f44-bfa2-4ddb-96aa-2ed3af64ec85 143c65c7298446e681cd119dc2c0a3b2 6f1c8f48b77349a8adaa6d1ed7cf1c6e - - b086645a873745aabf57b5e0cf146ab9 b086645a873745aabf57b5e0cf146ab9] 199.19.213.169 "GET /v2.0/floatingips?fixed_ip_address=172.24.3.92&port_id=d3203adc-bad1-4870-95c7-a4879842a6e1 HTTP/1.1" status: 200 len: 217 time: 0.0288589
2026-06-25 23:37:22.112 10 INFO neutron.wsgi [req-6c801540-6f21-443b-abec-7cfbe1d4333e req-b7c6f8aa-5ad9-4ea2-9f3d-14e70d7658ca 143c65c7298446e681cd119dc2c0a3b2 6f1c8f48b77349a8adaa6d1ed7cf1c6e - - b086645a873745aabf57b5e0cf146ab9 b086645a873745aabf57b5e0cf146ab9] 199.19.213.169 "GET /v2.0/subnets?id=c900c280-b2fd-4b7e-b285-762fda8aff92 HTTP/1.1" status: 200 len: 829 time: 0.0498102
2026-06-25 23:37:22.130 9 INFO neutron.wsgi [req-19c586a7-853d-44fa-a5b7-c3ce4d977c59 req-71c1ae01-ccf9-43a1-a6c0-8e5b97d12bf7 143c65c7298446e681cd119dc2c0a3b2 6f1c8f48b77349a8adaa6d1ed7cf1c6e - - b086645a873745aabf57b5e0cf146ab9 b086645a873745aabf57b5e0cf146ab9] 199.19.213.169 "GET /v2.0/ports?device_id=db0799c6-fb0b-44aa-91ac-251a469eab2e HTTP/1.1" status: 200 len: 1363 time: 0.0385239
2026-06-25 23:37:22.155 10 INFO neutron.wsgi [req-6c801540-6f21-443b-abec-7cfbe1d4333e req-0b16efad-8a9f-4704-b0fb-c70c721402b8 143c65c7298446e681cd119dc2c0a3b2 6f1c8f48b77349a8adaa6d1ed7cf1c6e - - b086645a873745aabf57b5e0cf146ab9 b086645a873745aabf57b5e0cf146ab9] 199.19.213.169 "GET /v2.0/ports?network_id=df414cfd-5435-4016-9e81-0c20824a1a62&device_owner=network%3Adhcp HTTP/1.1" status: 200 len: 210 time: 0.0377240
2026-06-25 23:37:22.183 9 INFO neutron.wsgi [req-19c586a7-853d-44fa-a5b7-c3ce4d977c59 req-6e93331f-35cf-46fc-a6a6-89cdd066e1f1 143c65c7298446e681cd119dc2c0a3b2 6f1c8f48b77349a8adaa6d1ed7cf1c6e - - b086645a873745aabf57b5e0cf146ab9 b086645a873745aabf57b5e0cf146ab9] 199.19.213.169 "GET /v2.0/security-groups?id=2d924afd-6b22-4806-b5d7-69966aae5a59&fields=id&fields=name HTTP/1.1" status: 200 len: 294 time: 0.0347633
2026-06-25 23:37:22.225 10 INFO neutron.wsgi [req-6c801540-6f21-443b-abec-7cfbe1d4333e req-26eb3ac0-72bb-4e5e-a521-35e3f893abb8 143c65c7298446e681cd119dc2c0a3b2 6f1c8f48b77349a8adaa6d1ed7cf1c6e - - b086645a873745aabf57b5e0cf146ab9 b086645a873745aabf57b5e0cf146ab9] 199.19.213.169 "GET /v2.0/networks/df414cfd-5435-4016-9e81-0c20824a1a62?fields=segments HTTP/1.1" status: 200 len: 212 time: 0.0659661
2026-06-25 23:37:22.288 10 INFO neutron.plugins.ml2.drivers.ovn.mech_driver.mech_driver [None req-56e06cab-88df-4a0c-9f6c-9609ea2afd09 - - - - - -] OVN reports status up for port: d3203adc-bad1-4870-95c7-a4879842a6e1
2026-06-25 23:37:22.302 10 INFO neutron.wsgi [req-6c801540-6f21-443b-abec-7cfbe1d4333e req-a6c6c87f-02d1-4cbb-aed6-6f029408f188 143c65c7298446e681cd119dc2c0a3b2 6f1c8f48b77349a8adaa6d1ed7cf1c6e - - b086645a873745aabf57b5e0cf146ab9 b086645a873745aabf57b5e0cf146ab9] 199.19.213.169 "GET /v2.0/networks/df414cfd-5435-4016-9e81-0c20824a1a62?fields=provider%3Aphysical_network&fields=provider%3Anetwork_type HTTP/1.1" status: 200 len: 277 time: 0.0720673
2026-06-25 23:37:22.307 10 INFO neutron.plugins.ml2.plugin [None req-56e06cab-88df-4a0c-9f6c-9609ea2afd09 - - - - - -] Attempt 1 to provision port d3203adc-bad1-4870-95c7-a4879842a6e1
2026-06-25 23:37:22.591 10 INFO neutron.db.ovn_revision_numbers_db [None req-56e06cab-88df-4a0c-9f6c-9609ea2afd09 - - - - - -] Successfully bumped revision number for resource d3203adc-bad1-4870-95c7-a4879842a6e1 (type: ports) to 4
2026-06-25 23:37:23.297 10 INFO neutron.notifiers.nova [-] Nova event matching ['req-3ec71ec7-7e64-4b4f-ae27-90f7ab56116b'] response: {'server_uuid': 'db0799c6-fb0b-44aa-91ac-251a469eab2e', 'name': 'network-vif-plugged', 'status': 'completed', 'tag': 'd3203adc-bad1-4870-95c7-a4879842a6e1', 'code': 200}
2026-06-25 23:37:23.297 10 INFO neutron.notifiers.nova [-] Nova event matching ['req-3ec71ec7-7e64-4b4f-ae27-90f7ab56116b'] response: {'server_uuid': 'db0799c6-fb0b-44aa-91ac-251a469eab2e', 'name': 'network-vif-plugged', 'status': 'completed', 'tag': 'd3203adc-bad1-4870-95c7-a4879842a6e1', 'code': 200}
