2026-06-25 23:36:19.774 10 INFO neutron.wsgi [req-baca2174-73d9-43b8-8254-bbb7a5dc1cbb req-e1cee4b9-e028-4e86-8652-a969cf311fab f0d020fc47254d7baec4d291f4529ed9 c524240544d547fc99cbb280f6abf5eb - - default default] 10.0.0.211 "GET /v2.0/ports?device_id=21810d6d-a9ce-43ca-a98d-0ca68b578b70 HTTP/1.1" status: 200 len: 1168 time: 0.0817840 /var/lib/openstack/lib/python3.10/site-packages/pycadf/identifier.py:71: UserWarning: Invalid uuid: neutron. To ensure interoperability, identifiers should be a valid uuid. warnings.warn(('Invalid uuid: %s. To ensure interoperability, '
2026-06-25 23:36:19.849 10 INFO neutron.wsgi [req-baca2174-73d9-43b8-8254-bbb7a5dc1cbb req-0a47f5d7-363a-40ad-9410-95ba1c00e8ce f0d020fc47254d7baec4d291f4529ed9 c524240544d547fc99cbb280f6abf5eb - - default default] 10.0.0.211 "GET /v2.0/security-groups?id=2058614e-51cd-4aff-b231-159f9e6f796c&fields=id&fields=name HTTP/1.1" status: 200 len: 313 time: 0.0640287
2026-06-25 23:36:19.860 10 INFO neutron.wsgi [None req-6d163243-65ba-48f1-bfe0-8fde9be0495c f0d020fc47254d7baec4d291f4529ed9 c524240544d547fc99cbb280f6abf5eb - - - -] 199.19.213.169 "DELETE /v2.0/ports/f144b14b-eb38-47f6-8216-1ec12894bc4d HTTP/1.1" status: 204 len: 173 time: 1.0527096
2026-06-25 23:36:19.944 9 WARNING neutron.scheduler.dhcp_agent_scheduler [None req-cffedd5c-2157-4451-9fd0-a5ce35a216e8 5bd909b3c06e4f81890b480a2fad5e2b 83f71c9fea0b4201aa9f250211848d99 - - - -] No more DHCP agents
2026-06-25 23:36:19.949 9 WARNING neutron.api.rpc.agentnotifiers.dhcp_rpc_agent_api [None req-cffedd5c-2157-4451-9fd0-a5ce35a216e8 5bd909b3c06e4f81890b480a2fad5e2b 83f71c9fea0b4201aa9f250211848d99 - - - -] Unable to schedule network bcaab46f-6b91-40b0-8518-899742da5621: no agents available; will retry on subsequent port and subnet creation events.
2026-06-25 23:36:20.007 10 INFO neutron.wsgi [None req-b43f69e6-5d93-4967-a0ae-c38391951882 d53ba930520d42cd99113bf8dbce60e7 c71605fc79a547af978a252edf4ef3ee - - - -] 10.0.0.23 "DELETE /v2.0/networks/d1f5905d-02dc-4c9a-bf84-048fdc0b3401 HTTP/1.1" status: 204 len: 168 time: 0.7480626
2026-06-25 23:36:20.583 9 INFO neutron.services.segments.plugin [-] Segment 96f6956e-716f-440b-a93b-9424e0bb5d86 resource provider aggregate not found
2026-06-25 23:36:20.587 9 INFO neutron.services.segments.plugin [-] Segment 96f6956e-716f-440b-a93b-9424e0bb5d86 resource provider aggregate not found
2026-06-25 23:36:20.607 9 INFO neutron.services.segments.plugin [-] Segment 96f6956e-716f-440b-a93b-9424e0bb5d86 resource provider not found; error: Placement Client Error (4xx): {"errors": [{"status": 404, "title": "Not Found", "detail": "The resource could not be found.\n\n No resource provider with uuid 96f6956e-716f-440b-a93b-9424e0bb5d86 found for delete ", "request_id": "req-15b56ad8-eb6b-4fca-9b51-f2878742a3d1"}]}
2026-06-25 23:36:20.608 9 INFO neutron.services.segments.plugin [-] Segment 96f6956e-716f-440b-a93b-9424e0bb5d86 resource provider not found; error: Placement Client Error (4xx): {"errors": [{"status": 404, "title": "Not Found", "detail": "The resource could not be found.\n\n No resource provider with uuid 96f6956e-716f-440b-a93b-9424e0bb5d86 found for delete ", "request_id": "req-bac4623c-16a9-4dc1-a91b-f1bcb157eb87"}]}
2026-06-25 23:36:20.648 9 INFO neutron.wsgi [None req-fa315a18-d0f5-42e5-9cde-8165092333a8 d53ba930520d42cd99113bf8dbce60e7 c71605fc79a547af978a252edf4ef3ee - - - -] 10.0.0.23 "DELETE /v2.0/networks/493f2f71-603b-43ca-b897-07c581022386 HTTP/1.1" status: 204 len: 168 time: 0.6329455
2026-06-25 23:36:20.721 9 INFO neutron.db.ovn_revision_numbers_db [None req-cffedd5c-2157-4451-9fd0-a5ce35a216e8 5bd909b3c06e4f81890b480a2fad5e2b 83f71c9fea0b4201aa9f250211848d99 - - - -] Successfully bumped revision number for resource 189c1a9d-cc48-4b0d-86e8-aa51677de201 (type: ports) to 2
2026-06-25 23:36:20.748 9 INFO neutron.db.ovn_revision_numbers_db [None req-cffedd5c-2157-4451-9fd0-a5ce35a216e8 5bd909b3c06e4f81890b480a2fad5e2b 83f71c9fea0b4201aa9f250211848d99 - - - -] Successfully bumped revision number for resource 7fe49b7b-3041-4f4c-a532-2679b71a2d20 (type: subnets) to 0
2026-06-25 23:36:20.776 9 INFO neutron.wsgi [None req-cffedd5c-2157-4451-9fd0-a5ce35a216e8 5bd909b3c06e4f81890b480a2fad5e2b 83f71c9fea0b4201aa9f250211848d99 - - - -] 10.0.0.23 "POST /v2.0/subnets HTTP/1.1" status: 201 len: 832 time: 1.1626339
2026-06-25 23:36:20.997 9 INFO neutron.wsgi [None req-6c91e87b-6547-4ddd-8f1c-592e48922fa6 09a0dcd124604f34bf03ed23723effed 268317aa7b8c4a53bae8f71d9c5a98de - - default default] 10.0.0.23 "GET /v2.0/subnetpools?name=shared-default-subnetpool-v6 HTTP/1.1" status: 200 len: 212 time: 0.2157876
2026-06-25 23:36:21.059 10 INFO neutron.wsgi [None req-f3802ce3-e9bb-4bf6-9d20-33d05b47ea6f f0d020fc47254d7baec4d291f4529ed9 c524240544d547fc99cbb280f6abf5eb - - - -] 10.0.0.23 "DELETE /v2.0/security-groups/2058614e-51cd-4aff-b231-159f9e6f796c HTTP/1.1" status: 204 len: 168 time: 0.1516805
2026-06-25 23:36:21.322 10 WARNING neutron.scheduler.dhcp_agent_scheduler [None req-5e7f6db3-6c00-4165-88c0-098741ee3f6d 5bd909b3c06e4f81890b480a2fad5e2b 83f71c9fea0b4201aa9f250211848d99 - - - -] No more DHCP agents
2026-06-25 23:36:21.325 10 WARNING neutron.api.rpc.agentnotifiers.dhcp_rpc_agent_api [None req-5e7f6db3-6c00-4165-88c0-098741ee3f6d 5bd909b3c06e4f81890b480a2fad5e2b 83f71c9fea0b4201aa9f250211848d99 - - - -] Unable to schedule network bcaab46f-6b91-40b0-8518-899742da5621: no agents available; will retry on subsequent port and subnet creation events.
2026-06-25 23:36:21.345 10 INFO neutron.db.ovn_revision_numbers_db [None req-5e7f6db3-6c00-4165-88c0-098741ee3f6d 5bd909b3c06e4f81890b480a2fad5e2b 83f71c9fea0b4201aa9f250211848d99 - - - -] Successfully bumped revision number for resource c45e60a7-eb9f-4c7d-ab0a-4c2e2c35f492 (type: subnets) to 0
2026-06-25 23:36:21.367 10 INFO neutron.wsgi [None req-5e7f6db3-6c00-4165-88c0-098741ee3f6d 5bd909b3c06e4f81890b480a2fad5e2b 83f71c9fea0b4201aa9f250211848d99 - - - -] 10.0.0.23 "POST /v2.0/subnets HTTP/1.1" status: 201 len: 907 time: 0.3645666
2026-06-25 23:36:21.459 10 INFO neutron.db.segments_db [None req-d4099980-74a9-4c5b-9208-0c1b2321edbd 5bd909b3c06e4f81890b480a2fad5e2b 83f71c9fea0b4201aa9f250211848d99 - - - -] Added segment 04252cf6-8785-45b4-93e5-d59d68fa0023 of type geneve for network c568d2cf-18e6-4f84-8821-88474fe65eeb
2026-06-25 23:36:21.596 10 INFO neutron.db.ovn_revision_numbers_db [None req-d4099980-74a9-4c5b-9208-0c1b2321edbd 5bd909b3c06e4f81890b480a2fad5e2b 83f71c9fea0b4201aa9f250211848d99 - - - -] Successfully bumped revision number for resource c568d2cf-18e6-4f84-8821-88474fe65eeb (type: networks) to 1
2026-06-25 23:36:21.658 10 INFO neutron.notifiers.nova [-] Nova event matching ['req-a051227c-687d-4cca-ac75-561eed238492'] response: {'server_uuid': '21810d6d-a9ce-43ca-a98d-0ca68b578b70', 'name': 'network-vif-plugged', 'status': 'completed', 'tag': 'f144b14b-eb38-47f6-8216-1ec12894bc4d', 'code': 200}
2026-06-25 23:36:21.658 10 INFO neutron.notifiers.nova [-] Nova event matching ['req-a051227c-687d-4cca-ac75-561eed238492'] response: {'server_uuid': '21810d6d-a9ce-43ca-a98d-0ca68b578b70', 'name': 'network-vif-deleted', 'tag': 'f144b14b-eb38-47f6-8216-1ec12894bc4d', 'status': 'completed', 'code': 200}
2026-06-25 23:36:21.749 10 INFO neutron.services.segments.plugin [-] Segment 1a74343d-5629-4681-be18-6806b83c86a6 resource provider aggregate not found
2026-06-25 23:36:21.758 10 INFO neutron.services.segments.plugin [-] Segment 1a74343d-5629-4681-be18-6806b83c86a6 resource provider aggregate not found
2026-06-25 23:36:21.768 10 INFO neutron.services.segments.plugin [-] Segment 1a74343d-5629-4681-be18-6806b83c86a6 resource provider not found; error: Placement Client Error (4xx): {"errors": [{"status": 404, "title": "Not Found", "detail": "The resource could not be found.\n\n No resource provider with uuid 1a74343d-5629-4681-be18-6806b83c86a6 found for delete ", "request_id": "req-ea1cb631-2f44-4e66-891a-2bef60b87e93"}]}
2026-06-25 23:36:21.786 10 INFO neutron.services.segments.plugin [-] Segment 1a74343d-5629-4681-be18-6806b83c86a6 resource provider not found; error: Placement Client Error (4xx): {"errors": [{"status": 404, "title": "Not Found", "detail": "The resource could not be found.\n\n No resource provider with uuid 1a74343d-5629-4681-be18-6806b83c86a6 found for delete ", "request_id": "req-94ac4325-1285-4826-827c-5137e1be1afb"}]}
2026-06-25 23:36:21.812 9 INFO neutron.wsgi [None req-1bb5bcee-a5a8-4f5d-82cb-e5f101e723d8 eb385586f3e7424ca61f8366f483a2e1 5e6f572533a8440b9f7d5c9b69bf8a4b - - default default] 10.0.0.23 "GET /v2.0/security-groups?tenant_id=c71605fc79a547af978a252edf4ef3ee&name=default HTTP/1.1" status: 200 len: 2996 time: 0.2101696
2026-06-25 23:36:21.878 10 WARNING neutron.scheduler.dhcp_agent_scheduler [None req-d4099980-74a9-4c5b-9208-0c1b2321edbd 5bd909b3c06e4f81890b480a2fad5e2b 83f71c9fea0b4201aa9f250211848d99 - - - -] No more DHCP agents
2026-06-25 23:36:21.880 10 WARNING neutron.api.rpc.agentnotifiers.dhcp_rpc_agent_api [None req-d4099980-74a9-4c5b-9208-0c1b2321edbd 5bd909b3c06e4f81890b480a2fad5e2b 83f71c9fea0b4201aa9f250211848d99 - - - -] Unable to schedule network c568d2cf-18e6-4f84-8821-88474fe65eeb: no agents available; will retry on subsequent port and subnet creation events.
2026-06-25 23:36:21.969 10 INFO neutron.db.ovn_revision_numbers_db [None req-d4099980-74a9-4c5b-9208-0c1b2321edbd 5bd909b3c06e4f81890b480a2fad5e2b 83f71c9fea0b4201aa9f250211848d99 - - - -] Successfully bumped revision number for resource 7d064460-ccb2-45a5-900f-7a42ebe3fabc (type: ports) to 1
2026-06-25 23:36:21.995 10 INFO neutron.wsgi [None req-d4099980-74a9-4c5b-9208-0c1b2321edbd 5bd909b3c06e4f81890b480a2fad5e2b 83f71c9fea0b4201aa9f250211848d99 - - - -] 10.0.0.23 "POST /v2.0/networks HTTP/1.1" status: 201 len: 837 time: 0.6187134
2026-06-25 23:36:22.090 10 INFO neutron.wsgi [None req-6e6880a8-08ed-4d7d-bec3-aedbb8ff1970 eb385586f3e7424ca61f8366f483a2e1 5e6f572533a8440b9f7d5c9b69bf8a4b - - - -] 10.0.0.23 "DELETE /v2.0/security-groups/a0e0b097-665c-4f1c-ba44-f0923f1032a7 HTTP/1.1" status: 204 len: 168 time: 0.2701952
2026-06-25 23:36:22.306 10 WARNING neutron.scheduler.dhcp_agent_scheduler [None req-1cae5597-84ed-4721-8c8b-86c7d26bf5f2 5bd909b3c06e4f81890b480a2fad5e2b 83f71c9fea0b4201aa9f250211848d99 - - - -] No more DHCP agents
2026-06-25 23:36:22.310 10 WARNING neutron.api.rpc.agentnotifiers.dhcp_rpc_agent_api [None req-1cae5597-84ed-4721-8c8b-86c7d26bf5f2 5bd909b3c06e4f81890b480a2fad5e2b 83f71c9fea0b4201aa9f250211848d99 - - - -] Unable to schedule network c568d2cf-18e6-4f84-8821-88474fe65eeb: no agents available; will retry on subsequent port and subnet creation events.
2026-06-25 23:36:22.454 9 INFO neutron.db.ovn_revision_numbers_db [None req-6fcbf94a-7980-464c-b506-8bff4c4681c2 eb385586f3e7424ca61f8366f483a2e1 5e6f572533a8440b9f7d5c9b69bf8a4b - - default default] Successfully bumped revision number for resource 12e6c69d-522d-4f99-9eeb-81f84ab58965 (type: security_groups) to 1
2026-06-25 23:36:22.484 9 INFO neutron.wsgi [None req-6fcbf94a-7980-464c-b506-8bff4c4681c2 eb385586f3e7424ca61f8366f483a2e1 5e6f572533a8440b9f7d5c9b69bf8a4b - - default default] 10.0.0.23 "GET /v2.0/security-groups?tenant_id=242f4999c3da4c199d76da9bbbf42478&name=default HTTP/1.1" status: 200 len: 2996 time: 0.2349930
2026-06-25 23:36:22.569 9 INFO neutron.wsgi [None req-bf2f642a-eb66-4350-b0b3-8a805f80fc2b f0d020fc47254d7baec4d291f4529ed9 c524240544d547fc99cbb280f6abf5eb - - - -] 10.0.0.23 "PUT /v2.0/routers/2b38801b-580d-46a8-9022-8081c255da67/remove_router_interface HTTP/1.1" status: 200 len: 503 time: 1.4698889 /var/lib/openstack/lib/python3.10/site-packages/pycadf/identifier.py:71: UserWarning: Invalid uuid: neutron. To ensure interoperability, identifiers should be a valid uuid. warnings.warn(('Invalid uuid: %s. To ensure interoperability, '
2026-06-25 23:36:22.789 9 INFO neutron.wsgi [None req-54c98287-a75c-48f6-952a-ceffa1762f06 eb385586f3e7424ca61f8366f483a2e1 5e6f572533a8440b9f7d5c9b69bf8a4b - - - -] 10.0.0.23 "DELETE /v2.0/security-groups/12e6c69d-522d-4f99-9eeb-81f84ab58965 HTTP/1.1" status: 204 len: 168 time: 0.2996330
2026-06-25 23:36:22.820 9 INFO neutron.wsgi [None req-39e4cfac-1ba1-4f96-b480-d55f1ba6fdea f0d020fc47254d7baec4d291f4529ed9 c524240544d547fc99cbb280f6abf5eb - - - -] 10.0.0.23 "DELETE /v2.0/subnets/5943f111-bdb8-43f8-9062-24e974cf8558 HTTP/1.1" status: 204 len: 168 time: 0.2439444
2026-06-25 23:36:22.864 10 INFO neutron.db.ovn_revision_numbers_db [None req-1cae5597-84ed-4721-8c8b-86c7d26bf5f2 5bd909b3c06e4f81890b480a2fad5e2b 83f71c9fea0b4201aa9f250211848d99 - - - -] Successfully bumped revision number for resource 7d064460-ccb2-45a5-900f-7a42ebe3fabc (type: ports) to 2
2026-06-25 23:36:22.884 10 INFO neutron.db.ovn_revision_numbers_db [None req-1cae5597-84ed-4721-8c8b-86c7d26bf5f2 5bd909b3c06e4f81890b480a2fad5e2b 83f71c9fea0b4201aa9f250211848d99 - - - -] Successfully bumped revision number for resource 64785dd7-f05e-4318-be67-2c0b672cd8ed (type: subnets) to 0
2026-06-25 23:36:22.907 10 INFO neutron.wsgi [None req-1cae5597-84ed-4721-8c8b-86c7d26bf5f2 5bd909b3c06e4f81890b480a2fad5e2b 83f71c9fea0b4201aa9f250211848d99 - - - -] 10.0.0.23 "POST /v2.0/subnets HTTP/1.1" status: 201 len: 830 time: 0.9049184
2026-06-25 23:36:23.098 9 INFO neutron.db.ovn_revision_numbers_db [None req-ebceb9bd-20e7-4b95-a493-a50bf54e4792 eb385586f3e7424ca61f8366f483a2e1 5e6f572533a8440b9f7d5c9b69bf8a4b - - default default] Successfully bumped revision number for resource 1faa2291-bd1d-42a9-97dc-dfeb14de843f (type: security_groups) to 1
2026-06-25 23:36:23.132 9 INFO neutron.wsgi [None req-ebceb9bd-20e7-4b95-a493-a50bf54e4792 eb385586f3e7424ca61f8366f483a2e1 5e6f572533a8440b9f7d5c9b69bf8a4b - - default default] 10.0.0.23 "GET /v2.0/security-groups?tenant_id=56dfafd7a0504b7bb341e45419c11a39&name=default HTTP/1.1" status: 200 len: 2996 time: 0.1700873
2026-06-25 23:36:23.193 10 WARNING neutron.scheduler.dhcp_agent_scheduler [None req-6b12a6fd-5cf3-4cce-b154-b2b2ce1292c9 5bd909b3c06e4f81890b480a2fad5e2b 83f71c9fea0b4201aa9f250211848d99 - - - -] No more DHCP agents
2026-06-25 23:36:23.195 10 WARNING neutron.api.rpc.agentnotifiers.dhcp_rpc_agent_api [None req-6b12a6fd-5cf3-4cce-b154-b2b2ce1292c9 5bd909b3c06e4f81890b480a2fad5e2b 83f71c9fea0b4201aa9f250211848d99 - - - -] Unable to schedule network c568d2cf-18e6-4f84-8821-88474fe65eeb: no agents available; will retry on subsequent port and subnet creation events.
2026-06-25 23:36:23.209 10 INFO neutron.db.ovn_revision_numbers_db [None req-6b12a6fd-5cf3-4cce-b154-b2b2ce1292c9 5bd909b3c06e4f81890b480a2fad5e2b 83f71c9fea0b4201aa9f250211848d99 - - - -] Successfully bumped revision number for resource 72024b13-4d50-468d-a17f-1e6c52661004 (type: subnets) to 0
2026-06-25 23:36:23.224 10 INFO neutron.wsgi [None req-6b12a6fd-5cf3-4cce-b154-b2b2ce1292c9 5bd909b3c06e4f81890b480a2fad5e2b 83f71c9fea0b4201aa9f250211848d99 - - - -] 10.0.0.23 "POST /v2.0/subnets HTTP/1.1" status: 201 len: 901 time: 0.3104458
2026-06-25 23:36:23.330 10 INFO neutron.db.segments_db [None req-b5b7af74-77e3-41b4-a967-c28d56b6fa59 5bd909b3c06e4f81890b480a2fad5e2b 83f71c9fea0b4201aa9f250211848d99 - - - -] Added segment db39cab2-73bd-4675-8d17-e48114cd7ee1 of type geneve for network 7329542c-31c4-4fa5-9aec-2fc8efc7c4ff
2026-06-25 23:36:23.466 9 INFO neutron.wsgi [None req-e795c912-c93c-489e-8438-d91056e9eb7c eb385586f3e7424ca61f8366f483a2e1 5e6f572533a8440b9f7d5c9b69bf8a4b - - - -] 10.0.0.23 "DELETE /v2.0/security-groups/1faa2291-bd1d-42a9-97dc-dfeb14de843f HTTP/1.1" status: 204 len: 168 time: 0.3296964
2026-06-25 23:36:23.473 10 INFO neutron.db.ovn_revision_numbers_db [None req-b5b7af74-77e3-41b4-a967-c28d56b6fa59 5bd909b3c06e4f81890b480a2fad5e2b 83f71c9fea0b4201aa9f250211848d99 - - - -] Successfully bumped revision number for resource 7329542c-31c4-4fa5-9aec-2fc8efc7c4ff (type: networks) to 1
2026-06-25 23:36:23.540 9 INFO neutron.wsgi [None req-6f05f3f5-316d-4289-b906-13cb3e6283dc f0d020fc47254d7baec4d291f4529ed9 c524240544d547fc99cbb280f6abf5eb - - - -] 10.0.0.23 "DELETE /v2.0/routers/2b38801b-580d-46a8-9022-8081c255da67 HTTP/1.1" status: 204 len: 168 time: 0.7112393
2026-06-25 23:36:23.685 10 WARNING neutron.scheduler.dhcp_agent_scheduler [None req-b5b7af74-77e3-41b4-a967-c28d56b6fa59 5bd909b3c06e4f81890b480a2fad5e2b 83f71c9fea0b4201aa9f250211848d99 - - - -] No more DHCP agents
2026-06-25 23:36:23.687 10 WARNING neutron.api.rpc.agentnotifiers.dhcp_rpc_agent_api [None req-b5b7af74-77e3-41b4-a967-c28d56b6fa59 5bd909b3c06e4f81890b480a2fad5e2b 83f71c9fea0b4201aa9f250211848d99 - - - -] Unable to schedule network 7329542c-31c4-4fa5-9aec-2fc8efc7c4ff: no agents available; will retry on subsequent port and subnet creation events.
2026-06-25 23:36:23.755 10 INFO neutron.db.ovn_revision_numbers_db [None req-b5b7af74-77e3-41b4-a967-c28d56b6fa59 5bd909b3c06e4f81890b480a2fad5e2b 83f71c9fea0b4201aa9f250211848d99 - - - -] Successfully bumped revision number for resource 69bffa24-7be0-488f-b7cb-940dada234ca (type: ports) to 1
2026-06-25 23:36:23.778 10 INFO neutron.wsgi [None req-b5b7af74-77e3-41b4-a967-c28d56b6fa59 5bd909b3c06e4f81890b480a2fad5e2b 83f71c9fea0b4201aa9f250211848d99 - - - -] 10.0.0.23 "POST /v2.0/networks HTTP/1.1" status: 201 len: 836 time: 0.5481529
2026-06-25 23:36:24.038 9 INFO neutron.services.segments.plugin [-] Segment d16d50dd-f276-4f71-a2f9-9c3637221bd0 resource provider aggregate not found
2026-06-25 23:36:24.049 9 INFO neutron.services.segments.plugin [-] Segment d16d50dd-f276-4f71-a2f9-9c3637221bd0 resource provider aggregate not found
2026-06-25 23:36:24.072 9 INFO neutron.services.segments.plugin [-] Segment d16d50dd-f276-4f71-a2f9-9c3637221bd0 resource provider not found; error: Placement Client Error (4xx): {"errors": [{"status": 404, "title": "Not Found", "detail": "The resource could not be found.\n\n No resource provider with uuid d16d50dd-f276-4f71-a2f9-9c3637221bd0 found for delete ", "request_id": "req-5a2428c2-4e24-4dcd-a132-3d609ffe5d8c"}]}
2026-06-25 23:36:24.073 9 INFO neutron.services.segments.plugin [-] Segment d16d50dd-f276-4f71-a2f9-9c3637221bd0 resource provider not found; error: Placement Client Error (4xx): {"errors": [{"status": 404, "title": "Not Found", "detail": "The resource could not be found.\n\n No resource provider with uuid d16d50dd-f276-4f71-a2f9-9c3637221bd0 found for delete ", "request_id": "req-97fb0502-b5c0-433f-a475-d3682cf4e257"}]}
2026-06-25 23:36:24.112 9 INFO neutron.wsgi [None req-eee2b3f3-106e-4bcc-960d-d91b69ef6bc5 f0d020fc47254d7baec4d291f4529ed9 c524240544d547fc99cbb280f6abf5eb - - - -] 10.0.0.23 "DELETE /v2.0/networks/fbdbb22a-a003-4639-bd92-e994a7378e3b HTTP/1.1" status: 204 len: 168 time: 0.5662980
2026-06-25 23:36:24.172 9 WARNING neutron.scheduler.dhcp_agent_scheduler [None req-f2d11805-59d4-4596-8908-97fa8a052cd0 5bd909b3c06e4f81890b480a2fad5e2b 83f71c9fea0b4201aa9f250211848d99 - - - -] No more DHCP agents
2026-06-25 23:36:24.177 9 WARNING neutron.api.rpc.agentnotifiers.dhcp_rpc_agent_api [None req-f2d11805-59d4-4596-8908-97fa8a052cd0 5bd909b3c06e4f81890b480a2fad5e2b 83f71c9fea0b4201aa9f250211848d99 - - - -] Unable to schedule network 7329542c-31c4-4fa5-9aec-2fc8efc7c4ff: no agents available; will retry on subsequent port and subnet creation events.
2026-06-25 23:36:24.723 9 INFO neutron.db.ovn_revision_numbers_db [None req-f2d11805-59d4-4596-8908-97fa8a052cd0 5bd909b3c06e4f81890b480a2fad5e2b 83f71c9fea0b4201aa9f250211848d99 - - - -] Successfully bumped revision number for resource 69bffa24-7be0-488f-b7cb-940dada234ca (type: ports) to 2
2026-06-25 23:36:24.739 9 INFO neutron.db.ovn_revision_numbers_db [None req-f2d11805-59d4-4596-8908-97fa8a052cd0 5bd909b3c06e4f81890b480a2fad5e2b 83f71c9fea0b4201aa9f250211848d99 - - - -] Successfully bumped revision number for resource 15337110-6a6e-4a88-b6ee-7b82cbe9cbc3 (type: subnets) to 0
2026-06-25 23:36:24.758 9 INFO neutron.wsgi [None req-f2d11805-59d4-4596-8908-97fa8a052cd0 5bd909b3c06e4f81890b480a2fad5e2b 83f71c9fea0b4201aa9f250211848d99 - - - -] 10.0.0.23 "POST /v2.0/subnets HTTP/1.1" status: 201 len: 831 time: 0.9725797
2026-06-25 23:36:25.047 9 WARNING neutron.scheduler.dhcp_agent_scheduler [None req-c19d5753-b47d-4cd0-bbf3-e904df265cf1 5bd909b3c06e4f81890b480a2fad5e2b 83f71c9fea0b4201aa9f250211848d99 - - - -] No more DHCP agents
2026-06-25 23:36:25.052 9 WARNING neutron.api.rpc.agentnotifiers.dhcp_rpc_agent_api [None req-c19d5753-b47d-4cd0-bbf3-e904df265cf1 5bd909b3c06e4f81890b480a2fad5e2b 83f71c9fea0b4201aa9f250211848d99 - - - -] Unable to schedule network 7329542c-31c4-4fa5-9aec-2fc8efc7c4ff: no agents available; will retry on subsequent port and subnet creation events.
2026-06-25 23:36:25.073 9 INFO neutron.db.ovn_revision_numbers_db [None req-c19d5753-b47d-4cd0-bbf3-e904df265cf1 5bd909b3c06e4f81890b480a2fad5e2b 83f71c9fea0b4201aa9f250211848d99 - - - -] Successfully bumped revision number for resource e82c3a87-aaf7-41d6-9a9d-9bd9b7c1be67 (type: subnets) to 0
2026-06-25 23:36:25.092 9 INFO neutron.wsgi [None req-c19d5753-b47d-4cd0-bbf3-e904df265cf1 5bd909b3c06e4f81890b480a2fad5e2b 83f71c9fea0b4201aa9f250211848d99 - - - -] 10.0.0.23 "POST /v2.0/subnets HTTP/1.1" status: 201 len: 904 time: 0.3291762
2026-06-25 23:36:25.093 9 INFO neutron.db.ovn_revision_numbers_db [None req-50507b68-14fc-46fb-9324-ad38c26fa92e eb385586f3e7424ca61f8366f483a2e1 5e6f572533a8440b9f7d5c9b69bf8a4b - - default default] Successfully bumped revision number for resource 0e9ea663-50c1-419c-9ec3-f42720c6e959 (type: security_groups) to 1
2026-06-25 23:36:25.113 9 INFO neutron.wsgi [None req-50507b68-14fc-46fb-9324-ad38c26fa92e eb385586f3e7424ca61f8366f483a2e1 5e6f572533a8440b9f7d5c9b69bf8a4b - - default default] 10.0.0.23 "GET /v2.0/security-groups?tenant_id=0137f63fb8af452b8db2e3f537251d0c&name=default HTTP/1.1" status: 200 len: 2996 time: 0.3348017
2026-06-25 23:36:25.925 10 INFO neutron.wsgi [None req-72a34fa1-9796-4df7-bfc6-be55050e73d6 eb385586f3e7424ca61f8366f483a2e1 5e6f572533a8440b9f7d5c9b69bf8a4b - - - -] 10.0.0.23 "DELETE /v2.0/security-groups/0e9ea663-50c1-419c-9ec3-f42720c6e959 HTTP/1.1" status: 204 len: 168 time: 0.8075221
2026-06-25 23:36:26.063 9 INFO neutron.wsgi [None req-a7422b4a-2f39-4fd2-ab74-2474dfa4258a eb385586f3e7424ca61f8366f483a2e1 5e6f572533a8440b9f7d5c9b69bf8a4b - - default default] 10.0.0.23 "GET /v2.0/security-groups?tenant_id=c524240544d547fc99cbb280f6abf5eb&name=default HTTP/1.1" status: 200 len: 2996 time: 0.0345957
2026-06-25 23:36:26.176 10 WARNING neutron.scheduler.dhcp_agent_scheduler [None req-1fd00ef2-2ba6-4612-bed5-857f5ee90f85 5bd909b3c06e4f81890b480a2fad5e2b 83f71c9fea0b4201aa9f250211848d99 - - - -] No more DHCP agents
2026-06-25 23:36:26.183 10 WARNING neutron.api.rpc.agentnotifiers.dhcp_rpc_agent_api [None req-1fd00ef2-2ba6-4612-bed5-857f5ee90f85 5bd909b3c06e4f81890b480a2fad5e2b 83f71c9fea0b4201aa9f250211848d99 - - - -] Unable to schedule network 07e37ad0-790d-445f-8e30-23b81f61b800: no agents available; will retry on subsequent port and subnet creation events.
2026-06-25 23:36:26.383 10 INFO neutron.wsgi [None req-0d90ab34-ecbf-4275-81fa-acaee4356ce3 eb385586f3e7424ca61f8366f483a2e1 5e6f572533a8440b9f7d5c9b69bf8a4b - - - -] 10.0.0.23 "DELETE /v2.0/security-groups/59f985b6-9ba5-4aab-98db-8549197a4d57 HTTP/1.1" status: 204 len: 168 time: 0.3153617
2026-06-25 23:36:26.388 10 INFO neutron.db.ovn_revision_numbers_db [None req-1fd00ef2-2ba6-4612-bed5-857f5ee90f85 5bd909b3c06e4f81890b480a2fad5e2b 83f71c9fea0b4201aa9f250211848d99 - - - -] Successfully bumped revision number for resource 385579ac-465a-4763-8991-bae4a24b5101 (type: ports) to 1
2026-06-25 23:36:27.003 10 INFO neutron.plugins.ml2.drivers.ovn.mech_driver.mech_driver [None req-56e06cab-88df-4a0c-9f6c-9609ea2afd09 - - - - - -] OVN reports status up for port: 385579ac-465a-4763-8991-bae4a24b5101
2026-06-25 23:36:27.013 10 INFO neutron.plugins.ml2.drivers.ovn.mech_driver.ovsdb.ovsdb_monitor [None req-289c20c1-bd9a-449c-a6d8-e51975102629 - - - - - -] Router ce03462f-2d22-4d41-902e-176314e00716 is bound to host instance
2026-06-25 23:36:27.016 10 INFO neutron.db.ovn_revision_numbers_db [None req-1fd00ef2-2ba6-4612-bed5-857f5ee90f85 5bd909b3c06e4f81890b480a2fad5e2b 83f71c9fea0b4201aa9f250211848d99 - - - -] Successfully bumped revision number for resource 385579ac-465a-4763-8991-bae4a24b5101 (type: router_ports) to 1
2026-06-25 23:36:27.057 10 INFO neutron.plugins.ml2.plugin [None req-56e06cab-88df-4a0c-9f6c-9609ea2afd09 - - - - - -] Attempt 1 to provision port 385579ac-465a-4763-8991-bae4a24b5101
2026-06-25 23:36:27.140 10 INFO neutron.db.ovn_revision_numbers_db [None req-1fd00ef2-2ba6-4612-bed5-857f5ee90f85 5bd909b3c06e4f81890b480a2fad5e2b 83f71c9fea0b4201aa9f250211848d99 - - - -] Successfully bumped revision number for resource ce03462f-2d22-4d41-902e-176314e00716 (type: routers) to 3
2026-06-25 23:36:27.182 10 INFO neutron.wsgi [None req-1fd00ef2-2ba6-4612-bed5-857f5ee90f85 5bd909b3c06e4f81890b480a2fad5e2b 83f71c9fea0b4201aa9f250211848d99 - - - -] 10.0.0.23 "POST /v2.0/routers HTTP/1.1" status: 201 len: 865 time: 2.0843344
2026-06-25 23:36:27.619 10 INFO neutron.db.ovn_revision_numbers_db [None req-289c20c1-bd9a-449c-a6d8-e51975102629 - - - - - -] Successfully bumped revision number for resource 385579ac-465a-4763-8991-bae4a24b5101 (type: ports) to 1
2026-06-25 23:36:27.888 9 INFO neutron.db.ovn_revision_numbers_db [None req-2d2eea1b-e11f-4ec2-8b1b-52703b1b8677 969b3b5eea3f4542950bd64a5d475382 1bd8e47c7d024719ad5355e6a15f7caf - - - -] Successfully bumped revision number for resource 63de70ba-cc16-49c1-8862-dd4132d11738 (type: security_groups) to 1
2026-06-25 23:36:27.945 9 INFO neutron.db.segments_db [None req-2d2eea1b-e11f-4ec2-8b1b-52703b1b8677 969b3b5eea3f4542950bd64a5d475382 1bd8e47c7d024719ad5355e6a15f7caf - - - -] Added segment bfe47b3f-7c5b-443a-8a3c-938990866098 of type geneve for network e9719b9f-3bdd-41f4-95ac-3b6ee88759ac
2026-06-25 23:36:28.185 9 INFO neutron.db.ovn_revision_numbers_db [None req-2d2eea1b-e11f-4ec2-8b1b-52703b1b8677 969b3b5eea3f4542950bd64a5d475382 1bd8e47c7d024719ad5355e6a15f7caf - - - -] Successfully bumped revision number for resource e9719b9f-3bdd-41f4-95ac-3b6ee88759ac (type: networks) to 1
2026-06-25 23:36:28.249 10 INFO neutron.db.ovn_revision_numbers_db [None req-289c20c1-bd9a-449c-a6d8-e51975102629 - - - - - -] Successfully bumped revision number for resource 385579ac-465a-4763-8991-bae4a24b5101 (type: router_ports) to 3
2026-06-25 23:36:28.411 10 INFO neutron.db.ovn_revision_numbers_db [None req-289c20c1-bd9a-449c-a6d8-e51975102629 - - - - - -] Successfully bumped revision number for resource 385579ac-465a-4763-8991-bae4a24b5101 (type: ports) to 2
2026-06-25 23:36:28.463 9 WARNING neutron.scheduler.dhcp_agent_scheduler [None req-2d2eea1b-e11f-4ec2-8b1b-52703b1b8677 969b3b5eea3f4542950bd64a5d475382 1bd8e47c7d024719ad5355e6a15f7caf - - - -] No more DHCP agents
2026-06-25 23:36:28.470 9 WARNING neutron.api.rpc.agentnotifiers.dhcp_rpc_agent_api [None req-2d2eea1b-e11f-4ec2-8b1b-52703b1b8677 969b3b5eea3f4542950bd64a5d475382 1bd8e47c7d024719ad5355e6a15f7caf - - - -] Unable to schedule network e9719b9f-3bdd-41f4-95ac-3b6ee88759ac: no agents available; will retry on subsequent port and subnet creation events.
2026-06-25 23:36:28.525 9 WARNING neutron.scheduler.dhcp_agent_scheduler [None req-de8e53f5-9d04-419e-b51b-6dd23e50fe30 5bd909b3c06e4f81890b480a2fad5e2b 83f71c9fea0b4201aa9f250211848d99 - - default default] No more DHCP agents
2026-06-25 23:36:28.539 9 WARNING neutron.api.rpc.agentnotifiers.dhcp_rpc_agent_api [None req-de8e53f5-9d04-419e-b51b-6dd23e50fe30 5bd909b3c06e4f81890b480a2fad5e2b 83f71c9fea0b4201aa9f250211848d99 - - default default] Unable to schedule network bcaab46f-6b91-40b0-8518-899742da5621: no agents available; will retry on subsequent port and subnet creation events.
2026-06-25 23:36:28.586 9 INFO neutron.db.ovn_revision_numbers_db [None req-2d2eea1b-e11f-4ec2-8b1b-52703b1b8677 969b3b5eea3f4542950bd64a5d475382 1bd8e47c7d024719ad5355e6a15f7caf - - - -] Successfully bumped revision number for resource 201355d7-68e1-4a3c-851a-f82dda510770 (type: ports) to 1
2026-06-25 23:36:28.630 9 INFO neutron.wsgi [None req-2d2eea1b-e11f-4ec2-8b1b-52703b1b8677 969b3b5eea3f4542950bd64a5d475382 1bd8e47c7d024719ad5355e6a15f7caf - - - -] 10.0.0.23 "POST /v2.0/networks HTTP/1.1" status: 201 len: 831 time: 1.5638814
2026-06-25 23:36:28.686 10 INFO neutron.db.ovn_revision_numbers_db [None req-289c20c1-bd9a-449c-a6d8-e51975102629 - - - - - -] Successfully bumped revision number for resource 385579ac-465a-4763-8991-bae4a24b5101 (type: ports) to 4
2026-06-25 23:36:28.723 9 INFO neutron.db.ovn_revision_numbers_db [None req-de8e53f5-9d04-419e-b51b-6dd23e50fe30 5bd909b3c06e4f81890b480a2fad5e2b 83f71c9fea0b4201aa9f250211848d99 - - default default] Successfully bumped revision number for resource 8c29c1c5-5ad7-44cb-bea4-d6feaad1e134 (type: ports) to 1
2026-06-25 23:36:28.980 10 WARNING neutron.scheduler.dhcp_agent_scheduler [None req-6deea5e8-8b2f-460c-8e21-8576c8226471 969b3b5eea3f4542950bd64a5d475382 1bd8e47c7d024719ad5355e6a15f7caf - - - -] No more DHCP agents
2026-06-25 23:36:28.983 10 WARNING neutron.api.rpc.agentnotifiers.dhcp_rpc_agent_api [None req-6deea5e8-8b2f-460c-8e21-8576c8226471 969b3b5eea3f4542950bd64a5d475382 1bd8e47c7d024719ad5355e6a15f7caf - - - -] Unable to schedule network e9719b9f-3bdd-41f4-95ac-3b6ee88759ac: no agents available; will retry on subsequent port and subnet creation events.
2026-06-25 23:36:29.010 10 INFO neutron.db.ovn_revision_numbers_db [None req-289c20c1-bd9a-449c-a6d8-e51975102629 - - - - - -] Successfully bumped revision number for resource 385579ac-465a-4763-8991-bae4a24b5101 (type: router_ports) to 4
2026-06-25 23:36:29.071 10 INFO neutron.db.ovn_revision_numbers_db [None req-6deea5e8-8b2f-460c-8e21-8576c8226471 969b3b5eea3f4542950bd64a5d475382 1bd8e47c7d024719ad5355e6a15f7caf - - - -] Successfully bumped revision number for resource d9d7adf2-99ab-4840-a656-1ef01e8b7717 (type: ports) to 1
2026-06-25 23:36:29.099 10 INFO neutron.wsgi [None req-6deea5e8-8b2f-460c-8e21-8576c8226471 969b3b5eea3f4542950bd64a5d475382 1bd8e47c7d024719ad5355e6a15f7caf - - - -] 10.0.0.23 "POST /v2.0/ports HTTP/1.1" status: 201 len: 942 time: 0.4619296
2026-06-25 23:36:29.159 9 INFO neutron.wsgi [None req-ab919dbb-49f1-41ca-bae6-4931b647b3ca 969b3b5eea3f4542950bd64a5d475382 1bd8e47c7d024719ad5355e6a15f7caf - - - -] 10.0.0.23 "PUT /v2.0/ports/d9d7adf2-99ab-4840-a656-1ef01e8b7717/tags HTTP/1.1" status: 200 len: 218 time: 0.0530734
2026-06-25 23:36:29.198 9 INFO neutron.wsgi [None req-acaf527d-457f-4b70-b10f-8ff5b5136a48 969b3b5eea3f4542950bd64a5d475382 1bd8e47c7d024719ad5355e6a15f7caf - - default default] 10.0.0.23 "GET /v2.0/ports/d9d7adf2-99ab-4840-a656-1ef01e8b7717/tags HTTP/1.1" status: 200 len: 218 time: 0.0341306
2026-06-25 23:36:29.292 9 INFO neutron.wsgi [None req-db774f6d-164e-4ef0-b466-0cb68546e433 969b3b5eea3f4542950bd64a5d475382 1bd8e47c7d024719ad5355e6a15f7caf - - - -] 10.0.0.23 "PUT /v2.0/ports/d9d7adf2-99ab-4840-a656-1ef01e8b7717/tags/green HTTP/1.1" status: 201 len: 201 time: 0.0882320 /var/lib/openstack/lib/python3.10/site-packages/pycadf/identifier.py:71: UserWarning: Invalid uuid: neutron. To ensure interoperability, identifiers should be a valid uuid. warnings.warn(('Invalid uuid: %s. To ensure interoperability, '
2026-06-25 23:36:29.329 10 INFO neutron.plugins.ml2.drivers.ovn.mech_driver.mech_driver [None req-56e06cab-88df-4a0c-9f6c-9609ea2afd09 - - - - - -] OVN reports status up for port: 8c29c1c5-5ad7-44cb-bea4-d6feaad1e134
2026-06-25 23:36:29.336 9 INFO neutron.db.ovn_revision_numbers_db [None req-de8e53f5-9d04-419e-b51b-6dd23e50fe30 5bd909b3c06e4f81890b480a2fad5e2b 83f71c9fea0b4201aa9f250211848d99 - - default default] Successfully bumped revision number for resource 8c29c1c5-5ad7-44cb-bea4-d6feaad1e134 (type: router_ports) to 2
2026-06-25 23:36:29.343 10 INFO neutron.wsgi [None req-e3069bc7-1252-4f73-8404-3cfa1cc0d9ba 969b3b5eea3f4542950bd64a5d475382 1bd8e47c7d024719ad5355e6a15f7caf - - default default] 10.0.0.23 "GET /v2.0/ports/d9d7adf2-99ab-4840-a656-1ef01e8b7717/tags HTTP/1.1" status: 200 len: 227 time: 0.0415440
2026-06-25 23:36:29.343 10 INFO neutron.plugins.ml2.plugin [None req-56e06cab-88df-4a0c-9f6c-9609ea2afd09 - - - - - -] Attempt 1 to provision port 8c29c1c5-5ad7-44cb-bea4-d6feaad1e134
2026-06-25 23:36:29.399 10 INFO neutron.wsgi [None req-46f19b12-5527-4472-90c3-2db6347abd9d 969b3b5eea3f4542950bd64a5d475382 1bd8e47c7d024719ad5355e6a15f7caf - - - -] 10.0.0.23 "PUT /v2.0/ports/d9d7adf2-99ab-4840-a656-1ef01e8b7717/tags/red HTTP/1.1" status: 201 len: 201 time: 0.0496871
2026-06-25 23:36:29.446 10 INFO neutron.wsgi [None req-351a1ce2-e2a7-4854-9341-359b9bb4e565 969b3b5eea3f4542950bd64a5d475382 1bd8e47c7d024719ad5355e6a15f7caf - - default default] 10.0.0.23 "GET /v2.0/ports/d9d7adf2-99ab-4840-a656-1ef01e8b7717/tags HTTP/1.1" status: 200 len: 227 time: 0.0408947
2026-06-25 23:36:29.525 10 INFO neutron.wsgi [None req-d235761d-2f68-4c99-9de2-c905e3bcb319 969b3b5eea3f4542950bd64a5d475382 1bd8e47c7d024719ad5355e6a15f7caf - - - -] 10.0.0.23 "PUT /v2.0/ports/d9d7adf2-99ab-4840-a656-1ef01e8b7717/tags/black.or.white HTTP/1.1" status: 201 len: 201 time: 0.0709028
2026-06-25 23:36:29.530 9 INFO neutron.db.ovn_revision_numbers_db [None req-de8e53f5-9d04-419e-b51b-6dd23e50fe30 5bd909b3c06e4f81890b480a2fad5e2b 83f71c9fea0b4201aa9f250211848d99 - - default default] Successfully bumped revision number for resource 8c29c1c5-5ad7-44cb-bea4-d6feaad1e134 (type: ports) to 2
2026-06-25 23:36:29.574 10 INFO neutron.wsgi [None req-a1e539ed-efd0-418b-84f9-bf27e9d89d4c 969b3b5eea3f4542950bd64a5d475382 1bd8e47c7d024719ad5355e6a15f7caf - - default default] 10.0.0.23 "GET /v2.0/ports/d9d7adf2-99ab-4840-a656-1ef01e8b7717/tags HTTP/1.1" status: 200 len: 245 time: 0.0422423
2026-06-25 23:36:29.600 9 WARNING neutron.scheduler.dhcp_agent_scheduler [None req-de8e53f5-9d04-419e-b51b-6dd23e50fe30 5bd909b3c06e4f81890b480a2fad5e2b 83f71c9fea0b4201aa9f250211848d99 - - default default] No more DHCP agents
2026-06-25 23:36:29.601 9 WARNING neutron.api.rpc.agentnotifiers.dhcp_rpc_agent_api [None req-de8e53f5-9d04-419e-b51b-6dd23e50fe30 5bd909b3c06e4f81890b480a2fad5e2b 83f71c9fea0b4201aa9f250211848d99 - - default default] Unable to schedule network bcaab46f-6b91-40b0-8518-899742da5621: no agents available; will retry on subsequent port and subnet creation events.
2026-06-25 23:36:29.642 10 INFO neutron.wsgi [None req-5aff485b-c2b9-495b-9de8-1749ba7c7dc6 969b3b5eea3f4542950bd64a5d475382 1bd8e47c7d024719ad5355e6a15f7caf - - - -] 10.0.0.23 "PUT /v2.0/ports/d9d7adf2-99ab-4840-a656-1ef01e8b7717/tags HTTP/1.1" status: 200 len: 230 time: 0.0630863
2026-06-25 23:36:29.702 10 INFO neutron.wsgi [None req-2fe5cadf-3e4b-444f-98b7-21d5ca724518 969b3b5eea3f4542950bd64a5d475382 1bd8e47c7d024719ad5355e6a15f7caf - - default default] 10.0.0.23 "GET /v2.0/ports/d9d7adf2-99ab-4840-a656-1ef01e8b7717/tags HTTP/1.1" status: 200 len: 230 time: 0.0541525
2026-06-25 23:36:29.722 10 INFO neutron.db.ovn_revision_numbers_db [None req-56e06cab-88df-4a0c-9f6c-9609ea2afd09 - - - - - -] Successfully bumped revision number for resource 8c29c1c5-5ad7-44cb-bea4-d6feaad1e134 (type: ports) to 3
2026-06-25 23:36:29.749 9 INFO neutron.wsgi [None req-04fdb79b-947f-4176-9edf-4386906828bf 969b3b5eea3f4542950bd64a5d475382 1bd8e47c7d024719ad5355e6a15f7caf - - default default] 10.0.0.23 "GET /v2.0/ports/d9d7adf2-99ab-4840-a656-1ef01e8b7717/tags/red HTTP/1.1" status: 204 len: 168 time: 0.0410180
2026-06-25 23:36:29.791 10 INFO neutron.api.v2.resource [None req-d3a51aea-d3c0-4272-8f56-c720629c0ffd 969b3b5eea3f4542950bd64a5d475382 1bd8e47c7d024719ad5355e6a15f7caf - - default default] show failed (client error): The resource could not be found.
2026-06-25 23:36:29.792 10 INFO neutron.wsgi [None req-d3a51aea-d3c0-4272-8f56-c720629c0ffd 969b3b5eea3f4542950bd64a5d475382 1bd8e47c7d024719ad5355e6a15f7caf - - default default] 10.0.0.23 "GET /v2.0/ports/d9d7adf2-99ab-4840-a656-1ef01e8b7717/tags/green HTTP/1.1" status: 404 len: 299 time: 0.0316167
2026-06-25 23:36:29.856 10 INFO neutron.db.ovn_revision_numbers_db [None req-56e06cab-88df-4a0c-9f6c-9609ea2afd09 - - - - - -] Successfully bumped revision number for resource 8c29c1c5-5ad7-44cb-bea4-d6feaad1e134 (type: router_ports) to 3
2026-06-25 23:36:29.859 9 INFO neutron.wsgi [None req-32e6aa81-5187-45a5-96e3-38029dcdbdf3 969b3b5eea3f4542950bd64a5d475382 1bd8e47c7d024719ad5355e6a15f7caf - - - -] 10.0.0.23 "DELETE /v2.0/ports/d9d7adf2-99ab-4840-a656-1ef01e8b7717/tags/red HTTP/1.1" status: 204 len: 168 time: 0.0610662
2026-06-25 23:36:29.907 10 INFO neutron.wsgi [None req-b9bbda82-fc4a-4a45-b754-efb013093711 969b3b5eea3f4542950bd64a5d475382 1bd8e47c7d024719ad5355e6a15f7caf - - default default] 10.0.0.23 "GET /v2.0/ports/d9d7adf2-99ab-4840-a656-1ef01e8b7717/tags HTTP/1.1" status: 200 len: 223 time: 0.0389490
2026-06-25 23:36:29.959 9 INFO neutron.db.ovn_revision_numbers_db [None req-de8e53f5-9d04-419e-b51b-6dd23e50fe30 5bd909b3c06e4f81890b480a2fad5e2b 83f71c9fea0b4201aa9f250211848d99 - - - -] Successfully bumped revision number for resource 8c29c1c5-5ad7-44cb-bea4-d6feaad1e134 (type: router_ports) to 3
2026-06-25 23:36:29.962 9 INFO neutron.wsgi [None req-de8e53f5-9d04-419e-b51b-6dd23e50fe30 5bd909b3c06e4f81890b480a2fad5e2b 83f71c9fea0b4201aa9f250211848d99 - - - -] 10.0.0.23 "PUT /v2.0/routers/ce03462f-2d22-4d41-902e-176314e00716/add_router_interface HTTP/1.1" status: 200 len: 503 time: 2.7738032
2026-06-25 23:36:29.963 9 INFO neutron.api.v2.resource [None req-9ba4ed91-d219-4371-becd-a2f8a06fa2f0 969b3b5eea3f4542950bd64a5d475382 1bd8e47c7d024719ad5355e6a15f7caf - - - -] delete failed (client error): The resource could not be found.
2026-06-25 23:36:29.964 9 INFO neutron.wsgi [None req-9ba4ed91-d219-4371-becd-a2f8a06fa2f0 969b3b5eea3f4542950bd64a5d475382 1bd8e47c7d024719ad5355e6a15f7caf - - - -] 10.0.0.23 "DELETE /v2.0/ports/d9d7adf2-99ab-4840-a656-1ef01e8b7717/tags/green HTTP/1.1" status: 404 len: 299 time: 0.0497367
2026-06-25 23:36:30.018 9 INFO neutron.wsgi [None req-7bba4274-fd8f-438b-a3b8-3062dd785610 969b3b5eea3f4542950bd64a5d475382 1bd8e47c7d024719ad5355e6a15f7caf - - - -] 10.0.0.23 "DELETE /v2.0/ports/d9d7adf2-99ab-4840-a656-1ef01e8b7717/tags HTTP/1.1" status: 204 len: 168 time: 0.0484653
2026-06-25 23:36:30.075 9 INFO neutron.wsgi [None req-3280b7d4-a4c6-4dd1-a048-91a881753ead 969b3b5eea3f4542950bd64a5d475382 1bd8e47c7d024719ad5355e6a15f7caf - - default default] 10.0.0.23 "GET /v2.0/ports/d9d7adf2-99ab-4840-a656-1ef01e8b7717/tags HTTP/1.1" status: 200 len: 205 time: 0.0508387
2026-06-25 23:36:30.435 10 INFO neutron.wsgi [None req-8d6a29df-d5d8-4bb0-b138-da341df783a2 969b3b5eea3f4542950bd64a5d475382 1bd8e47c7d024719ad5355e6a15f7caf - - - -] 10.0.0.23 "DELETE /v2.0/ports/d9d7adf2-99ab-4840-a656-1ef01e8b7717 HTTP/1.1" status: 204 len: 168 time: 0.3536937
2026-06-25 23:36:30.623 10 WARNING neutron.scheduler.dhcp_agent_scheduler [None req-b97cc5e1-3d20-4d52-86ed-4815b6884ddf 5bd909b3c06e4f81890b480a2fad5e2b 83f71c9fea0b4201aa9f250211848d99 - - default default] No more DHCP agents
2026-06-25 23:36:30.627 10 WARNING neutron.api.rpc.agentnotifiers.dhcp_rpc_agent_api [None req-b97cc5e1-3d20-4d52-86ed-4815b6884ddf 5bd909b3c06e4f81890b480a2fad5e2b 83f71c9fea0b4201aa9f250211848d99 - - default default] Unable to schedule network c568d2cf-18e6-4f84-8821-88474fe65eeb: no agents available; will retry on subsequent port and subnet creation events.
2026-06-25 23:36:30.790 10 INFO neutron.db.ovn_revision_numbers_db [None req-b97cc5e1-3d20-4d52-86ed-4815b6884ddf 5bd909b3c06e4f81890b480a2fad5e2b 83f71c9fea0b4201aa9f250211848d99 - - default default] Successfully bumped revision number for resource 8492f1fa-b9c7-45f0-a9c9-d788f3bf468d (type: ports) to 1
2026-06-25 23:36:30.816 9 INFO neutron.services.segments.plugin [-] Segment bfe47b3f-7c5b-443a-8a3c-938990866098 resource provider aggregate not found
2026-06-25 23:36:30.836 9 INFO neutron.services.segments.plugin [-] Segment bfe47b3f-7c5b-443a-8a3c-938990866098 resource provider aggregate not found
2026-06-25 23:36:30.838 10 INFO neutron.db.ovn_revision_numbers_db [None req-bd456f93-85ac-47c5-82f6-3b920f2e70a4 3ac8c50c942f4d52aefb697a10cbdaa3 895737fd353944dd9f3b330c8679578e - - - -] Successfully bumped revision number for resource fa803aa4-b716-4d58-9123-4607c0f60863 (type: security_groups) to 1
2026-06-25 23:36:30.847 9 INFO neutron.services.segments.plugin [-] Segment bfe47b3f-7c5b-443a-8a3c-938990866098 resource provider not found; error: Placement Client Error (4xx): {"errors": [{"status": 404, "title": "Not Found", "detail": "The resource could not be found.\n\n No resource provider with uuid bfe47b3f-7c5b-443a-8a3c-938990866098 found for delete ", "request_id": "req-6c9cd398-6f71-4994-9686-46851276a23d"}]}
2026-06-25 23:36:30.865 9 INFO neutron.services.segments.plugin [-] Segment bfe47b3f-7c5b-443a-8a3c-938990866098 resource provider not found; error: Placement Client Error (4xx): {"errors": [{"status": 404, "title": "Not Found", "detail": "The resource could not be found.\n\n No resource provider with uuid bfe47b3f-7c5b-443a-8a3c-938990866098 found for delete ", "request_id": "req-d81020ac-8109-46ab-b359-6d93b621b58e"}]}
2026-06-25 23:36:30.896 9 INFO neutron.wsgi [None req-9958d39d-be1e-46c3-b64c-f9232cbb4b23 969b3b5eea3f4542950bd64a5d475382 1bd8e47c7d024719ad5355e6a15f7caf - - - -] 10.0.0.23 "DELETE /v2.0/networks/e9719b9f-3bdd-41f4-95ac-3b6ee88759ac HTTP/1.1" status: 204 len: 168 time: 0.4559076
2026-06-25 23:36:30.927 10 INFO neutron.db.segments_db [None req-bd456f93-85ac-47c5-82f6-3b920f2e70a4 3ac8c50c942f4d52aefb697a10cbdaa3 895737fd353944dd9f3b330c8679578e - - - -] Added segment b051befe-1e89-4f4b-b55f-7bebe3dbda0e of type geneve for network bf6111d6-549b-4e59-ae21-bd1117da1821
2026-06-25 23:36:31.543 10 INFO neutron.db.ovn_revision_numbers_db [None req-bd456f93-85ac-47c5-82f6-3b920f2e70a4 3ac8c50c942f4d52aefb697a10cbdaa3 895737fd353944dd9f3b330c8679578e - - - -] Successfully bumped revision number for resource bf6111d6-549b-4e59-ae21-bd1117da1821 (type: networks) to 1
2026-06-25 23:36:31.794 10 WARNING neutron.scheduler.dhcp_agent_scheduler [None req-bd456f93-85ac-47c5-82f6-3b920f2e70a4 3ac8c50c942f4d52aefb697a10cbdaa3 895737fd353944dd9f3b330c8679578e - - - -] No more DHCP agents
2026-06-25 23:36:31.796 10 WARNING neutron.api.rpc.agentnotifiers.dhcp_rpc_agent_api [None req-bd456f93-85ac-47c5-82f6-3b920f2e70a4 3ac8c50c942f4d52aefb697a10cbdaa3 895737fd353944dd9f3b330c8679578e - - - -] Unable to schedule network bf6111d6-549b-4e59-ae21-bd1117da1821: no agents available; will retry on subsequent port and subnet creation events.
2026-06-25 23:36:31.819 9 INFO neutron.db.ovn_revision_numbers_db [None req-19b26f74-a351-4858-a2f6-e48293533635 eb385586f3e7424ca61f8366f483a2e1 5e6f572533a8440b9f7d5c9b69bf8a4b - - default default] Successfully bumped revision number for resource c640fc2a-eaa6-46de-a983-b13c136eeeeb (type: security_groups) to 1
2026-06-25 23:36:31.841 9 INFO neutron.wsgi [None req-19b26f74-a351-4858-a2f6-e48293533635 eb385586f3e7424ca61f8366f483a2e1 5e6f572533a8440b9f7d5c9b69bf8a4b - - default default] 10.0.0.23 "GET /v2.0/security-groups?tenant_id=e2ac5bd34f37485fa54ca9325daa44a8&name=default HTTP/1.1" status: 200 len: 2996 time: 0.2328010
2026-06-25 23:36:31.914 10 INFO neutron.db.ovn_revision_numbers_db [None req-bd456f93-85ac-47c5-82f6-3b920f2e70a4 3ac8c50c942f4d52aefb697a10cbdaa3 895737fd353944dd9f3b330c8679578e - - - -] Successfully bumped revision number for resource 21d2d498-f43d-41b7-99e6-164667d4a147 (type: ports) to 1
2026-06-25 23:36:31.943 10 INFO neutron.wsgi [None req-bd456f93-85ac-47c5-82f6-3b920f2e70a4 3ac8c50c942f4d52aefb697a10cbdaa3 895737fd353944dd9f3b330c8679578e - - - -] 10.0.0.23 "POST /v2.0/networks HTTP/1.1" status: 201 len: 830 time: 1.3822608
2026-06-25 23:36:31.944 10 INFO neutron.db.ovn_revision_numbers_db [None req-b97cc5e1-3d20-4d52-86ed-4815b6884ddf 5bd909b3c06e4f81890b480a2fad5e2b 83f71c9fea0b4201aa9f250211848d99 - - default default] Successfully bumped revision number for resource 8492f1fa-b9c7-45f0-a9c9-d788f3bf468d (type: router_ports) to 2
2026-06-25 23:36:32.116 9 INFO neutron.wsgi [None req-b5253c1f-d68b-4dd9-b738-c1eb8f59a92c eb385586f3e7424ca61f8366f483a2e1 5e6f572533a8440b9f7d5c9b69bf8a4b - - - -] 10.0.0.23 "DELETE /v2.0/security-groups/c640fc2a-eaa6-46de-a983-b13c136eeeeb HTTP/1.1" status: 204 len: 168 time: 0.2695997
2026-06-25 23:36:32.124 10 INFO neutron.db.ovn_revision_numbers_db [None req-b97cc5e1-3d20-4d52-86ed-4815b6884ddf 5bd909b3c06e4f81890b480a2fad5e2b 83f71c9fea0b4201aa9f250211848d99 - - default default] Successfully bumped revision number for resource 8492f1fa-b9c7-45f0-a9c9-d788f3bf468d (type: ports) to 2
2026-06-25 23:36:32.198 10 WARNING neutron.scheduler.dhcp_agent_scheduler [None req-b97cc5e1-3d20-4d52-86ed-4815b6884ddf 5bd909b3c06e4f81890b480a2fad5e2b 83f71c9fea0b4201aa9f250211848d99 - - default default] No more DHCP agents
2026-06-25 23:36:32.200 10 WARNING neutron.api.rpc.agentnotifiers.dhcp_rpc_agent_api [None req-b97cc5e1-3d20-4d52-86ed-4815b6884ddf 5bd909b3c06e4f81890b480a2fad5e2b 83f71c9fea0b4201aa9f250211848d99 - - default default] Unable to schedule network c568d2cf-18e6-4f84-8821-88474fe65eeb: no agents available; will retry on subsequent port and subnet creation events.
2026-06-25 23:36:32.228 9 WARNING neutron.scheduler.dhcp_agent_scheduler [None req-83844d0f-a4f0-470f-b9f9-2944552fd76c 3ac8c50c942f4d52aefb697a10cbdaa3 895737fd353944dd9f3b330c8679578e - - - -] No more DHCP agents
2026-06-25 23:36:32.234 9 WARNING neutron.api.rpc.agentnotifiers.dhcp_rpc_agent_api [None req-83844d0f-a4f0-470f-b9f9-2944552fd76c 3ac8c50c942f4d52aefb697a10cbdaa3 895737fd353944dd9f3b330c8679578e - - - -] Unable to schedule network bf6111d6-549b-4e59-ae21-bd1117da1821: no agents available; will retry on subsequent port and subnet creation events.
2026-06-25 23:36:32.279 9 INFO neutron.wsgi [None req-28d61d48-6647-4c7a-b167-7155040c206e eb385586f3e7424ca61f8366f483a2e1 5e6f572533a8440b9f7d5c9b69bf8a4b - - default default] 10.0.0.23 "GET /v2.0/security-groups?tenant_id=1bd8e47c7d024719ad5355e6a15f7caf&name=default HTTP/1.1" status: 200 len: 2996 time: 0.0600519
2026-06-25 23:36:32.630 10 INFO neutron.db.ovn_revision_numbers_db [None req-b97cc5e1-3d20-4d52-86ed-4815b6884ddf 5bd909b3c06e4f81890b480a2fad5e2b 83f71c9fea0b4201aa9f250211848d99 - - - -] Successfully bumped revision number for resource 8492f1fa-b9c7-45f0-a9c9-d788f3bf468d (type: router_ports) to 2
2026-06-25 23:36:32.633 10 INFO neutron.wsgi [None req-b97cc5e1-3d20-4d52-86ed-4815b6884ddf 5bd909b3c06e4f81890b480a2fad5e2b 83f71c9fea0b4201aa9f250211848d99 - - - -] 10.0.0.23 "PUT /v2.0/routers/ce03462f-2d22-4d41-902e-176314e00716/add_router_interface HTTP/1.1" status: 200 len: 503 time: 2.6579423
2026-06-25 23:36:32.660 10 INFO neutron.wsgi [None req-2b8253b3-1185-4e65-9dd6-b9aa5e25d8c7 eb385586f3e7424ca61f8366f483a2e1 5e6f572533a8440b9f7d5c9b69bf8a4b - - - -] 10.0.0.23 "DELETE /v2.0/security-groups/63de70ba-cc16-49c1-8862-dd4132d11738 HTTP/1.1" status: 204 len: 168 time: 0.3689015
2026-06-25 23:36:32.942 10 INFO neutron.wsgi [-] 10.0.0.37 "GET / HTTP/1.1" status: 200 len: 247 time: 0.0014119
2026-06-25 23:36:32.944 10 INFO neutron.wsgi [-] 10.0.0.37 "GET / HTTP/1.1" status: 200 len: 247 time: 0.0011156
2026-06-25 23:36:33.204 9 INFO neutron.db.ovn_revision_numbers_db [None req-83844d0f-a4f0-470f-b9f9-2944552fd76c 3ac8c50c942f4d52aefb697a10cbdaa3 895737fd353944dd9f3b330c8679578e - - - -] Successfully bumped revision number for resource 21d2d498-f43d-41b7-99e6-164667d4a147 (type: ports) to 2
2026-06-25 23:36:33.220 9 INFO neutron.db.ovn_revision_numbers_db [None req-83844d0f-a4f0-470f-b9f9-2944552fd76c 3ac8c50c942f4d52aefb697a10cbdaa3 895737fd353944dd9f3b330c8679578e - - - -] Successfully bumped revision number for resource 9abf9888-908f-4edf-a9cc-614da5e5097d (type: subnets) to 0
2026-06-25 23:36:33.239 9 INFO neutron.wsgi [None req-83844d0f-a4f0-470f-b9f9-2944552fd76c 3ac8c50c942f4d52aefb697a10cbdaa3 895737fd353944dd9f3b330c8679578e - - - -] 10.0.0.23 "POST /v2.0/subnets HTTP/1.1" status: 201 len: 801 time: 1.2893798
2026-06-25 23:36:33.259 10 WARNING neutron.scheduler.dhcp_agent_scheduler [None req-0e229c08-b7d9-4b85-88c2-58e14f05e80d 5bd909b3c06e4f81890b480a2fad5e2b 83f71c9fea0b4201aa9f250211848d99 - - default default] No more DHCP agents
2026-06-25 23:36:33.266 10 WARNING neutron.api.rpc.agentnotifiers.dhcp_rpc_agent_api [None req-0e229c08-b7d9-4b85-88c2-58e14f05e80d 5bd909b3c06e4f81890b480a2fad5e2b 83f71c9fea0b4201aa9f250211848d99 - - default default] Unable to schedule network 7329542c-31c4-4fa5-9aec-2fc8efc7c4ff: no agents available; will retry on subsequent port and subnet creation events.
2026-06-25 23:36:33.325 9 INFO neutron.db.segments_db [None req-2e342448-fe07-4aa1-91d8-0410ca7464cf 3ac8c50c942f4d52aefb697a10cbdaa3 895737fd353944dd9f3b330c8679578e - - - -] Added segment 725c1954-8ee8-4d5e-9086-8d8fd6e7cc66 of type geneve for network 3ff279c6-9094-4bdc-928b-e8c92fac139e
2026-06-25 23:36:33.458 10 INFO neutron.db.ovn_revision_numbers_db [None req-0e229c08-b7d9-4b85-88c2-58e14f05e80d 5bd909b3c06e4f81890b480a2fad5e2b 83f71c9fea0b4201aa9f250211848d99 - - default default] Successfully bumped revision number for resource bd073142-dab5-44d5-9638-d39ceb502901 (type: ports) to 1
2026-06-25 23:36:33.477 9 INFO neutron.db.ovn_revision_numbers_db [None req-2e342448-fe07-4aa1-91d8-0410ca7464cf 3ac8c50c942f4d52aefb697a10cbdaa3 895737fd353944dd9f3b330c8679578e - - - -] Successfully bumped revision number for resource 3ff279c6-9094-4bdc-928b-e8c92fac139e (type: networks) to 1
2026-06-25 23:36:33.655 9 WARNING neutron.scheduler.dhcp_agent_scheduler [None req-2e342448-fe07-4aa1-91d8-0410ca7464cf 3ac8c50c942f4d52aefb697a10cbdaa3 895737fd353944dd9f3b330c8679578e - - - -] No more DHCP agents
