2026-06-25 23:33:34.348 10 INFO neutron.wsgi [None req-d355f384-3b21-4676-9c97-69bd32910d71 9ff34c3583ff4eb09f4b57a606cf9129 13de606f58494415a35ae9da7bace73f - - default default] 10.0.0.23 "GET /v2.0/extensions/port-device-profile HTTP/1.1" status: 200 len: 383 time: 0.0079808
2026-06-25 23:33:34.358 9 INFO neutron.wsgi [None req-c6cce2ea-7895-4548-b51d-95cabfe93759 9ff34c3583ff4eb09f4b57a606cf9129 13de606f58494415a35ae9da7bace73f - - default default] 10.0.0.23 "GET /v2.0/extensions/port-mac-address-regenerate HTTP/1.1" status: 200 len: 403 time: 0.0063307
2026-06-25 23:33:34.376 10 INFO neutron.wsgi [None req-f526ace6-9c05-4392-8c62-f188a830ca38 9ff34c3583ff4eb09f4b57a606cf9129 13de606f58494415a35ae9da7bace73f - - default default] 10.0.0.23 "GET /v2.0/extensions/port-numa-affinity-policy HTTP/1.1" status: 200 len: 392 time: 0.0104239
2026-06-25 23:33:34.397 9 INFO neutron.wsgi [None req-847cb731-8b5e-4b51-8513-c573f6fe4a27 9ff34c3583ff4eb09f4b57a606cf9129 13de606f58494415a35ae9da7bace73f - - default default] 10.0.0.23 "GET /v2.0/extensions/port-resource-request HTTP/1.1" status: 200 len: 379 time: 0.0081489
2026-06-25 23:33:34.408 9 INFO neutron.wsgi [None req-1b38a7e1-7d0b-4e07-940d-06c51cbb990f 9ff34c3583ff4eb09f4b57a606cf9129 13de606f58494415a35ae9da7bace73f - - default default] 10.0.0.23 "GET /v2.0/extensions/port-resource-request-groups HTTP/1.1" status: 200 len: 465 time: 0.0051289
2026-06-25 23:33:34.409 9 INFO neutron.db.ovn_revision_numbers_db [None req-af23856a-b697-49de-96a5-efa60640ed41 - - - - - -] Successfully bumped revision number for resource 584fecf1-ad83-493a-bec5-a829966c1804 (type: ports) to 4
2026-06-25 23:33:34.422 10 INFO neutron.wsgi [None req-dab949fd-dac9-4cf9-a2c0-d37a651f338d 9ff34c3583ff4eb09f4b57a606cf9129 13de606f58494415a35ae9da7bace73f - - default default] 10.0.0.23 "GET /v2.0/extensions/binding HTTP/1.1" status: 200 len: 387 time: 0.0084760
2026-06-25 23:33:34.431 10 INFO neutron.wsgi [None req-d9afd889-52d1-4def-8db6-f3d580c0cfd9 9ff34c3583ff4eb09f4b57a606cf9129 13de606f58494415a35ae9da7bace73f - - default default] 10.0.0.23 "GET /v2.0/extensions/binding-extended HTTP/1.1" status: 200 len: 406 time: 0.0045345
2026-06-25 23:33:34.442 10 INFO neutron.wsgi [None req-f8033559-082b-4cd7-8330-69a4fb9699b3 9ff34c3583ff4eb09f4b57a606cf9129 13de606f58494415a35ae9da7bace73f - - default default] 10.0.0.23 "GET /v2.0/extensions/port-security HTTP/1.1" status: 200 len: 354 time: 0.0068285
2026-06-25 23:33:34.459 10 INFO neutron.wsgi [None req-5d5341f9-8eaa-4736-a23b-d9194f31c8ff 9ff34c3583ff4eb09f4b57a606cf9129 13de606f58494415a35ae9da7bace73f - - default default] 10.0.0.23 "GET /v2.0/extensions/project-id HTTP/1.1" status: 200 len: 398 time: 0.0112853
2026-06-25 23:33:34.468 10 INFO neutron.wsgi [None req-96a95ba6-48ee-4a12-b5e2-b7687460b455 9ff34c3583ff4eb09f4b57a606cf9129 13de606f58494415a35ae9da7bace73f - - default default] 10.0.0.23 "GET /v2.0/extensions/provider HTTP/1.1" status: 200 len: 385 time: 0.0043774
2026-06-25 23:33:34.477 10 INFO neutron.wsgi [None req-dad89e1f-ba93-44ec-baca-3cb975048ec0 9ff34c3583ff4eb09f4b57a606cf9129 13de606f58494415a35ae9da7bace73f - - default default] 10.0.0.23 "GET /v2.0/extensions/qos HTTP/1.1" status: 200 len: 360 time: 0.0045519
2026-06-25 23:33:34.488 10 INFO neutron.wsgi [None req-faf0a030-fcd8-4826-b810-99109c2eba4d 9ff34c3583ff4eb09f4b57a606cf9129 13de606f58494415a35ae9da7bace73f - - default default] 10.0.0.23 "GET /v2.0/extensions/qos-bw-limit-direction HTTP/1.1" status: 200 len: 452 time: 0.0053947
2026-06-25 23:33:34.499 10 INFO neutron.wsgi [None req-a101f6ef-82df-44fb-81c4-055f0f02b0f6 9ff34c3583ff4eb09f4b57a606cf9129 13de606f58494415a35ae9da7bace73f - - default default] 10.0.0.23 "GET /v2.0/extensions/qos-bw-minimum-ingress HTTP/1.1" status: 200 len: 445 time: 0.0047171
2026-06-25 23:33:34.515 10 INFO neutron.wsgi [None req-6177aee7-10af-4533-a068-3f77fddf89e5 9ff34c3583ff4eb09f4b57a606cf9129 13de606f58494415a35ae9da7bace73f - - default default] 10.0.0.23 "GET /v2.0/extensions/qos-default HTTP/1.1" status: 200 len: 377 time: 0.0070662
2026-06-25 23:33:34.524 10 INFO neutron.wsgi [None req-f9f62359-72c6-494b-b5a0-75f080197864 9ff34c3583ff4eb09f4b57a606cf9129 13de606f58494415a35ae9da7bace73f - - default default] 10.0.0.23 "GET /v2.0/extensions/qos-fip HTTP/1.1" status: 200 len: 372 time: 0.0043690
2026-06-25 23:33:34.533 10 INFO neutron.wsgi [None req-d94074a8-519d-4f34-888f-5e158557ddf1 9ff34c3583ff4eb09f4b57a606cf9129 13de606f58494415a35ae9da7bace73f - - default default] 10.0.0.23 "GET /v2.0/extensions/qos-gateway-ip HTTP/1.1" status: 200 len: 391 time: 0.0053928
2026-06-25 23:33:34.541 10 INFO neutron.wsgi [None req-8a887801-f2e1-4b00-8752-49b44bfbbeb4 9ff34c3583ff4eb09f4b57a606cf9129 13de606f58494415a35ae9da7bace73f - - default default] 10.0.0.23 "GET /v2.0/extensions/qos-port-network-policy HTTP/1.1" status: 200 len: 403 time: 0.0043862
2026-06-25 23:33:34.552 10 INFO neutron.wsgi [None req-c2354173-1fa7-461e-adab-fe95cd050e33 9ff34c3583ff4eb09f4b57a606cf9129 13de606f58494415a35ae9da7bace73f - - default default] 10.0.0.23 "GET /v2.0/extensions/qos-pps-minimum HTTP/1.1" status: 200 len: 397 time: 0.0047181
2026-06-25 23:33:34.561 10 INFO neutron.wsgi [None req-d445718e-596e-4f49-8cd0-0c1b22530410 9ff34c3583ff4eb09f4b57a606cf9129 13de606f58494415a35ae9da7bace73f - - default default] 10.0.0.23 "GET /v2.0/extensions/qos-pps-minimum-rule-alias HTTP/1.1" status: 200 len: 471 time: 0.0044694
2026-06-25 23:33:34.569 10 INFO neutron.wsgi [None req-fbbad1cc-229c-40ff-a72b-6ed9d9555f93 9ff34c3583ff4eb09f4b57a606cf9129 13de606f58494415a35ae9da7bace73f - - default default] 10.0.0.23 "GET /v2.0/extensions/qos-pps HTTP/1.1" status: 200 len: 389 time: 0.0047739 /var/lib/openstack/lib/python3.10/site-packages/pycadf/identifier.py:71: UserWarning: Invalid uuid: neutron. To ensure interoperability, identifiers should be a valid uuid. warnings.warn(('Invalid uuid: %s. To ensure interoperability, '
2026-06-25 23:33:34.580 9 INFO neutron.wsgi [None req-4cbee877-af81-4ea7-9085-3b4768e383db 9ff34c3583ff4eb09f4b57a606cf9129 13de606f58494415a35ae9da7bace73f - - default default] 10.0.0.23 "GET /v2.0/extensions/qos-rule-type-details HTTP/1.1" status: 200 len: 423 time: 0.0066848
2026-06-25 23:33:34.589 9 INFO neutron.wsgi [None req-788248b7-e74e-4bdd-851e-226203c32fa4 9ff34c3583ff4eb09f4b57a606cf9129 13de606f58494415a35ae9da7bace73f - - default default] 10.0.0.23 "GET /v2.0/extensions/qos-rule-type-filter HTTP/1.1" status: 200 len: 567 time: 0.0043738
2026-06-25 23:33:34.596 9 INFO neutron.wsgi [None req-5c22f362-4c5e-4b27-be60-006afe82336c 9ff34c3583ff4eb09f4b57a606cf9129 13de606f58494415a35ae9da7bace73f - - default default] 10.0.0.23 "GET /v2.0/extensions/qos-rules-alias HTTP/1.1" status: 200 len: 448 time: 0.0041876
2026-06-25 23:33:34.606 9 INFO neutron.wsgi [None req-f926326c-dedb-41e5-aa5f-8fa2c47a464e 9ff34c3583ff4eb09f4b57a606cf9129 13de606f58494415a35ae9da7bace73f - - default default] 10.0.0.23 "GET /v2.0/extensions/quota-check-limit HTTP/1.1" status: 200 len: 420 time: 0.0055869
2026-06-25 23:33:34.615 9 INFO neutron.wsgi [None req-306d8fb3-d443-42f7-9cd5-89092f394205 9ff34c3583ff4eb09f4b57a606cf9129 13de606f58494415a35ae9da7bace73f - - default default] 10.0.0.23 "GET /v2.0/extensions/quotas HTTP/1.1" status: 200 len: 386 time: 0.0044212
2026-06-25 23:33:34.624 9 INFO neutron.wsgi [None req-d5c9c478-3b4a-430f-bd87-7050ea1985e7 9ff34c3583ff4eb09f4b57a606cf9129 13de606f58494415a35ae9da7bace73f - - default default] 10.0.0.23 "GET /v2.0/extensions/quota_details HTTP/1.1" status: 200 len: 407 time: 0.0042720
2026-06-25 23:33:34.632 9 INFO neutron.wsgi [None req-71ea54be-9db6-40f2-bda7-8ddc3b6ff7ec 9ff34c3583ff4eb09f4b57a606cf9129 13de606f58494415a35ae9da7bace73f - - default default] 10.0.0.23 "GET /v2.0/extensions/rbac-policies HTTP/1.1" status: 200 len: 417 time: 0.0043566
2026-06-25 23:33:34.643 10 INFO neutron.wsgi [None req-d758b0da-b38e-43bf-90a7-ca105dd52498 9ff34c3583ff4eb09f4b57a606cf9129 13de606f58494415a35ae9da7bace73f - - default default] 10.0.0.23 "GET /v2.0/extensions/rbac-address-scope HTTP/1.1" status: 200 len: 384 time: 0.0061452
2026-06-25 23:33:34.651 10 INFO neutron.wsgi [None req-0577da52-19a0-4916-8447-6ba9bd215ae5 9ff34c3583ff4eb09f4b57a606cf9129 13de606f58494415a35ae9da7bace73f - - default default] 10.0.0.23 "GET /v2.0/extensions/rbac-security-groups HTTP/1.1" status: 200 len: 404 time: 0.0034306
2026-06-25 23:33:34.660 10 INFO neutron.wsgi [None req-cbd7cb8f-6577-45cb-9513-d05af82da19c 9ff34c3583ff4eb09f4b57a606cf9129 13de606f58494415a35ae9da7bace73f - - default default] 10.0.0.23 "GET /v2.0/extensions/revision-if-match HTTP/1.1" status: 200 len: 441 time: 0.0041418
2026-06-25 23:33:34.669 10 INFO neutron.wsgi [None req-31428eb3-7a5e-4065-8802-c8c6eab58b8c 9ff34c3583ff4eb09f4b57a606cf9129 13de606f58494415a35ae9da7bace73f - - default default] 10.0.0.23 "GET /v2.0/extensions/standard-attr-revisions HTTP/1.1" status: 200 len: 423 time: 0.0044589
2026-06-25 23:33:34.677 10 INFO neutron.wsgi [None req-a8f1c482-bdb5-4d86-805a-48f8c041cac7 9ff34c3583ff4eb09f4b57a606cf9129 13de606f58494415a35ae9da7bace73f - - default default] 10.0.0.23 "GET /v2.0/extensions/router_availability_zone HTTP/1.1" status: 200 len: 391 time: 0.0041051
2026-06-25 23:33:34.685 10 INFO neutron.wsgi [None req-5621180d-ea5b-4b23-8d0a-be3a6d5f434e 9ff34c3583ff4eb09f4b57a606cf9129 13de606f58494415a35ae9da7bace73f - - default default] 10.0.0.23 "GET /v2.0/extensions/security-groups-normalized-cidr HTTP/1.1" status: 200 len: 445 time: 0.0042279
2026-06-25 23:33:34.693 10 INFO neutron.wsgi [None req-93443c51-1c58-4d14-b27c-0337f2513463 9ff34c3583ff4eb09f4b57a606cf9129 13de606f58494415a35ae9da7bace73f - - default default] 10.0.0.23 "GET /v2.0/extensions/security-groups-remote-address-group HTTP/1.1" status: 200 len: 448 time: 0.0041945
2026-06-25 23:33:34.701 10 INFO neutron.wsgi [None req-1b5442b7-3cce-41d0-8059-ae4edb3cbefd 9ff34c3583ff4eb09f4b57a606cf9129 13de606f58494415a35ae9da7bace73f - - default default] 10.0.0.23 "GET /v2.0/extensions/security-groups-shared-filtering HTTP/1.1" status: 200 len: 435 time: 0.0047667
2026-06-25 23:33:34.708 10 INFO neutron.wsgi [None req-28a6a075-d4d2-403d-9394-894d84853bcb 9ff34c3583ff4eb09f4b57a606cf9129 13de606f58494415a35ae9da7bace73f - - default default] 10.0.0.23 "GET /v2.0/extensions/security-group HTTP/1.1" status: 200 len: 364 time: 0.0039577
2026-06-25 23:33:34.714 10 INFO neutron.wsgi [None req-4b1437f4-8720-433b-9297-babc563eecdb 9ff34c3583ff4eb09f4b57a606cf9129 13de606f58494415a35ae9da7bace73f - - default default] 10.0.0.23 "GET /v2.0/extensions/segment HTTP/1.1" status: 200 len: 339 time: 0.0028825
2026-06-25 23:33:34.726 9 INFO neutron.wsgi [None req-25c0465c-8fd1-4fc7-8dbf-1e4415a02703 9ff34c3583ff4eb09f4b57a606cf9129 13de606f58494415a35ae9da7bace73f - - default default] 10.0.0.23 "GET /v2.0/extensions/segments-peer-subnet-host-routes HTTP/1.1" status: 200 len: 427 time: 0.0076249
2026-06-25 23:33:34.735 9 INFO neutron.wsgi [None req-c8902d2b-9cfb-42ed-b0dc-4a3065a77ac3 9ff34c3583ff4eb09f4b57a606cf9129 13de606f58494415a35ae9da7bace73f - - default default] 10.0.0.23 "GET /v2.0/extensions/service-type HTTP/1.1" status: 200 len: 415 time: 0.0042598
2026-06-25 23:33:34.742 9 INFO neutron.wsgi [None req-4c2c9ed1-284e-4a38-8a2a-835aa2dfc2e3 9ff34c3583ff4eb09f4b57a606cf9129 13de606f58494415a35ae9da7bace73f - - default default] 10.0.0.23 "GET /v2.0/extensions/sorting HTTP/1.1" status: 200 len: 377 time: 0.0040367
2026-06-25 23:33:34.751 9 INFO neutron.wsgi [None req-a39c3b1f-fef3-4df0-820b-63028b742a00 9ff34c3583ff4eb09f4b57a606cf9129 13de606f58494415a35ae9da7bace73f - - default default] 10.0.0.23 "GET /v2.0/extensions/standard-attr-segment HTTP/1.1" status: 200 len: 406 time: 0.0042162
2026-06-25 23:33:34.758 9 INFO neutron.wsgi [None req-ddee2f63-88a0-49cd-b750-91d645481fa4 9ff34c3583ff4eb09f4b57a606cf9129 13de606f58494415a35ae9da7bace73f - - default default] 10.0.0.23 "GET /v2.0/extensions/standard-attr-description HTTP/1.1" status: 200 len: 408 time: 0.0043612
2026-06-25 23:33:34.766 9 INFO neutron.wsgi [None req-da084dcb-7d21-4909-b1bf-6b0c56a973a9 9ff34c3583ff4eb09f4b57a606cf9129 13de606f58494415a35ae9da7bace73f - - default default] 10.0.0.23 "GET /v2.0/extensions/stateful-security-group HTTP/1.1" status: 200 len: 402 time: 0.0040979
2026-06-25 23:33:34.774 9 INFO neutron.wsgi [None req-3cf47970-bb52-4855-be91-4781085073e1 9ff34c3583ff4eb09f4b57a606cf9129 13de606f58494415a35ae9da7bace73f - - default default] 10.0.0.23 "GET /v2.0/extensions/subnet-dns-publish-fixed-ip HTTP/1.1" status: 200 len: 421 time: 0.0045838
2026-06-25 23:33:34.783 9 INFO neutron.wsgi [None req-ef3b858c-9a45-4731-8de2-30520fdf9d22 9ff34c3583ff4eb09f4b57a606cf9129 13de606f58494415a35ae9da7bace73f - - default default] 10.0.0.23 "GET /v2.0/extensions/subnet-segmentid-writable HTTP/1.1" status: 200 len: 421 time: 0.0043802
2026-06-25 23:33:34.795 10 INFO neutron.wsgi [None req-189a7a02-02ae-4ad4-ad68-0e6712eed26f 9ff34c3583ff4eb09f4b57a606cf9129 13de606f58494415a35ae9da7bace73f - - default default] 10.0.0.23 "GET /v2.0/extensions/subnet-service-types HTTP/1.1" status: 200 len: 400 time: 0.0090859
2026-06-25 23:33:34.804 9 INFO neutron.wsgi [None req-9665ef7e-501a-4532-9e09-21bce3209b1a 9ff34c3583ff4eb09f4b57a606cf9129 13de606f58494415a35ae9da7bace73f - - default default] 10.0.0.23 "GET /v2.0/extensions/subnet_allocation HTTP/1.1" status: 200 len: 388 time: 0.0049593
2026-06-25 23:33:34.814 9 INFO neutron.wsgi [None req-ed2d2b75-d81c-440a-ad58-1e6f1cad884e 9ff34c3583ff4eb09f4b57a606cf9129 13de606f58494415a35ae9da7bace73f - - default default] 10.0.0.23 "GET /v2.0/extensions/subnetpool-prefix-ops HTTP/1.1" status: 200 len: 418 time: 0.0047464
2026-06-25 23:33:34.823 9 INFO neutron.wsgi [None req-52158769-0731-4213-98fa-e06d4833e70c 9ff34c3583ff4eb09f4b57a606cf9129 13de606f58494415a35ae9da7bace73f - - default default] 10.0.0.23 "GET /v2.0/extensions/standard-attr-tag HTTP/1.1" status: 200 len: 537 time: 0.0044549
2026-06-25 23:33:34.832 9 INFO neutron.wsgi [None req-82b8f6ad-8bf8-42f7-99b7-60f605d7de02 9ff34c3583ff4eb09f4b57a606cf9129 13de606f58494415a35ae9da7bace73f - - default default] 10.0.0.23 "GET /v2.0/extensions/standard-attr-timestamp HTTP/1.1" status: 200 len: 449 time: 0.0042479
2026-06-25 23:33:34.840 9 INFO neutron.wsgi [None req-ff9423d3-9789-4d02-9157-ccb55c8e74c4 9ff34c3583ff4eb09f4b57a606cf9129 13de606f58494415a35ae9da7bace73f - - default default] 10.0.0.23 "GET /v2.0/extensions/trunk HTTP/1.1" status: 200 len: 358 time: 0.0044525
2026-06-25 23:33:34.848 9 INFO neutron.wsgi [None req-94208704-a216-4b1d-a247-1ef71b179bb4 9ff34c3583ff4eb09f4b57a606cf9129 13de606f58494415a35ae9da7bace73f - - default default] 10.0.0.23 "GET /v2.0/extensions/trunk-details HTTP/1.1" status: 200 len: 362 time: 0.0040965
2026-06-25 23:33:34.930 10 INFO neutron.wsgi [req-1c264a80-d1c6-482a-bea7-083ad6354b27 req-73abecda-97f9-4dfe-b1cc-bd637fcaa74b f57674b292cb477fa3b04444bf848846 c4e4b2ccd90b438ca1647b18d12aadf7 - - default default] 10.0.0.211 "GET /v2.0/ports?device_id=2b956275-d6c1-4427-9db6-274ce8edd146 HTTP/1.1" status: 200 len: 1170 time: 0.1243482
2026-06-25 23:33:34.971 10 INFO neutron.wsgi [req-1c264a80-d1c6-482a-bea7-083ad6354b27 req-340e526d-293f-470d-a610-989a9cb7af2e f57674b292cb477fa3b04444bf848846 c4e4b2ccd90b438ca1647b18d12aadf7 - - default default] 10.0.0.211 "GET /v2.0/security-groups?id=c9081898-3c6c-4286-bf38-4968cdfd4a00&fields=id&fields=name HTTP/1.1" status: 200 len: 312 time: 0.0313835
2026-06-25 23:33:35.514 10 INFO neutron.db.ovn_revision_numbers_db [None req-e0b9ca12-0ca1-4af4-bd41-ac47d48381cc eb385586f3e7424ca61f8366f483a2e1 5e6f572533a8440b9f7d5c9b69bf8a4b - - default default] Successfully bumped revision number for resource ebaee31e-1c9b-4209-9157-4e5c54d0546b (type: security_groups) to 1
2026-06-25 23:33:35.543 9 INFO neutron.notifiers.nova [-] Nova event matching ['req-35509867-b4c5-42b9-8844-7c6d139a832d'] response: {'server_uuid': '2b956275-d6c1-4427-9db6-274ce8edd146', 'name': 'network-vif-plugged', 'status': 'completed', 'tag': '584fecf1-ad83-493a-bec5-a829966c1804', 'code': 200}
2026-06-25 23:33:35.544 9 INFO neutron.notifiers.nova [-] Nova event matching ['req-35509867-b4c5-42b9-8844-7c6d139a832d'] response: {'server_uuid': '2b956275-d6c1-4427-9db6-274ce8edd146', 'name': 'network-vif-plugged', 'status': 'completed', 'tag': '584fecf1-ad83-493a-bec5-a829966c1804', 'code': 200}
2026-06-25 23:33:35.556 10 INFO neutron.wsgi [None req-e0b9ca12-0ca1-4af4-bd41-ac47d48381cc eb385586f3e7424ca61f8366f483a2e1 5e6f572533a8440b9f7d5c9b69bf8a4b - - default default] 10.0.0.23 "GET /v2.0/security-groups?tenant_id=dce6dfa3eca54eae81a81cec8814fcec&name=default HTTP/1.1" status: 200 len: 2996 time: 0.3503058
2026-06-25 23:33:35.603 10 INFO neutron.db.ovn_revision_numbers_db [None req-49ae0a95-9560-4f94-8f50-caca7b399ac2 eb385586f3e7424ca61f8366f483a2e1 5e6f572533a8440b9f7d5c9b69bf8a4b - - default default] Successfully bumped revision number for resource 51508283-ee07-4337-a051-2f8fd50c8255 (type: security_groups) to 1
2026-06-25 23:33:35.630 10 INFO neutron.wsgi [None req-49ae0a95-9560-4f94-8f50-caca7b399ac2 eb385586f3e7424ca61f8366f483a2e1 5e6f572533a8440b9f7d5c9b69bf8a4b - - default default] 10.0.0.23 "GET /v2.0/security-groups?tenant_id=13de606f58494415a35ae9da7bace73f&name=default HTTP/1.1" status: 200 len: 2996 time: 0.2944026
2026-06-25 23:33:35.813 9 INFO neutron.wsgi [None req-46648930-b4c7-4017-8e35-809e8d9ec623 eb385586f3e7424ca61f8366f483a2e1 5e6f572533a8440b9f7d5c9b69bf8a4b - - - -] 10.0.0.23 "DELETE /v2.0/security-groups/ebaee31e-1c9b-4209-9157-4e5c54d0546b HTTP/1.1" status: 204 len: 168 time: 0.2500837
2026-06-25 23:33:35.860 10 INFO neutron.wsgi [None req-b75d10ed-eedc-4748-9f2a-5af17009c13c eb385586f3e7424ca61f8366f483a2e1 5e6f572533a8440b9f7d5c9b69bf8a4b - - - -] 10.0.0.23 "DELETE /v2.0/security-groups/51508283-ee07-4337-a051-2f8fd50c8255 HTTP/1.1" status: 204 len: 168 time: 0.2145104
2026-06-25 23:33:36.057 9 INFO neutron.db.ovn_revision_numbers_db [None req-f5746aab-a92b-4ef4-9d39-02930a17718c eb385586f3e7424ca61f8366f483a2e1 5e6f572533a8440b9f7d5c9b69bf8a4b - - default default] Successfully bumped revision number for resource 2ef0101a-386f-4419-8a8b-8247dd672dbc (type: security_groups) to 1
2026-06-25 23:33:36.082 9 INFO neutron.wsgi [None req-f5746aab-a92b-4ef4-9d39-02930a17718c eb385586f3e7424ca61f8366f483a2e1 5e6f572533a8440b9f7d5c9b69bf8a4b - - default default] 10.0.0.23 "GET /v2.0/security-groups?tenant_id=8d6d505262814d46a022696b96af59a2&name=default HTTP/1.1" status: 200 len: 2996 time: 0.1333277
2026-06-25 23:33:36.095 10 INFO neutron.wsgi [req-6dfe6fa1-4c2a-4994-9b98-ba08466ce932 req-6f276c68-e469-4ab7-ac6c-ebf5f373f1f6 f57674b292cb477fa3b04444bf848846 c4e4b2ccd90b438ca1647b18d12aadf7 - - default default] 10.0.0.211 "GET /v2.0/ports?device_id=2b956275-d6c1-4427-9db6-274ce8edd146 HTTP/1.1" status: 200 len: 1170 time: 0.0491214
2026-06-25 23:33:36.152 10 INFO neutron.wsgi [req-6dfe6fa1-4c2a-4994-9b98-ba08466ce932 req-bed222cd-48a5-4ad9-8974-a3adb52402b4 f57674b292cb477fa3b04444bf848846 c4e4b2ccd90b438ca1647b18d12aadf7 - - default default] 10.0.0.211 "GET /v2.0/security-groups?id=c9081898-3c6c-4286-bf38-4968cdfd4a00&fields=id&fields=name HTTP/1.1" status: 200 len: 312 time: 0.0485690
2026-06-25 23:33:36.678 9 INFO neutron.wsgi [req-ba66c054-5400-49da-86cb-0f71c8d0495f req-2e84bdec-8e4d-4d89-a384-6adf0779916a f57674b292cb477fa3b04444bf848846 c4e4b2ccd90b438ca1647b18d12aadf7 - - default default] 10.0.0.211 "GET /v2.0/ports?device_id=2b956275-d6c1-4427-9db6-274ce8edd146 HTTP/1.1" status: 200 len: 1170 time: 0.4466608
2026-06-25 23:33:36.681 9 INFO neutron.wsgi [None req-057a2511-371f-4b77-b007-5c0eb55c466e eb385586f3e7424ca61f8366f483a2e1 5e6f572533a8440b9f7d5c9b69bf8a4b - - - -] 10.0.0.23 "DELETE /v2.0/security-groups/2ef0101a-386f-4419-8a8b-8247dd672dbc HTTP/1.1" status: 204 len: 168 time: 0.5942113
2026-06-25 23:33:36.923 9 INFO neutron.db.l3_db [None req-dbcc1a3e-e8cc-4cf7-b0e6-dba2f8d4edf0 f57674b292cb477fa3b04444bf848846 c4e4b2ccd90b438ca1647b18d12aadf7 - - - -] Floating IP 247f8acf-743f-4bc4-8359-4828adb869aa associated. External IP: 10.96.250.219, port: 584fecf1-ad83-493a-bec5-a829966c1804.
2026-06-25 23:33:37.066 9 INFO neutron.db.ovn_revision_numbers_db [None req-dbcc1a3e-e8cc-4cf7-b0e6-dba2f8d4edf0 f57674b292cb477fa3b04444bf848846 c4e4b2ccd90b438ca1647b18d12aadf7 - - - -] Successfully bumped revision number for resource 247f8acf-743f-4bc4-8359-4828adb869aa (type: floatingips) to 1
2026-06-25 23:33:37.141 9 INFO neutron.db.ovn_revision_numbers_db [None req-dbcc1a3e-e8cc-4cf7-b0e6-dba2f8d4edf0 f57674b292cb477fa3b04444bf848846 c4e4b2ccd90b438ca1647b18d12aadf7 - - - -] Successfully bumped revision number for resource 247f8acf-743f-4bc4-8359-4828adb869aa (type: floatingips) to 2
2026-06-25 23:33:37.168 9 INFO neutron.wsgi [None req-dbcc1a3e-e8cc-4cf7-b0e6-dba2f8d4edf0 f57674b292cb477fa3b04444bf848846 c4e4b2ccd90b438ca1647b18d12aadf7 - - - -] 10.0.0.23 "PUT /v2.0/floatingips/247f8acf-743f-4bc4-8359-4828adb869aa HTTP/1.1" status: 200 len: 1049 time: 0.4741225 /var/lib/openstack/lib/python3.10/site-packages/pycadf/identifier.py:71: UserWarning: Invalid uuid: neutron. To ensure interoperability, identifiers should be a valid uuid. warnings.warn(('Invalid uuid: %s. To ensure interoperability, '
2026-06-25 23:33:37.263 10 INFO neutron.wsgi [req-2213add5-ff18-425e-bf9e-ee7ae618b5db req-e76cbb0e-aea2-4c21-91bb-a6bf0aebbae6 f57674b292cb477fa3b04444bf848846 c4e4b2ccd90b438ca1647b18d12aadf7 - - default default] 10.0.0.211 "GET /v2.0/ports?device_id=2b956275-d6c1-4427-9db6-274ce8edd146 HTTP/1.1" status: 200 len: 1170 time: 0.0458055
2026-06-25 23:33:37.347 10 INFO neutron.wsgi [req-2213add5-ff18-425e-bf9e-ee7ae618b5db req-9f847cb0-cd9c-4a00-b960-50f17f6567b7 f57674b292cb477fa3b04444bf848846 c4e4b2ccd90b438ca1647b18d12aadf7 - - default default] 10.0.0.211 "GET /v2.0/security-groups?id=c9081898-3c6c-4286-bf38-4968cdfd4a00&fields=id&fields=name HTTP/1.1" status: 200 len: 312 time: 0.0664818
2026-06-25 23:33:37.604 9 INFO neutron.notifiers.nova [-] Nova event matching ['req-301502d3-e6a0-44fe-a726-677af0b39b0b'] response: {'name': 'network-changed', 'server_uuid': '2b956275-d6c1-4427-9db6-274ce8edd146', 'tag': '584fecf1-ad83-493a-bec5-a829966c1804', 'status': 'completed', 'code': 200}
2026-06-25 23:33:37.669 9 INFO neutron.plugins.ml2.drivers.ovn.mech_driver.mech_driver [None req-af23856a-b697-49de-96a5-efa60640ed41 - - - - - -] OVN reports status down for port: 584fecf1-ad83-493a-bec5-a829966c1804
2026-06-25 23:33:37.672 10 INFO neutron.wsgi [req-feda04d9-dc1d-42c9-8281-30e843c933dd req-46dd2289-5a84-4a83-85d6-18eae5f6c04b f57674b292cb477fa3b04444bf848846 c4e4b2ccd90b438ca1647b18d12aadf7 - - default default] 10.0.0.211 "GET /v2.0/ports?device_id=2b956275-d6c1-4427-9db6-274ce8edd146 HTTP/1.1" status: 200 len: 1170 time: 0.0567374
2026-06-25 23:33:37.694 9 INFO neutron.wsgi [req-d32987c0-3ff8-487d-a59a-297157f1f0d9 req-b05ba056-f90c-4b64-a2c1-acf1d876bddb 143c65c7298446e681cd119dc2c0a3b2 6f1c8f48b77349a8adaa6d1ed7cf1c6e - - b086645a873745aabf57b5e0cf146ab9 b086645a873745aabf57b5e0cf146ab9] 199.19.213.169 "GET /v2.0/ports?tenant_id=c4e4b2ccd90b438ca1647b18d12aadf7&device_id=2b956275-d6c1-4427-9db6-274ce8edd146 HTTP/1.1" status: 200 len: 1361 time: 0.0618997
2026-06-25 23:33:37.734 10 INFO neutron.wsgi [req-feda04d9-dc1d-42c9-8281-30e843c933dd req-39ad43f2-0c72-4feb-82e9-d905de64a8ee f57674b292cb477fa3b04444bf848846 c4e4b2ccd90b438ca1647b18d12aadf7 - - default default] 10.0.0.211 "GET /v2.0/security-groups?id=c9081898-3c6c-4286-bf38-4968cdfd4a00&fields=id&fields=name HTTP/1.1" status: 200 len: 312 time: 0.0518756
2026-06-25 23:33:37.800 9 INFO neutron.wsgi [req-d32987c0-3ff8-487d-a59a-297157f1f0d9 req-82d80c7d-f8a0-4f20-b287-382d1dedb9fa 143c65c7298446e681cd119dc2c0a3b2 6f1c8f48b77349a8adaa6d1ed7cf1c6e - - b086645a873745aabf57b5e0cf146ab9 b086645a873745aabf57b5e0cf146ab9] 199.19.213.169 "GET /v2.0/networks?id=665b617b-9b69-4750-8c0a-90e1438c10b5 HTTP/1.1" status: 200 len: 970 time: 0.0993233
2026-06-25 23:33:37.882 9 INFO neutron.wsgi [req-d32987c0-3ff8-487d-a59a-297157f1f0d9 req-87d461f7-1fa2-4749-b5ce-253f92e1a19d 143c65c7298446e681cd119dc2c0a3b2 6f1c8f48b77349a8adaa6d1ed7cf1c6e - - b086645a873745aabf57b5e0cf146ab9 b086645a873745aabf57b5e0cf146ab9] 199.19.213.169 "GET /v2.0/floatingips?fixed_ip_address=10.100.0.5&port_id=584fecf1-ad83-493a-bec5-a829966c1804 HTTP/1.1" status: 200 len: 1057 time: 0.0641310
2026-06-25 23:33:37.958 9 INFO neutron.wsgi [req-d32987c0-3ff8-487d-a59a-297157f1f0d9 req-c519e37a-7b69-40c8-b45d-146f0a86ad31 143c65c7298446e681cd119dc2c0a3b2 6f1c8f48b77349a8adaa6d1ed7cf1c6e - - b086645a873745aabf57b5e0cf146ab9 b086645a873745aabf57b5e0cf146ab9] 199.19.213.169 "GET /v2.0/subnets?id=58a4f9e3-5b2a-4140-ae40-240a25aed1d4 HTTP/1.1" status: 200 len: 865 time: 0.0655596
2026-06-25 23:33:38.002 9 INFO neutron.wsgi [req-d32987c0-3ff8-487d-a59a-297157f1f0d9 req-7b8c56c3-0081-4135-bcbc-fe3cd3781aad 143c65c7298446e681cd119dc2c0a3b2 6f1c8f48b77349a8adaa6d1ed7cf1c6e - - b086645a873745aabf57b5e0cf146ab9 b086645a873745aabf57b5e0cf146ab9] 199.19.213.169 "GET /v2.0/ports?network_id=665b617b-9b69-4750-8c0a-90e1438c10b5&device_owner=network%3Adhcp HTTP/1.1" status: 200 len: 210 time: 0.0315382
2026-06-25 23:33:38.051 10 INFO neutron.wsgi [req-46661d7f-afd0-4864-8c50-7383d92d36b3 req-8ca71fe1-65de-4a3c-81f9-4d84475df413 f57674b292cb477fa3b04444bf848846 c4e4b2ccd90b438ca1647b18d12aadf7 - - default default] 199.19.213.169 "GET /v2.0/ports?device_id=2b956275-d6c1-4427-9db6-274ce8edd146 HTTP/1.1" status: 200 len: 1168 time: 0.0402789
2026-06-25 23:33:38.093 9 INFO neutron.wsgi [req-d32987c0-3ff8-487d-a59a-297157f1f0d9 req-18d21bb2-99f3-4d5c-8f44-048cd0d6987d 143c65c7298446e681cd119dc2c0a3b2 6f1c8f48b77349a8adaa6d1ed7cf1c6e - - b086645a873745aabf57b5e0cf146ab9 b086645a873745aabf57b5e0cf146ab9] 199.19.213.169 "GET /v2.0/networks/665b617b-9b69-4750-8c0a-90e1438c10b5?fields=segments HTTP/1.1" status: 200 len: 212 time: 0.0829191
2026-06-25 23:33:38.094 9 INFO neutron.db.ovn_revision_numbers_db [None req-af23856a-b697-49de-96a5-efa60640ed41 - - - - - -] Successfully bumped revision number for resource 584fecf1-ad83-493a-bec5-a829966c1804 (type: ports) to 5
2026-06-25 23:33:38.173 9 INFO neutron.wsgi [req-d32987c0-3ff8-487d-a59a-297157f1f0d9 req-b2a85894-5d89-41f9-a4e3-162a2331ce37 143c65c7298446e681cd119dc2c0a3b2 6f1c8f48b77349a8adaa6d1ed7cf1c6e - - b086645a873745aabf57b5e0cf146ab9 b086645a873745aabf57b5e0cf146ab9] 199.19.213.169 "GET /v2.0/networks/665b617b-9b69-4750-8c0a-90e1438c10b5?fields=provider%3Aphysical_network&fields=provider%3Anetwork_type HTTP/1.1" status: 200 len: 277 time: 0.0736220
2026-06-25 23:33:38.310 10 INFO neutron.db.ovn_revision_numbers_db [None req-4538e8b3-24cb-446b-8436-b80342d9b5d2 44ff998684804d8ba8e941410b81871d e10ad56087c14065bbe7dbdd18a17897 - - - -] Successfully bumped revision number for resource 2bc7672f-3094-43ca-80b1-f71c93f1a127 (type: security_groups) to 1 /var/lib/openstack/lib/python3.10/site-packages/pycadf/identifier.py:71: UserWarning: Invalid uuid: neutron. To ensure interoperability, identifiers should be a valid uuid. warnings.warn(('Invalid uuid: %s. To ensure interoperability, '
2026-06-25 23:33:38.419 10 INFO neutron.db.segments_db [None req-4538e8b3-24cb-446b-8436-b80342d9b5d2 44ff998684804d8ba8e941410b81871d e10ad56087c14065bbe7dbdd18a17897 - - - -] Added segment 6058e472-d301-4fbf-bb3b-6a98737ff04e of type geneve for network 7633920f-f954-4104-af7b-de7b37892da6
2026-06-25 23:33:38.481 9 INFO neutron.wsgi [req-a1d09317-f09d-4039-ad7a-f68fd4fe8368 req-133b2ef5-ee69-43ae-ac7a-51e2f904aad4 4725594f430f438090195acdb0d905ed c4f62d2435eb4917933c3c2d90ed7469 - - default default] 10.0.0.211 "GET /v2.0/ports?device_id=bc45bbd4-ec03-4d24-965c-dfc5cea51fca HTTP/1.1" status: 200 len: 1170 time: 0.0999031
2026-06-25 23:33:38.503 10 INFO neutron.db.l3_db [None req-bdcba891-f065-45e8-a97f-0d8298ff94e0 f57674b292cb477fa3b04444bf848846 c4e4b2ccd90b438ca1647b18d12aadf7 - - - -] Floating IP 247f8acf-743f-4bc4-8359-4828adb869aa disassociated. External IP: 10.96.250.219, port: 584fecf1-ad83-493a-bec5-a829966c1804.
2026-06-25 23:33:38.529 9 INFO neutron.wsgi [req-a1d09317-f09d-4039-ad7a-f68fd4fe8368 req-ba7ccee4-c87e-48b3-b989-1f0beac9c3d6 4725594f430f438090195acdb0d905ed c4f62d2435eb4917933c3c2d90ed7469 - - default default] 10.0.0.211 "GET /v2.0/security-groups?id=cb74c00e-26d3-47f2-a609-e30b97d7fce4&fields=id&fields=name HTTP/1.1" status: 200 len: 312 time: 0.0390797
2026-06-25 23:33:38.682 10 INFO neutron.db.ovn_revision_numbers_db [None req-4538e8b3-24cb-446b-8436-b80342d9b5d2 44ff998684804d8ba8e941410b81871d e10ad56087c14065bbe7dbdd18a17897 - - - -] Successfully bumped revision number for resource 7633920f-f954-4104-af7b-de7b37892da6 (type: networks) to 1
2026-06-25 23:33:38.741 9 INFO neutron.wsgi [req-5ef4c8e8-addb-4ebf-9eb8-69073623e3f5 req-82345b9a-9f0a-4cf3-9ade-60b68828c740 4725594f430f438090195acdb0d905ed c4f62d2435eb4917933c3c2d90ed7469 - - default default] 10.0.0.211 "GET /v2.0/ports?device_id=bc45bbd4-ec03-4d24-965c-dfc5cea51fca HTTP/1.1" status: 200 len: 1170 time: 0.0419526
2026-06-25 23:33:38.766 10 INFO neutron.plugins.ml2.drivers.ovn.mech_driver.mech_driver [None req-56e06cab-88df-4a0c-9f6c-9609ea2afd09 - - - - - -] OVN reports status down for port: cf076332-3a3d-4f67-a50d-62f10bc74e2f
2026-06-25 23:33:38.787 9 INFO neutron.wsgi [req-5ef4c8e8-addb-4ebf-9eb8-69073623e3f5 req-f1ac12ed-e025-43af-82b0-b914448803fb 4725594f430f438090195acdb0d905ed c4f62d2435eb4917933c3c2d90ed7469 - - default default] 10.0.0.211 "GET /v2.0/security-groups?id=cb74c00e-26d3-47f2-a609-e30b97d7fce4&fields=id&fields=name HTTP/1.1" status: 200 len: 312 time: 0.0368278 /var/lib/openstack/lib/python3.10/site-packages/pycadf/identifier.py:71: UserWarning: Invalid uuid: neutron. To ensure interoperability, identifiers should be a valid uuid. warnings.warn(('Invalid uuid: %s. To ensure interoperability, '
2026-06-25 23:33:39.094 9 INFO neutron.wsgi [req-2603cdd9-1e91-4332-8bf2-2f8f6568a106 req-a92602f9-5b32-42a1-b1f1-9643c0edddd2 4725594f430f438090195acdb0d905ed c4f62d2435eb4917933c3c2d90ed7469 - - default default] 199.19.213.169 "GET /v2.0/ports?device_id=bc45bbd4-ec03-4d24-965c-dfc5cea51fca HTTP/1.1" status: 200 len: 1170 time: 0.0385795
2026-06-25 23:33:39.211 10 INFO neutron.wsgi [req-2416e9d1-c53b-438d-b7e8-b4691e13328f req-86aa293b-56c2-40f9-82f7-ce44a8dbbbdc f57674b292cb477fa3b04444bf848846 c4e4b2ccd90b438ca1647b18d12aadf7 - - default default] 10.0.0.211 "GET /v2.0/ports?device_id=2b956275-d6c1-4427-9db6-274ce8edd146 HTTP/1.1" status: 200 len: 1168 time: 0.3920519
2026-06-25 23:33:39.294 10 INFO neutron.wsgi [None req-bdcba891-f065-45e8-a97f-0d8298ff94e0 f57674b292cb477fa3b04444bf848846 c4e4b2ccd90b438ca1647b18d12aadf7 - - - -] 199.19.213.169 "DELETE /v2.0/ports/584fecf1-ad83-493a-bec5-a829966c1804 HTTP/1.1" status: 204 len: 173 time: 1.2379518
2026-06-25 23:33:39.303 10 INFO neutron.wsgi [req-2416e9d1-c53b-438d-b7e8-b4691e13328f req-b5e704fb-0a32-4a72-9ae9-b66821145aac f57674b292cb477fa3b04444bf848846 c4e4b2ccd90b438ca1647b18d12aadf7 - - default default] 10.0.0.211 "GET /v2.0/security-groups?id=c9081898-3c6c-4286-bf38-4968cdfd4a00&fields=id&fields=name HTTP/1.1" status: 200 len: 312 time: 0.0803480
2026-06-25 23:33:39.331 10 INFO neutron.notifiers.nova [-] Nova event matching ['req-844e5e7d-9de0-4ea2-8df4-109af41aafa6'] response: {'server_uuid': 'bc45bbd4-ec03-4d24-965c-dfc5cea51fca', 'name': 'network-vif-unplugged', 'status': 'completed', 'tag': 'cf076332-3a3d-4f67-a50d-62f10bc74e2f', 'code': 200}
2026-06-25 23:33:39.411 10 WARNING neutron.scheduler.dhcp_agent_scheduler [None req-4538e8b3-24cb-446b-8436-b80342d9b5d2 44ff998684804d8ba8e941410b81871d e10ad56087c14065bbe7dbdd18a17897 - - - -] No more DHCP agents
2026-06-25 23:33:39.415 10 WARNING neutron.api.rpc.agentnotifiers.dhcp_rpc_agent_api [None req-4538e8b3-24cb-446b-8436-b80342d9b5d2 44ff998684804d8ba8e941410b81871d e10ad56087c14065bbe7dbdd18a17897 - - - -] Unable to schedule network 7633920f-f954-4104-af7b-de7b37892da6: no agents available; will retry on subsequent port and subnet creation events.
2026-06-25 23:33:39.462 9 INFO neutron.db.l3_db [None req-3034d6d2-8d49-4f03-b2e3-185ec9799e2f 4725594f430f438090195acdb0d905ed c4f62d2435eb4917933c3c2d90ed7469 - - - -] Floating IP 271d6448-8392-4186-925b-bb914da26e2d disassociated. External IP: 10.96.250.202, port: cf076332-3a3d-4f67-a50d-62f10bc74e2f.
2026-06-25 23:33:39.539 10 INFO neutron.db.ovn_revision_numbers_db [None req-4538e8b3-24cb-446b-8436-b80342d9b5d2 44ff998684804d8ba8e941410b81871d e10ad56087c14065bbe7dbdd18a17897 - - - -] Successfully bumped revision number for resource fdd2adc7-beb0-4ddf-8166-728e03d3346e (type: ports) to 1
2026-06-25 23:33:39.565 10 INFO neutron.db.ovn_revision_numbers_db [None req-56e06cab-88df-4a0c-9f6c-9609ea2afd09 - - - - - -] Successfully bumped revision number for resource cf076332-3a3d-4f67-a50d-62f10bc74e2f (type: ports) to 7
2026-06-25 23:33:39.569 10 INFO neutron.wsgi [None req-4538e8b3-24cb-446b-8436-b80342d9b5d2 44ff998684804d8ba8e941410b81871d e10ad56087c14065bbe7dbdd18a17897 - - - -] 10.0.0.23 "POST /v2.0/networks HTTP/1.1" status: 201 len: 828 time: 1.6966009
2026-06-25 23:33:39.679 9 INFO neutron.notifiers.nova [-] Nova event matching ['req-01002b02-a308-459d-9d28-d91aa670afc3'] response: {'server_uuid': '2b956275-d6c1-4427-9db6-274ce8edd146', 'name': 'network-vif-unplugged', 'status': 'completed', 'tag': '584fecf1-ad83-493a-bec5-a829966c1804', 'code': 200}
2026-06-25 23:33:39.679 9 INFO neutron.notifiers.nova [-] Nova event matching ['req-01002b02-a308-459d-9d28-d91aa670afc3'] response: {'server_uuid': '2b956275-d6c1-4427-9db6-274ce8edd146', 'name': 'network-vif-plugged', 'status': 'completed', 'tag': '584fecf1-ad83-493a-bec5-a829966c1804', 'code': 200}
2026-06-25 23:33:39.710 10 INFO neutron.db.segments_db [None req-110ef352-b83a-4fd3-9c12-0dfabf15cd9e 44ff998684804d8ba8e941410b81871d e10ad56087c14065bbe7dbdd18a17897 - - - -] Added segment 64095f72-a49d-4a49-8d59-1bb229b92eac of type geneve for network 8b2074f9-f866-4c4a-9532-925a38dacf69
2026-06-25 23:33:39.755 9 INFO neutron.wsgi [None req-3034d6d2-8d49-4f03-b2e3-185ec9799e2f 4725594f430f438090195acdb0d905ed c4f62d2435eb4917933c3c2d90ed7469 - - - -] 199.19.213.169 "DELETE /v2.0/ports/cf076332-3a3d-4f67-a50d-62f10bc74e2f HTTP/1.1" status: 204 len: 173 time: 0.6558225
2026-06-25 23:33:39.858 10 INFO neutron.db.ovn_revision_numbers_db [None req-110ef352-b83a-4fd3-9c12-0dfabf15cd9e 44ff998684804d8ba8e941410b81871d e10ad56087c14065bbe7dbdd18a17897 - - - -] Successfully bumped revision number for resource 8b2074f9-f866-4c4a-9532-925a38dacf69 (type: networks) to 1 /var/lib/openstack/lib/python3.10/site-packages/pycadf/identifier.py:71: UserWarning: Invalid uuid: neutron. To ensure interoperability, identifiers should be a valid uuid. warnings.warn(('Invalid uuid: %s. To ensure interoperability, '
2026-06-25 23:33:39.899 9 INFO neutron.wsgi [req-eefc6dc8-2b01-462d-be80-dbd79b38b73f req-95107ca4-940d-4bcf-b913-24d93f4a436a 4725594f430f438090195acdb0d905ed c4f62d2435eb4917933c3c2d90ed7469 - - default default] 10.0.0.211 "GET /v2.0/ports?device_id=bc45bbd4-ec03-4d24-965c-dfc5cea51fca HTTP/1.1" status: 200 len: 210 time: 0.0263519
2026-06-25 23:33:40.078 10 WARNING neutron.scheduler.dhcp_agent_scheduler [None req-110ef352-b83a-4fd3-9c12-0dfabf15cd9e 44ff998684804d8ba8e941410b81871d e10ad56087c14065bbe7dbdd18a17897 - - - -] No more DHCP agents
2026-06-25 23:33:40.081 10 WARNING neutron.api.rpc.agentnotifiers.dhcp_rpc_agent_api [None req-110ef352-b83a-4fd3-9c12-0dfabf15cd9e 44ff998684804d8ba8e941410b81871d e10ad56087c14065bbe7dbdd18a17897 - - - -] Unable to schedule network 8b2074f9-f866-4c4a-9532-925a38dacf69: no agents available; will retry on subsequent port and subnet creation events.
2026-06-25 23:33:40.154 10 INFO neutron.db.ovn_revision_numbers_db [None req-110ef352-b83a-4fd3-9c12-0dfabf15cd9e 44ff998684804d8ba8e941410b81871d e10ad56087c14065bbe7dbdd18a17897 - - - -] Successfully bumped revision number for resource a9521201-4fe4-4f21-ac63-d830827dfcf6 (type: ports) to 1
2026-06-25 23:33:40.179 10 INFO neutron.wsgi [None req-110ef352-b83a-4fd3-9c12-0dfabf15cd9e 44ff998684804d8ba8e941410b81871d e10ad56087c14065bbe7dbdd18a17897 - - - -] 10.0.0.23 "POST /v2.0/networks HTTP/1.1" status: 201 len: 827 time: 0.6012390 /var/lib/openstack/lib/python3.10/site-packages/pycadf/identifier.py:71: UserWarning: Invalid uuid: neutron. To ensure interoperability, identifiers should be a valid uuid. warnings.warn(('Invalid uuid: %s. To ensure interoperability, '
2026-06-25 23:33:40.522 10 WARNING neutron.scheduler.dhcp_agent_scheduler [None req-978ff101-ac79-4bd2-a65f-f28cebb58d1f 44ff998684804d8ba8e941410b81871d e10ad56087c14065bbe7dbdd18a17897 - - - -] No more DHCP agents
2026-06-25 23:33:40.524 10 WARNING neutron.api.rpc.agentnotifiers.dhcp_rpc_agent_api [None req-978ff101-ac79-4bd2-a65f-f28cebb58d1f 44ff998684804d8ba8e941410b81871d e10ad56087c14065bbe7dbdd18a17897 - - - -] Unable to schedule network 7633920f-f954-4104-af7b-de7b37892da6: no agents available; will retry on subsequent port and subnet creation events.
2026-06-25 23:33:40.622 10 INFO neutron.wsgi [None req-13e78987-6e97-46ee-999d-40e407b1a3ef f57674b292cb477fa3b04444bf848846 c4e4b2ccd90b438ca1647b18d12aadf7 - - - -] 10.0.0.23 "DELETE /v2.0/security-groups/c9081898-3c6c-4286-bf38-4968cdfd4a00 HTTP/1.1" status: 204 len: 168 time: 0.2043750
2026-06-25 23:33:40.648 10 INFO neutron.api.v2.resource [None req-5157d28b-3403-4b7f-9855-0096db3b89ae f57674b292cb477fa3b04444bf848846 c4e4b2ccd90b438ca1647b18d12aadf7 - - default default] show failed (client error): The resource could not be found.
2026-06-25 23:33:40.649 10 INFO neutron.wsgi [None req-5157d28b-3403-4b7f-9855-0096db3b89ae f57674b292cb477fa3b04444bf848846 c4e4b2ccd90b438ca1647b18d12aadf7 - - default default] 10.0.0.23 "GET /v2.0/security-groups/c9081898-3c6c-4286-bf38-4968cdfd4a00 HTTP/1.1" status: 404 len: 347 time: 0.0219486
2026-06-25 23:33:41.141 10 INFO neutron.db.ovn_revision_numbers_db [None req-978ff101-ac79-4bd2-a65f-f28cebb58d1f 44ff998684804d8ba8e941410b81871d e10ad56087c14065bbe7dbdd18a17897 - - - -] Successfully bumped revision number for resource fdd2adc7-beb0-4ddf-8166-728e03d3346e (type: ports) to 2
2026-06-25 23:33:41.146 9 INFO neutron.wsgi [None req-dc1e5801-826a-4c37-a9ea-4cbf8857ed72 4725594f430f438090195acdb0d905ed c4f62d2435eb4917933c3c2d90ed7469 - - - -] 10.0.0.23 "DELETE /v2.0/security-groups/cb74c00e-26d3-47f2-a609-e30b97d7fce4 HTTP/1.1" status: 204 len: 168 time: 0.1636727
2026-06-25 23:33:41.147 10 INFO neutron.wsgi [None req-fa914561-e518-4719-97d9-8e5d5c5c429f f57674b292cb477fa3b04444bf848846 c4e4b2ccd90b438ca1647b18d12aadf7 - - - -] 10.0.0.23 "DELETE /v2.0/floatingips/247f8acf-743f-4bc4-8359-4828adb869aa HTTP/1.1" status: 204 len: 168 time: 0.4930139
2026-06-25 23:33:41.164 10 INFO neutron.api.v2.resource [None req-91d165d0-302d-4f53-97d3-5f199a59ee10 4725594f430f438090195acdb0d905ed c4f62d2435eb4917933c3c2d90ed7469 - - default default] show failed (client error): The resource could not be found.
2026-06-25 23:33:41.165 10 INFO neutron.wsgi [None req-91d165d0-302d-4f53-97d3-5f199a59ee10 4725594f430f438090195acdb0d905ed c4f62d2435eb4917933c3c2d90ed7469 - - default default] 10.0.0.23 "GET /v2.0/security-groups/cb74c00e-26d3-47f2-a609-e30b97d7fce4 HTTP/1.1" status: 404 len: 347 time: 0.0149052
2026-06-25 23:33:41.166 10 INFO neutron.db.ovn_revision_numbers_db [None req-978ff101-ac79-4bd2-a65f-f28cebb58d1f 44ff998684804d8ba8e941410b81871d e10ad56087c14065bbe7dbdd18a17897 - - - -] Successfully bumped revision number for resource 8ac682bf-51ee-4f6d-a329-6cd5a774bf9b (type: subnets) to 0
2026-06-25 23:33:41.200 10 INFO neutron.wsgi [None req-978ff101-ac79-4bd2-a65f-f28cebb58d1f 44ff998684804d8ba8e941410b81871d e10ad56087c14065bbe7dbdd18a17897 - - - -] 10.0.0.23 "POST /v2.0/subnets HTTP/1.1" status: 201 len: 801 time: 1.0139210
2026-06-25 23:33:41.393 10 INFO neutron.notifiers.nova [-] Nova event matching ['req-97f52962-5e96-420d-96e4-e417cf61d811'] response: {'server_uuid': '2b956275-d6c1-4427-9db6-274ce8edd146', 'name': 'network-vif-deleted', 'tag': '584fecf1-ad83-493a-bec5-a829966c1804', 'status': 'completed', 'code': 200}
2026-06-25 23:33:41.393 10 INFO neutron.notifiers.nova [-] Nova event matching ['req-97f52962-5e96-420d-96e4-e417cf61d811'] response: {'server_uuid': 'bc45bbd4-ec03-4d24-965c-dfc5cea51fca', 'name': 'network-vif-plugged', 'status': 'completed', 'tag': 'cf076332-3a3d-4f67-a50d-62f10bc74e2f', 'code': 200}
2026-06-25 23:33:41.484 10 INFO neutron.wsgi [None req-6513f3a0-cb7a-4c7e-879c-c02f862a8572 4725594f430f438090195acdb0d905ed c4f62d2435eb4917933c3c2d90ed7469 - - - -] 10.0.0.23 "DELETE /v2.0/floatingips/271d6448-8392-4186-925b-bb914da26e2d HTTP/1.1" status: 204 len: 168 time: 0.3142917
2026-06-25 23:33:41.655 9 WARNING neutron.scheduler.dhcp_agent_scheduler [None req-c805c859-3fb8-44cb-ada7-d5896ea82cec 44ff998684804d8ba8e941410b81871d e10ad56087c14065bbe7dbdd18a17897 - - - -] No more DHCP agents
2026-06-25 23:33:41.659 9 WARNING neutron.api.rpc.agentnotifiers.dhcp_rpc_agent_api [None req-c805c859-3fb8-44cb-ada7-d5896ea82cec 44ff998684804d8ba8e941410b81871d e10ad56087c14065bbe7dbdd18a17897 - - - -] Unable to schedule network 8b2074f9-f866-4c4a-9532-925a38dacf69: no agents available; will retry on subsequent port and subnet creation events.
2026-06-25 23:33:42.042 9 INFO neutron.notifiers.nova [-] Nova event matching ['req-bb3f7e11-b94a-4311-a009-bb2a966d5735'] response: {'server_uuid': 'bc45bbd4-ec03-4d24-965c-dfc5cea51fca', 'name': 'network-vif-deleted', 'tag': 'cf076332-3a3d-4f67-a50d-62f10bc74e2f', 'status': 'completed', 'code': 200}
2026-06-25 23:33:42.411 9 INFO neutron.wsgi [None req-907e3237-f1f1-4086-b28d-eb73732540ba eb385586f3e7424ca61f8366f483a2e1 5e6f572533a8440b9f7d5c9b69bf8a4b - - default default] 10.0.0.254 "GET /v2.0/network-ip-availabilities HTTP/1.1" status: 200 len: 3049 time: 0.3153417
2026-06-25 23:33:42.526 9 INFO neutron.wsgi [None req-f9563596-665a-44f0-b94f-8a28c6945ba1 eb385586f3e7424ca61f8366f483a2e1 5e6f572533a8440b9f7d5c9b69bf8a4b - - default default] 10.0.0.254 "GET /v2.0/networks HTTP/1.1" status: 200 len: 5347 time: 0.1018999
2026-06-25 23:33:42.598 9 INFO neutron.wsgi [None req-62f4c76a-a99c-4e59-8046-0d8ecec83f79 eb385586f3e7424ca61f8366f483a2e1 5e6f572533a8440b9f7d5c9b69bf8a4b - - default default] 10.0.0.254 "GET /v2.0/ports HTTP/1.1" status: 200 len: 11602 time: 0.0618622
2026-06-25 23:33:42.641 9 INFO neutron.wsgi [None req-7343bf22-5df4-49ac-9bdb-7e3e1a35bee9 eb385586f3e7424ca61f8366f483a2e1 5e6f572533a8440b9f7d5c9b69bf8a4b - - default default] 10.0.0.254 "GET /v2.0/agents HTTP/1.1" status: 200 len: 997 time: 0.0193663
2026-06-25 23:33:42.726 9 INFO neutron.wsgi [None req-d9b01f59-f170-43ff-8a2a-4f657c954ac6 eb385586f3e7424ca61f8366f483a2e1 5e6f572533a8440b9f7d5c9b69bf8a4b - - default default] 10.0.0.254 "GET /v2.0/subnets HTTP/1.1" status: 200 len: 3966 time: 0.0819037
2026-06-25 23:33:42.750 9 INFO neutron.wsgi [None req-7751d1b7-c12b-4f5e-a10c-8e56aac6f7ae eb385586f3e7424ca61f8366f483a2e1 5e6f572533a8440b9f7d5c9b69bf8a4b - - default default] 10.0.0.254 "GET /v2.0/subnetpools HTTP/1.1" status: 200 len: 193 time: 0.0216668
2026-06-25 23:33:42.876 9 INFO neutron.db.ovn_revision_numbers_db [None req-c805c859-3fb8-44cb-ada7-d5896ea82cec 44ff998684804d8ba8e941410b81871d e10ad56087c14065bbe7dbdd18a17897 - - - -] Successfully bumped revision number for resource a9521201-4fe4-4f21-ac63-d830827dfcf6 (type: ports) to 2
2026-06-25 23:33:42.880 9 INFO neutron.wsgi [None req-548bb511-a1f7-47c4-a3b0-1b9ef0c31086 eb385586f3e7424ca61f8366f483a2e1 5e6f572533a8440b9f7d5c9b69bf8a4b - - default default] 10.0.0.254 "GET /v2.0/routers HTTP/1.1" status: 200 len: 1532 time: 0.1291194
2026-06-25 23:33:42.902 9 INFO neutron.wsgi [None req-a716911c-9ffa-4ccd-9907-cb27fe602a01 eb385586f3e7424ca61f8366f483a2e1 5e6f572533a8440b9f7d5c9b69bf8a4b - - default default] 10.0.0.254 "GET /v2.0/agents?binary=ovn-controller HTTP/1.1" status: 200 len: 591 time: 0.0179055
2026-06-25 23:33:42.924 9 INFO neutron.db.ovn_revision_numbers_db [None req-c805c859-3fb8-44cb-ada7-d5896ea82cec 44ff998684804d8ba8e941410b81871d e10ad56087c14065bbe7dbdd18a17897 - - - -] Successfully bumped revision number for resource 4346c684-20c8-4f49-bf8b-c302cbe41b64 (type: subnets) to 0
2026-06-25 23:33:42.932 10 INFO neutron.wsgi [None req-a141376c-d7e7-4220-8496-bf0f210f0f9d eb385586f3e7424ca61f8366f483a2e1 5e6f572533a8440b9f7d5c9b69bf8a4b - - - -] 10.0.0.23 "PUT /v2.0/routers/8072d4bf-1b78-404c-9fac-ca2a6cf18b3b/remove_router_interface HTTP/1.1" status: 200 len: 503 time: 1.4391658 /var/lib/openstack/lib/python3.10/site-packages/pycadf/identifier.py:71: UserWarning: Invalid uuid: neutron. To ensure interoperability, identifiers should be a valid uuid. warnings.warn(('Invalid uuid: %s. To ensure interoperability, '
2026-06-25 23:33:42.958 9 INFO neutron.wsgi [None req-c805c859-3fb8-44cb-ada7-d5896ea82cec 44ff998684804d8ba8e941410b81871d e10ad56087c14065bbe7dbdd18a17897 - - - -] 10.0.0.23 "POST /v2.0/subnets HTTP/1.1" status: 201 len: 801 time: 1.7524409
2026-06-25 23:33:42.963 9 INFO neutron.wsgi [None req-23ba0ff1-83a5-4839-9237-96afce9c5383 eb385586f3e7424ca61f8366f483a2e1 5e6f572533a8440b9f7d5c9b69bf8a4b - - default default] 10.0.0.254 "GET /v2.0/subnets HTTP/1.1" status: 200 len: 3966 time: 0.0583167
2026-06-25 23:33:42.998 9 INFO neutron.wsgi [None req-210e572b-fbc2-4327-b5d4-a00b4d8d32ab eb385586f3e7424ca61f8366f483a2e1 5e6f572533a8440b9f7d5c9b69bf8a4b - - default default] 10.0.0.254 "GET /v2.0/floatingips HTTP/1.1" status: 200 len: 193 time: 0.0331366
2026-06-25 23:33:43.168 9 INFO neutron.wsgi [None req-3d6000f7-3ab7-4c93-905b-7f7b74926b3a eb385586f3e7424ca61f8366f483a2e1 5e6f572533a8440b9f7d5c9b69bf8a4b - - - -] 10.0.0.23 "PUT /v2.0/routers/e6fb6b7d-2de1-4785-9398-54b70977cd55/remove_router_interface HTTP/1.1" status: 200 len: 503 time: 2.0157166 /var/lib/openstack/lib/python3.10/site-packages/pycadf/identifier.py:71: UserWarning: Invalid uuid: neutron. To ensure interoperability, identifiers should be a valid uuid. warnings.warn(('Invalid uuid: %s. To ensure interoperability, '
2026-06-25 23:33:43.288 9 INFO neutron.wsgi [None req-3b8dca53-ef21-4ff8-8e03-ce86437de8b8 eb385586f3e7424ca61f8366f483a2e1 5e6f572533a8440b9f7d5c9b69bf8a4b - - default default] 10.0.0.254 "GET /v2.0/security-groups HTTP/1.1" status: 200 len: 25143 time: 0.2875798
2026-06-25 23:33:43.366 9 INFO neutron.db.ovn_revision_numbers_db [None req-19ce19e5-82e5-4ca1-969c-3f9aed7b0703 44ff998684804d8ba8e941410b81871d e10ad56087c14065bbe7dbdd18a17897 - - - -] Successfully bumped revision number for resource ea744295-2f85-4835-b382-48e7fddaf2ce (type: routers) to 1
2026-06-25 23:33:43.467 10 INFO neutron.db.ovn_revision_numbers_db [None req-cf1d905e-2cfa-4644-a046-a007bd03494c eb385586f3e7424ca61f8366f483a2e1 5e6f572533a8440b9f7d5c9b69bf8a4b - - default default] Successfully bumped revision number for resource 10a503e1-ce99-4c24-8ca5-36bc7ff224c7 (type: security_groups) to 1
2026-06-25 23:33:43.504 10 INFO neutron.wsgi [None req-cf1d905e-2cfa-4644-a046-a007bd03494c eb385586f3e7424ca61f8366f483a2e1 5e6f572533a8440b9f7d5c9b69bf8a4b - - default default] 10.0.0.23 "GET /v2.0/security-groups?tenant_id=e4756fcb7b644884981b47f8a0af6ea1&name=default HTTP/1.1" status: 200 len: 2996 time: 0.4073608
2026-06-25 23:33:43.724 10 INFO neutron.wsgi [None req-7e81be1b-86ab-42f2-ad6f-232e179b9b7b eb385586f3e7424ca61f8366f483a2e1 5e6f572533a8440b9f7d5c9b69bf8a4b - - - -] 10.0.0.23 "DELETE /v2.0/routers/8072d4bf-1b78-404c-9fac-ca2a6cf18b3b HTTP/1.1" status: 204 len: 168 time: 0.7801039
2026-06-25 23:33:43.757 10 INFO neutron.wsgi [None req-5c028d3d-5de7-4f0f-bc99-e7ff16901b27 eb385586f3e7424ca61f8366f483a2e1 5e6f572533a8440b9f7d5c9b69bf8a4b - - - -] 10.0.0.23 "DELETE /v2.0/security-groups/10a503e1-ce99-4c24-8ca5-36bc7ff224c7 HTTP/1.1" status: 204 len: 168 time: 0.2467368
2026-06-25 23:33:43.812 9 INFO neutron.wsgi [None req-19ce19e5-82e5-4ca1-969c-3f9aed7b0703 44ff998684804d8ba8e941410b81871d e10ad56087c14065bbe7dbdd18a17897 - - - -] 10.0.0.23 "POST /v2.0/routers HTTP/1.1" status: 201 len: 686 time: 0.8401949
2026-06-25 23:33:43.932 10 INFO neutron.wsgi [None req-23df4f4f-3404-4e73-8237-619b99d29109 eb385586f3e7424ca61f8366f483a2e1 5e6f572533a8440b9f7d5c9b69bf8a4b - - - -] 10.0.0.23 "DELETE /v2.0/subnets/6f957457-9ebc-4cdb-a965-1510a794a929 HTTP/1.1" status: 204 len: 168 time: 0.1987882
2026-06-25 23:33:43.977 10 INFO neutron.db.ovn_revision_numbers_db [None req-f595059a-1a51-4898-9c6e-8f30c450578f eb385586f3e7424ca61f8366f483a2e1 5e6f572533a8440b9f7d5c9b69bf8a4b - - default default] Successfully bumped revision number for resource 3e09fd9f-e720-4e26-9645-1b7d46117f73 (type: security_groups) to 1
2026-06-25 23:33:44.006 10 INFO neutron.wsgi [None req-f595059a-1a51-4898-9c6e-8f30c450578f eb385586f3e7424ca61f8366f483a2e1 5e6f572533a8440b9f7d5c9b69bf8a4b - - default default] 10.0.0.23 "GET /v2.0/security-groups?tenant_id=d969e4fdf5bd41348b0340bbd9b44613&name=default HTTP/1.1" status: 200 len: 2996 time: 0.1462369
2026-06-25 23:33:44.395 10 INFO neutron.services.segments.plugin [-] Segment a683e8f7-657c-47c9-ae2c-0ba384443ccb resource provider aggregate not found
2026-06-25 23:33:44.413 10 INFO neutron.services.segments.plugin [-] Segment a683e8f7-657c-47c9-ae2c-0ba384443ccb resource provider not found; error: Placement Client Error (4xx): {"errors": [{"status": 404, "title": "Not Found", "detail": "The resource could not be found.\n\n No resource provider with uuid a683e8f7-657c-47c9-ae2c-0ba384443ccb found for delete ", "request_id": "req-0bd431c2-7cb2-4920-bc5e-e5e25a1d7630"}]}
