2026-06-25 23:33:00.447 10 INFO neutron.wsgi [None req-b4153930-b155-4552-9e62-bb69d825b0b3 eb385586f3e7424ca61f8366f483a2e1 5e6f572533a8440b9f7d5c9b69bf8a4b - - - -] 10.0.0.23 "DELETE /v2.0/subnets/60d1dfcd-0845-4331-9808-e6950f1ea08f HTTP/1.1" status: 204 len: 168 time: 0.3031836 /var/lib/openstack/lib/python3.10/site-packages/pycadf/identifier.py:71: UserWarning: Invalid uuid: neutron. To ensure interoperability, identifiers should be a valid uuid. warnings.warn(('Invalid uuid: %s. To ensure interoperability, '
2026-06-25 23:33:00.554 9 INFO neutron.db.ovn_revision_numbers_db [None req-68893f8e-ceaa-4e4e-9c50-e8b30d1155ef 143c65c7298446e681cd119dc2c0a3b2 6f1c8f48b77349a8adaa6d1ed7cf1c6e - - - -] Successfully bumped revision number for resource 4e316f73-eda4-4d97-8579-412919280145 (type: ports) to 2
2026-06-25 23:33:00.617 9 WARNING neutron.plugins.ml2.drivers.ovn.mech_driver.ovsdb.ovn_client [None req-af23856a-b697-49de-96a5-efa60640ed41 - - - - - -] No hosting information found for port dc51698b-bcab-429b-ade3-5e04b3762a4a: RuntimeError: No hosting information found for port dc51698b-bcab-429b-ade3-5e04b3762a4a
2026-06-25 23:33:00.687 10 INFO neutron.wsgi [req-a5c41555-a339-4f97-b61c-1eb013af41e6 req-1a9315eb-a563-4efc-b564-0b25aaa0286f 376eb046c7f64fe3adf6f73e509b3087 297872a0b1fa4ed99283e6cc5b01d0ce - - default default] 10.0.0.211 "GET /v2.0/ports?device_id=491b9370-58a4-42bc-bcad-cedd693a8fc3 HTTP/1.1" status: 200 len: 1168 time: 0.1319354
2026-06-25 23:33:00.744 10 INFO neutron.wsgi [req-a5c41555-a339-4f97-b61c-1eb013af41e6 req-90ed2d5e-0b4f-466d-b7b7-4e1211a7f100 376eb046c7f64fe3adf6f73e509b3087 297872a0b1fa4ed99283e6cc5b01d0ce - - default default] 10.0.0.211 "GET /v2.0/security-groups?id=71b36487-54e0-4a4d-aa86-3281e4663933&fields=id&fields=name HTTP/1.1" status: 200 len: 311 time: 0.0476506
2026-06-25 23:33:00.751 9 INFO neutron.db.ovn_revision_numbers_db [None req-68893f8e-ceaa-4e4e-9c50-e8b30d1155ef 143c65c7298446e681cd119dc2c0a3b2 6f1c8f48b77349a8adaa6d1ed7cf1c6e - - - -] Successfully bumped revision number for resource 4e316f73-eda4-4d97-8579-412919280145 (type: ports) to 2
2026-06-25 23:33:00.767 10 INFO neutron.notifiers.nova [-] Nova event matching ['req-e1be34fc-984d-4e6b-9f92-7977ae892012'] response: {'server_uuid': 'bc45bbd4-ec03-4d24-965c-dfc5cea51fca', 'name': 'network-vif-plugged', 'status': 'completed', 'tag': 'cf076332-3a3d-4f67-a50d-62f10bc74e2f', 'code': 200}
2026-06-25 23:33:00.768 10 INFO neutron.notifiers.nova [-] Nova event matching ['req-e1be34fc-984d-4e6b-9f92-7977ae892012'] response: {'server_uuid': 'bc45bbd4-ec03-4d24-965c-dfc5cea51fca', 'name': 'network-vif-plugged', 'status': 'completed', 'tag': 'cf076332-3a3d-4f67-a50d-62f10bc74e2f', 'code': 200}
2026-06-25 23:33:00.768 9 INFO neutron.wsgi [None req-68893f8e-ceaa-4e4e-9c50-e8b30d1155ef 143c65c7298446e681cd119dc2c0a3b2 6f1c8f48b77349a8adaa6d1ed7cf1c6e - - - -] 199.19.213.169 "PUT /v2.0/ports/4e316f73-eda4-4d97-8579-412919280145 HTTP/1.1" status: 200 len: 1328 time: 0.6954830 /var/lib/openstack/lib/python3.10/site-packages/pycadf/identifier.py:71: UserWarning: Invalid uuid: neutron. To ensure interoperability, identifiers should be a valid uuid. warnings.warn(('Invalid uuid: %s. To ensure interoperability, '
2026-06-25 23:33:00.826 9 INFO neutron.notifiers.nova [-] Nova event matching ['req-d8415f17-85b6-4976-afa9-2a6869454adc'] response: {'name': 'network-changed', 'server_uuid': '491b9370-58a4-42bc-bcad-cedd693a8fc3', 'tag': '4e316f73-eda4-4d97-8579-412919280145', 'status': 'completed', 'code': 200}
2026-06-25 23:33:00.847 9 INFO neutron.wsgi [req-6e4e2389-517b-407e-8b88-e6e79b03fd32 req-5b449581-713c-4308-b0bb-a10c422efb56 143c65c7298446e681cd119dc2c0a3b2 6f1c8f48b77349a8adaa6d1ed7cf1c6e - - b086645a873745aabf57b5e0cf146ab9 b086645a873745aabf57b5e0cf146ab9] 199.19.213.169 "GET /v2.0/ports?tenant_id=297872a0b1fa4ed99283e6cc5b01d0ce&device_id=491b9370-58a4-42bc-bcad-cedd693a8fc3 HTTP/1.1" status: 200 len: 1359 time: 0.0356057
2026-06-25 23:33:00.875 10 INFO neutron.services.segments.plugin [-] Segment 46fdd863-2f71-4148-8d59-794b01ae94bb resource provider aggregate not found
2026-06-25 23:33:00.880 10 INFO neutron.services.segments.plugin [-] Segment 46fdd863-2f71-4148-8d59-794b01ae94bb resource provider aggregate not found
2026-06-25 23:33:00.883 9 INFO neutron.wsgi [req-6e4e2389-517b-407e-8b88-e6e79b03fd32 req-cdbbced3-ffd8-4133-9096-b4a2a7f1dd18 143c65c7298446e681cd119dc2c0a3b2 6f1c8f48b77349a8adaa6d1ed7cf1c6e - - b086645a873745aabf57b5e0cf146ab9 b086645a873745aabf57b5e0cf146ab9] 199.19.213.169 "GET /v2.0/floatingips?fixed_ip_address=10.100.0.3&port_id=4e316f73-eda4-4d97-8579-412919280145 HTTP/1.1" status: 200 len: 217 time: 0.0271785
2026-06-25 23:33:00.897 10 INFO neutron.services.segments.plugin [-] Segment 46fdd863-2f71-4148-8d59-794b01ae94bb resource provider not found; error: Placement Client Error (4xx): {"errors": [{"status": 404, "title": "Not Found", "detail": "The resource could not be found.\n\n No resource provider with uuid 46fdd863-2f71-4148-8d59-794b01ae94bb found for delete ", "request_id": "req-3f9edf0d-55d7-4f3d-8200-475faf523f1a"}]}
2026-06-25 23:33:00.906 10 INFO neutron.services.segments.plugin [-] Segment 46fdd863-2f71-4148-8d59-794b01ae94bb resource provider not found; error: Placement Client Error (4xx): {"errors": [{"status": 404, "title": "Not Found", "detail": "The resource could not be found.\n\n No resource provider with uuid 46fdd863-2f71-4148-8d59-794b01ae94bb found for delete ", "request_id": "req-48501741-d139-467a-9047-cc5da0000306"}]}
2026-06-25 23:33:00.935 10 INFO neutron.wsgi [None req-85b1533d-7560-48a0-a00c-12c95276cc05 eb385586f3e7424ca61f8366f483a2e1 5e6f572533a8440b9f7d5c9b69bf8a4b - - - -] 10.0.0.23 "DELETE /v2.0/networks/c218f168-718d-4c45-96fd-54b0976a176c HTTP/1.1" status: 204 len: 168 time: 0.4825771
2026-06-25 23:33:00.938 9 INFO neutron.wsgi [req-6e4e2389-517b-407e-8b88-e6e79b03fd32 req-9ffc66b1-3ead-4c8a-bfc9-5cd424b3c3e5 143c65c7298446e681cd119dc2c0a3b2 6f1c8f48b77349a8adaa6d1ed7cf1c6e - - b086645a873745aabf57b5e0cf146ab9 b086645a873745aabf57b5e0cf146ab9] 199.19.213.169 "GET /v2.0/subnets?id=e746df53-ac84-4e8a-bb06-f97c3490668d HTTP/1.1" status: 200 len: 863 time: 0.0470645
2026-06-25 23:33:00.982 9 INFO neutron.wsgi [req-6e4e2389-517b-407e-8b88-e6e79b03fd32 req-43f1a132-e9e4-4c1c-b5e8-ea00d867ed6a 143c65c7298446e681cd119dc2c0a3b2 6f1c8f48b77349a8adaa6d1ed7cf1c6e - - b086645a873745aabf57b5e0cf146ab9 b086645a873745aabf57b5e0cf146ab9] 199.19.213.169 "GET /v2.0/ports?network_id=9e40e088-38ba-480a-b317-8da692abcddf&device_owner=network%3Adhcp HTTP/1.1" status: 200 len: 210 time: 0.0337718
2026-06-25 23:33:01.053 9 INFO neutron.wsgi [req-6e4e2389-517b-407e-8b88-e6e79b03fd32 req-41f908c7-2cbd-4787-9614-d60d8126a27c 143c65c7298446e681cd119dc2c0a3b2 6f1c8f48b77349a8adaa6d1ed7cf1c6e - - b086645a873745aabf57b5e0cf146ab9 b086645a873745aabf57b5e0cf146ab9] 199.19.213.169 "GET /v2.0/networks/9e40e088-38ba-480a-b317-8da692abcddf?fields=segments HTTP/1.1" status: 200 len: 212 time: 0.0627174
2026-06-25 23:33:01.113 9 INFO neutron.wsgi [req-516bdc2c-7a14-4fd9-9ed7-d1abf022f787 req-ad406f14-ca5a-499c-851a-f2afec1c6136 4725594f430f438090195acdb0d905ed c4f62d2435eb4917933c3c2d90ed7469 - - default default] 10.0.0.211 "GET /v2.0/ports?device_id=bc45bbd4-ec03-4d24-965c-dfc5cea51fca HTTP/1.1" status: 200 len: 1170 time: 0.0560818
2026-06-25 23:33:01.128 10 INFO neutron.wsgi [None req-ef605f27-257e-4e7f-8482-38b27bf75e33 eb385586f3e7424ca61f8366f483a2e1 5e6f572533a8440b9f7d5c9b69bf8a4b - - default default] 10.0.0.23 "GET /v2.0/security-groups?tenant_id=4e8bfc06c6304b95bdd83a85c6ce652b&name=default HTTP/1.1" status: 200 len: 2992 time: 0.0476251
2026-06-25 23:33:01.160 9 INFO neutron.wsgi [req-6e4e2389-517b-407e-8b88-e6e79b03fd32 req-230ec6e2-7fa1-487c-9bf9-cf4477ce2171 143c65c7298446e681cd119dc2c0a3b2 6f1c8f48b77349a8adaa6d1ed7cf1c6e - - b086645a873745aabf57b5e0cf146ab9 b086645a873745aabf57b5e0cf146ab9] 199.19.213.169 "GET /v2.0/networks/9e40e088-38ba-480a-b317-8da692abcddf?fields=provider%3Aphysical_network&fields=provider%3Anetwork_type HTTP/1.1" status: 200 len: 277 time: 0.0903678
2026-06-25 23:33:01.163 9 INFO neutron.wsgi [req-516bdc2c-7a14-4fd9-9ed7-d1abf022f787 req-d309cd28-0560-44e4-bed4-d6535363947e 4725594f430f438090195acdb0d905ed c4f62d2435eb4917933c3c2d90ed7469 - - default default] 10.0.0.211 "GET /v2.0/security-groups?id=cb74c00e-26d3-47f2-a609-e30b97d7fce4&fields=id&fields=name HTTP/1.1" status: 200 len: 312 time: 0.0363514
2026-06-25 23:33:01.251 9 INFO neutron.wsgi [req-1a9ad1bb-1648-4007-b3cb-672bb8c06ce1 req-6543b69f-12ee-42f9-bf5f-cf8ddfd79c2b 143c65c7298446e681cd119dc2c0a3b2 6f1c8f48b77349a8adaa6d1ed7cf1c6e - - b086645a873745aabf57b5e0cf146ab9 b086645a873745aabf57b5e0cf146ab9] 199.19.213.169 "GET /v2.0/ports?tenant_id=297872a0b1fa4ed99283e6cc5b01d0ce&device_id=491b9370-58a4-42bc-bcad-cedd693a8fc3 HTTP/1.1" status: 200 len: 1359 time: 0.0426655
2026-06-25 23:33:01.334 10 INFO neutron.wsgi [req-48c154ba-c638-468a-8556-0b489ba3446d req-527432e1-45de-41d0-b202-d5d2faba4768 4725594f430f438090195acdb0d905ed c4f62d2435eb4917933c3c2d90ed7469 - - default default] 10.0.0.211 "GET /v2.0/ports?device_id=bc45bbd4-ec03-4d24-965c-dfc5cea51fca HTTP/1.1" status: 200 len: 1170 time: 0.1020474
2026-06-25 23:33:01.356 9 INFO neutron.wsgi [req-1a9ad1bb-1648-4007-b3cb-672bb8c06ce1 req-f7b125db-b7f9-4aff-b0a7-74b3db0c6581 143c65c7298446e681cd119dc2c0a3b2 6f1c8f48b77349a8adaa6d1ed7cf1c6e - - b086645a873745aabf57b5e0cf146ab9 b086645a873745aabf57b5e0cf146ab9] 199.19.213.169 "GET /v2.0/networks?id=9e40e088-38ba-480a-b317-8da692abcddf HTTP/1.1" status: 200 len: 968 time: 0.0951524
2026-06-25 23:33:01.386 10 INFO neutron.plugins.ml2.drivers.ovn.mech_driver.mech_driver [None req-56e06cab-88df-4a0c-9f6c-9609ea2afd09 - - - - - -] OVN reports status up for port: 4e316f73-eda4-4d97-8579-412919280145
2026-06-25 23:33:01.409 9 INFO neutron.wsgi [req-1a9ad1bb-1648-4007-b3cb-672bb8c06ce1 req-e5628e60-bae7-4b90-9cbf-d9e30df91d62 143c65c7298446e681cd119dc2c0a3b2 6f1c8f48b77349a8adaa6d1ed7cf1c6e - - b086645a873745aabf57b5e0cf146ab9 b086645a873745aabf57b5e0cf146ab9] 199.19.213.169 "GET /v2.0/floatingips?fixed_ip_address=10.100.0.3&port_id=4e316f73-eda4-4d97-8579-412919280145 HTTP/1.1" status: 200 len: 217 time: 0.0447814
2026-06-25 23:33:01.420 10 INFO neutron.plugins.ml2.plugin [None req-56e06cab-88df-4a0c-9f6c-9609ea2afd09 - - - - - -] Attempt 1 to provision port 4e316f73-eda4-4d97-8579-412919280145
2026-06-25 23:33:01.474 9 INFO neutron.wsgi [req-1a9ad1bb-1648-4007-b3cb-672bb8c06ce1 req-d9cfc742-fc8d-4bc3-8046-edc05564af5d 143c65c7298446e681cd119dc2c0a3b2 6f1c8f48b77349a8adaa6d1ed7cf1c6e - - b086645a873745aabf57b5e0cf146ab9 b086645a873745aabf57b5e0cf146ab9] 199.19.213.169 "GET /v2.0/subnets?id=e746df53-ac84-4e8a-bb06-f97c3490668d HTTP/1.1" status: 200 len: 863 time: 0.0554028
2026-06-25 23:33:01.501 9 INFO neutron.wsgi [req-1a9ad1bb-1648-4007-b3cb-672bb8c06ce1 req-b9e4d41e-8532-4487-b04c-7d2f1de6ffe9 143c65c7298446e681cd119dc2c0a3b2 6f1c8f48b77349a8adaa6d1ed7cf1c6e - - b086645a873745aabf57b5e0cf146ab9 b086645a873745aabf57b5e0cf146ab9] 199.19.213.169 "GET /v2.0/ports?network_id=9e40e088-38ba-480a-b317-8da692abcddf&device_owner=network%3Adhcp HTTP/1.1" status: 200 len: 210 time: 0.0222933
2026-06-25 23:33:01.576 10 INFO neutron.wsgi [None req-f3ddc9f1-255f-4082-a5be-82feffab91a0 eb385586f3e7424ca61f8366f483a2e1 5e6f572533a8440b9f7d5c9b69bf8a4b - - - -] 10.0.0.23 "DELETE /v2.0/security-groups/459924f0-cb63-418d-ba03-3228fa0414ed HTTP/1.1" status: 204 len: 168 time: 0.4415905
2026-06-25 23:33:01.585 9 INFO neutron.wsgi [req-1cd0d140-342f-4812-b138-ef9e56f605e5 req-8695081b-0cbb-414f-b94a-0538a1fbcf1a 143c65c7298446e681cd119dc2c0a3b2 6f1c8f48b77349a8adaa6d1ed7cf1c6e - - b086645a873745aabf57b5e0cf146ab9 b086645a873745aabf57b5e0cf146ab9] 10.0.0.137 "GET /v2.0/ports?device_id=9f5b5dab-b80c-421a-ab12-73a61fef08de HTTP/1.1" status: 200 len: 1365 time: 0.3642895
2026-06-25 23:33:01.625 9 INFO neutron.wsgi [req-1a9ad1bb-1648-4007-b3cb-672bb8c06ce1 req-2a482d08-5da1-4c65-a245-2615a2203c08 143c65c7298446e681cd119dc2c0a3b2 6f1c8f48b77349a8adaa6d1ed7cf1c6e - - b086645a873745aabf57b5e0cf146ab9 b086645a873745aabf57b5e0cf146ab9] 199.19.213.169 "GET /v2.0/networks/9e40e088-38ba-480a-b317-8da692abcddf?fields=segments HTTP/1.1" status: 200 len: 212 time: 0.1143277
2026-06-25 23:33:01.631 9 INFO neutron.wsgi [req-1cd0d140-342f-4812-b138-ef9e56f605e5 req-a9234ef2-2044-406c-b2e6-6b1863778bd7 143c65c7298446e681cd119dc2c0a3b2 6f1c8f48b77349a8adaa6d1ed7cf1c6e - - b086645a873745aabf57b5e0cf146ab9 b086645a873745aabf57b5e0cf146ab9] 10.0.0.137 "GET /v2.0/security-groups?id=58b08e99-1346-4993-a214-4a820875389a&fields=id&fields=name HTTP/1.1" status: 200 len: 313 time: 0.0412688
2026-06-25 23:33:01.690 9 INFO neutron.wsgi [req-1a9ad1bb-1648-4007-b3cb-672bb8c06ce1 req-ddab459c-bf55-4873-bc34-d64031425eaf 143c65c7298446e681cd119dc2c0a3b2 6f1c8f48b77349a8adaa6d1ed7cf1c6e - - b086645a873745aabf57b5e0cf146ab9 b086645a873745aabf57b5e0cf146ab9] 199.19.213.169 "GET /v2.0/networks/9e40e088-38ba-480a-b317-8da692abcddf?fields=provider%3Aphysical_network&fields=provider%3Anetwork_type HTTP/1.1" status: 200 len: 277 time: 0.0553300
2026-06-25 23:33:01.705 10 INFO neutron.db.l3_db [None req-8d1ca6ed-78a8-49c5-870e-93aa18255a45 4725594f430f438090195acdb0d905ed c4f62d2435eb4917933c3c2d90ed7469 - - - -] Floating IP 271d6448-8392-4186-925b-bb914da26e2d associated. External IP: 10.96.250.202, port: cf076332-3a3d-4f67-a50d-62f10bc74e2f.
2026-06-25 23:33:01.880 9 INFO neutron.wsgi [req-561c8ed2-ac7c-49dd-9d72-a91c5395a8d5 req-15d15a6e-e048-4b17-bcf1-24cdf4461ec5 376eb046c7f64fe3adf6f73e509b3087 297872a0b1fa4ed99283e6cc5b01d0ce - - default default] 10.0.0.211 "GET /v2.0/ports?device_id=491b9370-58a4-42bc-bcad-cedd693a8fc3 HTTP/1.1" status: 200 len: 1170 time: 0.0468223
2026-06-25 23:33:01.917 10 INFO neutron.db.ovn_revision_numbers_db [None req-56e06cab-88df-4a0c-9f6c-9609ea2afd09 - - - - - -] Successfully bumped revision number for resource 4e316f73-eda4-4d97-8579-412919280145 (type: ports) to 4
2026-06-25 23:33:01.921 10 INFO neutron.db.ovn_revision_numbers_db [None req-8d1ca6ed-78a8-49c5-870e-93aa18255a45 4725594f430f438090195acdb0d905ed c4f62d2435eb4917933c3c2d90ed7469 - - - -] Successfully bumped revision number for resource 271d6448-8392-4186-925b-bb914da26e2d (type: floatingips) to 1
2026-06-25 23:33:01.974 9 INFO neutron.wsgi [req-561c8ed2-ac7c-49dd-9d72-a91c5395a8d5 req-a20bd981-1092-4676-bbfe-4abb92f9f550 376eb046c7f64fe3adf6f73e509b3087 297872a0b1fa4ed99283e6cc5b01d0ce - - default default] 10.0.0.211 "GET /v2.0/security-groups?id=71b36487-54e0-4a4d-aa86-3281e4663933&fields=id&fields=name HTTP/1.1" status: 200 len: 311 time: 0.0844443
2026-06-25 23:33:02.031 10 INFO neutron.db.ovn_revision_numbers_db [None req-8d1ca6ed-78a8-49c5-870e-93aa18255a45 4725594f430f438090195acdb0d905ed c4f62d2435eb4917933c3c2d90ed7469 - - - -] Successfully bumped revision number for resource 271d6448-8392-4186-925b-bb914da26e2d (type: floatingips) to 2
2026-06-25 23:33:02.452 10 INFO neutron.wsgi [None req-8d1ca6ed-78a8-49c5-870e-93aa18255a45 4725594f430f438090195acdb0d905ed c4f62d2435eb4917933c3c2d90ed7469 - - - -] 10.0.0.23 "PUT /v2.0/floatingips/271d6448-8392-4186-925b-bb914da26e2d HTTP/1.1" status: 200 len: 1049 time: 1.0984676
2026-06-25 23:33:02.817 10 INFO neutron.notifiers.nova [-] Nova event matching ['req-a769d924-a90f-4048-86d0-e8461ca9fce8'] response: {'server_uuid': '491b9370-58a4-42bc-bcad-cedd693a8fc3', 'name': 'network-vif-plugged', 'status': 'completed', 'tag': '4e316f73-eda4-4d97-8579-412919280145', 'code': 200}
2026-06-25 23:33:02.818 10 INFO neutron.notifiers.nova [-] Nova event matching ['req-a769d924-a90f-4048-86d0-e8461ca9fce8'] response: {'server_uuid': '491b9370-58a4-42bc-bcad-cedd693a8fc3', 'name': 'network-vif-plugged', 'status': 'completed', 'tag': '4e316f73-eda4-4d97-8579-412919280145', 'code': 200}
2026-06-25 23:33:02.818 10 INFO neutron.notifiers.nova [-] Nova event matching ['req-a769d924-a90f-4048-86d0-e8461ca9fce8'] response: {'name': 'network-changed', 'server_uuid': 'bc45bbd4-ec03-4d24-965c-dfc5cea51fca', 'tag': 'cf076332-3a3d-4f67-a50d-62f10bc74e2f', 'status': 'completed', 'code': 200}
2026-06-25 23:33:02.934 10 INFO neutron.wsgi [-] 10.0.0.37 "GET / HTTP/1.1" status: 200 len: 247 time: 0.0032806
2026-06-25 23:33:02.936 9 INFO neutron.wsgi [-] 10.0.0.37 "GET / HTTP/1.1" status: 200 len: 247 time: 0.0049982 /var/lib/openstack/lib/python3.10/site-packages/pycadf/identifier.py:71: UserWarning: Invalid uuid: neutron. To ensure interoperability, identifiers should be a valid uuid. warnings.warn(('Invalid uuid: %s. To ensure interoperability, '
2026-06-25 23:33:03.069 9 INFO neutron.wsgi [req-b5bd3ab2-4b28-4d47-9cf6-e708519c6c5f req-94a8dc3d-11d3-48f1-ae02-71dfd3797867 143c65c7298446e681cd119dc2c0a3b2 6f1c8f48b77349a8adaa6d1ed7cf1c6e - - b086645a873745aabf57b5e0cf146ab9 b086645a873745aabf57b5e0cf146ab9] 199.19.213.169 "GET /v2.0/ports?tenant_id=c4f62d2435eb4917933c3c2d90ed7469&device_id=bc45bbd4-ec03-4d24-965c-dfc5cea51fca HTTP/1.1" status: 200 len: 1361 time: 0.0407598
2026-06-25 23:33:03.182 9 INFO neutron.wsgi [req-b5bd3ab2-4b28-4d47-9cf6-e708519c6c5f req-0f219aa3-2072-4c5c-a4b6-934852a1696a 143c65c7298446e681cd119dc2c0a3b2 6f1c8f48b77349a8adaa6d1ed7cf1c6e - - b086645a873745aabf57b5e0cf146ab9 b086645a873745aabf57b5e0cf146ab9] 199.19.213.169 "GET /v2.0/networks?id=828dc68b-535c-4cf5-85af-808c7b1ddd74 HTTP/1.1" status: 200 len: 973 time: 0.1009293
2026-06-25 23:33:03.230 9 INFO neutron.wsgi [req-10025749-795b-4dcc-8e28-4f6eb42fb295 req-b6d03090-1b28-4062-ba3c-6a381835488f 376eb046c7f64fe3adf6f73e509b3087 297872a0b1fa4ed99283e6cc5b01d0ce - - default default] 10.0.0.211 "GET /v2.0/ports?device_id=491b9370-58a4-42bc-bcad-cedd693a8fc3 HTTP/1.1" status: 200 len: 1170 time: 0.1587958
2026-06-25 23:33:03.266 9 INFO neutron.wsgi [req-b5bd3ab2-4b28-4d47-9cf6-e708519c6c5f req-8c306d03-589a-47b6-8037-6b9894527902 143c65c7298446e681cd119dc2c0a3b2 6f1c8f48b77349a8adaa6d1ed7cf1c6e - - b086645a873745aabf57b5e0cf146ab9 b086645a873745aabf57b5e0cf146ab9] 199.19.213.169 "GET /v2.0/floatingips?fixed_ip_address=10.100.0.5&port_id=cf076332-3a3d-4f67-a50d-62f10bc74e2f HTTP/1.1" status: 200 len: 1059 time: 0.0758924
2026-06-25 23:33:03.303 9 INFO neutron.wsgi [req-10025749-795b-4dcc-8e28-4f6eb42fb295 req-0861dadf-3f8f-4c0b-ab45-23ec1a779483 376eb046c7f64fe3adf6f73e509b3087 297872a0b1fa4ed99283e6cc5b01d0ce - - default default] 10.0.0.211 "GET /v2.0/security-groups?id=71b36487-54e0-4a4d-aa86-3281e4663933&fields=id&fields=name HTTP/1.1" status: 200 len: 311 time: 0.0646830
2026-06-25 23:33:03.344 9 INFO neutron.wsgi [req-b5bd3ab2-4b28-4d47-9cf6-e708519c6c5f req-b79bbb1b-1724-4db2-9f2f-aa46912516f6 143c65c7298446e681cd119dc2c0a3b2 6f1c8f48b77349a8adaa6d1ed7cf1c6e - - b086645a873745aabf57b5e0cf146ab9 b086645a873745aabf57b5e0cf146ab9] 199.19.213.169 "GET /v2.0/subnets?id=6f957457-9ebc-4cdb-a965-1510a794a929 HTTP/1.1" status: 200 len: 868 time: 0.0699782
2026-06-25 23:33:03.383 9 INFO neutron.wsgi [req-b5bd3ab2-4b28-4d47-9cf6-e708519c6c5f req-d5de8cd7-25f6-4f7f-bb76-2b322cd38072 143c65c7298446e681cd119dc2c0a3b2 6f1c8f48b77349a8adaa6d1ed7cf1c6e - - b086645a873745aabf57b5e0cf146ab9 b086645a873745aabf57b5e0cf146ab9] 199.19.213.169 "GET /v2.0/ports?network_id=828dc68b-535c-4cf5-85af-808c7b1ddd74&device_owner=network%3Adhcp HTTP/1.1" status: 200 len: 210 time: 0.0317376
2026-06-25 23:33:03.465 9 INFO neutron.wsgi [req-b5bd3ab2-4b28-4d47-9cf6-e708519c6c5f req-fa1bb394-fb26-4e08-9673-0a1cd3ed9584 143c65c7298446e681cd119dc2c0a3b2 6f1c8f48b77349a8adaa6d1ed7cf1c6e - - b086645a873745aabf57b5e0cf146ab9 b086645a873745aabf57b5e0cf146ab9] 199.19.213.169 "GET /v2.0/networks/828dc68b-535c-4cf5-85af-808c7b1ddd74?fields=segments HTTP/1.1" status: 200 len: 212 time: 0.0743549
2026-06-25 23:33:03.523 9 INFO neutron.wsgi [req-b5bd3ab2-4b28-4d47-9cf6-e708519c6c5f req-87328655-e718-4add-8499-fc8262e87ae3 143c65c7298446e681cd119dc2c0a3b2 6f1c8f48b77349a8adaa6d1ed7cf1c6e - - b086645a873745aabf57b5e0cf146ab9 b086645a873745aabf57b5e0cf146ab9] 199.19.213.169 "GET /v2.0/networks/828dc68b-535c-4cf5-85af-808c7b1ddd74?fields=provider%3Aphysical_network&fields=provider%3Anetwork_type HTTP/1.1" status: 200 len: 277 time: 0.0513318 /var/lib/openstack/lib/python3.10/site-packages/pycadf/identifier.py:71: UserWarning: Invalid uuid: neutron. To ensure interoperability, identifiers should be a valid uuid. warnings.warn(('Invalid uuid: %s. To ensure interoperability, '
2026-06-25 23:33:03.664 10 INFO neutron.db.ovn_revision_numbers_db [None req-5b5a6364-0843-4060-b38a-8df182549064 eb385586f3e7424ca61f8366f483a2e1 5e6f572533a8440b9f7d5c9b69bf8a4b - - - -] Successfully bumped revision number for resource c6995ff0-7746-487e-a81f-dbf694a45cff (type: security_groups) to 1
2026-06-25 23:33:03.724 10 INFO neutron.db.segments_db [None req-5b5a6364-0843-4060-b38a-8df182549064 eb385586f3e7424ca61f8366f483a2e1 5e6f572533a8440b9f7d5c9b69bf8a4b - - - -] Added segment a0116538-3f42-4fe3-81f8-bbfb26dae108 of type geneve for network 8036df23-395d-4284-ac8b-1519f931b613
2026-06-25 23:33:03.879 10 INFO neutron.db.ovn_revision_numbers_db [None req-5b5a6364-0843-4060-b38a-8df182549064 eb385586f3e7424ca61f8366f483a2e1 5e6f572533a8440b9f7d5c9b69bf8a4b - - - -] Successfully bumped revision number for resource 8036df23-395d-4284-ac8b-1519f931b613 (type: networks) to 1
2026-06-25 23:33:04.097 10 WARNING neutron.scheduler.dhcp_agent_scheduler [None req-5b5a6364-0843-4060-b38a-8df182549064 eb385586f3e7424ca61f8366f483a2e1 5e6f572533a8440b9f7d5c9b69bf8a4b - - - -] No more DHCP agents
2026-06-25 23:33:04.099 10 WARNING neutron.api.rpc.agentnotifiers.dhcp_rpc_agent_api [None req-5b5a6364-0843-4060-b38a-8df182549064 eb385586f3e7424ca61f8366f483a2e1 5e6f572533a8440b9f7d5c9b69bf8a4b - - - -] Unable to schedule network 8036df23-395d-4284-ac8b-1519f931b613: no agents available; will retry on subsequent port and subnet creation events.
2026-06-25 23:33:04.221 10 INFO neutron.db.ovn_revision_numbers_db [None req-5b5a6364-0843-4060-b38a-8df182549064 eb385586f3e7424ca61f8366f483a2e1 5e6f572533a8440b9f7d5c9b69bf8a4b - - - -] Successfully bumped revision number for resource f0689702-c939-4a25-9578-8424ddad229c (type: ports) to 1
2026-06-25 23:33:04.248 10 INFO neutron.wsgi [None req-5b5a6364-0843-4060-b38a-8df182549064 eb385586f3e7424ca61f8366f483a2e1 5e6f572533a8440b9f7d5c9b69bf8a4b - - - -] 10.0.0.23 "POST /v2.0/networks HTTP/1.1" status: 201 len: 947 time: 0.8684757
2026-06-25 23:33:04.448 10 INFO neutron.wsgi [req-f9fde1b7-5954-4e0b-8a52-3d4b6c6f7165 req-c076e635-0e31-41c2-bb33-61cc31c33af4 376eb046c7f64fe3adf6f73e509b3087 297872a0b1fa4ed99283e6cc5b01d0ce - - default default] 10.0.0.211 "GET /v2.0/ports?device_id=491b9370-58a4-42bc-bcad-cedd693a8fc3 HTTP/1.1" status: 200 len: 1170 time: 0.0617507
2026-06-25 23:33:04.522 10 INFO neutron.wsgi [req-f9fde1b7-5954-4e0b-8a52-3d4b6c6f7165 req-08bd5028-83dc-4f57-a6d3-2f4b750c88c8 376eb046c7f64fe3adf6f73e509b3087 297872a0b1fa4ed99283e6cc5b01d0ce - - default default] 10.0.0.211 "GET /v2.0/security-groups?id=71b36487-54e0-4a4d-aa86-3281e4663933&fields=id&fields=name HTTP/1.1" status: 200 len: 311 time: 0.0666466
2026-06-25 23:33:04.529 10 WARNING neutron.scheduler.dhcp_agent_scheduler [None req-a864b076-49d1-4712-bc56-6bd2311bf5ee eb385586f3e7424ca61f8366f483a2e1 5e6f572533a8440b9f7d5c9b69bf8a4b - - - -] No more DHCP agents
2026-06-25 23:33:04.531 10 WARNING neutron.api.rpc.agentnotifiers.dhcp_rpc_agent_api [None req-a864b076-49d1-4712-bc56-6bd2311bf5ee eb385586f3e7424ca61f8366f483a2e1 5e6f572533a8440b9f7d5c9b69bf8a4b - - - -] Unable to schedule network 8036df23-395d-4284-ac8b-1519f931b613: no agents available; will retry on subsequent port and subnet creation events.
2026-06-25 23:33:04.671 9 INFO neutron.wsgi [req-e05231a3-cc18-46d6-a668-76ebed391b5c req-f7b13c63-0f04-4a82-85fd-373439f10346 376eb046c7f64fe3adf6f73e509b3087 297872a0b1fa4ed99283e6cc5b01d0ce - - default default] 10.0.0.211 "GET /v2.0/ports?device_id=491b9370-58a4-42bc-bcad-cedd693a8fc3 HTTP/1.1" status: 200 len: 1170 time: 0.0518191
2026-06-25 23:33:04.963 10 INFO neutron.db.l3_db [None req-f873da9a-1750-4661-b1f1-4b4bf6a5e675 376eb046c7f64fe3adf6f73e509b3087 297872a0b1fa4ed99283e6cc5b01d0ce - - - -] Floating IP 6406eb5a-fe10-4aa4-b19d-3a1a67100c2c associated. External IP: 10.96.250.208, port: 4e316f73-eda4-4d97-8579-412919280145.
2026-06-25 23:33:05.176 10 INFO neutron.db.ovn_revision_numbers_db [None req-f873da9a-1750-4661-b1f1-4b4bf6a5e675 376eb046c7f64fe3adf6f73e509b3087 297872a0b1fa4ed99283e6cc5b01d0ce - - - -] Successfully bumped revision number for resource 6406eb5a-fe10-4aa4-b19d-3a1a67100c2c (type: floatingips) to 1
2026-06-25 23:33:05.200 10 INFO neutron.db.ovn_revision_numbers_db [None req-a864b076-49d1-4712-bc56-6bd2311bf5ee eb385586f3e7424ca61f8366f483a2e1 5e6f572533a8440b9f7d5c9b69bf8a4b - - - -] Successfully bumped revision number for resource f0689702-c939-4a25-9578-8424ddad229c (type: ports) to 2
2026-06-25 23:33:05.242 10 INFO neutron.db.ovn_revision_numbers_db [None req-a864b076-49d1-4712-bc56-6bd2311bf5ee eb385586f3e7424ca61f8366f483a2e1 5e6f572533a8440b9f7d5c9b69bf8a4b - - - -] Successfully bumped revision number for resource 3bff7a07-216a-4703-87d5-3cda458e788f (type: subnets) to 0
2026-06-25 23:33:05.276 10 INFO neutron.wsgi [None req-a864b076-49d1-4712-bc56-6bd2311bf5ee eb385586f3e7424ca61f8366f483a2e1 5e6f572533a8440b9f7d5c9b69bf8a4b - - - -] 10.0.0.23 "POST /v2.0/subnets HTTP/1.1" status: 201 len: 867 time: 1.0201609
2026-06-25 23:33:05.291 10 INFO neutron.db.ovn_revision_numbers_db [None req-f873da9a-1750-4661-b1f1-4b4bf6a5e675 376eb046c7f64fe3adf6f73e509b3087 297872a0b1fa4ed99283e6cc5b01d0ce - - - -] Successfully bumped revision number for resource 6406eb5a-fe10-4aa4-b19d-3a1a67100c2c (type: floatingips) to 2
2026-06-25 23:33:05.326 10 INFO neutron.wsgi [None req-f873da9a-1750-4661-b1f1-4b4bf6a5e675 376eb046c7f64fe3adf6f73e509b3087 297872a0b1fa4ed99283e6cc5b01d0ce - - - -] 10.0.0.23 "PUT /v2.0/floatingips/6406eb5a-fe10-4aa4-b19d-3a1a67100c2c HTTP/1.1" status: 200 len: 1049 time: 0.6391728
2026-06-25 23:33:05.374 10 INFO neutron.notifiers.nova [-] Nova event matching ['req-a6fbf3ec-239e-4b42-9502-77c45dda2a43'] response: {'name': 'network-changed', 'server_uuid': '491b9370-58a4-42bc-bcad-cedd693a8fc3', 'tag': '4e316f73-eda4-4d97-8579-412919280145', 'status': 'completed', 'code': 200} /var/lib/openstack/lib/python3.10/site-packages/pycadf/identifier.py:71: UserWarning: Invalid uuid: neutron. To ensure interoperability, identifiers should be a valid uuid. warnings.warn(('Invalid uuid: %s. To ensure interoperability, '
2026-06-25 23:33:05.442 10 INFO neutron.wsgi [req-10d60a37-cab3-412a-ad35-d4126266dbbe req-96ed3567-8249-496f-bdc5-07f9c219033c 376eb046c7f64fe3adf6f73e509b3087 297872a0b1fa4ed99283e6cc5b01d0ce - - default default] 10.0.0.211 "GET /v2.0/ports?device_id=491b9370-58a4-42bc-bcad-cedd693a8fc3 HTTP/1.1" status: 200 len: 1170 time: 0.0384502
2026-06-25 23:33:05.448 9 INFO neutron.wsgi [req-12e1e3cc-d7ee-484a-9958-9d2dfd1a553d req-db743f33-9528-4e32-8577-9197669d8ced 143c65c7298446e681cd119dc2c0a3b2 6f1c8f48b77349a8adaa6d1ed7cf1c6e - - b086645a873745aabf57b5e0cf146ab9 b086645a873745aabf57b5e0cf146ab9] 199.19.213.169 "GET /v2.0/ports?tenant_id=297872a0b1fa4ed99283e6cc5b01d0ce&device_id=491b9370-58a4-42bc-bcad-cedd693a8fc3 HTTP/1.1" status: 200 len: 1361 time: 0.0423253
2026-06-25 23:33:05.525 9 INFO neutron.wsgi [req-12e1e3cc-d7ee-484a-9958-9d2dfd1a553d req-cce9d2f4-f807-44d2-94bd-e33974585f2a 143c65c7298446e681cd119dc2c0a3b2 6f1c8f48b77349a8adaa6d1ed7cf1c6e - - b086645a873745aabf57b5e0cf146ab9 b086645a873745aabf57b5e0cf146ab9] 199.19.213.169 "GET /v2.0/networks?id=9e40e088-38ba-480a-b317-8da692abcddf HTTP/1.1" status: 200 len: 968 time: 0.0697122
2026-06-25 23:33:05.541 10 INFO neutron.wsgi [req-10d60a37-cab3-412a-ad35-d4126266dbbe req-df5f5caa-b4f8-415e-be95-14c8811bdf3d 376eb046c7f64fe3adf6f73e509b3087 297872a0b1fa4ed99283e6cc5b01d0ce - - default default] 10.0.0.211 "GET /v2.0/security-groups?id=71b36487-54e0-4a4d-aa86-3281e4663933&fields=id&fields=name HTTP/1.1" status: 200 len: 311 time: 0.0763204
2026-06-25 23:33:05.584 9 INFO neutron.wsgi [req-12e1e3cc-d7ee-484a-9958-9d2dfd1a553d req-ea77e853-04ea-402a-bcee-c711c72b1af3 143c65c7298446e681cd119dc2c0a3b2 6f1c8f48b77349a8adaa6d1ed7cf1c6e - - b086645a873745aabf57b5e0cf146ab9 b086645a873745aabf57b5e0cf146ab9] 199.19.213.169 "GET /v2.0/floatingips?fixed_ip_address=10.100.0.3&port_id=4e316f73-eda4-4d97-8579-412919280145 HTTP/1.1" status: 200 len: 1059 time: 0.0523887
2026-06-25 23:33:05.624 9 INFO neutron.wsgi [req-12e1e3cc-d7ee-484a-9958-9d2dfd1a553d req-c1bfc3c7-5206-4d6c-bd33-d8818995d563 143c65c7298446e681cd119dc2c0a3b2 6f1c8f48b77349a8adaa6d1ed7cf1c6e - - b086645a873745aabf57b5e0cf146ab9 b086645a873745aabf57b5e0cf146ab9] 199.19.213.169 "GET /v2.0/subnets?id=e746df53-ac84-4e8a-bb06-f97c3490668d HTTP/1.1" status: 200 len: 863 time: 0.0338552
2026-06-25 23:33:05.672 9 INFO neutron.wsgi [req-12e1e3cc-d7ee-484a-9958-9d2dfd1a553d req-e28461a3-5853-4155-bb8f-0762278c2c08 143c65c7298446e681cd119dc2c0a3b2 6f1c8f48b77349a8adaa6d1ed7cf1c6e - - b086645a873745aabf57b5e0cf146ab9 b086645a873745aabf57b5e0cf146ab9] 199.19.213.169 "GET /v2.0/ports?network_id=9e40e088-38ba-480a-b317-8da692abcddf&device_owner=network%3Adhcp HTTP/1.1" status: 200 len: 210 time: 0.0401735
2026-06-25 23:33:05.741 9 INFO neutron.wsgi [req-12e1e3cc-d7ee-484a-9958-9d2dfd1a553d req-aa209648-2897-4964-82da-351c18e65a82 143c65c7298446e681cd119dc2c0a3b2 6f1c8f48b77349a8adaa6d1ed7cf1c6e - - b086645a873745aabf57b5e0cf146ab9 b086645a873745aabf57b5e0cf146ab9] 199.19.213.169 "GET /v2.0/networks/9e40e088-38ba-480a-b317-8da692abcddf?fields=segments HTTP/1.1" status: 200 len: 212 time: 0.0595634
2026-06-25 23:33:05.810 9 INFO neutron.wsgi [req-12e1e3cc-d7ee-484a-9958-9d2dfd1a553d req-98904b9e-c8bb-4792-8bf2-c0a7439fdbcd 143c65c7298446e681cd119dc2c0a3b2 6f1c8f48b77349a8adaa6d1ed7cf1c6e - - b086645a873745aabf57b5e0cf146ab9 b086645a873745aabf57b5e0cf146ab9] 199.19.213.169 "GET /v2.0/networks/9e40e088-38ba-480a-b317-8da692abcddf?fields=provider%3Aphysical_network&fields=provider%3Anetwork_type HTTP/1.1" status: 200 len: 277 time: 0.0596309
2026-06-25 23:33:05.867 10 INFO neutron.plugins.ml2.drivers.ovn.mech_driver.mech_driver [None req-56e06cab-88df-4a0c-9f6c-9609ea2afd09 - - - - - -] OVN reports status down for port: 4e316f73-eda4-4d97-8579-412919280145
2026-06-25 23:33:05.867 9 INFO neutron.wsgi [req-05c2cf40-0992-43b9-be99-0218c0cc4955 req-9514e064-9ec7-4258-92fe-49c663e83e0b 376eb046c7f64fe3adf6f73e509b3087 297872a0b1fa4ed99283e6cc5b01d0ce - - default default] 10.0.0.211 "GET /v2.0/ports?device_id=491b9370-58a4-42bc-bcad-cedd693a8fc3 HTTP/1.1" status: 200 len: 1170 time: 0.0520833
2026-06-25 23:33:05.926 9 INFO neutron.wsgi [req-05c2cf40-0992-43b9-be99-0218c0cc4955 req-92a040d5-126d-4d98-a7a6-ecd429e46f97 376eb046c7f64fe3adf6f73e509b3087 297872a0b1fa4ed99283e6cc5b01d0ce - - default default] 10.0.0.211 "GET /v2.0/security-groups?id=71b36487-54e0-4a4d-aa86-3281e4663933&fields=id&fields=name HTTP/1.1" status: 200 len: 311 time: 0.0544224
2026-06-25 23:33:06.232 9 INFO neutron.wsgi [req-94952b23-1b35-4a09-aeb1-23debf0fcfa4 req-c819f0af-88c5-4738-b638-01e96374a790 376eb046c7f64fe3adf6f73e509b3087 297872a0b1fa4ed99283e6cc5b01d0ce - - default default] 199.19.213.169 "GET /v2.0/ports?device_id=491b9370-58a4-42bc-bcad-cedd693a8fc3 HTTP/1.1" status: 200 len: 1170 time: 0.0523715
2026-06-25 23:33:06.298 10 WARNING neutron.scheduler.dhcp_agent_scheduler [None req-bcfd2fe6-b508-47ef-bfd7-897b98bdc0b0 eb385586f3e7424ca61f8366f483a2e1 5e6f572533a8440b9f7d5c9b69bf8a4b - - - -] No more DHCP agents
2026-06-25 23:33:06.310 10 WARNING neutron.api.rpc.agentnotifiers.dhcp_rpc_agent_api [None req-bcfd2fe6-b508-47ef-bfd7-897b98bdc0b0 eb385586f3e7424ca61f8366f483a2e1 5e6f572533a8440b9f7d5c9b69bf8a4b - - - -] Unable to schedule network 07e37ad0-790d-445f-8e30-23b81f61b800: no agents available; will retry on subsequent port and subnet creation events.
2026-06-25 23:33:06.453 10 INFO neutron.wsgi [req-ae75f203-2f58-4c42-9952-911ef16f7f37 req-28058269-3cd8-410f-a88e-5afc26faaf51 dcba21c6d4df4a7d9f06b6c97fec1f40 38cd13e69ba44c059d22935d463d4c84 - - default default] 10.0.0.211 "GET /v2.0/ports?device_id=9f5b5dab-b80c-421a-ab12-73a61fef08de HTTP/1.1" status: 200 len: 1174 time: 0.1528051
2026-06-25 23:33:06.546 10 INFO neutron.db.ovn_revision_numbers_db [None req-bcfd2fe6-b508-47ef-bfd7-897b98bdc0b0 eb385586f3e7424ca61f8366f483a2e1 5e6f572533a8440b9f7d5c9b69bf8a4b - - - -] Successfully bumped revision number for resource 0e642d78-635e-4ba5-ac2f-c17551c196ff (type: ports) to 1
2026-06-25 23:33:06.629 10 INFO neutron.db.ovn_revision_numbers_db [None req-56e06cab-88df-4a0c-9f6c-9609ea2afd09 - - - - - -] Successfully bumped revision number for resource 4e316f73-eda4-4d97-8579-412919280145 (type: ports) to 5
2026-06-25 23:33:06.969 9 INFO neutron.wsgi [req-780e5527-81f6-4f44-852c-26822c045398 req-d13707f4-2704-45e1-9531-ce64b5c98761 dcba21c6d4df4a7d9f06b6c97fec1f40 38cd13e69ba44c059d22935d463d4c84 - - default default] 10.0.0.211 "GET /v2.0/ports/cd21e6d4-014d-46d9-aeb3-91b634c40a32 HTTP/1.1" status: 200 len: 1171 time: 0.4648900
2026-06-25 23:33:06.978 9 INFO neutron.db.l3_db [None req-b521926d-fb2b-4b16-a044-dbb9378c5689 376eb046c7f64fe3adf6f73e509b3087 297872a0b1fa4ed99283e6cc5b01d0ce - - - -] Floating IP 6406eb5a-fe10-4aa4-b19d-3a1a67100c2c disassociated. External IP: 10.96.250.208, port: 4e316f73-eda4-4d97-8579-412919280145. /var/lib/openstack/lib/python3.10/site-packages/pycadf/identifier.py:71: UserWarning: Invalid uuid: neutron. To ensure interoperability, identifiers should be a valid uuid. warnings.warn(('Invalid uuid: %s. To ensure interoperability, '
2026-06-25 23:33:07.200 10 INFO neutron.wsgi [req-627b6c51-f9d1-4011-a2b4-4cb03f308c12 req-0163a5bd-4075-4006-98ca-3393f3ca09a0 376eb046c7f64fe3adf6f73e509b3087 297872a0b1fa4ed99283e6cc5b01d0ce - - default default] 10.0.0.211 "GET /v2.0/ports?device_id=491b9370-58a4-42bc-bcad-cedd693a8fc3 HTTP/1.1" status: 200 len: 1168 time: 0.2050829
2026-06-25 23:33:07.252 9 INFO neutron.wsgi [None req-b521926d-fb2b-4b16-a044-dbb9378c5689 376eb046c7f64fe3adf6f73e509b3087 297872a0b1fa4ed99283e6cc5b01d0ce - - - -] 199.19.213.169 "DELETE /v2.0/ports/4e316f73-eda4-4d97-8579-412919280145 HTTP/1.1" status: 204 len: 173 time: 1.0145674
2026-06-25 23:33:07.292 10 INFO neutron.wsgi [req-a8c90cb5-b663-479d-b181-45bec185705e req-8063cc40-b022-443a-af4a-784ee54fd19f dcba21c6d4df4a7d9f06b6c97fec1f40 38cd13e69ba44c059d22935d463d4c84 - - default default] 199.19.213.169 "GET /v2.0/subnets?network_id=91fcb463-0faa-41e1-81d0-ba0164b0f4ad HTTP/1.1" status: 200 len: 858 time: 0.0969858
2026-06-25 23:33:07.303 10 INFO neutron.wsgi [req-627b6c51-f9d1-4011-a2b4-4cb03f308c12 req-f15b8cb4-31ed-42a0-9a74-3686c96b6fb8 376eb046c7f64fe3adf6f73e509b3087 297872a0b1fa4ed99283e6cc5b01d0ce - - default default] 10.0.0.211 "GET /v2.0/security-groups?id=71b36487-54e0-4a4d-aa86-3281e4663933&fields=id&fields=name HTTP/1.1" status: 200 len: 311 time: 0.0940182
2026-06-25 23:33:07.317 9 INFO neutron.notifiers.nova [-] Nova event matching ['req-57dc994f-8bcf-4526-b00c-74c0bb76b922'] response: {'server_uuid': '491b9370-58a4-42bc-bcad-cedd693a8fc3', 'name': 'network-vif-deleted', 'tag': '4e316f73-eda4-4d97-8579-412919280145', 'status': 'completed', 'code': 200}
2026-06-25 23:33:07.384 10 INFO neutron.wsgi [req-a8c90cb5-b663-479d-b181-45bec185705e req-772a93dd-7319-4dac-b5ef-0b9669c83a84 dcba21c6d4df4a7d9f06b6c97fec1f40 38cd13e69ba44c059d22935d463d4c84 - - default default] 199.19.213.169 "GET /v2.0/ports?device_id=9f5b5dab-b80c-421a-ab12-73a61fef08de&device_owner=compute%3Anova&network_id=91fcb463-0faa-41e1-81d0-ba0164b0f4ad HTTP/1.1" status: 200 len: 1174 time: 0.0763032
2026-06-25 23:33:07.432 10 INFO neutron.notifiers.nova [-] Nova event matching ['req-4d7496d8-14fe-4bf3-b171-5e6e24b9e2be'] response: {'server_uuid': '491b9370-58a4-42bc-bcad-cedd693a8fc3', 'name': 'network-vif-unplugged', 'status': 'completed', 'tag': '4e316f73-eda4-4d97-8579-412919280145', 'code': 200}
2026-06-25 23:33:07.432 10 INFO neutron.notifiers.nova [-] Nova event matching ['req-4d7496d8-14fe-4bf3-b171-5e6e24b9e2be'] response: {'server_uuid': '491b9370-58a4-42bc-bcad-cedd693a8fc3', 'name': 'network-vif-plugged', 'status': 'completed', 'tag': '4e316f73-eda4-4d97-8579-412919280145', 'code': 200}
2026-06-25 23:33:07.432 10 INFO neutron.plugins.ml2.drivers.ovn.mech_driver.mech_driver [None req-56e06cab-88df-4a0c-9f6c-9609ea2afd09 - - - - - -] OVN reports status up for port: 0e642d78-635e-4ba5-ac2f-c17551c196ff
2026-06-25 23:33:07.444 10 INFO neutron.plugins.ml2.plugin [None req-56e06cab-88df-4a0c-9f6c-9609ea2afd09 - - - - - -] Attempt 1 to provision port 0e642d78-635e-4ba5-ac2f-c17551c196ff
2026-06-25 23:33:07.446 10 INFO neutron.plugins.ml2.drivers.ovn.mech_driver.ovsdb.ovsdb_monitor [None req-289c20c1-bd9a-449c-a6d8-e51975102629 - - - - - -] Router b01dd85c-04aa-4b78-a18f-85a71d32cbed is bound to host instance
2026-06-25 23:33:07.470 10 INFO neutron.db.ovn_revision_numbers_db [None req-bcfd2fe6-b508-47ef-bfd7-897b98bdc0b0 eb385586f3e7424ca61f8366f483a2e1 5e6f572533a8440b9f7d5c9b69bf8a4b - - - -] Successfully bumped revision number for resource 0e642d78-635e-4ba5-ac2f-c17551c196ff (type: router_ports) to 1
2026-06-25 23:33:07.585 10 INFO neutron.db.ovn_revision_numbers_db [None req-bcfd2fe6-b508-47ef-bfd7-897b98bdc0b0 eb385586f3e7424ca61f8366f483a2e1 5e6f572533a8440b9f7d5c9b69bf8a4b - - - -] Successfully bumped revision number for resource b01dd85c-04aa-4b78-a18f-85a71d32cbed (type: routers) to 3
2026-06-25 23:33:07.989 10 INFO neutron.wsgi [None req-bcfd2fe6-b508-47ef-bfd7-897b98bdc0b0 eb385586f3e7424ca61f8366f483a2e1 5e6f572533a8440b9f7d5c9b69bf8a4b - - - -] 10.0.0.23 "POST /v2.0/routers HTTP/1.1" status: 201 len: 878 time: 2.7071640 /var/lib/openstack/lib/python3.10/site-packages/pycadf/identifier.py:71: UserWarning: Invalid uuid: neutron. To ensure interoperability, identifiers should be a valid uuid. warnings.warn(('Invalid uuid: %s. To ensure interoperability, '
2026-06-25 23:33:08.439 10 INFO neutron.db.ovn_revision_numbers_db [None req-79956ce1-8803-4209-acd0-974c192a9cf3 dcba21c6d4df4a7d9f06b6c97fec1f40 38cd13e69ba44c059d22935d463d4c84 - - - -] Successfully bumped revision number for resource cd21e6d4-014d-46d9-aeb3-91b634c40a32 (type: ports) to 5
2026-06-25 23:33:08.453 10 INFO neutron.wsgi [None req-79956ce1-8803-4209-acd0-974c192a9cf3 dcba21c6d4df4a7d9f06b6c97fec1f40 38cd13e69ba44c059d22935d463d4c84 - - - -] 199.19.213.169 "PUT /v2.0/ports/cd21e6d4-014d-46d9-aeb3-91b634c40a32 HTTP/1.1" status: 200 len: 1349 time: 1.0636377 /var/lib/openstack/lib/python3.10/site-packages/pycadf/identifier.py:71: UserWarning: Invalid uuid: neutron. To ensure interoperability, identifiers should be a valid uuid. warnings.warn(('Invalid uuid: %s. To ensure interoperability, '
2026-06-25 23:33:08.538 10 INFO neutron.wsgi [req-a8c90cb5-b663-479d-b181-45bec185705e req-9590050e-64dd-48b1-9255-cd7b76d81246 143c65c7298446e681cd119dc2c0a3b2 6f1c8f48b77349a8adaa6d1ed7cf1c6e - - b086645a873745aabf57b5e0cf146ab9 b086645a873745aabf57b5e0cf146ab9] 199.19.213.169 "GET /v2.0/ports?tenant_id=38cd13e69ba44c059d22935d463d4c84&device_id=9f5b5dab-b80c-421a-ab12-73a61fef08de HTTP/1.1" status: 200 len: 1542 time: 0.0571566
2026-06-25 23:33:08.544 9 WARNING neutron.scheduler.dhcp_agent_scheduler [None req-390be024-1517-4aca-a446-eaeec3fda27d eb385586f3e7424ca61f8366f483a2e1 5e6f572533a8440b9f7d5c9b69bf8a4b - - default default] No more DHCP agents
2026-06-25 23:33:08.547 9 WARNING neutron.api.rpc.agentnotifiers.dhcp_rpc_agent_api [None req-390be024-1517-4aca-a446-eaeec3fda27d eb385586f3e7424ca61f8366f483a2e1 5e6f572533a8440b9f7d5c9b69bf8a4b - - default default] Unable to schedule network 8036df23-395d-4284-ac8b-1519f931b613: no agents available; will retry on subsequent port and subnet creation events.
2026-06-25 23:33:08.627 9 INFO neutron.wsgi [None req-fef35b56-1729-410b-b5dd-aa6efc4b5468 376eb046c7f64fe3adf6f73e509b3087 297872a0b1fa4ed99283e6cc5b01d0ce - - - -] 10.0.0.23 "DELETE /v2.0/security-groups/71b36487-54e0-4a4d-aa86-3281e4663933 HTTP/1.1" status: 204 len: 168 time: 0.2015474
2026-06-25 23:33:08.633 10 INFO neutron.db.ovn_revision_numbers_db [None req-289c20c1-bd9a-449c-a6d8-e51975102629 - - - - - -] Successfully bumped revision number for resource 0e642d78-635e-4ba5-ac2f-c17551c196ff (type: ports) to 1
2026-06-25 23:33:08.637 10 INFO neutron.wsgi [req-a8c90cb5-b663-479d-b181-45bec185705e req-aa39c2d1-fc86-4d2a-9802-d34b568d7c8a 143c65c7298446e681cd119dc2c0a3b2 6f1c8f48b77349a8adaa6d1ed7cf1c6e - - b086645a873745aabf57b5e0cf146ab9 b086645a873745aabf57b5e0cf146ab9] 199.19.213.169 "GET /v2.0/networks?id=91fcb463-0faa-41e1-81d0-ba0164b0f4ad HTTP/1.1" status: 200 len: 981 time: 0.0866489
2026-06-25 23:33:08.649 9 INFO neutron.api.v2.resource [None req-028e67ec-adce-4ee8-a546-83acd2156d20 376eb046c7f64fe3adf6f73e509b3087 297872a0b1fa4ed99283e6cc5b01d0ce - - default default] show failed (client error): The resource could not be found.
2026-06-25 23:33:08.650 9 INFO neutron.wsgi [None req-028e67ec-adce-4ee8-a546-83acd2156d20 376eb046c7f64fe3adf6f73e509b3087 297872a0b1fa4ed99283e6cc5b01d0ce - - default default] 10.0.0.23 "GET /v2.0/security-groups/71b36487-54e0-4a4d-aa86-3281e4663933 HTTP/1.1" status: 404 len: 347 time: 0.0133448
2026-06-25 23:33:08.696 10 INFO neutron.wsgi [req-a8c90cb5-b663-479d-b181-45bec185705e req-bba3bf93-e8e0-4ecb-9db3-4134b23a33ab 143c65c7298446e681cd119dc2c0a3b2 6f1c8f48b77349a8adaa6d1ed7cf1c6e - - b086645a873745aabf57b5e0cf146ab9 b086645a873745aabf57b5e0cf146ab9] 199.19.213.169 "GET /v2.0/floatingips?fixed_ip_address=10.100.0.12&port_id=cd21e6d4-014d-46d9-aeb3-91b634c40a32 HTTP/1.1" status: 200 len: 1060 time: 0.0542808
2026-06-25 23:33:08.736 9 INFO neutron.db.ovn_revision_numbers_db [None req-390be024-1517-4aca-a446-eaeec3fda27d eb385586f3e7424ca61f8366f483a2e1 5e6f572533a8440b9f7d5c9b69bf8a4b - - default default] Successfully bumped revision number for resource 5a9440df-59d5-49d7-a241-368ef03cd352 (type: ports) to 1
2026-06-25 23:33:08.736 10 INFO neutron.wsgi [req-a8c90cb5-b663-479d-b181-45bec185705e req-eb22cf85-54a8-413d-bea3-83964f5f3050 143c65c7298446e681cd119dc2c0a3b2 6f1c8f48b77349a8adaa6d1ed7cf1c6e - - b086645a873745aabf57b5e0cf146ab9 b086645a873745aabf57b5e0cf146ab9] 199.19.213.169 "GET /v2.0/floatingips?fixed_ip_address=10.100.0.3&port_id=cd21e6d4-014d-46d9-aeb3-91b634c40a32 HTTP/1.1" status: 200 len: 217 time: 0.0340357
2026-06-25 23:33:08.801 10 INFO neutron.wsgi [req-a8c90cb5-b663-479d-b181-45bec185705e req-6e369635-f94f-47dc-8bad-01ae30c10389 143c65c7298446e681cd119dc2c0a3b2 6f1c8f48b77349a8adaa6d1ed7cf1c6e - - b086645a873745aabf57b5e0cf146ab9 b086645a873745aabf57b5e0cf146ab9] 199.19.213.169 "GET /v2.0/subnets?id=cc35d19e-f33d-4ab7-ba9e-3a526dac6e5d HTTP/1.1" status: 200 len: 876 time: 0.0582581
2026-06-25 23:33:08.840 10 INFO neutron.wsgi [req-a8c90cb5-b663-479d-b181-45bec185705e req-985b2acf-d9f5-40c4-b4df-9d8e32c0a436 143c65c7298446e681cd119dc2c0a3b2 6f1c8f48b77349a8adaa6d1ed7cf1c6e - - b086645a873745aabf57b5e0cf146ab9 b086645a873745aabf57b5e0cf146ab9] 199.19.213.169 "GET /v2.0/ports?network_id=91fcb463-0faa-41e1-81d0-ba0164b0f4ad&device_owner=network%3Adhcp HTTP/1.1" status: 200 len: 210 time: 0.0278726
2026-06-25 23:33:08.955 10 INFO neutron.wsgi [req-a8c90cb5-b663-479d-b181-45bec185705e req-706eb7fd-7764-4ede-909f-5f2dd35d4435 143c65c7298446e681cd119dc2c0a3b2 6f1c8f48b77349a8adaa6d1ed7cf1c6e - - b086645a873745aabf57b5e0cf146ab9 b086645a873745aabf57b5e0cf146ab9] 199.19.213.169 "GET /v2.0/networks/91fcb463-0faa-41e1-81d0-ba0164b0f4ad?fields=segments HTTP/1.1" status: 200 len: 212 time: 0.1036835
2026-06-25 23:33:09.046 10 INFO neutron.wsgi [req-a8c90cb5-b663-479d-b181-45bec185705e req-dc3fd1c9-ae33-4f00-b730-6fcc4a31e99c 143c65c7298446e681cd119dc2c0a3b2 6f1c8f48b77349a8adaa6d1ed7cf1c6e - - b086645a873745aabf57b5e0cf146ab9 b086645a873745aabf57b5e0cf146ab9] 199.19.213.169 "GET /v2.0/networks/91fcb463-0faa-41e1-81d0-ba0164b0f4ad?fields=provider%3Aphysical_network&fields=provider%3Anetwork_type HTTP/1.1" status: 200 len: 277 time: 0.0826678
2026-06-25 23:33:09.067 10 INFO neutron.db.ovn_revision_numbers_db [None req-289c20c1-bd9a-449c-a6d8-e51975102629 - - - - - -] Successfully bumped revision number for resource 0e642d78-635e-4ba5-ac2f-c17551c196ff (type: router_ports) to 3
2026-06-25 23:33:09.128 9 INFO neutron.wsgi [None req-ff604299-6eb1-4d9e-98a7-4b494066ed9e 376eb046c7f64fe3adf6f73e509b3087 297872a0b1fa4ed99283e6cc5b01d0ce - - - -] 10.0.0.23 "DELETE /v2.0/floatingips/6406eb5a-fe10-4aa4-b19d-3a1a67100c2c HTTP/1.1" status: 204 len: 168 time: 0.4682634
2026-06-25 23:33:09.269 10 INFO neutron.db.ovn_revision_numbers_db [None req-289c20c1-bd9a-449c-a6d8-e51975102629 - - - - - -] Successfully bumped revision number for resource 0e642d78-635e-4ba5-ac2f-c17551c196ff (type: ports) to 2
2026-06-25 23:33:09.274 9 INFO neutron.plugins.ml2.drivers.ovn.mech_driver.mech_driver [None req-af23856a-b697-49de-96a5-efa60640ed41 - - - - - -] OVN reports status up for port: 5a9440df-59d5-49d7-a241-368ef03cd352
2026-06-25 23:33:09.279 9 INFO neutron.db.ovn_revision_numbers_db [None req-390be024-1517-4aca-a446-eaeec3fda27d eb385586f3e7424ca61f8366f483a2e1 5e6f572533a8440b9f7d5c9b69bf8a4b - - default default] Successfully bumped revision number for resource 5a9440df-59d5-49d7-a241-368ef03cd352 (type: router_ports) to 2
2026-06-25 23:33:09.297 9 INFO neutron.plugins.ml2.plugin [None req-af23856a-b697-49de-96a5-efa60640ed41 - - - - - -] Attempt 1 to provision port 5a9440df-59d5-49d7-a241-368ef03cd352
2026-06-25 23:33:09.420 10 INFO neutron.wsgi [req-cfa02d28-a43a-42fd-b1b4-5bd00092bb7b req-675a6afb-7dfe-47f5-9d85-4425da9d0e1b dcba21c6d4df4a7d9f06b6c97fec1f40 38cd13e69ba44c059d22935d463d4c84 - - default default] 10.0.0.211 "GET /v2.0/ports?device_id=9f5b5dab-b80c-421a-ab12-73a61fef08de HTTP/1.1" status: 200 len: 1352 time: 0.0953836
2026-06-25 23:33:09.484 10 INFO neutron.notifiers.nova [-] Nova event matching ['req-52bcb932-5184-4d53-ae86-128a265285ae'] response: {'name': 'network-changed', 'server_uuid': '9f5b5dab-b80c-421a-ab12-73a61fef08de', 'tag': 'cd21e6d4-014d-46d9-aeb3-91b634c40a32', 'status': 'completed', 'code': 200}
2026-06-25 23:33:09.512 10 INFO neutron.wsgi [req-cfa02d28-a43a-42fd-b1b4-5bd00092bb7b req-ec57ffbb-8a1a-4a9f-a581-e99ffad5d9c3 dcba21c6d4df4a7d9f06b6c97fec1f40 38cd13e69ba44c059d22935d463d4c84 - - default default] 10.0.0.211 "GET /v2.0/security-groups?id=58b08e99-1346-4993-a214-4a820875389a&fields=id&fields=name HTTP/1.1" status: 200 len: 313 time: 0.0847561
2026-06-25 23:33:09.513 9 INFO neutron.db.ovn_revision_numbers_db [None req-390be024-1517-4aca-a446-eaeec3fda27d eb385586f3e7424ca61f8366f483a2e1 5e6f572533a8440b9f7d5c9b69bf8a4b - - default default] Successfully bumped revision number for resource 5a9440df-59d5-49d7-a241-368ef03cd352 (type: ports) to 2
2026-06-25 23:33:09.606 9 WARNING neutron.scheduler.dhcp_agent_scheduler [None req-390be024-1517-4aca-a446-eaeec3fda27d eb385586f3e7424ca61f8366f483a2e1 5e6f572533a8440b9f7d5c9b69bf8a4b - - default default] No more DHCP agents
2026-06-25 23:33:09.619 9 WARNING neutron.api.rpc.agentnotifiers.dhcp_rpc_agent_api [None req-390be024-1517-4aca-a446-eaeec3fda27d eb385586f3e7424ca61f8366f483a2e1 5e6f572533a8440b9f7d5c9b69bf8a4b - - default default] Unable to schedule network 8036df23-395d-4284-ac8b-1519f931b613: no agents available; will retry on subsequent port and subnet creation events.
2026-06-25 23:33:09.697 9 INFO neutron.db.ovn_revision_numbers_db [None req-af23856a-b697-49de-96a5-efa60640ed41 - - - - - -] Successfully bumped revision number for resource 5a9440df-59d5-49d7-a241-368ef03cd352 (type: ports) to 3
2026-06-25 23:33:09.865 9 INFO neutron.db.ovn_revision_numbers_db [None req-af23856a-b697-49de-96a5-efa60640ed41 - - - - - -] Successfully bumped revision number for resource 5a9440df-59d5-49d7-a241-368ef03cd352 (type: router_ports) to 3
2026-06-25 23:33:09.974 10 INFO neutron.wsgi [req-9e1547b5-7c6e-42f5-b8d0-4d7a84f6a1b4 req-1deb9cd5-f670-4192-ad63-869108e55608 143c65c7298446e681cd119dc2c0a3b2 6f1c8f48b77349a8adaa6d1ed7cf1c6e - - b086645a873745aabf57b5e0cf146ab9 b086645a873745aabf57b5e0cf146ab9] 199.19.213.169 "GET /v2.0/ports?tenant_id=38cd13e69ba44c059d22935d463d4c84&device_id=9f5b5dab-b80c-421a-ab12-73a61fef08de HTTP/1.1" status: 200 len: 1542 time: 0.4585292
2026-06-25 23:33:10.071 10 INFO neutron.wsgi [req-9e1547b5-7c6e-42f5-b8d0-4d7a84f6a1b4 req-fcc1ea90-d42f-4cb9-a112-dd3152239bc2 143c65c7298446e681cd119dc2c0a3b2 6f1c8f48b77349a8adaa6d1ed7cf1c6e - - b086645a873745aabf57b5e0cf146ab9 b086645a873745aabf57b5e0cf146ab9] 199.19.213.169 "GET /v2.0/networks?id=91fcb463-0faa-41e1-81d0-ba0164b0f4ad HTTP/1.1" status: 200 len: 981 time: 0.0916212
2026-06-25 23:33:10.167 10 INFO neutron.wsgi [req-9e1547b5-7c6e-42f5-b8d0-4d7a84f6a1b4 req-5a036644-d51a-4e6e-a709-370c10d5e5d8 143c65c7298446e681cd119dc2c0a3b2 6f1c8f48b77349a8adaa6d1ed7cf1c6e - - b086645a873745aabf57b5e0cf146ab9 b086645a873745aabf57b5e0cf146ab9] 199.19.213.169 "GET /v2.0/floatingips?fixed_ip_address=10.100.0.12&port_id=cd21e6d4-014d-46d9-aeb3-91b634c40a32 HTTP/1.1" status: 200 len: 1060 time: 0.0885715
2026-06-25 23:33:10.181 10 INFO neutron.db.ovn_revision_numbers_db [None req-289c20c1-bd9a-449c-a6d8-e51975102629 - - - - - -] Successfully bumped revision number for resource 0e642d78-635e-4ba5-ac2f-c17551c196ff (type: ports) to 4
