2026-06-25 23:35:27.502 9 INFO neutron.db.ovn_revision_numbers_db [None req-10fe3043-fe66-4f94-bc52-05adb44ee0a5 eb385586f3e7424ca61f8366f483a2e1 5e6f572533a8440b9f7d5c9b69bf8a4b - - default default] Successfully bumped revision number for resource 2e5e1c24-a175-4eb9-b532-ad6c6d7762b1 (type: router_ports) to 2
2026-06-25 23:35:27.629 9 INFO neutron.db.ovn_revision_numbers_db [None req-af23856a-b697-49de-96a5-efa60640ed41 - - - - - -] Successfully bumped revision number for resource 731fe090-0ddf-4b23-bfc2-94859b2843fc (type: router_ports) to 3
2026-06-25 23:35:28.172 9 INFO neutron.db.ovn_revision_numbers_db [None req-10fe3043-fe66-4f94-bc52-05adb44ee0a5 eb385586f3e7424ca61f8366f483a2e1 5e6f572533a8440b9f7d5c9b69bf8a4b - - default default] Successfully bumped revision number for resource 2e5e1c24-a175-4eb9-b532-ad6c6d7762b1 (type: ports) to 2
2026-06-25 23:35:28.287 9 WARNING neutron.scheduler.dhcp_agent_scheduler [None req-10fe3043-fe66-4f94-bc52-05adb44ee0a5 eb385586f3e7424ca61f8366f483a2e1 5e6f572533a8440b9f7d5c9b69bf8a4b - - default default] No more DHCP agents
2026-06-25 23:35:28.288 9 WARNING neutron.api.rpc.agentnotifiers.dhcp_rpc_agent_api [None req-10fe3043-fe66-4f94-bc52-05adb44ee0a5 eb385586f3e7424ca61f8366f483a2e1 5e6f572533a8440b9f7d5c9b69bf8a4b - - default default] Unable to schedule network 1f3f6d55-64c5-4cf7-8d38-98104c5e89a5: no agents available; will retry on subsequent port and subnet creation events.
2026-06-25 23:35:28.294 9 INFO neutron.db.ovn_revision_numbers_db [None req-f1f037c0-dda1-4b4b-910b-2ad5e0e53fba f0d020fc47254d7baec4d291f4529ed9 c524240544d547fc99cbb280f6abf5eb - - - -] Successfully bumped revision number for resource 731fe090-0ddf-4b23-bfc2-94859b2843fc (type: router_ports) to 3
2026-06-25 23:35:28.297 9 INFO neutron.wsgi [None req-f1f037c0-dda1-4b4b-910b-2ad5e0e53fba f0d020fc47254d7baec4d291f4529ed9 c524240544d547fc99cbb280f6abf5eb - - - -] 10.0.0.23 "PUT /v2.0/routers/2b38801b-580d-46a8-9022-8081c255da67/add_router_interface HTTP/1.1" status: 200 len: 503 time: 3.4734898
2026-06-25 23:35:28.431 10 INFO neutron.wsgi [None req-2eb341ab-1b94-4b24-96fa-f170313c6e87 cc9d405589d84f91a9cfa13a3de28714 0137f63fb8af452b8db2e3f537251d0c - - default default] 10.0.0.23 "GET /v2.0/networks HTTP/1.1" status: 200 len: 4626 time: 0.1285136
2026-06-25 23:35:28.488 10 INFO neutron.wsgi [None req-674ab913-3979-434e-9b0f-81f156c20cb1 cc9d405589d84f91a9cfa13a3de28714 0137f63fb8af452b8db2e3f537251d0c - - default default] 10.0.0.23 "GET /v2.0/subnets HTTP/1.1" status: 200 len: 3403 time: 0.0524909
2026-06-25 23:35:28.619 10 INFO neutron.wsgi [None req-f669914f-3fa9-47d5-8a89-824d8bbef589 cc9d405589d84f91a9cfa13a3de28714 0137f63fb8af452b8db2e3f537251d0c - - default default] 10.0.0.23 "GET /v2.0/routers HTTP/1.1" status: 200 len: 2219 time: 0.1258140
2026-06-25 23:35:28.765 10 INFO neutron.db.ovn_revision_numbers_db [None req-8d7edced-2e24-4ee3-9213-9ee95290cd8a f0d020fc47254d7baec4d291f4529ed9 c524240544d547fc99cbb280f6abf5eb - - - -] Successfully bumped revision number for resource 2058614e-51cd-4aff-b231-159f9e6f796c (type: security_groups) to 1
2026-06-25 23:35:28.787 10 INFO neutron.wsgi [None req-8d7edced-2e24-4ee3-9213-9ee95290cd8a f0d020fc47254d7baec4d291f4529ed9 c524240544d547fc99cbb280f6abf5eb - - - -] 10.0.0.23 "POST /v2.0/security-groups HTTP/1.1" status: 201 len: 1811 time: 0.1084020
2026-06-25 23:35:28.940 10 INFO neutron.db.ovn_revision_numbers_db [None req-492d28ae-8f53-4f31-98da-dc2ba952d7f0 f0d020fc47254d7baec4d291f4529ed9 c524240544d547fc99cbb280f6abf5eb - - - -] Successfully bumped revision number for resource b9fef633-8fec-4e24-9a40-842fdea3201b (type: security_group_rules) to 0
2026-06-25 23:35:28.969 9 INFO neutron.db.ovn_revision_numbers_db [None req-10fe3043-fe66-4f94-bc52-05adb44ee0a5 eb385586f3e7424ca61f8366f483a2e1 5e6f572533a8440b9f7d5c9b69bf8a4b - - - -] Successfully bumped revision number for resource 2e5e1c24-a175-4eb9-b532-ad6c6d7762b1 (type: router_ports) to 2
2026-06-25 23:35:28.972 9 INFO neutron.wsgi [None req-10fe3043-fe66-4f94-bc52-05adb44ee0a5 eb385586f3e7424ca61f8366f483a2e1 5e6f572533a8440b9f7d5c9b69bf8a4b - - - -] 10.0.0.23 "PUT /v2.0/routers/617928a7-d52d-40c9-8af6-b62a8cea6ed1/add_router_interface HTTP/1.1" status: 200 len: 503 time: 3.5312495
2026-06-25 23:35:29.000 10 INFO neutron.wsgi [None req-492d28ae-8f53-4f31-98da-dc2ba952d7f0 f0d020fc47254d7baec4d291f4529ed9 c524240544d547fc99cbb280f6abf5eb - - - -] 10.0.0.23 "POST /v2.0/security-group-rules HTTP/1.1" status: 201 len: 764 time: 0.2066219
2026-06-25 23:35:29.140 10 INFO neutron.db.ovn_revision_numbers_db [None req-cc4bfe06-8f3e-4747-b7af-b95bc323dc95 f0d020fc47254d7baec4d291f4529ed9 c524240544d547fc99cbb280f6abf5eb - - - -] Successfully bumped revision number for resource c6dfd0a0-aaf5-4e3b-936a-2e2ee1ad43a5 (type: security_group_rules) to 0
2026-06-25 23:35:29.178 10 INFO neutron.wsgi [None req-cc4bfe06-8f3e-4747-b7af-b95bc323dc95 f0d020fc47254d7baec4d291f4529ed9 c524240544d547fc99cbb280f6abf5eb - - - -] 10.0.0.23 "POST /v2.0/security-group-rules HTTP/1.1" status: 201 len: 763 time: 0.1724904
2026-06-25 23:35:29.354 10 INFO neutron.db.ovn_revision_numbers_db [None req-79587c05-67a7-4fc7-838e-3fcab8f747b9 f0d020fc47254d7baec4d291f4529ed9 c524240544d547fc99cbb280f6abf5eb - - - -] Successfully bumped revision number for resource b61b3d08-3f3a-463e-8007-e7906efc1a3d (type: security_group_rules) to 0
2026-06-25 23:35:29.379 10 INFO neutron.wsgi [None req-79587c05-67a7-4fc7-838e-3fcab8f747b9 f0d020fc47254d7baec4d291f4529ed9 c524240544d547fc99cbb280f6abf5eb - - - -] 10.0.0.23 "POST /v2.0/security-group-rules HTTP/1.1" status: 201 len: 769 time: 0.1957569
2026-06-25 23:35:29.509 9 INFO neutron.db.ovn_revision_numbers_db [None req-fe029801-050c-4b4f-bb6d-c81a0075e536 f0d020fc47254d7baec4d291f4529ed9 c524240544d547fc99cbb280f6abf5eb - - - -] Successfully bumped revision number for resource 014f7902-a7c9-4bab-83da-40a5839c1bfb (type: security_group_rules) to 0
2026-06-25 23:35:29.511 10 INFO neutron.db.ovn_revision_numbers_db [None req-7c728308-53f8-428f-bf66-e4033cbffebc eb385586f3e7424ca61f8366f483a2e1 5e6f572533a8440b9f7d5c9b69bf8a4b - - default default] Successfully bumped revision number for resource b9ad4949-c91a-402e-ad79-1e7fd8519c5a (type: security_groups) to 1
2026-06-25 23:35:29.533 10 INFO neutron.wsgi [None req-7c728308-53f8-428f-bf66-e4033cbffebc eb385586f3e7424ca61f8366f483a2e1 5e6f572533a8440b9f7d5c9b69bf8a4b - - default default] 10.0.0.23 "GET /v2.0/security-groups?tenant_id=2fd34feccbe545faa7305e706af0d4aa&name=default HTTP/1.1" status: 200 len: 2996 time: 0.3498180
2026-06-25 23:35:29.544 9 INFO neutron.wsgi [None req-fe029801-050c-4b4f-bb6d-c81a0075e536 f0d020fc47254d7baec4d291f4529ed9 c524240544d547fc99cbb280f6abf5eb - - - -] 10.0.0.23 "POST /v2.0/security-group-rules HTTP/1.1" status: 201 len: 768 time: 0.1585405
2026-06-25 23:35:29.577 9 INFO neutron.db.securitygroups_db [None req-b6ac1dd2-b74e-418f-9223-6c2ae626a3db f0d020fc47254d7baec4d291f4529ed9 c524240544d547fc99cbb280f6abf5eb - - - -] Project c524240544d547fc99cbb280f6abf5eb added a security group rule with legacy IPv6 ICMP protocol name icmp, ipv6-icmp should be used instead. It was automatically converted.
2026-06-25 23:35:29.675 9 INFO neutron.db.ovn_revision_numbers_db [None req-b6ac1dd2-b74e-418f-9223-6c2ae626a3db f0d020fc47254d7baec4d291f4529ed9 c524240544d547fc99cbb280f6abf5eb - - - -] Successfully bumped revision number for resource c931304e-c313-4638-82a2-1e969a660d79 (type: security_group_rules) to 0
2026-06-25 23:35:29.702 9 INFO neutron.wsgi [None req-b6ac1dd2-b74e-418f-9223-6c2ae626a3db f0d020fc47254d7baec4d291f4529ed9 c524240544d547fc99cbb280f6abf5eb - - - -] 10.0.0.23 "POST /v2.0/security-group-rules HTTP/1.1" status: 201 len: 774 time: 0.1518438
2026-06-25 23:35:29.728 10 INFO neutron.wsgi [None req-965a41ee-a120-487c-bc2f-236541546f57 eb385586f3e7424ca61f8366f483a2e1 5e6f572533a8440b9f7d5c9b69bf8a4b - - - -] 10.0.0.23 "DELETE /v2.0/security-groups/b9ad4949-c91a-402e-ad79-1e7fd8519c5a HTTP/1.1" status: 204 len: 168 time: 0.1896653
2026-06-25 23:35:29.736 9 INFO neutron.db.securitygroups_db [None req-5fe82b11-a6a9-4c10-a2cd-ae01a90c4bd5 f0d020fc47254d7baec4d291f4529ed9 c524240544d547fc99cbb280f6abf5eb - - - -] Project c524240544d547fc99cbb280f6abf5eb added a security group rule with legacy IPv6 ICMP protocol name icmp, ipv6-icmp should be used instead. It was automatically converted.
2026-06-25 23:35:29.737 10 INFO neutron.db.ovn_revision_numbers_db [None req-930878d6-bf82-4597-abab-634e3b338d57 c4b842a097af472bbedbb2a39a05645b 2c27c76fe17d4e7983f058039acc979b - - - -] Successfully bumped revision number for resource b4a259b6-fb50-4de5-ac83-ddee803797f8 (type: security_groups) to 1
2026-06-25 23:35:29.755 10 INFO neutron.wsgi [None req-930878d6-bf82-4597-abab-634e3b338d57 c4b842a097af472bbedbb2a39a05645b 2c27c76fe17d4e7983f058039acc979b - - - -] 10.0.0.23 "POST /v2.0/security-groups HTTP/1.1" status: 201 len: 1809 time: 0.1266243
2026-06-25 23:35:29.832 9 INFO neutron.db.ovn_revision_numbers_db [None req-5fe82b11-a6a9-4c10-a2cd-ae01a90c4bd5 f0d020fc47254d7baec4d291f4529ed9 c524240544d547fc99cbb280f6abf5eb - - - -] Successfully bumped revision number for resource e00540df-67af-4a9a-a117-08bf4e235185 (type: security_group_rules) to 0
2026-06-25 23:35:29.874 9 INFO neutron.wsgi [None req-5fe82b11-a6a9-4c10-a2cd-ae01a90c4bd5 f0d020fc47254d7baec4d291f4529ed9 c524240544d547fc99cbb280f6abf5eb - - - -] 10.0.0.23 "POST /v2.0/security-group-rules HTTP/1.1" status: 201 len: 773 time: 0.1647830
2026-06-25 23:35:29.885 10 INFO neutron.db.ovn_revision_numbers_db [None req-ba3cb965-2d34-4799-9b4b-107caf053d3c c4b842a097af472bbedbb2a39a05645b 2c27c76fe17d4e7983f058039acc979b - - - -] Successfully bumped revision number for resource ee979785-7776-4037-9c63-b5af2b5d8d6e (type: security_group_rules) to 0
2026-06-25 23:35:29.909 10 INFO neutron.wsgi [None req-ba3cb965-2d34-4799-9b4b-107caf053d3c c4b842a097af472bbedbb2a39a05645b 2c27c76fe17d4e7983f058039acc979b - - - -] 10.0.0.23 "POST /v2.0/security-group-rules HTTP/1.1" status: 201 len: 764 time: 0.1490486
2026-06-25 23:35:30.033 10 INFO neutron.db.ovn_revision_numbers_db [None req-0e0bc36a-ca47-4acc-944d-e8f4529016a8 c4b842a097af472bbedbb2a39a05645b 2c27c76fe17d4e7983f058039acc979b - - - -] Successfully bumped revision number for resource 7371f142-5e8c-4566-a87e-1a352783bb91 (type: security_group_rules) to 0
2026-06-25 23:35:30.061 10 INFO neutron.wsgi [None req-0e0bc36a-ca47-4acc-944d-e8f4529016a8 c4b842a097af472bbedbb2a39a05645b 2c27c76fe17d4e7983f058039acc979b - - - -] 10.0.0.23 "POST /v2.0/security-group-rules HTTP/1.1" status: 201 len: 763 time: 0.1441469
2026-06-25 23:35:30.168 10 INFO neutron.db.ovn_revision_numbers_db [None req-e8fcb60b-ac12-4daf-8257-707433a30f25 c4b842a097af472bbedbb2a39a05645b 2c27c76fe17d4e7983f058039acc979b - - - -] Successfully bumped revision number for resource 687d0de3-08b3-4719-9670-8ef1017c8b8d (type: security_group_rules) to 0
2026-06-25 23:35:30.192 10 INFO neutron.wsgi [None req-e8fcb60b-ac12-4daf-8257-707433a30f25 c4b842a097af472bbedbb2a39a05645b 2c27c76fe17d4e7983f058039acc979b - - - -] 10.0.0.23 "POST /v2.0/security-group-rules HTTP/1.1" status: 201 len: 769 time: 0.1244178
2026-06-25 23:35:30.355 10 INFO neutron.db.ovn_revision_numbers_db [None req-0c13229a-cdc1-4f25-808e-e9ae8d9b5803 c4b842a097af472bbedbb2a39a05645b 2c27c76fe17d4e7983f058039acc979b - - - -] Successfully bumped revision number for resource 52bd64dd-9c2a-4a55-b273-93aedd760b34 (type: security_group_rules) to 0
2026-06-25 23:35:30.401 10 INFO neutron.wsgi [None req-0c13229a-cdc1-4f25-808e-e9ae8d9b5803 c4b842a097af472bbedbb2a39a05645b 2c27c76fe17d4e7983f058039acc979b - - - -] 10.0.0.23 "POST /v2.0/security-group-rules HTTP/1.1" status: 201 len: 768 time: 0.2044454
2026-06-25 23:35:30.453 9 INFO neutron.db.securitygroups_db [None req-301a2aef-2e8e-48e1-915e-9327288a4a66 c4b842a097af472bbedbb2a39a05645b 2c27c76fe17d4e7983f058039acc979b - - - -] Project 2c27c76fe17d4e7983f058039acc979b added a security group rule with legacy IPv6 ICMP protocol name icmp, ipv6-icmp should be used instead. It was automatically converted.
2026-06-25 23:35:30.472 9 INFO neutron.wsgi [None req-6fe278de-fb4b-4797-81b9-94080b7ddde8 f0d020fc47254d7baec4d291f4529ed9 c524240544d547fc99cbb280f6abf5eb - - default default] 10.0.0.23 "GET /v2.0/networks HTTP/1.1" status: 200 len: 1491 time: 0.2307389
2026-06-25 23:35:30.562 9 INFO neutron.db.ovn_revision_numbers_db [None req-301a2aef-2e8e-48e1-915e-9327288a4a66 c4b842a097af472bbedbb2a39a05645b 2c27c76fe17d4e7983f058039acc979b - - - -] Successfully bumped revision number for resource 209378ba-ceac-4b5b-bb9d-2f7adb6495d8 (type: security_group_rules) to 0
2026-06-25 23:35:30.592 10 INFO neutron.wsgi [req-8627a2e7-7d22-4d3d-83c4-e36c6972c7bc req-ba9537a0-b1fc-4bbc-b4a1-3d253f77a6b2 f0d020fc47254d7baec4d291f4529ed9 c524240544d547fc99cbb280f6abf5eb - - default default] 10.0.0.211 "GET /v2.0/security-groups?name=tempest-secgroup-smoke-1984163331&fields=id&tenant_id=c524240544d547fc99cbb280f6abf5eb HTTP/1.1" status: 200 len: 267 time: 0.0407274
2026-06-25 23:35:30.599 9 INFO neutron.wsgi [None req-301a2aef-2e8e-48e1-915e-9327288a4a66 c4b842a097af472bbedbb2a39a05645b 2c27c76fe17d4e7983f058039acc979b - - - -] 10.0.0.23 "POST /v2.0/security-group-rules HTTP/1.1" status: 201 len: 774 time: 0.1912403
2026-06-25 23:35:30.645 9 INFO neutron.db.securitygroups_db [None req-e11ffe67-ae77-4078-8565-7584e1b71d54 c4b842a097af472bbedbb2a39a05645b 2c27c76fe17d4e7983f058039acc979b - - - -] Project 2c27c76fe17d4e7983f058039acc979b added a security group rule with legacy IPv6 ICMP protocol name icmp, ipv6-icmp should be used instead. It was automatically converted.
2026-06-25 23:35:30.697 10 INFO neutron.wsgi [req-8627a2e7-7d22-4d3d-83c4-e36c6972c7bc req-ab8b7e3c-b7a8-4b3c-a7ce-729212722611 f0d020fc47254d7baec4d291f4529ed9 c524240544d547fc99cbb280f6abf5eb - - default default] 10.0.0.211 "GET /v2.0/networks?id=fbdbb22a-a003-4639-bd92-e994a7378e3b HTTP/1.1" status: 200 len: 858 time: 0.0987854
2026-06-25 23:35:30.714 10 INFO neutron.wsgi [req-8627a2e7-7d22-4d3d-83c4-e36c6972c7bc req-3a26220d-e8f4-464c-a6ec-1c0331dd7ec0 f0d020fc47254d7baec4d291f4529ed9 c524240544d547fc99cbb280f6abf5eb - - default default] 10.0.0.211 "GET /v2.0/quotas/c524240544d547fc99cbb280f6abf5eb HTTP/1.1" status: 200 len: 386 time: 0.0102246
2026-06-25 23:35:30.738 9 INFO neutron.db.ovn_revision_numbers_db [None req-e11ffe67-ae77-4078-8565-7584e1b71d54 c4b842a097af472bbedbb2a39a05645b 2c27c76fe17d4e7983f058039acc979b - - - -] Successfully bumped revision number for resource a765f2cd-b6f3-4dc3-81d8-ce9870478ffa (type: security_group_rules) to 0
2026-06-25 23:35:30.763 9 INFO neutron.wsgi [None req-e11ffe67-ae77-4078-8565-7584e1b71d54 c4b842a097af472bbedbb2a39a05645b 2c27c76fe17d4e7983f058039acc979b - - - -] 10.0.0.23 "POST /v2.0/security-group-rules HTTP/1.1" status: 201 len: 773 time: 0.1564147
2026-06-25 23:35:31.246 10 INFO neutron.wsgi [req-8627a2e7-7d22-4d3d-83c4-e36c6972c7bc req-fc339d79-b95c-46ae-bda4-5ceb55b6c793 f0d020fc47254d7baec4d291f4529ed9 c524240544d547fc99cbb280f6abf5eb - - default default] 10.0.0.211 "GET /v2.0/ports?tenant_id=c524240544d547fc99cbb280f6abf5eb&fields=id HTTP/1.1" status: 200 len: 302 time: 0.5269539
2026-06-25 23:35:31.313 9 INFO neutron.db.ovn_revision_numbers_db [None req-e7a58772-37ce-42b5-92af-ce588bdecf08 c4b842a097af472bbedbb2a39a05645b 2c27c76fe17d4e7983f058039acc979b - - - -] Successfully bumped revision number for resource aa9c3eec-70cd-412c-86f2-e21d8ba66156 (type: security_groups) to 1
2026-06-25 23:35:31.333 9 INFO neutron.wsgi [None req-e7a58772-37ce-42b5-92af-ce588bdecf08 c4b842a097af472bbedbb2a39a05645b 2c27c76fe17d4e7983f058039acc979b - - - -] 10.0.0.23 "POST /v2.0/security-groups HTTP/1.1" status: 201 len: 1795 time: 0.1443820
2026-06-25 23:35:31.343 10 INFO neutron.wsgi [req-8627a2e7-7d22-4d3d-83c4-e36c6972c7bc req-55a4a609-0c98-4494-b175-f1f8ec13fbc5 143c65c7298446e681cd119dc2c0a3b2 6f1c8f48b77349a8adaa6d1ed7cf1c6e - - b086645a873745aabf57b5e0cf146ab9 b086645a873745aabf57b5e0cf146ab9] 10.0.0.211 "GET /v2.0/networks/fbdbb22a-a003-4639-bd92-e994a7378e3b?fields=segments HTTP/1.1" status: 200 len: 212 time: 0.0832818
2026-06-25 23:35:31.433 10 INFO neutron.wsgi [req-8627a2e7-7d22-4d3d-83c4-e36c6972c7bc req-af31ff4c-e75b-4dc7-9fcf-e7e76bb2b761 143c65c7298446e681cd119dc2c0a3b2 6f1c8f48b77349a8adaa6d1ed7cf1c6e - - b086645a873745aabf57b5e0cf146ab9 b086645a873745aabf57b5e0cf146ab9] 10.0.0.211 "GET /v2.0/networks/fbdbb22a-a003-4639-bd92-e994a7378e3b?fields=provider%3Aphysical_network&fields=provider%3Anetwork_type HTTP/1.1" status: 200 len: 277 time: 0.0818794
2026-06-25 23:35:31.463 9 INFO neutron.db.ovn_revision_numbers_db [None req-c63603c0-06bb-440a-9d5b-751e0a036f3f c4b842a097af472bbedbb2a39a05645b 2c27c76fe17d4e7983f058039acc979b - - - -] Successfully bumped revision number for resource cd440498-80ed-48a9-804b-3438a3ebc76f (type: security_group_rules) to 0
2026-06-25 23:35:31.486 9 INFO neutron.wsgi [None req-c63603c0-06bb-440a-9d5b-751e0a036f3f c4b842a097af472bbedbb2a39a05645b 2c27c76fe17d4e7983f058039acc979b - - - -] 10.0.0.23 "POST /v2.0/security-group-rules HTTP/1.1" status: 201 len: 764 time: 0.1461301
2026-06-25 23:35:31.563 9 INFO neutron.wsgi [req-50d86da3-f87c-4411-81ca-0e621f301285 req-222bfc82-003a-43ec-9df0-5f1e7faaf6ba f0d020fc47254d7baec4d291f4529ed9 c524240544d547fc99cbb280f6abf5eb - - default default] 10.0.0.211 "GET /v2.0/ports?device_id=21810d6d-a9ce-43ca-a98d-0ca68b578b70 HTTP/1.1" status: 200 len: 210 time: 0.0260131
2026-06-25 23:35:31.613 9 INFO neutron.db.ovn_revision_numbers_db [None req-91e790c5-9661-4e99-bd08-069da4bb531f c4b842a097af472bbedbb2a39a05645b 2c27c76fe17d4e7983f058039acc979b - - - -] Successfully bumped revision number for resource 0d4243fb-0318-40a7-9e5c-0a854b0dd5ec (type: security_group_rules) to 0
2026-06-25 23:35:31.638 9 INFO neutron.wsgi [None req-91e790c5-9661-4e99-bd08-069da4bb531f c4b842a097af472bbedbb2a39a05645b 2c27c76fe17d4e7983f058039acc979b - - - -] 10.0.0.23 "POST /v2.0/security-group-rules HTTP/1.1" status: 201 len: 769 time: 0.1450932
2026-06-25 23:35:31.908 10 WARNING neutron.plugins.ml2.drivers.ovn.mech_driver.ovsdb.ovn_client [None req-56e06cab-88df-4a0c-9f6c-9609ea2afd09 - - - - - -] No hosting information found for port c9165455-c8cb-40c3-8c84-693f899c388d: RuntimeError: No hosting information found for port c9165455-c8cb-40c3-8c84-693f899c388d
2026-06-25 23:35:31.909 10 INFO neutron.plugins.ml2.drivers.ovn.mech_driver.mech_driver [None req-56e06cab-88df-4a0c-9f6c-9609ea2afd09 - - - - - -] OVN reports status up for port: 2e5e1c24-a175-4eb9-b532-ad6c6d7762b1
2026-06-25 23:35:31.917 10 INFO neutron.plugins.ml2.plugin [None req-56e06cab-88df-4a0c-9f6c-9609ea2afd09 - - - - - -] Attempt 1 to provision port 2e5e1c24-a175-4eb9-b532-ad6c6d7762b1
2026-06-25 23:35:31.921 9 WARNING neutron.scheduler.dhcp_agent_scheduler [None req-205177b5-e833-429b-9d2d-32c4d332314e c4b842a097af472bbedbb2a39a05645b 2c27c76fe17d4e7983f058039acc979b - - - -] No more DHCP agents
2026-06-25 23:35:31.924 9 WARNING neutron.api.rpc.agentnotifiers.dhcp_rpc_agent_api [None req-205177b5-e833-429b-9d2d-32c4d332314e c4b842a097af472bbedbb2a39a05645b 2c27c76fe17d4e7983f058039acc979b - - - -] Unable to schedule network 07e37ad0-790d-445f-8e30-23b81f61b800: no agents available; will retry on subsequent port and subnet creation events.
2026-06-25 23:35:32.169 10 INFO neutron.db.ovn_revision_numbers_db [None req-56e06cab-88df-4a0c-9f6c-9609ea2afd09 - - - - - -] Successfully bumped revision number for resource 2e5e1c24-a175-4eb9-b532-ad6c6d7762b1 (type: ports) to 3
2026-06-25 23:35:32.279 9 INFO neutron.db.ovn_revision_numbers_db [None req-205177b5-e833-429b-9d2d-32c4d332314e c4b842a097af472bbedbb2a39a05645b 2c27c76fe17d4e7983f058039acc979b - - - -] Successfully bumped revision number for resource 84789cc4-3804-4164-b76e-ea5e985f40da (type: floatingips) to 0
2026-06-25 23:35:32.295 10 INFO neutron.db.ovn_revision_numbers_db [None req-56e06cab-88df-4a0c-9f6c-9609ea2afd09 - - - - - -] Successfully bumped revision number for resource 2e5e1c24-a175-4eb9-b532-ad6c6d7762b1 (type: router_ports) to 3
2026-06-25 23:35:32.310 9 INFO neutron.wsgi [None req-205177b5-e833-429b-9d2d-32c4d332314e c4b842a097af472bbedbb2a39a05645b 2c27c76fe17d4e7983f058039acc979b - - - -] 10.0.0.23 "POST /v2.0/floatingips HTTP/1.1" status: 201 len: 751 time: 0.6665990
2026-06-25 23:35:32.329 9 INFO neutron.wsgi [req-8627a2e7-7d22-4d3d-83c4-e36c6972c7bc req-5eaf7ace-d388-4e34-8f6e-73424602e599 f0d020fc47254d7baec4d291f4529ed9 c524240544d547fc99cbb280f6abf5eb - - default default] 199.19.213.169 "GET /v2.0/networks?id=fbdbb22a-a003-4639-bd92-e994a7378e3b HTTP/1.1" status: 200 len: 858 time: 0.0866952
2026-06-25 23:35:32.382 9 INFO neutron.wsgi [req-8627a2e7-7d22-4d3d-83c4-e36c6972c7bc req-f12fff06-d685-4e59-8955-db29a4d858f5 f0d020fc47254d7baec4d291f4529ed9 c524240544d547fc99cbb280f6abf5eb - - default default] 199.19.213.169 "GET /v2.0/security-groups?fields=id&fields=name&tenant_id=c524240544d547fc99cbb280f6abf5eb HTTP/1.1" status: 200 len: 380 time: 0.0485919
2026-06-25 23:35:32.451 10 INFO neutron.wsgi [req-932cb70b-e0bb-41e5-b26f-bb2099cbc9db req-316d585d-8188-405e-9724-ecee23f70caa c4b842a097af472bbedbb2a39a05645b 2c27c76fe17d4e7983f058039acc979b - - default default] 10.0.0.211 "GET /v2.0/security-groups?name=tempest-securitygroup--95205422&fields=id&tenant_id=2c27c76fe17d4e7983f058039acc979b HTTP/1.1" status: 200 len: 267 time: 0.0472696
2026-06-25 23:35:32.498 10 INFO neutron.wsgi [req-932cb70b-e0bb-41e5-b26f-bb2099cbc9db req-4d8e2acf-66e9-440c-bdb2-d70330364c7b c4b842a097af472bbedbb2a39a05645b 2c27c76fe17d4e7983f058039acc979b - - default default] 10.0.0.211 "GET /v2.0/security-groups?name=tempest-secgroup-smoke-906680853&fields=id&tenant_id=2c27c76fe17d4e7983f058039acc979b HTTP/1.1" status: 200 len: 267 time: 0.0378985
2026-06-25 23:35:32.568 10 INFO neutron.wsgi [req-932cb70b-e0bb-41e5-b26f-bb2099cbc9db req-d320a2be-ce69-454b-838a-380868ae3c01 c4b842a097af472bbedbb2a39a05645b 2c27c76fe17d4e7983f058039acc979b - - default default] 10.0.0.211 "GET /v2.0/networks?id=e7609e35-e0db-4b02-b503-c95d45862db9 HTTP/1.1" status: 200 len: 871 time: 0.0629094
2026-06-25 23:35:32.589 10 INFO neutron.wsgi [req-932cb70b-e0bb-41e5-b26f-bb2099cbc9db req-4ce6dbfb-e626-447d-9968-eaa3a8ee2e3f c4b842a097af472bbedbb2a39a05645b 2c27c76fe17d4e7983f058039acc979b - - default default] 10.0.0.211 "GET /v2.0/quotas/2c27c76fe17d4e7983f058039acc979b HTTP/1.1" status: 200 len: 386 time: 0.0132127
2026-06-25 23:35:32.671 9 INFO neutron.wsgi [req-5c0cec63-e7a5-498e-a1d3-b3be5048eb26 req-72095912-4989-4d73-b0f0-5b171349fa9b f0d020fc47254d7baec4d291f4529ed9 c524240544d547fc99cbb280f6abf5eb - - default default] 10.0.0.211 "GET /v2.0/ports?device_id=21810d6d-a9ce-43ca-a98d-0ca68b578b70 HTTP/1.1" status: 200 len: 210 time: 0.0317864
2026-06-25 23:35:32.721 10 INFO neutron.wsgi [req-932cb70b-e0bb-41e5-b26f-bb2099cbc9db req-c13d5fe5-a393-485a-8e06-771130c07892 c4b842a097af472bbedbb2a39a05645b 2c27c76fe17d4e7983f058039acc979b - - default default] 10.0.0.211 "GET /v2.0/ports?tenant_id=2c27c76fe17d4e7983f058039acc979b&fields=id HTTP/1.1" status: 200 len: 302 time: 0.1099329
2026-06-25 23:35:32.723 9 WARNING neutron.scheduler.dhcp_agent_scheduler [None req-24a4245f-2cc4-4fbe-bdcf-58c29615a393 f0d020fc47254d7baec4d291f4529ed9 c524240544d547fc99cbb280f6abf5eb - - - -] No more DHCP agents
2026-06-25 23:35:32.725 9 WARNING neutron.api.rpc.agentnotifiers.dhcp_rpc_agent_api [None req-24a4245f-2cc4-4fbe-bdcf-58c29615a393 f0d020fc47254d7baec4d291f4529ed9 c524240544d547fc99cbb280f6abf5eb - - - -] Unable to schedule network fbdbb22a-a003-4639-bd92-e994a7378e3b: no agents available; will retry on subsequent port and subnet creation events.
2026-06-25 23:35:32.774 9 WARNING neutron.plugins.ml2.drivers.ovn.mech_driver.ovsdb.ovn_client [None req-af23856a-b697-49de-96a5-efa60640ed41 - - - - - -] No hosting information found for port 731fe090-0ddf-4b23-bfc2-94859b2843fc: RuntimeError: No hosting information found for port 731fe090-0ddf-4b23-bfc2-94859b2843fc
2026-06-25 23:35:32.807 10 INFO neutron.wsgi [req-932cb70b-e0bb-41e5-b26f-bb2099cbc9db req-9816a018-70d0-4cd4-b7a2-de32624e17d9 143c65c7298446e681cd119dc2c0a3b2 6f1c8f48b77349a8adaa6d1ed7cf1c6e - - b086645a873745aabf57b5e0cf146ab9 b086645a873745aabf57b5e0cf146ab9] 10.0.0.211 "GET /v2.0/networks/e7609e35-e0db-4b02-b503-c95d45862db9?fields=segments HTTP/1.1" status: 200 len: 212 time: 0.0725760
2026-06-25 23:35:32.883 9 INFO neutron.db.ovn_revision_numbers_db [None req-24a4245f-2cc4-4fbe-bdcf-58c29615a393 f0d020fc47254d7baec4d291f4529ed9 c524240544d547fc99cbb280f6abf5eb - - - -] Successfully bumped revision number for resource f144b14b-eb38-47f6-8216-1ec12894bc4d (type: ports) to 1
2026-06-25 23:35:32.898 10 INFO neutron.wsgi [req-932cb70b-e0bb-41e5-b26f-bb2099cbc9db req-895e7aa3-6231-49d3-856d-6846120ee0f7 143c65c7298446e681cd119dc2c0a3b2 6f1c8f48b77349a8adaa6d1ed7cf1c6e - - b086645a873745aabf57b5e0cf146ab9 b086645a873745aabf57b5e0cf146ab9] 10.0.0.211 "GET /v2.0/networks/e7609e35-e0db-4b02-b503-c95d45862db9?fields=provider%3Aphysical_network&fields=provider%3Anetwork_type HTTP/1.1" status: 200 len: 277 time: 0.0830936
2026-06-25 23:35:32.922 9 INFO neutron.wsgi [None req-24a4245f-2cc4-4fbe-bdcf-58c29615a393 f0d020fc47254d7baec4d291f4529ed9 c524240544d547fc99cbb280f6abf5eb - - - -] 199.19.213.169 "POST /v2.0/ports HTTP/1.1" status: 201 len: 1158 time: 0.5346568
2026-06-25 23:35:32.932 9 INFO neutron.wsgi [-] 10.0.0.37 "GET / HTTP/1.1" status: 200 len: 247 time: 0.0021818
2026-06-25 23:35:32.933 10 INFO neutron.wsgi [-] 10.0.0.37 "GET / HTTP/1.1" status: 200 len: 247 time: 0.0031972 /var/lib/openstack/lib/python3.10/site-packages/pycadf/identifier.py:71: UserWarning: Invalid uuid: neutron. To ensure interoperability, identifiers should be a valid uuid. warnings.warn(('Invalid uuid: %s. To ensure interoperability, '
2026-06-25 23:35:33.078 9 INFO neutron.wsgi [req-be359168-6563-44db-ad74-2be59df1604c req-1c053774-ef39-44d9-9994-a64cb34123a4 c4b842a097af472bbedbb2a39a05645b 2c27c76fe17d4e7983f058039acc979b - - default default] 10.0.0.211 "GET /v2.0/ports?device_id=eadd3033-6020-40fd-a6ea-de3f2a5714e0 HTTP/1.1" status: 200 len: 210 time: 0.0545344
2026-06-25 23:35:33.394 9 INFO neutron.db.ovn_revision_numbers_db [None req-601365c5-717a-48b8-82fe-faca3d2b4559 143c65c7298446e681cd119dc2c0a3b2 6f1c8f48b77349a8adaa6d1ed7cf1c6e - - - -] Successfully bumped revision number for resource f144b14b-eb38-47f6-8216-1ec12894bc4d (type: ports) to 2
2026-06-25 23:35:33.800 10 INFO neutron.wsgi [req-932cb70b-e0bb-41e5-b26f-bb2099cbc9db req-c83838b9-1c22-4d45-bd22-3670dcdb449f c4b842a097af472bbedbb2a39a05645b 2c27c76fe17d4e7983f058039acc979b - - default default] 199.19.213.169 "GET /v2.0/networks?id=e7609e35-e0db-4b02-b503-c95d45862db9 HTTP/1.1" status: 200 len: 871 time: 0.0883102
2026-06-25 23:35:33.809 10 INFO neutron.wsgi [req-9a30026f-5d11-45dc-86df-bfedf0dfaa31 req-058146d3-a509-46a5-9542-071d65e058e0 f0d020fc47254d7baec4d291f4529ed9 c524240544d547fc99cbb280f6abf5eb - - default default] 10.0.0.211 "GET /v2.0/ports?device_id=21810d6d-a9ce-43ca-a98d-0ca68b578b70 HTTP/1.1" status: 200 len: 1168 time: 0.0495925
2026-06-25 23:35:33.868 10 INFO neutron.wsgi [req-932cb70b-e0bb-41e5-b26f-bb2099cbc9db req-fdc6828f-e433-4b22-bcf5-826e08aa91e2 c4b842a097af472bbedbb2a39a05645b 2c27c76fe17d4e7983f058039acc979b - - default default] 199.19.213.169 "GET /v2.0/security-groups?fields=id&fields=name&tenant_id=2c27c76fe17d4e7983f058039acc979b HTTP/1.1" status: 200 len: 470 time: 0.0638659
2026-06-25 23:35:33.882 10 INFO neutron.wsgi [req-9a30026f-5d11-45dc-86df-bfedf0dfaa31 req-83f4182b-09a4-48c3-8b22-ac870b74b8e5 f0d020fc47254d7baec4d291f4529ed9 c524240544d547fc99cbb280f6abf5eb - - default default] 10.0.0.211 "GET /v2.0/security-groups?id=2058614e-51cd-4aff-b231-159f9e6f796c&fields=id&fields=name HTTP/1.1" status: 200 len: 313 time: 0.0655496
2026-06-25 23:35:34.001 9 INFO neutron.db.ovn_revision_numbers_db [None req-601365c5-717a-48b8-82fe-faca3d2b4559 143c65c7298446e681cd119dc2c0a3b2 6f1c8f48b77349a8adaa6d1ed7cf1c6e - - - -] Successfully bumped revision number for resource f144b14b-eb38-47f6-8216-1ec12894bc4d (type: ports) to 2
2026-06-25 23:35:34.015 9 INFO neutron.wsgi [None req-601365c5-717a-48b8-82fe-faca3d2b4559 143c65c7298446e681cd119dc2c0a3b2 6f1c8f48b77349a8adaa6d1ed7cf1c6e - - - -] 199.19.213.169 "PUT /v2.0/ports/f144b14b-eb38-47f6-8216-1ec12894bc4d HTTP/1.1" status: 200 len: 1328 time: 1.0824401
2026-06-25 23:35:34.054 9 INFO neutron.notifiers.nova [-] Nova event matching ['req-ebf4fd0c-4f04-49a4-8c66-7b8b1956e191'] response: {'name': 'network-changed', 'server_uuid': '21810d6d-a9ce-43ca-a98d-0ca68b578b70', 'tag': 'f144b14b-eb38-47f6-8216-1ec12894bc4d', 'status': 'completed', 'code': 200} /var/lib/openstack/lib/python3.10/site-packages/pycadf/identifier.py:71: UserWarning: Invalid uuid: neutron. To ensure interoperability, identifiers should be a valid uuid. warnings.warn(('Invalid uuid: %s. To ensure interoperability, '
2026-06-25 23:35:34.096 9 INFO neutron.wsgi [req-8627a2e7-7d22-4d3d-83c4-e36c6972c7bc req-8dee32dc-a9f2-413c-84cb-4cf6732e9540 143c65c7298446e681cd119dc2c0a3b2 6f1c8f48b77349a8adaa6d1ed7cf1c6e - - b086645a873745aabf57b5e0cf146ab9 b086645a873745aabf57b5e0cf146ab9] 199.19.213.169 "GET /v2.0/ports?tenant_id=c524240544d547fc99cbb280f6abf5eb&device_id=21810d6d-a9ce-43ca-a98d-0ca68b578b70 HTTP/1.1" status: 200 len: 1359 time: 0.0378568
2026-06-25 23:35:34.134 9 INFO neutron.wsgi [req-8627a2e7-7d22-4d3d-83c4-e36c6972c7bc req-51887d1f-bd80-4a86-a691-41cae903f571 143c65c7298446e681cd119dc2c0a3b2 6f1c8f48b77349a8adaa6d1ed7cf1c6e - - b086645a873745aabf57b5e0cf146ab9 b086645a873745aabf57b5e0cf146ab9] 199.19.213.169 "GET /v2.0/floatingips?fixed_ip_address=10.100.0.4&port_id=f144b14b-eb38-47f6-8216-1ec12894bc4d HTTP/1.1" status: 200 len: 217 time: 0.0280335
2026-06-25 23:35:34.178 10 INFO neutron.wsgi [req-4c28baa7-6610-45a7-94a9-985c1332ed58 req-0b426b27-aa6a-49ad-8112-07efd56634a7 c4b842a097af472bbedbb2a39a05645b 2c27c76fe17d4e7983f058039acc979b - - default default] 10.0.0.211 "GET /v2.0/ports?device_id=eadd3033-6020-40fd-a6ea-de3f2a5714e0 HTTP/1.1" status: 200 len: 210 time: 0.0228395
2026-06-25 23:35:34.187 9 INFO neutron.wsgi [req-8627a2e7-7d22-4d3d-83c4-e36c6972c7bc req-4ebcf43b-919e-422e-a631-ec8a24c924c7 143c65c7298446e681cd119dc2c0a3b2 6f1c8f48b77349a8adaa6d1ed7cf1c6e - - b086645a873745aabf57b5e0cf146ab9 b086645a873745aabf57b5e0cf146ab9] 199.19.213.169 "GET /v2.0/subnets?id=5943f111-bdb8-43f8-9062-24e974cf8558 HTTP/1.1" status: 200 len: 853 time: 0.0468473
2026-06-25 23:35:34.215 9 INFO neutron.wsgi [req-8627a2e7-7d22-4d3d-83c4-e36c6972c7bc req-0d130974-693f-4e65-ae59-6ea198b255af 143c65c7298446e681cd119dc2c0a3b2 6f1c8f48b77349a8adaa6d1ed7cf1c6e - - b086645a873745aabf57b5e0cf146ab9 b086645a873745aabf57b5e0cf146ab9] 199.19.213.169 "GET /v2.0/ports?network_id=fbdbb22a-a003-4639-bd92-e994a7378e3b&device_owner=network%3Adhcp HTTP/1.1" status: 200 len: 210 time: 0.0203710 /var/lib/openstack/lib/python3.10/site-packages/pycadf/identifier.py:71: UserWarning: Invalid uuid: neutron. To ensure interoperability, identifiers should be a valid uuid. warnings.warn(('Invalid uuid: %s. To ensure interoperability, '
2026-06-25 23:35:34.280 10 WARNING neutron.scheduler.dhcp_agent_scheduler [None req-c3404953-0e27-410f-a2a5-f3861140812f c4b842a097af472bbedbb2a39a05645b 2c27c76fe17d4e7983f058039acc979b - - - -] No more DHCP agents
2026-06-25 23:35:34.281 10 WARNING neutron.api.rpc.agentnotifiers.dhcp_rpc_agent_api [None req-c3404953-0e27-410f-a2a5-f3861140812f c4b842a097af472bbedbb2a39a05645b 2c27c76fe17d4e7983f058039acc979b - - - -] Unable to schedule network e7609e35-e0db-4b02-b503-c95d45862db9: no agents available; will retry on subsequent port and subnet creation events.
2026-06-25 23:35:34.295 9 INFO neutron.wsgi [req-8627a2e7-7d22-4d3d-83c4-e36c6972c7bc req-165cf530-0641-4596-acea-532eb904492f 143c65c7298446e681cd119dc2c0a3b2 6f1c8f48b77349a8adaa6d1ed7cf1c6e - - b086645a873745aabf57b5e0cf146ab9 b086645a873745aabf57b5e0cf146ab9] 199.19.213.169 "GET /v2.0/networks/fbdbb22a-a003-4639-bd92-e994a7378e3b?fields=segments HTTP/1.1" status: 200 len: 212 time: 0.0727537
2026-06-25 23:35:34.376 9 INFO neutron.wsgi [req-8627a2e7-7d22-4d3d-83c4-e36c6972c7bc req-a43edbf1-c8c6-4229-8a33-a668dd2e7fc4 143c65c7298446e681cd119dc2c0a3b2 6f1c8f48b77349a8adaa6d1ed7cf1c6e - - b086645a873745aabf57b5e0cf146ab9 b086645a873745aabf57b5e0cf146ab9] 199.19.213.169 "GET /v2.0/networks/fbdbb22a-a003-4639-bd92-e994a7378e3b?fields=provider%3Aphysical_network&fields=provider%3Anetwork_type HTTP/1.1" status: 200 len: 277 time: 0.0663347
2026-06-25 23:35:34.472 9 INFO neutron.wsgi [req-fd25b2f3-2357-470a-9b8d-0934a0f7a104 req-baee6948-bee7-42df-94aa-e5b474e2cc3b 143c65c7298446e681cd119dc2c0a3b2 6f1c8f48b77349a8adaa6d1ed7cf1c6e - - b086645a873745aabf57b5e0cf146ab9 b086645a873745aabf57b5e0cf146ab9] 199.19.213.169 "GET /v2.0/ports?tenant_id=c524240544d547fc99cbb280f6abf5eb&device_id=21810d6d-a9ce-43ca-a98d-0ca68b578b70 HTTP/1.1" status: 200 len: 1359 time: 0.0432367
2026-06-25 23:35:34.521 10 INFO neutron.db.ovn_revision_numbers_db [None req-c3404953-0e27-410f-a2a5-f3861140812f c4b842a097af472bbedbb2a39a05645b 2c27c76fe17d4e7983f058039acc979b - - - -] Successfully bumped revision number for resource a4425626-463d-4622-9e3d-5571392e3a7e (type: ports) to 1
2026-06-25 23:35:34.539 9 INFO neutron.wsgi [req-fd25b2f3-2357-470a-9b8d-0934a0f7a104 req-4a646ccf-3c48-4125-acce-681acd01a806 143c65c7298446e681cd119dc2c0a3b2 6f1c8f48b77349a8adaa6d1ed7cf1c6e - - b086645a873745aabf57b5e0cf146ab9 b086645a873745aabf57b5e0cf146ab9] 199.19.213.169 "GET /v2.0/networks?id=fbdbb22a-a003-4639-bd92-e994a7378e3b HTTP/1.1" status: 200 len: 957 time: 0.0605004
2026-06-25 23:35:34.570 9 INFO neutron.wsgi [req-fd25b2f3-2357-470a-9b8d-0934a0f7a104 req-19eb611a-f827-48bb-ae52-18c8cb91b7c2 143c65c7298446e681cd119dc2c0a3b2 6f1c8f48b77349a8adaa6d1ed7cf1c6e - - b086645a873745aabf57b5e0cf146ab9 b086645a873745aabf57b5e0cf146ab9] 199.19.213.169 "GET /v2.0/floatingips?fixed_ip_address=10.100.0.4&port_id=f144b14b-eb38-47f6-8216-1ec12894bc4d HTTP/1.1" status: 200 len: 217 time: 0.0260243
2026-06-25 23:35:34.599 10 INFO neutron.wsgi [None req-c3404953-0e27-410f-a2a5-f3861140812f c4b842a097af472bbedbb2a39a05645b 2c27c76fe17d4e7983f058039acc979b - - - -] 199.19.213.169 "POST /v2.0/ports HTTP/1.1" status: 201 len: 1197 time: 0.7165706 /var/lib/openstack/lib/python3.10/site-packages/pycadf/identifier.py:71: UserWarning: Invalid uuid: neutron. To ensure interoperability, identifiers should be a valid uuid. warnings.warn(('Invalid uuid: %s. To ensure interoperability, '
2026-06-25 23:35:34.647 9 INFO neutron.wsgi [req-fd25b2f3-2357-470a-9b8d-0934a0f7a104 req-50786d8b-2d20-47d6-b2fe-6af749dcf1ef 143c65c7298446e681cd119dc2c0a3b2 6f1c8f48b77349a8adaa6d1ed7cf1c6e - - b086645a873745aabf57b5e0cf146ab9 b086645a873745aabf57b5e0cf146ab9] 199.19.213.169 "GET /v2.0/subnets?id=5943f111-bdb8-43f8-9062-24e974cf8558 HTTP/1.1" status: 200 len: 853 time: 0.0711389
2026-06-25 23:35:34.662 10 WARNING neutron.scheduler.dhcp_agent_scheduler [None req-0ec8f73a-d6a7-4899-b79a-d7328a7803a9 22353de4e1a446e197a58bea00f5f193 a0f6a5537e6e4750b99aa88c6028652b - - - -] No more DHCP agents
2026-06-25 23:35:34.665 10 WARNING neutron.api.rpc.agentnotifiers.dhcp_rpc_agent_api [None req-0ec8f73a-d6a7-4899-b79a-d7328a7803a9 22353de4e1a446e197a58bea00f5f193 a0f6a5537e6e4750b99aa88c6028652b - - - -] Unable to schedule network 07e37ad0-790d-445f-8e30-23b81f61b800: no agents available; will retry on subsequent port and subnet creation events.
2026-06-25 23:35:34.683 9 INFO neutron.wsgi [req-fd25b2f3-2357-470a-9b8d-0934a0f7a104 req-0de2ef9f-ad76-48f9-9947-6814c6f5e128 143c65c7298446e681cd119dc2c0a3b2 6f1c8f48b77349a8adaa6d1ed7cf1c6e - - b086645a873745aabf57b5e0cf146ab9 b086645a873745aabf57b5e0cf146ab9] 199.19.213.169 "GET /v2.0/ports?network_id=fbdbb22a-a003-4639-bd92-e994a7378e3b&device_owner=network%3Adhcp HTTP/1.1" status: 200 len: 210 time: 0.0314834
2026-06-25 23:35:34.779 9 INFO neutron.wsgi [req-fd25b2f3-2357-470a-9b8d-0934a0f7a104 req-d8877082-3ddf-4cde-be49-531bc6d4b12e 143c65c7298446e681cd119dc2c0a3b2 6f1c8f48b77349a8adaa6d1ed7cf1c6e - - b086645a873745aabf57b5e0cf146ab9 b086645a873745aabf57b5e0cf146ab9] 199.19.213.169 "GET /v2.0/networks/fbdbb22a-a003-4639-bd92-e994a7378e3b?fields=segments HTTP/1.1" status: 200 len: 212 time: 0.0887625
2026-06-25 23:35:34.853 9 INFO neutron.wsgi [req-fd25b2f3-2357-470a-9b8d-0934a0f7a104 req-645cbb42-e2fb-479f-98b9-6c377c1880d0 143c65c7298446e681cd119dc2c0a3b2 6f1c8f48b77349a8adaa6d1ed7cf1c6e - - b086645a873745aabf57b5e0cf146ab9 b086645a873745aabf57b5e0cf146ab9] 199.19.213.169 "GET /v2.0/networks/fbdbb22a-a003-4639-bd92-e994a7378e3b?fields=provider%3Aphysical_network&fields=provider%3Anetwork_type HTTP/1.1" status: 200 len: 277 time: 0.0670345
2026-06-25 23:35:35.055 9 INFO neutron.wsgi [req-81ca0356-0771-477f-a568-beb9dd75488d req-021f2951-818f-4edf-aa7b-97d4f057c308 f0d020fc47254d7baec4d291f4529ed9 c524240544d547fc99cbb280f6abf5eb - - default default] 10.0.0.211 "GET /v2.0/ports?device_id=21810d6d-a9ce-43ca-a98d-0ca68b578b70 HTTP/1.1" status: 200 len: 1168 time: 0.0910447
2026-06-25 23:35:35.097 9 INFO neutron.wsgi [req-81ca0356-0771-477f-a568-beb9dd75488d req-efd320f3-378f-4c11-b0df-8bf33a24648b f0d020fc47254d7baec4d291f4529ed9 c524240544d547fc99cbb280f6abf5eb - - default default] 10.0.0.211 "GET /v2.0/security-groups?id=2058614e-51cd-4aff-b231-159f9e6f796c&fields=id&fields=name HTTP/1.1" status: 200 len: 313 time: 0.0339017 /var/lib/openstack/lib/python3.10/site-packages/pycadf/identifier.py:71: UserWarning: Invalid uuid: neutron. To ensure interoperability, identifiers should be a valid uuid. warnings.warn(('Invalid uuid: %s. To ensure interoperability, '
2026-06-25 23:35:35.296 10 INFO neutron.wsgi [req-fdc8575a-bffb-4cb3-b616-7cd6d26fd3fd req-7c825cfc-3bc7-4d04-8a21-957ac2d9a6bb c4b842a097af472bbedbb2a39a05645b 2c27c76fe17d4e7983f058039acc979b - - default default] 10.0.0.211 "GET /v2.0/ports?device_id=eadd3033-6020-40fd-a6ea-de3f2a5714e0 HTTP/1.1" status: 200 len: 1208 time: 0.0498505
2026-06-25 23:35:35.319 10 INFO neutron.db.ovn_revision_numbers_db [None req-0ec8f73a-d6a7-4899-b79a-d7328a7803a9 22353de4e1a446e197a58bea00f5f193 a0f6a5537e6e4750b99aa88c6028652b - - - -] Successfully bumped revision number for resource 67ab1813-c276-4fa3-9d6d-3bb86a0f3a18 (type: floatingips) to 0
2026-06-25 23:35:35.324 10 INFO neutron.db.ovn_revision_numbers_db [None req-de2fb645-0330-458c-aa0c-a01fd865c7a9 143c65c7298446e681cd119dc2c0a3b2 6f1c8f48b77349a8adaa6d1ed7cf1c6e - - - -] Successfully bumped revision number for resource a4425626-463d-4622-9e3d-5571392e3a7e (type: ports) to 2
2026-06-25 23:35:35.345 10 INFO neutron.wsgi [None req-0ec8f73a-d6a7-4899-b79a-d7328a7803a9 22353de4e1a446e197a58bea00f5f193 a0f6a5537e6e4750b99aa88c6028652b - - - -] 10.0.0.23 "POST /v2.0/floatingips HTTP/1.1" status: 201 len: 751 time: 1.2849162
2026-06-25 23:35:35.360 10 INFO neutron.wsgi [req-fdc8575a-bffb-4cb3-b616-7cd6d26fd3fd req-97784366-d605-4fa5-9717-7d8577535a80 c4b842a097af472bbedbb2a39a05645b 2c27c76fe17d4e7983f058039acc979b - - default default] 10.0.0.211 "GET /v2.0/security-groups?id=b4a259b6-fb50-4de5-ac83-ddee803797f8&id=aa9c3eec-70cd-412c-86f2-e21d8ba66156&fields=id&fields=name HTTP/1.1" status: 200 len: 403 time: 0.0510895
2026-06-25 23:35:35.551 10 INFO neutron.db.ovn_revision_numbers_db [None req-de2fb645-0330-458c-aa0c-a01fd865c7a9 143c65c7298446e681cd119dc2c0a3b2 6f1c8f48b77349a8adaa6d1ed7cf1c6e - - - -] Successfully bumped revision number for resource a4425626-463d-4622-9e3d-5571392e3a7e (type: ports) to 2
2026-06-25 23:35:35.568 10 INFO neutron.wsgi [None req-de2fb645-0330-458c-aa0c-a01fd865c7a9 143c65c7298446e681cd119dc2c0a3b2 6f1c8f48b77349a8adaa6d1ed7cf1c6e - - - -] 199.19.213.169 "PUT /v2.0/ports/a4425626-463d-4622-9e3d-5571392e3a7e HTTP/1.1" status: 200 len: 1367 time: 0.9625850
2026-06-25 23:35:35.610 10 INFO neutron.notifiers.nova [-] Nova event matching ['req-4e6ad7fc-7ce9-4695-9a47-371a637b25eb'] response: {'name': 'network-changed', 'server_uuid': 'eadd3033-6020-40fd-a6ea-de3f2a5714e0', 'tag': 'a4425626-463d-4622-9e3d-5571392e3a7e', 'status': 'completed', 'code': 200} /var/lib/openstack/lib/python3.10/site-packages/pycadf/identifier.py:71: UserWarning: Invalid uuid: neutron. To ensure interoperability, identifiers should be a valid uuid. warnings.warn(('Invalid uuid: %s. To ensure interoperability, '
2026-06-25 23:35:35.673 10 INFO neutron.wsgi [req-932cb70b-e0bb-41e5-b26f-bb2099cbc9db req-8bf1e350-4b24-4b14-95fe-3775b80bebdb 143c65c7298446e681cd119dc2c0a3b2 6f1c8f48b77349a8adaa6d1ed7cf1c6e - - b086645a873745aabf57b5e0cf146ab9 b086645a873745aabf57b5e0cf146ab9] 199.19.213.169 "GET /v2.0/ports?tenant_id=2c27c76fe17d4e7983f058039acc979b&device_id=eadd3033-6020-40fd-a6ea-de3f2a5714e0 HTTP/1.1" status: 200 len: 1398 time: 0.0561495
2026-06-25 23:35:35.688 9 WARNING neutron.scheduler.dhcp_agent_scheduler [None req-7e5e88e2-a7e7-4843-a176-9d088b2fec6f 22353de4e1a446e197a58bea00f5f193 a0f6a5537e6e4750b99aa88c6028652b - - - -] No more DHCP agents
2026-06-25 23:35:35.690 9 WARNING neutron.api.rpc.agentnotifiers.dhcp_rpc_agent_api [None req-7e5e88e2-a7e7-4843-a176-9d088b2fec6f 22353de4e1a446e197a58bea00f5f193 a0f6a5537e6e4750b99aa88c6028652b - - - -] Unable to schedule network 07e37ad0-790d-445f-8e30-23b81f61b800: no agents available; will retry on subsequent port and subnet creation events.
2026-06-25 23:35:35.717 10 INFO neutron.wsgi [req-932cb70b-e0bb-41e5-b26f-bb2099cbc9db req-356528f9-c21f-4a91-80c5-492410305c22 143c65c7298446e681cd119dc2c0a3b2 6f1c8f48b77349a8adaa6d1ed7cf1c6e - - b086645a873745aabf57b5e0cf146ab9 b086645a873745aabf57b5e0cf146ab9] 199.19.213.169 "GET /v2.0/floatingips?fixed_ip_address=10.100.0.4&port_id=a4425626-463d-4622-9e3d-5571392e3a7e HTTP/1.1" status: 200 len: 217 time: 0.0389619
2026-06-25 23:35:35.752 10 INFO neutron.wsgi [req-932cb70b-e0bb-41e5-b26f-bb2099cbc9db req-cb6e9eb3-49d8-4425-aaa3-d20b2ce0f974 143c65c7298446e681cd119dc2c0a3b2 6f1c8f48b77349a8adaa6d1ed7cf1c6e - - b086645a873745aabf57b5e0cf146ab9 b086645a873745aabf57b5e0cf146ab9] 199.19.213.169 "GET /v2.0/subnets?id=fe8eba85-94e0-499d-9bf8-118990e76995 HTTP/1.1" status: 200 len: 865 time: 0.0320833
2026-06-25 23:35:35.802 10 INFO neutron.wsgi [req-932cb70b-e0bb-41e5-b26f-bb2099cbc9db req-89e84e88-8c29-4df7-834f-51a2c567d0e8 143c65c7298446e681cd119dc2c0a3b2 6f1c8f48b77349a8adaa6d1ed7cf1c6e - - b086645a873745aabf57b5e0cf146ab9 b086645a873745aabf57b5e0cf146ab9] 199.19.213.169 "GET /v2.0/ports?network_id=e7609e35-e0db-4b02-b503-c95d45862db9&device_owner=network%3Adhcp HTTP/1.1" status: 200 len: 210 time: 0.0420697
2026-06-25 23:35:35.885 10 INFO neutron.wsgi [req-932cb70b-e0bb-41e5-b26f-bb2099cbc9db req-013b1f7d-12dc-46df-a49f-fd92b5fc9420 143c65c7298446e681cd119dc2c0a3b2 6f1c8f48b77349a8adaa6d1ed7cf1c6e - - b086645a873745aabf57b5e0cf146ab9 b086645a873745aabf57b5e0cf146ab9] 199.19.213.169 "GET /v2.0/networks/e7609e35-e0db-4b02-b503-c95d45862db9?fields=segments HTTP/1.1" status: 200 len: 212 time: 0.0709832
2026-06-25 23:35:35.955 10 INFO neutron.wsgi [req-932cb70b-e0bb-41e5-b26f-bb2099cbc9db req-f6bae34f-a4b8-4e88-9103-c9ec38d773b0 143c65c7298446e681cd119dc2c0a3b2 6f1c8f48b77349a8adaa6d1ed7cf1c6e - - b086645a873745aabf57b5e0cf146ab9 b086645a873745aabf57b5e0cf146ab9] 199.19.213.169 "GET /v2.0/networks/e7609e35-e0db-4b02-b503-c95d45862db9?fields=provider%3Aphysical_network&fields=provider%3Anetwork_type HTTP/1.1" status: 200 len: 277 time: 0.0623953
2026-06-25 23:35:36.015 9 INFO neutron.db.ovn_revision_numbers_db [None req-7e5e88e2-a7e7-4843-a176-9d088b2fec6f 22353de4e1a446e197a58bea00f5f193 a0f6a5537e6e4750b99aa88c6028652b - - - -] Successfully bumped revision number for resource 5ab8ebd7-d3f7-48fa-b607-e421a348cd74 (type: floatingips) to 0
2026-06-25 23:35:36.032 9 INFO neutron.wsgi [None req-7e5e88e2-a7e7-4843-a176-9d088b2fec6f 22353de4e1a446e197a58bea00f5f193 a0f6a5537e6e4750b99aa88c6028652b - - - -] 10.0.0.23 "POST /v2.0/floatingips HTTP/1.1" status: 201 len: 751 time: 0.6793678
2026-06-25 23:35:36.033 10 INFO neutron.wsgi [req-96151186-7f06-4fc8-bf14-37488d41f6cb req-c6862e31-50a0-4fe3-818e-db19fbb302ba 143c65c7298446e681cd119dc2c0a3b2 6f1c8f48b77349a8adaa6d1ed7cf1c6e - - b086645a873745aabf57b5e0cf146ab9 b086645a873745aabf57b5e0cf146ab9] 199.19.213.169 "GET /v2.0/ports?tenant_id=2c27c76fe17d4e7983f058039acc979b&device_id=eadd3033-6020-40fd-a6ea-de3f2a5714e0 HTTP/1.1" status: 200 len: 1398 time: 0.0368011
2026-06-25 23:35:36.133 10 INFO neutron.wsgi [req-96151186-7f06-4fc8-bf14-37488d41f6cb req-c37f9f12-6608-401c-84ac-b28a7b1f585f 143c65c7298446e681cd119dc2c0a3b2 6f1c8f48b77349a8adaa6d1ed7cf1c6e - - b086645a873745aabf57b5e0cf146ab9 b086645a873745aabf57b5e0cf146ab9] 199.19.213.169 "GET /v2.0/networks?id=e7609e35-e0db-4b02-b503-c95d45862db9 HTTP/1.1" status: 200 len: 970 time: 0.0913901
2026-06-25 23:35:36.172 9 INFO neutron.wsgi [req-0f0327fd-b25d-4440-8937-d8d127952cda req-c36a1301-b9ec-48cc-9a21-1b25de92ff84 143c65c7298446e681cd119dc2c0a3b2 6f1c8f48b77349a8adaa6d1ed7cf1c6e - - b086645a873745aabf57b5e0cf146ab9 b086645a873745aabf57b5e0cf146ab9] 199.19.213.169 "GET /v2.0/ports?device_id=eadd3033-6020-40fd-a6ea-de3f2a5714e0 HTTP/1.1" status: 200 len: 1398 time: 0.0693610
2026-06-25 23:35:36.177 10 INFO neutron.wsgi [req-96151186-7f06-4fc8-bf14-37488d41f6cb req-f44cf970-6803-4404-9e35-81fb69e65046 143c65c7298446e681cd119dc2c0a3b2 6f1c8f48b77349a8adaa6d1ed7cf1c6e - - b086645a873745aabf57b5e0cf146ab9 b086645a873745aabf57b5e0cf146ab9] 199.19.213.169 "GET /v2.0/floatingips?fixed_ip_address=10.100.0.4&port_id=a4425626-463d-4622-9e3d-5571392e3a7e HTTP/1.1" status: 200 len: 217 time: 0.0364113
2026-06-25 23:35:36.231 10 INFO neutron.wsgi [req-450fa6ab-885f-42ae-85b5-b11dbe89659f req-8b25b0b4-4ba0-46d2-bcf5-ecd27a103012 f0d020fc47254d7baec4d291f4529ed9 c524240544d547fc99cbb280f6abf5eb - - default default] 10.0.0.211 "GET /v2.0/ports?device_id=21810d6d-a9ce-43ca-a98d-0ca68b578b70 HTTP/1.1" status: 200 len: 1168 time: 0.0520687
2026-06-25 23:35:36.237 10 INFO neutron.wsgi [req-96151186-7f06-4fc8-bf14-37488d41f6cb req-7df59ac8-7254-48ac-8f33-a0c9858e11f6 143c65c7298446e681cd119dc2c0a3b2 6f1c8f48b77349a8adaa6d1ed7cf1c6e - - b086645a873745aabf57b5e0cf146ab9 b086645a873745aabf57b5e0cf146ab9] 199.19.213.169 "GET /v2.0/subnets?id=fe8eba85-94e0-499d-9bf8-118990e76995 HTTP/1.1" status: 200 len: 865 time: 0.0571735
2026-06-25 23:35:36.254 9 INFO neutron.wsgi [req-0f0327fd-b25d-4440-8937-d8d127952cda req-f7a5cc1c-1765-4bb4-8148-b37f62038804 143c65c7298446e681cd119dc2c0a3b2 6f1c8f48b77349a8adaa6d1ed7cf1c6e - - b086645a873745aabf57b5e0cf146ab9 b086645a873745aabf57b5e0cf146ab9] 199.19.213.169 "GET /v2.0/security-groups?id=b4a259b6-fb50-4de5-ac83-ddee803797f8&id=aa9c3eec-70cd-412c-86f2-e21d8ba66156&fields=id&fields=name HTTP/1.1" status: 200 len: 403 time: 0.0657630
2026-06-25 23:35:36.271 10 INFO neutron.wsgi [req-96151186-7f06-4fc8-bf14-37488d41f6cb req-bbf40de8-0611-4956-b2d0-a89a8d86f7d8 143c65c7298446e681cd119dc2c0a3b2 6f1c8f48b77349a8adaa6d1ed7cf1c6e - - b086645a873745aabf57b5e0cf146ab9 b086645a873745aabf57b5e0cf146ab9] 199.19.213.169 "GET /v2.0/ports?network_id=e7609e35-e0db-4b02-b503-c95d45862db9&device_owner=network%3Adhcp HTTP/1.1" status: 200 len: 210 time: 0.0270805
2026-06-25 23:35:36.327 10 INFO neutron.wsgi [req-450fa6ab-885f-42ae-85b5-b11dbe89659f req-61120ff9-cd1d-4b37-a1bc-9e70945e8526 f0d020fc47254d7baec4d291f4529ed9 c524240544d547fc99cbb280f6abf5eb - - default default] 10.0.0.211 "GET /v2.0/security-groups?id=2058614e-51cd-4aff-b231-159f9e6f796c&fields=id&fields=name HTTP/1.1" status: 200 len: 313 time: 0.0887835
2026-06-25 23:35:36.396 10 INFO neutron.wsgi [req-96151186-7f06-4fc8-bf14-37488d41f6cb req-8a7dac70-69c8-4436-88a0-691bf46b5e1f 143c65c7298446e681cd119dc2c0a3b2 6f1c8f48b77349a8adaa6d1ed7cf1c6e - - b086645a873745aabf57b5e0cf146ab9 b086645a873745aabf57b5e0cf146ab9] 199.19.213.169 "GET /v2.0/networks/e7609e35-e0db-4b02-b503-c95d45862db9?fields=segments HTTP/1.1" status: 200 len: 212 time: 0.0865805
2026-06-25 23:35:36.398 9 INFO neutron.plugins.ml2.drivers.ovn.mech_driver.mech_driver [None req-af23856a-b697-49de-96a5-efa60640ed41 - - - - - -] OVN reports status up for port: a4425626-463d-4622-9e3d-5571392e3a7e
2026-06-25 23:35:36.431 9 INFO neutron.plugins.ml2.plugin [None req-af23856a-b697-49de-96a5-efa60640ed41 - - - - - -] Attempt 1 to provision port a4425626-463d-4622-9e3d-5571392e3a7e
2026-06-25 23:35:36.493 9 WARNING neutron.scheduler.dhcp_agent_scheduler [None req-670973ed-9781-440a-a1ce-4d39622b04b9 22353de4e1a446e197a58bea00f5f193 a0f6a5537e6e4750b99aa88c6028652b - - - -] No more DHCP agents
2026-06-25 23:35:36.500 9 WARNING neutron.api.rpc.agentnotifiers.dhcp_rpc_agent_api [None req-670973ed-9781-440a-a1ce-4d39622b04b9 22353de4e1a446e197a58bea00f5f193 a0f6a5537e6e4750b99aa88c6028652b - - - -] Unable to schedule network 07e37ad0-790d-445f-8e30-23b81f61b800: no agents available; will retry on subsequent port and subnet creation events.
2026-06-25 23:35:36.603 9 INFO neutron.wsgi [req-a00bbe9f-76b1-45ed-a114-6c4508386a56 req-eab4addc-f873-4e90-884b-b176d94c82fd c4b842a097af472bbedbb2a39a05645b 2c27c76fe17d4e7983f058039acc979b - - default default] 10.0.0.211 "GET /v2.0/ports?device_id=eadd3033-6020-40fd-a6ea-de3f2a5714e0 HTTP/1.1" status: 200 len: 1208 time: 0.1592832
2026-06-25 23:35:36.673 9 INFO neutron.notifiers.nova [-] Nova event matching ['req-520a9fc0-67fb-48d4-840c-6133bf147381'] response: {'server_uuid': 'eadd3033-6020-40fd-a6ea-de3f2a5714e0', 'name': 'network-vif-plugged', 'status': 'completed', 'tag': 'a4425626-463d-4622-9e3d-5571392e3a7e', 'code': 200}
