2026-06-15 21:27:39.216 8 INFO neutron.services.segments.plugin [-] Segment 303a0621-fef0-4144-818a-ca8cd6c4c4f1 resource provider aggregate not found [pid: 7|app: 0|req: 800/1458] 199.19.213.128 () {34 vars in 1112 bytes} [Mon Jun 15 21:27:39 2026] GET /v2.0/networks/1d6f5338-4bc7-48e0-b04d-cdd0e6a5a188?fields=provider%3Aphysical_network&fields=provider%3Anetwork_type => generated 79 bytes in 41 msecs (HTTP/1.1 200) 4 headers in 156 bytes (1 switches on core 0)
2026-06-15 21:27:39.222 8 INFO neutron.services.segments.plugin [-] Segment 303a0621-fef0-4144-818a-ca8cd6c4c4f1 resource provider aggregate not found
2026-06-15 21:27:39.237 8 INFO neutron.services.segments.plugin [-] Segment 303a0621-fef0-4144-818a-ca8cd6c4c4f1 resource provider not found; error: Placement Client Error (4xx): {"errors": [{"status": 404, "title": "Not Found", "detail": "The resource could not be found.\n\n No resource provider with uuid 303a0621-fef0-4144-818a-ca8cd6c4c4f1 found for delete ", "request_id": "req-383e3333-5f0f-494c-8a4e-aa2d478ac20f"}]}
2026-06-15 21:27:39.241 8 INFO neutron.services.segments.plugin [-] Segment 303a0621-fef0-4144-818a-ca8cd6c4c4f1 resource provider not found; error: Placement Client Error (4xx): {"errors": [{"status": 404, "title": "Not Found", "detail": "The resource could not be found.\n\n No resource provider with uuid 303a0621-fef0-4144-818a-ca8cd6c4c4f1 found for delete ", "request_id": "req-78c44170-2c1a-4ef9-9e6f-7595255fe47f"}]} [pid: 8|app: 0|req: 659/1459] 10.0.0.124 () {32 vars in 726 bytes} [Mon Jun 15 21:27:38 2026] DELETE /v2.0/networks/b41a3feb-3f68-419e-81f9-619e97480f98 => generated 0 bytes in 461 msecs (HTTP/1.1 204) 3 headers in 131 bytes (1 switches on core 0)
2026-06-15 21:27:39.408 7 INFO neutron_taas.services.taas.taas_plugin [None req-925158dc-7fea-4064-b23b-9c8a7aea734a ad88926e905c49d099b446f8d0560a67 2bc531fc51be4b3a8bbe9ae3074be95a - - default default] TaaS: Handle Delete Port: d2df63b9-6099-4470-830d-a8d160f6dda9
2026-06-15 21:27:39.411 7 INFO neutron_taas.services.taas.tap_mirror_plugin [None req-925158dc-7fea-4064-b23b-9c8a7aea734a ad88926e905c49d099b446f8d0560a67 2bc531fc51be4b3a8bbe9ae3074be95a - - default default] Tap Mirror: Handle Delete Port: d2df63b9-6099-4470-830d-a8d160f6dda9 [pid: 7|app: 0|req: 801/1460] 10.0.0.124 () {32 vars in 726 bytes} [Mon Jun 15 21:27:39 2026] DELETE /v2.0/networks/9e210dc1-ea9d-4311-9da3-53b215ac18c6 => generated 0 bytes in 363 msecs (HTTP/1.1 204) 3 headers in 131 bytes (1 switches on core 0) [pid: 8|app: 0|req: 660/1461] 10.0.0.124 () {32 vars in 717 bytes} [Mon Jun 15 21:27:39 2026] GET /v2.0/ports/21fee8be-21f5-4de9-bcf3-96b12a910e37 => generated 941 bytes in 33 msecs (HTTP/1.1 200) 4 headers in 157 bytes (1 switches on core 0) [pid: 8|app: 0|req: 661/1462] 10.0.0.233 () {34 vars in 990 bytes} [Mon Jun 15 21:27:40 2026] GET /v2.0/ports?device_id=6feb3200-dd43-4a7f-865a-c32c6fde3559 => generated 973 bytes in 36 msecs (HTTP/1.1 200) 4 headers in 157 bytes (1 switches on core 0) [pid: 8|app: 0|req: 662/1463] 10.0.0.233 () {34 vars in 1040 bytes} [Mon Jun 15 21:27:40 2026] GET /v2.0/security-groups?id=154152ed-225f-49fa-8f7c-65f2931af3c3&fields=id&fields=name => generated 113 bytes in 26 msecs (HTTP/1.1 200) 4 headers in 157 bytes (1 switches on core 0) [pid: 7|app: 0|req: 802/1464] 10.0.0.124 () {32 vars in 774 bytes} [Mon Jun 15 21:27:40 2026] GET /v2.0/security-groups?tenant_id=2bc531fc51be4b3a8bbe9ae3074be95a&name=default => generated 2925 bytes in 175 msecs (HTTP/1.1 200) 4 headers in 158 bytes (1 switches on core 0)
2026-06-15 21:27:40.299 7 INFO neutron.services.segments.plugin [-] Segment d0494956-663d-47c9-aed2-d02276cc1ea4 resource provider aggregate not found
2026-06-15 21:27:40.303 7 INFO neutron.services.segments.plugin [-] Segment d0494956-663d-47c9-aed2-d02276cc1ea4 resource provider aggregate not found
2026-06-15 21:27:40.314 7 INFO neutron.services.segments.plugin [-] Segment d0494956-663d-47c9-aed2-d02276cc1ea4 resource provider not found; error: Placement Client Error (4xx): {"errors": [{"status": 404, "title": "Not Found", "detail": "The resource could not be found.\n\n No resource provider with uuid d0494956-663d-47c9-aed2-d02276cc1ea4 found for delete ", "request_id": "req-0d90570a-62a5-467d-b527-9d5b2717c8b4"}]}
2026-06-15 21:27:40.318 7 INFO neutron.services.segments.plugin [-] Segment d0494956-663d-47c9-aed2-d02276cc1ea4 resource provider not found; error: Placement Client Error (4xx): {"errors": [{"status": 404, "title": "Not Found", "detail": "The resource could not be found.\n\n No resource provider with uuid d0494956-663d-47c9-aed2-d02276cc1ea4 found for delete ", "request_id": "req-0c639c6d-d4f8-4d2f-b12b-e8857115795d"}]}
2026-06-15 21:27:40.329 7 INFO neutron.services.segments.plugin [-] Segment 68b72bd2-db0a-4e0f-84d9-58c3e895b50a resource provider aggregate not found
2026-06-15 21:27:40.333 7 INFO neutron.services.segments.plugin [-] Segment 68b72bd2-db0a-4e0f-84d9-58c3e895b50a resource provider aggregate not found
2026-06-15 21:27:40.345 7 INFO neutron.services.segments.plugin [-] Segment 68b72bd2-db0a-4e0f-84d9-58c3e895b50a resource provider not found; error: Placement Client Error (4xx): {"errors": [{"status": 404, "title": "Not Found", "detail": "The resource could not be found.\n\n No resource provider with uuid 68b72bd2-db0a-4e0f-84d9-58c3e895b50a found for delete ", "request_id": "req-4ba1b4ca-03f0-4003-9259-9d716e38a734"}]}
2026-06-15 21:27:40.348 7 INFO neutron.services.segments.plugin [-] Segment 68b72bd2-db0a-4e0f-84d9-58c3e895b50a resource provider not found; error: Placement Client Error (4xx): {"errors": [{"status": 404, "title": "Not Found", "detail": "The resource could not be found.\n\n No resource provider with uuid 68b72bd2-db0a-4e0f-84d9-58c3e895b50a found for delete ", "request_id": "req-a6384664-043f-4072-a207-9331456f7b54"}]}
2026-06-15 21:27:40.467 8 WARNING neutron.plugins.ml2.drivers.ovn.mech_driver.ovsdb.ovn_client [None req-4530a94f-f5e2-41c5-bdb7-dab3fe4c4e6b - - - - - -] No hosting information found for port dead874e-e0f4-4eb3-9d1c-ada040a6fdd4: RuntimeError: No hosting information found for port dead874e-e0f4-4eb3-9d1c-ada040a6fdd4 [pid: 8|app: 0|req: 663/1465] 10.0.0.124 () {32 vars in 740 bytes} [Mon Jun 15 21:27:40 2026] DELETE /v2.0/security-groups/4d82d6b1-4a0a-46c3-b7bc-8ebf1a68c8a9 => generated 0 bytes in 363 msecs (HTTP/1.1 204) 2 headers in 112 bytes (1 switches on core 0)
2026-06-15 21:27:40.631 8 INFO neutron.db.ovn_revision_numbers_db [None req-4530a94f-f5e2-41c5-bdb7-dab3fe4c4e6b - - - - - -] Successfully bumped revision number for resource dead874e-e0f4-4eb3-9d1c-ada040a6fdd4 (type: router_ports) to 2
2026-06-15 21:27:40.673 8 INFO neutron.plugins.ml2.drivers.ovn.mech_driver.mech_driver [None req-4530a94f-f5e2-41c5-bdb7-dab3fe4c4e6b - - - - - -] OVN reports status down for port: 23c6d24f-aa6b-4818-9867-8bff696e528d
2026-06-15 21:27:40.682 8 INFO neutron.plugins.ml2.drivers.ovn.mech_driver.mech_driver [None req-4530a94f-f5e2-41c5-bdb7-dab3fe4c4e6b - - - - - -] OVN reports status down for port: cf0e52a3-36de-40a3-9f9f-39fbd7c2f3fa
2026-06-15 21:27:40.692 8 INFO neutron.plugins.ml2.drivers.ovn.mech_driver.mech_driver [None req-4530a94f-f5e2-41c5-bdb7-dab3fe4c4e6b - - - - - -] OVN reports status down for port: 21fee8be-21f5-4de9-bcf3-96b12a910e37
2026-06-15 21:27:40.790 8 WARNING neutron.plugins.ml2.drivers.ovn.mech_driver.ovsdb.ovn_client [None req-4530a94f-f5e2-41c5-bdb7-dab3fe4c4e6b - - - - - -] Logical_Switch_Port 21fee8be-21f5-4de9-bcf3-96b12a910e37 host information not removed, the port state is up
2026-06-15 21:27:40.790 8 INFO neutron.plugins.ml2.drivers.ovn.mech_driver.mech_driver [None req-4530a94f-f5e2-41c5-bdb7-dab3fe4c4e6b - - - - - -] OVN reports status up for port: 21fee8be-21f5-4de9-bcf3-96b12a910e37 [pid: 7|app: 0|req: 803/1466] 10.0.0.124 () {32 vars in 717 bytes} [Mon Jun 15 21:27:40 2026] GET /v2.0/ports/21fee8be-21f5-4de9-bcf3-96b12a910e37 => generated 941 bytes in 36 msecs (HTTP/1.1 200) 4 headers in 157 bytes (1 switches on core 0)
2026-06-15 21:27:40.995 8 INFO neutron.plugins.ml2.plugin [None req-4530a94f-f5e2-41c5-bdb7-dab3fe4c4e6b - - - - - -] Attempt 1 to provision port 21fee8be-21f5-4de9-bcf3-96b12a910e37 [pid: 8|app: 0|req: 664/1467] 10.0.0.233 () {34 vars in 990 bytes} [Mon Jun 15 21:27:41 2026] GET /v2.0/ports?device_id=6feb3200-dd43-4a7f-865a-c32c6fde3559 => generated 973 bytes in 109 msecs (HTTP/1.1 200) 4 headers in 157 bytes (1 switches on core 0) [pid: 7|app: 0|req: 804/1468] 10.0.0.233 () {34 vars in 1040 bytes} [Mon Jun 15 21:27:41 2026] GET /v2.0/security-groups?id=154152ed-225f-49fa-8f7c-65f2931af3c3&fields=id&fields=name => generated 113 bytes in 28 msecs (HTTP/1.1 200) 4 headers in 157 bytes (1 switches on core 0)
2026-06-15 21:27:41.594 8 INFO neutron.db.ovn_revision_numbers_db [None req-4530a94f-f5e2-41c5-bdb7-dab3fe4c4e6b - - - - - -] Successfully bumped revision number for resource 21fee8be-21f5-4de9-bcf3-96b12a910e37 (type: ports) to 2 [pid: 8|app: 0|req: 665/1469] 10.0.0.124 () {32 vars in 717 bytes} [Mon Jun 15 21:27:41 2026] GET /v2.0/ports/21fee8be-21f5-4de9-bcf3-96b12a910e37 => generated 943 bytes in 41 msecs (HTTP/1.1 200) 4 headers in 157 bytes (1 switches on core 0)
2026-06-15 21:27:42.233 7 INFO neutron_taas.services.taas.taas_plugin [None req-04ce7f7e-6850-4406-861a-07e2c0e91e39 8e1f65524d7c4bb3896887e77554e5e5 b8a1c67e10c6483ebcd573548dc04e33 - - default default] TaaS: Handle Delete Port: 21fee8be-21f5-4de9-bcf3-96b12a910e37
2026-06-15 21:27:42.238 7 INFO neutron_taas.services.taas.tap_mirror_plugin [None req-04ce7f7e-6850-4406-861a-07e2c0e91e39 8e1f65524d7c4bb3896887e77554e5e5 b8a1c67e10c6483ebcd573548dc04e33 - - default default] Tap Mirror: Handle Delete Port: 21fee8be-21f5-4de9-bcf3-96b12a910e37
2026-06-15 21:27:42.678 8 INFO neutron.db.ovn_revision_numbers_db [None req-b5d29aa9-8f3b-4b6a-ad9e-19c0a03b54c1 8d9acc26dd4d41a88a912824d38d0c90 14b0857acd524f57969ff42419a2c212 - - default default] Successfully bumped revision number for resource fa7f6772-f45e-464f-8222-a82fa6e3a2e7 (type: security_groups) to 1
2026-06-15 21:27:42.688 8 INFO neutron.db.ovn_revision_numbers_db [None req-b5d29aa9-8f3b-4b6a-ad9e-19c0a03b54c1 8d9acc26dd4d41a88a912824d38d0c90 14b0857acd524f57969ff42419a2c212 - - default default] Successfully bumped revision number for resource 31dda97d-90de-43de-b7d6-66f4dbaa7277 (type: security_group_rules) to 0
2026-06-15 21:27:42.698 8 INFO neutron.db.ovn_revision_numbers_db [None req-b5d29aa9-8f3b-4b6a-ad9e-19c0a03b54c1 8d9acc26dd4d41a88a912824d38d0c90 14b0857acd524f57969ff42419a2c212 - - default default] Successfully bumped revision number for resource 6bdfb06c-df7d-4a94-af14-a4620979e81e (type: security_group_rules) to 0
2026-06-15 21:27:42.708 8 INFO neutron.db.ovn_revision_numbers_db [None req-b5d29aa9-8f3b-4b6a-ad9e-19c0a03b54c1 8d9acc26dd4d41a88a912824d38d0c90 14b0857acd524f57969ff42419a2c212 - - default default] Successfully bumped revision number for resource 86cc20c7-b0e0-4ffa-bf65-571196856c83 (type: security_group_rules) to 0
2026-06-15 21:27:42.720 8 INFO neutron.db.ovn_revision_numbers_db [None req-b5d29aa9-8f3b-4b6a-ad9e-19c0a03b54c1 8d9acc26dd4d41a88a912824d38d0c90 14b0857acd524f57969ff42419a2c212 - - default default] Successfully bumped revision number for resource 9077de8d-7cd4-44ac-9b07-bc9f2b141a4e (type: security_group_rules) to 0 [pid: 8|app: 0|req: 666/1470] 10.0.0.124 () {32 vars in 774 bytes} [Mon Jun 15 21:27:42 2026] GET /v2.0/security-groups?tenant_id=b5b5ba3b180d46ae84944778167b16c4&name=default => generated 2925 bytes in 561 msecs (HTTP/1.1 200) 4 headers in 158 bytes (1 switches on core 0) [pid: 7|app: 0|req: 805/1471] 10.0.0.124 () {34 vars in 789 bytes} [Mon Jun 15 21:27:41 2026] PUT /v2.0/routers/ff31b35a-e0e4-4eca-9dec-54b2053eac77/remove_router_interface => generated 309 bytes in 833 msecs (HTTP/1.1 200) 4 headers in 157 bytes (1 switches on core 0) [pid: 8|app: 0|req: 667/1472] 10.0.0.233 () {34 vars in 990 bytes} [Mon Jun 15 21:27:42 2026] GET /v2.0/ports?device_id=6feb3200-dd43-4a7f-865a-c32c6fde3559 => generated 973 bytes in 51 msecs (HTTP/1.1 200) 4 headers in 157 bytes (1 switches on core 0) /var/lib/openstack/lib/python3.12/site-packages/pycadf/identifier.py:70: UserWarning: Invalid uuid: neutron. To ensure interoperability, identifiers should be a valid uuid. warnings.warn(('Invalid uuid: %s. To ensure interoperability, '
2026-06-15 21:27:43.079 7 INFO neutron.db.ovn_revision_numbers_db [None req-ad92d856-914e-4364-8e2c-265e5dc1a372 42fae2e948a84ffd952b2dc70c7082f5 586ce739c5a94248964015818165cf62 - - default default] Successfully bumped revision number for resource 724e78b3-b136-41b8-8a65-e6b697ff44fe (type: security_groups) to 1
2026-06-15 21:27:43.101 7 INFO neutron.db.ovn_revision_numbers_db [None req-ad92d856-914e-4364-8e2c-265e5dc1a372 42fae2e948a84ffd952b2dc70c7082f5 586ce739c5a94248964015818165cf62 - - default default] Successfully bumped revision number for resource 1544d26c-da4d-4831-ba1c-98a711d59259 (type: security_group_rules) to 0
2026-06-15 21:27:43.113 7 INFO neutron.db.ovn_revision_numbers_db [None req-ad92d856-914e-4364-8e2c-265e5dc1a372 42fae2e948a84ffd952b2dc70c7082f5 586ce739c5a94248964015818165cf62 - - default default] Successfully bumped revision number for resource 16f24aa8-abbb-4798-9acc-e17345660de1 (type: security_group_rules) to 0
2026-06-15 21:27:43.127 7 INFO neutron.db.ovn_revision_numbers_db [None req-ad92d856-914e-4364-8e2c-265e5dc1a372 42fae2e948a84ffd952b2dc70c7082f5 586ce739c5a94248964015818165cf62 - - default default] Successfully bumped revision number for resource 48007c6c-0103-452a-bec5-656249172520 (type: security_group_rules) to 0
2026-06-15 21:27:43.137 7 INFO neutron.db.ovn_revision_numbers_db [None req-ad92d856-914e-4364-8e2c-265e5dc1a372 42fae2e948a84ffd952b2dc70c7082f5 586ce739c5a94248964015818165cf62 - - default default] Successfully bumped revision number for resource b406b83b-b990-41e6-857f-2e135f74d404 (type: security_group_rules) to 0 [pid: 8|app: 0|req: 668/1473] 10.0.0.124 () {32 vars in 740 bytes} [Mon Jun 15 21:27:42 2026] DELETE /v2.0/security-groups/fa7f6772-f45e-464f-8222-a82fa6e3a2e7 => generated 0 bytes in 316 msecs (HTTP/1.1 204) 2 headers in 112 bytes (1 switches on core 0) [pid: 8|app: 0|req: 669/1474] 10.0.0.124 () {32 vars in 717 bytes} [Mon Jun 15 21:27:43 2026] GET /v2.0/ports/dead874e-e0f4-4eb3-9d1c-ada040a6fdd4 => generated 943 bytes in 59 msecs (HTTP/1.1 200) 4 headers in 157 bytes (1 switches on core 0)
2026-06-15 21:27:43.216 7 INFO neutron.db.segments_db [None req-ad92d856-914e-4364-8e2c-265e5dc1a372 42fae2e948a84ffd952b2dc70c7082f5 586ce739c5a94248964015818165cf62 - - default default] Added segment 90aa39ee-d01e-4901-a66f-7825216702c2 of type geneve for network cbd95e38-ac0b-476c-973f-d9ea3ae43876 [pid: 8|app: 0|req: 670/1475] 10.0.0.233 () {34 vars in 1040 bytes} [Mon Jun 15 21:27:43 2026] GET /v2.0/security-groups?id=154152ed-225f-49fa-8f7c-65f2931af3c3&fields=id&fields=name => generated 113 bytes in 24 msecs (HTTP/1.1 200) 4 headers in 157 bytes (1 switches on core 0)
2026-06-15 21:27:43.345 7 INFO neutron.db.ovn_revision_numbers_db [None req-ad92d856-914e-4364-8e2c-265e5dc1a372 42fae2e948a84ffd952b2dc70c7082f5 586ce739c5a94248964015818165cf62 - - default default] Successfully bumped revision number for resource cbd95e38-ac0b-476c-973f-d9ea3ae43876 (type: networks) to 1
2026-06-15 21:27:43.477 8 INFO neutron_taas.services.taas.taas_plugin [None req-b276f498-8773-4491-b394-0b9b8c634eb0 8e1f65524d7c4bb3896887e77554e5e5 b8a1c67e10c6483ebcd573548dc04e33 - - default default] TaaS: Handle Delete Port: dead874e-e0f4-4eb3-9d1c-ada040a6fdd4
2026-06-15 21:27:43.481 8 INFO neutron_taas.services.taas.tap_mirror_plugin [None req-b276f498-8773-4491-b394-0b9b8c634eb0 8e1f65524d7c4bb3896887e77554e5e5 b8a1c67e10c6483ebcd573548dc04e33 - - default default] Tap Mirror: Handle Delete Port: dead874e-e0f4-4eb3-9d1c-ada040a6fdd4
2026-06-15 21:27:43.535 7 WARNING neutron.scheduler.dhcp_agent_scheduler [None req-ad92d856-914e-4364-8e2c-265e5dc1a372 42fae2e948a84ffd952b2dc70c7082f5 586ce739c5a94248964015818165cf62 - - default default] No more DHCP agents
2026-06-15 21:27:43.536 7 WARNING neutron.api.rpc.agentnotifiers.dhcp_rpc_agent_api [None req-ad92d856-914e-4364-8e2c-265e5dc1a372 42fae2e948a84ffd952b2dc70c7082f5 586ce739c5a94248964015818165cf62 - - default default] Unable to schedule network cbd95e38-ac0b-476c-973f-d9ea3ae43876: no agents available; will retry on subsequent port and subnet creation events.
2026-06-15 21:27:43.636 7 INFO neutron.db.ovn_revision_numbers_db [None req-ad92d856-914e-4364-8e2c-265e5dc1a372 42fae2e948a84ffd952b2dc70c7082f5 586ce739c5a94248964015818165cf62 - - default default] Successfully bumped revision number for resource 06978713-7925-41bf-b490-f9c31612be2c (type: ports) to 1 [pid: 7|app: 0|req: 806/1476] 10.0.0.124 () {34 vars in 670 bytes} [Mon Jun 15 21:27:42 2026] POST /v2.0/networks => generated 646 bytes in 866 msecs (HTTP/1.1 201) 4 headers in 162 bytes (1 switches on core 0) [pid: 8|app: 0|req: 671/1477] 10.0.0.124 () {34 vars in 789 bytes} [Mon Jun 15 21:27:43 2026] PUT /v2.0/routers/ff31b35a-e0e4-4eca-9dec-54b2053eac77/remove_router_interface => generated 309 bytes in 653 msecs (HTTP/1.1 200) 4 headers in 157 bytes (1 switches on core 0) [pid: 7|app: 0|req: 807/1478] 10.0.0.124 () {32 vars in 736 bytes} [Mon Jun 15 21:27:43 2026] GET /v2.0/ports?device_id=ff31b35a-e0e4-4eca-9dec-54b2053eac77 => generated 12 bytes in 16 msecs (HTTP/1.1 200) 4 headers in 156 bytes (1 switches on core 0) /var/lib/openstack/lib/python3.12/site-packages/pycadf/identifier.py:70: UserWarning: Invalid uuid: neutron. To ensure interoperability, identifiers should be a valid uuid. warnings.warn(('Invalid uuid: %s. To ensure interoperability, ' [pid: 8|app: 0|req: 672/1479] 10.0.0.124 () {32 vars in 724 bytes} [Mon Jun 15 21:27:43 2026] DELETE /v2.0/routers/ff31b35a-e0e4-4eca-9dec-54b2053eac77 => generated 0 bytes in 220 msecs (HTTP/1.1 204) 2 headers in 112 bytes (1 switches on core 0)
2026-06-15 21:27:44.295 7 WARNING neutron.scheduler.dhcp_agent_scheduler [None req-b95b204a-0526-40fd-b8b3-f1d540654a1a 42fae2e948a84ffd952b2dc70c7082f5 586ce739c5a94248964015818165cf62 - - default default] No more DHCP agents
2026-06-15 21:27:44.296 7 WARNING neutron.api.rpc.agentnotifiers.dhcp_rpc_agent_api [None req-b95b204a-0526-40fd-b8b3-f1d540654a1a 42fae2e948a84ffd952b2dc70c7082f5 586ce739c5a94248964015818165cf62 - - default default] Unable to schedule network cbd95e38-ac0b-476c-973f-d9ea3ae43876: no agents available; will retry on subsequent port and subnet creation events. [pid: 8|app: 0|req: 673/1480] 10.0.0.124 () {32 vars in 724 bytes} [Mon Jun 15 21:27:44 2026] DELETE /v2.0/subnets/fc726967-f1df-4e06-bc2e-b102fd550142 => generated 0 bytes in 204 msecs (HTTP/1.1 204) 3 headers in 131 bytes (1 switches on core 0)
2026-06-15 21:27:44.336 7 INFO neutron.db.ovn_revision_numbers_db [None req-b95b204a-0526-40fd-b8b3-f1d540654a1a 42fae2e948a84ffd952b2dc70c7082f5 586ce739c5a94248964015818165cf62 - - default default] Successfully bumped revision number for resource 0d59ac42-9a64-45f4-bf35-9a606b08a05d (type: subnets) to 0 [pid: 7|app: 0|req: 808/1481] 10.0.0.124 () {34 vars in 669 bytes} [Mon Jun 15 21:27:44 2026] POST /v2.0/subnets => generated 673 bytes in 225 msecs (HTTP/1.1 201) 4 headers in 162 bytes (1 switches on core 0) [pid: 8|app: 0|req: 674/1482] 10.0.0.233 () {34 vars in 990 bytes} [Mon Jun 15 21:27:44 2026] GET /v2.0/ports?device_id=6feb3200-dd43-4a7f-865a-c32c6fde3559 => generated 973 bytes in 72 msecs (HTTP/1.1 200) 4 headers in 157 bytes (1 switches on core 0)
2026-06-15 21:27:44.498 8 INFO neutron.db.segments_db [None req-6e508301-1b45-4684-a7b4-c43d08229411 42fae2e948a84ffd952b2dc70c7082f5 586ce739c5a94248964015818165cf62 - - default default] Added segment f87c6d5c-9d70-4961-9594-733454421962 of type geneve for network 003b834b-5a04-4bf2-8a3a-4f360b90f0c1 [pid: 7|app: 0|req: 809/1483] 10.0.0.124 () {32 vars in 724 bytes} [Mon Jun 15 21:27:44 2026] DELETE /v2.0/subnets/612912e8-b3ca-451a-8354-9061fcc8e8ae => generated 0 bytes in 185 msecs (HTTP/1.1 204) 3 headers in 131 bytes (1 switches on core 0) [pid: 7|app: 0|req: 810/1484] 10.0.0.233 () {34 vars in 1040 bytes} [Mon Jun 15 21:27:44 2026] GET /v2.0/security-groups?id=154152ed-225f-49fa-8f7c-65f2931af3c3&fields=id&fields=name => generated 113 bytes in 38 msecs (HTTP/1.1 200) 4 headers in 157 bytes (1 switches on core 0)
2026-06-15 21:27:44.626 8 INFO neutron.db.ovn_revision_numbers_db [None req-6e508301-1b45-4684-a7b4-c43d08229411 42fae2e948a84ffd952b2dc70c7082f5 586ce739c5a94248964015818165cf62 - - default default] Successfully bumped revision number for resource 003b834b-5a04-4bf2-8a3a-4f360b90f0c1 (type: networks) to 1
2026-06-15 21:27:44.711 7 INFO neutron_taas.services.taas.taas_plugin [None req-59e3cd17-1b4d-46a0-9941-ff393b6c111c 8e1f65524d7c4bb3896887e77554e5e5 b8a1c67e10c6483ebcd573548dc04e33 - - default default] TaaS: Handle Delete Port: e1765127-8833-4511-b892-513bcdcb88ab
2026-06-15 21:27:44.714 7 INFO neutron_taas.services.taas.tap_mirror_plugin [None req-59e3cd17-1b4d-46a0-9941-ff393b6c111c 8e1f65524d7c4bb3896887e77554e5e5 b8a1c67e10c6483ebcd573548dc04e33 - - default default] Tap Mirror: Handle Delete Port: e1765127-8833-4511-b892-513bcdcb88ab
2026-06-15 21:27:44.775 8 WARNING neutron.scheduler.dhcp_agent_scheduler [None req-6e508301-1b45-4684-a7b4-c43d08229411 42fae2e948a84ffd952b2dc70c7082f5 586ce739c5a94248964015818165cf62 - - default default] No more DHCP agents
2026-06-15 21:27:44.776 8 WARNING neutron.api.rpc.agentnotifiers.dhcp_rpc_agent_api [None req-6e508301-1b45-4684-a7b4-c43d08229411 42fae2e948a84ffd952b2dc70c7082f5 586ce739c5a94248964015818165cf62 - - default default] Unable to schedule network 003b834b-5a04-4bf2-8a3a-4f360b90f0c1: no agents available; will retry on subsequent port and subnet creation events.
2026-06-15 21:27:44.891 8 INFO neutron.db.ovn_revision_numbers_db [None req-6e508301-1b45-4684-a7b4-c43d08229411 42fae2e948a84ffd952b2dc70c7082f5 586ce739c5a94248964015818165cf62 - - default default] Successfully bumped revision number for resource d9be61f7-3c60-42ab-b91d-65d83bead32f (type: ports) to 1 [pid: 8|app: 0|req: 675/1485] 10.0.0.124 () {34 vars in 670 bytes} [Mon Jun 15 21:27:44 2026] POST /v2.0/networks => generated 648 bytes in 507 msecs (HTTP/1.1 201) 4 headers in 162 bytes (1 switches on core 0)
2026-06-15 21:27:44.941 7 INFO neutron.services.segments.plugin [-] Segment 8738f052-f3f1-44f1-84ad-22756d2f86e0 resource provider aggregate not found
2026-06-15 21:27:44.946 7 INFO neutron.services.segments.plugin [-] Segment 8738f052-f3f1-44f1-84ad-22756d2f86e0 resource provider aggregate not found
2026-06-15 21:27:44.964 7 INFO neutron.services.segments.plugin [-] Segment 8738f052-f3f1-44f1-84ad-22756d2f86e0 resource provider not found; error: Placement Client Error (4xx): {"errors": [{"status": 404, "title": "Not Found", "detail": "The resource could not be found.\n\n No resource provider with uuid 8738f052-f3f1-44f1-84ad-22756d2f86e0 found for delete ", "request_id": "req-5153fb50-88b0-4fca-934c-c30189af6624"}]}
2026-06-15 21:27:44.965 7 INFO neutron.services.segments.plugin [-] Segment 8738f052-f3f1-44f1-84ad-22756d2f86e0 resource provider not found; error: Placement Client Error (4xx): {"errors": [{"status": 404, "title": "Not Found", "detail": "The resource could not be found.\n\n No resource provider with uuid 8738f052-f3f1-44f1-84ad-22756d2f86e0 found for delete ", "request_id": "req-eac2317e-9a66-4729-b2d9-43f77a678515"}]} [pid: 7|app: 0|req: 811/1486] 10.0.0.124 () {32 vars in 726 bytes} [Mon Jun 15 21:27:44 2026] DELETE /v2.0/networks/cb4dd7b5-743c-431f-87f0-d3a5362cbba7 => generated 0 bytes in 416 msecs (HTTP/1.1 204) 3 headers in 131 bytes (1 switches on core 0)
2026-06-15 21:27:45.068 8 INFO neutron.db.ovn_revision_numbers_db [None req-5488f37e-d54d-474b-a52f-218a904690bf 42fae2e948a84ffd952b2dc70c7082f5 586ce739c5a94248964015818165cf62 - - default default] Successfully bumped revision number for resource 003b834b-5a04-4bf2-8a3a-4f360b90f0c1 (type: networks) to 2 [pid: 8|app: 0|req: 676/1487] 10.0.0.124 () {34 vars in 743 bytes} [Mon Jun 15 21:27:44 2026] PUT /v2.0/networks/003b834b-5a04-4bf2-8a3a-4f360b90f0c1 => generated 598 bytes in 153 msecs (HTTP/1.1 200) 4 headers in 157 bytes (1 switches on core 0)
2026-06-15 21:27:45.100 7 INFO neutron_taas.services.taas.taas_plugin [None req-3f8f7522-82fe-4804-aa8e-d1268d9c0a4c 8e1f65524d7c4bb3896887e77554e5e5 b8a1c67e10c6483ebcd573548dc04e33 - - default default] TaaS: Handle Delete Port: e7880347-2e72-48e1-ba27-c39be7ebe118
2026-06-15 21:27:45.103 7 INFO neutron_taas.services.taas.tap_mirror_plugin [None req-3f8f7522-82fe-4804-aa8e-d1268d9c0a4c 8e1f65524d7c4bb3896887e77554e5e5 b8a1c67e10c6483ebcd573548dc04e33 - - default default] Tap Mirror: Handle Delete Port: e7880347-2e72-48e1-ba27-c39be7ebe118
2026-06-15 21:27:45.260 8 WARNING neutron.scheduler.dhcp_agent_scheduler [None req-069fcddd-f897-4fb1-91c7-917d4cb3bd97 42fae2e948a84ffd952b2dc70c7082f5 586ce739c5a94248964015818165cf62 - - default default] No more DHCP agents
2026-06-15 21:27:45.261 8 WARNING neutron.api.rpc.agentnotifiers.dhcp_rpc_agent_api [None req-069fcddd-f897-4fb1-91c7-917d4cb3bd97 42fae2e948a84ffd952b2dc70c7082f5 586ce739c5a94248964015818165cf62 - - default default] Unable to schedule network 003b834b-5a04-4bf2-8a3a-4f360b90f0c1: no agents available; will retry on subsequent port and subnet creation events.
2026-06-15 21:27:45.298 8 INFO neutron.db.ovn_revision_numbers_db [None req-069fcddd-f897-4fb1-91c7-917d4cb3bd97 42fae2e948a84ffd952b2dc70c7082f5 586ce739c5a94248964015818165cf62 - - default default] Successfully bumped revision number for resource c951d040-78a9-4626-ae66-8b116c9e7ef1 (type: subnets) to 0 [pid: 8|app: 0|req: 677/1488] 10.0.0.124 () {34 vars in 669 bytes} [Mon Jun 15 21:27:45 2026] POST /v2.0/subnets => generated 646 bytes in 238 msecs (HTTP/1.1 201) 4 headers in 162 bytes (1 switches on core 0) [pid: 7|app: 0|req: 812/1489] 10.0.0.124 () {32 vars in 726 bytes} [Mon Jun 15 21:27:44 2026] DELETE /v2.0/networks/017cbb16-5778-4f97-af97-bb5fcb6a12d6 => generated 0 bytes in 354 msecs (HTTP/1.1 204) 3 headers in 131 bytes (1 switches on core 0)
2026-06-15 21:27:45.473 7 INFO neutron.db.segments_db [None req-589293c4-4550-4b1e-91b1-12e1d48014f2 8e1f65524d7c4bb3896887e77554e5e5 b8a1c67e10c6483ebcd573548dc04e33 - - default default] Added segment b6a956f6-1a9d-4245-9f89-ccfffa89b460 of type geneve for network e3886027-07b5-4433-ba64-210208e83ca3
2026-06-15 21:27:45.616 7 INFO neutron.db.ovn_revision_numbers_db [None req-589293c4-4550-4b1e-91b1-12e1d48014f2 8e1f65524d7c4bb3896887e77554e5e5 b8a1c67e10c6483ebcd573548dc04e33 - - default default] Successfully bumped revision number for resource e3886027-07b5-4433-ba64-210208e83ca3 (type: networks) to 1
2026-06-15 21:27:45.761 7 WARNING neutron.scheduler.dhcp_agent_scheduler [None req-589293c4-4550-4b1e-91b1-12e1d48014f2 8e1f65524d7c4bb3896887e77554e5e5 b8a1c67e10c6483ebcd573548dc04e33 - - default default] No more DHCP agents
2026-06-15 21:27:45.763 7 WARNING neutron.api.rpc.agentnotifiers.dhcp_rpc_agent_api [None req-589293c4-4550-4b1e-91b1-12e1d48014f2 8e1f65524d7c4bb3896887e77554e5e5 b8a1c67e10c6483ebcd573548dc04e33 - - default default] Unable to schedule network e3886027-07b5-4433-ba64-210208e83ca3: no agents available; will retry on subsequent port and subnet creation events.
2026-06-15 21:27:45.865 7 INFO neutron.db.ovn_revision_numbers_db [None req-589293c4-4550-4b1e-91b1-12e1d48014f2 8e1f65524d7c4bb3896887e77554e5e5 b8a1c67e10c6483ebcd573548dc04e33 - - default default] Successfully bumped revision number for resource a7b1c890-4950-4306-bab1-78b90867b963 (type: ports) to 1 [pid: 7|app: 0|req: 813/1490] 10.0.0.124 () {34 vars in 670 bytes} [Mon Jun 15 21:27:45 2026] POST /v2.0/networks => generated 628 bytes in 529 msecs (HTTP/1.1 201) 4 headers in 162 bytes (1 switches on core 0) [pid: 7|app: 0|req: 814/1491] 10.0.0.233 () {34 vars in 990 bytes} [Mon Jun 15 21:27:45 2026] GET /v2.0/ports?device_id=6feb3200-dd43-4a7f-865a-c32c6fde3559 => generated 973 bytes in 73 msecs (HTTP/1.1 200) 4 headers in 157 bytes (1 switches on core 0)
2026-06-15 21:27:46.017 8 INFO neutron.db.ovn_revision_numbers_db [None req-81a7272b-1769-4a12-94a2-bac32479d794 - - - - - -] Successfully bumped revision number for resource d9be61f7-3c60-42ab-b91d-65d83bead32f (type: ports) to 2
2026-06-15 21:27:46.082 8 INFO neutron.db.ovn_revision_numbers_db [None req-81a7272b-1769-4a12-94a2-bac32479d794 - - - - - -] Successfully bumped revision number for resource c951d040-78a9-4626-ae66-8b116c9e7ef1 (type: subnets) to 1 [pid: 8|app: 0|req: 678/1492] 10.0.0.124 () {34 vars in 741 bytes} [Mon Jun 15 21:27:45 2026] PUT /v2.0/subnets/c951d040-78a9-4626-ae66-8b116c9e7ef1 => generated 656 bytes in 767 msecs (HTTP/1.1 200) 4 headers in 157 bytes (1 switches on core 0) [pid: 8|app: 0|req: 679/1493] 10.0.0.233 () {34 vars in 1040 bytes} [Mon Jun 15 21:27:46 2026] GET /v2.0/security-groups?id=154152ed-225f-49fa-8f7c-65f2931af3c3&fields=id&fields=name => generated 113 bytes in 29 msecs (HTTP/1.1 200) 4 headers in 157 bytes (1 switches on core 0)
2026-06-15 21:27:46.173 7 WARNING neutron.scheduler.dhcp_agent_scheduler [None req-65771ede-70f4-4693-8cf0-b57e90f8275c 8e1f65524d7c4bb3896887e77554e5e5 b8a1c67e10c6483ebcd573548dc04e33 - - default default] No more DHCP agents
2026-06-15 21:27:46.174 7 WARNING neutron.api.rpc.agentnotifiers.dhcp_rpc_agent_api [None req-65771ede-70f4-4693-8cf0-b57e90f8275c 8e1f65524d7c4bb3896887e77554e5e5 b8a1c67e10c6483ebcd573548dc04e33 - - default default] Unable to schedule network e3886027-07b5-4433-ba64-210208e83ca3: no agents available; will retry on subsequent port and subnet creation events.
2026-06-15 21:27:46.257 8 INFO neutron_taas.services.taas.taas_plugin [None req-d233f1df-1a6a-4bc8-9e10-ab3f19e6bbb0 42fae2e948a84ffd952b2dc70c7082f5 586ce739c5a94248964015818165cf62 - - default default] TaaS: Handle Delete Port: d9be61f7-3c60-42ab-b91d-65d83bead32f
2026-06-15 21:27:46.260 8 INFO neutron_taas.services.taas.tap_mirror_plugin [None req-d233f1df-1a6a-4bc8-9e10-ab3f19e6bbb0 42fae2e948a84ffd952b2dc70c7082f5 586ce739c5a94248964015818165cf62 - - default default] Tap Mirror: Handle Delete Port: d9be61f7-3c60-42ab-b91d-65d83bead32f
2026-06-15 21:27:46.607 8 INFO neutron.services.segments.plugin [-] Segment f87c6d5c-9d70-4961-9594-733454421962 resource provider aggregate not found
2026-06-15 21:27:46.609 8 INFO neutron.services.segments.plugin [-] Segment f87c6d5c-9d70-4961-9594-733454421962 resource provider aggregate not found
2026-06-15 21:27:46.640 8 INFO neutron.services.segments.plugin [-] Segment f87c6d5c-9d70-4961-9594-733454421962 resource provider not found; error: Placement Client Error (4xx): {"errors": [{"status": 404, "title": "Not Found", "detail": "The resource could not be found.\n\n No resource provider with uuid f87c6d5c-9d70-4961-9594-733454421962 found for delete ", "request_id": "req-f26b7fb6-1ab4-4370-883d-9861bb153ee1"}]}
2026-06-15 21:27:46.648 8 INFO neutron.services.segments.plugin [-] Segment f87c6d5c-9d70-4961-9594-733454421962 resource provider not found; error: Placement Client Error (4xx): {"errors": [{"status": 404, "title": "Not Found", "detail": "The resource could not be found.\n\n No resource provider with uuid f87c6d5c-9d70-4961-9594-733454421962 found for delete ", "request_id": "req-d112e81d-f2b4-4ba7-8c40-36052893da14"}]}
2026-06-15 21:27:46.664 8 WARNING neutron.plugins.ml2.drivers.ovn.mech_driver.ovsdb.ovn_client [None req-82607a77-f557-436f-a2d2-7d28445d5fbe - - - - - -] No port found with ID 21fee8be-21f5-4de9-bcf3-96b12a910e37: RuntimeError: No port found with ID 21fee8be-21f5-4de9-bcf3-96b12a910e37
2026-06-15 21:27:46.683 7 INFO neutron.db.ovn_revision_numbers_db [None req-e2a93cff-5795-4d04-a290-a145659c3565 - - - - - -] Successfully bumped revision number for resource a7b1c890-4950-4306-bab1-78b90867b963 (type: ports) to 2
2026-06-15 21:27:46.689 8 INFO neutron.plugins.ml2.drivers.ovn.mech_driver.mech_driver [None req-82607a77-f557-436f-a2d2-7d28445d5fbe - - - - - -] OVN reports status up for port: fd3f73f7-e25d-4d40-81ac-4b3e53542db2
2026-06-15 21:27:46.729 8 INFO neutron.plugins.ml2.plugin [None req-82607a77-f557-436f-a2d2-7d28445d5fbe - - - - - -] Attempt 1 to provision port fd3f73f7-e25d-4d40-81ac-4b3e53542db2
2026-06-15 21:27:46.741 7 INFO neutron.db.ovn_revision_numbers_db [None req-e2a93cff-5795-4d04-a290-a145659c3565 - - - - - -] Successfully bumped revision number for resource 4212819c-6a3c-4574-8ff4-cc862ab37d9c (type: subnets) to 0 [pid: 8|app: 0|req: 680/1494] 10.0.0.124 () {32 vars in 726 bytes} [Mon Jun 15 21:27:46 2026] DELETE /v2.0/networks/003b834b-5a04-4bf2-8a3a-4f360b90f0c1 => generated 0 bytes in 642 msecs (HTTP/1.1 204) 3 headers in 131 bytes (1 switches on core 0) [pid: 7|app: 0|req: 815/1495] 10.0.0.124 () {34 vars in 669 bytes} [Mon Jun 15 21:27:45 2026] POST /v2.0/subnets => generated 626 bytes in 809 msecs (HTTP/1.1 201) 4 headers in 162 bytes (1 switches on core 0)
2026-06-15 21:27:46.780 8 INFO neutron.pecan_wsgi.hooks.translation [None req-54429d96-f1e3-4056-87ff-462ba6f76e19 42fae2e948a84ffd952b2dc70c7082f5 586ce739c5a94248964015818165cf62 - - default default] DELETE failed (client error): The resource could not be found. [pid: 8|app: 0|req: 681/1496] 10.0.0.124 () {32 vars in 726 bytes} [Mon Jun 15 21:27:46 2026] DELETE /v2.0/networks/003b834b-5a04-4bf2-8a3a-4f360b90f0c1 => generated 138 bytes in 23 msecs (HTTP/1.1 404) 4 headers in 164 bytes (1 switches on core 0)
2026-06-15 21:27:46.887 7 INFO neutron.db.ovn_revision_numbers_db [None req-c0707752-4308-4644-8389-806060f92ddf 8e1f65524d7c4bb3896887e77554e5e5 b8a1c67e10c6483ebcd573548dc04e33 - - default default] Successfully bumped revision number for resource 0bc9759d-5276-4b7d-808f-32e972b27ec5 (type: routers) to 1 [pid: 7|app: 0|req: 816/1497] 10.0.0.124 () {34 vars in 669 bytes} [Mon Jun 15 21:27:46 2026] POST /v2.0/routers => generated 602 bytes in 128 msecs (HTTP/1.1 201) 4 headers in 162 bytes (1 switches on core 0) [pid: 8|app: 0|req: 682/1498] 10.0.0.124 () {32 vars in 694 bytes} [Mon Jun 15 21:27:46 2026] GET /v2.0/networks?router%3Aexternal=True => generated 651 bytes in 116 msecs (HTTP/1.1 200) 4 headers in 157 bytes (1 switches on core 0)
2026-06-15 21:27:46.939 8 INFO neutron.notifiers.nova [-] Nova event matching ['req-f44ec808-bb0c-4da6-ab72-314edb6b47e7'] response: {'server_uuid': '6feb3200-dd43-4a7f-865a-c32c6fde3559', 'name': 'network-vif-plugged', 'status': 'completed', 'tag': 'fd3f73f7-e25d-4d40-81ac-4b3e53542db2', 'code': 200} [pid: 7|app: 0|req: 817/1499] 10.0.0.124 () {32 vars in 742 bytes} [Mon Jun 15 21:27:46 2026] GET /v2.0/subnets?network_id=9eff105d-e811-4d80-a23f-efe400aad4e3 => generated 649 bytes in 41 msecs (HTTP/1.1 200) 4 headers in 157 bytes (1 switches on core 0) [pid: 7|app: 0|req: 818/1500] 10.0.0.124 () {32 vars in 653 bytes} [Mon Jun 15 21:27:46 2026] GET /v2.0/extensions => generated 20118 bytes in 7 msecs (HTTP/1.1 200) 4 headers in 159 bytes (1 switches on core 0)
2026-06-15 21:27:46.997 7 INFO neutron.services.segments.plugin [-] Segment 25fcd9a4-f6f1-4ad7-ac0e-3095339667e1 resource provider aggregate not found
2026-06-15 21:27:46.998 7 INFO neutron.services.segments.plugin [-] Segment 25fcd9a4-f6f1-4ad7-ac0e-3095339667e1 resource provider aggregate not found
2026-06-15 21:27:47.019 7 INFO neutron.services.segments.plugin [-] Segment 25fcd9a4-f6f1-4ad7-ac0e-3095339667e1 resource provider not found; error: Placement Client Error (4xx): {"errors": [{"status": 404, "title": "Not Found", "detail": "The resource could not be found.\n\n No resource provider with uuid 25fcd9a4-f6f1-4ad7-ac0e-3095339667e1 found for delete ", "request_id": "req-8a11dffe-fc6d-4b11-b0d9-05ac6a982d3e"}]}
2026-06-15 21:27:47.020 7 INFO neutron.services.segments.plugin [-] Segment 25fcd9a4-f6f1-4ad7-ac0e-3095339667e1 resource provider not found; error: Placement Client Error (4xx): {"errors": [{"status": 404, "title": "Not Found", "detail": "The resource could not be found.\n\n No resource provider with uuid 25fcd9a4-f6f1-4ad7-ac0e-3095339667e1 found for delete ", "request_id": "req-02f65acc-1dd9-471a-9786-cf80b837edc5"}]} [pid: 7|app: 0|req: 819/1501] 10.0.0.124 () {32 vars in 649 bytes} [Mon Jun 15 21:27:46 2026] GET /v2.0/networks => generated 1311 bytes in 63 msecs (HTTP/1.1 200) 4 headers in 158 bytes (1 switches on core 0) [pid: 7|app: 0|req: 820/1502] 10.0.0.124 () {32 vars in 647 bytes} [Mon Jun 15 21:27:47 2026] GET /v2.0/subnets => generated 1312 bytes in 29 msecs (HTTP/1.1 200) 4 headers in 158 bytes (1 switches on core 0) [pid: 7|app: 0|req: 821/1503] 10.0.0.124 () {32 vars in 723 bytes} [Mon Jun 15 21:27:47 2026] GET /v2.0/networks/cbd95e38-ac0b-476c-973f-d9ea3ae43876 => generated 671 bytes in 62 msecs (HTTP/1.1 200) 4 headers in 157 bytes (1 switches on core 0)
2026-06-15 21:27:47.182 8 INFO neutron.db.ovn_revision_numbers_db [None req-82607a77-f557-436f-a2d2-7d28445d5fbe - - - - - -] Successfully bumped revision number for resource fd3f73f7-e25d-4d40-81ac-4b3e53542db2 (type: ports) to 5
2026-06-15 21:27:47.354 8 INFO neutron.plugins.ml2.drivers.ovn.mech_driver.mech_driver [None req-be4c977d-f4a3-4fb4-a760-cdd138d1979d - - - - - -] OVN reports status down for port: 06978713-7925-41bf-b490-f9c31612be2c
2026-06-15 21:27:47.482 8 WARNING neutron.scheduler.dhcp_agent_scheduler [None req-6e4c290e-fbe9-4890-a382-6ffc237985e3 8e1f65524d7c4bb3896887e77554e5e5 b8a1c67e10c6483ebcd573548dc04e33 - - default default] No more DHCP agents
2026-06-15 21:27:47.484 7 INFO neutron.db.ovn_revision_numbers_db [None req-4a760978-adcc-4625-b8dc-42e7a63c5412 bbcec8c8bc4c48aba7055adff4dd195e 0e8b9592a9954f838849ae28751dbf1f - - default default] Successfully bumped revision number for resource bc9592fd-ddf0-4b62-b64f-0190c8c59126 (type: security_groups) to 1
2026-06-15 21:27:47.489 8 WARNING neutron.api.rpc.agentnotifiers.dhcp_rpc_agent_api [None req-6e4c290e-fbe9-4890-a382-6ffc237985e3 8e1f65524d7c4bb3896887e77554e5e5 b8a1c67e10c6483ebcd573548dc04e33 - - default default] Unable to schedule network e3886027-07b5-4433-ba64-210208e83ca3: no agents available; will retry on subsequent port and subnet creation events.
2026-06-15 21:27:47.501 7 INFO neutron.db.ovn_revision_numbers_db [None req-4a760978-adcc-4625-b8dc-42e7a63c5412 bbcec8c8bc4c48aba7055adff4dd195e 0e8b9592a9954f838849ae28751dbf1f - - default default] Successfully bumped revision number for resource 1bb4f369-de11-4a33-a8b8-0e003d841090 (type: security_group_rules) to 0
2026-06-15 21:27:47.517 7 INFO neutron.db.ovn_revision_numbers_db [None req-4a760978-adcc-4625-b8dc-42e7a63c5412 bbcec8c8bc4c48aba7055adff4dd195e 0e8b9592a9954f838849ae28751dbf1f - - default default] Successfully bumped revision number for resource 633e7faf-541a-4fe7-8450-bca9d5deb559 (type: security_group_rules) to 0
2026-06-15 21:27:47.537 7 INFO neutron.db.ovn_revision_numbers_db [None req-4a760978-adcc-4625-b8dc-42e7a63c5412 bbcec8c8bc4c48aba7055adff4dd195e 0e8b9592a9954f838849ae28751dbf1f - - default default] Successfully bumped revision number for resource d6f8a159-ae9e-4b90-b8f5-d541e8916dd1 (type: security_group_rules) to 0
2026-06-15 21:27:47.551 7 INFO neutron.db.ovn_revision_numbers_db [None req-4a760978-adcc-4625-b8dc-42e7a63c5412 bbcec8c8bc4c48aba7055adff4dd195e 0e8b9592a9954f838849ae28751dbf1f - - default default] Successfully bumped revision number for resource d9455c9d-984f-4b8e-a35b-345f18d072b6 (type: security_group_rules) to 0
2026-06-15 21:27:47.558 8 INFO neutron.plugins.ml2.drivers.ovn.mech_driver.mech_driver [None req-be4c977d-f4a3-4fb4-a760-cdd138d1979d - - - - - -] OVN reports status down for port: d9be61f7-3c60-42ab-b91d-65d83bead32f
2026-06-15 21:27:47.585 8 INFO neutron.plugins.ml2.drivers.ovn.mech_driver.mech_driver [None req-be4c977d-f4a3-4fb4-a760-cdd138d1979d - - - - - -] OVN reports status down for port: a7b1c890-4950-4306-bab1-78b90867b963
2026-06-15 21:27:47.632 7 INFO neutron.db.segments_db [None req-4a760978-adcc-4625-b8dc-42e7a63c5412 bbcec8c8bc4c48aba7055adff4dd195e 0e8b9592a9954f838849ae28751dbf1f - - default default] Added segment 483f12be-cd79-4401-a612-8b22fec72713 of type geneve for network b84097d8-198c-441c-a079-cab581c4f61a
2026-06-15 21:27:47.758 8 INFO neutron.plugins.ml2.drivers.ovn.mech_driver.mech_driver [None req-be4c977d-f4a3-4fb4-a760-cdd138d1979d - - - - - -] OVN reports status down for port: 901d8626-4c83-422c-95c2-ee626878518a
2026-06-15 21:27:47.802 8 INFO neutron.db.ovn_revision_numbers_db [None req-6e4c290e-fbe9-4890-a382-6ffc237985e3 8e1f65524d7c4bb3896887e77554e5e5 b8a1c67e10c6483ebcd573548dc04e33 - - default default] Successfully bumped revision number for resource 901d8626-4c83-422c-95c2-ee626878518a (type: ports) to 1
2026-06-15 21:27:47.836 7 INFO neutron.db.ovn_revision_numbers_db [None req-4a760978-adcc-4625-b8dc-42e7a63c5412 bbcec8c8bc4c48aba7055adff4dd195e 0e8b9592a9954f838849ae28751dbf1f - - default default] Successfully bumped revision number for resource b84097d8-198c-441c-a079-cab581c4f61a (type: networks) to 1 [pid: 8|app: 0|req: 683/1504] 10.0.0.124 () {34 vars in 665 bytes} [Mon Jun 15 21:27:46 2026] POST /v2.0/ports => generated 952 bytes in 999 msecs (HTTP/1.1 201) 4 headers in 162 bytes (1 switches on core 0) /var/lib/openstack/lib/python3.12/site-packages/pycadf/identifier.py:70: UserWarning: Invalid uuid: neutron. To ensure interoperability, identifiers should be a valid uuid. warnings.warn(('Invalid uuid: %s. To ensure interoperability, ' [pid: 8|app: 0|req: 684/1505] 10.0.0.124 () {32 vars in 721 bytes} [Mon Jun 15 21:27:47 2026] GET /v2.0/subnets/0d59ac42-9a64-45f4-bf35-9a606b08a05d => generated 673 bytes in 24 msecs (HTTP/1.1 200) 4 headers in 157 bytes (1 switches on core 0) [pid: 8|app: 0|req: 685/1506] 10.0.0.233 () {34 vars in 990 bytes} [Mon Jun 15 21:27:47 2026] GET /v2.0/ports?device_id=6feb3200-dd43-4a7f-865a-c32c6fde3559 => generated 975 bytes in 53 msecs (HTTP/1.1 200) 4 headers in 157 bytes (1 switches on core 0)
2026-06-15 21:27:48.050 7 WARNING neutron.scheduler.dhcp_agent_scheduler [None req-4a760978-adcc-4625-b8dc-42e7a63c5412 bbcec8c8bc4c48aba7055adff4dd195e 0e8b9592a9954f838849ae28751dbf1f - - default default] No more DHCP agents
2026-06-15 21:27:48.052 7 WARNING neutron.api.rpc.agentnotifiers.dhcp_rpc_agent_api [None req-4a760978-adcc-4625-b8dc-42e7a63c5412 bbcec8c8bc4c48aba7055adff4dd195e 0e8b9592a9954f838849ae28751dbf1f - - default default] Unable to schedule network b84097d8-198c-441c-a079-cab581c4f61a: no agents available; will retry on subsequent port and subnet creation events.
2026-06-15 21:27:48.151 8 INFO neutron.plugins.ml2.drivers.ovn.mech_driver.mech_driver [None req-be4c977d-f4a3-4fb4-a760-cdd138d1979d - - - - - -] OVN reports status down for port: c561759b-0607-4df6-9399-c231d8f15d31
2026-06-15 21:27:48.170 7 INFO neutron.db.ovn_revision_numbers_db [None req-4a760978-adcc-4625-b8dc-42e7a63c5412 bbcec8c8bc4c48aba7055adff4dd195e 0e8b9592a9954f838849ae28751dbf1f - - default default] Successfully bumped revision number for resource c561759b-0607-4df6-9399-c231d8f15d31 (type: ports) to 1 [pid: 7|app: 0|req: 822/1507] 10.0.0.124 () {34 vars in 670 bytes} [Mon Jun 15 21:27:47 2026] POST /v2.0/networks => generated 729 bytes in 1065 msecs (HTTP/1.1 201) 4 headers in 162 bytes (1 switches on core 0)
2026-06-15 21:27:48.208 7 INFO neutron.pecan_wsgi.hooks.translation [None req-9f12052c-4701-439d-ab2d-7dba06925239 42fae2e948a84ffd952b2dc70c7082f5 586ce739c5a94248964015818165cf62 - - default default] DELETE failed (client error): The resource could not be found. [pid: 7|app: 0|req: 823/1508] 10.0.0.124 () {32 vars in 724 bytes} [Mon Jun 15 21:27:48 2026] DELETE /v2.0/subnets/c951d040-78a9-4626-ae66-8b116c9e7ef1 => generated 136 bytes in 15 msecs (HTTP/1.1 404) 4 headers in 164 bytes (1 switches on core 0) [pid: 7|app: 0|req: 824/1509] 10.0.0.233 () {34 vars in 1040 bytes} [Mon Jun 15 21:27:48 2026] GET /v2.0/security-groups?id=154152ed-225f-49fa-8f7c-65f2931af3c3&fields=id&fields=name => generated 113 bytes in 37 msecs (HTTP/1.1 200) 4 headers in 157 bytes (1 switches on core 0)
2026-06-15 21:27:48.385 7 WARNING neutron.scheduler.dhcp_agent_scheduler [None req-dfb611d3-eec9-4c21-a8f9-8578304fac18 bbcec8c8bc4c48aba7055adff4dd195e 0e8b9592a9954f838849ae28751dbf1f - - default default] No more DHCP agents
2026-06-15 21:27:48.387 7 WARNING neutron.api.rpc.agentnotifiers.dhcp_rpc_agent_api [None req-dfb611d3-eec9-4c21-a8f9-8578304fac18 bbcec8c8bc4c48aba7055adff4dd195e 0e8b9592a9954f838849ae28751dbf1f - - default default] Unable to schedule network b84097d8-198c-441c-a079-cab581c4f61a: no agents available; will retry on subsequent port and subnet creation events.
2026-06-15 21:27:48.619 8 INFO neutron.plugins.ml2.drivers.ovn.mech_driver.mech_driver [None req-be4c977d-f4a3-4fb4-a760-cdd138d1979d - - - - - -] OVN reports status up for port: 901d8626-4c83-422c-95c2-ee626878518a
2026-06-15 21:27:48.646 8 INFO neutron.plugins.ml2.plugin [None req-be4c977d-f4a3-4fb4-a760-cdd138d1979d - - - - - -] Attempt 1 to provision port 901d8626-4c83-422c-95c2-ee626878518a
2026-06-15 21:27:48.684 8 INFO neutron.db.ovn_revision_numbers_db [None req-731c93ca-5584-4670-a4c6-de3a4ed56c66 8e1f65524d7c4bb3896887e77554e5e5 b8a1c67e10c6483ebcd573548dc04e33 - - default default] Successfully bumped revision number for resource 901d8626-4c83-422c-95c2-ee626878518a (type: ports) to 2
2026-06-15 21:27:48.981 7 INFO neutron.db.ovn_revision_numbers_db [None req-1788ae36-3260-4b09-bbcb-00b61861557a - - - - - -] Successfully bumped revision number for resource c561759b-0607-4df6-9399-c231d8f15d31 (type: ports) to 2
2026-06-15 21:27:49.007 8 INFO neutron.notifiers.nova [-] Nova event matching ['req-5b33ff78-6e2e-49ef-aa45-b7a3a9292cb6'] response: {'server_uuid': '6feb3200-dd43-4a7f-865a-c32c6fde3559', 'name': 'network-vif-plugged', 'status': 'completed', 'tag': 'fd3f73f7-e25d-4d40-81ac-4b3e53542db2', 'code': 200}
2026-06-15 21:27:49.027 7 INFO neutron.db.ovn_revision_numbers_db [None req-1788ae36-3260-4b09-bbcb-00b61861557a - - - - - -] Successfully bumped revision number for resource 5d0df26c-d729-423e-b561-0bcd300715b8 (type: subnets) to 0 [pid: 7|app: 0|req: 825/1510] 10.0.0.124 () {34 vars in 669 bytes} [Mon Jun 15 21:27:48 2026] POST /v2.0/subnets => generated 644 bytes in 794 msecs (HTTP/1.1 201) 4 headers in 162 bytes (1 switches on core 0)
2026-06-15 21:27:49.053 7 INFO neutron.pecan_wsgi.hooks.translation [None req-b8af31a1-c609-42ca-9050-2e35bbc15fef 42fae2e948a84ffd952b2dc70c7082f5 586ce739c5a94248964015818165cf62 - - default default] DELETE failed (client error): The resource could not be found. [pid: 7|app: 0|req: 826/1511] 10.0.0.124 () {32 vars in 726 bytes} [Mon Jun 15 21:27:49 2026] DELETE /v2.0/networks/003b834b-5a04-4bf2-8a3a-4f360b90f0c1 => generated 138 bytes in 12 msecs (HTTP/1.1 404) 4 headers in 164 bytes (1 switches on core 0)
2026-06-15 21:27:49.058 7 WARNING neutron.api.v2.base [None req-e747a57b-1297-4e48-8f82-a497ca39bdce bbcec8c8bc4c48aba7055adff4dd195e 0e8b9592a9954f838849ae28751dbf1f - - default default] An exception happened while processing the request body. The exception message is [Invalid input for target_tenant. Reason: 'None' is not a valid string.].: webob.exc.HTTPBadRequest: Invalid input for target_tenant. Reason: 'None' is not a valid string.
2026-06-15 21:27:49.059 7 INFO neutron.api.v2.resource [None req-e747a57b-1297-4e48-8f82-a497ca39bdce bbcec8c8bc4c48aba7055adff4dd195e 0e8b9592a9954f838849ae28751dbf1f - - default default] create failed (client error): Invalid input for target_tenant. Reason: 'None' is not a valid string. [pid: 7|app: 0|req: 827/1512] 10.0.0.124 () {34 vars in 681 bytes} [Mon Jun 15 21:27:49 2026] POST /v2.0/rbac-policies => generated 143 bytes in 4 msecs (HTTP/1.1 400) 4 headers in 166 bytes (1 switches on core 0) [pid: 7|app: 0|req: 828/1513] 10.0.0.124 () {32 vars in 724 bytes} [Mon Jun 15 21:27:49 2026] DELETE /v2.0/subnets/0d59ac42-9a64-45f4-bf35-9a606b08a05d => generated 0 bytes in 190 msecs (HTTP/1.1 204) 3 headers in 131 bytes (1 switches on core 0)
2026-06-15 21:27:49.412 7 INFO neutron_taas.services.taas.taas_plugin [None req-e8f6c48e-471c-46f4-b8c3-43f4f690eed2 bbcec8c8bc4c48aba7055adff4dd195e 0e8b9592a9954f838849ae28751dbf1f - - default default] TaaS: Handle Delete Port: c561759b-0607-4df6-9399-c231d8f15d31
2026-06-15 21:27:49.415 7 INFO neutron_taas.services.taas.tap_mirror_plugin [None req-e8f6c48e-471c-46f4-b8c3-43f4f690eed2 bbcec8c8bc4c48aba7055adff4dd195e 0e8b9592a9954f838849ae28751dbf1f - - default default] Tap Mirror: Handle Delete Port: c561759b-0607-4df6-9399-c231d8f15d31
2026-06-15 21:27:49.718 8 INFO neutron.db.ovn_revision_numbers_db [None req-be4c977d-f4a3-4fb4-a760-cdd138d1979d - - - - - -] Successfully bumped revision number for resource 901d8626-4c83-422c-95c2-ee626878518a (type: ports) to 3
2026-06-15 21:27:49.774 7 INFO neutron.services.segments.plugin [-] Segment 483f12be-cd79-4401-a612-8b22fec72713 resource provider aggregate not found
2026-06-15 21:27:49.779 7 INFO neutron.services.segments.plugin [-] Segment 483f12be-cd79-4401-a612-8b22fec72713 resource provider aggregate not found
2026-06-15 21:27:49.798 7 INFO neutron.services.segments.plugin [-] Segment 483f12be-cd79-4401-a612-8b22fec72713 resource provider not found; error: Placement Client Error (4xx): {"errors": [{"status": 404, "title": "Not Found", "detail": "The resource could not be found.\n\n No resource provider with uuid 483f12be-cd79-4401-a612-8b22fec72713 found for delete ", "request_id": "req-45c05c51-b842-4140-92c0-81af1084b7d3"}]}
