2026-06-15 21:28:29.228 8 INFO neutron.db.ovn_revision_numbers_db [None req-02cf848c-4579-4c99-b866-69af7c94612c 8d9acc26dd4d41a88a912824d38d0c90 14b0857acd524f57969ff42419a2c212 - - default default] Successfully bumped revision number for resource 42c2b9f9-b6fe-4370-8143-f6691a582bd8 (type: router_ports) to 1 [pid: 7|app: 0|req: 945/1794] 10.0.0.124 () {32 vars in 740 bytes} [Mon Jun 15 21:28:28 2026] DELETE /v2.0/security-groups/4ab04617-90c2-4980-8d17-1c26723381ee => generated 0 bytes in 383 msecs (HTTP/1.1 204) 2 headers in 112 bytes (1 switches on core 0)
2026-06-15 21:28:29.378 8 INFO neutron.db.ovn_revision_numbers_db [None req-02cf848c-4579-4c99-b866-69af7c94612c 8d9acc26dd4d41a88a912824d38d0c90 14b0857acd524f57969ff42419a2c212 - - default default] Successfully bumped revision number for resource fa52a209-c48f-42f9-8309-15eabd3d4d7e (type: routers) to 2
2026-06-15 21:28:29.392 8 INFO neutron.plugins.ml2.drivers.ovn.mech_driver.mech_driver [None req-c6d71e60-21d6-4268-bab0-4ba283ac6a80 - - - - - -] OVN reports status up for port: 42c2b9f9-b6fe-4370-8143-f6691a582bd8 [pid: 8|app: 0|req: 850/1795] 10.0.0.124 () {34 vars in 669 bytes} [Mon Jun 15 21:28:27 2026] POST /v2.0/routers => generated 965 bytes in 2183 msecs (HTTP/1.1 201) 4 headers in 162 bytes (1 switches on core 0)
2026-06-15 21:28:29.424 8 INFO neutron.plugins.ml2.plugin [None req-c6d71e60-21d6-4268-bab0-4ba283ac6a80 - - - - - -] Attempt 1 to provision port 42c2b9f9-b6fe-4370-8143-f6691a582bd8 /var/lib/openstack/lib/python3.12/site-packages/pycadf/identifier.py:70: UserWarning: Invalid uuid: neutron. To ensure interoperability, identifiers should be a valid uuid. warnings.warn(('Invalid uuid: %s. To ensure interoperability, ' [pid: 8|app: 0|req: 851/1796] 10.0.0.233 () {34 vars in 1040 bytes} [Mon Jun 15 21:28:29 2026] GET /v2.0/security-groups?id=b0d19f4a-2dfc-4eac-b56d-01e05a7b6271&fields=id&fields=name => generated 113 bytes in 173 msecs (HTTP/1.1 200) 4 headers in 157 bytes (1 switches on core 0)
2026-06-15 21:28:29.769 7 WARNING neutron.scheduler.dhcp_agent_scheduler [None req-8f91e740-b84f-4dd0-832c-f4174363753e 1b5d1bad9e264dfc96841abac66c0335 8c12ef389e94471787dfd91cefe3d8cf - - default default] No more DHCP agents
2026-06-15 21:28:29.770 7 WARNING neutron.api.rpc.agentnotifiers.dhcp_rpc_agent_api [None req-8f91e740-b84f-4dd0-832c-f4174363753e 1b5d1bad9e264dfc96841abac66c0335 8c12ef389e94471787dfd91cefe3d8cf - - default default] Unable to schedule network 9eff105d-e811-4d80-a23f-efe400aad4e3: no agents available; will retry on subsequent port and subnet creation events.
2026-06-15 21:28:29.916 7 INFO neutron.db.ovn_revision_numbers_db [None req-8f91e740-b84f-4dd0-832c-f4174363753e 1b5d1bad9e264dfc96841abac66c0335 8c12ef389e94471787dfd91cefe3d8cf - - default default] Successfully bumped revision number for resource 57aedf9a-2942-4de6-bc87-f733630ffca0 (type: ports) to 1
2026-06-15 21:28:29.995 8 INFO neutron.notifiers.nova [-] Nova event matching ['req-72e721f0-ffd3-4f5b-879b-dbd7397fc658'] response: {'server_uuid': '5ac03d15-0ec3-450f-8cab-338c6834ccc3', 'name': 'network-vif-plugged', 'status': 'completed', 'tag': 'f4743abe-df3b-4694-936a-aa651e616551', 'code': 200}
2026-06-15 21:28:30.354 8 WARNING neutron.scheduler.dhcp_agent_scheduler [None req-5ac83718-257a-44d2-acf9-84068b82253b 8d9acc26dd4d41a88a912824d38d0c90 14b0857acd524f57969ff42419a2c212 - - default default] No more DHCP agents
2026-06-15 21:28:30.356 8 WARNING neutron.api.rpc.agentnotifiers.dhcp_rpc_agent_api [None req-5ac83718-257a-44d2-acf9-84068b82253b 8d9acc26dd4d41a88a912824d38d0c90 14b0857acd524f57969ff42419a2c212 - - default default] Unable to schedule network e593db75-4c4b-4117-bd7b-f4397ef2cbdf: no agents available; will retry on subsequent port and subnet creation events.
2026-06-15 21:28:30.586 8 INFO neutron.db.ovn_revision_numbers_db [None req-5ac83718-257a-44d2-acf9-84068b82253b 8d9acc26dd4d41a88a912824d38d0c90 14b0857acd524f57969ff42419a2c212 - - default default] Successfully bumped revision number for resource e2dd4257-94b4-4749-a8e8-935c0e01436f (type: ports) to 1
2026-06-15 21:28:30.599 7 INFO neutron.plugins.ml2.drivers.ovn.mech_driver.ovsdb.commands [-] Schedule LRP lrp-57aedf9a-2942-4de6-bc87-f733630ffca0 on gateway 2e4789d7-8f06-4b67-99e8-825d01b7043e with priority 1
2026-06-15 21:28:30.737 7 INFO neutron.db.ovn_revision_numbers_db [None req-8f91e740-b84f-4dd0-832c-f4174363753e 1b5d1bad9e264dfc96841abac66c0335 8c12ef389e94471787dfd91cefe3d8cf - - default default] Successfully bumped revision number for resource 57aedf9a-2942-4de6-bc87-f733630ffca0 (type: router_ports) to 1
2026-06-15 21:28:30.827 8 INFO neutron.db.ovn_revision_numbers_db [None req-3ff923f2-6e11-41d7-9110-72e794612b28 - - - - - -] Successfully bumped revision number for resource 42c2b9f9-b6fe-4370-8143-f6691a582bd8 (type: ports) to 4
2026-06-15 21:28:30.829 7 INFO neutron.db.ovn_revision_numbers_db [None req-8f91e740-b84f-4dd0-832c-f4174363753e 1b5d1bad9e264dfc96841abac66c0335 8c12ef389e94471787dfd91cefe3d8cf - - default default] Successfully bumped revision number for resource 0d0980b7-7d1e-44d3-be39-603b748a547f (type: routers) to 2 [pid: 7|app: 0|req: 946/1797] 10.0.0.124 () {34 vars in 669 bytes} [Mon Jun 15 21:28:29 2026] POST /v2.0/routers => generated 955 bytes in 1491 msecs (HTTP/1.1 201) 4 headers in 162 bytes (1 switches on core 0) [pid: 7|app: 0|req: 947/1798] 10.0.0.233 () {34 vars in 990 bytes} [Mon Jun 15 21:28:30 2026] GET /v2.0/ports?device_id=5ac03d15-0ec3-450f-8cab-338c6834ccc3 => generated 975 bytes in 51 msecs (HTTP/1.1 200) 4 headers in 157 bytes (1 switches on core 0) [pid: 7|app: 0|req: 948/1799] 10.0.0.124 () {32 vars in 776 bytes} [Mon Jun 15 21:28:30 2026] GET /v2.0/subnets?project_id=8c12ef389e94471787dfd91cefe3d8cf&cidr=10.100.0.0%2F28 => generated 14 bytes in 195 msecs (HTTP/1.1 200) 4 headers in 156 bytes (1 switches on core 0) [pid: 7|app: 0|req: 949/1800] 10.0.0.233 () {34 vars in 1040 bytes} [Mon Jun 15 21:28:31 2026] GET /v2.0/security-groups?id=b0d19f4a-2dfc-4eac-b56d-01e05a7b6271&fields=id&fields=name => generated 113 bytes in 33 msecs (HTTP/1.1 200) 4 headers in 157 bytes (1 switches on core 0) [pid: 7|app: 0|req: 950/1801] 10.0.0.124 () {32 vars in 694 bytes} [Mon Jun 15 21:28:31 2026] GET /v2.0/networks?router%3Aexternal=True => generated 753 bytes in 51 msecs (HTTP/1.1 200) 4 headers in 157 bytes (1 switches on core 0) [pid: 7|app: 0|req: 951/1802] 10.0.0.233 () {34 vars in 990 bytes} [Mon Jun 15 21:28:31 2026] GET /v2.0/ports?device_id=5ac03d15-0ec3-450f-8cab-338c6834ccc3 => generated 975 bytes in 25 msecs (HTTP/1.1 200) 4 headers in 157 bytes (1 switches on core 0) [pid: 7|app: 0|req: 952/1803] 10.0.0.124 () {32 vars in 784 bytes} [Mon Jun 15 21:28:31 2026] GET /v2.0/subnets?network_id=9eff105d-e811-4d80-a23f-efe400aad4e3&cidr=10.100.0.0%2F28 => generated 14 bytes in 21 msecs (HTTP/1.1 200) 4 headers in 156 bytes (1 switches on core 0)
2026-06-15 21:28:31.387 8 INFO neutron.db.ovn_revision_numbers_db [None req-3ff923f2-6e11-41d7-9110-72e794612b28 - - - - - -] Successfully bumped revision number for resource 42c2b9f9-b6fe-4370-8143-f6691a582bd8 (type: ports) to 5
2026-06-15 21:28:31.553 8 INFO neutron.plugins.ml2.drivers.ovn.mech_driver.ovsdb.ovsdb_monitor [None req-3ff923f2-6e11-41d7-9110-72e794612b28 - - - - - -] Router 0d0980b7-7d1e-44d3-be39-603b748a547f is bound to host instance
2026-06-15 21:28:31.708 7 INFO neutron.db.ovn_revision_numbers_db [None req-6d2b6c75-677c-492f-bae8-ea88694a5ccf 33805f15578d48f7942bf88dfa2db33a a45b02068b124d62ab939d6a6a7eb01c - - default default] Successfully bumped revision number for resource d4f4cf9e-76d2-47ed-a673-dfaa486739d9 (type: floatingips) to 1
2026-06-15 21:28:31.856 7 INFO neutron.db.ovn_revision_numbers_db [None req-6d2b6c75-677c-492f-bae8-ea88694a5ccf 33805f15578d48f7942bf88dfa2db33a a45b02068b124d62ab939d6a6a7eb01c - - default default] Successfully bumped revision number for resource d4f4cf9e-76d2-47ed-a673-dfaa486739d9 (type: floatingips) to 2
2026-06-15 21:28:31.856 7 INFO neutron.db.l3_db [None req-6d2b6c75-677c-492f-bae8-ea88694a5ccf 33805f15578d48f7942bf88dfa2db33a a45b02068b124d62ab939d6a6a7eb01c - - default default] Floating IP d4f4cf9e-76d2-47ed-a673-dfaa486739d9 associated. External IP: 10.96.250.219, port: f4743abe-df3b-4694-936a-aa651e616551. [pid: 7|app: 0|req: 953/1804] 10.0.0.124 () {34 vars in 749 bytes} [Mon Jun 15 21:28:31 2026] PUT /v2.0/floatingips/d4f4cf9e-76d2-47ed-a673-dfaa486739d9 => generated 856 bytes in 649 msecs (HTTP/1.1 200) 4 headers in 157 bytes (1 switches on core 0)
2026-06-15 21:28:31.912 7 INFO neutron.notifiers.nova [-] Nova event matching ['req-c1666817-a740-488d-86e7-032390831401'] response: {'name': 'network-changed', 'server_uuid': '5ac03d15-0ec3-450f-8cab-338c6834ccc3', 'tag': 'f4743abe-df3b-4694-936a-aa651e616551', 'status': 'completed', 'code': 200}
2026-06-15 21:28:31.919 8 WARNING neutron.scheduler.dhcp_agent_scheduler [None req-5ac83718-257a-44d2-acf9-84068b82253b 8d9acc26dd4d41a88a912824d38d0c90 14b0857acd524f57969ff42419a2c212 - - default default] No more DHCP agents
2026-06-15 21:28:31.927 8 WARNING neutron.api.rpc.agentnotifiers.dhcp_rpc_agent_api [None req-5ac83718-257a-44d2-acf9-84068b82253b 8d9acc26dd4d41a88a912824d38d0c90 14b0857acd524f57969ff42419a2c212 - - default default] Unable to schedule network e593db75-4c4b-4117-bd7b-f4397ef2cbdf: no agents available; will retry on subsequent port and subnet creation events.
2026-06-15 21:28:32.072 7 WARNING neutron.scheduler.dhcp_agent_scheduler [None req-50ca3078-e280-4ecf-8cc2-4e0237db6761 1b5d1bad9e264dfc96841abac66c0335 8c12ef389e94471787dfd91cefe3d8cf - - default default] No more DHCP agents
2026-06-15 21:28:32.073 7 WARNING neutron.api.rpc.agentnotifiers.dhcp_rpc_agent_api [None req-50ca3078-e280-4ecf-8cc2-4e0237db6761 1b5d1bad9e264dfc96841abac66c0335 8c12ef389e94471787dfd91cefe3d8cf - - default default] Unable to schedule network 89280465-6c2c-4189-9530-b48e14d23b8c: no agents available; will retry on subsequent port and subnet creation events.
2026-06-15 21:28:32.145 8 INFO neutron.plugins.ml2.drivers.ovn.mech_driver.mech_driver [None req-c6d71e60-21d6-4268-bab0-4ba283ac6a80 - - - - - -] OVN reports status down for port: 57aedf9a-2942-4de6-bc87-f733630ffca0
2026-06-15 21:28:32.389 8 WARNING neutron.plugins.ml2.drivers.ovn.mech_driver.ovsdb.ovn_client [None req-c6d71e60-21d6-4268-bab0-4ba283ac6a80 - - - - - -] Logical_Switch_Port 57aedf9a-2942-4de6-bc87-f733630ffca0 host information not removed, the port state is up
2026-06-15 21:28:32.390 8 INFO neutron.plugins.ml2.drivers.ovn.mech_driver.mech_driver [None req-c6d71e60-21d6-4268-bab0-4ba283ac6a80 - - - - - -] OVN reports status down for port: e2dd4257-94b4-4749-a8e8-935c0e01436f
2026-06-15 21:28:32.581 7 INFO neutron.db.ovn_revision_numbers_db [None req-263fcd9c-c3f8-4f85-8e70-86dd6c8fff0b - - - - - -] Successfully bumped revision number for resource d30ba23a-9d57-4373-868b-849d67501ef2 (type: ports) to 2
2026-06-15 21:28:32.622 7 INFO neutron.db.ovn_revision_numbers_db [None req-263fcd9c-c3f8-4f85-8e70-86dd6c8fff0b - - - - - -] Successfully bumped revision number for resource 24c43f51-9312-4a4b-bd54-be1d5a41026d (type: subnets) to 0
2026-06-15 21:28:32.627 8 WARNING neutron.plugins.ml2.drivers.ovn.mech_driver.ovsdb.ovn_client [None req-c6d71e60-21d6-4268-bab0-4ba283ac6a80 - - - - - -] Logical_Switch_Port e2dd4257-94b4-4749-a8e8-935c0e01436f host information not removed, the port state is up
2026-06-15 21:28:32.627 8 INFO neutron.plugins.ml2.drivers.ovn.mech_driver.mech_driver [None req-c6d71e60-21d6-4268-bab0-4ba283ac6a80 - - - - - -] OVN reports status up for port: 57aedf9a-2942-4de6-bc87-f733630ffca0 [pid: 7|app: 0|req: 954/1805] 10.0.0.124 () {34 vars in 669 bytes} [Mon Jun 15 21:28:31 2026] POST /v2.0/subnets => generated 656 bytes in 771 msecs (HTTP/1.1 201) 4 headers in 162 bytes (1 switches on core 0)
2026-06-15 21:28:32.681 8 INFO neutron.plugins.ml2.plugin [None req-c6d71e60-21d6-4268-bab0-4ba283ac6a80 - - - - - -] Attempt 1 to provision port 57aedf9a-2942-4de6-bc87-f733630ffca0 [pid: 7|app: 0|req: 955/1806] 10.0.0.233 () {34 vars in 990 bytes} [Mon Jun 15 21:28:32 2026] GET /v2.0/ports?device_id=5ac03d15-0ec3-450f-8cab-338c6834ccc3 => generated 975 bytes in 40 msecs (HTTP/1.1 200) 4 headers in 157 bytes (1 switches on core 0) [pid: 7|app: 0|req: 956/1807] 199.19.213.128 () {34 vars in 1080 bytes} [Mon Jun 15 21:28:32 2026] GET /v2.0/ports?tenant_id=a45b02068b124d62ab939d6a6a7eb01c&device_id=5ac03d15-0ec3-450f-8cab-338c6834ccc3 => generated 1213 bytes in 35 msecs (HTTP/1.1 200) 4 headers in 158 bytes (1 switches on core 0)
2026-06-15 21:28:32.923 8 INFO neutron.plugins.ml2.drivers.ovn.mech_driver.mech_driver [None req-c6d71e60-21d6-4268-bab0-4ba283ac6a80 - - - - - -] OVN reports status up for port: e2dd4257-94b4-4749-a8e8-935c0e01436f
2026-06-15 21:28:32.990 8 INFO neutron.plugins.ml2.plugin [None req-c6d71e60-21d6-4268-bab0-4ba283ac6a80 - - - - - -] Attempt 1 to provision port e2dd4257-94b4-4749-a8e8-935c0e01436f
2026-06-15 21:28:33.240 7 WARNING neutron.scheduler.dhcp_agent_scheduler [None req-fd3735cc-821f-4ede-8025-7fcd090a5125 1b5d1bad9e264dfc96841abac66c0335 8c12ef389e94471787dfd91cefe3d8cf - - default default] No more DHCP agents
2026-06-15 21:28:33.241 7 WARNING neutron.api.rpc.agentnotifiers.dhcp_rpc_agent_api [None req-fd3735cc-821f-4ede-8025-7fcd090a5125 1b5d1bad9e264dfc96841abac66c0335 8c12ef389e94471787dfd91cefe3d8cf - - default default] Unable to schedule network 89280465-6c2c-4189-9530-b48e14d23b8c: no agents available; will retry on subsequent port and subnet creation events.
2026-06-15 21:28:33.403 7 INFO neutron.db.ovn_revision_numbers_db [None req-fd3735cc-821f-4ede-8025-7fcd090a5125 1b5d1bad9e264dfc96841abac66c0335 8c12ef389e94471787dfd91cefe3d8cf - - default default] Successfully bumped revision number for resource 8e96e87f-32d0-43cd-9e58-3d1396859da3 (type: ports) to 1
2026-06-15 21:28:33.822 8 INFO neutron.db.ovn_revision_numbers_db [None req-5ac83718-257a-44d2-acf9-84068b82253b 8d9acc26dd4d41a88a912824d38d0c90 14b0857acd524f57969ff42419a2c212 - - default default] Successfully bumped revision number for resource e2dd4257-94b4-4749-a8e8-935c0e01436f (type: router_ports) to 1 [pid: 8|app: 0|req: 852/1808] 10.0.0.124 () {34 vars in 783 bytes} [Mon Jun 15 21:28:29 2026] PUT /v2.0/routers/fa52a209-c48f-42f9-8309-15eabd3d4d7e/add_router_interface => generated 309 bytes in 4236 msecs (HTTP/1.1 200) 4 headers in 157 bytes (1 switches on core 0) [pid: 8|app: 0|req: 853/1809] 10.0.0.233 () {34 vars in 1040 bytes} [Mon Jun 15 21:28:33 2026] GET /v2.0/security-groups?id=b0d19f4a-2dfc-4eac-b56d-01e05a7b6271&fields=id&fields=name => generated 113 bytes in 83 msecs (HTTP/1.1 200) 4 headers in 157 bytes (1 switches on core 0) [pid: 8|app: 0|req: 854/1810] 199.19.213.128 () {34 vars in 986 bytes} [Mon Jun 15 21:28:33 2026] GET /v2.0/networks?id=62e4ec80-695d-4f8c-8530-d0f17706ae89 => generated 775 bytes in 188 msecs (HTTP/1.1 200) 4 headers in 157 bytes (1 switches on core 0)
2026-06-15 21:28:34.166 8 INFO neutron.db.ovn_revision_numbers_db [None req-c8af55ed-4003-4637-aa45-ba6555ebeed9 - - - - - -] Successfully bumped revision number for resource 57aedf9a-2942-4de6-bc87-f733630ffca0 (type: ports) to 4
2026-06-15 21:28:34.243 7 WARNING neutron.scheduler.dhcp_agent_scheduler [None req-fd3735cc-821f-4ede-8025-7fcd090a5125 1b5d1bad9e264dfc96841abac66c0335 8c12ef389e94471787dfd91cefe3d8cf - - default default] No more DHCP agents
2026-06-15 21:28:34.244 7 WARNING neutron.api.rpc.agentnotifiers.dhcp_rpc_agent_api [None req-fd3735cc-821f-4ede-8025-7fcd090a5125 1b5d1bad9e264dfc96841abac66c0335 8c12ef389e94471787dfd91cefe3d8cf - - default default] Unable to schedule network 89280465-6c2c-4189-9530-b48e14d23b8c: no agents available; will retry on subsequent port and subnet creation events.
2026-06-15 21:28:34.383 8 INFO neutron.db.ovn_revision_numbers_db [None req-c6d71e60-21d6-4268-bab0-4ba283ac6a80 - - - - - -] Successfully bumped revision number for resource e2dd4257-94b4-4749-a8e8-935c0e01436f (type: ports) to 2
2026-06-15 21:28:34.676 7 INFO neutron.db.ovn_revision_numbers_db [None req-fd3735cc-821f-4ede-8025-7fcd090a5125 1b5d1bad9e264dfc96841abac66c0335 8c12ef389e94471787dfd91cefe3d8cf - - default default] Successfully bumped revision number for resource 8e96e87f-32d0-43cd-9e58-3d1396859da3 (type: router_ports) to 1 [pid: 7|app: 0|req: 957/1811] 10.0.0.124 () {34 vars in 783 bytes} [Mon Jun 15 21:28:32 2026] PUT /v2.0/routers/0d0980b7-7d1e-44d3-be39-603b748a547f/add_router_interface => generated 309 bytes in 1951 msecs (HTTP/1.1 200) 4 headers in 157 bytes (1 switches on core 0) [pid: 7|app: 0|req: 958/1812] 199.19.213.128 () {34 vars in 1060 bytes} [Mon Jun 15 21:28:34 2026] GET /v2.0/floatingips?fixed_ip_address=10.100.0.10&port_id=f4743abe-df3b-4694-936a-aa651e616551 => generated 861 bytes in 38 msecs (HTTP/1.1 200) 4 headers in 157 bytes (1 switches on core 0) [pid: 7|app: 0|req: 959/1813] 10.0.0.233 () {34 vars in 990 bytes} [Mon Jun 15 21:28:34 2026] GET /v2.0/ports?device_id=5ac03d15-0ec3-450f-8cab-338c6834ccc3 => generated 975 bytes in 66 msecs (HTTP/1.1 200) 4 headers in 157 bytes (1 switches on core 0)
2026-06-15 21:28:34.811 8 INFO neutron.db.ovn_revision_numbers_db [None req-73ad49c2-7db0-4463-865f-3c5d529bb5b8 685aa3e3e9404ca488b35769207379e4 287c009bc75e47e0ae01bfc9ee06bb65 - - default default] Successfully bumped revision number for resource cf2f680b-c811-460f-b6ed-48ad4c9b3cde (type: security_groups) to 1 [pid: 7|app: 0|req: 960/1814] 10.0.0.124 () {32 vars in 649 bytes} [Mon Jun 15 21:28:34 2026] GET /v2.0/networks => generated 4437 bytes in 49 msecs (HTTP/1.1 200) 4 headers in 158 bytes (1 switches on core 0)
2026-06-15 21:28:34.842 8 INFO neutron.db.ovn_revision_numbers_db [None req-73ad49c2-7db0-4463-865f-3c5d529bb5b8 685aa3e3e9404ca488b35769207379e4 287c009bc75e47e0ae01bfc9ee06bb65 - - default default] Successfully bumped revision number for resource 34b6ff2f-6bbf-439e-8cab-616922c8b56e (type: security_group_rules) to 0 [pid: 7|app: 0|req: 961/1815] 199.19.213.128 () {34 vars in 984 bytes} [Mon Jun 15 21:28:34 2026] GET /v2.0/subnets?id=c73d863a-22bb-4507-b0be-bc206c802d05 => generated 694 bytes in 21 msecs (HTTP/1.1 200) 4 headers in 157 bytes (1 switches on core 0)
2026-06-15 21:28:34.866 8 INFO neutron.db.ovn_revision_numbers_db [None req-73ad49c2-7db0-4463-865f-3c5d529bb5b8 685aa3e3e9404ca488b35769207379e4 287c009bc75e47e0ae01bfc9ee06bb65 - - default default] Successfully bumped revision number for resource 4d861a20-2715-4a8d-bbcc-0f614a082f7a (type: security_group_rules) to 0 [pid: 7|app: 0|req: 962/1816] 10.0.0.233 () {34 vars in 1040 bytes} [Mon Jun 15 21:28:34 2026] GET /v2.0/security-groups?id=b0d19f4a-2dfc-4eac-b56d-01e05a7b6271&fields=id&fields=name => generated 113 bytes in 25 msecs (HTTP/1.1 200) 4 headers in 157 bytes (1 switches on core 0)
2026-06-15 21:28:34.884 8 INFO neutron.db.ovn_revision_numbers_db [None req-73ad49c2-7db0-4463-865f-3c5d529bb5b8 685aa3e3e9404ca488b35769207379e4 287c009bc75e47e0ae01bfc9ee06bb65 - - default default] Successfully bumped revision number for resource 83de8337-43e3-44ac-8003-58ff91b7cd26 (type: security_group_rules) to 0
2026-06-15 21:28:34.911 8 INFO neutron.db.ovn_revision_numbers_db [None req-73ad49c2-7db0-4463-865f-3c5d529bb5b8 685aa3e3e9404ca488b35769207379e4 287c009bc75e47e0ae01bfc9ee06bb65 - - default default] Successfully bumped revision number for resource e34924de-34b3-4937-946b-fad8de589f2a (type: security_group_rules) to 0 [pid: 7|app: 0|req: 963/1817] 10.0.0.124 () {32 vars in 647 bytes} [Mon Jun 15 21:28:34 2026] GET /v2.0/subnets => generated 3330 bytes in 38 msecs (HTTP/1.1 200) 4 headers in 158 bytes (1 switches on core 0) [pid: 7|app: 0|req: 964/1818] 199.19.213.128 () {34 vars in 1052 bytes} [Mon Jun 15 21:28:34 2026] GET /v2.0/ports?network_id=62e4ec80-695d-4f8c-8530-d0f17706ae89&device_owner=network%3Adhcp => generated 12 bytes in 16 msecs (HTTP/1.1 200) 4 headers in 156 bytes (1 switches on core 0)
2026-06-15 21:28:35.016 8 INFO neutron.db.segments_db [None req-73ad49c2-7db0-4463-865f-3c5d529bb5b8 685aa3e3e9404ca488b35769207379e4 287c009bc75e47e0ae01bfc9ee06bb65 - - default default] Added segment e20f718a-4cfe-4c5b-8024-bb57d41911e1 of type geneve for network 9fed6e5a-6003-41f5-a1b2-fd97470025e8 [pid: 7|app: 0|req: 965/1819] 10.0.0.124 () {32 vars in 647 bytes} [Mon Jun 15 21:28:34 2026] GET /v2.0/routers => generated 2902 bytes in 88 msecs (HTTP/1.1 200) 4 headers in 158 bytes (1 switches on core 0) [pid: 7|app: 0|req: 966/1820] 199.19.213.128 () {34 vars in 1012 bytes} [Mon Jun 15 21:28:35 2026] GET /v2.0/networks/62e4ec80-695d-4f8c-8530-d0f17706ae89?fields=segments => generated 14 bytes in 34 msecs (HTTP/1.1 200) 4 headers in 156 bytes (1 switches on core 0)
2026-06-15 21:28:35.076 8 INFO neutron.db.ovn_revision_numbers_db [None req-c8af55ed-4003-4637-aa45-ba6555ebeed9 - - - - - -] Successfully bumped revision number for resource 57aedf9a-2942-4de6-bc87-f733630ffca0 (type: ports) to 5
2026-06-15 21:28:35.221 7 INFO neutron.db.ovn_revision_numbers_db [None req-6dcbb4f6-4cb7-4319-9ec3-71662e24171a 1b5d1bad9e264dfc96841abac66c0335 8c12ef389e94471787dfd91cefe3d8cf - - default default] Successfully bumped revision number for resource 8fe574a5-3462-4f4a-bc13-8cfad4cd5cfb (type: security_groups) to 1
2026-06-15 21:28:35.240 7 INFO neutron.db.ovn_revision_numbers_db [None req-6dcbb4f6-4cb7-4319-9ec3-71662e24171a 1b5d1bad9e264dfc96841abac66c0335 8c12ef389e94471787dfd91cefe3d8cf - - default default] Successfully bumped revision number for resource 1e24d9eb-b63f-4620-8a47-6b955b288f0c (type: security_group_rules) to 0
2026-06-15 21:28:35.254 7 INFO neutron.db.ovn_revision_numbers_db [None req-6dcbb4f6-4cb7-4319-9ec3-71662e24171a 1b5d1bad9e264dfc96841abac66c0335 8c12ef389e94471787dfd91cefe3d8cf - - default default] Successfully bumped revision number for resource 8ea39ef2-7ccc-477a-9d38-3e7f995b5a88 (type: security_group_rules) to 0
2026-06-15 21:28:35.275 8 INFO neutron.db.ovn_revision_numbers_db [None req-73ad49c2-7db0-4463-865f-3c5d529bb5b8 685aa3e3e9404ca488b35769207379e4 287c009bc75e47e0ae01bfc9ee06bb65 - - default default] Successfully bumped revision number for resource 9fed6e5a-6003-41f5-a1b2-fd97470025e8 (type: networks) to 1 [pid: 7|app: 0|req: 967/1821] 10.0.0.124 () {34 vars in 685 bytes} [Mon Jun 15 21:28:35 2026] POST /v2.0/security-groups => generated 1675 bytes in 221 msecs (HTTP/1.1 201) 4 headers in 163 bytes (1 switches on core 0) [pid: 7|app: 0|req: 968/1822] 199.19.213.128 () {34 vars in 1112 bytes} [Mon Jun 15 21:28:35 2026] GET /v2.0/networks/62e4ec80-695d-4f8c-8530-d0f17706ae89?fields=provider%3Aphysical_network&fields=provider%3Anetwork_type => generated 79 bytes in 30 msecs (HTTP/1.1 200) 4 headers in 156 bytes (1 switches on core 0)
2026-06-15 21:28:35.457 7 INFO neutron.db.ovn_revision_numbers_db [None req-ffa54fde-c7a6-4822-a637-6f72ad4af158 1b5d1bad9e264dfc96841abac66c0335 8c12ef389e94471787dfd91cefe3d8cf - - default default] Successfully bumped revision number for resource 1116c562-d334-4b72-86c6-4415e99dce89 (type: security_group_rules) to 0
2026-06-15 21:28:35.472 8 WARNING neutron.scheduler.dhcp_agent_scheduler [None req-73ad49c2-7db0-4463-865f-3c5d529bb5b8 685aa3e3e9404ca488b35769207379e4 287c009bc75e47e0ae01bfc9ee06bb65 - - default default] No more DHCP agents
2026-06-15 21:28:35.477 8 WARNING neutron.api.rpc.agentnotifiers.dhcp_rpc_agent_api [None req-73ad49c2-7db0-4463-865f-3c5d529bb5b8 685aa3e3e9404ca488b35769207379e4 287c009bc75e47e0ae01bfc9ee06bb65 - - default default] Unable to schedule network 9fed6e5a-6003-41f5-a1b2-fd97470025e8: no agents available; will retry on subsequent port and subnet creation events. [pid: 7|app: 0|req: 969/1823] 10.0.0.124 () {34 vars in 695 bytes} [Mon Jun 15 21:28:35 2026] POST /v2.0/security-group-rules => generated 597 bytes in 165 msecs (HTTP/1.1 201) 4 headers in 162 bytes (1 switches on core 0)
2026-06-15 21:28:35.584 8 INFO neutron.db.ovn_revision_numbers_db [None req-73ad49c2-7db0-4463-865f-3c5d529bb5b8 685aa3e3e9404ca488b35769207379e4 287c009bc75e47e0ae01bfc9ee06bb65 - - default default] Successfully bumped revision number for resource 8130ab2d-a2cc-4b94-9657-030aa62fb9c3 (type: ports) to 1 [pid: 8|app: 0|req: 855/1826] 10.0.0.124 () {34 vars in 670 bytes} [Mon Jun 15 21:28:34 2026] POST /v2.0/networks => generated 632 bytes in 1498 msecs (HTTP/1.1 201) 4 headers in 162 bytes (1 switches on core 0)
2026-06-15 21:28:35.668 7 INFO neutron.db.ovn_revision_numbers_db [None req-c85b19f4-6df0-4e5e-9302-c9342615e284 1b5d1bad9e264dfc96841abac66c0335 8c12ef389e94471787dfd91cefe3d8cf - - default default] Successfully bumped revision number for resource 4ce7af22-548a-42be-a652-015b8c525790 (type: security_group_rules) to 0 [pid: 7|app: 0|req: 972/1827] 10.0.0.124 () {34 vars in 695 bytes} [Mon Jun 15 21:28:35 2026] POST /v2.0/security-group-rules => generated 596 bytes in 198 msecs (HTTP/1.1 201) 4 headers in 162 bytes (1 switches on core 0)
2026-06-15 21:28:35.789 8 WARNING neutron.scheduler.dhcp_agent_scheduler [None req-8575d061-78fe-488e-b4b1-4fa1f1bcf70a 685aa3e3e9404ca488b35769207379e4 287c009bc75e47e0ae01bfc9ee06bb65 - - default default] No more DHCP agents
2026-06-15 21:28:35.791 8 WARNING neutron.api.rpc.agentnotifiers.dhcp_rpc_agent_api [None req-8575d061-78fe-488e-b4b1-4fa1f1bcf70a 685aa3e3e9404ca488b35769207379e4 287c009bc75e47e0ae01bfc9ee06bb65 - - default default] Unable to schedule network 9fed6e5a-6003-41f5-a1b2-fd97470025e8: no agents available; will retry on subsequent port and subnet creation events.
2026-06-15 21:28:35.835 7 INFO neutron.db.ovn_revision_numbers_db [None req-b9b0596e-5dab-4a9a-8226-27886d049b8a 1b5d1bad9e264dfc96841abac66c0335 8c12ef389e94471787dfd91cefe3d8cf - - default default] Successfully bumped revision number for resource 9915a0ed-6483-424f-96ce-3fc62410b150 (type: security_group_rules) to 0 [pid: 7|app: 0|req: 973/1828] 10.0.0.124 () {34 vars in 695 bytes} [Mon Jun 15 21:28:35 2026] POST /v2.0/security-group-rules => generated 602 bytes in 167 msecs (HTTP/1.1 201) 4 headers in 162 bytes (1 switches on core 0)
2026-06-15 21:28:36.011 7 INFO neutron.db.ovn_revision_numbers_db [None req-87084d03-b47e-4886-954d-167b95007f78 1b5d1bad9e264dfc96841abac66c0335 8c12ef389e94471787dfd91cefe3d8cf - - default default] Successfully bumped revision number for resource b1262ca3-cfb2-46f0-ab46-1b8799d340fa (type: security_group_rules) to 0 [pid: 7|app: 0|req: 974/1829] 10.0.0.124 () {34 vars in 695 bytes} [Mon Jun 15 21:28:35 2026] POST /v2.0/security-group-rules => generated 601 bytes in 166 msecs (HTTP/1.1 201) 4 headers in 162 bytes (1 switches on core 0) [pid: 7|app: 0|req: 975/1830] 10.0.0.233 () {34 vars in 982 bytes} [Mon Jun 15 21:28:36 2026] GET /v2.0/networks?id=e593db75-4c4b-4117-bd7b-f4397ef2cbdf => generated 672 bytes in 44 msecs (HTTP/1.1 200) 4 headers in 157 bytes (1 switches on core 0) [pid: 7|app: 0|req: 976/1831] 10.0.0.233 () {34 vars in 990 bytes} [Mon Jun 15 21:28:36 2026] GET /v2.0/ports?device_id=5ac03d15-0ec3-450f-8cab-338c6834ccc3 => generated 975 bytes in 30 msecs (HTTP/1.1 200) 4 headers in 157 bytes (1 switches on core 0)
2026-06-15 21:28:36.145 7 INFO neutron.db.securitygroups_db [None req-0cc75fdb-c2b8-42e7-9e4a-486a54a0dc90 1b5d1bad9e264dfc96841abac66c0335 8c12ef389e94471787dfd91cefe3d8cf - - default default] Project 8c12ef389e94471787dfd91cefe3d8cf added a security group rule with legacy IPv6 ICMP protocol name icmp, ipv6-icmp should be used instead. It was automatically converted.
2026-06-15 21:28:36.251 8 INFO neutron.db.ovn_revision_numbers_db [None req-d53600bd-ce71-4314-a4d2-68e589487ba9 - - - - - -] Successfully bumped revision number for resource 8130ab2d-a2cc-4b94-9657-030aa62fb9c3 (type: ports) to 2
2026-06-15 21:28:36.275 8 INFO neutron.db.ovn_revision_numbers_db [None req-d53600bd-ce71-4314-a4d2-68e589487ba9 - - - - - -] Successfully bumped revision number for resource f3d24eba-8e06-4782-b2c1-1d66b4610e74 (type: subnets) to 0 [pid: 8|app: 0|req: 856/1832] 10.0.0.124 () {34 vars in 669 bytes} [Mon Jun 15 21:28:35 2026] POST /v2.0/subnets => generated 626 bytes in 682 msecs (HTTP/1.1 201) 4 headers in 162 bytes (1 switches on core 0) [pid: 8|app: 0|req: 857/1833] 10.0.0.233 () {34 vars in 965 bytes} [Mon Jun 15 21:28:36 2026] GET /v2.0/quotas/36bdd1d299f04579bb2f7d87ee6ff6e5 => generated 292 bytes in 10 msecs (HTTP/1.1 200) 4 headers in 157 bytes (1 switches on core 0) [pid: 8|app: 0|req: 858/1834] 10.0.0.233 () {34 vars in 1040 bytes} [Mon Jun 15 21:28:36 2026] GET /v2.0/security-groups?id=b0d19f4a-2dfc-4eac-b56d-01e05a7b6271&fields=id&fields=name => generated 113 bytes in 24 msecs (HTTP/1.1 200) 4 headers in 157 bytes (1 switches on core 0)
2026-06-15 21:28:36.404 8 INFO neutron.db.segments_db [None req-602767ca-6581-4879-806c-495fa9139fbf 685aa3e3e9404ca488b35769207379e4 287c009bc75e47e0ae01bfc9ee06bb65 - - default default] Added segment 2629d2ed-898a-44e4-8086-283d4c6aee53 of type geneve for network 1a9376a4-15c2-4013-a309-f589cf7c55d8
2026-06-15 21:28:36.544 8 INFO neutron.db.ovn_revision_numbers_db [None req-602767ca-6581-4879-806c-495fa9139fbf 685aa3e3e9404ca488b35769207379e4 287c009bc75e47e0ae01bfc9ee06bb65 - - default default] Successfully bumped revision number for resource 1a9376a4-15c2-4013-a309-f589cf7c55d8 (type: networks) to 1
2026-06-15 21:28:36.706 7 INFO neutron.db.ovn_revision_numbers_db [None req-0cc75fdb-c2b8-42e7-9e4a-486a54a0dc90 1b5d1bad9e264dfc96841abac66c0335 8c12ef389e94471787dfd91cefe3d8cf - - default default] Successfully bumped revision number for resource 0e88b5d8-db55-409e-9002-b550ec972fa1 (type: security_group_rules) to 0
2026-06-15 21:28:36.720 8 WARNING neutron.scheduler.dhcp_agent_scheduler [None req-602767ca-6581-4879-806c-495fa9139fbf 685aa3e3e9404ca488b35769207379e4 287c009bc75e47e0ae01bfc9ee06bb65 - - default default] No more DHCP agents
2026-06-15 21:28:36.721 8 WARNING neutron.api.rpc.agentnotifiers.dhcp_rpc_agent_api [None req-602767ca-6581-4879-806c-495fa9139fbf 685aa3e3e9404ca488b35769207379e4 287c009bc75e47e0ae01bfc9ee06bb65 - - default default] Unable to schedule network 1a9376a4-15c2-4013-a309-f589cf7c55d8: no agents available; will retry on subsequent port and subnet creation events. [pid: 7|app: 0|req: 977/1835] 10.0.0.124 () {34 vars in 695 bytes} [Mon Jun 15 21:28:36 2026] POST /v2.0/security-group-rules => generated 607 bytes in 630 msecs (HTTP/1.1 201) 4 headers in 162 bytes (1 switches on core 0)
2026-06-15 21:28:36.827 8 INFO neutron.db.ovn_revision_numbers_db [None req-602767ca-6581-4879-806c-495fa9139fbf 685aa3e3e9404ca488b35769207379e4 287c009bc75e47e0ae01bfc9ee06bb65 - - default default] Successfully bumped revision number for resource d1119d4d-2ac8-4929-b00b-e65baf41a890 (type: ports) to 1 [pid: 8|app: 0|req: 859/1836] 10.0.0.124 () {34 vars in 670 bytes} [Mon Jun 15 21:28:36 2026] POST /v2.0/networks => generated 632 bytes in 525 msecs (HTTP/1.1 201) 4 headers in 162 bytes (1 switches on core 0) [pid: 7|app: 0|req: 978/1837] 10.0.0.233 () {34 vars in 1002 bytes} [Mon Jun 15 21:28:36 2026] GET /v2.0/ports?tenant_id=36bdd1d299f04579bb2f7d87ee6ff6e5&fields=id => generated 103 bytes in 108 msecs (HTTP/1.1 200) 4 headers in 157 bytes (1 switches on core 0)
2026-06-15 21:28:36.884 7 INFO neutron.db.securitygroups_db [None req-2d80d9f8-dca6-42dc-9a06-1b3d55524f28 1b5d1bad9e264dfc96841abac66c0335 8c12ef389e94471787dfd91cefe3d8cf - - default default] Project 8c12ef389e94471787dfd91cefe3d8cf added a security group rule with legacy IPv6 ICMP protocol name icmp, ipv6-icmp should be used instead. It was automatically converted. [pid: 8|app: 0|req: 860/1838] 199.19.213.128 () {34 vars in 994 bytes} [Mon Jun 15 21:28:36 2026] GET /v2.0/ports?device_id=5ac03d15-0ec3-450f-8cab-338c6834ccc3 => generated 975 bytes in 60 msecs (HTTP/1.1 200) 4 headers in 157 bytes (1 switches on core 0)
2026-06-15 21:28:37.012 7 INFO neutron.db.ovn_revision_numbers_db [None req-2d80d9f8-dca6-42dc-9a06-1b3d55524f28 1b5d1bad9e264dfc96841abac66c0335 8c12ef389e94471787dfd91cefe3d8cf - - default default] Successfully bumped revision number for resource 4f105149-f62a-4a27-9462-348aedf8648e (type: security_group_rules) to 0 [pid: 7|app: 0|req: 979/1839] 10.0.0.124 () {34 vars in 695 bytes} [Mon Jun 15 21:28:36 2026] POST /v2.0/security-group-rules => generated 606 bytes in 191 msecs (HTTP/1.1 201) 4 headers in 162 bytes (1 switches on core 0)
2026-06-15 21:28:37.077 8 WARNING neutron.scheduler.dhcp_agent_scheduler [None req-12865afb-9155-4f52-b293-cb7dcc289714 685aa3e3e9404ca488b35769207379e4 287c009bc75e47e0ae01bfc9ee06bb65 - - default default] No more DHCP agents
2026-06-15 21:28:37.078 8 WARNING neutron.api.rpc.agentnotifiers.dhcp_rpc_agent_api [None req-12865afb-9155-4f52-b293-cb7dcc289714 685aa3e3e9404ca488b35769207379e4 287c009bc75e47e0ae01bfc9ee06bb65 - - default default] Unable to schedule network 1a9376a4-15c2-4013-a309-f589cf7c55d8: no agents available; will retry on subsequent port and subnet creation events. [pid: 7|app: 0|req: 980/1840] 10.0.0.233 () {34 vars in 1008 bytes} [Mon Jun 15 21:28:37 2026] GET /v2.0/networks/e593db75-4c4b-4117-bd7b-f4397ef2cbdf?fields=segments => generated 14 bytes in 42 msecs (HTTP/1.1 200) 4 headers in 156 bytes (1 switches on core 0)
2026-06-15 21:28:37.221 7 INFO neutron_taas.services.taas.taas_plugin [req-55d67fa6-48ce-43f4-8de0-e03ea70134b5 req-654edd11-4b25-43e6-8d82-8c3ca3e43d6f 33805f15578d48f7942bf88dfa2db33a a45b02068b124d62ab939d6a6a7eb01c - - default default] TaaS: Handle Delete Port: f4743abe-df3b-4694-936a-aa651e616551
2026-06-15 21:28:37.225 7 INFO neutron_taas.services.taas.tap_mirror_plugin [req-55d67fa6-48ce-43f4-8de0-e03ea70134b5 req-654edd11-4b25-43e6-8d82-8c3ca3e43d6f 33805f15578d48f7942bf88dfa2db33a a45b02068b124d62ab939d6a6a7eb01c - - default default] Tap Mirror: Handle Delete Port: f4743abe-df3b-4694-936a-aa651e616551
2026-06-15 21:28:37.418 7 INFO neutron.db.l3_db [req-55d67fa6-48ce-43f4-8de0-e03ea70134b5 req-654edd11-4b25-43e6-8d82-8c3ca3e43d6f 33805f15578d48f7942bf88dfa2db33a a45b02068b124d62ab939d6a6a7eb01c - - default default] Floating IP d4f4cf9e-76d2-47ed-a673-dfaa486739d9 disassociated. External IP: 10.96.250.219, port: f4743abe-df3b-4694-936a-aa651e616551.
2026-06-15 21:28:37.605 8 INFO neutron.db.ovn_revision_numbers_db [None req-661e1f65-6533-43ad-a4b6-3d949cc8717e - - - - - -] Successfully bumped revision number for resource d1119d4d-2ac8-4929-b00b-e65baf41a890 (type: ports) to 2 [pid: 7|app: 0|req: 981/1841] 199.19.213.128 () {36 vars in 997 bytes} [Mon Jun 15 21:28:37 2026] DELETE /v2.0/ports/f4743abe-df3b-4694-936a-aa651e616551 => generated 0 bytes in 537 msecs (HTTP/1.1 204) 3 headers in 131 bytes (1 switches on core 0)
2026-06-15 21:28:37.644 8 INFO neutron.db.ovn_revision_numbers_db [None req-661e1f65-6533-43ad-a4b6-3d949cc8717e - - - - - -] Successfully bumped revision number for resource cbc831dc-ff2c-4607-b44c-1d3a54fb0fcb (type: subnets) to 0 [pid: 8|app: 0|req: 861/1842] 10.0.0.124 () {34 vars in 669 bytes} [Mon Jun 15 21:28:36 2026] POST /v2.0/subnets => generated 629 bytes in 755 msecs (HTTP/1.1 201) 4 headers in 162 bytes (1 switches on core 0) [pid: 7|app: 0|req: 982/1843] 10.0.0.233 () {34 vars in 1108 bytes} [Mon Jun 15 21:28:37 2026] GET /v2.0/networks/e593db75-4c4b-4117-bd7b-f4397ef2cbdf?fields=provider%3Aphysical_network&fields=provider%3Anetwork_type => generated 79 bytes in 52 msecs (HTTP/1.1 200) 4 headers in 156 bytes (1 switches on core 0) [pid: 8|app: 0|req: 862/1844] 10.0.0.233 () {34 vars in 990 bytes} [Mon Jun 15 21:28:37 2026] GET /v2.0/ports?device_id=5ac03d15-0ec3-450f-8cab-338c6834ccc3 => generated 12 bytes in 24 msecs (HTTP/1.1 200) 4 headers in 156 bytes (1 switches on core 0)
2026-06-15 21:28:37.728 7 INFO neutron.notifiers.nova [-] Nova event matching ['req-ebaa50d8-2e1d-4cc6-98a1-4f9da7b0e90d'] response: {'server_uuid': '5ac03d15-0ec3-450f-8cab-338c6834ccc3', 'name': 'network-vif-deleted', 'tag': 'f4743abe-df3b-4694-936a-aa651e616551', 'status': 'completed', 'code': 200}
2026-06-15 21:28:37.799 8 INFO neutron.db.segments_db [None req-f481d72a-a959-492f-911e-18f8074bfb1e 685aa3e3e9404ca488b35769207379e4 287c009bc75e47e0ae01bfc9ee06bb65 - - default default] Added segment ebb7f9f9-5979-4f05-b73d-ea56ec211748 of type geneve for network bbd3b9f1-250e-42ef-ae0b-897fc70fd272 [pid: 7|app: 0|req: 983/1845] 10.0.0.124 () {32 vars in 649 bytes} [Mon Jun 15 21:28:37 2026] GET /v2.0/networks => generated 1298 bytes in 129 msecs (HTTP/1.1 200) 4 headers in 158 bytes (1 switches on core 0) [pid: 7|app: 0|req: 984/1846] 10.0.0.233 () {34 vars in 990 bytes} [Mon Jun 15 21:28:37 2026] GET /v2.0/ports?device_id=dcf7aced-2fde-478d-a04f-93fb37502a35 => generated 12 bytes in 19 msecs (HTTP/1.1 200) 4 headers in 156 bytes (1 switches on core 0)
2026-06-15 21:28:37.915 8 INFO neutron.db.ovn_revision_numbers_db [None req-f481d72a-a959-492f-911e-18f8074bfb1e 685aa3e3e9404ca488b35769207379e4 287c009bc75e47e0ae01bfc9ee06bb65 - - default default] Successfully bumped revision number for resource bbd3b9f1-250e-42ef-ae0b-897fc70fd272 (type: networks) to 1 [pid: 7|app: 0|req: 985/1847] 10.0.0.233 () {34 vars in 1100 bytes} [Mon Jun 15 21:28:37 2026] GET /v2.0/security-groups?name=tempest-secgroup-smoke-1770087748&fields=id&tenant_id=8c12ef389e94471787dfd91cefe3d8cf => generated 69 bytes in 49 msecs (HTTP/1.1 200) 4 headers in 156 bytes (1 switches on core 0) [pid: 7|app: 0|req: 986/1848] 10.0.0.233 () {34 vars in 982 bytes} [Mon Jun 15 21:28:37 2026] GET /v2.0/networks?id=89280465-6c2c-4189-9530-b48e14d23b8c => generated 661 bytes in 35 msecs (HTTP/1.1 200) 4 headers in 157 bytes (1 switches on core 0) [pid: 7|app: 0|req: 987/1849] 10.0.0.233 () {34 vars in 965 bytes} [Mon Jun 15 21:28:37 2026] GET /v2.0/quotas/8c12ef389e94471787dfd91cefe3d8cf => generated 292 bytes in 10 msecs (HTTP/1.1 200) 4 headers in 157 bytes (1 switches on core 0) [pid: 7|app: 0|req: 988/1850] 10.0.0.233 () {34 vars in 1002 bytes} [Mon Jun 15 21:28:37 2026] GET /v2.0/ports?tenant_id=8c12ef389e94471787dfd91cefe3d8cf&fields=id => generated 103 bytes in 63 msecs (HTTP/1.1 200) 4 headers in 157 bytes (1 switches on core 0)
2026-06-15 21:28:38.058 8 WARNING neutron.scheduler.dhcp_agent_scheduler [None req-f481d72a-a959-492f-911e-18f8074bfb1e 685aa3e3e9404ca488b35769207379e4 287c009bc75e47e0ae01bfc9ee06bb65 - - default default] No more DHCP agents
2026-06-15 21:28:38.059 8 WARNING neutron.api.rpc.agentnotifiers.dhcp_rpc_agent_api [None req-f481d72a-a959-492f-911e-18f8074bfb1e 685aa3e3e9404ca488b35769207379e4 287c009bc75e47e0ae01bfc9ee06bb65 - - default default] Unable to schedule network bbd3b9f1-250e-42ef-ae0b-897fc70fd272: no agents available; will retry on subsequent port and subnet creation events.
2026-06-15 21:28:38.152 8 INFO neutron.db.ovn_revision_numbers_db [None req-f481d72a-a959-492f-911e-18f8074bfb1e 685aa3e3e9404ca488b35769207379e4 287c009bc75e47e0ae01bfc9ee06bb65 - - default default] Successfully bumped revision number for resource a481f427-e350-42e2-a8b1-663bcb8bbaea (type: ports) to 1 [pid: 7|app: 0|req: 989/1851] 10.0.0.233 () {34 vars in 1008 bytes} [Mon Jun 15 21:28:38 2026] GET /v2.0/networks/89280465-6c2c-4189-9530-b48e14d23b8c?fields=segments => generated 14 bytes in 102 msecs (HTTP/1.1 200) 4 headers in 156 bytes (1 switches on core 0) [pid: 8|app: 0|req: 863/1852] 10.0.0.124 () {34 vars in 670 bytes} [Mon Jun 15 21:28:37 2026] POST /v2.0/networks => generated 628 bytes in 485 msecs (HTTP/1.1 201) 4 headers in 162 bytes (1 switches on core 0) [pid: 7|app: 0|req: 990/1853] 10.0.0.233 () {34 vars in 1108 bytes} [Mon Jun 15 21:28:38 2026] GET /v2.0/networks/89280465-6c2c-4189-9530-b48e14d23b8c?fields=provider%3Aphysical_network&fields=provider%3Anetwork_type => generated 79 bytes in 42 msecs (HTTP/1.1 200) 4 headers in 156 bytes (1 switches on core 0) [pid: 7|app: 0|req: 991/1854] 10.0.0.233 () {34 vars in 990 bytes} [Mon Jun 15 21:28:38 2026] GET /v2.0/ports?device_id=8ada5f23-9dda-4f0f-b8cb-63115902a968 => generated 12 bytes in 18 msecs (HTTP/1.1 200) 4 headers in 156 bytes (1 switches on core 0)
2026-06-15 21:28:38.347 8 WARNING neutron.scheduler.dhcp_agent_scheduler [None req-6f9d714f-8471-4236-bfa8-96c09c9a3aa1 685aa3e3e9404ca488b35769207379e4 287c009bc75e47e0ae01bfc9ee06bb65 - - default default] No more DHCP agents
2026-06-15 21:28:38.348 8 WARNING neutron.api.rpc.agentnotifiers.dhcp_rpc_agent_api [None req-6f9d714f-8471-4236-bfa8-96c09c9a3aa1 685aa3e3e9404ca488b35769207379e4 287c009bc75e47e0ae01bfc9ee06bb65 - - default default] Unable to schedule network bbd3b9f1-250e-42ef-ae0b-897fc70fd272: no agents available; will retry on subsequent port and subnet creation events.
2026-06-15 21:28:38.825 8 INFO neutron.db.ovn_revision_numbers_db [None req-278d048f-0eaf-4cab-8964-cfe2aba9adce - - - - - -] Successfully bumped revision number for resource a481f427-e350-42e2-a8b1-663bcb8bbaea (type: ports) to 2
2026-06-15 21:28:38.869 8 INFO neutron.db.ovn_revision_numbers_db [None req-278d048f-0eaf-4cab-8964-cfe2aba9adce - - - - - -] Successfully bumped revision number for resource dcc86327-921f-403b-8ba2-0a5fad1e0063 (type: subnets) to 0 [pid: 8|app: 0|req: 864/1855] 10.0.0.124 () {34 vars in 669 bytes} [Mon Jun 15 21:28:38 2026] POST /v2.0/subnets => generated 629 bytes in 708 msecs (HTTP/1.1 201) 4 headers in 162 bytes (1 switches on core 0) [pid: 7|app: 0|req: 992/1856] 10.0.0.233 () {34 vars in 990 bytes} [Mon Jun 15 21:28:38 2026] GET /v2.0/ports?device_id=dcf7aced-2fde-478d-a04f-93fb37502a35 => generated 12 bytes in 19 msecs (HTTP/1.1 200) 4 headers in 156 bytes (1 switches on core 0) [pid: 7|app: 0|req: 993/1857] 10.0.0.233 () {34 vars in 990 bytes} [Mon Jun 15 21:28:38 2026] GET /v2.0/ports?device_id=5ac03d15-0ec3-450f-8cab-338c6834ccc3 => generated 12 bytes in 25 msecs (HTTP/1.1 200) 4 headers in 156 bytes (1 switches on core 0)
2026-06-15 21:28:38.972 8 INFO neutron.db.segments_db [None req-85f71fe7-1030-438a-8ac7-6ff0c5bdb269 685aa3e3e9404ca488b35769207379e4 287c009bc75e47e0ae01bfc9ee06bb65 - - default default] Added segment d43c9853-3dd5-42fa-b110-338c032e803e of type geneve for network a63aa5ec-97a9-4fa6-932d-f0e21f6bfbc8
2026-06-15 21:28:39.089 8 INFO neutron.db.ovn_revision_numbers_db [None req-85f71fe7-1030-438a-8ac7-6ff0c5bdb269 685aa3e3e9404ca488b35769207379e4 287c009bc75e47e0ae01bfc9ee06bb65 - - default default] Successfully bumped revision number for resource a63aa5ec-97a9-4fa6-932d-f0e21f6bfbc8 (type: networks) to 1
2026-06-15 21:28:39.246 8 WARNING neutron.scheduler.dhcp_agent_scheduler [None req-85f71fe7-1030-438a-8ac7-6ff0c5bdb269 685aa3e3e9404ca488b35769207379e4 287c009bc75e47e0ae01bfc9ee06bb65 - - default default] No more DHCP agents
2026-06-15 21:28:39.247 8 WARNING neutron.api.rpc.agentnotifiers.dhcp_rpc_agent_api [None req-85f71fe7-1030-438a-8ac7-6ff0c5bdb269 685aa3e3e9404ca488b35769207379e4 287c009bc75e47e0ae01bfc9ee06bb65 - - default default] Unable to schedule network a63aa5ec-97a9-4fa6-932d-f0e21f6bfbc8: no agents available; will retry on subsequent port and subnet creation events.
2026-06-15 21:28:39.341 8 INFO neutron.db.ovn_revision_numbers_db [None req-85f71fe7-1030-438a-8ac7-6ff0c5bdb269 685aa3e3e9404ca488b35769207379e4 287c009bc75e47e0ae01bfc9ee06bb65 - - default default] Successfully bumped revision number for resource 7f88c6f5-a2a6-4931-90d1-77e875957b3a (type: ports) to 1 [pid: 8|app: 0|req: 865/1858] 10.0.0.124 () {34 vars in 670 bytes} [Mon Jun 15 21:28:38 2026] POST /v2.0/networks => generated 632 bytes in 468 msecs (HTTP/1.1 201) 4 headers in 162 bytes (1 switches on core 0) [pid: 8|app: 0|req: 866/1859] 10.0.0.233 () {34 vars in 990 bytes} [Mon Jun 15 21:28:39 2026] GET /v2.0/ports?device_id=8ada5f23-9dda-4f0f-b8cb-63115902a968 => generated 12 bytes in 21 msecs (HTTP/1.1 200) 4 headers in 156 bytes (1 switches on core 0)
2026-06-15 21:28:39.527 7 WARNING neutron.scheduler.dhcp_agent_scheduler [None req-75ccebdf-a2bc-44d2-b3d8-4d7602baf7be 685aa3e3e9404ca488b35769207379e4 287c009bc75e47e0ae01bfc9ee06bb65 - - default default] No more DHCP agents
2026-06-15 21:28:39.529 7 WARNING neutron.api.rpc.agentnotifiers.dhcp_rpc_agent_api [None req-75ccebdf-a2bc-44d2-b3d8-4d7602baf7be 685aa3e3e9404ca488b35769207379e4 287c009bc75e47e0ae01bfc9ee06bb65 - - default default] Unable to schedule network a63aa5ec-97a9-4fa6-932d-f0e21f6bfbc8: no agents available; will retry on subsequent port and subnet creation events.
2026-06-15 21:28:39.808 8 WARNING neutron.plugins.ml2.drivers.ovn.mech_driver.ovsdb.ovn_client [None req-68ada30c-1ff4-4716-afe4-e0136f7779d5 - - - - - -] No hosting information found for port e2dd4257-94b4-4749-a8e8-935c0e01436f: RuntimeError: No hosting information found for port e2dd4257-94b4-4749-a8e8-935c0e01436f
2026-06-15 21:28:39.835 8 INFO neutron.plugins.ml2.drivers.ovn.mech_driver.mech_driver [None req-68ada30c-1ff4-4716-afe4-e0136f7779d5 - - - - - -] OVN reports status down for port: 8e96e87f-32d0-43cd-9e58-3d1396859da3
2026-06-15 21:28:39.893 8 WARNING neutron.plugins.ml2.drivers.ovn.mech_driver.ovsdb.ovn_client [None req-68ada30c-1ff4-4716-afe4-e0136f7779d5 - - - - - -] Logical_Switch_Port 8e96e87f-32d0-43cd-9e58-3d1396859da3 host information not removed, the port state is up /var/lib/openstack/lib/python3.12/site-packages/pycadf/identifier.py:70: UserWarning: Invalid uuid: neutron. To ensure interoperability, identifiers should be a valid uuid. warnings.warn(('Invalid uuid: %s. To ensure interoperability, ' [pid: 8|app: 0|req: 867/1860] 10.0.0.233 () {34 vars in 990 bytes} [Mon Jun 15 21:28:39 2026] GET /v2.0/ports?device_id=dcf7aced-2fde-478d-a04f-93fb37502a35 => generated 12 bytes in 25 msecs (HTTP/1.1 200) 4 headers in 156 bytes (1 switches on core 0)
2026-06-15 21:28:39.980 7 INFO neutron.db.ovn_revision_numbers_db [None req-008827b2-724a-442e-a575-b0f23bfd1d9e - - - - - -] Successfully bumped revision number for resource 7f88c6f5-a2a6-4931-90d1-77e875957b3a (type: ports) to 2
2026-06-15 21:28:40.028 7 INFO neutron.db.ovn_revision_numbers_db [None req-008827b2-724a-442e-a575-b0f23bfd1d9e - - - - - -] Successfully bumped revision number for resource 4beeca1d-1837-4952-8375-20240f2d4e85 (type: subnets) to 0 [pid: 8|app: 0|req: 868/1861] 10.0.0.233 () {34 vars in 990 bytes} [Mon Jun 15 21:28:40 2026] GET /v2.0/ports?device_id=5ac03d15-0ec3-450f-8cab-338c6834ccc3 => generated 12 bytes in 32 msecs (HTTP/1.1 200) 4 headers in 156 bytes (1 switches on core 0) [pid: 7|app: 0|req: 994/1862] 10.0.0.124 () {34 vars in 669 bytes} [Mon Jun 15 21:28:39 2026] POST /v2.0/subnets => generated 629 bytes in 680 msecs (HTTP/1.1 201) 4 headers in 162 bytes (1 switches on core 0)
2026-06-15 21:28:40.051 8 INFO neutron.db.ovn_revision_numbers_db [None req-68ada30c-1ff4-4716-afe4-e0136f7779d5 - - - - - -] Successfully bumped revision number for resource e2dd4257-94b4-4749-a8e8-935c0e01436f (type: router_ports) to 2
2026-06-15 21:28:40.053 8 INFO neutron.plugins.ml2.drivers.ovn.mech_driver.mech_driver [None req-68ada30c-1ff4-4716-afe4-e0136f7779d5 - - - - - -] OVN reports status up for port: 8e96e87f-32d0-43cd-9e58-3d1396859da3
2026-06-15 21:28:40.074 8 INFO neutron.plugins.ml2.plugin [None req-68ada30c-1ff4-4716-afe4-e0136f7779d5 - - - - - -] Attempt 1 to provision port 8e96e87f-32d0-43cd-9e58-3d1396859da3
2026-06-15 21:28:40.185 8 INFO neutron.db.segments_db [None req-f0d6b264-e075-447a-9bb9-c1994e3153cd 685aa3e3e9404ca488b35769207379e4 287c009bc75e47e0ae01bfc9ee06bb65 - - default default] Added segment 315011ed-4222-4e99-a91f-034d3e18cc5b of type geneve for network 6f2fe897-08b3-4d4c-bbff-ff7ecc08db14
2026-06-15 21:28:40.386 8 INFO neutron.db.ovn_revision_numbers_db [None req-f0d6b264-e075-447a-9bb9-c1994e3153cd 685aa3e3e9404ca488b35769207379e4 287c009bc75e47e0ae01bfc9ee06bb65 - - default default] Successfully bumped revision number for resource 6f2fe897-08b3-4d4c-bbff-ff7ecc08db14 (type: networks) to 1 [pid: 7|app: 0|req: 995/1863] 10.0.0.233 () {34 vars in 990 bytes} [Mon Jun 15 21:28:40 2026] GET /v2.0/ports?device_id=8ada5f23-9dda-4f0f-b8cb-63115902a968 => generated 12 bytes in 21 msecs (HTTP/1.1 200) 4 headers in 156 bytes (1 switches on core 0)
2026-06-15 21:28:40.732 8 WARNING neutron.scheduler.dhcp_agent_scheduler [None req-f0d6b264-e075-447a-9bb9-c1994e3153cd 685aa3e3e9404ca488b35769207379e4 287c009bc75e47e0ae01bfc9ee06bb65 - - default default] No more DHCP agents
2026-06-15 21:28:40.735 8 WARNING neutron.api.rpc.agentnotifiers.dhcp_rpc_agent_api [None req-f0d6b264-e075-447a-9bb9-c1994e3153cd 685aa3e3e9404ca488b35769207379e4 287c009bc75e47e0ae01bfc9ee06bb65 - - default default] Unable to schedule network 6f2fe897-08b3-4d4c-bbff-ff7ecc08db14: no agents available; will retry on subsequent port and subnet creation events.
2026-06-15 21:28:40.821 8 INFO neutron.db.ovn_revision_numbers_db [None req-68ada30c-1ff4-4716-afe4-e0136f7779d5 - - - - - -] Successfully bumped revision number for resource 8e96e87f-32d0-43cd-9e58-3d1396859da3 (type: ports) to 2
2026-06-15 21:28:40.901 8 INFO neutron.db.ovn_revision_numbers_db [None req-f0d6b264-e075-447a-9bb9-c1994e3153cd 685aa3e3e9404ca488b35769207379e4 287c009bc75e47e0ae01bfc9ee06bb65 - - default default] Successfully bumped revision number for resource 48d2332b-a914-47da-8c22-eeae3be864f4 (type: ports) to 1 [pid: 8|app: 0|req: 869/1864] 10.0.0.124 () {34 vars in 670 bytes} [Mon Jun 15 21:28:40 2026] POST /v2.0/networks => generated 632 bytes in 891 msecs (HTTP/1.1 201) 4 headers in 162 bytes (1 switches on core 0) [pid: 8|app: 0|req: 870/1865] 10.0.0.233 () {34 vars in 990 bytes} [Mon Jun 15 21:28:41 2026] GET /v2.0/ports?device_id=dcf7aced-2fde-478d-a04f-93fb37502a35 => generated 12 bytes in 25 msecs (HTTP/1.1 200) 4 headers in 156 bytes (1 switches on core 0)
