2026-06-15 21:27:58.151 8 INFO neutron.pecan_wsgi.hooks.translation [None req-09e2c979-cae4-4990-b8f5-2769f2d02299 542d9f1feb244f38b43a2e02b37190d4 8fcc7d69f0b74a5a8edf3538a13555dd - - default default] DELETE failed (client error): The resource could not be found. [pid: 8|app: 0|req: 711/1571] 10.0.0.124 () {32 vars in 720 bytes} [Mon Jun 15 21:27:58 2026] DELETE /v2.0/ports/ff4199cb-ded2-4e18-9429-f6ca2f4057f8 => generated 132 bytes in 14 msecs (HTTP/1.1 404) 4 headers in 164 bytes (1 switches on core 0)
2026-06-15 21:27:58.162 8 INFO neutron.pecan_wsgi.hooks.translation [None req-651bbd76-dd05-46f1-9fdb-8e4a98297f9d bbcec8c8bc4c48aba7055adff4dd195e 0e8b9592a9954f838849ae28751dbf1f - - default default] DELETE failed (client error): The resource could not be found. [pid: 8|app: 0|req: 712/1572] 10.0.0.124 () {32 vars in 724 bytes} [Mon Jun 15 21:27:58 2026] DELETE /v2.0/subnets/5d0df26c-d729-423e-b561-0bcd300715b8 => generated 136 bytes in 10 msecs (HTTP/1.1 404) 4 headers in 164 bytes (1 switches on core 0)
2026-06-15 21:27:58.178 8 INFO neutron.pecan_wsgi.hooks.translation [None req-9cb74357-928f-4442-a073-415f940926a7 542d9f1feb244f38b43a2e02b37190d4 8fcc7d69f0b74a5a8edf3538a13555dd - - default default] GET failed (client error): The resource could not be found. [pid: 8|app: 0|req: 713/1573] 10.0.0.124 () {32 vars in 717 bytes} [Mon Jun 15 21:27:58 2026] GET /v2.0/ports/ff4199cb-ded2-4e18-9429-f6ca2f4057f8 => generated 132 bytes in 15 msecs (HTTP/1.1 404) 4 headers in 164 bytes (1 switches on core 0)
2026-06-15 21:27:58.190 8 INFO neutron.pecan_wsgi.hooks.translation [None req-1c91d754-da65-46ae-80f9-eb0268f06f86 bbcec8c8bc4c48aba7055adff4dd195e 0e8b9592a9954f838849ae28751dbf1f - - default default] DELETE failed (client error): The resource could not be found. [pid: 8|app: 0|req: 714/1574] 10.0.0.124 () {32 vars in 724 bytes} [Mon Jun 15 21:27:58 2026] DELETE /v2.0/subnets/9860f334-aa2d-4644-815b-ee6893c650dc => generated 136 bytes in 13 msecs (HTTP/1.1 404) 4 headers in 164 bytes (1 switches on core 0)
2026-06-15 21:27:58.296 7 INFO neutron_taas.services.taas.taas_plugin [None req-81ec85c8-bde9-412b-9186-0a0cb605a55f 8e1f65524d7c4bb3896887e77554e5e5 b8a1c67e10c6483ebcd573548dc04e33 - - default default] TaaS: Handle Delete Port: 3992ff0b-5384-4382-b415-a2950e6a701b
2026-06-15 21:27:58.301 7 INFO neutron_taas.services.taas.tap_mirror_plugin [None req-81ec85c8-bde9-412b-9186-0a0cb605a55f 8e1f65524d7c4bb3896887e77554e5e5 b8a1c67e10c6483ebcd573548dc04e33 - - default default] Tap Mirror: Handle Delete Port: 3992ff0b-5384-4382-b415-a2950e6a701b [pid: 8|app: 0|req: 715/1575] 10.0.0.124 () {32 vars in 724 bytes} [Mon Jun 15 21:27:58 2026] DELETE /v2.0/subnets/391b4471-ea8e-4d4e-aeb9-6bfd9c6bc150 => generated 0 bytes in 137 msecs (HTTP/1.1 204) 3 headers in 131 bytes (1 switches on core 0)
2026-06-15 21:27:58.340 8 INFO neutron.pecan_wsgi.hooks.translation [None req-360805de-3735-43cc-93f2-a67321f3f1d4 bbcec8c8bc4c48aba7055adff4dd195e 0e8b9592a9954f838849ae28751dbf1f - - default default] DELETE failed (client error): The resource could not be found. [pid: 8|app: 0|req: 716/1576] 10.0.0.124 () {32 vars in 724 bytes} [Mon Jun 15 21:27:58 2026] DELETE /v2.0/subnets/1128839b-7bc5-419f-98c3-f13c92f89155 => generated 136 bytes in 11 msecs (HTTP/1.1 404) 4 headers in 164 bytes (1 switches on core 0)
2026-06-15 21:27:58.511 8 INFO neutron_taas.services.taas.taas_plugin [None req-5944cd52-2cb0-4134-9b57-894dd85a6d8b 542d9f1feb244f38b43a2e02b37190d4 8fcc7d69f0b74a5a8edf3538a13555dd - - default default] TaaS: Handle Delete Port: 79329f91-fe6b-40c2-a32f-aef463728454
2026-06-15 21:27:58.515 8 INFO neutron_taas.services.taas.tap_mirror_plugin [None req-5944cd52-2cb0-4134-9b57-894dd85a6d8b 542d9f1feb244f38b43a2e02b37190d4 8fcc7d69f0b74a5a8edf3538a13555dd - - default default] Tap Mirror: Handle Delete Port: 79329f91-fe6b-40c2-a32f-aef463728454 [pid: 8|app: 0|req: 717/1577] 10.0.0.124 () {32 vars in 726 bytes} [Mon Jun 15 21:27:58 2026] DELETE /v2.0/networks/2cd2c297-b63e-41d9-8311-4b0ecdfb885b => generated 0 bytes in 435 msecs (HTTP/1.1 204) 3 headers in 131 bytes (1 switches on core 0) [pid: 8|app: 0|req: 718/1578] 10.0.0.233 () {34 vars in 990 bytes} [Mon Jun 15 21:27:58 2026] GET /v2.0/ports?device_id=6feb3200-dd43-4a7f-865a-c32c6fde3559 => generated 12 bytes in 15 msecs (HTTP/1.1 200) 4 headers in 156 bytes (1 switches on core 0)
2026-06-15 21:27:58.876 8 INFO neutron.db.segments_db [None req-c23477e5-6cdd-4b14-aa15-94302a0ec182 542d9f1feb244f38b43a2e02b37190d4 8fcc7d69f0b74a5a8edf3538a13555dd - - default default] Added segment 3e191e91-fcf2-4248-9032-4e5a3c0fa4fa of type geneve for network a275e516-06b8-4551-9a02-7acfa7a68f08
2026-06-15 21:27:59.006 8 INFO neutron.db.ovn_revision_numbers_db [None req-c23477e5-6cdd-4b14-aa15-94302a0ec182 542d9f1feb244f38b43a2e02b37190d4 8fcc7d69f0b74a5a8edf3538a13555dd - - default default] Successfully bumped revision number for resource a275e516-06b8-4551-9a02-7acfa7a68f08 (type: networks) to 1 [pid: 7|app: 0|req: 861/1579] 10.0.0.124 () {34 vars in 789 bytes} [Mon Jun 15 21:27:58 2026] PUT /v2.0/routers/bcc85e32-d0b4-4f66-8d55-a9014a747985/remove_router_interface => generated 309 bytes in 1063 msecs (HTTP/1.1 200) 4 headers in 157 bytes (1 switches on core 0) /var/lib/openstack/lib/python3.12/site-packages/pycadf/identifier.py:70: UserWarning: Invalid uuid: neutron. To ensure interoperability, identifiers should be a valid uuid. warnings.warn(('Invalid uuid: %s. To ensure interoperability, ' [pid: 7|app: 0|req: 862/1580] 10.0.0.124 () {32 vars in 736 bytes} [Mon Jun 15 21:27:59 2026] GET /v2.0/ports?device_id=bcc85e32-d0b4-4f66-8d55-a9014a747985 => generated 12 bytes in 18 msecs (HTTP/1.1 200) 4 headers in 156 bytes (1 switches on core 0)
2026-06-15 21:27:59.171 8 WARNING neutron.scheduler.dhcp_agent_scheduler [None req-c23477e5-6cdd-4b14-aa15-94302a0ec182 542d9f1feb244f38b43a2e02b37190d4 8fcc7d69f0b74a5a8edf3538a13555dd - - default default] No more DHCP agents
2026-06-15 21:27:59.172 8 WARNING neutron.api.rpc.agentnotifiers.dhcp_rpc_agent_api [None req-c23477e5-6cdd-4b14-aa15-94302a0ec182 542d9f1feb244f38b43a2e02b37190d4 8fcc7d69f0b74a5a8edf3538a13555dd - - default default] Unable to schedule network a275e516-06b8-4551-9a02-7acfa7a68f08: no agents available; will retry on subsequent port and subnet creation events.
2026-06-15 21:27:59.306 8 INFO neutron.db.ovn_revision_numbers_db [None req-c23477e5-6cdd-4b14-aa15-94302a0ec182 542d9f1feb244f38b43a2e02b37190d4 8fcc7d69f0b74a5a8edf3538a13555dd - - default default] Successfully bumped revision number for resource 2594c231-78c0-4da4-8048-d01d9074cbdb (type: ports) to 1 [pid: 8|app: 0|req: 719/1581] 10.0.0.124 () {34 vars in 670 bytes} [Mon Jun 15 21:27:58 2026] POST /v2.0/networks => generated 634 bytes in 531 msecs (HTTP/1.1 201) 4 headers in 162 bytes (1 switches on core 0)
2026-06-15 21:27:59.510 7 INFO neutron.db.ovn_revision_numbers_db [None req-1b2ad71f-c3c6-4d38-aeba-281afa688796 8d9acc26dd4d41a88a912824d38d0c90 14b0857acd524f57969ff42419a2c212 - - default default] Successfully bumped revision number for resource 2510c3dc-6a75-4acd-8017-c02f9f32ca70 (type: security_groups) to 1
2026-06-15 21:27:59.525 7 INFO neutron.db.ovn_revision_numbers_db [None req-1b2ad71f-c3c6-4d38-aeba-281afa688796 8d9acc26dd4d41a88a912824d38d0c90 14b0857acd524f57969ff42419a2c212 - - default default] Successfully bumped revision number for resource 12264bd2-2356-4f73-a45d-766c93a51927 (type: security_group_rules) to 0
2026-06-15 21:27:59.541 7 INFO neutron.db.ovn_revision_numbers_db [None req-1b2ad71f-c3c6-4d38-aeba-281afa688796 8d9acc26dd4d41a88a912824d38d0c90 14b0857acd524f57969ff42419a2c212 - - default default] Successfully bumped revision number for resource 31990bc3-6515-40ac-9964-c4772fef201e (type: security_group_rules) to 0
2026-06-15 21:27:59.556 7 INFO neutron.db.ovn_revision_numbers_db [None req-1b2ad71f-c3c6-4d38-aeba-281afa688796 8d9acc26dd4d41a88a912824d38d0c90 14b0857acd524f57969ff42419a2c212 - - default default] Successfully bumped revision number for resource 5e436ea8-8c7e-4268-84be-02f5336a03bf (type: security_group_rules) to 0
2026-06-15 21:27:59.570 7 INFO neutron.db.ovn_revision_numbers_db [None req-1b2ad71f-c3c6-4d38-aeba-281afa688796 8d9acc26dd4d41a88a912824d38d0c90 14b0857acd524f57969ff42419a2c212 - - default default] Successfully bumped revision number for resource 95a54b88-edc6-4b30-8b7d-7aa777dd4384 (type: security_group_rules) to 0 [pid: 8|app: 0|req: 720/1582] 10.0.0.124 () {32 vars in 724 bytes} [Mon Jun 15 21:27:59 2026] DELETE /v2.0/routers/bcc85e32-d0b4-4f66-8d55-a9014a747985 => generated 0 bytes in 277 msecs (HTTP/1.1 204) 2 headers in 112 bytes (1 switches on core 0) [pid: 7|app: 0|req: 863/1583] 10.0.0.124 () {32 vars in 774 bytes} [Mon Jun 15 21:27:59 2026] GET /v2.0/security-groups?tenant_id=e1a27a1dcdbc49d799c12c686376cb7a&name=default => generated 2925 bytes in 492 msecs (HTTP/1.1 200) 4 headers in 158 bytes (1 switches on core 0) [pid: 7|app: 0|req: 864/1584] 10.0.0.124 () {32 vars in 724 bytes} [Mon Jun 15 21:27:59 2026] DELETE /v2.0/subnets/0143ae51-f023-4233-9de3-08d3b9e4b4ae => generated 0 bytes in 164 msecs (HTTP/1.1 204) 3 headers in 131 bytes (1 switches on core 0)
2026-06-15 21:27:59.799 8 WARNING neutron.scheduler.dhcp_agent_scheduler [None req-b1d36108-4189-4ad5-a241-86a424a4d10c 542d9f1feb244f38b43a2e02b37190d4 8fcc7d69f0b74a5a8edf3538a13555dd - - default default] No more DHCP agents
2026-06-15 21:27:59.802 8 WARNING neutron.api.rpc.agentnotifiers.dhcp_rpc_agent_api [None req-b1d36108-4189-4ad5-a241-86a424a4d10c 542d9f1feb244f38b43a2e02b37190d4 8fcc7d69f0b74a5a8edf3538a13555dd - - default default] Unable to schedule network a275e516-06b8-4551-9a02-7acfa7a68f08: no agents available; will retry on subsequent port and subnet creation events.
2026-06-15 21:27:59.839 8 INFO neutron.db.ovn_revision_numbers_db [None req-b1d36108-4189-4ad5-a241-86a424a4d10c 542d9f1feb244f38b43a2e02b37190d4 8fcc7d69f0b74a5a8edf3538a13555dd - - default default] Successfully bumped revision number for resource 34b2949d-df7e-487d-9006-e758e74edb64 (type: subnets) to 0 [pid: 8|app: 0|req: 721/1585] 10.0.0.124 () {34 vars in 669 bytes} [Mon Jun 15 21:27:59 2026] POST /v2.0/subnets => generated 646 bytes in 251 msecs (HTTP/1.1 201) 4 headers in 162 bytes (1 switches on core 0)
2026-06-15 21:28:00.011 8 INFO neutron_taas.services.taas.taas_plugin [None req-6962ea8a-5f0e-4d3f-b6da-b1aa59e8786b 8e1f65524d7c4bb3896887e77554e5e5 b8a1c67e10c6483ebcd573548dc04e33 - - default default] TaaS: Handle Delete Port: 543ebf05-301e-4fc3-9e66-94b8664c0079
2026-06-15 21:28:00.014 8 INFO neutron_taas.services.taas.tap_mirror_plugin [None req-6962ea8a-5f0e-4d3f-b6da-b1aa59e8786b 8e1f65524d7c4bb3896887e77554e5e5 b8a1c67e10c6483ebcd573548dc04e33 - - default default] Tap Mirror: Handle Delete Port: 543ebf05-301e-4fc3-9e66-94b8664c0079 [pid: 7|app: 0|req: 865/1586] 10.0.0.124 () {32 vars in 740 bytes} [Mon Jun 15 21:27:59 2026] DELETE /v2.0/security-groups/2510c3dc-6a75-4acd-8017-c02f9f32ca70 => generated 0 bytes in 254 msecs (HTTP/1.1 204) 2 headers in 112 bytes (1 switches on core 0)
2026-06-15 21:28:00.128 8 INFO neutron.services.segments.plugin [-] Segment ec0a69c9-9b04-418e-a237-84a14bc8d672 resource provider aggregate not found
2026-06-15 21:28:00.131 8 INFO neutron.services.segments.plugin [-] Segment ec0a69c9-9b04-418e-a237-84a14bc8d672 resource provider aggregate not found
2026-06-15 21:28:00.144 8 INFO neutron.services.segments.plugin [-] Segment ec0a69c9-9b04-418e-a237-84a14bc8d672 resource provider not found; error: Placement Client Error (4xx): {"errors": [{"status": 404, "title": "Not Found", "detail": "The resource could not be found.\n\n No resource provider with uuid ec0a69c9-9b04-418e-a237-84a14bc8d672 found for delete ", "request_id": "req-c9c3f156-7d47-47c0-9531-8c29543598ee"}]}
2026-06-15 21:28:00.145 8 INFO neutron.services.segments.plugin [-] Segment ec0a69c9-9b04-418e-a237-84a14bc8d672 resource provider not found; error: Placement Client Error (4xx): {"errors": [{"status": 404, "title": "Not Found", "detail": "The resource could not be found.\n\n No resource provider with uuid ec0a69c9-9b04-418e-a237-84a14bc8d672 found for delete ", "request_id": "req-f3176ba0-be94-4503-a0ab-8b7f2c0fdb11"}]} [pid: 8|app: 0|req: 722/1587] 10.0.0.124 () {32 vars in 726 bytes} [Mon Jun 15 21:27:59 2026] DELETE /v2.0/networks/156c7ac8-3e24-458a-b642-6521588ef6b6 => generated 0 bytes in 413 msecs (HTTP/1.1 204) 3 headers in 131 bytes (1 switches on core 0) [pid: 8|app: 0|req: 723/1588] 10.0.0.233 () {34 vars in 990 bytes} [Mon Jun 15 21:28:00 2026] GET /v2.0/ports?device_id=6feb3200-dd43-4a7f-865a-c32c6fde3559 => generated 12 bytes in 18 msecs (HTTP/1.1 200) 4 headers in 156 bytes (1 switches on core 0)
2026-06-15 21:28:00.315 7 WARNING neutron.scheduler.dhcp_agent_scheduler [None req-d5cc3788-53fc-43b5-adb6-e9b56eab767b 542d9f1feb244f38b43a2e02b37190d4 8fcc7d69f0b74a5a8edf3538a13555dd - - default default] No more DHCP agents
2026-06-15 21:28:00.316 7 WARNING neutron.api.rpc.agentnotifiers.dhcp_rpc_agent_api [None req-d5cc3788-53fc-43b5-adb6-e9b56eab767b 542d9f1feb244f38b43a2e02b37190d4 8fcc7d69f0b74a5a8edf3538a13555dd - - default default] Unable to schedule network a275e516-06b8-4551-9a02-7acfa7a68f08: no agents available; will retry on subsequent port and subnet creation events.
2026-06-15 21:28:00.457 7 INFO neutron.db.ovn_revision_numbers_db [None req-d5cc3788-53fc-43b5-adb6-e9b56eab767b 542d9f1feb244f38b43a2e02b37190d4 8fcc7d69f0b74a5a8edf3538a13555dd - - default default] Successfully bumped revision number for resource 6d7c834c-0f01-4e57-82ed-d008a70bbf1b (type: ports) to 1
2026-06-15 21:28:00.498 8 INFO neutron.db.ovn_revision_numbers_db [None req-66b8e1b5-53b6-41cb-a39a-4379dc57384a 8d9acc26dd4d41a88a912824d38d0c90 14b0857acd524f57969ff42419a2c212 - - default default] Successfully bumped revision number for resource f13bb7a3-a2b5-4ce2-8beb-35d901d12dfa (type: security_groups) to 1
2026-06-15 21:28:00.509 8 INFO neutron.db.ovn_revision_numbers_db [None req-66b8e1b5-53b6-41cb-a39a-4379dc57384a 8d9acc26dd4d41a88a912824d38d0c90 14b0857acd524f57969ff42419a2c212 - - default default] Successfully bumped revision number for resource 4c360e71-1326-4efa-885d-ab2f56e429a4 (type: security_group_rules) to 0
2026-06-15 21:28:00.520 8 INFO neutron.db.ovn_revision_numbers_db [None req-66b8e1b5-53b6-41cb-a39a-4379dc57384a 8d9acc26dd4d41a88a912824d38d0c90 14b0857acd524f57969ff42419a2c212 - - default default] Successfully bumped revision number for resource 64616a00-bc81-4ced-ace8-a8d9ca90b33b (type: security_group_rules) to 0
2026-06-15 21:28:00.536 8 INFO neutron.db.ovn_revision_numbers_db [None req-66b8e1b5-53b6-41cb-a39a-4379dc57384a 8d9acc26dd4d41a88a912824d38d0c90 14b0857acd524f57969ff42419a2c212 - - default default] Successfully bumped revision number for resource 68b40155-697a-4620-aa96-2c08e0c79701 (type: security_group_rules) to 0 [pid: 7|app: 0|req: 866/1589] 10.0.0.124 () {34 vars in 665 bytes} [Mon Jun 15 21:28:00 2026] POST /v2.0/ports => generated 927 bytes in 521 msecs (HTTP/1.1 201) 4 headers in 162 bytes (1 switches on core 0)
2026-06-15 21:28:00.557 8 INFO neutron.db.ovn_revision_numbers_db [None req-66b8e1b5-53b6-41cb-a39a-4379dc57384a 8d9acc26dd4d41a88a912824d38d0c90 14b0857acd524f57969ff42419a2c212 - - default default] Successfully bumped revision number for resource fb0e90da-e7dd-4d5b-a254-247f9e431c16 (type: security_group_rules) to 0 [pid: 8|app: 0|req: 724/1590] 10.0.0.124 () {32 vars in 774 bytes} [Mon Jun 15 21:28:00 2026] GET /v2.0/security-groups?tenant_id=cf570762f6ae49ee83d0dd30ef123f4f&name=default => generated 2925 bytes in 307 msecs (HTTP/1.1 200) 4 headers in 158 bytes (1 switches on core 0)
2026-06-15 21:28:00.705 8 INFO neutron_taas.services.taas.taas_plugin [None req-24f9c7f2-4135-4a45-af4e-69f9423ca5a4 542d9f1feb244f38b43a2e02b37190d4 8fcc7d69f0b74a5a8edf3538a13555dd - - default default] TaaS: Handle Delete Port: 6d7c834c-0f01-4e57-82ed-d008a70bbf1b
2026-06-15 21:28:00.708 8 INFO neutron_taas.services.taas.tap_mirror_plugin [None req-24f9c7f2-4135-4a45-af4e-69f9423ca5a4 542d9f1feb244f38b43a2e02b37190d4 8fcc7d69f0b74a5a8edf3538a13555dd - - default default] Tap Mirror: Handle Delete Port: 6d7c834c-0f01-4e57-82ed-d008a70bbf1b [pid: 8|app: 0|req: 725/1591] 10.0.0.124 () {32 vars in 720 bytes} [Mon Jun 15 21:28:00 2026] DELETE /v2.0/ports/6d7c834c-0f01-4e57-82ed-d008a70bbf1b => generated 0 bytes in 257 msecs (HTTP/1.1 204) 3 headers in 131 bytes (1 switches on core 0)
2026-06-15 21:28:00.948 7 WARNING neutron.scheduler.dhcp_agent_scheduler [None req-10778f75-59f9-4f7c-bcee-d41b12f53e9f 8e1f65524d7c4bb3896887e77554e5e5 b8a1c67e10c6483ebcd573548dc04e33 - - default default] No more DHCP agents
2026-06-15 21:28:00.949 7 WARNING neutron.api.rpc.agentnotifiers.dhcp_rpc_agent_api [None req-10778f75-59f9-4f7c-bcee-d41b12f53e9f 8e1f65524d7c4bb3896887e77554e5e5 b8a1c67e10c6483ebcd573548dc04e33 - - default default] Unable to schedule network 9eff105d-e811-4d80-a23f-efe400aad4e3: no agents available; will retry on subsequent port and subnet creation events.
2026-06-15 21:28:01.130 7 INFO neutron.db.ovn_revision_numbers_db [None req-10778f75-59f9-4f7c-bcee-d41b12f53e9f 8e1f65524d7c4bb3896887e77554e5e5 b8a1c67e10c6483ebcd573548dc04e33 - - default default] Successfully bumped revision number for resource 19419d89-642d-41b9-8dc7-346f7bebff0e (type: ports) to 1 [pid: 8|app: 0|req: 726/1592] 10.0.0.124 () {32 vars in 740 bytes} [Mon Jun 15 21:28:00 2026] DELETE /v2.0/security-groups/f13bb7a3-a2b5-4ce2-8beb-35d901d12dfa => generated 0 bytes in 308 msecs (HTTP/1.1 204) 2 headers in 112 bytes (1 switches on core 0)
2026-06-15 21:28:01.176 8 INFO neutron.pecan_wsgi.hooks.translation [None req-fd1ed4b2-a762-4bc2-8619-cd4ff998926e 542d9f1feb244f38b43a2e02b37190d4 8fcc7d69f0b74a5a8edf3538a13555dd - - default default] GET failed (client error): The resource could not be found. [pid: 8|app: 0|req: 727/1593] 10.0.0.124 () {32 vars in 717 bytes} [Mon Jun 15 21:28:01 2026] GET /v2.0/ports/6d7c834c-0f01-4e57-82ed-d008a70bbf1b => generated 132 bytes in 15 msecs (HTTP/1.1 404) 4 headers in 164 bytes (1 switches on core 0) [pid: 8|app: 0|req: 728/1594] 10.0.0.124 () {32 vars in 724 bytes} [Mon Jun 15 21:28:01 2026] DELETE /v2.0/subnets/34b2949d-df7e-487d-9006-e758e74edb64 => generated 0 bytes in 141 msecs (HTTP/1.1 204) 3 headers in 131 bytes (1 switches on core 0) [pid: 8|app: 0|req: 729/1595] 10.0.0.124 () {32 vars in 774 bytes} [Mon Jun 15 21:28:01 2026] GET /v2.0/security-groups?tenant_id=0e8b9592a9954f838849ae28751dbf1f&name=default => generated 2925 bytes in 25 msecs (HTTP/1.1 200) 4 headers in 158 bytes (1 switches on core 0)
2026-06-15 21:28:01.457 8 INFO neutron_taas.services.taas.taas_plugin [None req-a03dfd8b-b4b8-41a4-8666-60d02762e632 542d9f1feb244f38b43a2e02b37190d4 8fcc7d69f0b74a5a8edf3538a13555dd - - default default] TaaS: Handle Delete Port: 2594c231-78c0-4da4-8048-d01d9074cbdb
2026-06-15 21:28:01.460 8 INFO neutron_taas.services.taas.tap_mirror_plugin [None req-a03dfd8b-b4b8-41a4-8666-60d02762e632 542d9f1feb244f38b43a2e02b37190d4 8fcc7d69f0b74a5a8edf3538a13555dd - - default default] Tap Mirror: Handle Delete Port: 2594c231-78c0-4da4-8048-d01d9074cbdb [pid: 8|app: 0|req: 730/1596] 10.0.0.124 () {32 vars in 726 bytes} [Mon Jun 15 21:28:01 2026] DELETE /v2.0/networks/a275e516-06b8-4551-9a02-7acfa7a68f08 => generated 0 bytes in 389 msecs (HTTP/1.1 204) 3 headers in 131 bytes (1 switches on core 0)
2026-06-15 21:28:01.816 7 INFO neutron.plugins.ml2.drivers.ovn.mech_driver.ovsdb.commands [-] Schedule LRP lrp-19419d89-642d-41b9-8dc7-346f7bebff0e on gateway 2e4789d7-8f06-4b67-99e8-825d01b7043e with priority 1
2026-06-15 21:28:01.933 7 INFO neutron.db.ovn_revision_numbers_db [None req-10778f75-59f9-4f7c-bcee-d41b12f53e9f 8e1f65524d7c4bb3896887e77554e5e5 b8a1c67e10c6483ebcd573548dc04e33 - - default default] Successfully bumped revision number for resource 19419d89-642d-41b9-8dc7-346f7bebff0e (type: router_ports) to 1
2026-06-15 21:28:02.016 7 INFO neutron.db.ovn_revision_numbers_db [None req-10778f75-59f9-4f7c-bcee-d41b12f53e9f 8e1f65524d7c4bb3896887e77554e5e5 b8a1c67e10c6483ebcd573548dc04e33 - - default default] Successfully bumped revision number for resource 3009d2a0-1568-4255-8464-d229b631dc78 (type: routers) to 2 [pid: 7|app: 0|req: 867/1597] 10.0.0.124 () {34 vars in 669 bytes} [Mon Jun 15 21:28:00 2026] POST /v2.0/routers => generated 948 bytes in 1482 msecs (HTTP/1.1 201) 4 headers in 162 bytes (1 switches on core 0) [pid: 8|app: 0|req: 731/1598] 10.0.0.124 () {32 vars in 740 bytes} [Mon Jun 15 21:28:01 2026] DELETE /v2.0/security-groups/bc9592fd-ddf0-4b62-b64f-0190c8c59126 => generated 0 bytes in 363 msecs (HTTP/1.1 204) 2 headers in 112 bytes (1 switches on core 0)
2026-06-15 21:28:02.171 8 INFO neutron.services.segments.plugin [-] Segment 5d7b7a1f-d24e-4dcf-894d-7586701f1be5 resource provider aggregate not found
2026-06-15 21:28:02.177 8 INFO neutron.services.segments.plugin [-] Segment 5d7b7a1f-d24e-4dcf-894d-7586701f1be5 resource provider aggregate not found
2026-06-15 21:28:02.193 8 INFO neutron.services.segments.plugin [-] Segment 5d7b7a1f-d24e-4dcf-894d-7586701f1be5 resource provider not found; error: Placement Client Error (4xx): {"errors": [{"status": 404, "title": "Not Found", "detail": "The resource could not be found.\n\n No resource provider with uuid 5d7b7a1f-d24e-4dcf-894d-7586701f1be5 found for delete ", "request_id": "req-1ec995d1-de46-418e-a50a-6ee1a35a3a62"}]}
2026-06-15 21:28:02.201 8 INFO neutron.services.segments.plugin [-] Segment 5d7b7a1f-d24e-4dcf-894d-7586701f1be5 resource provider not found; error: Placement Client Error (4xx): {"errors": [{"status": 404, "title": "Not Found", "detail": "The resource could not be found.\n\n No resource provider with uuid 5d7b7a1f-d24e-4dcf-894d-7586701f1be5 found for delete ", "request_id": "req-0ca0767c-3c28-42b8-8357-f2e952953af1"}]}
2026-06-15 21:28:02.222 8 INFO neutron.services.segments.plugin [-] Segment 3e191e91-fcf2-4248-9032-4e5a3c0fa4fa resource provider aggregate not found
2026-06-15 21:28:02.228 8 INFO neutron.services.segments.plugin [-] Segment 3e191e91-fcf2-4248-9032-4e5a3c0fa4fa resource provider aggregate not found
2026-06-15 21:28:02.250 8 INFO neutron.services.segments.plugin [-] Segment 3e191e91-fcf2-4248-9032-4e5a3c0fa4fa resource provider not found; error: Placement Client Error (4xx): {"errors": [{"status": 404, "title": "Not Found", "detail": "The resource could not be found.\n\n No resource provider with uuid 3e191e91-fcf2-4248-9032-4e5a3c0fa4fa found for delete ", "request_id": "req-6b3e5bcb-0e1b-4665-902d-97922d53305c"}]}
2026-06-15 21:28:02.252 8 INFO neutron.services.segments.plugin [-] Segment 3e191e91-fcf2-4248-9032-4e5a3c0fa4fa resource provider not found; error: Placement Client Error (4xx): {"errors": [{"status": 404, "title": "Not Found", "detail": "The resource could not be found.\n\n No resource provider with uuid 3e191e91-fcf2-4248-9032-4e5a3c0fa4fa found for delete ", "request_id": "req-6b29b6e3-0e1d-4fdb-a06e-0cc3d66f58c2"}]} [pid: 7|app: 0|req: 868/1599] 10.0.0.124 () {32 vars in 740 bytes} [Mon Jun 15 21:28:02 2026] DELETE /v2.0/security-groups/154152ed-225f-49fa-8f7c-65f2931af3c3 => generated 0 bytes in 224 msecs (HTTP/1.1 204) 2 headers in 112 bytes (1 switches on core 0) [pid: 7|app: 0|req: 869/1600] 10.0.0.124 () {32 vars in 721 bytes} [Mon Jun 15 21:28:02 2026] GET /v2.0/routers/3009d2a0-1568-4255-8464-d229b631dc78 => generated 954 bytes in 57 msecs (HTTP/1.1 200) 4 headers in 157 bytes (1 switches on core 0)
2026-06-15 21:28:02.328 7 INFO neutron.api.v2.resource [None req-cf207db3-cc62-4ef7-96c2-a4e5eea0ed91 e83b5329f881494eb2587f7123b88779 3416f1a326114801bebd940d88126de5 - - default default] show failed (client error): The resource could not be found. [pid: 7|app: 0|req: 870/1601] 10.0.0.124 () {32 vars in 737 bytes} [Mon Jun 15 21:28:02 2026] GET /v2.0/security-groups/154152ed-225f-49fa-8f7c-65f2931af3c3 => generated 146 bytes in 9 msecs (HTTP/1.1 404) 4 headers in 164 bytes (1 switches on core 0)
2026-06-15 21:28:02.398 8 WARNING neutron.scheduler.dhcp_agent_scheduler [None req-522ecea8-5616-4ef4-ae6f-3d9b4cc476a5 542d9f1feb244f38b43a2e02b37190d4 8fcc7d69f0b74a5a8edf3538a13555dd - - default default] No more DHCP agents
2026-06-15 21:28:02.400 8 WARNING neutron.api.rpc.agentnotifiers.dhcp_rpc_agent_api [None req-522ecea8-5616-4ef4-ae6f-3d9b4cc476a5 542d9f1feb244f38b43a2e02b37190d4 8fcc7d69f0b74a5a8edf3538a13555dd - - default default] Unable to schedule network d572abb2-eae6-42c5-bf00-974c2c4ab12c: no agents available; will retry on subsequent port and subnet creation events. [pid: 7|app: 0|req: 871/1602] 10.0.0.124 () {32 vars in 647 bytes} [Mon Jun 15 21:28:02 2026] GET /v2.0/routers => generated 957 bytes in 86 msecs (HTTP/1.1 200) 4 headers in 157 bytes (1 switches on core 0)
2026-06-15 21:28:02.586 8 INFO neutron.db.ovn_revision_numbers_db [None req-522ecea8-5616-4ef4-ae6f-3d9b4cc476a5 542d9f1feb244f38b43a2e02b37190d4 8fcc7d69f0b74a5a8edf3538a13555dd - - default default] Successfully bumped revision number for resource d8d3c70a-e0b2-4c3d-ae17-8af99e027c18 (type: ports) to 1
2026-06-15 21:28:02.600 7 INFO neutron_taas.services.taas.taas_plugin [None req-7824e118-9117-4d4f-a6ac-efd18c34b1bd e83b5329f881494eb2587f7123b88779 3416f1a326114801bebd940d88126de5 - - default default] TaaS: Handle Delete Port: 195b9cfb-66f3-45a0-8d5a-4ac60510d81f
2026-06-15 21:28:02.603 7 INFO neutron_taas.services.taas.tap_mirror_plugin [None req-7824e118-9117-4d4f-a6ac-efd18c34b1bd e83b5329f881494eb2587f7123b88779 3416f1a326114801bebd940d88126de5 - - default default] Tap Mirror: Handle Delete Port: 195b9cfb-66f3-45a0-8d5a-4ac60510d81f [pid: 8|app: 0|req: 732/1603] 10.0.0.124 () {34 vars in 665 bytes} [Mon Jun 15 21:28:02 2026] POST /v2.0/ports => generated 779 bytes in 526 msecs (HTTP/1.1 201) 4 headers in 162 bytes (1 switches on core 0) /var/lib/openstack/lib/python3.12/site-packages/pycadf/identifier.py:70: UserWarning: Invalid uuid: neutron. To ensure interoperability, identifiers should be a valid uuid. warnings.warn(('Invalid uuid: %s. To ensure interoperability, '
2026-06-15 21:28:02.642 8 WARNING neutron.plugins.ml2.drivers.ovn.mech_driver.ovsdb.ovn_client [None req-4dde863e-e781-4b01-b28f-8a87002e177c - - - - - -] No port found with ID 3992ff0b-5384-4382-b415-a2950e6a701b: RuntimeError: No port found with ID 3992ff0b-5384-4382-b415-a2950e6a701b
2026-06-15 21:28:02.699 8 INFO neutron.plugins.ml2.drivers.ovn.mech_driver.mech_driver [None req-4dde863e-e781-4b01-b28f-8a87002e177c - - - - - -] OVN reports status down for port: ff4199cb-ded2-4e18-9429-f6ca2f4057f8
2026-06-15 21:28:02.710 8 INFO neutron.plugins.ml2.drivers.ovn.mech_driver.mech_driver [None req-4dde863e-e781-4b01-b28f-8a87002e177c - - - - - -] OVN reports status down for port: 2594c231-78c0-4da4-8048-d01d9074cbdb
2026-06-15 21:28:02.720 8 INFO neutron.plugins.ml2.drivers.ovn.mech_driver.mech_driver [None req-4dde863e-e781-4b01-b28f-8a87002e177c - - - - - -] OVN reports status down for port: 6d7c834c-0f01-4e57-82ed-d008a70bbf1b
2026-06-15 21:28:02.729 8 INFO neutron.plugins.ml2.drivers.ovn.mech_driver.mech_driver [None req-4dde863e-e781-4b01-b28f-8a87002e177c - - - - - -] OVN reports status down for port: 19419d89-642d-41b9-8dc7-346f7bebff0e [pid: 7|app: 0|req: 872/1604] 10.0.0.124 () {32 vars in 732 bytes} [Mon Jun 15 21:28:02 2026] DELETE /v2.0/floatingips/dd6d0109-71a6-4f0c-b994-d4b28a408cb7 => generated 0 bytes in 326 msecs (HTTP/1.1 204) 2 headers in 112 bytes (1 switches on core 0)
2026-06-15 21:28:02.821 8 WARNING neutron.plugins.ml2.drivers.ovn.mech_driver.ovsdb.ovn_client [None req-4dde863e-e781-4b01-b28f-8a87002e177c - - - - - -] Logical_Switch_Port 19419d89-642d-41b9-8dc7-346f7bebff0e host information not removed, the port state is up
2026-06-15 21:28:02.822 8 INFO neutron.plugins.ml2.drivers.ovn.mech_driver.mech_driver [None req-4dde863e-e781-4b01-b28f-8a87002e177c - - - - - -] OVN reports status up for port: 19419d89-642d-41b9-8dc7-346f7bebff0e
2026-06-15 21:28:02.842 8 INFO neutron.plugins.ml2.plugin [None req-4dde863e-e781-4b01-b28f-8a87002e177c - - - - - -] Attempt 1 to provision port 19419d89-642d-41b9-8dc7-346f7bebff0e
2026-06-15 21:28:02.986 7 INFO neutron.db.ovn_revision_numbers_db [None req-577fdf54-8c90-4737-8bfc-3dcbaba66a29 542d9f1feb244f38b43a2e02b37190d4 8fcc7d69f0b74a5a8edf3538a13555dd - - default default] Successfully bumped revision number for resource d8d3c70a-e0b2-4c3d-ae17-8af99e027c18 (type: ports) to 2 [pid: 7|app: 0|req: 873/1605] 10.0.0.124 () {34 vars in 737 bytes} [Mon Jun 15 21:28:02 2026] PUT /v2.0/ports/d8d3c70a-e0b2-4c3d-ae17-8af99e027c18 => generated 752 bytes in 288 msecs (HTTP/1.1 200) 4 headers in 157 bytes (1 switches on core 0) /var/lib/openstack/lib/python3.12/site-packages/pycadf/identifier.py:70: UserWarning: Invalid uuid: neutron. To ensure interoperability, identifiers should be a valid uuid. warnings.warn(('Invalid uuid: %s. To ensure interoperability, '
2026-06-15 21:28:03.173 8 INFO neutron.db.ovn_revision_numbers_db [None req-40a0fe6f-58de-48ca-9ef3-07f552f3a5b0 8e1f65524d7c4bb3896887e77554e5e5 b8a1c67e10c6483ebcd573548dc04e33 - - default default] Successfully bumped revision number for resource 3009d2a0-1568-4255-8464-d229b631dc78 (type: routers) to 3 [pid: 8|app: 0|req: 733/1606] 10.0.0.124 () {34 vars in 741 bytes} [Mon Jun 15 21:28:02 2026] PUT /v2.0/routers/3009d2a0-1568-4255-8464-d229b631dc78 => generated 961 bytes in 553 msecs (HTTP/1.1 200) 4 headers in 157 bytes (1 switches on core 0) /var/lib/openstack/lib/python3.12/site-packages/pycadf/identifier.py:70: UserWarning: Invalid uuid: neutron. To ensure interoperability, identifiers should be a valid uuid. warnings.warn(('Invalid uuid: %s. To ensure interoperability, '
2026-06-15 21:28:03.306 8 INFO neutron_taas.services.taas.taas_plugin [None req-00861cb2-54fe-44bc-a307-a5d0560ba420 542d9f1feb244f38b43a2e02b37190d4 8fcc7d69f0b74a5a8edf3538a13555dd - - default default] TaaS: Handle Delete Port: d8d3c70a-e0b2-4c3d-ae17-8af99e027c18
2026-06-15 21:28:03.310 8 INFO neutron_taas.services.taas.tap_mirror_plugin [None req-00861cb2-54fe-44bc-a307-a5d0560ba420 542d9f1feb244f38b43a2e02b37190d4 8fcc7d69f0b74a5a8edf3538a13555dd - - default default] Tap Mirror: Handle Delete Port: d8d3c70a-e0b2-4c3d-ae17-8af99e027c18
2026-06-15 21:28:03.317 7 INFO neutron_taas.services.taas.taas_plugin [None req-879dbdfa-9af0-48e3-bf93-ca86a612af66 8d9acc26dd4d41a88a912824d38d0c90 14b0857acd524f57969ff42419a2c212 - - default default] TaaS: Handle Delete Port: 0cf81589-a272-467f-bc58-237ff41f1dfd
2026-06-15 21:28:03.320 7 INFO neutron_taas.services.taas.tap_mirror_plugin [None req-879dbdfa-9af0-48e3-bf93-ca86a612af66 8d9acc26dd4d41a88a912824d38d0c90 14b0857acd524f57969ff42419a2c212 - - default default] Tap Mirror: Handle Delete Port: 0cf81589-a272-467f-bc58-237ff41f1dfd [pid: 8|app: 0|req: 734/1607] 10.0.0.124 () {32 vars in 720 bytes} [Mon Jun 15 21:28:03 2026] DELETE /v2.0/ports/d8d3c70a-e0b2-4c3d-ae17-8af99e027c18 => generated 0 bytes in 319 msecs (HTTP/1.1 204) 3 headers in 131 bytes (1 switches on core 0) [pid: 8|app: 0|req: 735/1608] 10.0.0.124 () {32 vars in 721 bytes} [Mon Jun 15 21:28:03 2026] GET /v2.0/routers/3009d2a0-1568-4255-8464-d229b631dc78 => generated 961 bytes in 71 msecs (HTTP/1.1 200) 4 headers in 157 bytes (1 switches on core 0) [pid: 8|app: 0|req: 736/1609] 10.0.0.124 () {32 vars in 643 bytes} [Mon Jun 15 21:28:03 2026] GET /v2.0/ports => generated 1537 bytes in 79 msecs (HTTP/1.1 200) 4 headers in 158 bytes (1 switches on core 0) [pid: 8|app: 0|req: 737/1610] 10.0.0.124 () {32 vars in 736 bytes} [Mon Jun 15 21:28:03 2026] GET /v2.0/ports?device_id=3009d2a0-1568-4255-8464-d229b631dc78 => generated 12 bytes in 16 msecs (HTTP/1.1 200) 4 headers in 156 bytes (1 switches on core 0)
2026-06-15 21:28:03.683 8 INFO neutron.pecan_wsgi.hooks.translation [None req-a43cf90b-1ed0-4f10-8b14-a106da2dedef 542d9f1feb244f38b43a2e02b37190d4 8fcc7d69f0b74a5a8edf3538a13555dd - - default default] GET failed (client error): The resource could not be found. [pid: 8|app: 0|req: 738/1611] 10.0.0.124 () {32 vars in 717 bytes} [Mon Jun 15 21:28:03 2026] GET /v2.0/ports/d8d3c70a-e0b2-4c3d-ae17-8af99e027c18 => generated 132 bytes in 12 msecs (HTTP/1.1 404) 4 headers in 164 bytes (1 switches on core 0)
2026-06-15 21:28:03.955 8 INFO neutron_taas.services.taas.taas_plugin [None req-d2197354-e309-453c-bdcc-91b718d0a6de 8e1f65524d7c4bb3896887e77554e5e5 b8a1c67e10c6483ebcd573548dc04e33 - - default default] TaaS: Handle Delete Port: 19419d89-642d-41b9-8dc7-346f7bebff0e
2026-06-15 21:28:03.959 8 INFO neutron_taas.services.taas.tap_mirror_plugin [None req-d2197354-e309-453c-bdcc-91b718d0a6de 8e1f65524d7c4bb3896887e77554e5e5 b8a1c67e10c6483ebcd573548dc04e33 - - default default] Tap Mirror: Handle Delete Port: 19419d89-642d-41b9-8dc7-346f7bebff0e [pid: 7|app: 0|req: 874/1612] 10.0.0.124 () {34 vars in 789 bytes} [Mon Jun 15 21:28:03 2026] PUT /v2.0/routers/68eaa12c-640d-4959-af83-1dfd88eeba39/remove_router_interface => generated 309 bytes in 1074 msecs (HTTP/1.1 200) 4 headers in 157 bytes (1 switches on core 0) /var/lib/openstack/lib/python3.12/site-packages/pycadf/identifier.py:70: UserWarning: Invalid uuid: neutron. To ensure interoperability, identifiers should be a valid uuid. warnings.warn(('Invalid uuid: %s. To ensure interoperability, ' [pid: 7|app: 0|req: 875/1613] 10.0.0.124 () {32 vars in 643 bytes} [Mon Jun 15 21:28:04 2026] GET /v2.0/ports => generated 1537 bytes in 37 msecs (HTTP/1.1 200) 4 headers in 158 bytes (1 switches on core 0) [pid: 8|app: 0|req: 739/1614] 10.0.0.124 () {32 vars in 724 bytes} [Mon Jun 15 21:28:03 2026] DELETE /v2.0/routers/3009d2a0-1568-4255-8464-d229b631dc78 => generated 0 bytes in 718 msecs (HTTP/1.1 204) 2 headers in 112 bytes (1 switches on core 0)
2026-06-15 21:28:04.416 7 INFO neutron_taas.services.taas.taas_plugin [None req-a7c6b50f-c0bf-47b8-82de-4114dea9ed5b 8d9acc26dd4d41a88a912824d38d0c90 14b0857acd524f57969ff42419a2c212 - - default default] TaaS: Handle Delete Port: a2ba4d3d-ab90-487e-a013-63ad58fc0b27
2026-06-15 21:28:04.419 7 INFO neutron_taas.services.taas.tap_mirror_plugin [None req-a7c6b50f-c0bf-47b8-82de-4114dea9ed5b 8d9acc26dd4d41a88a912824d38d0c90 14b0857acd524f57969ff42419a2c212 - - default default] Tap Mirror: Handle Delete Port: a2ba4d3d-ab90-487e-a013-63ad58fc0b27 [pid: 8|app: 0|req: 740/1615] 10.0.0.124 () {32 vars in 717 bytes} [Mon Jun 15 21:28:04 2026] GET /v2.0/ports/5da1e674-d126-4159-a853-9b7972f1cb3d => generated 778 bytes in 39 msecs (HTTP/1.1 200) 4 headers in 157 bytes (1 switches on core 0) [pid: 8|app: 0|req: 741/1616] 10.0.0.124 () {32 vars in 736 bytes} [Mon Jun 15 21:28:04 2026] GET /v2.0/ports?device_id=3009d2a0-1568-4255-8464-d229b631dc78 => generated 12 bytes in 16 msecs (HTTP/1.1 200) 4 headers in 156 bytes (1 switches on core 0)
2026-06-15 21:28:04.474 8 INFO neutron.pecan_wsgi.hooks.translation [None req-c83f877b-6cb1-476e-81bd-c811174d16b2 542d9f1feb244f38b43a2e02b37190d4 8fcc7d69f0b74a5a8edf3538a13555dd - - default default] DELETE failed (client error): The resource could not be found. [pid: 8|app: 0|req: 742/1617] 10.0.0.124 () {32 vars in 720 bytes} [Mon Jun 15 21:28:04 2026] DELETE /v2.0/ports/6d7c834c-0f01-4e57-82ed-d008a70bbf1b => generated 132 bytes in 20 msecs (HTTP/1.1 404) 4 headers in 164 bytes (1 switches on core 0)
2026-06-15 21:28:04.500 8 INFO neutron.api.v2.resource [None req-dbc1692d-8331-47f2-8f72-1736331dd87c 8e1f65524d7c4bb3896887e77554e5e5 b8a1c67e10c6483ebcd573548dc04e33 - - default default] delete failed (client error): The resource could not be found. [pid: 8|app: 0|req: 743/1618] 10.0.0.124 () {32 vars in 724 bytes} [Mon Jun 15 21:28:04 2026] DELETE /v2.0/routers/3009d2a0-1568-4255-8464-d229b631dc78 => generated 135 bytes in 23 msecs (HTTP/1.1 404) 4 headers in 164 bytes (1 switches on core 0)
2026-06-15 21:28:04.515 8 INFO neutron.pecan_wsgi.hooks.translation [None req-e154c05d-8ce6-44df-a94f-c41189b121b8 542d9f1feb244f38b43a2e02b37190d4 8fcc7d69f0b74a5a8edf3538a13555dd - - default default] DELETE failed (client error): The resource could not be found. [pid: 8|app: 0|req: 744/1619] 10.0.0.124 () {32 vars in 724 bytes} [Mon Jun 15 21:28:04 2026] DELETE /v2.0/subnets/34b2949d-df7e-487d-9006-e758e74edb64 => generated 136 bytes in 16 msecs (HTTP/1.1 404) 4 headers in 164 bytes (1 switches on core 0) [pid: 8|app: 0|req: 745/1620] 10.0.0.124 () {32 vars in 736 bytes} [Mon Jun 15 21:28:04 2026] GET /v2.0/ports?device_id=bcc85e32-d0b4-4f66-8d55-a9014a747985 => generated 12 bytes in 22 msecs (HTTP/1.1 200) 4 headers in 156 bytes (1 switches on core 0)
2026-06-15 21:28:04.553 8 INFO neutron.pecan_wsgi.hooks.translation [None req-4ea54b48-ff5d-4bb5-b0d4-e97408fcaf1b 542d9f1feb244f38b43a2e02b37190d4 8fcc7d69f0b74a5a8edf3538a13555dd - - default default] DELETE failed (client error): The resource could not be found. [pid: 8|app: 0|req: 746/1621] 10.0.0.124 () {32 vars in 724 bytes} [Mon Jun 15 21:28:04 2026] DELETE /v2.0/subnets/391b4471-ea8e-4d4e-aeb9-6bfd9c6bc150 => generated 136 bytes in 17 msecs (HTTP/1.1 404) 4 headers in 164 bytes (1 switches on core 0)
2026-06-15 21:28:04.571 8 INFO neutron.api.v2.resource [None req-97158ea7-436a-4ba3-9511-01f5c953d050 8e1f65524d7c4bb3896887e77554e5e5 b8a1c67e10c6483ebcd573548dc04e33 - - default default] delete failed (client error): The resource could not be found. [pid: 8|app: 0|req: 747/1622] 10.0.0.124 () {32 vars in 724 bytes} [Mon Jun 15 21:28:04 2026] DELETE /v2.0/routers/bcc85e32-d0b4-4f66-8d55-a9014a747985 => generated 135 bytes in 14 msecs (HTTP/1.1 404) 4 headers in 164 bytes (1 switches on core 0)
2026-06-15 21:28:04.707 8 INFO neutron_taas.services.taas.taas_plugin [None req-09361940-c270-4901-8043-acfd9af95d19 542d9f1feb244f38b43a2e02b37190d4 8fcc7d69f0b74a5a8edf3538a13555dd - - default default] TaaS: Handle Delete Port: 5da1e674-d126-4159-a853-9b7972f1cb3d
2026-06-15 21:28:04.711 8 INFO neutron_taas.services.taas.tap_mirror_plugin [None req-09361940-c270-4901-8043-acfd9af95d19 542d9f1feb244f38b43a2e02b37190d4 8fcc7d69f0b74a5a8edf3538a13555dd - - default default] Tap Mirror: Handle Delete Port: 5da1e674-d126-4159-a853-9b7972f1cb3d [pid: 8|app: 0|req: 748/1623] 10.0.0.124 () {32 vars in 720 bytes} [Mon Jun 15 21:28:04 2026] DELETE /v2.0/ports/5da1e674-d126-4159-a853-9b7972f1cb3d => generated 0 bytes in 280 msecs (HTTP/1.1 204) 3 headers in 131 bytes (1 switches on core 0)
2026-06-15 21:28:04.878 8 INFO neutron.pecan_wsgi.hooks.translation [None req-3e23eae0-4c74-4295-874a-34f29a3dbe88 8e1f65524d7c4bb3896887e77554e5e5 b8a1c67e10c6483ebcd573548dc04e33 - - default default] DELETE failed (client error): The resource could not be found. [pid: 8|app: 0|req: 749/1624] 10.0.0.124 () {32 vars in 724 bytes} [Mon Jun 15 21:28:04 2026] DELETE /v2.0/subnets/0143ae51-f023-4233-9de3-08d3b9e4b4ae => generated 136 bytes in 29 msecs (HTTP/1.1 404) 4 headers in 164 bytes (1 switches on core 0) [pid: 7|app: 0|req: 876/1625] 10.0.0.124 () {32 vars in 724 bytes} [Mon Jun 15 21:28:04 2026] DELETE /v2.0/routers/68eaa12c-640d-4959-af83-1dfd88eeba39 => generated 0 bytes in 796 msecs (HTTP/1.1 204) 2 headers in 112 bytes (1 switches on core 0) [pid: 7|app: 0|req: 877/1626] 10.0.0.124 () {32 vars in 736 bytes} [Mon Jun 15 21:28:04 2026] GET /v2.0/ports?device_id=0bc9759d-5276-4b7d-808f-32e972b27ec5 => generated 12 bytes in 22 msecs (HTTP/1.1 200) 4 headers in 156 bytes (1 switches on core 0)
2026-06-15 21:28:05.041 8 INFO neutron_taas.services.taas.taas_plugin [None req-e20003b3-2e65-4c25-838a-293aea2fe2e3 542d9f1feb244f38b43a2e02b37190d4 8fcc7d69f0b74a5a8edf3538a13555dd - - default default] TaaS: Handle Delete Port: 74e1947d-17c6-46f8-acd1-b781138ac158
2026-06-15 21:28:05.043 8 INFO neutron_taas.services.taas.tap_mirror_plugin [None req-e20003b3-2e65-4c25-838a-293aea2fe2e3 542d9f1feb244f38b43a2e02b37190d4 8fcc7d69f0b74a5a8edf3538a13555dd - - default default] Tap Mirror: Handle Delete Port: 74e1947d-17c6-46f8-acd1-b781138ac158 [pid: 7|app: 0|req: 878/1627] 10.0.0.124 () {32 vars in 724 bytes} [Mon Jun 15 21:28:04 2026] DELETE /v2.0/subnets/25e96cfe-c786-473a-9b84-ac8b3793f938 => generated 0 bytes in 162 msecs (HTTP/1.1 204) 3 headers in 131 bytes (1 switches on core 0)
2026-06-15 21:28:05.169 7 INFO neutron.api.v2.resource [None req-60199418-1079-4925-86f6-59c08a05e9a7 8e1f65524d7c4bb3896887e77554e5e5 b8a1c67e10c6483ebcd573548dc04e33 - - default default] delete failed (client error): The resource could not be found. [pid: 7|app: 0|req: 879/1628] 10.0.0.124 () {32 vars in 724 bytes} [Mon Jun 15 21:28:05 2026] DELETE /v2.0/routers/0bc9759d-5276-4b7d-808f-32e972b27ec5 => generated 135 bytes in 46 msecs (HTTP/1.1 404) 4 headers in 164 bytes (1 switches on core 0)
2026-06-15 21:28:05.227 8 INFO neutron.services.segments.plugin [-] Segment 02c19bba-45d4-4590-9305-9548c4443218 resource provider aggregate not found
2026-06-15 21:28:05.231 8 INFO neutron.services.segments.plugin [-] Segment 02c19bba-45d4-4590-9305-9548c4443218 resource provider aggregate not found
2026-06-15 21:28:05.246 8 INFO neutron.services.segments.plugin [-] Segment 02c19bba-45d4-4590-9305-9548c4443218 resource provider not found; error: Placement Client Error (4xx): {"errors": [{"status": 404, "title": "Not Found", "detail": "The resource could not be found.\n\n No resource provider with uuid 02c19bba-45d4-4590-9305-9548c4443218 found for delete ", "request_id": "req-c10bb14d-68a5-457e-90f4-2358090ef301"}]}
2026-06-15 21:28:05.249 8 INFO neutron.services.segments.plugin [-] Segment 02c19bba-45d4-4590-9305-9548c4443218 resource provider not found; error: Placement Client Error (4xx): {"errors": [{"status": 404, "title": "Not Found", "detail": "The resource could not be found.\n\n No resource provider with uuid 02c19bba-45d4-4590-9305-9548c4443218 found for delete ", "request_id": "req-3af33fca-f275-47c9-9425-0acd8d2a494a"}]} [pid: 8|app: 0|req: 750/1629] 10.0.0.124 () {32 vars in 726 bytes} [Mon Jun 15 21:28:04 2026] DELETE /v2.0/networks/d572abb2-eae6-42c5-bf00-974c2c4ab12c => generated 0 bytes in 399 msecs (HTTP/1.1 204) 3 headers in 131 bytes (1 switches on core 0)
2026-06-15 21:28:05.294 8 INFO neutron.pecan_wsgi.hooks.translation [None req-4ed3d0c6-50cb-4713-ba4f-47fcbe0f675d 8e1f65524d7c4bb3896887e77554e5e5 b8a1c67e10c6483ebcd573548dc04e33 - - default default] DELETE failed (client error): The resource could not be found. [pid: 8|app: 0|req: 751/1630] 10.0.0.124 () {32 vars in 724 bytes} [Mon Jun 15 21:28:05 2026] DELETE /v2.0/subnets/4212819c-6a3c-4574-8ff4-cc862ab37d9c => generated 136 bytes in 17 msecs (HTTP/1.1 404) 4 headers in 164 bytes (1 switches on core 0)
2026-06-15 21:28:05.310 7 INFO neutron_taas.services.taas.taas_plugin [None req-5712dab9-1741-4195-be9b-9d6fb90e90a2 8d9acc26dd4d41a88a912824d38d0c90 14b0857acd524f57969ff42419a2c212 - - default default] TaaS: Handle Delete Port: ddb8c202-99c1-4960-9a4e-93aceeecd765
2026-06-15 21:28:05.313 7 INFO neutron_taas.services.taas.tap_mirror_plugin [None req-5712dab9-1741-4195-be9b-9d6fb90e90a2 8d9acc26dd4d41a88a912824d38d0c90 14b0857acd524f57969ff42419a2c212 - - default default] Tap Mirror: Handle Delete Port: ddb8c202-99c1-4960-9a4e-93aceeecd765 [pid: 8|app: 0|req: 752/1631] 10.0.0.124 () {32 vars in 736 bytes} [Mon Jun 15 21:28:05 2026] GET /v2.0/ports?device_id=ff31b35a-e0e4-4eca-9dec-54b2053eac77 => generated 12 bytes in 21 msecs (HTTP/1.1 200) 4 headers in 156 bytes (1 switches on core 0)
2026-06-15 21:28:05.350 8 INFO neutron.api.v2.resource [None req-10606779-8fc6-4824-ba4b-57abb4a0fa2c 8e1f65524d7c4bb3896887e77554e5e5 b8a1c67e10c6483ebcd573548dc04e33 - - default default] delete failed (client error): The resource could not be found. [pid: 8|app: 0|req: 753/1632] 10.0.0.124 () {32 vars in 724 bytes} [Mon Jun 15 21:28:05 2026] DELETE /v2.0/routers/ff31b35a-e0e4-4eca-9dec-54b2053eac77 => generated 135 bytes in 24 msecs (HTTP/1.1 404) 4 headers in 164 bytes (1 switches on core 0)
2026-06-15 21:28:05.383 8 INFO neutron.pecan_wsgi.hooks.translation [None req-3ae2000c-8a7d-4579-b50b-10c7b82c27ad 8e1f65524d7c4bb3896887e77554e5e5 b8a1c67e10c6483ebcd573548dc04e33 - - default default] DELETE failed (client error): The resource could not be found. [pid: 8|app: 0|req: 754/1633] 10.0.0.124 () {32 vars in 724 bytes} [Mon Jun 15 21:28:05 2026] DELETE /v2.0/subnets/fc726967-f1df-4e06-bc2e-b102fd550142 => generated 136 bytes in 29 msecs (HTTP/1.1 404) 4 headers in 164 bytes (1 switches on core 0)
2026-06-15 21:28:05.422 8 INFO neutron.pecan_wsgi.hooks.translation [None req-f585d441-7fbd-41ec-ac97-d20313454257 8e1f65524d7c4bb3896887e77554e5e5 b8a1c67e10c6483ebcd573548dc04e33 - - default default] DELETE failed (client error): The resource could not be found. [pid: 8|app: 0|req: 755/1634] 10.0.0.124 () {32 vars in 724 bytes} [Mon Jun 15 21:28:05 2026] DELETE /v2.0/subnets/612912e8-b3ca-451a-8354-9061fcc8e8ae => generated 136 bytes in 32 msecs (HTTP/1.1 404) 4 headers in 164 bytes (1 switches on core 0)
2026-06-15 21:28:05.543 7 INFO neutron.services.segments.plugin [-] Segment 361c1dfa-2eff-4cf4-9d8e-08cc70e9edd8 resource provider aggregate not found
2026-06-15 21:28:05.549 7 INFO neutron.services.segments.plugin [-] Segment 361c1dfa-2eff-4cf4-9d8e-08cc70e9edd8 resource provider aggregate not found
2026-06-15 21:28:05.568 7 INFO neutron.services.segments.plugin [-] Segment 361c1dfa-2eff-4cf4-9d8e-08cc70e9edd8 resource provider not found; error: Placement Client Error (4xx): {"errors": [{"status": 404, "title": "Not Found", "detail": "The resource could not be found.\n\n No resource provider with uuid 361c1dfa-2eff-4cf4-9d8e-08cc70e9edd8 found for delete ", "request_id": "req-cf1cd368-766f-4043-ae83-a24369f9ce62"}]}
2026-06-15 21:28:05.571 7 INFO neutron.services.segments.plugin [-] Segment 361c1dfa-2eff-4cf4-9d8e-08cc70e9edd8 resource provider not found; error: Placement Client Error (4xx): {"errors": [{"status": 404, "title": "Not Found", "detail": "The resource could not be found.\n\n No resource provider with uuid 361c1dfa-2eff-4cf4-9d8e-08cc70e9edd8 found for delete ", "request_id": "req-283f095c-1124-49a6-a609-c239fafd00d7"}]} [pid: 7|app: 0|req: 880/1637] 10.0.0.124 () {32 vars in 726 bytes} [Mon Jun 15 21:28:05 2026] DELETE /v2.0/networks/1d6f5338-4bc7-48e0-b04d-cdd0e6a5a188 => generated 0 bytes in 437 msecs (HTTP/1.1 204) 3 headers in 131 bytes (1 switches on core 0) [pid: 7|app: 0|req: 881/1638] 10.0.0.124 () {32 vars in 774 bytes} [Mon Jun 15 21:28:05 2026] GET /v2.0/security-groups?tenant_id=3416f1a326114801bebd940d88126de5&name=default => generated 2925 bytes in 34 msecs (HTTP/1.1 200) 4 headers in 158 bytes (1 switches on core 0) [pid: 8|app: 0|req: 758/1639] 10.0.0.124 () {32 vars in 774 bytes} [Mon Jun 15 21:28:05 2026] GET /v2.0/security-groups?tenant_id=8fcc7d69f0b74a5a8edf3538a13555dd&name=default => generated 2925 bytes in 254 msecs (HTTP/1.1 200) 4 headers in 158 bytes (1 switches on core 0) [pid: 8|app: 0|req: 759/1640] 10.0.0.124 () {32 vars in 774 bytes} [Mon Jun 15 21:28:05 2026] GET /v2.0/security-groups?tenant_id=b8a1c67e10c6483ebcd573548dc04e33&name=default => generated 2925 bytes in 72 msecs (HTTP/1.1 200) 4 headers in 158 bytes (1 switches on core 0) [pid: 7|app: 0|req: 882/1641] 10.0.0.124 () {32 vars in 740 bytes} [Mon Jun 15 21:28:05 2026] DELETE /v2.0/security-groups/38fefafb-db79-4110-95be-381e61928dbc => generated 0 bytes in 282 msecs (HTTP/1.1 204) 2 headers in 112 bytes (1 switches on core 0) [pid: 8|app: 0|req: 760/1642] 10.0.0.124 () {32 vars in 740 bytes} [Mon Jun 15 21:28:06 2026] DELETE /v2.0/security-groups/261c38ed-964a-4312-bb54-07a223953938 => generated 0 bytes in 352 msecs (HTTP/1.1 204) 2 headers in 112 bytes (1 switches on core 0) [pid: 7|app: 0|req: 883/1643] 10.0.0.124 () {32 vars in 740 bytes} [Mon Jun 15 21:28:06 2026] DELETE /v2.0/security-groups/66e3bc06-5db8-43f4-b8d6-553c9c54bfb2 => generated 0 bytes in 358 msecs (HTTP/1.1 204) 2 headers in 112 bytes (1 switches on core 0)
2026-06-15 21:28:06.663 8 INFO neutron.db.ovn_revision_numbers_db [None req-e481fa94-7e90-4362-93cb-756c7ea24fd3 fbd25048e9ae489f98d201e5f838bf38 eec49f98a57640b691c4806bc77fc299 - - default default] Successfully bumped revision number for resource 995c12e3-813e-47c1-b0db-298f4b40f285 (type: security_groups) to 1
2026-06-15 21:28:06.680 8 INFO neutron.db.ovn_revision_numbers_db [None req-e481fa94-7e90-4362-93cb-756c7ea24fd3 fbd25048e9ae489f98d201e5f838bf38 eec49f98a57640b691c4806bc77fc299 - - default default] Successfully bumped revision number for resource 0ad4dfdf-6c76-421e-ba9d-3f40d6a3de3a (type: security_group_rules) to 0
2026-06-15 21:28:06.696 8 INFO neutron.db.ovn_revision_numbers_db [None req-e481fa94-7e90-4362-93cb-756c7ea24fd3 fbd25048e9ae489f98d201e5f838bf38 eec49f98a57640b691c4806bc77fc299 - - default default] Successfully bumped revision number for resource 3e3b01cd-f020-476c-b922-2fe1bb848799 (type: security_group_rules) to 0
2026-06-15 21:28:06.710 8 INFO neutron.db.ovn_revision_numbers_db [None req-e481fa94-7e90-4362-93cb-756c7ea24fd3 fbd25048e9ae489f98d201e5f838bf38 eec49f98a57640b691c4806bc77fc299 - - default default] Successfully bumped revision number for resource 589568ad-69f1-4769-9779-966f6ea9122d (type: security_group_rules) to 0
2026-06-15 21:28:06.726 8 INFO neutron.db.ovn_revision_numbers_db [None req-e481fa94-7e90-4362-93cb-756c7ea24fd3 fbd25048e9ae489f98d201e5f838bf38 eec49f98a57640b691c4806bc77fc299 - - default default] Successfully bumped revision number for resource d49e8b50-2939-4eaa-9793-5579fbb1c497 (type: security_group_rules) to 0
2026-06-15 21:28:06.812 8 INFO neutron.db.segments_db [None req-e481fa94-7e90-4362-93cb-756c7ea24fd3 fbd25048e9ae489f98d201e5f838bf38 eec49f98a57640b691c4806bc77fc299 - - default default] Added segment eee3a71a-ae9e-489b-9920-e0ed7fe43127 of type geneve for network 2ffd8d07-8a01-41af-a2e5-1b32bd84f745
