2026-06-15 21:27:20.361 7 INFO neutron.db.ovn_revision_numbers_db [None req-a32af9db-e3f6-42a3-a18c-93cbdddea397 2ddb8ec3da9546fcaefe9f2526d7d0dd d5bae100e8f442ebb507e3285f774fb2 - - default default] Successfully bumped revision number for resource d4052f9f-6000-4fb7-99e5-600e47fde209 (type: subnets) to 0 [pid: 7|app: 0|req: 725/1333] 10.0.0.124 () {34 vars in 669 bytes} [Mon Jun 15 21:27:19 2026] POST /v2.0/subnets => generated 1322 bytes in 430 msecs (HTTP/1.1 201) 4 headers in 163 bytes (1 switches on core 0) [pid: 7|app: 0|req: 726/1334] 10.0.0.124 () {32 vars in 673 bytes} [Mon Jun 15 21:27:20 2026] GET /v2.0/security-group-rules => generated 4139 bytes in 64 msecs (HTTP/1.1 200) 4 headers in 158 bytes (1 switches on core 0) [pid: 8|app: 0|req: 609/1335] 10.0.0.124 () {32 vars in 724 bytes} [Mon Jun 15 21:27:20 2026] DELETE /v2.0/subnets/3855256b-f633-41a7-8bf6-3ea046ec42f5 => generated 0 bytes in 182 msecs (HTTP/1.1 204) 3 headers in 131 bytes (1 switches on core 0) [pid: 7|app: 0|req: 727/1338] 10.0.0.124 () {32 vars in 647 bytes} [Mon Jun 15 21:27:20 2026] GET /v2.0/subnets => generated 1958 bytes in 41 msecs (HTTP/1.1 200) 4 headers in 158 bytes (1 switches on core 0)
2026-06-15 21:27:20.594 8 INFO neutron.plugins.ml2.drivers.ovn.mech_driver.mech_driver [None req-05365d2c-6b83-4830-8626-9b9ec09a8c03 - - - - - -] OVN reports status down for port: f4cfa7d4-07b5-49ac-9d18-0390e99eabed
2026-06-15 21:27:20.603 8 INFO neutron.plugins.ml2.drivers.ovn.mech_driver.mech_driver [None req-05365d2c-6b83-4830-8626-9b9ec09a8c03 - - - - - -] OVN reports status down for port: 0cf81589-a272-467f-bc58-237ff41f1dfd
2026-06-15 21:27:20.625 7 INFO neutron_taas.services.taas.taas_plugin [None req-eb1093bf-d37c-4442-a421-d952161dbac2 e39e4e61634a496a9ea049da050e7839 47522c8abf114e1ba39a4c91c88fa55c - - default default] TaaS: Handle Delete Port: f43ca117-7962-4b59-9585-c09f2d4a7a3d [pid: 8|app: 0|req: 612/1339] 10.0.0.124 () {32 vars in 750 bytes} [Mon Jun 15 21:27:20 2026] DELETE /v2.0/security-group-rules/69bea07a-9957-41f8-b72d-ecdd4450b1df => generated 0 bytes in 162 msecs (HTTP/1.1 204) 2 headers in 112 bytes (1 switches on core 0)
2026-06-15 21:27:20.628 7 INFO neutron_taas.services.taas.tap_mirror_plugin [None req-eb1093bf-d37c-4442-a421-d952161dbac2 e39e4e61634a496a9ea049da050e7839 47522c8abf114e1ba39a4c91c88fa55c - - default default] Tap Mirror: Handle Delete Port: f43ca117-7962-4b59-9585-c09f2d4a7a3d
2026-06-15 21:27:20.687 8 WARNING neutron.plugins.ml2.drivers.ovn.mech_driver.ovsdb.ovn_client [None req-05365d2c-6b83-4830-8626-9b9ec09a8c03 - - - - - -] Logical_Switch_Port 0cf81589-a272-467f-bc58-237ff41f1dfd host information not removed, the port state is up
2026-06-15 21:27:20.687 8 INFO neutron.plugins.ml2.drivers.ovn.mech_driver.mech_driver [None req-05365d2c-6b83-4830-8626-9b9ec09a8c03 - - - - - -] OVN reports status down for port: e8c6d503-b566-4ab5-9b9f-aed0b97ba624
2026-06-15 21:27:20.842 7 INFO neutron.services.segments.plugin [-] Segment fd3ed756-8762-4edd-9ec2-080646b450c9 resource provider aggregate not found
2026-06-15 21:27:20.850 7 INFO neutron.services.segments.plugin [-] Segment fd3ed756-8762-4edd-9ec2-080646b450c9 resource provider aggregate not found
2026-06-15 21:27:20.859 8 INFO neutron.plugins.ml2.drivers.ovn.mech_driver.mech_driver [None req-05365d2c-6b83-4830-8626-9b9ec09a8c03 - - - - - -] OVN reports status up for port: 0cf81589-a272-467f-bc58-237ff41f1dfd
2026-06-15 21:27:20.872 7 INFO neutron.services.segments.plugin [-] Segment fd3ed756-8762-4edd-9ec2-080646b450c9 resource provider not found; error: Placement Client Error (4xx): {"errors": [{"status": 404, "title": "Not Found", "detail": "The resource could not be found.\n\n No resource provider with uuid fd3ed756-8762-4edd-9ec2-080646b450c9 found for delete ", "request_id": "req-29fcb148-88a3-4fba-a5aa-4f0020cb64d4"}]}
2026-06-15 21:27:20.879 7 INFO neutron.services.segments.plugin [-] Segment fd3ed756-8762-4edd-9ec2-080646b450c9 resource provider not found; error: Placement Client Error (4xx): {"errors": [{"status": 404, "title": "Not Found", "detail": "The resource could not be found.\n\n No resource provider with uuid fd3ed756-8762-4edd-9ec2-080646b450c9 found for delete ", "request_id": "req-3b9a33a6-31d0-4da8-bbce-ac0c24d1459b"}]}
2026-06-15 21:27:20.880 8 INFO neutron.plugins.ml2.plugin [None req-05365d2c-6b83-4830-8626-9b9ec09a8c03 - - - - - -] Attempt 1 to provision port 0cf81589-a272-467f-bc58-237ff41f1dfd
2026-06-15 21:27:20.884 8 INFO neutron.db.ovn_revision_numbers_db [None req-b402be2d-d04b-4927-b8a9-461f48ef5f3f e83b5329f881494eb2587f7123b88779 3416f1a326114801bebd940d88126de5 - - default default] Successfully bumped revision number for resource 154152ed-225f-49fa-8f7c-65f2931af3c3 (type: security_groups) to 1
2026-06-15 21:27:20.913 8 INFO neutron.db.ovn_revision_numbers_db [None req-b402be2d-d04b-4927-b8a9-461f48ef5f3f e83b5329f881494eb2587f7123b88779 3416f1a326114801bebd940d88126de5 - - default default] Successfully bumped revision number for resource 45378dde-eb36-4b99-a83e-c9aa8fcb89f8 (type: security_group_rules) to 0 [pid: 7|app: 0|req: 728/1340] 10.0.0.124 () {32 vars in 726 bytes} [Mon Jun 15 21:27:20 2026] DELETE /v2.0/networks/aa6b6b68-c0a0-4d42-9ec9-8ea8c5e718db => generated 0 bytes in 458 msecs (HTTP/1.1 204) 3 headers in 131 bytes (1 switches on core 0)
2026-06-15 21:27:20.947 8 INFO neutron.db.ovn_revision_numbers_db [None req-b402be2d-d04b-4927-b8a9-461f48ef5f3f e83b5329f881494eb2587f7123b88779 3416f1a326114801bebd940d88126de5 - - default default] Successfully bumped revision number for resource d43beaa2-ddcb-4628-ae9c-b3e45f15b32c (type: security_group_rules) to 0 [pid: 8|app: 0|req: 613/1341] 10.0.0.124 () {34 vars in 685 bytes} [Mon Jun 15 21:27:20 2026] POST /v2.0/security-groups => generated 1659 bytes in 388 msecs (HTTP/1.1 201) 4 headers in 163 bytes (1 switches on core 0) [pid: 7|app: 0|req: 729/1342] 10.0.0.124 () {32 vars in 724 bytes} [Mon Jun 15 21:27:20 2026] DELETE /v2.0/subnets/cd05f885-d660-4f97-9e51-987b1c919459 => generated 0 bytes in 141 msecs (HTTP/1.1 204) 3 headers in 131 bytes (1 switches on core 0) [pid: 8|app: 0|req: 614/1343] 10.0.0.124 () {32 vars in 673 bytes} [Mon Jun 15 21:27:21 2026] GET /v2.0/security-group-rules => generated 3560 bytes in 113 msecs (HTTP/1.1 200) 4 headers in 158 bytes (1 switches on core 0)
2026-06-15 21:27:21.166 7 INFO neutron.db.segments_db [None req-32696da6-c49e-4502-86ec-d5b8e9c2e1ae e39e4e61634a496a9ea049da050e7839 47522c8abf114e1ba39a4c91c88fa55c - - default default] Added segment ffc56fe5-195e-41d3-a4d0-5cb93fd081a5 of type geneve for network 7e6e9b59-a144-4aad-8a96-a5383cebfca0
2026-06-15 21:27:21.291 7 INFO neutron.db.ovn_revision_numbers_db [None req-32696da6-c49e-4502-86ec-d5b8e9c2e1ae e39e4e61634a496a9ea049da050e7839 47522c8abf114e1ba39a4c91c88fa55c - - default default] Successfully bumped revision number for resource 7e6e9b59-a144-4aad-8a96-a5383cebfca0 (type: networks) to 1
2026-06-15 21:27:21.360 8 INFO neutron.db.ovn_revision_numbers_db [None req-9c0a4f55-7de8-4f8a-8e0a-d71f8641a0f1 e83b5329f881494eb2587f7123b88779 3416f1a326114801bebd940d88126de5 - - default default] Successfully bumped revision number for resource bfa4447b-9d3f-4c83-903f-695c95dff10f (type: security_group_rules) to 0 [pid: 8|app: 0|req: 615/1344] 10.0.0.124 () {34 vars in 695 bytes} [Mon Jun 15 21:27:21 2026] POST /v2.0/security-group-rules => generated 597 bytes in 285 msecs (HTTP/1.1 201) 4 headers in 162 bytes (1 switches on core 0)
2026-06-15 21:27:21.510 7 WARNING neutron.scheduler.dhcp_agent_scheduler [None req-32696da6-c49e-4502-86ec-d5b8e9c2e1ae e39e4e61634a496a9ea049da050e7839 47522c8abf114e1ba39a4c91c88fa55c - - default default] No more DHCP agents
2026-06-15 21:27:21.513 7 WARNING neutron.api.rpc.agentnotifiers.dhcp_rpc_agent_api [None req-32696da6-c49e-4502-86ec-d5b8e9c2e1ae e39e4e61634a496a9ea049da050e7839 47522c8abf114e1ba39a4c91c88fa55c - - default default] Unable to schedule network 7e6e9b59-a144-4aad-8a96-a5383cebfca0: no agents available; will retry on subsequent port and subnet creation events.
2026-06-15 21:27:21.641 7 INFO neutron.db.ovn_revision_numbers_db [None req-32696da6-c49e-4502-86ec-d5b8e9c2e1ae e39e4e61634a496a9ea049da050e7839 47522c8abf114e1ba39a4c91c88fa55c - - default default] Successfully bumped revision number for resource 7ff117f0-bd3f-4aeb-933a-626e0001ad13 (type: ports) to 1 [pid: 7|app: 0|req: 730/1345] 10.0.0.124 () {34 vars in 670 bytes} [Mon Jun 15 21:27:21 2026] POST /v2.0/networks => generated 632 bytes in 580 msecs (HTTP/1.1 201) 4 headers in 162 bytes (1 switches on core 0)
2026-06-15 21:27:21.715 8 INFO neutron.db.ovn_revision_numbers_db [None req-05365d2c-6b83-4830-8626-9b9ec09a8c03 - - - - - -] Successfully bumped revision number for resource 0cf81589-a272-467f-bc58-237ff41f1dfd (type: ports) to 2 [pid: 8|app: 0|req: 616/1346] 10.0.0.124 () {32 vars in 724 bytes} [Mon Jun 15 21:27:21 2026] DELETE /v2.0/subnets/d4052f9f-6000-4fb7-99e5-600e47fde209 => generated 0 bytes in 333 msecs (HTTP/1.1 204) 3 headers in 131 bytes (1 switches on core 0) [pid: 7|app: 0|req: 731/1347] 10.0.0.124 () {32 vars in 740 bytes} [Mon Jun 15 21:27:21 2026] DELETE /v2.0/security-groups/fbede252-14e1-44f5-887c-f7bc1fed9c06 => generated 0 bytes in 167 msecs (HTTP/1.1 204) 2 headers in 112 bytes (1 switches on core 0)
2026-06-15 21:27:21.954 8 INFO neutron.db.ovn_revision_numbers_db [None req-d330b78c-022f-44db-8d43-808af3779f17 e83b5329f881494eb2587f7123b88779 3416f1a326114801bebd940d88126de5 - - default default] Successfully bumped revision number for resource c33fba2b-a30a-4de2-a9ee-b6db482ff3c6 (type: security_group_rules) to 0 [pid: 8|app: 0|req: 617/1348] 10.0.0.124 () {34 vars in 695 bytes} [Mon Jun 15 21:27:21 2026] POST /v2.0/security-group-rules => generated 602 bytes in 231 msecs (HTTP/1.1 201) 4 headers in 162 bytes (1 switches on core 0)
2026-06-15 21:27:22.035 7 WARNING neutron.scheduler.dhcp_agent_scheduler [None req-7b7f6016-8264-4620-a861-010aa29f3548 e39e4e61634a496a9ea049da050e7839 47522c8abf114e1ba39a4c91c88fa55c - - default default] No more DHCP agents
2026-06-15 21:27:22.036 7 WARNING neutron.api.rpc.agentnotifiers.dhcp_rpc_agent_api [None req-7b7f6016-8264-4620-a861-010aa29f3548 e39e4e61634a496a9ea049da050e7839 47522c8abf114e1ba39a4c91c88fa55c - - default default] Unable to schedule network 7e6e9b59-a144-4aad-8a96-a5383cebfca0: no agents available; will retry on subsequent port and subnet creation events. [pid: 8|app: 0|req: 618/1349] 10.0.0.124 () {32 vars in 647 bytes} [Mon Jun 15 21:27:21 2026] GET /v2.0/subnets => generated 649 bytes in 60 msecs (HTTP/1.1 200) 4 headers in 157 bytes (1 switches on core 0) [pid: 8|app: 0|req: 619/1350] 10.0.0.124 () {32 vars in 663 bytes} [Mon Jun 15 21:27:22 2026] GET /v2.0/security-groups => generated 2925 bytes in 31 msecs (HTTP/1.1 200) 4 headers in 158 bytes (1 switches on core 0)
2026-06-15 21:27:22.330 8 WARNING neutron.scheduler.dhcp_agent_scheduler [None req-cd5b1d3b-69df-4fe3-a59b-ee7c5d05ffe2 e83b5329f881494eb2587f7123b88779 3416f1a326114801bebd940d88126de5 - - default default] No more DHCP agents
2026-06-15 21:27:22.332 8 WARNING neutron.api.rpc.agentnotifiers.dhcp_rpc_agent_api [None req-cd5b1d3b-69df-4fe3-a59b-ee7c5d05ffe2 e83b5329f881494eb2587f7123b88779 3416f1a326114801bebd940d88126de5 - - default default] Unable to schedule network 9eff105d-e811-4d80-a23f-efe400aad4e3: no agents available; will retry on subsequent port and subnet creation events.
2026-06-15 21:27:22.512 7 INFO neutron.db.ovn_revision_numbers_db [None req-1cb4da3e-71f3-4ba6-883e-2df6cef015a3 - - - - - -] Successfully bumped revision number for resource 7ff117f0-bd3f-4aeb-933a-626e0001ad13 (type: ports) to 2
2026-06-15 21:27:22.541 7 INFO neutron.db.ovn_revision_numbers_db [None req-1cb4da3e-71f3-4ba6-883e-2df6cef015a3 - - - - - -] Successfully bumped revision number for resource 21200ee2-2bb2-4121-9492-9a018d28af09 (type: subnets) to 0 [pid: 7|app: 0|req: 732/1351] 10.0.0.124 () {34 vars in 669 bytes} [Mon Jun 15 21:27:21 2026] POST /v2.0/subnets => generated 626 bytes in 726 msecs (HTTP/1.1 201) 4 headers in 162 bytes (1 switches on core 0) [pid: 8|app: 0|req: 620/1352] 10.0.0.124 () {34 vars in 676 bytes} [Mon Jun 15 21:27:22 2026] POST /v2.0/floatingips => generated 552 bytes in 585 msecs (HTTP/1.1 201) 4 headers in 162 bytes (1 switches on core 0)
2026-06-15 21:27:22.669 7 INFO neutron_taas.services.taas.taas_plugin [None req-b7f34718-63c7-4972-a1fc-69a7c6c54b50 2ddb8ec3da9546fcaefe9f2526d7d0dd d5bae100e8f442ebb507e3285f774fb2 - - default default] TaaS: Handle Delete Port: e8c6d503-b566-4ab5-9b9f-aed0b97ba624
2026-06-15 21:27:22.672 7 INFO neutron_taas.services.taas.tap_mirror_plugin [None req-b7f34718-63c7-4972-a1fc-69a7c6c54b50 2ddb8ec3da9546fcaefe9f2526d7d0dd d5bae100e8f442ebb507e3285f774fb2 - - default default] Tap Mirror: Handle Delete Port: e8c6d503-b566-4ab5-9b9f-aed0b97ba624 [pid: 8|app: 0|req: 621/1353] 10.0.0.124 () {32 vars in 663 bytes} [Mon Jun 15 21:27:22 2026] GET /v2.0/security-groups => generated 2925 bytes in 24 msecs (HTTP/1.1 200) 4 headers in 158 bytes (1 switches on core 0)
2026-06-15 21:27:22.903 7 INFO neutron.services.segments.plugin [-] Segment 4fd685ec-73e4-40ed-9a46-6de7b69e30f5 resource provider aggregate not found
2026-06-15 21:27:22.914 7 INFO neutron.services.segments.plugin [-] Segment 4fd685ec-73e4-40ed-9a46-6de7b69e30f5 resource provider aggregate not found
2026-06-15 21:27:22.926 7 INFO neutron.services.segments.plugin [-] Segment 4fd685ec-73e4-40ed-9a46-6de7b69e30f5 resource provider not found; error: Placement Client Error (4xx): {"errors": [{"status": 404, "title": "Not Found", "detail": "The resource could not be found.\n\n No resource provider with uuid 4fd685ec-73e4-40ed-9a46-6de7b69e30f5 found for delete ", "request_id": "req-2d3dff49-d5d4-4488-abec-1f3f11b13d30"}]}
2026-06-15 21:27:22.938 7 INFO neutron.services.segments.plugin [-] Segment 4fd685ec-73e4-40ed-9a46-6de7b69e30f5 resource provider not found; error: Placement Client Error (4xx): {"errors": [{"status": 404, "title": "Not Found", "detail": "The resource could not be found.\n\n No resource provider with uuid 4fd685ec-73e4-40ed-9a46-6de7b69e30f5 found for delete ", "request_id": "req-0f23642a-98e1-464a-b6fe-7391960bbe2a"}]} [pid: 7|app: 0|req: 733/1354] 10.0.0.124 () {32 vars in 726 bytes} [Mon Jun 15 21:27:22 2026] DELETE /v2.0/networks/69d9ecc8-2640-4047-8d9a-3a7ea67bc420 => generated 0 bytes in 397 msecs (HTTP/1.1 204) 3 headers in 131 bytes (1 switches on core 0)
2026-06-15 21:27:23.022 8 WARNING neutron.scheduler.dhcp_agent_scheduler [None req-cc93e15f-b17d-4df1-b893-d1bd5494359f e39e4e61634a496a9ea049da050e7839 47522c8abf114e1ba39a4c91c88fa55c - - default default] No more DHCP agents
2026-06-15 21:27:23.025 8 WARNING neutron.api.rpc.agentnotifiers.dhcp_rpc_agent_api [None req-cc93e15f-b17d-4df1-b893-d1bd5494359f e39e4e61634a496a9ea049da050e7839 47522c8abf114e1ba39a4c91c88fa55c - - default default] Unable to schedule network 7e6e9b59-a144-4aad-8a96-a5383cebfca0: no agents available; will retry on subsequent port and subnet creation events.
2026-06-15 21:27:23.076 7 INFO neutron_taas.services.taas.taas_plugin [None req-106bd223-b641-4a8b-ac48-e71bbcae225e 2ddb8ec3da9546fcaefe9f2526d7d0dd d5bae100e8f442ebb507e3285f774fb2 - - default default] TaaS: Handle Delete Port: a126df4d-1d29-4873-81ad-cc164ebf225d
2026-06-15 21:27:23.079 7 INFO neutron_taas.services.taas.tap_mirror_plugin [None req-106bd223-b641-4a8b-ac48-e71bbcae225e 2ddb8ec3da9546fcaefe9f2526d7d0dd d5bae100e8f442ebb507e3285f774fb2 - - default default] Tap Mirror: Handle Delete Port: a126df4d-1d29-4873-81ad-cc164ebf225d
2026-06-15 21:27:23.212 8 INFO neutron.db.ovn_revision_numbers_db [None req-cc93e15f-b17d-4df1-b893-d1bd5494359f e39e4e61634a496a9ea049da050e7839 47522c8abf114e1ba39a4c91c88fa55c - - default default] Successfully bumped revision number for resource ef1757ce-c57e-45e7-bfb1-ea7977d4f6f8 (type: ports) to 1 [pid: 8|app: 0|req: 622/1355] 10.0.0.124 () {34 vars in 665 bytes} [Mon Jun 15 21:27:22 2026] POST /v2.0/ports => generated 916 bytes in 613 msecs (HTTP/1.1 201) 4 headers in 162 bytes (1 switches on core 0) [pid: 7|app: 0|req: 734/1356] 10.0.0.124 () {32 vars in 726 bytes} [Mon Jun 15 21:27:22 2026] DELETE /v2.0/networks/5dc126a8-5369-4051-b346-f729410642fe => generated 0 bytes in 389 msecs (HTTP/1.1 204) 3 headers in 131 bytes (1 switches on core 0) [pid: 8|app: 0|req: 623/1357] 10.0.0.124 () {32 vars in 774 bytes} [Mon Jun 15 21:27:23 2026] GET /v2.0/security-groups?tenant_id=d10823d73ee14bfcbcf72f2809321123&name=default => generated 2925 bytes in 111 msecs (HTTP/1.1 200) 4 headers in 158 bytes (1 switches on core 0)
2026-06-15 21:27:23.483 7 INFO neutron_taas.services.taas.taas_plugin [None req-0602ca6a-f723-417e-9e98-7875cad38da8 e39e4e61634a496a9ea049da050e7839 47522c8abf114e1ba39a4c91c88fa55c - - default default] TaaS: Handle Delete Port: ef1757ce-c57e-45e7-bfb1-ea7977d4f6f8
2026-06-15 21:27:23.486 7 INFO neutron_taas.services.taas.tap_mirror_plugin [None req-0602ca6a-f723-417e-9e98-7875cad38da8 e39e4e61634a496a9ea049da050e7839 47522c8abf114e1ba39a4c91c88fa55c - - default default] Tap Mirror: Handle Delete Port: ef1757ce-c57e-45e7-bfb1-ea7977d4f6f8
2026-06-15 21:27:23.533 8 INFO neutron_taas.services.taas.taas_plugin [None req-7686228e-7c89-4ea4-bf0d-0f171303fc1b 2ddb8ec3da9546fcaefe9f2526d7d0dd d5bae100e8f442ebb507e3285f774fb2 - - default default] TaaS: Handle Delete Port: 4d67a45c-e72e-44e5-b215-6bd88289f503
2026-06-15 21:27:23.536 8 INFO neutron_taas.services.taas.tap_mirror_plugin [None req-7686228e-7c89-4ea4-bf0d-0f171303fc1b 2ddb8ec3da9546fcaefe9f2526d7d0dd d5bae100e8f442ebb507e3285f774fb2 - - default default] Tap Mirror: Handle Delete Port: 4d67a45c-e72e-44e5-b215-6bd88289f503 [pid: 7|app: 0|req: 735/1358] 10.0.0.124 () {32 vars in 720 bytes} [Mon Jun 15 21:27:23 2026] DELETE /v2.0/ports/ef1757ce-c57e-45e7-bfb1-ea7977d4f6f8 => generated 0 bytes in 353 msecs (HTTP/1.1 204) 3 headers in 131 bytes (1 switches on core 0)
2026-06-15 21:27:23.762 8 INFO neutron.services.segments.plugin [-] Segment 36f4daff-1457-446f-b30f-a4c3fe1daef3 resource provider aggregate not found
2026-06-15 21:27:23.764 8 INFO neutron.services.segments.plugin [-] Segment 36f4daff-1457-446f-b30f-a4c3fe1daef3 resource provider aggregate not found
2026-06-15 21:27:23.781 8 INFO neutron.services.segments.plugin [-] Segment 36f4daff-1457-446f-b30f-a4c3fe1daef3 resource provider not found; error: Placement Client Error (4xx): {"errors": [{"status": 404, "title": "Not Found", "detail": "The resource could not be found.\n\n No resource provider with uuid 36f4daff-1457-446f-b30f-a4c3fe1daef3 found for delete ", "request_id": "req-2c40d634-3c66-4fd5-b4db-a4b2f6edc12d"}]}
2026-06-15 21:27:23.785 8 INFO neutron.services.segments.plugin [-] Segment 36f4daff-1457-446f-b30f-a4c3fe1daef3 resource provider not found; error: Placement Client Error (4xx): {"errors": [{"status": 404, "title": "Not Found", "detail": "The resource could not be found.\n\n No resource provider with uuid 36f4daff-1457-446f-b30f-a4c3fe1daef3 found for delete ", "request_id": "req-2e0f7180-d4c0-47ec-a9a0-7ae9257d5859"}]} [pid: 8|app: 0|req: 624/1359] 10.0.0.124 () {32 vars in 726 bytes} [Mon Jun 15 21:27:23 2026] DELETE /v2.0/networks/8a8bc96a-fecc-4e33-86c7-d83007b488c2 => generated 0 bytes in 417 msecs (HTTP/1.1 204) 3 headers in 131 bytes (1 switches on core 0)
2026-06-15 21:27:23.838 8 INFO neutron.pecan_wsgi.hooks.translation [None req-819c8691-92cc-43d2-8701-ade68960d0a5 e39e4e61634a496a9ea049da050e7839 47522c8abf114e1ba39a4c91c88fa55c - - default default] GET failed (client error): The resource could not be found. [pid: 8|app: 0|req: 625/1360] 10.0.0.124 () {32 vars in 717 bytes} [Mon Jun 15 21:27:23 2026] GET /v2.0/ports/ef1757ce-c57e-45e7-bfb1-ea7977d4f6f8 => generated 132 bytes in 19 msecs (HTTP/1.1 404) 4 headers in 164 bytes (1 switches on core 0) [pid: 7|app: 0|req: 736/1361] 10.0.0.124 () {32 vars in 740 bytes} [Mon Jun 15 21:27:23 2026] DELETE /v2.0/security-groups/9f389b7e-3644-49be-84e9-71cee747ef04 => generated 0 bytes in 280 msecs (HTTP/1.1 204) 2 headers in 112 bytes (1 switches on core 0)
2026-06-15 21:27:23.998 8 INFO neutron_taas.services.taas.taas_plugin [None req-f1bc0ac9-cb48-4e02-83be-6c7fa39242f0 2ddb8ec3da9546fcaefe9f2526d7d0dd d5bae100e8f442ebb507e3285f774fb2 - - default default] TaaS: Handle Delete Port: d4fc70f6-bb18-4ebc-b743-770daad6405b
2026-06-15 21:27:24.002 8 INFO neutron_taas.services.taas.tap_mirror_plugin [None req-f1bc0ac9-cb48-4e02-83be-6c7fa39242f0 2ddb8ec3da9546fcaefe9f2526d7d0dd d5bae100e8f442ebb507e3285f774fb2 - - default default] Tap Mirror: Handle Delete Port: d4fc70f6-bb18-4ebc-b743-770daad6405b [pid: 7|app: 0|req: 737/1362] 10.0.0.124 () {32 vars in 724 bytes} [Mon Jun 15 21:27:23 2026] DELETE /v2.0/subnets/21200ee2-2bb2-4121-9492-9a018d28af09 => generated 0 bytes in 169 msecs (HTTP/1.1 204) 3 headers in 131 bytes (1 switches on core 0) [pid: 8|app: 0|req: 626/1363] 10.0.0.124 () {32 vars in 726 bytes} [Mon Jun 15 21:27:23 2026] DELETE /v2.0/networks/0abbcae2-f2f4-4484-8e63-1c0d7bc0fc70 => generated 0 bytes in 405 msecs (HTTP/1.1 204) 3 headers in 131 bytes (1 switches on core 0)
2026-06-15 21:27:24.277 7 INFO neutron_taas.services.taas.taas_plugin [None req-4c323115-e992-4ce2-89f6-413ea3ae1c6c e39e4e61634a496a9ea049da050e7839 47522c8abf114e1ba39a4c91c88fa55c - - default default] TaaS: Handle Delete Port: 7ff117f0-bd3f-4aeb-933a-626e0001ad13
2026-06-15 21:27:24.280 7 INFO neutron_taas.services.taas.tap_mirror_plugin [None req-4c323115-e992-4ce2-89f6-413ea3ae1c6c e39e4e61634a496a9ea049da050e7839 47522c8abf114e1ba39a4c91c88fa55c - - default default] Tap Mirror: Handle Delete Port: 7ff117f0-bd3f-4aeb-933a-626e0001ad13 [pid: 7|app: 0|req: 738/1364] 10.0.0.124 () {32 vars in 726 bytes} [Mon Jun 15 21:27:24 2026] DELETE /v2.0/networks/7e6e9b59-a144-4aad-8a96-a5383cebfca0 => generated 0 bytes in 375 msecs (HTTP/1.1 204) 3 headers in 131 bytes (1 switches on core 0)
2026-06-15 21:27:24.756 8 WARNING neutron.scheduler.dhcp_agent_scheduler [None req-a0473588-b74d-4b7d-8c6c-6da8abaa8755 e39e4e61634a496a9ea049da050e7839 47522c8abf114e1ba39a4c91c88fa55c - - default default] No more DHCP agents
2026-06-15 21:27:24.758 8 WARNING neutron.api.rpc.agentnotifiers.dhcp_rpc_agent_api [None req-a0473588-b74d-4b7d-8c6c-6da8abaa8755 e39e4e61634a496a9ea049da050e7839 47522c8abf114e1ba39a4c91c88fa55c - - default default] Unable to schedule network 97198100-b51a-4249-9d0c-9aa07370c582: no agents available; will retry on subsequent port and subnet creation events.
2026-06-15 21:27:24.896 8 INFO neutron.db.ovn_revision_numbers_db [None req-a0473588-b74d-4b7d-8c6c-6da8abaa8755 e39e4e61634a496a9ea049da050e7839 47522c8abf114e1ba39a4c91c88fa55c - - default default] Successfully bumped revision number for resource 265c4096-5546-4bbc-a1b9-7ed851a1493d (type: ports) to 1 [pid: 8|app: 0|req: 627/1365] 10.0.0.124 () {34 vars in 665 bytes} [Mon Jun 15 21:27:24 2026] POST /v2.0/ports => generated 775 bytes in 396 msecs (HTTP/1.1 201) 4 headers in 162 bytes (1 switches on core 0) /var/lib/openstack/lib/python3.12/site-packages/pycadf/identifier.py:70: UserWarning: Invalid uuid: neutron. To ensure interoperability, identifiers should be a valid uuid. warnings.warn(('Invalid uuid: %s. To ensure interoperability, '
2026-06-15 21:27:24.947 7 INFO neutron.services.segments.plugin [-] Segment abfaca09-0b55-4bfc-be4e-4d613bb596f8 resource provider aggregate not found
2026-06-15 21:27:24.958 7 INFO neutron.services.segments.plugin [-] Segment abfaca09-0b55-4bfc-be4e-4d613bb596f8 resource provider aggregate not found
2026-06-15 21:27:24.968 7 INFO neutron.services.segments.plugin [-] Segment abfaca09-0b55-4bfc-be4e-4d613bb596f8 resource provider not found; error: Placement Client Error (4xx): {"errors": [{"status": 404, "title": "Not Found", "detail": "The resource could not be found.\n\n No resource provider with uuid abfaca09-0b55-4bfc-be4e-4d613bb596f8 found for delete ", "request_id": "req-641143a5-83bf-4f02-b6a1-55fc40a8b064"}]} [pid: 7|app: 0|req: 739/1366] 10.0.0.124 () {32 vars in 774 bytes} [Mon Jun 15 21:27:24 2026] GET /v2.0/security-groups?tenant_id=d5bae100e8f442ebb507e3285f774fb2&name=default => generated 2925 bytes in 213 msecs (HTTP/1.1 200) 4 headers in 158 bytes (1 switches on core 0)
2026-06-15 21:27:24.979 7 INFO neutron.services.segments.plugin [-] Segment abfaca09-0b55-4bfc-be4e-4d613bb596f8 resource provider not found; error: Placement Client Error (4xx): {"errors": [{"status": 404, "title": "Not Found", "detail": "The resource could not be found.\n\n No resource provider with uuid abfaca09-0b55-4bfc-be4e-4d613bb596f8 found for delete ", "request_id": "req-77996e2d-30b6-4f40-89ea-cb699d126809"}]}
2026-06-15 21:27:24.992 7 INFO neutron.services.segments.plugin [-] Segment ffc56fe5-195e-41d3-a4d0-5cb93fd081a5 resource provider aggregate not found
2026-06-15 21:27:24.999 7 INFO neutron.services.segments.plugin [-] Segment ffc56fe5-195e-41d3-a4d0-5cb93fd081a5 resource provider aggregate not found
2026-06-15 21:27:25.019 7 INFO neutron.services.segments.plugin [-] Segment ffc56fe5-195e-41d3-a4d0-5cb93fd081a5 resource provider not found; error: Placement Client Error (4xx): {"errors": [{"status": 404, "title": "Not Found", "detail": "The resource could not be found.\n\n No resource provider with uuid ffc56fe5-195e-41d3-a4d0-5cb93fd081a5 found for delete ", "request_id": "req-018cc510-58f4-498c-ba19-6d1cee6b4a8a"}]}
2026-06-15 21:27:25.020 7 INFO neutron.services.segments.plugin [-] Segment ffc56fe5-195e-41d3-a4d0-5cb93fd081a5 resource provider not found; error: Placement Client Error (4xx): {"errors": [{"status": 404, "title": "Not Found", "detail": "The resource could not be found.\n\n No resource provider with uuid ffc56fe5-195e-41d3-a4d0-5cb93fd081a5 found for delete ", "request_id": "req-5bab6df0-fe50-4a6f-8225-34fce0cfabb4"}]}
2026-06-15 21:27:25.207 8 INFO neutron.db.ovn_revision_numbers_db [None req-e65fdc06-62c9-4653-8c95-bc92f0e06bc6 e39e4e61634a496a9ea049da050e7839 47522c8abf114e1ba39a4c91c88fa55c - - default default] Successfully bumped revision number for resource 265c4096-5546-4bbc-a1b9-7ed851a1493d (type: ports) to 2 [pid: 8|app: 0|req: 628/1367] 10.0.0.124 () {34 vars in 737 bytes} [Mon Jun 15 21:27:24 2026] PUT /v2.0/ports/265c4096-5546-4bbc-a1b9-7ed851a1493d => generated 752 bytes in 283 msecs (HTTP/1.1 200) 4 headers in 157 bytes (1 switches on core 0) /var/lib/openstack/lib/python3.12/site-packages/pycadf/identifier.py:70: UserWarning: Invalid uuid: neutron. To ensure interoperability, identifiers should be a valid uuid. warnings.warn(('Invalid uuid: %s. To ensure interoperability, ' [pid: 7|app: 0|req: 740/1368] 10.0.0.124 () {32 vars in 740 bytes} [Mon Jun 15 21:27:24 2026] DELETE /v2.0/security-groups/1748c7ea-8923-468a-bf5e-b11398dd792d => generated 0 bytes in 287 msecs (HTTP/1.1 204) 2 headers in 112 bytes (1 switches on core 0)
2026-06-15 21:27:25.341 8 INFO neutron_taas.services.taas.taas_plugin [None req-ae55c645-0c93-4546-8437-3b27898fc655 e39e4e61634a496a9ea049da050e7839 47522c8abf114e1ba39a4c91c88fa55c - - default default] TaaS: Handle Delete Port: 265c4096-5546-4bbc-a1b9-7ed851a1493d
2026-06-15 21:27:25.344 8 INFO neutron_taas.services.taas.tap_mirror_plugin [None req-ae55c645-0c93-4546-8437-3b27898fc655 e39e4e61634a496a9ea049da050e7839 47522c8abf114e1ba39a4c91c88fa55c - - default default] Tap Mirror: Handle Delete Port: 265c4096-5546-4bbc-a1b9-7ed851a1493d [pid: 8|app: 0|req: 629/1369] 10.0.0.124 () {32 vars in 720 bytes} [Mon Jun 15 21:27:25 2026] DELETE /v2.0/ports/265c4096-5546-4bbc-a1b9-7ed851a1493d => generated 0 bytes in 279 msecs (HTTP/1.1 204) 3 headers in 131 bytes (1 switches on core 0) [pid: 7|app: 0|req: 741/1370] 10.0.0.124 () {32 vars in 643 bytes} [Mon Jun 15 21:27:25 2026] GET /v2.0/ports => generated 1534 bytes in 65 msecs (HTTP/1.1 200) 4 headers in 158 bytes (1 switches on core 0)
2026-06-15 21:27:25.603 8 INFO neutron.pecan_wsgi.hooks.translation [None req-066ebbab-4008-49bc-aee2-f11c27ad206e e39e4e61634a496a9ea049da050e7839 47522c8abf114e1ba39a4c91c88fa55c - - default default] GET failed (client error): The resource could not be found. [pid: 8|app: 0|req: 630/1371] 10.0.0.124 () {32 vars in 717 bytes} [Mon Jun 15 21:27:25 2026] GET /v2.0/ports/265c4096-5546-4bbc-a1b9-7ed851a1493d => generated 132 bytes in 20 msecs (HTTP/1.1 404) 4 headers in 164 bytes (1 switches on core 0) [pid: 7|app: 0|req: 742/1372] 10.0.0.124 () {32 vars in 643 bytes} [Mon Jun 15 21:27:25 2026] GET /v2.0/ports => generated 1534 bytes in 49 msecs (HTTP/1.1 200) 4 headers in 158 bytes (1 switches on core 0) [pid: 8|app: 0|req: 631/1373] 10.0.0.124 () {32 vars in 717 bytes} [Mon Jun 15 21:27:25 2026] GET /v2.0/ports/e0b7f27d-86b6-4f72-928e-8ad62a56e535 => generated 775 bytes in 33 msecs (HTTP/1.1 200) 4 headers in 157 bytes (1 switches on core 0)
2026-06-15 21:27:25.723 7 INFO neutron.pecan_wsgi.hooks.translation [None req-2aa410b9-eea3-47c3-a2c8-ce9d7d78d025 e39e4e61634a496a9ea049da050e7839 47522c8abf114e1ba39a4c91c88fa55c - - default default] DELETE failed (client error): The resource could not be found. [pid: 7|app: 0|req: 743/1374] 10.0.0.124 () {32 vars in 720 bytes} [Mon Jun 15 21:27:25 2026] DELETE /v2.0/ports/ef1757ce-c57e-45e7-bfb1-ea7977d4f6f8 => generated 132 bytes in 17 msecs (HTTP/1.1 404) 4 headers in 164 bytes (1 switches on core 0)
2026-06-15 21:27:25.744 8 INFO neutron.pecan_wsgi.hooks.translation [None req-f5ad6938-689e-4a2d-8650-d98fd0be03ca e39e4e61634a496a9ea049da050e7839 47522c8abf114e1ba39a4c91c88fa55c - - default default] DELETE failed (client error): The resource could not be found. [pid: 8|app: 0|req: 632/1375] 10.0.0.124 () {32 vars in 724 bytes} [Mon Jun 15 21:27:25 2026] DELETE /v2.0/subnets/21200ee2-2bb2-4121-9492-9a018d28af09 => generated 136 bytes in 16 msecs (HTTP/1.1 404) 4 headers in 164 bytes (1 switches on core 0)
2026-06-15 21:27:25.765 7 INFO neutron.pecan_wsgi.hooks.translation [None req-f1e6755d-996b-4d80-90a9-0f6a1cc8575b e39e4e61634a496a9ea049da050e7839 47522c8abf114e1ba39a4c91c88fa55c - - default default] DELETE failed (client error): The resource could not be found. [pid: 7|app: 0|req: 744/1376] 10.0.0.124 () {32 vars in 724 bytes} [Mon Jun 15 21:27:25 2026] DELETE /v2.0/subnets/3855256b-f633-41a7-8bf6-3ea046ec42f5 => generated 136 bytes in 17 msecs (HTTP/1.1 404) 4 headers in 164 bytes (1 switches on core 0)
2026-06-15 21:27:25.805 8 INFO neutron.services.segments.plugin [-] Segment 68051bb0-42e8-425b-b99d-801bf44faaa5 resource provider aggregate not found
2026-06-15 21:27:25.811 8 INFO neutron.services.segments.plugin [-] Segment 68051bb0-42e8-425b-b99d-801bf44faaa5 resource provider aggregate not found
2026-06-15 21:27:25.826 8 INFO neutron.services.segments.plugin [-] Segment 68051bb0-42e8-425b-b99d-801bf44faaa5 resource provider not found; error: Placement Client Error (4xx): {"errors": [{"status": 404, "title": "Not Found", "detail": "The resource could not be found.\n\n No resource provider with uuid 68051bb0-42e8-425b-b99d-801bf44faaa5 found for delete ", "request_id": "req-83eae924-54fb-4d7d-ab61-e1f3d12b02e4"}]}
2026-06-15 21:27:25.831 8 INFO neutron.services.segments.plugin [-] Segment 68051bb0-42e8-425b-b99d-801bf44faaa5 resource provider not found; error: Placement Client Error (4xx): {"errors": [{"status": 404, "title": "Not Found", "detail": "The resource could not be found.\n\n No resource provider with uuid 68051bb0-42e8-425b-b99d-801bf44faaa5 found for delete ", "request_id": "req-bf4c5c51-c540-4bdb-a700-868de84779fa"}]}
2026-06-15 21:27:25.895 7 INFO neutron_taas.services.taas.taas_plugin [None req-1e7b5e19-77e1-4ee4-b749-ae38fe979df9 e39e4e61634a496a9ea049da050e7839 47522c8abf114e1ba39a4c91c88fa55c - - default default] TaaS: Handle Delete Port: e0b7f27d-86b6-4f72-928e-8ad62a56e535
2026-06-15 21:27:25.899 7 INFO neutron_taas.services.taas.tap_mirror_plugin [None req-1e7b5e19-77e1-4ee4-b749-ae38fe979df9 e39e4e61634a496a9ea049da050e7839 47522c8abf114e1ba39a4c91c88fa55c - - default default] Tap Mirror: Handle Delete Port: e0b7f27d-86b6-4f72-928e-8ad62a56e535 [pid: 8|app: 0|req: 633/1377] 10.0.0.124 () {34 vars in 677 bytes} [Mon Jun 15 21:27:25 2026] POST /v2.0/subnetpools => generated 549 bytes in 217 msecs (HTTP/1.1 201) 4 headers in 162 bytes (1 switches on core 0) [pid: 8|app: 0|req: 634/1378] 10.0.0.124 () {32 vars in 729 bytes} [Mon Jun 15 21:27:25 2026] GET /v2.0/subnetpools/447f15aa-68ca-4f66-b3fd-fcb66b1c820b => generated 549 bytes in 47 msecs (HTTP/1.1 200) 4 headers in 157 bytes (1 switches on core 0) [pid: 7|app: 0|req: 745/1379] 10.0.0.124 () {32 vars in 720 bytes} [Mon Jun 15 21:27:25 2026] DELETE /v2.0/ports/e0b7f27d-86b6-4f72-928e-8ad62a56e535 => generated 0 bytes in 281 msecs (HTTP/1.1 204) 3 headers in 131 bytes (1 switches on core 0) [pid: 8|app: 0|req: 635/1380] 10.0.0.124 () {34 vars in 749 bytes} [Mon Jun 15 21:27:26 2026] PUT /v2.0/subnetpools/447f15aa-68ca-4f66-b3fd-fcb66b1c820b => generated 501 bytes in 74 msecs (HTTP/1.1 200) 4 headers in 157 bytes (1 switches on core 0) [pid: 8|app: 0|req: 636/1381] 10.0.0.124 () {32 vars in 732 bytes} [Mon Jun 15 21:27:26 2026] DELETE /v2.0/subnetpools/447f15aa-68ca-4f66-b3fd-fcb66b1c820b => generated 0 bytes in 51 msecs (HTTP/1.1 204) 2 headers in 112 bytes (1 switches on core 0)
2026-06-15 21:27:26.174 8 INFO neutron.api.v2.resource [None req-77ee6ce8-6e82-4444-92c0-6902a5f6c026 d088f055ca214517a0cada14695760dc 09c8442efd474f4faae9c0b8fc9e3cfd - - default default] show failed (client error): The resource could not be found. [pid: 8|app: 0|req: 637/1382] 10.0.0.124 () {32 vars in 729 bytes} [Mon Jun 15 21:27:26 2026] GET /v2.0/subnetpools/447f15aa-68ca-4f66-b3fd-fcb66b1c820b => generated 145 bytes in 12 msecs (HTTP/1.1 404) 4 headers in 164 bytes (1 switches on core 0)
2026-06-15 21:27:26.196 7 INFO neutron_taas.services.taas.taas_plugin [None req-bf11c5f3-fa9c-4222-8964-e77dd6a42c47 e39e4e61634a496a9ea049da050e7839 47522c8abf114e1ba39a4c91c88fa55c - - default default] TaaS: Handle Delete Port: 6db1fe2f-d3b3-479a-8569-4d9a1f1249f3
2026-06-15 21:27:26.196 8 INFO neutron.api.v2.resource [None req-7d7147c8-b141-475e-b255-3e4d08529267 d088f055ca214517a0cada14695760dc 09c8442efd474f4faae9c0b8fc9e3cfd - - default default] delete failed (client error): The resource could not be found. [pid: 8|app: 0|req: 638/1383] 10.0.0.124 () {32 vars in 732 bytes} [Mon Jun 15 21:27:26 2026] DELETE /v2.0/subnetpools/447f15aa-68ca-4f66-b3fd-fcb66b1c820b => generated 145 bytes in 17 msecs (HTTP/1.1 404) 4 headers in 164 bytes (1 switches on core 0)
2026-06-15 21:27:26.199 7 INFO neutron_taas.services.taas.tap_mirror_plugin [None req-bf11c5f3-fa9c-4222-8964-e77dd6a42c47 e39e4e61634a496a9ea049da050e7839 47522c8abf114e1ba39a4c91c88fa55c - - default default] Tap Mirror: Handle Delete Port: 6db1fe2f-d3b3-479a-8569-4d9a1f1249f3 [pid: 7|app: 0|req: 746/1384] 10.0.0.124 () {32 vars in 726 bytes} [Mon Jun 15 21:27:26 2026] DELETE /v2.0/networks/97198100-b51a-4249-9d0c-9aa07370c582 => generated 0 bytes in 398 msecs (HTTP/1.1 204) 3 headers in 131 bytes (1 switches on core 0)
2026-06-15 21:27:26.919 8 INFO neutron.db.ovn_revision_numbers_db [None req-9b0b0545-157a-4f87-afdd-ff426d39aeb6 8d9acc26dd4d41a88a912824d38d0c90 14b0857acd524f57969ff42419a2c212 - - default default] Successfully bumped revision number for resource dd1f70d4-e813-41f8-a2b7-5037e201058a (type: security_groups) to 1
2026-06-15 21:27:26.933 8 INFO neutron.db.ovn_revision_numbers_db [None req-9b0b0545-157a-4f87-afdd-ff426d39aeb6 8d9acc26dd4d41a88a912824d38d0c90 14b0857acd524f57969ff42419a2c212 - - default default] Successfully bumped revision number for resource 0c2ae1ee-18b9-43c6-91f7-c34c2c740007 (type: security_group_rules) to 0
2026-06-15 21:27:26.942 8 INFO neutron.db.ovn_revision_numbers_db [None req-9b0b0545-157a-4f87-afdd-ff426d39aeb6 8d9acc26dd4d41a88a912824d38d0c90 14b0857acd524f57969ff42419a2c212 - - default default] Successfully bumped revision number for resource 5fa76e1f-4343-4b0c-a815-c26622fc3370 (type: security_group_rules) to 0
2026-06-15 21:27:26.950 8 INFO neutron.db.ovn_revision_numbers_db [None req-9b0b0545-157a-4f87-afdd-ff426d39aeb6 8d9acc26dd4d41a88a912824d38d0c90 14b0857acd524f57969ff42419a2c212 - - default default] Successfully bumped revision number for resource 8978cd89-c9a5-4f17-bef2-86c3af77bed9 (type: security_group_rules) to 0
2026-06-15 21:27:26.962 8 INFO neutron.db.ovn_revision_numbers_db [None req-9b0b0545-157a-4f87-afdd-ff426d39aeb6 8d9acc26dd4d41a88a912824d38d0c90 14b0857acd524f57969ff42419a2c212 - - default default] Successfully bumped revision number for resource 922da609-bbb6-45c8-b775-2bb054d82a8a (type: security_group_rules) to 0 [pid: 8|app: 0|req: 639/1385] 10.0.0.124 () {32 vars in 774 bytes} [Mon Jun 15 21:27:26 2026] GET /v2.0/security-groups?tenant_id=09c8442efd474f4faae9c0b8fc9e3cfd&name=default => generated 2925 bytes in 325 msecs (HTTP/1.1 200) 4 headers in 158 bytes (1 switches on core 0)
2026-06-15 21:27:27.036 7 INFO neutron.services.segments.plugin [-] Segment 626be5b9-4130-445c-8854-470dda0e8519 resource provider aggregate not found
2026-06-15 21:27:27.041 7 INFO neutron.services.segments.plugin [-] Segment 626be5b9-4130-445c-8854-470dda0e8519 resource provider aggregate not found
2026-06-15 21:27:27.052 7 INFO neutron.services.segments.plugin [-] Segment 626be5b9-4130-445c-8854-470dda0e8519 resource provider not found; error: Placement Client Error (4xx): {"errors": [{"status": 404, "title": "Not Found", "detail": "The resource could not be found.\n\n No resource provider with uuid 626be5b9-4130-445c-8854-470dda0e8519 found for delete ", "request_id": "req-a0779e26-2a5d-4ab2-8c3a-fc0500df7dea"}]}
2026-06-15 21:27:27.060 7 INFO neutron.services.segments.plugin [-] Segment 626be5b9-4130-445c-8854-470dda0e8519 resource provider not found; error: Placement Client Error (4xx): {"errors": [{"status": 404, "title": "Not Found", "detail": "The resource could not be found.\n\n No resource provider with uuid 626be5b9-4130-445c-8854-470dda0e8519 found for delete ", "request_id": "req-f0ce745a-105d-4c0e-be6b-e14caf1833b0"}]} [pid: 7|app: 0|req: 747/1386] 10.0.0.124 () {32 vars in 774 bytes} [Mon Jun 15 21:27:26 2026] GET /v2.0/security-groups?tenant_id=47522c8abf114e1ba39a4c91c88fa55c&name=default => generated 2925 bytes in 155 msecs (HTTP/1.1 200) 4 headers in 158 bytes (1 switches on core 0) [pid: 8|app: 0|req: 640/1387] 10.0.0.124 () {32 vars in 740 bytes} [Mon Jun 15 21:27:27 2026] DELETE /v2.0/security-groups/dd1f70d4-e813-41f8-a2b7-5037e201058a => generated 0 bytes in 266 msecs (HTTP/1.1 204) 2 headers in 112 bytes (1 switches on core 0) [pid: 7|app: 0|req: 748/1388] 10.0.0.124 () {32 vars in 740 bytes} [Mon Jun 15 21:27:27 2026] DELETE /v2.0/security-groups/27866775-449c-457f-8b44-3d94e024b3bd => generated 0 bytes in 305 msecs (HTTP/1.1 204) 2 headers in 112 bytes (1 switches on core 0) [pid: 7|app: 0|req: 749/1389] 10.0.0.233 () {34 vars in 1098 bytes} [Mon Jun 15 21:27:27 2026] GET /v2.0/security-groups?name=tempest-securitygroup--226268745&fields=id&tenant_id=3416f1a326114801bebd940d88126de5 => generated 69 bytes in 43 msecs (HTTP/1.1 200) 4 headers in 156 bytes (1 switches on core 0)
2026-06-15 21:27:27.518 8 INFO neutron.db.ovn_revision_numbers_db [None req-78c925ce-cd94-4306-98b4-5d44d3368a80 ad88926e905c49d099b446f8d0560a67 2bc531fc51be4b3a8bbe9ae3074be95a - - default default] Successfully bumped revision number for resource 4d82d6b1-4a0a-46c3-b7bc-8ebf1a68c8a9 (type: security_groups) to 1
2026-06-15 21:27:27.531 8 INFO neutron.db.ovn_revision_numbers_db [None req-78c925ce-cd94-4306-98b4-5d44d3368a80 ad88926e905c49d099b446f8d0560a67 2bc531fc51be4b3a8bbe9ae3074be95a - - default default] Successfully bumped revision number for resource 2cd4543c-59c7-4e95-bd0a-a3883e5e0cc8 (type: security_group_rules) to 0
2026-06-15 21:27:27.550 8 INFO neutron.db.ovn_revision_numbers_db [None req-78c925ce-cd94-4306-98b4-5d44d3368a80 ad88926e905c49d099b446f8d0560a67 2bc531fc51be4b3a8bbe9ae3074be95a - - default default] Successfully bumped revision number for resource 54993381-ccfa-4d6d-9746-9f9a93f63ec2 (type: security_group_rules) to 0 [pid: 7|app: 0|req: 750/1390] 10.0.0.233 () {34 vars in 982 bytes} [Mon Jun 15 21:27:27 2026] GET /v2.0/networks?id=1d6f5338-4bc7-48e0-b04d-cdd0e6a5a188 => generated 680 bytes in 54 msecs (HTTP/1.1 200) 4 headers in 157 bytes (1 switches on core 0)
2026-06-15 21:27:27.564 8 INFO neutron.db.ovn_revision_numbers_db [None req-78c925ce-cd94-4306-98b4-5d44d3368a80 ad88926e905c49d099b446f8d0560a67 2bc531fc51be4b3a8bbe9ae3074be95a - - default default] Successfully bumped revision number for resource 57b561a1-e038-4454-866e-35d9e1e1c60e (type: security_group_rules) to 0 [pid: 7|app: 0|req: 751/1391] 10.0.0.233 () {34 vars in 965 bytes} [Mon Jun 15 21:27:27 2026] GET /v2.0/quotas/3416f1a326114801bebd940d88126de5 => generated 292 bytes in 9 msecs (HTTP/1.1 200) 4 headers in 157 bytes (1 switches on core 0)
2026-06-15 21:27:27.578 8 INFO neutron.db.ovn_revision_numbers_db [None req-78c925ce-cd94-4306-98b4-5d44d3368a80 ad88926e905c49d099b446f8d0560a67 2bc531fc51be4b3a8bbe9ae3074be95a - - default default] Successfully bumped revision number for resource 961d83d9-6eec-425e-9e39-ad2650a1bd8c (type: security_group_rules) to 0 [pid: 7|app: 0|req: 752/1392] 10.0.0.233 () {34 vars in 1002 bytes} [Mon Jun 15 21:27:27 2026] GET /v2.0/ports?tenant_id=3416f1a326114801bebd940d88126de5&fields=id => generated 103 bytes in 89 msecs (HTTP/1.1 200) 4 headers in 157 bytes (1 switches on core 0)
2026-06-15 21:27:27.691 8 INFO neutron.db.segments_db [None req-78c925ce-cd94-4306-98b4-5d44d3368a80 ad88926e905c49d099b446f8d0560a67 2bc531fc51be4b3a8bbe9ae3074be95a - - default default] Added segment 6e74669c-598a-4ca9-9514-d4461cd8acad of type geneve for network 126911fd-30a5-453c-b5d5-c860f484d937
2026-06-15 21:27:27.800 8 INFO neutron.db.segments_db [None req-78c925ce-cd94-4306-98b4-5d44d3368a80 ad88926e905c49d099b446f8d0560a67 2bc531fc51be4b3a8bbe9ae3074be95a - - default default] Added segment faed42f3-102f-416b-ad13-f5bc4dc4e6e8 of type geneve for network 5662d722-f155-4325-a516-e29a638bf50f
2026-06-15 21:27:27.801 8 WARNING neutron.plugins.ml2.drivers.ovn.mech_driver.ovsdb.ovn_client [None req-57b44fd7-c1ef-4cc8-bd95-4ca4a9f8ff83 - - - - - -] No hosting information found for port 0cf81589-a272-467f-bc58-237ff41f1dfd: RuntimeError: No hosting information found for port 0cf81589-a272-467f-bc58-237ff41f1dfd
2026-06-15 21:27:27.934 8 INFO neutron.db.ovn_revision_numbers_db [None req-57b44fd7-c1ef-4cc8-bd95-4ca4a9f8ff83 - - - - - -] Successfully bumped revision number for resource 0cf81589-a272-467f-bc58-237ff41f1dfd (type: router_ports) to 2
2026-06-15 21:27:27.989 8 INFO neutron.plugins.ml2.drivers.ovn.mech_driver.mech_driver [None req-57b44fd7-c1ef-4cc8-bd95-4ca4a9f8ff83 - - - - - -] OVN reports status down for port: 7ff117f0-bd3f-4aeb-933a-626e0001ad13
2026-06-15 21:27:28.001 8 INFO neutron.plugins.ml2.drivers.ovn.mech_driver.mech_driver [None req-57b44fd7-c1ef-4cc8-bd95-4ca4a9f8ff83 - - - - - -] OVN reports status down for port: ef1757ce-c57e-45e7-bfb1-ea7977d4f6f8
2026-06-15 21:27:28.019 8 INFO neutron.plugins.ml2.drivers.ovn.mech_driver.mech_driver [None req-57b44fd7-c1ef-4cc8-bd95-4ca4a9f8ff83 - - - - - -] OVN reports status down for port: 265c4096-5546-4bbc-a1b9-7ed851a1493d
2026-06-15 21:27:28.028 8 INFO neutron.plugins.ml2.drivers.ovn.mech_driver.mech_driver [None req-57b44fd7-c1ef-4cc8-bd95-4ca4a9f8ff83 - - - - - -] OVN reports status down for port: 265c4096-5546-4bbc-a1b9-7ed851a1493d
2026-06-15 21:27:28.050 8 INFO neutron.db.ovn_revision_numbers_db [None req-78c925ce-cd94-4306-98b4-5d44d3368a80 ad88926e905c49d099b446f8d0560a67 2bc531fc51be4b3a8bbe9ae3074be95a - - default default] Successfully bumped revision number for resource 126911fd-30a5-453c-b5d5-c860f484d937 (type: networks) to 1 [pid: 7|app: 0|req: 753/1393] 10.0.0.233 () {34 vars in 907 bytes} [Mon Jun 15 21:27:28 2026] GET /v2.0/extensions => generated 20118 bytes in 39 msecs (HTTP/1.1 200) 4 headers in 159 bytes (1 switches on core 0) [pid: 7|app: 0|req: 754/1394] 10.0.0.233 () {34 vars in 1008 bytes} [Mon Jun 15 21:27:28 2026] GET /v2.0/networks/1d6f5338-4bc7-48e0-b04d-cdd0e6a5a188?fields=segments => generated 14 bytes in 39 msecs (HTTP/1.1 200) 4 headers in 156 bytes (1 switches on core 0) [pid: 7|app: 0|req: 755/1395] 10.0.0.233 () {34 vars in 1108 bytes} [Mon Jun 15 21:27:28 2026] GET /v2.0/networks/1d6f5338-4bc7-48e0-b04d-cdd0e6a5a188?fields=provider%3Aphysical_network&fields=provider%3Anetwork_type => generated 79 bytes in 47 msecs (HTTP/1.1 200) 4 headers in 156 bytes (1 switches on core 0)
2026-06-15 21:27:28.208 8 WARNING neutron.scheduler.dhcp_agent_scheduler [None req-78c925ce-cd94-4306-98b4-5d44d3368a80 ad88926e905c49d099b446f8d0560a67 2bc531fc51be4b3a8bbe9ae3074be95a - - default default] No more DHCP agents
2026-06-15 21:27:28.210 8 WARNING neutron.api.rpc.agentnotifiers.dhcp_rpc_agent_api [None req-78c925ce-cd94-4306-98b4-5d44d3368a80 ad88926e905c49d099b446f8d0560a67 2bc531fc51be4b3a8bbe9ae3074be95a - - default default] Unable to schedule network 126911fd-30a5-453c-b5d5-c860f484d937: no agents available; will retry on subsequent port and subnet creation events.
2026-06-15 21:27:28.272 8 INFO neutron.plugins.ml2.drivers.ovn.mech_driver.mech_driver [None req-57b44fd7-c1ef-4cc8-bd95-4ca4a9f8ff83 - - - - - -] OVN reports status down for port: 515bc81c-9786-4a79-9c76-1fa0f5e61d1f
2026-06-15 21:27:28.347 8 INFO neutron.db.ovn_revision_numbers_db [None req-78c925ce-cd94-4306-98b4-5d44d3368a80 ad88926e905c49d099b446f8d0560a67 2bc531fc51be4b3a8bbe9ae3074be95a - - default default] Successfully bumped revision number for resource 515bc81c-9786-4a79-9c76-1fa0f5e61d1f (type: ports) to 1
2026-06-15 21:27:28.464 8 INFO neutron.db.ovn_revision_numbers_db [None req-78c925ce-cd94-4306-98b4-5d44d3368a80 ad88926e905c49d099b446f8d0560a67 2bc531fc51be4b3a8bbe9ae3074be95a - - default default] Successfully bumped revision number for resource 5662d722-f155-4325-a516-e29a638bf50f (type: networks) to 1 [pid: 7|app: 0|req: 756/1396] 10.0.0.233 () {34 vars in 990 bytes} [Mon Jun 15 21:27:28 2026] GET /v2.0/ports?device_id=6feb3200-dd43-4a7f-865a-c32c6fde3559 => generated 12 bytes in 25 msecs (HTTP/1.1 200) 4 headers in 156 bytes (1 switches on core 0)
2026-06-15 21:27:28.623 8 WARNING neutron.scheduler.dhcp_agent_scheduler [None req-78c925ce-cd94-4306-98b4-5d44d3368a80 ad88926e905c49d099b446f8d0560a67 2bc531fc51be4b3a8bbe9ae3074be95a - - default default] No more DHCP agents
2026-06-15 21:27:28.626 8 WARNING neutron.api.rpc.agentnotifiers.dhcp_rpc_agent_api [None req-78c925ce-cd94-4306-98b4-5d44d3368a80 ad88926e905c49d099b446f8d0560a67 2bc531fc51be4b3a8bbe9ae3074be95a - - default default] Unable to schedule network 5662d722-f155-4325-a516-e29a638bf50f: no agents available; will retry on subsequent port and subnet creation events.
2026-06-15 21:27:28.680 8 INFO neutron.plugins.ml2.drivers.ovn.mech_driver.mech_driver [None req-57b44fd7-c1ef-4cc8-bd95-4ca4a9f8ff83 - - - - - -] OVN reports status down for port: ce0f43dc-b968-40a7-8671-3abc9b52beaa
2026-06-15 21:27:28.737 8 INFO neutron.db.ovn_revision_numbers_db [None req-78c925ce-cd94-4306-98b4-5d44d3368a80 ad88926e905c49d099b446f8d0560a67 2bc531fc51be4b3a8bbe9ae3074be95a - - default default] Successfully bumped revision number for resource ce0f43dc-b968-40a7-8671-3abc9b52beaa (type: ports) to 1 [pid: 8|app: 0|req: 641/1397] 10.0.0.124 () {34 vars in 670 bytes} [Mon Jun 15 21:27:27 2026] POST /v2.0/networks => generated 1245 bytes in 1516 msecs (HTTP/1.1 201) 4 headers in 163 bytes (1 switches on core 0) [pid: 7|app: 0|req: 757/1398] 10.0.0.124 () {32 vars in 649 bytes} [Mon Jun 15 21:27:28 2026] GET /v2.0/networks => generated 1856 bytes in 55 msecs (HTTP/1.1 200) 4 headers in 158 bytes (1 switches on core 0)
2026-06-15 21:27:28.965 8 INFO neutron_taas.services.taas.taas_plugin [None req-320478d0-59fb-47b4-acd9-47eda558ca3b ad88926e905c49d099b446f8d0560a67 2bc531fc51be4b3a8bbe9ae3074be95a - - default default] TaaS: Handle Delete Port: 515bc81c-9786-4a79-9c76-1fa0f5e61d1f
2026-06-15 21:27:28.968 8 INFO neutron_taas.services.taas.tap_mirror_plugin [None req-320478d0-59fb-47b4-acd9-47eda558ca3b ad88926e905c49d099b446f8d0560a67 2bc531fc51be4b3a8bbe9ae3074be95a - - default default] Tap Mirror: Handle Delete Port: 515bc81c-9786-4a79-9c76-1fa0f5e61d1f
2026-06-15 21:27:29.169 8 INFO neutron.services.segments.plugin [-] Segment 6e74669c-598a-4ca9-9514-d4461cd8acad resource provider aggregate not found
2026-06-15 21:27:29.172 8 INFO neutron.services.segments.plugin [-] Segment 6e74669c-598a-4ca9-9514-d4461cd8acad resource provider aggregate not found
2026-06-15 21:27:29.190 8 INFO neutron.services.segments.plugin [-] Segment 6e74669c-598a-4ca9-9514-d4461cd8acad resource provider not found; error: Placement Client Error (4xx): {"errors": [{"status": 404, "title": "Not Found", "detail": "The resource could not be found.\n\n No resource provider with uuid 6e74669c-598a-4ca9-9514-d4461cd8acad found for delete ", "request_id": "req-9b66d5ef-b4f2-44c9-872c-f3df5afad8e1"}]}
2026-06-15 21:27:29.194 8 INFO neutron.services.segments.plugin [-] Segment 6e74669c-598a-4ca9-9514-d4461cd8acad resource provider not found; error: Placement Client Error (4xx): {"errors": [{"status": 404, "title": "Not Found", "detail": "The resource could not be found.\n\n No resource provider with uuid 6e74669c-598a-4ca9-9514-d4461cd8acad found for delete ", "request_id": "req-b9566b2a-1508-45ca-b41c-9c57a33ca839"}]} [pid: 8|app: 0|req: 642/1399] 10.0.0.124 () {32 vars in 726 bytes} [Mon Jun 15 21:27:28 2026] DELETE /v2.0/networks/126911fd-30a5-453c-b5d5-c860f484d937 => generated 0 bytes in 377 msecs (HTTP/1.1 204) 3 headers in 131 bytes (1 switches on core 0)
