2026-07-03 17:17:14.821 8 INFO neutron.plugins.ml2.drivers.ovn.mech_driver.mech_driver [None req-67c53350-f009-4031-8bf5-9255890fe19e - - - - - -] OVN reports status down for port: d42db036-a495-4f45-b8fa-102afa552189 [pid: 8|app: 0|req: 610/1224] 10.0.0.124 () {34 vars in 665 bytes} [Fri Jul 3 17:17:14 2026] POST /v2.0/ports => generated 914 bytes in 622 msecs (HTTP/1.1 201) 4 headers in 162 bytes (1 switches on core 0) [pid: 8|app: 0|req: 611/1225] 10.0.0.124 () {32 vars in 724 bytes} [Fri Jul 3 17:17:14 2026] DELETE /v2.0/subnets/9afee024-82fd-4f30-a6dc-8d39442453b9 => generated 0 bytes in 249 msecs (HTTP/1.1 204) 3 headers in 131 bytes (1 switches on core 0)
2026-07-03 17:17:15.249 8 INFO neutron_taas.services.taas.taas_plugin [None req-f16f30bd-e9c3-426a-8ff1-634f0dd09856 5f4323f98608482886dbe8d96588ef76 efadde5a308449e1a4cf9449bf7853ad - - default default] TaaS: Handle Delete Port: 597036ca-22c9-4166-9491-5c35758b0afb
2026-07-03 17:17:15.252 8 INFO neutron_taas.services.taas.tap_mirror_plugin [None req-f16f30bd-e9c3-426a-8ff1-634f0dd09856 5f4323f98608482886dbe8d96588ef76 efadde5a308449e1a4cf9449bf7853ad - - default default] Tap Mirror: Handle Delete Port: 597036ca-22c9-4166-9491-5c35758b0afb [pid: 8|app: 0|req: 612/1226] 10.0.0.124 () {32 vars in 720 bytes} [Fri Jul 3 17:17:15 2026] DELETE /v2.0/ports/597036ca-22c9-4166-9491-5c35758b0afb => generated 0 bytes in 284 msecs (HTTP/1.1 204) 3 headers in 131 bytes (1 switches on core 0)
2026-07-03 17:17:15.418 7 INFO neutron.plugins.ml2.drivers.ovn.mech_driver.ovsdb.commands [None req-ea60f971-094d-4784-9122-b748729abf16 - - - - - -] Schedule LRP lrp-d42db036-a495-4f45-b8fa-102afa552189 on gateway e4184fcb-78e1-4dce-b54f-9203eb8e8bba with priority 1
2026-07-03 17:17:15.446 8 INFO neutron.plugins.ml2.drivers.ovn.mech_driver.ovsdb.ovsdb_monitor [None req-5a943c5e-4173-4702-9b67-9d27640cb5b1 - - - - - -] Router aff3be36-f5ef-44b1-88bc-2c3c50062fa8 is bound to host instance
2026-07-03 17:17:15.447 8 INFO neutron.plugins.ml2.drivers.ovn.mech_driver.mech_driver [None req-67c53350-f009-4031-8bf5-9255890fe19e - - - - - -] OVN reports status up for port: d42db036-a495-4f45-b8fa-102afa552189
2026-07-03 17:17:15.463 7 INFO neutron.db.ovn_revision_numbers_db [None req-002c2a4d-8ae5-4307-a6ab-d8687be06ce2 b39fbfc2df1141159c23cc610b7f0238 bc7bf7793d484ae7a57151bdd30bfa03 - - default default] Successfully bumped revision number for resource d42db036-a495-4f45-b8fa-102afa552189 (type: router_ports) to 1 [pid: 8|app: 0|req: 615/1229] 10.0.0.124 () {32 vars in 647 bytes} [Fri Jul 3 17:17:15 2026] GET /v2.0/subnets => generated 649 bytes in 104 msecs (HTTP/1.1 200) 4 headers in 157 bytes (1 switches on core 0)
2026-07-03 17:17:15.529 8 INFO neutron.plugins.ml2.plugin [None req-67c53350-f009-4031-8bf5-9255890fe19e - - - - - -] Attempt 1 to provision port d42db036-a495-4f45-b8fa-102afa552189
2026-07-03 17:17:15.546 7 INFO neutron.db.ovn_revision_numbers_db [None req-002c2a4d-8ae5-4307-a6ab-d8687be06ce2 b39fbfc2df1141159c23cc610b7f0238 bc7bf7793d484ae7a57151bdd30bfa03 - - default default] Successfully bumped revision number for resource aff3be36-f5ef-44b1-88bc-2c3c50062fa8 (type: routers) to 2
2026-07-03 17:17:15.581 8 INFO neutron.pecan_wsgi.hooks.translation [None req-630d6177-d19d-4876-88e3-ec2d9155e654 5f4323f98608482886dbe8d96588ef76 efadde5a308449e1a4cf9449bf7853ad - - default default] GET failed (client error): The resource could not be found. [pid: 8|app: 0|req: 616/1230] 10.0.0.124 () {32 vars in 717 bytes} [Fri Jul 3 17:17:15 2026] GET /v2.0/ports/597036ca-22c9-4166-9491-5c35758b0afb => generated 132 bytes in 54 msecs (HTTP/1.1 404) 4 headers in 164 bytes (1 switches on core 0) [pid: 7|app: 0|req: 615/1231] 10.0.0.124 () {34 vars in 669 bytes} [Fri Jul 3 17:17:14 2026] POST /v2.0/routers => generated 962 bytes in 1449 msecs (HTTP/1.1 201) 4 headers in 162 bytes (1 switches on core 0) [pid: 7|app: 0|req: 616/1232] 10.0.0.124 () {32 vars in 724 bytes} [Fri Jul 3 17:17:15 2026] DELETE /v2.0/subnets/855c8453-6c6c-4348-a9cb-ae3cdd838769 => generated 0 bytes in 169 msecs (HTTP/1.1 204) 3 headers in 131 bytes (1 switches on core 0)
2026-07-03 17:17:15.880 8 INFO neutron_taas.services.taas.taas_plugin [None req-69d4f893-185a-4454-badd-d5d1fcff0116 f3939a3589ce4fd5b5984b024a894752 98c7a3ede7f143219cfb3da432f73350 - - default default] TaaS: Handle Delete Port: dec64b86-8d43-4583-a368-52e8c78d9d5a
2026-07-03 17:17:15.885 8 INFO neutron_taas.services.taas.tap_mirror_plugin [None req-69d4f893-185a-4454-badd-d5d1fcff0116 f3939a3589ce4fd5b5984b024a894752 98c7a3ede7f143219cfb3da432f73350 - - default default] Tap Mirror: Handle Delete Port: dec64b86-8d43-4583-a368-52e8c78d9d5a
2026-07-03 17:17:16.303 7 WARNING neutron.scheduler.dhcp_agent_scheduler [None req-843f57b5-c079-44b4-95a7-cbbc66c0a902 b39fbfc2df1141159c23cc610b7f0238 bc7bf7793d484ae7a57151bdd30bfa03 - - default default] No more DHCP agents
2026-07-03 17:17:16.304 7 WARNING neutron.api.rpc.agentnotifiers.dhcp_rpc_agent_api [None req-843f57b5-c079-44b4-95a7-cbbc66c0a902 b39fbfc2df1141159c23cc610b7f0238 bc7bf7793d484ae7a57151bdd30bfa03 - - default default] Unable to schedule network a69da913-b648-4dcc-927e-bd2542ed6567: no agents available; will retry on subsequent port and subnet creation events.
2026-07-03 17:17:16.390 8 INFO neutron.services.segments.plugin [-] Segment 96fb3af5-642f-4b64-8e9f-0f614b5f5d32 resource provider aggregate not found
2026-07-03 17:17:16.397 7 INFO neutron.plugins.ml2.drivers.ovn.mech_driver.mech_driver [None req-bcb527df-cb0a-4559-a1cc-91890e625d1c - - - - - -] OVN reports status down for port: bba4c3b1-a756-4a83-9546-353488cb8128
2026-07-03 17:17:16.409 8 INFO neutron.services.segments.plugin [-] Segment 96fb3af5-642f-4b64-8e9f-0f614b5f5d32 resource provider aggregate not found
2026-07-03 17:17:16.434 8 INFO neutron.services.segments.plugin [-] Segment 96fb3af5-642f-4b64-8e9f-0f614b5f5d32 resource provider not found; error: Placement Client Error (4xx): {"errors": [{"status": 404, "title": "Not Found", "detail": "The resource could not be found.\n\n No resource provider with uuid 96fb3af5-642f-4b64-8e9f-0f614b5f5d32 found for delete ", "request_id": "req-bed3da9c-48c5-456b-91e5-ba9f8fb95b3e"}]}
2026-07-03 17:17:16.439 8 INFO neutron.services.segments.plugin [-] Segment 96fb3af5-642f-4b64-8e9f-0f614b5f5d32 resource provider not found; error: Placement Client Error (4xx): {"errors": [{"status": 404, "title": "Not Found", "detail": "The resource could not be found.\n\n No resource provider with uuid 96fb3af5-642f-4b64-8e9f-0f614b5f5d32 found for delete ", "request_id": "req-48dcfbcb-df4d-4ba5-9691-92e5354811b9"}]}
2026-07-03 17:17:16.484 7 INFO neutron.db.ovn_revision_numbers_db [None req-843f57b5-c079-44b4-95a7-cbbc66c0a902 b39fbfc2df1141159c23cc610b7f0238 bc7bf7793d484ae7a57151bdd30bfa03 - - default default] Successfully bumped revision number for resource bba4c3b1-a756-4a83-9546-353488cb8128 (type: ports) to 1 [pid: 8|app: 0|req: 617/1233] 10.0.0.124 () {32 vars in 726 bytes} [Fri Jul 3 17:17:15 2026] DELETE /v2.0/networks/a6b60a36-2447-4bc0-970c-16e8888bf97f => generated 0 bytes in 944 msecs (HTTP/1.1 204) 3 headers in 131 bytes (1 switches on core 0)
2026-07-03 17:17:16.746 8 INFO neutron_taas.services.taas.taas_plugin [None req-ed5ebf4a-f798-4c3e-938c-0470bae28f47 5f4323f98608482886dbe8d96588ef76 efadde5a308449e1a4cf9449bf7853ad - - default default] TaaS: Handle Delete Port: 52bec14d-bfa5-43e5-9d24-d8c4f5ba97f5
2026-07-03 17:17:16.752 8 INFO neutron_taas.services.taas.tap_mirror_plugin [None req-ed5ebf4a-f798-4c3e-938c-0470bae28f47 5f4323f98608482886dbe8d96588ef76 efadde5a308449e1a4cf9449bf7853ad - - default default] Tap Mirror: Handle Delete Port: 52bec14d-bfa5-43e5-9d24-d8c4f5ba97f5
2026-07-03 17:17:16.868 8 INFO neutron.db.ovn_revision_numbers_db [None req-dbf20e5d-28ec-41d2-930f-76d232ad6fca - - - - - -] Successfully bumped revision number for resource d42db036-a495-4f45-b8fa-102afa552189 (type: ports) to 4
2026-07-03 17:17:17.126 7 INFO neutron.plugins.ml2.drivers.ovn.mech_driver.mech_driver [None req-bcb527df-cb0a-4559-a1cc-91890e625d1c - - - - - -] OVN reports status up for port: bba4c3b1-a756-4a83-9546-353488cb8128
2026-07-03 17:17:17.225 7 INFO neutron.plugins.ml2.plugin [None req-bcb527df-cb0a-4559-a1cc-91890e625d1c - - - - - -] Attempt 1 to provision port bba4c3b1-a756-4a83-9546-353488cb8128
2026-07-03 17:17:17.243 7 WARNING neutron.scheduler.dhcp_agent_scheduler [None req-843f57b5-c079-44b4-95a7-cbbc66c0a902 b39fbfc2df1141159c23cc610b7f0238 bc7bf7793d484ae7a57151bdd30bfa03 - - default default] No more DHCP agents
2026-07-03 17:17:17.246 7 WARNING neutron.api.rpc.agentnotifiers.dhcp_rpc_agent_api [None req-843f57b5-c079-44b4-95a7-cbbc66c0a902 b39fbfc2df1141159c23cc610b7f0238 bc7bf7793d484ae7a57151bdd30bfa03 - - default default] Unable to schedule network a69da913-b648-4dcc-927e-bd2542ed6567: no agents available; will retry on subsequent port and subnet creation events. [pid: 8|app: 0|req: 618/1234] 10.0.0.124 () {32 vars in 726 bytes} [Fri Jul 3 17:17:16 2026] DELETE /v2.0/networks/1af09c91-9feb-483d-9c1b-30fb386f4643 => generated 0 bytes in 736 msecs (HTTP/1.1 204) 3 headers in 131 bytes (1 switches on core 0)
2026-07-03 17:17:17.471 8 INFO neutron_taas.services.taas.taas_plugin [None req-e805969b-b267-4a72-9f8b-a60a901e3c17 f3939a3589ce4fd5b5984b024a894752 98c7a3ede7f143219cfb3da432f73350 - - default default] TaaS: Handle Delete Port: 8597b084-e7cf-4c89-8c2a-0e3dc67239cf
2026-07-03 17:17:17.474 8 INFO neutron_taas.services.taas.tap_mirror_plugin [None req-e805969b-b267-4a72-9f8b-a60a901e3c17 f3939a3589ce4fd5b5984b024a894752 98c7a3ede7f143219cfb3da432f73350 - - default default] Tap Mirror: Handle Delete Port: 8597b084-e7cf-4c89-8c2a-0e3dc67239cf
2026-07-03 17:17:17.559 8 INFO neutron.db.ovn_revision_numbers_db [None req-dbf20e5d-28ec-41d2-930f-76d232ad6fca - - - - - -] Successfully bumped revision number for resource d42db036-a495-4f45-b8fa-102afa552189 (type: ports) to 5 [pid: 8|app: 0|req: 619/1235] 10.0.0.124 () {32 vars in 726 bytes} [Fri Jul 3 17:17:17 2026] DELETE /v2.0/networks/8fd97b36-24be-483c-a457-dfed2eacb8c3 => generated 0 bytes in 558 msecs (HTTP/1.1 204) 3 headers in 131 bytes (1 switches on core 0)
2026-07-03 17:17:18.005 7 INFO neutron.db.ovn_revision_numbers_db [None req-bcb527df-cb0a-4559-a1cc-91890e625d1c - - - - - -] Successfully bumped revision number for resource bba4c3b1-a756-4a83-9546-353488cb8128 (type: ports) to 2
2026-07-03 17:17:18.152 8 WARNING neutron.scheduler.dhcp_agent_scheduler [None req-0b1cb9dd-91c3-48a4-9fdb-cdd1511b4413 5f4323f98608482886dbe8d96588ef76 efadde5a308449e1a4cf9449bf7853ad - - default default] No more DHCP agents
2026-07-03 17:17:18.153 8 WARNING neutron.api.rpc.agentnotifiers.dhcp_rpc_agent_api [None req-0b1cb9dd-91c3-48a4-9fdb-cdd1511b4413 5f4323f98608482886dbe8d96588ef76 efadde5a308449e1a4cf9449bf7853ad - - default default] Unable to schedule network 211cd0f5-9650-4ea2-aee0-7ce34569bf69: no agents available; will retry on subsequent port and subnet creation events.
2026-07-03 17:17:18.202 7 INFO neutron.db.ovn_revision_numbers_db [None req-843f57b5-c079-44b4-95a7-cbbc66c0a902 b39fbfc2df1141159c23cc610b7f0238 bc7bf7793d484ae7a57151bdd30bfa03 - - default default] Successfully bumped revision number for resource bba4c3b1-a756-4a83-9546-353488cb8128 (type: router_ports) to 1 [pid: 7|app: 0|req: 617/1236] 10.0.0.124 () {34 vars in 783 bytes} [Fri Jul 3 17:17:15 2026] PUT /v2.0/routers/aff3be36-f5ef-44b1-88bc-2c3c50062fa8/add_router_interface => generated 309 bytes in 2450 msecs (HTTP/1.1 200) 4 headers in 157 bytes (1 switches on core 0)
2026-07-03 17:17:18.258 8 INFO neutron.db.ovn_revision_numbers_db [None req-0b1cb9dd-91c3-48a4-9fdb-cdd1511b4413 5f4323f98608482886dbe8d96588ef76 efadde5a308449e1a4cf9449bf7853ad - - default default] Successfully bumped revision number for resource a4d1a72a-f437-451a-a3e3-9a2ff81df4c3 (type: ports) to 1
2026-07-03 17:17:18.317 7 INFO neutron_taas.services.taas.taas_plugin [None req-3603b033-4ffc-4b21-947a-319816a30b88 f3939a3589ce4fd5b5984b024a894752 98c7a3ede7f143219cfb3da432f73350 - - default default] TaaS: Handle Delete Port: a1d5098d-03ca-4733-b585-a4eb925f268b
2026-07-03 17:17:18.327 7 INFO neutron_taas.services.taas.tap_mirror_plugin [None req-3603b033-4ffc-4b21-947a-319816a30b88 f3939a3589ce4fd5b5984b024a894752 98c7a3ede7f143219cfb3da432f73350 - - default default] Tap Mirror: Handle Delete Port: a1d5098d-03ca-4733-b585-a4eb925f268b [pid: 8|app: 0|req: 620/1237] 10.0.0.124 () {34 vars in 665 bytes} [Fri Jul 3 17:17:17 2026] POST /v2.0/ports => generated 775 bytes in 529 msecs (HTTP/1.1 201) 4 headers in 162 bytes (1 switches on core 0) /var/lib/openstack/lib/python3.12/site-packages/pycadf/identifier.py:70: UserWarning: Invalid uuid: neutron. To ensure interoperability, identifiers should be a valid uuid. warnings.warn(('Invalid uuid: %s. To ensure interoperability, '
2026-07-03 17:17:18.461 8 INFO neutron.services.segments.plugin [-] Segment 49326c4e-ce3d-4022-8808-375cb0cf17b9 resource provider aggregate not found
2026-07-03 17:17:18.464 8 INFO neutron.services.segments.plugin [-] Segment 49326c4e-ce3d-4022-8808-375cb0cf17b9 resource provider aggregate not found
2026-07-03 17:17:18.482 8 INFO neutron.services.segments.plugin [-] Segment 49326c4e-ce3d-4022-8808-375cb0cf17b9 resource provider not found; error: Placement Client Error (4xx): {"errors": [{"status": 404, "title": "Not Found", "detail": "The resource could not be found.\n\n No resource provider with uuid 49326c4e-ce3d-4022-8808-375cb0cf17b9 found for delete ", "request_id": "req-5ff470be-1cbd-4eb3-b965-5fce7b80c7ff"}]}
2026-07-03 17:17:18.497 8 INFO neutron.services.segments.plugin [-] Segment 49326c4e-ce3d-4022-8808-375cb0cf17b9 resource provider not found; error: Placement Client Error (4xx): {"errors": [{"status": 404, "title": "Not Found", "detail": "The resource could not be found.\n\n No resource provider with uuid 49326c4e-ce3d-4022-8808-375cb0cf17b9 found for delete ", "request_id": "req-59430969-b45c-4264-893f-edf106ad4d54"}]}
2026-07-03 17:17:18.504 8 INFO neutron.services.segments.plugin [-] Segment b736ae66-f88f-4868-96fd-29e954eb3c63 resource provider aggregate not found
2026-07-03 17:17:18.509 7 INFO neutron.services.segments.plugin [-] Segment efe2c057-2b18-45bc-953a-3d0fb43c84d9 resource provider aggregate not found
2026-07-03 17:17:18.515 7 INFO neutron.services.segments.plugin [-] Segment efe2c057-2b18-45bc-953a-3d0fb43c84d9 resource provider aggregate not found
2026-07-03 17:17:18.524 8 INFO neutron.services.segments.plugin [-] Segment b736ae66-f88f-4868-96fd-29e954eb3c63 resource provider not found; error: Placement Client Error (4xx): {"errors": [{"status": 404, "title": "Not Found", "detail": "The resource could not be found.\n\n No resource provider with uuid b736ae66-f88f-4868-96fd-29e954eb3c63 found for delete ", "request_id": "req-ae680470-417b-406c-9b03-333046854783"}]}
2026-07-03 17:17:18.526 8 INFO neutron.services.segments.plugin [-] Segment b736ae66-f88f-4868-96fd-29e954eb3c63 resource provider aggregate not found
2026-07-03 17:17:18.527 7 INFO neutron.services.segments.plugin [-] Segment efe2c057-2b18-45bc-953a-3d0fb43c84d9 resource provider not found; error: Placement Client Error (4xx): {"errors": [{"status": 404, "title": "Not Found", "detail": "The resource could not be found.\n\n No resource provider with uuid efe2c057-2b18-45bc-953a-3d0fb43c84d9 found for delete ", "request_id": "req-5d84bf00-6785-4b2f-aea9-ec0d11a5b066"}]}
2026-07-03 17:17:18.529 7 INFO neutron.services.segments.plugin [-] Segment efe2c057-2b18-45bc-953a-3d0fb43c84d9 resource provider not found; error: Placement Client Error (4xx): {"errors": [{"status": 404, "title": "Not Found", "detail": "The resource could not be found.\n\n No resource provider with uuid efe2c057-2b18-45bc-953a-3d0fb43c84d9 found for delete ", "request_id": "req-ef81bd0d-8122-4a1f-b813-f21170db1198"}]}
2026-07-03 17:17:18.542 8 INFO neutron.services.segments.plugin [-] Segment b736ae66-f88f-4868-96fd-29e954eb3c63 resource provider not found; error: Placement Client Error (4xx): {"errors": [{"status": 404, "title": "Not Found", "detail": "The resource could not be found.\n\n No resource provider with uuid b736ae66-f88f-4868-96fd-29e954eb3c63 found for delete ", "request_id": "req-5e03a2c9-e923-4f85-8ac1-0ac2f20022f8"}]} [pid: 7|app: 0|req: 618/1238] 10.0.0.124 () {32 vars in 726 bytes} [Fri Jul 3 17:17:18 2026] DELETE /v2.0/networks/220009c0-dc26-4a72-b787-cc394e3f7daa => generated 0 bytes in 381 msecs (HTTP/1.1 204) 3 headers in 131 bytes (1 switches on core 0)
2026-07-03 17:17:18.726 8 INFO neutron.db.ovn_revision_numbers_db [None req-ffcb2934-00fe-4772-8651-aa650a8d619e 5f4323f98608482886dbe8d96588ef76 efadde5a308449e1a4cf9449bf7853ad - - default default] Successfully bumped revision number for resource a4d1a72a-f437-451a-a3e3-9a2ff81df4c3 (type: ports) to 2 [pid: 8|app: 0|req: 621/1239] 10.0.0.124 () {34 vars in 737 bytes} [Fri Jul 3 17:17:18 2026] PUT /v2.0/ports/a4d1a72a-f437-451a-a3e3-9a2ff81df4c3 => generated 752 bytes in 386 msecs (HTTP/1.1 200) 4 headers in 157 bytes (1 switches on core 0)
2026-07-03 17:17:18.752 7 INFO neutron_taas.services.taas.taas_plugin [None req-b2d39a96-38bb-4bdb-8407-9a5d85d8f6f6 f3939a3589ce4fd5b5984b024a894752 98c7a3ede7f143219cfb3da432f73350 - - default default] TaaS: Handle Delete Port: c1a3f72c-87eb-4711-82a8-3559ca74aa89 /var/lib/openstack/lib/python3.12/site-packages/pycadf/identifier.py:70: UserWarning: Invalid uuid: neutron. To ensure interoperability, identifiers should be a valid uuid. warnings.warn(('Invalid uuid: %s. To ensure interoperability, '
2026-07-03 17:17:18.755 7 INFO neutron_taas.services.taas.tap_mirror_plugin [None req-b2d39a96-38bb-4bdb-8407-9a5d85d8f6f6 f3939a3589ce4fd5b5984b024a894752 98c7a3ede7f143219cfb3da432f73350 - - default default] Tap Mirror: Handle Delete Port: c1a3f72c-87eb-4711-82a8-3559ca74aa89
2026-07-03 17:17:18.873 8 INFO neutron_taas.services.taas.taas_plugin [None req-84fe8153-89d6-4ffa-b97d-7353ef5776e1 5f4323f98608482886dbe8d96588ef76 efadde5a308449e1a4cf9449bf7853ad - - default default] TaaS: Handle Delete Port: a4d1a72a-f437-451a-a3e3-9a2ff81df4c3
2026-07-03 17:17:18.876 8 INFO neutron_taas.services.taas.tap_mirror_plugin [None req-84fe8153-89d6-4ffa-b97d-7353ef5776e1 5f4323f98608482886dbe8d96588ef76 efadde5a308449e1a4cf9449bf7853ad - - default default] Tap Mirror: Handle Delete Port: a4d1a72a-f437-451a-a3e3-9a2ff81df4c3 [pid: 8|app: 0|req: 622/1240] 10.0.0.124 () {32 vars in 720 bytes} [Fri Jul 3 17:17:18 2026] DELETE /v2.0/ports/a4d1a72a-f437-451a-a3e3-9a2ff81df4c3 => generated 0 bytes in 255 msecs (HTTP/1.1 204) 3 headers in 131 bytes (1 switches on core 0) [pid: 7|app: 0|req: 619/1241] 10.0.0.124 () {32 vars in 726 bytes} [Fri Jul 3 17:17:18 2026] DELETE /v2.0/networks/863aa7f1-57cb-441e-b731-d37f99437b6b => generated 0 bytes in 418 msecs (HTTP/1.1 204) 3 headers in 131 bytes (1 switches on core 0) [pid: 7|app: 0|req: 620/1242] 10.0.0.124 () {32 vars in 643 bytes} [Fri Jul 3 17:17:19 2026] GET /v2.0/ports => generated 1534 bytes in 79 msecs (HTTP/1.1 200) 4 headers in 158 bytes (1 switches on core 0)
2026-07-03 17:17:19.121 7 INFO neutron.pecan_wsgi.hooks.translation [None req-dbf474eb-20b0-4a55-8552-c5d1b5d6266c 5f4323f98608482886dbe8d96588ef76 efadde5a308449e1a4cf9449bf7853ad - - default default] GET failed (client error): The resource could not be found. [pid: 7|app: 0|req: 621/1243] 10.0.0.124 () {32 vars in 717 bytes} [Fri Jul 3 17:17:19 2026] GET /v2.0/ports/a4d1a72a-f437-451a-a3e3-9a2ff81df4c3 => generated 132 bytes in 28 msecs (HTTP/1.1 404) 4 headers in 164 bytes (1 switches on core 0)
2026-07-03 17:17:19.176 8 INFO neutron.db.ovn_revision_numbers_db [None req-0b4ccac3-7549-4dd1-a696-676cd05b7c03 ee4c71df2aed49009fe1eb6cf6767399 c15afd6e6c054acf88c56a02c99bc53b - - default default] Successfully bumped revision number for resource 4d0464e5-6a6f-4262-af57-d8966ed61a19 (type: security_groups) to 1 [pid: 7|app: 0|req: 622/1244] 10.0.0.123 () {34 vars in 990 bytes} [Fri Jul 3 17:17:19 2026] GET /v2.0/ports?device_id=dc65ecb7-bc71-40a4-8742-02c4455b8eca => generated 1213 bytes in 49 msecs (HTTP/1.1 200) 4 headers in 158 bytes (1 switches on core 0)
2026-07-03 17:17:19.198 8 INFO neutron.db.ovn_revision_numbers_db [None req-0b4ccac3-7549-4dd1-a696-676cd05b7c03 ee4c71df2aed49009fe1eb6cf6767399 c15afd6e6c054acf88c56a02c99bc53b - - default default] Successfully bumped revision number for resource bbd82f8e-fdbf-41e0-88ab-648600febe98 (type: security_group_rules) to 0 [pid: 7|app: 0|req: 623/1245] 10.0.0.124 () {32 vars in 643 bytes} [Fri Jul 3 17:17:19 2026] GET /v2.0/ports => generated 1534 bytes in 37 msecs (HTTP/1.1 200) 4 headers in 158 bytes (1 switches on core 0)
2026-07-03 17:17:19.222 8 INFO neutron.db.ovn_revision_numbers_db [None req-0b4ccac3-7549-4dd1-a696-676cd05b7c03 ee4c71df2aed49009fe1eb6cf6767399 c15afd6e6c054acf88c56a02c99bc53b - - default default] Successfully bumped revision number for resource f93e1317-ab90-4fa8-9963-ac946749687e (type: security_group_rules) to 0 [pid: 7|app: 0|req: 624/1246] 10.0.0.123 () {34 vars in 1040 bytes} [Fri Jul 3 17:17:19 2026] GET /v2.0/security-groups?id=8fe234ce-4d95-4d52-88ed-b1f95713c9f8&fields=id&fields=name => generated 114 bytes in 27 msecs (HTTP/1.1 200) 4 headers in 157 bytes (1 switches on core 0) [pid: 8|app: 0|req: 623/1247] 10.0.0.124 () {34 vars in 685 bytes} [Fri Jul 3 17:17:19 2026] POST /v2.0/security-groups => generated 1660 bytes in 270 msecs (HTTP/1.1 201) 4 headers in 163 bytes (1 switches on core 0) [pid: 7|app: 0|req: 625/1248] 10.0.0.124 () {32 vars in 717 bytes} [Fri Jul 3 17:17:19 2026] GET /v2.0/ports/2203f002-bdb9-4312-a127-96886557fd58 => generated 775 bytes in 32 msecs (HTTP/1.1 200) 4 headers in 157 bytes (1 switches on core 0)
2026-07-03 17:17:19.304 7 INFO neutron.pecan_wsgi.hooks.translation [None req-7555cc4c-2d2d-4754-8868-d8aef20fcdf0 5f4323f98608482886dbe8d96588ef76 efadde5a308449e1a4cf9449bf7853ad - - default default] DELETE failed (client error): The resource could not be found. [pid: 7|app: 0|req: 626/1249] 10.0.0.124 () {32 vars in 720 bytes} [Fri Jul 3 17:17:19 2026] DELETE /v2.0/ports/597036ca-22c9-4166-9491-5c35758b0afb => generated 132 bytes in 23 msecs (HTTP/1.1 404) 4 headers in 164 bytes (1 switches on core 0)
2026-07-03 17:17:19.322 7 INFO neutron.pecan_wsgi.hooks.translation [None req-f4b6c6f9-795e-4424-9f95-f03c7dc20c5a 5f4323f98608482886dbe8d96588ef76 efadde5a308449e1a4cf9449bf7853ad - - default default] DELETE failed (client error): The resource could not be found. [pid: 7|app: 0|req: 627/1250] 10.0.0.124 () {32 vars in 724 bytes} [Fri Jul 3 17:17:19 2026] DELETE /v2.0/subnets/855c8453-6c6c-4348-a9cb-ae3cdd838769 => generated 136 bytes in 14 msecs (HTTP/1.1 404) 4 headers in 164 bytes (1 switches on core 0)
2026-07-03 17:17:19.338 7 INFO neutron.pecan_wsgi.hooks.translation [None req-e24ed802-668d-4da5-94b6-6147347428d0 5f4323f98608482886dbe8d96588ef76 efadde5a308449e1a4cf9449bf7853ad - - default default] DELETE failed (client error): The resource could not be found. [pid: 7|app: 0|req: 628/1251] 10.0.0.124 () {32 vars in 724 bytes} [Fri Jul 3 17:17:19 2026] DELETE /v2.0/subnets/348c72fd-a7e8-4a2a-85f1-16f18ba0a8c4 => generated 136 bytes in 14 msecs (HTTP/1.1 404) 4 headers in 164 bytes (1 switches on core 0)
2026-07-03 17:17:19.456 8 INFO neutron.db.ovn_revision_numbers_db [None req-87b69b10-0d04-4471-a32d-4bb9b6c56dfd ee4c71df2aed49009fe1eb6cf6767399 c15afd6e6c054acf88c56a02c99bc53b - - default default] Successfully bumped revision number for resource d8543020-e681-4c49-89f7-bcd9543d61f9 (type: security_group_rules) to 0
2026-07-03 17:17:19.463 7 INFO neutron_taas.services.taas.taas_plugin [None req-44618777-3fde-4133-9f46-87808d9114c6 5f4323f98608482886dbe8d96588ef76 efadde5a308449e1a4cf9449bf7853ad - - default default] TaaS: Handle Delete Port: 2203f002-bdb9-4312-a127-96886557fd58
2026-07-03 17:17:19.466 7 INFO neutron_taas.services.taas.tap_mirror_plugin [None req-44618777-3fde-4133-9f46-87808d9114c6 5f4323f98608482886dbe8d96588ef76 efadde5a308449e1a4cf9449bf7853ad - - default default] Tap Mirror: Handle Delete Port: 2203f002-bdb9-4312-a127-96886557fd58 [pid: 8|app: 0|req: 624/1252] 10.0.0.124 () {34 vars in 695 bytes} [Fri Jul 3 17:17:19 2026] POST /v2.0/security-group-rules => generated 597 bytes in 226 msecs (HTTP/1.1 201) 4 headers in 162 bytes (1 switches on core 0) [pid: 7|app: 0|req: 629/1253] 10.0.0.124 () {32 vars in 720 bytes} [Fri Jul 3 17:17:19 2026] DELETE /v2.0/ports/2203f002-bdb9-4312-a127-96886557fd58 => generated 0 bytes in 277 msecs (HTTP/1.1 204) 3 headers in 131 bytes (1 switches on core 0)
2026-07-03 17:17:19.740 8 INFO neutron.db.ovn_revision_numbers_db [None req-2c1e9937-b241-40cd-80c9-07c41b4c0552 ee4c71df2aed49009fe1eb6cf6767399 c15afd6e6c054acf88c56a02c99bc53b - - default default] Successfully bumped revision number for resource f8a478af-8f1d-4f99-96b6-c10692bf5e65 (type: security_group_rules) to 0 [pid: 7|app: 0|req: 630/1254] 10.0.0.124 () {32 vars in 774 bytes} [Fri Jul 3 17:17:19 2026] GET /v2.0/security-groups?tenant_id=98c7a3ede7f143219cfb3da432f73350&name=default => generated 2925 bytes in 130 msecs (HTTP/1.1 200) 4 headers in 158 bytes (1 switches on core 0) [pid: 8|app: 0|req: 625/1255] 10.0.0.124 () {34 vars in 695 bytes} [Fri Jul 3 17:17:19 2026] POST /v2.0/security-group-rules => generated 602 bytes in 297 msecs (HTTP/1.1 201) 4 headers in 162 bytes (1 switches on core 0)
2026-07-03 17:17:19.897 7 INFO neutron_taas.services.taas.taas_plugin [None req-adfbfd83-b95a-471d-bb3a-fe26f69fcaf7 5f4323f98608482886dbe8d96588ef76 efadde5a308449e1a4cf9449bf7853ad - - default default] TaaS: Handle Delete Port: 57d5c43b-358f-4bb9-919f-a2e0d0cabcc4
2026-07-03 17:17:19.900 7 INFO neutron_taas.services.taas.tap_mirror_plugin [None req-adfbfd83-b95a-471d-bb3a-fe26f69fcaf7 5f4323f98608482886dbe8d96588ef76 efadde5a308449e1a4cf9449bf7853ad - - default default] Tap Mirror: Handle Delete Port: 57d5c43b-358f-4bb9-919f-a2e0d0cabcc4 [pid: 8|app: 0|req: 626/1256] 10.0.0.124 () {32 vars in 740 bytes} [Fri Jul 3 17:17:19 2026] DELETE /v2.0/security-groups/cea6c3bc-de95-4d2a-abb9-ee95bb7d2f10 => generated 0 bytes in 269 msecs (HTTP/1.1 204) 2 headers in 112 bytes (1 switches on core 0) [pid: 7|app: 0|req: 631/1257] 10.0.0.124 () {32 vars in 726 bytes} [Fri Jul 3 17:17:19 2026] DELETE /v2.0/networks/211cd0f5-9650-4ea2-aee0-7ce34569bf69 => generated 0 bytes in 422 msecs (HTTP/1.1 204) 3 headers in 131 bytes (1 switches on core 0)
2026-07-03 17:17:20.363 8 WARNING neutron.scheduler.dhcp_agent_scheduler [None req-a03d27be-9a66-4c23-bd0f-9a4ea29e91ae ee4c71df2aed49009fe1eb6cf6767399 c15afd6e6c054acf88c56a02c99bc53b - - default default] No more DHCP agents
2026-07-03 17:17:20.364 8 WARNING neutron.api.rpc.agentnotifiers.dhcp_rpc_agent_api [None req-a03d27be-9a66-4c23-bd0f-9a4ea29e91ae ee4c71df2aed49009fe1eb6cf6767399 c15afd6e6c054acf88c56a02c99bc53b - - default default] Unable to schedule network 0b716415-cfa1-46e6-a6de-0daccc32b200: no agents available; will retry on subsequent port and subnet creation events.
2026-07-03 17:17:20.549 7 INFO neutron.services.segments.plugin [-] Segment 803956a5-e7af-4e46-a428-4749229de269 resource provider aggregate not found
2026-07-03 17:17:20.552 7 INFO neutron.services.segments.plugin [-] Segment 803956a5-e7af-4e46-a428-4749229de269 resource provider aggregate not found
2026-07-03 17:17:20.564 7 INFO neutron.services.segments.plugin [-] Segment 803956a5-e7af-4e46-a428-4749229de269 resource provider not found; error: Placement Client Error (4xx): {"errors": [{"status": 404, "title": "Not Found", "detail": "The resource could not be found.\n\n No resource provider with uuid 803956a5-e7af-4e46-a428-4749229de269 found for delete ", "request_id": "req-c2b4aa76-cbf5-4ad7-960f-51652c35bf63"}]}
2026-07-03 17:17:20.568 7 INFO neutron.services.segments.plugin [-] Segment 803956a5-e7af-4e46-a428-4749229de269 resource provider not found; error: Placement Client Error (4xx): {"errors": [{"status": 404, "title": "Not Found", "detail": "The resource could not be found.\n\n No resource provider with uuid 803956a5-e7af-4e46-a428-4749229de269 found for delete ", "request_id": "req-4c25539f-0374-4e43-b912-4873a13e3408"}]}
2026-07-03 17:17:20.576 7 INFO neutron.services.segments.plugin [-] Segment 65346e4b-7ca1-47b9-89b9-4889b83af641 resource provider aggregate not found
2026-07-03 17:17:20.580 7 INFO neutron.services.segments.plugin [-] Segment 65346e4b-7ca1-47b9-89b9-4889b83af641 resource provider aggregate not found
2026-07-03 17:17:20.593 7 INFO neutron.services.segments.plugin [-] Segment 65346e4b-7ca1-47b9-89b9-4889b83af641 resource provider not found; error: Placement Client Error (4xx): {"errors": [{"status": 404, "title": "Not Found", "detail": "The resource could not be found.\n\n No resource provider with uuid 65346e4b-7ca1-47b9-89b9-4889b83af641 found for delete ", "request_id": "req-05b12124-5a59-4e59-8cb0-e184cf6a916e"}]}
2026-07-03 17:17:20.595 7 INFO neutron.services.segments.plugin [-] Segment 65346e4b-7ca1-47b9-89b9-4889b83af641 resource provider not found; error: Placement Client Error (4xx): {"errors": [{"status": 404, "title": "Not Found", "detail": "The resource could not be found.\n\n No resource provider with uuid 65346e4b-7ca1-47b9-89b9-4889b83af641 found for delete ", "request_id": "req-5d8c1d0f-f927-4e74-9058-556b709d4c85"}]} [pid: 8|app: 0|req: 627/1258] 10.0.0.124 () {34 vars in 676 bytes} [Fri Jul 3 17:17:20 2026] POST /v2.0/floatingips => generated 552 bytes in 696 msecs (HTTP/1.1 201) 4 headers in 162 bytes (1 switches on core 0) [pid: 7|app: 0|req: 632/1259] 10.0.0.124 () {32 vars in 774 bytes} [Fri Jul 3 17:17:20 2026] GET /v2.0/security-groups?tenant_id=efadde5a308449e1a4cf9449bf7853ad&name=default => generated 2925 bytes in 143 msecs (HTTP/1.1 200) 4 headers in 158 bytes (1 switches on core 0) [pid: 8|app: 0|req: 628/1260] 10.0.0.124 () {32 vars in 740 bytes} [Fri Jul 3 17:17:20 2026] DELETE /v2.0/security-groups/7edb0d6f-66ac-4a6d-a23f-a8ad25071d06 => generated 0 bytes in 288 msecs (HTTP/1.1 204) 2 headers in 112 bytes (1 switches on core 0) [pid: 7|app: 0|req: 633/1261] 10.0.0.194 () {34 vars in 1098 bytes} [Fri Jul 3 17:17:21 2026] GET /v2.0/security-groups?name=tempest-securitygroup--102191835&fields=id&tenant_id=c15afd6e6c054acf88c56a02c99bc53b => generated 69 bytes in 33 msecs (HTTP/1.1 200) 4 headers in 156 bytes (1 switches on core 0) [pid: 8|app: 0|req: 629/1262] 10.0.0.194 () {34 vars in 982 bytes} [Fri Jul 3 17:17:21 2026] GET /v2.0/networks?id=a69da913-b648-4dcc-927e-bd2542ed6567 => generated 707 bytes in 43 msecs (HTTP/1.1 200) 4 headers in 157 bytes (1 switches on core 0) [pid: 7|app: 0|req: 634/1263] 10.0.0.194 () {34 vars in 965 bytes} [Fri Jul 3 17:17:21 2026] GET /v2.0/quotas/c15afd6e6c054acf88c56a02c99bc53b => generated 292 bytes in 14 msecs (HTTP/1.1 200) 4 headers in 157 bytes (1 switches on core 0) [pid: 8|app: 0|req: 630/1264] 10.0.0.194 () {34 vars in 1002 bytes} [Fri Jul 3 17:17:21 2026] GET /v2.0/ports?tenant_id=c15afd6e6c054acf88c56a02c99bc53b&fields=id => generated 103 bytes in 82 msecs (HTTP/1.1 200) 4 headers in 157 bytes (1 switches on core 0) [pid: 7|app: 0|req: 635/1265] 10.0.0.194 () {34 vars in 1008 bytes} [Fri Jul 3 17:17:21 2026] GET /v2.0/networks/a69da913-b648-4dcc-927e-bd2542ed6567?fields=segments => generated 14 bytes in 61 msecs (HTTP/1.1 200) 4 headers in 156 bytes (1 switches on core 0) [pid: 8|app: 0|req: 631/1266] 10.0.0.194 () {34 vars in 1108 bytes} [Fri Jul 3 17:17:21 2026] GET /v2.0/networks/a69da913-b648-4dcc-927e-bd2542ed6567?fields=provider%3Aphysical_network&fields=provider%3Anetwork_type => generated 79 bytes in 49 msecs (HTTP/1.1 200) 4 headers in 156 bytes (1 switches on core 0) [pid: 7|app: 0|req: 636/1267] 10.0.0.194 () {34 vars in 990 bytes} [Fri Jul 3 17:17:21 2026] GET /v2.0/ports?device_id=10ebeb05-dca7-47f4-83c2-45466394f96b => generated 12 bytes in 21 msecs (HTTP/1.1 200) 4 headers in 156 bytes (1 switches on core 0)
2026-07-03 17:17:22.410 8 INFO neutron.db.ovn_revision_numbers_db [None req-6716c830-5f8a-4747-9b82-7db29471c7d5 445f5f476fa54bdf82a9e78f516b6c9f b8a4af02d5cd442e9e4c5cdb066bb917 - - default default] Successfully bumped revision number for resource fa9b75ad-913f-46d1-bda8-b436dc480a87 (type: security_groups) to 1
2026-07-03 17:17:22.431 8 INFO neutron.db.ovn_revision_numbers_db [None req-6716c830-5f8a-4747-9b82-7db29471c7d5 445f5f476fa54bdf82a9e78f516b6c9f b8a4af02d5cd442e9e4c5cdb066bb917 - - default default] Successfully bumped revision number for resource 748a8e6d-95be-4dfb-a52e-41e75564c89d (type: security_group_rules) to 0
2026-07-03 17:17:22.451 8 INFO neutron.db.ovn_revision_numbers_db [None req-6716c830-5f8a-4747-9b82-7db29471c7d5 445f5f476fa54bdf82a9e78f516b6c9f b8a4af02d5cd442e9e4c5cdb066bb917 - - default default] Successfully bumped revision number for resource 9a50ece8-dcf3-4e97-917f-4c3985a9640d (type: security_group_rules) to 0
2026-07-03 17:17:22.472 8 INFO neutron.db.ovn_revision_numbers_db [None req-6716c830-5f8a-4747-9b82-7db29471c7d5 445f5f476fa54bdf82a9e78f516b6c9f b8a4af02d5cd442e9e4c5cdb066bb917 - - default default] Successfully bumped revision number for resource 9e7e0303-afd9-4246-9ceb-36204a0b6f3e (type: security_group_rules) to 0
2026-07-03 17:17:22.490 8 INFO neutron.db.ovn_revision_numbers_db [None req-6716c830-5f8a-4747-9b82-7db29471c7d5 445f5f476fa54bdf82a9e78f516b6c9f b8a4af02d5cd442e9e4c5cdb066bb917 - - default default] Successfully bumped revision number for resource b94f47f2-d6c1-414e-a633-a39d4581dfeb (type: security_group_rules) to 0
2026-07-03 17:17:22.575 8 INFO neutron.db.segments_db [None req-6716c830-5f8a-4747-9b82-7db29471c7d5 445f5f476fa54bdf82a9e78f516b6c9f b8a4af02d5cd442e9e4c5cdb066bb917 - - default default] Added segment 04284a7f-9117-46e8-af1d-8c57a30ad636 of type geneve for network 8310cb53-2928-47da-896b-897bddf77bf6
2026-07-03 17:17:22.705 8 INFO neutron.db.ovn_revision_numbers_db [None req-6716c830-5f8a-4747-9b82-7db29471c7d5 445f5f476fa54bdf82a9e78f516b6c9f b8a4af02d5cd442e9e4c5cdb066bb917 - - default default] Successfully bumped revision number for resource 8310cb53-2928-47da-896b-897bddf77bf6 (type: networks) to 1
2026-07-03 17:17:22.733 7 WARNING neutron.plugins.ml2.drivers.ovn.mech_driver.ovsdb.ovn_client [None req-aa707931-95f3-4fd2-9cca-cbbdefdf38a7 - - - - - -] No hosting information found for port bba4c3b1-a756-4a83-9546-353488cb8128: RuntimeError: No hosting information found for port bba4c3b1-a756-4a83-9546-353488cb8128
2026-07-03 17:17:22.811 7 INFO neutron.db.ovn_revision_numbers_db [None req-aa707931-95f3-4fd2-9cca-cbbdefdf38a7 - - - - - -] Successfully bumped revision number for resource bba4c3b1-a756-4a83-9546-353488cb8128 (type: router_ports) to 2
2026-07-03 17:17:22.812 7 INFO neutron.plugins.ml2.drivers.ovn.mech_driver.mech_driver [None req-aa707931-95f3-4fd2-9cca-cbbdefdf38a7 - - - - - -] OVN reports status down for port: a4d1a72a-f437-451a-a3e3-9a2ff81df4c3 [pid: 7|app: 0|req: 637/1268] 10.0.0.194 () {34 vars in 990 bytes} [Fri Jul 3 17:17:22 2026] GET /v2.0/ports?device_id=10ebeb05-dca7-47f4-83c2-45466394f96b => generated 12 bytes in 18 msecs (HTTP/1.1 200) 4 headers in 156 bytes (1 switches on core 0)
2026-07-03 17:17:22.834 7 INFO neutron.plugins.ml2.drivers.ovn.mech_driver.mech_driver [None req-aa707931-95f3-4fd2-9cca-cbbdefdf38a7 - - - - - -] OVN reports status down for port: a4d1a72a-f437-451a-a3e3-9a2ff81df4c3
2026-07-03 17:17:22.909 8 WARNING neutron.scheduler.dhcp_agent_scheduler [None req-6716c830-5f8a-4747-9b82-7db29471c7d5 445f5f476fa54bdf82a9e78f516b6c9f b8a4af02d5cd442e9e4c5cdb066bb917 - - default default] No more DHCP agents
2026-07-03 17:17:22.910 8 WARNING neutron.api.rpc.agentnotifiers.dhcp_rpc_agent_api [None req-6716c830-5f8a-4747-9b82-7db29471c7d5 445f5f476fa54bdf82a9e78f516b6c9f b8a4af02d5cd442e9e4c5cdb066bb917 - - default default] Unable to schedule network 8310cb53-2928-47da-896b-897bddf77bf6: no agents available; will retry on subsequent port and subnet creation events.
2026-07-03 17:17:22.973 7 INFO neutron.plugins.ml2.drivers.ovn.mech_driver.mech_driver [None req-aa707931-95f3-4fd2-9cca-cbbdefdf38a7 - - - - - -] OVN reports status down for port: 30092b6b-6bc7-49ff-97bb-6949d2e27098
2026-07-03 17:17:22.985 8 INFO neutron.db.ovn_revision_numbers_db [None req-6716c830-5f8a-4747-9b82-7db29471c7d5 445f5f476fa54bdf82a9e78f516b6c9f b8a4af02d5cd442e9e4c5cdb066bb917 - - default default] Successfully bumped revision number for resource 30092b6b-6bc7-49ff-97bb-6949d2e27098 (type: ports) to 1 [pid: 8|app: 0|req: 632/1269] 10.0.0.124 () {34 vars in 670 bytes} [Fri Jul 3 17:17:21 2026] POST /v2.0/networks => generated 663 bytes in 1045 msecs (HTTP/1.1 201) 4 headers in 162 bytes (1 switches on core 0) [pid: 7|app: 0|req: 638/1270] 10.0.0.124 () {34 vars in 676 bytes} [Fri Jul 3 17:17:22 2026] POST /v2.0/subnetpools => generated 548 bytes in 271 msecs (HTTP/1.1 201) 4 headers in 162 bytes (1 switches on core 0) [pid: 7|app: 0|req: 639/1271] 10.0.0.124 () {32 vars in 729 bytes} [Fri Jul 3 17:17:23 2026] GET /v2.0/subnetpools/77f2f79d-22c0-4a09-b7c3-3a7d04a0ba7b => generated 548 bytes in 27 msecs (HTTP/1.1 200) 4 headers in 157 bytes (1 switches on core 0) [pid: 7|app: 0|req: 640/1272] 10.0.0.124 () {34 vars in 749 bytes} [Fri Jul 3 17:17:23 2026] PUT /v2.0/subnetpools/77f2f79d-22c0-4a09-b7c3-3a7d04a0ba7b => generated 500 bytes in 76 msecs (HTTP/1.1 200) 4 headers in 157 bytes (1 switches on core 0)
2026-07-03 17:17:23.277 8 WARNING neutron.scheduler.dhcp_agent_scheduler [None req-fcd5fd2e-be46-4e42-9695-6c815c4648af 445f5f476fa54bdf82a9e78f516b6c9f b8a4af02d5cd442e9e4c5cdb066bb917 - - default default] No more DHCP agents
2026-07-03 17:17:23.278 8 WARNING neutron.api.rpc.agentnotifiers.dhcp_rpc_agent_api [None req-fcd5fd2e-be46-4e42-9695-6c815c4648af 445f5f476fa54bdf82a9e78f516b6c9f b8a4af02d5cd442e9e4c5cdb066bb917 - - default default] Unable to schedule network 8310cb53-2928-47da-896b-897bddf77bf6: no agents available; will retry on subsequent port and subnet creation events. [pid: 7|app: 0|req: 641/1273] 10.0.0.124 () {32 vars in 732 bytes} [Fri Jul 3 17:17:23 2026] DELETE /v2.0/subnetpools/77f2f79d-22c0-4a09-b7c3-3a7d04a0ba7b => generated 0 bytes in 157 msecs (HTTP/1.1 204) 2 headers in 112 bytes (1 switches on core 0)
2026-07-03 17:17:23.413 7 INFO neutron.api.v2.resource [None req-d2074e2d-8d53-4180-8d44-e0693884a271 60317336f1334e12b9889171c720b975 d13bbeb612894d7a9b7a8c23b777223b - - default default] show failed (client error): The resource could not be found. [pid: 7|app: 0|req: 642/1274] 10.0.0.124 () {32 vars in 729 bytes} [Fri Jul 3 17:17:23 2026] GET /v2.0/subnetpools/77f2f79d-22c0-4a09-b7c3-3a7d04a0ba7b => generated 145 bytes in 10 msecs (HTTP/1.1 404) 4 headers in 164 bytes (1 switches on core 0)
2026-07-03 17:17:23.426 7 INFO neutron.api.v2.resource [None req-05cf1ff3-432c-409e-8a0e-bc9e09cb121d 60317336f1334e12b9889171c720b975 d13bbeb612894d7a9b7a8c23b777223b - - default default] delete failed (client error): The resource could not be found. [pid: 7|app: 0|req: 643/1275] 10.0.0.124 () {32 vars in 732 bytes} [Fri Jul 3 17:17:23 2026] DELETE /v2.0/subnetpools/77f2f79d-22c0-4a09-b7c3-3a7d04a0ba7b => generated 145 bytes in 8 msecs (HTTP/1.1 404) 4 headers in 164 bytes (1 switches on core 0)
2026-07-03 17:17:23.901 8 INFO neutron.db.ovn_revision_numbers_db [None req-a2de6042-2c16-4b34-9d6b-f6126b306845 - - - - - -] Successfully bumped revision number for resource 30092b6b-6bc7-49ff-97bb-6949d2e27098 (type: ports) to 2 [pid: 7|app: 0|req: 644/1276] 10.0.0.194 () {34 vars in 990 bytes} [Fri Jul 3 17:17:23 2026] GET /v2.0/ports?device_id=10ebeb05-dca7-47f4-83c2-45466394f96b => generated 12 bytes in 22 msecs (HTTP/1.1 200) 4 headers in 156 bytes (1 switches on core 0)
2026-07-03 17:17:23.932 8 INFO neutron.db.ovn_revision_numbers_db [None req-a2de6042-2c16-4b34-9d6b-f6126b306845 - - - - - -] Successfully bumped revision number for resource ffe89976-7fee-45ce-b7da-6b68333c52bb (type: subnets) to 0 [pid: 8|app: 0|req: 633/1277] 10.0.0.124 () {34 vars in 669 bytes} [Fri Jul 3 17:17:23 2026] POST /v2.0/subnets => generated 641 bytes in 904 msecs (HTTP/1.1 201) 4 headers in 162 bytes (1 switches on core 0)
2026-07-03 17:17:24.048 8 INFO neutron.db.segments_db [None req-f6c00691-1578-4415-806f-d0f1772b3c6a 445f5f476fa54bdf82a9e78f516b6c9f b8a4af02d5cd442e9e4c5cdb066bb917 - - default default] Added segment b78c1e77-7266-4c5e-bc8d-c40c0407aaa2 of type geneve for network b1873ac0-0f73-495f-b6a6-b08a42ba2790
2026-07-03 17:17:24.182 7 INFO neutron.db.ovn_revision_numbers_db [None req-b516df94-6a69-43ff-86f9-4b11de18d220 b39fbfc2df1141159c23cc610b7f0238 bc7bf7793d484ae7a57151bdd30bfa03 - - default default] Successfully bumped revision number for resource e35b01c4-b86a-47e1-9db5-6459611e52fd (type: security_groups) to 1
2026-07-03 17:17:24.195 7 INFO neutron.db.ovn_revision_numbers_db [None req-b516df94-6a69-43ff-86f9-4b11de18d220 b39fbfc2df1141159c23cc610b7f0238 bc7bf7793d484ae7a57151bdd30bfa03 - - default default] Successfully bumped revision number for resource 43c47f86-7e4d-4e52-b143-2772e91f5da1 (type: security_group_rules) to 0
2026-07-03 17:17:24.206 7 INFO neutron.db.ovn_revision_numbers_db [None req-b516df94-6a69-43ff-86f9-4b11de18d220 b39fbfc2df1141159c23cc610b7f0238 bc7bf7793d484ae7a57151bdd30bfa03 - - default default] Successfully bumped revision number for resource 81c629ca-d422-442d-a7cb-476f6600cd59 (type: security_group_rules) to 0
2026-07-03 17:17:24.210 8 INFO neutron.db.ovn_revision_numbers_db [None req-f6c00691-1578-4415-806f-d0f1772b3c6a 445f5f476fa54bdf82a9e78f516b6c9f b8a4af02d5cd442e9e4c5cdb066bb917 - - default default] Successfully bumped revision number for resource b1873ac0-0f73-495f-b6a6-b08a42ba2790 (type: networks) to 1
2026-07-03 17:17:24.217 7 INFO neutron.db.ovn_revision_numbers_db [None req-b516df94-6a69-43ff-86f9-4b11de18d220 b39fbfc2df1141159c23cc610b7f0238 bc7bf7793d484ae7a57151bdd30bfa03 - - default default] Successfully bumped revision number for resource 8378dc8f-dce1-4db1-b7bb-b42b6c5c9367 (type: security_group_rules) to 0
2026-07-03 17:17:24.228 7 INFO neutron.db.ovn_revision_numbers_db [None req-b516df94-6a69-43ff-86f9-4b11de18d220 b39fbfc2df1141159c23cc610b7f0238 bc7bf7793d484ae7a57151bdd30bfa03 - - default default] Successfully bumped revision number for resource fd38808d-249e-4f60-aac1-39023bf99a01 (type: security_group_rules) to 0 [pid: 7|app: 0|req: 645/1278] 10.0.0.124 () {32 vars in 774 bytes} [Fri Jul 3 17:17:23 2026] GET /v2.0/security-groups?tenant_id=d13bbeb612894d7a9b7a8c23b777223b&name=default => generated 2925 bytes in 332 msecs (HTTP/1.1 200) 4 headers in 158 bytes (1 switches on core 0)
2026-07-03 17:17:24.383 8 WARNING neutron.scheduler.dhcp_agent_scheduler [None req-f6c00691-1578-4415-806f-d0f1772b3c6a 445f5f476fa54bdf82a9e78f516b6c9f b8a4af02d5cd442e9e4c5cdb066bb917 - - default default] No more DHCP agents
2026-07-03 17:17:24.385 8 WARNING neutron.api.rpc.agentnotifiers.dhcp_rpc_agent_api [None req-f6c00691-1578-4415-806f-d0f1772b3c6a 445f5f476fa54bdf82a9e78f516b6c9f b8a4af02d5cd442e9e4c5cdb066bb917 - - default default] Unable to schedule network b1873ac0-0f73-495f-b6a6-b08a42ba2790: no agents available; will retry on subsequent port and subnet creation events.
2026-07-03 17:17:24.453 8 INFO neutron.plugins.ml2.drivers.ovn.mech_driver.mech_driver [None req-67c53350-f009-4031-8bf5-9255890fe19e - - - - - -] OVN reports status down for port: 7f1eff99-06c8-4468-9c6f-9aea87d79c87 [pid: 7|app: 0|req: 646/1279] 10.0.0.124 () {32 vars in 740 bytes} [Fri Jul 3 17:17:24 2026] DELETE /v2.0/security-groups/e35b01c4-b86a-47e1-9db5-6459611e52fd => generated 0 bytes in 226 msecs (HTTP/1.1 204) 2 headers in 112 bytes (1 switches on core 0)
2026-07-03 17:17:24.530 8 INFO neutron.db.ovn_revision_numbers_db [None req-f6c00691-1578-4415-806f-d0f1772b3c6a 445f5f476fa54bdf82a9e78f516b6c9f b8a4af02d5cd442e9e4c5cdb066bb917 - - default default] Successfully bumped revision number for resource 7f1eff99-06c8-4468-9c6f-9aea87d79c87 (type: ports) to 1 [pid: 8|app: 0|req: 634/1280] 10.0.0.124 () {34 vars in 670 bytes} [Fri Jul 3 17:17:23 2026] POST /v2.0/networks => generated 662 bytes in 619 msecs (HTTP/1.1 201) 4 headers in 162 bytes (1 switches on core 0)
2026-07-03 17:17:24.741 7 INFO neutron.db.ovn_revision_numbers_db [None req-9633ae41-6488-46f8-aff4-0953667a6e23 445f5f476fa54bdf82a9e78f516b6c9f b8a4af02d5cd442e9e4c5cdb066bb917 - - default default] Successfully bumped revision number for resource b1873ac0-0f73-495f-b6a6-b08a42ba2790 (type: networks) to 2 [pid: 7|app: 0|req: 647/1281] 10.0.0.124 () {34 vars in 743 bytes} [Fri Jul 3 17:17:24 2026] PUT /v2.0/networks/b1873ac0-0f73-495f-b6a6-b08a42ba2790 => generated 636 bytes in 163 msecs (HTTP/1.1 200) 4 headers in 157 bytes (1 switches on core 0)
2026-07-03 17:17:24.985 8 WARNING neutron.scheduler.dhcp_agent_scheduler [None req-c14c3891-020a-4b34-a01f-82165ade4808 445f5f476fa54bdf82a9e78f516b6c9f b8a4af02d5cd442e9e4c5cdb066bb917 - - default default] No more DHCP agents
2026-07-03 17:17:24.987 8 WARNING neutron.api.rpc.agentnotifiers.dhcp_rpc_agent_api [None req-c14c3891-020a-4b34-a01f-82165ade4808 445f5f476fa54bdf82a9e78f516b6c9f b8a4af02d5cd442e9e4c5cdb066bb917 - - default default] Unable to schedule network b1873ac0-0f73-495f-b6a6-b08a42ba2790: no agents available; will retry on subsequent port and subnet creation events. [pid: 7|app: 0|req: 648/1282] 10.0.0.194 () {34 vars in 990 bytes} [Fri Jul 3 17:17:25 2026] GET /v2.0/ports?device_id=10ebeb05-dca7-47f4-83c2-45466394f96b => generated 12 bytes in 36 msecs (HTTP/1.1 200) 4 headers in 156 bytes (1 switches on core 0) [pid: 7|app: 0|req: 649/1283] 10.0.0.194 () {34 vars in 990 bytes} [Fri Jul 3 17:17:25 2026] GET /v2.0/ports?device_id=dc65ecb7-bc71-40a4-8742-02c4455b8eca => generated 975 bytes in 82 msecs (HTTP/1.1 200) 4 headers in 157 bytes (1 switches on core 0) [pid: 7|app: 0|req: 650/1284] 10.0.0.194 () {34 vars in 1040 bytes} [Fri Jul 3 17:17:25 2026] GET /v2.0/security-groups?id=8fe234ce-4d95-4d52-88ed-b1f95713c9f8&fields=id&fields=name => generated 114 bytes in 28 msecs (HTTP/1.1 200) 4 headers in 157 bytes (1 switches on core 0) [pid: 7|app: 0|req: 651/1285] 10.0.0.194 () {34 vars in 990 bytes} [Fri Jul 3 17:17:25 2026] GET /v2.0/ports?device_id=dc65ecb7-bc71-40a4-8742-02c4455b8eca => generated 975 bytes in 44 msecs (HTTP/1.1 200) 4 headers in 157 bytes (1 switches on core 0) [pid: 7|app: 0|req: 652/1286] 10.0.0.194 () {34 vars in 1040 bytes} [Fri Jul 3 17:17:25 2026] GET /v2.0/security-groups?id=8fe234ce-4d95-4d52-88ed-b1f95713c9f8&fields=id&fields=name => generated 114 bytes in 24 msecs (HTTP/1.1 200) 4 headers in 157 bytes (1 switches on core 0)
2026-07-03 17:17:25.499 8 INFO neutron.db.ovn_revision_numbers_db [None req-7ebec3f3-9720-45a7-9e80-c4fefa3421db - - - - - -] Successfully bumped revision number for resource 7f1eff99-06c8-4468-9c6f-9aea87d79c87 (type: ports) to 2
2026-07-03 17:17:25.550 8 INFO neutron.db.ovn_revision_numbers_db [None req-7ebec3f3-9720-45a7-9e80-c4fefa3421db - - - - - -] Successfully bumped revision number for resource 3cb7a77b-6b8d-4253-aeff-5198da1f427a (type: subnets) to 0 [pid: 8|app: 0|req: 635/1287] 10.0.0.124 () {34 vars in 669 bytes} [Fri Jul 3 17:17:24 2026] POST /v2.0/subnets => generated 626 bytes in 818 msecs (HTTP/1.1 201) 4 headers in 162 bytes (1 switches on core 0)
2026-07-03 17:17:25.780 7 INFO neutron.db.ovn_revision_numbers_db [None req-c9d1c711-f032-44e3-a614-dc6fcd530610 445f5f476fa54bdf82a9e78f516b6c9f b8a4af02d5cd442e9e4c5cdb066bb917 - - default default] Successfully bumped revision number for resource 3cb7a77b-6b8d-4253-aeff-5198da1f427a (type: subnets) to 1 [pid: 7|app: 0|req: 653/1288] 10.0.0.124 () {34 vars in 741 bytes} [Fri Jul 3 17:17:25 2026] PUT /v2.0/subnets/3cb7a77b-6b8d-4253-aeff-5198da1f427a => generated 636 bytes in 209 msecs (HTTP/1.1 200) 4 headers in 157 bytes (1 switches on core 0)
2026-07-03 17:17:25.936 8 INFO neutron_taas.services.taas.taas_plugin [None req-ff002e12-aefd-40b3-9c3e-abb5652ceff5 445f5f476fa54bdf82a9e78f516b6c9f b8a4af02d5cd442e9e4c5cdb066bb917 - - default default] TaaS: Handle Delete Port: 7f1eff99-06c8-4468-9c6f-9aea87d79c87
2026-07-03 17:17:25.939 8 INFO neutron_taas.services.taas.tap_mirror_plugin [None req-ff002e12-aefd-40b3-9c3e-abb5652ceff5 445f5f476fa54bdf82a9e78f516b6c9f b8a4af02d5cd442e9e4c5cdb066bb917 - - default default] Tap Mirror: Handle Delete Port: 7f1eff99-06c8-4468-9c6f-9aea87d79c87 [pid: 7|app: 0|req: 654/1289] 199.204.45.227 () {34 vars in 986 bytes} [Fri Jul 3 17:17:26 2026] GET /v2.0/networks?id=a69da913-b648-4dcc-927e-bd2542ed6567 => generated 707 bytes in 68 msecs (HTTP/1.1 200) 4 headers in 157 bytes (1 switches on core 0) [pid: 7|app: 0|req: 655/1290] 199.204.45.227 () {34 vars in 1050 bytes} [Fri Jul 3 17:17:26 2026] GET /v2.0/security-groups?fields=id&fields=name&tenant_id=c15afd6e6c054acf88c56a02c99bc53b => generated 180 bytes in 47 msecs (HTTP/1.1 200) 4 headers in 157 bytes (1 switches on core 0) [pid: 7|app: 0|req: 656/1291] 10.0.0.194 () {34 vars in 990 bytes} [Fri Jul 3 17:17:26 2026] GET /v2.0/ports?device_id=10ebeb05-dca7-47f4-83c2-45466394f96b => generated 12 bytes in 21 msecs (HTTP/1.1 200) 4 headers in 156 bytes (1 switches on core 0)
2026-07-03 17:17:26.307 8 INFO neutron.services.segments.plugin [-] Segment b78c1e77-7266-4c5e-bc8d-c40c0407aaa2 resource provider aggregate not found
2026-07-03 17:17:26.310 8 INFO neutron.services.segments.plugin [-] Segment b78c1e77-7266-4c5e-bc8d-c40c0407aaa2 resource provider aggregate not found
