2026-07-03 17:26:46.428 7 INFO neutron.notifiers.nova [-] Nova event matching ['req-5f40beec-9203-4526-b9a6-69b645edb8dc'] response: {'name': 'network-changed', 'server_uuid': 'f1cb0691-d9cc-41c1-ae27-8b34e5e0a68f', 'tag': '6523a198-1a03-4f56-be0f-5c4605d244b0', 'status': 'completed', 'code': 200} /var/lib/openstack/lib/python3.12/site-packages/pycadf/identifier.py:70: UserWarning: Invalid uuid: neutron. To ensure interoperability, identifiers should be a valid uuid. warnings.warn(('Invalid uuid: %s. To ensure interoperability, ' [pid: 7|app: 0|req: 1835/3696] 10.0.0.194 () {34 vars in 990 bytes} [Fri Jul 3 17:26:46 2026] GET /v2.0/ports?device_id=f1cb0691-d9cc-41c1-ae27-8b34e5e0a68f => generated 1196 bytes in 86 msecs (HTTP/1.1 200) 4 headers in 158 bytes (1 switches on core 0) [pid: 8|app: 0|req: 1862/3697] 10.0.0.194 () {34 vars in 1040 bytes} [Fri Jul 3 17:26:46 2026] GET /v2.0/security-groups?id=51ae096d-b2b1-43a5-9895-7497b4be8052&fields=id&fields=name => generated 111 bytes in 36 msecs (HTTP/1.1 200) 4 headers in 157 bytes (1 switches on core 0) [pid: 7|app: 0|req: 1836/3698] 199.204.45.227 () {34 vars in 1080 bytes} [Fri Jul 3 17:26:46 2026] GET /v2.0/ports?tenant_id=d490d7581c734e74a683be443fa21293&device_id=f1cb0691-d9cc-41c1-ae27-8b34e5e0a68f => generated 1434 bytes in 38 msecs (HTTP/1.1 200) 4 headers in 158 bytes (1 switches on core 0) [pid: 8|app: 0|req: 1863/3699] 199.204.45.227 () {34 vars in 986 bytes} [Fri Jul 3 17:26:46 2026] GET /v2.0/networks?id=6587eb89-ada2-46d3-9be8-068edfcd5628 => generated 841 bytes in 56 msecs (HTTP/1.1 200) 4 headers in 157 bytes (1 switches on core 0) [pid: 7|app: 0|req: 1837/3700] 199.204.45.227 () {34 vars in 1058 bytes} [Fri Jul 3 17:26:47 2026] GET /v2.0/floatingips?fixed_ip_address=10.2.1.116&port_id=6523a198-1a03-4f56-be0f-5c4605d244b0 => generated 19 bytes in 31 msecs (HTTP/1.1 200) 4 headers in 156 bytes (1 switches on core 0) [pid: 8|app: 0|req: 1864/3701] 199.204.45.227 () {34 vars in 1102 bytes} [Fri Jul 3 17:26:47 2026] GET /v2.0/floatingips?fixed_ip_address=fd7b%3Af9f7%3Afff%3A4eca%3A%3Afb&port_id=6523a198-1a03-4f56-be0f-5c4605d244b0 => generated 19 bytes in 36 msecs (HTTP/1.1 200) 4 headers in 156 bytes (1 switches on core 0) [pid: 7|app: 0|req: 1838/3702] 199.204.45.227 () {34 vars in 1064 bytes} [Fri Jul 3 17:26:47 2026] GET /v2.0/subnets?id=3a807047-3370-4995-a725-31a7d6666fa4&id=b0933c9a-0360-45ce-8e1d-416ffc5aa302 => generated 1410 bytes in 45 msecs (HTTP/1.1 200) 4 headers in 158 bytes (1 switches on core 0) [pid: 8|app: 0|req: 1865/3703] 199.204.45.227 () {34 vars in 1052 bytes} [Fri Jul 3 17:26:47 2026] GET /v2.0/ports?network_id=6587eb89-ada2-46d3-9be8-068edfcd5628&device_owner=network%3Adhcp => generated 12 bytes in 23 msecs (HTTP/1.1 200) 4 headers in 156 bytes (1 switches on core 0) [pid: 7|app: 0|req: 1839/3704] 199.204.45.227 () {34 vars in 1052 bytes} [Fri Jul 3 17:26:47 2026] GET /v2.0/ports?network_id=6587eb89-ada2-46d3-9be8-068edfcd5628&device_owner=network%3Adhcp => generated 12 bytes in 27 msecs (HTTP/1.1 200) 4 headers in 156 bytes (1 switches on core 0) [pid: 8|app: 0|req: 1866/3705] 199.204.45.227 () {34 vars in 1012 bytes} [Fri Jul 3 17:26:47 2026] GET /v2.0/networks/6587eb89-ada2-46d3-9be8-068edfcd5628?fields=segments => generated 14 bytes in 46 msecs (HTTP/1.1 200) 4 headers in 156 bytes (1 switches on core 0) [pid: 7|app: 0|req: 1840/3706] 199.204.45.227 () {34 vars in 1112 bytes} [Fri Jul 3 17:26:47 2026] GET /v2.0/networks/6587eb89-ada2-46d3-9be8-068edfcd5628?fields=provider%3Aphysical_network&fields=provider%3Anetwork_type => generated 79 bytes in 46 msecs (HTTP/1.1 200) 4 headers in 156 bytes (1 switches on core 0)
2026-07-03 17:26:47.612 7 INFO neutron.plugins.ml2.drivers.ovn.mech_driver.mech_driver [None req-85941606-d294-47c4-ad26-5ec657e002fd - - - - - -] OVN reports status down for port: 6523a198-1a03-4f56-be0f-5c4605d244b0
2026-07-03 17:26:47.854 7 INFO neutron.db.ovn_revision_numbers_db [None req-85941606-d294-47c4-ad26-5ec657e002fd - - - - - -] Successfully bumped revision number for resource 6523a198-1a03-4f56-be0f-5c4605d244b0 (type: ports) to 6
2026-07-03 17:26:48.466 7 INFO neutron.notifiers.nova [-] Nova event matching ['req-80ad28d1-7b5d-4d27-a7be-c2b60daacced'] response: {'server_uuid': 'f1cb0691-d9cc-41c1-ae27-8b34e5e0a68f', 'name': 'network-vif-unplugged', 'status': 'completed', 'tag': '6523a198-1a03-4f56-be0f-5c4605d244b0', 'code': 200}
2026-07-03 17:26:48.466 7 INFO neutron.notifiers.nova [-] Nova event matching ['req-80ad28d1-7b5d-4d27-a7be-c2b60daacced'] response: {'server_uuid': 'f1cb0691-d9cc-41c1-ae27-8b34e5e0a68f', 'name': 'network-vif-unplugged', 'status': 'completed', 'tag': '6523a198-1a03-4f56-be0f-5c4605d244b0', 'code': 200} [pid: 8|app: 0|req: 1867/3707] 199.204.45.227 () {34 vars in 994 bytes} [Fri Jul 3 17:26:48 2026] GET /v2.0/ports?device_id=f1cb0691-d9cc-41c1-ae27-8b34e5e0a68f => generated 1194 bytes in 80 msecs (HTTP/1.1 200) 4 headers in 158 bytes (1 switches on core 0) /var/lib/openstack/lib/python3.12/site-packages/pycadf/identifier.py:70: UserWarning: Invalid uuid: neutron. To ensure interoperability, identifiers should be a valid uuid. warnings.warn(('Invalid uuid: %s. To ensure interoperability, '
2026-07-03 17:26:49.038 7 INFO neutron_taas.services.taas.taas_plugin [req-ad8341fc-b797-45ed-b61f-f98fb4bccd78 req-a9bdbcb3-4932-4864-834f-de3277940847 ebd7e23f3823403cb22f20c7615bfc7d d490d7581c734e74a683be443fa21293 - - default default] TaaS: Handle Delete Port: 6523a198-1a03-4f56-be0f-5c4605d244b0
2026-07-03 17:26:49.043 7 INFO neutron_taas.services.taas.tap_mirror_plugin [req-ad8341fc-b797-45ed-b61f-f98fb4bccd78 req-a9bdbcb3-4932-4864-834f-de3277940847 ebd7e23f3823403cb22f20c7615bfc7d d490d7581c734e74a683be443fa21293 - - default default] Tap Mirror: Handle Delete Port: 6523a198-1a03-4f56-be0f-5c4605d244b0 [pid: 7|app: 0|req: 1841/3708] 199.204.45.227 () {36 vars in 997 bytes} [Fri Jul 3 17:26:48 2026] DELETE /v2.0/ports/6523a198-1a03-4f56-be0f-5c4605d244b0 => generated 0 bytes in 361 msecs (HTTP/1.1 204) 3 headers in 131 bytes (1 switches on core 0)
2026-07-03 17:26:50.500 7 INFO neutron.notifiers.nova [-] Nova event matching ['req-8f0ba56f-5586-489c-bcda-d5338bc68bc8'] response: {'server_uuid': 'f1cb0691-d9cc-41c1-ae27-8b34e5e0a68f', 'name': 'network-vif-deleted', 'tag': '6523a198-1a03-4f56-be0f-5c4605d244b0', 'status': 'completed', 'code': 200} [pid: 8|app: 0|req: 1868/3709] 10.0.0.194 () {34 vars in 990 bytes} [Fri Jul 3 17:26:51 2026] GET /v2.0/ports?device_id=f1cb0691-d9cc-41c1-ae27-8b34e5e0a68f => generated 12 bytes in 25 msecs (HTTP/1.1 200) 4 headers in 156 bytes (1 switches on core 0) [pid: 7|app: 0|req: 1842/3710] 10.0.0.124 () {32 vars in 750 bytes} [Fri Jul 3 17:26:56 2026] DELETE /v2.0/security-group-rules/1d4bf2d7-f348-4163-a924-86459918dcb8 => generated 0 bytes in 196 msecs (HTTP/1.1 204) 2 headers in 112 bytes (1 switches on core 0)
2026-07-03 17:26:57.065 8 INFO neutron.api.v2.resource [None req-2e248f03-de7c-4a12-a5ba-350e42671f75 ebd7e23f3823403cb22f20c7615bfc7d d490d7581c734e74a683be443fa21293 - - default default] show failed (client error): The resource could not be found. [pid: 8|app: 0|req: 1869/3711] 10.0.0.124 () {32 vars in 747 bytes} [Fri Jul 3 17:26:57 2026] GET /v2.0/security-group-rules/1d4bf2d7-f348-4163-a924-86459918dcb8 => generated 155 bytes in 15 msecs (HTTP/1.1 404) 4 headers in 164 bytes (1 switches on core 0) [pid: 7|app: 0|req: 1843/3712] 10.0.0.124 () {32 vars in 750 bytes} [Fri Jul 3 17:26:57 2026] DELETE /v2.0/security-group-rules/6337cacf-0a51-4465-a992-ceadd8337026 => generated 0 bytes in 160 msecs (HTTP/1.1 204) 2 headers in 112 bytes (1 switches on core 0)
2026-07-03 17:26:57.249 8 INFO neutron.api.v2.resource [None req-f004d652-4f53-4038-a75f-71eceb7bde99 ebd7e23f3823403cb22f20c7615bfc7d d490d7581c734e74a683be443fa21293 - - default default] show failed (client error): The resource could not be found. [pid: 8|app: 0|req: 1870/3713] 10.0.0.124 () {32 vars in 747 bytes} [Fri Jul 3 17:26:57 2026] GET /v2.0/security-group-rules/6337cacf-0a51-4465-a992-ceadd8337026 => generated 155 bytes in 12 msecs (HTTP/1.1 404) 4 headers in 164 bytes (1 switches on core 0) [pid: 7|app: 0|req: 1844/3714] 10.0.0.124 () {32 vars in 750 bytes} [Fri Jul 3 17:26:57 2026] DELETE /v2.0/security-group-rules/88fc7180-af74-484c-8657-5c44594201c4 => generated 0 bytes in 155 msecs (HTTP/1.1 204) 2 headers in 112 bytes (1 switches on core 0)
2026-07-03 17:26:57.428 8 INFO neutron.api.v2.resource [None req-70b21700-bd8e-4b5b-81f5-30ea25e10f0d ebd7e23f3823403cb22f20c7615bfc7d d490d7581c734e74a683be443fa21293 - - default default] show failed (client error): The resource could not be found. [pid: 8|app: 0|req: 1871/3715] 10.0.0.124 () {32 vars in 747 bytes} [Fri Jul 3 17:26:57 2026] GET /v2.0/security-group-rules/88fc7180-af74-484c-8657-5c44594201c4 => generated 155 bytes in 14 msecs (HTTP/1.1 404) 4 headers in 164 bytes (1 switches on core 0) [pid: 7|app: 0|req: 1845/3716] 10.0.0.124 () {32 vars in 750 bytes} [Fri Jul 3 17:26:57 2026] DELETE /v2.0/security-group-rules/31b7050e-2599-4970-9ec9-13323e9598d5 => generated 0 bytes in 146 msecs (HTTP/1.1 204) 2 headers in 112 bytes (1 switches on core 0)
2026-07-03 17:26:57.597 8 INFO neutron.api.v2.resource [None req-1e02ff9f-3274-448c-954f-1cb169c7f939 ebd7e23f3823403cb22f20c7615bfc7d d490d7581c734e74a683be443fa21293 - - default default] show failed (client error): The resource could not be found. [pid: 8|app: 0|req: 1872/3717] 10.0.0.124 () {32 vars in 747 bytes} [Fri Jul 3 17:26:57 2026] GET /v2.0/security-group-rules/31b7050e-2599-4970-9ec9-13323e9598d5 => generated 155 bytes in 12 msecs (HTTP/1.1 404) 4 headers in 164 bytes (1 switches on core 0) [pid: 7|app: 0|req: 1846/3718] 10.0.0.124 () {32 vars in 750 bytes} [Fri Jul 3 17:26:57 2026] DELETE /v2.0/security-group-rules/eab21faf-f705-4a49-acef-272a8bc49560 => generated 0 bytes in 127 msecs (HTTP/1.1 204) 2 headers in 112 bytes (1 switches on core 0)
2026-07-03 17:26:57.746 8 INFO neutron.api.v2.resource [None req-ea37478c-7568-4788-bcc2-1cd7951a4b1f ebd7e23f3823403cb22f20c7615bfc7d d490d7581c734e74a683be443fa21293 - - default default] show failed (client error): The resource could not be found. [pid: 8|app: 0|req: 1873/3719] 10.0.0.124 () {32 vars in 747 bytes} [Fri Jul 3 17:26:57 2026] GET /v2.0/security-group-rules/eab21faf-f705-4a49-acef-272a8bc49560 => generated 155 bytes in 13 msecs (HTTP/1.1 404) 4 headers in 164 bytes (1 switches on core 0) [pid: 7|app: 0|req: 1847/3720] 10.0.0.124 () {32 vars in 750 bytes} [Fri Jul 3 17:26:57 2026] DELETE /v2.0/security-group-rules/23f18010-133c-4445-85cc-fb27f960f1ec => generated 0 bytes in 133 msecs (HTTP/1.1 204) 2 headers in 112 bytes (1 switches on core 0)
2026-07-03 17:26:57.900 8 INFO neutron.api.v2.resource [None req-91183301-d3bd-4e4b-a389-bc6145b458a6 ebd7e23f3823403cb22f20c7615bfc7d d490d7581c734e74a683be443fa21293 - - default default] show failed (client error): The resource could not be found. [pid: 8|app: 0|req: 1874/3721] 10.0.0.124 () {32 vars in 747 bytes} [Fri Jul 3 17:26:57 2026] GET /v2.0/security-group-rules/23f18010-133c-4445-85cc-fb27f960f1ec => generated 155 bytes in 12 msecs (HTTP/1.1 404) 4 headers in 164 bytes (1 switches on core 0) [pid: 7|app: 0|req: 1848/3722] 10.0.0.124 () {32 vars in 750 bytes} [Fri Jul 3 17:26:57 2026] DELETE /v2.0/security-group-rules/908273b4-c91f-49d3-bbc6-556f6ae7342a => generated 0 bytes in 233 msecs (HTTP/1.1 204) 2 headers in 112 bytes (1 switches on core 0)
2026-07-03 17:26:58.159 8 INFO neutron.api.v2.resource [None req-69e259f5-b728-4cf0-94d7-75e5226fc9f7 ebd7e23f3823403cb22f20c7615bfc7d d490d7581c734e74a683be443fa21293 - - default default] show failed (client error): The resource could not be found. [pid: 8|app: 0|req: 1875/3723] 10.0.0.124 () {32 vars in 747 bytes} [Fri Jul 3 17:26:58 2026] GET /v2.0/security-group-rules/908273b4-c91f-49d3-bbc6-556f6ae7342a => generated 155 bytes in 17 msecs (HTTP/1.1 404) 4 headers in 164 bytes (1 switches on core 0) [pid: 7|app: 0|req: 1849/3724] 10.0.0.124 () {32 vars in 750 bytes} [Fri Jul 3 17:26:58 2026] DELETE /v2.0/security-group-rules/f682048a-833b-4e8a-b00e-32ef5ac7cbce => generated 0 bytes in 137 msecs (HTTP/1.1 204) 2 headers in 112 bytes (1 switches on core 0)
2026-07-03 17:26:58.320 8 INFO neutron.api.v2.resource [None req-8ac8c419-746b-4414-95b2-787602bf4231 ebd7e23f3823403cb22f20c7615bfc7d d490d7581c734e74a683be443fa21293 - - default default] show failed (client error): The resource could not be found. [pid: 8|app: 0|req: 1876/3725] 10.0.0.124 () {32 vars in 747 bytes} [Fri Jul 3 17:26:58 2026] GET /v2.0/security-group-rules/f682048a-833b-4e8a-b00e-32ef5ac7cbce => generated 155 bytes in 14 msecs (HTTP/1.1 404) 4 headers in 164 bytes (1 switches on core 0) [pid: 7|app: 0|req: 1850/3726] 10.0.0.124 () {32 vars in 750 bytes} [Fri Jul 3 17:26:58 2026] DELETE /v2.0/security-group-rules/710e4e0f-cb27-4034-b783-461f16df9be7 => generated 0 bytes in 140 msecs (HTTP/1.1 204) 2 headers in 112 bytes (1 switches on core 0)
2026-07-03 17:26:58.483 8 INFO neutron.api.v2.resource [None req-e09d26f8-e4c4-4e08-af43-b97803a749f3 ebd7e23f3823403cb22f20c7615bfc7d d490d7581c734e74a683be443fa21293 - - default default] show failed (client error): The resource could not be found. [pid: 8|app: 0|req: 1877/3727] 10.0.0.124 () {32 vars in 747 bytes} [Fri Jul 3 17:26:58 2026] GET /v2.0/security-group-rules/710e4e0f-cb27-4034-b783-461f16df9be7 => generated 155 bytes in 14 msecs (HTTP/1.1 404) 4 headers in 164 bytes (1 switches on core 0) [pid: 7|app: 0|req: 1851/3728] 10.0.0.124 () {32 vars in 750 bytes} [Fri Jul 3 17:26:58 2026] DELETE /v2.0/security-group-rules/b2bd41bf-b757-4a4e-88c0-6d03bf647d6e => generated 0 bytes in 124 msecs (HTTP/1.1 204) 2 headers in 112 bytes (1 switches on core 0)
2026-07-03 17:26:58.628 8 INFO neutron.api.v2.resource [None req-dc79ce39-afc6-47bc-854f-6c1178d3d5a7 ebd7e23f3823403cb22f20c7615bfc7d d490d7581c734e74a683be443fa21293 - - default default] show failed (client error): The resource could not be found. [pid: 8|app: 0|req: 1878/3729] 10.0.0.124 () {32 vars in 747 bytes} [Fri Jul 3 17:26:58 2026] GET /v2.0/security-group-rules/b2bd41bf-b757-4a4e-88c0-6d03bf647d6e => generated 155 bytes in 12 msecs (HTTP/1.1 404) 4 headers in 164 bytes (1 switches on core 0) [pid: 7|app: 0|req: 1852/3730] 10.0.0.124 () {32 vars in 750 bytes} [Fri Jul 3 17:26:58 2026] DELETE /v2.0/security-group-rules/d3ba75ca-2e81-449b-9dbb-9236fa0abf3a => generated 0 bytes in 123 msecs (HTTP/1.1 204) 2 headers in 112 bytes (1 switches on core 0)
2026-07-03 17:26:58.770 8 INFO neutron.api.v2.resource [None req-f031ddde-4be1-4b2e-aea7-35ef7cb354bb ebd7e23f3823403cb22f20c7615bfc7d d490d7581c734e74a683be443fa21293 - - default default] show failed (client error): The resource could not be found. [pid: 8|app: 0|req: 1879/3731] 10.0.0.124 () {32 vars in 747 bytes} [Fri Jul 3 17:26:58 2026] GET /v2.0/security-group-rules/d3ba75ca-2e81-449b-9dbb-9236fa0abf3a => generated 155 bytes in 9 msecs (HTTP/1.1 404) 4 headers in 164 bytes (1 switches on core 0) [pid: 7|app: 0|req: 1853/3732] 10.0.0.124 () {32 vars in 740 bytes} [Fri Jul 3 17:26:58 2026] DELETE /v2.0/security-groups/51ae096d-b2b1-43a5-9895-7497b4be8052 => generated 0 bytes in 119 msecs (HTTP/1.1 204) 2 headers in 112 bytes (1 switches on core 0)
2026-07-03 17:26:58.924 8 INFO neutron.api.v2.resource [None req-f5ac1df5-17fa-44b7-a92c-c9df89136be5 ebd7e23f3823403cb22f20c7615bfc7d d490d7581c734e74a683be443fa21293 - - default default] show failed (client error): The resource could not be found. [pid: 8|app: 0|req: 1880/3733] 10.0.0.124 () {32 vars in 737 bytes} [Fri Jul 3 17:26:58 2026] GET /v2.0/security-groups/51ae096d-b2b1-43a5-9895-7497b4be8052 => generated 146 bytes in 26 msecs (HTTP/1.1 404) 4 headers in 164 bytes (1 switches on core 0)
2026-07-03 17:26:59.295 7 INFO neutron_taas.services.taas.taas_plugin [None req-1ebf144b-3e4c-4ac8-9910-bf47a6609baa ebd7e23f3823403cb22f20c7615bfc7d d490d7581c734e74a683be443fa21293 - - default default] TaaS: Handle Delete Port: 1618fbf5-fbde-437f-9f3c-6157cda46888
2026-07-03 17:26:59.298 7 INFO neutron_taas.services.taas.tap_mirror_plugin [None req-1ebf144b-3e4c-4ac8-9910-bf47a6609baa ebd7e23f3823403cb22f20c7615bfc7d d490d7581c734e74a683be443fa21293 - - default default] Tap Mirror: Handle Delete Port: 1618fbf5-fbde-437f-9f3c-6157cda46888 [pid: 7|app: 0|req: 1854/3734] 10.0.0.124 () {34 vars in 789 bytes} [Fri Jul 3 17:26:58 2026] PUT /v2.0/routers/fe01dbe5-bd6c-48f9-806b-643521b77b8e/remove_router_interface => generated 309 bytes in 865 msecs (HTTP/1.1 200) 4 headers in 157 bytes (1 switches on core 0)
2026-07-03 17:26:59.957 8 INFO neutron.api.v2.resource [None req-85a371b4-1386-4f90-abfc-9d2febbd08dc ebd7e23f3823403cb22f20c7615bfc7d d490d7581c734e74a683be443fa21293 - - default default] remove_router_interface failed (client error): The resource could not be found. [pid: 8|app: 0|req: 1881/3735] 10.0.0.124 () {34 vars in 789 bytes} [Fri Jul 3 17:26:59 2026] PUT /v2.0/routers/fe01dbe5-bd6c-48f9-806b-643521b77b8e/remove_router_interface => generated 198 bytes in 108 msecs (HTTP/1.1 404) 4 headers in 164 bytes (1 switches on core 0) /var/lib/openstack/lib/python3.12/site-packages/pycadf/identifier.py:70: UserWarning: Invalid uuid: neutron. To ensure interoperability, identifiers should be a valid uuid. warnings.warn(('Invalid uuid: %s. To ensure interoperability, '
2026-07-03 17:27:00.300 7 INFO neutron_taas.services.taas.taas_plugin [None req-0fe89271-f945-464c-bef0-57c7140b5b85 ebd7e23f3823403cb22f20c7615bfc7d d490d7581c734e74a683be443fa21293 - - default default] TaaS: Handle Delete Port: e31e1fdd-d5b1-4f92-8903-125fccd5ae3f
2026-07-03 17:27:00.304 7 INFO neutron_taas.services.taas.tap_mirror_plugin [None req-0fe89271-f945-464c-bef0-57c7140b5b85 ebd7e23f3823403cb22f20c7615bfc7d d490d7581c734e74a683be443fa21293 - - default default] Tap Mirror: Handle Delete Port: e31e1fdd-d5b1-4f92-8903-125fccd5ae3f [pid: 7|app: 0|req: 1855/3738] 10.0.0.124 () {34 vars in 789 bytes} [Fri Jul 3 17:26:59 2026] PUT /v2.0/routers/fe01dbe5-bd6c-48f9-806b-643521b77b8e/remove_router_interface => generated 309 bytes in 859 msecs (HTTP/1.1 200) 4 headers in 157 bytes (1 switches on core 0)
2026-07-03 17:27:00.937 8 INFO neutron.api.v2.resource [None req-5a897874-edc2-4e48-a07b-921a16c78697 ebd7e23f3823403cb22f20c7615bfc7d d490d7581c734e74a683be443fa21293 - - default default] remove_router_interface failed (client error): The resource could not be found. [pid: 8|app: 0|req: 1884/3739] 10.0.0.124 () {34 vars in 789 bytes} [Fri Jul 3 17:27:00 2026] PUT /v2.0/routers/fe01dbe5-bd6c-48f9-806b-643521b77b8e/remove_router_interface => generated 198 bytes in 111 msecs (HTTP/1.1 404) 4 headers in 164 bytes (1 switches on core 0) /var/lib/openstack/lib/python3.12/site-packages/pycadf/identifier.py:70: UserWarning: Invalid uuid: neutron. To ensure interoperability, identifiers should be a valid uuid. warnings.warn(('Invalid uuid: %s. To ensure interoperability, '
2026-07-03 17:27:01.251 7 INFO neutron_taas.services.taas.taas_plugin [None req-57611c69-b491-453f-8345-af6ff5c69a70 ebd7e23f3823403cb22f20c7615bfc7d d490d7581c734e74a683be443fa21293 - - default default] TaaS: Handle Delete Port: e2f7c0e6-285d-44ce-9a1f-4d67dc11a34e
2026-07-03 17:27:01.254 7 INFO neutron_taas.services.taas.tap_mirror_plugin [None req-57611c69-b491-453f-8345-af6ff5c69a70 ebd7e23f3823403cb22f20c7615bfc7d d490d7581c734e74a683be443fa21293 - - default default] Tap Mirror: Handle Delete Port: e2f7c0e6-285d-44ce-9a1f-4d67dc11a34e [pid: 7|app: 0|req: 1856/3740] 10.0.0.124 () {34 vars in 789 bytes} [Fri Jul 3 17:27:00 2026] PUT /v2.0/routers/fe01dbe5-bd6c-48f9-806b-643521b77b8e/remove_router_interface => generated 309 bytes in 898 msecs (HTTP/1.1 200) 4 headers in 157 bytes (1 switches on core 0)
2026-07-03 17:27:01.952 8 INFO neutron.api.v2.resource [None req-f503493c-020e-417a-8a2e-c93a42755b66 ebd7e23f3823403cb22f20c7615bfc7d d490d7581c734e74a683be443fa21293 - - default default] remove_router_interface failed (client error): The resource could not be found. [pid: 8|app: 0|req: 1885/3741] 10.0.0.124 () {34 vars in 789 bytes} [Fri Jul 3 17:27:01 2026] PUT /v2.0/routers/fe01dbe5-bd6c-48f9-806b-643521b77b8e/remove_router_interface => generated 198 bytes in 109 msecs (HTTP/1.1 404) 4 headers in 164 bytes (1 switches on core 0) /var/lib/openstack/lib/python3.12/site-packages/pycadf/identifier.py:70: UserWarning: Invalid uuid: neutron. To ensure interoperability, identifiers should be a valid uuid. warnings.warn(('Invalid uuid: %s. To ensure interoperability, '
2026-07-03 17:27:02.338 7 INFO neutron_taas.services.taas.taas_plugin [None req-3c6bc3aa-0314-44b1-9b86-57a1152bae08 ebd7e23f3823403cb22f20c7615bfc7d d490d7581c734e74a683be443fa21293 - - default default] TaaS: Handle Delete Port: e463ffa4-7d2f-4c1e-a524-c0957c552985
2026-07-03 17:27:02.341 7 INFO neutron_taas.services.taas.tap_mirror_plugin [None req-3c6bc3aa-0314-44b1-9b86-57a1152bae08 ebd7e23f3823403cb22f20c7615bfc7d d490d7581c734e74a683be443fa21293 - - default default] Tap Mirror: Handle Delete Port: e463ffa4-7d2f-4c1e-a524-c0957c552985 [pid: 7|app: 0|req: 1857/3742] 10.0.0.124 () {32 vars in 724 bytes} [Fri Jul 3 17:27:01 2026] DELETE /v2.0/routers/fe01dbe5-bd6c-48f9-806b-643521b77b8e => generated 0 bytes in 798 msecs (HTTP/1.1 204) 2 headers in 112 bytes (1 switches on core 0)
2026-07-03 17:27:02.783 8 INFO neutron.api.v2.resource [None req-c6f36bec-a8e2-42e5-92ea-5677fb90f257 ebd7e23f3823403cb22f20c7615bfc7d d490d7581c734e74a683be443fa21293 - - default default] show failed (client error): The resource could not be found. [pid: 8|app: 0|req: 1886/3743] 10.0.0.124 () {32 vars in 721 bytes} [Fri Jul 3 17:27:02 2026] GET /v2.0/routers/fe01dbe5-bd6c-48f9-806b-643521b77b8e => generated 135 bytes in 24 msecs (HTTP/1.1 404) 4 headers in 164 bytes (1 switches on core 0) [pid: 7|app: 0|req: 1858/3744] 10.0.0.124 () {32 vars in 724 bytes} [Fri Jul 3 17:27:02 2026] DELETE /v2.0/subnets/c0528a52-953f-44a5-b37a-db4982c07985 => generated 0 bytes in 144 msecs (HTTP/1.1 204) 3 headers in 131 bytes (1 switches on core 0)
2026-07-03 17:27:02.956 8 INFO neutron.pecan_wsgi.hooks.translation [None req-c4f97158-f5d3-4d46-9131-d9412cdedca2 ebd7e23f3823403cb22f20c7615bfc7d d490d7581c734e74a683be443fa21293 - - default default] GET failed (client error): The resource could not be found. [pid: 8|app: 0|req: 1887/3745] 10.0.0.124 () {32 vars in 721 bytes} [Fri Jul 3 17:27:02 2026] GET /v2.0/subnets/c0528a52-953f-44a5-b37a-db4982c07985 => generated 136 bytes in 16 msecs (HTTP/1.1 404) 4 headers in 164 bytes (1 switches on core 0) [pid: 7|app: 0|req: 1859/3746] 10.0.0.124 () {32 vars in 724 bytes} [Fri Jul 3 17:27:02 2026] DELETE /v2.0/subnets/868aabfa-c0d1-4fe6-a804-f6b6a2d4c179 => generated 0 bytes in 156 msecs (HTTP/1.1 204) 3 headers in 131 bytes (1 switches on core 0)
2026-07-03 17:27:03.138 8 INFO neutron.pecan_wsgi.hooks.translation [None req-13903ab3-85af-43d4-92dd-e84ed7c3c30a ebd7e23f3823403cb22f20c7615bfc7d d490d7581c734e74a683be443fa21293 - - default default] GET failed (client error): The resource could not be found. [pid: 8|app: 0|req: 1888/3747] 10.0.0.124 () {32 vars in 721 bytes} [Fri Jul 3 17:27:03 2026] GET /v2.0/subnets/868aabfa-c0d1-4fe6-a804-f6b6a2d4c179 => generated 136 bytes in 17 msecs (HTTP/1.1 404) 4 headers in 164 bytes (1 switches on core 0)
2026-07-03 17:27:03.262 7 INFO neutron_taas.services.taas.taas_plugin [None req-3ff0a284-171a-4658-9e95-cd27f7b18566 ebd7e23f3823403cb22f20c7615bfc7d d490d7581c734e74a683be443fa21293 - - default default] TaaS: Handle Delete Port: c4c4073f-1327-4eba-a4a2-c56d9c3f19b0
2026-07-03 17:27:03.265 7 INFO neutron_taas.services.taas.tap_mirror_plugin [None req-3ff0a284-171a-4658-9e95-cd27f7b18566 ebd7e23f3823403cb22f20c7615bfc7d d490d7581c734e74a683be443fa21293 - - default default] Tap Mirror: Handle Delete Port: c4c4073f-1327-4eba-a4a2-c56d9c3f19b0
2026-07-03 17:27:03.476 7 INFO neutron.services.segments.plugin [-] Segment a5ba0040-72d9-419a-9d9c-536b1d913a33 resource provider aggregate not found
2026-07-03 17:27:03.492 7 INFO neutron.services.segments.plugin [-] Segment a5ba0040-72d9-419a-9d9c-536b1d913a33 resource provider aggregate not found [pid: 7|app: 0|req: 1860/3748] 10.0.0.124 () {32 vars in 726 bytes} [Fri Jul 3 17:27:03 2026] DELETE /v2.0/networks/f6050a82-a860-41b4-a145-821284518fe5 => generated 0 bytes in 349 msecs (HTTP/1.1 204) 3 headers in 131 bytes (1 switches on core 0)
2026-07-03 17:27:03.498 7 INFO neutron.services.segments.plugin [-] Segment a5ba0040-72d9-419a-9d9c-536b1d913a33 resource provider not found; error: Placement Client Error (4xx): {"errors": [{"status": 404, "title": "Not Found", "detail": "The resource could not be found.\n\n No resource provider with uuid a5ba0040-72d9-419a-9d9c-536b1d913a33 found for delete ", "request_id": "req-91aac0dd-30af-4f24-b568-970551537a17"}]}
2026-07-03 17:27:03.511 7 INFO neutron.services.segments.plugin [-] Segment a5ba0040-72d9-419a-9d9c-536b1d913a33 resource provider not found; error: Placement Client Error (4xx): {"errors": [{"status": 404, "title": "Not Found", "detail": "The resource could not be found.\n\n No resource provider with uuid a5ba0040-72d9-419a-9d9c-536b1d913a33 found for delete ", "request_id": "req-2d27f341-f394-4cd8-94ee-01cd0ae847a0"}]}
2026-07-03 17:27:03.511 8 INFO neutron.pecan_wsgi.hooks.translation [None req-c76f3401-2de4-40c1-b82f-00b243a47260 ebd7e23f3823403cb22f20c7615bfc7d d490d7581c734e74a683be443fa21293 - - default default] GET failed (client error): The resource could not be found. [pid: 8|app: 0|req: 1889/3749] 10.0.0.124 () {32 vars in 723 bytes} [Fri Jul 3 17:27:03 2026] GET /v2.0/networks/f6050a82-a860-41b4-a145-821284518fe5 => generated 138 bytes in 15 msecs (HTTP/1.1 404) 4 headers in 164 bytes (1 switches on core 0) [pid: 7|app: 0|req: 1861/3750] 10.0.0.124 () {32 vars in 724 bytes} [Fri Jul 3 17:27:03 2026] DELETE /v2.0/subnets/b0933c9a-0360-45ce-8e1d-416ffc5aa302 => generated 0 bytes in 162 msecs (HTTP/1.1 204) 3 headers in 131 bytes (1 switches on core 0)
2026-07-03 17:27:03.698 8 INFO neutron.pecan_wsgi.hooks.translation [None req-a5949d99-7a01-449b-829d-f19356df6f16 ebd7e23f3823403cb22f20c7615bfc7d d490d7581c734e74a683be443fa21293 - - default default] GET failed (client error): The resource could not be found. [pid: 8|app: 0|req: 1890/3751] 10.0.0.124 () {32 vars in 721 bytes} [Fri Jul 3 17:27:03 2026] GET /v2.0/subnets/b0933c9a-0360-45ce-8e1d-416ffc5aa302 => generated 136 bytes in 15 msecs (HTTP/1.1 404) 4 headers in 164 bytes (1 switches on core 0) [pid: 7|app: 0|req: 1862/3752] 10.0.0.124 () {32 vars in 724 bytes} [Fri Jul 3 17:27:03 2026] DELETE /v2.0/subnets/3a807047-3370-4995-a725-31a7d6666fa4 => generated 0 bytes in 207 msecs (HTTP/1.1 204) 3 headers in 131 bytes (1 switches on core 0)
2026-07-03 17:27:03.935 8 INFO neutron.pecan_wsgi.hooks.translation [None req-7e2a37d8-a5a8-4417-9a68-2b2685afa8da ebd7e23f3823403cb22f20c7615bfc7d d490d7581c734e74a683be443fa21293 - - default default] GET failed (client error): The resource could not be found. [pid: 8|app: 0|req: 1891/3753] 10.0.0.124 () {32 vars in 721 bytes} [Fri Jul 3 17:27:03 2026] GET /v2.0/subnets/3a807047-3370-4995-a725-31a7d6666fa4 => generated 136 bytes in 18 msecs (HTTP/1.1 404) 4 headers in 164 bytes (1 switches on core 0)
2026-07-03 17:27:04.070 7 INFO neutron_taas.services.taas.taas_plugin [None req-4b32517d-33c3-4be6-9b5a-c0401281498e ebd7e23f3823403cb22f20c7615bfc7d d490d7581c734e74a683be443fa21293 - - default default] TaaS: Handle Delete Port: b9f98512-d27a-4e63-815a-416b632118c7
2026-07-03 17:27:04.074 7 INFO neutron_taas.services.taas.tap_mirror_plugin [None req-4b32517d-33c3-4be6-9b5a-c0401281498e ebd7e23f3823403cb22f20c7615bfc7d d490d7581c734e74a683be443fa21293 - - default default] Tap Mirror: Handle Delete Port: b9f98512-d27a-4e63-815a-416b632118c7 [pid: 7|app: 0|req: 1863/3754] 10.0.0.124 () {32 vars in 726 bytes} [Fri Jul 3 17:27:03 2026] DELETE /v2.0/networks/6587eb89-ada2-46d3-9be8-068edfcd5628 => generated 0 bytes in 356 msecs (HTTP/1.1 204) 3 headers in 131 bytes (1 switches on core 0)
2026-07-03 17:27:04.317 8 INFO neutron.pecan_wsgi.hooks.translation [None req-7d79085c-a89d-4511-b3be-3a351eede85a ebd7e23f3823403cb22f20c7615bfc7d d490d7581c734e74a683be443fa21293 - - default default] GET failed (client error): The resource could not be found. [pid: 8|app: 0|req: 1892/3755] 10.0.0.124 () {32 vars in 723 bytes} [Fri Jul 3 17:27:04 2026] GET /v2.0/networks/6587eb89-ada2-46d3-9be8-068edfcd5628 => generated 138 bytes in 17 msecs (HTTP/1.1 404) 4 headers in 164 bytes (1 switches on core 0) [pid: 7|app: 0|req: 1864/3756] 10.0.0.124 () {32 vars in 724 bytes} [Fri Jul 3 17:27:04 2026] DELETE /v2.0/subnets/91beeaeb-8531-4b00-a6a9-7308f7a18a4f => generated 0 bytes in 150 msecs (HTTP/1.1 204) 3 headers in 131 bytes (1 switches on core 0)
2026-07-03 17:27:04.498 8 INFO neutron.pecan_wsgi.hooks.translation [None req-49537a2a-b95e-4b82-9292-9603e040af43 ebd7e23f3823403cb22f20c7615bfc7d d490d7581c734e74a683be443fa21293 - - default default] GET failed (client error): The resource could not be found. [pid: 8|app: 0|req: 1893/3757] 10.0.0.124 () {32 vars in 721 bytes} [Fri Jul 3 17:27:04 2026] GET /v2.0/subnets/91beeaeb-8531-4b00-a6a9-7308f7a18a4f => generated 136 bytes in 20 msecs (HTTP/1.1 404) 4 headers in 164 bytes (1 switches on core 0) [pid: 7|app: 0|req: 1865/3758] 10.0.0.124 () {32 vars in 724 bytes} [Fri Jul 3 17:27:04 2026] DELETE /v2.0/subnets/83698fde-173d-4ece-9ac6-0afb1eb9f5e5 => generated 0 bytes in 169 msecs (HTTP/1.1 204) 3 headers in 131 bytes (1 switches on core 0)
2026-07-03 17:27:04.702 8 INFO neutron.pecan_wsgi.hooks.translation [None req-e8139959-a1d4-4724-af5c-5c249ac76c94 ebd7e23f3823403cb22f20c7615bfc7d d490d7581c734e74a683be443fa21293 - - default default] GET failed (client error): The resource could not be found. [pid: 8|app: 0|req: 1894/3759] 10.0.0.124 () {32 vars in 721 bytes} [Fri Jul 3 17:27:04 2026] GET /v2.0/subnets/83698fde-173d-4ece-9ac6-0afb1eb9f5e5 => generated 136 bytes in 26 msecs (HTTP/1.1 404) 4 headers in 164 bytes (1 switches on core 0)
2026-07-03 17:27:04.831 7 INFO neutron_taas.services.taas.taas_plugin [None req-68fe01ad-9d87-49c5-a9e0-09c5aec71679 ebd7e23f3823403cb22f20c7615bfc7d d490d7581c734e74a683be443fa21293 - - default default] TaaS: Handle Delete Port: beaa2e96-7a79-4318-803e-bcaf353ca359
2026-07-03 17:27:04.834 7 INFO neutron_taas.services.taas.tap_mirror_plugin [None req-68fe01ad-9d87-49c5-a9e0-09c5aec71679 ebd7e23f3823403cb22f20c7615bfc7d d490d7581c734e74a683be443fa21293 - - default default] Tap Mirror: Handle Delete Port: beaa2e96-7a79-4318-803e-bcaf353ca359 [pid: 7|app: 0|req: 1866/3760] 10.0.0.124 () {32 vars in 726 bytes} [Fri Jul 3 17:27:04 2026] DELETE /v2.0/networks/55d5038d-50c1-4210-abb6-a9677e592650 => generated 0 bytes in 371 msecs (HTTP/1.1 204) 3 headers in 131 bytes (1 switches on core 0)
2026-07-03 17:27:05.104 8 INFO neutron.pecan_wsgi.hooks.translation [None req-4f4056a1-f4b8-4ae9-8236-ed95376530f9 ebd7e23f3823403cb22f20c7615bfc7d d490d7581c734e74a683be443fa21293 - - default default] GET failed (client error): The resource could not be found. [pid: 8|app: 0|req: 1895/3761] 10.0.0.124 () {32 vars in 723 bytes} [Fri Jul 3 17:27:05 2026] GET /v2.0/networks/55d5038d-50c1-4210-abb6-a9677e592650 => generated 138 bytes in 19 msecs (HTTP/1.1 404) 4 headers in 164 bytes (1 switches on core 0)
2026-07-03 17:27:05.519 7 INFO neutron.services.segments.plugin [-] Segment 264b6bbb-d643-48ff-8390-632ab48fa04f resource provider aggregate not found
2026-07-03 17:27:05.530 7 INFO neutron.services.segments.plugin [-] Segment 264b6bbb-d643-48ff-8390-632ab48fa04f resource provider aggregate not found
2026-07-03 17:27:05.538 7 INFO neutron.services.segments.plugin [-] Segment 264b6bbb-d643-48ff-8390-632ab48fa04f resource provider not found; error: Placement Client Error (4xx): {"errors": [{"status": 404, "title": "Not Found", "detail": "The resource could not be found.\n\n No resource provider with uuid 264b6bbb-d643-48ff-8390-632ab48fa04f found for delete ", "request_id": "req-80ab45e2-2dda-4f5f-b070-f9b2fc9c1e5c"}]}
2026-07-03 17:27:05.542 7 INFO neutron.services.segments.plugin [-] Segment 264b6bbb-d643-48ff-8390-632ab48fa04f resource provider not found; error: Placement Client Error (4xx): {"errors": [{"status": 404, "title": "Not Found", "detail": "The resource could not be found.\n\n No resource provider with uuid 264b6bbb-d643-48ff-8390-632ab48fa04f found for delete ", "request_id": "req-88e14acf-00d1-4bf9-8349-3a033f80c653"}]}
2026-07-03 17:27:05.555 7 INFO neutron.services.segments.plugin [-] Segment dbe6b3ea-1647-4957-8673-382d09d1cd2a resource provider aggregate not found
2026-07-03 17:27:05.558 7 INFO neutron.services.segments.plugin [-] Segment dbe6b3ea-1647-4957-8673-382d09d1cd2a resource provider aggregate not found
2026-07-03 17:27:05.571 7 INFO neutron.services.segments.plugin [-] Segment dbe6b3ea-1647-4957-8673-382d09d1cd2a resource provider not found; error: Placement Client Error (4xx): {"errors": [{"status": 404, "title": "Not Found", "detail": "The resource could not be found.\n\n No resource provider with uuid dbe6b3ea-1647-4957-8673-382d09d1cd2a found for delete ", "request_id": "req-40e44066-66f1-4b7f-906b-2b6dd3ac973b"}]}
2026-07-03 17:27:05.575 7 INFO neutron.services.segments.plugin [-] Segment dbe6b3ea-1647-4957-8673-382d09d1cd2a resource provider not found; error: Placement Client Error (4xx): {"errors": [{"status": 404, "title": "Not Found", "detail": "The resource could not be found.\n\n No resource provider with uuid dbe6b3ea-1647-4957-8673-382d09d1cd2a found for delete ", "request_id": "req-f8529318-463a-4457-8272-7c58252cb008"}]} [pid: 7|app: 0|req: 1867/3762] 10.0.0.195 () {28 vars in 583 bytes} [Fri Jul 3 17:27:06 2026] GET /v2.0/subnets => generated 1308 bytes in 184 msecs (HTTP/1.1 200) 4 headers in 158 bytes (1 switches on core 0) [pid: 8|app: 0|req: 1896/3763] 10.0.0.195 () {28 vars in 583 bytes} [Fri Jul 3 17:27:06 2026] GET /v2.0/subnets => generated 1308 bytes in 33 msecs (HTTP/1.1 200) 4 headers in 158 bytes (1 switches on core 0) [pid: 7|app: 0|req: 1868/3764] 10.0.0.195 () {28 vars in 591 bytes} [Fri Jul 3 17:27:06 2026] GET /v2.0/subnetpools => generated 19 bytes in 9 msecs (HTTP/1.1 200) 4 headers in 156 bytes (1 switches on core 0) [pid: 8|app: 0|req: 1897/3765] 10.0.0.195 () {28 vars in 585 bytes} [Fri Jul 3 17:27:06 2026] GET /v2.0/networks => generated 2288 bytes in 53 msecs (HTTP/1.1 200) 4 headers in 158 bytes (1 switches on core 0) [pid: 7|app: 0|req: 1869/3766] 10.0.0.195 () {28 vars in 579 bytes} [Fri Jul 3 17:27:06 2026] GET /v2.0/ports => generated 5175 bytes in 58 msecs (HTTP/1.1 200) 4 headers in 158 bytes (1 switches on core 0) [pid: 8|app: 0|req: 1898/3767] 10.0.0.195 () {28 vars in 583 bytes} [Fri Jul 3 17:27:06 2026] GET /v2.0/routers => generated 15 bytes in 16 msecs (HTTP/1.1 200) 4 headers in 156 bytes (1 switches on core 0) [pid: 7|app: 0|req: 1870/3768] 10.0.0.195 () {28 vars in 624 bytes} [Fri Jul 3 17:27:06 2026] GET /v2.0/agents?binary=ovn-controller => generated 416 bytes in 13 msecs (HTTP/1.1 200) 4 headers in 157 bytes (1 switches on core 0) [pid: 8|app: 0|req: 1899/3769] 10.0.0.195 () {28 vars in 599 bytes} [Fri Jul 3 17:27:06 2026] GET /v2.0/security-groups => generated 20309 bytes in 45 msecs (HTTP/1.1 200) 4 headers in 159 bytes (1 switches on core 0) [pid: 7|app: 0|req: 1871/3770] 10.0.0.195 () {28 vars in 581 bytes} [Fri Jul 3 17:27:06 2026] GET /v2.0/agents => generated 1214 bytes in 12 msecs (HTTP/1.1 200) 4 headers in 158 bytes (1 switches on core 0) [pid: 8|app: 0|req: 1900/3771] 10.0.0.195 () {28 vars in 591 bytes} [Fri Jul 3 17:27:06 2026] GET /v2.0/floatingips => generated 19 bytes in 19 msecs (HTTP/1.1 200) 4 headers in 156 bytes (1 switches on core 0) [pid: 7|app: 0|req: 1872/3772] 10.0.0.195 () {28 vars in 619 bytes} [Fri Jul 3 17:27:06 2026] GET /v2.0/network-ip-availabilities => generated 1104 bytes in 17 msecs (HTTP/1.1 200) 4 headers in 158 bytes (1 switches on core 0)
2026-07-03 17:27:07.539 8 INFO neutron.db.ovn_revision_numbers_db [None req-cd5e63fe-5ee9-49bb-aaf8-8652da176222 b39fbfc2df1141159c23cc610b7f0238 bc7bf7793d484ae7a57151bdd30bfa03 - - default default] Successfully bumped revision number for resource 1395ae32-30ab-47a3-b194-73ccf00b0bdc (type: security_groups) to 1
2026-07-03 17:27:07.555 8 INFO neutron.db.ovn_revision_numbers_db [None req-cd5e63fe-5ee9-49bb-aaf8-8652da176222 b39fbfc2df1141159c23cc610b7f0238 bc7bf7793d484ae7a57151bdd30bfa03 - - default default] Successfully bumped revision number for resource 0d873681-677d-48b9-b900-e6b2cff80ab9 (type: security_group_rules) to 0
2026-07-03 17:27:07.568 8 INFO neutron.db.ovn_revision_numbers_db [None req-cd5e63fe-5ee9-49bb-aaf8-8652da176222 b39fbfc2df1141159c23cc610b7f0238 bc7bf7793d484ae7a57151bdd30bfa03 - - default default] Successfully bumped revision number for resource 53acaa30-6591-4ac9-897b-36587256d5ca (type: security_group_rules) to 0
2026-07-03 17:27:07.579 8 INFO neutron.db.ovn_revision_numbers_db [None req-cd5e63fe-5ee9-49bb-aaf8-8652da176222 b39fbfc2df1141159c23cc610b7f0238 bc7bf7793d484ae7a57151bdd30bfa03 - - default default] Successfully bumped revision number for resource 98224670-1154-4c5d-a917-6162ae713822 (type: security_group_rules) to 0
2026-07-03 17:27:07.593 8 INFO neutron.db.ovn_revision_numbers_db [None req-cd5e63fe-5ee9-49bb-aaf8-8652da176222 b39fbfc2df1141159c23cc610b7f0238 bc7bf7793d484ae7a57151bdd30bfa03 - - default default] Successfully bumped revision number for resource fa92bac2-0ab5-430e-ace5-2fecfb88e825 (type: security_group_rules) to 0 [pid: 8|app: 0|req: 1901/3773] 10.0.0.124 () {32 vars in 774 bytes} [Fri Jul 3 17:27:07 2026] GET /v2.0/security-groups?tenant_id=0317a9c1a7e34dfcbee190d102f05765&name=default => generated 2929 bytes in 477 msecs (HTTP/1.1 200) 4 headers in 158 bytes (1 switches on core 0) [pid: 7|app: 0|req: 1873/3774] 10.0.0.124 () {32 vars in 740 bytes} [Fri Jul 3 17:27:07 2026] DELETE /v2.0/security-groups/1395ae32-30ab-47a3-b194-73ccf00b0bdc => generated 0 bytes in 214 msecs (HTTP/1.1 204) 2 headers in 112 bytes (1 switches on core 0)
2026-07-03 17:27:08.075 8 INFO neutron.db.ovn_revision_numbers_db [None req-3af7cdc0-699a-48d7-a7d0-746dc72e4547 b39fbfc2df1141159c23cc610b7f0238 bc7bf7793d484ae7a57151bdd30bfa03 - - default default] Successfully bumped revision number for resource f81c0332-18c5-460c-a8f4-292a983559eb (type: security_groups) to 1
2026-07-03 17:27:08.088 8 INFO neutron.db.ovn_revision_numbers_db [None req-3af7cdc0-699a-48d7-a7d0-746dc72e4547 b39fbfc2df1141159c23cc610b7f0238 bc7bf7793d484ae7a57151bdd30bfa03 - - default default] Successfully bumped revision number for resource 59bba418-8b0f-4854-a413-5c0827733740 (type: security_group_rules) to 0
2026-07-03 17:27:08.101 8 INFO neutron.db.ovn_revision_numbers_db [None req-3af7cdc0-699a-48d7-a7d0-746dc72e4547 b39fbfc2df1141159c23cc610b7f0238 bc7bf7793d484ae7a57151bdd30bfa03 - - default default] Successfully bumped revision number for resource 8e4a61ad-58a0-4ab4-b608-12fdbdb43ece (type: security_group_rules) to 0
2026-07-03 17:27:08.114 8 INFO neutron.db.ovn_revision_numbers_db [None req-3af7cdc0-699a-48d7-a7d0-746dc72e4547 b39fbfc2df1141159c23cc610b7f0238 bc7bf7793d484ae7a57151bdd30bfa03 - - default default] Successfully bumped revision number for resource 938ba8ed-52bf-402e-a720-d114648f099d (type: security_group_rules) to 0
2026-07-03 17:27:08.128 8 INFO neutron.db.ovn_revision_numbers_db [None req-3af7cdc0-699a-48d7-a7d0-746dc72e4547 b39fbfc2df1141159c23cc610b7f0238 bc7bf7793d484ae7a57151bdd30bfa03 - - default default] Successfully bumped revision number for resource a2c68042-044b-4ea1-b98c-7cf1af194131 (type: security_group_rules) to 0 [pid: 8|app: 0|req: 1902/3775] 10.0.0.124 () {32 vars in 774 bytes} [Fri Jul 3 17:27:07 2026] GET /v2.0/security-groups?tenant_id=322361d90cd1436aa97498e9e93095a9&name=default => generated 2929 bytes in 221 msecs (HTTP/1.1 200) 4 headers in 158 bytes (1 switches on core 0) [pid: 7|app: 0|req: 1874/3776] 10.0.0.124 () {32 vars in 740 bytes} [Fri Jul 3 17:27:08 2026] DELETE /v2.0/security-groups/f81c0332-18c5-460c-a8f4-292a983559eb => generated 0 bytes in 252 msecs (HTTP/1.1 204) 2 headers in 112 bytes (1 switches on core 0) [pid: 8|app: 0|req: 1903/3777] 10.0.0.124 () {32 vars in 774 bytes} [Fri Jul 3 17:27:08 2026] GET /v2.0/security-groups?tenant_id=d490d7581c734e74a683be443fa21293&name=default => generated 2929 bytes in 34 msecs (HTTP/1.1 200) 4 headers in 158 bytes (1 switches on core 0) [pid: 7|app: 0|req: 1875/3778] 10.0.0.124 () {32 vars in 740 bytes} [Fri Jul 3 17:27:08 2026] DELETE /v2.0/security-groups/c52a21e8-422c-46a0-8de3-48cc6bf5b804 => generated 0 bytes in 220 msecs (HTTP/1.1 204) 2 headers in 112 bytes (1 switches on core 0)
2026-07-03 17:27:09.090 8 INFO neutron.db.ovn_revision_numbers_db [None req-ff03cc38-da4d-4d88-983a-2570d1ae928b b39fbfc2df1141159c23cc610b7f0238 bc7bf7793d484ae7a57151bdd30bfa03 - - default default] Successfully bumped revision number for resource 56e77ed9-2aa2-4846-b4ab-be90d0c4296f (type: security_groups) to 1
2026-07-03 17:27:09.107 8 INFO neutron.db.ovn_revision_numbers_db [None req-ff03cc38-da4d-4d88-983a-2570d1ae928b b39fbfc2df1141159c23cc610b7f0238 bc7bf7793d484ae7a57151bdd30bfa03 - - default default] Successfully bumped revision number for resource 11c80fd2-b34e-4494-b1a1-d78836f69581 (type: security_group_rules) to 0
2026-07-03 17:27:09.121 8 INFO neutron.db.ovn_revision_numbers_db [None req-ff03cc38-da4d-4d88-983a-2570d1ae928b b39fbfc2df1141159c23cc610b7f0238 bc7bf7793d484ae7a57151bdd30bfa03 - - default default] Successfully bumped revision number for resource 349cd477-cd1d-4400-9984-b1ae504a432e (type: security_group_rules) t