2026-07-03 17:21:25.456 7 INFO neutron.db.ovn_revision_numbers_db [None req-45ca8c77-aecd-4c71-ae35-8633f7a11d0c - - - - - -] Successfully bumped revision number for resource 69202cc4-47a6-4434-9220-880b2705e259 (type: networks) to 1 [pid: 8|app: 0|req: 1363/2737] 199.204.45.227 () {34 vars in 994 bytes} [Fri Jul 3 17:21:25 2026] GET /v2.0/ports?device_id=e9caddb0-0700-47bd-990e-8c37e4c699a0 => generated 973 bytes in 149 msecs (HTTP/1.1 200) 4 headers in 157 bytes (1 switches on core 0) [pid: 8|app: 0|req: 1364/2738] 10.0.0.194 () {34 vars in 990 bytes} [Fri Jul 3 17:21:25 2026] GET /v2.0/ports?device_id=e9caddb0-0700-47bd-990e-8c37e4c699a0 => generated 973 bytes in 34 msecs (HTTP/1.1 200) 4 headers in 157 bytes (1 switches on core 0)
2026-07-03 17:21:25.617 7 WARNING neutron.scheduler.dhcp_agent_scheduler [None req-45ca8c77-aecd-4c71-ae35-8633f7a11d0c - - - - - -] No more DHCP agents
2026-07-03 17:21:25.619 7 WARNING neutron.api.rpc.agentnotifiers.dhcp_rpc_agent_api [None req-45ca8c77-aecd-4c71-ae35-8633f7a11d0c - - - - - -] Unable to schedule network 69202cc4-47a6-4434-9220-880b2705e259: no agents available; will retry on subsequent port and subnet creation events.
2026-07-03 17:21:25.689 7 INFO neutron.plugins.ml2.drivers.ovn.mech_driver.mech_driver [None req-b022df71-bc53-4d2c-acfa-31cf272de1cd - - - - - -] OVN reports status down for port: 359f0bbb-ebf7-4679-b4a4-da79373293b9
2026-07-03 17:21:25.712 8 INFO neutron_taas.services.taas.taas_plugin [req-dd675202-7d85-4e7e-a916-15be6e4d376f req-63f47d8b-5896-45d1-a306-7703f7ffcbb7 acb157df7df14cf5b16e8b9edda7bf13 535fb01a75e444c58758997b86b9f715 - - default default] TaaS: Handle Delete Port: b18b7e81-9893-4e8b-87f4-50cf447d8b6e
2026-07-03 17:21:25.716 8 INFO neutron_taas.services.taas.tap_mirror_plugin [req-dd675202-7d85-4e7e-a916-15be6e4d376f req-63f47d8b-5896-45d1-a306-7703f7ffcbb7 acb157df7df14cf5b16e8b9edda7bf13 535fb01a75e444c58758997b86b9f715 - - default default] Tap Mirror: Handle Delete Port: b18b7e81-9893-4e8b-87f4-50cf447d8b6e
2026-07-03 17:21:25.755 7 INFO neutron.db.ovn_revision_numbers_db [None req-45ca8c77-aecd-4c71-ae35-8633f7a11d0c - - - - - -] Successfully bumped revision number for resource 359f0bbb-ebf7-4679-b4a4-da79373293b9 (type: ports) to 1
2026-07-03 17:21:25.915 7 WARNING neutron.scheduler.dhcp_agent_scheduler [None req-45ca8c77-aecd-4c71-ae35-8633f7a11d0c - - - - - -] No more DHCP agents
2026-07-03 17:21:25.916 7 WARNING neutron.api.rpc.agentnotifiers.dhcp_rpc_agent_api [None req-45ca8c77-aecd-4c71-ae35-8633f7a11d0c - - - - - -] Unable to schedule network 69202cc4-47a6-4434-9220-880b2705e259: no agents available; will retry on subsequent port and subnet creation events.
2026-07-03 17:21:25.926 8 INFO neutron.db.l3_db [req-dd675202-7d85-4e7e-a916-15be6e4d376f req-63f47d8b-5896-45d1-a306-7703f7ffcbb7 acb157df7df14cf5b16e8b9edda7bf13 535fb01a75e444c58758997b86b9f715 - - default default] Floating IP be256f46-03eb-4c0d-b504-1abe18fc5e48 disassociated. External IP: 10.96.250.218, port: b18b7e81-9893-4e8b-87f4-50cf447d8b6e.
2026-07-03 17:21:25.938 7 INFO neutron.db.ovn_revision_numbers_db [None req-45ca8c77-aecd-4c71-ae35-8633f7a11d0c - - - - - -] Successfully bumped revision number for resource c7006b45-648c-41bb-8d6b-3200288920ec (type: subnets) to 0 [pid: 8|app: 0|req: 1365/2739] 199.204.45.227 () {36 vars in 997 bytes} [Fri Jul 3 17:21:25 2026] DELETE /v2.0/ports/b18b7e81-9893-4e8b-87f4-50cf447d8b6e => generated 0 bytes in 541 msecs (HTTP/1.1 204) 3 headers in 131 bytes (1 switches on core 0) [pid: 8|app: 0|req: 1366/2740] 10.0.0.194 () {34 vars in 1040 bytes} [Fri Jul 3 17:21:26 2026] GET /v2.0/security-groups?id=48d496ab-ba99-4a10-8def-8648c13ec928&fields=id&fields=name => generated 114 bytes in 34 msecs (HTTP/1.1 200) 4 headers in 157 bytes (1 switches on core 0)
2026-07-03 17:21:26.170 8 INFO neutron.notifiers.nova [-] Nova event matching ['req-f797c7db-61db-4fee-8ae4-d7298debebf8'] response: {'server_uuid': 'e9caddb0-0700-47bd-990e-8c37e4c699a0', 'name': 'network-vif-deleted', 'tag': 'b18b7e81-9893-4e8b-87f4-50cf447d8b6e', 'status': 'completed', 'code': 200}
2026-07-03 17:21:26.343 7 WARNING neutron.scheduler.dhcp_agent_scheduler [None req-45ca8c77-aecd-4c71-ae35-8633f7a11d0c - - - - - -] No more DHCP agents
2026-07-03 17:21:26.345 7 WARNING neutron.api.rpc.agentnotifiers.dhcp_rpc_agent_api [None req-45ca8c77-aecd-4c71-ae35-8633f7a11d0c - - - - - -] Unable to schedule network 69202cc4-47a6-4434-9220-880b2705e259: no agents available; will retry on subsequent port and subnet creation events.
2026-07-03 17:21:26.470 7 INFO neutron.db.ovn_revision_numbers_db [None req-45ca8c77-aecd-4c71-ae35-8633f7a11d0c - - - - - -] Successfully bumped revision number for resource fe903cac-03fc-4f63-8a14-42afcb49c4a2 (type: ports) to 1
2026-07-03 17:21:26.525 7 INFO neutron.notifiers.nova [-] Nova event matching ['req-6d8a4f0b-b45f-459b-b38d-b5b055f04941'] response: {'server_uuid': 'e9caddb0-0700-47bd-990e-8c37e4c699a0', 'name': 'network-vif-unplugged', 'status': 'completed', 'tag': 'b18b7e81-9893-4e8b-87f4-50cf447d8b6e', 'code': 200}
2026-07-03 17:21:26.911 8 WARNING neutron.plugins.ml2.drivers.ovn.mech_driver.ovsdb.ovn_client [None req-366fea9e-c9f9-40fd-a9a0-ced269da81b3 - - - - - -] No hosting information found for port d57bb4f1-b90e-44de-b722-6cf980e63b4c: RuntimeError: No hosting information found for port d57bb4f1-b90e-44de-b722-6cf980e63b4c
2026-07-03 17:21:26.912 8 INFO neutron.plugins.ml2.drivers.ovn.mech_driver.mech_driver [None req-366fea9e-c9f9-40fd-a9a0-ced269da81b3 - - - - - -] OVN reports status down for port: 616cad1e-a4df-4d4d-9f01-978ef16b7541
2026-07-03 17:21:26.966 8 WARNING neutron.plugins.ml2.drivers.ovn.mech_driver.ovsdb.ovn_client [None req-366fea9e-c9f9-40fd-a9a0-ced269da81b3 - - - - - -] Logical_Switch_Port %s host information not removed, the port state is up
2026-07-03 17:21:26.967 8 INFO neutron.plugins.ml2.drivers.ovn.mech_driver.mech_driver [None req-366fea9e-c9f9-40fd-a9a0-ced269da81b3 - - - - - -] OVN reports status up for port: 616cad1e-a4df-4d4d-9f01-978ef16b7541
2026-07-03 17:21:26.976 8 INFO neutron.plugins.ml2.plugin [None req-366fea9e-c9f9-40fd-a9a0-ced269da81b3 - - - - - -] Attempt 1 to provision port 616cad1e-a4df-4d4d-9f01-978ef16b7541
2026-07-03 17:21:27.135 7 WARNING neutron.scheduler.dhcp_agent_scheduler [None req-45ca8c77-aecd-4c71-ae35-8633f7a11d0c - - - - - -] No more DHCP agents
2026-07-03 17:21:27.139 7 WARNING neutron.api.rpc.agentnotifiers.dhcp_rpc_agent_api [None req-45ca8c77-aecd-4c71-ae35-8633f7a11d0c - - - - - -] Unable to schedule network 69202cc4-47a6-4434-9220-880b2705e259: no agents available; will retry on subsequent port and subnet creation events. [pid: 8|app: 0|req: 1367/2741] 10.0.0.194 () {34 vars in 990 bytes} [Fri Jul 3 17:21:27 2026] GET /v2.0/ports?device_id=e9caddb0-0700-47bd-990e-8c37e4c699a0 => generated 12 bytes in 35 msecs (HTTP/1.1 200) 4 headers in 156 bytes (1 switches on core 0)
2026-07-03 17:21:27.625 7 INFO neutron.db.ovn_revision_numbers_db [None req-45ca8c77-aecd-4c71-ae35-8633f7a11d0c - - - - - -] Successfully bumped revision number for resource fe903cac-03fc-4f63-8a14-42afcb49c4a2 (type: router_ports) to 1
2026-07-03 17:21:27.869 7 WARNING neutron.scheduler.dhcp_agent_scheduler [None req-45ca8c77-aecd-4c71-ae35-8633f7a11d0c - - - - - -] No more DHCP agents
2026-07-03 17:21:27.871 7 WARNING neutron.api.rpc.agentnotifiers.dhcp_rpc_agent_api [None req-45ca8c77-aecd-4c71-ae35-8633f7a11d0c - - - - - -] Unable to schedule network 69202cc4-47a6-4434-9220-880b2705e259: no agents available; will retry on subsequent port and subnet creation events.
2026-07-03 17:21:27.993 7 INFO neutron.plugins.ml2.drivers.ovn.mech_driver.mech_driver [None req-b022df71-bc53-4d2c-acfa-31cf272de1cd - - - - - -] OVN reports status down for port: e7ef6677-8a92-4fb0-b8f3-7ee70e7a63dc
2026-07-03 17:21:28.049 8 INFO neutron.db.ovn_revision_numbers_db [None req-366fea9e-c9f9-40fd-a9a0-ced269da81b3 - - - - - -] Successfully bumped revision number for resource 616cad1e-a4df-4d4d-9f01-978ef16b7541 (type: ports) to 2
2026-07-03 17:21:28.065 7 INFO neutron.db.ovn_revision_numbers_db [None req-45ca8c77-aecd-4c71-ae35-8633f7a11d0c - - - - - -] Successfully bumped revision number for resource e7ef6677-8a92-4fb0-b8f3-7ee70e7a63dc (type: ports) to 1 [pid: 8|app: 0|req: 1368/2742] 10.0.0.194 () {34 vars in 990 bytes} [Fri Jul 3 17:21:28 2026] GET /v2.0/ports?device_id=e9caddb0-0700-47bd-990e-8c37e4c699a0 => generated 12 bytes in 32 msecs (HTTP/1.1 200) 4 headers in 156 bytes (1 switches on core 0)
2026-07-03 17:21:28.337 7 INFO neutron.db.ovn_revision_numbers_db [None req-45ca8c77-aecd-4c71-ae35-8633f7a11d0c - - - - - -] Successfully bumped revision number for resource e7ef6677-8a92-4fb0-b8f3-7ee70e7a63dc (type: ports) to 3 [pid: 7|app: 0|req: 1375/2743] 10.0.0.124 () {34 vars in 685 bytes} [Fri Jul 3 17:21:24 2026] POST /v2.0/vpn/vpnservices => generated 458 bytes in 4534 msecs (HTTP/1.1 201) 4 headers in 162 bytes (1 switches on core 0) [pid: 8|app: 0|req: 1369/2744] 10.0.0.124 () {34 vars in 685 bytes} [Fri Jul 3 17:21:28 2026] POST /v2.0/vpn/vpnservices => generated 423 bytes in 483 msecs (HTTP/1.1 201) 4 headers in 162 bytes (1 switches on core 0) /var/lib/openstack/lib/python3.12/site-packages/pycadf/identifier.py:70: UserWarning: Invalid uuid: neutron. To ensure interoperability, identifiers should be a valid uuid. warnings.warn(('Invalid uuid: %s. To ensure interoperability, ' [pid: 7|app: 0|req: 1376/2745] 10.0.0.124 () {34 vars in 684 bytes} [Fri Jul 3 17:21:29 2026] POST /v2.0/vpn/ikepolicies => generated 404 bytes in 54 msecs (HTTP/1.1 201) 4 headers in 162 bytes (1 switches on core 0) [pid: 8|app: 0|req: 1370/2746] 10.0.0.124 () {34 vars in 688 bytes} [Fri Jul 3 17:21:29 2026] POST /v2.0/vpn/ipsecpolicies => generated 413 bytes in 44 msecs (HTTP/1.1 201) 4 headers in 162 bytes (1 switches on core 0) [pid: 7|app: 0|req: 1377/2747] 10.0.0.124 () {34 vars in 693 bytes} [Fri Jul 3 17:21:29 2026] POST /v2.0/vpn/endpoint-groups => generated 329 bytes in 69 msecs (HTTP/1.1 201) 4 headers in 162 bytes (1 switches on core 0) [pid: 8|app: 0|req: 1371/2748] 10.0.0.124 () {34 vars in 693 bytes} [Fri Jul 3 17:21:29 2026] POST /v2.0/vpn/endpoint-groups => generated 320 bytes in 53 msecs (HTTP/1.1 201) 4 headers in 162 bytes (1 switches on core 0) [pid: 8|app: 0|req: 1372/2749] 10.0.0.124 () {32 vars in 740 bytes} [Fri Jul 3 17:21:29 2026] DELETE /v2.0/security-groups/48d496ab-ba99-4a10-8def-8648c13ec928 => generated 0 bytes in 198 msecs (HTTP/1.1 204) 2 headers in 112 bytes (1 switches on core 0)
2026-07-03 17:21:29.727 8 INFO neutron_taas.services.taas.taas_plugin [None req-478fed11-d3f3-4893-85d3-8f15f9ab0dd2 acb157df7df14cf5b16e8b9edda7bf13 535fb01a75e444c58758997b86b9f715 - - default default] TaaS: Handle Delete Port: 6533276e-a928-4815-b8c2-2fdccb27fadc
2026-07-03 17:21:29.730 8 INFO neutron_taas.services.taas.tap_mirror_plugin [None req-478fed11-d3f3-4893-85d3-8f15f9ab0dd2 acb157df7df14cf5b16e8b9edda7bf13 535fb01a75e444c58758997b86b9f715 - - default default] Tap Mirror: Handle Delete Port: 6533276e-a928-4815-b8c2-2fdccb27fadc [pid: 8|app: 0|req: 1373/2750] 10.0.0.124 () {32 vars in 732 bytes} [Fri Jul 3 17:21:29 2026] DELETE /v2.0/floatingips/be256f46-03eb-4c0d-b504-1abe18fc5e48 => generated 0 bytes in 299 msecs (HTTP/1.1 204) 2 headers in 112 bytes (1 switches on core 0) [pid: 8|app: 0|req: 1374/2751] 10.0.0.194 () {34 vars in 990 bytes} [Fri Jul 3 17:21:30 2026] GET /v2.0/ports?device_id=6420793f-eec4-40b8-a9a5-08dd5f4bdeec => generated 975 bytes in 85 msecs (HTTP/1.1 200) 4 headers in 157 bytes (1 switches on core 0) [pid: 8|app: 0|req: 1377/2754] 10.0.0.194 () {34 vars in 1040 bytes} [Fri Jul 3 17:21:30 2026] GET /v2.0/security-groups?id=58407bc7-abbc-486c-977f-141ba09a266b&fields=id&fields=name => generated 114 bytes in 27 msecs (HTTP/1.1 200) 4 headers in 157 bytes (1 switches on core 0)
2026-07-03 17:21:30.423 7 INFO neutron.db.ovn_revision_numbers_db [None req-96579c67-840b-4fa6-bcf6-6f20ba7fba00 f0610c88382e438ba388940c47e1d19f 43314bc725604271a90a3e4372a9e672 - - default default] Successfully bumped revision number for resource 89d2575c-38aa-4bc3-bbe1-4a3ab283f813 (type: routers) to 5 [pid: 7|app: 0|req: 1378/2755] 10.0.0.124 () {34 vars in 707 bytes} [Fri Jul 3 17:21:29 2026] POST /v2.0/vpn/ipsec-site-connections => generated 802 bytes in 1198 msecs (HTTP/1.1 201) 4 headers in 162 bytes (1 switches on core 0) [pid: 8|app: 0|req: 1378/2756] 10.0.0.124 () {34 vars in 693 bytes} [Fri Jul 3 17:21:30 2026] POST /v2.0/vpn/endpoint-groups => generated 290 bytes in 52 msecs (HTTP/1.1 201) 4 headers in 162 bytes (1 switches on core 0) [pid: 7|app: 0|req: 1379/2757] 10.0.0.124 () {32 vars in 748 bytes} [Fri Jul 3 17:21:30 2026] DELETE /v2.0/vpn/endpoint-groups/75ddfe38-2ae0-44e2-8a25-ab50617adf1b => generated 0 bytes in 31 msecs (HTTP/1.1 204) 2 headers in 112 bytes (1 switches on core 0) [pid: 8|app: 0|req: 1379/2758] 10.0.0.124 () {32 vars in 671 bytes} [Fri Jul 3 17:21:30 2026] GET /v2.0/vpn/endpoint-groups => generated 634 bytes in 16 msecs (HTTP/1.1 200) 4 headers in 157 bytes (1 switches on core 0) [pid: 7|app: 0|req: 1380/2759] 10.0.0.124 () {32 vars in 671 bytes} [Fri Jul 3 17:21:30 2026] GET /v2.0/vpn/endpoint-groups => generated 634 bytes in 16 msecs (HTTP/1.1 200) 4 headers in 157 bytes (1 switches on core 0) [pid: 8|app: 0|req: 1380/2760] 10.0.0.124 () {34 vars in 685 bytes} [Fri Jul 3 17:21:30 2026] POST /v2.0/vpn/ikepolicies => generated 403 bytes in 77 msecs (HTTP/1.1 201) 4 headers in 162 bytes (1 switches on core 0) [pid: 7|app: 0|req: 1381/2761] 10.0.0.124 () {32 vars in 663 bytes} [Fri Jul 3 17:21:31 2026] GET /v2.0/vpn/ikepolicies => generated 798 bytes in 19 msecs (HTTP/1.1 200) 4 headers in 157 bytes (1 switches on core 0) [pid: 8|app: 0|req: 1381/2762] 10.0.0.124 () {32 vars in 740 bytes} [Fri Jul 3 17:21:31 2026] DELETE /v2.0/vpn/ikepolicies/a3253500-d9a3-43ef-b9b6-f10c584bcadf => generated 0 bytes in 34 msecs (HTTP/1.1 204) 2 headers in 112 bytes (1 switches on core 0) [pid: 7|app: 0|req: 1382/2763] 10.0.0.124 () {34 vars in 689 bytes} [Fri Jul 3 17:21:31 2026] POST /v2.0/vpn/ipsecpolicies => generated 412 bytes in 108 msecs (HTTP/1.1 201) 4 headers in 162 bytes (1 switches on core 0) [pid: 8|app: 0|req: 1382/2764] 10.0.0.124 () {32 vars in 667 bytes} [Fri Jul 3 17:21:31 2026] GET /v2.0/vpn/ipsecpolicies => generated 814 bytes in 11 msecs (HTTP/1.1 200) 4 headers in 157 bytes (1 switches on core 0) [pid: 7|app: 0|req: 1383/2765] 10.0.0.124 () {32 vars in 744 bytes} [Fri Jul 3 17:21:31 2026] DELETE /v2.0/vpn/ipsecpolicies/0935283a-5e0b-4cbb-8b5f-59ea00f1e792 => generated 0 bytes in 45 msecs (HTTP/1.1 204) 2 headers in 112 bytes (1 switches on core 0)
2026-07-03 17:21:31.361 8 INFO neutron.db.segments_db [None req-4fc78bde-1bc6-4a6d-b355-8b75e438ba42 f0610c88382e438ba388940c47e1d19f 43314bc725604271a90a3e4372a9e672 - - default default] Added segment 1f8828e2-238e-47f9-b849-d4120bf08cff of type geneve for network c41e9cec-9f67-4107-8dee-069987c87a59 [pid: 7|app: 0|req: 1384/2766] 10.0.0.194 () {34 vars in 990 bytes} [Fri Jul 3 17:21:31 2026] GET /v2.0/ports?device_id=6420793f-eec4-40b8-a9a5-08dd5f4bdeec => generated 975 bytes in 68 msecs (HTTP/1.1 200) 4 headers in 157 bytes (1 switches on core 0) [pid: 7|app: 0|req: 1385/2767] 10.0.0.194 () {34 vars in 1040 bytes} [Fri Jul 3 17:21:31 2026] GET /v2.0/security-groups?id=58407bc7-abbc-486c-977f-141ba09a266b&fields=id&fields=name => generated 114 bytes in 28 msecs (HTTP/1.1 200) 4 headers in 157 bytes (1 switches on core 0)
2026-07-03 17:21:31.457 8 INFO neutron.db.ovn_revision_numbers_db [None req-4fc78bde-1bc6-4a6d-b355-8b75e438ba42 f0610c88382e438ba388940c47e1d19f 43314bc725604271a90a3e4372a9e672 - - default default] Successfully bumped revision number for resource c41e9cec-9f67-4107-8dee-069987c87a59 (type: networks) to 1
2026-07-03 17:21:31.632 8 WARNING neutron.scheduler.dhcp_agent_scheduler [None req-4fc78bde-1bc6-4a6d-b355-8b75e438ba42 f0610c88382e438ba388940c47e1d19f 43314bc725604271a90a3e4372a9e672 - - default default] No more DHCP agents
2026-07-03 17:21:31.634 8 WARNING neutron.api.rpc.agentnotifiers.dhcp_rpc_agent_api [None req-4fc78bde-1bc6-4a6d-b355-8b75e438ba42 f0610c88382e438ba388940c47e1d19f 43314bc725604271a90a3e4372a9e672 - - default default] Unable to schedule network c41e9cec-9f67-4107-8dee-069987c87a59: no agents available; will retry on subsequent port and subnet creation events.
2026-07-03 17:21:31.728 8 INFO neutron.db.ovn_revision_numbers_db [None req-4fc78bde-1bc6-4a6d-b355-8b75e438ba42 f0610c88382e438ba388940c47e1d19f 43314bc725604271a90a3e4372a9e672 - - default default] Successfully bumped revision number for resource d652af58-1423-4515-b651-5f398a44d8fe (type: ports) to 1 [pid: 8|app: 0|req: 1383/2768] 10.0.0.124 () {34 vars in 670 bytes} [Fri Jul 3 17:21:31 2026] POST /v2.0/networks => generated 650 bytes in 481 msecs (HTTP/1.1 201) 4 headers in 162 bytes (1 switches on core 0)
2026-07-03 17:21:31.951 7 WARNING neutron.scheduler.dhcp_agent_scheduler [None req-b7316fda-fb5e-4342-80eb-8bb13d40578a f0610c88382e438ba388940c47e1d19f 43314bc725604271a90a3e4372a9e672 - - default default] No more DHCP agents
2026-07-03 17:21:31.952 7 WARNING neutron.api.rpc.agentnotifiers.dhcp_rpc_agent_api [None req-b7316fda-fb5e-4342-80eb-8bb13d40578a f0610c88382e438ba388940c47e1d19f 43314bc725604271a90a3e4372a9e672 - - default default] Unable to schedule network c41e9cec-9f67-4107-8dee-069987c87a59: no agents available; will retry on subsequent port and subnet creation events. [pid: 8|app: 0|req: 1384/2769] 199.204.45.227 () {34 vars in 994 bytes} [Fri Jul 3 17:21:32 2026] GET /v2.0/ports?device_id=6420793f-eec4-40b8-a9a5-08dd5f4bdeec => generated 975 bytes in 36 msecs (HTTP/1.1 200) 4 headers in 157 bytes (1 switches on core 0)
2026-07-03 17:21:32.441 7 INFO neutron.db.ovn_revision_numbers_db [None req-f04733e8-b1b9-45e8-a58c-f9bc4fc92341 - - - - - -] Successfully bumped revision number for resource d652af58-1423-4515-b651-5f398a44d8fe (type: ports) to 2
2026-07-03 17:21:32.469 7 INFO neutron.db.ovn_revision_numbers_db [None req-f04733e8-b1b9-45e8-a58c-f9bc4fc92341 - - - - - -] Successfully bumped revision number for resource a3b95df5-7c2c-4923-890a-23f2c434bd8d (type: subnets) to 0 [pid: 7|app: 0|req: 1386/2770] 10.0.0.124 () {34 vars in 669 bytes} [Fri Jul 3 17:21:31 2026] POST /v2.0/subnets => generated 629 bytes in 730 msecs (HTTP/1.1 201) 4 headers in 162 bytes (1 switches on core 0)
2026-07-03 17:21:32.492 8 INFO neutron_taas.services.taas.taas_plugin [req-ef54fb97-e438-4d4d-a973-210447d136f5 req-f4d96b6e-19f5-49b9-8749-182b80e92403 acb157df7df14cf5b16e8b9edda7bf13 535fb01a75e444c58758997b86b9f715 - - default default] TaaS: Handle Delete Port: 282db4d9-ab07-4568-91b4-9b4c558fe36e
2026-07-03 17:21:32.495 8 INFO neutron_taas.services.taas.tap_mirror_plugin [req-ef54fb97-e438-4d4d-a973-210447d136f5 req-f4d96b6e-19f5-49b9-8749-182b80e92403 acb157df7df14cf5b16e8b9edda7bf13 535fb01a75e444c58758997b86b9f715 - - default default] Tap Mirror: Handle Delete Port: 282db4d9-ab07-4568-91b4-9b4c558fe36e [pid: 7|app: 0|req: 1387/2771] 10.0.0.194 () {34 vars in 990 bytes} [Fri Jul 3 17:21:32 2026] GET /v2.0/ports?device_id=6420793f-eec4-40b8-a9a5-08dd5f4bdeec => generated 975 bytes in 37 msecs (HTTP/1.1 200) 4 headers in 157 bytes (1 switches on core 0) [pid: 8|app: 0|req: 1385/2772] 199.204.45.227 () {36 vars in 997 bytes} [Fri Jul 3 17:21:32 2026] DELETE /v2.0/ports/282db4d9-ab07-4568-91b4-9b4c558fe36e => generated 0 bytes in 288 msecs (HTTP/1.1 204) 3 headers in 131 bytes (1 switches on core 0)
2026-07-03 17:21:32.680 8 INFO neutron.notifiers.nova [-] Nova event matching ['req-7b196b36-49b8-4ba0-b1a3-96a305d87881'] response: {'server_uuid': '6420793f-eec4-40b8-a9a5-08dd5f4bdeec', 'name': 'network-vif-deleted', 'tag': '282db4d9-ab07-4568-91b4-9b4c558fe36e', 'status': 'completed', 'code': 200} [pid: 8|app: 0|req: 1386/2773] 10.0.0.194 () {34 vars in 1040 bytes} [Fri Jul 3 17:21:32 2026] GET /v2.0/security-groups?id=58407bc7-abbc-486c-977f-141ba09a266b&fields=id&fields=name => generated 114 bytes in 57 msecs (HTTP/1.1 200) 4 headers in 157 bytes (1 switches on core 0)
2026-07-03 17:21:32.942 7 WARNING neutron.scheduler.dhcp_agent_scheduler [None req-e3f44e6a-ba25-45b4-9c74-4df59a6d568f f0610c88382e438ba388940c47e1d19f 43314bc725604271a90a3e4372a9e672 - - default default] No more DHCP agents
2026-07-03 17:21:32.944 7 WARNING neutron.api.rpc.agentnotifiers.dhcp_rpc_agent_api [None req-e3f44e6a-ba25-45b4-9c74-4df59a6d568f f0610c88382e438ba388940c47e1d19f 43314bc725604271a90a3e4372a9e672 - - default default] Unable to schedule network 0b716415-cfa1-46e6-a6de-0daccc32b200: no agents available; will retry on subsequent port and subnet creation events.
2026-07-03 17:21:33.075 7 INFO neutron.db.ovn_revision_numbers_db [None req-e3f44e6a-ba25-45b4-9c74-4df59a6d568f f0610c88382e438ba388940c47e1d19f 43314bc725604271a90a3e4372a9e672 - - default default] Successfully bumped revision number for resource 7994607c-9fc5-4935-aecc-4e7687a6af70 (type: ports) to 1
2026-07-03 17:21:33.609 8 WARNING neutron.plugins.ml2.drivers.ovn.mech_driver.ovsdb.ovn_client [None req-4ae3d923-1a1e-475f-9771-83f558340fe5 - - - - - -] No hosting information found for port 616cad1e-a4df-4d4d-9f01-978ef16b7541: RuntimeError: No hosting information found for port 616cad1e-a4df-4d4d-9f01-978ef16b7541
2026-07-03 17:21:33.618 7 INFO neutron.plugins.ml2.drivers.ovn.mech_driver.ovsdb.commands [None req-ea60f971-094d-4784-9122-b748729abf16 - - - - - -] Schedule LRP lrp-7994607c-9fc5-4935-aecc-4e7687a6af70 on gateway e4184fcb-78e1-4dce-b54f-9203eb8e8bba with priority 1
2026-07-03 17:21:33.678 7 INFO neutron.db.ovn_revision_numbers_db [None req-e3f44e6a-ba25-45b4-9c74-4df59a6d568f f0610c88382e438ba388940c47e1d19f 43314bc725604271a90a3e4372a9e672 - - default default] Successfully bumped revision number for resource 7994607c-9fc5-4935-aecc-4e7687a6af70 (type: router_ports) to 1
2026-07-03 17:21:33.742 7 INFO neutron.db.ovn_revision_numbers_db [None req-e3f44e6a-ba25-45b4-9c74-4df59a6d568f f0610c88382e438ba388940c47e1d19f 43314bc725604271a90a3e4372a9e672 - - default default] Successfully bumped revision number for resource d768d216-328e-4ff4-ac09-d3dae2a9744d (type: routers) to 2
2026-07-03 17:21:33.768 8 INFO neutron.db.ovn_revision_numbers_db [None req-4ae3d923-1a1e-475f-9771-83f558340fe5 - - - - - -] Successfully bumped revision number for resource 616cad1e-a4df-4d4d-9f01-978ef16b7541 (type: router_ports) to 2
2026-07-03 17:21:33.768 8 INFO neutron.plugins.ml2.drivers.ovn.mech_driver.mech_driver [None req-4ae3d923-1a1e-475f-9771-83f558340fe5 - - - - - -] OVN reports status down for port: 49f47b76-8218-4fb8-a56f-0c0345f3d8e4 [pid: 7|app: 0|req: 1388/2774] 10.0.0.124 () {34 vars in 669 bytes} [Fri Jul 3 17:21:32 2026] POST /v2.0/routers => generated 936 bytes in 1249 msecs (HTTP/1.1 201) 4 headers in 162 bytes (1 switches on core 0) [pid: 7|app: 0|req: 1389/2775] 10.0.0.194 () {34 vars in 990 bytes} [Fri Jul 3 17:21:33 2026] GET /v2.0/ports?device_id=6420793f-eec4-40b8-a9a5-08dd5f4bdeec => generated 12 bytes in 19 msecs (HTTP/1.1 200) 4 headers in 156 bytes (1 switches on core 0)
2026-07-03 17:21:33.923 8 INFO neutron.plugins.ml2.drivers.ovn.mech_driver.mech_driver [None req-4ae3d923-1a1e-475f-9771-83f558340fe5 - - - - - -] OVN reports status down for port: fe903cac-03fc-4f63-8a14-42afcb49c4a2
2026-07-03 17:21:34.058 8 WARNING neutron.plugins.ml2.drivers.ovn.mech_driver.ovsdb.ovn_client [None req-4ae3d923-1a1e-475f-9771-83f558340fe5 - - - - - -] Logical_Switch_Port %s host information not removed, the port state is up
2026-07-03 17:21:34.058 8 INFO neutron.plugins.ml2.drivers.ovn.mech_driver.mech_driver [None req-4ae3d923-1a1e-475f-9771-83f558340fe5 - - - - - -] OVN reports status up for port: fe903cac-03fc-4f63-8a14-42afcb49c4a2
2026-07-03 17:21:34.090 8 INFO neutron.plugins.ml2.plugin [None req-4ae3d923-1a1e-475f-9771-83f558340fe5 - - - - - -] Attempt 1 to provision port fe903cac-03fc-4f63-8a14-42afcb49c4a2
2026-07-03 17:21:34.652 8 WARNING neutron.scheduler.dhcp_agent_scheduler [None req-4a97594b-4e2b-4404-9d75-7637c1bd16d5 f0610c88382e438ba388940c47e1d19f 43314bc725604271a90a3e4372a9e672 - - default default] No more DHCP agents
2026-07-03 17:21:34.656 8 WARNING neutron.api.rpc.agentnotifiers.dhcp_rpc_agent_api [None req-4a97594b-4e2b-4404-9d75-7637c1bd16d5 f0610c88382e438ba388940c47e1d19f 43314bc725604271a90a3e4372a9e672 - - default default] Unable to schedule network c41e9cec-9f67-4107-8dee-069987c87a59: no agents available; will retry on subsequent port and subnet creation events.
2026-07-03 17:21:34.830 8 INFO neutron.db.ovn_revision_numbers_db [None req-4ae3d923-1a1e-475f-9771-83f558340fe5 - - - - - -] Successfully bumped revision number for resource fe903cac-03fc-4f63-8a14-42afcb49c4a2 (type: ports) to 2 [pid: 7|app: 0|req: 1390/2776] 10.0.0.194 () {34 vars in 990 bytes} [Fri Jul 3 17:21:34 2026] GET /v2.0/ports?device_id=6420793f-eec4-40b8-a9a5-08dd5f4bdeec => generated 12 bytes in 18 msecs (HTTP/1.1 200) 4 headers in 156 bytes (1 switches on core 0)
2026-07-03 17:21:34.938 8 INFO neutron.db.ovn_revision_numbers_db [None req-4a97594b-4e2b-4404-9d75-7637c1bd16d5 f0610c88382e438ba388940c47e1d19f 43314bc725604271a90a3e4372a9e672 - - default default] Successfully bumped revision number for resource 122ad2d1-4d0e-410e-a6be-24fdeea333ef (type: ports) to 1
2026-07-03 17:21:35.718 8 WARNING neutron.scheduler.dhcp_agent_scheduler [None req-4a97594b-4e2b-4404-9d75-7637c1bd16d5 f0610c88382e438ba388940c47e1d19f 43314bc725604271a90a3e4372a9e672 - - default default] No more DHCP agents
2026-07-03 17:21:35.719 8 WARNING neutron.api.rpc.agentnotifiers.dhcp_rpc_agent_api [None req-4a97594b-4e2b-4404-9d75-7637c1bd16d5 f0610c88382e438ba388940c47e1d19f 43314bc725604271a90a3e4372a9e672 - - default default] Unable to schedule network c41e9cec-9f67-4107-8dee-069987c87a59: no agents available; will retry on subsequent port and subnet creation events. [pid: 7|app: 0|req: 1391/2777] 10.0.0.124 () {32 vars in 740 bytes} [Fri Jul 3 17:21:35 2026] DELETE /v2.0/security-groups/58407bc7-abbc-486c-977f-141ba09a266b => generated 0 bytes in 219 msecs (HTTP/1.1 204) 2 headers in 112 bytes (1 switches on core 0)
2026-07-03 17:21:36.213 8 INFO neutron.db.ovn_revision_numbers_db [None req-4a97594b-4e2b-4404-9d75-7637c1bd16d5 f0610c88382e438ba388940c47e1d19f 43314bc725604271a90a3e4372a9e672 - - default default] Successfully bumped revision number for resource 122ad2d1-4d0e-410e-a6be-24fdeea333ef (type: router_ports) to 1 [pid: 8|app: 0|req: 1387/2778] 10.0.0.124 () {34 vars in 783 bytes} [Fri Jul 3 17:21:33 2026] PUT /v2.0/routers/d768d216-328e-4ff4-ac09-d3dae2a9744d/add_router_interface => generated 309 bytes in 2438 msecs (HTTP/1.1 200) 4 headers in 157 bytes (1 switches on core 0) /var/lib/openstack/lib/python3.12/site-packages/pycadf/identifier.py:70: UserWarning: Invalid uuid: neutron. To ensure interoperability, identifiers should be a valid uuid. warnings.warn(('Invalid uuid: %s. To ensure interoperability, '
2026-07-03 17:21:36.410 7 INFO neutron.plugins.ml2.drivers.ovn.mech_driver.mech_driver [None req-b022df71-bc53-4d2c-acfa-31cf272de1cd - - - - - -] OVN reports status up for port: e7ef6677-8a92-4fb0-b8f3-7ee70e7a63dc
2026-07-03 17:21:36.457 7 INFO neutron.plugins.ml2.plugin [None req-b022df71-bc53-4d2c-acfa-31cf272de1cd - - - - - -] Attempt 1 to provision port e7ef6677-8a92-4fb0-b8f3-7ee70e7a63dc
2026-07-03 17:21:36.865 8 WARNING neutron.scheduler.dhcp_agent_scheduler [None req-cc10a4cf-e3ee-4c22-aa0d-a90483f90c7f - - - - - -] No more DHCP agents
2026-07-03 17:21:36.866 8 WARNING neutron.api.rpc.agentnotifiers.dhcp_rpc_agent_api [None req-cc10a4cf-e3ee-4c22-aa0d-a90483f90c7f - - - - - -] Unable to schedule network 0b716415-cfa1-46e6-a6de-0daccc32b200: no agents available; will retry on subsequent port and subnet creation events.
2026-07-03 17:21:36.913 7 INFO neutron_taas.services.taas.taas_plugin [None req-3abf9305-1c5f-4ab1-b7f4-3b0f9d122826 acb157df7df14cf5b16e8b9edda7bf13 535fb01a75e444c58758997b86b9f715 - - default default] TaaS: Handle Delete Port: 297ec539-9c81-42c3-84e3-337ed236b4a5
2026-07-03 17:21:36.922 7 INFO neutron_taas.services.taas.tap_mirror_plugin [None req-3abf9305-1c5f-4ab1-b7f4-3b0f9d122826 acb157df7df14cf5b16e8b9edda7bf13 535fb01a75e444c58758997b86b9f715 - - default default] Tap Mirror: Handle Delete Port: 297ec539-9c81-42c3-84e3-337ed236b4a5
2026-07-03 17:21:37.016 8 INFO neutron.db.ovn_revision_numbers_db [None req-cc10a4cf-e3ee-4c22-aa0d-a90483f90c7f - - - - - -] Successfully bumped revision number for resource 3e9589b9-1968-43dd-a951-74505b27660b (type: ports) to 1
2026-07-03 17:21:37.074 7 INFO neutron.db.ovn_revision_numbers_db [None req-b022df71-bc53-4d2c-acfa-31cf272de1cd - - - - - -] Successfully bumped revision number for resource e7ef6677-8a92-4fb0-b8f3-7ee70e7a63dc (type: ports) to 4
2026-07-03 17:21:37.285 8 INFO neutron.db.ovn_revision_numbers_db [None req-cc10a4cf-e3ee-4c22-aa0d-a90483f90c7f - - - - - -] Successfully bumped revision number for resource 3e9589b9-1968-43dd-a951-74505b27660b (type: ports) to 3
2026-07-03 17:21:37.362 8 INFO neutron.db.segments_db [None req-cc10a4cf-e3ee-4c22-aa0d-a90483f90c7f - - - - - -] Added segment 5366431a-0c92-410b-a6ec-eea793f943ca of type geneve for network f844b6f2-d951-4056-93e4-d5756c47e12c
2026-07-03 17:21:37.512 8 INFO neutron.db.ovn_revision_numbers_db [None req-dd10553d-6a06-4d49-9c89-4909978315c0 - - - - - -] Successfully bumped revision number for resource f844b6f2-d951-4056-93e4-d5756c47e12c (type: networks) to 1 [pid: 7|app: 0|req: 1392/2779] 10.0.0.124 () {34 vars in 789 bytes} [Fri Jul 3 17:21:36 2026] PUT /v2.0/routers/496cdaa3-8499-475b-a1b4-94e4eda90b71/remove_router_interface => generated 309 bytes in 1470 msecs (HTTP/1.1 200) 4 headers in 157 bytes (1 switches on core 0)
2026-07-03 17:21:37.691 8 WARNING neutron.scheduler.dhcp_agent_scheduler [None req-dd10553d-6a06-4d49-9c89-4909978315c0 - - - - - -] No more DHCP agents
2026-07-03 17:21:37.695 8 WARNING neutron.api.rpc.agentnotifiers.dhcp_rpc_agent_api [None req-dd10553d-6a06-4d49-9c89-4909978315c0 - - - - - -] Unable to schedule network f844b6f2-d951-4056-93e4-d5756c47e12c: no agents available; will retry on subsequent port and subnet creation events. /var/lib/openstack/lib/python3.12/site-packages/pycadf/identifier.py:70: UserWarning: Invalid uuid: neutron. To ensure interoperability, identifiers should be a valid uuid. warnings.warn(('Invalid uuid: %s. To ensure interoperability, '
2026-07-03 17:21:37.765 7 INFO neutron.plugins.ml2.drivers.ovn.mech_driver.mech_driver [None req-a0cad999-cfb1-4c16-b568-3046351fc4b3 - - - - - -] OVN reports status down for port: 73e00a8f-df35-4e7e-9552-73828badae8f
2026-07-03 17:21:37.773 8 INFO neutron.db.ovn_revision_numbers_db [None req-dd10553d-6a06-4d49-9c89-4909978315c0 - - - - - -] Successfully bumped revision number for resource 73e00a8f-df35-4e7e-9552-73828badae8f (type: ports) to 1
2026-07-03 17:21:37.892 8 WARNING neutron.scheduler.dhcp_agent_scheduler [None req-dd10553d-6a06-4d49-9c89-4909978315c0 - - - - - -] No more DHCP agents
2026-07-03 17:21:37.893 8 WARNING neutron.api.rpc.agentnotifiers.dhcp_rpc_agent_api [None req-dd10553d-6a06-4d49-9c89-4909978315c0 - - - - - -] Unable to schedule network f844b6f2-d951-4056-93e4-d5756c47e12c: no agents available; will retry on subsequent port and subnet creation events.
2026-07-03 17:21:37.933 8 INFO neutron.db.ovn_revision_numbers_db [None req-dd10553d-6a06-4d49-9c89-4909978315c0 - - - - - -] Successfully bumped revision number for resource 44751df4-6d49-4891-8edb-efc2724887da (type: subnets) to 0 [pid: 7|app: 0|req: 1393/2780] 10.0.0.124 () {32 vars in 724 bytes} [Fri Jul 3 17:21:37 2026] DELETE /v2.0/subnets/7b721653-9277-4e7b-bc8c-77cf42bdd67d => generated 0 bytes in 310 msecs (HTTP/1.1 204) 3 headers in 131 bytes (1 switches on core 0)
2026-07-03 17:21:38.339 8 WARNING neutron.scheduler.dhcp_agent_scheduler [None req-dd10553d-6a06-4d49-9c89-4909978315c0 - - - - - -] No more DHCP agents
2026-07-03 17:21:38.340 8 WARNING neutron.api.rpc.agentnotifiers.dhcp_rpc_agent_api [None req-dd10553d-6a06-4d49-9c89-4909978315c0 - - - - - -] Unable to schedule network f844b6f2-d951-4056-93e4-d5756c47e12c: no agents available; will retry on subsequent port and subnet creation events.
2026-07-03 17:21:38.347 7 INFO neutron_taas.services.taas.taas_plugin [None req-f65f1792-411d-4172-b8e1-3e4f7e9697d2 acb157df7df14cf5b16e8b9edda7bf13 535fb01a75e444c58758997b86b9f715 - - default default] TaaS: Handle Delete Port: 36602f02-e97e-4824-8f2b-691141f55a58
2026-07-03 17:21:38.350 7 INFO neutron_taas.services.taas.tap_mirror_plugin [None req-f65f1792-411d-4172-b8e1-3e4f7e9697d2 acb157df7df14cf5b16e8b9edda7bf13 535fb01a75e444c58758997b86b9f715 - - default default] Tap Mirror: Handle Delete Port: 36602f02-e97e-4824-8f2b-691141f55a58
2026-07-03 17:21:38.493 8 INFO neutron.db.ovn_revision_numbers_db [None req-dd10553d-6a06-4d49-9c89-4909978315c0 - - - - - -] Successfully bumped revision number for resource 011a3654-a135-4386-88b9-60a6ae4521df (type: ports) to 1 [pid: 7|app: 0|req: 1394/2781] 10.0.0.124 () {32 vars in 724 bytes} [Fri Jul 3 17:21:38 2026] DELETE /v2.0/routers/496cdaa3-8499-475b-a1b4-94e4eda90b71 => generated 0 bytes in 774 msecs (HTTP/1.1 204) 2 headers in 112 bytes (1 switches on core 0)
2026-07-03 17:21:38.912 7 INFO neutron_taas.services.taas.taas_plugin [None req-3c94b1c5-a2d5-431a-9ace-806875af478e acb157df7df14cf5b16e8b9edda7bf13 535fb01a75e444c58758997b86b9f715 - - default default] TaaS: Handle Delete Port: 0f22bc94-cd87-45fb-a823-15ba8c215a0f
2026-07-03 17:21:38.915 7 INFO neutron_taas.services.taas.tap_mirror_plugin [None req-3c94b1c5-a2d5-431a-9ace-806875af478e acb157df7df14cf5b16e8b9edda7bf13 535fb01a75e444c58758997b86b9f715 - - default default] Tap Mirror: Handle Delete Port: 0f22bc94-cd87-45fb-a823-15ba8c215a0f
2026-07-03 17:21:39.115 8 WARNING neutron.scheduler.dhcp_agent_scheduler [None req-dd10553d-6a06-4d49-9c89-4909978315c0 - - - - - -] No more DHCP agents
2026-07-03 17:21:39.116 8 WARNING neutron.api.rpc.agentnotifiers.dhcp_rpc_agent_api [None req-dd10553d-6a06-4d49-9c89-4909978315c0 - - - - - -] Unable to schedule network f844b6f2-d951-4056-93e4-d5756c47e12c: no agents available; will retry on subsequent port and subnet creation events. [pid: 7|app: 0|req: 1395/2782] 10.0.0.124 () {32 vars in 726 bytes} [Fri Jul 3 17:21:38 2026] DELETE /v2.0/networks/acdb45ae-4148-449d-bcdc-1e0ba2d62fe8 => generated 0 bytes in 375 msecs (HTTP/1.1 204) 3 headers in 131 bytes (1 switches on core 0)
2026-07-03 17:21:39.233 7 INFO neutron.services.segments.plugin [-] Segment 055db766-a3d5-4244-80e7-3323e6c3e470 resource provider aggregate not found
2026-07-03 17:21:39.248 7 INFO neutron.services.segments.plugin [-] Segment 055db766-a3d5-4244-80e7-3323e6c3e470 resource provider aggregate not found
2026-07-03 17:21:39.253 7 INFO neutron.services.segments.plugin [-] Segment 055db766-a3d5-4244-80e7-3323e6c3e470 resource provider not found; error: Placement Client Error (4xx): {"errors": [{"status": 404, "title": "Not Found", "detail": "The resource could not be found.\n\n No resource provider with uuid 055db766-a3d5-4244-80e7-3323e6c3e470 found for delete ", "request_id": "req-ef2b2da2-35b2-4bf0-a3ff-273212988cee"}]}
2026-07-03 17:21:39.263 7 INFO neutron.services.segments.plugin [-] Segment 055db766-a3d5-4244-80e7-3323e6c3e470 resource provider not found; error: Placement Client Error (4xx): {"errors": [{"status": 404, "title": "Not Found", "detail": "The resource could not be found.\n\n No resource provider with uuid 055db766-a3d5-4244-80e7-3323e6c3e470 found for delete ", "request_id": "req-45844ccb-91bf-4326-a6ea-61405d06536f"}]}
2026-07-03 17:21:39.684 8 INFO neutron.db.ovn_revision_numbers_db [None req-dd10553d-6a06-4d49-9c89-4909978315c0 - - - - - -] Successfully bumped revision number for resource 011a3654-a135-4386-88b9-60a6ae4521df (type: router_ports) to 1
2026-07-03 17:21:39.895 8 WARNING neutron.scheduler.dhcp_agent_scheduler [None req-dd10553d-6a06-4d49-9c89-4909978315c0 - - - - - -] No more DHCP agents
2026-07-03 17:21:39.896 8 WARNING neutron.api.rpc.agentnotifiers.dhcp_rpc_agent_api [None req-dd10553d-6a06-4d49-9c89-4909978315c0 - - - - - -] Unable to schedule network f844b6f2-d951-4056-93e4-d5756c47e12c: no agents available; will retry on subsequent port and subnet creation events.
2026-07-03 17:21:40.082 8 INFO neutron.db.ovn_revision_numbers_db [None req-dd10553d-6a06-4d49-9c89-4909978315c0 - - - - - -] Successfully bumped revision number for resource 51c3cd91-1184-47fa-93d2-1c99d7aa5c90 (type: ports) to 1
2026-07-03 17:21:40.125 7 INFO neutron.db.ovn_revision_numbers_db [None req-a097eb6b-f4aa-41bf-b622-425c389d9453 b39fbfc2df1141159c23cc610b7f0238 bc7bf7793d484ae7a57151bdd30bfa03 - - default default] Successfully bumped revision number for resource fc671812-489b-4105-a355-0d843d8f3248 (type: security_groups) to 1
2026-07-03 17:21:40.139 7 INFO neutron.db.ovn_revision_numbers_db [None req-a097eb6b-f4aa-41bf-b622-425c389d9453 b39fbfc2df1141159c23cc610b7f0238 bc7bf7793d484ae7a57151bdd30bfa03 - - default default] Successfully bumped revision number for resource 128b4e1d-2cb8-434b-a29c-83d16f92b0f9 (type: security_group_rules) to 0
2026-07-03 17:21:40.153 7 INFO neutron.db.ovn_revision_numbers_db [None req-a097eb6b-f4aa-41bf-b622-425c389d9453 b39fbfc2df1141159c23cc610b7f0238 bc7bf7793d484ae7a57151bdd30bfa03 - - default default] Successfully bumped revision number for resource 2e045f0e-9478-4126-8f4b-c03568546456 (type: security_group_rules) to 0
2026-07-03 17:21:40.168 7 INFO neutron.db.ovn_revision_numbers_db [None req-a097eb6b-f4aa-41bf-b622-425c389d9453 b39fbfc2df1141159c23cc610b7f0238 bc7bf7793d484ae7a57151bdd30bfa03 - - default default] Successfully bumped revision number for resource 92b9273a-f7fb-4365-acc7-7879b6e4b706 (type: security_group_rules) to 0
2026-07-03 17:21:40.180 7 INFO neutron.db.ovn_revision_numbers_db [None req-a097eb6b-f4aa-41bf-b622-425c389d9453 b39fbfc2df1141159c23cc610b7f0238 bc7bf7793d484ae7a57151bdd30bfa03 - - default default] Successfully bumped revision number for resource db72046d-b3d3-4988-bc05-0455b67f5e18 (type: security_group_rules) to 0
2026-07-03 17:21:40.182 8 WARNING neutron.plugins.ml2.drivers.ovn.mech_driver.ovsdb.ovn_client [None req-1c6ac956-ac72-4c41-b92b-1fbec1d55847 - - - - - -] No hosting information found for port fe903cac-03fc-4f63-8a14-42afcb49c4a2: RuntimeError: No hosting information found for port fe903cac-03fc-4f63-8a14-42afcb49c4a2 [pid: 7|app: 0|req: 1396/2783] 10.0.0.124 () {32 vars in 774 bytes} [Fri Jul 3 17:21:39 2026] GET /v2.0/security-groups?tenant_id=c78f4a02a455459aa50949733b25caa9&name=default => generated 2929 bytes in 380 msecs (HTTP/1.1 200) 4 headers in 158 bytes (1 switches on core 0)
2026-07-03 17:21:40.439 8 INFO neutron.db.ovn_revision_numbers_db [None req-1c6ac956-ac72-4c41-b92b-1fbec1d55847 - - - - - -] Successfully bumped revision number for resource fe903cac-03fc-4f63-8a14-42afcb49c4a2 (type: router_ports) to 2
2026-07-03 17:21:40.440 8 INFO neutron.plugins.ml2.drivers.ovn.mech_driver.mech_driver [None req-1c6ac956-ac72-4c41-b92b-1fbec1d55847 - - - - - -] OVN reports status down for port: 282db4d9-ab07-4568-91b4-9b4c558fe36e [pid: 7|app: 0|req: 1397/2784] 10.0.0.124 () {32 vars in 740 bytes} [Fri Jul 3 17:21:40 2026] DELETE /v2.0/security-groups/fc671812-489b-4105-a355-0d843d8f3248 => generated 0 bytes in 227 msecs (HTTP/1.1 204) 2 headers in 112 bytes (1 switches on core 0)
2026-07-03 17:21:40.463 8 INFO neutron.plugins.ml2.drivers.ovn.mech_driver.mech_driver [None req-1c6ac956-ac72-4c41-b92b-1fbec1d55847 - - - - - -] OVN reports status down for port: d652af58-1423-4515-b651-5f398a44d8fe
2026-07-03 17:21:40.538 8 INFO neutron.db.ovn_revision_numbers_db [None req-dd10553d-6a06-4d49-9c89-4909978315c0 - - - - - -] Successfully bumped revision number for resource 51c3cd91-1184-47fa-93d2-1c99d7aa5c90 (type: ports) to 3
2026-07-03 17:21:40.570 8 INFO neutron.plugins.ml2.drivers.ovn.mech_driver.mech_driver [None req-1c6ac956-ac72-4c41-b92b-1fbec1d55847 - - - - - -] OVN reports status down for port: 7994607c-9fc5-4935-aecc-4e7687a6af70 [pid: 7|app: 0|req: 1398/2785] 10.0.0.124 () {32 vars in 774 bytes} [Fri Jul 3 17:21:40 2026] GET /v2.0/security-groups?tenant_id=535fb01a75e444c58758997b86b9f715&name=default => generated 2925 bytes in 30 msecs (HTTP/1.1 200) 4 headers in 158 bytes (1 switches on core 0)
2026-07-03 17:21:40.754 8 WARNING neutron.plugins.ml2.drivers.ovn.mech_driver.ovsdb.ovn_client [None req-1c6ac956-ac72-4c41-b92b-1fbec1d55847 - - - - - -] Logical_Switch_Port %s host information not removed, the port state is up
2026-07-03 17:21:40.756 8 INFO neutron.plugins.ml2.drivers.ovn.mech_driver.mech_driver [None req-1c6ac956-ac72-4c41-b92b-1fbec1d55847 - - - - - -] OVN reports status up for port: 7994607c-9fc5-4935-aecc-4e7687a6af70
2026-07-03 17:21:40.804 8 INFO neutron.plugins.ml2.plugin [None req-1c6ac956-ac72-4c41-b92b-1fbec1d55847 - - - - - -] Attempt 1 to provision port 7994607c-9fc5-4935-aecc-4e7687a6af70 [pid: 7|app: 0|req: 1399/2786] 10.0.0.124 () {32 vars in 740 bytes} [Fri Jul 3 17:21:40 2026] DELETE /v2.0/security-groups/21e32680-4cb7-4811-ace8-ffae0150f306 => generated 0 bytes in 281 msecs (HTTP/1.1 204) 2 headers in 112 bytes (1 switches on core 0) [pid: 8|app: 0|req: 1388/2787] 10.0.0.124 () {34 vars in 685 bytes} [Fri Jul 3 17:21:36 2026] POST /v2.0/vpn/vpnservices => generated 458 bytes in 4685 msecs (HTTP/1.1 201) 4 headers in 162 bytes (1 switches on core 0) [pid: 7|app: 0|req: 1400/2788] 10.0.0.124 () {32 vars in 663 bytes} [Fri Jul 3 17:21:40 2026] GET /v2.0/vpn/vpnservices => generated 1314 bytes in 15 msecs (HTTP/1.1 200) 4 headers in 158 bytes (1 switches on core 0)
2026-07-03 17:21:41.238 8 INFO neutron_taas.services.taas.taas_plugin [None req-cfc0db33-8bca-4e02-8361-ad4818aa0f0d 17abd7b59af3402fb0971d28c74da710 915b9c5066a54d0c907ae5e2dd504d1c - - default default] TaaS: Handle Delete Port: 3e9589b9-1968-43dd-a951-74505b27660b
2026-07-03 17:21:41.240 8 INFO neutron_taas.services.taas.tap_mirror_plugin [None req-cfc0db33-8bca-4e02-8361-ad4818aa0f0d 17abd7b59af3402fb0971d28c74da710 915b9c5066a54d0c907ae5e2dd504d1c - - default default] Tap Mirror: Handle Delete Port: 3e9589b9-1968-43dd-a951-74505b27660b
2026-07-03 17:21:41.545 8 INFO neutron_taas.services.taas.taas_plugin [None req-7dace9a1-25bc-4dff-8f85-ec3847a8d0be - - - - - -] TaaS: Handle Delete Port: 51c3cd91-1184-47fa-93d2-1c99d7aa5c90
2026-07-03 17:21:41.549 8 INFO neutron_taas.services.taas.tap_mirror_plugin [None req-7dace9a1-25bc-4dff-8f85-ec3847a8d0be - - - - - -] Tap Mirror: Handle Delete Port: 51c3cd91-1184-47fa-93d2-1c99d7aa5c90
2026-07-03 17:21:42.096 8 INFO neutron_taas.services.taas.taas_plugin [None req-5489e638-c357-40f4-ac99-bc5afb8ba722 - - - - - -] TaaS: Handle Delete Port: 011a3654-a135-4386-88b9-60a6ae4521df
2026-07-03 17:21:42.100 8 INFO neutron_taas.services.taas.tap_mirror_plugin [None req-5489e638-c357-40f4-ac99-bc5afb8ba722 - - - - - -] Tap Mirror: Handle Delete Port: 011a3654-a135-4386-88b9-60a6ae4521df
2026-07-03 17:21:42.931 8 INFO neutron_taas.services.taas.taas_plugin [None req-5489e638-c357-40f4-ac99-bc5afb8ba722 - - - - - -] TaaS: Handle Delete Port: 73e00a8f-df35-4e7e-9552-73828badae8f
2026-07-03 17:21:42.934 8 INFO neutron_taas.services.taas.tap_mirror_plugin [None req-5489e638-c357-40f4-ac99-bc5afb8ba722 - - - - - -] Tap Mirror: Handle Delete Port: 73e00a8f-df35-4e7e-9552-73828badae8f [pid: 8|app: 0|req: 1389/2789] 10.0.0.124 () {32 vars in 740 bytes} [Fri Jul 3 17:21:40 2026] DELETE /v2.0/vpn/vpnservices/8dfed33d-9f20-4cf1-b41b-3365ba342e3e => generated 0 bytes in 2292 msecs (HTTP/1.1 204) 2 headers in 112 bytes (1 switches on core 0) [pid: 7|app: 0|req: 1401/2790] 10.0.0.124 () {34 vars in 693 bytes} [Fri Jul 3 17:21:43 2026] POST /v2.0/vpn/endpoint-groups => generated 302 bytes in 83 msecs (HTTP/1.1 201) 4 headers in 162 bytes (1 switches on core 0) /var/lib/openstack/lib/python3.12/site-packages/pycadf/identifier.py:70: UserWarning: Invalid uuid: neutron. To ensure interoperability, identifiers should be a valid uuid. warnings.warn(('Invalid uuid: %s. To ensure interoperability, ' [pid: 8|app: 0|req: 1390/2791] 10.0.0.124 () {34 vars in 693 bytes} [Fri Jul 3 17:21:43 2026] POST /v2.0/vpn/endpoint-groups => generated 293 bytes in 45 msecs (HTTP/1.1 201) 4 headers in 162 bytes (1 switches on core 0)
2026-07-03 17:21:43.378 7 WARNING neutron.api.v2.base [None req-5f7756dc-896b-4f27-a845-572a3bfd67b6 f0610c88382e438ba388940c47e1d19f 43314bc725604271a90a3e4372a9e672 - - default default] An exception happened while processing the request body. The exception message is [Unrecognized attribute(s) 'peer_cidr'].: webob.exc.HTTPBadRequest: Unrecognized attribute(s) 'peer_cidr'
2026-07-03 17:21:43.378 7 INFO neutron.api.v2.resource [None req-5f7756dc-896b-4f27-a845-572a3bfd67b6 f0610c88382e438ba388940c47e1d19f 43314bc725604271a90a3e4372a9e672 - - default default] create failed (client error): Unrecognized attribute(s) 'peer_cidr' [pid: 7|app: 0|req: 1402/2792] 10.0.0.124 () {34 vars in 707 bytes} [Fri Jul 3 17:21:43 2026] POST /v2.0/vpn/ipsec-site-connections => generated 110 bytes in 6 msecs (HTTP/1.1 400) 4 headers in 166 bytes (1 switches on core 0)
2026-07-03 17:21:43.388 8 INFO neutron.services.segments.plugin [-] Segment 5366431a-0c92-410b-a6ec-eea793f943ca resource provider aggregate not found
2026-07-03 17:21:43.405 8 INFO neutron.services.segments.plugin [-] Segment 5366431a-0c92-410b-a6ec-eea793f943ca resource provider aggregate not found
2026-07-03 17:21:43.412 8 INFO neutron.services.segments.plugin [-] Segment 5366431a-0c92-410b-a6ec-eea793f943ca resource provider not found; error: Placement Client Error (4xx): {"errors": [{"status": 404, "title": "Not Found", "detail": "The resource could not be found.\n\n No resource provider with uuid 5366431a-0c92-410b-a6ec-eea793f943ca found for delete ", "request_id": "req-a4128ee5-7274-4df5-adf5-e4a30457b7b6"}]} [pid: 8|app: 0|req: 1391/2793] 10.0.0.124 () {32 vars in 671 bytes} [Fri Jul 3 17:21:43 2026] GET /v2.0/vpn/endpoint-groups => generated 1193 bytes in 27 msecs (HTTP/1.1 200) 4 headers in 158 bytes (1 switches on core 0)
2026-07-03 17:21:43.424 8 INFO neutron.services.segments.plugin [-] Segment 5366431a-0c92-410b-a6ec-eea793f943ca resource provider not found; error: Placement Client Error (4xx): {"errors": [{"status": 404, "title": "Not Found", "detail": "The resource could not be found.\n\n No resource provider with uuid 5366431a-0c92-410b-a6ec-eea793f943ca found for delete ", "request_id": "req-f2f0d2e7-620e-4b13-b059-b385ee45de82"}]} [pid: 7|app: 0|req: 1403/2794] 10.0.0.124 () {32 vars in 748 bytes} [Fri Jul 3 17:21:43 2026] DELETE /v2.0/vpn/endpoint-groups/46daff4b-6bfd-440c-bc2e-ed54da55ade8 => generated 0 bytes in 27 msecs (HTTP/1.1 204) 2 headers in 112 bytes (1 switches on core 0) [pid: 8|app: 0|req: 1392/2795] 10.0.0.124 () {32 vars in 671 bytes} [Fri Jul 3 17:21:43 2026] GET /v2.0/vpn/endpoint-groups => generated 918 bytes in 16 msecs (HTTP/1.1 200) 4 headers in 157 bytes (1 switches on core 0) [pid: 7|app: 0|req: 1404/2796] 10.0.0.124 () {32 vars in 671 bytes} [Fri Jul 3 17:21:43 2026] GET /v2.0/vpn/endpoint-groups => generated 918 bytes in 11 msecs (HTTP/1.1 200) 4 headers in 157 bytes (1 switches on core 0) [pid: 8|app: 0|req: 1393/2797] 10.0.0.124 () {32 vars in 748 bytes} [Fri Jul 3 17:21:43 2026] DELETE /v2.0/vpn/endpoint-groups/b3787744-ae7c-4b7f-b640-a328257f21f5 => generated 0 bytes in 31 msecs (HTTP/1.1 204) 2 headers in 112 bytes (1 switches on core 0) [pid: 7|app: 0|req: 1405/2798] 10.0.0.124 () {32 vars in 671 bytes} [Fri Jul 3 17:21:43 2026] GET /v2.0/vpn/endpoint-groups => generated 634 bytes in 11 msecs (HTTP/1.1 200) 4 headers in 157 bytes (1 switches on core 0) [pid: 8|app: 0|req: 1394/2799] 10.0.0.124 () {34 vars in 693 bytes} [Fri Jul 3 17:21:43 2026] POST /v2.0/vpn/endpoint-groups => generated 302 bytes in 68 msecs (HTTP/1.1 201) 4 headers in 162 bytes (1 switches on core 0) [pid: 7|app: 0|req: 1406/2800] 10.0.0.124 () {34 vars in 693 bytes} [Fri Jul 3 17:21:43 2026] POST /v2.0/vpn/endpoint-groups => generated 294 bytes in 41 msecs (HTTP/1.1 201) 4 headers in 162 bytes (1 switches on core 0)
