2026-07-03 17:18:20.581 7 INFO neutron.db.ovn_revision_numbers_db [None req-16d2a227-1a04-4d06-9a6b-a151d744b25c b6d703c1ceb24489a10f6e0e598f7f76 ca72167b8fc44f74a5e68f41efece69e - - default default] Successfully bumped revision number for resource c9f56e16-5a29-4de8-a7a2-dce9a1373d23 (type: ports) to 1 /var/lib/openstack/lib/python3.12/site-packages/pycadf/identifier.py:70: UserWarning: Invalid uuid: neutron. To ensure interoperability, identifiers should be a valid uuid. warnings.warn(('Invalid uuid: %s. To ensure interoperability, ' [pid: 8|app: 0|req: 815/1671] 199.204.45.227 () {34 vars in 1012 bytes} [Fri Jul 3 17:18:20 2026] GET /v2.0/networks/a3e3d4ad-0f89-4923-b9b5-97a1a8e01e47?fields=segments => generated 14 bytes in 38 msecs (HTTP/1.1 200) 4 headers in 156 bytes (1 switches on core 0) [pid: 7|app: 0|req: 857/1672] 10.0.0.124 () {34 vars in 670 bytes} [Fri Jul 3 17:18:20 2026] POST /v2.0/networks => generated 655 bytes in 568 msecs (HTTP/1.1 201) 4 headers in 162 bytes (1 switches on core 0) [pid: 8|app: 0|req: 816/1673] 199.204.45.227 () {34 vars in 1112 bytes} [Fri Jul 3 17:18:20 2026] GET /v2.0/networks/a3e3d4ad-0f89-4923-b9b5-97a1a8e01e47?fields=provider%3Aphysical_network&fields=provider%3Anetwork_type => generated 79 bytes in 45 msecs (HTTP/1.1 200) 4 headers in 156 bytes (1 switches on core 0)
2026-07-03 17:18:20.864 7 WARNING neutron.scheduler.dhcp_agent_scheduler [None req-1bb2b6d9-96ac-456e-afc6-b3a06e295362 b6d703c1ceb24489a10f6e0e598f7f76 ca72167b8fc44f74a5e68f41efece69e - - default default] No more DHCP agents
2026-07-03 17:18:20.866 7 WARNING neutron.api.rpc.agentnotifiers.dhcp_rpc_agent_api [None req-1bb2b6d9-96ac-456e-afc6-b3a06e295362 b6d703c1ceb24489a10f6e0e598f7f76 ca72167b8fc44f74a5e68f41efece69e - - default default] Unable to schedule network 96656914-e2d9-41e4-ab1d-80b68673614c: no agents available; will retry on subsequent port and subnet creation events.
2026-07-03 17:18:20.892 7 INFO neutron.db.ovn_revision_numbers_db [None req-1bb2b6d9-96ac-456e-afc6-b3a06e295362 b6d703c1ceb24489a10f6e0e598f7f76 ca72167b8fc44f74a5e68f41efece69e - - default default] Successfully bumped revision number for resource 7e111d65-9d31-4c9a-b975-c4b85f4da3c7 (type: subnets) to 0 [pid: 7|app: 0|req: 858/1674] 10.0.0.124 () {34 vars in 669 bytes} [Fri Jul 3 17:18:20 2026] POST /v2.0/subnets => generated 646 bytes in 267 msecs (HTTP/1.1 201) 4 headers in 162 bytes (1 switches on core 0)
2026-07-03 17:18:21.174 8 WARNING neutron.scheduler.dhcp_agent_scheduler [None req-120064ed-6e7e-4980-8f9a-7fc87f68138c b6d703c1ceb24489a10f6e0e598f7f76 ca72167b8fc44f74a5e68f41efece69e - - default default] No more DHCP agents
2026-07-03 17:18:21.175 8 WARNING neutron.api.rpc.agentnotifiers.dhcp_rpc_agent_api [None req-120064ed-6e7e-4980-8f9a-7fc87f68138c b6d703c1ceb24489a10f6e0e598f7f76 ca72167b8fc44f74a5e68f41efece69e - - default default] Unable to schedule network 96656914-e2d9-41e4-ab1d-80b68673614c: no agents available; will retry on subsequent port and subnet creation events. [pid: 7|app: 0|req: 859/1675] 199.204.45.227 () {34 vars in 994 bytes} [Fri Jul 3 17:18:21 2026] GET /v2.0/ports?device_id=d5b8a4f1-fd12-452d-8800-bede98a5d8da => generated 969 bytes in 38 msecs (HTTP/1.1 200) 4 headers in 157 bytes (1 switches on core 0)
2026-07-03 17:18:21.275 8 INFO neutron.plugins.ml2.drivers.ovn.mech_driver.mech_driver [None req-a42cecc9-6bed-4f02-91e5-4b82b7f4b8ee - - - - - -] OVN reports status down for port: 9c1764c0-b965-4e3b-9136-68897ff1bd36
2026-07-03 17:18:21.329 8 INFO neutron.db.ovn_revision_numbers_db [None req-120064ed-6e7e-4980-8f9a-7fc87f68138c b6d703c1ceb24489a10f6e0e598f7f76 ca72167b8fc44f74a5e68f41efece69e - - default default] Successfully bumped revision number for resource 9c1764c0-b965-4e3b-9136-68897ff1bd36 (type: ports) to 1
2026-07-03 17:18:21.343 7 INFO neutron_taas.services.taas.taas_plugin [req-eaf7bb0f-a6d4-4f15-ac13-f1bf975ad77d req-774e7372-02db-478f-8687-cce076a5a8bf bf0da02ecef9459c8527df5b2d3e8790 cff0f85594d84e98b89fdb6ce36e6b54 - - default default] TaaS: Handle Delete Port: 6fc61321-76bc-455f-8e7a-383be42dfb29
2026-07-03 17:18:21.346 7 INFO neutron_taas.services.taas.tap_mirror_plugin [req-eaf7bb0f-a6d4-4f15-ac13-f1bf975ad77d req-774e7372-02db-478f-8687-cce076a5a8bf bf0da02ecef9459c8527df5b2d3e8790 cff0f85594d84e98b89fdb6ce36e6b54 - - default default] Tap Mirror: Handle Delete Port: 6fc61321-76bc-455f-8e7a-383be42dfb29
2026-07-03 17:18:21.401 8 INFO neutron.notifiers.nova [-] Nova event matching ['req-63ef95a1-7c85-4681-aae3-d6a59b6311c4'] response: {'server_uuid': 'd5b8a4f1-fd12-452d-8800-bede98a5d8da', 'name': 'network-vif-unplugged', 'status': 'completed', 'tag': '6fc61321-76bc-455f-8e7a-383be42dfb29', 'code': 200}
2026-07-03 17:18:21.402 8 INFO neutron.notifiers.nova [-] Nova event matching ['req-63ef95a1-7c85-4681-aae3-d6a59b6311c4'] response: {'server_uuid': 'd5b8a4f1-fd12-452d-8800-bede98a5d8da', 'name': 'network-vif-unplugged', 'status': 'completed', 'tag': '6fc61321-76bc-455f-8e7a-383be42dfb29', 'code': 200} [pid: 8|app: 0|req: 817/1676] 10.0.0.124 () {34 vars in 665 bytes} [Fri Jul 3 17:18:20 2026] POST /v2.0/ports => generated 920 bytes in 511 msecs (HTTP/1.1 201) 4 headers in 162 bytes (1 switches on core 0)
2026-07-03 17:18:21.527 7 INFO neutron.db.l3_db [req-eaf7bb0f-a6d4-4f15-ac13-f1bf975ad77d req-774e7372-02db-478f-8687-cce076a5a8bf bf0da02ecef9459c8527df5b2d3e8790 cff0f85594d84e98b89fdb6ce36e6b54 - - default default] Floating IP 9288603f-bdc6-429e-b7ad-4bb3a5335fb9 disassociated. External IP: 10.96.250.210, port: 6fc61321-76bc-455f-8e7a-383be42dfb29.
2026-07-03 17:18:21.579 8 INFO neutron_taas.services.taas.taas_plugin [None req-0fb1bb76-dea9-4c67-86ba-748361556321 b6d703c1ceb24489a10f6e0e598f7f76 ca72167b8fc44f74a5e68f41efece69e - - default default] TaaS: Handle Delete Port: 9c1764c0-b965-4e3b-9136-68897ff1bd36
2026-07-03 17:18:21.582 8 INFO neutron_taas.services.taas.tap_mirror_plugin [None req-0fb1bb76-dea9-4c67-86ba-748361556321 b6d703c1ceb24489a10f6e0e598f7f76 ca72167b8fc44f74a5e68f41efece69e - - default default] Tap Mirror: Handle Delete Port: 9c1764c0-b965-4e3b-9136-68897ff1bd36 [pid: 7|app: 0|req: 860/1677] 199.204.45.227 () {36 vars in 997 bytes} [Fri Jul 3 17:18:21 2026] DELETE /v2.0/ports/6fc61321-76bc-455f-8e7a-383be42dfb29 => generated 0 bytes in 436 msecs (HTTP/1.1 204) 3 headers in 131 bytes (1 switches on core 0) [pid: 7|app: 0|req: 861/1678] 10.0.0.194 () {34 vars in 990 bytes} [Fri Jul 3 17:18:21 2026] GET /v2.0/ports?device_id=d5b8a4f1-fd12-452d-8800-bede98a5d8da => generated 12 bytes in 22 msecs (HTTP/1.1 200) 4 headers in 156 bytes (1 switches on core 0)
2026-07-03 17:18:21.666 7 INFO neutron.notifiers.nova [-] Nova event matching ['req-49e5fabc-0cc3-45e9-be76-26eee958d71c'] response: {'server_uuid': 'd5b8a4f1-fd12-452d-8800-bede98a5d8da', 'name': 'network-vif-deleted', 'tag': '6fc61321-76bc-455f-8e7a-383be42dfb29', 'status': 'completed', 'code': 200} [pid: 8|app: 0|req: 818/1679] 10.0.0.124 () {32 vars in 720 bytes} [Fri Jul 3 17:18:21 2026] DELETE /v2.0/ports/9c1764c0-b965-4e3b-9136-68897ff1bd36 => generated 0 bytes in 362 msecs (HTTP/1.1 204) 3 headers in 131 bytes (1 switches on core 0)
2026-07-03 17:18:21.817 7 INFO neutron.pecan_wsgi.hooks.translation [None req-c0ff85c6-eafd-4713-80e4-335b33b2a661 b6d703c1ceb24489a10f6e0e598f7f76 ca72167b8fc44f74a5e68f41efece69e - - default default] GET failed (client error): The resource could not be found. [pid: 7|app: 0|req: 862/1680] 10.0.0.124 () {32 vars in 717 bytes} [Fri Jul 3 17:18:21 2026] GET /v2.0/ports/9c1764c0-b965-4e3b-9136-68897ff1bd36 => generated 132 bytes in 18 msecs (HTTP/1.1 404) 4 headers in 164 bytes (1 switches on core 0) /var/lib/openstack/lib/python3.12/site-packages/pycadf/identifier.py:70: UserWarning: Invalid uuid: neutron. To ensure interoperability, identifiers should be a valid uuid. warnings.warn(('Invalid uuid: %s. To ensure interoperability, ' [pid: 8|app: 0|req: 819/1681] 10.0.0.124 () {32 vars in 724 bytes} [Fri Jul 3 17:18:21 2026] DELETE /v2.0/subnets/7e111d65-9d31-4c9a-b975-c4b85f4da3c7 => generated 0 bytes in 136 msecs (HTTP/1.1 204) 3 headers in 131 bytes (1 switches on core 0)
2026-07-03 17:18:22.107 7 INFO neutron_taas.services.taas.taas_plugin [None req-49b0417c-6ed6-45ea-bc33-d5334017a020 b6d703c1ceb24489a10f6e0e598f7f76 ca72167b8fc44f74a5e68f41efece69e - - default default] TaaS: Handle Delete Port: c9f56e16-5a29-4de8-a7a2-dce9a1373d23
2026-07-03 17:18:22.110 7 INFO neutron_taas.services.taas.tap_mirror_plugin [None req-49b0417c-6ed6-45ea-bc33-d5334017a020 b6d703c1ceb24489a10f6e0e598f7f76 ca72167b8fc44f74a5e68f41efece69e - - default default] Tap Mirror: Handle Delete Port: c9f56e16-5a29-4de8-a7a2-dce9a1373d23
2026-07-03 17:18:22.290 7 INFO neutron.services.segments.plugin [-] Segment 58c20d1e-32d9-45cc-998e-b6bf0cb30297 resource provider aggregate not found
2026-07-03 17:18:22.294 7 INFO neutron.services.segments.plugin [-] Segment 58c20d1e-32d9-45cc-998e-b6bf0cb30297 resource provider aggregate not found
2026-07-03 17:18:22.308 7 INFO neutron.services.segments.plugin [-] Segment 58c20d1e-32d9-45cc-998e-b6bf0cb30297 resource provider not found; error: Placement Client Error (4xx): {"errors": [{"status": 404, "title": "Not Found", "detail": "The resource could not be found.\n\n No resource provider with uuid 58c20d1e-32d9-45cc-998e-b6bf0cb30297 found for delete ", "request_id": "req-ad48080c-383a-498b-8df0-9b1daaaf1f2b"}]}
2026-07-03 17:18:22.310 7 INFO neutron.services.segments.plugin [-] Segment 58c20d1e-32d9-45cc-998e-b6bf0cb30297 resource provider not found; error: Placement Client Error (4xx): {"errors": [{"status": 404, "title": "Not Found", "detail": "The resource could not be found.\n\n No resource provider with uuid 58c20d1e-32d9-45cc-998e-b6bf0cb30297 found for delete ", "request_id": "req-df4cda28-42c4-476f-9004-f0aa0f5658fb"}]} [pid: 7|app: 0|req: 863/1682] 10.0.0.124 () {32 vars in 726 bytes} [Fri Jul 3 17:18:21 2026] DELETE /v2.0/networks/96656914-e2d9-41e4-ab1d-80b68673614c => generated 0 bytes in 385 msecs (HTTP/1.1 204) 3 headers in 131 bytes (1 switches on core 0)
2026-07-03 17:18:22.575 8 WARNING neutron.scheduler.dhcp_agent_scheduler [None req-9fb5ed90-935b-4dd8-91cf-be3fca10b3c5 b6d703c1ceb24489a10f6e0e598f7f76 ca72167b8fc44f74a5e68f41efece69e - - default default] No more DHCP agents
2026-07-03 17:18:22.577 8 WARNING neutron.api.rpc.agentnotifiers.dhcp_rpc_agent_api [None req-9fb5ed90-935b-4dd8-91cf-be3fca10b3c5 b6d703c1ceb24489a10f6e0e598f7f76 ca72167b8fc44f74a5e68f41efece69e - - default default] Unable to schedule network a00d89c8-0cf2-4af1-ba54-9938b4813b41: no agents available; will retry on subsequent port and subnet creation events.
2026-07-03 17:18:22.658 8 INFO neutron.plugins.ml2.drivers.ovn.mech_driver.mech_driver [None req-a42cecc9-6bed-4f02-91e5-4b82b7f4b8ee - - - - - -] OVN reports status down for port: 45c21f83-880a-43a9-bd24-8e17765f3324
2026-07-03 17:18:22.723 8 INFO neutron.db.ovn_revision_numbers_db [None req-9fb5ed90-935b-4dd8-91cf-be3fca10b3c5 b6d703c1ceb24489a10f6e0e598f7f76 ca72167b8fc44f74a5e68f41efece69e - - default default] Successfully bumped revision number for resource 45c21f83-880a-43a9-bd24-8e17765f3324 (type: ports) to 1 [pid: 7|app: 0|req: 864/1683] 10.0.0.194 () {34 vars in 990 bytes} [Fri Jul 3 17:18:22 2026] GET /v2.0/ports?device_id=d5b8a4f1-fd12-452d-8800-bede98a5d8da => generated 12 bytes in 22 msecs (HTTP/1.1 200) 4 headers in 156 bytes (1 switches on core 0) [pid: 8|app: 0|req: 820/1684] 10.0.0.124 () {34 vars in 665 bytes} [Fri Jul 3 17:18:22 2026] POST /v2.0/ports => generated 779 bytes in 457 msecs (HTTP/1.1 201) 4 headers in 162 bytes (1 switches on core 0)
2026-07-03 17:18:23.021 8 INFO neutron.plugins.ml2.drivers.ovn.mech_driver.mech_driver [None req-a42cecc9-6bed-4f02-91e5-4b82b7f4b8ee - - - - - -] OVN reports status down for port: 45c21f83-880a-43a9-bd24-8e17765f3324
2026-07-03 17:18:23.038 7 INFO neutron.db.ovn_revision_numbers_db [None req-f9d1fa85-c7a9-4415-a4ad-30456e7dde9e b6d703c1ceb24489a10f6e0e598f7f76 ca72167b8fc44f74a5e68f41efece69e - - default default] Successfully bumped revision number for resource 45c21f83-880a-43a9-bd24-8e17765f3324 (type: ports) to 2 [pid: 7|app: 0|req: 865/1685] 10.0.0.124 () {34 vars in 737 bytes} [Fri Jul 3 17:18:22 2026] PUT /v2.0/ports/45c21f83-880a-43a9-bd24-8e17765f3324 => generated 752 bytes in 287 msecs (HTTP/1.1 200) 4 headers in 157 bytes (1 switches on core 0) /var/lib/openstack/lib/python3.12/site-packages/pycadf/identifier.py:70: UserWarning: Invalid uuid: neutron. To ensure interoperability, identifiers should be a valid uuid. warnings.warn(('Invalid uuid: %s. To ensure interoperability, '
2026-07-03 17:18:23.226 8 INFO neutron_taas.services.taas.taas_plugin [None req-c72c36de-3192-432d-9d4e-8e9b8c0a019e b6d703c1ceb24489a10f6e0e598f7f76 ca72167b8fc44f74a5e68f41efece69e - - default default] TaaS: Handle Delete Port: 45c21f83-880a-43a9-bd24-8e17765f3324
2026-07-03 17:18:23.229 8 INFO neutron_taas.services.taas.tap_mirror_plugin [None req-c72c36de-3192-432d-9d4e-8e9b8c0a019e b6d703c1ceb24489a10f6e0e598f7f76 ca72167b8fc44f74a5e68f41efece69e - - default default] Tap Mirror: Handle Delete Port: 45c21f83-880a-43a9-bd24-8e17765f3324 [pid: 8|app: 0|req: 821/1686] 10.0.0.124 () {32 vars in 720 bytes} [Fri Jul 3 17:18:23 2026] DELETE /v2.0/ports/45c21f83-880a-43a9-bd24-8e17765f3324 => generated 0 bytes in 246 msecs (HTTP/1.1 204) 3 headers in 131 bytes (1 switches on core 0) /var/lib/openstack/lib/python3.12/site-packages/pycadf/identifier.py:70: UserWarning: Invalid uuid: neutron. To ensure interoperability, identifiers should be a valid uuid. warnings.warn(('Invalid uuid: %s. To ensure interoperability, ' [pid: 7|app: 0|req: 866/1687] 10.0.0.124 () {32 vars in 643 bytes} [Fri Jul 3 17:18:23 2026] GET /v2.0/ports => generated 1538 bytes in 51 msecs (HTTP/1.1 200) 4 headers in 158 bytes (1 switches on core 0)
2026-07-03 17:18:23.434 8 INFO neutron.pecan_wsgi.hooks.translation [None req-afad4191-01f3-4f60-9828-8fa8fd4153f2 b6d703c1ceb24489a10f6e0e598f7f76 ca72167b8fc44f74a5e68f41efece69e - - default default] GET failed (client error): The resource could not be found. [pid: 8|app: 0|req: 822/1688] 10.0.0.124 () {32 vars in 717 bytes} [Fri Jul 3 17:18:23 2026] GET /v2.0/ports/45c21f83-880a-43a9-bd24-8e17765f3324 => generated 132 bytes in 19 msecs (HTTP/1.1 404) 4 headers in 164 bytes (1 switches on core 0) [pid: 7|app: 0|req: 867/1689] 10.0.0.124 () {32 vars in 643 bytes} [Fri Jul 3 17:18:23 2026] GET /v2.0/ports => generated 1538 bytes in 34 msecs (HTTP/1.1 200) 4 headers in 158 bytes (1 switches on core 0) [pid: 8|app: 0|req: 823/1690] 10.0.0.124 () {32 vars in 717 bytes} [Fri Jul 3 17:18:23 2026] GET /v2.0/ports/ec668e48-856d-47e0-8f86-2cbdaac5c978 => generated 779 bytes in 39 msecs (HTTP/1.1 200) 4 headers in 157 bytes (1 switches on core 0)
2026-07-03 17:18:23.545 7 INFO neutron.pecan_wsgi.hooks.translation [None req-666aa666-fe6f-4e06-9a14-c246501eff20 b6d703c1ceb24489a10f6e0e598f7f76 ca72167b8fc44f74a5e68f41efece69e - - default default] DELETE failed (client error): The resource could not be found. [pid: 7|app: 0|req: 868/1691] 10.0.0.124 () {32 vars in 720 bytes} [Fri Jul 3 17:18:23 2026] DELETE /v2.0/ports/9c1764c0-b965-4e3b-9136-68897ff1bd36 => generated 132 bytes in 20 msecs (HTTP/1.1 404) 4 headers in 164 bytes (1 switches on core 0)
2026-07-03 17:18:23.568 8 INFO neutron.pecan_wsgi.hooks.translation [None req-84abc250-5246-4b78-8788-f98ae1c9e700 b6d703c1ceb24489a10f6e0e598f7f76 ca72167b8fc44f74a5e68f41efece69e - - default default] DELETE failed (client error): The resource could not be found. [pid: 8|app: 0|req: 824/1692] 10.0.0.124 () {32 vars in 724 bytes} [Fri Jul 3 17:18:23 2026] DELETE /v2.0/subnets/7e111d65-9d31-4c9a-b975-c4b85f4da3c7 => generated 136 bytes in 15 msecs (HTTP/1.1 404) 4 headers in 164 bytes (1 switches on core 0)
2026-07-03 17:18:23.587 7 INFO neutron.pecan_wsgi.hooks.translation [None req-72efb821-4d05-4e4e-aa93-a69a5ba82d63 b6d703c1ceb24489a10f6e0e598f7f76 ca72167b8fc44f74a5e68f41efece69e - - default default] DELETE failed (client error): The resource could not be found. [pid: 7|app: 0|req: 869/1693] 10.0.0.124 () {32 vars in 724 bytes} [Fri Jul 3 17:18:23 2026] DELETE /v2.0/subnets/8f684966-e03e-4e9b-8ad0-03c60fdbf2b0 => generated 136 bytes in 15 msecs (HTTP/1.1 404) 4 headers in 164 bytes (1 switches on core 0)
2026-07-03 17:18:23.754 8 INFO neutron_taas.services.taas.taas_plugin [None req-51bf2373-69a3-4131-9245-5c41f0435775 b6d703c1ceb24489a10f6e0e598f7f76 ca72167b8fc44f74a5e68f41efece69e - - default default] TaaS: Handle Delete Port: ec668e48-856d-47e0-8f86-2cbdaac5c978
2026-07-03 17:18:23.759 8 INFO neutron_taas.services.taas.tap_mirror_plugin [None req-51bf2373-69a3-4131-9245-5c41f0435775 b6d703c1ceb24489a10f6e0e598f7f76 ca72167b8fc44f74a5e68f41efece69e - - default default] Tap Mirror: Handle Delete Port: ec668e48-856d-47e0-8f86-2cbdaac5c978 [pid: 7|app: 0|req: 870/1694] 10.0.0.194 () {34 vars in 990 bytes} [Fri Jul 3 17:18:23 2026] GET /v2.0/ports?device_id=d5b8a4f1-fd12-452d-8800-bede98a5d8da => generated 12 bytes in 25 msecs (HTTP/1.1 200) 4 headers in 156 bytes (1 switches on core 0) [pid: 8|app: 0|req: 825/1695] 10.0.0.124 () {32 vars in 720 bytes} [Fri Jul 3 17:18:23 2026] DELETE /v2.0/ports/ec668e48-856d-47e0-8f86-2cbdaac5c978 => generated 0 bytes in 324 msecs (HTTP/1.1 204) 3 headers in 131 bytes (1 switches on core 0)
2026-07-03 17:18:24.024 7 INFO neutron_taas.services.taas.taas_plugin [None req-21241ab5-febf-41e2-a895-92bd0e6aba54 b6d703c1ceb24489a10f6e0e598f7f76 ca72167b8fc44f74a5e68f41efece69e - - default default] TaaS: Handle Delete Port: 5dd9d1e3-4809-407a-8c00-58c95e2f69a4
2026-07-03 17:18:24.026 7 INFO neutron_taas.services.taas.tap_mirror_plugin [None req-21241ab5-febf-41e2-a895-92bd0e6aba54 b6d703c1ceb24489a10f6e0e598f7f76 ca72167b8fc44f74a5e68f41efece69e - - default default] Tap Mirror: Handle Delete Port: 5dd9d1e3-4809-407a-8c00-58c95e2f69a4 [pid: 7|app: 0|req: 871/1696] 10.0.0.124 () {32 vars in 726 bytes} [Fri Jul 3 17:18:23 2026] DELETE /v2.0/networks/a00d89c8-0cf2-4af1-ba54-9938b4813b41 => generated 0 bytes in 319 msecs (HTTP/1.1 204) 3 headers in 131 bytes (1 switches on core 0)
2026-07-03 17:18:24.325 7 INFO neutron.services.segments.plugin [-] Segment fe993908-a024-43e6-8bfc-bcde48f799bc resource provider aggregate not found
2026-07-03 17:18:24.332 7 INFO neutron.services.segments.plugin [-] Segment fe993908-a024-43e6-8bfc-bcde48f799bc resource provider aggregate not found
2026-07-03 17:18:24.345 7 INFO neutron.services.segments.plugin [-] Segment fe993908-a024-43e6-8bfc-bcde48f799bc resource provider not found; error: Placement Client Error (4xx): {"errors": [{"status": 404, "title": "Not Found", "detail": "The resource could not be found.\n\n No resource provider with uuid fe993908-a024-43e6-8bfc-bcde48f799bc found for delete ", "request_id": "req-dff0f498-a081-48c5-90e2-419e00ed08e2"}]}
2026-07-03 17:18:24.347 7 INFO neutron.services.segments.plugin [-] Segment fe993908-a024-43e6-8bfc-bcde48f799bc resource provider not found; error: Placement Client Error (4xx): {"errors": [{"status": 404, "title": "Not Found", "detail": "The resource could not be found.\n\n No resource provider with uuid fe993908-a024-43e6-8bfc-bcde48f799bc found for delete ", "request_id": "req-c3a7c88c-509d-417c-a18d-a337a59a7ebd"}]}
2026-07-03 17:18:24.680 8 INFO neutron.db.ovn_revision_numbers_db [None req-30439f09-b953-4cb4-b5a0-16f76e0c6cd3 85c7b334a7fe4de894983e853499fa29 7637f477a2394e3fbcd7df2b0d982ea1 - - default default] Successfully bumped revision number for resource 2160ef1a-388f-468c-915c-cc2747a06268 (type: routers) to 1 [pid: 8|app: 0|req: 826/1697] 10.0.0.124 () {34 vars in 668 bytes} [Fri Jul 3 17:18:24 2026] POST /v2.0/routers => generated 570 bytes in 318 msecs (HTTP/1.1 201) 4 headers in 162 bytes (1 switches on core 0)
2026-07-03 17:18:24.821 8 INFO neutron.db.ovn_revision_numbers_db [None req-86487f29-261d-468f-8e3d-adab7f2bc858 85c7b334a7fe4de894983e853499fa29 7637f477a2394e3fbcd7df2b0d982ea1 - - default default] Successfully bumped revision number for resource b21ede37-7952-4af1-a40d-640210a1a07d (type: routers) to 1 [pid: 8|app: 0|req: 827/1698] 10.0.0.124 () {34 vars in 668 bytes} [Fri Jul 3 17:18:24 2026] POST /v2.0/routers => generated 570 bytes in 133 msecs (HTTP/1.1 201) 4 headers in 162 bytes (1 switches on core 0) [pid: 7|app: 0|req: 872/1699] 10.0.0.124 () {32 vars in 774 bytes} [Fri Jul 3 17:18:24 2026] GET /v2.0/security-groups?tenant_id=ca72167b8fc44f74a5e68f41efece69e&name=default => generated 2925 bytes in 164 msecs (HTTP/1.1 200) 4 headers in 158 bytes (1 switches on core 0)
2026-07-03 17:18:24.946 8 INFO neutron.db.ovn_revision_numbers_db [None req-9d1a31e1-7f4c-4471-bfd7-a43ba7a4d572 85c7b334a7fe4de894983e853499fa29 7637f477a2394e3fbcd7df2b0d982ea1 - - default default] Successfully bumped revision number for resource 3f1300a2-ffaa-46a3-826b-d6a4386bf9ec (type: routers) to 1 [pid: 8|app: 0|req: 828/1700] 10.0.0.124 () {34 vars in 668 bytes} [Fri Jul 3 17:18:24 2026] POST /v2.0/routers => generated 570 bytes in 121 msecs (HTTP/1.1 201) 4 headers in 162 bytes (1 switches on core 0)
2026-07-03 17:18:25.110 8 INFO neutron.db.ovn_revision_numbers_db [None req-a0be6d8d-31e6-4193-a559-ed0777bdc753 85c7b334a7fe4de894983e853499fa29 7637f477a2394e3fbcd7df2b0d982ea1 - - default default] Successfully bumped revision number for resource 18c2f72c-f3a8-426e-ac40-a78a5ea8a037 (type: routers) to 1 [pid: 8|app: 0|req: 829/1701] 10.0.0.124 () {34 vars in 668 bytes} [Fri Jul 3 17:18:24 2026] POST /v2.0/routers => generated 570 bytes in 166 msecs (HTTP/1.1 201) 4 headers in 162 bytes (1 switches on core 0) [pid: 7|app: 0|req: 873/1702] 10.0.0.124 () {32 vars in 740 bytes} [Fri Jul 3 17:18:24 2026] DELETE /v2.0/security-groups/39a5207d-9a9a-4e79-9b09-3a4d698b5ba0 => generated 0 bytes in 315 msecs (HTTP/1.1 204) 2 headers in 112 bytes (1 switches on core 0) [pid: 8|app: 0|req: 830/1703] 10.0.0.124 () {32 vars in 740 bytes} [Fri Jul 3 17:18:25 2026] DELETE /v2.0/security-groups/0f6fbef0-0363-4df6-9d2c-6dccadf57c82 => generated 0 bytes in 147 msecs (HTTP/1.1 204) 2 headers in 112 bytes (1 switches on core 0)
2026-07-03 17:18:25.377 7 INFO neutron.db.ovn_revision_numbers_db [None req-520f1980-d0c6-4b86-ba1c-348f24ae70b5 b39fbfc2df1141159c23cc610b7f0238 bc7bf7793d484ae7a57151bdd30bfa03 - - default default] Successfully bumped revision number for resource 35591c98-d767-46f3-814b-60a5c430bef3 (type: security_groups) to 1
2026-07-03 17:18:25.389 7 INFO neutron.db.ovn_revision_numbers_db [None req-520f1980-d0c6-4b86-ba1c-348f24ae70b5 b39fbfc2df1141159c23cc610b7f0238 bc7bf7793d484ae7a57151bdd30bfa03 - - default default] Successfully bumped revision number for resource 35aa1ece-6ed5-46aa-9ab2-e0e79c233bda (type: security_group_rules) to 0
2026-07-03 17:18:25.401 7 INFO neutron.db.ovn_revision_numbers_db [None req-520f1980-d0c6-4b86-ba1c-348f24ae70b5 b39fbfc2df1141159c23cc610b7f0238 bc7bf7793d484ae7a57151bdd30bfa03 - - default default] Successfully bumped revision number for resource c0dab623-4156-4276-841d-68591e854588 (type: security_group_rules) to 0
2026-07-03 17:18:25.412 7 INFO neutron.db.ovn_revision_numbers_db [None req-520f1980-d0c6-4b86-ba1c-348f24ae70b5 b39fbfc2df1141159c23cc610b7f0238 bc7bf7793d484ae7a57151bdd30bfa03 - - default default] Successfully bumped revision number for resource e297d7c8-3caa-4bee-97ea-ffa2bf732fbe (type: security_group_rules) to 0
2026-07-03 17:18:25.417 8 INFO neutron.db.ovn_revision_numbers_db [None req-276b503d-dfc3-4e98-b507-af930956e5ae 85c7b334a7fe4de894983e853499fa29 7637f477a2394e3fbcd7df2b0d982ea1 - - default default] Successfully bumped revision number for resource b337bf0d-4aa1-41c3-a1f4-e0cf0c8a5911 (type: routers) to 1
2026-07-03 17:18:25.423 7 INFO neutron.db.ovn_revision_numbers_db [None req-520f1980-d0c6-4b86-ba1c-348f24ae70b5 b39fbfc2df1141159c23cc610b7f0238 bc7bf7793d484ae7a57151bdd30bfa03 - - default default] Successfully bumped revision number for resource e698edf9-c672-4d4c-8402-9f29a6d6981a (type: security_group_rules) to 0 [pid: 8|app: 0|req: 831/1704] 10.0.0.124 () {34 vars in 668 bytes} [Fri Jul 3 17:18:25 2026] POST /v2.0/routers => generated 570 bytes in 150 msecs (HTTP/1.1 201) 4 headers in 162 bytes (1 switches on core 0)
2026-07-03 17:18:25.443 8 INFO neutron.api.v2.resource [None req-b9f13a0e-6352-4ee2-801b-abe45db58c47 bf0da02ecef9459c8527df5b2d3e8790 cff0f85594d84e98b89fdb6ce36e6b54 - - default default] show failed (client error): The resource could not be found. [pid: 8|app: 0|req: 832/1705] 10.0.0.124 () {32 vars in 737 bytes} [Fri Jul 3 17:18:25 2026] GET /v2.0/security-groups/0f6fbef0-0363-4df6-9d2c-6dccadf57c82 => generated 146 bytes in 14 msecs (HTTP/1.1 404) 4 headers in 164 bytes (1 switches on core 0) [pid: 7|app: 0|req: 874/1706] 10.0.0.124 () {32 vars in 774 bytes} [Fri Jul 3 17:18:25 2026] GET /v2.0/security-groups?tenant_id=6d356e91cb8744efaeddfd291adb32db&name=default => generated 2925 bytes in 299 msecs (HTTP/1.1 200) 4 headers in 158 bytes (1 switches on core 0)
2026-07-03 17:18:25.577 7 INFO neutron_taas.services.taas.taas_plugin [None req-0bb11421-9e87-476d-b8e3-8ee0e3600b7b bf0da02ecef9459c8527df5b2d3e8790 cff0f85594d84e98b89fdb6ce36e6b54 - - default default] TaaS: Handle Delete Port: caddde78-323c-4308-a3b0-0c60b3a60354
2026-07-03 17:18:25.579 7 INFO neutron_taas.services.taas.tap_mirror_plugin [None req-0bb11421-9e87-476d-b8e3-8ee0e3600b7b bf0da02ecef9459c8527df5b2d3e8790 cff0f85594d84e98b89fdb6ce36e6b54 - - default default] Tap Mirror: Handle Delete Port: caddde78-323c-4308-a3b0-0c60b3a60354 [pid: 7|app: 0|req: 875/1707] 10.0.0.124 () {32 vars in 732 bytes} [Fri Jul 3 17:18:25 2026] DELETE /v2.0/floatingips/9288603f-bdc6-429e-b7ad-4bb3a5335fb9 => generated 0 bytes in 253 msecs (HTTP/1.1 204) 2 headers in 112 bytes (1 switches on core 0) [pid: 7|app: 0|req: 876/1708] 10.0.0.124 () {32 vars in 740 bytes} [Fri Jul 3 17:18:25 2026] DELETE /v2.0/security-groups/35591c98-d767-46f3-814b-60a5c430bef3 => generated 0 bytes in 225 msecs (HTTP/1.1 204) 2 headers in 112 bytes (1 switches on core 0) [pid: 8|app: 0|req: 833/1709] 10.0.0.124 () {34 vars in 751 bytes} [Fri Jul 3 17:18:25 2026] PUT /v2.0/routers/2160ef1a-388f-468c-915c-cc2747a06268/tags => generated 17 bytes in 560 msecs (HTTP/1.1 200) 4 headers in 156 bytes (1 switches on core 0) [pid: 8|app: 0|req: 834/1710] 10.0.0.124 () {34 vars in 751 bytes} [Fri Jul 3 17:18:26 2026] PUT /v2.0/routers/b21ede37-7952-4af1-a40d-640210a1a07d/tags => generated 25 bytes in 92 msecs (HTTP/1.1 200) 4 headers in 156 bytes (1 switches on core 0) [pid: 8|app: 0|req: 835/1711] 10.0.0.124 () {34 vars in 751 bytes} [Fri Jul 3 17:18:26 2026] PUT /v2.0/routers/3f1300a2-ffaa-46a3-826b-d6a4386bf9ec/tags => generated 34 bytes in 87 msecs (HTTP/1.1 200) 4 headers in 156 bytes (1 switches on core 0)
2026-07-03 17:18:26.256 7 INFO neutron_taas.services.taas.taas_plugin [None req-a6c13f49-bf80-4810-9576-5a77650d6ebf b39fbfc2df1141159c23cc610b7f0238 bc7bf7793d484ae7a57151bdd30bfa03 - - default default] TaaS: Handle Delete Port: f345bde3-3d29-432e-bded-994f54be56e9
2026-07-03 17:18:26.259 7 INFO neutron_taas.services.taas.tap_mirror_plugin [None req-a6c13f49-bf80-4810-9576-5a77650d6ebf b39fbfc2df1141159c23cc610b7f0238 bc7bf7793d484ae7a57151bdd30bfa03 - - default default] Tap Mirror: Handle Delete Port: f345bde3-3d29-432e-bded-994f54be56e9 [pid: 8|app: 0|req: 836/1712] 10.0.0.124 () {34 vars in 751 bytes} [Fri Jul 3 17:18:26 2026] PUT /v2.0/routers/18c2f72c-f3a8-426e-ac40-a78a5ea8a037/tags => generated 19 bytes in 78 msecs (HTTP/1.1 200) 4 headers in 156 bytes (1 switches on core 0) [pid: 8|app: 0|req: 837/1713] 10.0.0.124 () {32 vars in 664 bytes} [Fri Jul 3 17:18:26 2026] GET /v2.0/routers?tags=red => generated 1751 bytes in 88 msecs (HTTP/1.1 200) 4 headers in 158 bytes (1 switches on core 0) [pid: 8|app: 0|req: 838/1714] 10.0.0.124 () {32 vars in 678 bytes} [Fri Jul 3 17:18:26 2026] GET /v2.0/routers?tags=red%2Cblue => generated 1180 bytes in 64 msecs (HTTP/1.1 200) 4 headers in 158 bytes (1 switches on core 0) [pid: 8|app: 0|req: 839/1715] 10.0.0.124 () {32 vars in 674 bytes} [Fri Jul 3 17:18:26 2026] GET /v2.0/routers?tags-any=blue => generated 1180 bytes in 101 msecs (HTTP/1.1 200) 4 headers in 158 bytes (1 switches on core 0) [pid: 8|app: 0|req: 840/1716] 10.0.0.124 () {32 vars in 686 bytes} [Fri Jul 3 17:18:26 2026] GET /v2.0/routers?tags-any=red%2Cblue => generated 1751 bytes in 45 msecs (HTTP/1.1 200) 4 headers in 158 bytes (1 switches on core 0) [pid: 8|app: 0|req: 841/1717] 10.0.0.124 () {32 vars in 672 bytes} [Fri Jul 3 17:18:26 2026] GET /v2.0/routers?not-tags=red => generated 1152 bytes in 76 msecs (HTTP/1.1 200) 4 headers in 158 bytes (1 switches on core 0) [pid: 8|app: 0|req: 842/1718] 10.0.0.124 () {32 vars in 686 bytes} [Fri Jul 3 17:18:26 2026] GET /v2.0/routers?not-tags=red%2Cblue => generated 1723 bytes in 58 msecs (HTTP/1.1 200) 4 headers in 158 bytes (1 switches on core 0) [pid: 8|app: 0|req: 843/1719] 10.0.0.124 () {32 vars in 682 bytes} [Fri Jul 3 17:18:26 2026] GET /v2.0/routers?not-tags-any=blue => generated 1723 bytes in 67 msecs (HTTP/1.1 200) 4 headers in 158 bytes (1 switches on core 0) [pid: 8|app: 0|req: 844/1720] 10.0.0.124 () {32 vars in 694 bytes} [Fri Jul 3 17:18:26 2026] GET /v2.0/routers?not-tags-any=red%2Cblue => generated 1152 bytes in 35 msecs (HTTP/1.1 200) 4 headers in 158 bytes (1 switches on core 0) [pid: 8|app: 0|req: 845/1721] 10.0.0.124 () {32 vars in 721 bytes} [Fri Jul 3 17:18:26 2026] GET /v2.0/routers/2160ef1a-388f-468c-915c-cc2747a06268 => generated 581 bytes in 30 msecs (HTTP/1.1 200) 4 headers in 157 bytes (1 switches on core 0) [pid: 7|app: 0|req: 877/1722] 10.0.0.124 () {34 vars in 789 bytes} [Fri Jul 3 17:18:25 2026] PUT /v2.0/routers/436f8be4-4963-44ad-a9ab-0d2f745ce3f6/remove_router_interface => generated 309 bytes in 985 msecs (HTTP/1.1 200) 4 headers in 157 bytes (1 switches on core 0) /var/lib/openstack/lib/python3.12/site-packages/pycadf/identifier.py:70: UserWarning: Invalid uuid: neutron. To ensure interoperability, identifiers should be a valid uuid. warnings.warn(('Invalid uuid: %s. To ensure interoperability, '
2026-07-03 17:18:27.212 8 INFO neutron.db.ovn_revision_numbers_db [None req-17e5d53a-1a7f-4879-ad98-46702aba2585 85c7b334a7fe4de894983e853499fa29 7637f477a2394e3fbcd7df2b0d982ea1 - - default default] Successfully bumped revision number for resource 2160ef1a-388f-468c-915c-cc2747a06268 (type: routers) to 2 [pid: 8|app: 0|req: 846/1723] 10.0.0.124 () {34 vars in 742 bytes} [Fri Jul 3 17:18:26 2026] PUT /v2.0/routers/2160ef1a-388f-468c-915c-cc2747a06268 => generated 581 bytes in 323 msecs (HTTP/1.1 200) 4 headers in 157 bytes (1 switches on core 0)
2026-07-03 17:18:27.247 7 INFO neutron_taas.services.taas.taas_plugin [None req-1266fbde-a21b-4a80-862d-a17913538882 b39fbfc2df1141159c23cc610b7f0238 bc7bf7793d484ae7a57151bdd30bfa03 - - default default] TaaS: Handle Delete Port: 567f3b2e-da9d-4d4a-ae56-a3e6df6217f8
2026-07-03 17:18:27.249 7 INFO neutron_taas.services.taas.tap_mirror_plugin [None req-1266fbde-a21b-4a80-862d-a17913538882 b39fbfc2df1141159c23cc610b7f0238 bc7bf7793d484ae7a57151bdd30bfa03 - - default default] Tap Mirror: Handle Delete Port: 567f3b2e-da9d-4d4a-ae56-a3e6df6217f8 [pid: 7|app: 0|req: 878/1724] 10.0.0.124 () {32 vars in 724 bytes} [Fri Jul 3 17:18:26 2026] DELETE /v2.0/routers/436f8be4-4963-44ad-a9ab-0d2f745ce3f6 => generated 0 bytes in 690 msecs (HTTP/1.1 204) 2 headers in 112 bytes (1 switches on core 0)
2026-07-03 17:18:27.636 8 INFO neutron.db.ovn_revision_numbers_db [None req-099007b5-127c-4412-8812-c99af5725f09 e6c416492b654f708cfc65b55ae724b2 87ea857bf24241cfa589f6fda0297083 - - default default] Successfully bumped revision number for resource e9aee48c-8947-44c8-9d68-41441a34297f (type: security_groups) to 1 [pid: 7|app: 0|req: 879/1725] 10.0.0.124 () {32 vars in 736 bytes} [Fri Jul 3 17:18:27 2026] GET /v2.0/ports?device_id=2160ef1a-388f-468c-915c-cc2747a06268 => generated 12 bytes in 19 msecs (HTTP/1.1 200) 4 headers in 156 bytes (1 switches on core 0)
2026-07-03 17:18:27.648 8 INFO neutron.db.ovn_revision_numbers_db [None req-099007b5-127c-4412-8812-c99af5725f09 e6c416492b654f708cfc65b55ae724b2 87ea857bf24241cfa589f6fda0297083 - - default default] Successfully bumped revision number for resource 0cac62e6-5187-4b8e-bb01-2eff088dd160 (type: security_group_rules) to 0
2026-07-03 17:18:27.664 8 INFO neutron.db.ovn_revision_numbers_db [None req-099007b5-127c-4412-8812-c99af5725f09 e6c416492b654f708cfc65b55ae724b2 87ea857bf24241cfa589f6fda0297083 - - default default] Successfully bumped revision number for resource 5ae9df75-46ce-41b1-bc04-6f10831bef4f (type: security_group_rules) to 0
2026-07-03 17:18:27.680 8 INFO neutron.db.ovn_revision_numbers_db [None req-099007b5-127c-4412-8812-c99af5725f09 e6c416492b654f708cfc65b55ae724b2 87ea857bf24241cfa589f6fda0297083 - - default default] Successfully bumped revision number for resource 634162a9-fda0-4a63-a979-406713dfd71e (type: security_group_rules) to 0
2026-07-03 17:18:27.697 8 INFO neutron.db.ovn_revision_numbers_db [None req-099007b5-127c-4412-8812-c99af5725f09 e6c416492b654f708cfc65b55ae724b2 87ea857bf24241cfa589f6fda0297083 - - default default] Successfully bumped revision number for resource 70bfcc0a-e54a-45aa-8ca9-7e410c9c5bb3 (type: security_group_rules) to 0
2026-07-03 17:18:27.783 8 INFO neutron.db.segments_db [None req-099007b5-127c-4412-8812-c99af5725f09 e6c416492b654f708cfc65b55ae724b2 87ea857bf24241cfa589f6fda0297083 - - default default] Added segment 40c7e678-0f1f-4462-b24b-1b361b26b8be of type geneve for network 7b62a040-daa4-45f4-8f24-6dc48b7538bc
2026-07-03 17:18:27.820 7 INFO neutron.db.ovn_revision_numbers_db [None req-a15b3da2-c603-43b0-ba5a-a3f85dd76f37 b39fbfc2df1141159c23cc610b7f0238 bc7bf7793d484ae7a57151bdd30bfa03 - - default default] Successfully bumped revision number for resource 2b3aab44-d02a-4543-be54-abc30855e7ce (type: security_groups) to 1
2026-07-03 17:18:27.835 7 INFO neutron.db.ovn_revision_numbers_db [None req-a15b3da2-c603-43b0-ba5a-a3f85dd76f37 b39fbfc2df1141159c23cc610b7f0238 bc7bf7793d484ae7a57151bdd30bfa03 - - default default] Successfully bumped revision number for resource 41cf7f1c-5ffd-42df-af57-aa6134af8b4a (type: security_group_rules) to 0
2026-07-03 17:18:27.849 7 INFO neutron.db.ovn_revision_numbers_db [None req-a15b3da2-c603-43b0-ba5a-a3f85dd76f37 b39fbfc2df1141159c23cc610b7f0238 bc7bf7793d484ae7a57151bdd30bfa03 - - default default] Successfully bumped revision number for resource 664ac1a6-9e0e-41dd-af42-3b4ff84895d9 (type: security_group_rules) to 0
2026-07-03 17:18:27.860 7 INFO neutron.db.ovn_revision_numbers_db [None req-a15b3da2-c603-43b0-ba5a-a3f85dd76f37 b39fbfc2df1141159c23cc610b7f0238 bc7bf7793d484ae7a57151bdd30bfa03 - - default default] Successfully bumped revision number for resource 8c1c35f7-a9a5-49ee-972b-6ff874fee5f1 (type: security_group_rules) to 0
2026-07-03 17:18:27.872 7 INFO neutron.db.ovn_revision_numbers_db [None req-a15b3da2-c603-43b0-ba5a-a3f85dd76f37 b39fbfc2df1141159c23cc610b7f0238 bc7bf7793d484ae7a57151bdd30bfa03 - - default default] Successfully bumped revision number for resource c8b26645-4136-456a-8921-6eba9b84564b (type: security_group_rules) to 0
2026-07-03 17:18:27.912 8 INFO neutron.db.ovn_revision_numbers_db [None req-099007b5-127c-4412-8812-c99af5725f09 e6c416492b654f708cfc65b55ae724b2 87ea857bf24241cfa589f6fda0297083 - - default default] Successfully bumped revision number for resource 7b62a040-daa4-45f4-8f24-6dc48b7538bc (type: networks) to 1
2026-07-03 17:18:27.949 7 INFO neutron.db.segments_db [None req-a15b3da2-c603-43b0-ba5a-a3f85dd76f37 b39fbfc2df1141159c23cc610b7f0238 bc7bf7793d484ae7a57151bdd30bfa03 - - default default] Added segment 8e7237e8-fb5e-41ed-be64-ea6e2c860f46 of type geneve for network ce2f3eb0-22a8-46b1-8ce2-1c8ce6800a3f
2026-07-03 17:18:28.085 7 INFO neutron.db.ovn_revision_numbers_db [None req-a15b3da2-c603-43b0-ba5a-a3f85dd76f37 b39fbfc2df1141159c23cc610b7f0238 bc7bf7793d484ae7a57151bdd30bfa03 - - default default] Successfully bumped revision number for resource ce2f3eb0-22a8-46b1-8ce2-1c8ce6800a3f (type: networks) to 1
2026-07-03 17:18:28.089 8 WARNING neutron.scheduler.dhcp_agent_scheduler [None req-099007b5-127c-4412-8812-c99af5725f09 e6c416492b654f708cfc65b55ae724b2 87ea857bf24241cfa589f6fda0297083 - - default default] No more DHCP agents
2026-07-03 17:18:28.090 8 WARNING neutron.api.rpc.agentnotifiers.dhcp_rpc_agent_api [None req-099007b5-127c-4412-8812-c99af5725f09 e6c416492b654f708cfc65b55ae724b2 87ea857bf24241cfa589f6fda0297083 - - default default] Unable to schedule network 7b62a040-daa4-45f4-8f24-6dc48b7538bc: no agents available; will retry on subsequent port and subnet creation events.
2026-07-03 17:18:28.152 8 INFO neutron.plugins.ml2.drivers.ovn.mech_driver.mech_driver [None req-a42cecc9-6bed-4f02-91e5-4b82b7f4b8ee - - - - - -] OVN reports status down for port: 78bc99ba-6df7-475c-ae18-4b6c63ad5c9e
2026-07-03 17:18:28.205 8 INFO neutron.db.ovn_revision_numbers_db [None req-099007b5-127c-4412-8812-c99af5725f09 e6c416492b654f708cfc65b55ae724b2 87ea857bf24241cfa589f6fda0297083 - - default default] Successfully bumped revision number for resource 78bc99ba-6df7-475c-ae18-4b6c63ad5c9e (type: ports) to 1 [pid: 8|app: 0|req: 847/1726] 10.0.0.124 () {34 vars in 670 bytes} [Fri Jul 3 17:18:27 2026] POST /v2.0/networks => generated 649 bytes in 1036 msecs (HTTP/1.1 201) 4 headers in 162 bytes (1 switches on core 0)
2026-07-03 17:18:28.265 7 WARNING neutron.scheduler.dhcp_agent_scheduler [None req-a15b3da2-c603-43b0-ba5a-a3f85dd76f37 b39fbfc2df1141159c23cc610b7f0238 bc7bf7793d484ae7a57151bdd30bfa03 - - default default] No more DHCP agents
2026-07-03 17:18:28.266 7 WARNING neutron.api.rpc.agentnotifiers.dhcp_rpc_agent_api [None req-a15b3da2-c603-43b0-ba5a-a3f85dd76f37 b39fbfc2df1141159c23cc610b7f0238 bc7bf7793d484ae7a57151bdd30bfa03 - - default default] Unable to schedule network ce2f3eb0-22a8-46b1-8ce2-1c8ce6800a3f: no agents available; will retry on subsequent port and subnet creation events.
2026-07-03 17:18:28.321 7 INFO neutron.plugins.ml2.drivers.ovn.mech_driver.mech_driver [None req-d14f0c27-8215-4ecc-a4bd-200e36c5e51c - - - - - -] OVN reports status down for port: 87333c88-9c4d-4c0e-98f4-c9b55351b4b9
2026-07-03 17:18:28.378 7 INFO neutron.db.ovn_revision_numbers_db [None req-a15b3da2-c603-43b0-ba5a-a3f85dd76f37 b39fbfc2df1141159c23cc610b7f0238 bc7bf7793d484ae7a57151bdd30bfa03 - - default default] Successfully bumped revision number for resource 87333c88-9c4d-4c0e-98f4-c9b55351b4b9 (type: ports) to 1 [pid: 8|app: 0|req: 848/1727] 10.0.0.124 () {32 vars in 724 bytes} [Fri Jul 3 17:18:28 2026] DELETE /v2.0/subnets/a4afb6b1-8de0-4613-af3f-cc1b91d647ae => generated 0 bytes in 167 msecs (HTTP/1.1 204) 3 headers in 131 bytes (1 switches on core 0) [pid: 7|app: 0|req: 880/1728] 10.0.0.124 () {34 vars in 671 bytes} [Fri Jul 3 17:18:27 2026] POST /v2.0/networks => generated 763 bytes in 788 msecs (HTTP/1.1 201) 4 headers in 162 bytes (1 switches on core 0)
2026-07-03 17:18:28.515 7 INFO neutron.db.segments_db [None req-3e14e353-71d1-41ef-9938-4886e15c1f8d e6c416492b654f708cfc65b55ae724b2 87ea857bf24241cfa589f6fda0297083 - - default default] Added segment a8d8f098-7384-4185-93c1-145a92a4fca5 of type geneve for network cdbeb7ff-3de8-4137-8980-903d51c961ef [pid: 8|app: 0|req: 849/1729] 10.0.0.124 () {32 vars in 724 bytes} [Fri Jul 3 17:18:28 2026] DELETE /v2.0/routers/2160ef1a-388f-468c-915c-cc2747a06268 => generated 0 bytes in 175 msecs (HTTP/1.1 204) 2 headers in 112 bytes (1 switches on core 0)
2026-07-03 17:18:28.610 7 INFO neutron.db.ovn_revision_numbers_db [None req-3e14e353-71d1-41ef-9938-4886e15c1f8d e6c416492b654f708cfc65b55ae724b2 87ea857bf24241cfa589f6fda0297083 - - default default] Successfully bumped revision number for resource cdbeb7ff-3de8-4137-8980-903d51c961ef (type: networks) to 1
2026-07-03 17:18:28.712 8 INFO neutron_taas.services.taas.taas_plugin [None req-847609ce-ba8d-4be7-8668-4e2986ec11a5 b39fbfc2df1141159c23cc610b7f0238 bc7bf7793d484ae7a57151bdd30bfa03 - - default default] TaaS: Handle Delete Port: b7c2cc5f-b240-4375-a9fe-dcdc5539a3bf
2026-07-03 17:18:28.715 8 INFO neutron_taas.services.taas.tap_mirror_plugin [None req-847609ce-ba8d-4be7-8668-4e2986ec11a5 b39fbfc2df1141159c23cc610b7f0238 bc7bf7793d484ae7a57151bdd30bfa03 - - default default] Tap Mirror: Handle Delete Port: b7c2cc5f-b240-4375-a9fe-dcdc5539a3bf
2026-07-03 17:18:28.779 7 WARNING neutron.scheduler.dhcp_agent_scheduler [None req-3e14e353-71d1-41ef-9938-4886e15c1f8d e6c416492b654f708cfc65b55ae724b2 87ea857bf24241cfa589f6fda0297083 - - default default] No more DHCP agents
2026-07-03 17:18:28.781 7 WARNING neutron.api.rpc.agentnotifiers.dhcp_rpc_agent_api [None req-3e14e353-71d1-41ef-9938-4886e15c1f8d e6c416492b654f708cfc65b55ae724b2 87ea857bf24241cfa589f6fda0297083 - - default default] Unable to schedule network cdbeb7ff-3de8-4137-8980-903d51c961ef: no agents available; will retry on subsequent port and subnet creation events.
2026-07-03 17:18:28.854 8 INFO neutron.plugins.ml2.drivers.ovn.mech_driver.mech_driver [None req-a42cecc9-6bed-4f02-91e5-4b82b7f4b8ee - - - - - -] OVN reports status down for port: 39c95328-45b9-4622-a7d1-c51b0780729f
2026-07-03 17:18:28.906 7 INFO neutron.db.ovn_revision_numbers_db [None req-3e14e353-71d1-41ef-9938-4886e15c1f8d e6c416492b654f708cfc65b55ae724b2 87ea857bf24241cfa589f6fda0297083 - - default default] Successfully bumped revision number for resource 39c95328-45b9-4622-a7d1-c51b0780729f (type: ports) to 1 [pid: 7|app: 0|req: 881/1730] 10.0.0.124 () {34 vars in 670 bytes} [Fri Jul 3 17:18:28 2026] POST /v2.0/networks => generated 648 bytes in 515 msecs (HTTP/1.1 201) 4 headers in 162 bytes (1 switches on core 0)
2026-07-03 17:18:29.009 8 INFO neutron.services.segments.plugin [-] Segment 92cf4b08-f758-4ad5-9fc1-0c25597b4c3b resource provider aggregate not found
2026-07-03 17:18:29.016 8 INFO neutron.services.segments.plugin [-] Segment 92cf4b08-f758-4ad5-9fc1-0c25597b4c3b resource provider aggregate not found
2026-07-03 17:18:29.034 8 INFO neutron.services.segments.plugin [-] Segment 92cf4b08-f758-4ad5-9fc1-0c25597b4c3b resource provider not found; error: Placement Client Error (4xx): {"errors": [{"status": 404, "title": "Not Found", "detail": "The resource could not be found.\n\n No resource provider with uuid 92cf4b08-f758-4ad5-9fc1-0c25597b4c3b found for delete ", "request_id": "req-752db3fe-3faf-4549-a9d4-37e34f5d7e44"}]}
2026-07-03 17:18:29.038 8 INFO neutron.services.segments.plugin [-] Segment 92cf4b08-f758-4ad5-9fc1-0c25597b4c3b resource provider not found; error: Placement Client Error (4xx): {"errors": [{"status": 404, "title": "Not Found", "detail": "The resource could not be found.\n\n No resource provider with uuid 92cf4b08-f758-4ad5-9fc1-0c25597b4c3b found for delete ", "request_id": "req-3dd42262-58e7-4150-bc7c-0c104222dd16"}]} [pid: 8|app: 0|req: 850/1731] 10.0.0.124 () {32 vars in 726 bytes} [Fri Jul 3 17:18:28 2026] DELETE /v2.0/networks/a3e3d4ad-0f89-4923-b9b5-97a1a8e01e47 => generated 0 bytes in 469 msecs (HTTP/1.1 204) 3 headers in 131 bytes (1 switches on core 0) [pid: 8|app: 0|req: 851/1732] 10.0.0.124 () {32 vars in 721 bytes} [Fri Jul 3 17:18:29 2026] GET /v2.0/routers/b21ede37-7952-4af1-a40d-640210a1a07d => generated 589 bytes in 42 msecs (HTTP/1.1 200) 4 headers in 157 bytes (1 switches on core 0)
2026-07-03 17:18:29.139 7 WARNING neutron.scheduler.dhcp_agent_scheduler [None req-bceb015c-0814-4d4c-a23f-bd077793123c b39fbfc2df1141159c23cc610b7f0238 bc7bf7793d484ae7a57151bdd30bfa03 - - default default] No more DHCP agents
2026-07-03 17:18:29.141 7 WARNING neutron.api.rpc.agentnotifiers.dhcp_rpc_agent_api [None req-bceb015c-0814-4d4c-a23f-bd077793123c b39fbfc2df1141159c23cc610b7f0238 bc7bf7793d484ae7a57151bdd30bfa03 - - default default] Unable to schedule network ce2f3eb0-22a8-46b1-8ce2-1c8ce6800a3f: no agents available; will retry on subsequent port and subnet creation events.
2026-07-03 17:18:29.285 8 WARNING neutron.scheduler.dhcp_agent_scheduler [None req-b8c4bb88-addc-4629-821d-9ee24b45b3a9 e6c416492b654f708cfc65b55ae724b2 87ea857bf24241cfa589f6fda0297083 - - default default] No more DHCP agents
2026-07-03 17:18:29.286 8 WARNING neutron.api.rpc.agentnotifiers.dhcp_rpc_agent_api [None req-b8c4bb88-addc-4629-821d-9ee24b45b3a9 e6c416492b654f708cfc65b55ae724b2 87ea857bf24241cfa589f6fda0297083 - - default default] Unable to schedule network 7b62a040-daa4-45f4-8f24-6dc48b7538bc: no agents available; will retry on subsequent port and subnet creation events.
2026-07-03 17:18:29.527 7 INFO neutron.db.ovn_revision_numbers_db [None req-19543620-93fa-48bc-ac41-9f37c5e17aad - - - - - -] Successfully bumped revision number for resource 87333c88-9c4d-4c0e-98f4-c9b55351b4b9 (type: ports) to 2
2026-07-03 17:18:29.559 7 INFO neutron.db.ovn_revision_numbers_db [None req-19543620-93fa-48bc-ac41-9f37c5e17aad - - - - - -] Successfully bumped revision number for resource 6cf77909-fd90-43ec-8404-ff4994b9364e (type: subnets) to 0 [pid: 7|app: 0|req: 882/1733] 10.0.0.124 () {34 vars in 669 bytes} [Fri Jul 3 17:18:28 2026] POST /v2.0/subnets => generated 688 bytes in 626 msecs (HTTP/1.1 201) 4 headers in 162 bytes (1 switches on core 0)
2026-07-03 17:18:29.740 8 INFO neutron.db.ovn_revision_numbers_db [None req-6f2cff9b-f27b-4642-8ec7-5a4f8afa4ee1 - - - - - -] Successfully bumped revision number for resource 78bc99ba-6df7-475c-ae18-4b6c63ad5c9e (type: ports) to 2
2026-07-03 17:18:29.775 8 INFO neutron.db.ovn_revision_numbers_db [None req-6f2cff9b-f27b-4642-8ec7-5a4f8afa4ee1 - - - - - -] Successfully bumped revision number for resource bcae3b85-844a-430b-a145-4a62ef6df384 (type: subnets) to 0 [pid: 8|app: 0|req: 852/1734] 10.0.0.124 () {34 vars in 669 bytes} [Fri Jul 3 17:18:29 2026] POST /v2.0/subnets => generated 626 bytes in 687 msecs (HTTP/1.1 201) 4 headers in 162 bytes (1 switches on core 0) [pid: 8|app: 0|req: 853/1735] 10.0.0.124 () {32 vars in 774 bytes} [Fri Jul 3 17:18:29 2026] GET /v2.0/security-groups?tenant_id=cff0f85594d84e98b89fdb6ce36e6b54&name=default => generated 2925 bytes in 30 msecs (HTTP/1.1 200) 4 headers in 158 bytes (1 switches on core 0)
2026-07-03 17:18:29.868 7 INFO neutron.db.ovn_revision_numbers_db [None req-be1d6f31-7b2a-4d58-9bfd-67a6efb163b9 85c7b334a7fe4de894983e853499fa29 7637f477a2394e3fbcd7df2b0d982ea1 - - default default] Successfully bumped revision number for resource b21ede37-7952-4af1-a40d-640210a1a07d (type: routers) to 2 [pid: 7|app: 0|req: 883/1736] 10.0.0.124 () {34 vars in 742 bytes} [Fri Jul 3 17:18:29 2026] PUT /v2.0/routers/b21ede37-7952-4af1-a40d-640210a1a07d => generated 589 bytes in 301 msecs (HTTP/1.1 200) 4 headers in 157 bytes (1 switches on core 0)
2026-07-03 17:18:30.069 7 WARNING neutron.scheduler.dhcp_agent_scheduler [None req-8ba4f4da-7285-4c8a-b978-967120c37be2 e6c416492b654f708cfc65b55ae724b2 87ea857bf24241cfa589f6fda0297083 - - default default] No more DHCP agents
2026-07-03 17:18:30.070 7 WARNING neutron.api.rpc.agentnotifiers.dhcp_rpc_agent_api [None req-8ba4f4da-7285-4c8a-b978-967120c37be2 e6c416492b654f708cfc65b55ae724b2 87ea857bf24241cfa589f6fda0297083 - - default default] Unable to schedule network cdbeb7ff-3de8-4137-8980-903d51c961ef: no agents available; will retry on subsequent port and subnet creation events.
2026-07-03 17:18:30.249 8 WARNING neutron.scheduler.dhcp_agent_scheduler [None req-220854c5-f2b1-451f-9d7a-197333d06553 b39fbfc2df1141159c23cc610b7f0238 bc7bf7793d484ae7a57151bdd30bfa03 - - default default] No more DHCP agents
2026-07-03 17:18:30.251 8 WARNING neutron.api.rpc.agentnotifiers.dhcp_rpc_agent_api [None req-220854c5-f2b1-451f-9d7a-197333d06553 b39fbfc2df1141159c23cc610b7f0238 bc7bf7793d484ae7a57151bdd30bfa03 - - default default] Unable to schedule network 0b716415-cfa1-46e6-a6de-0daccc32b200: no agents available; will retry on subsequent port and subnet creation events.
2026-07-03 17:18:30.356 8 INFO neutron.plugins.ml2.drivers.ovn.mech_driver.mech_driver [None req-a42cecc9-6bed-4f02-91e5-4b82b7f4b8ee - - - - - -] OVN reports status down for port: 0e8d9262-7e1d-4d22-9c16-30d737893867
2026-07-03 17:18:30.414 8 INFO neutron.db.ovn_revision_numbers_db [None req-220854c5-f2b1-451f-9d7a-197333d06553 b39fbfc2df1141159c23cc610b7f0238 bc7bf7793d484ae7a57151bdd30bfa03 - - default default] Successfully bumped revision number for resource 0e8d9262-7e1d-4d22-9c16-30d737893867 (type: ports) to 1
2026-07-03 17:18:30.518 7 INFO neutron.db.ovn_revision_numbers_db [None req-e953b7c3-d218-4b8b-9e44-62f347daa74b - - - - - -] Successfully bumped revision number for resource 39c95328-45b9-4622-a7d1-c51b0780729f (type: ports) to 2
2026-07-03 17:18:30.554 7 INFO neutron.db.ovn_revision_numbers_db [None req-e953b7c3-d218-4b8b-9e44-62f347daa74b - - - - - -] Successfully bumped revision number for resource bfc7f235-bdc9-4c29-a75b-46254a4717e8 (type: subnets) to 0 [pid: 7|app: 0|req: 884/1737] 10.0.0.124 () {34 vars in 669 bytes} [Fri Jul 3 17:18:29 2026] POST /v2.0/subnets => generated 626 bytes in 694 msecs (HTTP/1.1 201) 4 headers in 162 bytes (1 switches on core 0) [pid: 7|app: 0|req: 885/1738] 10.0.0.124 () {32 vars in 740 bytes} [Fri Jul 3 17:18:30 2026] DELETE /v2.0/security-groups/595ece3f-6048-4587-a09b-b32b5127bedf => generated 0 bytes in 229 msecs (HTTP/1.1 204) 2 headers in 112 bytes (1 switches on core 0) [pid: 7|app: 0|req: 886/1739] 10.0.0.124 () {32 vars in 736 bytes} [Fri Jul 3 17:18:30 2026] GET /v2.0/ports?device_id=b21ede37-7952-4af1-a40d-640210a1a07d => generated 12 bytes in 14 msecs (HTTP/1.1 200) 4 headers in 156 bytes (1 switches on core 0)
