2026-07-08 20:07:03.697 6 INFO placement.requestlog [req-44e2fe9f-2cd6-4511-af8f-f450643f53e4 req-c3c0db85-b6cf-46ed-b585-3d289e3d0b53 a42bf0216251457d8b8b9083214ac4ab c00602ba570b470dad382f6e0f069a76 - - df3be8d4bf964bffb9be0927432062dd df3be8d4bf964bffb9be0927432062dd] 199.204.45.227 "GET /resource_providers/9236c9bc-95ee-470e-b827-764b1ce28382/allocations" status: 200 len: 54 microversion: 1.0 [pid: 6|app: 0|req: 290/581] 199.204.45.227 () {32 vars in 857 bytes} [Wed Jul 8 20:07:03 2026] GET /resource_providers/9236c9bc-95ee-470e-b827-764b1ce28382/allocations => generated 54 bytes in 15 msecs (HTTP/1.1 200) 6 headers in 223 bytes (1 switches on core 0)
2026-07-08 20:07:06.499 6 INFO placement.requestlog [None req-91e58c98-5cfd-4a70-9550-fec4eb3f1961 - - - - - -] 10.0.0.135 "GET /" status: 200 len: 136 microversion: 1.0
2026-07-08 20:07:06.499 7 INFO placement.requestlog [None req-971f3c0f-8c86-4115-ac50-1a6016679626 - - - - - -] 10.0.0.135 "GET /" status: 200 len: 136 microversion: 1.0
2026-07-08 20:07:16.508 6 INFO placement.requestlog [None req-3b9bf6ba-6a19-4443-a322-e1927c9d44b4 - - - - - -] 10.0.0.135 "GET /" status: 200 len: 136 microversion: 1.0
2026-07-08 20:07:16.509 7 INFO placement.requestlog [None req-0cf71453-fd44-408e-8e76-1e46ef96a084 - - - - - -] 10.0.0.135 "GET /" status: 200 len: 136 microversion: 1.0
2026-07-08 20:07:26.498 6 INFO placement.requestlog [None req-1bdf3d45-2777-431b-bc08-725952ffa2c0 - - - - - -] 10.0.0.135 "GET /" status: 200 len: 136 microversion: 1.0
2026-07-08 20:07:26.499 7 INFO placement.requestlog [None req-f6bf4ccb-fa0b-4ffb-8c06-217b22dfdc06 - - - - - -] 10.0.0.135 "GET /" status: 200 len: 136 microversion: 1.0
2026-07-08 20:07:36.498 6 INFO placement.requestlog [None req-60d7e91e-e85d-463d-93f0-23681f1ebc10 - - - - - -] 10.0.0.135 "GET /" status: 200 len: 136 microversion: 1.0
2026-07-08 20:07:36.498 7 INFO placement.requestlog [None req-476d0e5a-2126-431c-a49e-db3a2819095e - - - - - -] 10.0.0.135 "GET /" status: 200 len: 136 microversion: 1.0
2026-07-08 20:07:46.498 7 INFO placement.requestlog [None req-1f276785-00e2-4bc3-93d2-2054395fb5fe - - - - - -] 10.0.0.135 "GET /" status: 200 len: 136 microversion: 1.0
2026-07-08 20:07:46.499 6 INFO placement.requestlog [None req-df2d50b4-f1d5-4374-a215-8505dc3bd07a - - - - - -] 10.0.0.135 "GET /" status: 200 len: 136 microversion: 1.0
2026-07-08 20:07:56.498 6 INFO placement.requestlog [None req-7061b685-f32c-4b47-9705-f826dda0a21e - - - - - -] 10.0.0.135 "GET /" status: 200 len: 136 microversion: 1.0
2026-07-08 20:07:56.499 7 INFO placement.requestlog [None req-c48f5cdf-ec4f-44db-a19f-3f27950d9395 - - - - - -] 10.0.0.135 "GET /" status: 200 len: 136 microversion: 1.0
2026-07-08 20:08:03.277 6 INFO placement.requestlog [req-15d5ca08-2a7c-4625-a703-48e21a243983 req-e50dd8a8-cdc3-44ba-adab-abbed66516e2 a42bf0216251457d8b8b9083214ac4ab c00602ba570b470dad382f6e0f069a76 - - df3be8d4bf964bffb9be0927432062dd df3be8d4bf964bffb9be0927432062dd] 199.204.45.227 "GET /resource_providers/9236c9bc-95ee-470e-b827-764b1ce28382/allocations" status: 200 len: 54 microversion: 1.0 [pid: 6|app: 0|req: 297/594] 199.204.45.227 () {32 vars in 857 bytes} [Wed Jul 8 20:08:03 2026] GET /resource_providers/9236c9bc-95ee-470e-b827-764b1ce28382/allocations => generated 54 bytes in 141 msecs (HTTP/1.1 200) 6 headers in 223 bytes (1 switches on core 0)
2026-07-08 20:08:03.299 7 INFO placement.requestlog [req-15d5ca08-2a7c-4625-a703-48e21a243983 req-a15f3775-27d2-48ef-ba8f-1fb8f5d03520 a42bf0216251457d8b8b9083214ac4ab c00602ba570b470dad382f6e0f069a76 - - df3be8d4bf964bffb9be0927432062dd df3be8d4bf964bffb9be0927432062dd] 199.204.45.227 "GET /resource_providers?in_tree=9236c9bc-95ee-470e-b827-764b1ce28382" status: 200 len: 797 microversion: 1.14 [pid: 7|app: 0|req: 298/595] 199.204.45.227 () {34 vars in 892 bytes} [Wed Jul 8 20:08:03 2026] GET /resource_providers?in_tree=9236c9bc-95ee-470e-b827-764b1ce28382 => generated 797 bytes in 17 msecs (HTTP/1.1 200) 6 headers in 225 bytes (1 switches on core 0)
2026-07-08 20:08:03.321 6 INFO placement.requestlog [req-15d5ca08-2a7c-4625-a703-48e21a243983 req-ad05f3a9-46d1-48ca-8f1a-78ec8892a830 a42bf0216251457d8b8b9083214ac4ab c00602ba570b470dad382f6e0f069a76 - - df3be8d4bf964bffb9be0927432062dd df3be8d4bf964bffb9be0927432062dd] 199.204.45.227 "GET /resource_providers/9236c9bc-95ee-470e-b827-764b1ce28382/inventories" status: 200 len: 400 microversion: 1.0 [pid: 6|app: 0|req: 298/596] 199.204.45.227 () {32 vars in 857 bytes} [Wed Jul 8 20:08:03 2026] GET /resource_providers/9236c9bc-95ee-470e-b827-764b1ce28382/inventories => generated 400 bytes in 15 msecs (HTTP/1.1 200) 6 headers in 224 bytes (1 switches on core 0)
2026-07-08 20:08:03.343 7 INFO placement.requestlog [req-15d5ca08-2a7c-4625-a703-48e21a243983 req-1cf81d1e-fe45-42f3-8bd0-8bfb0002cd6a a42bf0216251457d8b8b9083214ac4ab c00602ba570b470dad382f6e0f069a76 - - df3be8d4bf964bffb9be0927432062dd df3be8d4bf964bffb9be0927432062dd] 199.204.45.227 "GET /resource_providers/9236c9bc-95ee-470e-b827-764b1ce28382/aggregates" status: 200 len: 53 microversion: 1.19 [pid: 7|app: 0|req: 299/597] 199.204.45.227 () {34 vars in 899 bytes} [Wed Jul 8 20:08:03 2026] GET /resource_providers/9236c9bc-95ee-470e-b827-764b1ce28382/aggregates => generated 53 bytes in 17 msecs (HTTP/1.1 200) 8 headers in 295 bytes (1 switches on core 0)
2026-07-08 20:08:03.370 6 INFO placement.requestlog [req-15d5ca08-2a7c-4625-a703-48e21a243983 req-81af68b2-c100-458e-91aa-da4f81563417 a42bf0216251457d8b8b9083214ac4ab c00602ba570b470dad382f6e0f069a76 - - df3be8d4bf964bffb9be0927432062dd df3be8d4bf964bffb9be0927432062dd] 199.204.45.227 "GET /resource_providers/9236c9bc-95ee-470e-b827-764b1ce28382/traits" status: 200 len: 2175 microversion: 1.6 [pid: 6|app: 0|req: 299/598] 199.204.45.227 () {34 vars in 890 bytes} [Wed Jul 8 20:08:03 2026] GET /resource_providers/9236c9bc-95ee-470e-b827-764b1ce28382/traits => generated 2175 bytes in 21 msecs (HTTP/1.1 200) 6 headers in 225 bytes (1 switches on core 0)
2026-07-08 20:08:03.389 7 INFO placement.requestlog [req-15d5ca08-2a7c-4625-a703-48e21a243983 req-52b6ef15-0def-48b1-bea3-131b13e5dc8d a42bf0216251457d8b8b9083214ac4ab c00602ba570b470dad382f6e0f069a76 - - df3be8d4bf964bffb9be0927432062dd df3be8d4bf964bffb9be0927432062dd] 199.204.45.227 "GET /resource_providers/9236c9bc-95ee-470e-b827-764b1ce28382/allocations" status: 200 len: 54 microversion: 1.0 [pid: 7|app: 0|req: 300/599] 199.204.45.227 () {32 vars in 857 bytes} [Wed Jul 8 20:08:03 2026] GET /resource_providers/9236c9bc-95ee-470e-b827-764b1ce28382/allocations => generated 54 bytes in 11 msecs (HTTP/1.1 200) 6 headers in 223 bytes (1 switches on core 0)
2026-07-08 20:08:06.498 7 INFO placement.requestlog [None req-5342d456-3e45-492e-9341-f4146095f02e - - - - - -] 10.0.0.135 "GET /" status: 200 len: 136 microversion: 1.0
2026-07-08 20:08:06.500 6 INFO placement.requestlog [None req-a5cf64e8-19b3-47d7-837c-e45276f92753 - - - - - -] 10.0.0.135 "GET /" status: 200 len: 136 microversion: 1.0
2026-07-08 20:08:16.499 7 INFO placement.requestlog [None req-85c098f7-ccb0-4e58-9641-d76f57e99a3e - - - - - -] 10.0.0.135 "GET /" status: 200 len: 136 microversion: 1.0
2026-07-08 20:08:16.500 6 INFO placement.requestlog [None req-e3c2b506-e644-4549-9d34-8786e92171ee - - - - - -] 10.0.0.135 "GET /" status: 200 len: 136 microversion: 1.0
2026-07-08 20:08:26.499 7 INFO placement.requestlog [None req-c695eadd-8913-4914-902f-858a6b3246bc - - - - - -] 10.0.0.135 "GET /" status: 200 len: 136 microversion: 1.0
2026-07-08 20:08:26.500 6 INFO placement.requestlog [None req-871d351d-b8b7-4d77-ab75-a03bbf8f2dac - - - - - -] 10.0.0.135 "GET /" status: 200 len: 136 microversion: 1.0
2026-07-08 20:08:36.500 7 INFO placement.requestlog [None req-48482326-6af3-4c3a-b6f3-0ac3f2d2ebc1 - - - - - -] 10.0.0.135 "GET /" status: 200 len: 136 microversion: 1.0
2026-07-08 20:08:36.501 6 INFO placement.requestlog [None req-9f73bcff-aa0d-4f1c-b852-161d6e5e8e9c - - - - - -] 10.0.0.135 "GET /" status: 200 len: 136 microversion: 1.0
2026-07-08 20:08:46.497 7 INFO placement.requestlog [None req-19151f8a-5f69-42c8-8f15-ec9b8508f768 - - - - - -] 10.0.0.135 "GET /" status: 200 len: 136 microversion: 1.0
2026-07-08 20:08:46.498 6 INFO placement.requestlog [None req-54388a11-75a2-46a9-bc86-3346165f685b - - - - - -] 10.0.0.135 "GET /" status: 200 len: 136 microversion: 1.0
2026-07-08 20:08:56.498 7 INFO placement.requestlog [None req-8ca2a398-4207-407d-9351-623c13541040 - - - - - -] 10.0.0.135 "GET /" status: 200 len: 136 microversion: 1.0
2026-07-08 20:08:56.498 6 INFO placement.requestlog [None req-0af97aa4-f01b-4239-8b5c-cc6a56305b3b - - - - - -] 10.0.0.135 "GET /" status: 200 len: 136 microversion: 1.0
2026-07-08 20:09:03.699 7 INFO placement.requestlog [req-ec41e6ed-ef04-4107-8900-d932455cd9fd req-8632860f-0945-4392-8436-1ad0007f6c6f a42bf0216251457d8b8b9083214ac4ab c00602ba570b470dad382f6e0f069a76 - - df3be8d4bf964bffb9be0927432062dd df3be8d4bf964bffb9be0927432062dd] 199.204.45.227 "GET /resource_providers/9236c9bc-95ee-470e-b827-764b1ce28382/allocations" status: 200 len: 54 microversion: 1.0 [pid: 7|app: 0|req: 307/612] 199.204.45.227 () {32 vars in 857 bytes} [Wed Jul 8 20:09:03 2026] GET /resource_providers/9236c9bc-95ee-470e-b827-764b1ce28382/allocations => generated 54 bytes in 12 msecs (HTTP/1.1 200) 6 headers in 223 bytes (1 switches on core 0)
2026-07-08 20:09:03.722 6 INFO placement.requestlog [req-ec41e6ed-ef04-4107-8900-d932455cd9fd req-85d7a23b-4acb-40e9-9c2f-9d907eeb6058 a42bf0216251457d8b8b9083214ac4ab c00602ba570b470dad382f6e0f069a76 - - df3be8d4bf964bffb9be0927432062dd df3be8d4bf964bffb9be0927432062dd] 199.204.45.227 "GET /resource_providers/9236c9bc-95ee-470e-b827-764b1ce28382/allocations" status: 200 len: 54 microversion: 1.0 [pid: 6|app: 0|req: 306/613] 199.204.45.227 () {32 vars in 857 bytes} [Wed Jul 8 20:09:03 2026] GET /resource_providers/9236c9bc-95ee-470e-b827-764b1ce28382/allocations => generated 54 bytes in 16 msecs (HTTP/1.1 200) 6 headers in 223 bytes (1 switches on core 0)
2026-07-08 20:09:06.498 7 INFO placement.requestlog [None req-e90ac2e8-22de-4818-a31e-5ff8c77d4a9f - - - - - -] 10.0.0.135 "GET /" status: 200 len: 136 microversion: 1.0
2026-07-08 20:09:06.498 6 INFO placement.requestlog [None req-051123c4-18ab-4427-b2c0-d187fd567009 - - - - - -] 10.0.0.135 "GET /" status: 200 len: 136 microversion: 1.0
2026-07-08 20:09:16.498 7 INFO placement.requestlog [None req-ceee2f9c-b3d5-4619-9ec0-695d739a8643 - - - - - -] 10.0.0.135 "GET /" status: 200 len: 136 microversion: 1.0
2026-07-08 20:09:16.504 6 INFO placement.requestlog [None req-aeb9dfa3-382c-436b-a96a-9541e014f8c5 - - - - - -] 10.0.0.135 "GET /" status: 200 len: 136 microversion: 1.0
2026-07-08 20:09:26.498 6 INFO placement.requestlog [None req-061808d1-c768-42f4-b6af-3ba2549b64de - - - - - -] 10.0.0.135 "GET /" status: 200 len: 136 microversion: 1.0
2026-07-08 20:09:26.499 7 INFO placement.requestlog [None req-e6942726-3985-4630-bf4d-5f851d5bb93e - - - - - -] 10.0.0.135 "GET /" status: 200 len: 136 microversion: 1.0
2026-07-08 20:09:36.498 6 INFO placement.requestlog [None req-f9439746-d3e9-464a-8c76-dd9617c3fec2 - - - - - -] 10.0.0.135 "GET /" status: 200 len: 136 microversion: 1.0
2026-07-08 20:09:36.499 7 INFO placement.requestlog [None req-9d72ae9c-3fa3-4879-adc4-bec3650efdcb - - - - - -] 10.0.0.135 "GET /" status: 200 len: 136 microversion: 1.0
2026-07-08 20:09:46.499 7 INFO placement.requestlog [None req-1c6ca331-04d6-4f08-b195-5359354acadc - - - - - -] 10.0.0.135 "GET /" status: 200 len: 136 microversion: 1.0
2026-07-08 20:09:46.499 6 INFO placement.requestlog [None req-348aaaa8-4359-424d-8879-aa46881bcac0 - - - - - -] 10.0.0.135 "GET /" status: 200 len: 136 microversion: 1.0
2026-07-08 20:09:56.498 7 INFO placement.requestlog [None req-52e99e24-a636-4c8a-8677-9d56ff610a21 - - - - - -] 10.0.0.135 "GET /" status: 200 len: 136 microversion: 1.0
2026-07-08 20:09:56.499 6 INFO placement.requestlog [None req-006f29e4-ac1d-4c74-9cf1-3deaa192edcd - - - - - -] 10.0.0.135 "GET /" status: 200 len: 136 microversion: 1.0
2026-07-08 20:10:03.659 7 INFO placement.requestlog [req-3e2b6f52-898a-4e4d-97f4-d686f5c734bf req-9ef4a8ac-cfe5-46cf-99a3-a3841ef99ef7 a42bf0216251457d8b8b9083214ac4ab c00602ba570b470dad382f6e0f069a76 - - df3be8d4bf964bffb9be0927432062dd df3be8d4bf964bffb9be0927432062dd] 199.204.45.227 "GET /resource_providers/9236c9bc-95ee-470e-b827-764b1ce28382/allocations" status: 200 len: 54 microversion: 1.0 [pid: 7|app: 0|req: 314/626] 199.204.45.227 () {32 vars in 857 bytes} [Wed Jul 8 20:10:03 2026] GET /resource_providers/9236c9bc-95ee-470e-b827-764b1ce28382/allocations => generated 54 bytes in 25 msecs (HTTP/1.1 200) 6 headers in 223 bytes (1 switches on core 0)
2026-07-08 20:10:03.688 6 INFO placement.requestlog [req-3e2b6f52-898a-4e4d-97f4-d686f5c734bf req-fc7a0e22-86ba-4200-af72-48051fa4ab2b a42bf0216251457d8b8b9083214ac4ab c00602ba570b470dad382f6e0f069a76 - - df3be8d4bf964bffb9be0927432062dd df3be8d4bf964bffb9be0927432062dd] 199.204.45.227 "GET /resource_providers/9236c9bc-95ee-470e-b827-764b1ce28382/allocations" status: 200 len: 54 microversion: 1.0 [pid: 6|app: 0|req: 313/627] 199.204.45.227 () {32 vars in 857 bytes} [Wed Jul 8 20:10:03 2026] GET /resource_providers/9236c9bc-95ee-470e-b827-764b1ce28382/allocations => generated 54 bytes in 23 msecs (HTTP/1.1 200) 6 headers in 223 bytes (1 switches on core 0)
2026-07-08 20:10:06.506 7 INFO placement.requestlog [None req-333e8a8b-5e68-4b3c-aace-9c47759f4695 - - - - - -] 10.0.0.135 "GET /" status: 200 len: 136 microversion: 1.0
2026-07-08 20:10:06.506 6 INFO placement.requestlog [None req-c1ba2e71-be4d-49dc-a564-aed7be19f98d - - - - - -] 10.0.0.135 "GET /" status: 200 len: 136 microversion: 1.0
2026-07-08 20:10:16.498 6 INFO placement.requestlog [None req-2f59b863-27a0-41ab-ab56-c181eb154650 - - - - - -] 10.0.0.135 "GET /" status: 200 len: 136 microversion: 1.0
2026-07-08 20:10:16.498 7 INFO placement.requestlog [None req-1420b05e-6918-4057-9723-6aa301151768 - - - - - -] 10.0.0.135 "GET /" status: 200 len: 136 microversion: 1.0
2026-07-08 20:10:26.499 6 INFO placement.requestlog [None req-a66c138c-cbbe-417e-b7ad-7bcbe98add83 - - - - - -] 10.0.0.135 "GET /" status: 200 len: 136 microversion: 1.0
2026-07-08 20:10:26.499 7 INFO placement.requestlog [None req-2da104d3-1d0d-485d-ae82-034ebdef4a84 - - - - - -] 10.0.0.135 "GET /" status: 200 len: 136 microversion: 1.0
2026-07-08 20:10:36.498 6 INFO placement.requestlog [None req-fdc17847-ac4b-4dca-b8ee-75da0b5e1cec - - - - - -] 10.0.0.135 "GET /" status: 200 len: 136 microversion: 1.0
2026-07-08 20:10:36.498 7 INFO placement.requestlog [None req-bf944450-0ed1-43ce-87a2-89b7a2b1fb9a - - - - - -] 10.0.0.135 "GET /" status: 200 len: 136 microversion: 1.0
2026-07-08 20:10:46.498 6 INFO placement.requestlog [None req-f7a293fe-567d-41da-8386-f2b1a7021e34 - - - - - -] 10.0.0.135 "GET /" status: 200 len: 136 microversion: 1.0
2026-07-08 20:10:46.498 7 INFO placement.requestlog [None req-815b47bf-eb41-4bf0-800b-8ba0287abb14 - - - - - -] 10.0.0.135 "GET /" status: 200 len: 136 microversion: 1.0
2026-07-08 20:10:56.498 6 INFO placement.requestlog [None req-f1689a29-25be-4b44-b96a-548b859a6751 - - - - - -] 10.0.0.135 "GET /" status: 200 len: 136 microversion: 1.0
2026-07-08 20:10:56.499 7 INFO placement.requestlog [None req-882124fb-1c9d-4ae6-9965-29d86e521347 - - - - - -] 10.0.0.135 "GET /" status: 200 len: 136 microversion: 1.0
2026-07-08 20:11:03.532 6 INFO placement.requestlog [req-5a351dac-205d-4549-84ab-9bb89ba0b7bf req-5927aee9-6532-4ddf-b1da-baaa8ce4fe30 a42bf0216251457d8b8b9083214ac4ab c00602ba570b470dad382f6e0f069a76 - - df3be8d4bf964bffb9be0927432062dd df3be8d4bf964bffb9be0927432062dd] 199.204.45.227 "GET /resource_providers/9236c9bc-95ee-470e-b827-764b1ce28382/allocations" status: 200 len: 54 microversion: 1.0 [pid: 6|app: 0|req: 320/640] 199.204.45.227 () {32 vars in 857 bytes} [Wed Jul 8 20:11:03 2026] GET /resource_providers/9236c9bc-95ee-470e-b827-764b1ce28382/allocations => generated 54 bytes in 13 msecs (HTTP/1.1 200) 6 headers in 223 bytes (1 switches on core 0)
2026-07-08 20:11:03.552 7 INFO placement.requestlog [req-5a351dac-205d-4549-84ab-9bb89ba0b7bf req-1b45c259-55c6-4811-9abd-a9231792c85a a42bf0216251457d8b8b9083214ac4ab c00602ba570b470dad382f6e0f069a76 - - df3be8d4bf964bffb9be0927432062dd df3be8d4bf964bffb9be0927432062dd] 199.204.45.227 "GET /resource_providers/9236c9bc-95ee-470e-b827-764b1ce28382/allocations" status: 200 len: 54 microversion: 1.0 [pid: 7|app: 0|req: 321/641] 199.204.45.227 () {32 vars in 857 bytes} [Wed Jul 8 20:11:03 2026] GET /resource_providers/9236c9bc-95ee-470e-b827-764b1ce28382/allocations => generated 54 bytes in 12 msecs (HTTP/1.1 200) 6 headers in 223 bytes (1 switches on core 0)
2026-07-08 20:11:06.498 7 INFO placement.requestlog [None req-27f207e4-ce5f-4101-95fa-390a8ba124c9 - - - - - -] 10.0.0.135 "GET /" status: 200 len: 136 microversion: 1.0
2026-07-08 20:11:06.498 6 INFO placement.requestlog [None req-717c2f76-c0f2-461d-a236-a21ac8d77a85 - - - - - -] 10.0.0.135 "GET /" status: 200 len: 136 microversion: 1.0
2026-07-08 20:11:16.497 6 INFO placement.requestlog [None req-65eff8ec-2607-452b-849f-9bcd682d1d19 - - - - - -] 10.0.0.135 "GET /" status: 200 len: 136 microversion: 1.0
2026-07-08 20:11:16.498 7 INFO placement.requestlog [None req-40cfb92b-cbba-4fc7-a38c-1cecbf017184 - - - - - -] 10.0.0.135 "GET /" status: 200 len: 136 microversion: 1.0
2026-07-08 20:11:26.498 6 INFO placement.requestlog [None req-6e594786-b1ab-4b50-a8c7-449e3f188bc2 - - - - - -] 10.0.0.135 "GET /" status: 200 len: 136 microversion: 1.0
2026-07-08 20:11:26.499 7 INFO placement.requestlog [None req-0898ea2a-029f-4d49-9fe9-3819d877c137 - - - - - -] 10.0.0.135 "GET /" status: 200 len: 136 microversion: 1.0
2026-07-08 20:11:36.499 6 INFO placement.requestlog [None req-baea9055-cd18-470a-ae97-e859833193df - - - - - -] 10.0.0.135 "GET /" status: 200 len: 136 microversion: 1.0
2026-07-08 20:11:36.500 7 INFO placement.requestlog [None req-267b5a00-10e9-4324-b9f4-b66acea22d86 - - - - - -] 10.0.0.135 "GET /" status: 200 len: 136 microversion: 1.0
2026-07-08 20:11:46.498 7 INFO placement.requestlog [None req-96eac4f3-6d56-41e0-9524-f7abf264a081 - - - - - -] 10.0.0.135 "GET /" status: 200 len: 136 microversion: 1.0
2026-07-08 20:11:46.499 6 INFO placement.requestlog [None req-251911fe-4b55-4389-b026-dd1196f20b99 - - - - - -] 10.0.0.135 "GET /" status: 200 len: 136 microversion: 1.0
2026-07-08 20:11:56.498 7 INFO placement.requestlog [None req-6981802e-1a73-4dbd-a13d-987bbda87138 - - - - - -] 10.0.0.135 "GET /" status: 200 len: 136 microversion: 1.0
2026-07-08 20:11:56.498 6 INFO placement.requestlog [None req-47d0c71b-c029-4f5d-9291-fc8aa8414c25 - - - - - -] 10.0.0.135 "GET /" status: 200 len: 136 microversion: 1.0
2026-07-08 20:11:57.025 7 INFO placement.requestlog [req-cf0947d9-d401-424c-b44d-8c2d87953470 req-a23d6876-fc38-4f18-841c-c9b4f3e1e6af a42bf0216251457d8b8b9083214ac4ab c00602ba570b470dad382f6e0f069a76 - - df3be8d4bf964bffb9be0927432062dd df3be8d4bf964bffb9be0927432062dd] 10.0.0.40 "GET /allocation_candidates?limit=1000&resources=DISK_GB%3A1%2CMEMORY_MB%3A512%2CVCPU%3A1&root_required=%21COMPUTE_STATUS_DISABLED" status: 200 len: 2640 microversion: 1.36 [pid: 7|app: 0|req: 328/654] 10.0.0.40 () {34 vars in 1011 bytes} [Wed Jul 8 20:11:56 2026] GET /allocation_candidates?limit=1000&resources=DISK_GB%3A1%2CMEMORY_MB%3A512%2CVCPU%3A1&root_required=%21COMPUTE_STATUS_DISABLED => generated 2640 bytes in 188 msecs (HTTP/1.1 200) 8 headers in 297 bytes (1 switches on core 0)
2026-07-08 20:11:57.066 6 INFO placement.requestlog [req-cf0947d9-d401-424c-b44d-8c2d87953470 req-3cb51003-2de7-4f73-b0d3-f6bed462147c a42bf0216251457d8b8b9083214ac4ab c00602ba570b470dad382f6e0f069a76 - - df3be8d4bf964bffb9be0927432062dd df3be8d4bf964bffb9be0927432062dd] 10.0.0.40 "GET /allocations/8d47044d-3072-4a88-bded-572cc358809a" status: 200 len: 19 microversion: 1.28 [pid: 6|app: 0|req: 327/655] 10.0.0.40 () {34 vars in 860 bytes} [Wed Jul 8 20:11:57 2026] GET /allocations/8d47044d-3072-4a88-bded-572cc358809a => generated 19 bytes in 23 msecs (HTTP/1.1 200) 8 headers in 295 bytes (1 switches on core 0)
2026-07-08 20:11:57.383 7 INFO placement.requestlog [req-cf0947d9-d401-424c-b44d-8c2d87953470 req-d3f93b4e-0286-4a8e-a518-34c45dfdce22 a42bf0216251457d8b8b9083214ac4ab c00602ba570b470dad382f6e0f069a76 - - df3be8d4bf964bffb9be0927432062dd df3be8d4bf964bffb9be0927432062dd] 10.0.0.40 "PUT /allocations/8d47044d-3072-4a88-bded-572cc358809a" status: 204 len: 0 microversion: 1.36 [pid: 7|app: 0|req: 329/656] 10.0.0.40 () {38 vars in 913 bytes} [Wed Jul 8 20:11:57 2026] PUT /allocations/8d47044d-3072-4a88-bded-572cc358809a => generated 0 bytes in 311 msecs (HTTP/1.1 204) 5 headers in 199 bytes (1 switches on core 0)
2026-07-08 20:11:57.914 6 INFO placement.requestlog [req-5f7163e1-7f4f-4c7c-8c01-a2d781a17bb5 req-1ee63580-d0b3-4202-975f-e63505c418be a42bf0216251457d8b8b9083214ac4ab c00602ba570b470dad382f6e0f069a76 - - df3be8d4bf964bffb9be0927432062dd df3be8d4bf964bffb9be0927432062dd] 10.0.0.40 "GET /allocation_candidates?limit=1000&resources=DISK_GB%3A1%2CMEMORY_MB%3A512%2CVCPU%3A1&root_required=%21COMPUTE_STATUS_DISABLED" status: 200 len: 2642 microversion: 1.36 [pid: 6|app: 0|req: 328/657] 10.0.0.40 () {34 vars in 1011 bytes} [Wed Jul 8 20:11:57 2026] GET /allocation_candidates?limit=1000&resources=DISK_GB%3A1%2CMEMORY_MB%3A512%2CVCPU%3A1&root_required=%21COMPUTE_STATUS_DISABLED => generated 2642 bytes in 69 msecs (HTTP/1.1 200) 8 headers in 297 bytes (1 switches on core 0)
2026-07-08 20:11:57.954 7 INFO placement.requestlog [req-5f7163e1-7f4f-4c7c-8c01-a2d781a17bb5 req-4ee87fe4-4d50-4576-a4b8-d1b53b4c3d7d a42bf0216251457d8b8b9083214ac4ab c00602ba570b470dad382f6e0f069a76 - - df3be8d4bf964bffb9be0927432062dd df3be8d4bf964bffb9be0927432062dd] 10.0.0.40 "GET /allocations/784029ee-0312-4bad-bcd2-d6d868dc687a" status: 200 len: 19 microversion: 1.28 [pid: 7|app: 0|req: 330/658] 10.0.0.40 () {34 vars in 860 bytes} [Wed Jul 8 20:11:57 2026] GET /allocations/784029ee-0312-4bad-bcd2-d6d868dc687a => generated 19 bytes in 18 msecs (HTTP/1.1 200) 8 headers in 295 bytes (1 switches on core 0)
2026-07-08 20:11:58.220 6 INFO placement.requestlog [req-5f7163e1-7f4f-4c7c-8c01-a2d781a17bb5 req-538df498-e878-4a20-84fa-39d03af59b1a a42bf0216251457d8b8b9083214ac4ab c00602ba570b470dad382f6e0f069a76 - - df3be8d4bf964bffb9be0927432062dd df3be8d4bf964bffb9be0927432062dd] 10.0.0.40 "PUT /allocations/784029ee-0312-4bad-bcd2-d6d868dc687a" status: 204 len: 0 microversion: 1.36 [pid: 6|app: 0|req: 329/659] 10.0.0.40 () {38 vars in 913 bytes} [Wed Jul 8 20:11:57 2026] PUT /allocations/784029ee-0312-4bad-bcd2-d6d868dc687a => generated 0 bytes in 259 msecs (HTTP/1.1 204) 5 headers in 199 bytes (1 switches on core 0)
2026-07-08 20:11:59.433 7 INFO placement.requestlog [req-cf0947d9-d401-424c-b44d-8c2d87953470 req-c7843bc0-a58c-48d3-baf5-0ebfb2f9bc1d a42bf0216251457d8b8b9083214ac4ab c00602ba570b470dad382f6e0f069a76 - - df3be8d4bf964bffb9be0927432062dd df3be8d4bf964bffb9be0927432062dd] 199.204.45.227 "GET /allocations/8d47044d-3072-4a88-bded-572cc358809a" status: 200 len: 257 microversion: 1.28 [pid: 7|app: 0|req: 331/660] 199.204.45.227 () {34 vars in 863 bytes} [Wed Jul 8 20:11:59 2026] GET /allocations/8d47044d-3072-4a88-bded-572cc358809a => generated 257 bytes in 26 msecs (HTTP/1.1 200) 8 headers in 296 bytes (1 switches on core 0)
2026-07-08 20:11:59.886 6 INFO placement.requestlog [req-5f7163e1-7f4f-4c7c-8c01-a2d781a17bb5 req-db7d5b28-ed1d-4a90-84e4-8bed964c254f a42bf0216251457d8b8b9083214ac4ab c00602ba570b470dad382f6e0f069a76 - - df3be8d4bf964bffb9be0927432062dd df3be8d4bf964bffb9be0927432062dd] 199.204.45.227 "GET /allocations/784029ee-0312-4bad-bcd2-d6d868dc687a" status: 200 len: 257 microversion: 1.28 [pid: 6|app: 0|req: 330/661] 199.204.45.227 () {34 vars in 863 bytes} [Wed Jul 8 20:11:59 2026] GET /allocations/784029ee-0312-4bad-bcd2-d6d868dc687a => generated 257 bytes in 14 msecs (HTTP/1.1 200) 8 headers in 296 bytes (1 switches on core 0)
2026-07-08 20:12:00.478 7 INFO placement.requestlog [req-cf0947d9-d401-424c-b44d-8c2d87953470 req-e04f8680-208e-4bbd-931e-4d53a44e634b a42bf0216251457d8b8b9083214ac4ab c00602ba570b470dad382f6e0f069a76 - - df3be8d4bf964bffb9be0927432062dd df3be8d4bf964bffb9be0927432062dd] 199.204.45.227 "GET /resource_providers/9236c9bc-95ee-470e-b827-764b1ce28382/allocations" status: 200 len: 252 microversion: 1.0 [pid: 7|app: 0|req: 332/662] 199.204.45.227 () {32 vars in 857 bytes} [Wed Jul 8 20:12:00 2026] GET /resource_providers/9236c9bc-95ee-470e-b827-764b1ce28382/allocations => generated 252 bytes in 18 msecs (HTTP/1.1 200) 6 headers in 224 bytes (1 switches on core 0)
2026-07-08 20:12:00.505 6 INFO placement.requestlog [req-cf0947d9-d401-424c-b44d-8c2d87953470 req-eb86597f-ec7c-4ca0-9b5d-52197406b46a a42bf0216251457d8b8b9083214ac4ab c00602ba570b470dad382f6e0f069a76 - - df3be8d4bf964bffb9be0927432062dd df3be8d4bf964bffb9be0927432062dd] 199.204.45.227 "GET /allocations/784029ee-0312-4bad-bcd2-d6d868dc687a" status: 200 len: 257 microversion: 1.28 [pid: 6|app: 0|req: 331/663] 199.204.45.227 () {34 vars in 863 bytes} [Wed Jul 8 20:12:00 2026] GET /allocations/784029ee-0312-4bad-bcd2-d6d868dc687a => generated 257 bytes in 20 msecs (HTTP/1.1 200) 8 headers in 296 bytes (1 switches on core 0)
2026-07-08 20:12:00.529 7 INFO placement.requestlog [req-cf0947d9-d401-424c-b44d-8c2d87953470 req-7a854532-3d56-455f-92f0-501f8c90df5b a42bf0216251457d8b8b9083214ac4ab c00602ba570b470dad382f6e0f069a76 - - df3be8d4bf964bffb9be0927432062dd df3be8d4bf964bffb9be0927432062dd] 199.204.45.227 "GET /allocations/8d47044d-3072-4a88-bded-572cc358809a" status: 200 len: 257 microversion: 1.28 [pid: 7|app: 0|req: 333/664] 199.204.45.227 () {34 vars in 863 bytes} [Wed Jul 8 20:12:00 2026] GET /allocations/8d47044d-3072-4a88-bded-572cc358809a => generated 257 bytes in 16 msecs (HTTP/1.1 200) 8 headers in 296 bytes (1 switches on core 0)
2026-07-08 20:12:01.876 7 INFO placement.requestlog [None req-17062ca6-e6d3-423e-9bd3-691afc6f2351 e489bfb9ca424cc9a260a57ecd1423e3 c00602ba570b470dad382f6e0f069a76 - - df3be8d4bf964bffb9be0927432062dd df3be8d4bf964bffb9be0927432062dd] 10.0.0.24 "GET /resource_providers/caff8c97-1e54-4454-839f-e6802ba4416c/aggregates" status: 404 len: 235 microversion: 1.1 [pid: 7|app: 0|req: 334/665] 10.0.0.24 () {32 vars in 815 bytes} [Wed Jul 8 20:12:01 2026] GET /resource_providers/caff8c97-1e54-4454-839f-e6802ba4416c/aggregates => generated 235 bytes in 67 msecs (HTTP/1.1 404) 5 headers in 202 bytes (1 switches on core 0)
2026-07-08 20:12:01.882 6 INFO placement.requestlog [None req-20e1c310-6f52-491e-818f-45058ea76cc7 e489bfb9ca424cc9a260a57ecd1423e3 c00602ba570b470dad382f6e0f069a76 - - df3be8d4bf964bffb9be0927432062dd df3be8d4bf964bffb9be0927432062dd] 10.0.0.24 "GET /resource_providers/caff8c97-1e54-4454-839f-e6802ba4416c/aggregates" status: 404 len: 235 microversion: 1.1 [pid: 6|app: 0|req: 332/666] 10.0.0.24 () {32 vars in 815 bytes} [Wed Jul 8 20:12:01 2026] GET /resource_providers/caff8c97-1e54-4454-839f-e6802ba4416c/aggregates => generated 235 bytes in 74 msecs (HTTP/1.1 404) 5 headers in 202 bytes (1 switches on core 0)
2026-07-08 20:12:01.903 7 INFO placement.requestlog [None req-f973d95e-c4a4-4cdd-8810-d9b925f66238 e489bfb9ca424cc9a260a57ecd1423e3 c00602ba570b470dad382f6e0f069a76 - - df3be8d4bf964bffb9be0927432062dd df3be8d4bf964bffb9be0927432062dd] 10.0.0.24 "DELETE /resource_providers/caff8c97-1e54-4454-839f-e6802ba4416c" status: 404 len: 246 microversion: 1.1 [pid: 7|app: 0|req: 335/667] 10.0.0.24 () {34 vars in 815 bytes} [Wed Jul 8 20:12:01 2026] DELETE /resource_providers/caff8c97-1e54-4454-839f-e6802ba4416c => generated 246 bytes in 11 msecs (HTTP/1.1 404) 6 headers in 231 bytes (1 switches on core 0)
2026-07-08 20:12:01.906 6 INFO placement.requestlog [None req-47b03944-4fb1-4e56-a411-28a0e358da91 e489bfb9ca424cc9a260a57ecd1423e3 c00602ba570b470dad382f6e0f069a76 - - df3be8d4bf964bffb9be0927432062dd df3be8d4bf964bffb9be0927432062dd] 10.0.0.24 "DELETE /resource_providers/caff8c97-1e54-4454-839f-e6802ba4416c" status: 404 len: 246 microversion: 1.1 [pid: 6|app: 0|req: 333/668] 10.0.0.24 () {34 vars in 815 bytes} [Wed Jul 8 20:12:01 2026] DELETE /resource_providers/caff8c97-1e54-4454-839f-e6802ba4416c => generated 246 bytes in 9 msecs (HTTP/1.1 404) 6 headers in 231 bytes (1 switches on core 0)
2026-07-08 20:12:02.603 7 INFO placement.requestlog [req-5f7163e1-7f4f-4c7c-8c01-a2d781a17bb5 req-931d144f-f616-4c57-83d8-b93a01355941 a42bf0216251457d8b8b9083214ac4ab c00602ba570b470dad382f6e0f069a76 - - df3be8d4bf964bffb9be0927432062dd df3be8d4bf964bffb9be0927432062dd] 199.204.45.227 "GET /resource_providers/9236c9bc-95ee-470e-b827-764b1ce28382/allocations" status: 200 len: 252 microversion: 1.0 [pid: 7|app: 0|req: 336/669] 199.204.45.227 () {32 vars in 857 bytes} [Wed Jul 8 20:12:02 2026] GET /resource_providers/9236c9bc-95ee-470e-b827-764b1ce28382/allocations => generated 252 bytes in 24 msecs (HTTP/1.1 200) 6 headers in 224 bytes (1 switches on core 0)
2026-07-08 20:12:02.626 6 INFO placement.requestlog [req-5f7163e1-7f4f-4c7c-8c01-a2d781a17bb5 req-30ad0967-ced9-48ab-af23-fd623fe0af74 a42bf0216251457d8b8b9083214ac4ab c00602ba570b470dad382f6e0f069a76 - - df3be8d4bf964bffb9be0927432062dd df3be8d4bf964bffb9be0927432062dd] 199.204.45.227 "GET /allocations/784029ee-0312-4bad-bcd2-d6d868dc687a" status: 200 len: 257 microversion: 1.28 [pid: 6|app: 0|req: 334/670] 199.204.45.227 () {34 vars in 863 bytes} [Wed Jul 8 20:12:02 2026] GET /allocations/784029ee-0312-4bad-bcd2-d6d868dc687a => generated 257 bytes in 17 msecs (HTTP/1.1 200) 8 headers in 296 bytes (1 switches on core 0)
2026-07-08 20:12:02.648 7 INFO placement.requestlog [req-5f7163e1-7f4f-4c7c-8c01-a2d781a17bb5 req-f31161ea-443a-48eb-826c-13c73fee9982 a42bf0216251457d8b8b9083214ac4ab c00602ba570b470dad382f6e0f069a76 - - df3be8d4bf964bffb9be0927432062dd df3be8d4bf964bffb9be0927432062dd] 199.204.45.227 "GET /allocations/8d47044d-3072-4a88-bded-572cc358809a" status: 200 len: 257 microversion: 1.28 [pid: 7|app: 0|req: 337/671] 199.204.45.227 () {34 vars in 863 bytes} [Wed Jul 8 20:12:02 2026] GET /allocations/8d47044d-3072-4a88-bded-572cc358809a => generated 257 bytes in 17 msecs (HTTP/1.1 200) 8 headers in 296 bytes (1 switches on core 0)
2026-07-08 20:12:02.994 6 INFO placement.requestlog [None req-6c6410cb-31be-492c-82e0-56308917bfa5 e489bfb9ca424cc9a260a57ecd1423e3 c00602ba570b470dad382f6e0f069a76 - - df3be8d4bf964bffb9be0927432062dd df3be8d4bf964bffb9be0927432062dd] 10.0.0.24 "GET /resource_providers/4fc1ddb4-83d7-4d4f-b2e0-6264cb00155e/aggregates" status: 404 len: 235 microversion: 1.1 [pid: 6|app: 0|req: 335/672] 10.0.0.24 () {32 vars in 815 bytes} [Wed Jul 8 20:12:02 2026] GET /resource_providers/4fc1ddb4-83d7-4d4f-b2e0-6264cb00155e/aggregates => generated 235 bytes in 221 msecs (HTTP/1.1 404) 5 headers in 202 bytes (1 switches on core 0)
2026-07-08 20:12:03.026 7 INFO placement.requestlog [None req-9f84dabf-b78d-484c-af10-99753b0ffbde e489bfb9ca424cc9a260a57ecd1423e3 c00602ba570b470dad382f6e0f069a76 - - df3be8d4bf964bffb9be0927432062dd df3be8d4bf964bffb9be0927432062dd] 10.0.0.24 "GET /resource_providers/4fc1ddb4-83d7-4d4f-b2e0-6264cb00155e/aggregates" status: 404 len: 235 microversion: 1.1 [pid: 7|app: 0|req: 338/673] 10.0.0.24 () {32 vars in 815 bytes} [Wed Jul 8 20:12:02 2026] GET /resource_providers/4fc1ddb4-83d7-4d4f-b2e0-6264cb00155e/aggregates => generated 235 bytes in 226 msecs (HTTP/1.1 404) 5 headers in 202 bytes (1 switches on core 0)
2026-07-08 20:12:03.030 6 INFO placement.requestlog [None req-c2f8a292-a454-49e0-adc5-646d37cfebe7 e489bfb9ca424cc9a260a57ecd1423e3 c00602ba570b470dad382f6e0f069a76 - - df3be8d4bf964bffb9be0927432062dd df3be8d4bf964bffb9be0927432062dd] 10.0.0.24 "DELETE /resource_providers/4fc1ddb4-83d7-4d4f-b2e0-6264cb00155e" status: 404 len: 246 microversion: 1.1 [pid: 6|app: 0|req: 336/674] 10.0.0.24 () {34 vars in 815 bytes} [Wed Jul 8 20:12:03 2026] DELETE /resource_providers/4fc1ddb4-83d7-4d4f-b2e0-6264cb00155e => generated 246 bytes in 16 msecs (HTTP/1.1 404) 6 headers in 231 bytes (1 switches on core 0)
2026-07-08 20:12:03.050 7 INFO placement.requestlog [None req-71a2c19d-c15d-4a83-9be5-e8917aacd7f4 e489bfb9ca424cc9a260a57ecd1423e3 c00602ba570b470dad382f6e0f069a76 - - df3be8d4bf964bffb9be0927432062dd df3be8d4bf964bffb9be0927432062dd] 10.0.0.24 "DELETE /resource_providers/4fc1ddb4-83d7-4d4f-b2e0-6264cb00155e" status: 404 len: 246 microversion: 1.1 [pid: 7|app: 0|req: 339/675] 10.0.0.24 () {34 vars in 815 bytes} [Wed Jul 8 20:12:03 2026] DELETE /resource_providers/4fc1ddb4-83d7-4d4f-b2e0-6264cb00155e => generated 246 bytes in 9 msecs (HTTP/1.1 404) 6 headers in 231 bytes (1 switches on core 0)
2026-07-08 20:12:03.940 6 INFO placement.requestlog [None req-c762d9b1-c1a1-47eb-8f6a-2a6ffdd71629 e489bfb9ca424cc9a260a57ecd1423e3 c00602ba570b470dad382f6e0f069a76 - - df3be8d4bf964bffb9be0927432062dd df3be8d4bf964bffb9be0927432062dd] 10.0.0.24 "GET /resource_providers/728edca0-9cda-4ab7-aca4-8ab1b6685df8/aggregates" status: 404 len: 235 microversion: 1.1 [pid: 6|app: 0|req: 337/676] 10.0.0.24 () {32 vars in 815 bytes} [Wed Jul 8 20:12:03 2026] GET /resource_providers/728edca0-9cda-4ab7-aca4-8ab1b6685df8/aggregates => generated 235 bytes in 20 msecs (HTTP/1.1 404) 5 headers in 202 bytes (1 switches on core 0)
2026-07-08 20:12:03.943 7 INFO placement.requestlog [None req-57bcd532-6b56-457e-8620-96faffea7615 e489bfb9ca424cc9a260a57ecd1423e3 c00602ba570b470dad382f6e0f069a76 - - df3be8d4bf964bffb9be0927432062dd df3be8d4bf964bffb9be0927432062dd] 10.0.0.24 "GET /resource_providers/728edca0-9cda-4ab7-aca4-8ab1b6685df8/aggregates" status: 404 len: 235 microversion: 1.1 [pid: 7|app: 0|req: 340/677] 10.0.0.24 () {32 vars in 815 bytes} [Wed Jul 8 20:12:03 2026] GET /resource_providers/728edca0-9cda-4ab7-aca4-8ab1b6685df8/aggregates => generated 235 bytes in 21 msecs (HTTP/1.1 404) 5 headers in 202 bytes (1 switches on core 0)
2026-07-08 20:12:03.965 7 INFO placement.requestlog [None req-3392d871-8765-45d1-a6cf-68818bdfd11f e489bfb9ca424cc9a260a57ecd1423e3 c00602ba570b470dad382f6e0f069a76 - - df3be8d4bf964bffb9be0927432062dd df3be8d4bf964bffb9be0927432062dd] 10.0.0.24 "DELETE /resource_providers/728edca0-9cda-4ab7-aca4-8ab1b6685df8" status: 404 len: 246 microversion: 1.1 [pid: 7|app: 0|req: 341/678] 10.0.0.24 () {34 vars in 815 bytes} [Wed Jul 8 20:12:03 2026] DELETE /resource_providers/728edca0-9cda-4ab7-aca4-8ab1b6685df8 => generated 246 bytes in 7 msecs (HTTP/1.1 404) 6 headers in 231 bytes (1 switches on core 0)
2026-07-08 20:12:03.966 6 INFO placement.requestlog [None req-69dc19c8-c5dd-44c6-acbf-5dc12f0f1ad2 e489bfb9ca424cc9a260a57ecd1423e3 c00602ba570b470dad382f6e0f069a76 - - df3be8d4bf964bffb9be0927432062dd df3be8d4bf964bffb9be0927432062dd] 10.0.0.24 "DELETE /resource_providers/728edca0-9cda-4ab7-aca4-8ab1b6685df8" status: 404 len: 246 microversion: 1.1 [pid: 6|app: 0|req: 338/679] 10.0.0.24 () {34 vars in 815 bytes} [Wed Jul 8 20:12:03 2026] DELETE /resource_providers/728edca0-9cda-4ab7-aca4-8ab1b6685df8 => generated 246 bytes in 9 msecs (HTTP/1.1 404) 6 headers in 231 bytes (1 switches on core 0)
2026-07-08 20:12:05.059 7 INFO placement.requestlog [None req-2df9a8a8-58d1-443c-8c3e-48d36ff5358b e489bfb9ca424cc9a260a57ecd1423e3 c00602ba570b470dad382f6e0f069a76 - - df3be8d4bf964bffb9be0927432062dd df3be8d4bf964bffb9be0927432062dd] 10.0.0.24 "GET /resource_providers/91828b14-fc41-4eb9-ba30-45d928002290/aggregates" status: 404 len: 235 microversion: 1.1 [pid: 7|app: 0|req: 342/680] 10.0.0.24 () {32 vars in 815 bytes} [Wed Jul 8 20:12:05 2026] GET /resource_providers/91828b14-fc41-4eb9-ba30-45d928002290/aggregates => generated 235 bytes in 12 msecs (HTTP/1.1 404) 5 headers in 202 bytes (1 switches on core 0)
2026-07-08 20:12:05.090 6 INFO placement.requestlog [None req-35769190-d849-43ba-890b-00fab591fa3d e489bfb9ca424cc9a260a57ecd1423e3 c00602ba570b470dad382f6e0f069a76 - - df3be8d4bf964bffb9be0927432062dd df3be8d4bf964bffb9be0927432062dd] 10.0.0.24 "GET /resource_providers/91828b14-fc41-4eb9-ba30-45d928002290/aggregates" status: 404 len: 235 microversion: 1.1 [pid: 6|app: 0|req: 339/681] 10.0.0.24 () {32 vars in 815 bytes} [Wed Jul 8 20:12:05 2026] GET /resource_providers/91828b14-fc41-4eb9-ba30-45d928002290/aggregates => generated 235 bytes in 11 msecs (HTTP/1.1 404) 5 headers in 202 bytes (1 switches on core 0)
2026-07-08 20:12:05.107 7 INFO placement.requestlog [None req-6823d2b1-2954-41d3-954b-623d0dd9575f e489bfb9ca424cc9a260a57ecd1423e3 c00602ba570b470dad382f6e0f069a76 - - df3be8d4bf964bffb9be0927432062dd df3be8d4bf964bffb9be0927432062dd] 10.0.0.24 "DELETE /resource_providers/91828b14-fc41-4eb9-ba30-45d928002290" status: 404 len: 246 microversion: 1.1 [pid: 7|app: 0|req: 343/682] 10.0.0.24 () {34 vars in 815 bytes} [Wed Jul 8 20:12:05 2026] DELETE /resource_providers/91828b14-fc41-4eb9-ba30-45d928002290 => generated 246 bytes in 25 msecs (HTTP/1.1 404) 6 headers in 231 bytes (1 switches on core 0)
2026-07-08 20:12:05.111 6 INFO placement.requestlog [None req-c6ab1f83-968a-4da4-a08c-7f9ff02f9480 e489bfb9ca424cc9a260a57ecd1423e3 c00602ba570b470dad382f6e0f069a76 - - df3be8d4bf964bffb9be0927432062dd df3be8d4bf964bffb9be0927432062dd] 10.0.0.24 "DELETE /resource_providers/91828b14-fc41-4eb9-ba30-45d928002290" status: 404 len: 246 microversion: 1.1 [pid: 6|app: 0|req: 340/683] 10.0.0.24 () {34 vars in 815 bytes} [Wed Jul 8 20:12:05 2026] DELETE /resource_providers/91828b14-fc41-4eb9-ba30-45d928002290 => generated 246 bytes in 9 msecs (HTTP/1.1 404) 6 headers in 231 bytes (1 switches on core 0)
2026-07-08 20:12:05.749 7 INFO placement.requestlog [req-b648da27-1575-49f1-98a5-8dd88fd0029c req-344db073-a21f-4fff-84a7-14317b118c93 a42bf0216251457d8b8b9083214ac4ab c00602ba570b470dad382f6e0f069a76 - - df3be8d4bf964bffb9be0927432062dd df3be8d4bf964bffb9be0927432062dd] 199.204.45.227 "GET /resource_providers/9236c9bc-95ee-470e-b827-764b1ce28382/allocations" status: 200 len: 252 microversion: 1.0 [pid: 7|app: 0|req: 344/684] 199.204.45.227 () {32 vars in 857 bytes} [Wed Jul 8 20:12:05 2026] GET /resource_providers/9236c9bc-95ee-470e-b827-764b1ce28382/allocations => generated 252 bytes in 32 msecs (HTTP/1.1 200) 6 headers in 224 bytes (1 switches on core 0)
2026-07-08 20:12:05.771 6 INFO placement.requestlog [req-b648da27-1575-49f1-98a5-8dd88fd0029c req-1beffec9-70c4-478d-8403-3de430debfd7 a42bf0216251457d8b8b9083214ac4ab c00602ba570b470dad382f6e0f069a76 - - df3be8d4bf964bffb9be0927432062dd df3be8d4bf964bffb9be0927432062dd] 199.204.45.227 "GET /resource_providers/9236c9bc-95ee-470e-b827-764b1ce28382/allocations" status: 200 len: 252 microversion: 1.0 [pid: 6|app: 0|req: 341/685] 199.204.45.227 () {32 vars in 857 bytes} [Wed Jul 8 20:12:05 2026] GET /resource_providers/9236c9bc-95ee-470e-b827-764b1ce28382/allocations => generated 252 bytes in 17 msecs (HTTP/1.1 200) 6 headers in 224 bytes (1 switches on core 0)
2026-07-08 20:12:05.794 7 INFO placement.requestlog [req-b648da27-1575-49f1-98a5-8dd88fd0029c req-4395c9f7-d960-41a3-8e0d-654ab65a9344 a42bf0216251457d8b8b9083214ac4ab c00602ba570b470dad382f6e0f069a76 - - df3be8d4bf964bffb9be0927432062dd df3be8d4bf964bffb9be0927432062dd] 199.204.45.227 "GET /allocations/784029ee-0312-4bad-bcd2-d6d868dc687a" status: 200 len: 257 microversion: 1.28 [pid: 7|app: 0|req: 345/686] 199.204.45.227 () {34 vars in 863 bytes} [Wed Jul 8 20:12:05 2026] GET /allocations/784029ee-0312-4bad-bcd2-d6d868dc687a => generated 257 bytes in 17 msecs (HTTP/1.1 200) 8 headers in 296 bytes (1 switches on core 0)
2026-07-08 20:12:05.815 6 INFO placement.requestlog [req-b648da27-1575-49f1-98a5-8dd88fd0029c req-f8ea21e6-a852-471f-a09c-ce611852d472 a42bf0216251457d8b8b9083214ac4ab c00602ba570b470dad382f6e0f069a76 - - df3be8d4bf964bffb9be0927432062dd df3be8d4bf964bffb9be0927432062dd] 199.204.45.227 "GET /allocations/8d47044d-3072-4a88-bded-572cc358809a" status: 200 len: 257 microversion: 1.28 [pid: 6|app: 0|req: 342/687] 199.204.45.227 () {34 vars in 863 bytes} [Wed Jul 8 20:12:05 2026] GET /allocations/8d47044d-3072-4a88-bded-572cc358809a => generated 257 bytes in 16 msecs (HTTP/1.1 200) 8 headers in 296 bytes (1 switches on core 0)
2026-07-08 20:12:06.499 7 INFO placement.requestlog [None req-cc0dd2ba-bba6-4fdd-a906-cef35dc1d9bc - - - - - -] 10.0.0.135 "GET /" status: 200 len: 136 microversion: 1.0
2026-07-08 20:12:06.499 6 INFO placement.requestlog [None req-e0fccaf3-1a49-4072-abe5-66f8d180fcb6 - - - - - -] 10.0.0.135 "GET /" status: 200 len: 136 microversion: 1.0
2026-07-08 20:12:12.395 7 INFO placement.requestlog [req-b95e7d7c-bddb-475c-b823-99a634e4b231 req-ee06dd19-d703-4182-84f9-f1703bf43093 a42bf0216251457d8b8b9083214ac4ab c00602ba570b470dad382f6e0f069a76 - - df3be8d4bf964bffb9be0927432062dd df3be8d4bf964bffb9be0927432062dd] 10.0.0.40 "GET /allocation_candidates?limit=1000&resources=DISK_GB%3A1%2CMEMORY_MB%3A512%2CVCPU%3A1&root_required=%21COMPUTE_STATUS_DISABLED" status: 200 len: 2643 microversion: 1.36 [pid: 7|app: 0|req: 347/690] 10.0.0.40 () {34 vars in 1011 bytes} [Wed Jul 8 20:12:12 2026] GET /allocation_candidates?limit=1000&resources=DISK_GB%3A1%2CMEMORY_MB%3A512%2CVCPU%3A1&root_required=%21COMPUTE_STATUS_DISABLED => generated 2643 bytes in 59 msecs (HTTP/1.1 200) 8 headers in 297 bytes (1 switches on core 0)
2026-07-08 20:12:12.428 6 INFO placement.requestlog [req-b95e7d7c-bddb-475c-b823-99a634e4b231 req-6406a719-230d-4f5f-9106-a7f641a53954 a42bf0216251457d8b8b9083214ac4ab c00602ba570b470dad382f6e0f069a76 - - df3be8d4bf964bffb9be0927432062dd df3be8d4bf964bffb9be0927432062dd] 10.0.0.40 "GET /allocations/8353964f-16ef-4f13-a325-c30fc1f40f23" status: 200 len: 19 microversion: 1.28 [pid: 6|app: 0|req: 344/691] 10.0.0.40 () {34 vars in 860 bytes} [Wed Jul 8 20:12:12 2026] GET /allocations/8353964f-16ef-4f13-a325-c30fc1f40f23 => generated 19 bytes in 10 msecs (HTTP/1.1 200) 8 headers in 295 bytes (1 switches on core 0)
2026-07-08 20:12:12.659 7 INFO placement.requestlog [req-b95e7d7c-bddb-475c-b823-99a634e4b231 req-bb7a58e8-f8d4-40a4-80fc-bbbfc6100f03 a42bf0216251457d8b8b9083214ac4ab c00602ba570b470dad382f6e0f069a76 - - df3be8d4bf964bffb9be0927432062dd df3be8d4bf964bffb9be0927432062dd] 10.0.0.40 "PUT /allocations/8353964f-16ef-4f13-a325-c30fc1f40f23" status: 204 len: 0 microversion: 1.36 [pid: 7|app: 0|req: 348/692] 10.0.0.40 () {38 vars in 913 bytes} [Wed Jul 8 20:12:12 2026] PUT /allocations/8353964f-16ef-4f13-a325-c30fc1f40f23 => generated 0 bytes in 228 msecs (HTTP/1.1 204) 5 headers in 199 bytes (1 switches on core 0)
2026-07-08 20:12:14.062 6 INFO placement.requestlog [req-b95e7d7c-bddb-475c-b823-99a634e4b231 req-5a4b56d7-11d4-4592-b6d3-6c34d5e22a7d a42bf0216251457d8b8b9083214ac4ab c00602ba570b470dad382f6e0f069a76 - - df3be8d4bf964bffb9be0927432062dd df3be8d4bf964bffb9be0927432062dd] 199.204.45.227 "GET /allocations/8353964f-16ef-4f13-a325-c30fc1f40f23" status: 200 len: 257 microversion: 1.28 [pid: 6|app: 0|req: 345/693] 199.204.45.227 () {34 vars in 863 bytes} [Wed Jul 8 20:12:14 2026] GET /allocations/8353964f-16ef-4f13-a325-c30fc1f40f23 => generated 257 bytes in 11 msecs (HTTP/1.1 200) 8 headers in 296 bytes (1 switches on core 0)
2026-07-08 20:12:15.121 7 INFO placement.requestlog [req-b95e7d7c-bddb-475c-b823-99a634e4b231 req-643b60c6-d1e7-4731-b0c1-a93897cfd4cc a42bf0216251457d8b8b9083214ac4ab c00602ba570b470dad382f6e0f069a76 - - df3be8d4bf964bffb9be0927432062dd df3be8d4bf964bffb9be0927432062dd] 199.204.45.227 "GET /resource_providers/9236c9bc-95ee-470e-b827-764b1ce28382/allocations" status: 200 len: 352 microversion: 1.0 [pid: 7|app: 0|req: 349/694] 199.204.45.227 () {32 vars in 857 bytes} [Wed Jul 8 20:12:15 2026] GET /resource_providers/9236c9bc-95ee-470e-b827-764b1ce28382/allocations => generated 352 bytes in 32 msecs (HTTP/1.1 200) 6 headers in 224 bytes (1 switches on core 0)
2026-07-08 20:12:15.145 6 INFO placement.requestlog [req-b95e7d7c-bddb-475c-b823-99a634e4b231 req-f34e5b93-7a38-4117-bbc4-07888aa79f88 a42bf0216251457d8b8b9083214ac4ab c00602ba570b470dad382f6e0f069a76 - - df3be8d4bf964bffb9be0927432062dd df3be8d4bf964bffb9be0927432062dd] 199.204.45.227 "GET /allocations/784029ee-0312-4bad-bcd2-d6d868dc687a" status: 200 len: 257 microversion: 1.28 [pid: 6|app: 0|req: 346/695] 199.204.45.227 () {34 vars in 863 bytes} [Wed Jul 8 20:12:15 2026] GET /allocations/784029ee-0312-4bad-bcd2-d6d868dc687a => generated 257 bytes in 16 msecs (HTTP/1.1 200) 8 headers in 296 bytes (1 switches on core 0)
2026-07-08 20:12:15.161 7 INFO placement.requestlog [req-b95e7d7c-bddb-475c-b823-99a634e4b231 req-d78b3141-e870-4aa4-8514-4a3c256319f3 a42bf0216251457d8b8b9083214ac4ab c00602ba570b470dad382f6e0f069a76 - - df3be8d4bf964bffb9be0927432062dd df3be8d4bf964bffb9be0927432062dd] 199.204.45.227 "GET /allocations/8d47044d-3072-4a88-bded-572cc358809a" status: 200 len: 257 microversion: 1.28 [pid: 7|app: 0|req: 350/696] 199.204.45.227 () {34 vars in 863 bytes} [Wed Jul 8 20:12:15 2026] GET /allocations/8d47044d-3072-4a88-bded-572cc358809a => generated 257 bytes in 12 msecs (HTTP/1.1 200) 8 headers in 296 bytes (1 switches on core 0)
2026-07-08 20:12:15.181 6 INFO placement.requestlog [req-b95e7d7c-bddb-475c-b823-99a634e4b231 req-c8ec22e7-a8b9-4a85-a220-3df7f3df86b2 a42bf0216251457d8b8b9083214ac4ab c00602ba570b470dad382f6e0f069a76 - - df3be8d4bf964bffb9be0927432062dd df3be8d4bf964bffb9be0927432062dd] 199.204.45.227 "GET /allocations/8353964f-16ef-4f13-a325-c30fc1f40f23" status: 200 len: 257 microversion: 1.28 [pid: 6|app: 0|req: 347/697] 199.204.45.227 () {34 vars in 863 bytes} [Wed Jul 8 20:12:15 2026] GET /allocations/8353964f-16ef-4f13-a325-c30fc1f40f23 => generated 257 bytes in 12 msecs (HTTP/1.1 200) 8 headers in 296 bytes (1 switches on core 0)
2026-07-08 20:12:15.353 7 INFO placement.requestlog [None req-a1d8d252-1195-4883-afd5-675fa0d692ed e489bfb9ca424cc9a260a57ecd1423e3 c00602ba570b470dad382f6e0f069a76 - - df3be8d4bf964bffb9be0927432062dd df3be8d4bf964bffb9be0927432062dd] 10.0.0.24 "GET /resource_providers/7ed0014e-0d8f-4dc1-8516-0c5522e59871/aggregates" status: 404 len: 235 microversion: 1.1 [pid: 7|app: 0|req: 351/698] 10.0.0.24 () {32 vars in 815 bytes} [Wed Jul 8 20:12:15 2026] GET /resource_providers/7ed0014e-0d8f-4dc1-8516-0c5522e59871/aggregates => generated 235 bytes in 10 msecs (HTTP/1.1 404) 5 headers in 202 bytes (1 switches on core 0)
2026-07-08 20:12:15.356 6 INFO placement.requestlog [None req-6af39a69-d845-40e9-9088-5b112e5cb7c0 e489bfb9ca424cc9a260a57ecd1423e3 c00602ba570b470dad382f6e0f069a76 - - df3be8d4bf964bffb9be0927432062dd df3be8d4bf964bffb9be0927432062dd] 10.0.0.24 "GET /resource_providers/7ed0014e-0d8f-4dc1-8516-0c5522e59871/aggregates" status: 404 len: 235 microversion: 1.1 [pid: 6|app: 0|req: 348/699] 10.0.0.24 () {32 vars in 815 bytes} [Wed Jul 8 20:12:15 2026] GET /resource_providers/7ed0014e-0d8f-4dc1-8516-0c5522e59871/aggregates => generated 235 bytes in 14 msecs (HTTP/1.1 404) 5 headers in 202 bytes (1 switches on core 0)
2026-07-08 20:12:15.379 7 INFO placement.requestlog [None req-53ac7274-3d2a-42c4-afad-5bbd7bf37833 e489bfb9ca424cc9a260a57ecd1423e3 c00602ba570b470dad382f6e0f069a76 - - df3be8d4bf964bffb9be0927432062dd df3be8d4bf964bffb9be0927432062dd] 10.0.0.24 "DELETE /resource_providers/7ed0014e-0d8f-4dc1-8516-0c5522e59871" status: 404 len: 246 microversion: 1.1 [pid: 7|app: 0|req: 352/700] 10.0.0.24 () {34 vars in 815 bytes} [Wed Jul 8 20:12:15 2026] DELETE /resource_providers/7ed0014e-0d8f-4dc1-8516-0c5522e59871 => generated 246 bytes in 10 msecs (HTTP/1.1 404) 6 headers in 231 bytes (1 switches on core 0)
2026-07-08 20:12:15.385 6 INFO placement.requestlog [None req-22b8da74-560c-4ce2-ac77-47411ed36cda e489bfb9ca424cc9a260a57ecd1423e3 c00602ba570b470dad382f6e0f069a76 - - df3be8d4bf964bffb9be0927432062dd df3be8d4bf964bffb9be0927432062dd] 10.0.0.24 "DELETE /resource_providers/7ed0014e-0d8f-4dc1-8516-0c5522e59871" status: 404 len: 246 microversion: 1.1 [pid: 6|app: 0|req: 349/701] 10.0.0.24 () {34 vars in 815 bytes} [Wed Jul 8 20:12:15 2026] DELETE /resource_providers/7ed0014e-0d8f-4dc1-8516-0c5522e59871 => generated 246 bytes in 10 msecs (HTTP/1.1 404) 6 headers in 231 bytes (1 switches on core 0)
2026-07-08 20:12:15.554 7 INFO placement.requestlog [None req-c5cbeaf6-ba98-40bc-9423-580d91af54e7 e489bfb9ca424cc9a260a57ecd1423e3 c00602ba570b470dad382f6e0f069a76 - - df3be8d4bf964bffb9be0927432062dd df3be8d4bf964bffb9be0927432062dd] 10.0.0.24 "GET /resource_providers/049782b9-4eec-4d9c-b3c2-d412f00aefea/aggregates" status: 404 len: 235 microversion: 1.1 [pid: 7|app: 0|req: 353/702] 10.0.0.24 () {32 vars in 815 bytes} [Wed Jul 8 20:12:15 2026] GET /resource_providers/049782b9-4eec-4d9c-b3c2-d412f00aefea/aggregates => generated 235 bytes in 10 msecs (HTTP/1.1 404) 5 headers in 202 bytes (1 switches on core 0)
2026-07-08 20:12:15.559 6 INFO placement.requestlog [None req-8da96dfe-8950-4d8f-a1ac-8be970e7ec43 e489bfb9ca424cc9a260a57ecd1423e3 c00602ba570b470dad382f6e0f069a76 - - df3be8d4bf964bffb9be0927432062dd df3be8d4bf964bffb9be0927432062dd] 10.0.0.24 "GET /resource_providers/049782b9-4eec-4d9c-b3c2-d412f00aefea/aggregates" status: 404 len: 235 microversion: 1.1 [pid: 6|app: 0|req: 350/703] 10.0.0.24 () {32 vars in 815 bytes} [Wed Jul 8 20:12:15 2026] GET /resource_providers/049782b9-4eec-4d9c-b3c2-d412f00aefea/aggregates => generated 235 bytes in 8 msecs (HTTP/1.1 404) 5 headers in 202 bytes (1 switches on core 0)
