2026-07-08 20:14:27.962 6 INFO placement.requestlog [req-7ba5d818-9a46-41ae-8f9a-4002aacfbc93 req-173b2f08-4a6b-4363-a0cb-bddb17d3ee2d a42bf0216251457d8b8b9083214ac4ab c00602ba570b470dad382f6e0f069a76 - - df3be8d4bf964bffb9be0927432062dd df3be8d4bf964bffb9be0927432062dd] 199.204.45.227 "GET /allocations/4c732fa3-ab19-4be7-b0be-b82f5bf381fc" status: 200 len: 257 microversion: 1.28 [pid: 6|app: 0|req: 517/1047] 199.204.45.227 () {34 vars in 863 bytes} [Wed Jul 8 20:14:27 2026] GET /allocations/4c732fa3-ab19-4be7-b0be-b82f5bf381fc => generated 257 bytes in 12 msecs (HTTP/1.1 200) 8 headers in 296 bytes (1 switches on core 0)
2026-07-08 20:14:28.195 7 INFO placement.requestlog [None req-f2e0807e-2592-43e7-a48c-17a0abf69a6b e489bfb9ca424cc9a260a57ecd1423e3 c00602ba570b470dad382f6e0f069a76 - - df3be8d4bf964bffb9be0927432062dd df3be8d4bf964bffb9be0927432062dd] 10.0.0.24 "GET /resource_providers/58a24d91-8988-471d-857b-c6c24211e722/aggregates" status: 404 len: 235 microversion: 1.1 [pid: 7|app: 0|req: 531/1048] 10.0.0.24 () {32 vars in 815 bytes} [Wed Jul 8 20:14:28 2026] GET /resource_providers/58a24d91-8988-471d-857b-c6c24211e722/aggregates => generated 235 bytes in 10 msecs (HTTP/1.1 404) 5 headers in 202 bytes (1 switches on core 0)
2026-07-08 20:14:28.196 6 INFO placement.requestlog [None req-a1c47c14-252f-47d1-8e28-2ceaed8ae6ce e489bfb9ca424cc9a260a57ecd1423e3 c00602ba570b470dad382f6e0f069a76 - - df3be8d4bf964bffb9be0927432062dd df3be8d4bf964bffb9be0927432062dd] 10.0.0.24 "GET /resource_providers/58a24d91-8988-471d-857b-c6c24211e722/aggregates" status: 404 len: 235 microversion: 1.1 [pid: 6|app: 0|req: 518/1049] 10.0.0.24 () {32 vars in 815 bytes} [Wed Jul 8 20:14:28 2026] GET /resource_providers/58a24d91-8988-471d-857b-c6c24211e722/aggregates => generated 235 bytes in 10 msecs (HTTP/1.1 404) 5 headers in 202 bytes (1 switches on core 0)
2026-07-08 20:14:28.223 6 INFO placement.requestlog [None req-6ab3b06d-a17d-4249-9681-937e9d6cae27 e489bfb9ca424cc9a260a57ecd1423e3 c00602ba570b470dad382f6e0f069a76 - - df3be8d4bf964bffb9be0927432062dd df3be8d4bf964bffb9be0927432062dd] 10.0.0.24 "DELETE /resource_providers/58a24d91-8988-471d-857b-c6c24211e722" status: 404 len: 246 microversion: 1.1 [pid: 6|app: 0|req: 519/1050] 10.0.0.24 () {34 vars in 815 bytes} [Wed Jul 8 20:14:28 2026] DELETE /resource_providers/58a24d91-8988-471d-857b-c6c24211e722 => generated 246 bytes in 14 msecs (HTTP/1.1 404) 6 headers in 231 bytes (1 switches on core 0)
2026-07-08 20:14:28.224 7 INFO placement.requestlog [None req-eafffd24-ee4e-4307-8bea-7752b4d5346d e489bfb9ca424cc9a260a57ecd1423e3 c00602ba570b470dad382f6e0f069a76 - - df3be8d4bf964bffb9be0927432062dd df3be8d4bf964bffb9be0927432062dd] 10.0.0.24 "DELETE /resource_providers/58a24d91-8988-471d-857b-c6c24211e722" status: 404 len: 246 microversion: 1.1 [pid: 7|app: 0|req: 532/1051] 10.0.0.24 () {34 vars in 815 bytes} [Wed Jul 8 20:14:28 2026] DELETE /resource_providers/58a24d91-8988-471d-857b-c6c24211e722 => generated 246 bytes in 17 msecs (HTTP/1.1 404) 6 headers in 231 bytes (1 switches on core 0)
2026-07-08 20:14:29.004 6 INFO placement.requestlog [req-7ba5d818-9a46-41ae-8f9a-4002aacfbc93 req-ee7c4078-8e25-4783-9eb7-d3274c0450e3 a42bf0216251457d8b8b9083214ac4ab c00602ba570b470dad382f6e0f069a76 - - df3be8d4bf964bffb9be0927432062dd df3be8d4bf964bffb9be0927432062dd] 199.204.45.227 "GET /resource_providers/9236c9bc-95ee-470e-b827-764b1ce28382/allocations" status: 200 len: 152 microversion: 1.0 [pid: 6|app: 0|req: 520/1052] 199.204.45.227 () {32 vars in 857 bytes} [Wed Jul 8 20:14:28 2026] GET /resource_providers/9236c9bc-95ee-470e-b827-764b1ce28382/allocations => generated 152 bytes in 16 msecs (HTTP/1.1 200) 6 headers in 224 bytes (1 switches on core 0)
2026-07-08 20:14:29.027 7 INFO placement.requestlog [req-7ba5d818-9a46-41ae-8f9a-4002aacfbc93 req-2860424d-cb68-41f5-8314-7c2b327f1ba7 a42bf0216251457d8b8b9083214ac4ab c00602ba570b470dad382f6e0f069a76 - - df3be8d4bf964bffb9be0927432062dd df3be8d4bf964bffb9be0927432062dd] 199.204.45.227 "GET /allocations/4c732fa3-ab19-4be7-b0be-b82f5bf381fc" status: 200 len: 257 microversion: 1.28 [pid: 7|app: 0|req: 533/1053] 199.204.45.227 () {34 vars in 863 bytes} [Wed Jul 8 20:14:29 2026] GET /allocations/4c732fa3-ab19-4be7-b0be-b82f5bf381fc => generated 257 bytes in 15 msecs (HTTP/1.1 200) 8 headers in 296 bytes (1 switches on core 0)
2026-07-08 20:14:30.277 6 INFO placement.requestlog [req-7833764c-e181-4222-8f68-f6542d6b01b4 req-87fa4fab-e061-41db-b711-f709e4d8db5d a42bf0216251457d8b8b9083214ac4ab c00602ba570b470dad382f6e0f069a76 - - df3be8d4bf964bffb9be0927432062dd df3be8d4bf964bffb9be0927432062dd] 10.0.0.40 "GET /allocation_candidates?limit=1000&resources=DISK_GB%3A1%2CMEMORY_MB%3A512%2CVCPU%3A1&root_required=%21COMPUTE_STATUS_DISABLED" status: 200 len: 2642 microversion: 1.36 [pid: 6|app: 0|req: 521/1054] 10.0.0.40 () {34 vars in 1011 bytes} [Wed Jul 8 20:14:30 2026] GET /allocation_candidates?limit=1000&resources=DISK_GB%3A1%2CMEMORY_MB%3A512%2CVCPU%3A1&root_required=%21COMPUTE_STATUS_DISABLED => generated 2642 bytes in 55 msecs (HTTP/1.1 200) 8 headers in 297 bytes (1 switches on core 0)
2026-07-08 20:14:30.308 7 INFO placement.requestlog [req-7833764c-e181-4222-8f68-f6542d6b01b4 req-8f377d98-2053-4492-be3a-5792d5bab313 a42bf0216251457d8b8b9083214ac4ab c00602ba570b470dad382f6e0f069a76 - - df3be8d4bf964bffb9be0927432062dd df3be8d4bf964bffb9be0927432062dd] 10.0.0.40 "GET /allocations/0845448b-685c-4e34-b758-4115f76feab9" status: 200 len: 19 microversion: 1.28 [pid: 7|app: 0|req: 534/1055] 10.0.0.40 () {34 vars in 860 bytes} [Wed Jul 8 20:14:30 2026] GET /allocations/0845448b-685c-4e34-b758-4115f76feab9 => generated 19 bytes in 10 msecs (HTTP/1.1 200) 8 headers in 295 bytes (1 switches on core 0)
2026-07-08 20:14:30.380 6 INFO placement.requestlog [req-7833764c-e181-4222-8f68-f6542d6b01b4 req-bb56e1f3-9344-4efa-b07a-bb715589832f a42bf0216251457d8b8b9083214ac4ab c00602ba570b470dad382f6e0f069a76 - - df3be8d4bf964bffb9be0927432062dd df3be8d4bf964bffb9be0927432062dd] 10.0.0.40 "PUT /allocations/0845448b-685c-4e34-b758-4115f76feab9" status: 204 len: 0 microversion: 1.36 [pid: 6|app: 0|req: 522/1056] 10.0.0.40 () {38 vars in 913 bytes} [Wed Jul 8 20:14:30 2026] PUT /allocations/0845448b-685c-4e34-b758-4115f76feab9 => generated 0 bytes in 68 msecs (HTTP/1.1 204) 5 headers in 199 bytes (1 switches on core 0)
2026-07-08 20:14:31.876 7 INFO placement.requestlog [req-7833764c-e181-4222-8f68-f6542d6b01b4 req-b4a9147c-4be4-4e80-b410-789784b21750 a42bf0216251457d8b8b9083214ac4ab c00602ba570b470dad382f6e0f069a76 - - df3be8d4bf964bffb9be0927432062dd df3be8d4bf964bffb9be0927432062dd] 199.204.45.227 "GET /allocations/0845448b-685c-4e34-b758-4115f76feab9" status: 200 len: 258 microversion: 1.28 [pid: 7|app: 0|req: 535/1057] 199.204.45.227 () {34 vars in 863 bytes} [Wed Jul 8 20:14:31 2026] GET /allocations/0845448b-685c-4e34-b758-4115f76feab9 => generated 258 bytes in 14 msecs (HTTP/1.1 200) 8 headers in 296 bytes (1 switches on core 0)
2026-07-08 20:14:32.927 6 INFO placement.requestlog [req-7833764c-e181-4222-8f68-f6542d6b01b4 req-92117e8d-e427-4176-8a4f-55387473cbb2 a42bf0216251457d8b8b9083214ac4ab c00602ba570b470dad382f6e0f069a76 - - df3be8d4bf964bffb9be0927432062dd df3be8d4bf964bffb9be0927432062dd] 199.204.45.227 "GET /resource_providers/9236c9bc-95ee-470e-b827-764b1ce28382/allocations" status: 200 len: 253 microversion: 1.0 [pid: 6|app: 0|req: 523/1058] 199.204.45.227 () {32 vars in 857 bytes} [Wed Jul 8 20:14:32 2026] GET /resource_providers/9236c9bc-95ee-470e-b827-764b1ce28382/allocations => generated 253 bytes in 21 msecs (HTTP/1.1 200) 6 headers in 224 bytes (1 switches on core 0)
2026-07-08 20:14:32.947 7 INFO placement.requestlog [req-7833764c-e181-4222-8f68-f6542d6b01b4 req-913080e8-abff-4623-87ed-8b59c7e6b405 a42bf0216251457d8b8b9083214ac4ab c00602ba570b470dad382f6e0f069a76 - - df3be8d4bf964bffb9be0927432062dd df3be8d4bf964bffb9be0927432062dd] 199.204.45.227 "GET /allocations/0845448b-685c-4e34-b758-4115f76feab9" status: 200 len: 258 microversion: 1.28 [pid: 7|app: 0|req: 536/1059] 199.204.45.227 () {34 vars in 863 bytes} [Wed Jul 8 20:14:32 2026] GET /allocations/0845448b-685c-4e34-b758-4115f76feab9 => generated 258 bytes in 13 msecs (HTTP/1.1 200) 8 headers in 296 bytes (1 switches on core 0)
2026-07-08 20:14:32.966 6 INFO placement.requestlog [req-7833764c-e181-4222-8f68-f6542d6b01b4 req-2d285216-7639-4064-894c-c355a73f3e5d a42bf0216251457d8b8b9083214ac4ab c00602ba570b470dad382f6e0f069a76 - - df3be8d4bf964bffb9be0927432062dd df3be8d4bf964bffb9be0927432062dd] 199.204.45.227 "GET /allocations/4c732fa3-ab19-4be7-b0be-b82f5bf381fc" status: 200 len: 258 microversion: 1.28 [pid: 6|app: 0|req: 524/1060] 199.204.45.227 () {34 vars in 863 bytes} [Wed Jul 8 20:14:32 2026] GET /allocations/4c732fa3-ab19-4be7-b0be-b82f5bf381fc => generated 258 bytes in 12 msecs (HTTP/1.1 200) 8 headers in 296 bytes (1 switches on core 0)
2026-07-08 20:14:36.499 7 INFO placement.requestlog [None req-a1696ac3-3962-4e01-b4bf-6f120688503f - - - - - -] 10.0.0.135 "GET /" status: 200 len: 136 microversion: 1.0
2026-07-08 20:14:36.499 6 INFO placement.requestlog [None req-2520718a-456a-4e0c-ba90-4ed3ea4fb700 - - - - - -] 10.0.0.135 "GET /" status: 200 len: 136 microversion: 1.0
2026-07-08 20:14:41.070 7 INFO placement.requestlog [None req-aee83223-81a8-4e0d-befe-730e4030a853 e489bfb9ca424cc9a260a57ecd1423e3 c00602ba570b470dad382f6e0f069a76 - - df3be8d4bf964bffb9be0927432062dd df3be8d4bf964bffb9be0927432062dd] 10.0.0.24 "GET /resource_providers/e0faf4c6-8045-4603-949e-450fdc3665a7/aggregates" status: 404 len: 235 microversion: 1.1
2026-07-08 20:14:41.070 6 INFO placement.requestlog [None req-c014a075-63d7-4100-8cc6-2cb8f9bfc7d9 e489bfb9ca424cc9a260a57ecd1423e3 c00602ba570b470dad382f6e0f069a76 - - df3be8d4bf964bffb9be0927432062dd df3be8d4bf964bffb9be0927432062dd] 10.0.0.24 "GET /resource_providers/e0faf4c6-8045-4603-949e-450fdc3665a7/aggregates" status: 404 len: 235 microversion: 1.1 [pid: 7|app: 0|req: 538/1063] 10.0.0.24 () {32 vars in 815 bytes} [Wed Jul 8 20:14:41 2026] GET /resource_providers/e0faf4c6-8045-4603-949e-450fdc3665a7/aggregates => generated 235 bytes in 12 msecs (HTTP/1.1 404) 5 headers in 202 bytes (1 switches on core 0) [pid: 6|app: 0|req: 526/1064] 10.0.0.24 () {32 vars in 815 bytes} [Wed Jul 8 20:14:41 2026] GET /resource_providers/e0faf4c6-8045-4603-949e-450fdc3665a7/aggregates => generated 235 bytes in 8 msecs (HTTP/1.1 404) 5 headers in 202 bytes (1 switches on core 0)
2026-07-08 20:14:41.097 6 INFO placement.requestlog [None req-db1c26b4-f3bb-489d-91ae-db33819451b5 e489bfb9ca424cc9a260a57ecd1423e3 c00602ba570b470dad382f6e0f069a76 - - df3be8d4bf964bffb9be0927432062dd df3be8d4bf964bffb9be0927432062dd] 10.0.0.24 "DELETE /resource_providers/e0faf4c6-8045-4603-949e-450fdc3665a7" status: 404 len: 246 microversion: 1.1 [pid: 6|app: 0|req: 527/1065] 10.0.0.24 () {34 vars in 815 bytes} [Wed Jul 8 20:14:41 2026] DELETE /resource_providers/e0faf4c6-8045-4603-949e-450fdc3665a7 => generated 246 bytes in 7 msecs (HTTP/1.1 404) 6 headers in 231 bytes (1 switches on core 0)
2026-07-08 20:14:41.098 7 INFO placement.requestlog [None req-bdef834b-8608-41da-bb8c-0e261ff29a6b e489bfb9ca424cc9a260a57ecd1423e3 c00602ba570b470dad382f6e0f069a76 - - df3be8d4bf964bffb9be0927432062dd df3be8d4bf964bffb9be0927432062dd] 10.0.0.24 "DELETE /resource_providers/e0faf4c6-8045-4603-949e-450fdc3665a7" status: 404 len: 246 microversion: 1.1 [pid: 7|app: 0|req: 539/1066] 10.0.0.24 () {34 vars in 815 bytes} [Wed Jul 8 20:14:41 2026] DELETE /resource_providers/e0faf4c6-8045-4603-949e-450fdc3665a7 => generated 246 bytes in 11 msecs (HTTP/1.1 404) 6 headers in 231 bytes (1 switches on core 0)
2026-07-08 20:14:46.499 6 INFO placement.requestlog [None req-b17a3403-b404-4e35-a4c0-6a951ce5d8f6 - - - - - -] 10.0.0.135 "GET /" status: 200 len: 136 microversion: 1.0
2026-07-08 20:14:46.499 7 INFO placement.requestlog [None req-9f5268b0-f350-48bf-9af2-1c666f4806fd - - - - - -] 10.0.0.135 "GET /" status: 200 len: 136 microversion: 1.0
2026-07-08 20:14:47.867 7 INFO placement.requestlog [None req-969ad0a7-c816-41c4-8625-b1f8aa2080f5 e489bfb9ca424cc9a260a57ecd1423e3 c00602ba570b470dad382f6e0f069a76 - - df3be8d4bf964bffb9be0927432062dd df3be8d4bf964bffb9be0927432062dd] 10.0.0.24 "GET /resource_providers/eb36ef53-6971-4834-b8d7-3198a843a7fb/aggregates" status: 404 len: 235 microversion: 1.1 [pid: 7|app: 0|req: 541/1069] 10.0.0.24 () {32 vars in 815 bytes} [Wed Jul 8 20:14:47 2026] GET /resource_providers/eb36ef53-6971-4834-b8d7-3198a843a7fb/aggregates => generated 235 bytes in 8 msecs (HTTP/1.1 404) 5 headers in 202 bytes (1 switches on core 0)
2026-07-08 20:14:47.868 6 INFO placement.requestlog [None req-a5fd5f51-83f7-48cf-9ca3-989fd985de8c e489bfb9ca424cc9a260a57ecd1423e3 c00602ba570b470dad382f6e0f069a76 - - df3be8d4bf964bffb9be0927432062dd df3be8d4bf964bffb9be0927432062dd] 10.0.0.24 "GET /resource_providers/eb36ef53-6971-4834-b8d7-3198a843a7fb/aggregates" status: 404 len: 235 microversion: 1.1 [pid: 6|app: 0|req: 529/1070] 10.0.0.24 () {32 vars in 815 bytes} [Wed Jul 8 20:14:47 2026] GET /resource_providers/eb36ef53-6971-4834-b8d7-3198a843a7fb/aggregates => generated 235 bytes in 11 msecs (HTTP/1.1 404) 5 headers in 202 bytes (1 switches on core 0)
2026-07-08 20:14:47.886 7 INFO placement.requestlog [None req-bed9ae79-7b30-4701-ac2f-ebebc7fa1659 e489bfb9ca424cc9a260a57ecd1423e3 c00602ba570b470dad382f6e0f069a76 - - df3be8d4bf964bffb9be0927432062dd df3be8d4bf964bffb9be0927432062dd] 10.0.0.24 "DELETE /resource_providers/eb36ef53-6971-4834-b8d7-3198a843a7fb" status: 404 len: 246 microversion: 1.1 [pid: 7|app: 0|req: 542/1071] 10.0.0.24 () {34 vars in 815 bytes} [Wed Jul 8 20:14:47 2026] DELETE /resource_providers/eb36ef53-6971-4834-b8d7-3198a843a7fb => generated 246 bytes in 7 msecs (HTTP/1.1 404) 6 headers in 231 bytes (1 switches on core 0)
2026-07-08 20:14:47.891 6 INFO placement.requestlog [None req-0618ad6c-b89d-4854-8dfc-e2c44b350f08 e489bfb9ca424cc9a260a57ecd1423e3 c00602ba570b470dad382f6e0f069a76 - - df3be8d4bf964bffb9be0927432062dd df3be8d4bf964bffb9be0927432062dd] 10.0.0.24 "DELETE /resource_providers/eb36ef53-6971-4834-b8d7-3198a843a7fb" status: 404 len: 246 microversion: 1.1 [pid: 6|app: 0|req: 530/1072] 10.0.0.24 () {34 vars in 815 bytes} [Wed Jul 8 20:14:47 2026] DELETE /resource_providers/eb36ef53-6971-4834-b8d7-3198a843a7fb => generated 246 bytes in 9 msecs (HTTP/1.1 404) 6 headers in 231 bytes (1 switches on core 0)
2026-07-08 20:14:56.498 7 INFO placement.requestlog [None req-a44ed084-1cdb-4418-a731-3c60756cbf88 - - - - - -] 10.0.0.135 "GET /" status: 200 len: 136 microversion: 1.0
2026-07-08 20:14:56.499 6 INFO placement.requestlog [None req-84c7b3bf-e7bc-4bc3-8621-d79dec339719 - - - - - -] 10.0.0.135 "GET /" status: 200 len: 136 microversion: 1.0
2026-07-08 20:15:06.498 7 INFO placement.requestlog [None req-20173ca4-85d6-4ebb-8d59-ed268cd29865 - - - - - -] 10.0.0.135 "GET /" status: 200 len: 136 microversion: 1.0
2026-07-08 20:15:06.499 6 INFO placement.requestlog [None req-355ff406-3b8c-4af6-9868-d745696f10a6 - - - - - -] 10.0.0.135 "GET /" status: 200 len: 136 microversion: 1.0
2026-07-08 20:15:09.297 7 INFO placement.requestlog [req-86b53440-7e4a-4f21-85c9-a61ebfd60261 req-3b3495fa-88b0-490c-9ce2-d19ec128de8b a42bf0216251457d8b8b9083214ac4ab c00602ba570b470dad382f6e0f069a76 - - df3be8d4bf964bffb9be0927432062dd df3be8d4bf964bffb9be0927432062dd] 10.0.0.40 "GET /allocation_candidates?limit=1000&resources=DISK_GB%3A1%2CMEMORY_MB%3A512%2CVCPU%3A1&root_required=%21COMPUTE_STATUS_DISABLED" status: 200 len: 2643 microversion: 1.36 [pid: 7|app: 0|req: 545/1077] 10.0.0.40 () {34 vars in 1011 bytes} [Wed Jul 8 20:15:09 2026] GET /allocation_candidates?limit=1000&resources=DISK_GB%3A1%2CMEMORY_MB%3A512%2CVCPU%3A1&root_required=%21COMPUTE_STATUS_DISABLED => generated 2643 bytes in 62 msecs (HTTP/1.1 200) 8 headers in 297 bytes (1 switches on core 0)
2026-07-08 20:15:09.334 6 INFO placement.requestlog [req-86b53440-7e4a-4f21-85c9-a61ebfd60261 req-15538a69-321b-4a60-8c50-4f1c643b4eb0 a42bf0216251457d8b8b9083214ac4ab c00602ba570b470dad382f6e0f069a76 - - df3be8d4bf964bffb9be0927432062dd df3be8d4bf964bffb9be0927432062dd] 10.0.0.40 "GET /allocations/e58e3374-d7fc-4484-9cda-5a28254c2190" status: 200 len: 19 microversion: 1.28 [pid: 6|app: 0|req: 533/1078] 10.0.0.40 () {34 vars in 860 bytes} [Wed Jul 8 20:15:09 2026] GET /allocations/e58e3374-d7fc-4484-9cda-5a28254c2190 => generated 19 bytes in 12 msecs (HTTP/1.1 200) 8 headers in 295 bytes (1 switches on core 0)
2026-07-08 20:15:09.427 7 INFO placement.requestlog [req-86b53440-7e4a-4f21-85c9-a61ebfd60261 req-0c184d73-d61e-4bd4-b8c7-5242034df294 a42bf0216251457d8b8b9083214ac4ab c00602ba570b470dad382f6e0f069a76 - - df3be8d4bf964bffb9be0927432062dd df3be8d4bf964bffb9be0927432062dd] 10.0.0.40 "PUT /allocations/e58e3374-d7fc-4484-9cda-5a28254c2190" status: 204 len: 0 microversion: 1.36 [pid: 7|app: 0|req: 546/1079] 10.0.0.40 () {38 vars in 913 bytes} [Wed Jul 8 20:15:09 2026] PUT /allocations/e58e3374-d7fc-4484-9cda-5a28254c2190 => generated 0 bytes in 86 msecs (HTTP/1.1 204) 5 headers in 199 bytes (1 switches on core 0)
2026-07-08 20:15:09.519 6 INFO placement.requestlog [req-509030dc-ad5a-4949-8f73-141cb6a5ebdb req-dfc4456e-d275-44e7-a9ac-7641d5124fa2 a42bf0216251457d8b8b9083214ac4ab c00602ba570b470dad382f6e0f069a76 - - df3be8d4bf964bffb9be0927432062dd df3be8d4bf964bffb9be0927432062dd] 199.204.45.227 "GET /resource_providers/9236c9bc-95ee-470e-b827-764b1ce28382/allocations" status: 200 len: 353 microversion: 1.0 [pid: 6|app: 0|req: 534/1080] 199.204.45.227 () {32 vars in 857 bytes} [Wed Jul 8 20:15:09 2026] GET /resource_providers/9236c9bc-95ee-470e-b827-764b1ce28382/allocations => generated 353 bytes in 15 msecs (HTTP/1.1 200) 6 headers in 224 bytes (1 switches on core 0)
2026-07-08 20:15:10.049 7 INFO placement.requestlog [req-509030dc-ad5a-4949-8f73-141cb6a5ebdb req-e86e71db-ffeb-44c4-ab35-d8a41ba51dc2 a42bf0216251457d8b8b9083214ac4ab c00602ba570b470dad382f6e0f069a76 - - df3be8d4bf964bffb9be0927432062dd df3be8d4bf964bffb9be0927432062dd] 199.204.45.227 "GET /resource_providers/9236c9bc-95ee-470e-b827-764b1ce28382/allocations" status: 200 len: 353 microversion: 1.0 [pid: 7|app: 0|req: 547/1081] 199.204.45.227 () {32 vars in 857 bytes} [Wed Jul 8 20:15:10 2026] GET /resource_providers/9236c9bc-95ee-470e-b827-764b1ce28382/allocations => generated 353 bytes in 20 msecs (HTTP/1.1 200) 6 headers in 224 bytes (1 switches on core 0)
2026-07-08 20:15:10.077 6 INFO placement.requestlog [req-509030dc-ad5a-4949-8f73-141cb6a5ebdb req-cb4fb53f-e5f0-4415-9b25-3db080897bd5 a42bf0216251457d8b8b9083214ac4ab c00602ba570b470dad382f6e0f069a76 - - df3be8d4bf964bffb9be0927432062dd df3be8d4bf964bffb9be0927432062dd] 199.204.45.227 "GET /allocations/0845448b-685c-4e34-b758-4115f76feab9" status: 200 len: 258 microversion: 1.28 [pid: 6|app: 0|req: 535/1082] 199.204.45.227 () {34 vars in 863 bytes} [Wed Jul 8 20:15:10 2026] GET /allocations/0845448b-685c-4e34-b758-4115f76feab9 => generated 258 bytes in 20 msecs (HTTP/1.1 200) 8 headers in 296 bytes (1 switches on core 0)
2026-07-08 20:15:10.095 7 INFO placement.requestlog [req-509030dc-ad5a-4949-8f73-141cb6a5ebdb req-d781e51d-4e2b-4804-9e09-185d62914f6e a42bf0216251457d8b8b9083214ac4ab c00602ba570b470dad382f6e0f069a76 - - df3be8d4bf964bffb9be0927432062dd df3be8d4bf964bffb9be0927432062dd] 199.204.45.227 "GET /allocations/4c732fa3-ab19-4be7-b0be-b82f5bf381fc" status: 200 len: 258 microversion: 1.28 [pid: 7|app: 0|req: 548/1083] 199.204.45.227 () {34 vars in 863 bytes} [Wed Jul 8 20:15:10 2026] GET /allocations/4c732fa3-ab19-4be7-b0be-b82f5bf381fc => generated 258 bytes in 13 msecs (HTTP/1.1 200) 8 headers in 296 bytes (1 switches on core 0)
2026-07-08 20:15:10.115 6 INFO placement.requestlog [req-509030dc-ad5a-4949-8f73-141cb6a5ebdb req-93abcb67-a914-45f8-ad47-90e13cf7d94f a42bf0216251457d8b8b9083214ac4ab c00602ba570b470dad382f6e0f069a76 - - df3be8d4bf964bffb9be0927432062dd df3be8d4bf964bffb9be0927432062dd] 199.204.45.227 "GET /allocations/e58e3374-d7fc-4484-9cda-5a28254c2190" status: 200 len: 258 microversion: 1.28 [pid: 6|app: 0|req: 536/1084] 199.204.45.227 () {34 vars in 863 bytes} [Wed Jul 8 20:15:10 2026] GET /allocations/e58e3374-d7fc-4484-9cda-5a28254c2190 => generated 258 bytes in 13 msecs (HTTP/1.1 200) 8 headers in 296 bytes (1 switches on core 0)
2026-07-08 20:15:10.425 7 INFO placement.requestlog [req-12c42f16-7647-475b-8c7d-323730ce7055 req-e8c39793-2c06-49c6-9f3a-991798d0b1f9 a42bf0216251457d8b8b9083214ac4ab c00602ba570b470dad382f6e0f069a76 - - df3be8d4bf964bffb9be0927432062dd df3be8d4bf964bffb9be0927432062dd] 10.0.0.40 "GET /allocation_candidates?limit=1000&resources=DISK_GB%3A1%2CMEMORY_MB%3A512%2CVCPU%3A1&root_required=%21COMPUTE_STATUS_DISABLED" status: 200 len: 2643 microversion: 1.36 [pid: 7|app: 0|req: 549/1085] 10.0.0.40 () {34 vars in 1011 bytes} [Wed Jul 8 20:15:10 2026] GET /allocation_candidates?limit=1000&resources=DISK_GB%3A1%2CMEMORY_MB%3A512%2CVCPU%3A1&root_required=%21COMPUTE_STATUS_DISABLED => generated 2643 bytes in 74 msecs (HTTP/1.1 200) 8 headers in 297 bytes (1 switches on core 0)
2026-07-08 20:15:10.478 6 INFO placement.requestlog [req-12c42f16-7647-475b-8c7d-323730ce7055 req-6e012664-0254-4e1a-9ef6-8d574839f392 a42bf0216251457d8b8b9083214ac4ab c00602ba570b470dad382f6e0f069a76 - - df3be8d4bf964bffb9be0927432062dd df3be8d4bf964bffb9be0927432062dd] 10.0.0.40 "GET /allocations/87184300-06ce-42fc-a25c-e5e11dfcf472" status: 200 len: 19 microversion: 1.28 [pid: 6|app: 0|req: 537/1086] 10.0.0.40 () {34 vars in 860 bytes} [Wed Jul 8 20:15:10 2026] GET /allocations/87184300-06ce-42fc-a25c-e5e11dfcf472 => generated 19 bytes in 27 msecs (HTTP/1.1 200) 8 headers in 295 bytes (1 switches on core 0)
2026-07-08 20:15:10.551 7 INFO placement.requestlog [req-12c42f16-7647-475b-8c7d-323730ce7055 req-237e1ada-c7f0-4b71-af57-a756e21cae16 a42bf0216251457d8b8b9083214ac4ab c00602ba570b470dad382f6e0f069a76 - - df3be8d4bf964bffb9be0927432062dd df3be8d4bf964bffb9be0927432062dd] 10.0.0.40 "PUT /allocations/87184300-06ce-42fc-a25c-e5e11dfcf472" status: 204 len: 0 microversion: 1.36 [pid: 7|app: 0|req: 550/1087] 10.0.0.40 () {38 vars in 913 bytes} [Wed Jul 8 20:15:10 2026] PUT /allocations/87184300-06ce-42fc-a25c-e5e11dfcf472 => generated 0 bytes in 66 msecs (HTTP/1.1 204) 5 headers in 199 bytes (1 switches on core 0)
2026-07-08 20:15:10.973 6 INFO placement.requestlog [req-86b53440-7e4a-4f21-85c9-a61ebfd60261 req-a932dd57-3c0c-4817-8a49-4564df1a6b94 a42bf0216251457d8b8b9083214ac4ab c00602ba570b470dad382f6e0f069a76 - - df3be8d4bf964bffb9be0927432062dd df3be8d4bf964bffb9be0927432062dd] 199.204.45.227 "GET /allocations/e58e3374-d7fc-4484-9cda-5a28254c2190" status: 200 len: 258 microversion: 1.28 [pid: 6|app: 0|req: 538/1088] 199.204.45.227 () {34 vars in 863 bytes} [Wed Jul 8 20:15:10 2026] GET /allocations/e58e3374-d7fc-4484-9cda-5a28254c2190 => generated 258 bytes in 16 msecs (HTTP/1.1 200) 8 headers in 296 bytes (1 switches on core 0)
2026-07-08 20:15:12.064 7 INFO placement.requestlog [req-12c42f16-7647-475b-8c7d-323730ce7055 req-d6c8a959-bafa-44ac-a23b-4feecd54ce78 a42bf0216251457d8b8b9083214ac4ab c00602ba570b470dad382f6e0f069a76 - - df3be8d4bf964bffb9be0927432062dd df3be8d4bf964bffb9be0927432062dd] 199.204.45.227 "GET /allocations/87184300-06ce-42fc-a25c-e5e11dfcf472" status: 200 len: 258 microversion: 1.28 [pid: 7|app: 0|req: 551/1089] 199.204.45.227 () {34 vars in 863 bytes} [Wed Jul 8 20:15:12 2026] GET /allocations/87184300-06ce-42fc-a25c-e5e11dfcf472 => generated 258 bytes in 13 msecs (HTTP/1.1 200) 8 headers in 296 bytes (1 switches on core 0)
2026-07-08 20:15:12.177 6 INFO placement.requestlog [req-86b53440-7e4a-4f21-85c9-a61ebfd60261 req-197fac76-1183-440d-9c2d-bee8e7ec273d a42bf0216251457d8b8b9083214ac4ab c00602ba570b470dad382f6e0f069a76 - - df3be8d4bf964bffb9be0927432062dd df3be8d4bf964bffb9be0927432062dd] 199.204.45.227 "GET /resource_providers/9236c9bc-95ee-470e-b827-764b1ce28382/allocations" status: 200 len: 453 microversion: 1.0 [pid: 6|app: 0|req: 539/1090] 199.204.45.227 () {32 vars in 857 bytes} [Wed Jul 8 20:15:12 2026] GET /resource_providers/9236c9bc-95ee-470e-b827-764b1ce28382/allocations => generated 453 bytes in 22 msecs (HTTP/1.1 200) 6 headers in 224 bytes (1 switches on core 0)
2026-07-08 20:15:12.194 7 INFO placement.requestlog [req-86b53440-7e4a-4f21-85c9-a61ebfd60261 req-3587b53a-5b4c-4a59-a3ae-7b0bc635d10a a42bf0216251457d8b8b9083214ac4ab c00602ba570b470dad382f6e0f069a76 - - df3be8d4bf964bffb9be0927432062dd df3be8d4bf964bffb9be0927432062dd] 199.204.45.227 "GET /allocations/87184300-06ce-42fc-a25c-e5e11dfcf472" status: 200 len: 258 microversion: 1.28 [pid: 7|app: 0|req: 552/1091] 199.204.45.227 () {34 vars in 863 bytes} [Wed Jul 8 20:15:12 2026] GET /allocations/87184300-06ce-42fc-a25c-e5e11dfcf472 => generated 258 bytes in 13 msecs (HTTP/1.1 200) 8 headers in 296 bytes (1 switches on core 0)
2026-07-08 20:15:12.212 6 INFO placement.requestlog [req-86b53440-7e4a-4f21-85c9-a61ebfd60261 req-c446864e-9c46-42e2-a499-d7383e3a8d35 a42bf0216251457d8b8b9083214ac4ab c00602ba570b470dad382f6e0f069a76 - - df3be8d4bf964bffb9be0927432062dd df3be8d4bf964bffb9be0927432062dd] 199.204.45.227 "GET /allocations/0845448b-685c-4e34-b758-4115f76feab9" status: 200 len: 258 microversion: 1.28 [pid: 6|app: 0|req: 540/1092] 199.204.45.227 () {34 vars in 863 bytes} [Wed Jul 8 20:15:12 2026] GET /allocations/0845448b-685c-4e34-b758-4115f76feab9 => generated 258 bytes in 14 msecs (HTTP/1.1 200) 8 headers in 296 bytes (1 switches on core 0)
2026-07-08 20:15:12.229 7 INFO placement.requestlog [req-86b53440-7e4a-4f21-85c9-a61ebfd60261 req-739723e2-017f-45b5-b26d-2f455a27d229 a42bf0216251457d8b8b9083214ac4ab c00602ba570b470dad382f6e0f069a76 - - df3be8d4bf964bffb9be0927432062dd df3be8d4bf964bffb9be0927432062dd] 199.204.45.227 "GET /allocations/4c732fa3-ab19-4be7-b0be-b82f5bf381fc" status: 200 len: 258 microversion: 1.28 [pid: 7|app: 0|req: 553/1093] 199.204.45.227 () {34 vars in 863 bytes} [Wed Jul 8 20:15:12 2026] GET /allocations/4c732fa3-ab19-4be7-b0be-b82f5bf381fc => generated 258 bytes in 13 msecs (HTTP/1.1 200) 8 headers in 296 bytes (1 switches on core 0)
2026-07-08 20:15:12.247 6 INFO placement.requestlog [req-86b53440-7e4a-4f21-85c9-a61ebfd60261 req-bf947bd2-0e11-4ac1-add5-0f94a1e08c34 a42bf0216251457d8b8b9083214ac4ab c00602ba570b470dad382f6e0f069a76 - - df3be8d4bf964bffb9be0927432062dd df3be8d4bf964bffb9be0927432062dd] 199.204.45.227 "GET /allocations/e58e3374-d7fc-4484-9cda-5a28254c2190" status: 200 len: 258 microversion: 1.28 [pid: 6|app: 0|req: 541/1094] 199.204.45.227 () {34 vars in 863 bytes} [Wed Jul 8 20:15:12 2026] GET /allocations/e58e3374-d7fc-4484-9cda-5a28254c2190 => generated 258 bytes in 13 msecs (HTTP/1.1 200) 8 headers in 296 bytes (1 switches on core 0)
2026-07-08 20:15:14.306 7 INFO placement.requestlog [req-12c42f16-7647-475b-8c7d-323730ce7055 req-ef0b7d12-8ab5-4c48-9a33-1c6cf857fce7 a42bf0216251457d8b8b9083214ac4ab c00602ba570b470dad382f6e0f069a76 - - df3be8d4bf964bffb9be0927432062dd df3be8d4bf964bffb9be0927432062dd] 199.204.45.227 "GET /resource_providers/9236c9bc-95ee-470e-b827-764b1ce28382/allocations" status: 200 len: 453 microversion: 1.0 [pid: 7|app: 0|req: 554/1095] 199.204.45.227 () {32 vars in 857 bytes} [Wed Jul 8 20:15:14 2026] GET /resource_providers/9236c9bc-95ee-470e-b827-764b1ce28382/allocations => generated 453 bytes in 15 msecs (HTTP/1.1 200) 6 headers in 224 bytes (1 switches on core 0)
2026-07-08 20:15:14.344 6 INFO placement.requestlog [req-12c42f16-7647-475b-8c7d-323730ce7055 req-666421b0-b6c6-4c71-a142-152ed760ce9e a42bf0216251457d8b8b9083214ac4ab c00602ba570b470dad382f6e0f069a76 - - df3be8d4bf964bffb9be0927432062dd df3be8d4bf964bffb9be0927432062dd] 199.204.45.227 "GET /allocations/87184300-06ce-42fc-a25c-e5e11dfcf472" status: 200 len: 258 microversion: 1.28 [pid: 6|app: 0|req: 542/1096] 199.204.45.227 () {34 vars in 863 bytes} [Wed Jul 8 20:15:14 2026] GET /allocations/87184300-06ce-42fc-a25c-e5e11dfcf472 => generated 258 bytes in 32 msecs (HTTP/1.1 200) 8 headers in 296 bytes (1 switches on core 0)
2026-07-08 20:15:14.367 7 INFO placement.requestlog [req-12c42f16-7647-475b-8c7d-323730ce7055 req-cc990ae8-ec32-4d27-b1d2-8d3cfbceb23b a42bf0216251457d8b8b9083214ac4ab c00602ba570b470dad382f6e0f069a76 - - df3be8d4bf964bffb9be0927432062dd df3be8d4bf964bffb9be0927432062dd] 199.204.45.227 "GET /allocations/0845448b-685c-4e34-b758-4115f76feab9" status: 200 len: 258 microversion: 1.28 [pid: 7|app: 0|req: 555/1097] 199.204.45.227 () {34 vars in 863 bytes} [Wed Jul 8 20:15:14 2026] GET /allocations/0845448b-685c-4e34-b758-4115f76feab9 => generated 258 bytes in 17 msecs (HTTP/1.1 200) 8 headers in 296 bytes (1 switches on core 0)
2026-07-08 20:15:14.385 6 INFO placement.requestlog [req-12c42f16-7647-475b-8c7d-323730ce7055 req-9342ecc8-de48-480f-9d65-4b1d2870d4f6 a42bf0216251457d8b8b9083214ac4ab c00602ba570b470dad382f6e0f069a76 - - df3be8d4bf964bffb9be0927432062dd df3be8d4bf964bffb9be0927432062dd] 199.204.45.227 "GET /allocations/4c732fa3-ab19-4be7-b0be-b82f5bf381fc" status: 200 len: 258 microversion: 1.28 [pid: 6|app: 0|req: 543/1098] 199.204.45.227 () {34 vars in 863 bytes} [Wed Jul 8 20:15:14 2026] GET /allocations/4c732fa3-ab19-4be7-b0be-b82f5bf381fc => generated 258 bytes in 12 msecs (HTTP/1.1 200) 8 headers in 296 bytes (1 switches on core 0)
2026-07-08 20:15:14.407 7 INFO placement.requestlog [req-12c42f16-7647-475b-8c7d-323730ce7055 req-4705fb3f-eda7-4614-a915-a46d72d9763e a42bf0216251457d8b8b9083214ac4ab c00602ba570b470dad382f6e0f069a76 - - df3be8d4bf964bffb9be0927432062dd df3be8d4bf964bffb9be0927432062dd] 199.204.45.227 "GET /allocations/e58e3374-d7fc-4484-9cda-5a28254c2190" status: 200 len: 258 microversion: 1.28 [pid: 7|app: 0|req: 556/1099] 199.204.45.227 () {34 vars in 863 bytes} [Wed Jul 8 20:15:14 2026] GET /allocations/e58e3374-d7fc-4484-9cda-5a28254c2190 => generated 258 bytes in 17 msecs (HTTP/1.1 200) 8 headers in 296 bytes (1 switches on core 0)
2026-07-08 20:15:16.499 6 INFO placement.requestlog [None req-238d9121-f82a-461f-8c66-e1d2c9550e3b - - - - - -] 10.0.0.135 "GET /" status: 200 len: 136 microversion: 1.0
2026-07-08 20:15:16.499 7 INFO placement.requestlog [None req-3bf35b95-0301-4d60-9789-da79565b1f1c - - - - - -] 10.0.0.135 "GET /" status: 200 len: 136 microversion: 1.0
2026-07-08 20:15:26.499 6 INFO placement.requestlog [None req-0b42daa8-016a-40d4-883c-a3e7f346cbe7 - - - - - -] 10.0.0.135 "GET /" status: 200 len: 136 microversion: 1.0
2026-07-08 20:15:26.499 7 INFO placement.requestlog [None req-7442b6f0-f011-4428-8eb9-d3713691fe42 - - - - - -] 10.0.0.135 "GET /" status: 200 len: 136 microversion: 1.0
2026-07-08 20:15:26.918 6 INFO placement.requestlog [req-fc6a5184-f2ca-45f0-90d0-6594bdc8b38d req-c8c21c23-4210-46d1-a67b-a2e8dcff14f4 a42bf0216251457d8b8b9083214ac4ab c00602ba570b470dad382f6e0f069a76 - - df3be8d4bf964bffb9be0927432062dd df3be8d4bf964bffb9be0927432062dd] 10.0.0.40 "GET /allocation_candidates?limit=1000&resources=DISK_GB%3A1%2CMEMORY_MB%3A512%2CVCPU%3A1&root_required=%21COMPUTE_STATUS_DISABLED" status: 200 len: 2643 microversion: 1.36 [pid: 6|app: 0|req: 546/1104] 10.0.0.40 () {34 vars in 1011 bytes} [Wed Jul 8 20:15:26 2026] GET /allocation_candidates?limit=1000&resources=DISK_GB%3A1%2CMEMORY_MB%3A512%2CVCPU%3A1&root_required=%21COMPUTE_STATUS_DISABLED => generated 2643 bytes in 66 msecs (HTTP/1.1 200) 8 headers in 297 bytes (1 switches on core 0)
2026-07-08 20:15:26.951 7 INFO placement.requestlog [req-fc6a5184-f2ca-45f0-90d0-6594bdc8b38d req-647a119d-18a3-4f79-a1e3-4789838cbfda a42bf0216251457d8b8b9083214ac4ab c00602ba570b470dad382f6e0f069a76 - - df3be8d4bf964bffb9be0927432062dd df3be8d4bf964bffb9be0927432062dd] 10.0.0.40 "GET /allocations/2d5c254d-e283-4fb9-bd0c-ab9b5ed98e6a" status: 200 len: 19 microversion: 1.28 [pid: 7|app: 0|req: 559/1105] 10.0.0.40 () {34 vars in 860 bytes} [Wed Jul 8 20:15:26 2026] GET /allocations/2d5c254d-e283-4fb9-bd0c-ab9b5ed98e6a => generated 19 bytes in 19 msecs (HTTP/1.1 200) 8 headers in 295 bytes (1 switches on core 0)
2026-07-08 20:15:27.019 6 INFO placement.requestlog [req-fc6a5184-f2ca-45f0-90d0-6594bdc8b38d req-40cdf8e7-dbef-40e9-9801-fee31fb32d34 a42bf0216251457d8b8b9083214ac4ab c00602ba570b470dad382f6e0f069a76 - - df3be8d4bf964bffb9be0927432062dd df3be8d4bf964bffb9be0927432062dd] 10.0.0.40 "PUT /allocations/2d5c254d-e283-4fb9-bd0c-ab9b5ed98e6a" status: 204 len: 0 microversion: 1.36 [pid: 6|app: 0|req: 547/1106] 10.0.0.40 () {38 vars in 913 bytes} [Wed Jul 8 20:15:26 2026] PUT /allocations/2d5c254d-e283-4fb9-bd0c-ab9b5ed98e6a => generated 0 bytes in 62 msecs (HTTP/1.1 204) 5 headers in 199 bytes (1 switches on core 0)
2026-07-08 20:15:28.518 7 INFO placement.requestlog [req-fc6a5184-f2ca-45f0-90d0-6594bdc8b38d req-e0ea4c36-8955-4fe2-9577-eb4587d340d4 a42bf0216251457d8b8b9083214ac4ab c00602ba570b470dad382f6e0f069a76 - - df3be8d4bf964bffb9be0927432062dd df3be8d4bf964bffb9be0927432062dd] 199.204.45.227 "GET /allocations/2d5c254d-e283-4fb9-bd0c-ab9b5ed98e6a" status: 200 len: 258 microversion: 1.28 [pid: 7|app: 0|req: 560/1107] 199.204.45.227 () {34 vars in 863 bytes} [Wed Jul 8 20:15:28 2026] GET /allocations/2d5c254d-e283-4fb9-bd0c-ab9b5ed98e6a => generated 258 bytes in 11 msecs (HTTP/1.1 200) 8 headers in 296 bytes (1 switches on core 0)
2026-07-08 20:15:29.569 6 INFO placement.requestlog [req-fc6a5184-f2ca-45f0-90d0-6594bdc8b38d req-fc91b175-346c-4e94-8682-e73749c7fe8e a42bf0216251457d8b8b9083214ac4ab c00602ba570b470dad382f6e0f069a76 - - df3be8d4bf964bffb9be0927432062dd df3be8d4bf964bffb9be0927432062dd] 199.204.45.227 "GET /resource_providers/9236c9bc-95ee-470e-b827-764b1ce28382/allocations" status: 200 len: 553 microversion: 1.0 [pid: 6|app: 0|req: 548/1108] 199.204.45.227 () {32 vars in 857 bytes} [Wed Jul 8 20:15:29 2026] GET /resource_providers/9236c9bc-95ee-470e-b827-764b1ce28382/allocations => generated 553 bytes in 18 msecs (HTTP/1.1 200) 6 headers in 224 bytes (1 switches on core 0)
2026-07-08 20:15:29.599 7 INFO placement.requestlog [req-fc6a5184-f2ca-45f0-90d0-6594bdc8b38d req-7a35a668-74da-4209-a4c5-a8ce4b969dd1 a42bf0216251457d8b8b9083214ac4ab c00602ba570b470dad382f6e0f069a76 - - df3be8d4bf964bffb9be0927432062dd df3be8d4bf964bffb9be0927432062dd] 199.204.45.227 "GET /allocations/87184300-06ce-42fc-a25c-e5e11dfcf472" status: 200 len: 258 microversion: 1.28 [pid: 7|app: 0|req: 561/1109] 199.204.45.227 () {34 vars in 863 bytes} [Wed Jul 8 20:15:29 2026] GET /allocations/87184300-06ce-42fc-a25c-e5e11dfcf472 => generated 258 bytes in 23 msecs (HTTP/1.1 200) 8 headers in 296 bytes (1 switches on core 0)
2026-07-08 20:15:29.617 6 INFO placement.requestlog [req-fc6a5184-f2ca-45f0-90d0-6594bdc8b38d req-1fa7968c-bb39-48f4-9273-7a64903dbcf8 a42bf0216251457d8b8b9083214ac4ab c00602ba570b470dad382f6e0f069a76 - - df3be8d4bf964bffb9be0927432062dd df3be8d4bf964bffb9be0927432062dd] 199.204.45.227 "GET /allocations/0845448b-685c-4e34-b758-4115f76feab9" status: 200 len: 258 microversion: 1.28 [pid: 6|app: 0|req: 549/1110] 199.204.45.227 () {34 vars in 863 bytes} [Wed Jul 8 20:15:29 2026] GET /allocations/0845448b-685c-4e34-b758-4115f76feab9 => generated 258 bytes in 13 msecs (HTTP/1.1 200) 8 headers in 296 bytes (1 switches on core 0)
2026-07-08 20:15:29.634 7 INFO placement.requestlog [req-fc6a5184-f2ca-45f0-90d0-6594bdc8b38d req-66d4e02e-9724-40a2-8d06-b2d1487c45d5 a42bf0216251457d8b8b9083214ac4ab c00602ba570b470dad382f6e0f069a76 - - df3be8d4bf964bffb9be0927432062dd df3be8d4bf964bffb9be0927432062dd] 199.204.45.227 "GET /allocations/4c732fa3-ab19-4be7-b0be-b82f5bf381fc" status: 200 len: 258 microversion: 1.28 [pid: 7|app: 0|req: 562/1111] 199.204.45.227 () {34 vars in 863 bytes} [Wed Jul 8 20:15:29 2026] GET /allocations/4c732fa3-ab19-4be7-b0be-b82f5bf381fc => generated 258 bytes in 10 msecs (HTTP/1.1 200) 8 headers in 296 bytes (1 switches on core 0)
2026-07-08 20:15:29.654 6 INFO placement.requestlog [req-fc6a5184-f2ca-45f0-90d0-6594bdc8b38d req-c9b34de0-7aa6-4d64-848d-eadfea0a850a a42bf0216251457d8b8b9083214ac4ab c00602ba570b470dad382f6e0f069a76 - - df3be8d4bf964bffb9be0927432062dd df3be8d4bf964bffb9be0927432062dd] 199.204.45.227 "GET /allocations/e58e3374-d7fc-4484-9cda-5a28254c2190" status: 200 len: 258 microversion: 1.28 [pid: 6|app: 0|req: 550/1112] 199.204.45.227 () {34 vars in 863 bytes} [Wed Jul 8 20:15:29 2026] GET /allocations/e58e3374-d7fc-4484-9cda-5a28254c2190 => generated 258 bytes in 14 msecs (HTTP/1.1 200) 8 headers in 296 bytes (1 switches on core 0)
2026-07-08 20:15:29.674 7 INFO placement.requestlog [req-fc6a5184-f2ca-45f0-90d0-6594bdc8b38d req-59c2867d-65d4-4327-b181-fbd153f7c4e0 a42bf0216251457d8b8b9083214ac4ab c00602ba570b470dad382f6e0f069a76 - - df3be8d4bf964bffb9be0927432062dd df3be8d4bf964bffb9be0927432062dd] 199.204.45.227 "GET /allocations/2d5c254d-e283-4fb9-bd0c-ab9b5ed98e6a" status: 200 len: 258 microversion: 1.28 [pid: 7|app: 0|req: 563/1113] 199.204.45.227 () {34 vars in 863 bytes} [Wed Jul 8 20:15:29 2026] GET /allocations/2d5c254d-e283-4fb9-bd0c-ab9b5ed98e6a => generated 258 bytes in 14 msecs (HTTP/1.1 200) 8 headers in 296 bytes (1 switches on core 0)
2026-07-08 20:15:36.498 7 INFO placement.requestlog [None req-b113cb29-fd11-4b70-b1cf-122daa399559 - - - - - -] 10.0.0.135 "GET /" status: 200 len: 136 microversion: 1.0
2026-07-08 20:15:36.499 6 INFO placement.requestlog [None req-b1cc9827-f636-44b2-9271-b4242fcd02a1 - - - - - -] 10.0.0.135 "GET /" status: 200 len: 136 microversion: 1.0
2026-07-08 20:15:37.490 7 INFO placement.requestlog [req-7e0ef080-6640-405b-bfdf-2ca8fcbc0f73 req-7f55a2e8-7422-49ef-9054-100c28cf7baf a42bf0216251457d8b8b9083214ac4ab c00602ba570b470dad382f6e0f069a76 - - df3be8d4bf964bffb9be0927432062dd df3be8d4bf964bffb9be0927432062dd] 199.204.45.227 "GET /resource_providers/9236c9bc-95ee-470e-b827-764b1ce28382/allocations" status: 200 len: 553 microversion: 1.0 [pid: 7|app: 0|req: 565/1116] 199.204.45.227 () {32 vars in 857 bytes} [Wed Jul 8 20:15:37 2026] GET /resource_providers/9236c9bc-95ee-470e-b827-764b1ce28382/allocations => generated 553 bytes in 25 msecs (HTTP/1.1 200) 6 headers in 224 bytes (1 switches on core 0)
2026-07-08 20:15:37.519 6 INFO placement.requestlog [req-7e0ef080-6640-405b-bfdf-2ca8fcbc0f73 req-915bf2d7-8c2b-4feb-aa4e-67d5ea49523a a42bf0216251457d8b8b9083214ac4ab c00602ba570b470dad382f6e0f069a76 - - df3be8d4bf964bffb9be0927432062dd df3be8d4bf964bffb9be0927432062dd] 199.204.45.227 "GET /allocations/87184300-06ce-42fc-a25c-e5e11dfcf472" status: 200 len: 258 microversion: 1.28 [pid: 6|app: 0|req: 552/1117] 199.204.45.227 () {34 vars in 863 bytes} [Wed Jul 8 20:15:37 2026] GET /allocations/87184300-06ce-42fc-a25c-e5e11dfcf472 => generated 258 bytes in 20 msecs (HTTP/1.1 200) 8 headers in 296 bytes (1 switches on core 0)
2026-07-08 20:15:37.544 7 INFO placement.requestlog [req-7e0ef080-6640-405b-bfdf-2ca8fcbc0f73 req-67931a05-8db4-492a-9a68-59e9f61ae0fc a42bf0216251457d8b8b9083214ac4ab c00602ba570b470dad382f6e0f069a76 - - df3be8d4bf964bffb9be0927432062dd df3be8d4bf964bffb9be0927432062dd] 199.204.45.227 "GET /allocations/0845448b-685c-4e34-b758-4115f76feab9" status: 200 len: 258 microversion: 1.28 [pid: 7|app: 0|req: 566/1118] 199.204.45.227 () {34 vars in 863 bytes} [Wed Jul 8 20:15:37 2026] GET /allocations/0845448b-685c-4e34-b758-4115f76feab9 => generated 258 bytes in 18 msecs (HTTP/1.1 200) 8 headers in 296 bytes (1 switches on core 0)
2026-07-08 20:15:37.563 6 INFO placement.requestlog [req-7e0ef080-6640-405b-bfdf-2ca8fcbc0f73 req-5087e6f1-cab0-40cc-b09d-f5b6a39476a2 a42bf0216251457d8b8b9083214ac4ab c00602ba570b470dad382f6e0f069a76 - - df3be8d4bf964bffb9be0927432062dd df3be8d4bf964bffb9be0927432062dd] 199.204.45.227 "GET /allocations/4c732fa3-ab19-4be7-b0be-b82f5bf381fc" status: 200 len: 258 microversion: 1.28 [pid: 6|app: 0|req: 553/1119] 199.204.45.227 () {34 vars in 863 bytes} [Wed Jul 8 20:15:37 2026] GET /allocations/4c732fa3-ab19-4be7-b0be-b82f5bf381fc => generated 258 bytes in 14 msecs (HTTP/1.1 200) 8 headers in 296 bytes (1 switches on core 0)
2026-07-08 20:15:37.578 7 INFO placement.requestlog [req-7e0ef080-6640-405b-bfdf-2ca8fcbc0f73 req-940d6258-950e-4e74-ba49-11c0356aa44c a42bf0216251457d8b8b9083214ac4ab c00602ba570b470dad382f6e0f069a76 - - df3be8d4bf964bffb9be0927432062dd df3be8d4bf964bffb9be0927432062dd] 199.204.45.227 "GET /allocations/e58e3374-d7fc-4484-9cda-5a28254c2190" status: 200 len: 258 microversion: 1.28 [pid: 7|app: 0|req: 567/1120] 199.204.45.227 () {34 vars in 863 bytes} [Wed Jul 8 20:15:37 2026] GET /allocations/e58e3374-d7fc-4484-9cda-5a28254c2190 => generated 258 bytes in 10 msecs (HTTP/1.1 200) 8 headers in 296 bytes (1 switches on core 0)
2026-07-08 20:15:37.597 6 INFO placement.requestlog [req-7e0ef080-6640-405b-bfdf-2ca8fcbc0f73 req-19c52f44-d0d9-4c00-bf03-9d3122e6438d a42bf0216251457d8b8b9083214ac4ab c00602ba570b470dad382f6e0f069a76 - - df3be8d4bf964bffb9be0927432062dd df3be8d4bf964bffb9be0927432062dd] 199.204.45.227 "GET /allocations/2d5c254d-e283-4fb9-bd0c-ab9b5ed98e6a" status: 200 len: 258 microversion: 1.28 [pid: 6|app: 0|req: 554/1121] 199.204.45.227 () {34 vars in 863 bytes} [Wed Jul 8 20:15:37 2026] GET /allocations/2d5c254d-e283-4fb9-bd0c-ab9b5ed98e6a => generated 258 bytes in 11 msecs (HTTP/1.1 200) 8 headers in 296 bytes (1 switches on core 0)
2026-07-08 20:15:38.701 7 INFO placement.requestlog [req-7e0ef080-6640-405b-bfdf-2ca8fcbc0f73 req-00f38872-d189-4e50-8fc3-10fc89da6358 a42bf0216251457d8b8b9083214ac4ab c00602ba570b470dad382f6e0f069a76 - - df3be8d4bf964bffb9be0927432062dd df3be8d4bf964bffb9be0927432062dd] 199.204.45.227 "DELETE /allocations/4c732fa3-ab19-4be7-b0be-b82f5bf381fc" status: 204 len: 0 microversion: 1.0 [pid: 7|app: 0|req: 568/1122] 199.204.45.227 () {34 vars in 841 bytes} [Wed Jul 8 20:15:38 2026] DELETE /allocations/4c732fa3-ab19-4be7-b0be-b82f5bf381fc => generated 0 bytes in 75 msecs (HTTP/1.1 204) 5 headers in 198 bytes (1 switches on core 0)
2026-07-08 20:15:42.242 6 INFO placement.requestlog [None req-35bec613-e6fd-4c28-9ed7-3da7ee2f7be4 e489bfb9ca424cc9a260a57ecd1423e3 c00602ba570b470dad382f6e0f069a76 - - df3be8d4bf964bffb9be0927432062dd df3be8d4bf964bffb9be0927432062dd] 10.0.0.24 "GET /resource_providers/bc4234da-8f87-4ba4-b9aa-9ecbe9af321f/aggregates" status: 404 len: 235 microversion: 1.1 [pid: 6|app: 0|req: 555/1123] 10.0.0.24 () {32 vars in 815 bytes} [Wed Jul 8 20:15:42 2026] GET /resource_providers/bc4234da-8f87-4ba4-b9aa-9ecbe9af321f/aggregates => generated 235 bytes in 12 msecs (HTTP/1.1 404) 5 headers in 202 bytes (1 switches on core 0)
2026-07-08 20:15:42.245 7 INFO placement.requestlog [None req-2f586198-6b73-4c30-a534-bcede0ee6755 e489bfb9ca424cc9a260a57ecd1423e3 c00602ba570b470dad382f6e0f069a76 - - df3be8d4bf964bffb9be0927432062dd df3be8d4bf964bffb9be0927432062dd] 10.0.0.24 "GET /resource_providers/bc4234da-8f87-4ba4-b9aa-9ecbe9af321f/aggregates" status: 404 len: 235 microversion: 1.1 [pid: 7|app: 0|req: 569/1124] 10.0.0.24 () {32 vars in 815 bytes} [Wed Jul 8 20:15:42 2026] GET /resource_providers/bc4234da-8f87-4ba4-b9aa-9ecbe9af321f/aggregates => generated 235 bytes in 15 msecs (HTTP/1.1 404) 5 headers in 202 bytes (1 switches on core 0)
2026-07-08 20:15:42.262 6 INFO placement.requestlog [None req-8f11c276-d6b6-4b0f-ae22-6d3c128fb47a e489bfb9ca424cc9a260a57ecd1423e3 c00602ba570b470dad382f6e0f069a76 - - df3be8d4bf964bffb9be0927432062dd df3be8d4bf964bffb9be0927432062dd] 10.0.0.24 "DELETE /resource_providers/bc4234da-8f87-4ba4-b9aa-9ecbe9af321f" status: 404 len: 246 microversion: 1.1 [pid: 6|app: 0|req: 556/1125] 10.0.0.24 () {34 vars in 815 bytes} [Wed Jul 8 20:15:42 2026] DELETE /resource_providers/bc4234da-8f87-4ba4-b9aa-9ecbe9af321f => generated 246 bytes in 7 msecs (HTTP/1.1 404) 6 headers in 231 bytes (1 switches on core 0)
2026-07-08 20:15:42.266 7 INFO placement.requestlog [None req-b3cc859d-8fdd-4664-9bf1-8e4670a78588 e489bfb9ca424cc9a260a57ecd1423e3 c00602ba570b470dad382f6e0f069a76 - - df3be8d4bf964bffb9be0927432062dd df3be8d4bf964bffb9be0927432062dd] 10.0.0.24 "DELETE /resource_providers/bc4234da-8f87-4ba4-b9aa-9ecbe9af321f" status: 404 len: 246 microversion: 1.1 [pid: 7|app: 0|req: 570/1126] 10.0.0.24 () {34 vars in 815 bytes} [Wed Jul 8 20:15:42 2026] DELETE /resource_providers/bc4234da-8f87-4ba4-b9aa-9ecbe9af321f => generated 246 bytes in 10 msecs (HTTP/1.1 404) 6 headers in 231 bytes (1 switches on core 0)
2026-07-08 20:15:42.820 7 INFO placement.requestlog [None req-d3dcf6fc-94c9-4ae0-9feb-be51bed64a54 e489bfb9ca424cc9a260a57ecd1423e3 c00602ba570b470dad382f6e0f069a76 - - df3be8d4bf964bffb9be0927432062dd df3be8d4bf964bffb9be0927432062dd] 10.0.0.24 "GET /resource_providers/bb5b0793-27e2-4fea-86ec-3966c78f35de/aggregates" status: 404 len: 235 microversion: 1.1 [pid: 7|app: 0|req: 571/1127] 10.0.0.24 () {32 vars in 815 bytes} [Wed Jul 8 20:15:42 2026] GET /resource_providers/bb5b0793-27e2-4fea-86ec-3966c78f35de/aggregates => generated 235 bytes in 16 msecs (HTTP/1.1 404) 5 headers in 202 bytes (1 switches on core 0)
2026-07-08 20:15:42.827 6 INFO placement.requestlog [None req-7679fde8-e6ef-45a3-a55e-d419e3ad01b2 e489bfb9ca424cc9a260a57ecd1423e3 c00602ba570b470dad382f6e0f069a76 - - df3be8d4bf964bffb9be0927432062dd df3be8d4bf964bffb9be0927432062dd] 10.0.0.24 "GET /resource_providers/bb5b0793-27e2-4fea-86ec-3966c78f35de/aggregates" status: 404 len: 235 microversion: 1.1 [pid: 6|app: 0|req: 557/1128] 10.0.0.24 () {32 vars in 815 bytes} [Wed Jul 8 20:15:42 2026] GET /resource_providers/bb5b0793-27e2-4fea-86ec-3966c78f35de/aggregates => generated 235 bytes in 23 msecs (HTTP/1.1 404) 5 headers in 202 bytes (1 switches on core 0)
2026-07-08 20:15:42.842 6 INFO placement.requestlog [None req-99b600a1-feab-4f70-806e-177a93a4c355 e489bfb9ca424cc9a260a57ecd1423e3 c00602ba570b470dad382f6e0f069a76 - - df3be8d4bf964bffb9be0927432062dd df3be8d4bf964bffb9be0927432062dd] 10.0.0.24 "DELETE /resource_providers/bb5b0793-27e2-4fea-86ec-3966c78f35de" status: 404 len: 246 microversion: 1.1 [pid: 6|app: 0|req: 558/1129] 10.0.0.24 () {34 vars in 815 bytes} [Wed Jul 8 20:15:42 2026] DELETE /resource_providers/bb5b0793-27e2-4fea-86ec-3966c78f35de => generated 246 bytes in 7 msecs (HTTP/1.1 404) 6 headers in 231 bytes (1 switches on core 0)
2026-07-08 20:15:42.844 7 INFO placement.requestlog [None req-8d212d55-cb08-42cd-af2a-60de70fd4076 e489bfb9ca424cc9a260a57ecd1423e3 c00602ba570b470dad382f6e0f069a76 - - df3be8d4bf964bffb9be0927432062dd df3be8d4bf964bffb9be0927432062dd] 10.0.0.24 "DELETE /resource_providers/bb5b0793-27e2-4fea-86ec-3966c78f35de" status: 404 len: 246 microversion: 1.1 [pid: 7|app: 0|req: 572/1130] 10.0.0.24 () {34 vars in 815 bytes} [Wed Jul 8 20:15:42 2026] DELETE /resource_providers/bb5b0793-27e2-4fea-86ec-3966c78f35de => generated 246 bytes in 10 msecs (HTTP/1.1 404) 6 headers in 231 bytes (1 switches on core 0)
2026-07-08 20:15:46.499 7 INFO placement.requestlog [None req-d991802e-d702-47f6-a30e-90bd69754302 - - - - - -] 10.0.0.135 "GET /" status: 200 len: 136 microversion: 1.0
2026-07-08 20:15:46.499 6 INFO placement.requestlog [None req-7585263e-545e-4796-bb0e-acfad5958d91 - - - - - -] 10.0.0.135 "GET /" status: 200 len: 136 microversion: 1.0
2026-07-08 20:15:49.491 7 INFO placement.requestlog [req-d725013f-d032-4b46-bf7d-5f3ddda13c78 req-88f04eaa-84f0-41cf-9bdb-a2a60cd1fa30 a42bf0216251457d8b8b9083214ac4ab c00602ba570b470dad382f6e0f069a76 - - df3be8d4bf964bffb9be0927432062dd df3be8d4bf964bffb9be0927432062dd] 199.204.45.227 "GET /resource_providers/9236c9bc-95ee-470e-b827-764b1ce28382/allocations" status: 200 len: 453 microversion: 1.0 [pid: 7|app: 0|req: 574/1133] 199.204.45.227 () {32 vars in 857 bytes} [Wed Jul 8 20:15:49 2026] GET /resource_providers/9236c9bc-95ee-470e-b827-764b1ce28382/allocations => generated 453 bytes in 26 msecs (HTTP/1.1 200) 6 headers in 224 bytes (1 switches on core 0)
2026-07-08 20:15:49.512 6 INFO placement.requestlog [req-d725013f-d032-4b46-bf7d-5f3ddda13c78 req-d29027cd-1e67-43af-a491-81a3f44f4929 a42bf0216251457d8b8b9083214ac4ab c00602ba570b470dad382f6e0f069a76 - - df3be8d4bf964bffb9be0927432062dd df3be8d4bf964bffb9be0927432062dd] 199.204.45.227 "GET /allocations/87184300-06ce-42fc-a25c-e5e11dfcf472" status: 200 len: 258 microversion: 1.28 [pid: 6|app: 0|req: 560/1134] 199.204.45.227 () {34 vars in 863 bytes} [Wed Jul 8 20:15:49 2026] GET /allocations/87184300-06ce-42fc-a25c-e5e11dfcf472 => generated 258 bytes in 12 msecs (HTTP/1.1 200) 8 headers in 296 bytes (1 switches on core 0)
2026-07-08 20:15:49.532 7 INFO placement.requestlog [req-d725013f-d032-4b46-bf7d-5f3ddda13c78 req-dace158f-6484-4ee9-ad47-48533410bb50 a42bf0216251457d8b8b9083214ac4ab c00602ba570b470dad382f6e0f069a76 - - df3be8d4bf964bffb9be0927432062dd df3be8d4bf964bffb9be0927432062dd] 199.204.45.227 "GET /allocations/0845448b-685c-4e34-b758-4115f76feab9" status: 200 len: 258 microversion: 1.28 [pid: 7|app: 0|req: 575/1135] 199.204.45.227 () {34 vars in 863 bytes} [Wed Jul 8 20:15:49 2026] GET /allocations/0845448b-685c-4e34-b758-4115f76feab9 => generated 258 bytes in 13 msecs (HTTP/1.1 200) 8 headers in 296 bytes (1 switches on core 0)
2026-07-08 20:15:49.547 6 INFO placement.requestlog [req-d725013f-d032-4b46-bf7d-5f3ddda13c78 req-4c026e55-6174-471b-bcb2-c58d3a7ccfb3 a42bf0216251457d8b8b9083214ac4ab c00602ba570b470dad382f6e0f069a76 - - df3be8d4bf964bffb9be0927432062dd df3be8d4bf964bffb9be0927432062dd] 199.204.45.227 "GET /allocations/e58e3374-d7fc-4484-9cda-5a28254c2190" status: 200 len: 258 microversion: 1.28 [pid: 6|app: 0|req: 561/1136] 199.204.45.227 () {34 vars in 863 bytes} [Wed Jul 8 20:15:49 2026] GET /allocations/e58e3374-d7fc-4484-9cda-5a28254c2190 => generated 258 bytes in 10 msecs (HTTP/1.1 200) 8 headers in 296 bytes (1 switches on core 0)
