Apr 12 19:31:20.003731 np0000165326 devstack@neutron-api.service[103957]: DEBUG neutron.manager [None req-8cb942b5-a288-4320-a42f-b66738f04093 None None] Successfully loaded FLAVORS plugin. Description: Neutron Flavors and Service Profiles manager plugin {{(pid=103957) _create_and_add_service_plugin /opt/stack/neutron/neutron/manager.py:239}}
Apr 12 19:31:20.003731 np0000165326 devstack@neutron-api.service[103957]: INFO neutron.manager [None req-8cb942b5-a288-4320-a42f-b66738f04093 None None] Loading Plugin: revisions
Apr 12 19:31:20.003813 np0000165326 devstack@neutron-api.service[103958]: INFO neutron.api.extensions [None req-e8077035-a71b-42c9-8c70-ace7aa1a282c None None] Extension metering not supported by any of loaded plugins
Apr 12 19:31:20.003813 np0000165326 devstack@neutron-api.service[103958]: DEBUG neutron.api.extensions [None req-e8077035-a71b-42c9-8c70-ace7aa1a282c None None] Loading extension file: metering_source_and_destination_fields.py {{(pid=103958) _load_all_extensions_from_path /opt/stack/neutron/neutron/api/extensions.py:449}}
Apr 12 19:31:20.003813 np0000165326 devstack@neutron-api.service[103958]: DEBUG neutron.api.extensions [None req-e8077035-a71b-42c9-8c70-ace7aa1a282c None None] Ext name="Neutron Metering with source and destination filtering" alias="metering_source_and_destination_fields" description="Neutron Metering extension that enables the use of source and destination IP prefixes to create metering label rules." updated="2020-08-21T08:12:00-00:00" {{(pid=103958) _check_extension /opt/stack/neutron/neutron/api/extensions.py:415}}
Apr 12 19:31:20.003813 np0000165326 devstack@neutron-api.service[103958]: INFO neutron.api.extensions [None req-e8077035-a71b-42c9-8c70-ace7aa1a282c None None] Extension metering_source_and_destination_fields not supported by any of loaded plugins
Apr 12 19:31:20.003813 np0000165326 devstack@neutron-api.service[103958]: DEBUG neutron.api.extensions [None req-e8077035-a71b-42c9-8c70-ace7aa1a282c None None] Loading extension file: multiprovidernet.py {{(pid=103958) _load_all_extensions_from_path /opt/stack/neutron/neutron/api/extensions.py:449}}
Apr 12 19:31:20.003813 np0000165326 devstack@neutron-api.service[103958]: DEBUG neutron.api.extensions [None req-e8077035-a71b-42c9-8c70-ace7aa1a282c None None] Ext name="Multi Provider Network" alias="multi-provider" description="Expose mapping of virtual networks to multiple physical networks" updated="2013-06-27T10:00:00-00:00" {{(pid=103958) _check_extension /opt/stack/neutron/neutron/api/extensions.py:415}}
Apr 12 19:31:20.004001 np0000165326 devstack@neutron-api.service[103957]: DEBUG neutron.manager [None req-8cb942b5-a288-4320-a42f-b66738f04093 None None] Successfully loaded revision_plugin plugin. Description: Adds revision numbers to resources. {{(pid=103957) _create_and_add_service_plugin /opt/stack/neutron/neutron/manager.py:239}}
Apr 12 19:31:20.004083 np0000165326 devstack@neutron-api.service[103958]: INFO neutron.api.extensions [None req-e8077035-a71b-42c9-8c70-ace7aa1a282c None None] Loaded extension: multi-provider
Apr 12 19:31:20.004148 np0000165326 devstack@neutron-api.service[103957]: DEBUG oslo_concurrency.lockutils [None req-8cb942b5-a288-4320-a42f-b66738f04093 None None] Lock "manager" "released" by "neutron.manager.NeutronManager._create_instance" :: held 4.374s {{(pid=103957) inner /opt/stack/data/venv/lib/python3.12/site-packages/oslo_concurrency/lockutils.py:538}}
Apr 12 19:31:20.004287 np0000165326 devstack@neutron-api.service[103958]: DEBUG neutron.api.extensions [None req-e8077035-a71b-42c9-8c70-ace7aa1a282c None None] Loading extension file: netmtu.py {{(pid=103958) _load_all_extensions_from_path /opt/stack/neutron/neutron/api/extensions.py:449}}
Apr 12 19:31:20.004345 np0000165326 devstack@neutron-api.service[103957]: DEBUG neutron.api.extensions [None req-8cb942b5-a288-4320-a42f-b66738f04093 None None] get_extension_paths = OrderedDict({'/opt/stack/neutron/neutron/extensions': 1}) {{(pid=103957) get_extensions_path /opt/stack/neutron/neutron/api/extensions.py:640}}
Apr 12 19:31:20.004579 np0000165326 devstack@neutron-api.service[103958]: DEBUG neutron.api.extensions [None req-e8077035-a71b-42c9-8c70-ace7aa1a282c None None] Ext name="Network MTU" alias="net-mtu" description="Provides MTU attribute for a network resource." updated="2015-03-25T10:00:00-00:00" {{(pid=103958) _check_extension /opt/stack/neutron/neutron/api/extensions.py:415}}
Apr 12 19:31:20.004836 np0000165326 devstack@neutron-api.service[103957]: INFO neutron.api.extensions [None req-8cb942b5-a288-4320-a42f-b66738f04093 None None] Initializing extension manager.
Apr 12 19:31:20.004892 np0000165326 devstack@neutron-api.service[103958]: INFO neutron.api.extensions [None req-e8077035-a71b-42c9-8c70-ace7aa1a282c None None] Loaded extension: net-mtu
Apr 12 19:31:20.004892 np0000165326 devstack@neutron-api.service[103958]: DEBUG neutron.api.extensions [None req-e8077035-a71b-42c9-8c70-ace7aa1a282c None None] Loading extension file: netmtu_writable.py {{(pid=103958) _load_all_extensions_from_path /opt/stack/neutron/neutron/api/extensions.py:449}}
Apr 12 19:31:20.004971 np0000165326 devstack@neutron-api.service[103957]: DEBUG neutron.api.extensions [None req-8cb942b5-a288-4320-a42f-b66738f04093 None None] Loading extension file: __init__.py {{(pid=103957) _load_all_extensions_from_path /opt/stack/neutron/neutron/api/extensions.py:449}}
Apr 12 19:31:20.004971 np0000165326 devstack@neutron-api.service[103957]: DEBUG neutron.api.extensions [None req-8cb942b5-a288-4320-a42f-b66738f04093 None None] Loading extension file: __pycache__ {{(pid=103957) _load_all_extensions_from_path /opt/stack/neutron/neutron/api/extensions.py:449}}
Apr 12 19:31:20.005063 np0000165326 devstack@neutron-api.service[103958]: DEBUG neutron.api.extensions [None req-e8077035-a71b-42c9-8c70-ace7aa1a282c None None] Ext name="Network MTU (writable)" alias="net-mtu-writable" description="Provides a writable MTU attribute for a network resource." updated="2017-07-12T00:00:00-00:00" {{(pid=103958) _check_extension /opt/stack/neutron/neutron/api/extensions.py:415}}
Apr 12 19:31:20.005128 np0000165326 devstack@neutron-api.service[103957]: DEBUG neutron.api.extensions [None req-8cb942b5-a288-4320-a42f-b66738f04093 None None] Loading extension file: address_group.py {{(pid=103957) _load_all_extensions_from_path /opt/stack/neutron/neutron/api/extensions.py:449}}
Apr 12 19:31:20.005186 np0000165326 devstack@neutron-api.service[103958]: INFO neutron.api.extensions [None req-e8077035-a71b-42c9-8c70-ace7aa1a282c None None] Loaded extension: net-mtu-writable
Apr 12 19:31:20.005186 np0000165326 devstack@neutron-api.service[103958]: DEBUG neutron.api.extensions [None req-e8077035-a71b-42c9-8c70-ace7aa1a282c None None] Loading extension file: network_availability_zone.py {{(pid=103958) _load_all_extensions_from_path /opt/stack/neutron/neutron/api/extensions.py:449}}
Apr 12 19:31:20.005326 np0000165326 devstack@neutron-api.service[103957]: DEBUG neutron.api.extensions [None req-8cb942b5-a288-4320-a42f-b66738f04093 None None] Ext name="Address group" alias="address-group" description="Support address group" updated="2020-07-15T10:00:00-00:00" {{(pid=103957) _check_extension /opt/stack/neutron/neutron/api/extensions.py:415}}
Apr 12 19:31:20.005388 np0000165326 devstack@neutron-api.service[103958]: DEBUG neutron.api.extensions [None req-e8077035-a71b-42c9-8c70-ace7aa1a282c None None] Ext name="Network Availability Zone" alias="network_availability_zone" description="Availability zone support for network." updated="2015-01-01T10:00:00-00:00" {{(pid=103958) _check_extension /opt/stack/neutron/neutron/api/extensions.py:415}}
Apr 12 19:31:20.005479 np0000165326 devstack@neutron-api.service[103957]: INFO neutron.api.extensions [None req-8cb942b5-a288-4320-a42f-b66738f04093 None None] Loaded extension: address-group
Apr 12 19:31:20.005569 np0000165326 devstack@neutron-api.service[103959]: DEBUG neutron_lib.callbacks.manager [None req-0d55b147-7d1f-4d7d-a867-a6d7874dd9f1 None None] Subscribe: > router before_delete 55550000, False {{(pid=103959) subscribe /opt/stack/data/venv/lib/python3.12/site-packages/neutron_lib/callbacks/manager.py:52}}
Apr 12 19:31:20.005662 np0000165326 devstack@neutron-api.service[103957]: DEBUG neutron.api.extensions [None req-8cb942b5-a288-4320-a42f-b66738f04093 None None] Loading extension file: address_scope.py {{(pid=103957) _load_all_extensions_from_path /opt/stack/neutron/neutron/api/extensions.py:449}}
Apr 12 19:31:20.005719 np0000165326 devstack@neutron-api.service[103958]: INFO neutron.api.extensions [None req-e8077035-a71b-42c9-8c70-ace7aa1a282c None None] Loaded extension: network_availability_zone
Apr 12 19:31:20.005776 np0000165326 devstack@neutron-api.service[103959]: DEBUG neutron_lib.callbacks.manager [None req-0d55b147-7d1f-4d7d-a867-a6d7874dd9f1 None None] Subscribe: port after_update 55550000, False {{(pid=103959) subscribe /opt/stack/data/venv/lib/python3.12/site-packages/neutron_lib/callbacks/manager.py:52}}
Apr 12 19:31:20.005832 np0000165326 devstack@neutron-api.service[103958]: DEBUG neutron.api.extensions [None req-e8077035-a71b-42c9-8c70-ace7aa1a282c None None] Loading extension file: network_ha.py {{(pid=103958) _load_all_extensions_from_path /opt/stack/neutron/neutron/api/extensions.py:449}}
Apr 12 19:31:20.005909 np0000165326 devstack@neutron-api.service[103959]: DEBUG neutron_lib.callbacks.manager [None req-0d55b147-7d1f-4d7d-a867-a6d7874dd9f1 None None] Subscribe: port after_delete 55550000, False {{(pid=103959) subscribe /opt/stack/data/venv/lib/python3.12/site-packages/neutron_lib/callbacks/manager.py:52}}
Apr 12 19:31:20.005909 np0000165326 devstack@neutron-api.service[103959]: DEBUG neutron_lib.callbacks.manager [None req-0d55b147-7d1f-4d7d-a867-a6d7874dd9f1 None None] Subscribe: subnet after_update 55550000, False {{(pid=103959) subscribe /opt/stack/data/venv/lib/python3.12/site-packages/neutron_lib/callbacks/manager.py:52}}
Apr 12 19:31:20.006001 np0000165326 devstack@neutron-api.service[103957]: DEBUG neutron.api.extensions [None req-8cb942b5-a288-4320-a42f-b66738f04093 None None] Ext name="Address scope" alias="address-scope" description="Address scopes extension." updated="2015-07-26T10:00:00-00:00" {{(pid=103957) _check_extension /opt/stack/neutron/neutron/api/extensions.py:415}}
Apr 12 19:31:20.006064 np0000165326 devstack@neutron-api.service[103958]: DEBUG neutron.api.extensions [None req-e8077035-a71b-42c9-8c70-ace7aa1a282c None None] Ext name="Network HA creation flag" alias="network_ha" description="Network high availability creation flag." updated="2023-04-27T10:00:00-00:00" {{(pid=103958) _check_extension /opt/stack/neutron/neutron/api/extensions.py:415}}
Apr 12 19:31:20.006126 np0000165326 devstack@neutron-api.service[103959]: DEBUG neutron_lib.callbacks.manager [None req-0d55b147-7d1f-4d7d-a867-a6d7874dd9f1 None None] Subscribe: subnetpool_address_scope after_update 55550000, False {{(pid=103959) subscribe /opt/stack/data/venv/lib/python3.12/site-packages/neutron_lib/callbacks/manager.py:52}}
Apr 12 19:31:20.006226 np0000165326 devstack@neutron-api.service[103957]: INFO neutron.api.extensions [None req-8cb942b5-a288-4320-a42f-b66738f04093 None None] Loaded extension: address-scope
Apr 12 19:31:20.006294 np0000165326 devstack@neutron-api.service[103959]: DEBUG neutron_lib.callbacks.manager [None req-0d55b147-7d1f-4d7d-a867-a6d7874dd9f1 None None] Subscribe: port before_update 55550000, False {{(pid=103959) subscribe /opt/stack/data/venv/lib/python3.12/site-packages/neutron_lib/callbacks/manager.py:52}}
Apr 12 19:31:20.006355 np0000165326 devstack@neutron-api.service[103957]: DEBUG neutron.api.extensions [None req-8cb942b5-a288-4320-a42f-b66738f04093 None None] Loading extension file: admin_state_down_before_update.py {{(pid=103957) _load_all_extensions_from_path /opt/stack/neutron/neutron/api/extensions.py:449}}
Apr 12 19:31:20.006417 np0000165326 devstack@neutron-api.service[103958]: INFO neutron.api.extensions [None req-e8077035-a71b-42c9-8c70-ace7aa1a282c None None] Extension network_ha not supported by any of loaded plugins
Apr 12 19:31:20.006478 np0000165326 devstack@neutron-api.service[103959]: DEBUG neutron_lib.callbacks.manager [None req-0d55b147-7d1f-4d7d-a867-a6d7874dd9f1 None None] Subscribe: port after_update 55550000, False {{(pid=103959) subscribe /opt/stack/data/venv/lib/python3.12/site-packages/neutron_lib/callbacks/manager.py:52}}
Apr 12 19:31:20.006541 np0000165326 devstack@neutron-api.service[103958]: DEBUG neutron.api.extensions [None req-e8077035-a71b-42c9-8c70-ace7aa1a282c None None] Loading extension file: network_ip_availability.py {{(pid=103958) _load_all_extensions_from_path /opt/stack/neutron/neutron/api/extensions.py:449}}
Apr 12 19:31:20.006603 np0000165326 devstack@neutron-api.service[103959]: DEBUG neutron_lib.callbacks.manager [None req-0d55b147-7d1f-4d7d-a867-a6d7874dd9f1 None None] Subscribe: > port precommit_delete 55550000, False {{(pid=103959) subscribe /opt/stack/data/venv/lib/python3.12/site-packages/neutron_lib/callbacks/manager.py:52}}
Apr 12 19:31:20.006603 np0000165326 devstack@neutron-api.service[103959]: DEBUG neutron_lib.callbacks.manager [None req-0d55b147-7d1f-4d7d-a867-a6d7874dd9f1 None None] Subscribe: port before_update 55550000, False {{(pid=103959) subscribe /opt/stack/data/venv/lib/python3.12/site-packages/neutron_lib/callbacks/manager.py:52}}
Apr 12 19:31:20.006714 np0000165326 devstack@neutron-api.service[103957]: DEBUG neutron.api.extensions [None req-8cb942b5-a288-4320-a42f-b66738f04093 None None] Ext name="Enforce Router's Admin State Down Before Update Extension" alias="router-admin-state-down-before-update" description="Ensure that the admin state of a router is DOWN (admin_state_up=False) before updating the distributed attribute" updated="2019-07-02T15:56:00" {{(pid=103957) _check_extension /opt/stack/neutron/neutron/api/extensions.py:415}}
Apr 12 19:31:20.006780 np0000165326 devstack@neutron-api.service[103959]: DEBUG neutron_lib.callbacks.manager [None req-0d55b147-7d1f-4d7d-a867-a6d7874dd9f1 None None] Subscribe: port before_delete 55550000, False {{(pid=103959) subscribe /opt/stack/data/venv/lib/python3.12/site-packages/neutron_lib/callbacks/manager.py:52}}
Apr 12 19:31:20.006839 np0000165326 devstack@neutron-api.service[103958]: DEBUG neutron.api.extensions [None req-e8077035-a71b-42c9-8c70-ace7aa1a282c None None] Ext name="Network IP Availability" alias="network-ip-availability" description="Provides IP availability data for each network and subnet." updated="2015-09-24T00:00:00-00:00" {{(pid=103958) _check_extension /opt/stack/neutron/neutron/api/extensions.py:415}}
Apr 12 19:31:20.006997 np0000165326 devstack@neutron-api.service[103957]: INFO neutron.api.extensions [None req-8cb942b5-a288-4320-a42f-b66738f04093 None None] Extension router-admin-state-down-before-update not supported by any of loaded plugins
Apr 12 19:31:20.007080 np0000165326 devstack@neutron-api.service[103959]: DEBUG neutron_lib.callbacks.manager [None req-0d55b147-7d1f-4d7d-a867-a6d7874dd9f1 None None] Subscribe: > router precommit_create 55550000, False {{(pid=103959) subscribe /opt/stack/data/venv/lib/python3.12/site-packages/neutron_lib/callbacks/manager.py:52}}
Apr 12 19:31:20.007141 np0000165326 devstack@neutron-api.service[103957]: DEBUG neutron.api.extensions [None req-8cb942b5-a288-4320-a42f-b66738f04093 None None] Loading extension file: agent.py {{(pid=103957) _load_all_extensions_from_path /opt/stack/neutron/neutron/api/extensions.py:449}}
Apr 12 19:31:20.007218 np0000165326 devstack@neutron-api.service[103958]: INFO neutron.api.extensions [None req-e8077035-a71b-42c9-8c70-ace7aa1a282c None None] Loaded extension: network-ip-availability
Apr 12 19:31:20.007332 np0000165326 devstack@neutron-api.service[103959]: DEBUG neutron_lib.callbacks.manager [None req-0d55b147-7d1f-4d7d-a867-a6d7874dd9f1 None None] Subscribe: > router precommit_create 55550000, False {{(pid=103959) subscribe /opt/stack/data/venv/lib/python3.12/site-packages/neutron_lib/callbacks/manager.py:52}}
Apr 12 19:31:20.007391 np0000165326 devstack@neutron-api.service[103958]: DEBUG neutron.api.extensions [None req-e8077035-a71b-42c9-8c70-ace7aa1a282c None None] Loading extension file: network_ip_availability_details.py {{(pid=103958) _load_all_extensions_from_path /opt/stack/neutron/neutron/api/extensions.py:449}}
Apr 12 19:31:20.007510 np0000165326 devstack@neutron-api.service[103959]: DEBUG neutron_lib.callbacks.manager [None req-0d55b147-7d1f-4d7d-a867-a6d7874dd9f1 None None] Subscribe: > router precommit_update 55550000, False {{(pid=103959) subscribe /opt/stack/data/venv/lib/python3.12/site-packages/neutron_lib/callbacks/manager.py:52}}
Apr 12 19:31:20.007510 np0000165326 devstack@neutron-api.service[103959]: DEBUG neutron_lib.callbacks.manager [None req-0d55b147-7d1f-4d7d-a867-a6d7874dd9f1 None None] Subscribe: subnet after_update 55550000, False {{(pid=103959) subscribe /opt/stack/data/venv/lib/python3.12/site-packages/neutron_lib/callbacks/manager.py:52}}
Apr 12 19:31:20.007620 np0000165326 devstack@neutron-api.service[103957]: DEBUG neutron.api.extensions [None req-8cb942b5-a288-4320-a42f-b66738f04093 None None] Ext name="agent" alias="agent" description="The agent management extension." updated="2013-02-03T10:00:00-00:00" {{(pid=103957) _check_extension /opt/stack/neutron/neutron/api/extensions.py:415}}
Apr 12 19:31:20.007703 np0000165326 devstack@neutron-api.service[103958]: DEBUG neutron.api.extensions [None req-e8077035-a71b-42c9-8c70-ace7aa1a282c None None] Ext name="Network IP Availability Details Extension" alias="network-ip-availability-details" description="Add ip_availability_details attribute to network-ip-availabilities resource." updated="2025-10-31T00:00:00-00:00" {{(pid=103958) _check_extension /opt/stack/neutron/neutron/api/extensions.py:415}}
Apr 12 19:31:20.007760 np0000165326 devstack@neutron-api.service[103957]: INFO neutron.api.extensions [None req-8cb942b5-a288-4320-a42f-b66738f04093 None None] Loaded extension: agent
Apr 12 19:31:20.007826 np0000165326 devstack@neutron-api.service[103958]: INFO neutron.api.extensions [None req-e8077035-a71b-42c9-8c70-ace7aa1a282c None None] Loaded extension: network-ip-availability-details
Apr 12 19:31:20.007914 np0000165326 devstack@neutron-api.service[103957]: DEBUG neutron.api.extensions [None req-8cb942b5-a288-4320-a42f-b66738f04093 None None] Loading extension file: agent_resources_synced.py {{(pid=103957) _load_all_extensions_from_path /opt/stack/neutron/neutron/api/extensions.py:449}}
Apr 12 19:31:20.007997 np0000165326 devstack@neutron-api.service[103958]: DEBUG neutron.api.extensions [None req-e8077035-a71b-42c9-8c70-ace7aa1a282c None None] Loading extension file: network_segment_range.py {{(pid=103958) _load_all_extensions_from_path /opt/stack/neutron/neutron/api/extensions.py:449}}
Apr 12 19:31:20.008058 np0000165326 devstack@neutron-api.service[103957]: DEBUG neutron.api.extensions [None req-8cb942b5-a288-4320-a42f-b66738f04093 None None] Ext name="Agent's Resource View Synced to Placement" alias="agent-resources-synced" description="Stores success/failure of last sync to Placement" updated="2018-12-19T00:00:00-00:00" {{(pid=103957) _check_extension /opt/stack/neutron/neutron/api/extensions.py:415}}
Apr 12 19:31:20.008113 np0000165326 devstack@neutron-api.service[103958]: DEBUG neutron.api.extensions [None req-e8077035-a71b-42c9-8c70-ace7aa1a282c None None] Ext name="Neutron Network Segment Range" alias="network-segment-range" description="Provides support for the network segment range management" updated="2018-11-29T00:00:00-00:00" {{(pid=103958) _check_extension /opt/stack/neutron/neutron/api/extensions.py:415}}
Apr 12 19:31:20.008173 np0000165326 devstack@neutron-api.service[103959]: DEBUG neutron.quota.resource_registry [None req-0d55b147-7d1f-4d7d-a867-a6d7874dd9f1 None None] Tracking information for resource: router configured {{(pid=103959) set_tracked_resource /opt/stack/neutron/neutron/quota/resource_registry.py:203}}
Apr 12 19:31:20.008259 np0000165326 devstack@neutron-api.service[103957]: INFO neutron.api.extensions [None req-8cb942b5-a288-4320-a42f-b66738f04093 None None] Extension agent-resources-synced not supported by any of loaded plugins
Apr 12 19:31:20.008383 np0000165326 devstack@neutron-api.service[103959]: DEBUG neutron.quota.resource_registry [None req-0d55b147-7d1f-4d7d-a867-a6d7874dd9f1 None None] Tracking information for resource: floatingip configured {{(pid=103959) set_tracked_resource /opt/stack/neutron/neutron/quota/resource_registry.py:203}}
Apr 12 19:31:20.008470 np0000165326 devstack@neutron-api.service[103957]: DEBUG neutron.api.extensions [None req-8cb942b5-a288-4320-a42f-b66738f04093 None None] Loading extension file: allowedaddresspairs.py {{(pid=103957) _load_all_extensions_from_path /opt/stack/neutron/neutron/api/extensions.py:449}}
Apr 12 19:31:20.008526 np0000165326 devstack@neutron-api.service[103958]: INFO neutron.api.extensions [None req-e8077035-a71b-42c9-8c70-ace7aa1a282c None None] Extension network-segment-range not supported by any of loaded plugins
Apr 12 19:31:20.008606 np0000165326 devstack@neutron-api.service[103959]: INFO neutron.services.ovn_l3.plugin [None req-0d55b147-7d1f-4d7d-a867-a6d7874dd9f1 None None] Starting OVNL3RouterPlugin
Apr 12 19:31:20.008662 np0000165326 devstack@neutron-api.service[103958]: DEBUG neutron.api.extensions [None req-e8077035-a71b-42c9-8c70-ace7aa1a282c None None] Loading extension file: pagination.py {{(pid=103958) _load_all_extensions_from_path /opt/stack/neutron/neutron/api/extensions.py:449}}
Apr 12 19:31:20.008797 np0000165326 devstack@neutron-api.service[103959]: DEBUG neutron_lib.callbacks.manager [None req-0d55b147-7d1f-4d7d-a867-a6d7874dd9f1 None None] Subscribe: > port_forwarding_plugin after_init 55550000, False {{(pid=103959) subscribe /opt/stack/data/venv/lib/python3.12/site-packages/neutron_lib/callbacks/manager.py:52}}
Apr 12 19:31:20.008855 np0000165326 devstack@neutron-api.service[103958]: DEBUG neutron.api.extensions [None req-e8077035-a71b-42c9-8c70-ace7aa1a282c None None] Ext name="Pagination support" alias="pagination" description="Extension that indicates that pagination is enabled." updated="2016-06-12T00:00:00-00:00" {{(pid=103958) _check_extension /opt/stack/neutron/neutron/api/extensions.py:415}}
Apr 12 19:31:20.008855 np0000165326 devstack@neutron-api.service[103958]: INFO neutron.api.extensions [None req-e8077035-a71b-42c9-8c70-ace7aa1a282c None None] Loaded extension: pagination
Apr 12 19:31:20.009028 np0000165326 devstack@neutron-api.service[103959]: DEBUG neutron_lib.callbacks.manager [None req-0d55b147-7d1f-4d7d-a867-a6d7874dd9f1 None None] Subscribe: > router before_create 55550100, False {{(pid=103959) subscribe /opt/stack/data/venv/lib/python3.12/site-packages/neutron_lib/callbacks/manager.py:52}}
Apr 12 19:31:20.009094 np0000165326 devstack@neutron-api.service[103958]: DEBUG neutron.api.extensions [None req-e8077035-a71b-42c9-8c70-ace7aa1a282c None None] Loading extension file: port_device_profile.py {{(pid=103958) _load_all_extensions_from_path /opt/stack/neutron/neutron/api/extensions.py:449}}
Apr 12 19:31:20.009224 np0000165326 devstack@neutron-api.service[103959]: DEBUG neutron_lib.callbacks.manager [None req-0d55b147-7d1f-4d7d-a867-a6d7874dd9f1 None None] Subscribe: > router precommit_delete 55550100, False {{(pid=103959) subscribe /opt/stack/data/venv/lib/python3.12/site-packages/neutron_lib/callbacks/manager.py:52}}
Apr 12 19:31:20.009294 np0000165326 devstack@neutron-api.service[103957]: DEBUG neutron.api.extensions [None req-8cb942b5-a288-4320-a42f-b66738f04093 None None] Ext name="Allowed Address Pairs" alias="allowed-address-pairs" description="Provides allowed address pairs" updated="2013-07-23T10:00:00-00:00" {{(pid=103957) _check_extension /opt/stack/neutron/neutron/api/extensions.py:415}}
Apr 12 19:31:20.009415 np0000165326 devstack@neutron-api.service[103959]: DEBUG neutron_lib.callbacks.manager [None req-0d55b147-7d1f-4d7d-a867-a6d7874dd9f1 None None] Subscribe: > router precommit_create 55550100, False {{(pid=103959) subscribe /opt/stack/data/venv/lib/python3.12/site-packages/neutron_lib/callbacks/manager.py:52}}
Apr 12 19:31:20.009474 np0000165326 devstack@neutron-api.service[103958]: DEBUG neutron.api.extensions [None req-e8077035-a71b-42c9-8c70-ace7aa1a282c None None] Ext name="Port device profile" alias="port-device-profile" description="Expose the port device profile (Cyborg)" updated="2020-12-17T10:00:00-00:00" {{(pid=103958) _check_extension /opt/stack/neutron/neutron/api/extensions.py:415}}
Apr 12 19:31:20.009531 np0000165326 devstack@neutron-api.service[103959]: DEBUG neutron_lib.callbacks.manager [None req-0d55b147-7d1f-4d7d-a867-a6d7874dd9f1 None None] Subscribe: > router precommit_update 55550100, False {{(pid=103959) subscribe /opt/stack/data/venv/lib/python3.12/site-packages/neutron_lib/callbacks/manager.py:52}}
Apr 12 19:31:20.009589 np0000165326 devstack@neutron-api.service[103957]: INFO neutron.api.extensions [None req-8cb942b5-a288-4320-a42f-b66738f04093 None None] Loaded extension: allowed-address-pairs
Apr 12 19:31:20.009589 np0000165326 devstack@neutron-api.service[103957]: DEBUG neutron.api.extensions [None req-8cb942b5-a288-4320-a42f-b66738f04093 None None] Loading extension file: auto_allocated_topology.py {{(pid=103957) _load_all_extensions_from_path /opt/stack/neutron/neutron/api/extensions.py:449}}
Apr 12 19:31:20.009690 np0000165326 devstack@neutron-api.service[103958]: INFO neutron.api.extensions [None req-e8077035-a71b-42c9-8c70-ace7aa1a282c None None] Loaded extension: port-device-profile
Apr 12 19:31:20.009690 np0000165326 devstack@neutron-api.service[103958]: DEBUG neutron.api.extensions [None req-e8077035-a71b-42c9-8c70-ace7aa1a282c None None] Loading extension file: port_hardware_offload_type.py {{(pid=103958) _load_all_extensions_from_path /opt/stack/neutron/neutron/api/extensions.py:449}}
Apr 12 19:31:20.009827 np0000165326 devstack@neutron-api.service[103957]: DEBUG neutron.api.extensions [None req-8cb942b5-a288-4320-a42f-b66738f04093 None None] Ext name="Auto Allocated Topology Services" alias="auto-allocated-topology" description="Auto Allocated Topology Services." updated="2016-01-01T00:00:00-00:00" {{(pid=103957) _check_extension /opt/stack/neutron/neutron/api/extensions.py:415}}
Apr 12 19:31:20.009971 np0000165326 devstack@neutron-api.service[103958]: DEBUG neutron.api.extensions [None req-e8077035-a71b-42c9-8c70-ace7aa1a282c None None] Ext name="Port hardware offload" alias="port-hardware-offload-type" description="Expose port hardware offload extension" updated="2023-05-09T10:00:00-00:00" {{(pid=103958) _check_extension /opt/stack/neutron/neutron/api/extensions.py:415}}
Apr 12 19:31:20.010029 np0000165326 devstack@neutron-api.service[103957]: INFO neutron.api.extensions [None req-8cb942b5-a288-4320-a42f-b66738f04093 None None] Loaded extension: auto-allocated-topology
Apr 12 19:31:20.010029 np0000165326 devstack@neutron-api.service[103957]: DEBUG neutron.api.extensions [None req-8cb942b5-a288-4320-a42f-b66738f04093 None None] Loading extension file: availability_zone.py {{(pid=103957) _load_all_extensions_from_path /opt/stack/neutron/neutron/api/extensions.py:449}}
Apr 12 19:31:20.010225 np0000165326 devstack@neutron-api.service[103958]: INFO neutron.api.extensions [None req-e8077035-a71b-42c9-8c70-ace7aa1a282c None None] Extension port-hardware-offload-type not supported by any of loaded plugins
Apr 12 19:31:20.010225 np0000165326 devstack@neutron-api.service[103958]: DEBUG neutron.api.extensions [None req-e8077035-a71b-42c9-8c70-ace7aa1a282c None None] Loading extension file: port_hint_ovs_tx_steering.py {{(pid=103958) _load_all_extensions_from_path /opt/stack/neutron/neutron/api/extensions.py:449}}
Apr 12 19:31:20.010307 np0000165326 devstack@neutron-api.service[103957]: DEBUG neutron.api.extensions [None req-8cb942b5-a288-4320-a42f-b66738f04093 None None] Ext name="Availability Zone" alias="availability_zone" description="The availability zone extension." updated="2015-01-01T10:00:00-00:00" {{(pid=103957) _check_extension /opt/stack/neutron/neutron/api/extensions.py:415}}
Apr 12 19:31:20.010418 np0000165326 devstack@neutron-api.service[103958]: DEBUG neutron.api.extensions [None req-e8077035-a71b-42c9-8c70-ace7aa1a282c None None] Ext name="Port hint: Open vSwitch Tx steering" alias="port-hint-ovs-tx-steering" description="Enable Port hint: Open vSwitch Tx steering" updated="2023-01-01T00:00:00-00:00" {{(pid=103958) _check_extension /opt/stack/neutron/neutron/api/extensions.py:415}}
Apr 12 19:31:20.010480 np0000165326 devstack@neutron-api.service[103957]: INFO neutron.api.extensions [None req-8cb942b5-a288-4320-a42f-b66738f04093 None None] Loaded extension: availability_zone
Apr 12 19:31:20.010612 np0000165326 devstack@neutron-api.service[103958]: INFO neutron.api.extensions [None req-e8077035-a71b-42c9-8c70-ace7aa1a282c None None] Extension port-hint-ovs-tx-steering not supported by any of loaded plugins
Apr 12 19:31:20.010672 np0000165326 devstack@neutron-api.service[103957]: DEBUG neutron.api.extensions [None req-8cb942b5-a288-4320-a42f-b66738f04093 None None] Loading extension file: availability_zone_filter.py {{(pid=103957) _load_all_extensions_from_path /opt/stack/neutron/neutron/api/extensions.py:449}}
Apr 12 19:31:20.010773 np0000165326 devstack@neutron-api.service[103958]: DEBUG neutron.api.extensions [None req-e8077035-a71b-42c9-8c70-ace7aa1a282c None None] Loading extension file: port_hints.py {{(pid=103958) _load_all_extensions_from_path /opt/stack/neutron/neutron/api/extensions.py:449}}
Apr 12 19:31:20.010835 np0000165326 devstack@neutron-api.service[103957]: DEBUG neutron.api.extensions [None req-8cb942b5-a288-4320-a42f-b66738f04093 None None] Ext name="Availability Zone Filter Extension" alias="availability_zone_filter" description="Add filter parameters to AvailabilityZone resource" updated="2018-06-22T10:00:00-00:00" {{(pid=103957) _check_extension /opt/stack/neutron/neutron/api/extensions.py:415}}
Apr 12 19:31:20.010942 np0000165326 devstack@neutron-api.service[103958]: DEBUG neutron.api.extensions [None req-e8077035-a71b-42c9-8c70-ace7aa1a282c None None] Ext name="Port hints" alias="port-hints" description="Backend specific port hints to allow backend specific tuning" updated="2023-01-01T00:00:00-00:00" {{(pid=103958) _check_extension /opt/stack/neutron/neutron/api/extensions.py:415}}
Apr 12 19:31:20.011002 np0000165326 devstack@neutron-api.service[103957]: INFO neutron.api.extensions [None req-8cb942b5-a288-4320-a42f-b66738f04093 None None] Extension availability_zone_filter not supported by any of loaded plugins
Apr 12 19:31:20.011065 np0000165326 devstack@neutron-api.service[103958]: INFO neutron.api.extensions [None req-e8077035-a71b-42c9-8c70-ace7aa1a282c None None] Extension port-hints not supported by any of loaded plugins
Apr 12 19:31:20.011148 np0000165326 devstack@neutron-api.service[103957]: DEBUG neutron.api.extensions [None req-8cb942b5-a288-4320-a42f-b66738f04093 None None] Loading extension file: data_plane_status.py {{(pid=103957) _load_all_extensions_from_path /opt/stack/neutron/neutron/api/extensions.py:449}}
Apr 12 19:31:20.011224 np0000165326 devstack@neutron-api.service[103958]: DEBUG neutron.api.extensions [None req-e8077035-a71b-42c9-8c70-ace7aa1a282c None None] Loading extension file: port_mac_address_override.py {{(pid=103958) _load_all_extensions_from_path /opt/stack/neutron/neutron/api/extensions.py:449}}
Apr 12 19:31:20.011332 np0000165326 devstack@neutron-api.service[103957]: DEBUG neutron.api.extensions [None req-8cb942b5-a288-4320-a42f-b66738f04093 None None] Ext name="Port data plane status extension" alias="data-plane-status" description="Expose status of underlying data plane" updated="2017-01-24T10:00:00-00:00" {{(pid=103957) _check_extension /opt/stack/neutron/neutron/api/extensions.py:415}}
Apr 12 19:31:20.011398 np0000165326 devstack@neutron-api.service[103958]: DEBUG neutron.api.extensions [None req-e8077035-a71b-42c9-8c70-ace7aa1a282c None None] Ext name="Neutron Port MAC address override" alias="port-mac-override" description="Allow overriding the MAC address of a direct-physical Port via the active binding profile" updated="2022-03-18T10:00:00-00:00" {{(pid=103958) _check_extension /opt/stack/neutron/neutron/api/extensions.py:415}}
Apr 12 19:31:20.011457 np0000165326 devstack@neutron-api.service[103957]: INFO neutron.api.extensions [None req-8cb942b5-a288-4320-a42f-b66738f04093 None None] Extension data-plane-status not supported by any of loaded plugins
Apr 12 19:31:20.011457 np0000165326 devstack@neutron-api.service[103957]: DEBUG neutron.api.extensions [None req-8cb942b5-a288-4320-a42f-b66738f04093 None None] Loading extension file: default_subnetpools.py {{(pid=103957) _load_all_extensions_from_path /opt/stack/neutron/neutron/api/extensions.py:449}}
Apr 12 19:31:20.011567 np0000165326 devstack@neutron-api.service[103958]: INFO neutron.api.extensions [None req-e8077035-a71b-42c9-8c70-ace7aa1a282c None None] Extension port-mac-override not supported by any of loaded plugins
Apr 12 19:31:20.011567 np0000165326 devstack@neutron-api.service[103958]: DEBUG neutron.api.extensions [None req-e8077035-a71b-42c9-8c70-ace7aa1a282c None None] Loading extension file: port_mac_address_regenerate.py {{(pid=103958) _load_all_extensions_from_path /opt/stack/neutron/neutron/api/extensions.py:449}}
Apr 12 19:31:20.011723 np0000165326 devstack@neutron-api.service[103957]: DEBUG neutron.api.extensions [None req-8cb942b5-a288-4320-a42f-b66738f04093 None None] Ext name="Default Subnetpools" alias="default-subnetpools" description="Provides ability to mark and use a subnetpool as the default." updated="2016-02-18T18:00:00-00:00" {{(pid=103957) _check_extension /opt/stack/neutron/neutron/api/extensions.py:415}}
Apr 12 19:31:20.011787 np0000165326 devstack@neutron-api.service[103958]: DEBUG neutron.api.extensions [None req-e8077035-a71b-42c9-8c70-ace7aa1a282c None None] Ext name="Neutron Port MAC address regenerate" alias="port-mac-address-regenerate" description="Network port MAC address regenerate" updated="2018-05-03T10:00:00-00:00" {{(pid=103958) _check_extension /opt/stack/neutron/neutron/api/extensions.py:415}}
Apr 12 19:31:20.011925 np0000165326 devstack@neutron-api.service[103957]: INFO neutron.api.extensions [None req-8cb942b5-a288-4320-a42f-b66738f04093 None None] Loaded extension: default-subnetpools
Apr 12 19:31:20.011925 np0000165326 devstack@neutron-api.service[103957]: DEBUG neutron.api.extensions [None req-8cb942b5-a288-4320-a42f-b66738f04093 None None] Loading extension file: dhcpagentscheduler.py {{(pid=103957) _load_all_extensions_from_path /opt/stack/neutron/neutron/api/extensions.py:449}}
Apr 12 19:31:20.012010 np0000165326 devstack@neutron-api.service[103958]: INFO neutron.api.extensions [None req-e8077035-a71b-42c9-8c70-ace7aa1a282c None None] Loaded extension: port-mac-address-regenerate
Apr 12 19:31:20.012010 np0000165326 devstack@neutron-api.service[103958]: DEBUG neutron.api.extensions [None req-e8077035-a71b-42c9-8c70-ace7aa1a282c None None] Loading extension file: port_numa_affinity_policy.py {{(pid=103958) _load_all_extensions_from_path /opt/stack/neutron/neutron/api/extensions.py:449}}
Apr 12 19:31:20.012010 np0000165326 devstack@neutron-api.service[103958]: DEBUG neutron.api.extensions [None req-e8077035-a71b-42c9-8c70-ace7aa1a282c None None] Ext name="Port NUMA affinity policy" alias="port-numa-affinity-policy" description="Expose the port NUMA affinity policy" updated="2020-07-08T10:00:00-00:00" {{(pid=103958) _check_extension /opt/stack/neutron/neutron/api/extensions.py:415}}
Apr 12 19:31:20.012270 np0000165326 devstack@neutron-api.service[103957]: DEBUG neutron.api.extensions [None req-8cb942b5-a288-4320-a42f-b66738f04093 None None] Ext name="DHCP Agent Scheduler" alias="dhcp_agent_scheduler" description="Schedule networks among dhcp agents" updated="2013-02-07T10:00:00-00:00" {{(pid=103957) _check_extension /opt/stack/neutron/neutron/api/extensions.py:415}}
Apr 12 19:31:20.012331 np0000165326 devstack@neutron-api.service[103958]: INFO neutron.api.extensions [None req-e8077035-a71b-42c9-8c70-ace7aa1a282c None None] Loaded extension: port-numa-affinity-policy
Apr 12 19:31:20.012567 np0000165326 devstack@neutron-api.service[103957]: INFO neutron.api.extensions [None req-8cb942b5-a288-4320-a42f-b66738f04093 None None] Loaded extension: dhcp_agent_scheduler
Apr 12 19:31:20.012646 np0000165326 devstack@neutron-api.service[103958]: DEBUG neutron.api.extensions [None req-e8077035-a71b-42c9-8c70-ace7aa1a282c None None] Loading extension file: port_numa_affinity_policy_socket.py {{(pid=103958) _load_all_extensions_from_path /opt/stack/neutron/neutron/api/extensions.py:449}}
Apr 12 19:31:20.012674 np0000165326 devstack@neutron-api.service[103957]: DEBUG neutron.api.extensions [None req-8cb942b5-a288-4320-a42f-b66738f04093 None None] Loading extension file: dns.py {{(pid=103957) _load_all_extensions_from_path /opt/stack/neutron/neutron/api/extensions.py:449}}
Apr 12 19:31:20.012740 np0000165326 devstack@neutron-api.service[103959]: DEBUG neutron.services.provider_configuration [None req-0d55b147-7d1f-4d7d-a867-a6d7874dd9f1 None None] Service providers = [] {{(pid=103959) parse_service_provider_opt /opt/stack/neutron/neutron/services/provider_configuration.py:170}}
Apr 12 19:31:20.012771 np0000165326 devstack@neutron-api.service[103958]: DEBUG neutron.api.extensions [None req-e8077035-a71b-42c9-8c70-ace7aa1a282c None None] Ext name="Port NUMA affinity policy "socket"" alias="port-numa-affinity-policy-socket" description="Adds "socket" to the supported port NUMA affinity policies" updated="2024-02-09T10:00:00-00:00" {{(pid=103958) _check_extension /opt/stack/neutron/neutron/api/extensions.py:415}}
Apr 12 19:31:20.012799 np0000165326 devstack@neutron-api.service[103959]: DEBUG neutron.db.servicetype_db [None req-0d55b147-7d1f-4d7d-a867-a6d7874dd9f1 None None] Adding provider configuration for service L3_ROUTER_NAT {{(pid=103959) add_provider_configuration /opt/stack/neutron/neutron/db/servicetype_db.py:42}}
Apr 12 19:31:20.012824 np0000165326 devstack@neutron-api.service[103957]: DEBUG neutron.api.extensions [None req-8cb942b5-a288-4320-a42f-b66738f04093 None None] Ext name="DNS Integration" alias="dns-integration" description="Provides integration with DNS." updated="2015-08-15T18:00:00-00:00" {{(pid=103957) _check_extension /opt/stack/neutron/neutron/api/extensions.py:415}}
Apr 12 19:31:20.012854 np0000165326 devstack@neutron-api.service[103958]: INFO neutron.api.extensions [None req-e8077035-a71b-42c9-8c70-ace7aa1a282c None None] Loaded extension: port-numa-affinity-policy-socket
Apr 12 19:31:20.012881 np0000165326 devstack@neutron-api.service[103957]: INFO neutron.api.extensions [None req-8cb942b5-a288-4320-a42f-b66738f04093 None None] Loaded extension: dns-integration
Apr 12 19:31:20.012911 np0000165326 devstack@neutron-api.service[103958]: DEBUG neutron.api.extensions [None req-e8077035-a71b-42c9-8c70-ace7aa1a282c None None] Loading extension file: port_resource_request.py {{(pid=103958) _load_all_extensions_from_path /opt/stack/neutron/neutron/api/extensions.py:449}}
Apr 12 19:31:20.012944 np0000165326 devstack@neutron-api.service[103957]: DEBUG neutron.api.extensions [None req-8cb942b5-a288-4320-a42f-b66738f04093 None None] Loading extension file: dns_domain_ports.py {{(pid=103957) _load_all_extensions_from_path /opt/stack/neutron/neutron/api/extensions.py:449}}
Apr 12 19:31:20.012974 np0000165326 devstack@neutron-api.service[103958]: DEBUG neutron.api.extensions [None req-e8077035-a71b-42c9-8c70-ace7aa1a282c None None] Ext name="Port Resource Request" alias="port-resource-request" description="Expose resource request to Port" updated="2018-05-08T10:00:00-00:00" {{(pid=103958) _check_extension /opt/stack/neutron/neutron/api/extensions.py:415}}
Apr 12 19:31:20.013003 np0000165326 devstack@neutron-api.service[103957]: DEBUG neutron.api.extensions [None req-8cb942b5-a288-4320-a42f-b66738f04093 None None] Ext name="dns_domain for ports" alias="dns-domain-ports" description="Allows the DNS domain to be specified for a network port." updated="2017-04-24T10:00:00-00:00" {{(pid=103957) _check_extension /opt/stack/neutron/neutron/api/extensions.py:415}}
Apr 12 19:31:20.013033 np0000165326 devstack@neutron-api.service[103958]: INFO neutron.api.extensions [None req-e8077035-a71b-42c9-8c70-ace7aa1a282c None None] Extension port-resource-request not supported by any of loaded plugins
Apr 12 19:31:20.013060 np0000165326 devstack@neutron-api.service[103957]: INFO neutron.api.extensions [None req-8cb942b5-a288-4320-a42f-b66738f04093 None None] Loaded extension: dns-domain-ports
Apr 12 19:31:20.013085 np0000165326 devstack@neutron-api.service[103958]: DEBUG neutron.api.extensions [None req-e8077035-a71b-42c9-8c70-ace7aa1a282c None None] Loading extension file: port_resource_request_groups.py {{(pid=103958) _load_all_extensions_from_path /opt/stack/neutron/neutron/api/extensions.py:449}}
Apr 12 19:31:20.013113 np0000165326 devstack@neutron-api.service[103957]: DEBUG neutron.api.extensions [None req-8cb942b5-a288-4320-a42f-b66738f04093 None None] Loading extension file: dns_integration_domain_keywords.py {{(pid=103957) _load_all_extensions_from_path /opt/stack/neutron/neutron/api/extensions.py:449}}
Apr 12 19:31:20.013140 np0000165326 devstack@neutron-api.service[103958]: DEBUG neutron.api.extensions [None req-e8077035-a71b-42c9-8c70-ace7aa1a282c None None] Ext name="Port Resource Request Groups" alias="port-resource-request-groups" description="Support requesting multiple groups of resources and traits from the same RP subtree in resource_request" updated="2021-08-02T10:00:00-00:00" {{(pid=103958) _check_extension /opt/stack/neutron/neutron/api/extensions.py:415}}
Apr 12 19:31:20.013174 np0000165326 devstack@neutron-api.service[103957]: DEBUG neutron.api.extensions [None req-8cb942b5-a288-4320-a42f-b66738f04093 None None] Ext name="DNS domain names with keywords allowed" alias="dns-integration-domain-keywords" description="Allows to use keywords like , , and as DNS domain name" updated="2020-06-15T18:00:00-00:00" {{(pid=103957) _check_extension /opt/stack/neutron/neutron/api/extensions.py:415}}
Apr 12 19:31:20.013219 np0000165326 devstack@neutron-api.service[103958]: INFO neutron.api.extensions [None req-e8077035-a71b-42c9-8c70-ace7aa1a282c None None] Extension port-resource-request-groups not supported by any of loaded plugins
Apr 12 19:31:20.013254 np0000165326 devstack@neutron-api.service[103957]: INFO neutron.api.extensions [None req-8cb942b5-a288-4320-a42f-b66738f04093 None None] Loaded extension: dns-integration-domain-keywords
Apr 12 19:31:20.013282 np0000165326 devstack@neutron-api.service[103958]: DEBUG neutron.api.extensions [None req-e8077035-a71b-42c9-8c70-ace7aa1a282c None None] Loading extension file: port_trusted_vif.py {{(pid=103958) _load_all_extensions_from_path /opt/stack/neutron/neutron/api/extensions.py:449}}
Apr 12 19:31:20.013309 np0000165326 devstack@neutron-api.service[103959]: DEBUG neutron_lib.callbacks.manager [None req-0d55b147-7d1f-4d7d-a867-a6d7874dd9f1 None None] Subscribe: > router precommit_create 55549900, False {{(pid=103959) subscribe /opt/stack/data/venv/lib/python3.12/site-packages/neutron_lib/callbacks/manager.py:52}}
Apr 12 19:31:20.013337 np0000165326 devstack@neutron-api.service[103957]: DEBUG neutron.api.extensions [None req-8cb942b5-a288-4320-a42f-b66738f04093 None None] Loading extension file: dvr.py {{(pid=103957) _load_all_extensions_from_path /opt/stack/neutron/neutron/api/extensions.py:449}}
Apr 12 19:31:20.013373 np0000165326 devstack@neutron-api.service[103959]: DEBUG neutron_lib.callbacks.manager [None req-0d55b147-7d1f-4d7d-a867-a6d7874dd9f1 None None] Subscribe: > router_interface after_create 55550000, False {{(pid=103959) subscribe /opt/stack/data/venv/lib/python3.12/site-packages/neutron_lib/callbacks/manager.py:52}}
Apr 12 19:31:20.013408 np0000165326 devstack@neutron-api.service[103958]: DEBUG neutron.api.extensions [None req-e8077035-a71b-42c9-8c70-ace7aa1a282c None None] Ext name="Port trusted vif" alias="port-trusted-vif" description="Expose port 'trusted' attribute in the API" updated="2024-07-10T10:00:00-00:00" {{(pid=103958) _check_extension /opt/stack/neutron/neutron/api/extensions.py:415}}
Apr 12 19:31:20.013436 np0000165326 devstack@neutron-api.service[103959]: DEBUG neutron_lib.callbacks.manager [None req-0d55b147-7d1f-4d7d-a867-a6d7874dd9f1 None None] Subscribe: > floatingip after_create 55550000, False {{(pid=103959) subscribe /opt/stack/data/venv/lib/python3.12/site-packages/neutron_lib/callbacks/manager.py:52}}
Apr 12 19:31:20.013465 np0000165326 devstack@neutron-api.service[103957]: DEBUG neutron.api.extensions [None req-8cb942b5-a288-4320-a42f-b66738f04093 None None] Ext name="Distributed Virtual Router" alias="dvr" description="Enables configuration of Distributed Virtual Routers." updated="2014-06-1T10:00:00-00:00" {{(pid=103957) _check_extension /opt/stack/neutron/neutron/api/extensions.py:415}}
Apr 12 19:31:20.013493 np0000165326 devstack@neutron-api.service[103959]: DEBUG neutron_lib.callbacks.manager [None req-0d55b147-7d1f-4d7d-a867-a6d7874dd9f1 None None] Subscribe: > floatingip precommit_create 55550000, False {{(pid=103959) subscribe /opt/stack/data/venv/lib/python3.12/site-packages/neutron_lib/callbacks/manager.py:52}}
Apr 12 19:31:20.013552 np0000165326 devstack@neutron-api.service[103958]: INFO neutron.api.extensions [None req-e8077035-a71b-42c9-8c70-ace7aa1a282c None None] Extension port-trusted-vif not supported by any of loaded plugins
Apr 12 19:31:20.013579 np0000165326 devstack@neutron-api.service[103959]: DEBUG neutron_lib.callbacks.manager [None req-0d55b147-7d1f-4d7d-a867-a6d7874dd9f1 None None] Subscribe: > floatingip precommit_update 55550000, False {{(pid=103959) subscribe /opt/stack/data/venv/lib/python3.12/site-packages/neutron_lib/callbacks/manager.py:52}}
Apr 12 19:31:20.013614 np0000165326 devstack@neutron-api.service[103957]: INFO neutron.api.extensions [None req-8cb942b5-a288-4320-a42f-b66738f04093 None None] Extension dvr not supported by any of loaded plugins
Apr 12 19:31:20.013642 np0000165326 devstack@neutron-api.service[103958]: DEBUG neutron.api.extensions [None req-e8077035-a71b-42c9-8c70-ace7aa1a282c None None] Loading extension file: portbindings.py {{(pid=103958) _load_all_extensions_from_path /opt/stack/neutron/neutron/api/extensions.py:449}}
Apr 12 19:31:20.013669 np0000165326 devstack@neutron-api.service[103959]: DEBUG neutron_lib.callbacks.manager [None req-0d55b147-7d1f-4d7d-a867-a6d7874dd9f1 None None] Subscribe: > floatingip after_delete 55550000, False {{(pid=103959) subscribe /opt/stack/data/venv/lib/python3.12/site-packages/neutron_lib/callbacks/manager.py:52}}
Apr 12 19:31:20.013698 np0000165326 devstack@neutron-api.service[103957]: DEBUG neutron.api.extensions [None req-8cb942b5-a288-4320-a42f-b66738f04093 None None] Loading extension file: ecmp_routes.py {{(pid=103957) _load_all_extensions_from_path /opt/stack/neutron/neutron/api/extensions.py:449}}
Apr 12 19:31:20.013724 np0000165326 devstack@neutron-api.service[103959]: DEBUG neutron_lib.callbacks.manager [None req-0d55b147-7d1f-4d7d-a867-a6d7874dd9f1 None None] Subscribe: > floatingip after_status_update 55550000, False {{(pid=103959) subscribe /opt/stack/data/venv/lib/python3.12/site-packages/neutron_lib/callbacks/manager.py:52}}
Apr 12 19:31:20.013752 np0000165326 devstack@neutron-api.service[103958]: DEBUG neutron.api.extensions [None req-e8077035-a71b-42c9-8c70-ace7aa1a282c None None] Ext name="Port Binding" alias="binding" description="Expose port bindings of a virtual port to external application" updated="2014-02-03T10:00:00-00:00" {{(pid=103958) _check_extension /opt/stack/neutron/neutron/api/extensions.py:415}}
Apr 12 19:31:20.013783 np0000165326 devstack@neutron-api.service[103959]: DEBUG neutron_lib.callbacks.manager [None req-0d55b147-7d1f-4d7d-a867-a6d7874dd9f1 None None] Subscribe: > floatingip after_update 55550000, False {{(pid=103959) subscribe /opt/stack/data/venv/lib/python3.12/site-packages/neutron_lib/callbacks/manager.py:52}}
Apr 12 19:31:20.013824 np0000165326 devstack@neutron-api.service[103957]: DEBUG neutron.api.extensions [None req-8cb942b5-a288-4320-a42f-b66738f04093 None None] Ext name="Equal Cost Multipath Routing" alias="ecmp_routes" description="Allows traffic to reach thesame destination via multiple different links " updated="2020-11-26T18:00:00-00:00" {{(pid=103957) _check_extension /opt/stack/neutron/neutron/api/extensions.py:415}}
Apr 12 19:31:20.013852 np0000165326 devstack@neutron-api.service[103959]: DEBUG neutron_lib.callbacks.manager [None req-0d55b147-7d1f-4d7d-a867-a6d7874dd9f1 None None] Subscribe: > port_forwarding after_create 55550000, False {{(pid=103959) subscribe /opt/stack/data/venv/lib/python3.12/site-packages/neutron_lib/callbacks/manager.py:52}}
Apr 12 19:31:20.013883 np0000165326 devstack@neutron-api.service[103958]: INFO neutron.api.extensions [None req-e8077035-a71b-42c9-8c70-ace7aa1a282c None None] Loaded extension: binding
Apr 12 19:31:20.013910 np0000165326 devstack@neutron-api.service[103957]: INFO neutron.api.extensions [None req-8cb942b5-a288-4320-a42f-b66738f04093 None None] Extension ecmp_routes not supported by any of loaded plugins
Apr 12 19:31:20.013937 np0000165326 devstack@neutron-api.service[103959]: DEBUG neutron_lib.callbacks.manager [None req-0d55b147-7d1f-4d7d-a867-a6d7874dd9f1 None None] Subscribe: > router_interface after_delete 55550000, False {{(pid=103959) subscribe /opt/stack/data/venv/lib/python3.12/site-packages/neutron_lib/callbacks/manager.py:52}}
