2026-03-31 06:07:04.108 10 INFO neutron.plugins.ml2.plugin [None req-6bc576ab-b7f6-41fb-9b06-c8544953bacb - - - - - -] Attempt 1 to provision port df6d6d4e-b405-4d38-ac5c-138591b81b7a
2026-03-31 06:07:04.490 9 INFO neutron.plugins.ml2.plugin [None req-fb8b243c-a6ad-4ea9-b48f-37bde81e1d9d - - - - - -] Attempt 1 to provision port 833a2062-69a8-4e9d-a308-7d482b43c251
2026-03-31 06:07:04.856 10 INFO neutron.plugins.ml2.plugin [None req-a0d619e7-c515-4f2a-bc29-42f1f806486d - - - - - -] Attempt 1 to provision port 1bfdb467-be41-479c-b455-ffe287cb1f86
2026-03-31 06:07:04.996 9 INFO neutron.plugins.ml2.plugin [None req-6bc576ab-b7f6-41fb-9b06-c8544953bacb - - - - - -] Attempt 1 to provision port 200a9477-2fbd-49c0-9078-f07a207e80e4
2026-03-31 06:07:05.422 10 INFO neutron.plugins.ml2.plugin [None req-5a98b5c1-ce17-412b-a66f-339c0a6813e4 - - - - - -] Attempt 1 to provision port 1bfdb467-be41-479c-b455-ffe287cb1f86
2026-03-31 06:07:06.102 9 INFO neutron.plugins.ml2.plugin [None req-e6aa738b-f068-44a5-a2c9-477c5901e7fb - - - - - -] Attempt 1 to provision port 2f1027a9-9d23-4531-96ef-78b59121e6fb
2026-03-31 06:07:07.037 10 INFO neutron.plugins.ml2.plugin [None req-6bc576ab-b7f6-41fb-9b06-c8544953bacb - - - - - -] Attempt 1 to provision port 200a9477-2fbd-49c0-9078-f07a207e80e4
2026-03-31 06:07:07.354 10 INFO neutron.plugins.ml2.plugin [None req-6bc576ab-b7f6-41fb-9b06-c8544953bacb - - - - - -] Attempt 1 to provision port 2f1027a9-9d23-4531-96ef-78b59121e6fb
2026-03-31 06:07:10.768 9 INFO neutron.plugins.ml2.plugin [None req-b5b7beb5-a471-4175-85de-184388d38a91 - - - - - -] Attempt 1 to provision port 2f1027a9-9d23-4531-96ef-78b59121e6fb
2026-03-31 06:07:10.988 10 INFO neutron.plugins.ml2.plugin [None req-571fb48f-4147-4b99-beee-851dbd15639e - - - - - -] Attempt 1 to provision port ec423282-7937-452e-9fc2-b71c0b427aaf
2026-03-31 06:07:11.044 9 INFO neutron.plugins.ml2.plugin [None req-6bc576ab-b7f6-41fb-9b06-c8544953bacb - - - - - -] Attempt 1 to provision port 2f1027a9-9d23-4531-96ef-78b59121e6fb
2026-03-31 06:07:13.247 10 INFO neutron.plugins.ml2.plugin [None req-6bc576ab-b7f6-41fb-9b06-c8544953bacb - - - - - -] Attempt 1 to provision port ec423282-7937-452e-9fc2-b71c0b427aaf
2026-03-31 06:07:13.467 10 INFO neutron.notifiers.nova [-] Nova event matching ['req-4f8ddaf0-54da-43df-bf0c-2f5e2a491623'] response: {'server_uuid': '7eef20a1-205f-4311-8f0f-549c8c16937a', 'name': 'network-vif-plugged', 'status': 'completed', 'tag': 'ec423282-7937-452e-9fc2-b71c0b427aaf', 'code': 200}
2026-03-31 06:07:15.061 9 INFO neutron.plugins.ml2.plugin [None req-6bc576ab-b7f6-41fb-9b06-c8544953bacb - - - - - -] Attempt 1 to provision port bd631135-be5a-43e6-9be5-292011ae5a08
2026-03-31 06:07:15.546 9 INFO neutron.plugins.ml2.plugin [None req-6bc576ab-b7f6-41fb-9b06-c8544953bacb - - - - - -] Attempt 1 to provision port ec423282-7937-452e-9fc2-b71c0b427aaf
2026-03-31 06:07:16.655 10 INFO neutron.plugins.ml2.plugin [None req-7a8ee1c6-e52e-43fa-88d2-51fb3031e3b4 - - - - - -] Attempt 1 to provision port bd631135-be5a-43e6-9be5-292011ae5a08
2026-03-31 06:07:16.893 9 INFO neutron.plugins.ml2.plugin [None req-68d86ecc-8090-421b-9c37-c00223675c8c - - - - - -] Attempt 1 to provision port ae6c60a1-afd7-432f-a0ad-781a36557b5c
2026-03-31 06:07:16.944 9 INFO neutron.plugins.ml2.plugin [None req-68d86ecc-8090-421b-9c37-c00223675c8c - - - - - -] Attempt 1 to provision port bd631135-be5a-43e6-9be5-292011ae5a08
2026-03-31 06:07:17.051 10 INFO neutron.plugins.ml2.plugin [None req-6bc576ab-b7f6-41fb-9b06-c8544953bacb - - - - - -] Attempt 1 to provision port bd631135-be5a-43e6-9be5-292011ae5a08
2026-03-31 06:07:17.178 9 INFO neutron.plugins.ml2.plugin [None req-8b1efde2-2eff-4ac9-8b6d-2ff60505a34f - - - - - -] Attempt 1 to provision port ae6c60a1-afd7-432f-a0ad-781a36557b5c
2026-03-31 06:07:17.453 9 INFO neutron.plugins.ml2.plugin [None req-d0935478-ab71-40c4-af55-f08e145fb3ab - - - - - -] Attempt 1 to provision port ae6c60a1-afd7-432f-a0ad-781a36557b5c
2026-03-31 06:07:22.988 10 INFO neutron.plugins.ml2.plugin [None req-6bc576ab-b7f6-41fb-9b06-c8544953bacb - - - - - -] Attempt 1 to provision port 22fbb739-ce74-471e-8309-9ccc3d5ca268 /var/lib/openstack/lib/python3.10/site-packages/oslo_db/sqlalchemy/enginefacade.py:676: SAWarning: DELETE statement on table 'portsecuritybindings' expected to delete 1 row(s); 0 were matched. Please set confirm_deleted_rows=False within the mapper configuration to prevent this warning. self.session.flush() /var/lib/openstack/lib/python3.10/site-packages/oslo_db/sqlalchemy/enginefacade.py:676: SAWarning: DELETE statement on table 'ml2_port_bindings' expected to delete 1 row(s); 0 were matched. Please set confirm_deleted_rows=False within the mapper configuration to prevent this warning. self.session.flush() /var/lib/openstack/lib/python3.10/site-packages/oslo_db/sqlalchemy/enginefacade.py:676: SAWarning: DELETE statement on table 'ml2_port_binding_levels' expected to delete 1 row(s); 0 were matched. Please set confirm_deleted_rows=False within the mapper configuration to prevent this warning. self.session.flush() /var/lib/openstack/lib/python3.10/site-packages/oslo_db/sqlalchemy/enginefacade.py:676: SAWarning: DELETE statement on table 'ports' expected to delete 1 row(s); 0 were matched. Please set confirm_deleted_rows=False within the mapper configuration to prevent this warning. self.session.flush()
2026-03-31 06:07:23.540 10 INFO neutron.plugins.ml2.plugin [None req-6bc576ab-b7f6-41fb-9b06-c8544953bacb - - - - - -] Attempt 1 to provision port 833a2062-69a8-4e9d-a308-7d482b43c251
2026-03-31 06:07:25.427 10 INFO neutron.plugins.ml2.plugin [None req-6bc576ab-b7f6-41fb-9b06-c8544953bacb - - - - - -] Attempt 1 to provision port 22fbb739-ce74-471e-8309-9ccc3d5ca268
2026-03-31 06:07:25.687 10 INFO neutron.plugins.ml2.plugin [None req-6bc576ab-b7f6-41fb-9b06-c8544953bacb - - - - - -] Attempt 1 to provision port 833a2062-69a8-4e9d-a308-7d482b43c251
2026-03-31 06:07:26.039 10 INFO neutron.plugins.ml2.plugin [None req-6bc576ab-b7f6-41fb-9b06-c8544953bacb - - - - - -] Attempt 1 to provision port 12497bf1-0c88-4593-85ed-015e127596df
2026-03-31 06:07:26.114 9 INFO neutron.plugins.ml2.plugin [None req-0ffdadc8-5016-46ef-8637-5487cafb34fa - - - - - -] Attempt 1 to provision port 12497bf1-0c88-4593-85ed-015e127596df
2026-03-31 06:07:26.517 10 INFO neutron.plugins.ml2.plugin [None req-7808d3b9-585e-4ee3-9c1c-55c5dbeb9fc6 - - - - - -] Attempt 1 to provision port 12497bf1-0c88-4593-85ed-015e127596df
2026-03-31 06:07:26.614 10 INFO neutron.plugins.ml2.plugin [None req-7808d3b9-585e-4ee3-9c1c-55c5dbeb9fc6 - - - - - -] Attempt 1 to provision port a015ab00-0ad0-464f-8200-a6ecbd72debf
2026-03-31 06:07:26.762 9 INFO neutron.plugins.ml2.plugin [None req-0cd9a1bd-7ffe-4566-96e0-8effb852cb79 - - - - - -] Attempt 1 to provision port a015ab00-0ad0-464f-8200-a6ecbd72debf
2026-03-31 06:07:27.022 9 INFO neutron.plugins.ml2.plugin [None req-71b7c812-371d-42d1-95ea-320ae79e4ee8 - - - - - -] Attempt 1 to provision port a015ab00-0ad0-464f-8200-a6ecbd72debf
2026-03-31 06:07:27.126 10 INFO neutron.plugins.ml2.plugin [None req-6bc576ab-b7f6-41fb-9b06-c8544953bacb - - - - - -] Attempt 1 to provision port 12497bf1-0c88-4593-85ed-015e127596df
2026-03-31 06:07:28.617 9 INFO neutron.plugins.ml2.plugin [None req-1ef941f8-d96b-410d-b7e7-6d738ab9e9a5 - - - - - -] Attempt 1 to provision port dc0395b4-2db6-4b4b-94d8-665d4dff7860
2026-03-31 06:07:29.038 10 INFO neutron.plugins.ml2.plugin [None req-6bc576ab-b7f6-41fb-9b06-c8544953bacb - - - - - -] Attempt 1 to provision port bddfc088-22d2-42dd-be42-96f88a4b7bb3
2026-03-31 06:07:30.291 9 INFO neutron.plugins.ml2.plugin [None req-bf265693-ca17-47ef-bf90-a5d6d1009f26 - - - - - -] Attempt 1 to provision port bddfc088-22d2-42dd-be42-96f88a4b7bb3
2026-03-31 06:07:30.678 10 INFO neutron.plugins.ml2.plugin [None req-f2e6e1e2-b231-43ce-9a7f-affbf97026e7 - - - - - -] Attempt 1 to provision port bddfc088-22d2-42dd-be42-96f88a4b7bb3
2026-03-31 06:07:30.973 9 INFO neutron.plugins.ml2.plugin [None req-6bc576ab-b7f6-41fb-9b06-c8544953bacb - - - - - -] Attempt 1 to provision port bddfc088-22d2-42dd-be42-96f88a4b7bb3
2026-03-31 06:07:31.891 9 INFO neutron.plugins.ml2.plugin [None req-f40ab807-6f55-42e7-953f-94715abe9d82 - - - - - -] Attempt 1 to provision port bbfcf024-edd0-4efa-9711-85bb1c8855a0
2026-03-31 06:07:32.643 10 INFO neutron.plugins.ml2.plugin [None req-7df2abd5-ac6a-4b32-849b-463fabbb19a5 - - - - - -] Attempt 1 to provision port bbfcf024-edd0-4efa-9711-85bb1c8855a0
2026-03-31 06:07:32.829 9 INFO neutron.plugins.ml2.plugin [None req-4ddae71b-2ef2-4d77-a8bb-e282d7dffeb8 - - - - - -] Attempt 1 to provision port 730c61ef-38e2-4bdc-8906-13cd55687a7b
2026-03-31 06:07:33.005 10 INFO neutron.plugins.ml2.plugin [None req-6bc576ab-b7f6-41fb-9b06-c8544953bacb - - - - - -] Attempt 1 to provision port 77d86e5c-52dc-44db-8f56-bdad5a1f04e2
2026-03-31 06:07:35.216 9 INFO neutron.plugins.ml2.plugin [None req-6bc576ab-b7f6-41fb-9b06-c8544953bacb - - - - - -] Attempt 1 to provision port 6846b8db-212c-4658-86e9-05012badb533
2026-03-31 06:07:35.787 9 INFO neutron.plugins.ml2.plugin [None req-6bc576ab-b7f6-41fb-9b06-c8544953bacb - - - - - -] Attempt 1 to provision port 77d86e5c-52dc-44db-8f56-bdad5a1f04e2
2026-03-31 06:07:37.005 9 INFO neutron.notifiers.nova [-] Nova event matching ['req-44a51577-15d2-4361-a887-9eda960e3bf5'] response: {'server_uuid': '7eef20a1-205f-4311-8f0f-549c8c16937a', 'name': 'network-vif-unplugged', 'status': 'completed', 'tag': 'ec423282-7937-452e-9fc2-b71c0b427aaf', 'code': 200}
2026-03-31 06:07:38.128 10 INFO neutron.plugins.ml2.plugin [None req-6bc576ab-b7f6-41fb-9b06-c8544953bacb - - - - - -] Attempt 1 to provision port ec423282-7937-452e-9fc2-b71c0b427aaf
2026-03-31 06:07:38.340 10 INFO neutron.notifiers.nova [-] Nova event matching ['req-53330dc3-577c-49b9-a6ae-a074a4612167'] response: {'server_uuid': '7eef20a1-205f-4311-8f0f-549c8c16937a', 'name': 'network-vif-plugged', 'status': 'completed', 'tag': 'ec423282-7937-452e-9fc2-b71c0b427aaf', 'code': 200}
2026-03-31 06:07:39.119 9 INFO neutron.plugins.ml2.plugin [None req-6bc576ab-b7f6-41fb-9b06-c8544953bacb - - - - - -] Attempt 1 to provision port ec423282-7937-452e-9fc2-b71c0b427aaf
2026-03-31 06:07:45.050 10 INFO neutron.plugins.ml2.plugin [None req-6bc576ab-b7f6-41fb-9b06-c8544953bacb - - - - - -] Attempt 1 to provision port 51a39bf2-7b21-4c87-a351-5317c315a780
2026-03-31 06:07:45.623 10 INFO neutron.plugins.ml2.plugin [None req-6bc576ab-b7f6-41fb-9b06-c8544953bacb - - - - - -] Attempt 1 to provision port 5aa5f2c5-082d-443c-acdd-a02787b59abb
2026-03-31 06:07:45.640 9 INFO neutron.plugins.ml2.plugin [None req-258a4048-1292-4930-b791-fb02d5d37060 - - - - - -] Attempt 1 to provision port 1887a98d-a157-4598-9be5-6682b3200974
2026-03-31 06:07:45.889 9 INFO neutron.plugins.ml2.plugin [None req-971ddf6d-f571-47a6-8e3b-578587973969 - - - - - -] Attempt 1 to provision port 51a39bf2-7b21-4c87-a351-5317c315a780
2026-03-31 06:07:46.088 9 INFO neutron.plugins.ml2.plugin [None req-e2911b57-28e5-4127-b5c1-9fa888e11f92 - - - - - -] Attempt 1 to provision port 5aa5f2c5-082d-443c-acdd-a02787b59abb
2026-03-31 06:07:46.292 9 INFO neutron.plugins.ml2.plugin [None req-630d3d82-109f-4f72-a18a-2de8973b33d7 - - - - - -] Attempt 1 to provision port 51a39bf2-7b21-4c87-a351-5317c315a780
2026-03-31 06:07:46.489 10 INFO neutron.plugins.ml2.plugin [None req-122d85e6-1968-44f8-9a91-514c0a5e198d - - - - - -] Attempt 1 to provision port 5aa5f2c5-082d-443c-acdd-a02787b59abb
2026-03-31 06:07:46.571 10 INFO neutron.plugins.ml2.plugin [None req-122d85e6-1968-44f8-9a91-514c0a5e198d - - - - - -] Attempt 1 to provision port 10cd53f7-f0a3-4468-be42-765025f7da22
2026-03-31 06:07:46.851 9 INFO neutron.plugins.ml2.plugin [None req-3488a0c8-bce5-41a4-a790-dd5c314e4233 - - - - - -] Attempt 1 to provision port 10cd53f7-f0a3-4468-be42-765025f7da22
2026-03-31 06:07:47.031 10 INFO neutron.plugins.ml2.plugin [None req-6bc576ab-b7f6-41fb-9b06-c8544953bacb - - - - - -] Attempt 1 to provision port 51a39bf2-7b21-4c87-a351-5317c315a780
2026-03-31 06:07:47.102 9 INFO neutron.plugins.ml2.plugin [None req-707ce6cc-4447-42c7-9d31-10c6aa9bf289 - - - - - -] Attempt 1 to provision port 10cd53f7-f0a3-4468-be42-765025f7da22
2026-03-31 06:07:47.370 10 INFO neutron.plugins.ml2.plugin [None req-6bc576ab-b7f6-41fb-9b06-c8544953bacb - - - - - -] Attempt 1 to provision port 5aa5f2c5-082d-443c-acdd-a02787b59abb
2026-03-31 06:07:48.057 10 INFO neutron.plugins.ml2.plugin [None req-f4ba0bf8-31c7-4b73-a5ce-43bf8ceb5cac - - - - - -] Attempt 1 to provision port 7ac366dc-66b0-4b5a-a575-333ab0ce82b6
2026-03-31 06:07:48.815 10 INFO neutron.plugins.ml2.plugin [None req-7e57b439-ccda-42ea-8376-1233e8b24da1 - - - - - -] Attempt 1 to provision port 7ac366dc-66b0-4b5a-a575-333ab0ce82b6
2026-03-31 06:07:49.076 10 INFO neutron.plugins.ml2.plugin [None req-6bc576ab-b7f6-41fb-9b06-c8544953bacb - - - - - -] Attempt 1 to provision port 1887a98d-a157-4598-9be5-6682b3200974
2026-03-31 06:07:49.221 10 INFO neutron.notifiers.nova [-] Nova event matching ['req-43508729-b857-4bec-990e-e37158c1d465'] response: {'server_uuid': '0f75519f-ceab-4f2e-b8ea-a40b1a16c39d', 'name': 'network-vif-plugged', 'status': 'completed', 'tag': '1887a98d-a157-4598-9be5-6682b3200974', 'code': 200}
2026-03-31 06:07:51.072 10 INFO neutron.plugins.ml2.plugin [None req-6bc576ab-b7f6-41fb-9b06-c8544953bacb - - - - - -] Attempt 1 to provision port bbfcf024-edd0-4efa-9711-85bb1c8855a0
2026-03-31 06:07:51.856 10 INFO neutron.plugins.ml2.plugin [None req-6bc576ab-b7f6-41fb-9b06-c8544953bacb - - - - - -] Attempt 1 to provision port dc0395b4-2db6-4b4b-94d8-665d4dff7860
2026-03-31 06:07:52.574 10 INFO neutron.plugins.ml2.plugin [None req-6bc576ab-b7f6-41fb-9b06-c8544953bacb - - - - - -] Attempt 1 to provision port 1887a98d-a157-4598-9be5-6682b3200974
2026-03-31 06:07:53.054 10 INFO neutron.plugins.ml2.plugin [None req-6bc576ab-b7f6-41fb-9b06-c8544953bacb - - - - - -] Attempt 1 to provision port bbfcf024-edd0-4efa-9711-85bb1c8855a0
2026-03-31 06:07:53.316 10 INFO neutron.plugins.ml2.plugin [None req-6bc576ab-b7f6-41fb-9b06-c8544953bacb - - - - - -] Attempt 1 to provision port dc0395b4-2db6-4b4b-94d8-665d4dff7860
2026-03-31 06:07:53.915 10 INFO neutron.notifiers.nova [-] Nova event matching ['req-ae43c7ba-bc7a-4236-b219-994ecf611c19'] response: {'server_uuid': '0f75519f-ceab-4f2e-b8ea-a40b1a16c39d', 'name': 'network-vif-unplugged', 'status': 'completed', 'tag': '1887a98d-a157-4598-9be5-6682b3200974', 'code': 200}
2026-03-31 06:07:57.055 9 INFO neutron.plugins.ml2.plugin [None req-6bc576ab-b7f6-41fb-9b06-c8544953bacb - - - - - -] Attempt 1 to provision port d3834baf-306f-4dc8-a5c8-4cfab535b7b4
2026-03-31 06:07:58.086 10 INFO neutron.plugins.ml2.plugin [None req-c21726d3-ad40-4421-a666-54011bf7c259 - - - - - -] Attempt 1 to provision port d3834baf-306f-4dc8-a5c8-4cfab535b7b4
2026-03-31 06:07:58.490 9 INFO neutron.plugins.ml2.plugin [None req-9ce3bec3-cf50-4387-9412-fdb74c064d76 - - - - - -] Attempt 1 to provision port 0089f816-f9cd-4a92-8cf6-49bc51d62eb7
2026-03-31 06:07:58.524 9 INFO neutron.plugins.ml2.plugin [None req-9ce3bec3-cf50-4387-9412-fdb74c064d76 - - - - - -] Attempt 1 to provision port d3834baf-306f-4dc8-a5c8-4cfab535b7b4
2026-03-31 06:07:58.741 10 INFO neutron.plugins.ml2.plugin [None req-0b71621f-3eda-4696-aa6d-9642f37d73ee - - - - - -] Attempt 1 to provision port 0089f816-f9cd-4a92-8cf6-49bc51d62eb7
2026-03-31 06:07:59.122 9 INFO neutron.plugins.ml2.plugin [None req-6bc576ab-b7f6-41fb-9b06-c8544953bacb - - - - - -] Attempt 1 to provision port d3834baf-306f-4dc8-a5c8-4cfab535b7b4
2026-03-31 06:07:59.193 10 INFO neutron.plugins.ml2.plugin [None req-e3354193-4c0a-40a5-b41a-b0cd1214cdc9 - - - - - -] Attempt 1 to provision port 0089f816-f9cd-4a92-8cf6-49bc51d62eb7 /var/lib/openstack/lib/python3.10/site-packages/oslo_db/sqlalchemy/enginefacade.py:676: SAWarning: DELETE statement on table 'portsecuritybindings' expected to delete 1 row(s); 0 were matched. Please set confirm_deleted_rows=False within the mapper configuration to prevent this warning. self.session.flush() /var/lib/openstack/lib/python3.10/site-packages/oslo_db/sqlalchemy/enginefacade.py:676: SAWarning: DELETE statement on table 'ml2_port_bindings' expected to delete 1 row(s); 0 were matched. Please set confirm_deleted_rows=False within the mapper configuration to prevent this warning. self.session.flush() /var/lib/openstack/lib/python3.10/site-packages/oslo_db/sqlalchemy/enginefacade.py:676: SAWarning: DELETE statement on table 'ml2_port_binding_levels' expected to delete 1 row(s); 0 were matched. Please set confirm_deleted_rows=False within the mapper configuration to prevent this warning. self.session.flush() /var/lib/openstack/lib/python3.10/site-packages/oslo_db/sqlalchemy/enginefacade.py:676: SAWarning: DELETE statement on table 'ports' expected to delete 1 row(s); 0 were matched. Please set confirm_deleted_rows=False within the mapper configuration to prevent this warning. self.session.flush()
2026-03-31 06:08:07.028 10 INFO neutron.plugins.ml2.plugin [None req-6bc576ab-b7f6-41fb-9b06-c8544953bacb - - - - - -] Attempt 1 to provision port ec7924c9-4126-459f-a8d1-e68b423fa0bf
2026-03-31 06:08:08.747 10 INFO neutron.plugins.ml2.plugin [None req-d9070555-4d2b-47d4-a85c-6dbcadf4d82d - - - - - -] Attempt 1 to provision port ec7924c9-4126-459f-a8d1-e68b423fa0bf
2026-03-31 06:08:09.019 9 INFO neutron.plugins.ml2.plugin [None req-6bc576ab-b7f6-41fb-9b06-c8544953bacb - - - - - -] Attempt 1 to provision port ec7924c9-4126-459f-a8d1-e68b423fa0bf
2026-03-31 06:08:09.334 10 INFO neutron.plugins.ml2.plugin [None req-5adcf796-dc25-450d-b165-6d138eebd193 - - - - - -] Attempt 1 to provision port dd76ee98-dec2-4554-86de-f1495f9e3e75
2026-03-31 06:08:09.374 10 INFO neutron.plugins.ml2.plugin [None req-5adcf796-dc25-450d-b165-6d138eebd193 - - - - - -] Attempt 1 to provision port ec7924c9-4126-459f-a8d1-e68b423fa0bf
2026-03-31 06:08:09.782 10 INFO neutron.plugins.ml2.plugin [None req-ed7cf40a-340b-46a2-9d94-a65c1c9a94bd - - - - - -] Attempt 1 to provision port 42111afe-98ee-4307-b2fc-06d90a7181f5
2026-03-31 06:08:11.085 9 INFO neutron.plugins.ml2.plugin [None req-6bc576ab-b7f6-41fb-9b06-c8544953bacb - - - - - -] Attempt 1 to provision port ae804066-7061-4adb-879c-84135f171cba
2026-03-31 06:08:11.976 9 INFO neutron.plugins.ml2.plugin [None req-69bd00b9-5ad4-44a8-8cd4-ebc5fdb83704 - - - - - -] Attempt 1 to provision port ae804066-7061-4adb-879c-84135f171cba
2026-03-31 06:08:12.320 10 INFO neutron.plugins.ml2.plugin [None req-429d15ed-579f-41d1-b7f7-2473e8e860e3 - - - - - -] Attempt 1 to provision port ae804066-7061-4adb-879c-84135f171cba
2026-03-31 06:08:12.754 10 INFO neutron.plugins.ml2.plugin [None req-07586c5f-9fdf-43a0-a706-4cd2304f1875 - - - - - -] Attempt 1 to provision port 4a8a40c3-4881-438b-9081-def93e4366b2
2026-03-31 06:08:13.003 10 INFO neutron.plugins.ml2.plugin [None req-6bc576ab-b7f6-41fb-9b06-c8544953bacb - - - - - -] Attempt 1 to provision port ae804066-7061-4adb-879c-84135f171cba
2026-03-31 06:08:13.718 10 INFO neutron.plugins.ml2.plugin [None req-4dc1ca25-3df4-45b9-ac27-088d87c6119d - - - - - -] Attempt 1 to provision port 4a8a40c3-4881-438b-9081-def93e4366b2
2026-03-31 06:08:14.674 9 INFO neutron.plugins.ml2.plugin [None req-209a244a-0ee0-4aad-a164-622506fcd0de - - - - - -] Attempt 1 to provision port dda06007-92ac-49b9-ac69-ce0213d22ed1
2026-03-31 06:08:15.068 10 INFO neutron.plugins.ml2.plugin [None req-6bc576ab-b7f6-41fb-9b06-c8544953bacb - - - - - -] Attempt 1 to provision port 5510a425-d9a4-47d2-b9be-7105dd170a30
2026-03-31 06:08:16.987 10 INFO neutron.plugins.ml2.plugin [None req-6bc576ab-b7f6-41fb-9b06-c8544953bacb - - - - - -] Attempt 1 to provision port 5510a425-d9a4-47d2-b9be-7105dd170a30
2026-03-31 06:08:17.248 9 INFO neutron.plugins.ml2.plugin [None req-9a42a563-ca99-4399-b0e4-b42b86f2f56e - - - - - -] Attempt 1 to provision port 1ae8e05c-0361-4b01-bb12-3ded85595435
2026-03-31 06:08:19.268 10 INFO neutron.plugins.ml2.plugin [None req-6bc576ab-b7f6-41fb-9b06-c8544953bacb - - - - - -] Attempt 1 to provision port 1ae8e05c-0361-4b01-bb12-3ded85595435
2026-03-31 06:08:19.598 10 INFO neutron.notifiers.nova [-] Nova event matching ['req-80f0e588-9f17-4496-a2e7-27adbabc8935'] response: {'server_uuid': 'ae7138a1-9af6-418e-bb15-874787259de3', 'name': 'network-vif-plugged', 'status': 'completed', 'tag': '1ae8e05c-0361-4b01-bb12-3ded85595435', 'code': 200}
2026-03-31 06:08:21.062 9 INFO neutron.plugins.ml2.plugin [None req-6bc576ab-b7f6-41fb-9b06-c8544953bacb - - - - - -] Attempt 1 to provision port 1ae8e05c-0361-4b01-bb12-3ded85595435 /var/lib/openstack/lib/python3.10/site-packages/oslo_db/sqlalchemy/enginefacade.py:676: SAWarning: DELETE statement on table 'portsecuritybindings' expected to delete 1 row(s); 0 were matched. Please set confirm_deleted_rows=False within the mapper configuration to prevent this warning. self.session.flush() /var/lib/openstack/lib/python3.10/site-packages/oslo_db/sqlalchemy/enginefacade.py:676: SAWarning: DELETE statement on table 'ml2_port_bindings' expected to delete 1 row(s); 0 were matched. Please set confirm_deleted_rows=False within the mapper configuration to prevent this warning. self.session.flush() /var/lib/openstack/lib/python3.10/site-packages/oslo_db/sqlalchemy/enginefacade.py:676: SAWarning: DELETE statement on table 'ml2_port_binding_levels' expected to delete 1 row(s); 0 were matched. Please set confirm_deleted_rows=False within the mapper configuration to prevent this warning. self.session.flush() /var/lib/openstack/lib/python3.10/site-packages/oslo_db/sqlalchemy/enginefacade.py:676: SAWarning: DELETE statement on table 'ports' expected to delete 1 row(s); 0 were matched. Please set confirm_deleted_rows=False within the mapper configuration to prevent this warning. self.session.flush()
2026-03-31 06:08:34.548 9 INFO neutron.plugins.ml2.plugin [None req-78aa1551-d71e-4078-955a-6238f5a4f301 - - - - - -] Attempt 1 to provision port 9438401b-fa3e-4cdf-b0ba-0eab035a2cd3
2026-03-31 06:08:39.087 10 INFO neutron.plugins.ml2.plugin [None req-6bc576ab-b7f6-41fb-9b06-c8544953bacb - - - - - -] Attempt 1 to provision port c1cfde10-6f8c-4f56-bbb5-783c9dc70067
2026-03-31 06:08:39.696 10 INFO neutron.plugins.ml2.plugin [None req-6bc576ab-b7f6-41fb-9b06-c8544953bacb - - - - - -] Attempt 1 to provision port afbf3ceb-ed5b-4f5b-8b30-5d001926f7cf
2026-03-31 06:08:40.166 10 INFO neutron.plugins.ml2.plugin [None req-27d94e9d-f4ff-44ab-926d-13598110d9f3 - - - - - -] Attempt 1 to provision port afbf3ceb-ed5b-4f5b-8b30-5d001926f7cf
2026-03-31 06:08:40.632 9 INFO neutron.plugins.ml2.plugin [None req-0f19a5f0-c944-47c4-ba07-9ebc5a026d55 - - - - - -] Attempt 1 to provision port afbf3ceb-ed5b-4f5b-8b30-5d001926f7cf
2026-03-31 06:08:40.746 10 ERROR oslo_messaging.rpc.server [None req-8882777a-b540-45ba-a8ba-25b06fed7e73 - - - - - -] Exception during message handling: neutron_lib.exceptions.SubnetInUse: Unable to complete operation on subnet 71c8210b-724e-4658-a123-47701722a1db: This subnet is being modified by another concurrent operation.
2026-03-31 06:08:40.746 10 ERROR oslo_messaging.rpc.server
Traceback (most recent call last):
2026-03-31 06:08:40.746 10 ERROR oslo_messaging.rpc.server
File "/var/lib/openstack/lib/python3.10/site-packages/oslo_messaging/rpc/server.py", line 165, in _process_incoming
2026-03-31 06:08:40.746 10 ERROR oslo_messaging.rpc.server res = self.dispatcher.dispatch(message)
2026-03-31 06:08:40.746 10 ERROR oslo_messaging.rpc.server
File "/var/lib/openstack/lib/python3.10/site-packages/oslo_messaging/rpc/dispatcher.py", line 309, in dispatch
2026-03-31 06:08:40.746 10 ERROR oslo_messaging.rpc.server return self._do_dispatch(endpoint, method, ctxt, args)
2026-03-31 06:08:40.746 10 ERROR oslo_messaging.rpc.server
File "/var/lib/openstack/lib/python3.10/site-packages/oslo_messaging/rpc/dispatcher.py", line 229, in _do_dispatch
2026-03-31 06:08:40.746 10 ERROR oslo_messaging.rpc.server result = func(ctxt, **new_args)
2026-03-31 06:08:40.746 10 ERROR oslo_messaging.rpc.server
File "/var/lib/openstack/lib/python3.10/site-packages/oslo_messaging/rpc/server.py", line 241, in inner
2026-03-31 06:08:40.746 10 ERROR oslo_messaging.rpc.server return func(*args, **kwargs)
2026-03-31 06:08:40.746 10 ERROR oslo_messaging.rpc.server
File "/var/lib/openstack/lib/python3.10/site-packages/neutron_lib/db/api.py", line 140, in wrapped
2026-03-31 06:08:40.746 10 ERROR oslo_messaging.rpc.server with excutils.save_and_reraise_exception():
2026-03-31 06:08:40.746 10 ERROR oslo_messaging.rpc.server
File "/var/lib/openstack/lib/python3.10/site-packages/oslo_utils/excutils.py", line 227, in __exit__
2026-03-31 06:08:40.746 10 ERROR oslo_messaging.rpc.server self.force_reraise()
2026-03-31 06:08:40.746 10 ERROR oslo_messaging.rpc.server
File "/var/lib/openstack/lib/python3.10/site-packages/oslo_utils/excutils.py", line 200, in force_reraise
2026-03-31 06:08:40.746 10 ERROR oslo_messaging.rpc.server raise self.value
2026-03-31 06:08:40.746 10 ERROR oslo_messaging.rpc.server
File "/var/lib/openstack/lib/python3.10/site-packages/neutron_lib/db/api.py", line 138, in wrapped
2026-03-31 06:08:40.746 10 ERROR oslo_messaging.rpc.server return f(*args, **kwargs)
2026-03-31 06:08:40.746 10 ERROR oslo_messaging.rpc.server
File "/var/lib/openstack/lib/python3.10/site-packages/oslo_db/api.py", line 144, in wrapper
2026-03-31 06:08:40.746 10 ERROR oslo_messaging.rpc.server with excutils.save_and_reraise_exception() as ectxt:
2026-03-31 06:08:40.746 10 ERROR oslo_messaging.rpc.server
File "/var/lib/openstack/lib/python3.10/site-packages/oslo_utils/excutils.py", line 227, in __exit__
2026-03-31 06:08:40.746 10 ERROR oslo_messaging.rpc.server self.force_reraise()
2026-03-31 06:08:40.746 10 ERROR oslo_messaging.rpc.server
File "/var/lib/openstack/lib/python3.10/site-packages/oslo_utils/excutils.py", line 200, in force_reraise
2026-03-31 06:08:40.746 10 ERROR oslo_messaging.rpc.server raise self.value
2026-03-31 06:08:40.746 10 ERROR oslo_messaging.rpc.server
File "/var/lib/openstack/lib/python3.10/site-packages/oslo_db/api.py", line 142, in wrapper
2026-03-31 06:08:40.746 10 ERROR oslo_messaging.rpc.server return f(*args, **kwargs)
2026-03-31 06:08:40.746 10 ERROR oslo_messaging.rpc.server
File "/var/lib/openstack/lib/python3.10/site-packages/neutron_lib/db/api.py", line 186, in wrapped
2026-03-31 06:08:40.746 10 ERROR oslo_messaging.rpc.server with excutils.save_and_reraise_exception():
2026-03-31 06:08:40.746 10 ERROR oslo_messaging.rpc.server
File "/var/lib/openstack/lib/python3.10/site-packages/oslo_utils/excutils.py", line 227, in __exit__
2026-03-31 06:08:40.746 10 ERROR oslo_messaging.rpc.server self.force_reraise()
2026-03-31 06:08:40.746 10 ERROR oslo_messaging.rpc.server
File "/var/lib/openstack/lib/python3.10/site-packages/oslo_utils/excutils.py", line 200, in force_reraise
2026-03-31 06:08:40.746 10 ERROR oslo_messaging.rpc.server raise self.value
2026-03-31 06:08:40.746 10 ERROR oslo_messaging.rpc.server
File "/var/lib/openstack/lib/python3.10/site-packages/neutron_lib/db/api.py", line 184, in wrapped
2026-03-31 06:08:40.746 10 ERROR oslo_messaging.rpc.server return f(*dup_args, **dup_kwargs)
2026-03-31 06:08:40.746 10 ERROR oslo_messaging.rpc.server
File "/var/lib/openstack/lib/python3.10/site-packages/neutron/quota/resource_registry.py", line 95, in wrapper
2026-03-31 06:08:40.746 10 ERROR oslo_messaging.rpc.server ret_val = f(_self, context, *args, **kwargs)
2026-03-31 06:08:40.746 10 ERROR oslo_messaging.rpc.server
File "/var/lib/openstack/lib/python3.10/site-packages/neutron/api/rpc/handlers/dhcp_rpc.py", line 292, in create_dhcp_port
2026-03-31 06:08:40.746 10 ERROR oslo_messaging.rpc.server return self._port_action(plugin, context, port, 'create_port')
2026-03-31 06:08:40.746 10 ERROR oslo_messaging.rpc.server
File "/var/lib/openstack/lib/python3.10/site-packages/neutron/api/rpc/handlers/dhcp_rpc.py", line 118, in _port_action
2026-03-31 06:08:40.746 10 ERROR oslo_messaging.rpc.server return p_utils.create_port(plugin, context, port)
2026-03-31 06:08:40.746 10 ERROR oslo_messaging.rpc.server
File "/var/lib/openstack/lib/python3.10/site-packages/neutron_lib/plugins/utils.py", line 337, in create_port
2026-03-31 06:08:40.746 10 ERROR oslo_messaging.rpc.server return core_plugin.create_port(
2026-03-31 06:08:40.746 10 ERROR oslo_messaging.rpc.server
File "/var/lib/openstack/lib/python3.10/site-packages/neutron/common/utils.py", line 707, in inner
2026-03-31 06:08:40.746 10 ERROR oslo_messaging.rpc.server return f(*args, **kwargs)
2026-03-31 06:08:40.746 10 ERROR oslo_messaging.rpc.server
File "/var/lib/openstack/lib/python3.10/site-packages/neutron_lib/db/api.py", line 226, in wrapped
2026-03-31 06:08:40.746 10 ERROR oslo_messaging.rpc.server return f_with_retry(*args, **kwargs,
2026-03-31 06:08:40.746 10 ERROR oslo_messaging.rpc.server
File "/var/lib/openstack/lib/python3.10/site-packages/neutron_lib/db/api.py", line 140, in wrapped
2026-03-31 06:08:40.746 10 ERROR oslo_messaging.rpc.server with excutils.save_and_reraise_exception():
2026-03-31 06:08:40.746 10 ERROR oslo_messaging.rpc.server
File "/var/lib/openstack/lib/python3.10/site-packages/oslo_utils/excutils.py", line 227, in __exit__
2026-03-31 06:08:40.746 10 ERROR oslo_messaging.rpc.server self.force_reraise()
2026-03-31 06:08:40.746 10 ERROR oslo_messaging.rpc.server
File "/var/lib/openstack/lib/python3.10/site-packages/oslo_utils/excutils.py", line 200, in force_reraise
2026-03-31 06:08:40.746 10 ERROR oslo_messaging.rpc.server raise self.value
2026-03-31 06:08:40.746 10 ERROR oslo_messaging.rpc.server
File "/var/lib/openstack/lib/python3.10/site-packages/neutron_lib/db/api.py", line 138, in wrapped
2026-03-31 06:08:40.746 10 ERROR oslo_messaging.rpc.server return f(*args, **kwargs)
2026-03-31 06:08:40.746 10 ERROR oslo_messaging.rpc.server
File "/var/lib/openstack/lib/python3.10/site-packages/oslo_db/api.py", line 144, in wrapper
2026-03-31 06:08:40.746 10 ERROR oslo_messaging.rpc.server with excutils.save_and_reraise_exception() as ectxt:
2026-03-31 06:08:40.746 10 ERROR oslo_messaging.rpc.server
File "/var/lib/openstack/lib/python3.10/site-packages/oslo_utils/excutils.py", line 227, in __exit__
2026-03-31 06:08:40.746 10 ERROR oslo_messaging.rpc.server self.force_reraise()
2026-03-31 06:08:40.746 10 ERROR oslo_messaging.rpc.server
File "/var/lib/openstack/lib/python3.10/site-packages/oslo_utils/excutils.py", line 200, in force_reraise
2026-03-31 06:08:40.746 10 ERROR oslo_messaging.rpc.server raise self.value
2026-03-31 06:08:40.746 10 ERROR oslo_messaging.rpc.server
File "/var/lib/openstack/lib/python3.10/site-packages/oslo_db/api.py", line 142, in wrapper
2026-03-31 06:08:40.746 10 ERROR oslo_messaging.rpc.server return f(*args, **kwargs)
2026-03-31 06:08:40.746 10 ERROR oslo_messaging.rpc.server
File "/var/lib/openstack/lib/python3.10/site-packages/neutron_lib/db/api.py", line 186, in wrapped
2026-03-31 06:08:40.746 10 ERROR oslo_messaging.rpc.server with excutils.save_and_reraise_exception():
2026-03-31 06:08:40.746 10 ERROR oslo_messaging.rpc.server
File "/var/lib/openstack/lib/python3.10/site-packages/oslo_utils/excutils.py", line 227, in __exit__
2026-03-31 06:08:40.746 10 ERROR oslo_messaging.rpc.server self.force_reraise()
2026-03-31 06:08:40.746 10 ERROR oslo_messaging.rpc.server
File "/var/lib/openstack/lib/python3.10/site-packages/oslo_utils/excutils.py", line 200, in force_reraise
2026-03-31 06:08:40.746 10 ERROR oslo_messaging.rpc.server raise self.value
2026-03-31 06:08:40.746 10 ERROR oslo_messaging.rpc.server
File "/var/lib/openstack/lib/python3.10/site-packages/neutron_lib/db/api.py", line 184, in wrapped
2026-03-31 06:08:40.746 10 ERROR oslo_messaging.rpc.server return f(*dup_args, **dup_kwargs)
2026-03-31 06:08:40.746 10 ERROR oslo_messaging.rpc.server
File "/var/lib/openstack/lib/python3.10/site-packages/neutron/plugins/ml2/plugin.py", line 1579, in create_port
2026-03-31 06:08:40.746 10 ERROR oslo_messaging.rpc.server result, mech_context = self._create_port_db(context, port)
2026-03-31 06:08:40.746 10 ERROR oslo_messaging.rpc.server
File "/var/lib/openstack/lib/python3.10/site-packages/neutron/plugins/ml2/plugin.py", line 1544, in _create_port_db
2026-03-31 06:08:40.746 10 ERROR oslo_messaging.rpc.server port_db = self.create_port_db(context, port)
2026-03-31 06:08:40.746 10 ERROR oslo_messaging.rpc.server
File "/var/lib/openstack/lib/python3.10/site-packages/neutron/db/db_base_plugin_v2.py", line 1491, in create_port_db
2026-03-31 06:08:40.746 10 ERROR oslo_messaging.rpc.server self.ipam.allocate_ips_for_port_and_store(
2026-03-31 06:08:40.746 10 ERROR oslo_messaging.rpc.server
File "/var/lib/openstack/lib/python3.10/site-packages/neutron/db/ipam_pluggable_backend.py", line 219, in allocate_ips_for_port_and_store
2026-03-31 06:08:40.746 10 ERROR oslo_messaging.rpc.server ips = self.allocate_ips_for_port(context, port_copy)
2026-03-31 06:08:40.746 10 ERROR oslo_messaging.rpc.server
File "/var/lib/openstack/lib/python3.10/site-packages/neutron_lib/db/api.py", line 224, in wrapped
2026-03-31 06:08:40.746 10 ERROR oslo_messaging.rpc.server return f(*args, **kwargs)
2026-03-31 06:08:40.746 10 ERROR oslo_messaging.rpc.server
File "/var/lib/openstack/lib/python3.10/site-packages/oslo_db/sqlalchemy/enginefacade.py", line 1010, in wrapper
2026-03-31 06:08:40.746 10 ERROR oslo_messaging.rpc.server return fn(*args, **kwargs)
2026-03-31 06:08:40.746 10 ERROR oslo_messaging.rpc.server
File "/var/lib/openstack/lib/python3.10/site-packages/neutron/db/ipam_pluggable_backend.py", line 226, in allocate_ips_for_port
2026-03-31 06:08:40.746 10 ERROR oslo_messaging.rpc.server return self._allocate_ips_for_port(context, port)
2026-03-31 06:08:40.746 10 ERROR oslo_messaging.rpc.server
File "/var/lib/openstack/lib/python3.10/site-packages/neutron/db/ipam_pluggable_backend.py", line 258, in _allocate_ips_for_port
2026-03-31 06:08:40.746 10 ERROR oslo_messaging.rpc.server subnets = self._ipam_get_subnets(
2026-03-31 06:08:40.746 10 ERROR oslo_messaging.rpc.server
File "/var/lib/openstack/lib/python3.10/site-packages/neutron/db/ipam_backend_mixin.py", line 686, in _ipam_get_subnets
2026-03-31 06:08:40.746 10 ERROR oslo_messaging.rpc.server subnet.read_lock_register(
2026-03-31 06:08:40.746 10 ERROR oslo_messaging.rpc.server
File "/var/lib/openstack/lib/python3.10/site-packages/neutron/db/models_v2.py", line 81, in read_lock_register
2026-03-31 06:08:40.746 10 ERROR oslo_messaging.rpc.server raise exception
2026-03-31 06:08:40.746 10 ERROR oslo_messaging.rpc.server neutron_lib.exceptions.SubnetInUse: Unable to complete operation on subnet 71c8210b-724e-4658-a123-47701722a1db: This subnet is being modified by another concurrent operation.
2026-03-31 06:08:40.746 10 ERROR oslo_messaging.rpc.server 
2026-03-31 06:08:40.931 9 INFO neutron.plugins.ml2.plugin [None req-0f19a5f0-c944-47c4-ba07-9ebc5a026d55 - - - - - -] Attempt 1 to provision port 389322df-c7cc-4778-b78a-38a5c4f4808b
2026-03-31 06:08:41.008 10 INFO neutron.plugins.ml2.plugin [None req-6bc576ab-b7f6-41fb-9b06-c8544953bacb - - - - - -] Attempt 1 to provision port c1cfde10-6f8c-4f56-bbb5-783c9dc70067
2026-03-31 06:08:41.075 9 INFO neutron.plugins.ml2.plugin [None req-e5f83f6a-f16c-409c-9f58-0f65d38903e4 - - - - - -] Attempt 1 to provision port 389322df-c7cc-4778-b78a-38a5c4f4808b
2026-03-31 06:08:41.476 10 INFO neutron.plugins.ml2.plugin [None req-6bc576ab-b7f6-41fb-9b06-c8544953bacb - - - - - -] Attempt 1 to provision port afbf3ceb-ed5b-4f5b-8b30-5d001926f7cf
2026-03-31 06:08:45.103 10 INFO neutron.plugins.ml2.plugin [None req-428244a3-6719-402a-8727-7fd6069a5b02 - - - - - -] Attempt 1 to provision port 98e250d2-6206-485e-adb1-371c7f5d1365
2026-03-31 06:08:47.060 10 INFO neutron.plugins.ml2.plugin [None req-6bc576ab-b7f6-41fb-9b06-c8544953bacb - - - - - -] Attempt 1 to provision port 98e250d2-6206-485e-adb1-371c7f5d1365
2026-03-31 06:08:47.174 10 INFO neutron.notifiers.nova [-] Nova event matching ['req-2a2ee9c7-22cc-4bcd-89f4-36019ef11029'] response: {'server_uuid': '24af182d-8b8f-45bb-b96f-98d92302570e', 'name': 'network-vif-plugged', 'status': 'completed', 'tag': '98e250d2-6206-485e-adb1-371c7f5d1365', 'code': 200}
2026-03-31 06:08:49.213 9 INFO neutron.plugins.ml2.plugin [None req-6bc576ab-b7f6-41fb-9b06-c8544953bacb - - - - - -] Attempt 1 to provision port b9c33e6f-f922-499d-9c56-bb967d9708b5
2026-03-31 06:08:50.007 9 INFO neutron.plugins.ml2.plugin [None req-6bc576ab-b7f6-41fb-9b06-c8544953bacb - - - - - -] Attempt 1 to provision port 98e250d2-6206-485e-adb1-371c7f5d1365
2026-03-31 06:08:50.983 9 INFO neutron.plugins.ml2.plugin [None req-b083d8d2-5d98-4610-b95a-be9f3f482100 - - - - - -] Attempt 1 to provision port b9c33e6f-f922-499d-9c56-bb967d9708b5
2026-03-31 06:08:51.066 10 INFO neutron.plugins.ml2.plugin [None req-6bc576ab-b7f6-41fb-9b06-c8544953bacb - - - - - -] Attempt 1 to provision port b9c33e6f-f922-499d-9c56-bb967d9708b5
2026-03-31 06:08:51.292 9 INFO neutron.plugins.ml2.plugin [None req-7aeaad1f-b4bd-4c1c-8b8f-539755834926 - - - - - -] Attempt 1 to provision port b9c33e6f-f922-499d-9c56-bb967d9708b5 /var/lib/openstack/lib/python3.10/site-packages/oslo_db/sqlalchemy/enginefacade.py:676: SAWarning: DELETE statement on table 'portsecuritybindings' expected to delete 1 row(s); 0 were matched. Please set confirm_deleted_rows=False within the mapper configuration to prevent this warning. self.session.flush() /var/lib/openstack/lib/python3.10/site-packages/oslo_db/sqlalchemy/enginefacade.py:676: SAWarning: DELETE statement on table 'ml2_port_bindings' expected to delete 1 row(s); 0 were matched. Please set confirm_deleted_rows=False within the mapper configuration to prevent this warning. self.session.flush() /var/lib/openstack/lib/python3.10/site-packages/oslo_db/sqlalchemy/enginefacade.py:676: SAWarning: DELETE statement on table 'ml2_port_binding_levels' expected to delete 1 row(s); 0 were matched. Please set confirm_deleted_rows=False within the mapper configuration to prevent this warning. self.session.flush() /var/lib/openstack/lib/python3.10/site-packages/oslo_db/sqlalchemy/enginefacade.py:676: SAWarning: DELETE statement on table 'ports' expected to delete 1 row(s); 0 were matched. Please set confirm_deleted_rows=False within the mapper configuration to prevent this warning. self.session.flush()
2026-03-31 06:08:55.020 10 INFO neutron.plugins.ml2.plugin [None req-6bc576ab-b7f6-41fb-9b06-c8544953bacb - - - - - -] Attempt 1 to provision port 389322df-c7cc-4778-b78a-38a5c4f4808b
2026-03-31 06:08:57.031 10 INFO neutron.plugins.ml2.plugin [None req-6bc576ab-b7f6-41fb-9b06-c8544953bacb - - - - - -] Attempt 1 to provision port 9438401b-fa3e-4cdf-b0ba-0eab035a2cd3
2026-03-31 06:08:57.439 10 INFO neutron.plugins.ml2.plugin [None req-6bc576ab-b7f6-41fb-9b06-c8544953bacb - - - - - -] Attempt 1 to provision port 389322df-c7cc-4778-b78a-38a5c4f4808b
2026-03-31 06:08:59.058 9 INFO neutron.plugins.ml2.plugin [None req-6bc576ab-b7f6-41fb-9b06-c8544953bacb - - - - - -] Attempt 1 to provision port 9438401b-fa3e-4cdf-b0ba-0eab035a2cd3
2026-03-31 06:09:02.675 9 INFO neutron.plugins.ml2.plugin [None req-02b47033-d8c8-476a-94b2-3befadb2ff49 - - - - - -] Attempt 1 to provision port 4a89129d-ae03-40b4-92dc-4724536a8d18
2026-03-31 06:09:14.013 10 INFO neutron.plugins.ml2.plugin [None req-3485dad2-d4ea-442b-b8dc-432947342e7c - - - - - -] Attempt 1 to provision port 6e6b7f94-d75c-4d9e-b70a-84b513ffc9e6
2026-03-31 06:09:17.158 9 INFO neutron.plugins.ml2.plugin [None req-6bc576ab-b7f6-41fb-9b06-c8544953bacb - - - - - -] Attempt 1 to provision port 6e6b7f94-d75c-4d9e-b70a-84b513ffc9e6
2026-03-31 06:09:17.280 9 INFO neutron.notifiers.nova [-] Nova event matching ['req-73b89c83-2886-480a-b9c7-2809fdd3de94'] response: {'server_uuid': 'aa69a382-a4ea-4289-8980-e94edb080f8d', 'name': 'network-vif-plugged', 'status': 'completed', 'tag': '6e6b7f94-d75c-4d9e-b70a-84b513ffc9e6', 'code': 200}
2026-03-31 06:09:19.096 9 INFO neutron.plugins.ml2.plugin [None req-6bc576ab-b7f6-41fb-9b06-c8544953bacb - - - - - -] Attempt 1 to provision port 6e6b7f94-d75c-4d9e-b70a-84b513ffc9e6
2026-03-31 06:09:34.455 10 INFO neutron.plugins.ml2.plugin [None req-4c34a5a2-21e5-46ab-bfa2-dd68d0146e02 - - - - - -] Attempt 1 to provision port 22d6f93b-6885-4326-8f74-67b5591d42d0
2026-03-31 06:09:35.086 10 INFO neutron.plugins.ml2.plugin [None req-6bc576ab-b7f6-41fb-9b06-c8544953bacb - - - - - -] Attempt 1 to provision port e9ac87b0-5e39-4b6b-9486-fcdfc72664ae
2026-03-31 06:09:36.321 10 INFO neutron.plugins.ml2.plugin [None req-8cab41e4-5c1f-44b6-a42d-cd4e76f9b55c - - - - - -] Attempt 1 to provision port e9ac87b0-5e39-4b6b-9486-fcdfc72664ae
2026-03-31 06:09:36.742 9 INFO neutron.plugins.ml2.plugin [None req-02e84af8-f985-4735-abdc-02bd735edc96 - - - - - -] Attempt 1 to provision port e9ac87b0-5e39-4b6b-9486-fcdfc72664ae
2026-03-31 06:09:37.098 10 INFO neutron.plugins.ml2.plugin [None req-6bc576ab-b7f6-41fb-9b06-c8544953bacb - - - - - -] Attempt 1 to provision port e9ac87b0-5e39-4b6b-9486-fcdfc72664ae
2026-03-31 06:09:37.127 9 INFO neutron.plugins.ml2.plugin [None req-72a0631f-dce3-447d-b85a-781f1954500a - - - - - -] Attempt 1 to provision port 28b02bb3-af74-4364-8a34-520408ae65da
2026-03-31 06:09:37.771 9 INFO neutron.plugins.ml2.plugin [None req-8409334b-85c5-4d87-a2ac-c573b7e6ba7b - - - - - -] Attempt 1 to provision port 28b02bb3-af74-4364-8a34-520408ae65da
2026-03-31 06:09:39.065 9 INFO neutron.plugins.ml2.plugin [None req-6bc576ab-b7f6-41fb-9b06-c8544953bacb - - - - - -] Attempt 1 to provision port ee953fdf-2cfd-4e54-9574-599d11ae9969
2026-03-31 06:09:41.274 10 INFO neutron.plugins.ml2.plugin [None req-6bc576ab-b7f6-41fb-9b06-c8544953bacb - - - - - -] Attempt 1 to provision port ee953fdf-2cfd-4e54-9574-599d11ae9969
2026-03-31 06:09:43.777 9 INFO neutron.plugins.ml2.plugin [None req-6a88562e-2605-4115-b6aa-1d638f670bba - - - - - -] Attempt 1 to provision port ed29c93e-3bac-41b6-92f6-ca4a64ca45ec
2026-03-31 06:09:45.161 10 INFO neutron.plugins.ml2.plugin [None req-6bc576ab-b7f6-41fb-9b06-c8544953bacb - - - - - -] Attempt 1 to provision port ed29c93e-3bac-41b6-92f6-ca4a64ca45ec
2026-03-31 06:09:45.275 10 INFO neutron.notifiers.nova [-] Nova event matching ['req-d6755e8e-5d4c-45f2-86e8-3e1bbbbc95e1'] response: {'server_uuid': 'cd158b4d-3ed5-4d22-a7fd-c9d5a684edf1', 'name': 'network-vif-plugged', 'status': 'completed', 'tag': 'ed29c93e-3bac-41b6-92f6-ca4a64ca45ec', 'code': 200}
2026-03-31 06:09:47.530 10 INFO neutron.notifiers.nova [-] Nova event matching ['req-ae71083f-47a4-4dd7-80e7-c9ab949c6b1a'] response: {'server_uuid': 'cd158b4d-3ed5-4d22-a7fd-c9d5a684edf1', 'name': 'network-vif-unplugged', 'status': 'completed', 'tag': 'ed29c93e-3bac-41b6-92f6-ca4a64ca45ec', 'code': 200}
2026-03-31 06:09:48.259 10 INFO neutron.plugins.ml2.plugin [None req-06d47539-475b-4c49-8a81-81eea75a422f - - - - - -] Attempt 1 to provision port b169f418-70e2-4f74-8fbe-d28eeb3c74c5
2026-03-31 06:09:49.084 9 INFO neutron.plugins.ml2.plugin [None req-6bc576ab-b7f6-41fb-9b06-c8544953bacb - - - - - -] Attempt 1 to provision port d924473b-000b-4474-b719-a22c67753b93
2026-03-31 06:09:49.837 9 INFO neutron.plugins.ml2.plugin [None req-210f4a7f-51b7-4fc5-b18a-346a97d51ae6 - - - - - -] Attempt 1 to provision port d924473b-000b-4474-b719-a22c67753b93
2026-03-31 06:09:50.123 10 INFO neutron.plugins.ml2.plugin [None req-9a6ac40e-6cfb-498e-951f-357a166480e9 - - - - - -] Attempt 1 to provision port d924473b-000b-4474-b719-a22c67753b93
2026-03-31 06:09:50.563 9 INFO neutron.plugins.ml2.plugin [None req-adab2550-0a27-4e6c-92a0-2202aa80eba2 - - - - - -] Attempt 1 to provision port a1cde2f8-8931-4a74-8351-14450df4b577
2026-03-31 06:09:51.140 10 INFO neutron.plugins.ml2.plugin [None req-6bc576ab-b7f6-41fb-9b06-c8544953bacb - - - - - -] Attempt 1 to provision port 4758c543-c79b-47ef-9a95-b6b0b927fc6b
2026-03-31 06:09:51.222 9 INFO neutron.plugins.ml2.plugin [None req-8111f8ab-071d-49fd-97ed-980ae147c70c - - - - - -] Attempt 1 to provision port a1cde2f8-8931-4a74-8351-14450df4b577
2026-03-31 06:09:51.665 10 INFO neutron.plugins.ml2.plugin [None req-6bc576ab-b7f6-41fb-9b06-c8544953bacb - - - - - -] Attempt 1 to provision port d924473b-000b-4474-b719-a22c67753b93
2026-03-31 06:09:53.102 10 INFO neutron.plugins.ml2.plugin [None req-6bc576ab-b7f6-41fb-9b06-c8544953bacb - - - - - -] Attempt 1 to provision port 4758c543-c79b-47ef-9a95-b6b0b927fc6b
2026-03-31 06:09:54.594 9 INFO neutron.plugins.ml2.plugin [None req-5b0b1648-58e7-40fd-bc5c-cc5a5fa3d5c9 - - - - - -] Attempt 1 to provision port f5d99946-bb71-455c-adfd-8a4d30f89bb7
2026-03-31 06:09:55.109 10 INFO neutron.plugins.ml2.plugin [None req-6bc576ab-b7f6-41fb-9b06-c8544953bacb - - - - - -] Attempt 1 to provision port 239323df-aef9-4d63-913f-c53ee2e2a11b
2026-03-31 06:09:55.442 10 INFO neutron.plugins.ml2.plugin [None req-e0d010cf-80ed-4ecf-b093-8d43478875a2 - - - - - -] Attempt 1 to provision port 8292a4d6-0621-4c10-b617-ec3054532093
2026-03-31 06:09:56.288 10 INFO neutron.plugins.ml2.plugin [None req-b48f2594-282c-42b2-8eb0-83ee8df352e3 - - - - - -] Attempt 1 to provision port 239323df-aef9-4d63-913f-c53ee2e2a11b
2026-03-31 06:09:56.622 9 INFO neutron.plugins.ml2.plugin [None req-baf5a215-3ff7-457f-a4b8-1cf1910c93e8 - - - - - -] Attempt 1 to provision port 239323df-aef9-4d63-913f-c53ee2e2a11b
2026-03-31 06:09:57.109 10 INFO neutron.plugins.ml2.plugin [None req-6bc576ab-b7f6-41fb-9b06-c8544953bacb - - - - - -] Attempt 1 to provision port 239323df-aef9-4d63-913f-c53ee2e2a11b
2026-03-31 06:09:57.313 10 INFO neutron.plugins.ml2.plugin [None req-bdc9f178-ab1b-47f7-8a89-50faa3fbba58 - - - - - -] Attempt 1 to provision port dd86ec76-e49c-4017-a316-af7eb5bb730e
2026-03-31 06:09:58.090 10 INFO neutron.plugins.ml2.plugin [None req-a9eff8a4-a753-4d2b-a33b-ef11ba98b066 - - - - - -] Attempt 1 to provision port dd86ec76-e49c-4017-a316-af7eb5bb730e
2026-03-31 06:09:59.088 10 INFO neutron.plugins.ml2.plugin [None req-6bc576ab-b7f6-41fb-9b06-c8544953bacb - - - - - -] Attempt 1 to provision port bee15c63-1c31-4eb1-9c69-ce21bfc39613
2026-03-31 06:10:01.057 9 INFO neutron.plugins.ml2.plugin [None req-6bc576ab-b7f6-41fb-9b06-c8544953bacb - - - - - -] Attempt 1 to provision port bee15c63-1c31-4eb1-9c69-ce21bfc39613
2026-03-31 06:10:03.309 10 ERROR neutron.plugins.ml2.managers [None req-39f2d365-f6c7-4648-acf3-e0bb4fa1547f - - - - - -] Mechanism driver openvswitch failed in bind_port: neutron_lib.exceptions.SubnetNotFound: Subnet bce4cf9b-ee41-4e9a-9406-aa785ecc9f7d could not be found.
2026-03-31 06:10:03.309 10 ERROR neutron.plugins.ml2.managers
Traceback (most recent call last):
2026-03-31 06:10:03.309 10 ERROR neutron.plugins.ml2.managers
File "/var/lib/openstack/lib/python3.10/site-packages/neutron/plugins/ml2/managers.py", line 866, in _bind_port_level
2026-03-31 06:10:03.309 10 ERROR neutron.plugins.ml2.managers driver.obj.bind_port(context)
2026-03-31 06:10:03.309 10 ERROR neutron.plugins.ml2.managers
File "/var/lib/openstack/lib/python3.10/site-packages/neutron/plugins/ml2/drivers/openvswitch/mech_driver/mech_openvswitch.py", line 133, in bind_port
2026-03-31 06:10:03.309 10 ERROR neutron.plugins.ml2.managers super(OpenvswitchMechanismDriver, self).bind_port(context)
2026-03-31 06:10:03.309 10 ERROR neutron.plugins.ml2.managers
File "/var/lib/openstack/lib/python3.10/site-packages/neutron/plugins/ml2/drivers/mech_agent.py", line 104, in bind_port
2026-03-31 06:10:03.309 10 ERROR neutron.plugins.ml2.managers subnets = self.get_subnets_from_fixed_ips(context)
2026-03-31 06:10:03.309 10 ERROR neutron.plugins.ml2.managers
File "/var/lib/openstack/lib/python3.10/site-packages/neutron/plugins/ml2/drivers/mech_agent.py", line 149, in get_subnets_from_fixed_ips
2026-03-31 06:10:03.309 10 ERROR neutron.plugins.ml2.managers subnets.append(context._plugin.get_subnet(
2026-03-31 06:10:03.309 10 ERROR neutron.plugins.ml2.managers
File "/var/lib/openstack/lib/python3.10/site-packages/neutron_lib/db/api.py", line 226, in wrapped
2026-03-31 06:10:03.309 10 ERROR neutron.plugins.ml2.managers return f_with_retry(*args, **kwargs,
2026-03-31 06:10:03.309 10 ERROR neutron.plugins.ml2.managers
File "/var/lib/openstack/lib/python3.10/site-packages/neutron_lib/db/api.py", line 140, in wrapped
2026-03-31 06:10:03.309 10 ERROR neutron.plugins.ml2.managers with excutils.save_and_reraise_exception():
2026-03-31 06:10:03.309 10 ERROR neutron.plugins.ml2.managers
File "/var/lib/openstack/lib/python3.10/site-packages/oslo_utils/excutils.py", line 227, in __exit__
2026-03-31 06:10:03.309 10 ERROR neutron.plugins.ml2.managers self.force_reraise()
2026-03-31 06:10:03.309 10 ERROR neutron.plugins.ml2.managers
File "/var/lib/openstack/lib/python3.10/site-packages/oslo_utils/excutils.py", line 200, in force_reraise
2026-03-31 06:10:03.309 10 ERROR neutron.plugins.ml2.managers raise self.value
2026-03-31 06:10:03.309 10 ERROR neutron.plugins.ml2.managers
File "/var/lib/openstack/lib/python3.10/site-packages/neutron_lib/db/api.py", line 138, in wrapped
2026-03-31 06:10:03.309 10 ERROR neutron.plugins.ml2.managers return f(*args, **kwargs)
2026-03-31 06:10:03.309 10 ERROR neutron.plugins.ml2.managers
File "/var/lib/openstack/lib/python3.10/site-packages/oslo_db/api.py", line 144, in wrapper
2026-03-31 06:10:03.309 10 ERROR neutron.plugins.ml2.managers with excutils.save_and_reraise_exception() as ectxt:
2026-03-31 06:10:03.309 10 ERROR neutron.plugins.ml2.managers
File "/var/lib/openstack/lib/python3.10/site-packages/oslo_utils/excutils.py", line 227, in __exit__
2026-03-31 06:10:03.309 10 ERROR neutron.plugins.ml2.managers self.force_reraise()
2026-03-31 06:10:03.309 10 ERROR neutron.plugins.ml2.managers
File "/var/lib/openstack/lib/python3.10/site-packages/oslo_utils/excutils.py", line 200, in force_reraise
2026-03-31 06:10:03.309 10 ERROR neutron.plugins.ml2.managers raise self.value
2026-03-31 06:10:03.309 10 ERROR neutron.plugins.ml2.managers
