2026-06-25 23:31:29.240 8 INFO placement.requestlog [None req-ed7b9a8c-3e93-476c-9d7c-fe748414813f - - - - - -] 10.0.0.196 "GET /" status: 200 len: 136 microversion: 1.0
2026-06-25 23:31:34.170 7 INFO placement.requestlog [req-d2e67f80-640f-4460-9c8a-598f54ac3f37 req-401e0287-4290-44ed-bf2a-8890ce8e0dc4 d2a24631478c494ba57f89adbed07f80 5b348a9d28774d1a9926eabffd5e01e4 - - 2cd177c1069f466b8251a88850592d23 2cd177c1069f466b8251a88850592d23] 199.204.45.4 "GET /resource_providers/60a16f41-4549-4f31-93a1-9a02303e6cd9/allocations" status: 200 len: 54 microversion: 1.0 [pid: 7|app: 0|req: 294/586] 199.204.45.4 () {32 vars in 854 bytes} [Thu Jun 25 23:31:34 2026] GET /resource_providers/60a16f41-4549-4f31-93a1-9a02303e6cd9/allocations => generated 54 bytes in 22 msecs (HTTP/1.1 200) 6 headers in 223 bytes (1 switches on core 0)
2026-06-25 23:31:34.199 8 INFO placement.requestlog [req-d2e67f80-640f-4460-9c8a-598f54ac3f37 req-8dd64ac3-430b-4b70-bbe8-830e48c66a7e d2a24631478c494ba57f89adbed07f80 5b348a9d28774d1a9926eabffd5e01e4 - - 2cd177c1069f466b8251a88850592d23 2cd177c1069f466b8251a88850592d23] 199.204.45.4 "GET /resource_providers/60a16f41-4549-4f31-93a1-9a02303e6cd9/allocations" status: 200 len: 54 microversion: 1.0 [pid: 8|app: 0|req: 293/587] 199.204.45.4 () {32 vars in 854 bytes} [Thu Jun 25 23:31:34 2026] GET /resource_providers/60a16f41-4549-4f31-93a1-9a02303e6cd9/allocations => generated 54 bytes in 22 msecs (HTTP/1.1 200) 6 headers in 223 bytes (1 switches on core 0)
2026-06-25 23:31:39.239 7 INFO placement.requestlog [None req-9cf8cbf8-ff6b-40af-a8a1-9ff56d73c02d - - - - - -] 10.0.0.196 "GET /" status: 200 len: 136 microversion: 1.0
2026-06-25 23:31:39.240 8 INFO placement.requestlog [None req-e58c1816-488c-4c3c-9353-075ac3d3fbb7 - - - - - -] 10.0.0.196 "GET /" status: 200 len: 136 microversion: 1.0
2026-06-25 23:31:49.239 7 INFO placement.requestlog [None req-9885d36f-fb19-430c-b4fe-59b12a63ff0d - - - - - -] 10.0.0.196 "GET /" status: 200 len: 136 microversion: 1.0
2026-06-25 23:31:49.239 8 INFO placement.requestlog [None req-52771129-d56f-4a89-9924-e1b214a10229 - - - - - -] 10.0.0.196 "GET /" status: 200 len: 136 microversion: 1.0
2026-06-25 23:31:59.240 8 INFO placement.requestlog [None req-e0497b10-6164-4b7e-85ba-ecd136677987 - - - - - -] 10.0.0.196 "GET /" status: 200 len: 136 microversion: 1.0
2026-06-25 23:31:59.241 7 INFO placement.requestlog [None req-ef78d2e5-65c0-4a64-accc-0a24c299038c - - - - - -] 10.0.0.196 "GET /" status: 200 len: 136 microversion: 1.0
2026-06-25 23:32:09.240 7 INFO placement.requestlog [None req-0138b6d7-65ec-4ab0-bef2-2761903fc39c - - - - - -] 10.0.0.196 "GET /" status: 200 len: 136 microversion: 1.0
2026-06-25 23:32:09.240 8 INFO placement.requestlog [None req-fd4d8f99-9ba9-422f-b0dc-0b7669f44f70 - - - - - -] 10.0.0.196 "GET /" status: 200 len: 136 microversion: 1.0
2026-06-25 23:32:19.240 7 INFO placement.requestlog [None req-cf5ed895-5d28-472b-b8d8-35dec2a5fd2f - - - - - -] 10.0.0.196 "GET /" status: 200 len: 136 microversion: 1.0
2026-06-25 23:32:19.242 8 INFO placement.requestlog [None req-a6868e2b-0d29-4b85-9fe2-743042bcd338 - - - - - -] 10.0.0.196 "GET /" status: 200 len: 136 microversion: 1.0
2026-06-25 23:32:29.239 7 INFO placement.requestlog [None req-b474bd1e-b4a3-4b1b-8676-703e6550a5df - - - - - -] 10.0.0.196 "GET /" status: 200 len: 136 microversion: 1.0
2026-06-25 23:32:29.240 8 INFO placement.requestlog [None req-9cb716d4-b026-4527-b9e9-c4d9887037c3 - - - - - -] 10.0.0.196 "GET /" status: 200 len: 136 microversion: 1.0
2026-06-25 23:32:35.139 7 INFO placement.requestlog [req-53cef205-3e58-4984-ab14-42720419c5a4 req-c2df43ba-8f45-42a4-b0e5-87c9a2bb7a32 d2a24631478c494ba57f89adbed07f80 5b348a9d28774d1a9926eabffd5e01e4 - - 2cd177c1069f466b8251a88850592d23 2cd177c1069f466b8251a88850592d23] 199.204.45.4 "GET /resource_providers/60a16f41-4549-4f31-93a1-9a02303e6cd9/allocations" status: 200 len: 54 microversion: 1.0 [pid: 7|app: 0|req: 301/600] 199.204.45.4 () {32 vars in 854 bytes} [Thu Jun 25 23:32:35 2026] GET /resource_providers/60a16f41-4549-4f31-93a1-9a02303e6cd9/allocations => generated 54 bytes in 29 msecs (HTTP/1.1 200) 6 headers in 223 bytes (1 switches on core 0)
2026-06-25 23:32:35.173 8 INFO placement.requestlog [req-53cef205-3e58-4984-ab14-42720419c5a4 req-6d29d038-dddc-4f06-be91-813850e2ef98 d2a24631478c494ba57f89adbed07f80 5b348a9d28774d1a9926eabffd5e01e4 - - 2cd177c1069f466b8251a88850592d23 2cd177c1069f466b8251a88850592d23] 199.204.45.4 "GET /resource_providers/60a16f41-4549-4f31-93a1-9a02303e6cd9/allocations" status: 200 len: 54 microversion: 1.0 [pid: 8|app: 0|req: 300/601] 199.204.45.4 () {32 vars in 854 bytes} [Thu Jun 25 23:32:35 2026] GET /resource_providers/60a16f41-4549-4f31-93a1-9a02303e6cd9/allocations => generated 54 bytes in 22 msecs (HTTP/1.1 200) 6 headers in 223 bytes (1 switches on core 0)
2026-06-25 23:32:39.239 7 INFO placement.requestlog [None req-1317f3bf-ed71-46d2-8efb-a59d826cc93d - - - - - -] 10.0.0.196 "GET /" status: 200 len: 136 microversion: 1.0
2026-06-25 23:32:39.239 8 INFO placement.requestlog [None req-7711fda2-b4e2-4d96-9eef-db085b3841d5 - - - - - -] 10.0.0.196 "GET /" status: 200 len: 136 microversion: 1.0
2026-06-25 23:32:49.240 7 INFO placement.requestlog [None req-e70ca026-0684-4ba6-8cc4-d320365b2b65 - - - - - -] 10.0.0.196 "GET /" status: 200 len: 136 microversion: 1.0
2026-06-25 23:32:49.240 8 INFO placement.requestlog [None req-cedb8a35-43be-4e03-b8c2-021ab794f8a4 - - - - - -] 10.0.0.196 "GET /" status: 200 len: 136 microversion: 1.0
2026-06-25 23:32:59.240 8 INFO placement.requestlog [None req-743106ee-2ea0-492c-baee-25003f82e37f - - - - - -] 10.0.0.196 "GET /" status: 200 len: 136 microversion: 1.0
2026-06-25 23:32:59.240 7 INFO placement.requestlog [None req-393e45d4-28d7-4a6b-82e3-3c23c5b3b247 - - - - - -] 10.0.0.196 "GET /" status: 200 len: 136 microversion: 1.0
2026-06-25 23:33:09.240 7 INFO placement.requestlog [None req-5a7aff75-36f8-4986-951c-9a7ed8fb1770 - - - - - -] 10.0.0.196 "GET /" status: 200 len: 136 microversion: 1.0
2026-06-25 23:33:09.241 8 INFO placement.requestlog [None req-a9186bd7-f7a4-4dcc-9a14-51aef5ee831d - - - - - -] 10.0.0.196 "GET /" status: 200 len: 136 microversion: 1.0
2026-06-25 23:33:19.239 8 INFO placement.requestlog [None req-5a5f9b8c-c44d-4d7d-812b-32782975b3cd - - - - - -] 10.0.0.196 "GET /" status: 200 len: 136 microversion: 1.0
2026-06-25 23:33:19.239 7 INFO placement.requestlog [None req-8fbab522-d47a-41bb-8281-6cba5e5f010b - - - - - -] 10.0.0.196 "GET /" status: 200 len: 136 microversion: 1.0
2026-06-25 23:33:29.240 8 INFO placement.requestlog [None req-d6fb02a6-25c7-468b-82b1-1a23a7f63d98 - - - - - -] 10.0.0.196 "GET /" status: 200 len: 136 microversion: 1.0
2026-06-25 23:33:29.240 7 INFO placement.requestlog [None req-6ca39223-0e28-4db0-92be-ac3b09169cdd - - - - - -] 10.0.0.196 "GET /" status: 200 len: 136 microversion: 1.0
2026-06-25 23:33:37.199 8 INFO placement.requestlog [req-231b73e0-38ca-4a86-84a2-ecc72003486d req-15806a4d-fcad-4694-8aab-319f0503f8dc d2a24631478c494ba57f89adbed07f80 5b348a9d28774d1a9926eabffd5e01e4 - - 2cd177c1069f466b8251a88850592d23 2cd177c1069f466b8251a88850592d23] 199.204.45.4 "GET /resource_providers/60a16f41-4549-4f31-93a1-9a02303e6cd9/allocations" status: 200 len: 54 microversion: 1.0 [pid: 8|app: 0|req: 307/614] 199.204.45.4 () {32 vars in 854 bytes} [Thu Jun 25 23:33:37 2026] GET /resource_providers/60a16f41-4549-4f31-93a1-9a02303e6cd9/allocations => generated 54 bytes in 17 msecs (HTTP/1.1 200) 6 headers in 223 bytes (1 switches on core 0)
2026-06-25 23:33:37.228 7 INFO placement.requestlog [req-231b73e0-38ca-4a86-84a2-ecc72003486d req-ec85f037-7969-4a1f-8289-843d498497d2 d2a24631478c494ba57f89adbed07f80 5b348a9d28774d1a9926eabffd5e01e4 - - 2cd177c1069f466b8251a88850592d23 2cd177c1069f466b8251a88850592d23] 199.204.45.4 "GET /resource_providers/60a16f41-4549-4f31-93a1-9a02303e6cd9/allocations" status: 200 len: 54 microversion: 1.0 [pid: 7|app: 0|req: 308/615] 199.204.45.4 () {32 vars in 854 bytes} [Thu Jun 25 23:33:37 2026] GET /resource_providers/60a16f41-4549-4f31-93a1-9a02303e6cd9/allocations => generated 54 bytes in 19 msecs (HTTP/1.1 200) 6 headers in 223 bytes (1 switches on core 0)
2026-06-25 23:33:39.240 7 INFO placement.requestlog [None req-a6e0bc1a-3003-4797-9b70-03af7d03b160 - - - - - -] 10.0.0.196 "GET /" status: 200 len: 136 microversion: 1.0
2026-06-25 23:33:39.240 8 INFO placement.requestlog [None req-71a8e8a2-e163-43e7-93fa-bc1bb1dde4fa - - - - - -] 10.0.0.196 "GET /" status: 200 len: 136 microversion: 1.0
2026-06-25 23:33:49.239 7 INFO placement.requestlog [None req-0cab5c8a-26d7-4430-8922-a396acbd7079 - - - - - -] 10.0.0.196 "GET /" status: 200 len: 136 microversion: 1.0
2026-06-25 23:33:49.240 8 INFO placement.requestlog [None req-07fee1e5-3ce0-41c8-ae89-4e7764ea9243 - - - - - -] 10.0.0.196 "GET /" status: 200 len: 136 microversion: 1.0
2026-06-25 23:33:59.239 7 INFO placement.requestlog [None req-0fed8596-bae7-4ea1-9d9d-2a946578bbc7 - - - - - -] 10.0.0.196 "GET /" status: 200 len: 136 microversion: 1.0
2026-06-25 23:33:59.240 8 INFO placement.requestlog [None req-9f4db915-2910-469f-b346-4ba865b5ea5c - - - - - -] 10.0.0.196 "GET /" status: 200 len: 136 microversion: 1.0
2026-06-25 23:34:09.240 7 INFO placement.requestlog [None req-6da6f8b7-ad6e-4c00-91ed-a61f5cc78df6 - - - - - -] 10.0.0.196 "GET /" status: 200 len: 136 microversion: 1.0
2026-06-25 23:34:09.240 8 INFO placement.requestlog [None req-570ceae0-354f-47ea-bf4d-0b5b1310d073 - - - - - -] 10.0.0.196 "GET /" status: 200 len: 136 microversion: 1.0
2026-06-25 23:34:19.239 8 INFO placement.requestlog [None req-eaec687f-05fb-4516-8f0b-a7e5056819a3 - - - - - -] 10.0.0.196 "GET /" status: 200 len: 136 microversion: 1.0
2026-06-25 23:34:19.240 7 INFO placement.requestlog [None req-2035aa4e-4b33-438c-81ba-9b3e5208c292 - - - - - -] 10.0.0.196 "GET /" status: 200 len: 136 microversion: 1.0
2026-06-25 23:34:27.185 8 INFO placement.requestlog [req-1e0b37be-b441-47e0-8f8a-1183e86dd228 req-cae1f2e2-280d-4abc-a72e-c2cdc49eef17 d2a24631478c494ba57f89adbed07f80 5b348a9d28774d1a9926eabffd5e01e4 - - 2cd177c1069f466b8251a88850592d23 2cd177c1069f466b8251a88850592d23] 10.0.0.165 "GET /allocation_candidates?limit=1000&resources=DISK_GB%3A1%2CMEMORY_MB%3A512%2CVCPU%3A1&root_required=%21COMPUTE_STATUS_DISABLED" status: 200 len: 2147 microversion: 1.36 [pid: 8|app: 0|req: 313/626] 10.0.0.165 () {34 vars in 1011 bytes} [Thu Jun 25 23:34:27 2026] GET /allocation_candidates?limit=1000&resources=DISK_GB%3A1%2CMEMORY_MB%3A512%2CVCPU%3A1&root_required=%21COMPUTE_STATUS_DISABLED => generated 2147 bytes in 152 msecs (HTTP/1.1 200) 8 headers in 297 bytes (1 switches on core 0)
2026-06-25 23:34:27.222 7 INFO placement.requestlog [req-1e0b37be-b441-47e0-8f8a-1183e86dd228 req-d1721bbe-a477-4272-95d8-ebde04692c61 d2a24631478c494ba57f89adbed07f80 5b348a9d28774d1a9926eabffd5e01e4 - - 2cd177c1069f466b8251a88850592d23 2cd177c1069f466b8251a88850592d23] 10.0.0.165 "GET /allocations/0d0a6cad-94bd-4060-abe4-412bdb82d635" status: 200 len: 19 microversion: 1.28 [pid: 7|app: 0|req: 314/627] 10.0.0.165 () {34 vars in 860 bytes} [Thu Jun 25 23:34:27 2026] GET /allocations/0d0a6cad-94bd-4060-abe4-412bdb82d635 => generated 19 bytes in 12 msecs (HTTP/1.1 200) 8 headers in 295 bytes (1 switches on core 0)
2026-06-25 23:34:29.240 7 INFO placement.requestlog [None req-a42d2bb1-21a5-41af-ac4c-ce7eeba0b819 - - - - - -] 10.0.0.196 "GET /" status: 200 len: 136 microversion: 1.0
2026-06-25 23:34:29.242 7 INFO placement.requestlog [None req-27f0bc30-730f-4373-a969-321ab4e6335a - - - - - -] 10.0.0.196 "GET /" status: 200 len: 136 microversion: 1.0
2026-06-25 23:34:29.961 8 INFO placement.requestlog [req-1e0b37be-b441-47e0-8f8a-1183e86dd228 req-9ca0b0e8-a229-4add-8bc1-18bf1010f2c8 d2a24631478c494ba57f89adbed07f80 5b348a9d28774d1a9926eabffd5e01e4 - - 2cd177c1069f466b8251a88850592d23 2cd177c1069f466b8251a88850592d23] 10.0.0.165 "PUT /allocations/0d0a6cad-94bd-4060-abe4-412bdb82d635" status: 204 len: 0 microversion: 1.36 [pid: 8|app: 0|req: 314/630] 10.0.0.165 () {38 vars in 913 bytes} [Thu Jun 25 23:34:27 2026] PUT /allocations/0d0a6cad-94bd-4060-abe4-412bdb82d635 => generated 0 bytes in 2732 msecs (HTTP/1.1 204) 5 headers in 199 bytes (1 switches on core 0)
2026-06-25 23:34:37.224 7 INFO placement.requestlog [req-1e0b37be-b441-47e0-8f8a-1183e86dd228 req-04a8a64f-857f-42e0-9e61-4555f23df44a d2a24631478c494ba57f89adbed07f80 5b348a9d28774d1a9926eabffd5e01e4 - - 2cd177c1069f466b8251a88850592d23 2cd177c1069f466b8251a88850592d23] 199.204.45.4 "GET /allocations/0d0a6cad-94bd-4060-abe4-412bdb82d635" status: 200 len: 257 microversion: 1.28 [pid: 7|app: 0|req: 317/631] 199.204.45.4 () {34 vars in 860 bytes} [Thu Jun 25 23:34:37 2026] GET /allocations/0d0a6cad-94bd-4060-abe4-412bdb82d635 => generated 257 bytes in 11 msecs (HTTP/1.1 200) 8 headers in 296 bytes (1 switches on core 0)
2026-06-25 23:34:39.239 8 INFO placement.requestlog [None req-cb5e8d10-892c-47be-8c39-d69f163d2878 - - - - - -] 10.0.0.196 "GET /" status: 200 len: 136 microversion: 1.0
2026-06-25 23:34:39.240 7 INFO placement.requestlog [None req-f31f2ed8-ab00-405d-b878-a6b851ef718c - - - - - -] 10.0.0.196 "GET /" status: 200 len: 136 microversion: 1.0
2026-06-25 23:34:39.488 8 INFO placement.requestlog [req-1e0b37be-b441-47e0-8f8a-1183e86dd228 req-42e277c9-0a05-49c2-9449-ccee99d82aa3 d2a24631478c494ba57f89adbed07f80 5b348a9d28774d1a9926eabffd5e01e4 - - 2cd177c1069f466b8251a88850592d23 2cd177c1069f466b8251a88850592d23] 199.204.45.4 "GET /resource_providers/60a16f41-4549-4f31-93a1-9a02303e6cd9/allocations" status: 200 len: 152 microversion: 1.0 [pid: 8|app: 0|req: 316/634] 199.204.45.4 () {32 vars in 854 bytes} [Thu Jun 25 23:34:39 2026] GET /resource_providers/60a16f41-4549-4f31-93a1-9a02303e6cd9/allocations => generated 152 bytes in 18 msecs (HTTP/1.1 200) 6 headers in 224 bytes (1 switches on core 0)
2026-06-25 23:34:39.507 7 INFO placement.requestlog [req-1e0b37be-b441-47e0-8f8a-1183e86dd228 req-10c8c5ad-af78-45e5-9e6e-9bd328f98fc7 d2a24631478c494ba57f89adbed07f80 5b348a9d28774d1a9926eabffd5e01e4 - - 2cd177c1069f466b8251a88850592d23 2cd177c1069f466b8251a88850592d23] 199.204.45.4 "GET /allocations/0d0a6cad-94bd-4060-abe4-412bdb82d635" status: 200 len: 257 microversion: 1.28 [pid: 7|app: 0|req: 319/635] 199.204.45.4 () {34 vars in 860 bytes} [Thu Jun 25 23:34:39 2026] GET /allocations/0d0a6cad-94bd-4060-abe4-412bdb82d635 => generated 257 bytes in 13 msecs (HTTP/1.1 200) 8 headers in 296 bytes (1 switches on core 0)
2026-06-25 23:34:40.587 8 INFO placement.requestlog [req-ebf18b89-8e57-4571-adf0-e5b0807034c3 req-eb980906-2f50-44ff-aeea-c276dc15438b d2a24631478c494ba57f89adbed07f80 5b348a9d28774d1a9926eabffd5e01e4 - - 2cd177c1069f466b8251a88850592d23 2cd177c1069f466b8251a88850592d23] 199.204.45.4 "GET /resource_providers/60a16f41-4549-4f31-93a1-9a02303e6cd9/allocations" status: 200 len: 152 microversion: 1.0 [pid: 8|app: 0|req: 317/636] 199.204.45.4 () {32 vars in 854 bytes} [Thu Jun 25 23:34:40 2026] GET /resource_providers/60a16f41-4549-4f31-93a1-9a02303e6cd9/allocations => generated 152 bytes in 17 msecs (HTTP/1.1 200) 6 headers in 224 bytes (1 switches on core 0)
2026-06-25 23:34:40.615 7 INFO placement.requestlog [req-ebf18b89-8e57-4571-adf0-e5b0807034c3 req-289597ac-ae54-409a-841f-8a1d53d60728 d2a24631478c494ba57f89adbed07f80 5b348a9d28774d1a9926eabffd5e01e4 - - 2cd177c1069f466b8251a88850592d23 2cd177c1069f466b8251a88850592d23] 199.204.45.4 "GET /resource_providers/60a16f41-4549-4f31-93a1-9a02303e6cd9/allocations" status: 200 len: 152 microversion: 1.0 [pid: 7|app: 0|req: 320/637] 199.204.45.4 () {32 vars in 854 bytes} [Thu Jun 25 23:34:40 2026] GET /resource_providers/60a16f41-4549-4f31-93a1-9a02303e6cd9/allocations => generated 152 bytes in 17 msecs (HTTP/1.1 200) 6 headers in 224 bytes (1 switches on core 0)
2026-06-25 23:34:40.637 8 INFO placement.requestlog [req-ebf18b89-8e57-4571-adf0-e5b0807034c3 req-7b3280f7-c5cb-4a35-9a79-436786160f38 d2a24631478c494ba57f89adbed07f80 5b348a9d28774d1a9926eabffd5e01e4 - - 2cd177c1069f466b8251a88850592d23 2cd177c1069f466b8251a88850592d23] 199.204.45.4 "GET /allocations/0d0a6cad-94bd-4060-abe4-412bdb82d635" status: 200 len: 257 microversion: 1.28 [pid: 8|app: 0|req: 318/638] 199.204.45.4 () {34 vars in 860 bytes} [Thu Jun 25 23:34:40 2026] GET /allocations/0d0a6cad-94bd-4060-abe4-412bdb82d635 => generated 257 bytes in 13 msecs (HTTP/1.1 200) 8 headers in 296 bytes (1 switches on core 0)
2026-06-25 23:34:43.215 7 INFO placement.requestlog [None req-96912681-79e5-49b3-ab85-6bf801b43a12 fb40b85c4be44d2ba3cdbb8906922eee 5b348a9d28774d1a9926eabffd5e01e4 - - 2cd177c1069f466b8251a88850592d23 2cd177c1069f466b8251a88850592d23] 10.0.0.84 "GET /resource_providers/e841efba-d808-405f-ad49-5280752d78f8/aggregates" status: 404 len: 235 microversion: 1.1 [pid: 7|app: 0|req: 321/639] 10.0.0.84 () {32 vars in 823 bytes} [Thu Jun 25 23:34:43 2026] GET /resource_providers/e841efba-d808-405f-ad49-5280752d78f8/aggregates => generated 235 bytes in 64 msecs (HTTP/1.1 404) 5 headers in 202 bytes (1 switches on core 0)
2026-06-25 23:34:43.220 8 INFO placement.requestlog [None req-f1dd7d8f-f517-4a27-a8d9-adc017816edf fb40b85c4be44d2ba3cdbb8906922eee 5b348a9d28774d1a9926eabffd5e01e4 - - 2cd177c1069f466b8251a88850592d23 2cd177c1069f466b8251a88850592d23] 10.0.0.84 "GET /resource_providers/e841efba-d808-405f-ad49-5280752d78f8/aggregates" status: 404 len: 235 microversion: 1.1 [pid: 8|app: 0|req: 319/640] 10.0.0.84 () {32 vars in 823 bytes} [Thu Jun 25 23:34:43 2026] GET /resource_providers/e841efba-d808-405f-ad49-5280752d78f8/aggregates => generated 235 bytes in 55 msecs (HTTP/1.1 404) 5 headers in 202 bytes (1 switches on core 0)
2026-06-25 23:34:43.233 7 INFO placement.requestlog [None req-9a5fc32b-16c0-42b3-927e-8883294ca1cf fb40b85c4be44d2ba3cdbb8906922eee 5b348a9d28774d1a9926eabffd5e01e4 - - 2cd177c1069f466b8251a88850592d23 2cd177c1069f466b8251a88850592d23] 10.0.0.84 "DELETE /resource_providers/e841efba-d808-405f-ad49-5280752d78f8" status: 404 len: 246 microversion: 1.1 [pid: 7|app: 0|req: 322/641] 10.0.0.84 () {34 vars in 823 bytes} [Thu Jun 25 23:34:43 2026] DELETE /resource_providers/e841efba-d808-405f-ad49-5280752d78f8 => generated 246 bytes in 9 msecs (HTTP/1.1 404) 6 headers in 231 bytes (1 switches on core 0)
2026-06-25 23:34:43.244 8 INFO placement.requestlog [None req-a1d611af-0cce-41a6-9f13-7d6d565b85b2 fb40b85c4be44d2ba3cdbb8906922eee 5b348a9d28774d1a9926eabffd5e01e4 - - 2cd177c1069f466b8251a88850592d23 2cd177c1069f466b8251a88850592d23] 10.0.0.84 "DELETE /resource_providers/e841efba-d808-405f-ad49-5280752d78f8" status: 404 len: 246 microversion: 1.1 [pid: 8|app: 0|req: 320/642] 10.0.0.84 () {34 vars in 823 bytes} [Thu Jun 25 23:34:43 2026] DELETE /resource_providers/e841efba-d808-405f-ad49-5280752d78f8 => generated 246 bytes in 12 msecs (HTTP/1.1 404) 6 headers in 231 bytes (1 switches on core 0)
2026-06-25 23:34:45.260 7 INFO placement.requestlog [None req-43f12330-53d5-4eb1-91aa-ad05b244d1cf fb40b85c4be44d2ba3cdbb8906922eee 5b348a9d28774d1a9926eabffd5e01e4 - - 2cd177c1069f466b8251a88850592d23 2cd177c1069f466b8251a88850592d23] 10.0.0.84 "GET /resource_providers/889d73e8-3e2b-4298-927f-b1ca3a33297d/aggregates" status: 404 len: 235 microversion: 1.1 [pid: 7|app: 0|req: 323/643] 10.0.0.84 () {32 vars in 823 bytes} [Thu Jun 25 23:34:45 2026] GET /resource_providers/889d73e8-3e2b-4298-927f-b1ca3a33297d/aggregates => generated 235 bytes in 16 msecs (HTTP/1.1 404) 5 headers in 202 bytes (1 switches on core 0)
2026-06-25 23:34:45.281 8 INFO placement.requestlog [None req-3a872be0-b3ac-454c-9bb7-13f9f53c9206 fb40b85c4be44d2ba3cdbb8906922eee 5b348a9d28774d1a9926eabffd5e01e4 - - 2cd177c1069f466b8251a88850592d23 2cd177c1069f466b8251a88850592d23] 10.0.0.84 "GET /resource_providers/889d73e8-3e2b-4298-927f-b1ca3a33297d/aggregates" status: 404 len: 235 microversion: 1.1 [pid: 8|app: 0|req: 321/644] 10.0.0.84 () {32 vars in 823 bytes} [Thu Jun 25 23:34:45 2026] GET /resource_providers/889d73e8-3e2b-4298-927f-b1ca3a33297d/aggregates => generated 235 bytes in 12 msecs (HTTP/1.1 404) 5 headers in 202 bytes (1 switches on core 0)
2026-06-25 23:34:45.282 7 INFO placement.requestlog [None req-c586ac52-ef6a-4cb4-b6f0-6c0728607f37 fb40b85c4be44d2ba3cdbb8906922eee 5b348a9d28774d1a9926eabffd5e01e4 - - 2cd177c1069f466b8251a88850592d23 2cd177c1069f466b8251a88850592d23] 10.0.0.84 "DELETE /resource_providers/889d73e8-3e2b-4298-927f-b1ca3a33297d" status: 404 len: 246 microversion: 1.1 [pid: 7|app: 0|req: 324/645] 10.0.0.84 () {34 vars in 823 bytes} [Thu Jun 25 23:34:45 2026] DELETE /resource_providers/889d73e8-3e2b-4298-927f-b1ca3a33297d => generated 246 bytes in 11 msecs (HTTP/1.1 404) 6 headers in 231 bytes (1 switches on core 0)
2026-06-25 23:34:45.300 8 INFO placement.requestlog [None req-61ff707a-fdd4-4c1e-968e-2c554604b1be fb40b85c4be44d2ba3cdbb8906922eee 5b348a9d28774d1a9926eabffd5e01e4 - - 2cd177c1069f466b8251a88850592d23 2cd177c1069f466b8251a88850592d23] 10.0.0.84 "DELETE /resource_providers/889d73e8-3e2b-4298-927f-b1ca3a33297d" status: 404 len: 246 microversion: 1.1 [pid: 8|app: 0|req: 322/646] 10.0.0.84 () {34 vars in 823 bytes} [Thu Jun 25 23:34:45 2026] DELETE /resource_providers/889d73e8-3e2b-4298-927f-b1ca3a33297d => generated 246 bytes in 13 msecs (HTTP/1.1 404) 6 headers in 231 bytes (1 switches on core 0)
2026-06-25 23:34:48.764 7 INFO placement.requestlog [req-ed6cb409-730e-44f1-9d70-2deff2b7a038 req-8f6efe3e-d6aa-4fbc-b8bf-efc772858161 d2a24631478c494ba57f89adbed07f80 5b348a9d28774d1a9926eabffd5e01e4 - - 2cd177c1069f466b8251a88850592d23 2cd177c1069f466b8251a88850592d23] 10.0.0.165 "GET /allocation_candidates?limit=1000&resources=MEMORY_MB%3A512%2CVCPU%3A1&root_required=%21COMPUTE_STATUS_DISABLED" status: 200 len: 2135 microversion: 1.36 [pid: 7|app: 0|req: 325/647] 10.0.0.165 () {34 vars in 983 bytes} [Thu Jun 25 23:34:48 2026] GET /allocation_candidates?limit=1000&resources=MEMORY_MB%3A512%2CVCPU%3A1&root_required=%21COMPUTE_STATUS_DISABLED => generated 2135 bytes in 60 msecs (HTTP/1.1 200) 8 headers in 297 bytes (1 switches on core 0)
2026-06-25 23:34:48.802 8 INFO placement.requestlog [req-ed6cb409-730e-44f1-9d70-2deff2b7a038 req-5ecba983-04c2-44da-bbba-c32c73e1711c d2a24631478c494ba57f89adbed07f80 5b348a9d28774d1a9926eabffd5e01e4 - - 2cd177c1069f466b8251a88850592d23 2cd177c1069f466b8251a88850592d23] 10.0.0.165 "GET /allocations/0dd2a93f-f077-4263-a57d-2cfa9ae99ccb" status: 200 len: 19 microversion: 1.28 [pid: 8|app: 0|req: 323/648] 10.0.0.165 () {34 vars in 860 bytes} [Thu Jun 25 23:34:48 2026] GET /allocations/0dd2a93f-f077-4263-a57d-2cfa9ae99ccb => generated 19 bytes in 17 msecs (HTTP/1.1 200) 8 headers in 295 bytes (1 switches on core 0)
2026-06-25 23:34:48.903 7 INFO placement.requestlog [req-ed6cb409-730e-44f1-9d70-2deff2b7a038 req-bce7c2d1-5a72-4df1-ad33-ee2ee153db6e d2a24631478c494ba57f89adbed07f80 5b348a9d28774d1a9926eabffd5e01e4 - - 2cd177c1069f466b8251a88850592d23 2cd177c1069f466b8251a88850592d23] 10.0.0.165 "PUT /allocations/0dd2a93f-f077-4263-a57d-2cfa9ae99ccb" status: 204 len: 0 microversion: 1.36 [pid: 7|app: 0|req: 326/649] 10.0.0.165 () {38 vars in 913 bytes} [Thu Jun 25 23:34:48 2026] PUT /allocations/0dd2a93f-f077-4263-a57d-2cfa9ae99ccb => generated 0 bytes in 93 msecs (HTTP/1.1 204) 5 headers in 199 bytes (1 switches on core 0)
2026-06-25 23:34:49.240 7 INFO placement.requestlog [None req-dfad6cd3-15f4-4aa2-865b-dc7fa43e5be1 - - - - - -] 10.0.0.196 "GET /" status: 200 len: 136 microversion: 1.0
2026-06-25 23:34:49.240 8 INFO placement.requestlog [None req-ce3c7222-f6cc-4983-867f-a7bed6f0b7b8 - - - - - -] 10.0.0.196 "GET /" status: 200 len: 136 microversion: 1.0
2026-06-25 23:34:49.322 8 INFO placement.requestlog [req-ed6cb409-730e-44f1-9d70-2deff2b7a038 req-6a610a73-0307-4c82-a7bf-56e15b732762 d2a24631478c494ba57f89adbed07f80 5b348a9d28774d1a9926eabffd5e01e4 - - 2cd177c1069f466b8251a88850592d23 2cd177c1069f466b8251a88850592d23] 199.204.45.4 "GET /allocations/0dd2a93f-f077-4263-a57d-2cfa9ae99ccb" status: 200 len: 243 microversion: 1.28 [pid: 8|app: 0|req: 325/652] 199.204.45.4 () {34 vars in 860 bytes} [Thu Jun 25 23:34:49 2026] GET /allocations/0dd2a93f-f077-4263-a57d-2cfa9ae99ccb => generated 243 bytes in 18 msecs (HTTP/1.1 200) 8 headers in 296 bytes (1 switches on core 0)
2026-06-25 23:34:49.462 7 INFO placement.requestlog [req-ed6cb409-730e-44f1-9d70-2deff2b7a038 req-e7bb0e9d-3d5b-4b10-8686-4b1f0094971a d2a24631478c494ba57f89adbed07f80 5b348a9d28774d1a9926eabffd5e01e4 - - 2cd177c1069f466b8251a88850592d23 2cd177c1069f466b8251a88850592d23] 199.204.45.4 "GET /resource_providers/60a16f41-4549-4f31-93a1-9a02303e6cd9/allocations" status: 200 len: 238 microversion: 1.0 [pid: 7|app: 0|req: 328/653] 199.204.45.4 () {32 vars in 854 bytes} [Thu Jun 25 23:34:49 2026] GET /resource_providers/60a16f41-4549-4f31-93a1-9a02303e6cd9/allocations => generated 238 bytes in 19 msecs (HTTP/1.1 200) 6 headers in 224 bytes (1 switches on core 0)
2026-06-25 23:34:49.494 8 INFO placement.requestlog [req-ed6cb409-730e-44f1-9d70-2deff2b7a038 req-c0c56e0d-bf1a-4943-91a9-3d09c39600e7 d2a24631478c494ba57f89adbed07f80 5b348a9d28774d1a9926eabffd5e01e4 - - 2cd177c1069f466b8251a88850592d23 2cd177c1069f466b8251a88850592d23] 199.204.45.4 "GET /allocations/0d0a6cad-94bd-4060-abe4-412bdb82d635" status: 200 len: 257 microversion: 1.28 [pid: 8|app: 0|req: 326/654] 199.204.45.4 () {34 vars in 860 bytes} [Thu Jun 25 23:34:49 2026] GET /allocations/0d0a6cad-94bd-4060-abe4-412bdb82d635 => generated 257 bytes in 22 msecs (HTTP/1.1 200) 8 headers in 296 bytes (1 switches on core 0)
2026-06-25 23:34:49.516 7 INFO placement.requestlog [req-ed6cb409-730e-44f1-9d70-2deff2b7a038 req-c3e62a5c-a5d0-43af-b5b1-398ee2684823 d2a24631478c494ba57f89adbed07f80 5b348a9d28774d1a9926eabffd5e01e4 - - 2cd177c1069f466b8251a88850592d23 2cd177c1069f466b8251a88850592d23] 199.204.45.4 "GET /allocations/0dd2a93f-f077-4263-a57d-2cfa9ae99ccb" status: 200 len: 243 microversion: 1.28 [pid: 7|app: 0|req: 329/655] 199.204.45.4 () {34 vars in 860 bytes} [Thu Jun 25 23:34:49 2026] GET /allocations/0dd2a93f-f077-4263-a57d-2cfa9ae99ccb => generated 243 bytes in 14 msecs (HTTP/1.1 200) 8 headers in 296 bytes (1 switches on core 0)
2026-06-25 23:34:54.002 8 INFO placement.requestlog [req-608f72c8-763e-4d26-bdfd-8ff91b86d085 req-19fbec62-4696-4627-9f7f-106e719b07e0 d2a24631478c494ba57f89adbed07f80 5b348a9d28774d1a9926eabffd5e01e4 - - 2cd177c1069f466b8251a88850592d23 2cd177c1069f466b8251a88850592d23] 10.0.0.165 "GET /allocation_candidates?limit=1000&resources=DISK_GB%3A1%2CMEMORY_MB%3A512%2CVCPU%3A1&root_required=%21COMPUTE_STATUS_DISABLED" status: 200 len: 2150 microversion: 1.36 [pid: 8|app: 0|req: 327/656] 10.0.0.165 () {34 vars in 1011 bytes} [Thu Jun 25 23:34:53 2026] GET /allocation_candidates?limit=1000&resources=DISK_GB%3A1%2CMEMORY_MB%3A512%2CVCPU%3A1&root_required=%21COMPUTE_STATUS_DISABLED => generated 2150 bytes in 44 msecs (HTTP/1.1 200) 8 headers in 297 bytes (1 switches on core 0)
2026-06-25 23:34:54.042 7 INFO placement.requestlog [req-608f72c8-763e-4d26-bdfd-8ff91b86d085 req-6448b8c0-52f6-48b5-a656-f670665c0823 d2a24631478c494ba57f89adbed07f80 5b348a9d28774d1a9926eabffd5e01e4 - - 2cd177c1069f466b8251a88850592d23 2cd177c1069f466b8251a88850592d23] 10.0.0.165 "GET /allocations/3fcba95d-a1cf-4347-81a6-04397e9983f3" status: 200 len: 19 microversion: 1.28 [pid: 7|app: 0|req: 330/657] 10.0.0.165 () {34 vars in 860 bytes} [Thu Jun 25 23:34:54 2026] GET /allocations/3fcba95d-a1cf-4347-81a6-04397e9983f3 => generated 19 bytes in 15 msecs (HTTP/1.1 200) 8 headers in 295 bytes (1 switches on core 0)
2026-06-25 23:34:54.130 8 INFO placement.requestlog [req-608f72c8-763e-4d26-bdfd-8ff91b86d085 req-b40e4389-39ed-468d-851a-0a046c480985 d2a24631478c494ba57f89adbed07f80 5b348a9d28774d1a9926eabffd5e01e4 - - 2cd177c1069f466b8251a88850592d23 2cd177c1069f466b8251a88850592d23] 10.0.0.165 "PUT /allocations/3fcba95d-a1cf-4347-81a6-04397e9983f3" status: 204 len: 0 microversion: 1.36 [pid: 8|app: 0|req: 328/658] 10.0.0.165 () {38 vars in 913 bytes} [Thu Jun 25 23:34:54 2026] PUT /allocations/3fcba95d-a1cf-4347-81a6-04397e9983f3 => generated 0 bytes in 79 msecs (HTTP/1.1 204) 5 headers in 199 bytes (1 switches on core 0)
2026-06-25 23:34:54.390 7 INFO placement.requestlog [req-608f72c8-763e-4d26-bdfd-8ff91b86d085 req-1dc0c934-51ec-4578-8a58-b3eb919f7a8e d2a24631478c494ba57f89adbed07f80 5b348a9d28774d1a9926eabffd5e01e4 - - 2cd177c1069f466b8251a88850592d23 2cd177c1069f466b8251a88850592d23] 199.204.45.4 "GET /allocations/3fcba95d-a1cf-4347-81a6-04397e9983f3" status: 200 len: 257 microversion: 1.28 [pid: 7|app: 0|req: 331/659] 199.204.45.4 () {34 vars in 860 bytes} [Thu Jun 25 23:34:54 2026] GET /allocations/3fcba95d-a1cf-4347-81a6-04397e9983f3 => generated 257 bytes in 18 msecs (HTTP/1.1 200) 8 headers in 296 bytes (1 switches on core 0)
2026-06-25 23:34:54.500 8 INFO placement.requestlog [req-608f72c8-763e-4d26-bdfd-8ff91b86d085 req-356fdeb1-93d7-4690-a572-ac571fc31e39 d2a24631478c494ba57f89adbed07f80 5b348a9d28774d1a9926eabffd5e01e4 - - 2cd177c1069f466b8251a88850592d23 2cd177c1069f466b8251a88850592d23] 199.204.45.4 "GET /resource_providers/60a16f41-4549-4f31-93a1-9a02303e6cd9/allocations" status: 200 len: 338 microversion: 1.0 [pid: 8|app: 0|req: 329/660] 199.204.45.4 () {32 vars in 854 bytes} [Thu Jun 25 23:34:54 2026] GET /resource_providers/60a16f41-4549-4f31-93a1-9a02303e6cd9/allocations => generated 338 bytes in 17 msecs (HTTP/1.1 200) 6 headers in 224 bytes (1 switches on core 0)
2026-06-25 23:34:54.527 7 INFO placement.requestlog [req-608f72c8-763e-4d26-bdfd-8ff91b86d085 req-e4c50147-45f7-435a-9dc3-13dc19405328 d2a24631478c494ba57f89adbed07f80 5b348a9d28774d1a9926eabffd5e01e4 - - 2cd177c1069f466b8251a88850592d23 2cd177c1069f466b8251a88850592d23] 199.204.45.4 "GET /allocations/0d0a6cad-94bd-4060-abe4-412bdb82d635" status: 200 len: 257 microversion: 1.28 [pid: 7|app: 0|req: 332/661] 199.204.45.4 () {34 vars in 860 bytes} [Thu Jun 25 23:34:54 2026] GET /allocations/0d0a6cad-94bd-4060-abe4-412bdb82d635 => generated 257 bytes in 16 msecs (HTTP/1.1 200) 8 headers in 296 bytes (1 switches on core 0)
2026-06-25 23:34:54.551 8 INFO placement.requestlog [req-608f72c8-763e-4d26-bdfd-8ff91b86d085 req-f9d3d508-e7a4-4308-bfe2-9bd07fd0a4a8 d2a24631478c494ba57f89adbed07f80 5b348a9d28774d1a9926eabffd5e01e4 - - 2cd177c1069f466b8251a88850592d23 2cd177c1069f466b8251a88850592d23] 199.204.45.4 "GET /allocations/0dd2a93f-f077-4263-a57d-2cfa9ae99ccb" status: 200 len: 243 microversion: 1.28 [pid: 8|app: 0|req: 330/662] 199.204.45.4 () {34 vars in 860 bytes} [Thu Jun 25 23:34:54 2026] GET /allocations/0dd2a93f-f077-4263-a57d-2cfa9ae99ccb => generated 243 bytes in 16 msecs (HTTP/1.1 200) 8 headers in 296 bytes (1 switches on core 0)
2026-06-25 23:34:54.575 7 INFO placement.requestlog [req-608f72c8-763e-4d26-bdfd-8ff91b86d085 req-59c30ec5-f87d-4abe-af84-caff87e80b5d d2a24631478c494ba57f89adbed07f80 5b348a9d28774d1a9926eabffd5e01e4 - - 2cd177c1069f466b8251a88850592d23 2cd177c1069f466b8251a88850592d23] 199.204.45.4 "GET /allocations/3fcba95d-a1cf-4347-81a6-04397e9983f3" status: 200 len: 257 microversion: 1.28 [pid: 7|app: 0|req: 333/663] 199.204.45.4 () {34 vars in 860 bytes} [Thu Jun 25 23:34:54 2026] GET /allocations/3fcba95d-a1cf-4347-81a6-04397e9983f3 => generated 257 bytes in 15 msecs (HTTP/1.1 200) 8 headers in 296 bytes (1 switches on core 0)
2026-06-25 23:34:59.239 8 INFO placement.requestlog [None req-edddffd5-eb09-4ffd-a301-e7da17d3cad5 - - - - - -] 10.0.0.196 "GET /" status: 200 len: 136 microversion: 1.0
2026-06-25 23:34:59.239 7 INFO placement.requestlog [None req-233ac8bc-7317-46f4-ac9f-c5123c761526 - - - - - -] 10.0.0.196 "GET /" status: 200 len: 136 microversion: 1.0
2026-06-25 23:35:02.804 7 INFO placement.requestlog [req-d05b05a4-70f5-453c-b721-df8653f7d2b0 req-7586707c-a203-4dc2-ac55-7cc913e03e83 d2a24631478c494ba57f89adbed07f80 5b348a9d28774d1a9926eabffd5e01e4 - - 2cd177c1069f466b8251a88850592d23 2cd177c1069f466b8251a88850592d23] 199.204.45.4 "GET /resource_providers/60a16f41-4549-4f31-93a1-9a02303e6cd9/allocations" status: 200 len: 338 microversion: 1.0 [pid: 7|app: 0|req: 335/666] 199.204.45.4 () {32 vars in 854 bytes} [Thu Jun 25 23:35:02 2026] GET /resource_providers/60a16f41-4549-4f31-93a1-9a02303e6cd9/allocations => generated 338 bytes in 20 msecs (HTTP/1.1 200) 6 headers in 224 bytes (1 switches on core 0)
2026-06-25 23:35:02.826 8 INFO placement.requestlog [req-d05b05a4-70f5-453c-b721-df8653f7d2b0 req-5de56b3e-4e04-460a-8b8a-693cf2e2ee57 d2a24631478c494ba57f89adbed07f80 5b348a9d28774d1a9926eabffd5e01e4 - - 2cd177c1069f466b8251a88850592d23 2cd177c1069f466b8251a88850592d23] 199.204.45.4 "GET /allocations/0d0a6cad-94bd-4060-abe4-412bdb82d635" status: 200 len: 257 microversion: 1.28 [pid: 8|app: 0|req: 332/667] 199.204.45.4 () {34 vars in 860 bytes} [Thu Jun 25 23:35:02 2026] GET /allocations/0d0a6cad-94bd-4060-abe4-412bdb82d635 => generated 257 bytes in 15 msecs (HTTP/1.1 200) 8 headers in 296 bytes (1 switches on core 0)
2026-06-25 23:35:02.849 7 INFO placement.requestlog [req-d05b05a4-70f5-453c-b721-df8653f7d2b0 req-972d3a93-e809-4b58-b4b3-57cc63ed0701 d2a24631478c494ba57f89adbed07f80 5b348a9d28774d1a9926eabffd5e01e4 - - 2cd177c1069f466b8251a88850592d23 2cd177c1069f466b8251a88850592d23] 199.204.45.4 "GET /allocations/0dd2a93f-f077-4263-a57d-2cfa9ae99ccb" status: 200 len: 243 microversion: 1.28 [pid: 7|app: 0|req: 336/668] 199.204.45.4 () {34 vars in 860 bytes} [Thu Jun 25 23:35:02 2026] GET /allocations/0dd2a93f-f077-4263-a57d-2cfa9ae99ccb => generated 243 bytes in 13 msecs (HTTP/1.1 200) 8 headers in 296 bytes (1 switches on core 0)
2026-06-25 23:35:02.871 8 INFO placement.requestlog [req-d05b05a4-70f5-453c-b721-df8653f7d2b0 req-ef4b62d4-6e53-4109-aef8-821c5f1dab10 d2a24631478c494ba57f89adbed07f80 5b348a9d28774d1a9926eabffd5e01e4 - - 2cd177c1069f466b8251a88850592d23 2cd177c1069f466b8251a88850592d23] 199.204.45.4 "GET /allocations/3fcba95d-a1cf-4347-81a6-04397e9983f3" status: 200 len: 257 microversion: 1.28 [pid: 8|app: 0|req: 333/669] 199.204.45.4 () {34 vars in 860 bytes} [Thu Jun 25 23:35:02 2026] GET /allocations/3fcba95d-a1cf-4347-81a6-04397e9983f3 => generated 257 bytes in 14 msecs (HTTP/1.1 200) 8 headers in 296 bytes (1 switches on core 0)
2026-06-25 23:35:02.952 7 INFO placement.requestlog [req-d05b05a4-70f5-453c-b721-df8653f7d2b0 req-b25af616-36fa-4a5e-9e7b-0fe3b9c5bd5e d2a24631478c494ba57f89adbed07f80 5b348a9d28774d1a9926eabffd5e01e4 - - 2cd177c1069f466b8251a88850592d23 2cd177c1069f466b8251a88850592d23] 199.204.45.4 "DELETE /allocations/3fcba95d-a1cf-4347-81a6-04397e9983f3" status: 204 len: 0 microversion: 1.0 [pid: 7|app: 0|req: 337/670] 199.204.45.4 () {34 vars in 838 bytes} [Thu Jun 25 23:35:02 2026] DELETE /allocations/3fcba95d-a1cf-4347-81a6-04397e9983f3 => generated 0 bytes in 32 msecs (HTTP/1.1 204) 5 headers in 198 bytes (1 switches on core 0)
2026-06-25 23:35:03.861 8 INFO placement.requestlog [req-27ae52a8-5148-45e2-b79f-48f052483b6b req-3d4b99e1-287e-4c9d-8fcf-7d0c33752c65 d2a24631478c494ba57f89adbed07f80 5b348a9d28774d1a9926eabffd5e01e4 - - 2cd177c1069f466b8251a88850592d23 2cd177c1069f466b8251a88850592d23] 199.204.45.4 "GET /resource_providers/60a16f41-4549-4f31-93a1-9a02303e6cd9/allocations" status: 200 len: 238 microversion: 1.0 [pid: 8|app: 0|req: 334/671] 199.204.45.4 () {32 vars in 854 bytes} [Thu Jun 25 23:35:03 2026] GET /resource_providers/60a16f41-4549-4f31-93a1-9a02303e6cd9/allocations => generated 238 bytes in 20 msecs (HTTP/1.1 200) 6 headers in 224 bytes (1 switches on core 0)
2026-06-25 23:35:03.887 7 INFO placement.requestlog [req-27ae52a8-5148-45e2-b79f-48f052483b6b req-6f1dd986-f46c-44a5-ac66-050b3a9a4e92 d2a24631478c494ba57f89adbed07f80 5b348a9d28774d1a9926eabffd5e01e4 - - 2cd177c1069f466b8251a88850592d23 2cd177c1069f466b8251a88850592d23] 199.204.45.4 "GET /allocations/0d0a6cad-94bd-4060-abe4-412bdb82d635" status: 200 len: 257 microversion: 1.28 [pid: 7|app: 0|req: 338/672] 199.204.45.4 () {34 vars in 860 bytes} [Thu Jun 25 23:35:03 2026] GET /allocations/0d0a6cad-94bd-4060-abe4-412bdb82d635 => generated 257 bytes in 19 msecs (HTTP/1.1 200) 8 headers in 296 bytes (1 switches on core 0)
2026-06-25 23:35:03.912 8 INFO placement.requestlog [req-27ae52a8-5148-45e2-b79f-48f052483b6b req-4f3a9b18-fc01-496a-9400-bb317af862b6 d2a24631478c494ba57f89adbed07f80 5b348a9d28774d1a9926eabffd5e01e4 - - 2cd177c1069f466b8251a88850592d23 2cd177c1069f466b8251a88850592d23] 199.204.45.4 "GET /allocations/0dd2a93f-f077-4263-a57d-2cfa9ae99ccb" status: 200 len: 243 microversion: 1.28 [pid: 8|app: 0|req: 335/673] 199.204.45.4 () {34 vars in 860 bytes} [Thu Jun 25 23:35:03 2026] GET /allocations/0dd2a93f-f077-4263-a57d-2cfa9ae99ccb => generated 243 bytes in 17 msecs (HTTP/1.1 200) 8 headers in 296 bytes (1 switches on core 0)
2026-06-25 23:35:04.008 7 INFO placement.requestlog [req-27ae52a8-5148-45e2-b79f-48f052483b6b req-e5441e67-592d-484f-8d3f-b6e6c34fa4b1 d2a24631478c494ba57f89adbed07f80 5b348a9d28774d1a9926eabffd5e01e4 - - 2cd177c1069f466b8251a88850592d23 2cd177c1069f466b8251a88850592d23] 199.204.45.4 "DELETE /allocations/0dd2a93f-f077-4263-a57d-2cfa9ae99ccb" status: 204 len: 0 microversion: 1.0 [pid: 7|app: 0|req: 339/674] 199.204.45.4 () {34 vars in 838 bytes} [Thu Jun 25 23:35:03 2026] DELETE /allocations/0dd2a93f-f077-4263-a57d-2cfa9ae99ccb => generated 0 bytes in 35 msecs (HTTP/1.1 204) 5 headers in 198 bytes (1 switches on core 0)
2026-06-25 23:35:07.062 7 INFO placement.requestlog [None req-c3be9b04-f67a-4593-a352-eefa1cca2021 fb40b85c4be44d2ba3cdbb8906922eee 5b348a9d28774d1a9926eabffd5e01e4 - - 2cd177c1069f466b8251a88850592d23 2cd177c1069f466b8251a88850592d23] 10.0.0.84 "GET /resource_providers/55c9c9f3-689d-4384-8a97-425da3f62d20/aggregates" status: 404 len: 235 microversion: 1.1
2026-06-25 23:35:07.062 8 INFO placement.requestlog [None req-a0f7966e-de25-44bb-a31b-b81a20a7f9f2 fb40b85c4be44d2ba3cdbb8906922eee 5b348a9d28774d1a9926eabffd5e01e4 - - 2cd177c1069f466b8251a88850592d23 2cd177c1069f466b8251a88850592d23] 10.0.0.84 "GET /resource_providers/55c9c9f3-689d-4384-8a97-425da3f62d20/aggregates" status: 404 len: 235 microversion: 1.1 [pid: 7|app: 0|req: 340/675] 10.0.0.84 () {32 vars in 823 bytes} [Thu Jun 25 23:35:07 2026] GET /resource_providers/55c9c9f3-689d-4384-8a97-425da3f62d20/aggregates => generated 235 bytes in 11 msecs (HTTP/1.1 404) 5 headers in 202 bytes (1 switches on core 0) [pid: 8|app: 0|req: 336/676] 10.0.0.84 () {32 vars in 823 bytes} [Thu Jun 25 23:35:07 2026] GET /resource_providers/55c9c9f3-689d-4384-8a97-425da3f62d20/aggregates => generated 235 bytes in 11 msecs (HTTP/1.1 404) 5 headers in 202 bytes (1 switches on core 0)
2026-06-25 23:35:07.083 8 INFO placement.requestlog [None req-2d39a69b-63a3-4b09-a844-8d04445f1005 fb40b85c4be44d2ba3cdbb8906922eee 5b348a9d28774d1a9926eabffd5e01e4 - - 2cd177c1069f466b8251a88850592d23 2cd177c1069f466b8251a88850592d23] 10.0.0.84 "DELETE /resource_providers/55c9c9f3-689d-4384-8a97-425da3f62d20" status: 404 len: 246 microversion: 1.1 [pid: 8|app: 0|req: 337/677] 10.0.0.84 () {34 vars in 823 bytes} [Thu Jun 25 23:35:07 2026] DELETE /resource_providers/55c9c9f3-689d-4384-8a97-425da3f62d20 => generated 246 bytes in 9 msecs (HTTP/1.1 404) 6 headers in 231 bytes (1 switches on core 0)
2026-06-25 23:35:07.086 7 INFO placement.requestlog [None req-4737d7f1-1fee-48bd-a5d2-7fca2b75b1c7 fb40b85c4be44d2ba3cdbb8906922eee 5b348a9d28774d1a9926eabffd5e01e4 - - 2cd177c1069f466b8251a88850592d23 2cd177c1069f466b8251a88850592d23] 10.0.0.84 "DELETE /resource_providers/55c9c9f3-689d-4384-8a97-425da3f62d20" status: 404 len: 246 microversion: 1.1 [pid: 7|app: 0|req: 341/678] 10.0.0.84 () {34 vars in 823 bytes} [Thu Jun 25 23:35:07 2026] DELETE /resource_providers/55c9c9f3-689d-4384-8a97-425da3f62d20 => generated 246 bytes in 12 msecs (HTTP/1.1 404) 6 headers in 231 bytes (1 switches on core 0)
2026-06-25 23:35:08.053 7 INFO placement.requestlog [None req-630bd50a-e7ce-41ad-b536-3af381262253 fb40b85c4be44d2ba3cdbb8906922eee 5b348a9d28774d1a9926eabffd5e01e4 - - 2cd177c1069f466b8251a88850592d23 2cd177c1069f466b8251a88850592d23] 10.0.0.84 "GET /resource_providers/50900127-ea58-4d80-a913-8f4a8319fdd2/aggregates" status: 404 len: 235 microversion: 1.1 [pid: 7|app: 0|req: 342/679] 10.0.0.84 () {32 vars in 823 bytes} [Thu Jun 25 23:35:07 2026] GET /resource_providers/50900127-ea58-4d80-a913-8f4a8319fdd2/aggregates => generated 235 bytes in 118 msecs (HTTP/1.1 404) 5 headers in 202 bytes (1 switches on core 0)
2026-06-25 23:35:08.060 8 INFO placement.requestlog [None req-31420d29-829c-4fd1-a677-bbc0d0b3c1da fb40b85c4be44d2ba3cdbb8906922eee 5b348a9d28774d1a9926eabffd5e01e4 - - 2cd177c1069f466b8251a88850592d23 2cd177c1069f466b8251a88850592d23] 10.0.0.84 "GET /resource_providers/50900127-ea58-4d80-a913-8f4a8319fdd2/aggregates" status: 404 len: 235 microversion: 1.1 [pid: 8|app: 0|req: 338/680] 10.0.0.84 () {32 vars in 823 bytes} [Thu Jun 25 23:35:07 2026] GET /resource_providers/50900127-ea58-4d80-a913-8f4a8319fdd2/aggregates => generated 235 bytes in 156 msecs (HTTP/1.1 404) 5 headers in 202 bytes (1 switches on core 0)
2026-06-25 23:35:08.082 7 INFO placement.requestlog [None req-cc26bca1-c599-4f57-b231-a7541aa8868f fb40b85c4be44d2ba3cdbb8906922eee 5b348a9d28774d1a9926eabffd5e01e4 - - 2cd177c1069f466b8251a88850592d23 2cd177c1069f466b8251a88850592d23] 10.0.0.84 "DELETE /resource_providers/50900127-ea58-4d80-a913-8f4a8319fdd2" status: 404 len: 246 microversion: 1.1 [pid: 7|app: 0|req: 343/681] 10.0.0.84 () {34 vars in 823 bytes} [Thu Jun 25 23:35:08 2026] DELETE /resource_providers/50900127-ea58-4d80-a913-8f4a8319fdd2 => generated 246 bytes in 15 msecs (HTTP/1.1 404) 6 headers in 231 bytes (1 switches on core 0)
2026-06-25 23:35:08.085 8 INFO placement.requestlog [None req-a9813cf2-4cff-4e41-9824-80835e2c21df fb40b85c4be44d2ba3cdbb8906922eee 5b348a9d28774d1a9926eabffd5e01e4 - - 2cd177c1069f466b8251a88850592d23 2cd177c1069f466b8251a88850592d23] 10.0.0.84 "DELETE /resource_providers/50900127-ea58-4d80-a913-8f4a8319fdd2" status: 404 len: 246 microversion: 1.1 [pid: 8|app: 0|req: 339/682] 10.0.0.84 () {34 vars in 823 bytes} [Thu Jun 25 23:35:08 2026] DELETE /resource_providers/50900127-ea58-4d80-a913-8f4a8319fdd2 => generated 246 bytes in 9 msecs (HTTP/1.1 404) 6 headers in 231 bytes (1 switches on core 0)
2026-06-25 23:35:09.249 7 INFO placement.requestlog [None req-8d29122d-8c42-4de4-84f3-3c443131df80 - - - - - -] 10.0.0.196 "GET /" status: 200 len: 136 microversion: 1.0
2026-06-25 23:35:09.250 8 INFO placement.requestlog [None req-57bdf043-a938-460f-9308-44cff00d2af2 - - - - - -] 10.0.0.196 "GET /" status: 200 len: 136 microversion: 1.0
2026-06-25 23:35:18.504 7 INFO placement.requestlog [req-6dbc2dc1-6357-4260-b566-1a4a0d8a29a0 req-025a9f5d-4155-4a57-97c1-9a4c1fd19d3a d2a24631478c494ba57f89adbed07f80 5b348a9d28774d1a9926eabffd5e01e4 - - 2cd177c1069f466b8251a88850592d23 2cd177c1069f466b8251a88850592d23] 199.204.45.4 "GET /resource_providers/60a16f41-4549-4f31-93a1-9a02303e6cd9/allocations" status: 200 len: 152 microversion: 1.0 [pid: 7|app: 0|req: 345/685] 199.204.45.4 () {32 vars in 854 bytes} [Thu Jun 25 23:35:18 2026] GET /resource_providers/60a16f41-4549-4f31-93a1-9a02303e6cd9/allocations => generated 152 bytes in 18 msecs (HTTP/1.1 200) 6 headers in 224 bytes (1 switches on core 0)
2026-06-25 23:35:18.524 8 INFO placement.requestlog [req-6dbc2dc1-6357-4260-b566-1a4a0d8a29a0 req-51bd37c0-8f3b-4ca3-96df-b36b80aff191 d2a24631478c494ba57f89adbed07f80 5b348a9d28774d1a9926eabffd5e01e4 - - 2cd177c1069f466b8251a88850592d23 2cd177c1069f466b8251a88850592d23] 199.204.45.4 "GET /allocations/0d0a6cad-94bd-4060-abe4-412bdb82d635" status: 200 len: 257 microversion: 1.28 [pid: 8|app: 0|req: 341/686] 199.204.45.4 () {34 vars in 860 bytes} [Thu Jun 25 23:35:18 2026] GET /allocations/0d0a6cad-94bd-4060-abe4-412bdb82d635 => generated 257 bytes in 11 msecs (HTTP/1.1 200) 8 headers in 296 bytes (1 switches on core 0)
2026-06-25 23:35:18.602 7 INFO placement.requestlog [req-6dbc2dc1-6357-4260-b566-1a4a0d8a29a0 req-19b1944f-53c0-4fd9-b55b-c2364bfbf49e d2a24631478c494ba57f89adbed07f80 5b348a9d28774d1a9926eabffd5e01e4 - - 2cd177c1069f466b8251a88850592d23 2cd177c1069f466b8251a88850592d23] 199.204.45.4 "DELETE /allocations/0d0a6cad-94bd-4060-abe4-412bdb82d635" status: 204 len: 0 microversion: 1.0 [pid: 7|app: 0|req: 346/687] 199.204.45.4 () {34 vars in 838 bytes} [Thu Jun 25 23:35:18 2026] DELETE /allocations/0d0a6cad-94bd-4060-abe4-412bdb82d635 => generated 0 bytes in 30 msecs (HTTP/1.1 204) 5 headers in 198 bytes (1 switches on core 0)
2026-06-25 23:35:19.240 8 INFO placement.requestlog [None req-436cb6fa-35f9-4cdc-a671-98bdfa633b0c - - - - - -] 10.0.0.196 "GET /" status: 200 len: 136 microversion: 1.0
2026-06-25 23:35:19.240 7 INFO placement.requestlog [None req-80541b6d-5722-47a6-a442-67a74ca28bff - - - - - -] 10.0.0.196 "GET /" status: 200 len: 136 microversion: 1.0
2026-06-25 23:35:19.689 8 INFO placement.requestlog [req-966c9cd9-c6db-4d45-9801-b0335a9210d3 req-858afc3e-125b-41a3-b9cc-15b6295a3261 d2a24631478c494ba57f89adbed07f80 5b348a9d28774d1a9926eabffd5e01e4 - - 2cd177c1069f466b8251a88850592d23 2cd177c1069f466b8251a88850592d23] 10.0.0.165 "GET /allocation_candidates?limit=1000&resources=DISK_GB%3A1%2CMEMORY_MB%3A512%2CVCPU%3A1&root_required=%21COMPUTE_STATUS_DISABLED" status: 200 len: 2147 microversion: 1.36 [pid: 8|app: 0|req: 343/690] 10.0.0.165 () {34 vars in 1011 bytes} [Thu Jun 25 23:35:19 2026] GET /allocation_candidates?limit=1000&resources=DISK_GB%3A1%2CMEMORY_MB%3A512%2CVCPU%3A1&root_required=%21COMPUTE_STATUS_DISABLED => generated 2147 bytes in 50 msecs (HTTP/1.1 200) 8 headers in 297 bytes (1 switches on core 0)
2026-06-25 23:35:19.730 7 INFO placement.requestlog [req-966c9cd9-c6db-4d45-9801-b0335a9210d3 req-c93273a5-ca15-4801-b0bc-14b46a4e2b35 d2a24631478c494ba57f89adbed07f80 5b348a9d28774d1a9926eabffd5e01e4 - - 2cd177c1069f466b8251a88850592d23 2cd177c1069f466b8251a88850592d23] 10.0.0.165 "GET /allocations/7ced7838-0773-443f-ae43-e5b17b6ad59f" status: 200 len: 19 microversion: 1.28 [pid: 7|app: 0|req: 348/691] 10.0.0.165 () {34 vars in 860 bytes} [Thu Jun 25 23:35:19 2026] GET /allocations/7ced7838-0773-443f-ae43-e5b17b6ad59f => generated 19 bytes in 12 msecs (HTTP/1.1 200) 8 headers in 295 bytes (1 switches on core 0)
2026-06-25 23:35:19.810 8 INFO placement.requestlog [req-966c9cd9-c6db-4d45-9801-b0335a9210d3 req-68ca1ccf-9586-44fb-b3e3-0503385e94da d2a24631478c494ba57f89adbed07f80 5b348a9d28774d1a9926eabffd5e01e4 - - 2cd177c1069f466b8251a88850592d23 2cd177c1069f466b8251a88850592d23] 10.0.0.165 "PUT /allocations/7ced7838-0773-443f-ae43-e5b17b6ad59f" status: 204 len: 0 microversion: 1.36 [pid: 8|app: 0|req: 344/692] 10.0.0.165 () {38 vars in 913 bytes} [Thu Jun 25 23:35:19 2026] PUT /allocations/7ced7838-0773-443f-ae43-e5b17b6ad59f => generated 0 bytes in 72 msecs (HTTP/1.1 204) 5 headers in 199 bytes (1 switches on core 0)
2026-06-25 23:35:20.134 7 INFO placement.requestlog [req-966c9cd9-c6db-4d45-9801-b0335a9210d3 req-d3882456-48fc-45b2-bf8a-a6705bb02b2c d2a24631478c494ba57f89adbed07f80 5b348a9d28774d1a9926eabffd5e01e4 - - 2cd177c1069f466b8251a88850592d23 2cd177c1069f466b8251a88850592d23] 199.204.45.4 "GET /allocations/7ced7838-0773-443f-ae43-e5b17b6ad59f" status: 200 len: 257 microversion: 1.28 [pid: 7|app: 0|req: 349/693] 199.204.45.4 () {34 vars in 860 bytes} [Thu Jun 25 23:35:20 2026] GET /allocations/7ced7838-0773-443f-ae43-e5b17b6ad59f => generated 257 bytes in 23 msecs (HTTP/1.1 200) 8 headers in 296 bytes (1 switches on core 0)
2026-06-25 23:35:20.239 8 INFO placement.requestlog [req-966c9cd9-c6db-4d45-9801-b0335a9210d3 req-1c48ed32-6dfd-4652-a21d-fee4990e43c8 d2a24631478c494ba57f89adbed07f80 5b348a9d28774d1a9926eabffd5e01e4 - - 2cd177c1069f466b8251a88850592d23 2cd177c1069f466b8251a88850592d23] 199.204.45.4 "GET /resource_providers/60a16f41-4549-4f31-93a1-9a02303e6cd9/allocations" status: 200 len: 152 microversion: 1.0 [pid: 8|app: 0|req: 345/694] 199.204.45.4 () {32 vars in 854 bytes} [Thu Jun 25 23:35:20 2026] GET /resource_providers/60a16f41-4549-4f31-93a1-9a02303e6cd9/allocations => generated 152 bytes in 22 msecs (HTTP/1.1 200) 6 headers in 224 bytes (1 switches on core 0)
2026-06-25 23:35:20.260 7 INFO placement.requestlog [req-966c9cd9-c6db-4d45-9801-b0335a9210d3 req-978aea17-7a6c-429b-862b-378e8f1e005a d2a24631478c494ba57f89adbed07f80 5b348a9d28774d1a9926eabffd5e01e4 - - 2cd177c1069f466b8251a88850592d23 2cd177c1069f466b8251a88850592d23] 199.204.45.4 "GET /allocations/7ced7838-0773-443f-ae43-e5b17b6ad59f" status: 200 len: 257 microversion: 1.28 [pid: 7|app: 0|req: 350/695] 199.204.45.4 () {34 vars in 860 bytes} [Thu Jun 25 23:35:20 2026] GET /allocations/7ced7838-0773-443f-ae43-e5b17b6ad59f => generated 257 bytes in 13 msecs (HTTP/1.1 200) 8 headers in 296 bytes (1 switches on core 0)
2026-06-25 23:35:22.836 8 INFO placement.requestlog [None req-8f4170da-d9cd-4bce-bcc4-9679f100d453 fb40b85c4be44d2ba3cdbb8906922eee 5b348a9d28774d1a9926eabffd5e01e4 - - 2cd177c1069f466b8251a88850592d23 2cd177c1069f466b8251a88850592d23] 10.0.0.84 "GET /resource_providers/363f428d-05a9-4576-a5c4-9dbf7be71825/aggregates" status: 404 len: 235 microversion: 1.1 [pid: 8|app: 0|req: 346/696] 10.0.0.84 () {32 vars in 823 bytes} [Thu Jun 25 23:35:22 2026] GET /resource_providers/363f428d-05a9-4576-a5c4-9dbf7be71825/aggregates => generated 235 bytes in 12 msecs (HTTP/1.1 404) 5 headers in 202 bytes (1 switches on core 0)
