2026-06-25 23:37:21.622 9 INFO neutron.wsgi [req-3de0fc35-dbc5-474f-81dd-faf0f97b355b req-dc63f025-a5ba-4d05-8654-6e08a41e3872 f23d5650e19d4e0894311b30285bbc87 380346ed49144edfa4828877dda45289 - - default default] 10.0.0.226 "GET /v2.0/security-groups?id=aff61369-9a4e-4955-81c1-ceaa4870a28c&fields=id&fields=name HTTP/1.1" status: 200 len: 312 time: 0.0474942
2026-06-25 23:37:21.700 9 INFO neutron.wsgi [None req-3d0f8f81-54c2-4cdf-9572-7b15a6a859c7 95eb17345b504f4db06101dce6e77c79 dac3c0c13e8847eaa08a1abaa81a71d3 - - default default] 10.0.0.38 "GET /v2.0/ports?device_id=ff548739-0cfb-47aa-bb22-e4295506e122 HTTP/1.1" status: 200 len: 1404 time: 0.0474811
2026-06-25 23:37:21.721 10 INFO neutron.notifiers.nova [-] Nova event matching ['req-568ecf39-f9e2-4deb-9bf5-76fdbcdfcd5d'] response: {'server_uuid': 'ff548739-0cfb-47aa-bb22-e4295506e122', 'name': 'network-vif-plugged', 'status': 'completed', 'tag': 'c3a12d18-bb34-4bed-8654-bafc6f9eeb43', 'code': 200}
2026-06-25 23:37:21.742 10 WARNING neutron.scheduler.dhcp_agent_scheduler [None req-aa2fce81-7148-4886-968a-eec9d91d42ab f5a43285a4b14a80971818a8cec0ea4c 77813b27cd744963bc1f3a8420af1254 - - default default] No more DHCP agents
2026-06-25 23:37:21.744 10 WARNING neutron.api.rpc.agentnotifiers.dhcp_rpc_agent_api [None req-aa2fce81-7148-4886-968a-eec9d91d42ab f5a43285a4b14a80971818a8cec0ea4c 77813b27cd744963bc1f3a8420af1254 - - default default] Unable to schedule network b92e43df-afbb-427a-95fe-a589637ab3ac: no agents available; will retry on subsequent port and subnet creation events.
2026-06-25 23:37:21.894 10 INFO neutron.db.ovn_revision_numbers_db [None req-4d68a1e5-3384-4428-ac89-218fdb8c7b19 - - - - - -] Successfully bumped revision number for resource cb57ab39-989c-4731-944e-992aec689ea4 (type: ports) to 2
2026-06-25 23:37:21.991 9 INFO neutron.db.l3_db [None req-7fca7058-a545-4a58-a5d6-64a86320e9cb f23d5650e19d4e0894311b30285bbc87 380346ed49144edfa4828877dda45289 - - default default] Floating IP a33a10a7-6bf8-409b-8b6b-883e2b1d2644 associated. External IP: 10.96.250.215, port: c3a12d18-bb34-4bed-8654-bafc6f9eeb43.
2026-06-25 23:37:22.031 10 INFO neutron.db.ovn_revision_numbers_db [None req-aa2fce81-7148-4886-968a-eec9d91d42ab f5a43285a4b14a80971818a8cec0ea4c 77813b27cd744963bc1f3a8420af1254 - - default default] Successfully bumped revision number for resource cb57ab39-989c-4731-944e-992aec689ea4 (type: router_ports) to 2
2026-06-25 23:37:22.033 10 INFO neutron.wsgi [None req-aa2fce81-7148-4886-968a-eec9d91d42ab f5a43285a4b14a80971818a8cec0ea4c 77813b27cd744963bc1f3a8420af1254 - - default default] 10.0.0.38 "PUT /v2.0/routers/4efa8856-9459-4185-8319-a31ef95af83e/add_router_interface HTTP/1.1" status: 200 len: 503 time: 2.8039315
2026-06-25 23:37:22.077 10 INFO neutron.wsgi [None req-8bdfdeb3-4588-404a-aee4-e52064548b8a f5a43285a4b14a80971818a8cec0ea4c 77813b27cd744963bc1f3a8420af1254 - - default default] 10.0.0.38 "GET /v2.0/ports/cb57ab39-989c-4731-944e-992aec689ea4 HTTP/1.1" status: 200 len: 1141 time: 0.0354605
2026-06-25 23:37:22.464 9 INFO neutron.db.ovn_revision_numbers_db [None req-7fca7058-a545-4a58-a5d6-64a86320e9cb f23d5650e19d4e0894311b30285bbc87 380346ed49144edfa4828877dda45289 - - default default] Successfully bumped revision number for resource a33a10a7-6bf8-409b-8b6b-883e2b1d2644 (type: floatingips) to 4
2026-06-25 23:37:22.547 10 WARNING neutron.scheduler.dhcp_agent_scheduler [None req-69246035-a7d3-42e9-a793-e995dd951b3a f5a43285a4b14a80971818a8cec0ea4c 77813b27cd744963bc1f3a8420af1254 - - default default] No more DHCP agents
2026-06-25 23:37:22.550 10 WARNING neutron.api.rpc.agentnotifiers.dhcp_rpc_agent_api [None req-69246035-a7d3-42e9-a793-e995dd951b3a f5a43285a4b14a80971818a8cec0ea4c 77813b27cd744963bc1f3a8420af1254 - - default default] Unable to schedule network 6e7c5416-017e-4dfa-80af-a57a7606bae7: no agents available; will retry on subsequent port and subnet creation events.
2026-06-25 23:37:22.581 9 INFO neutron.db.ovn_revision_numbers_db [None req-7fca7058-a545-4a58-a5d6-64a86320e9cb f23d5650e19d4e0894311b30285bbc87 380346ed49144edfa4828877dda45289 - - default default] Successfully bumped revision number for resource a33a10a7-6bf8-409b-8b6b-883e2b1d2644 (type: floatingips) to 5
2026-06-25 23:37:22.612 9 INFO neutron.wsgi [None req-7fca7058-a545-4a58-a5d6-64a86320e9cb f23d5650e19d4e0894311b30285bbc87 380346ed49144edfa4828877dda45289 - - default default] 10.0.0.38 "PUT /v2.0/floatingips/a33a10a7-6bf8-409b-8b6b-883e2b1d2644 HTTP/1.1" status: 200 len: 1049 time: 0.9056046 /var/lib/openstack/lib/python3.10/site-packages/pycadf/identifier.py:71: UserWarning: Invalid uuid: neutron. To ensure interoperability, identifiers should be a valid uuid. warnings.warn(('Invalid uuid: %s. To ensure interoperability, '
2026-06-25 23:37:22.646 10 INFO neutron.db.ovn_revision_numbers_db [None req-69246035-a7d3-42e9-a793-e995dd951b3a f5a43285a4b14a80971818a8cec0ea4c 77813b27cd744963bc1f3a8420af1254 - - default default] Successfully bumped revision number for resource a774c4c1-f196-416d-9f83-2cbe067f01ed (type: ports) to 1
2026-06-25 23:37:22.648 9 INFO neutron.notifiers.nova [-] Nova event matching ['req-7059db57-8c29-492e-9b87-f5534fe7aa02'] response: {'name': 'network-changed', 'server_uuid': 'ff548739-0cfb-47aa-bb22-e4295506e122', 'tag': 'c3a12d18-bb34-4bed-8654-bafc6f9eeb43', 'status': 'completed', 'code': 200}
2026-06-25 23:37:22.666 9 INFO neutron.wsgi [None req-0e155b8b-35ea-43f5-a34c-4c5b6f220e3a f23d5650e19d4e0894311b30285bbc87 380346ed49144edfa4828877dda45289 - - default default] 10.0.0.38 "GET /v2.0/floatingips/a33a10a7-6bf8-409b-8b6b-883e2b1d2644 HTTP/1.1" status: 200 len: 1051 time: 0.0439172
2026-06-25 23:37:22.715 9 INFO neutron.wsgi [req-a25d8513-06ae-47bd-a4ec-7325fce5df09 req-210a28e0-30e2-49fa-a52f-ab5f32badd65 fb40b85c4be44d2ba3cdbb8906922eee 5b348a9d28774d1a9926eabffd5e01e4 - - 2cd177c1069f466b8251a88850592d23 2cd177c1069f466b8251a88850592d23] 199.204.45.4 "GET /v2.0/ports?tenant_id=380346ed49144edfa4828877dda45289&device_id=ff548739-0cfb-47aa-bb22-e4295506e122 HTTP/1.1" status: 200 len: 1409 time: 0.0414555
2026-06-25 23:37:22.794 9 INFO neutron.wsgi [req-a25d8513-06ae-47bd-a4ec-7325fce5df09 req-b4cfcf42-5cbd-4264-8868-b5442c4aa3ab fb40b85c4be44d2ba3cdbb8906922eee 5b348a9d28774d1a9926eabffd5e01e4 - - 2cd177c1069f466b8251a88850592d23 2cd177c1069f466b8251a88850592d23] 199.204.45.4 "GET /v2.0/networks?id=2c4cf9de-9f4a-45fa-848d-e6973dbe5536 HTTP/1.1" status: 200 len: 958 time: 0.0733995
2026-06-25 23:37:22.850 9 INFO neutron.wsgi [req-a25d8513-06ae-47bd-a4ec-7325fce5df09 req-21e12a2c-9265-4d76-9cce-c466e974413c fb40b85c4be44d2ba3cdbb8906922eee 5b348a9d28774d1a9926eabffd5e01e4 - - 2cd177c1069f466b8251a88850592d23 2cd177c1069f466b8251a88850592d23] 199.204.45.4 "GET /v2.0/floatingips?fixed_ip_address=10.100.0.8&port_id=c3a12d18-bb34-4bed-8654-bafc6f9eeb43 HTTP/1.1" status: 200 len: 1059 time: 0.0449533
2026-06-25 23:37:22.895 9 INFO neutron.wsgi [req-a25d8513-06ae-47bd-a4ec-7325fce5df09 req-fc40edc4-3f50-4456-ae1c-f246a7433040 fb40b85c4be44d2ba3cdbb8906922eee 5b348a9d28774d1a9926eabffd5e01e4 - - 2cd177c1069f466b8251a88850592d23 2cd177c1069f466b8251a88850592d23] 199.204.45.4 "GET /v2.0/subnets?id=4df20e67-482e-4378-935f-a60ed1c863b9 HTTP/1.1" status: 200 len: 853 time: 0.0372889
2026-06-25 23:37:22.929 9 INFO neutron.wsgi [req-a25d8513-06ae-47bd-a4ec-7325fce5df09 req-35854829-343b-4edb-a197-d0034dfcc228 fb40b85c4be44d2ba3cdbb8906922eee 5b348a9d28774d1a9926eabffd5e01e4 - - 2cd177c1069f466b8251a88850592d23 2cd177c1069f466b8251a88850592d23] 199.204.45.4 "GET /v2.0/ports?network_id=2c4cf9de-9f4a-45fa-848d-e6973dbe5536&device_owner=network%3Adhcp HTTP/1.1" status: 200 len: 210 time: 0.0175898
2026-06-25 23:37:22.993 9 INFO neutron.wsgi [req-a25d8513-06ae-47bd-a4ec-7325fce5df09 req-99041a85-3567-441f-936d-fe334c66a9a9 fb40b85c4be44d2ba3cdbb8906922eee 5b348a9d28774d1a9926eabffd5e01e4 - - 2cd177c1069f466b8251a88850592d23 2cd177c1069f466b8251a88850592d23] 199.204.45.4 "GET /v2.0/networks/2c4cf9de-9f4a-45fa-848d-e6973dbe5536?fields=segments HTTP/1.1" status: 200 len: 212 time: 0.0551701
2026-06-25 23:37:23.057 9 INFO neutron.wsgi [req-a25d8513-06ae-47bd-a4ec-7325fce5df09 req-5e08574d-ae30-4d2a-a7d3-7a1d6aa09f3d fb40b85c4be44d2ba3cdbb8906922eee 5b348a9d28774d1a9926eabffd5e01e4 - - 2cd177c1069f466b8251a88850592d23 2cd177c1069f466b8251a88850592d23] 199.204.45.4 "GET /v2.0/networks/2c4cf9de-9f4a-45fa-848d-e6973dbe5536?fields=provider%3Aphysical_network&fields=provider%3Anetwork_type HTTP/1.1" status: 200 len: 277 time: 0.0554469
2026-06-25 23:37:23.192 10 INFO neutron.db.ovn_revision_numbers_db [None req-69246035-a7d3-42e9-a793-e995dd951b3a f5a43285a4b14a80971818a8cec0ea4c 77813b27cd744963bc1f3a8420af1254 - - default default] Successfully bumped revision number for resource a774c4c1-f196-416d-9f83-2cbe067f01ed (type: router_ports) to 1
2026-06-25 23:37:23.315 10 INFO neutron.db.ovn_revision_numbers_db [None req-69246035-a7d3-42e9-a793-e995dd951b3a f5a43285a4b14a80971818a8cec0ea4c 77813b27cd744963bc1f3a8420af1254 - - default default] Successfully bumped revision number for resource a774c4c1-f196-416d-9f83-2cbe067f01ed (type: ports) to 1
2026-06-25 23:37:23.394 10 WARNING neutron.scheduler.dhcp_agent_scheduler [None req-69246035-a7d3-42e9-a793-e995dd951b3a f5a43285a4b14a80971818a8cec0ea4c 77813b27cd744963bc1f3a8420af1254 - - default default] No more DHCP agents
2026-06-25 23:37:23.395 10 WARNING neutron.api.rpc.agentnotifiers.dhcp_rpc_agent_api [None req-69246035-a7d3-42e9-a793-e995dd951b3a f5a43285a4b14a80971818a8cec0ea4c 77813b27cd744963bc1f3a8420af1254 - - default default] Unable to schedule network 6e7c5416-017e-4dfa-80af-a57a7606bae7: no agents available; will retry on subsequent port and subnet creation events.
2026-06-25 23:37:23.472 9 INFO neutron.wsgi [req-ecf0b6f0-15ae-4e70-9233-a9c0f4617938 req-55e59a4b-dbcb-4092-84d7-cab61a7b55d4 fb40b85c4be44d2ba3cdbb8906922eee 5b348a9d28774d1a9926eabffd5e01e4 - - 2cd177c1069f466b8251a88850592d23 2cd177c1069f466b8251a88850592d23] 199.204.45.4 "GET /v2.0/ports?device_id=1c6b0c4e-758e-473f-a9e7-6c0b47e151f7&fields=binding%3Ahost_id&fields=binding%3Avif_type HTTP/1.1" status: 200 len: 265 time: 0.0402133
2026-06-25 23:37:23.547 9 INFO neutron.wsgi [req-ecf0b6f0-15ae-4e70-9233-a9c0f4617938 req-887271cd-e458-4830-85b9-1a48f33c2383 fb40b85c4be44d2ba3cdbb8906922eee 5b348a9d28774d1a9926eabffd5e01e4 - - 2cd177c1069f466b8251a88850592d23 2cd177c1069f466b8251a88850592d23] 199.204.45.4 "GET /v2.0/ports?tenant_id=380346ed49144edfa4828877dda45289&device_id=1c6b0c4e-758e-473f-a9e7-6c0b47e151f7 HTTP/1.1" status: 200 len: 1413 time: 0.0344336
2026-06-25 23:37:23.619 10 INFO neutron.db.ovn_revision_numbers_db [None req-69246035-a7d3-42e9-a793-e995dd951b3a f5a43285a4b14a80971818a8cec0ea4c 77813b27cd744963bc1f3a8420af1254 - - default default] Successfully bumped revision number for resource a774c4c1-f196-416d-9f83-2cbe067f01ed (type: router_ports) to 1
2026-06-25 23:37:23.623 10 INFO neutron.wsgi [None req-69246035-a7d3-42e9-a793-e995dd951b3a f5a43285a4b14a80971818a8cec0ea4c 77813b27cd744963bc1f3a8420af1254 - - default default] 10.0.0.38 "PUT /v2.0/routers/4efa8856-9459-4185-8319-a31ef95af83e/add_router_interface HTTP/1.1" status: 200 len: 503 time: 1.5427027
2026-06-25 23:37:23.656 9 INFO neutron.wsgi [req-ecf0b6f0-15ae-4e70-9233-a9c0f4617938 req-bcde363d-68c4-45ab-9015-8b2546d7c890 fb40b85c4be44d2ba3cdbb8906922eee 5b348a9d28774d1a9926eabffd5e01e4 - - 2cd177c1069f466b8251a88850592d23 2cd177c1069f466b8251a88850592d23] 199.204.45.4 "GET /v2.0/networks?id=2c4cf9de-9f4a-45fa-848d-e6973dbe5536 HTTP/1.1" status: 200 len: 958 time: 0.0706079
2026-06-25 23:37:23.673 10 INFO neutron.wsgi [None req-b0990236-7fff-4098-9e1c-dc1c870c5824 f5a43285a4b14a80971818a8cec0ea4c 77813b27cd744963bc1f3a8420af1254 - - default default] 10.0.0.38 "GET /v2.0/ports/a774c4c1-f196-416d-9f83-2cbe067f01ed HTTP/1.1" status: 200 len: 1147 time: 0.0436625
2026-06-25 23:37:23.699 9 INFO neutron.wsgi [req-ecf0b6f0-15ae-4e70-9233-a9c0f4617938 req-ba95ad8e-d626-4f71-85d1-c7a42a203e6c fb40b85c4be44d2ba3cdbb8906922eee 5b348a9d28774d1a9926eabffd5e01e4 - - 2cd177c1069f466b8251a88850592d23 2cd177c1069f466b8251a88850592d23] 199.204.45.4 "GET /v2.0/floatingips?fixed_ip_address=10.100.0.10&port_id=73372f5e-d7de-4588-b88d-5c1c53a3b700 HTTP/1.1" status: 200 len: 217 time: 0.0320618
2026-06-25 23:37:23.725 10 INFO neutron.wsgi [None req-26c2820f-0934-4bc9-8b32-c9d0d5658400 f5a43285a4b14a80971818a8cec0ea4c 77813b27cd744963bc1f3a8420af1254 - - default default] 10.0.0.38 "GET /v2.0/ports/a774c4c1-f196-416d-9f83-2cbe067f01ed HTTP/1.1" status: 200 len: 1147 time: 0.0448258
2026-06-25 23:37:23.742 9 INFO neutron.wsgi [req-ecf0b6f0-15ae-4e70-9233-a9c0f4617938 req-c031b772-2ec3-49d9-8ecb-1239dc0d39c3 fb40b85c4be44d2ba3cdbb8906922eee 5b348a9d28774d1a9926eabffd5e01e4 - - 2cd177c1069f466b8251a88850592d23 2cd177c1069f466b8251a88850592d23] 199.204.45.4 "GET /v2.0/subnets?id=4df20e67-482e-4378-935f-a60ed1c863b9 HTTP/1.1" status: 200 len: 853 time: 0.0346448
2026-06-25 23:37:23.773 9 INFO neutron.wsgi [req-ecf0b6f0-15ae-4e70-9233-a9c0f4617938 req-6249c80b-21c6-43e0-a5cd-0060a2c9a756 fb40b85c4be44d2ba3cdbb8906922eee 5b348a9d28774d1a9926eabffd5e01e4 - - 2cd177c1069f466b8251a88850592d23 2cd177c1069f466b8251a88850592d23] 199.204.45.4 "GET /v2.0/ports?network_id=2c4cf9de-9f4a-45fa-848d-e6973dbe5536&device_owner=network%3Adhcp HTTP/1.1" status: 200 len: 210 time: 0.0245159
2026-06-25 23:37:23.841 9 INFO neutron.wsgi [req-ecf0b6f0-15ae-4e70-9233-a9c0f4617938 req-54cbf671-0210-46f2-be6e-c2052f7d2dba fb40b85c4be44d2ba3cdbb8906922eee 5b348a9d28774d1a9926eabffd5e01e4 - - 2cd177c1069f466b8251a88850592d23 2cd177c1069f466b8251a88850592d23] 199.204.45.4 "GET /v2.0/networks/2c4cf9de-9f4a-45fa-848d-e6973dbe5536?fields=segments HTTP/1.1" status: 200 len: 212 time: 0.0582788
2026-06-25 23:37:23.924 9 INFO neutron.wsgi [req-ecf0b6f0-15ae-4e70-9233-a9c0f4617938 req-8ce929d8-7182-43a7-8952-702e50d5bbeb fb40b85c4be44d2ba3cdbb8906922eee 5b348a9d28774d1a9926eabffd5e01e4 - - 2cd177c1069f466b8251a88850592d23 2cd177c1069f466b8251a88850592d23] 199.204.45.4 "GET /v2.0/networks/2c4cf9de-9f4a-45fa-848d-e6973dbe5536?fields=provider%3Aphysical_network&fields=provider%3Anetwork_type HTTP/1.1" status: 200 len: 277 time: 0.0713460
2026-06-25 23:37:24.370 10 INFO neutron.wsgi [None req-bd904391-5d93-4dd7-a4c6-34e99bc4ef2a 3e6d216465764783a8b2eb59537fd620 e675118091664767bca39db46c6afe59 - - default default] 10.0.0.38 "POST /v2.0/subnetpools HTTP/1.1" status: 201 len: 715 time: 0.2329106
2026-06-25 23:37:24.412 10 INFO neutron.wsgi [None req-6971d22a-f3ac-43c8-9dcf-4b4eff2ef2e0 3e6d216465764783a8b2eb59537fd620 e675118091664767bca39db46c6afe59 - - default default] 10.0.0.38 "PUT /v2.0/subnetpools/600c0801-3754-4e18-b54d-52f8a5d52ef0/tags HTTP/1.1" status: 200 len: 218 time: 0.0357616
2026-06-25 23:37:24.438 10 INFO neutron.wsgi [None req-9b8e6485-1751-4990-b953-ad454b83a014 3e6d216465764783a8b2eb59537fd620 e675118091664767bca39db46c6afe59 - - default default] 10.0.0.38 "GET /v2.0/subnetpools/600c0801-3754-4e18-b54d-52f8a5d52ef0/tags HTTP/1.1" status: 200 len: 218 time: 0.0205479
2026-06-25 23:37:24.479 10 INFO neutron.wsgi [None req-dcabca4c-0ba9-4fed-a438-246b37c52e3d 3e6d216465764783a8b2eb59537fd620 e675118091664767bca39db46c6afe59 - - default default] 10.0.0.38 "PUT /v2.0/subnetpools/600c0801-3754-4e18-b54d-52f8a5d52ef0/tags/green HTTP/1.1" status: 201 len: 201 time: 0.0338624
2026-06-25 23:37:24.500 10 INFO neutron.wsgi [None req-ff1e2e2c-70a3-4abd-bc7a-907af5b45ecc 3e6d216465764783a8b2eb59537fd620 e675118091664767bca39db46c6afe59 - - default default] 10.0.0.38 "GET /v2.0/subnetpools/600c0801-3754-4e18-b54d-52f8a5d52ef0/tags HTTP/1.1" status: 200 len: 227 time: 0.0171607
2026-06-25 23:37:24.528 10 INFO neutron.wsgi [None req-af81b778-85bd-40ae-a917-7bd0bc4f6523 3e6d216465764783a8b2eb59537fd620 e675118091664767bca39db46c6afe59 - - default default] 10.0.0.38 "PUT /v2.0/subnetpools/600c0801-3754-4e18-b54d-52f8a5d52ef0/tags/red HTTP/1.1" status: 201 len: 201 time: 0.0235379
2026-06-25 23:37:24.557 9 INFO neutron.wsgi [None req-2838d99e-846e-4c01-b5fe-691a419a9473 3e6d216465764783a8b2eb59537fd620 e675118091664767bca39db46c6afe59 - - default default] 10.0.0.38 "GET /v2.0/subnetpools/600c0801-3754-4e18-b54d-52f8a5d52ef0/tags HTTP/1.1" status: 200 len: 227 time: 0.0239737
2026-06-25 23:37:24.598 9 INFO neutron.wsgi [None req-0db75984-487b-4005-9e38-01162e31a954 3e6d216465764783a8b2eb59537fd620 e675118091664767bca39db46c6afe59 - - default default] 10.0.0.38 "PUT /v2.0/subnetpools/600c0801-3754-4e18-b54d-52f8a5d52ef0/tags/black.or.white HTTP/1.1" status: 201 len: 201 time: 0.0352845
2026-06-25 23:37:24.622 9 INFO neutron.wsgi [None req-4e07ec24-1c25-40c9-93e4-174b8c1a5d57 3e6d216465764783a8b2eb59537fd620 e675118091664767bca39db46c6afe59 - - default default] 10.0.0.38 "GET /v2.0/subnetpools/600c0801-3754-4e18-b54d-52f8a5d52ef0/tags HTTP/1.1" status: 200 len: 245 time: 0.0194774
2026-06-25 23:37:24.660 9 INFO neutron.wsgi [None req-8ab7dd06-d3b4-4e69-80a2-04a6b5427f32 3e6d216465764783a8b2eb59537fd620 e675118091664767bca39db46c6afe59 - - default default] 10.0.0.38 "PUT /v2.0/subnetpools/600c0801-3754-4e18-b54d-52f8a5d52ef0/tags HTTP/1.1" status: 200 len: 230 time: 0.0330758
2026-06-25 23:37:24.687 9 INFO neutron.wsgi [None req-bdd029fc-209a-4ed2-9ca9-7b6ddb8589a2 3e6d216465764783a8b2eb59537fd620 e675118091664767bca39db46c6afe59 - - default default] 10.0.0.38 "GET /v2.0/subnetpools/600c0801-3754-4e18-b54d-52f8a5d52ef0/tags HTTP/1.1" status: 200 len: 230 time: 0.0222516
2026-06-25 23:37:24.709 9 INFO neutron.wsgi [None req-d30de5d4-15c6-4bc7-86f9-ce25b6d14b9c 3e6d216465764783a8b2eb59537fd620 e675118091664767bca39db46c6afe59 - - default default] 10.0.0.38 "GET /v2.0/subnetpools/600c0801-3754-4e18-b54d-52f8a5d52ef0/tags/red HTTP/1.1" status: 204 len: 168 time: 0.0174935
2026-06-25 23:37:24.740 9 INFO neutron.api.v2.resource [None req-44864860-68ff-42ef-954f-00f7c10b3ba6 3e6d216465764783a8b2eb59537fd620 e675118091664767bca39db46c6afe59 - - default default] show failed (client error): The resource could not be found.
2026-06-25 23:37:24.741 9 INFO neutron.wsgi [None req-44864860-68ff-42ef-954f-00f7c10b3ba6 3e6d216465764783a8b2eb59537fd620 e675118091664767bca39db46c6afe59 - - default default] 10.0.0.38 "GET /v2.0/subnetpools/600c0801-3754-4e18-b54d-52f8a5d52ef0/tags/green HTTP/1.1" status: 404 len: 299 time: 0.0264444
2026-06-25 23:37:24.779 10 INFO neutron.wsgi [None req-0a68b308-7776-4d00-b816-c69ddf89cba9 3e6d216465764783a8b2eb59537fd620 e675118091664767bca39db46c6afe59 - - default default] 10.0.0.38 "DELETE /v2.0/subnetpools/600c0801-3754-4e18-b54d-52f8a5d52ef0/tags/red HTTP/1.1" status: 204 len: 168 time: 0.0313389
2026-06-25 23:37:24.801 10 INFO neutron.wsgi [None req-e26a9198-5401-46df-889d-6640752a9465 3e6d216465764783a8b2eb59537fd620 e675118091664767bca39db46c6afe59 - - default default] 10.0.0.38 "GET /v2.0/subnetpools/600c0801-3754-4e18-b54d-52f8a5d52ef0/tags HTTP/1.1" status: 200 len: 223 time: 0.0162342
2026-06-25 23:37:24.827 10 INFO neutron.api.v2.resource [None req-43b3e695-0621-4c32-9730-341a0139c7d0 3e6d216465764783a8b2eb59537fd620 e675118091664767bca39db46c6afe59 - - default default] delete failed (client error): The resource could not be found.
2026-06-25 23:37:24.827 9 INFO neutron.wsgi [None req-4daee23d-0b4d-420f-a31f-92420caad5ce f5a43285a4b14a80971818a8cec0ea4c 77813b27cd744963bc1f3a8420af1254 - - default default] 10.0.0.38 "GET /v2.0/ports/a774c4c1-f196-416d-9f83-2cbe067f01ed HTTP/1.1" status: 200 len: 1147 time: 0.0959010
2026-06-25 23:37:24.828 10 INFO neutron.wsgi [None req-43b3e695-0621-4c32-9730-341a0139c7d0 3e6d216465764783a8b2eb59537fd620 e675118091664767bca39db46c6afe59 - - default default] 10.0.0.38 "DELETE /v2.0/subnetpools/600c0801-3754-4e18-b54d-52f8a5d52ef0/tags/green HTTP/1.1" status: 404 len: 299 time: 0.0220149
2026-06-25 23:37:24.871 9 INFO neutron.wsgi [None req-fcb90b88-e1f6-4487-af0c-0154e2b0029e 3e6d216465764783a8b2eb59537fd620 e675118091664767bca39db46c6afe59 - - default default] 10.0.0.38 "DELETE /v2.0/subnetpools/600c0801-3754-4e18-b54d-52f8a5d52ef0/tags HTTP/1.1" status: 204 len: 168 time: 0.0374997
2026-06-25 23:37:24.894 9 INFO neutron.wsgi [None req-b827fcac-1b53-4618-902b-7e16c62f74c1 3e6d216465764783a8b2eb59537fd620 e675118091664767bca39db46c6afe59 - - default default] 10.0.0.38 "GET /v2.0/subnetpools/600c0801-3754-4e18-b54d-52f8a5d52ef0/tags HTTP/1.1" status: 200 len: 205 time: 0.0174258
2026-06-25 23:37:24.965 9 INFO neutron.wsgi [None req-24e90b77-3b9d-4665-9954-5259c15009c5 3e6d216465764783a8b2eb59537fd620 e675118091664767bca39db46c6afe59 - - default default] 10.0.0.38 "DELETE /v2.0/subnetpools/600c0801-3754-4e18-b54d-52f8a5d52ef0 HTTP/1.1" status: 204 len: 168 time: 0.0577378
2026-06-25 23:37:24.992 9 INFO neutron.db.ovn_revision_numbers_db [None req-71679648-b52d-4832-9cf5-ac3afa466435 55b9ed97aee543df87d44d1ce52dbadb 64773e691d4641d3ac9cf606981e9a95 - - default default] Successfully bumped revision number for resource 4afeff60-6cb4-4b0b-9776-82055af13fd5 (type: security_groups) to 1
2026-06-25 23:37:25.005 9 INFO neutron.db.ovn_revision_numbers_db [None req-71679648-b52d-4832-9cf5-ac3afa466435 55b9ed97aee543df87d44d1ce52dbadb 64773e691d4641d3ac9cf606981e9a95 - - default default] Successfully bumped revision number for resource 21b6a27d-460a-4d30-bbbf-26474bc06536 (type: security_group_rules) to 0
2026-06-25 23:37:25.019 9 INFO neutron.db.ovn_revision_numbers_db [None req-71679648-b52d-4832-9cf5-ac3afa466435 55b9ed97aee543df87d44d1ce52dbadb 64773e691d4641d3ac9cf606981e9a95 - - default default] Successfully bumped revision number for resource 49252d9c-f29c-4dca-b54b-810fc9c1f3c7 (type: security_group_rules) to 0
2026-06-25 23:37:25.033 9 INFO neutron.db.ovn_revision_numbers_db [None req-71679648-b52d-4832-9cf5-ac3afa466435 55b9ed97aee543df87d44d1ce52dbadb 64773e691d4641d3ac9cf606981e9a95 - - default default] Successfully bumped revision number for resource 49565f54-c47c-4aa8-83e2-314a5547d244 (type: security_group_rules) to 0
2026-06-25 23:37:25.048 9 INFO neutron.db.ovn_revision_numbers_db [None req-71679648-b52d-4832-9cf5-ac3afa466435 55b9ed97aee543df87d44d1ce52dbadb 64773e691d4641d3ac9cf606981e9a95 - - default default] Successfully bumped revision number for resource f6e50c41-5ddb-476c-a31c-7e757eb05d3f (type: security_group_rules) to 0
2026-06-25 23:37:25.140 9 INFO neutron.db.ovn_revision_numbers_db [None req-71679648-b52d-4832-9cf5-ac3afa466435 55b9ed97aee543df87d44d1ce52dbadb 64773e691d4641d3ac9cf606981e9a95 - - default default] Successfully bumped revision number for resource 9311f8e6-16f0-440f-94e6-6cedc47edcda (type: security_groups) to 1
2026-06-25 23:37:25.158 9 INFO neutron.db.ovn_revision_numbers_db [None req-71679648-b52d-4832-9cf5-ac3afa466435 55b9ed97aee543df87d44d1ce52dbadb 64773e691d4641d3ac9cf606981e9a95 - - default default] Successfully bumped revision number for resource 3295fd85-aa9b-4064-91ea-90d669df19c3 (type: security_group_rules) to 0
2026-06-25 23:37:25.176 9 INFO neutron.db.ovn_revision_numbers_db [None req-71679648-b52d-4832-9cf5-ac3afa466435 55b9ed97aee543df87d44d1ce52dbadb 64773e691d4641d3ac9cf606981e9a95 - - default default] Successfully bumped revision number for resource bd9833c9-0121-46a2-bfa6-6220cb24a352 (type: security_group_rules) to 0
2026-06-25 23:37:25.200 9 INFO neutron.wsgi [None req-71679648-b52d-4832-9cf5-ac3afa466435 55b9ed97aee543df87d44d1ce52dbadb 64773e691d4641d3ac9cf606981e9a95 - - default default] 10.0.0.38 "POST /v2.0/security-groups HTTP/1.1" status: 201 len: 1737 time: 0.3944452
2026-06-25 23:37:25.243 10 INFO neutron.wsgi [None req-35a9bc0c-7534-4bc1-8e83-c6b34a52c809 55b9ed97aee543df87d44d1ce52dbadb 64773e691d4641d3ac9cf606981e9a95 - - default default] 10.0.0.38 "PUT /v2.0/security-groups/9311f8e6-16f0-440f-94e6-6cedc47edcda/tags HTTP/1.1" status: 200 len: 218 time: 0.0371261
2026-06-25 23:37:25.272 10 INFO neutron.wsgi [None req-f4398755-2e98-4cfc-8eee-7034970effb5 55b9ed97aee543df87d44d1ce52dbadb 64773e691d4641d3ac9cf606981e9a95 - - default default] 10.0.0.38 "GET /v2.0/security-groups/9311f8e6-16f0-440f-94e6-6cedc47edcda/tags HTTP/1.1" status: 200 len: 218 time: 0.0245020
2026-06-25 23:37:25.307 10 INFO neutron.wsgi [None req-cb7d7962-338f-4430-b9bb-81bc3dcae744 55b9ed97aee543df87d44d1ce52dbadb 64773e691d4641d3ac9cf606981e9a95 - - default default] 10.0.0.38 "PUT /v2.0/security-groups/9311f8e6-16f0-440f-94e6-6cedc47edcda/tags/green HTTP/1.1" status: 201 len: 201 time: 0.0302978
2026-06-25 23:37:25.340 9 INFO neutron.wsgi [None req-d1357c10-dbc9-46b3-bcd0-83b21bd1cb0a 55b9ed97aee543df87d44d1ce52dbadb 64773e691d4641d3ac9cf606981e9a95 - - default default] 10.0.0.38 "GET /v2.0/security-groups/9311f8e6-16f0-440f-94e6-6cedc47edcda/tags HTTP/1.1" status: 200 len: 227 time: 0.0273647
2026-06-25 23:37:25.367 9 INFO neutron.wsgi [None req-cccc3a82-852e-4c6d-8e68-f413c347bad9 55b9ed97aee543df87d44d1ce52dbadb 64773e691d4641d3ac9cf606981e9a95 - - default default] 10.0.0.38 "PUT /v2.0/security-groups/9311f8e6-16f0-440f-94e6-6cedc47edcda/tags/red HTTP/1.1" status: 201 len: 201 time: 0.0239937
2026-06-25 23:37:25.394 10 INFO neutron.wsgi [None req-e38968f4-b948-4058-b4ef-0e5251653dca 55b9ed97aee543df87d44d1ce52dbadb 64773e691d4641d3ac9cf606981e9a95 - - default default] 10.0.0.38 "GET /v2.0/security-groups/9311f8e6-16f0-440f-94e6-6cedc47edcda/tags HTTP/1.1" status: 200 len: 227 time: 0.0204670
2026-06-25 23:37:25.429 10 INFO neutron.wsgi [None req-cb8ce9af-3c9a-4c37-ba25-f96ab93eb7c7 55b9ed97aee543df87d44d1ce52dbadb 64773e691d4641d3ac9cf606981e9a95 - - default default] 10.0.0.38 "PUT /v2.0/security-groups/9311f8e6-16f0-440f-94e6-6cedc47edcda/tags/black.or.white HTTP/1.1" status: 201 len: 201 time: 0.0310836
2026-06-25 23:37:25.458 10 INFO neutron.wsgi [None req-cef1e4bb-b68d-4707-b700-0c09494895d7 55b9ed97aee543df87d44d1ce52dbadb 64773e691d4641d3ac9cf606981e9a95 - - default default] 10.0.0.38 "GET /v2.0/security-groups/9311f8e6-16f0-440f-94e6-6cedc47edcda/tags HTTP/1.1" status: 200 len: 245 time: 0.0237639
2026-06-25 23:37:25.504 10 INFO neutron.wsgi [None req-e3ab5d03-04df-419d-b9ca-6bc06fb3c1a3 55b9ed97aee543df87d44d1ce52dbadb 64773e691d4641d3ac9cf606981e9a95 - - default default] 10.0.0.38 "PUT /v2.0/security-groups/9311f8e6-16f0-440f-94e6-6cedc47edcda/tags HTTP/1.1" status: 200 len: 230 time: 0.0384262
2026-06-25 23:37:25.530 10 INFO neutron.wsgi [None req-6b2e7ba5-9f5a-410c-a80d-51b6039a41b7 55b9ed97aee543df87d44d1ce52dbadb 64773e691d4641d3ac9cf606981e9a95 - - default default] 10.0.0.38 "GET /v2.0/security-groups/9311f8e6-16f0-440f-94e6-6cedc47edcda/tags HTTP/1.1" status: 200 len: 230 time: 0.0191889
2026-06-25 23:37:25.552 10 INFO neutron.wsgi [None req-907b32cb-8c3e-4d93-8c8f-efbc92790179 55b9ed97aee543df87d44d1ce52dbadb 64773e691d4641d3ac9cf606981e9a95 - - default default] 10.0.0.38 "GET /v2.0/security-groups/9311f8e6-16f0-440f-94e6-6cedc47edcda/tags/red HTTP/1.1" status: 204 len: 168 time: 0.0171742
2026-06-25 23:37:25.572 10 INFO neutron.api.v2.resource [None req-4c85303d-29f7-480c-8e3b-1c951a332769 55b9ed97aee543df87d44d1ce52dbadb 64773e691d4641d3ac9cf606981e9a95 - - default default] show failed (client error): The resource could not be found.
2026-06-25 23:37:25.573 10 INFO neutron.wsgi [None req-4c85303d-29f7-480c-8e3b-1c951a332769 55b9ed97aee543df87d44d1ce52dbadb 64773e691d4641d3ac9cf606981e9a95 - - default default] 10.0.0.38 "GET /v2.0/security-groups/9311f8e6-16f0-440f-94e6-6cedc47edcda/tags/green HTTP/1.1" status: 404 len: 299 time: 0.0166321
2026-06-25 23:37:25.613 10 INFO neutron.wsgi [None req-11f739d6-23d6-4159-8e49-4006fffa73ea 55b9ed97aee543df87d44d1ce52dbadb 64773e691d4641d3ac9cf606981e9a95 - - default default] 10.0.0.38 "DELETE /v2.0/security-groups/9311f8e6-16f0-440f-94e6-6cedc47edcda/tags/red HTTP/1.1" status: 204 len: 168 time: 0.0343113
2026-06-25 23:37:25.638 10 INFO neutron.wsgi [None req-08e190c2-d162-4ab0-ad81-a556349e3929 55b9ed97aee543df87d44d1ce52dbadb 64773e691d4641d3ac9cf606981e9a95 - - default default] 10.0.0.38 "GET /v2.0/security-groups/9311f8e6-16f0-440f-94e6-6cedc47edcda/tags HTTP/1.1" status: 200 len: 223 time: 0.0198131
2026-06-25 23:37:25.662 10 INFO neutron.api.v2.resource [None req-84a4a29a-31cd-415a-a955-e6e5bdd79362 55b9ed97aee543df87d44d1ce52dbadb 64773e691d4641d3ac9cf606981e9a95 - - default default] delete failed (client error): The resource could not be found.
2026-06-25 23:37:25.664 10 INFO neutron.wsgi [None req-84a4a29a-31cd-415a-a955-e6e5bdd79362 55b9ed97aee543df87d44d1ce52dbadb 64773e691d4641d3ac9cf606981e9a95 - - default default] 10.0.0.38 "DELETE /v2.0/security-groups/9311f8e6-16f0-440f-94e6-6cedc47edcda/tags/green HTTP/1.1" status: 404 len: 299 time: 0.0218563
2026-06-25 23:37:25.701 9 INFO neutron.wsgi [None req-74cf0a48-37a4-4f72-bd8a-a3139af3c824 55b9ed97aee543df87d44d1ce52dbadb 64773e691d4641d3ac9cf606981e9a95 - - default default] 10.0.0.38 "DELETE /v2.0/security-groups/9311f8e6-16f0-440f-94e6-6cedc47edcda/tags HTTP/1.1" status: 204 len: 168 time: 0.0329285
2026-06-25 23:37:25.722 9 INFO neutron.wsgi [None req-cb6340a5-b99a-403c-b454-c745ecbb925b 55b9ed97aee543df87d44d1ce52dbadb 64773e691d4641d3ac9cf606981e9a95 - - default default] 10.0.0.38 "GET /v2.0/security-groups/9311f8e6-16f0-440f-94e6-6cedc47edcda/tags HTTP/1.1" status: 200 len: 205 time: 0.0158665
2026-06-25 23:37:25.835 9 INFO neutron.wsgi [None req-76314bd4-0483-4798-82f3-e1c219de1f73 55b9ed97aee543df87d44d1ce52dbadb 64773e691d4641d3ac9cf606981e9a95 - - default default] 10.0.0.38 "DELETE /v2.0/security-groups/9311f8e6-16f0-440f-94e6-6cedc47edcda HTTP/1.1" status: 204 len: 168 time: 0.1077592
2026-06-25 23:37:25.890 10 INFO neutron.db.ovn_revision_numbers_db [None req-0786a0d9-65c9-4499-88ee-dfbd1fc1db39 c26e1bea72844b4fa2afd28abb2a9f03 2b43eefe57fe4a4798d2146efe13832c - - default default] Successfully bumped revision number for resource 4d16f279-67f7-4964-addc-9c85600d06ec (type: security_groups) to 1
2026-06-25 23:37:25.906 10 INFO neutron.db.ovn_revision_numbers_db [None req-0786a0d9-65c9-4499-88ee-dfbd1fc1db39 c26e1bea72844b4fa2afd28abb2a9f03 2b43eefe57fe4a4798d2146efe13832c - - default default] Successfully bumped revision number for resource 4aa8ca74-304b-4810-b6fb-82894bd068c0 (type: security_group_rules) to 0
2026-06-25 23:37:25.921 10 INFO neutron.wsgi [None req-f5657243-d085-40de-8ee4-7535b0a52606 f5a43285a4b14a80971818a8cec0ea4c 77813b27cd744963bc1f3a8420af1254 - - default default] 10.0.0.38 "GET /v2.0/ports/a774c4c1-f196-416d-9f83-2cbe067f01ed HTTP/1.1" status: 200 len: 1147 time: 0.0881720
2026-06-25 23:37:25.926 10 INFO neutron.db.ovn_revision_numbers_db [None req-0786a0d9-65c9-4499-88ee-dfbd1fc1db39 c26e1bea72844b4fa2afd28abb2a9f03 2b43eefe57fe4a4798d2146efe13832c - - default default] Successfully bumped revision number for resource 5cb412eb-629a-421b-9e76-fec069258f0f (type: security_group_rules) to 0
2026-06-25 23:37:25.939 10 INFO neutron.db.ovn_revision_numbers_db [None req-0786a0d9-65c9-4499-88ee-dfbd1fc1db39 c26e1bea72844b4fa2afd28abb2a9f03 2b43eefe57fe4a4798d2146efe13832c - - default default] Successfully bumped revision number for resource 7e35e447-9646-4b52-aa90-d730470b368f (type: security_group_rules) to 0
2026-06-25 23:37:25.953 10 INFO neutron.db.ovn_revision_numbers_db [None req-0786a0d9-65c9-4499-88ee-dfbd1fc1db39 c26e1bea72844b4fa2afd28abb2a9f03 2b43eefe57fe4a4798d2146efe13832c - - default default] Successfully bumped revision number for resource a79d6266-d538-4e40-81b6-336c3b1d778f (type: security_group_rules) to 0
2026-06-25 23:37:25.977 10 INFO neutron.wsgi [None req-0786a0d9-65c9-4499-88ee-dfbd1fc1db39 c26e1bea72844b4fa2afd28abb2a9f03 2b43eefe57fe4a4798d2146efe13832c - - default default] 10.0.0.38 "GET /v2.0/security-groups?tenant_id=812524eb80754ceba71b27896778d5fa&name=default HTTP/1.1" status: 200 len: 2996 time: 0.3102465
2026-06-25 23:37:26.181 10 INFO neutron.wsgi [None req-ef6b5248-36e9-46d4-b0af-3ac5d3a58091 c26e1bea72844b4fa2afd28abb2a9f03 2b43eefe57fe4a4798d2146efe13832c - - default default] 10.0.0.38 "DELETE /v2.0/security-groups/4d16f279-67f7-4964-addc-9c85600d06ec HTTP/1.1" status: 204 len: 168 time: 0.2002959
2026-06-25 23:37:26.462 9 INFO neutron.db.ovn_revision_numbers_db [None req-37d67898-bc7d-4215-9dfb-a718018f8eee c26e1bea72844b4fa2afd28abb2a9f03 2b43eefe57fe4a4798d2146efe13832c - - default default] Successfully bumped revision number for resource c72c5d5d-8e35-4d60-bc18-39edf10633e8 (type: security_groups) to 1
2026-06-25 23:37:26.483 9 INFO neutron.db.ovn_revision_numbers_db [None req-37d67898-bc7d-4215-9dfb-a718018f8eee c26e1bea72844b4fa2afd28abb2a9f03 2b43eefe57fe4a4798d2146efe13832c - - default default] Successfully bumped revision number for resource 1a5bf5b3-6f2f-404b-8d67-c861f19ae515 (type: security_group_rules) to 0
2026-06-25 23:37:26.499 9 INFO neutron.db.ovn_revision_numbers_db [None req-37d67898-bc7d-4215-9dfb-a718018f8eee c26e1bea72844b4fa2afd28abb2a9f03 2b43eefe57fe4a4798d2146efe13832c - - default default] Successfully bumped revision number for resource 54c82b71-88d7-4245-9be2-1db9ebff277e (type: security_group_rules) to 0
2026-06-25 23:37:26.513 9 INFO neutron.db.ovn_revision_numbers_db [None req-37d67898-bc7d-4215-9dfb-a718018f8eee c26e1bea72844b4fa2afd28abb2a9f03 2b43eefe57fe4a4798d2146efe13832c - - default default] Successfully bumped revision number for resource 569bf2e1-47ac-4280-b278-9040b8233c06 (type: security_group_rules) to 0
2026-06-25 23:37:26.533 9 INFO neutron.db.ovn_revision_numbers_db [None req-37d67898-bc7d-4215-9dfb-a718018f8eee c26e1bea72844b4fa2afd28abb2a9f03 2b43eefe57fe4a4798d2146efe13832c - - default default] Successfully bumped revision number for resource c65600ce-515e-4ca8-8466-e30db5210788 (type: security_group_rules) to 0
2026-06-25 23:37:26.556 9 INFO neutron.wsgi [None req-37d67898-bc7d-4215-9dfb-a718018f8eee c26e1bea72844b4fa2afd28abb2a9f03 2b43eefe57fe4a4798d2146efe13832c - - default default] 10.0.0.38 "GET /v2.0/security-groups?tenant_id=e675118091664767bca39db46c6afe59&name=default HTTP/1.1" status: 200 len: 2996 time: 0.2461431
2026-06-25 23:37:26.742 9 INFO neutron.db.ovn_revision_numbers_db [None req-e161f2e1-5940-415e-8322-2f292b1e9c85 c26e1bea72844b4fa2afd28abb2a9f03 2b43eefe57fe4a4798d2146efe13832c - - default default] Successfully bumped revision number for resource c2639704-eac2-475f-9bb1-55faf6885d6c (type: security_groups) to 1
2026-06-25 23:37:26.763 9 INFO neutron.db.ovn_revision_numbers_db [None req-e161f2e1-5940-415e-8322-2f292b1e9c85 c26e1bea72844b4fa2afd28abb2a9f03 2b43eefe57fe4a4798d2146efe13832c - - default default] Successfully bumped revision number for resource 026dd348-912b-4fe2-9446-78ffa57dc3fa (type: security_group_rules) to 0
2026-06-25 23:37:26.779 9 INFO neutron.wsgi [None req-ad46c99a-2a38-4ec5-b141-5e5a1992b3d5 c26e1bea72844b4fa2afd28abb2a9f03 2b43eefe57fe4a4798d2146efe13832c - - default default] 10.0.0.38 "DELETE /v2.0/security-groups/c72c5d5d-8e35-4d60-bc18-39edf10633e8 HTTP/1.1" status: 204 len: 168 time: 0.2190969
2026-06-25 23:37:26.780 9 INFO neutron.db.ovn_revision_numbers_db [None req-e161f2e1-5940-415e-8322-2f292b1e9c85 c26e1bea72844b4fa2afd28abb2a9f03 2b43eefe57fe4a4798d2146efe13832c - - default default] Successfully bumped revision number for resource 4d3428e7-abc4-4c0c-98e6-2b68cb816d7e (type: security_group_rules) to 0
2026-06-25 23:37:26.792 9 INFO neutron.db.ovn_revision_numbers_db [None req-e161f2e1-5940-415e-8322-2f292b1e9c85 c26e1bea72844b4fa2afd28abb2a9f03 2b43eefe57fe4a4798d2146efe13832c - - default default] Successfully bumped revision number for resource 72b7bc64-4310-4b4d-b0bc-75fdedfb5c42 (type: security_group_rules) to 0
2026-06-25 23:37:26.808 9 INFO neutron.db.ovn_revision_numbers_db [None req-e161f2e1-5940-415e-8322-2f292b1e9c85 c26e1bea72844b4fa2afd28abb2a9f03 2b43eefe57fe4a4798d2146efe13832c - - default default] Successfully bumped revision number for resource ad2c30f9-01d8-461f-82f8-68cc44e4842d (type: security_group_rules) to 0
2026-06-25 23:37:26.830 9 INFO neutron.wsgi [None req-e161f2e1-5940-415e-8322-2f292b1e9c85 c26e1bea72844b4fa2afd28abb2a9f03 2b43eefe57fe4a4798d2146efe13832c - - default default] 10.0.0.38 "GET /v2.0/security-groups?tenant_id=f0befbd30da542fca786d78f6f8234c0&name=default HTTP/1.1" status: 200 len: 2996 time: 0.3361955
2026-06-25 23:37:26.968 9 INFO neutron.wsgi [None req-cfb670e9-db36-4698-8b3c-06e823918a88 f5a43285a4b14a80971818a8cec0ea4c 77813b27cd744963bc1f3a8420af1254 - - default default] 10.0.0.38 "GET /v2.0/ports/a774c4c1-f196-416d-9f83-2cbe067f01ed HTTP/1.1" status: 200 len: 1147 time: 0.0392663
2026-06-25 23:37:27.043 10 INFO neutron.wsgi [None req-cf1cd9db-d748-4b4c-80c0-f4312b736462 c26e1bea72844b4fa2afd28abb2a9f03 2b43eefe57fe4a4798d2146efe13832c - - default default] 10.0.0.38 "DELETE /v2.0/security-groups/c2639704-eac2-475f-9bb1-55faf6885d6c HTTP/1.1" status: 204 len: 168 time: 0.2049909
2026-06-25 23:37:27.296 10 INFO neutron.wsgi [None req-c41ba031-df07-413e-903c-e3935d580312 c26e1bea72844b4fa2afd28abb2a9f03 2b43eefe57fe4a4798d2146efe13832c - - default default] 10.0.0.38 "GET /v2.0/security-groups?tenant_id=64773e691d4641d3ac9cf606981e9a95&name=default HTTP/1.1" status: 200 len: 2996 time: 0.0446725
2026-06-25 23:37:27.495 10 INFO neutron.wsgi [None req-05310e02-4ebc-4eca-a8b8-532ebc0acb02 c26e1bea72844b4fa2afd28abb2a9f03 2b43eefe57fe4a4798d2146efe13832c - - default default] 10.0.0.38 "DELETE /v2.0/security-groups/4afeff60-6cb4-4b0b-9776-82055af13fd5 HTTP/1.1" status: 204 len: 168 time: 0.1947687
2026-06-25 23:37:27.692 10 WARNING neutron.plugins.ml2.drivers.ovn.mech_driver.ovsdb.ovn_client [None req-4d68a1e5-3384-4428-ac89-218fdb8c7b19 - - - - - -] No hosting information found for port cb57ab39-989c-4731-944e-992aec689ea4: RuntimeError: No hosting information found for port cb57ab39-989c-4731-944e-992aec689ea4
2026-06-25 23:37:27.693 10 INFO neutron.plugins.ml2.drivers.ovn.mech_driver.mech_driver [None req-4d68a1e5-3384-4428-ac89-218fdb8c7b19 - - - - - -] OVN reports status up for port: a774c4c1-f196-416d-9f83-2cbe067f01ed
2026-06-25 23:37:27.705 10 INFO neutron.plugins.ml2.plugin [None req-4d68a1e5-3384-4428-ac89-218fdb8c7b19 - - - - - -] Attempt 1 to provision port a774c4c1-f196-416d-9f83-2cbe067f01ed
2026-06-25 23:37:27.960 10 INFO neutron.db.ovn_revision_numbers_db [None req-4d68a1e5-3384-4428-ac89-218fdb8c7b19 - - - - - -] Successfully bumped revision number for resource a774c4c1-f196-416d-9f83-2cbe067f01ed (type: ports) to 2
2026-06-25 23:37:28.022 9 INFO neutron.wsgi [None req-30293ff8-e373-4b94-b26d-e5f1ad10aedf f5a43285a4b14a80971818a8cec0ea4c 77813b27cd744963bc1f3a8420af1254 - - default default] 10.0.0.38 "GET /v2.0/ports/a774c4c1-f196-416d-9f83-2cbe067f01ed HTTP/1.1" status: 200 len: 1149 time: 0.0474560
2026-06-25 23:37:28.088 10 INFO neutron.db.ovn_revision_numbers_db [None req-4d68a1e5-3384-4428-ac89-218fdb8c7b19 - - - - - -] Successfully bumped revision number for resource a774c4c1-f196-416d-9f83-2cbe067f01ed (type: router_ports) to 2
2026-06-25 23:37:28.648 9 INFO neutron.wsgi [None req-5041a636-443a-4e0b-b7fc-4e09e088066d f5a43285a4b14a80971818a8cec0ea4c 77813b27cd744963bc1f3a8420af1254 - - default default] 10.0.0.38 "PUT /v2.0/routers/4efa8856-9459-4185-8319-a31ef95af83e/remove_router_interface HTTP/1.1" status: 200 len: 503 time: 0.6215451 /var/lib/openstack/lib/python3.10/site-packages/pycadf/identifier.py:71: UserWarning: Invalid uuid: neutron. To ensure interoperability, identifiers should be a valid uuid. warnings.warn(('Invalid uuid: %s. To ensure interoperability, '
2026-06-25 23:37:28.757 9 INFO neutron.wsgi [None req-9612d7fe-f2e1-43ad-827e-9f7d7f5d89cb f5a43285a4b14a80971818a8cec0ea4c 77813b27cd744963bc1f3a8420af1254 - - default default] 10.0.0.38 "GET /v2.0/ports/cb57ab39-989c-4731-944e-992aec689ea4 HTTP/1.1" status: 200 len: 1141 time: 0.1051843
2026-06-25 23:37:29.340 9 INFO neutron.wsgi [None req-edae76bb-cb4e-4025-8f6f-34230a96495f f5a43285a4b14a80971818a8cec0ea4c 77813b27cd744963bc1f3a8420af1254 - - default default] 10.0.0.38 "PUT /v2.0/routers/4efa8856-9459-4185-8319-a31ef95af83e/remove_router_interface HTTP/1.1" status: 200 len: 503 time: 0.5766742 /var/lib/openstack/lib/python3.10/site-packages/pycadf/identifier.py:71: UserWarning: Invalid uuid: neutron. To ensure interoperability, identifiers should be a valid uuid. warnings.warn(('Invalid uuid: %s. To ensure interoperability, '
2026-06-25 23:37:29.375 9 INFO neutron.wsgi [None req-486fd4e1-151e-4438-a0e6-93d191b1a7fd f5a43285a4b14a80971818a8cec0ea4c 77813b27cd744963bc1f3a8420af1254 - - default default] 10.0.0.38 "GET /v2.0/ports?device_id=4efa8856-9459-4185-8319-a31ef95af83e HTTP/1.1" status: 200 len: 205 time: 0.0307896
2026-06-25 23:37:29.886 10 INFO neutron.wsgi [None req-c47dbcb3-8187-4307-8ebb-a0daddb56fbb f5a43285a4b14a80971818a8cec0ea4c 77813b27cd744963bc1f3a8420af1254 - - default default] 10.0.0.38 "DELETE /v2.0/routers/4efa8856-9459-4185-8319-a31ef95af83e HTTP/1.1" status: 204 len: 168 time: 0.5016146
2026-06-25 23:37:30.076 10 INFO neutron.wsgi [None req-03334630-3b3a-4435-a221-96ef6df76725 f5a43285a4b14a80971818a8cec0ea4c 77813b27cd744963bc1f3a8420af1254 - - default default] 10.0.0.38 "DELETE /v2.0/subnets/8deadacf-ea11-4124-9b93-6b455f1dc0ba HTTP/1.1" status: 204 len: 168 time: 0.1858189
2026-06-25 23:37:30.274 10 INFO neutron.wsgi [None req-86ac307e-27a6-4693-beae-1e6d33d6d985 f5a43285a4b14a80971818a8cec0ea4c 77813b27cd744963bc1f3a8420af1254 - - default default] 10.0.0.38 "DELETE /v2.0/subnets/a9b86dcf-4c9a-45a5-aa16-88471b200bbd HTTP/1.1" status: 204 len: 168 time: 0.1920621
2026-06-25 23:37:30.691 10 INFO neutron.services.segments.plugin [-] Segment 0ac9e54c-2b36-44f0-90da-0e7bffeac5b9 resource provider aggregate not found
2026-06-25 23:37:30.695 10 INFO neutron.services.segments.plugin [-] Segment 0ac9e54c-2b36-44f0-90da-0e7bffeac5b9 resource provider aggregate not found
2026-06-25 23:37:30.711 10 INFO neutron.services.segments.plugin [-] Segment 0ac9e54c-2b36-44f0-90da-0e7bffeac5b9 resource provider not found; error: Placement Client Error (4xx): {"errors": [{"status": 404, "title": "Not Found", "detail": "The resource could not be found.\n\n No resource provider with uuid 0ac9e54c-2b36-44f0-90da-0e7bffeac5b9 found for delete ", "request_id": "req-dcadf631-85ed-486d-81f9-ca4617919ec7"}]}
2026-06-25 23:37:30.713 10 INFO neutron.services.segments.plugin [-] Segment 0ac9e54c-2b36-44f0-90da-0e7bffeac5b9 resource provider not found; error: Placement Client Error (4xx): {"errors": [{"status": 404, "title": "Not Found", "detail": "The resource could not be found.\n\n No resource provider with uuid 0ac9e54c-2b36-44f0-90da-0e7bffeac5b9 found for delete ", "request_id": "req-551b80fb-72fb-44c5-98b4-8946821f8919"}]}
2026-06-25 23:37:30.739 10 INFO neutron.wsgi [None req-c884b894-c040-47e7-a40e-561c4ab80ae9 f5a43285a4b14a80971818a8cec0ea4c 77813b27cd744963bc1f3a8420af1254 - - default default] 10.0.0.38 "DELETE /v2.0/networks/6e7c5416-017e-4dfa-80af-a57a7606bae7 HTTP/1.1" status: 204 len: 168 time: 0.4553478
2026-06-25 23:37:30.962 9 INFO neutron.wsgi [req-4bdba061-25cc-4b21-adbc-1465d79881b3 req-1a58d45a-9a84-45ce-8d33-987845512a18 fb40b85c4be44d2ba3cdbb8906922eee 5b348a9d28774d1a9926eabffd5e01e4 - - 2cd177c1069f466b8251a88850592d23 2cd177c1069f466b8251a88850592d23] 10.0.0.234 "GET /v2.0/ports?device_id=ff548739-0cfb-47aa-bb22-e4295506e122 HTTP/1.1" status: 200 len: 1409 time: 0.0483768
2026-06-25 23:37:31.023 9 INFO neutron.wsgi [req-4bdba061-25cc-4b21-adbc-1465d79881b3 req-0da4ac41-6d3c-4949-922f-c897db68eafd fb40b85c4be44d2ba3cdbb8906922eee 5b348a9d28774d1a9926eabffd5e01e4 - - 2cd177c1069f466b8251a88850592d23 2cd177c1069f466b8251a88850592d23] 10.0.0.234 "GET /v2.0/security-groups?id=aff61369-9a4e-4955-81c1-ceaa4870a28c&fields=id&fields=name HTTP/1.1" status: 200 len: 312 time: 0.0534809
2026-06-25 23:37:31.074 9 INFO neutron.db.ovn_revision_numbers_db [None req-3d3dc643-2df2-4c06-bc6a-0bb357359dc8 899cc7dd92b244f58785530e3f19cfc0 163f4dc9d2cd4c179a8dbe00fd60036b - - default default] Successfully bumped revision number for resource ad18016d-338d-470e-a6f5-f68acde06646 (type: security_groups) to 1
2026-06-25 23:37:31.094 9 INFO neutron.db.ovn_revision_numbers_db [None req-3d3dc643-2df2-4c06-bc6a-0bb357359dc8 899cc7dd92b244f58785530e3f19cfc0 163f4dc9d2cd4c179a8dbe00fd60036b - - default default] Successfully bumped revision number for resource 22108619-4976-4b8e-b964-78fb874a2f61 (type: security_group_rules) to 0
2026-06-25 23:37:31.111 9 INFO neutron.db.ovn_revision_numbers_db [None req-3d3dc643-2df2-4c06-bc6a-0bb357359dc8 899cc7dd92b244f58785530e3f19cfc0 163f4dc9d2cd4c179a8dbe00fd60036b - - default default] Successfully bumped revision number for resource 2b30c63c-f66f-4c90-be61-9205319cf50d (type: security_group_rules) to 0
2026-06-25 23:37:31.139 9 INFO neutron.services.segments.plugin [-] Segment ab2a9fde-fe17-4dd1-a866-edc78238d3eb resource provider aggregate not found
2026-06-25 23:37:31.151 9 INFO neutron.services.segments.plugin [-] Segment ab2a9fde-fe17-4dd1-a866-edc78238d3eb resource provider aggregate not found
2026-06-25 23:37:31.157 9 INFO neutron.db.ovn_revision_numbers_db [None req-3d3dc643-2df2-4c06-bc6a-0bb357359dc8 899cc7dd92b244f58785530e3f19cfc0 163f4dc9d2cd4c179a8dbe00fd60036b - - default default] Successfully bumped revision number for resource 67755a40-01a4-4829-864e-07ffae383d93 (type: security_group_rules) to 0
2026-06-25 23:37:31.164 9 INFO neutron.services.segments.plugin [-] Segment ab2a9fde-fe17-4dd1-a866-edc78238d3eb resource provider not found; error: Placement Client Error (4xx): {"errors": [{"status": 404, "title": "Not Found", "detail": "The resource could not be found.\n\n No resource provider with uuid ab2a9fde-fe17-4dd1-a866-edc78238d3eb found for delete ", "request_id": "req-e391c6f0-c126-4c8e-a550-f3c51713fede"}]}
2026-06-25 23:37:31.168 9 INFO neutron.services.segments.plugin [-] Segment ab2a9fde-fe17-4dd1-a866-edc78238d3eb resource provider not found; error: Placement Client Error (4xx): {"errors": [{"status": 404, "title": "Not Found", "detail": "The resource could not be found.\n\n No resource provider with uuid ab2a9fde-fe17-4dd1-a866-edc78238d3eb found for delete ", "request_id": "req-0b10dee2-f4dc-4672-b1df-daa0dfcd520e"}]}
2026-06-25 23:37:31.177 9 INFO neutron.db.ovn_revision_numbers_db [None req-3d3dc643-2df2-4c06-bc6a-0bb357359dc8 899cc7dd92b244f58785530e3f19cfc0 163f4dc9d2cd4c179a8dbe00fd60036b - - default default] Successfully bumped revision number for resource b857b184-a70d-46e6-97aa-591b6973a0f1 (type: security_group_rules) to 0
2026-06-25 23:37:31.204 9 INFO neutron.wsgi [None req-c90f55a1-51f4-4e93-89a1-b644313b817e f5a43285a4b14a80971818a8cec0ea4c 77813b27cd744963bc1f3a8420af1254 - - default default] 10.0.0.38 "DELETE /v2.0/networks/b92e43df-afbb-427a-95fe-a589637ab3ac HTTP/1.1" status: 204 len: 168 time: 0.4600432
2026-06-25 23:37:31.244 9 INFO neutron.db.segments_db [None req-3d3dc643-2df2-4c06-bc6a-0bb357359dc8 899cc7dd92b244f58785530e3f19cfc0 163f4dc9d2cd4c179a8dbe00fd60036b - - default default] Added segment 1aa8bdf5-80a8-48d2-9012-a958b74ae3a7 of type geneve for network a09af8c0-ed87-4955-a455-b0c41a7fe063
2026-06-25 23:37:31.300 10 INFO neutron.db.segments_db [None req-da8a25d2-5911-4044-9d6d-e824b66f2a42 f5a43285a4b14a80971818a8cec0ea4c 77813b27cd744963bc1f3a8420af1254 - - default default] Added segment d09ac19e-28a4-4338-81b6-e30142d008f4 of type geneve for network 533d2dca-c658-4489-a21a-f0949971d801
2026-06-25 23:37:31.417 9 INFO neutron.db.ovn_revision_numbers_db [None req-3d3dc643-2df2-4c06-bc6a-0bb357359dc8 899cc7dd92b244f58785530e3f19cfc0 163f4dc9d2cd4c179a8dbe00fd60036b - - default default] Successfully bumped revision number for resource a09af8c0-ed87-4955-a455-b0c41a7fe063 (type: networks) to 1
2026-06-25 23:37:31.478 10 INFO neutron.db.ovn_revision_numbers_db [None req-da8a25d2-5911-4044-9d6d-e824b66f2a42 f5a43285a4b14a80971818a8cec0ea4c 77813b27cd744963bc1f3a8420af1254 - - default default] Successfully bumped revision number for resource 533d2dca-c658-4489-a21a-f0949971d801 (type: networks) to 1
2026-06-25 23:37:31.611 9 WARNING neutron.scheduler.dhcp_agent_scheduler [None req-3d3dc643-2df2-4c06-bc6a-0bb357359dc8 899cc7dd92b244f58785530e3f19cfc0 163f4dc9d2cd4c179a8dbe00fd60036b - - default default] No more DHCP agents
2026-06-25 23:37:31.613 9 WARNING neutron.api.rpc.agentnotifiers.dhcp_rpc_agent_api [None req-3d3dc643-2df2-4c06-bc6a-0bb357359dc8 899cc7dd92b244f58785530e3f19cfc0 163f4dc9d2cd4c179a8dbe00fd60036b - - default default] Unable to schedule network a09af8c0-ed87-4955-a455-b0c41a7fe063: no agents available; will retry on subsequent port and subnet creation events.
2026-06-25 23:37:31.688 10 WARNING neutron.scheduler.dhcp_agent_scheduler [None req-da8a25d2-5911-4044-9d6d-e824b66f2a42 f5a43285a4b14a80971818a8cec0ea4c 77813b27cd744963bc1f3a8420af1254 - - default default] No more DHCP agents
2026-06-25 23:37:31.694 10 WARNING neutron.api.rpc.agentnotifiers.dhcp_rpc_agent_api [None req-da8a25d2-5911-4044-9d6d-e824b66f2a42 f5a43285a4b14a80971818a8cec0ea4c 77813b27cd744963bc1f3a8420af1254 - - default default] Unable to schedule network 533d2dca-c658-4489-a21a-f0949971d801: no agents available; will retry on subsequent port and subnet creation events.
2026-06-25 23:37:31.695 9 INFO neutron.db.ovn_revision_numbers_db [None req-3d3dc643-2df2-4c06-bc6a-0bb357359dc8 899cc7dd92b244f58785530e3f19cfc0 163f4dc9d2cd4c179a8dbe00fd60036b - - default default] Successfully bumped revision number for resource 32cb92f3-f857-4ae7-b6ce-f40618d33d22 (type: ports) to 1
2026-06-25 23:37:31.721 9 INFO neutron.wsgi [None req-3d3dc643-2df2-4c06-bc6a-0bb357359dc8 899cc7dd92b244f58785530e3f19cfc0 163f4dc9d2cd4c179a8dbe00fd60036b - - default default] 10.0.0.38 "POST /v2.0/networks HTTP/1.1" status: 201 len: 830 time: 1.0252252
