2026-06-25 23:36:41.805 10 INFO neutron.wsgi [None req-0b8d9f7f-3299-4d12-8b6b-49729917934e 0b09a18681954923befa1265d67aa217 8cbe24e4429e424aa46a00e2734c5825 - - default default] 10.0.0.38 "PUT /v2.0/floatingips/47509dff-d54f-4926-9d4d-e707780fd8b3/tags HTTP/1.1" status: 200 len: 227 time: 0.0579123
2026-06-25 23:36:41.869 9 INFO neutron.wsgi [None req-0600fd26-8032-4041-8f18-bca274ac1b3e 0b09a18681954923befa1265d67aa217 8cbe24e4429e424aa46a00e2734c5825 - - default default] 10.0.0.38 "PUT /v2.0/floatingips/9287ff8d-139d-43c3-b66c-3b23aedba916/tags HTTP/1.1" status: 200 len: 212 time: 0.0587478
2026-06-25 23:36:41.924 9 INFO neutron.wsgi [None req-341e873f-a796-4e79-8205-62e744ab8413 0b09a18681954923befa1265d67aa217 8cbe24e4429e424aa46a00e2734c5825 - - default default] 10.0.0.38 "GET /v2.0/floatingips?tags=red HTTP/1.1" status: 200 len: 1866 time: 0.0481181
2026-06-25 23:36:41.979 9 INFO neutron.wsgi [None req-7334d54c-39ae-496c-9e75-895aa34731b9 0b09a18681954923befa1265d67aa217 8cbe24e4429e424aa46a00e2734c5825 - - default default] 10.0.0.38 "GET /v2.0/floatingips?tags=red%2Cblue HTTP/1.1" status: 200 len: 1323 time: 0.0505633
2026-06-25 23:36:41.985 9 WARNING neutron.scheduler.dhcp_agent_scheduler [None req-24ae9a31-30d0-4bbb-975c-15c76213916d 1ee36ce2da254a179201e15c1196c104 f1ab91e6e36d4f21b141e44afc3e106b - - default default] No more DHCP agents
2026-06-25 23:36:41.988 9 WARNING neutron.api.rpc.agentnotifiers.dhcp_rpc_agent_api [None req-24ae9a31-30d0-4bbb-975c-15c76213916d 1ee36ce2da254a179201e15c1196c104 f1ab91e6e36d4f21b141e44afc3e106b - - default default] Unable to schedule network 5bb94c4a-ed60-4f27-aed3-3602f776c72b: no agents available; will retry on subsequent port and subnet creation events.
2026-06-25 23:36:42.022 10 INFO neutron.wsgi [None req-3121aba9-36a5-4672-8a0a-4b93a38b32ca 0b09a18681954923befa1265d67aa217 8cbe24e4429e424aa46a00e2734c5825 - - default default] 10.0.0.38 "GET /v2.0/floatingips?tags-any=blue HTTP/1.1" status: 200 len: 1323 time: 0.0388031
2026-06-25 23:36:42.068 9 INFO neutron.wsgi [None req-5b32bebd-fbc4-495c-a30a-61fe8f24c4de 0b09a18681954923befa1265d67aa217 8cbe24e4429e424aa46a00e2734c5825 - - default default] 10.0.0.38 "GET /v2.0/floatingips?tags-any=red%2Cblue HTTP/1.1" status: 200 len: 1866 time: 0.0410690
2026-06-25 23:36:42.086 9 INFO neutron.db.ovn_revision_numbers_db [None req-24ae9a31-30d0-4bbb-975c-15c76213916d 1ee36ce2da254a179201e15c1196c104 f1ab91e6e36d4f21b141e44afc3e106b - - default default] Successfully bumped revision number for resource 835bc3f4-2535-4772-bc04-ea8b5bdb794b (type: ports) to 1
2026-06-25 23:36:42.318 9 INFO neutron.wsgi [None req-371de7c3-994a-47a9-9a71-e6162ffc3a1b 0b09a18681954923befa1265d67aa217 8cbe24e4429e424aa46a00e2734c5825 - - default default] 10.0.0.38 "GET /v2.0/floatingips?not-tags=red HTTP/1.1" status: 200 len: 1295 time: 0.2442040
2026-06-25 23:36:42.341 9 INFO neutron.wsgi [None req-24ae9a31-30d0-4bbb-975c-15c76213916d 1ee36ce2da254a179201e15c1196c104 f1ab91e6e36d4f21b141e44afc3e106b - - default default] 10.0.0.38 "POST /v2.0/networks HTTP/1.1" status: 201 len: 929 time: 0.8566794
2026-06-25 23:36:42.363 9 INFO neutron.wsgi [None req-b65efad2-ae29-4f9d-a438-6672e9477a77 0b09a18681954923befa1265d67aa217 8cbe24e4429e424aa46a00e2734c5825 - - default default] 10.0.0.38 "GET /v2.0/floatingips?not-tags=red%2Cblue HTTP/1.1" status: 200 len: 1838 time: 0.0383747
2026-06-25 23:36:42.453 10 INFO neutron.wsgi [None req-5bab9b3b-d612-4209-b77d-2659861f367d 0b09a18681954923befa1265d67aa217 8cbe24e4429e424aa46a00e2734c5825 - - default default] 10.0.0.38 "GET /v2.0/floatingips?not-tags-any=blue HTTP/1.1" status: 200 len: 1838 time: 0.0845463
2026-06-25 23:36:42.492 10 INFO neutron.wsgi [None req-ee338309-00da-4d2a-9617-93278dd12295 0b09a18681954923befa1265d67aa217 8cbe24e4429e424aa46a00e2734c5825 - - default default] 10.0.0.38 "GET /v2.0/floatingips?not-tags-any=red%2Cblue HTTP/1.1" status: 200 len: 1295 time: 0.0331395
2026-06-25 23:36:42.652 10 WARNING neutron.scheduler.dhcp_agent_scheduler [None req-632274ec-8f6a-41c1-b2fe-29f413c23457 1ee36ce2da254a179201e15c1196c104 f1ab91e6e36d4f21b141e44afc3e106b - - default default] No more DHCP agents
2026-06-25 23:36:42.654 10 WARNING neutron.api.rpc.agentnotifiers.dhcp_rpc_agent_api [None req-632274ec-8f6a-41c1-b2fe-29f413c23457 1ee36ce2da254a179201e15c1196c104 f1ab91e6e36d4f21b141e44afc3e106b - - default default] Unable to schedule network 5bb94c4a-ed60-4f27-aed3-3602f776c72b: no agents available; will retry on subsequent port and subnet creation events.
2026-06-25 23:36:42.866 9 INFO neutron.db.ovn_revision_numbers_db [None req-879c2045-1ba2-4b45-86fd-53526e3a7671 c26e1bea72844b4fa2afd28abb2a9f03 2b43eefe57fe4a4798d2146efe13832c - - default default] Successfully bumped revision number for resource cf0006f7-27c5-42da-8cd9-83d34f053c86 (type: security_groups) to 1
2026-06-25 23:36:42.885 9 INFO neutron.db.ovn_revision_numbers_db [None req-879c2045-1ba2-4b45-86fd-53526e3a7671 c26e1bea72844b4fa2afd28abb2a9f03 2b43eefe57fe4a4798d2146efe13832c - - default default] Successfully bumped revision number for resource 1580ae2a-20d5-487e-9bb4-d53e286db921 (type: security_group_rules) to 0
2026-06-25 23:36:42.914 9 INFO neutron.db.ovn_revision_numbers_db [None req-879c2045-1ba2-4b45-86fd-53526e3a7671 c26e1bea72844b4fa2afd28abb2a9f03 2b43eefe57fe4a4798d2146efe13832c - - default default] Successfully bumped revision number for resource 7b59c7c7-691e-4c4d-989d-7966e86681d0 (type: security_group_rules) to 0
2026-06-25 23:36:42.922 9 INFO neutron.db.ovn_revision_numbers_db [None req-4d874a3b-a9bb-420c-870c-628599137190 c26e1bea72844b4fa2afd28abb2a9f03 2b43eefe57fe4a4798d2146efe13832c - - default default] Successfully bumped revision number for resource b0adafa1-f6a7-4e44-a655-353330f9ef06 (type: security_groups) to 1
2026-06-25 23:36:42.929 9 INFO neutron.db.ovn_revision_numbers_db [None req-879c2045-1ba2-4b45-86fd-53526e3a7671 c26e1bea72844b4fa2afd28abb2a9f03 2b43eefe57fe4a4798d2146efe13832c - - default default] Successfully bumped revision number for resource 7bca2659-4fd9-48ac-86e1-fa04f49d1a41 (type: security_group_rules) to 0
2026-06-25 23:36:42.933 10 INFO neutron.wsgi [None req-d0262b50-3909-4b02-82d5-ccfbbd5bf4ef 0b09a18681954923befa1265d67aa217 8cbe24e4429e424aa46a00e2734c5825 - - default default] 10.0.0.38 "DELETE /v2.0/floatingips/f89ab2ef-a246-4b6b-9010-32ab0c1956f7 HTTP/1.1" status: 204 len: 168 time: 0.4328241
2026-06-25 23:36:42.936 9 INFO neutron.db.ovn_revision_numbers_db [None req-4d874a3b-a9bb-420c-870c-628599137190 c26e1bea72844b4fa2afd28abb2a9f03 2b43eefe57fe4a4798d2146efe13832c - - default default] Successfully bumped revision number for resource 4d1e1a37-6ba1-433b-9a96-45ee32ad03d7 (type: security_group_rules) to 0
2026-06-25 23:36:42.948 9 INFO neutron.db.ovn_revision_numbers_db [None req-879c2045-1ba2-4b45-86fd-53526e3a7671 c26e1bea72844b4fa2afd28abb2a9f03 2b43eefe57fe4a4798d2146efe13832c - - default default] Successfully bumped revision number for resource e63f57b7-79df-4655-8d06-f0f9b947147f (type: security_group_rules) to 0
2026-06-25 23:36:42.977 9 INFO neutron.db.ovn_revision_numbers_db [None req-4d874a3b-a9bb-420c-870c-628599137190 c26e1bea72844b4fa2afd28abb2a9f03 2b43eefe57fe4a4798d2146efe13832c - - default default] Successfully bumped revision number for resource 6080535a-ff8f-4af0-b83a-974787a03ae1 (type: security_group_rules) to 0
2026-06-25 23:36:42.984 9 INFO neutron.wsgi [None req-879c2045-1ba2-4b45-86fd-53526e3a7671 c26e1bea72844b4fa2afd28abb2a9f03 2b43eefe57fe4a4798d2146efe13832c - - default default] 10.0.0.38 "GET /v2.0/security-groups?tenant_id=f5190f89847f40459508710ad1c046d0&name=default HTTP/1.1" status: 200 len: 2996 time: 0.3570778
2026-06-25 23:36:43.010 9 INFO neutron.db.ovn_revision_numbers_db [None req-4d874a3b-a9bb-420c-870c-628599137190 c26e1bea72844b4fa2afd28abb2a9f03 2b43eefe57fe4a4798d2146efe13832c - - default default] Successfully bumped revision number for resource 69959857-90b9-44ae-902a-731063b1a3f8 (type: security_group_rules) to 0
2026-06-25 23:36:43.031 9 INFO neutron.db.ovn_revision_numbers_db [None req-4d874a3b-a9bb-420c-870c-628599137190 c26e1bea72844b4fa2afd28abb2a9f03 2b43eefe57fe4a4798d2146efe13832c - - default default] Successfully bumped revision number for resource b45c6e06-abd7-4937-9fd7-1d570c10e18f (type: security_group_rules) to 0
2026-06-25 23:36:43.051 9 INFO neutron.wsgi [None req-4d874a3b-a9bb-420c-870c-628599137190 c26e1bea72844b4fa2afd28abb2a9f03 2b43eefe57fe4a4798d2146efe13832c - - default default] 10.0.0.38 "GET /v2.0/security-groups?tenant_id=15e55e598114403b9af5d281a6e2d687&name=default HTTP/1.1" status: 200 len: 2996 time: 0.4431200
2026-06-25 23:36:43.193 10 INFO neutron.db.ovn_revision_numbers_db [None req-632274ec-8f6a-41c1-b2fe-29f413c23457 1ee36ce2da254a179201e15c1196c104 f1ab91e6e36d4f21b141e44afc3e106b - - default default] Successfully bumped revision number for resource 835bc3f4-2535-4772-bc04-ea8b5bdb794b (type: ports) to 2
2026-06-25 23:36:43.233 10 INFO neutron.db.ovn_revision_numbers_db [None req-632274ec-8f6a-41c1-b2fe-29f413c23457 1ee36ce2da254a179201e15c1196c104 f1ab91e6e36d4f21b141e44afc3e106b - - default default] Successfully bumped revision number for resource 347b5290-960b-4c3d-afc6-19d6736b5dfb (type: subnets) to 0
2026-06-25 23:36:43.250 10 INFO neutron.wsgi [None req-ebf33815-d5b7-401e-8c55-0e333b926007 c26e1bea72844b4fa2afd28abb2a9f03 2b43eefe57fe4a4798d2146efe13832c - - default default] 10.0.0.38 "DELETE /v2.0/security-groups/cf0006f7-27c5-42da-8cd9-83d34f053c86 HTTP/1.1" status: 204 len: 168 time: 0.2581055
2026-06-25 23:36:43.255 10 INFO neutron.wsgi [None req-632274ec-8f6a-41c1-b2fe-29f413c23457 1ee36ce2da254a179201e15c1196c104 f1ab91e6e36d4f21b141e44afc3e106b - - default default] 10.0.0.38 "POST /v2.0/subnets HTTP/1.1" status: 201 len: 822 time: 0.9089954
2026-06-25 23:36:43.362 9 INFO neutron.wsgi [None req-24ad1b51-9eb2-4fd9-9afb-85f636249f7e 0b09a18681954923befa1265d67aa217 8cbe24e4429e424aa46a00e2734c5825 - - default default] 10.0.0.38 "DELETE /v2.0/floatingips/6144e63c-ef9d-4d7b-bbd7-a0bca4a21c77 HTTP/1.1" status: 204 len: 168 time: 0.4216208
2026-06-25 23:36:43.365 9 INFO neutron.wsgi [None req-cd0b047b-2a9f-4add-ba8a-16062566446d c26e1bea72844b4fa2afd28abb2a9f03 2b43eefe57fe4a4798d2146efe13832c - - default default] 10.0.0.38 "DELETE /v2.0/security-groups/b0adafa1-f6a7-4e44-a655-353330f9ef06 HTTP/1.1" status: 204 len: 168 time: 0.3075478
2026-06-25 23:36:43.692 9 INFO neutron.wsgi [None req-0d585730-f558-4009-9f1c-8692a586b2e2 0b09a18681954923befa1265d67aa217 8cbe24e4429e424aa46a00e2734c5825 - - default default] 10.0.0.38 "DELETE /v2.0/floatingips/47509dff-d54f-4926-9d4d-e707780fd8b3 HTTP/1.1" status: 204 len: 168 time: 0.3182504
2026-06-25 23:36:43.831 10 INFO neutron.db.ovn_revision_numbers_db [None req-b27e9737-76d5-4655-858f-db9fc9ae92cd c26e1bea72844b4fa2afd28abb2a9f03 2b43eefe57fe4a4798d2146efe13832c - - default default] Successfully bumped revision number for resource 8cef6dbf-ae44-4d2b-bf9d-6bdc84124c5d (type: security_groups) to 1
2026-06-25 23:36:43.863 10 INFO neutron.db.ovn_revision_numbers_db [None req-b27e9737-76d5-4655-858f-db9fc9ae92cd c26e1bea72844b4fa2afd28abb2a9f03 2b43eefe57fe4a4798d2146efe13832c - - default default] Successfully bumped revision number for resource 21fc62ae-0cf6-4391-bfa9-b5b7d3e65bcb (type: security_group_rules) to 0
2026-06-25 23:36:43.882 10 INFO neutron.db.ovn_revision_numbers_db [None req-b27e9737-76d5-4655-858f-db9fc9ae92cd c26e1bea72844b4fa2afd28abb2a9f03 2b43eefe57fe4a4798d2146efe13832c - - default default] Successfully bumped revision number for resource 34bfa9ac-6689-4700-9341-ab37817e20b7 (type: security_group_rules) to 0
2026-06-25 23:36:43.891 10 INFO neutron.wsgi [None req-42f7a83c-c89c-4d0d-85f8-527eb475aefa 1ee36ce2da254a179201e15c1196c104 f1ab91e6e36d4f21b141e44afc3e106b - - default default] 10.0.0.38 "POST /v2.0/rbac-policies HTTP/1.1" status: 201 len: 523 time: 0.6136570
2026-06-25 23:36:43.897 10 INFO neutron.db.ovn_revision_numbers_db [None req-b27e9737-76d5-4655-858f-db9fc9ae92cd c26e1bea72844b4fa2afd28abb2a9f03 2b43eefe57fe4a4798d2146efe13832c - - default default] Successfully bumped revision number for resource 7c536ec3-f009-4346-90c4-aa800596f9c9 (type: security_group_rules) to 0
2026-06-25 23:36:43.912 10 INFO neutron.db.ovn_revision_numbers_db [None req-b27e9737-76d5-4655-858f-db9fc9ae92cd c26e1bea72844b4fa2afd28abb2a9f03 2b43eefe57fe4a4798d2146efe13832c - - default default] Successfully bumped revision number for resource de4d013f-cf0d-461a-b9a4-919eeb095df5 (type: security_group_rules) to 0
2026-06-25 23:36:43.936 10 INFO neutron.wsgi [None req-b27e9737-76d5-4655-858f-db9fc9ae92cd c26e1bea72844b4fa2afd28abb2a9f03 2b43eefe57fe4a4798d2146efe13832c - - default default] 10.0.0.38 "GET /v2.0/security-groups?tenant_id=05c11b753edc436eaeb476e9963bb6c6&name=default HTTP/1.1" status: 200 len: 2996 time: 0.5148060
2026-06-25 23:36:44.063 9 INFO neutron.wsgi [None req-56bd7cc7-5e7e-498f-9c0c-a486cb503a99 0b09a18681954923befa1265d67aa217 8cbe24e4429e424aa46a00e2734c5825 - - default default] 10.0.0.38 "DELETE /v2.0/floatingips/9287ff8d-139d-43c3-b66c-3b23aedba916 HTTP/1.1" status: 204 len: 168 time: 0.3639870
2026-06-25 23:36:44.238 9 INFO neutron.wsgi [None req-1fe20d9c-ff19-4e83-ae92-b89a60739970 c26e1bea72844b4fa2afd28abb2a9f03 2b43eefe57fe4a4798d2146efe13832c - - default default] 10.0.0.38 "DELETE /v2.0/security-groups/8cef6dbf-ae44-4d2b-bf9d-6bdc84124c5d HTTP/1.1" status: 204 len: 168 time: 0.2971952
2026-06-25 23:36:44.410 9 INFO neutron.wsgi [None req-3dc0c001-b115-4d07-b793-ecc07a5de6d7 0b09a18681954923befa1265d67aa217 8cbe24e4429e424aa46a00e2734c5825 - - default default] 10.0.0.38 "DELETE /v2.0/floatingips/e0393881-a6f0-4288-9726-ff3df5704b9d HTTP/1.1" status: 204 len: 168 time: 0.3418798
2026-06-25 23:36:44.573 10 INFO neutron.wsgi [None req-42036aef-6597-4c51-ba52-ff5d9d841411 4e986fd5aafd40ad976039ffb383a505 010ca4ed1b734cac82e083f8d46249eb - - default default] 10.0.0.38 "GET /v2.0/networks/5bb94c4a-ed60-4f27-aed3-3602f776c72b HTTP/1.1" status: 200 len: 849 time: 0.3120053
2026-06-25 23:36:45.121 9 INFO neutron.pecan_wsgi.hooks.translation [None req-c527fa6f-5dca-484c-9872-8b292caf4f08 7ca01d8f9b4549f0bb4918a8fd526d58 7c9dd6576f3e48e984fcfc7f7ecdd991 - - default default] GET failed (client error): The resource could not be found.
2026-06-25 23:36:45.123 9 INFO neutron.wsgi [None req-c527fa6f-5dca-484c-9872-8b292caf4f08 7ca01d8f9b4549f0bb4918a8fd526d58 7c9dd6576f3e48e984fcfc7f7ecdd991 - - default default] 10.0.0.38 "GET /v2.0/networks/5bb94c4a-ed60-4f27-aed3-3602f776c72b HTTP/1.1" status: 404 len: 339 time: 0.2012458
2026-06-25 23:36:45.581 9 INFO neutron.db.ovn_revision_numbers_db [None req-a356b13d-96ff-45c6-b88c-6b1600f4dc5b c26e1bea72844b4fa2afd28abb2a9f03 2b43eefe57fe4a4798d2146efe13832c - - default default] Successfully bumped revision number for resource fff012d7-8a0a-413b-8fd5-2e28fe6747b2 (type: security_groups) to 1
2026-06-25 23:36:45.600 9 INFO neutron.db.ovn_revision_numbers_db [None req-a356b13d-96ff-45c6-b88c-6b1600f4dc5b c26e1bea72844b4fa2afd28abb2a9f03 2b43eefe57fe4a4798d2146efe13832c - - default default] Successfully bumped revision number for resource 4d8721a8-5134-4e87-8e4a-dc2da998bb31 (type: security_group_rules) to 0
2026-06-25 23:36:45.632 9 INFO neutron.db.ovn_revision_numbers_db [None req-a356b13d-96ff-45c6-b88c-6b1600f4dc5b c26e1bea72844b4fa2afd28abb2a9f03 2b43eefe57fe4a4798d2146efe13832c - - default default] Successfully bumped revision number for resource 53d46740-6a0f-4885-877d-77b19906dc82 (type: security_group_rules) to 0
2026-06-25 23:36:45.650 9 INFO neutron.db.ovn_revision_numbers_db [None req-a356b13d-96ff-45c6-b88c-6b1600f4dc5b c26e1bea72844b4fa2afd28abb2a9f03 2b43eefe57fe4a4798d2146efe13832c - - default default] Successfully bumped revision number for resource cc0b6ca6-a2db-4f9d-9f67-93f078ef3357 (type: security_group_rules) to 0
2026-06-25 23:36:45.667 9 INFO neutron.db.ovn_revision_numbers_db [None req-a356b13d-96ff-45c6-b88c-6b1600f4dc5b c26e1bea72844b4fa2afd28abb2a9f03 2b43eefe57fe4a4798d2146efe13832c - - default default] Successfully bumped revision number for resource ceeb506a-5603-4db1-a260-26ca34fce541 (type: security_group_rules) to 0
2026-06-25 23:36:45.712 9 INFO neutron.services.segments.plugin [-] Segment 394cd34c-0581-4189-8f84-c1cb661d3aab resource provider aggregate not found
2026-06-25 23:36:45.718 9 INFO neutron.services.segments.plugin [-] Segment 394cd34c-0581-4189-8f84-c1cb661d3aab resource provider aggregate not found
2026-06-25 23:36:45.730 9 INFO neutron.wsgi [None req-a356b13d-96ff-45c6-b88c-6b1600f4dc5b c26e1bea72844b4fa2afd28abb2a9f03 2b43eefe57fe4a4798d2146efe13832c - - default default] 10.0.0.38 "GET /v2.0/security-groups?tenant_id=8cbe24e4429e424aa46a00e2734c5825&name=default HTTP/1.1" status: 200 len: 2996 time: 0.4523585
2026-06-25 23:36:45.738 9 INFO neutron.services.segments.plugin [-] Segment 394cd34c-0581-4189-8f84-c1cb661d3aab resource provider not found; error: Placement Client Error (4xx): {"errors": [{"status": 404, "title": "Not Found", "detail": "The resource could not be found.\n\n No resource provider with uuid 394cd34c-0581-4189-8f84-c1cb661d3aab found for delete ", "request_id": "req-18c858a1-8410-40a4-9c19-1df5c68a15fc"}]}
2026-06-25 23:36:45.740 9 INFO neutron.services.segments.plugin [-] Segment 394cd34c-0581-4189-8f84-c1cb661d3aab resource provider not found; error: Placement Client Error (4xx): {"errors": [{"status": 404, "title": "Not Found", "detail": "The resource could not be found.\n\n No resource provider with uuid 394cd34c-0581-4189-8f84-c1cb661d3aab found for delete ", "request_id": "req-ccded53b-a018-4ffa-be67-e27f2e0bc127"}]}
2026-06-25 23:36:45.765 9 INFO neutron.wsgi [None req-c8ac5a6b-0811-4121-882c-a9476986b1bf 1ee36ce2da254a179201e15c1196c104 f1ab91e6e36d4f21b141e44afc3e106b - - default default] 10.0.0.38 "DELETE /v2.0/networks/5bb94c4a-ed60-4f27-aed3-3602f776c72b HTTP/1.1" status: 204 len: 168 time: 0.6364291
2026-06-25 23:36:45.795 10 INFO neutron.pecan_wsgi.hooks.translation [None req-eb739dd9-3753-44dc-847a-d3fb67f886a3 1ee36ce2da254a179201e15c1196c104 f1ab91e6e36d4f21b141e44afc3e106b - - default default] DELETE failed (client error): The resource could not be found.
2026-06-25 23:36:45.797 10 INFO neutron.wsgi [None req-eb739dd9-3753-44dc-847a-d3fb67f886a3 1ee36ce2da254a179201e15c1196c104 f1ab91e6e36d4f21b141e44afc3e106b - - default default] 10.0.0.38 "DELETE /v2.0/subnets/b535cf05-b7ed-4748-b6ad-3b5bc9dd2916 HTTP/1.1" status: 404 len: 337 time: 0.0233929
2026-06-25 23:36:45.823 10 INFO neutron.pecan_wsgi.hooks.translation [None req-becac58f-236a-4ce7-ab70-d354314657fe 1ee36ce2da254a179201e15c1196c104 f1ab91e6e36d4f21b141e44afc3e106b - - default default] DELETE failed (client error): The resource could not be found.
2026-06-25 23:36:45.825 10 INFO neutron.wsgi [None req-becac58f-236a-4ce7-ab70-d354314657fe 1ee36ce2da254a179201e15c1196c104 f1ab91e6e36d4f21b141e44afc3e106b - - default default] 10.0.0.38 "DELETE /v2.0/subnets/6d509251-1184-4abf-9971-8a15185bca49 HTTP/1.1" status: 404 len: 337 time: 0.0228891
2026-06-25 23:36:45.847 10 INFO neutron.pecan_wsgi.hooks.translation [None req-a1352fc9-59ad-4c0e-b1ed-fd42e47c1d18 1ee36ce2da254a179201e15c1196c104 f1ab91e6e36d4f21b141e44afc3e106b - - default default] DELETE failed (client error): The resource could not be found.
2026-06-25 23:36:45.849 10 INFO neutron.wsgi [None req-a1352fc9-59ad-4c0e-b1ed-fd42e47c1d18 1ee36ce2da254a179201e15c1196c104 f1ab91e6e36d4f21b141e44afc3e106b - - default default] 10.0.0.38 "DELETE /v2.0/subnets/347b5290-960b-4c3d-afc6-19d6736b5dfb HTTP/1.1" status: 404 len: 337 time: 0.0196204
2026-06-25 23:36:45.989 10 INFO neutron.wsgi [None req-01422a12-ffb8-4fbe-b021-2164bf1c838e c26e1bea72844b4fa2afd28abb2a9f03 2b43eefe57fe4a4798d2146efe13832c - - default default] 10.0.0.38 "DELETE /v2.0/security-groups/fff012d7-8a0a-413b-8fd5-2e28fe6747b2 HTTP/1.1" status: 204 len: 168 time: 0.2543387
2026-06-25 23:36:46.257 10 INFO neutron.db.ovn_revision_numbers_db [None req-3620c1d2-e51c-4082-9527-133f81bb0202 c26e1bea72844b4fa2afd28abb2a9f03 2b43eefe57fe4a4798d2146efe13832c - - default default] Successfully bumped revision number for resource 87af7a92-2273-41a0-a42a-88b218aa93c4 (type: security_groups) to 1
2026-06-25 23:36:46.271 10 INFO neutron.db.ovn_revision_numbers_db [None req-3620c1d2-e51c-4082-9527-133f81bb0202 c26e1bea72844b4fa2afd28abb2a9f03 2b43eefe57fe4a4798d2146efe13832c - - default default] Successfully bumped revision number for resource 69fe26c7-368c-4679-9623-ad24dc94b891 (type: security_group_rules) to 0
2026-06-25 23:36:46.284 10 INFO neutron.db.ovn_revision_numbers_db [None req-3620c1d2-e51c-4082-9527-133f81bb0202 c26e1bea72844b4fa2afd28abb2a9f03 2b43eefe57fe4a4798d2146efe13832c - - default default] Successfully bumped revision number for resource ccd59729-4aae-446a-9ab2-b52e08b788de (type: security_group_rules) to 0
2026-06-25 23:36:46.298 10 INFO neutron.db.ovn_revision_numbers_db [None req-3620c1d2-e51c-4082-9527-133f81bb0202 c26e1bea72844b4fa2afd28abb2a9f03 2b43eefe57fe4a4798d2146efe13832c - - default default] Successfully bumped revision number for resource da7727cb-af7b-42c0-8c4f-12f408a624d4 (type: security_group_rules) to 0
2026-06-25 23:36:46.315 10 INFO neutron.db.ovn_revision_numbers_db [None req-3620c1d2-e51c-4082-9527-133f81bb0202 c26e1bea72844b4fa2afd28abb2a9f03 2b43eefe57fe4a4798d2146efe13832c - - default default] Successfully bumped revision number for resource e18f34e5-f9b0-4d44-a3ec-4023ef830259 (type: security_group_rules) to 0
2026-06-25 23:36:46.341 10 INFO neutron.wsgi [None req-3620c1d2-e51c-4082-9527-133f81bb0202 c26e1bea72844b4fa2afd28abb2a9f03 2b43eefe57fe4a4798d2146efe13832c - - default default] 10.0.0.38 "GET /v2.0/security-groups?tenant_id=a44c451919fc40af9e3e3c2758cb371e&name=default HTTP/1.1" status: 200 len: 2996 time: 0.1979177
2026-06-25 23:36:46.550 10 INFO neutron.wsgi [None req-bbd31b32-61da-4b03-be2f-5bf3c6d48e55 c26e1bea72844b4fa2afd28abb2a9f03 2b43eefe57fe4a4798d2146efe13832c - - default default] 10.0.0.38 "DELETE /v2.0/security-groups/87af7a92-2273-41a0-a42a-88b218aa93c4 HTTP/1.1" status: 204 len: 168 time: 0.2047424
2026-06-25 23:36:46.770 9 INFO neutron.db.ovn_revision_numbers_db [None req-ae65c8bf-74cc-44a5-94b5-70e26ca27e1f c26e1bea72844b4fa2afd28abb2a9f03 2b43eefe57fe4a4798d2146efe13832c - - default default] Successfully bumped revision number for resource e52c8ff1-635f-4884-bdab-ef3ea58d374a (type: security_groups) to 1
2026-06-25 23:36:46.790 9 INFO neutron.db.ovn_revision_numbers_db [None req-ae65c8bf-74cc-44a5-94b5-70e26ca27e1f c26e1bea72844b4fa2afd28abb2a9f03 2b43eefe57fe4a4798d2146efe13832c - - default default] Successfully bumped revision number for resource 31b065b8-4eca-46c9-8696-78b20f776bb0 (type: security_group_rules) to 0
2026-06-25 23:36:46.810 9 INFO neutron.db.ovn_revision_numbers_db [None req-ae65c8bf-74cc-44a5-94b5-70e26ca27e1f c26e1bea72844b4fa2afd28abb2a9f03 2b43eefe57fe4a4798d2146efe13832c - - default default] Successfully bumped revision number for resource 6612f8c4-0846-4bfe-a08f-1dfc056e04a4 (type: security_group_rules) to 0
2026-06-25 23:36:46.816 9 INFO neutron.db.ovn_revision_numbers_db [None req-d5b5e80b-001d-4d2e-8022-d66f1215e448 f23d5650e19d4e0894311b30285bbc87 380346ed49144edfa4828877dda45289 - - default default] Successfully bumped revision number for resource a73aa594-60bb-4ac1-bc52-c000a44321d7 (type: security_groups) to 1
2026-06-25 23:36:46.829 9 INFO neutron.db.ovn_revision_numbers_db [None req-ae65c8bf-74cc-44a5-94b5-70e26ca27e1f c26e1bea72844b4fa2afd28abb2a9f03 2b43eefe57fe4a4798d2146efe13832c - - default default] Successfully bumped revision number for resource ed593789-c659-4e2f-b418-8fa35cbf5363 (type: security_group_rules) to 0
2026-06-25 23:36:46.840 9 INFO neutron.db.ovn_revision_numbers_db [None req-d5b5e80b-001d-4d2e-8022-d66f1215e448 f23d5650e19d4e0894311b30285bbc87 380346ed49144edfa4828877dda45289 - - default default] Successfully bumped revision number for resource 05b088d7-bda7-4234-b1eb-3abe8fdc5487 (type: security_group_rules) to 0
2026-06-25 23:36:46.842 9 INFO neutron.db.ovn_revision_numbers_db [None req-ae65c8bf-74cc-44a5-94b5-70e26ca27e1f c26e1bea72844b4fa2afd28abb2a9f03 2b43eefe57fe4a4798d2146efe13832c - - default default] Successfully bumped revision number for resource f7369141-74d6-4f96-a5ab-fd080c18acd3 (type: security_group_rules) to 0
2026-06-25 23:36:46.863 10 INFO neutron.db.ovn_revision_numbers_db [None req-0eb800bb-c8df-4f39-a3cf-e556be69a42d c26e1bea72844b4fa2afd28abb2a9f03 2b43eefe57fe4a4798d2146efe13832c - - default default] Successfully bumped revision number for resource d3ba4b5e-10e5-4988-8bf0-d9db2d399458 (type: security_groups) to 1
2026-06-25 23:36:46.867 9 INFO neutron.wsgi [None req-ae65c8bf-74cc-44a5-94b5-70e26ca27e1f c26e1bea72844b4fa2afd28abb2a9f03 2b43eefe57fe4a4798d2146efe13832c - - default default] 10.0.0.38 "GET /v2.0/security-groups?tenant_id=7c9dd6576f3e48e984fcfc7f7ecdd991&name=default HTTP/1.1" status: 200 len: 2996 time: 0.2736168
2026-06-25 23:36:46.868 9 INFO neutron.db.ovn_revision_numbers_db [None req-d5b5e80b-001d-4d2e-8022-d66f1215e448 f23d5650e19d4e0894311b30285bbc87 380346ed49144edfa4828877dda45289 - - default default] Successfully bumped revision number for resource a242a5cb-5cad-42c7-a3b2-f57fd2f211da (type: security_group_rules) to 0
2026-06-25 23:36:46.893 10 INFO neutron.db.ovn_revision_numbers_db [None req-0eb800bb-c8df-4f39-a3cf-e556be69a42d c26e1bea72844b4fa2afd28abb2a9f03 2b43eefe57fe4a4798d2146efe13832c - - default default] Successfully bumped revision number for resource 2b4a9871-393e-4cf8-9494-13ef5585cf50 (type: security_group_rules) to 0
2026-06-25 23:36:46.915 10 INFO neutron.db.ovn_revision_numbers_db [None req-0eb800bb-c8df-4f39-a3cf-e556be69a42d c26e1bea72844b4fa2afd28abb2a9f03 2b43eefe57fe4a4798d2146efe13832c - - default default] Successfully bumped revision number for resource 39edc4c2-52f1-4012-8a39-673942e59c99 (type: security_group_rules) to 0
2026-06-25 23:36:46.917 9 INFO neutron.db.ovn_revision_numbers_db [None req-d5b5e80b-001d-4d2e-8022-d66f1215e448 f23d5650e19d4e0894311b30285bbc87 380346ed49144edfa4828877dda45289 - - default default] Successfully bumped revision number for resource bb151ec8-0190-44bc-9087-0d2e33f09c25 (type: security_group_rules) to 0
2026-06-25 23:36:46.935 10 INFO neutron.db.ovn_revision_numbers_db [None req-0eb800bb-c8df-4f39-a3cf-e556be69a42d c26e1bea72844b4fa2afd28abb2a9f03 2b43eefe57fe4a4798d2146efe13832c - - default default] Successfully bumped revision number for resource 3bd5fba9-0c2f-4582-a24a-d26b31626e14 (type: security_group_rules) to 0
2026-06-25 23:36:46.938 9 INFO neutron.db.ovn_revision_numbers_db [None req-d5b5e80b-001d-4d2e-8022-d66f1215e448 f23d5650e19d4e0894311b30285bbc87 380346ed49144edfa4828877dda45289 - - default default] Successfully bumped revision number for resource dd218ce0-e856-4126-af0d-504b684283d2 (type: security_group_rules) to 0
2026-06-25 23:36:46.959 10 INFO neutron.db.ovn_revision_numbers_db [None req-0eb800bb-c8df-4f39-a3cf-e556be69a42d c26e1bea72844b4fa2afd28abb2a9f03 2b43eefe57fe4a4798d2146efe13832c - - default default] Successfully bumped revision number for resource c306b39a-4df1-4e58-980f-b29ce28f9a4b (type: security_group_rules) to 0
2026-06-25 23:36:46.993 10 INFO neutron.wsgi [None req-0eb800bb-c8df-4f39-a3cf-e556be69a42d c26e1bea72844b4fa2afd28abb2a9f03 2b43eefe57fe4a4798d2146efe13832c - - default default] 10.0.0.38 "GET /v2.0/security-groups?tenant_id=4ce16f77081c4718b8b37da857659422&name=default HTTP/1.1" status: 200 len: 2996 time: 0.2597106
2026-06-25 23:36:47.000 9 INFO neutron.db.segments_db [None req-d5b5e80b-001d-4d2e-8022-d66f1215e448 f23d5650e19d4e0894311b30285bbc87 380346ed49144edfa4828877dda45289 - - default default] Added segment 813b985f-1633-446f-9d23-37f2a699d75b of type geneve for network 2c4cf9de-9f4a-45fa-848d-e6973dbe5536
2026-06-25 23:36:47.123 10 INFO neutron.wsgi [None req-aedf3712-0d33-4f7c-9e44-735a470f4b0a c26e1bea72844b4fa2afd28abb2a9f03 2b43eefe57fe4a4798d2146efe13832c - - default default] 10.0.0.38 "DELETE /v2.0/security-groups/e52c8ff1-635f-4884-bdab-ef3ea58d374a HTTP/1.1" status: 204 len: 168 time: 0.2507477
2026-06-25 23:36:47.166 9 INFO neutron.db.ovn_revision_numbers_db [None req-d5b5e80b-001d-4d2e-8022-d66f1215e448 f23d5650e19d4e0894311b30285bbc87 380346ed49144edfa4828877dda45289 - - default default] Successfully bumped revision number for resource 2c4cf9de-9f4a-45fa-848d-e6973dbe5536 (type: networks) to 1
2026-06-25 23:36:47.224 10 INFO neutron.wsgi [None req-457ca197-05a7-449a-ba7a-d982d988d674 c26e1bea72844b4fa2afd28abb2a9f03 2b43eefe57fe4a4798d2146efe13832c - - default default] 10.0.0.38 "DELETE /v2.0/security-groups/d3ba4b5e-10e5-4988-8bf0-d9db2d399458 HTTP/1.1" status: 204 len: 168 time: 0.2247567
2026-06-25 23:36:47.302 10 INFO neutron.wsgi [None req-77619f6b-e0d9-49fe-a6c6-20f53628ea2d c26e1bea72844b4fa2afd28abb2a9f03 2b43eefe57fe4a4798d2146efe13832c - - default default] 10.0.0.38 "GET /v2.0/security-groups?tenant_id=f1ab91e6e36d4f21b141e44afc3e106b&name=default HTTP/1.1" status: 200 len: 2996 time: 0.0362625
2026-06-25 23:36:47.372 9 WARNING neutron.scheduler.dhcp_agent_scheduler [None req-d5b5e80b-001d-4d2e-8022-d66f1215e448 f23d5650e19d4e0894311b30285bbc87 380346ed49144edfa4828877dda45289 - - default default] No more DHCP agents
2026-06-25 23:36:47.375 9 WARNING neutron.api.rpc.agentnotifiers.dhcp_rpc_agent_api [None req-d5b5e80b-001d-4d2e-8022-d66f1215e448 f23d5650e19d4e0894311b30285bbc87 380346ed49144edfa4828877dda45289 - - default default] Unable to schedule network 2c4cf9de-9f4a-45fa-848d-e6973dbe5536: no agents available; will retry on subsequent port and subnet creation events.
2026-06-25 23:36:47.473 10 INFO neutron.wsgi [-] 10.0.0.196 "GET / HTTP/1.1" status: 200 len: 246 time: 0.0034783
2026-06-25 23:36:47.478 10 INFO neutron.wsgi [-] 10.0.0.196 "GET / HTTP/1.1" status: 200 len: 246 time: 0.0032589
2026-06-25 23:36:47.509 9 INFO neutron.db.ovn_revision_numbers_db [None req-d5b5e80b-001d-4d2e-8022-d66f1215e448 f23d5650e19d4e0894311b30285bbc87 380346ed49144edfa4828877dda45289 - - default default] Successfully bumped revision number for resource 3ebab940-51aa-43f7-a6dc-d331522bd3b9 (type: ports) to 1
2026-06-25 23:36:47.548 9 INFO neutron.wsgi [None req-d5b5e80b-001d-4d2e-8022-d66f1215e448 f23d5650e19d4e0894311b30285bbc87 380346ed49144edfa4828877dda45289 - - default default] 10.0.0.38 "POST /v2.0/networks HTTP/1.1" status: 201 len: 831 time: 1.1005745
2026-06-25 23:36:47.650 10 INFO neutron.wsgi [None req-369968ed-50a2-4c53-829f-afa9d02100d4 c26e1bea72844b4fa2afd28abb2a9f03 2b43eefe57fe4a4798d2146efe13832c - - default default] 10.0.0.38 "DELETE /v2.0/security-groups/779cc686-2b5c-411b-98fe-aa8d65a8a7c5 HTTP/1.1" status: 204 len: 168 time: 0.3423719
2026-06-25 23:36:47.992 9 INFO neutron.db.ovn_revision_numbers_db [None req-b4835d40-6fa4-4405-b135-1468e5b32bbb c26e1bea72844b4fa2afd28abb2a9f03 2b43eefe57fe4a4798d2146efe13832c - - default default] Successfully bumped revision number for resource daedbd6a-84a1-4f9b-9e2b-f8b65691a002 (type: security_groups) to 1
2026-06-25 23:36:48.009 9 INFO neutron.db.ovn_revision_numbers_db [None req-b4835d40-6fa4-4405-b135-1468e5b32bbb c26e1bea72844b4fa2afd28abb2a9f03 2b43eefe57fe4a4798d2146efe13832c - - default default] Successfully bumped revision number for resource 03121d67-d7d4-45e4-a0f4-5f70282506a1 (type: security_group_rules) to 0
2026-06-25 23:36:48.038 9 INFO neutron.db.ovn_revision_numbers_db [None req-b4835d40-6fa4-4405-b135-1468e5b32bbb c26e1bea72844b4fa2afd28abb2a9f03 2b43eefe57fe4a4798d2146efe13832c - - default default] Successfully bumped revision number for resource 03469496-32f2-46b5-9302-cd6c5997284b (type: security_group_rules) to 0
2026-06-25 23:36:48.039 10 WARNING neutron.scheduler.dhcp_agent_scheduler [None req-3f1b31ec-30b0-4eb5-9e7b-beace7248906 f23d5650e19d4e0894311b30285bbc87 380346ed49144edfa4828877dda45289 - - default default] No more DHCP agents
2026-06-25 23:36:48.043 10 WARNING neutron.api.rpc.agentnotifiers.dhcp_rpc_agent_api [None req-3f1b31ec-30b0-4eb5-9e7b-beace7248906 f23d5650e19d4e0894311b30285bbc87 380346ed49144edfa4828877dda45289 - - default default] Unable to schedule network 7984dda1-acac-48ee-93b4-94f15e1910dc: no agents available; will retry on subsequent port and subnet creation events.
2026-06-25 23:36:48.064 9 INFO neutron.db.ovn_revision_numbers_db [None req-b4835d40-6fa4-4405-b135-1468e5b32bbb c26e1bea72844b4fa2afd28abb2a9f03 2b43eefe57fe4a4798d2146efe13832c - - default default] Successfully bumped revision number for resource 59639e98-80d8-4408-a800-17a53f0faaca (type: security_group_rules) to 0
2026-06-25 23:36:48.081 9 INFO neutron.db.ovn_revision_numbers_db [None req-b4835d40-6fa4-4405-b135-1468e5b32bbb c26e1bea72844b4fa2afd28abb2a9f03 2b43eefe57fe4a4798d2146efe13832c - - default default] Successfully bumped revision number for resource aab91d82-6aaf-4822-813f-62459d5cf420 (type: security_group_rules) to 0
2026-06-25 23:36:48.129 9 INFO neutron.wsgi [None req-b4835d40-6fa4-4405-b135-1468e5b32bbb c26e1bea72844b4fa2afd28abb2a9f03 2b43eefe57fe4a4798d2146efe13832c - - default default] 10.0.0.38 "GET /v2.0/security-groups?tenant_id=010ca4ed1b734cac82e083f8d46249eb&name=default HTTP/1.1" status: 200 len: 2996 time: 0.2501261
2026-06-25 23:36:48.239 10 INFO neutron.db.ovn_revision_numbers_db [None req-3f1b31ec-30b0-4eb5-9e7b-beace7248906 f23d5650e19d4e0894311b30285bbc87 380346ed49144edfa4828877dda45289 - - default default] Successfully bumped revision number for resource b45e1b92-6444-4c25-8d26-f525fd180749 (type: ports) to 1
2026-06-25 23:36:48.359 9 INFO neutron.wsgi [None req-17e82050-cb24-4cd7-a53f-1cfd40ad1a4c c26e1bea72844b4fa2afd28abb2a9f03 2b43eefe57fe4a4798d2146efe13832c - - default default] 10.0.0.38 "DELETE /v2.0/security-groups/daedbd6a-84a1-4f9b-9e2b-f8b65691a002 HTTP/1.1" status: 204 len: 168 time: 0.2261486
2026-06-25 23:36:48.854 9 INFO neutron.plugins.ml2.drivers.ovn.mech_driver.ovsdb.ovsdb_monitor [None req-d7b4004c-bf89-4a29-befe-44ffe1a89e1a - - - - - -] Router 108201ec-a431-42b2-8ac2-e26f071674d5 is bound to host instance
2026-06-25 23:36:48.878 10 INFO neutron.plugins.ml2.drivers.ovn.mech_driver.mech_driver [None req-4d68a1e5-3384-4428-ac89-218fdb8c7b19 - - - - - -] OVN reports status up for port: b45e1b92-6444-4c25-8d26-f525fd180749
2026-06-25 23:36:48.896 10 INFO neutron.plugins.ml2.plugin [None req-4d68a1e5-3384-4428-ac89-218fdb8c7b19 - - - - - -] Attempt 1 to provision port b45e1b92-6444-4c25-8d26-f525fd180749
2026-06-25 23:36:48.918 10 INFO neutron.db.ovn_revision_numbers_db [None req-3f1b31ec-30b0-4eb5-9e7b-beace7248906 f23d5650e19d4e0894311b30285bbc87 380346ed49144edfa4828877dda45289 - - default default] Successfully bumped revision number for resource b45e1b92-6444-4c25-8d26-f525fd180749 (type: router_ports) to 1
2026-06-25 23:36:48.991 10 INFO neutron.db.ovn_revision_numbers_db [None req-3f1b31ec-30b0-4eb5-9e7b-beace7248906 f23d5650e19d4e0894311b30285bbc87 380346ed49144edfa4828877dda45289 - - default default] Successfully bumped revision number for resource 108201ec-a431-42b2-8ac2-e26f071674d5 (type: routers) to 2
2026-06-25 23:36:49.008 10 INFO neutron.wsgi [None req-3f1b31ec-30b0-4eb5-9e7b-beace7248906 f23d5650e19d4e0894311b30285bbc87 380346ed49144edfa4828877dda45289 - - default default] 10.0.0.38 "POST /v2.0/routers HTTP/1.1" status: 201 len: 874 time: 1.4536622
2026-06-25 23:36:49.211 10 INFO neutron.wsgi [None req-93d761af-4a6f-4e55-9e6a-90c4e3a0bf36 95eb17345b504f4db06101dce6e77c79 dac3c0c13e8847eaa08a1abaa81a71d3 - - default default] 10.0.0.38 "GET /v2.0/subnets?project_id=380346ed49144edfa4828877dda45289&cidr=10.100.0.0%2F28 HTTP/1.1" status: 200 len: 207 time: 0.1969154
2026-06-25 23:36:49.296 10 INFO neutron.wsgi [None req-d1d8b368-802d-44ce-a540-5f83c4a4165a 95eb17345b504f4db06101dce6e77c79 dac3c0c13e8847eaa08a1abaa81a71d3 - - default default] 10.0.0.38 "GET /v2.0/networks?router%3Aexternal=True HTTP/1.1" status: 200 len: 947 time: 0.0790648
2026-06-25 23:36:49.340 10 INFO neutron.wsgi [None req-6b17db53-38fd-4d9a-ad57-bcc0fcc2bf8b 95eb17345b504f4db06101dce6e77c79 dac3c0c13e8847eaa08a1abaa81a71d3 - - default default] 10.0.0.38 "GET /v2.0/subnets?network_id=7984dda1-acac-48ee-93b4-94f15e1910dc&cidr=10.100.0.0%2F28 HTTP/1.1" status: 200 len: 207 time: 0.0269775
2026-06-25 23:36:49.453 9 INFO neutron.db.ovn_revision_numbers_db [None req-d7b4004c-bf89-4a29-befe-44ffe1a89e1a - - - - - -] Successfully bumped revision number for resource b45e1b92-6444-4c25-8d26-f525fd180749 (type: ports) to 1
2026-06-25 23:36:49.650 10 WARNING neutron.scheduler.dhcp_agent_scheduler [None req-47b5d573-a04c-4d9b-8a4e-fe3095f08cb6 f23d5650e19d4e0894311b30285bbc87 380346ed49144edfa4828877dda45289 - - default default] No more DHCP agents
2026-06-25 23:36:49.651 10 WARNING neutron.api.rpc.agentnotifiers.dhcp_rpc_agent_api [None req-47b5d573-a04c-4d9b-8a4e-fe3095f08cb6 f23d5650e19d4e0894311b30285bbc87 380346ed49144edfa4828877dda45289 - - default default] Unable to schedule network 2c4cf9de-9f4a-45fa-848d-e6973dbe5536: no agents available; will retry on subsequent port and subnet creation events.
2026-06-25 23:36:49.737 9 INFO neutron.db.ovn_revision_numbers_db [None req-d7b4004c-bf89-4a29-befe-44ffe1a89e1a - - - - - -] Successfully bumped revision number for resource b45e1b92-6444-4c25-8d26-f525fd180749 (type: router_ports) to 3
2026-06-25 23:36:49.896 9 INFO neutron.db.ovn_revision_numbers_db [None req-d7b4004c-bf89-4a29-befe-44ffe1a89e1a - - - - - -] Successfully bumped revision number for resource b45e1b92-6444-4c25-8d26-f525fd180749 (type: ports) to 2
2026-06-25 23:36:50.133 9 INFO neutron.db.ovn_revision_numbers_db [None req-d7b4004c-bf89-4a29-befe-44ffe1a89e1a - - - - - -] Successfully bumped revision number for resource b45e1b92-6444-4c25-8d26-f525fd180749 (type: ports) to 4
2026-06-25 23:36:50.161 10 INFO neutron.db.ovn_revision_numbers_db [None req-47b5d573-a04c-4d9b-8a4e-fe3095f08cb6 f23d5650e19d4e0894311b30285bbc87 380346ed49144edfa4828877dda45289 - - default default] Successfully bumped revision number for resource 3ebab940-51aa-43f7-a6dc-d331522bd3b9 (type: ports) to 2
2026-06-25 23:36:50.197 10 INFO neutron.db.ovn_revision_numbers_db [None req-47b5d573-a04c-4d9b-8a4e-fe3095f08cb6 f23d5650e19d4e0894311b30285bbc87 380346ed49144edfa4828877dda45289 - - default default] Successfully bumped revision number for resource 4df20e67-482e-4378-935f-a60ed1c863b9 (type: subnets) to 0
2026-06-25 23:36:50.212 10 INFO neutron.wsgi [None req-47b5d573-a04c-4d9b-8a4e-fe3095f08cb6 f23d5650e19d4e0894311b30285bbc87 380346ed49144edfa4828877dda45289 - - default default] 10.0.0.38 "POST /v2.0/subnets HTTP/1.1" status: 201 len: 832 time: 0.8624477
2026-06-25 23:36:50.343 9 INFO neutron.db.ovn_revision_numbers_db [None req-d7b4004c-bf89-4a29-befe-44ffe1a89e1a - - - - - -] Successfully bumped revision number for resource b45e1b92-6444-4c25-8d26-f525fd180749 (type: router_ports) to 4
2026-06-25 23:36:50.883 9 INFO neutron.db.ovn_revision_numbers_db [None req-d133a33d-88b2-4e4b-9912-03d10fa97dc3 c26e1bea72844b4fa2afd28abb2a9f03 2b43eefe57fe4a4798d2146efe13832c - - default default] Successfully bumped revision number for resource 8c2473e2-631a-4092-a108-7f3b122d3812 (type: security_groups) to 1
2026-06-25 23:36:50.898 9 INFO neutron.db.ovn_revision_numbers_db [None req-d133a33d-88b2-4e4b-9912-03d10fa97dc3 c26e1bea72844b4fa2afd28abb2a9f03 2b43eefe57fe4a4798d2146efe13832c - - default default] Successfully bumped revision number for resource 32208f9d-53c6-4094-a067-336d7aa19c8f (type: security_group_rules) to 0
2026-06-25 23:36:50.912 9 INFO neutron.db.ovn_revision_numbers_db [None req-d133a33d-88b2-4e4b-9912-03d10fa97dc3 c26e1bea72844b4fa2afd28abb2a9f03 2b43eefe57fe4a4798d2146efe13832c - - default default] Successfully bumped revision number for resource 465ccb9e-3f9b-4b53-89ea-86a6f2de117e (type: security_group_rules) to 0
2026-06-25 23:36:50.925 9 INFO neutron.db.ovn_revision_numbers_db [None req-d133a33d-88b2-4e4b-9912-03d10fa97dc3 c26e1bea72844b4fa2afd28abb2a9f03 2b43eefe57fe4a4798d2146efe13832c - - default default] Successfully bumped revision number for resource 86984b0d-a94f-4d22-9e12-9b8d397ef813 (type: security_group_rules) to 0
2026-06-25 23:36:50.940 9 INFO neutron.db.ovn_revision_numbers_db [None req-d133a33d-88b2-4e4b-9912-03d10fa97dc3 c26e1bea72844b4fa2afd28abb2a9f03 2b43eefe57fe4a4798d2146efe13832c - - default default] Successfully bumped revision number for resource ce17879b-e7ae-42d7-afa9-d6bc94c328cb (type: security_group_rules) to 0
2026-06-25 23:36:50.965 9 INFO neutron.wsgi [None req-d133a33d-88b2-4e4b-9912-03d10fa97dc3 c26e1bea72844b4fa2afd28abb2a9f03 2b43eefe57fe4a4798d2146efe13832c - - default default] 10.0.0.38 "GET /v2.0/security-groups?tenant_id=e93bfebe71944fd8a03b30787a277738&name=default HTTP/1.1" status: 200 len: 2996 time: 0.3166075
2026-06-25 23:36:50.986 10 WARNING neutron.scheduler.dhcp_agent_scheduler [None req-a2676a9e-1009-4135-b104-d3498410cdf2 f23d5650e19d4e0894311b30285bbc87 380346ed49144edfa4828877dda45289 - - default default] No more DHCP agents
2026-06-25 23:36:50.989 10 WARNING neutron.api.rpc.agentnotifiers.dhcp_rpc_agent_api [None req-a2676a9e-1009-4135-b104-d3498410cdf2 f23d5650e19d4e0894311b30285bbc87 380346ed49144edfa4828877dda45289 - - default default] Unable to schedule network 2c4cf9de-9f4a-45fa-848d-e6973dbe5536: no agents available; will retry on subsequent port and subnet creation events.
2026-06-25 23:36:51.160 10 INFO neutron.db.ovn_revision_numbers_db [None req-a2676a9e-1009-4135-b104-d3498410cdf2 f23d5650e19d4e0894311b30285bbc87 380346ed49144edfa4828877dda45289 - - default default] Successfully bumped revision number for resource b8a0ba30-6c25-46c7-a0ca-a3309a6d55dc (type: ports) to 1
2026-06-25 23:36:51.186 9 INFO neutron.wsgi [None req-1e4ffea5-978d-4738-9ce2-1a83de592c3e c26e1bea72844b4fa2afd28abb2a9f03 2b43eefe57fe4a4798d2146efe13832c - - default default] 10.0.0.38 "DELETE /v2.0/security-groups/8c2473e2-631a-4092-a108-7f3b122d3812 HTTP/1.1" status: 204 len: 168 time: 0.2158866
2026-06-25 23:36:51.391 9 INFO neutron.db.ovn_revision_numbers_db [None req-3487e9ab-40f8-4f2c-af46-feae93ec5989 c26e1bea72844b4fa2afd28abb2a9f03 2b43eefe57fe4a4798d2146efe13832c - - default default] Successfully bumped revision number for resource 791f844c-d6b0-4047-9e15-914a4423f062 (type: security_groups) to 1
2026-06-25 23:36:51.406 9 INFO neutron.db.ovn_revision_numbers_db [None req-3487e9ab-40f8-4f2c-af46-feae93ec5989 c26e1bea72844b4fa2afd28abb2a9f03 2b43eefe57fe4a4798d2146efe13832c - - default default] Successfully bumped revision number for resource 0d8f9050-3a86-4165-ba8d-d012cf51a66a (type: security_group_rules) to 0
2026-06-25 23:36:51.423 9 INFO neutron.db.ovn_revision_numbers_db [None req-3487e9ab-40f8-4f2c-af46-feae93ec5989 c26e1bea72844b4fa2afd28abb2a9f03 2b43eefe57fe4a4798d2146efe13832c - - default default] Successfully bumped revision number for resource 68aed366-657f-4f41-bc5f-8d878f5b338a (type: security_group_rules) to 0
2026-06-25 23:36:51.446 9 INFO neutron.db.ovn_revision_numbers_db [None req-3487e9ab-40f8-4f2c-af46-feae93ec5989 c26e1bea72844b4fa2afd28abb2a9f03 2b43eefe57fe4a4798d2146efe13832c - - default default] Successfully bumped revision number for resource a8f54992-e677-4909-afbd-e0be99887578 (type: security_group_rules) to 0
2026-06-25 23:36:51.459 9 INFO neutron.db.ovn_revision_numbers_db [None req-3487e9ab-40f8-4f2c-af46-feae93ec5989 c26e1bea72844b4fa2afd28abb2a9f03 2b43eefe57fe4a4798d2146efe13832c - - default default] Successfully bumped revision number for resource e11f46b1-dff4-4ce5-9c1d-615b2579ab15 (type: security_group_rules) to 0
2026-06-25 23:36:51.491 9 INFO neutron.wsgi [None req-3487e9ab-40f8-4f2c-af46-feae93ec5989 c26e1bea72844b4fa2afd28abb2a9f03 2b43eefe57fe4a4798d2146efe13832c - - default default] 10.0.0.38 "GET /v2.0/security-groups?tenant_id=3bb01685de8a485bb8429815745967cc&name=default HTTP/1.1" status: 200 len: 2996 time: 0.2059042
2026-06-25 23:36:51.686 9 INFO neutron.plugins.ml2.drivers.ovn.mech_driver.mech_driver [None req-7a5e1d94-c38d-4d8c-b2e1-348cd0aab4a8 - - - - - -] OVN reports status up for port: b8a0ba30-6c25-46c7-a0ca-a3309a6d55dc
2026-06-25 23:36:51.705 9 INFO neutron.plugins.ml2.plugin [None req-7a5e1d94-c38d-4d8c-b2e1-348cd0aab4a8 - - - - - -] Attempt 1 to provision port b8a0ba30-6c25-46c7-a0ca-a3309a6d55dc
2026-06-25 23:36:51.717 10 INFO neutron.db.ovn_revision_numbers_db [None req-a2676a9e-1009-4135-b104-d3498410cdf2 f23d5650e19d4e0894311b30285bbc87 380346ed49144edfa4828877dda45289 - - default default] Successfully bumped revision number for resource b8a0ba30-6c25-46c7-a0ca-a3309a6d55dc (type: router_ports) to 1
2026-06-25 23:36:51.860 9 INFO neutron.wsgi [None req-92b3165d-1afe-411f-a377-4a60d7880e01 c26e1bea72844b4fa2afd28abb2a9f03 2b43eefe57fe4a4798d2146efe13832c - - default default] 10.0.0.38 "DELETE /v2.0/security-groups/791f844c-d6b0-4047-9e15-914a4423f062 HTTP/1.1" status: 204 len: 168 time: 0.3633890
2026-06-25 23:36:51.929 10 INFO neutron.db.ovn_revision_numbers_db [None req-a2676a9e-1009-4135-b104-d3498410cdf2 f23d5650e19d4e0894311b30285bbc87 380346ed49144edfa4828877dda45289 - - default default] Successfully bumped revision number for resource b8a0ba30-6c25-46c7-a0ca-a3309a6d55dc (type: ports) to 1
2026-06-25 23:36:52.001 10 WARNING neutron.scheduler.dhcp_agent_scheduler [None req-a2676a9e-1009-4135-b104-d3498410cdf2 f23d5650e19d4e0894311b30285bbc87 380346ed49144edfa4828877dda45289 - - default default] No more DHCP agents
2026-06-25 23:36:52.002 10 WARNING neutron.api.rpc.agentnotifiers.dhcp_rpc_agent_api [None req-a2676a9e-1009-4135-b104-d3498410cdf2 f23d5650e19d4e0894311b30285bbc87 380346ed49144edfa4828877dda45289 - - default default] Unable to schedule network 2c4cf9de-9f4a-45fa-848d-e6973dbe5536: no agents available; will retry on subsequent port and subnet creation events.
2026-06-25 23:36:52.382 9 INFO neutron.db.ovn_revision_numbers_db [None req-7a5e1d94-c38d-4d8c-b2e1-348cd0aab4a8 - - - - - -] Successfully bumped revision number for resource b8a0ba30-6c25-46c7-a0ca-a3309a6d55dc (type: ports) to 2
2026-06-25 23:36:52.429 10 INFO neutron.db.ovn_revision_numbers_db [None req-a2676a9e-1009-4135-b104-d3498410cdf2 f23d5650e19d4e0894311b30285bbc87 380346ed49144edfa4828877dda45289 - - default default] Successfully bumped revision number for resource b8a0ba30-6c25-46c7-a0ca-a3309a6d55dc (type: router_ports) to 2
2026-06-25 23:36:52.437 10 INFO neutron.wsgi [None req-a2676a9e-1009-4135-b104-d3498410cdf2 f23d5650e19d4e0894311b30285bbc87 380346ed49144edfa4828877dda45289 - - default default] 10.0.0.38 "PUT /v2.0/routers/108201ec-a431-42b2-8ac2-e26f071674d5/add_router_interface HTTP/1.1" status: 200 len: 503 time: 2.2189157
2026-06-25 23:36:52.773 9 INFO neutron.wsgi [None req-c32835cd-8909-43a9-986d-ad520d232cbe 95eb17345b504f4db06101dce6e77c79 dac3c0c13e8847eaa08a1abaa81a71d3 - - default default] 10.0.0.38 "GET /v2.0/networks HTTP/1.1" status: 200 len: 3113 time: 0.3187337
2026-06-25 23:36:52.812 9 INFO neutron.wsgi [None req-a81bbb8e-9923-456f-95e4-863e31613c60 95eb17345b504f4db06101dce6e77c79 dac3c0c13e8847eaa08a1abaa81a71d3 - - default default] 10.0.0.38 "GET /v2.0/subnets HTTP/1.1" status: 200 len: 2097 time: 0.0342093
2026-06-25 23:36:52.868 9 INFO neutron.wsgi [None req-1a9d169e-351a-4746-9833-4fa67f738ce7 089b184a043745dab371be693975f00a 5ee49b63425e47d7b832aabbd38e8d7e - - default default] 10.0.0.38 "POST /v2.0/subnetpools HTTP/1.1" status: 201 len: 715 time: 0.8435860
2026-06-25 23:36:52.901 10 INFO neutron.wsgi [None req-2f5739ba-143f-4f7a-99b4-fba67d06d7b4 95eb17345b504f4db06101dce6e77c79 dac3c0c13e8847eaa08a1abaa81a71d3 - - default default] 10.0.0.38 "GET /v2.0/routers HTTP/1.1" status: 200 len: 878 time: 0.0829535
2026-06-25 23:36:53.021 10 INFO neutron.wsgi [None req-f61544b6-8cf3-4805-89ff-1603ca47f020 089b184a043745dab371be693975f00a 5ee49b63425e47d7b832aabbd38e8d7e - - default default] 10.0.0.38 "POST /v2.0/subnetpools HTTP/1.1" status: 201 len: 715 time: 0.1482654
2026-06-25 23:36:53.138 10 INFO neutron.wsgi [None req-99ee9f64-4295-46ef-81e1-33bf9863f826 089b184a043745dab371be693975f00a 5ee49b63425e47d7b832aabbd38e8d7e - - default default] 10.0.0.38 "POST /v2.0/subnetpools HTTP/1.1" status: 201 len: 715 time: 0.1121721
2026-06-25 23:36:53.246 10 INFO neutron.db.ovn_revision_numbers_db [None req-f9423491-602d-46db-8362-204ba5e24690 f23d5650e19d4e0894311b30285bbc87 380346ed49144edfa4828877dda45289 - - default default] Successfully bumped revision number for resource ae360c70-d682-415d-a4fc-62bb6cdf2b0c (type: security_groups) to 1
2026-06-25 23:36:53.276 10 INFO neutron.wsgi [None req-def14813-131f-4518-a5ca-faea1981ef09 089b184a043745dab371be693975f00a 5ee49b63425e47d7b832aabbd38e8d7e - - default default] 10.0.0.38 "POST /v2.0/subnetpools HTTP/1.1" status: 201 len: 715 time: 0.1317832
2026-06-25 23:36:53.277 10 INFO neutron.db.ovn_revision_numbers_db [None req-f9423491-602d-46db-8362-204ba5e24690 f23d5650e19d4e0894311b30285bbc87 380346ed49144edfa4828877dda45289 - - default default] Successfully bumped revision number for resource 0b151ab3-f0fb-4b96-a318-1805ab4c3c23 (type: security_group_rules) to 0
2026-06-25 23:36:53.297 10 INFO neutron.db.ovn_revision_numbers_db [None req-f9423491-602d-46db-8362-204ba5e24690 f23d5650e19d4e0894311b30285bbc87 380346ed49144edfa4828877dda45289 - - default default] Successfully bumped revision number for resource 13577854-6de4-4fdd-92ec-49b8af4bb4e1 (type: security_group_rules) to 0
2026-06-25 23:36:53.320 10 INFO neutron.wsgi [None req-f9423491-602d-46db-8362-204ba5e24690 f23d5650e19d4e0894311b30285bbc87 380346ed49144edfa4828877dda45289 - - default default] 10.0.0.38 "POST /v2.0/security-groups HTTP/1.1" status: 201 len: 1809 time: 0.3105531
