2026-06-25 23:36:59.648 10 INFO neutron.wsgi [None req-3a205b65-db2f-49ab-a808-37b30acf603d c26e1bea72844b4fa2afd28abb2a9f03 2b43eefe57fe4a4798d2146efe13832c - - default default] 10.0.0.134 "GET /v2.0/networks HTTP/1.1" status: 200 len: 3816 time: 0.1102018
2026-06-25 23:36:59.706 10 WARNING neutron.scheduler.dhcp_agent_scheduler [None req-befa26ee-26be-49a2-a538-47f615da604c e856d1e1b61e49b8b7fe8f73fad9d097 b923ddcca1734c0eab0e4e59fbb7a543 - - default default] No more DHCP agents
2026-06-25 23:36:59.711 10 WARNING neutron.api.rpc.agentnotifiers.dhcp_rpc_agent_api [None req-befa26ee-26be-49a2-a538-47f615da604c e856d1e1b61e49b8b7fe8f73fad9d097 b923ddcca1734c0eab0e4e59fbb7a543 - - default default] Unable to schedule network a7686b7b-b32e-4959-8f9e-6e188177d0a4: no agents available; will retry on subsequent port and subnet creation events.
2026-06-25 23:36:59.745 10 INFO neutron.wsgi [None req-f3c59ad3-3dce-47be-aa95-001c3be342e2 c26e1bea72844b4fa2afd28abb2a9f03 2b43eefe57fe4a4798d2146efe13832c - - default default] 10.0.0.134 "GET /v2.0/routers HTTP/1.1" status: 200 len: 859 time: 0.0938654
2026-06-25 23:36:59.757 10 INFO neutron.wsgi [None req-9989d273-35ea-41d2-ab30-bec577e815c1 c26e1bea72844b4fa2afd28abb2a9f03 2b43eefe57fe4a4798d2146efe13832c - - default default] 10.0.0.134 "GET /v2.0/agents?binary=ovn-controller HTTP/1.1" status: 200 len: 591 time: 0.0105703
2026-06-25 23:36:59.758 10 INFO neutron.db.ovn_revision_numbers_db [None req-befa26ee-26be-49a2-a538-47f615da604c e856d1e1b61e49b8b7fe8f73fad9d097 b923ddcca1734c0eab0e4e59fbb7a543 - - default default] Successfully bumped revision number for resource aa0e4193-ba96-44f7-b766-c51dc182a461 (type: subnets) to 0
2026-06-25 23:36:59.791 10 INFO neutron.wsgi [None req-befa26ee-26be-49a2-a538-47f615da604c e856d1e1b61e49b8b7fe8f73fad9d097 b923ddcca1734c0eab0e4e59fbb7a543 - - default default] 10.0.0.38 "POST /v2.0/subnets HTTP/1.1" status: 201 len: 848 time: 0.5545151
2026-06-25 23:36:59.801 10 INFO neutron.wsgi [None req-c9ab5557-1a3f-45d3-a932-c9e1dc6f1447 c26e1bea72844b4fa2afd28abb2a9f03 2b43eefe57fe4a4798d2146efe13832c - - default default] 10.0.0.134 "GET /v2.0/ports HTTP/1.1" status: 200 len: 10651 time: 0.0439203 /var/lib/openstack/lib/python3.10/site-packages/pycadf/identifier.py:71: UserWarning: Invalid uuid: neutron. To ensure interoperability, identifiers should be a valid uuid. warnings.warn(('Invalid uuid: %s. To ensure interoperability, '
2026-06-25 23:36:59.822 10 INFO neutron.wsgi [None req-6dfcdae8-3e20-4ac3-9fea-94e585d34d69 c26e1bea72844b4fa2afd28abb2a9f03 2b43eefe57fe4a4798d2146efe13832c - - default default] 10.0.0.134 "GET /v2.0/network-ip-availabilities HTTP/1.1" status: 200 len: 2200 time: 0.0093637
2026-06-25 23:36:59.877 10 INFO neutron.wsgi [None req-a2e55ddc-8031-4274-80aa-fd651a8cfe30 c26e1bea72844b4fa2afd28abb2a9f03 2b43eefe57fe4a4798d2146efe13832c - - default default] 10.0.0.134 "GET /v2.0/security-groups HTTP/1.1" status: 200 len: 27451 time: 0.0535326
2026-06-25 23:36:59.913 9 INFO neutron.db.segments_db [None req-e55b0c13-df2f-4aff-9674-d4f78de0900b e856d1e1b61e49b8b7fe8f73fad9d097 b923ddcca1734c0eab0e4e59fbb7a543 - - default default] Added segment 7301ca32-6982-4d52-bd8a-4ee6b002aebf of type geneve for network fb1a1b30-8531-4db7-a25b-4836ced06dec
2026-06-25 23:36:59.916 10 INFO neutron.wsgi [None req-feffab23-bef3-4920-bd30-445a322041b3 c26e1bea72844b4fa2afd28abb2a9f03 2b43eefe57fe4a4798d2146efe13832c - - default default] 10.0.0.134 "GET /v2.0/subnets HTTP/1.1" status: 200 len: 2735 time: 0.0315642
2026-06-25 23:36:59.949 10 INFO neutron.wsgi [None req-be97b4a0-897f-4dd8-8cf6-8b64f50215ec c26e1bea72844b4fa2afd28abb2a9f03 2b43eefe57fe4a4798d2146efe13832c - - default default] 10.0.0.134 "GET /v2.0/subnets HTTP/1.1" status: 200 len: 2735 time: 0.0313127
2026-06-25 23:36:59.957 10 INFO neutron.wsgi [None req-90e9c269-1c1d-405d-845a-9a4db1d20749 c26e1bea72844b4fa2afd28abb2a9f03 2b43eefe57fe4a4798d2146efe13832c - - default default] 10.0.0.134 "GET /v2.0/subnetpools HTTP/1.1" status: 200 len: 193 time: 0.0075717
2026-06-25 23:37:00.065 9 INFO neutron.notifiers.nova [-] Nova event matching ['req-dca96726-ec90-47ee-a081-e2ca8df5ae2d'] response: {'server_uuid': '1c6b0c4e-758e-473f-a9e7-6c0b47e151f7', 'name': 'network-vif-plugged', 'status': 'completed', 'tag': '73372f5e-d7de-4588-b88d-5c1c53a3b700', 'code': 200}
2026-06-25 23:37:00.065 9 INFO neutron.notifiers.nova [-] Nova event matching ['req-dca96726-ec90-47ee-a081-e2ca8df5ae2d'] response: {'server_uuid': '1c6b0c4e-758e-473f-a9e7-6c0b47e151f7', 'name': 'network-vif-plugged', 'status': 'completed', 'tag': '73372f5e-d7de-4588-b88d-5c1c53a3b700', 'code': 200}
2026-06-25 23:37:00.141 9 INFO neutron.db.ovn_revision_numbers_db [None req-e55b0c13-df2f-4aff-9674-d4f78de0900b e856d1e1b61e49b8b7fe8f73fad9d097 b923ddcca1734c0eab0e4e59fbb7a543 - - default default] Successfully bumped revision number for resource fb1a1b30-8531-4db7-a25b-4836ced06dec (type: networks) to 1
2026-06-25 23:37:00.315 9 WARNING neutron.scheduler.dhcp_agent_scheduler [None req-e55b0c13-df2f-4aff-9674-d4f78de0900b e856d1e1b61e49b8b7fe8f73fad9d097 b923ddcca1734c0eab0e4e59fbb7a543 - - default default] No more DHCP agents
2026-06-25 23:37:00.317 9 WARNING neutron.api.rpc.agentnotifiers.dhcp_rpc_agent_api [None req-e55b0c13-df2f-4aff-9674-d4f78de0900b e856d1e1b61e49b8b7fe8f73fad9d097 b923ddcca1734c0eab0e4e59fbb7a543 - - default default] Unable to schedule network fb1a1b30-8531-4db7-a25b-4836ced06dec: no agents available; will retry on subsequent port and subnet creation events.
2026-06-25 23:37:00.409 9 INFO neutron.db.ovn_revision_numbers_db [None req-e55b0c13-df2f-4aff-9674-d4f78de0900b e856d1e1b61e49b8b7fe8f73fad9d097 b923ddcca1734c0eab0e4e59fbb7a543 - - default default] Successfully bumped revision number for resource 10dd55f3-5d48-4b28-a763-876aa598d1f8 (type: ports) to 1
2026-06-25 23:37:00.441 9 INFO neutron.wsgi [None req-e55b0c13-df2f-4aff-9674-d4f78de0900b e856d1e1b61e49b8b7fe8f73fad9d097 b923ddcca1734c0eab0e4e59fbb7a543 - - default default] 10.0.0.38 "POST /v2.0/networks HTTP/1.1" status: 201 len: 847 time: 0.6426251
2026-06-25 23:37:00.643 9 INFO neutron.db.ovn_revision_numbers_db [None req-1b6f0c53-efec-4533-91d5-9a8d519ac7dc e856d1e1b61e49b8b7fe8f73fad9d097 b923ddcca1734c0eab0e4e59fbb7a543 - - default default] Successfully bumped revision number for resource fb1a1b30-8531-4db7-a25b-4836ced06dec (type: networks) to 2
2026-06-25 23:37:00.649 9 INFO neutron.wsgi [None req-1b6f0c53-efec-4533-91d5-9a8d519ac7dc e856d1e1b61e49b8b7fe8f73fad9d097 b923ddcca1734c0eab0e4e59fbb7a543 - - default default] 10.0.0.38 "PUT /v2.0/networks/fb1a1b30-8531-4db7-a25b-4836ced06dec HTTP/1.1" status: 200 len: 792 time: 0.1997945
2026-06-25 23:37:00.685 10 INFO neutron.wsgi [req-09564fc5-69d7-48c3-8837-4d182820ddf0 req-338fc961-4768-4f6c-8593-2d5486da9336 f23d5650e19d4e0894311b30285bbc87 380346ed49144edfa4828877dda45289 - - default default] 10.0.0.226 "GET /v2.0/ports?device_id=1c6b0c4e-758e-473f-a9e7-6c0b47e151f7 HTTP/1.1" status: 200 len: 1174 time: 0.0478821
2026-06-25 23:37:00.945 9 WARNING neutron.scheduler.dhcp_agent_scheduler [None req-6372cf5c-b128-4b5f-9675-1ae11678ba01 e856d1e1b61e49b8b7fe8f73fad9d097 b923ddcca1734c0eab0e4e59fbb7a543 - - default default] No more DHCP agents
2026-06-25 23:37:00.947 9 WARNING neutron.api.rpc.agentnotifiers.dhcp_rpc_agent_api [None req-6372cf5c-b128-4b5f-9675-1ae11678ba01 e856d1e1b61e49b8b7fe8f73fad9d097 b923ddcca1734c0eab0e4e59fbb7a543 - - default default] Unable to schedule network fb1a1b30-8531-4db7-a25b-4836ced06dec: no agents available; will retry on subsequent port and subnet creation events.
2026-06-25 23:37:00.975 9 INFO neutron.db.ovn_revision_numbers_db [None req-6372cf5c-b128-4b5f-9675-1ae11678ba01 e856d1e1b61e49b8b7fe8f73fad9d097 b923ddcca1734c0eab0e4e59fbb7a543 - - default default] Successfully bumped revision number for resource 0017cea5-61b4-4e20-b4c9-97e02970b901 (type: subnets) to 0
2026-06-25 23:37:00.990 9 INFO neutron.wsgi [None req-6372cf5c-b128-4b5f-9675-1ae11678ba01 e856d1e1b61e49b8b7fe8f73fad9d097 b923ddcca1734c0eab0e4e59fbb7a543 - - default default] 10.0.0.38 "POST /v2.0/subnets HTTP/1.1" status: 201 len: 821 time: 0.3352737
2026-06-25 23:37:01.213 10 INFO neutron.wsgi [req-09564fc5-69d7-48c3-8837-4d182820ddf0 req-77f3f2d1-4b7e-455d-a019-6dab8b4ace9c f23d5650e19d4e0894311b30285bbc87 380346ed49144edfa4828877dda45289 - - default default] 10.0.0.226 "GET /v2.0/security-groups?id=ae360c70-d682-415d-a4fc-62bb6cdf2b0c&fields=id&fields=name HTTP/1.1" status: 200 len: 312 time: 0.5179226
2026-06-25 23:37:01.395 9 INFO neutron.db.ovn_revision_numbers_db [None req-9a7eb604-62fd-4771-aa21-02280ee724f5 8d56c6b62e484feaa5fb2ca6a09f52d3 d4ea841afc28470f8d643de45d8ad165 - - default default] Successfully bumped revision number for resource 50e7b534-4a05-4f88-b644-5b1c43e0a83f (type: security_groups) to 1
2026-06-25 23:37:01.419 9 INFO neutron.wsgi [req-9d85a2bb-de11-4d99-a10a-32043ed9adeb req-2135687f-f173-41f4-8aaa-aab24b922fd2 f23d5650e19d4e0894311b30285bbc87 380346ed49144edfa4828877dda45289 - - default default] 10.0.0.226 "GET /v2.0/ports?device_id=1c6b0c4e-758e-473f-a9e7-6c0b47e151f7 HTTP/1.1" status: 200 len: 1174 time: 0.1408105
2026-06-25 23:37:01.434 9 INFO neutron.db.ovn_revision_numbers_db [None req-9a7eb604-62fd-4771-aa21-02280ee724f5 8d56c6b62e484feaa5fb2ca6a09f52d3 d4ea841afc28470f8d643de45d8ad165 - - default default] Successfully bumped revision number for resource 0ca772ba-6df3-47f2-b784-bc1c6ca11a5d (type: security_group_rules) to 0
2026-06-25 23:37:01.459 9 INFO neutron.db.ovn_revision_numbers_db [None req-9a7eb604-62fd-4771-aa21-02280ee724f5 8d56c6b62e484feaa5fb2ca6a09f52d3 d4ea841afc28470f8d643de45d8ad165 - - default default] Successfully bumped revision number for resource 711c8824-73a0-4a46-be3b-0217f6c52fa8 (type: security_group_rules) to 0
2026-06-25 23:37:01.484 9 INFO neutron.wsgi [req-9d85a2bb-de11-4d99-a10a-32043ed9adeb req-bd32f36b-a261-4473-8907-2c401efde1cd f23d5650e19d4e0894311b30285bbc87 380346ed49144edfa4828877dda45289 - - default default] 10.0.0.226 "GET /v2.0/security-groups?id=ae360c70-d682-415d-a4fc-62bb6cdf2b0c&fields=id&fields=name HTTP/1.1" status: 200 len: 312 time: 0.0582213
2026-06-25 23:37:01.485 9 INFO neutron.db.ovn_revision_numbers_db [None req-9a7eb604-62fd-4771-aa21-02280ee724f5 8d56c6b62e484feaa5fb2ca6a09f52d3 d4ea841afc28470f8d643de45d8ad165 - - default default] Successfully bumped revision number for resource 743f9a24-72c5-413e-94ae-c0e1d050b40f (type: security_group_rules) to 0
2026-06-25 23:37:01.502 9 INFO neutron.db.ovn_revision_numbers_db [None req-9a7eb604-62fd-4771-aa21-02280ee724f5 8d56c6b62e484feaa5fb2ca6a09f52d3 d4ea841afc28470f8d643de45d8ad165 - - default default] Successfully bumped revision number for resource 7ac1617d-c2ba-4149-9462-6de05b2e08e9 (type: security_group_rules) to 0
2026-06-25 23:37:01.540 10 INFO neutron.wsgi [None req-f41771f7-9299-4e34-8d3f-3344e0be7d97 95eb17345b504f4db06101dce6e77c79 dac3c0c13e8847eaa08a1abaa81a71d3 - - default default] 10.0.0.38 "GET /v2.0/ports?device_id=1c6b0c4e-758e-473f-a9e7-6c0b47e151f7 HTTP/1.1" status: 200 len: 1408 time: 0.0285330
2026-06-25 23:37:01.554 9 INFO neutron.db.segments_db [None req-9a7eb604-62fd-4771-aa21-02280ee724f5 8d56c6b62e484feaa5fb2ca6a09f52d3 d4ea841afc28470f8d643de45d8ad165 - - default default] Added segment c826d3d3-00d8-4aae-a5b5-b405d58216c6 of type geneve for network 5496219e-e475-4b92-92b4-7b8e6bdccde7
2026-06-25 23:37:01.725 9 INFO neutron.db.ovn_revision_numbers_db [None req-9a7eb604-62fd-4771-aa21-02280ee724f5 8d56c6b62e484feaa5fb2ca6a09f52d3 d4ea841afc28470f8d643de45d8ad165 - - default default] Successfully bumped revision number for resource 5496219e-e475-4b92-92b4-7b8e6bdccde7 (type: networks) to 1
2026-06-25 23:37:01.825 10 WARNING neutron.scheduler.dhcp_agent_scheduler [None req-2ef2ae54-0058-40d3-a56a-353f3b637ba3 f23d5650e19d4e0894311b30285bbc87 380346ed49144edfa4828877dda45289 - - default default] No more DHCP agents
2026-06-25 23:37:01.829 10 WARNING neutron.api.rpc.agentnotifiers.dhcp_rpc_agent_api [None req-2ef2ae54-0058-40d3-a56a-353f3b637ba3 f23d5650e19d4e0894311b30285bbc87 380346ed49144edfa4828877dda45289 - - default default] Unable to schedule network 7984dda1-acac-48ee-93b4-94f15e1910dc: no agents available; will retry on subsequent port and subnet creation events.
2026-06-25 23:37:01.887 9 INFO neutron.db.ovn_revision_numbers_db [None req-5d86c199-14ca-4784-bdb9-cbe81d964c54 e856d1e1b61e49b8b7fe8f73fad9d097 b923ddcca1734c0eab0e4e59fbb7a543 - - default default] Successfully bumped revision number for resource 10dd55f3-5d48-4b28-a763-876aa598d1f8 (type: ports) to 2
2026-06-25 23:37:01.918 9 WARNING neutron.scheduler.dhcp_agent_scheduler [None req-9a7eb604-62fd-4771-aa21-02280ee724f5 8d56c6b62e484feaa5fb2ca6a09f52d3 d4ea841afc28470f8d643de45d8ad165 - - default default] No more DHCP agents
2026-06-25 23:37:01.922 9 WARNING neutron.api.rpc.agentnotifiers.dhcp_rpc_agent_api [None req-9a7eb604-62fd-4771-aa21-02280ee724f5 8d56c6b62e484feaa5fb2ca6a09f52d3 d4ea841afc28470f8d643de45d8ad165 - - default default] Unable to schedule network 5496219e-e475-4b92-92b4-7b8e6bdccde7: no agents available; will retry on subsequent port and subnet creation events.
2026-06-25 23:37:01.946 9 INFO neutron.db.ovn_revision_numbers_db [None req-5d86c199-14ca-4784-bdb9-cbe81d964c54 e856d1e1b61e49b8b7fe8f73fad9d097 b923ddcca1734c0eab0e4e59fbb7a543 - - default default] Successfully bumped revision number for resource 0017cea5-61b4-4e20-b4c9-97e02970b901 (type: subnets) to 1
2026-06-25 23:37:01.948 9 INFO neutron.wsgi [None req-5d86c199-14ca-4784-bdb9-cbe81d964c54 e856d1e1b61e49b8b7fe8f73fad9d097 b923ddcca1734c0eab0e4e59fbb7a543 - - default default] 10.0.0.38 "PUT /v2.0/subnets/0017cea5-61b4-4e20-b4c9-97e02970b901 HTTP/1.1" status: 200 len: 826 time: 0.9521899
2026-06-25 23:37:01.998 9 INFO neutron.db.ovn_revision_numbers_db [None req-9a7eb604-62fd-4771-aa21-02280ee724f5 8d56c6b62e484feaa5fb2ca6a09f52d3 d4ea841afc28470f8d643de45d8ad165 - - default default] Successfully bumped revision number for resource 854a2bec-5d17-4762-a63f-cbfd144a98e5 (type: ports) to 1
2026-06-25 23:37:02.016 9 INFO neutron.wsgi [None req-9a7eb604-62fd-4771-aa21-02280ee724f5 8d56c6b62e484feaa5fb2ca6a09f52d3 d4ea841afc28470f8d643de45d8ad165 - - default default] 10.0.0.38 "POST /v2.0/networks HTTP/1.1" status: 201 len: 830 time: 0.9772143
2026-06-25 23:37:02.066 9 INFO neutron.wsgi [None req-2534d71e-59ff-4d6f-b093-4358b54114ce 8d56c6b62e484feaa5fb2ca6a09f52d3 d4ea841afc28470f8d643de45d8ad165 - - default default] 10.0.0.38 "PUT /v2.0/networks/5496219e-e475-4b92-92b4-7b8e6bdccde7/tags HTTP/1.1" status: 200 len: 218 time: 0.0450795
2026-06-25 23:37:02.104 9 INFO neutron.wsgi [None req-db461bd9-a569-486f-b800-2f86961313e4 8d56c6b62e484feaa5fb2ca6a09f52d3 d4ea841afc28470f8d643de45d8ad165 - - default default] 10.0.0.38 "GET /v2.0/networks/5496219e-e475-4b92-92b4-7b8e6bdccde7/tags HTTP/1.1" status: 200 len: 218 time: 0.0336595
2026-06-25 23:37:02.156 9 INFO neutron.wsgi [None req-f5046f3e-0383-42c1-92cf-a08553b0ca7a 8d56c6b62e484feaa5fb2ca6a09f52d3 d4ea841afc28470f8d643de45d8ad165 - - default default] 10.0.0.38 "PUT /v2.0/networks/5496219e-e475-4b92-92b4-7b8e6bdccde7/tags/green HTTP/1.1" status: 201 len: 201 time: 0.0474248
2026-06-25 23:37:02.197 9 INFO neutron.wsgi [None req-c2984c20-b1c2-40a6-8bff-3fcc3bc69692 8d56c6b62e484feaa5fb2ca6a09f52d3 d4ea841afc28470f8d643de45d8ad165 - - default default] 10.0.0.38 "GET /v2.0/networks/5496219e-e475-4b92-92b4-7b8e6bdccde7/tags HTTP/1.1" status: 200 len: 227 time: 0.0368409
2026-06-25 23:37:02.239 9 INFO neutron.wsgi [None req-b79028ca-211e-4636-8fd0-da000462c67c 8d56c6b62e484feaa5fb2ca6a09f52d3 d4ea841afc28470f8d643de45d8ad165 - - default default] 10.0.0.38 "PUT /v2.0/networks/5496219e-e475-4b92-92b4-7b8e6bdccde7/tags/red HTTP/1.1" status: 201 len: 201 time: 0.0364175
2026-06-25 23:37:02.280 9 INFO neutron.wsgi [None req-df7f8193-80d1-40a9-8f16-172b1baf0ec4 8d56c6b62e484feaa5fb2ca6a09f52d3 d4ea841afc28470f8d643de45d8ad165 - - default default] 10.0.0.38 "GET /v2.0/networks/5496219e-e475-4b92-92b4-7b8e6bdccde7/tags HTTP/1.1" status: 200 len: 227 time: 0.0371916
2026-06-25 23:37:02.330 10 INFO neutron.db.l3_db [None req-2ef2ae54-0058-40d3-a56a-353f3b637ba3 f23d5650e19d4e0894311b30285bbc87 380346ed49144edfa4828877dda45289 - - default default] Floating IP a33a10a7-6bf8-409b-8b6b-883e2b1d2644 associated. External IP: 10.96.250.215, port: 73372f5e-d7de-4588-b88d-5c1c53a3b700.
2026-06-25 23:37:02.350 9 INFO neutron.wsgi [None req-93a25f3d-de1d-438b-bd0b-e35e090df26b 8d56c6b62e484feaa5fb2ca6a09f52d3 d4ea841afc28470f8d643de45d8ad165 - - default default] 10.0.0.38 "PUT /v2.0/networks/5496219e-e475-4b92-92b4-7b8e6bdccde7/tags/black.or.white HTTP/1.1" status: 201 len: 201 time: 0.0613232
2026-06-25 23:37:02.401 9 INFO neutron.wsgi [None req-c1a0f868-e42a-4953-af27-10ea30cabede 8d56c6b62e484feaa5fb2ca6a09f52d3 d4ea841afc28470f8d643de45d8ad165 - - default default] 10.0.0.38 "GET /v2.0/networks/5496219e-e475-4b92-92b4-7b8e6bdccde7/tags HTTP/1.1" status: 200 len: 245 time: 0.0455034
2026-06-25 23:37:02.470 9 INFO neutron.wsgi [-] 10.0.0.196 "GET / HTTP/1.1" status: 200 len: 246 time: 0.0024850
2026-06-25 23:37:02.474 9 INFO neutron.wsgi [-] 10.0.0.196 "GET / HTTP/1.1" status: 200 len: 246 time: 0.0036211
2026-06-25 23:37:02.500 10 INFO neutron.wsgi [None req-a0437e86-813e-424e-b14a-fee8be79b79b 8d56c6b62e484feaa5fb2ca6a09f52d3 d4ea841afc28470f8d643de45d8ad165 - - default default] 10.0.0.38 "PUT /v2.0/networks/5496219e-e475-4b92-92b4-7b8e6bdccde7/tags HTTP/1.1" status: 200 len: 230 time: 0.0918603
2026-06-25 23:37:02.585 9 INFO neutron.wsgi [None req-ece41445-eac4-4741-b7b7-5ee83564d0f5 8d56c6b62e484feaa5fb2ca6a09f52d3 d4ea841afc28470f8d643de45d8ad165 - - default default] 10.0.0.38 "GET /v2.0/networks/5496219e-e475-4b92-92b4-7b8e6bdccde7/tags HTTP/1.1" status: 200 len: 230 time: 0.0715101
2026-06-25 23:37:02.591 10 INFO neutron.db.ovn_revision_numbers_db [None req-2ef2ae54-0058-40d3-a56a-353f3b637ba3 f23d5650e19d4e0894311b30285bbc87 380346ed49144edfa4828877dda45289 - - default default] Successfully bumped revision number for resource a33a10a7-6bf8-409b-8b6b-883e2b1d2644 (type: floatingips) to 0 /var/lib/openstack/lib/python3.10/site-packages/pycadf/identifier.py:71: UserWarning: Invalid uuid: neutron. To ensure interoperability, identifiers should be a valid uuid. warnings.warn(('Invalid uuid: %s. To ensure interoperability, '
2026-06-25 23:37:02.635 9 INFO neutron.wsgi [None req-29135e66-573d-4e3d-9c92-0be08a7aa893 8d56c6b62e484feaa5fb2ca6a09f52d3 d4ea841afc28470f8d643de45d8ad165 - - default default] 10.0.0.38 "GET /v2.0/networks/5496219e-e475-4b92-92b4-7b8e6bdccde7/tags/red HTTP/1.1" status: 204 len: 168 time: 0.0446498
2026-06-25 23:37:02.653 10 INFO neutron.services.segments.plugin [-] Segment 7301ca32-6982-4d52-bd8a-4ee6b002aebf resource provider aggregate not found
2026-06-25 23:37:02.658 10 INFO neutron.services.segments.plugin [-] Segment 7301ca32-6982-4d52-bd8a-4ee6b002aebf resource provider aggregate not found
2026-06-25 23:37:02.675 10 INFO neutron.services.segments.plugin [-] Segment 7301ca32-6982-4d52-bd8a-4ee6b002aebf resource provider not found; error: Placement Client Error (4xx): {"errors": [{"status": 404, "title": "Not Found", "detail": "The resource could not be found.\n\n No resource provider with uuid 7301ca32-6982-4d52-bd8a-4ee6b002aebf found for delete ", "request_id": "req-e6ee7b3c-8baa-4616-a2cc-f0bf26228e3c"}]}
2026-06-25 23:37:02.676 9 INFO neutron.api.v2.resource [None req-2a863f44-2455-4253-bc62-f3f29cc448b3 8d56c6b62e484feaa5fb2ca6a09f52d3 d4ea841afc28470f8d643de45d8ad165 - - default default] show failed (client error): The resource could not be found.
2026-06-25 23:37:02.677 9 INFO neutron.wsgi [None req-2a863f44-2455-4253-bc62-f3f29cc448b3 8d56c6b62e484feaa5fb2ca6a09f52d3 d4ea841afc28470f8d643de45d8ad165 - - default default] 10.0.0.38 "GET /v2.0/networks/5496219e-e475-4b92-92b4-7b8e6bdccde7/tags/green HTTP/1.1" status: 404 len: 299 time: 0.0368683
2026-06-25 23:37:02.680 10 INFO neutron.services.segments.plugin [-] Segment 7301ca32-6982-4d52-bd8a-4ee6b002aebf resource provider not found; error: Placement Client Error (4xx): {"errors": [{"status": 404, "title": "Not Found", "detail": "The resource could not be found.\n\n No resource provider with uuid 7301ca32-6982-4d52-bd8a-4ee6b002aebf found for delete ", "request_id": "req-f5c4224f-b0c0-4a68-b500-b2b66f3bec8d"}]}
2026-06-25 23:37:02.700 10 INFO neutron.wsgi [None req-edf7e906-5d20-41f5-b588-ba727de7da71 e856d1e1b61e49b8b7fe8f73fad9d097 b923ddcca1734c0eab0e4e59fbb7a543 - - default default] 10.0.0.38 "DELETE /v2.0/networks/fb1a1b30-8531-4db7-a25b-4836ced06dec HTTP/1.1" status: 204 len: 168 time: 0.7453461
2026-06-25 23:37:02.727 10 INFO neutron.pecan_wsgi.hooks.translation [None req-9632c00c-8dea-407d-8ee7-ac41cc28c8f4 e856d1e1b61e49b8b7fe8f73fad9d097 b923ddcca1734c0eab0e4e59fbb7a543 - - default default] DELETE failed (client error): The resource could not be found.
2026-06-25 23:37:02.729 10 INFO neutron.wsgi [None req-9632c00c-8dea-407d-8ee7-ac41cc28c8f4 e856d1e1b61e49b8b7fe8f73fad9d097 b923ddcca1734c0eab0e4e59fbb7a543 - - default default] 10.0.0.38 "DELETE /v2.0/networks/fb1a1b30-8531-4db7-a25b-4836ced06dec HTTP/1.1" status: 404 len: 339 time: 0.0147481
2026-06-25 23:37:02.738 9 INFO neutron.wsgi [None req-e8b7c2fa-953c-4550-a97f-e1675a0ef612 8d56c6b62e484feaa5fb2ca6a09f52d3 d4ea841afc28470f8d643de45d8ad165 - - default default] 10.0.0.38 "DELETE /v2.0/networks/5496219e-e475-4b92-92b4-7b8e6bdccde7/tags/red HTTP/1.1" status: 204 len: 168 time: 0.0557995
2026-06-25 23:37:02.766 10 INFO neutron.db.ovn_revision_numbers_db [None req-2ef2ae54-0058-40d3-a56a-353f3b637ba3 f23d5650e19d4e0894311b30285bbc87 380346ed49144edfa4828877dda45289 - - default default] Successfully bumped revision number for resource a33a10a7-6bf8-409b-8b6b-883e2b1d2644 (type: floatingips) to 1
2026-06-25 23:37:02.780 9 INFO neutron.wsgi [None req-50febf90-7eeb-46ec-a0fc-a4c37d81bc4e 8d56c6b62e484feaa5fb2ca6a09f52d3 d4ea841afc28470f8d643de45d8ad165 - - default default] 10.0.0.38 "GET /v2.0/networks/5496219e-e475-4b92-92b4-7b8e6bdccde7/tags HTTP/1.1" status: 200 len: 223 time: 0.0381291
2026-06-25 23:37:02.820 9 INFO neutron.api.v2.resource [None req-41c02e60-7d12-4d43-9654-fbcd42c19b86 8d56c6b62e484feaa5fb2ca6a09f52d3 d4ea841afc28470f8d643de45d8ad165 - - default default] delete failed (client error): The resource could not be found.
2026-06-25 23:37:02.821 9 INFO neutron.wsgi [None req-41c02e60-7d12-4d43-9654-fbcd42c19b86 8d56c6b62e484feaa5fb2ca6a09f52d3 d4ea841afc28470f8d643de45d8ad165 - - default default] 10.0.0.38 "DELETE /v2.0/networks/5496219e-e475-4b92-92b4-7b8e6bdccde7/tags/green HTTP/1.1" status: 404 len: 299 time: 0.0358441
2026-06-25 23:37:02.836 10 INFO neutron.wsgi [None req-2ef2ae54-0058-40d3-a56a-353f3b637ba3 f23d5650e19d4e0894311b30285bbc87 380346ed49144edfa4828877dda45289 - - default default] 10.0.0.38 "POST /v2.0/floatingips HTTP/1.1" status: 201 len: 1055 time: 1.2921767
2026-06-25 23:37:02.854 10 INFO neutron.wsgi [None req-c8bf59d6-457c-4cbc-be5c-0694bd62d029 e856d1e1b61e49b8b7fe8f73fad9d097 b923ddcca1734c0eab0e4e59fbb7a543 - - default default] 10.0.0.38 "GET /v2.0/networks?router%3Aexternal=True HTTP/1.1" status: 200 len: 845 time: 0.1171336
2026-06-25 23:37:02.890 10 INFO neutron.notifiers.nova [-] Nova event matching ['req-90da21a7-ac68-4adb-b22e-d16a29bf123e'] response: {'name': 'network-changed', 'server_uuid': '1c6b0c4e-758e-473f-a9e7-6c0b47e151f7', 'tag': '73372f5e-d7de-4588-b88d-5c1c53a3b700', 'status': 'completed', 'code': 200}
2026-06-25 23:37:02.906 10 INFO neutron.wsgi [None req-2102c70d-e36b-4f3e-a15c-87075f7a223e e856d1e1b61e49b8b7fe8f73fad9d097 b923ddcca1734c0eab0e4e59fbb7a543 - - default default] 10.0.0.38 "GET /v2.0/subnets?network_id=7984dda1-acac-48ee-93b4-94f15e1910dc HTTP/1.1" status: 200 len: 820 time: 0.0473714
2026-06-25 23:37:02.916 10 INFO neutron.wsgi [None req-dc567e52-2793-422c-ada7-88d0a2312e93 e856d1e1b61e49b8b7fe8f73fad9d097 b923ddcca1734c0eab0e4e59fbb7a543 - - default default] 10.0.0.38 "GET /v2.0/extensions HTTP/1.1" status: 200 len: 16520 time: 0.0050268
2026-06-25 23:37:02.995 10 INFO neutron.wsgi [None req-2a34d113-9895-4322-a33a-62a401457b62 e856d1e1b61e49b8b7fe8f73fad9d097 b923ddcca1734c0eab0e4e59fbb7a543 - - default default] 10.0.0.38 "GET /v2.0/networks HTTP/1.1" status: 200 len: 1508 time: 0.0754077
2026-06-25 23:37:03.039 10 INFO neutron.wsgi [None req-137aa5b3-c221-4f47-a2fa-f92ab72542d0 e856d1e1b61e49b8b7fe8f73fad9d097 b923ddcca1734c0eab0e4e59fbb7a543 - - default default] 10.0.0.38 "GET /v2.0/subnets HTTP/1.1" status: 200 len: 1460 time: 0.0351248
2026-06-25 23:37:03.087 9 INFO neutron.wsgi [req-91b3dffa-0aa2-4a7a-9cb9-e586614bec42 req-92589937-0ae6-48db-979d-1f4a548a75c6 fb40b85c4be44d2ba3cdbb8906922eee 5b348a9d28774d1a9926eabffd5e01e4 - - 2cd177c1069f466b8251a88850592d23 2cd177c1069f466b8251a88850592d23] 199.204.45.4 "GET /v2.0/ports?tenant_id=380346ed49144edfa4828877dda45289&device_id=1c6b0c4e-758e-473f-a9e7-6c0b47e151f7 HTTP/1.1" status: 200 len: 1413 time: 0.0396457
2026-06-25 23:37:03.090 9 INFO neutron.wsgi [None req-fec11ed8-e286-416c-a802-6c4812e18918 f23d5650e19d4e0894311b30285bbc87 380346ed49144edfa4828877dda45289 - - default default] 10.0.0.38 "GET /v2.0/floatingips/a33a10a7-6bf8-409b-8b6b-883e2b1d2644 HTTP/1.1" status: 200 len: 1052 time: 0.2478523
2026-06-25 23:37:03.092 9 INFO neutron.wsgi [None req-5c6c13a7-817e-4310-baa9-e6b0bad7beed 8d56c6b62e484feaa5fb2ca6a09f52d3 d4ea841afc28470f8d643de45d8ad165 - - default default] 10.0.0.38 "DELETE /v2.0/networks/5496219e-e475-4b92-92b4-7b8e6bdccde7/tags HTTP/1.1" status: 204 len: 168 time: 0.2671742
2026-06-25 23:37:03.121 10 INFO neutron.wsgi [None req-9326b3f2-0362-49f9-a040-d604421f31f0 e856d1e1b61e49b8b7fe8f73fad9d097 b923ddcca1734c0eab0e4e59fbb7a543 - - default default] 10.0.0.38 "GET /v2.0/networks/a7686b7b-b32e-4959-8f9e-6e188177d0a4 HTTP/1.1" status: 200 len: 867 time: 0.0700445
2026-06-25 23:37:03.149 9 INFO neutron.wsgi [None req-d7e0aaa2-7396-4de4-947b-62142e724301 8d56c6b62e484feaa5fb2ca6a09f52d3 d4ea841afc28470f8d643de45d8ad165 - - default default] 10.0.0.38 "GET /v2.0/networks/5496219e-e475-4b92-92b4-7b8e6bdccde7/tags HTTP/1.1" status: 200 len: 205 time: 0.0524926
2026-06-25 23:37:03.165 10 INFO neutron.wsgi [None req-e01b12d8-980f-40d6-909a-263e350dd99f e856d1e1b61e49b8b7fe8f73fad9d097 b923ddcca1734c0eab0e4e59fbb7a543 - - default default] 10.0.0.38 "GET /v2.0/subnets/aa0e4193-ba96-44f7-b766-c51dc182a461 HTTP/1.1" status: 200 len: 843 time: 0.0359890
2026-06-25 23:37:03.181 9 INFO neutron.wsgi [req-91b3dffa-0aa2-4a7a-9cb9-e586614bec42 req-420f977f-8a08-4cef-9493-e5ca1de356c0 fb40b85c4be44d2ba3cdbb8906922eee 5b348a9d28774d1a9926eabffd5e01e4 - - 2cd177c1069f466b8251a88850592d23 2cd177c1069f466b8251a88850592d23] 199.204.45.4 "GET /v2.0/networks?id=2c4cf9de-9f4a-45fa-848d-e6973dbe5536 HTTP/1.1" status: 200 len: 958 time: 0.0796304
2026-06-25 23:37:03.188 10 INFO neutron.pecan_wsgi.hooks.translation [None req-5ac5a3dc-05b5-43aa-8045-f9242f398d2d e856d1e1b61e49b8b7fe8f73fad9d097 b923ddcca1734c0eab0e4e59fbb7a543 - - default default] DELETE failed (client error): The resource could not be found.
2026-06-25 23:37:03.190 10 INFO neutron.wsgi [None req-5ac5a3dc-05b5-43aa-8045-f9242f398d2d e856d1e1b61e49b8b7fe8f73fad9d097 b923ddcca1734c0eab0e4e59fbb7a543 - - default default] 10.0.0.38 "DELETE /v2.0/subnets/0017cea5-61b4-4e20-b4c9-97e02970b901 HTTP/1.1" status: 404 len: 337 time: 0.0185666
2026-06-25 23:37:03.209 10 INFO neutron.pecan_wsgi.hooks.translation [None req-798fdfd6-fa2b-48c9-97df-63e2ae8ffe98 e856d1e1b61e49b8b7fe8f73fad9d097 b923ddcca1734c0eab0e4e59fbb7a543 - - default default] DELETE failed (client error): The resource could not be found.
2026-06-25 23:37:03.211 10 INFO neutron.wsgi [None req-798fdfd6-fa2b-48c9-97df-63e2ae8ffe98 e856d1e1b61e49b8b7fe8f73fad9d097 b923ddcca1734c0eab0e4e59fbb7a543 - - default default] 10.0.0.38 "DELETE /v2.0/networks/fb1a1b30-8531-4db7-a25b-4836ced06dec HTTP/1.1" status: 404 len: 339 time: 0.0146611
2026-06-25 23:37:03.236 9 INFO neutron.wsgi [req-91b3dffa-0aa2-4a7a-9cb9-e586614bec42 req-a79264d5-f17c-4d93-9a0d-a6a7e978b4c6 fb40b85c4be44d2ba3cdbb8906922eee 5b348a9d28774d1a9926eabffd5e01e4 - - 2cd177c1069f466b8251a88850592d23 2cd177c1069f466b8251a88850592d23] 199.204.45.4 "GET /v2.0/floatingips?fixed_ip_address=10.100.0.10&port_id=73372f5e-d7de-4588-b88d-5c1c53a3b700 HTTP/1.1" status: 200 len: 1060 time: 0.0466576
2026-06-25 23:37:03.274 9 INFO neutron.wsgi [req-91b3dffa-0aa2-4a7a-9cb9-e586614bec42 req-4ec88558-44ef-492f-8b52-8ca543376b07 fb40b85c4be44d2ba3cdbb8906922eee 5b348a9d28774d1a9926eabffd5e01e4 - - 2cd177c1069f466b8251a88850592d23 2cd177c1069f466b8251a88850592d23] 199.204.45.4 "GET /v2.0/subnets?id=4df20e67-482e-4378-935f-a60ed1c863b9 HTTP/1.1" status: 200 len: 853 time: 0.0306811
2026-06-25 23:37:03.310 9 INFO neutron.wsgi [req-91b3dffa-0aa2-4a7a-9cb9-e586614bec42 req-0a9d0517-c176-4359-8e66-a5d30b770d4a fb40b85c4be44d2ba3cdbb8906922eee 5b348a9d28774d1a9926eabffd5e01e4 - - 2cd177c1069f466b8251a88850592d23 2cd177c1069f466b8251a88850592d23] 199.204.45.4 "GET /v2.0/ports?network_id=2c4cf9de-9f4a-45fa-848d-e6973dbe5536&device_owner=network%3Adhcp HTTP/1.1" status: 200 len: 210 time: 0.0295210
2026-06-25 23:37:03.398 10 INFO neutron.wsgi [None req-c1068b6e-f165-43de-a1f8-ab25c0bb6d06 e856d1e1b61e49b8b7fe8f73fad9d097 b923ddcca1734c0eab0e4e59fbb7a543 - - default default] 10.0.0.38 "DELETE /v2.0/subnets/aa0e4193-ba96-44f7-b766-c51dc182a461 HTTP/1.1" status: 204 len: 168 time: 0.1817629
2026-06-25 23:37:03.401 9 INFO neutron.wsgi [req-91b3dffa-0aa2-4a7a-9cb9-e586614bec42 req-5f556a18-1ed9-483c-a30a-da71a3af8ea4 fb40b85c4be44d2ba3cdbb8906922eee 5b348a9d28774d1a9926eabffd5e01e4 - - 2cd177c1069f466b8251a88850592d23 2cd177c1069f466b8251a88850592d23] 199.204.45.4 "GET /v2.0/networks/2c4cf9de-9f4a-45fa-848d-e6973dbe5536?fields=segments HTTP/1.1" status: 200 len: 212 time: 0.0817091
2026-06-25 23:37:03.479 9 INFO neutron.wsgi [req-91b3dffa-0aa2-4a7a-9cb9-e586614bec42 req-1852d90a-6bfb-463e-8eca-98a5ca995604 fb40b85c4be44d2ba3cdbb8906922eee 5b348a9d28774d1a9926eabffd5e01e4 - - 2cd177c1069f466b8251a88850592d23 2cd177c1069f466b8251a88850592d23] 199.204.45.4 "GET /v2.0/networks/2c4cf9de-9f4a-45fa-848d-e6973dbe5536?fields=provider%3Aphysical_network&fields=provider%3Anetwork_type HTTP/1.1" status: 200 len: 277 time: 0.0720923
2026-06-25 23:37:03.606 9 INFO neutron.services.segments.plugin [-] Segment c826d3d3-00d8-4aae-a5b5-b405d58216c6 resource provider aggregate not found
2026-06-25 23:37:03.610 9 INFO neutron.services.segments.plugin [-] Segment c826d3d3-00d8-4aae-a5b5-b405d58216c6 resource provider aggregate not found
2026-06-25 23:37:03.629 9 INFO neutron.services.segments.plugin [-] Segment c826d3d3-00d8-4aae-a5b5-b405d58216c6 resource provider not found; error: Placement Client Error (4xx): {"errors": [{"status": 404, "title": "Not Found", "detail": "The resource could not be found.\n\n No resource provider with uuid c826d3d3-00d8-4aae-a5b5-b405d58216c6 found for delete ", "request_id": "req-aa96222f-0d8f-4821-8dd0-fbafc47cafa0"}]}
2026-06-25 23:37:03.630 9 INFO neutron.services.segments.plugin [-] Segment c826d3d3-00d8-4aae-a5b5-b405d58216c6 resource provider not found; error: Placement Client Error (4xx): {"errors": [{"status": 404, "title": "Not Found", "detail": "The resource could not be found.\n\n No resource provider with uuid c826d3d3-00d8-4aae-a5b5-b405d58216c6 found for delete ", "request_id": "req-e57d43e7-3fb3-480a-b67b-6bfc986264c2"}]}
2026-06-25 23:37:03.661 9 INFO neutron.wsgi [None req-0e210f77-371b-41e8-bb03-19d4e159769a 8d56c6b62e484feaa5fb2ca6a09f52d3 d4ea841afc28470f8d643de45d8ad165 - - default default] 10.0.0.38 "DELETE /v2.0/networks/5496219e-e475-4b92-92b4-7b8e6bdccde7 HTTP/1.1" status: 204 len: 168 time: 0.5066574
2026-06-25 23:37:03.838 10 INFO neutron.wsgi [None req-870782ce-c5ea-43c1-aa17-fc2c32256014 e856d1e1b61e49b8b7fe8f73fad9d097 b923ddcca1734c0eab0e4e59fbb7a543 - - default default] 10.0.0.38 "DELETE /v2.0/networks/a7686b7b-b32e-4959-8f9e-6e188177d0a4 HTTP/1.1" status: 204 len: 168 time: 0.4313648
2026-06-25 23:37:04.160 10 INFO neutron.db.ovn_revision_numbers_db [None req-ae50a057-07b2-4adb-80a1-eb3d12d69666 535086a4e238403e8b78141f9acb6800 089e7e315856435391f55cc3cf3b304b - - default default] Successfully bumped revision number for resource dc2c38c1-3c71-43df-86c7-a3cdfc1c3b30 (type: security_groups) to 1
2026-06-25 23:37:04.179 10 INFO neutron.db.ovn_revision_numbers_db [None req-ae50a057-07b2-4adb-80a1-eb3d12d69666 535086a4e238403e8b78141f9acb6800 089e7e315856435391f55cc3cf3b304b - - default default] Successfully bumped revision number for resource 6ea6b803-d74a-4287-b3c9-28edc4463364 (type: security_group_rules) to 0
2026-06-25 23:37:04.198 10 INFO neutron.db.ovn_revision_numbers_db [None req-ae50a057-07b2-4adb-80a1-eb3d12d69666 535086a4e238403e8b78141f9acb6800 089e7e315856435391f55cc3cf3b304b - - default default] Successfully bumped revision number for resource 8fcd4be3-936a-4950-941d-29dade50fcf6 (type: security_group_rules) to 0
2026-06-25 23:37:04.223 10 INFO neutron.db.ovn_revision_numbers_db [None req-ae50a057-07b2-4adb-80a1-eb3d12d69666 535086a4e238403e8b78141f9acb6800 089e7e315856435391f55cc3cf3b304b - - default default] Successfully bumped revision number for resource b90264c9-8944-4e2f-984d-60e1d099751e (type: security_group_rules) to 0
2026-06-25 23:37:04.241 10 INFO neutron.db.ovn_revision_numbers_db [None req-ae50a057-07b2-4adb-80a1-eb3d12d69666 535086a4e238403e8b78141f9acb6800 089e7e315856435391f55cc3cf3b304b - - default default] Successfully bumped revision number for resource fb281d67-f47b-47c4-a95c-c6d01e124dd5 (type: security_group_rules) to 0
2026-06-25 23:37:04.288 10 INFO neutron.db.segments_db [None req-ae50a057-07b2-4adb-80a1-eb3d12d69666 535086a4e238403e8b78141f9acb6800 089e7e315856435391f55cc3cf3b304b - - default default] Added segment dee45e6f-74b7-4ae8-a0f7-57b531252198 of type geneve for network 592a86b8-e3c9-4ff2-89e7-5c8dd5280e1e
2026-06-25 23:37:04.459 10 INFO neutron.db.ovn_revision_numbers_db [None req-ae50a057-07b2-4adb-80a1-eb3d12d69666 535086a4e238403e8b78141f9acb6800 089e7e315856435391f55cc3cf3b304b - - default default] Successfully bumped revision number for resource 592a86b8-e3c9-4ff2-89e7-5c8dd5280e1e (type: networks) to 1
2026-06-25 23:37:04.525 9 INFO neutron.wsgi [None req-234b1f8d-92e9-492c-9778-13c9a52516e9 c26e1bea72844b4fa2afd28abb2a9f03 2b43eefe57fe4a4798d2146efe13832c - - default default] 10.0.0.38 "GET /v2.0/security-groups?tenant_id=b923ddcca1734c0eab0e4e59fbb7a543&name=default HTTP/1.1" status: 200 len: 2996 time: 0.1536236
2026-06-25 23:37:04.573 9 INFO neutron.db.ovn_revision_numbers_db [None req-5b54e503-2c6f-449d-a53f-2b6376ea964d c26e1bea72844b4fa2afd28abb2a9f03 2b43eefe57fe4a4798d2146efe13832c - - default default] Successfully bumped revision number for resource 7743ea57-1e51-4de0-9a4b-786c769b6c6a (type: security_groups) to 1
2026-06-25 23:37:04.591 9 INFO neutron.db.ovn_revision_numbers_db [None req-5b54e503-2c6f-449d-a53f-2b6376ea964d c26e1bea72844b4fa2afd28abb2a9f03 2b43eefe57fe4a4798d2146efe13832c - - default default] Successfully bumped revision number for resource 466c18af-e047-443f-a441-400a2b362bc3 (type: security_group_rules) to 0
2026-06-25 23:37:04.607 9 INFO neutron.db.ovn_revision_numbers_db [None req-5b54e503-2c6f-449d-a53f-2b6376ea964d c26e1bea72844b4fa2afd28abb2a9f03 2b43eefe57fe4a4798d2146efe13832c - - default default] Successfully bumped revision number for resource 71287ebd-0b74-445b-a31a-a47632562cd9 (type: security_group_rules) to 0
2026-06-25 23:37:04.625 9 INFO neutron.db.ovn_revision_numbers_db [None req-5b54e503-2c6f-449d-a53f-2b6376ea964d c26e1bea72844b4fa2afd28abb2a9f03 2b43eefe57fe4a4798d2146efe13832c - - default default] Successfully bumped revision number for resource 7615421e-f647-4155-8ee0-4548f97a8fe5 (type: security_group_rules) to 0
2026-06-25 23:37:04.640 10 WARNING neutron.scheduler.dhcp_agent_scheduler [None req-ae50a057-07b2-4adb-80a1-eb3d12d69666 535086a4e238403e8b78141f9acb6800 089e7e315856435391f55cc3cf3b304b - - default default] No more DHCP agents
2026-06-25 23:37:04.642 9 INFO neutron.db.ovn_revision_numbers_db [None req-5b54e503-2c6f-449d-a53f-2b6376ea964d c26e1bea72844b4fa2afd28abb2a9f03 2b43eefe57fe4a4798d2146efe13832c - - default default] Successfully bumped revision number for resource 7ce0cd9d-a252-4b21-82b7-909fd23c52af (type: security_group_rules) to 0
2026-06-25 23:37:04.642 10 WARNING neutron.api.rpc.agentnotifiers.dhcp_rpc_agent_api [None req-ae50a057-07b2-4adb-80a1-eb3d12d69666 535086a4e238403e8b78141f9acb6800 089e7e315856435391f55cc3cf3b304b - - default default] Unable to schedule network 592a86b8-e3c9-4ff2-89e7-5c8dd5280e1e: no agents available; will retry on subsequent port and subnet creation events.
2026-06-25 23:37:04.671 9 INFO neutron.wsgi [None req-5b54e503-2c6f-449d-a53f-2b6376ea964d c26e1bea72844b4fa2afd28abb2a9f03 2b43eefe57fe4a4798d2146efe13832c - - default default] 10.0.0.38 "GET /v2.0/security-groups?tenant_id=780561e7a3904799a0169935bfc3da01&name=default HTTP/1.1" status: 200 len: 2996 time: 0.3119261
2026-06-25 23:37:04.695 10 INFO neutron.services.segments.plugin [-] Segment 66089597-7193-46f1-879f-5b7deb0dd4dd resource provider aggregate not found
2026-06-25 23:37:04.700 10 INFO neutron.services.segments.plugin [-] Segment 66089597-7193-46f1-879f-5b7deb0dd4dd resource provider aggregate not found
2026-06-25 23:37:04.713 10 INFO neutron.services.segments.plugin [-] Segment 66089597-7193-46f1-879f-5b7deb0dd4dd resource provider not found; error: Placement Client Error (4xx): {"errors": [{"status": 404, "title": "Not Found", "detail": "The resource could not be found.\n\n No resource provider with uuid 66089597-7193-46f1-879f-5b7deb0dd4dd found for delete ", "request_id": "req-d273874d-d15c-4dce-a5fa-0ca23ab5b2d9"}]}
2026-06-25 23:37:04.730 10 INFO neutron.services.segments.plugin [-] Segment 66089597-7193-46f1-879f-5b7deb0dd4dd resource provider not found; error: Placement Client Error (4xx): {"errors": [{"status": 404, "title": "Not Found", "detail": "The resource could not be found.\n\n No resource provider with uuid 66089597-7193-46f1-879f-5b7deb0dd4dd found for delete ", "request_id": "req-f197d8a9-8197-4584-b5c5-c5eb4245b743"}]}
2026-06-25 23:37:04.747 10 INFO neutron.db.ovn_revision_numbers_db [None req-ae50a057-07b2-4adb-80a1-eb3d12d69666 535086a4e238403e8b78141f9acb6800 089e7e315856435391f55cc3cf3b304b - - default default] Successfully bumped revision number for resource 6fbe85e3-97d9-4d3d-9aaa-425f99b69856 (type: ports) to 1
2026-06-25 23:37:04.754 9 INFO neutron.wsgi [None req-c114aad8-8dae-4b8d-a600-8e3dfdc30382 c26e1bea72844b4fa2afd28abb2a9f03 2b43eefe57fe4a4798d2146efe13832c - - default default] 10.0.0.38 "DELETE /v2.0/security-groups/585d8c84-9675-42c6-aa2a-3324b04b9c73 HTTP/1.1" status: 204 len: 168 time: 0.2221270
2026-06-25 23:37:04.767 10 INFO neutron.wsgi [None req-ae50a057-07b2-4adb-80a1-eb3d12d69666 535086a4e238403e8b78141f9acb6800 089e7e315856435391f55cc3cf3b304b - - default default] 10.0.0.38 "POST /v2.0/networks HTTP/1.1" status: 201 len: 831 time: 0.9452014
2026-06-25 23:37:04.870 9 INFO neutron.wsgi [None req-dbdc35b8-5f09-4a0c-9d30-439f0562bbe9 c26e1bea72844b4fa2afd28abb2a9f03 2b43eefe57fe4a4798d2146efe13832c - - default default] 10.0.0.38 "DELETE /v2.0/security-groups/7743ea57-1e51-4de0-9a4b-786c769b6c6a HTTP/1.1" status: 204 len: 168 time: 0.1934943
2026-06-25 23:37:05.045 10 WARNING neutron.scheduler.dhcp_agent_scheduler [None req-39202a31-5b4d-40b3-afbb-631275425885 535086a4e238403e8b78141f9acb6800 089e7e315856435391f55cc3cf3b304b - - default default] No more DHCP agents
2026-06-25 23:37:05.048 10 WARNING neutron.api.rpc.agentnotifiers.dhcp_rpc_agent_api [None req-39202a31-5b4d-40b3-afbb-631275425885 535086a4e238403e8b78141f9acb6800 089e7e315856435391f55cc3cf3b304b - - default default] Unable to schedule network 592a86b8-e3c9-4ff2-89e7-5c8dd5280e1e: no agents available; will retry on subsequent port and subnet creation events.
2026-06-25 23:37:05.071 10 INFO neutron.wsgi [None req-3e1ee614-11ac-46bd-8143-0cd7b4a1fb1c c26e1bea72844b4fa2afd28abb2a9f03 2b43eefe57fe4a4798d2146efe13832c - - default default] 10.0.0.38 "GET /v2.0/security-groups?tenant_id=d4ea841afc28470f8d643de45d8ad165&name=default HTTP/1.1" status: 200 len: 2996 time: 0.0482435
2026-06-25 23:37:05.296 9 INFO neutron.wsgi [None req-3eb726b9-f2c7-408f-84ee-374035560883 c26e1bea72844b4fa2afd28abb2a9f03 2b43eefe57fe4a4798d2146efe13832c - - default default] 10.0.0.38 "DELETE /v2.0/security-groups/50e7b534-4a05-4f88-b644-5b1c43e0a83f HTTP/1.1" status: 204 len: 168 time: 0.2183766
2026-06-25 23:37:05.567 10 INFO neutron.db.ovn_revision_numbers_db [None req-39202a31-5b4d-40b3-afbb-631275425885 535086a4e238403e8b78141f9acb6800 089e7e315856435391f55cc3cf3b304b - - default default] Successfully bumped revision number for resource 6fbe85e3-97d9-4d3d-9aaa-425f99b69856 (type: ports) to 2
2026-06-25 23:37:05.600 10 INFO neutron.db.ovn_revision_numbers_db [None req-39202a31-5b4d-40b3-afbb-631275425885 535086a4e238403e8b78141f9acb6800 089e7e315856435391f55cc3cf3b304b - - default default] Successfully bumped revision number for resource f515620e-dc85-459d-94e8-5c0570c4f182 (type: subnets) to 0
2026-06-25 23:37:05.619 10 INFO neutron.wsgi [None req-39202a31-5b4d-40b3-afbb-631275425885 535086a4e238403e8b78141f9acb6800 089e7e315856435391f55cc3cf3b304b - - default default] 10.0.0.38 "POST /v2.0/subnets HTTP/1.1" status: 201 len: 801 time: 0.8453598
2026-06-25 23:37:05.714 10 INFO neutron.db.segments_db [None req-e45232ba-a59a-4d9b-bb93-a12bb24e128c 535086a4e238403e8b78141f9acb6800 089e7e315856435391f55cc3cf3b304b - - default default] Added segment 6bc2fdbf-f147-4638-a5ee-5174a8b88e8b of type geneve for network 6435f7ab-7513-411d-a1b8-ca687d867f19
2026-06-25 23:37:05.854 10 INFO neutron.db.ovn_revision_numbers_db [None req-e45232ba-a59a-4d9b-bb93-a12bb24e128c 535086a4e238403e8b78141f9acb6800 089e7e315856435391f55cc3cf3b304b - - default default] Successfully bumped revision number for resource 6435f7ab-7513-411d-a1b8-ca687d867f19 (type: networks) to 1
2026-06-25 23:37:06.034 10 WARNING neutron.scheduler.dhcp_agent_scheduler [None req-e45232ba-a59a-4d9b-bb93-a12bb24e128c 535086a4e238403e8b78141f9acb6800 089e7e315856435391f55cc3cf3b304b - - default default] No more DHCP agents
2026-06-25 23:37:06.038 10 WARNING neutron.api.rpc.agentnotifiers.dhcp_rpc_agent_api [None req-e45232ba-a59a-4d9b-bb93-a12bb24e128c 535086a4e238403e8b78141f9acb6800 089e7e315856435391f55cc3cf3b304b - - default default] Unable to schedule network 6435f7ab-7513-411d-a1b8-ca687d867f19: no agents available; will retry on subsequent port and subnet creation events.
2026-06-25 23:37:06.123 10 INFO neutron.db.ovn_revision_numbers_db [None req-e45232ba-a59a-4d9b-bb93-a12bb24e128c 535086a4e238403e8b78141f9acb6800 089e7e315856435391f55cc3cf3b304b - - default default] Successfully bumped revision number for resource 826f06b1-df5c-4f79-be8d-fab1dea606de (type: ports) to 1
2026-06-25 23:37:06.151 10 INFO neutron.wsgi [None req-e45232ba-a59a-4d9b-bb93-a12bb24e128c 535086a4e238403e8b78141f9acb6800 089e7e315856435391f55cc3cf3b304b - - default default] 10.0.0.38 "POST /v2.0/networks HTTP/1.1" status: 201 len: 831 time: 0.5253088
2026-06-25 23:37:06.460 10 WARNING neutron.scheduler.dhcp_agent_scheduler [None req-e62cfd51-f3b5-4371-a097-21dc332a6e12 535086a4e238403e8b78141f9acb6800 089e7e315856435391f55cc3cf3b304b - - default default] No more DHCP agents
2026-06-25 23:37:06.463 10 WARNING neutron.api.rpc.agentnotifiers.dhcp_rpc_agent_api [None req-e62cfd51-f3b5-4371-a097-21dc332a6e12 535086a4e238403e8b78141f9acb6800 089e7e315856435391f55cc3cf3b304b - - default default] Unable to schedule network 6435f7ab-7513-411d-a1b8-ca687d867f19: no agents available; will retry on subsequent port and subnet creation events.
2026-06-25 23:37:06.753 9 INFO neutron.db.ovn_revision_numbers_db [None req-bbfd7c27-beab-411d-b3b2-def5fde9ac3c 0584e429f92e47c888677276e4e03ca9 7ad4c3f9297c441db8057e704448efd0 - - default default] Successfully bumped revision number for resource 2e8c2f78-ece6-42f8-abe3-51eaea3007b3 (type: security_groups) to 1
2026-06-25 23:37:06.768 9 INFO neutron.db.ovn_revision_numbers_db [None req-bbfd7c27-beab-411d-b3b2-def5fde9ac3c 0584e429f92e47c888677276e4e03ca9 7ad4c3f9297c441db8057e704448efd0 - - default default] Successfully bumped revision number for resource 04b66882-d90b-4dff-ae41-ed3b7972609c (type: security_group_rules) to 0
2026-06-25 23:37:06.785 9 INFO neutron.db.ovn_revision_numbers_db [None req-bbfd7c27-beab-411d-b3b2-def5fde9ac3c 0584e429f92e47c888677276e4e03ca9 7ad4c3f9297c441db8057e704448efd0 - - default default] Successfully bumped revision number for resource 126f4fe1-fea0-4dc8-902e-29b4c823e89c (type: security_group_rules) to 0
2026-06-25 23:37:06.802 9 INFO neutron.db.ovn_revision_numbers_db [None req-bbfd7c27-beab-411d-b3b2-def5fde9ac3c 0584e429f92e47c888677276e4e03ca9 7ad4c3f9297c441db8057e704448efd0 - - default default] Successfully bumped revision number for resource 5a44c969-a55d-4da2-a962-58e52ff30372 (type: security_group_rules) to 0
2026-06-25 23:37:06.817 9 INFO neutron.db.ovn_revision_numbers_db [None req-bbfd7c27-beab-411d-b3b2-def5fde9ac3c 0584e429f92e47c888677276e4e03ca9 7ad4c3f9297c441db8057e704448efd0 - - default default] Successfully bumped revision number for resource 9f6a34cf-c61e-4c1d-b5e8-81ed2bc586b4 (type: security_group_rules) to 0
2026-06-25 23:37:06.869 9 INFO neutron.db.segments_db [None req-bbfd7c27-beab-411d-b3b2-def5fde9ac3c 0584e429f92e47c888677276e4e03ca9 7ad4c3f9297c441db8057e704448efd0 - - default default] Added segment b22bf799-8045-4a87-b026-c6efa5e933fd of type geneve for network ad7ad4f0-9a57-42af-838e-519ff9a55a84
2026-06-25 23:37:07.024 9 INFO neutron.db.ovn_revision_numbers_db [None req-bbfd7c27-beab-411d-b3b2-def5fde9ac3c 0584e429f92e47c888677276e4e03ca9 7ad4c3f9297c441db8057e704448efd0 - - default default] Successfully bumped revision number for resource ad7ad4f0-9a57-42af-838e-519ff9a55a84 (type: networks) to 1
2026-06-25 23:37:07.181 10 INFO neutron.db.ovn_revision_numbers_db [None req-e62cfd51-f3b5-4371-a097-21dc332a6e12 535086a4e238403e8b78141f9acb6800 089e7e315856435391f55cc3cf3b304b - - default default] Successfully bumped revision number for resource 826f06b1-df5c-4f79-be8d-fab1dea606de (type: ports) to 2
2026-06-25 23:37:07.217 10 INFO neutron.db.ovn_revision_numbers_db [None req-e62cfd51-f3b5-4371-a097-21dc332a6e12 535086a4e238403e8b78141f9acb6800 089e7e315856435391f55cc3cf3b304b - - default default] Successfully bumped revision number for resource a9b7b383-5bed-40e8-805d-cf0f9fae5285 (type: subnets) to 0
2026-06-25 23:37:07.227 9 WARNING neutron.scheduler.dhcp_agent_scheduler [None req-bbfd7c27-beab-411d-b3b2-def5fde9ac3c 0584e429f92e47c888677276e4e03ca9 7ad4c3f9297c441db8057e704448efd0 - - default default] No more DHCP agents
2026-06-25 23:37:07.231 9 WARNING neutron.api.rpc.agentnotifiers.dhcp_rpc_agent_api [None req-bbfd7c27-beab-411d-b3b2-def5fde9ac3c 0584e429f92e47c888677276e4e03ca9 7ad4c3f9297c441db8057e704448efd0 - - default default] Unable to schedule network ad7ad4f0-9a57-42af-838e-519ff9a55a84: no agents available; will retry on subsequent port and subnet creation events.
2026-06-25 23:37:07.239 10 INFO neutron.wsgi [None req-e62cfd51-f3b5-4371-a097-21dc332a6e12 535086a4e238403e8b78141f9acb6800 089e7e315856435391f55cc3cf3b304b - - default default] 10.0.0.38 "POST /v2.0/subnets HTTP/1.1" status: 201 len: 804 time: 1.0829039
2026-06-25 23:37:07.363 9 INFO neutron.db.ovn_revision_numbers_db [None req-bbfd7c27-beab-411d-b3b2-def5fde9ac3c 0584e429f92e47c888677276e4e03ca9 7ad4c3f9297c441db8057e704448efd0 - - default default] Successfully bumped revision number for resource 0689bdc4-ac49-43d1-89bd-b509dfc008d1 (type: ports) to 1
2026-06-25 23:37:07.387 9 INFO neutron.db.segments_db [None req-f7c254a6-84b6-4032-87f7-a06cd4eaeb6d 535086a4e238403e8b78141f9acb6800 089e7e315856435391f55cc3cf3b304b - - default default] Added segment 596ecb45-1e26-4bca-a792-f5dad455d3df of type geneve for network d55819ee-ad29-43bb-8a52-345dfb759083
2026-06-25 23:37:07.394 9 INFO neutron.wsgi [None req-bbfd7c27-beab-411d-b3b2-def5fde9ac3c 0584e429f92e47c888677276e4e03ca9 7ad4c3f9297c441db8057e704448efd0 - - default default] 10.0.0.38 "POST /v2.0/networks HTTP/1.1" status: 201 len: 843 time: 0.8811936
2026-06-25 23:37:07.569 9 INFO neutron.db.ovn_revision_numbers_db [None req-f7c254a6-84b6-4032-87f7-a06cd4eaeb6d 535086a4e238403e8b78141f9acb6800 089e7e315856435391f55cc3cf3b304b - - default default] Successfully bumped revision number for resource d55819ee-ad29-43bb-8a52-345dfb759083 (type: networks) to 1
2026-06-25 23:37:07.694 10 WARNING neutron.scheduler.dhcp_agent_scheduler [None req-26c0944c-32d7-4e3b-8151-1ee8eb6e3b0e 0584e429f92e47c888677276e4e03ca9 7ad4c3f9297c441db8057e704448efd0 - - default default] No more DHCP agents
2026-06-25 23:37:07.696 10 WARNING neutron.api.rpc.agentnotifiers.dhcp_rpc_agent_api [None req-26c0944c-32d7-4e3b-8151-1ee8eb6e3b0e 0584e429f92e47c888677276e4e03ca9 7ad4c3f9297c441db8057e704448efd0 - - default default] Unable to schedule network ad7ad4f0-9a57-42af-838e-519ff9a55a84: no agents available; will retry on subsequent port and subnet creation events.
2026-06-25 23:37:07.757 9 WARNING neutron.scheduler.dhcp_agent_scheduler [None req-f7c254a6-84b6-4032-87f7-a06cd4eaeb6d 535086a4e238403e8b78141f9acb6800 089e7e315856435391f55cc3cf3b304b - - default default] No more DHCP agents
