2026-06-25 23:35:06.129 10 INFO neutron.wsgi [None req-86720db5-31a5-4fa8-ac8d-ebfb290ceabd c26e1bea72844b4fa2afd28abb2a9f03 2b43eefe57fe4a4798d2146efe13832c - - default default] 10.0.0.38 "PUT /v2.0/routers/31a79f26-dbc5-4559-8bfe-5d5805463530/remove_router_interface HTTP/1.1" status: 200 len: 503 time: 1.1842761 /var/lib/openstack/lib/python3.10/site-packages/pycadf/identifier.py:71: UserWarning: Invalid uuid: neutron. To ensure interoperability, identifiers should be a valid uuid. warnings.warn(('Invalid uuid: %s. To ensure interoperability, '
2026-06-25 23:35:06.420 9 INFO neutron.wsgi [None req-88041c10-c646-4a35-959f-9e1b8e99e03a c26e1bea72844b4fa2afd28abb2a9f03 2b43eefe57fe4a4798d2146efe13832c - - default default] 10.0.0.38 "DELETE /v2.0/routers/10917d2a-14ed-4538-8b40-be2f408f4cdd HTTP/1.1" status: 204 len: 168 time: 0.7295907
2026-06-25 23:35:06.670 9 INFO neutron.wsgi [None req-9cd7a838-1144-4ef8-8527-1f512d0550b3 c26e1bea72844b4fa2afd28abb2a9f03 2b43eefe57fe4a4798d2146efe13832c - - default default] 10.0.0.38 "DELETE /v2.0/subnets/cab8bd6f-d989-485b-ac95-a8b1529dbdb5 HTTP/1.1" status: 204 len: 168 time: 0.2452462
2026-06-25 23:35:06.967 10 INFO neutron.wsgi [None req-1468f655-db72-462b-97b5-780bb5249bae c26e1bea72844b4fa2afd28abb2a9f03 2b43eefe57fe4a4798d2146efe13832c - - default default] 10.0.0.38 "DELETE /v2.0/routers/31a79f26-dbc5-4559-8bfe-5d5805463530 HTTP/1.1" status: 204 len: 168 time: 0.8305809
2026-06-25 23:35:07.064 9 INFO neutron.services.segments.plugin [-] Segment 55c9c9f3-689d-4384-8a97-425da3f62d20 resource provider aggregate not found
2026-06-25 23:35:07.070 9 INFO neutron.services.segments.plugin [-] Segment 55c9c9f3-689d-4384-8a97-425da3f62d20 resource provider aggregate not found
2026-06-25 23:35:07.084 9 INFO neutron.services.segments.plugin [-] Segment 55c9c9f3-689d-4384-8a97-425da3f62d20 resource provider not found; error: Placement Client Error (4xx): {"errors": [{"status": 404, "title": "Not Found", "detail": "The resource could not be found.\n\n No resource provider with uuid 55c9c9f3-689d-4384-8a97-425da3f62d20 found for delete ", "request_id": "req-2d39a69b-63a3-4b09-a844-8d04445f1005"}]}
2026-06-25 23:35:07.091 9 INFO neutron.services.segments.plugin [-] Segment 55c9c9f3-689d-4384-8a97-425da3f62d20 resource provider not found; error: Placement Client Error (4xx): {"errors": [{"status": 404, "title": "Not Found", "detail": "The resource could not be found.\n\n No resource provider with uuid 55c9c9f3-689d-4384-8a97-425da3f62d20 found for delete ", "request_id": "req-4737d7f1-1fee-48bd-a5d2-7fca2b75b1c7"}]}
2026-06-25 23:35:07.126 9 INFO neutron.wsgi [None req-a5e33af5-ff51-4b72-907f-0147896205e2 c26e1bea72844b4fa2afd28abb2a9f03 2b43eefe57fe4a4798d2146efe13832c - - default default] 10.0.0.38 "DELETE /v2.0/networks/a0a8864f-20b7-45c5-b7d5-42465d754750 HTTP/1.1" status: 204 len: 168 time: 0.4467688
2026-06-25 23:35:07.161 10 INFO neutron.wsgi [None req-c55d6f22-301f-4d99-9f61-8951e74699b4 c26e1bea72844b4fa2afd28abb2a9f03 2b43eefe57fe4a4798d2146efe13832c - - default default] 10.0.0.38 "DELETE /v2.0/subnets/8a76ff10-aab2-450a-87bf-070e8b8e62c6 HTTP/1.1" status: 204 len: 168 time: 0.1900277
2026-06-25 23:35:07.313 9 INFO neutron.wsgi [None req-15a59a46-a435-4872-a0fa-08faa622719c c26e1bea72844b4fa2afd28abb2a9f03 2b43eefe57fe4a4798d2146efe13832c - - default default] 10.0.0.38 "GET /v2.0/security-groups?tenant_id=f0be9753ac564446a72cc74cd2f99466&name=default HTTP/1.1" status: 200 len: 2996 time: 0.0403419
2026-06-25 23:35:07.442 9 INFO neutron.db.ovn_revision_numbers_db [None req-df83aaae-1d77-46e8-9794-2c809b0775e2 c27a23c750364cf19369e18227bb8d34 a67c025f373744e58379a16929ccdb62 - - default default] Successfully bumped revision number for resource a68abf6f-2ea4-4ebd-a24a-9904c08b3e0b (type: security_groups) to 1
2026-06-25 23:35:07.461 9 INFO neutron.db.ovn_revision_numbers_db [None req-df83aaae-1d77-46e8-9794-2c809b0775e2 c27a23c750364cf19369e18227bb8d34 a67c025f373744e58379a16929ccdb62 - - default default] Successfully bumped revision number for resource 04576d96-ba9a-441a-85b3-99b830614b42 (type: security_group_rules) to 0
2026-06-25 23:35:07.478 9 INFO neutron.db.ovn_revision_numbers_db [None req-df83aaae-1d77-46e8-9794-2c809b0775e2 c27a23c750364cf19369e18227bb8d34 a67c025f373744e58379a16929ccdb62 - - default default] Successfully bumped revision number for resource e83c747d-7bd0-4c9e-a3f6-c6d75497161c (type: security_group_rules) to 0
2026-06-25 23:35:07.498 9 INFO neutron.db.ovn_revision_numbers_db [None req-df83aaae-1d77-46e8-9794-2c809b0775e2 c27a23c750364cf19369e18227bb8d34 a67c025f373744e58379a16929ccdb62 - - default default] Successfully bumped revision number for resource eddbeb6b-ce00-4259-b37b-b44c12f4ddca (type: security_group_rules) to 0
2026-06-25 23:35:07.519 9 INFO neutron.db.ovn_revision_numbers_db [None req-df83aaae-1d77-46e8-9794-2c809b0775e2 c27a23c750364cf19369e18227bb8d34 a67c025f373744e58379a16929ccdb62 - - default default] Successfully bumped revision number for resource f2da9a67-2b74-4e7f-8aa5-0696fa5455fb (type: security_group_rules) to 0
2026-06-25 23:35:07.578 9 INFO neutron.db.segments_db [None req-df83aaae-1d77-46e8-9794-2c809b0775e2 c27a23c750364cf19369e18227bb8d34 a67c025f373744e58379a16929ccdb62 - - default default] Added segment 729fe71b-0363-4d91-9754-b0a9c5f687a5 of type geneve for network 5ed04f53-7f04-482e-898a-7aad3fab26ba
2026-06-25 23:35:07.590 10 INFO neutron.wsgi [None req-43316d43-df0d-46b2-a1d1-b1a0340e8729 c26e1bea72844b4fa2afd28abb2a9f03 2b43eefe57fe4a4798d2146efe13832c - - default default] 10.0.0.38 "DELETE /v2.0/networks/4f012af6-29a0-4549-af2c-fa884d492780 HTTP/1.1" status: 204 len: 168 time: 0.4227338
2026-06-25 23:35:07.595 9 INFO neutron.wsgi [None req-be449887-3a44-438f-b135-6c10716d502c c26e1bea72844b4fa2afd28abb2a9f03 2b43eefe57fe4a4798d2146efe13832c - - default default] 10.0.0.38 "DELETE /v2.0/security-groups/38118814-0513-464a-b1b6-7b0388d08a2e HTTP/1.1" status: 204 len: 168 time: 0.2736678
2026-06-25 23:35:07.758 9 INFO neutron.db.ovn_revision_numbers_db [None req-df83aaae-1d77-46e8-9794-2c809b0775e2 c27a23c750364cf19369e18227bb8d34 a67c025f373744e58379a16929ccdb62 - - default default] Successfully bumped revision number for resource 5ed04f53-7f04-482e-898a-7aad3fab26ba (type: networks) to 1
2026-06-25 23:35:07.781 10 INFO neutron.wsgi [None req-cc861930-a772-42b6-a9df-97bf21b58cd1 c26e1bea72844b4fa2afd28abb2a9f03 2b43eefe57fe4a4798d2146efe13832c - - default default] 10.0.0.38 "GET /v2.0/security-groups?tenant_id=2ac529818e534e1697b95ba3fd34cb86&name=default HTTP/1.1" status: 200 len: 2992 time: 0.0336316
2026-06-25 23:35:07.987 9 WARNING neutron.scheduler.dhcp_agent_scheduler [None req-df83aaae-1d77-46e8-9794-2c809b0775e2 c27a23c750364cf19369e18227bb8d34 a67c025f373744e58379a16929ccdb62 - - default default] No more DHCP agents
2026-06-25 23:35:07.990 9 WARNING neutron.api.rpc.agentnotifiers.dhcp_rpc_agent_api [None req-df83aaae-1d77-46e8-9794-2c809b0775e2 c27a23c750364cf19369e18227bb8d34 a67c025f373744e58379a16929ccdb62 - - default default] Unable to schedule network 5ed04f53-7f04-482e-898a-7aad3fab26ba: no agents available; will retry on subsequent port and subnet creation events.
2026-06-25 23:35:08.021 10 INFO neutron.wsgi [None req-244f7e6e-36f8-4f2c-891c-b3bc6ceb0c6a c26e1bea72844b4fa2afd28abb2a9f03 2b43eefe57fe4a4798d2146efe13832c - - default default] 10.0.0.38 "DELETE /v2.0/security-groups/3529941b-855d-4453-9de2-eed09ffaa3e8 HTTP/1.1" status: 204 len: 168 time: 0.2347410
2026-06-25 23:35:08.054 10 INFO neutron.services.segments.plugin [-] Segment 50900127-ea58-4d80-a913-8f4a8319fdd2 resource provider aggregate not found
2026-06-25 23:35:08.069 10 INFO neutron.services.segments.plugin [-] Segment 50900127-ea58-4d80-a913-8f4a8319fdd2 resource provider aggregate not found
2026-06-25 23:35:08.084 10 INFO neutron.services.segments.plugin [-] Segment 50900127-ea58-4d80-a913-8f4a8319fdd2 resource provider not found; error: Placement Client Error (4xx): {"errors": [{"status": 404, "title": "Not Found", "detail": "The resource could not be found.\n\n No resource provider with uuid 50900127-ea58-4d80-a913-8f4a8319fdd2 found for delete ", "request_id": "req-cc26bca1-c599-4f57-b231-a7541aa8868f"}]}
2026-06-25 23:35:08.086 10 INFO neutron.services.segments.plugin [-] Segment 50900127-ea58-4d80-a913-8f4a8319fdd2 resource provider not found; error: Placement Client Error (4xx): {"errors": [{"status": 404, "title": "Not Found", "detail": "The resource could not be found.\n\n No resource provider with uuid 50900127-ea58-4d80-a913-8f4a8319fdd2 found for delete ", "request_id": "req-a9813cf2-4cff-4e41-9824-80835e2c21df"}]}
2026-06-25 23:35:08.094 9 INFO neutron.db.ovn_revision_numbers_db [None req-df83aaae-1d77-46e8-9794-2c809b0775e2 c27a23c750364cf19369e18227bb8d34 a67c025f373744e58379a16929ccdb62 - - default default] Successfully bumped revision number for resource e55e4d34-f879-43c3-bcec-47f4551fb3e8 (type: ports) to 1
2026-06-25 23:35:08.118 9 INFO neutron.wsgi [None req-df83aaae-1d77-46e8-9794-2c809b0775e2 c27a23c750364cf19369e18227bb8d34 a67c025f373744e58379a16929ccdb62 - - default default] 10.0.0.38 "POST /v2.0/networks HTTP/1.1" status: 201 len: 849 time: 1.0346231
2026-06-25 23:35:08.488 10 WARNING neutron.scheduler.dhcp_agent_scheduler [None req-4f90618e-a353-49fa-9f2e-1ac41d7d69e8 c27a23c750364cf19369e18227bb8d34 a67c025f373744e58379a16929ccdb62 - - default default] No more DHCP agents
2026-06-25 23:35:08.490 10 WARNING neutron.api.rpc.agentnotifiers.dhcp_rpc_agent_api [None req-4f90618e-a353-49fa-9f2e-1ac41d7d69e8 c27a23c750364cf19369e18227bb8d34 a67c025f373744e58379a16929ccdb62 - - default default] Unable to schedule network 5ed04f53-7f04-482e-898a-7aad3fab26ba: no agents available; will retry on subsequent port and subnet creation events.
2026-06-25 23:35:08.514 10 INFO neutron.db.ovn_revision_numbers_db [None req-4f90618e-a353-49fa-9f2e-1ac41d7d69e8 c27a23c750364cf19369e18227bb8d34 a67c025f373744e58379a16929ccdb62 - - default default] Successfully bumped revision number for resource 078a9f33-1f1d-4904-8b7d-78cb42dd2ae5 (type: subnets) to 0
2026-06-25 23:35:08.529 10 INFO neutron.wsgi [None req-4f90618e-a353-49fa-9f2e-1ac41d7d69e8 c27a23c750364cf19369e18227bb8d34 a67c025f373744e58379a16929ccdb62 - - default default] 10.0.0.38 "POST /v2.0/subnets HTTP/1.1" status: 201 len: 802 time: 0.4070537
2026-06-25 23:35:09.087 10 WARNING neutron.scheduler.dhcp_agent_scheduler [None req-bc8ba195-201c-4bdd-993b-f7d87fb8a04d c27a23c750364cf19369e18227bb8d34 a67c025f373744e58379a16929ccdb62 - - default default] No more DHCP agents
2026-06-25 23:35:09.088 10 WARNING neutron.api.rpc.agentnotifiers.dhcp_rpc_agent_api [None req-bc8ba195-201c-4bdd-993b-f7d87fb8a04d c27a23c750364cf19369e18227bb8d34 a67c025f373744e58379a16929ccdb62 - - default default] Unable to schedule network 7984dda1-acac-48ee-93b4-94f15e1910dc: no agents available; will retry on subsequent port and subnet creation events.
2026-06-25 23:35:09.318 10 INFO neutron.db.ovn_revision_numbers_db [None req-bc8ba195-201c-4bdd-993b-f7d87fb8a04d c27a23c750364cf19369e18227bb8d34 a67c025f373744e58379a16929ccdb62 - - default default] Successfully bumped revision number for resource f506502d-3415-4253-a8db-a54c6ee54884 (type: ports) to 1
2026-06-25 23:35:10.160 9 INFO neutron.plugins.ml2.drivers.ovn.mech_driver.mech_driver [None req-7a5e1d94-c38d-4d8c-b2e1-348cd0aab4a8 - - - - - -] OVN reports status up for port: f506502d-3415-4253-a8db-a54c6ee54884
2026-06-25 23:35:10.168 9 INFO neutron.plugins.ml2.plugin [None req-7a5e1d94-c38d-4d8c-b2e1-348cd0aab4a8 - - - - - -] Attempt 1 to provision port f506502d-3415-4253-a8db-a54c6ee54884
2026-06-25 23:35:10.177 10 INFO neutron.db.ovn_revision_numbers_db [None req-bc8ba195-201c-4bdd-993b-f7d87fb8a04d c27a23c750364cf19369e18227bb8d34 a67c025f373744e58379a16929ccdb62 - - default default] Successfully bumped revision number for resource f506502d-3415-4253-a8db-a54c6ee54884 (type: router_ports) to 1
2026-06-25 23:35:10.200 9 INFO neutron.db.ovn_revision_numbers_db [None req-d107877a-2c93-4838-8aa3-2c205265790d c26e1bea72844b4fa2afd28abb2a9f03 2b43eefe57fe4a4798d2146efe13832c - - default default] Successfully bumped revision number for resource 8eeaed2c-e715-42c1-b7f7-3f0912516a10 (type: security_groups) to 1
2026-06-25 23:35:10.233 9 INFO neutron.db.ovn_revision_numbers_db [None req-d107877a-2c93-4838-8aa3-2c205265790d c26e1bea72844b4fa2afd28abb2a9f03 2b43eefe57fe4a4798d2146efe13832c - - default default] Successfully bumped revision number for resource 0dd426a0-1826-4ac2-85be-d48c291d971d (type: security_group_rules) to 0
2026-06-25 23:35:10.257 10 INFO neutron.db.ovn_revision_numbers_db [None req-bc8ba195-201c-4bdd-993b-f7d87fb8a04d c27a23c750364cf19369e18227bb8d34 a67c025f373744e58379a16929ccdb62 - - default default] Successfully bumped revision number for resource b44d80c8-b26a-41af-8144-b01565b38d06 (type: routers) to 2
2026-06-25 23:35:10.265 9 INFO neutron.db.ovn_revision_numbers_db [None req-d107877a-2c93-4838-8aa3-2c205265790d c26e1bea72844b4fa2afd28abb2a9f03 2b43eefe57fe4a4798d2146efe13832c - - default default] Successfully bumped revision number for resource 546cd88e-e780-43fe-9e90-d34a1d46570c (type: security_group_rules) to 0
2026-06-25 23:35:10.272 10 INFO neutron.wsgi [None req-bc8ba195-201c-4bdd-993b-f7d87fb8a04d c27a23c750364cf19369e18227bb8d34 a67c025f373744e58379a16929ccdb62 - - default default] 10.0.0.38 "POST /v2.0/routers HTTP/1.1" status: 201 len: 875 time: 1.7365005
2026-06-25 23:35:10.281 9 INFO neutron.db.ovn_revision_numbers_db [None req-d107877a-2c93-4838-8aa3-2c205265790d c26e1bea72844b4fa2afd28abb2a9f03 2b43eefe57fe4a4798d2146efe13832c - - default default] Successfully bumped revision number for resource 5635806e-2431-4a49-9bfd-711090892a61 (type: security_group_rules) to 0
2026-06-25 23:35:10.352 9 INFO neutron.db.ovn_revision_numbers_db [None req-d107877a-2c93-4838-8aa3-2c205265790d c26e1bea72844b4fa2afd28abb2a9f03 2b43eefe57fe4a4798d2146efe13832c - - default default] Successfully bumped revision number for resource 6fe310e4-894a-4fa9-9835-9636db658350 (type: security_group_rules) to 0
2026-06-25 23:35:10.429 9 INFO neutron.db.segments_db [None req-d107877a-2c93-4838-8aa3-2c205265790d c26e1bea72844b4fa2afd28abb2a9f03 2b43eefe57fe4a4798d2146efe13832c - - default default] Added segment 8edd6629-fb05-4b36-aacd-c0d773e08181 of type geneve for network 570a00b9-6a90-4ffe-90e1-a04e8947233e
2026-06-25 23:35:10.656 9 INFO neutron.db.ovn_revision_numbers_db [None req-d107877a-2c93-4838-8aa3-2c205265790d c26e1bea72844b4fa2afd28abb2a9f03 2b43eefe57fe4a4798d2146efe13832c - - default default] Successfully bumped revision number for resource 570a00b9-6a90-4ffe-90e1-a04e8947233e (type: networks) to 1
2026-06-25 23:35:11.065 9 WARNING neutron.scheduler.dhcp_agent_scheduler [None req-d107877a-2c93-4838-8aa3-2c205265790d c26e1bea72844b4fa2afd28abb2a9f03 2b43eefe57fe4a4798d2146efe13832c - - default default] No more DHCP agents
2026-06-25 23:35:11.071 9 WARNING neutron.api.rpc.agentnotifiers.dhcp_rpc_agent_api [None req-d107877a-2c93-4838-8aa3-2c205265790d c26e1bea72844b4fa2afd28abb2a9f03 2b43eefe57fe4a4798d2146efe13832c - - default default] Unable to schedule network 570a00b9-6a90-4ffe-90e1-a04e8947233e: no agents available; will retry on subsequent port and subnet creation events.
2026-06-25 23:35:11.194 9 INFO neutron.db.ovn_revision_numbers_db [None req-d107877a-2c93-4838-8aa3-2c205265790d c26e1bea72844b4fa2afd28abb2a9f03 2b43eefe57fe4a4798d2146efe13832c - - default default] Successfully bumped revision number for resource 7ab7cbac-dc21-4f50-971c-81f0538f38f1 (type: ports) to 1
2026-06-25 23:35:11.217 9 INFO neutron.wsgi [None req-d107877a-2c93-4838-8aa3-2c205265790d c26e1bea72844b4fa2afd28abb2a9f03 2b43eefe57fe4a4798d2146efe13832c - - default default] 10.0.0.38 "POST /v2.0/networks HTTP/1.1" status: 201 len: 940 time: 1.4228222
2026-06-25 23:35:11.236 9 WARNING neutron.scheduler.dhcp_agent_scheduler [None req-4e63feed-7523-4e4e-a7e0-149d0596ffd9 c27a23c750364cf19369e18227bb8d34 a67c025f373744e58379a16929ccdb62 - - default default] No more DHCP agents
2026-06-25 23:35:11.239 9 WARNING neutron.api.rpc.agentnotifiers.dhcp_rpc_agent_api [None req-4e63feed-7523-4e4e-a7e0-149d0596ffd9 c27a23c750364cf19369e18227bb8d34 a67c025f373744e58379a16929ccdb62 - - default default] Unable to schedule network 5ed04f53-7f04-482e-898a-7aad3fab26ba: no agents available; will retry on subsequent port and subnet creation events.
2026-06-25 23:35:11.423 10 WARNING neutron.scheduler.dhcp_agent_scheduler [None req-94a82b0a-f314-41b6-bdc7-d3b4ba5bbb63 c26e1bea72844b4fa2afd28abb2a9f03 2b43eefe57fe4a4798d2146efe13832c - - default default] No more DHCP agents
2026-06-25 23:35:11.425 10 WARNING neutron.api.rpc.agentnotifiers.dhcp_rpc_agent_api [None req-94a82b0a-f314-41b6-bdc7-d3b4ba5bbb63 c26e1bea72844b4fa2afd28abb2a9f03 2b43eefe57fe4a4798d2146efe13832c - - default default] Unable to schedule network 570a00b9-6a90-4ffe-90e1-a04e8947233e: no agents available; will retry on subsequent port and subnet creation events.
2026-06-25 23:35:11.430 9 INFO neutron.db.ovn_revision_numbers_db [None req-4e63feed-7523-4e4e-a7e0-149d0596ffd9 c27a23c750364cf19369e18227bb8d34 a67c025f373744e58379a16929ccdb62 - - default default] Successfully bumped revision number for resource 3183fe87-bff4-4694-a772-87971d2f3051 (type: ports) to 1
2026-06-25 23:35:11.891 10 INFO neutron.db.ovn_revision_numbers_db [None req-94a82b0a-f314-41b6-bdc7-d3b4ba5bbb63 c26e1bea72844b4fa2afd28abb2a9f03 2b43eefe57fe4a4798d2146efe13832c - - default default] Successfully bumped revision number for resource 7ab7cbac-dc21-4f50-971c-81f0538f38f1 (type: ports) to 2
2026-06-25 23:35:11.916 9 INFO neutron.db.ovn_revision_numbers_db [None req-4e63feed-7523-4e4e-a7e0-149d0596ffd9 c27a23c750364cf19369e18227bb8d34 a67c025f373744e58379a16929ccdb62 - - default default] Successfully bumped revision number for resource 3183fe87-bff4-4694-a772-87971d2f3051 (type: router_ports) to 1
2026-06-25 23:35:11.938 10 INFO neutron.db.ovn_revision_numbers_db [None req-94a82b0a-f314-41b6-bdc7-d3b4ba5bbb63 c26e1bea72844b4fa2afd28abb2a9f03 2b43eefe57fe4a4798d2146efe13832c - - default default] Successfully bumped revision number for resource 5ebbcb89-1dde-4580-85ff-c9ff665d03e3 (type: subnets) to 0
2026-06-25 23:35:11.953 10 INFO neutron.wsgi [None req-94a82b0a-f314-41b6-bdc7-d3b4ba5bbb63 c26e1bea72844b4fa2afd28abb2a9f03 2b43eefe57fe4a4798d2146efe13832c - - default default] 10.0.0.38 "POST /v2.0/subnets HTTP/1.1" status: 201 len: 860 time: 0.7260995
2026-06-25 23:35:12.102 9 INFO neutron.wsgi [req-2047a4b3-bf5e-46e5-a3b2-13ef5301041c req-a6efdbd9-0e08-4cfa-a445-3a17de20b9a4 0fa7c9774c6140f3a7b45bcc5f13d60b f318e47849f64f2687748ed42f1bd70c - - default default] 10.0.0.226 "GET /v2.0/ports?device_id=0d0a6cad-94bd-4060-abe4-412bdb82d635 HTTP/1.1" status: 200 len: 1170 time: 0.1180053
2026-06-25 23:35:12.110 9 INFO neutron.db.ovn_revision_numbers_db [None req-4e63feed-7523-4e4e-a7e0-149d0596ffd9 c27a23c750364cf19369e18227bb8d34 a67c025f373744e58379a16929ccdb62 - - default default] Successfully bumped revision number for resource 3183fe87-bff4-4694-a772-87971d2f3051 (type: ports) to 1
2026-06-25 23:35:12.178 9 WARNING neutron.scheduler.dhcp_agent_scheduler [None req-4e63feed-7523-4e4e-a7e0-149d0596ffd9 c27a23c750364cf19369e18227bb8d34 a67c025f373744e58379a16929ccdb62 - - default default] No more DHCP agents
2026-06-25 23:35:12.179 9 WARNING neutron.api.rpc.agentnotifiers.dhcp_rpc_agent_api [None req-4e63feed-7523-4e4e-a7e0-149d0596ffd9 c27a23c750364cf19369e18227bb8d34 a67c025f373744e58379a16929ccdb62 - - default default] Unable to schedule network 5ed04f53-7f04-482e-898a-7aad3fab26ba: no agents available; will retry on subsequent port and subnet creation events.
2026-06-25 23:35:12.258 10 INFO neutron.wsgi [req-ec0c8fe2-5aad-402e-9503-20e98f7bd5de req-78bc53c0-2ef0-4d23-8a02-d29a15487d50 0fa7c9774c6140f3a7b45bcc5f13d60b f318e47849f64f2687748ed42f1bd70c - - default default] 10.0.0.226 "GET /v2.0/ports/d364ca1f-520b-4722-b46c-2d9babb6c4a2 HTTP/1.1" status: 200 len: 1167 time: 0.1100013
2026-06-25 23:35:12.482 9 INFO neutron.wsgi [req-36ab60ba-fa4e-4956-b958-9ad41b710dee req-9721a39c-a31d-447c-a3b1-d26c29df2c0e 0fa7c9774c6140f3a7b45bcc5f13d60b f318e47849f64f2687748ed42f1bd70c - - default default] 199.204.45.4 "GET /v2.0/subnets?network_id=9887a00a-ce1c-4f48-beb8-f1dc3e6dfa5b HTTP/1.1" status: 200 len: 858 time: 0.0780630
2026-06-25 23:35:12.494 10 WARNING neutron.scheduler.dhcp_agent_scheduler [None req-3d9a072e-84e3-4dad-830e-4b9bd4f80a08 c26e1bea72844b4fa2afd28abb2a9f03 2b43eefe57fe4a4798d2146efe13832c - - default default] No more DHCP agents
2026-06-25 23:35:12.497 10 WARNING neutron.api.rpc.agentnotifiers.dhcp_rpc_agent_api [None req-3d9a072e-84e3-4dad-830e-4b9bd4f80a08 c26e1bea72844b4fa2afd28abb2a9f03 2b43eefe57fe4a4798d2146efe13832c - - default default] Unable to schedule network 7984dda1-acac-48ee-93b4-94f15e1910dc: no agents available; will retry on subsequent port and subnet creation events.
2026-06-25 23:35:12.561 9 INFO neutron.wsgi [req-36ab60ba-fa4e-4956-b958-9ad41b710dee req-f1368655-f743-4bdd-a3f9-f6852c3d6eb2 0fa7c9774c6140f3a7b45bcc5f13d60b f318e47849f64f2687748ed42f1bd70c - - default default] 199.204.45.4 "GET /v2.0/ports?device_id=0d0a6cad-94bd-4060-abe4-412bdb82d635&device_owner=compute%3Anova&network_id=9887a00a-ce1c-4f48-beb8-f1dc3e6dfa5b HTTP/1.1" status: 200 len: 1170 time: 0.0735998
2026-06-25 23:35:12.639 9 INFO neutron.db.ovn_revision_numbers_db [None req-4e63feed-7523-4e4e-a7e0-149d0596ffd9 c27a23c750364cf19369e18227bb8d34 a67c025f373744e58379a16929ccdb62 - - default default] Successfully bumped revision number for resource 3183fe87-bff4-4694-a772-87971d2f3051 (type: router_ports) to 1
2026-06-25 23:35:12.641 9 INFO neutron.wsgi [None req-4e63feed-7523-4e4e-a7e0-149d0596ffd9 c27a23c750364cf19369e18227bb8d34 a67c025f373744e58379a16929ccdb62 - - default default] 10.0.0.38 "PUT /v2.0/routers/b44d80c8-b26a-41af-8144-b01565b38d06/add_router_interface HTTP/1.1" status: 200 len: 503 time: 2.3646510
2026-06-25 23:35:12.691 10 INFO neutron.db.ovn_revision_numbers_db [None req-3d9a072e-84e3-4dad-830e-4b9bd4f80a08 c26e1bea72844b4fa2afd28abb2a9f03 2b43eefe57fe4a4798d2146efe13832c - - default default] Successfully bumped revision number for resource 0e924678-36f8-440f-8207-ebd3635fe7e0 (type: ports) to 1
2026-06-25 23:35:12.995 10 INFO neutron.db.ovn_revision_numbers_db [None req-15c013b2-8702-4cba-b1ab-fb303e6e09ce c26e1bea72844b4fa2afd28abb2a9f03 2b43eefe57fe4a4798d2146efe13832c - - default default] Successfully bumped revision number for resource 0df7b334-ed3f-4024-a37e-0cebff516100 (type: security_groups) to 1
2026-06-25 23:35:13.017 10 INFO neutron.db.ovn_revision_numbers_db [None req-15c013b2-8702-4cba-b1ab-fb303e6e09ce c26e1bea72844b4fa2afd28abb2a9f03 2b43eefe57fe4a4798d2146efe13832c - - default default] Successfully bumped revision number for resource a61f4013-8450-424f-ab66-e81100ff125b (type: security_group_rules) to 0
2026-06-25 23:35:13.038 10 INFO neutron.db.ovn_revision_numbers_db [None req-15c013b2-8702-4cba-b1ab-fb303e6e09ce c26e1bea72844b4fa2afd28abb2a9f03 2b43eefe57fe4a4798d2146efe13832c - - default default] Successfully bumped revision number for resource a6dbd9d2-1128-4db0-9c72-a36c59cfebe5 (type: security_group_rules) to 0
2026-06-25 23:35:13.060 10 INFO neutron.db.ovn_revision_numbers_db [None req-15c013b2-8702-4cba-b1ab-fb303e6e09ce c26e1bea72844b4fa2afd28abb2a9f03 2b43eefe57fe4a4798d2146efe13832c - - default default] Successfully bumped revision number for resource acc7a4ce-4b0b-4483-8a74-e94520b458d0 (type: security_group_rules) to 0
2026-06-25 23:35:13.084 10 INFO neutron.db.ovn_revision_numbers_db [None req-15c013b2-8702-4cba-b1ab-fb303e6e09ce c26e1bea72844b4fa2afd28abb2a9f03 2b43eefe57fe4a4798d2146efe13832c - - default default] Successfully bumped revision number for resource c7aec368-f7b7-4390-a3e6-fda01b0fc1fe (type: security_group_rules) to 0
2026-06-25 23:35:13.106 9 WARNING neutron.scheduler.dhcp_agent_scheduler [None req-72520f62-a155-4285-98c5-7b8e61e0db16 c27a23c750364cf19369e18227bb8d34 a67c025f373744e58379a16929ccdb62 - - default default] No more DHCP agents
2026-06-25 23:35:13.112 9 WARNING neutron.api.rpc.agentnotifiers.dhcp_rpc_agent_api [None req-72520f62-a155-4285-98c5-7b8e61e0db16 c27a23c750364cf19369e18227bb8d34 a67c025f373744e58379a16929ccdb62 - - default default] Unable to schedule network 5ed04f53-7f04-482e-898a-7aad3fab26ba: no agents available; will retry on subsequent port and subnet creation events.
2026-06-25 23:35:13.124 10 INFO neutron.wsgi [None req-15c013b2-8702-4cba-b1ab-fb303e6e09ce c26e1bea72844b4fa2afd28abb2a9f03 2b43eefe57fe4a4798d2146efe13832c - - default default] 10.0.0.38 "GET /v2.0/security-groups?tenant_id=ed8e5b3716fd45b3b867018d2ffc003a&name=default HTTP/1.1" status: 200 len: 2996 time: 0.4612582
2026-06-25 23:35:13.156 9 INFO neutron.db.ovn_revision_numbers_db [req-36ab60ba-fa4e-4956-b958-9ad41b710dee req-f68c4c5e-786a-4d26-9531-1adea7d6c670 0fa7c9774c6140f3a7b45bcc5f13d60b f318e47849f64f2687748ed42f1bd70c - - default default] Successfully bumped revision number for resource d364ca1f-520b-4722-b46c-2d9babb6c4a2 (type: ports) to 5
2026-06-25 23:35:13.209 9 INFO neutron.wsgi [req-36ab60ba-fa4e-4956-b958-9ad41b710dee req-f68c4c5e-786a-4d26-9531-1adea7d6c670 0fa7c9774c6140f3a7b45bcc5f13d60b f318e47849f64f2687748ed42f1bd70c - - default default] 199.204.45.4 "PUT /v2.0/ports/d364ca1f-520b-4722-b46c-2d9babb6c4a2 HTTP/1.1" status: 200 len: 1349 time: 0.6436594 /var/lib/openstack/lib/python3.10/site-packages/pycadf/identifier.py:71: UserWarning: Invalid uuid: neutron. To ensure interoperability, identifiers should be a valid uuid. warnings.warn(('Invalid uuid: %s. To ensure interoperability, '
2026-06-25 23:35:13.245 9 INFO neutron.notifiers.nova [-] Nova event matching ['req-77ab0d72-d234-47c2-82cb-360702f9fd28'] response: {'name': 'network-changed', 'server_uuid': '0d0a6cad-94bd-4060-abe4-412bdb82d635', 'tag': 'd364ca1f-520b-4722-b46c-2d9babb6c4a2', 'status': 'completed', 'code': 200}
2026-06-25 23:35:13.271 9 INFO neutron.wsgi [req-36ab60ba-fa4e-4956-b958-9ad41b710dee req-e3ff29f7-03f0-4e21-8cef-bcd2d510aa39 fb40b85c4be44d2ba3cdbb8906922eee 5b348a9d28774d1a9926eabffd5e01e4 - - 2cd177c1069f466b8251a88850592d23 2cd177c1069f466b8251a88850592d23] 199.204.45.4 "GET /v2.0/ports?tenant_id=f318e47849f64f2687748ed42f1bd70c&device_id=0d0a6cad-94bd-4060-abe4-412bdb82d635 HTTP/1.1" status: 200 len: 1590 time: 0.0378668
2026-06-25 23:35:13.287 10 INFO neutron.plugins.ml2.drivers.ovn.mech_driver.mech_driver [None req-4d68a1e5-3384-4428-ac89-218fdb8c7b19 - - - - - -] OVN reports status up for port: 0e924678-36f8-440f-8207-ebd3635fe7e0
2026-06-25 23:35:13.303 10 INFO neutron.plugins.ml2.plugin [None req-4d68a1e5-3384-4428-ac89-218fdb8c7b19 - - - - - -] Attempt 1 to provision port 0e924678-36f8-440f-8207-ebd3635fe7e0
2026-06-25 23:35:13.312 9 INFO neutron.plugins.ml2.drivers.ovn.mech_driver.ovsdb.ovsdb_monitor [None req-d7b4004c-bf89-4a29-befe-44ffe1a89e1a - - - - - -] Router 193d8ada-733c-4ebd-ba09-9f065e1a00be is bound to host instance
2026-06-25 23:35:13.324 10 INFO neutron.db.ovn_revision_numbers_db [None req-3d9a072e-84e3-4dad-830e-4b9bd4f80a08 c26e1bea72844b4fa2afd28abb2a9f03 2b43eefe57fe4a4798d2146efe13832c - - default default] Successfully bumped revision number for resource 0e924678-36f8-440f-8207-ebd3635fe7e0 (type: router_ports) to 1
2026-06-25 23:35:13.350 9 INFO neutron.db.ovn_revision_numbers_db [None req-72520f62-a155-4285-98c5-7b8e61e0db16 c27a23c750364cf19369e18227bb8d34 a67c025f373744e58379a16929ccdb62 - - default default] Successfully bumped revision number for resource 160fb2f4-678a-4f79-82aa-9159ebbb3ecd (type: ports) to 1
2026-06-25 23:35:13.384 9 INFO neutron.wsgi [None req-72520f62-a155-4285-98c5-7b8e61e0db16 c27a23c750364cf19369e18227bb8d34 a67c025f373744e58379a16929ccdb62 - - default default] 10.0.0.38 "POST /v2.0/ports HTTP/1.1" status: 201 len: 1157 time: 0.7362564
2026-06-25 23:35:13.391 9 INFO neutron.wsgi [req-36ab60ba-fa4e-4956-b958-9ad41b710dee req-2e7df907-240a-433b-a336-5924fe1880b6 fb40b85c4be44d2ba3cdbb8906922eee 5b348a9d28774d1a9926eabffd5e01e4 - - 2cd177c1069f466b8251a88850592d23 2cd177c1069f466b8251a88850592d23] 199.204.45.4 "GET /v2.0/networks?id=9887a00a-ce1c-4f48-beb8-f1dc3e6dfa5b HTTP/1.1" status: 200 len: 981 time: 0.1161621
2026-06-25 23:35:13.576 10 INFO neutron.db.ovn_revision_numbers_db [None req-3d9a072e-84e3-4dad-830e-4b9bd4f80a08 c26e1bea72844b4fa2afd28abb2a9f03 2b43eefe57fe4a4798d2146efe13832c - - default default] Successfully bumped revision number for resource 193d8ada-733c-4ebd-ba09-9f065e1a00be (type: routers) to 2
2026-06-25 23:35:13.587 10 INFO neutron.wsgi [None req-82744673-3fec-4e0c-ade2-9dde9f354795 c26e1bea72844b4fa2afd28abb2a9f03 2b43eefe57fe4a4798d2146efe13832c - - default default] 10.0.0.38 "DELETE /v2.0/security-groups/0df7b334-ed3f-4024-a37e-0cebff516100 HTTP/1.1" status: 204 len: 168 time: 0.4584634
2026-06-25 23:35:13.590 10 INFO neutron.wsgi [None req-3d9a072e-84e3-4dad-830e-4b9bd4f80a08 c26e1bea72844b4fa2afd28abb2a9f03 2b43eefe57fe4a4798d2146efe13832c - - default default] 10.0.0.38 "POST /v2.0/routers HTTP/1.1" status: 201 len: 871 time: 1.6324322
2026-06-25 23:35:13.631 9 INFO neutron.wsgi [req-36ab60ba-fa4e-4956-b958-9ad41b710dee req-aed0f597-e0f9-4c09-884b-f3b2ae9bf5e5 fb40b85c4be44d2ba3cdbb8906922eee 5b348a9d28774d1a9926eabffd5e01e4 - - 2cd177c1069f466b8251a88850592d23 2cd177c1069f466b8251a88850592d23] 199.204.45.4 "GET /v2.0/floatingips?fixed_ip_address=10.100.0.14&port_id=d364ca1f-520b-4722-b46c-2d9babb6c4a2 HTTP/1.1" status: 200 len: 217 time: 0.2318707
2026-06-25 23:35:13.741 9 INFO neutron.wsgi [req-36ab60ba-fa4e-4956-b958-9ad41b710dee req-3807ce74-f8d4-43ae-acd5-785b6452d8c1 fb40b85c4be44d2ba3cdbb8906922eee 5b348a9d28774d1a9926eabffd5e01e4 - - 2cd177c1069f466b8251a88850592d23 2cd177c1069f466b8251a88850592d23] 199.204.45.4 "GET /v2.0/floatingips?fixed_ip_address=10.100.0.8&port_id=d364ca1f-520b-4722-b46c-2d9babb6c4a2 HTTP/1.1" status: 200 len: 1059 time: 0.0988808
2026-06-25 23:35:13.823 9 INFO neutron.wsgi [req-36ab60ba-fa4e-4956-b958-9ad41b710dee req-d6fc8af6-1359-4c52-a5ab-7ae8b6ea247e fb40b85c4be44d2ba3cdbb8906922eee 5b348a9d28774d1a9926eabffd5e01e4 - - 2cd177c1069f466b8251a88850592d23 2cd177c1069f466b8251a88850592d23] 199.204.45.4 "GET /v2.0/subnets?id=918274a5-4f3c-46f7-8f60-88547c9ec539 HTTP/1.1" status: 200 len: 876 time: 0.0736396
2026-06-25 23:35:13.845 10 INFO neutron.db.ovn_revision_numbers_db [None req-dc4d9b59-7b53-495c-ae0a-e6ed19f4784d c26e1bea72844b4fa2afd28abb2a9f03 2b43eefe57fe4a4798d2146efe13832c - - default default] Successfully bumped revision number for resource 8ea2721b-58a0-4ba6-aea2-c57534eec075 (type: security_groups) to 1
2026-06-25 23:35:13.862 10 INFO neutron.db.ovn_revision_numbers_db [None req-dc4d9b59-7b53-495c-ae0a-e6ed19f4784d c26e1bea72844b4fa2afd28abb2a9f03 2b43eefe57fe4a4798d2146efe13832c - - default default] Successfully bumped revision number for resource 060bb517-bc99-47cc-8053-805db789d2e7 (type: security_group_rules) to 0
2026-06-25 23:35:13.882 9 INFO neutron.wsgi [req-36ab60ba-fa4e-4956-b958-9ad41b710dee req-e89dd9b3-49da-47aa-a49f-0ccdf97aa2eb fb40b85c4be44d2ba3cdbb8906922eee 5b348a9d28774d1a9926eabffd5e01e4 - - 2cd177c1069f466b8251a88850592d23 2cd177c1069f466b8251a88850592d23] 199.204.45.4 "GET /v2.0/ports?network_id=9887a00a-ce1c-4f48-beb8-f1dc3e6dfa5b&device_owner=network%3Adhcp HTTP/1.1" status: 200 len: 210 time: 0.0476246
2026-06-25 23:35:13.888 10 INFO neutron.db.ovn_revision_numbers_db [None req-dc4d9b59-7b53-495c-ae0a-e6ed19f4784d c26e1bea72844b4fa2afd28abb2a9f03 2b43eefe57fe4a4798d2146efe13832c - - default default] Successfully bumped revision number for resource 5f596192-1a28-48c8-8446-ae0b8fd752bf (type: security_group_rules) to 0
2026-06-25 23:35:13.912 10 INFO neutron.db.ovn_revision_numbers_db [None req-dc4d9b59-7b53-495c-ae0a-e6ed19f4784d c26e1bea72844b4fa2afd28abb2a9f03 2b43eefe57fe4a4798d2146efe13832c - - default default] Successfully bumped revision number for resource 652ca745-a733-46a1-85e5-8c5df1f06ed0 (type: security_group_rules) to 0
2026-06-25 23:35:13.937 10 INFO neutron.db.ovn_revision_numbers_db [None req-dc4d9b59-7b53-495c-ae0a-e6ed19f4784d c26e1bea72844b4fa2afd28abb2a9f03 2b43eefe57fe4a4798d2146efe13832c - - default default] Successfully bumped revision number for resource bb758f70-9fa5-46d1-9e1d-ecae1a5c85b6 (type: security_group_rules) to 0
2026-06-25 23:35:13.966 10 INFO neutron.wsgi [None req-dc4d9b59-7b53-495c-ae0a-e6ed19f4784d c26e1bea72844b4fa2afd28abb2a9f03 2b43eefe57fe4a4798d2146efe13832c - - default default] 10.0.0.38 "GET /v2.0/security-groups?tenant_id=b9361f0de4db49279e2c13086303a32f&name=default HTTP/1.1" status: 200 len: 2996 time: 0.2651830
2026-06-25 23:35:14.005 9 INFO neutron.wsgi [req-36ab60ba-fa4e-4956-b958-9ad41b710dee req-076ac359-9faf-4068-86a7-2948cfd303e2 fb40b85c4be44d2ba3cdbb8906922eee 5b348a9d28774d1a9926eabffd5e01e4 - - 2cd177c1069f466b8251a88850592d23 2cd177c1069f466b8251a88850592d23] 199.204.45.4 "GET /v2.0/networks/9887a00a-ce1c-4f48-beb8-f1dc3e6dfa5b?fields=segments HTTP/1.1" status: 200 len: 212 time: 0.1133380
2026-06-25 23:35:14.111 10 WARNING neutron.scheduler.dhcp_agent_scheduler [None req-7daa4dc0-00cf-4e7e-a3ed-0e80ae073dad c26e1bea72844b4fa2afd28abb2a9f03 2b43eefe57fe4a4798d2146efe13832c - - default default] No more DHCP agents
2026-06-25 23:35:14.115 10 WARNING neutron.api.rpc.agentnotifiers.dhcp_rpc_agent_api [None req-7daa4dc0-00cf-4e7e-a3ed-0e80ae073dad c26e1bea72844b4fa2afd28abb2a9f03 2b43eefe57fe4a4798d2146efe13832c - - default default] Unable to schedule network 570a00b9-6a90-4ffe-90e1-a04e8947233e: no agents available; will retry on subsequent port and subnet creation events.
2026-06-25 23:35:14.130 9 INFO neutron.wsgi [req-36ab60ba-fa4e-4956-b958-9ad41b710dee req-8af66339-ff4a-4663-9071-05fa5d5b03b7 fb40b85c4be44d2ba3cdbb8906922eee 5b348a9d28774d1a9926eabffd5e01e4 - - 2cd177c1069f466b8251a88850592d23 2cd177c1069f466b8251a88850592d23] 199.204.45.4 "GET /v2.0/networks/9887a00a-ce1c-4f48-beb8-f1dc3e6dfa5b?fields=provider%3Aphysical_network&fields=provider%3Anetwork_type HTTP/1.1" status: 200 len: 277 time: 0.1191640 /var/lib/openstack/lib/python3.10/site-packages/pycadf/identifier.py:71: UserWarning: Invalid uuid: neutron. To ensure interoperability, identifiers should be a valid uuid. warnings.warn(('Invalid uuid: %s. To ensure interoperability, '
2026-06-25 23:35:14.231 10 INFO neutron.wsgi [None req-64ee8583-8764-4a3f-922b-c6af58de9797 c26e1bea72844b4fa2afd28abb2a9f03 2b43eefe57fe4a4798d2146efe13832c - - default default] 10.0.0.38 "DELETE /v2.0/security-groups/8ea2721b-58a0-4ba6-aea2-c57534eec075 HTTP/1.1" status: 204 len: 168 time: 0.2585588
2026-06-25 23:35:14.240 9 INFO neutron.wsgi [req-87e26abc-26c1-4bdd-a945-07c971224a77 req-2b73f349-72e8-46d1-b9c3-56d85ba20a0a fb40b85c4be44d2ba3cdbb8906922eee 5b348a9d28774d1a9926eabffd5e01e4 - - 2cd177c1069f466b8251a88850592d23 2cd177c1069f466b8251a88850592d23] 199.204.45.4 "GET /v2.0/ports?tenant_id=f318e47849f64f2687748ed42f1bd70c&device_id=0d0a6cad-94bd-4060-abe4-412bdb82d635 HTTP/1.1" status: 200 len: 1590 time: 0.0561249
2026-06-25 23:35:14.248 9 WARNING neutron.scheduler.dhcp_agent_scheduler [None req-3d237a4e-cc1c-41ce-a337-19358fd87f37 c27a23c750364cf19369e18227bb8d34 a67c025f373744e58379a16929ccdb62 - - default default] No more DHCP agents /var/lib/openstack/lib/python3.10/site-packages/pycadf/identifier.py:71: UserWarning: Invalid uuid: neutron. To ensure interoperability, identifiers should be a valid uuid. warnings.warn(('Invalid uuid: %s. To ensure interoperability, '
2026-06-25 23:35:14.259 9 WARNING neutron.api.rpc.agentnotifiers.dhcp_rpc_agent_api [None req-3d237a4e-cc1c-41ce-a337-19358fd87f37 c27a23c750364cf19369e18227bb8d34 a67c025f373744e58379a16929ccdb62 - - default default] Unable to schedule network 5ed04f53-7f04-482e-898a-7aad3fab26ba: no agents available; will retry on subsequent port and subnet creation events.
2026-06-25 23:35:14.291 10 INFO neutron.db.ovn_revision_numbers_db [None req-7daa4dc0-00cf-4e7e-a3ed-0e80ae073dad c26e1bea72844b4fa2afd28abb2a9f03 2b43eefe57fe4a4798d2146efe13832c - - default default] Successfully bumped revision number for resource ca097e38-982c-45ce-a9f4-a70b41fea1b9 (type: ports) to 1
2026-06-25 23:35:14.352 9 INFO neutron.wsgi [req-87e26abc-26c1-4bdd-a945-07c971224a77 req-021f97c7-2caa-4989-bab6-329accaacf40 fb40b85c4be44d2ba3cdbb8906922eee 5b348a9d28774d1a9926eabffd5e01e4 - - 2cd177c1069f466b8251a88850592d23 2cd177c1069f466b8251a88850592d23] 199.204.45.4 "GET /v2.0/networks?id=9887a00a-ce1c-4f48-beb8-f1dc3e6dfa5b HTTP/1.1" status: 200 len: 981 time: 0.1031437
2026-06-25 23:35:14.411 9 INFO neutron.wsgi [req-87e26abc-26c1-4bdd-a945-07c971224a77 req-5fb44df7-5786-4ee2-be43-f2155fe2c8ae fb40b85c4be44d2ba3cdbb8906922eee 5b348a9d28774d1a9926eabffd5e01e4 - - 2cd177c1069f466b8251a88850592d23 2cd177c1069f466b8251a88850592d23] 199.204.45.4 "GET /v2.0/floatingips?fixed_ip_address=10.100.0.14&port_id=d364ca1f-520b-4722-b46c-2d9babb6c4a2 HTTP/1.1" status: 200 len: 217 time: 0.0514088
2026-06-25 23:35:14.500 9 INFO neutron.wsgi [req-87e26abc-26c1-4bdd-a945-07c971224a77 req-f5321f36-c656-44ba-9b54-20ecb9ec7572 fb40b85c4be44d2ba3cdbb8906922eee 5b348a9d28774d1a9926eabffd5e01e4 - - 2cd177c1069f466b8251a88850592d23 2cd177c1069f466b8251a88850592d23] 199.204.45.4 "GET /v2.0/floatingips?fixed_ip_address=10.100.0.8&port_id=d364ca1f-520b-4722-b46c-2d9babb6c4a2 HTTP/1.1" status: 200 len: 1059 time: 0.0776467
2026-06-25 23:35:14.585 9 INFO neutron.wsgi [req-87e26abc-26c1-4bdd-a945-07c971224a77 req-b2628f02-e37f-4f95-b18d-a90d469f3dcf fb40b85c4be44d2ba3cdbb8906922eee 5b348a9d28774d1a9926eabffd5e01e4 - - 2cd177c1069f466b8251a88850592d23 2cd177c1069f466b8251a88850592d23] 199.204.45.4 "GET /v2.0/subnets?id=918274a5-4f3c-46f7-8f60-88547c9ec539 HTTP/1.1" status: 200 len: 876 time: 0.0773592
2026-06-25 23:35:14.616 9 INFO neutron.db.ovn_revision_numbers_db [None req-d7b4004c-bf89-4a29-befe-44ffe1a89e1a - - - - - -] Successfully bumped revision number for resource 0e924678-36f8-440f-8207-ebd3635fe7e0 (type: ports) to 1
2026-06-25 23:35:14.628 9 INFO neutron.wsgi [req-87e26abc-26c1-4bdd-a945-07c971224a77 req-f3579def-228f-4a14-a206-e3159b139efb fb40b85c4be44d2ba3cdbb8906922eee 5b348a9d28774d1a9926eabffd5e01e4 - - 2cd177c1069f466b8251a88850592d23 2cd177c1069f466b8251a88850592d23] 199.204.45.4 "GET /v2.0/ports?network_id=9887a00a-ce1c-4f48-beb8-f1dc3e6dfa5b&device_owner=network%3Adhcp HTTP/1.1" status: 200 len: 210 time: 0.0314043
2026-06-25 23:35:14.633 9 INFO neutron.wsgi [req-e6d6c449-b4af-43a4-8731-41e31f32e4ec req-8c3f60b8-aacf-40bf-acc8-bf0eff7d5ec4 0fa7c9774c6140f3a7b45bcc5f13d60b f318e47849f64f2687748ed42f1bd70c - - default default] 10.0.0.226 "GET /v2.0/ports?device_id=0d0a6cad-94bd-4060-abe4-412bdb82d635 HTTP/1.1" status: 200 len: 1352 time: 0.0792661
2026-06-25 23:35:14.665 9 INFO neutron.db.ovn_revision_numbers_db [None req-3d237a4e-cc1c-41ce-a337-19358fd87f37 c27a23c750364cf19369e18227bb8d34 a67c025f373744e58379a16929ccdb62 - - default default] Successfully bumped revision number for resource 632040f0-9c81-406e-8b40-cffae58b1e74 (type: ports) to 1
2026-06-25 23:35:14.717 9 INFO neutron.wsgi [None req-3d237a4e-cc1c-41ce-a337-19358fd87f37 c27a23c750364cf19369e18227bb8d34 a67c025f373744e58379a16929ccdb62 - - default default] 10.0.0.38 "POST /v2.0/ports HTTP/1.1" status: 201 len: 1153 time: 1.3246241
2026-06-25 23:35:14.723 9 INFO neutron.wsgi [req-e6d6c449-b4af-43a4-8731-41e31f32e4ec req-48951b1f-2370-46e9-ac6e-e2618e0eea36 0fa7c9774c6140f3a7b45bcc5f13d60b f318e47849f64f2687748ed42f1bd70c - - default default] 10.0.0.226 "GET /v2.0/security-groups?id=bbff635c-efc7-48b9-8a67-7fa1748083b8&fields=id&fields=name HTTP/1.1" status: 200 len: 313 time: 0.0801902
2026-06-25 23:35:14.733 9 INFO neutron.wsgi [req-87e26abc-26c1-4bdd-a945-07c971224a77 req-8db76913-bb09-42b6-b125-7825f9f056c4 fb40b85c4be44d2ba3cdbb8906922eee 5b348a9d28774d1a9926eabffd5e01e4 - - 2cd177c1069f466b8251a88850592d23 2cd177c1069f466b8251a88850592d23] 199.204.45.4 "GET /v2.0/networks/9887a00a-ce1c-4f48-beb8-f1dc3e6dfa5b?fields=segments HTTP/1.1" status: 200 len: 212 time: 0.0988634
2026-06-25 23:35:14.807 10 INFO neutron.db.ovn_revision_numbers_db [None req-7daa4dc0-00cf-4e7e-a3ed-0e80ae073dad c26e1bea72844b4fa2afd28abb2a9f03 2b43eefe57fe4a4798d2146efe13832c - - default default] Successfully bumped revision number for resource ca097e38-982c-45ce-a9f4-a70b41fea1b9 (type: router_ports) to 1
2026-06-25 23:35:14.853 9 INFO neutron.wsgi [req-87e26abc-26c1-4bdd-a945-07c971224a77 req-0b863894-0a0b-4b91-94bd-1530a4d63225 fb40b85c4be44d2ba3cdbb8906922eee 5b348a9d28774d1a9926eabffd5e01e4 - - 2cd177c1069f466b8251a88850592d23 2cd177c1069f466b8251a88850592d23] 199.204.45.4 "GET /v2.0/networks/9887a00a-ce1c-4f48-beb8-f1dc3e6dfa5b?fields=provider%3Aphysical_network&fields=provider%3Anetwork_type HTTP/1.1" status: 200 len: 277 time: 0.1100218
2026-06-25 23:35:14.941 9 INFO neutron.wsgi [req-b967abee-599d-402d-8d56-43f1631ed585 req-75f521a2-3c54-4e45-bcaf-f44dd01fd719 0fa7c9774c6140f3a7b45bcc5f13d60b f318e47849f64f2687748ed42f1bd70c - - default default] 199.204.45.4 "GET /v2.0/ports?device_id=0d0a6cad-94bd-4060-abe4-412bdb82d635&device_owner=compute%3Anova&fixed_ips=ip_address%3D10.100.0.14 HTTP/1.1" status: 200 len: 1352 time: 0.0658901
2026-06-25 23:35:15.021 10 INFO neutron.db.ovn_revision_numbers_db [None req-7daa4dc0-00cf-4e7e-a3ed-0e80ae073dad c26e1bea72844b4fa2afd28abb2a9f03 2b43eefe57fe4a4798d2146efe13832c - - default default] Successfully bumped revision number for resource ca097e38-982c-45ce-a9f4-a70b41fea1b9 (type: ports) to 1
2026-06-25 23:35:15.108 10 WARNING neutron.scheduler.dhcp_agent_scheduler [None req-7d382074-a949-4965-b6a3-b1667ee0e06f c27a23c750364cf19369e18227bb8d34 a67c025f373744e58379a16929ccdb62 - - default default] No more DHCP agents
2026-06-25 23:35:15.114 10 WARNING neutron.api.rpc.agentnotifiers.dhcp_rpc_agent_api [None req-7d382074-a949-4965-b6a3-b1667ee0e06f c27a23c750364cf19369e18227bb8d34 a67c025f373744e58379a16929ccdb62 - - default default] Unable to schedule network 7984dda1-acac-48ee-93b4-94f15e1910dc: no agents available; will retry on subsequent port and subnet creation events.
2026-06-25 23:35:15.115 9 INFO neutron.db.ovn_revision_numbers_db [None req-d7b4004c-bf89-4a29-befe-44ffe1a89e1a - - - - - -] Successfully bumped revision number for resource 0e924678-36f8-440f-8207-ebd3635fe7e0 (type: router_ports) to 3
2026-06-25 23:35:15.137 10 WARNING neutron.scheduler.dhcp_agent_scheduler [None req-7daa4dc0-00cf-4e7e-a3ed-0e80ae073dad c26e1bea72844b4fa2afd28abb2a9f03 2b43eefe57fe4a4798d2146efe13832c - - default default] No more DHCP agents
2026-06-25 23:35:15.139 10 WARNING neutron.api.rpc.agentnotifiers.dhcp_rpc_agent_api [None req-7daa4dc0-00cf-4e7e-a3ed-0e80ae073dad c26e1bea72844b4fa2afd28abb2a9f03 2b43eefe57fe4a4798d2146efe13832c - - default default] Unable to schedule network 570a00b9-6a90-4ffe-90e1-a04e8947233e: no agents available; will retry on subsequent port and subnet creation events.
2026-06-25 23:35:15.552 9 INFO neutron.db.ovn_revision_numbers_db [None req-d7b4004c-bf89-4a29-befe-44ffe1a89e1a - - - - - -] Successfully bumped revision number for resource 0e924678-36f8-440f-8207-ebd3635fe7e0 (type: ports) to 2
2026-06-25 23:35:15.668 10 INFO neutron.db.l3_db [None req-7d382074-a949-4965-b6a3-b1667ee0e06f c27a23c750364cf19369e18227bb8d34 a67c025f373744e58379a16929ccdb62 - - default default] Floating IP 55b6571a-73b1-485f-a25b-629c46744690 associated. External IP: 10.96.250.207, port: 632040f0-9c81-406e-8b40-cffae58b1e74.
2026-06-25 23:35:15.737 9 WARNING neutron.plugins.ml2.drivers.ovn.mech_driver.ovsdb.ovn_client [None req-7a5e1d94-c38d-4d8c-b2e1-348cd0aab4a8 - - - - - -] No hosting information found for port f506502d-3415-4253-a8db-a54c6ee54884: RuntimeError: No hosting information found for port f506502d-3415-4253-a8db-a54c6ee54884
2026-06-25 23:35:15.737 9 INFO neutron.plugins.ml2.drivers.ovn.mech_driver.mech_driver [None req-7a5e1d94-c38d-4d8c-b2e1-348cd0aab4a8 - - - - - -] OVN reports status up for port: 3183fe87-bff4-4694-a772-87971d2f3051
2026-06-25 23:35:15.743 9 INFO neutron.db.ovn_revision_numbers_db [req-b967abee-599d-402d-8d56-43f1631ed585 req-bc326240-d261-4810-b827-6737b6df41eb 0fa7c9774c6140f3a7b45bcc5f13d60b f318e47849f64f2687748ed42f1bd70c - - default default] Successfully bumped revision number for resource d364ca1f-520b-4722-b46c-2d9babb6c4a2 (type: ports) to 6
2026-06-25 23:35:15.746 9 INFO neutron.plugins.ml2.plugin [None req-7a5e1d94-c38d-4d8c-b2e1-348cd0aab4a8 - - - - - -] Attempt 1 to provision port 3183fe87-bff4-4694-a772-87971d2f3051
2026-06-25 23:35:15.760 9 INFO neutron.wsgi [req-b967abee-599d-402d-8d56-43f1631ed585 req-bc326240-d261-4810-b827-6737b6df41eb 0fa7c9774c6140f3a7b45bcc5f13d60b f318e47849f64f2687748ed42f1bd70c - - default default] 199.204.45.4 "PUT /v2.0/ports/d364ca1f-520b-4722-b46c-2d9babb6c4a2 HTTP/1.1" status: 200 len: 1167 time: 0.8032074 /var/lib/openstack/lib/python3.10/site-packages/pycadf/identifier.py:71: UserWarning: Invalid uuid: neutron. To ensure interoperability, identifiers should be a valid uuid. warnings.warn(('Invalid uuid: %s. To ensure interoperability, '
2026-06-25 23:35:15.818 9 INFO neutron.notifiers.nova [-] Nova event matching ['req-d92e20f3-ce6c-4877-902d-1783adfb5f60'] response: {'name': 'network-changed', 'server_uuid': '0d0a6cad-94bd-4060-abe4-412bdb82d635', 'tag': 'd364ca1f-520b-4722-b46c-2d9babb6c4a2', 'status': 'completed', 'code': 200}
2026-06-25 23:35:15.835 9 INFO neutron.wsgi [req-b967abee-599d-402d-8d56-43f1631ed585 req-eca9b5b3-ef4f-429f-9c56-a945f735d1db fb40b85c4be44d2ba3cdbb8906922eee 5b348a9d28774d1a9926eabffd5e01e4 - - 2cd177c1069f466b8251a88850592d23 2cd177c1069f466b8251a88850592d23] 199.204.45.4 "GET /v2.0/ports?tenant_id=f318e47849f64f2687748ed42f1bd70c&device_id=0d0a6cad-94bd-4060-abe4-412bdb82d635 HTTP/1.1" status: 200 len: 1409 time: 0.0520847
2026-06-25 23:35:15.954 9 INFO neutron.wsgi [req-b967abee-599d-402d-8d56-43f1631ed585 req-f84e3307-c5e1-4ad7-add1-59da17339fe7 fb40b85c4be44d2ba3cdbb8906922eee 5b348a9d28774d1a9926eabffd5e01e4 - - 2cd177c1069f466b8251a88850592d23 2cd177c1069f466b8251a88850592d23] 199.204.45.4 "GET /v2.0/networks?id=9887a00a-ce1c-4f48-beb8-f1dc3e6dfa5b HTTP/1.1" status: 200 len: 981 time: 0.1085296
2026-06-25 23:35:15.990 9 INFO neutron.db.ovn_revision_numbers_db [None req-d7b4004c-bf89-4a29-befe-44ffe1a89e1a - - - - - -] Successfully bumped revision number for resource 0e924678-36f8-440f-8207-ebd3635fe7e0 (type: ports) to 4
2026-06-25 23:35:16.021 9 INFO neutron.wsgi [req-b967abee-599d-402d-8d56-43f1631ed585 req-33a69c26-beac-4e0e-87c6-4d8fa85ff309 fb40b85c4be44d2ba3cdbb8906922eee 5b348a9d28774d1a9926eabffd5e01e4 - - 2cd177c1069f466b8251a88850592d23 2cd177c1069f466b8251a88850592d23] 199.204.45.4 "GET /v2.0/floatingips?fixed_ip_address=10.100.0.8&port_id=d364ca1f-520b-4722-b46c-2d9babb6c4a2 HTTP/1.1" status: 200 len: 1059 time: 0.0536942
2026-06-25 23:35:16.091 10 INFO neutron.db.ovn_revision_numbers_db [None req-7d382074-a949-4965-b6a3-b1667ee0e06f c27a23c750364cf19369e18227bb8d34 a67c025f373744e58379a16929ccdb62 - - default default] Successfully bumped revision number for resource 55b6571a-73b1-485f-a25b-629c46744690 (type: floatingips) to 0
2026-06-25 23:35:16.100 9 INFO neutron.wsgi [req-b967abee-599d-402d-8d56-43f1631ed585 req-e1c993fa-c060-4677-a13d-c2a267b32b62 fb40b85c4be44d2ba3cdbb8906922eee 5b348a9d28774d1a9926eabffd5e01e4 - - 2cd177c1069f466b8251a88850592d23 2cd177c1069f466b8251a88850592d23] 199.204.45.4 "GET /v2.0/subnets?id=918274a5-4f3c-46f7-8f60-88547c9ec539 HTTP/1.1" status: 200 len: 876 time: 0.0681846
2026-06-25 23:35:16.141 9 INFO neutron.wsgi [req-b967abee-599d-402d-8d56-43f1631ed585 req-05323e70-cbef-4bab-936d-e27009179477 fb40b85c4be44d2ba3cdbb8906922eee 5b348a9d28774d1a9926eabffd5e01e4 - - 2cd177c1069f466b8251a88850592d23 2cd177c1069f466b8251a88850592d23] 199.204.45.4 "GET /v2.0/ports?network_id=9887a00a-ce1c-4f48-beb8-f1dc3e6dfa5b&device_owner=network%3Adhcp HTTP/1.1" status: 200 len: 210 time: 0.0253334
2026-06-25 23:35:16.186 10 INFO neutron.db.ovn_revision_numbers_db [None req-7daa4dc0-00cf-4e7e-a3ed-0e80ae073dad c26e1bea72844b4fa2afd28abb2a9f03 2b43eefe57fe4a4798d2146efe13832c - - default default] Successfully bumped revision number for resource ca097e38-982c-45ce-a9f4-a70b41fea1b9 (type: router_ports) to 1
2026-06-25 23:35:16.188 10 INFO neutron.wsgi [None req-7daa4dc0-00cf-4e7e-a3ed-0e80ae073dad c26e1bea72844b4fa2afd28abb2a9f03 2b43eefe57fe4a4798d2146efe13832c - - default default] 10.0.0.38 "PUT /v2.0/routers/193d8ada-733c-4ebd-ba09-9f065e1a00be/add_router_interface HTTP/1.1" status: 200 len: 503 time: 2.5928516
2026-06-25 23:35:16.220 10 INFO neutron.db.ovn_revision_numbers_db [None req-7d382074-a949-4965-b6a3-b1667ee0e06f c27a23c750364cf19369e18227bb8d34 a67c025f373744e58379a16929ccdb62 - - default default] Successfully bumped revision number for resource 55b6571a-73b1-485f-a25b-629c46744690 (type: floatingips) to 1
2026-06-25 23:35:16.257 10 INFO neutron.wsgi [None req-7d382074-a949-4965-b6a3-b1667ee0e06f c27a23c750364cf19369e18227bb8d34 a67c025f373744e58379a16929ccdb62 - - default default] 10.0.0.38 "POST /v2.0/floatingips HTTP/1.1" status: 201 len: 1040 time: 1.5223136
2026-06-25 23:35:16.268 9 INFO neutron.wsgi [req-b967abee-599d-402d-8d56-43f1631ed585 req-55a3ddd6-ad02-4a25-a20f-e397cc9c5176 fb40b85c4be44d2ba3cdbb8906922eee 5b348a9d28774d1a9926eabffd5e01e4 - - 2cd177c1069f466b8251a88850592d23 2cd177c1069f466b8251a88850592d23] 199.204.45.4 "GET /v2.0/networks/9887a00a-ce1c-4f48-beb8-f1dc3e6dfa5b?fields=segments HTTP/1.1" status: 200 len: 212 time: 0.1213167
