2026-06-25 23:37:31.773 10 INFO neutron.db.ovn_revision_numbers_db [None req-da8a25d2-5911-4044-9d6d-e824b66f2a42 f5a43285a4b14a80971818a8cec0ea4c 77813b27cd744963bc1f3a8420af1254 - - default default] Successfully bumped revision number for resource 28891344-3b4b-47b8-b6a9-4b43f1733171 (type: ports) to 1
2026-06-25 23:37:31.794 10 INFO neutron.wsgi [None req-da8a25d2-5911-4044-9d6d-e824b66f2a42 f5a43285a4b14a80971818a8cec0ea4c 77813b27cd744963bc1f3a8420af1254 - - default default] 10.0.0.38 "POST /v2.0/networks HTTP/1.1" status: 201 len: 833 time: 0.5833461
2026-06-25 23:37:32.023 10 WARNING neutron.scheduler.dhcp_agent_scheduler [None req-fc6c1fbc-1ed1-4518-9309-ce7e6d2775c5 f5a43285a4b14a80971818a8cec0ea4c 77813b27cd744963bc1f3a8420af1254 - - default default] No more DHCP agents
2026-06-25 23:37:32.026 10 WARNING neutron.api.rpc.agentnotifiers.dhcp_rpc_agent_api [None req-fc6c1fbc-1ed1-4518-9309-ce7e6d2775c5 f5a43285a4b14a80971818a8cec0ea4c 77813b27cd744963bc1f3a8420af1254 - - default default] Unable to schedule network 533d2dca-c658-4489-a21a-f0949971d801: no agents available; will retry on subsequent port and subnet creation events.
2026-06-25 23:37:32.060 10 INFO neutron.db.ovn_revision_numbers_db [None req-fc6c1fbc-1ed1-4518-9309-ce7e6d2775c5 f5a43285a4b14a80971818a8cec0ea4c 77813b27cd744963bc1f3a8420af1254 - - default default] Successfully bumped revision number for resource 7a9bf78e-b988-476b-8987-46ecf8717f95 (type: subnets) to 0
2026-06-25 23:37:32.077 10 INFO neutron.wsgi [None req-fc6c1fbc-1ed1-4518-9309-ce7e6d2775c5 f5a43285a4b14a80971818a8cec0ea4c 77813b27cd744963bc1f3a8420af1254 - - default default] 10.0.0.38 "POST /v2.0/subnets HTTP/1.1" status: 201 len: 821 time: 0.2786279
2026-06-25 23:37:32.168 9 WARNING neutron.scheduler.dhcp_agent_scheduler [None req-862c4dc5-295b-4178-bda7-8427880aa08f 899cc7dd92b244f58785530e3f19cfc0 163f4dc9d2cd4c179a8dbe00fd60036b - - default default] No more DHCP agents
2026-06-25 23:37:32.170 9 WARNING neutron.api.rpc.agentnotifiers.dhcp_rpc_agent_api [None req-862c4dc5-295b-4178-bda7-8427880aa08f 899cc7dd92b244f58785530e3f19cfc0 163f4dc9d2cd4c179a8dbe00fd60036b - - default default] Unable to schedule network a09af8c0-ed87-4955-a455-b0c41a7fe063: no agents available; will retry on subsequent port and subnet creation events.
2026-06-25 23:37:32.242 10 INFO neutron.db.ovn_revision_numbers_db [None req-1d8be925-d0d6-44b0-9043-3fa5a951d5fe f5a43285a4b14a80971818a8cec0ea4c 77813b27cd744963bc1f3a8420af1254 - - default default] Successfully bumped revision number for resource 5445c74b-2865-45a5-b877-1721a3c8fcba (type: routers) to 1
2026-06-25 23:37:32.246 9 INFO neutron.db.ovn_revision_numbers_db [None req-862c4dc5-295b-4178-bda7-8427880aa08f 899cc7dd92b244f58785530e3f19cfc0 163f4dc9d2cd4c179a8dbe00fd60036b - - default default] Successfully bumped revision number for resource 7a320276-6a02-4123-9191-8763060a9fc5 (type: ports) to 1
2026-06-25 23:37:32.256 10 INFO neutron.wsgi [None req-1d8be925-d0d6-44b0-9043-3fa5a951d5fe f5a43285a4b14a80971818a8cec0ea4c 77813b27cd744963bc1f3a8420af1254 - - default default] 10.0.0.38 "POST /v2.0/routers HTTP/1.1" status: 201 len: 691 time: 0.1735289 /var/lib/openstack/lib/python3.10/site-packages/pycadf/identifier.py:71: UserWarning: Invalid uuid: neutron. To ensure interoperability, identifiers should be a valid uuid. warnings.warn(('Invalid uuid: %s. To ensure interoperability, '
2026-06-25 23:37:32.274 9 INFO neutron.wsgi [None req-862c4dc5-295b-4178-bda7-8427880aa08f 899cc7dd92b244f58785530e3f19cfc0 163f4dc9d2cd4c179a8dbe00fd60036b - - default default] 10.0.0.38 "POST /v2.0/ports HTTP/1.1" status: 201 len: 942 time: 0.5483460
2026-06-25 23:37:32.471 10 INFO neutron.wsgi [-] 10.0.0.196 "GET / HTTP/1.1" status: 200 len: 246 time: 0.0023670
2026-06-25 23:37:32.473 9 INFO neutron.wsgi [-] 10.0.0.196 "GET / HTTP/1.1" status: 200 len: 246 time: 0.0021536
2026-06-25 23:37:32.578 10 INFO neutron.wsgi [None req-aa4cebce-2619-4564-aff5-4b82cea8630f 899cc7dd92b244f58785530e3f19cfc0 163f4dc9d2cd4c179a8dbe00fd60036b - - default default] 10.0.0.38 "POST /v2.0/trunks HTTP/1.1" status: 201 len: 608 time: 0.2980330
2026-06-25 23:37:32.610 10 INFO neutron.wsgi [None req-07137569-aaa3-413b-93d3-d8a985b7db0c 899cc7dd92b244f58785530e3f19cfc0 163f4dc9d2cd4c179a8dbe00fd60036b - - default default] 10.0.0.38 "PUT /v2.0/trunks/aaefa112-30bc-4627-a2f1-6fa10f09b9e9/tags HTTP/1.1" status: 200 len: 218 time: 0.0267937
2026-06-25 23:37:32.629 9 WARNING neutron.scheduler.dhcp_agent_scheduler [None req-23953455-f36f-49d3-95df-ff43e58be501 f5a43285a4b14a80971818a8cec0ea4c 77813b27cd744963bc1f3a8420af1254 - - default default] No more DHCP agents
2026-06-25 23:37:32.630 10 INFO neutron.wsgi [None req-95110904-45f0-46fc-9a67-276cbc549224 899cc7dd92b244f58785530e3f19cfc0 163f4dc9d2cd4c179a8dbe00fd60036b - - default default] 10.0.0.38 "GET /v2.0/trunks/aaefa112-30bc-4627-a2f1-6fa10f09b9e9/tags HTTP/1.1" status: 200 len: 218 time: 0.0155649
2026-06-25 23:37:32.632 9 WARNING neutron.api.rpc.agentnotifiers.dhcp_rpc_agent_api [None req-23953455-f36f-49d3-95df-ff43e58be501 f5a43285a4b14a80971818a8cec0ea4c 77813b27cd744963bc1f3a8420af1254 - - default default] Unable to schedule network 533d2dca-c658-4489-a21a-f0949971d801: no agents available; will retry on subsequent port and subnet creation events.
2026-06-25 23:37:32.664 10 INFO neutron.wsgi [None req-06ac8cf7-a454-4c1d-b7a0-0bebee7d4175 899cc7dd92b244f58785530e3f19cfc0 163f4dc9d2cd4c179a8dbe00fd60036b - - default default] 10.0.0.38 "PUT /v2.0/trunks/aaefa112-30bc-4627-a2f1-6fa10f09b9e9/tags/green HTTP/1.1" status: 201 len: 201 time: 0.0294061
2026-06-25 23:37:32.684 10 INFO neutron.wsgi [None req-d8b4fc11-72f1-4fe4-88bd-1b84549eb4e8 899cc7dd92b244f58785530e3f19cfc0 163f4dc9d2cd4c179a8dbe00fd60036b - - default default] 10.0.0.38 "GET /v2.0/trunks/aaefa112-30bc-4627-a2f1-6fa10f09b9e9/tags HTTP/1.1" status: 200 len: 227 time: 0.0156500
2026-06-25 23:37:32.702 10 INFO neutron.wsgi [None req-1aa26ea4-86ec-4c55-8f00-bc8a2cbb9d94 899cc7dd92b244f58785530e3f19cfc0 163f4dc9d2cd4c179a8dbe00fd60036b - - default default] 10.0.0.38 "PUT /v2.0/trunks/aaefa112-30bc-4627-a2f1-6fa10f09b9e9/tags/red HTTP/1.1" status: 201 len: 201 time: 0.0137591
2026-06-25 23:37:32.723 10 INFO neutron.wsgi [None req-5d2f92db-904f-4e2c-a9f1-416d10c96ab3 899cc7dd92b244f58785530e3f19cfc0 163f4dc9d2cd4c179a8dbe00fd60036b - - default default] 10.0.0.38 "GET /v2.0/trunks/aaefa112-30bc-4627-a2f1-6fa10f09b9e9/tags HTTP/1.1" status: 200 len: 227 time: 0.0167997
2026-06-25 23:37:32.743 9 INFO neutron.db.ovn_revision_numbers_db [None req-23953455-f36f-49d3-95df-ff43e58be501 f5a43285a4b14a80971818a8cec0ea4c 77813b27cd744963bc1f3a8420af1254 - - default default] Successfully bumped revision number for resource 4bb6badc-5074-4087-9b0f-2d7dad7e2f38 (type: ports) to 1
2026-06-25 23:37:32.753 10 INFO neutron.wsgi [None req-2dd42268-89d2-47f8-ac6a-d6c37556a6e5 899cc7dd92b244f58785530e3f19cfc0 163f4dc9d2cd4c179a8dbe00fd60036b - - default default] 10.0.0.38 "PUT /v2.0/trunks/aaefa112-30bc-4627-a2f1-6fa10f09b9e9/tags/black.or.white HTTP/1.1" status: 201 len: 201 time: 0.0251405
2026-06-25 23:37:32.766 9 INFO neutron.wsgi [None req-23953455-f36f-49d3-95df-ff43e58be501 f5a43285a4b14a80971818a8cec0ea4c 77813b27cd744963bc1f3a8420af1254 - - default default] 10.0.0.38 "POST /v2.0/ports HTTP/1.1" status: 201 len: 1162 time: 0.5044384 /var/lib/openstack/lib/python3.10/site-packages/pycadf/identifier.py:71: UserWarning: Invalid uuid: neutron. To ensure interoperability, identifiers should be a valid uuid. warnings.warn(('Invalid uuid: %s. To ensure interoperability, '
2026-06-25 23:37:32.774 10 INFO neutron.wsgi [None req-1f167c8c-5eea-4fbc-b179-8767abb31737 899cc7dd92b244f58785530e3f19cfc0 163f4dc9d2cd4c179a8dbe00fd60036b - - default default] 10.0.0.38 "GET /v2.0/trunks/aaefa112-30bc-4627-a2f1-6fa10f09b9e9/tags HTTP/1.1" status: 200 len: 245 time: 0.0156937
2026-06-25 23:37:32.816 10 INFO neutron.wsgi [None req-81b2a730-8083-42bf-aa19-a3ed7027edbd 899cc7dd92b244f58785530e3f19cfc0 163f4dc9d2cd4c179a8dbe00fd60036b - - default default] 10.0.0.38 "PUT /v2.0/trunks/aaefa112-30bc-4627-a2f1-6fa10f09b9e9/tags HTTP/1.1" status: 200 len: 230 time: 0.0378008
2026-06-25 23:37:32.841 10 INFO neutron.wsgi [None req-a5d07f58-e647-4c61-b2e4-8d20373a60e4 899cc7dd92b244f58785530e3f19cfc0 163f4dc9d2cd4c179a8dbe00fd60036b - - default default] 10.0.0.38 "GET /v2.0/trunks/aaefa112-30bc-4627-a2f1-6fa10f09b9e9/tags HTTP/1.1" status: 200 len: 230 time: 0.0185821
2026-06-25 23:37:32.860 10 INFO neutron.wsgi [None req-08013ca3-3514-4a08-adf9-e27ed1c750f1 899cc7dd92b244f58785530e3f19cfc0 163f4dc9d2cd4c179a8dbe00fd60036b - - default default] 10.0.0.38 "GET /v2.0/trunks/aaefa112-30bc-4627-a2f1-6fa10f09b9e9/tags/red HTTP/1.1" status: 204 len: 168 time: 0.0149734
2026-06-25 23:37:32.878 10 INFO neutron.api.v2.resource [None req-2b9fe77d-6900-40fe-a6b3-7b7af9a6ea1b 899cc7dd92b244f58785530e3f19cfc0 163f4dc9d2cd4c179a8dbe00fd60036b - - default default] show failed (client error): The resource could not be found.
2026-06-25 23:37:32.879 10 INFO neutron.wsgi [None req-2b9fe77d-6900-40fe-a6b3-7b7af9a6ea1b 899cc7dd92b244f58785530e3f19cfc0 163f4dc9d2cd4c179a8dbe00fd60036b - - default default] 10.0.0.38 "GET /v2.0/trunks/aaefa112-30bc-4627-a2f1-6fa10f09b9e9/tags/green HTTP/1.1" status: 404 len: 299 time: 0.0142825
2026-06-25 23:37:32.926 9 INFO neutron.wsgi [None req-4f462668-2d83-4cdf-b0e5-cff84a4473d9 899cc7dd92b244f58785530e3f19cfc0 163f4dc9d2cd4c179a8dbe00fd60036b - - default default] 10.0.0.38 "DELETE /v2.0/trunks/aaefa112-30bc-4627-a2f1-6fa10f09b9e9/tags/red HTTP/1.1" status: 204 len: 168 time: 0.0428386
2026-06-25 23:37:32.950 10 INFO neutron.wsgi [None req-224e2404-207c-4a24-b51f-8cf588a1cfde 899cc7dd92b244f58785530e3f19cfc0 163f4dc9d2cd4c179a8dbe00fd60036b - - default default] 10.0.0.38 "GET /v2.0/trunks/aaefa112-30bc-4627-a2f1-6fa10f09b9e9/tags HTTP/1.1" status: 200 len: 223 time: 0.0193906
2026-06-25 23:37:32.973 10 INFO neutron.api.v2.resource [None req-13b59e1b-adee-4865-88f1-e14e1edc0032 899cc7dd92b244f58785530e3f19cfc0 163f4dc9d2cd4c179a8dbe00fd60036b - - default default] delete failed (client error): The resource could not be found.
2026-06-25 23:37:32.975 10 INFO neutron.wsgi [None req-13b59e1b-adee-4865-88f1-e14e1edc0032 899cc7dd92b244f58785530e3f19cfc0 163f4dc9d2cd4c179a8dbe00fd60036b - - default default] 10.0.0.38 "DELETE /v2.0/trunks/aaefa112-30bc-4627-a2f1-6fa10f09b9e9/tags/green HTTP/1.1" status: 404 len: 299 time: 0.0198510
2026-06-25 23:37:33.012 10 INFO neutron.wsgi [None req-bf81ba00-8d30-491b-b8f7-9f0e4999a45d 899cc7dd92b244f58785530e3f19cfc0 163f4dc9d2cd4c179a8dbe00fd60036b - - default default] 10.0.0.38 "DELETE /v2.0/trunks/aaefa112-30bc-4627-a2f1-6fa10f09b9e9/tags HTTP/1.1" status: 204 len: 168 time: 0.0304999
2026-06-25 23:37:33.033 10 INFO neutron.wsgi [None req-fb05e557-4809-4b51-b2db-81ccc3e4ed2c 899cc7dd92b244f58785530e3f19cfc0 163f4dc9d2cd4c179a8dbe00fd60036b - - default default] 10.0.0.38 "GET /v2.0/trunks/aaefa112-30bc-4627-a2f1-6fa10f09b9e9/tags HTTP/1.1" status: 200 len: 205 time: 0.0151324
2026-06-25 23:37:33.057 10 INFO neutron.wsgi [None req-0d1d913e-858d-4fb3-9d32-0bb0513c42d8 899cc7dd92b244f58785530e3f19cfc0 163f4dc9d2cd4c179a8dbe00fd60036b - - default default] 10.0.0.38 "GET /v2.0/trunks/aaefa112-30bc-4627-a2f1-6fa10f09b9e9 HTTP/1.1" status: 200 len: 603 time: 0.0146105
2026-06-25 23:37:33.074 10 WARNING neutron.plugins.ml2.drivers.ovn.mech_driver.ovsdb.ovn_client [None req-4d68a1e5-3384-4428-ac89-218fdb8c7b19 - - - - - -] No port found with ID a774c4c1-f196-416d-9f83-2cbe067f01ed: RuntimeError: No port found with ID a774c4c1-f196-416d-9f83-2cbe067f01ed
2026-06-25 23:37:33.152 10 INFO neutron.wsgi [None req-e9a6802c-6215-492a-8f63-412c7635b8f2 899cc7dd92b244f58785530e3f19cfc0 163f4dc9d2cd4c179a8dbe00fd60036b - - default default] 10.0.0.38 "GET /v2.0/ports/7a320276-6a02-4123-9191-8763060a9fc5 HTTP/1.1" status: 200 len: 1020 time: 0.0857985
2026-06-25 23:37:33.234 10 INFO neutron.plugins.ml2.drivers.ovn.mech_driver.mech_driver [None req-4d68a1e5-3384-4428-ac89-218fdb8c7b19 - - - - - -] OVN reports status up for port: 4bb6badc-5074-4087-9b0f-2d7dad7e2f38
2026-06-25 23:37:33.240 10 INFO neutron.plugins.ml2.plugin [None req-4d68a1e5-3384-4428-ac89-218fdb8c7b19 - - - - - -] Attempt 1 to provision port 4bb6badc-5074-4087-9b0f-2d7dad7e2f38
2026-06-25 23:37:33.250 10 INFO neutron.wsgi [None req-eb31bb38-f427-4b76-8b20-a390858f93a6 899cc7dd92b244f58785530e3f19cfc0 163f4dc9d2cd4c179a8dbe00fd60036b - - default default] 10.0.0.38 "DELETE /v2.0/trunks/aaefa112-30bc-4627-a2f1-6fa10f09b9e9 HTTP/1.1" status: 204 len: 168 time: 0.0930352 /var/lib/openstack/lib/python3.10/site-packages/pycadf/identifier.py:71: UserWarning: Invalid uuid: neutron. To ensure interoperability, identifiers should be a valid uuid. warnings.warn(('Invalid uuid: %s. To ensure interoperability, '
2026-06-25 23:37:33.262 9 INFO neutron.db.ovn_revision_numbers_db [None req-b0597a94-77ae-4193-87fc-84bafe2ebc58 f5a43285a4b14a80971818a8cec0ea4c 77813b27cd744963bc1f3a8420af1254 - - default default] Successfully bumped revision number for resource 4bb6badc-5074-4087-9b0f-2d7dad7e2f38 (type: router_ports) to 2
2026-06-25 23:37:33.529 9 INFO neutron.db.ovn_revision_numbers_db [None req-b0597a94-77ae-4193-87fc-84bafe2ebc58 f5a43285a4b14a80971818a8cec0ea4c 77813b27cd744963bc1f3a8420af1254 - - default default] Successfully bumped revision number for resource 4bb6badc-5074-4087-9b0f-2d7dad7e2f38 (type: ports) to 2
2026-06-25 23:37:33.533 10 INFO neutron.db.ovn_revision_numbers_db [None req-4d68a1e5-3384-4428-ac89-218fdb8c7b19 - - - - - -] Successfully bumped revision number for resource 4bb6badc-5074-4087-9b0f-2d7dad7e2f38 (type: ports) to 3 /var/lib/openstack/lib/python3.10/site-packages/pycadf/identifier.py:71: UserWarning: Invalid uuid: neutron. To ensure interoperability, identifiers should be a valid uuid. warnings.warn(('Invalid uuid: %s. To ensure interoperability, '
2026-06-25 23:37:33.642 9 INFO neutron.wsgi [None req-f5890707-dd04-4e8a-a1b8-1318cc8f7e15 899cc7dd92b244f58785530e3f19cfc0 163f4dc9d2cd4c179a8dbe00fd60036b - - default default] 10.0.0.38 "DELETE /v2.0/ports/7a320276-6a02-4123-9191-8763060a9fc5 HTTP/1.1" status: 204 len: 168 time: 0.3871772
2026-06-25 23:37:33.733 10 INFO neutron.wsgi [req-e3b964d6-fb4c-46f6-a7b6-ae59c7bdd42e req-c914c071-9edd-4790-af6e-fe95d52cc7c4 f23d5650e19d4e0894311b30285bbc87 380346ed49144edfa4828877dda45289 - - default default] 10.0.0.226 "GET /v2.0/ports?device_id=ff548739-0cfb-47aa-bb22-e4295506e122 HTTP/1.1" status: 200 len: 1170 time: 0.1583514
2026-06-25 23:37:33.765 10 INFO neutron.db.ovn_revision_numbers_db [None req-4d68a1e5-3384-4428-ac89-218fdb8c7b19 - - - - - -] Successfully bumped revision number for resource 4bb6badc-5074-4087-9b0f-2d7dad7e2f38 (type: router_ports) to 3
2026-06-25 23:37:33.797 10 INFO neutron.wsgi [req-e3b964d6-fb4c-46f6-a7b6-ae59c7bdd42e req-6cf4f4d3-c163-419e-b54b-12592743d864 f23d5650e19d4e0894311b30285bbc87 380346ed49144edfa4828877dda45289 - - default default] 10.0.0.226 "GET /v2.0/security-groups?id=aff61369-9a4e-4955-81c1-ceaa4870a28c&fields=id&fields=name HTTP/1.1" status: 200 len: 312 time: 0.0556996
2026-06-25 23:37:33.984 9 INFO neutron.wsgi [req-052ca92f-7ea1-4dbe-9c9c-f2ce09080052 req-a6c2a8bd-a3f0-4f16-ae2d-68757736ebe5 f23d5650e19d4e0894311b30285bbc87 380346ed49144edfa4828877dda45289 - - default default] 199.204.45.4 "GET /v2.0/ports?device_id=ff548739-0cfb-47aa-bb22-e4295506e122 HTTP/1.1" status: 200 len: 1170 time: 0.1067021
2026-06-25 23:37:34.062 10 INFO neutron.services.segments.plugin [-] Segment 1aa8bdf5-80a8-48d2-9012-a958b74ae3a7 resource provider aggregate not found
2026-06-25 23:37:34.067 10 INFO neutron.services.segments.plugin [-] Segment 1aa8bdf5-80a8-48d2-9012-a958b74ae3a7 resource provider aggregate not found
2026-06-25 23:37:34.084 10 INFO neutron.services.segments.plugin [-] Segment 1aa8bdf5-80a8-48d2-9012-a958b74ae3a7 resource provider not found; error: Placement Client Error (4xx): {"errors": [{"status": 404, "title": "Not Found", "detail": "The resource could not be found.\n\n No resource provider with uuid 1aa8bdf5-80a8-48d2-9012-a958b74ae3a7 found for delete ", "request_id": "req-f1298f6e-73c8-4642-9c34-6e8d2534b74d"}]}
2026-06-25 23:37:34.091 10 INFO neutron.services.segments.plugin [-] Segment 1aa8bdf5-80a8-48d2-9012-a958b74ae3a7 resource provider not found; error: Placement Client Error (4xx): {"errors": [{"status": 404, "title": "Not Found", "detail": "The resource could not be found.\n\n No resource provider with uuid 1aa8bdf5-80a8-48d2-9012-a958b74ae3a7 found for delete ", "request_id": "req-bd98b382-9ea3-43e3-a7a7-3631f01864d8"}]}
2026-06-25 23:37:34.111 10 INFO neutron.wsgi [None req-e051791b-9d38-451b-8b71-49c6fa976ecc 899cc7dd92b244f58785530e3f19cfc0 163f4dc9d2cd4c179a8dbe00fd60036b - - default default] 10.0.0.38 "DELETE /v2.0/networks/a09af8c0-ed87-4955-a455-b0c41a7fe063 HTTP/1.1" status: 204 len: 168 time: 0.4599376
2026-06-25 23:37:34.249 9 INFO neutron.db.ovn_revision_numbers_db [None req-b0597a94-77ae-4193-87fc-84bafe2ebc58 f5a43285a4b14a80971818a8cec0ea4c 77813b27cd744963bc1f3a8420af1254 - - default default] Successfully bumped revision number for resource 4bb6badc-5074-4087-9b0f-2d7dad7e2f38 (type: ports) to 3
2026-06-25 23:37:34.357 9 WARNING neutron.scheduler.dhcp_agent_scheduler [None req-b0597a94-77ae-4193-87fc-84bafe2ebc58 f5a43285a4b14a80971818a8cec0ea4c 77813b27cd744963bc1f3a8420af1254 - - default default] No more DHCP agents
2026-06-25 23:37:34.362 9 WARNING neutron.api.rpc.agentnotifiers.dhcp_rpc_agent_api [None req-b0597a94-77ae-4193-87fc-84bafe2ebc58 f5a43285a4b14a80971818a8cec0ea4c 77813b27cd744963bc1f3a8420af1254 - - default default] Unable to schedule network 533d2dca-c658-4489-a21a-f0949971d801: no agents available; will retry on subsequent port and subnet creation events.
2026-06-25 23:37:34.383 9 INFO neutron.db.l3_db [req-052ca92f-7ea1-4dbe-9c9c-f2ce09080052 req-6b5703f6-5fb6-4fc1-86f8-46ef258d3325 f23d5650e19d4e0894311b30285bbc87 380346ed49144edfa4828877dda45289 - - default default] Floating IP a33a10a7-6bf8-409b-8b6b-883e2b1d2644 disassociated. External IP: 10.96.250.215, port: c3a12d18-bb34-4bed-8654-bafc6f9eeb43.
2026-06-25 23:37:34.874 9 INFO neutron.wsgi [req-052ca92f-7ea1-4dbe-9c9c-f2ce09080052 req-6b5703f6-5fb6-4fc1-86f8-46ef258d3325 f23d5650e19d4e0894311b30285bbc87 380346ed49144edfa4828877dda45289 - - default default] 199.204.45.4 "DELETE /v2.0/ports/c3a12d18-bb34-4bed-8654-bafc6f9eeb43 HTTP/1.1" status: 204 len: 173 time: 0.8843567 /var/lib/openstack/lib/python3.10/site-packages/pycadf/identifier.py:71: UserWarning: Invalid uuid: neutron. To ensure interoperability, identifiers should be a valid uuid. warnings.warn(('Invalid uuid: %s. To ensure interoperability, '
2026-06-25 23:37:34.886 9 INFO neutron.db.ovn_revision_numbers_db [None req-b0597a94-77ae-4193-87fc-84bafe2ebc58 f5a43285a4b14a80971818a8cec0ea4c 77813b27cd744963bc1f3a8420af1254 - - default default] Successfully bumped revision number for resource 4bb6badc-5074-4087-9b0f-2d7dad7e2f38 (type: router_ports) to 3
2026-06-25 23:37:34.888 9 INFO neutron.wsgi [None req-b0597a94-77ae-4193-87fc-84bafe2ebc58 f5a43285a4b14a80971818a8cec0ea4c 77813b27cd744963bc1f3a8420af1254 - - default default] 10.0.0.38 "PUT /v2.0/routers/5445c74b-2865-45a5-b877-1721a3c8fcba/add_router_interface HTTP/1.1" status: 200 len: 503 time: 2.1173954
2026-06-25 23:37:34.898 9 INFO neutron.wsgi [req-f18c04af-b1db-4ddf-ba10-0761a92993fb req-791e777b-b714-4097-91b1-5de8c76d9dd1 f23d5650e19d4e0894311b30285bbc87 380346ed49144edfa4828877dda45289 - - default default] 10.0.0.226 "GET /v2.0/ports?device_id=ff548739-0cfb-47aa-bb22-e4295506e122 HTTP/1.1" status: 200 len: 210 time: 0.0182972
2026-06-25 23:37:34.914 9 INFO neutron.notifiers.nova [-] Nova event matching ['req-08b88524-47ed-4136-bdc7-35222c76e9c7'] response: {'server_uuid': 'ff548739-0cfb-47aa-bb22-e4295506e122', 'name': 'network-vif-deleted', 'tag': 'c3a12d18-bb34-4bed-8654-bafc6f9eeb43', 'status': 'completed', 'code': 200}
2026-06-25 23:37:34.933 10 INFO neutron.wsgi [None req-d1c9f6fa-67fc-495f-a68d-542733d53ed5 c26e1bea72844b4fa2afd28abb2a9f03 2b43eefe57fe4a4798d2146efe13832c - - default default] 10.0.0.38 "GET /v2.0/security-groups?tenant_id=163f4dc9d2cd4c179a8dbe00fd60036b&name=default HTTP/1.1" status: 200 len: 2996 time: 0.1560581
2026-06-25 23:37:34.942 10 INFO neutron.wsgi [None req-e94786bd-532a-499c-a4aa-551d0c2bec9c f5a43285a4b14a80971818a8cec0ea4c 77813b27cd744963bc1f3a8420af1254 - - default default] 10.0.0.38 "GET /v2.0/ports/4bb6badc-5074-4087-9b0f-2d7dad7e2f38 HTTP/1.1" status: 200 len: 1220 time: 0.0480692
2026-06-25 23:37:35.147 9 INFO neutron.wsgi [None req-fd1ab208-a701-467d-9c42-a8a79b2f3be1 c26e1bea72844b4fa2afd28abb2a9f03 2b43eefe57fe4a4798d2146efe13832c - - default default] 10.0.0.38 "DELETE /v2.0/security-groups/ad18016d-338d-470e-a6f5-f68acde06646 HTTP/1.1" status: 204 len: 168 time: 0.2086110
2026-06-25 23:37:35.355 9 INFO neutron.db.ovn_revision_numbers_db [None req-0aa14330-211b-482f-903e-6ffb4a6d682d c26e1bea72844b4fa2afd28abb2a9f03 2b43eefe57fe4a4798d2146efe13832c - - default default] Successfully bumped revision number for resource 2e0564ba-545d-4048-8852-2c0fa4875c89 (type: security_groups) to 1
2026-06-25 23:37:35.372 9 INFO neutron.db.ovn_revision_numbers_db [None req-0aa14330-211b-482f-903e-6ffb4a6d682d c26e1bea72844b4fa2afd28abb2a9f03 2b43eefe57fe4a4798d2146efe13832c - - default default] Successfully bumped revision number for resource 3d68a299-e414-4a1f-b4b2-306cbdc0e31d (type: security_group_rules) to 0
2026-06-25 23:37:35.395 9 INFO neutron.db.ovn_revision_numbers_db [None req-0aa14330-211b-482f-903e-6ffb4a6d682d c26e1bea72844b4fa2afd28abb2a9f03 2b43eefe57fe4a4798d2146efe13832c - - default default] Successfully bumped revision number for resource 65468243-1bd9-4db1-88ed-b151969cf4d7 (type: security_group_rules) to 0
2026-06-25 23:37:35.413 9 INFO neutron.db.ovn_revision_numbers_db [None req-0aa14330-211b-482f-903e-6ffb4a6d682d c26e1bea72844b4fa2afd28abb2a9f03 2b43eefe57fe4a4798d2146efe13832c - - default default] Successfully bumped revision number for resource 9d3705ef-51de-4a3e-96c4-6c2b8284794c (type: security_group_rules) to 0
2026-06-25 23:37:35.432 9 INFO neutron.db.ovn_revision_numbers_db [None req-0aa14330-211b-482f-903e-6ffb4a6d682d c26e1bea72844b4fa2afd28abb2a9f03 2b43eefe57fe4a4798d2146efe13832c - - default default] Successfully bumped revision number for resource c57501af-bb51-41ff-8bbe-cf133ff9cc6f (type: security_group_rules) to 0
2026-06-25 23:37:35.470 9 INFO neutron.wsgi [None req-0aa14330-211b-482f-903e-6ffb4a6d682d c26e1bea72844b4fa2afd28abb2a9f03 2b43eefe57fe4a4798d2146efe13832c - - default default] 10.0.0.38 "GET /v2.0/security-groups?tenant_id=4efb0bde61e8499cbc6a573245bd47d8&name=default HTTP/1.1" status: 200 len: 2996 time: 0.2152214
2026-06-25 23:37:35.686 9 INFO neutron.wsgi [None req-4a1579f6-2576-48bb-9d8f-327569a03f35 c26e1bea72844b4fa2afd28abb2a9f03 2b43eefe57fe4a4798d2146efe13832c - - default default] 10.0.0.38 "DELETE /v2.0/security-groups/2e0564ba-545d-4048-8852-2c0fa4875c89 HTTP/1.1" status: 204 len: 168 time: 0.2093570
2026-06-25 23:37:35.887 10 INFO neutron.wsgi [None req-aedff120-9eec-4834-9c50-0ee17363769b f5a43285a4b14a80971818a8cec0ea4c 77813b27cd744963bc1f3a8420af1254 - - default default] 10.0.0.38 "PUT /v2.0/routers/5445c74b-2865-45a5-b877-1721a3c8fcba/remove_router_interface HTTP/1.1" status: 200 len: 503 time: 0.9396446 /var/lib/openstack/lib/python3.10/site-packages/pycadf/identifier.py:71: UserWarning: Invalid uuid: neutron. To ensure interoperability, identifiers should be a valid uuid. warnings.warn(('Invalid uuid: %s. To ensure interoperability, '
2026-06-25 23:37:35.961 10 INFO neutron.api.v2.resource [None req-0e934561-0ff6-4f6b-815d-0094cb5b635f f5a43285a4b14a80971818a8cec0ea4c 77813b27cd744963bc1f3a8420af1254 - - default default] remove_router_interface failed (client error): The resource could not be found.
2026-06-25 23:37:35.963 10 INFO neutron.wsgi [None req-0e934561-0ff6-4f6b-815d-0094cb5b635f f5a43285a4b14a80971818a8cec0ea4c 77813b27cd744963bc1f3a8420af1254 - - default default] 10.0.0.38 "PUT /v2.0/routers/5445c74b-2865-45a5-b877-1721a3c8fcba/remove_router_interface HTTP/1.1" status: 404 len: 398 time: 0.0710554
2026-06-25 23:37:36.002 10 INFO neutron.wsgi [None req-4ee0d0c0-51e0-46b5-86eb-7a9e239fb2fe f5a43285a4b14a80971818a8cec0ea4c 77813b27cd744963bc1f3a8420af1254 - - default default] 10.0.0.38 "GET /v2.0/ports?device_id=5445c74b-2865-45a5-b877-1721a3c8fcba HTTP/1.1" status: 200 len: 205 time: 0.0254278
2026-06-25 23:37:36.082 9 INFO neutron.wsgi [None req-c7dbe101-9e8c-4ca5-9bae-3bae62941d53 f23d5650e19d4e0894311b30285bbc87 380346ed49144edfa4828877dda45289 - - default default] 10.0.0.38 "DELETE /v2.0/security-groups/aff61369-9a4e-4955-81c1-ceaa4870a28c HTTP/1.1" status: 204 len: 168 time: 0.1286666
2026-06-25 23:37:36.200 10 INFO neutron.wsgi [None req-a87bffe2-2faa-4062-b38a-f20de1eb9c50 f5a43285a4b14a80971818a8cec0ea4c 77813b27cd744963bc1f3a8420af1254 - - default default] 10.0.0.38 "DELETE /v2.0/routers/5445c74b-2865-45a5-b877-1721a3c8fcba HTTP/1.1" status: 204 len: 168 time: 0.1944366
2026-06-25 23:37:36.475 9 INFO neutron.wsgi [None req-92dde0df-eeb8-48cb-afde-3166d917f881 f5a43285a4b14a80971818a8cec0ea4c 77813b27cd744963bc1f3a8420af1254 - - default default] 10.0.0.38 "DELETE /v2.0/subnets/7a9bf78e-b988-476b-8987-46ecf8717f95 HTTP/1.1" status: 204 len: 168 time: 0.2692940
2026-06-25 23:37:36.546 9 INFO neutron.wsgi [None req-03aec54e-0a8d-4a0a-8bdf-1cffac9d0516 f23d5650e19d4e0894311b30285bbc87 380346ed49144edfa4828877dda45289 - - default default] 10.0.0.38 "DELETE /v2.0/floatingips/a33a10a7-6bf8-409b-8b6b-883e2b1d2644 HTTP/1.1" status: 204 len: 168 time: 0.4322562
2026-06-25 23:37:36.715 10 INFO neutron.wsgi [req-1abf0355-78ca-442d-85fb-5d3aa3603f20 req-1ddfb668-4745-4c35-af5c-8496f61068c7 f23d5650e19d4e0894311b30285bbc87 380346ed49144edfa4828877dda45289 - - default default] 10.0.0.226 "GET /v2.0/ports?device_id=1c6b0c4e-758e-473f-a9e7-6c0b47e151f7 HTTP/1.1" status: 200 len: 1174 time: 0.0364900
2026-06-25 23:37:36.742 9 INFO neutron.plugins.ml2.drivers.ovn.mech_driver.mech_driver [None req-7a5e1d94-c38d-4d8c-b2e1-348cd0aab4a8 - - - - - -] OVN reports status down for port: 73372f5e-d7de-4588-b88d-5c1c53a3b700
2026-06-25 23:37:36.760 10 INFO neutron.wsgi [req-1abf0355-78ca-442d-85fb-5d3aa3603f20 req-f5d2cc34-98c3-460b-b290-a05149d61fc5 f23d5650e19d4e0894311b30285bbc87 380346ed49144edfa4828877dda45289 - - default default] 10.0.0.226 "GET /v2.0/security-groups?id=ae360c70-d682-415d-a4fc-62bb6cdf2b0c&fields=id&fields=name HTTP/1.1" status: 200 len: 312 time: 0.0370257
2026-06-25 23:37:36.835 9 INFO neutron.services.segments.plugin [-] Segment d09ac19e-28a4-4338-81b6-e30142d008f4 resource provider aggregate not found
2026-06-25 23:37:36.850 9 INFO neutron.services.segments.plugin [-] Segment d09ac19e-28a4-4338-81b6-e30142d008f4 resource provider aggregate not found
2026-06-25 23:37:36.857 9 INFO neutron.services.segments.plugin [-] Segment d09ac19e-28a4-4338-81b6-e30142d008f4 resource provider not found; error: Placement Client Error (4xx): {"errors": [{"status": 404, "title": "Not Found", "detail": "The resource could not be found.\n\n No resource provider with uuid d09ac19e-28a4-4338-81b6-e30142d008f4 found for delete ", "request_id": "req-02b5e748-1f71-4eda-ac24-42fa3fa0156f"}]}
2026-06-25 23:37:36.875 9 INFO neutron.services.segments.plugin [-] Segment d09ac19e-28a4-4338-81b6-e30142d008f4 resource provider not found; error: Placement Client Error (4xx): {"errors": [{"status": 404, "title": "Not Found", "detail": "The resource could not be found.\n\n No resource provider with uuid d09ac19e-28a4-4338-81b6-e30142d008f4 found for delete ", "request_id": "req-d35fb221-8cc9-4551-9c49-16f9e3feac85"}]}
2026-06-25 23:37:36.901 9 INFO neutron.wsgi [None req-d5849625-53cc-45b0-9f2a-869bba734da8 f5a43285a4b14a80971818a8cec0ea4c 77813b27cd744963bc1f3a8420af1254 - - default default] 10.0.0.38 "DELETE /v2.0/networks/533d2dca-c658-4489-a21a-f0949971d801 HTTP/1.1" status: 204 len: 168 time: 0.4187334
2026-06-25 23:37:36.961 9 INFO neutron.notifiers.nova [-] Nova event matching ['req-33d13d68-6ad5-4b59-8647-51508376f2ff'] response: {'server_uuid': '1c6b0c4e-758e-473f-a9e7-6c0b47e151f7', 'name': 'network-vif-unplugged', 'status': 'completed', 'tag': '73372f5e-d7de-4588-b88d-5c1c53a3b700', 'code': 200}
2026-06-25 23:37:37.002 10 INFO neutron.db.segments_db [None req-d47c5f7a-cab5-4126-add0-f3d562d65cf4 f5a43285a4b14a80971818a8cec0ea4c 77813b27cd744963bc1f3a8420af1254 - - default default] Added segment ccdb8bd7-2ac1-4939-a821-b903c3c22b17 of type geneve for network fe489758-8a8e-4036-a6a6-9c49fab5269f
2026-06-25 23:37:37.034 9 INFO neutron.wsgi [req-a9b0ef45-3add-4766-aaad-6fcebf13b4d6 req-74dba70f-d77d-4c55-bed1-3b40a8eab61c f23d5650e19d4e0894311b30285bbc87 380346ed49144edfa4828877dda45289 - - default default] 199.204.45.4 "GET /v2.0/ports?device_id=1c6b0c4e-758e-473f-a9e7-6c0b47e151f7 HTTP/1.1" status: 200 len: 1172 time: 0.0357594
2026-06-25 23:37:37.142 9 INFO neutron.db.ovn_revision_numbers_db [None req-7a5e1d94-c38d-4d8c-b2e1-348cd0aab4a8 - - - - - -] Successfully bumped revision number for resource 73372f5e-d7de-4588-b88d-5c1c53a3b700 (type: ports) to 5
2026-06-25 23:37:37.169 10 INFO neutron.db.ovn_revision_numbers_db [None req-d47c5f7a-cab5-4126-add0-f3d562d65cf4 f5a43285a4b14a80971818a8cec0ea4c 77813b27cd744963bc1f3a8420af1254 - - default default] Successfully bumped revision number for resource fe489758-8a8e-4036-a6a6-9c49fab5269f (type: networks) to 1
2026-06-25 23:37:37.347 9 INFO neutron.wsgi [req-a9b0ef45-3add-4766-aaad-6fcebf13b4d6 req-7fc61a7a-40b7-4c04-be5f-fe0118bb6942 f23d5650e19d4e0894311b30285bbc87 380346ed49144edfa4828877dda45289 - - default default] 199.204.45.4 "DELETE /v2.0/ports/73372f5e-d7de-4588-b88d-5c1c53a3b700 HTTP/1.1" status: 204 len: 173 time: 0.3074129
2026-06-25 23:37:37.414 10 WARNING neutron.scheduler.dhcp_agent_scheduler [None req-d47c5f7a-cab5-4126-add0-f3d562d65cf4 f5a43285a4b14a80971818a8cec0ea4c 77813b27cd744963bc1f3a8420af1254 - - default default] No more DHCP agents
2026-06-25 23:37:37.416 10 WARNING neutron.api.rpc.agentnotifiers.dhcp_rpc_agent_api [None req-d47c5f7a-cab5-4126-add0-f3d562d65cf4 f5a43285a4b14a80971818a8cec0ea4c 77813b27cd744963bc1f3a8420af1254 - - default default] Unable to schedule network fe489758-8a8e-4036-a6a6-9c49fab5269f: no agents available; will retry on subsequent port and subnet creation events.
2026-06-25 23:37:37.521 10 INFO neutron.db.ovn_revision_numbers_db [None req-d47c5f7a-cab5-4126-add0-f3d562d65cf4 f5a43285a4b14a80971818a8cec0ea4c 77813b27cd744963bc1f3a8420af1254 - - default default] Successfully bumped revision number for resource 64542ba2-51d2-4508-b60e-32943168297e (type: ports) to 1
2026-06-25 23:37:37.544 10 INFO neutron.wsgi [None req-d47c5f7a-cab5-4126-add0-f3d562d65cf4 f5a43285a4b14a80971818a8cec0ea4c 77813b27cd744963bc1f3a8420af1254 - - default default] 10.0.0.38 "POST /v2.0/networks HTTP/1.1" status: 201 len: 832 time: 0.6364448
2026-06-25 23:37:37.798 10 WARNING neutron.scheduler.dhcp_agent_scheduler [None req-3ccdc15d-fb8b-4bf2-baff-3aa98437f9e5 f5a43285a4b14a80971818a8cec0ea4c 77813b27cd744963bc1f3a8420af1254 - - default default] No more DHCP agents
2026-06-25 23:37:37.800 10 WARNING neutron.api.rpc.agentnotifiers.dhcp_rpc_agent_api [None req-3ccdc15d-fb8b-4bf2-baff-3aa98437f9e5 f5a43285a4b14a80971818a8cec0ea4c 77813b27cd744963bc1f3a8420af1254 - - default default] Unable to schedule network fe489758-8a8e-4036-a6a6-9c49fab5269f: no agents available; will retry on subsequent port and subnet creation events. /var/lib/openstack/lib/python3.10/site-packages/pycadf/identifier.py:71: UserWarning: Invalid uuid: neutron. To ensure interoperability, identifiers should be a valid uuid. warnings.warn(('Invalid uuid: %s. To ensure interoperability, '
2026-06-25 23:37:37.833 10 INFO neutron.db.ovn_revision_numbers_db [None req-3ccdc15d-fb8b-4bf2-baff-3aa98437f9e5 f5a43285a4b14a80971818a8cec0ea4c 77813b27cd744963bc1f3a8420af1254 - - default default] Successfully bumped revision number for resource 52b838c5-79a0-49df-9eec-ba0e85efe50e (type: subnets) to 0
2026-06-25 23:37:37.864 10 INFO neutron.wsgi [None req-3ccdc15d-fb8b-4bf2-baff-3aa98437f9e5 f5a43285a4b14a80971818a8cec0ea4c 77813b27cd744963bc1f3a8420af1254 - - default default] 10.0.0.38 "POST /v2.0/subnets HTTP/1.1" status: 201 len: 821 time: 0.3115036
2026-06-25 23:37:38.074 9 INFO neutron.db.ovn_revision_numbers_db [None req-90a65748-ca48-4c28-bd39-ad5305dd2958 f5a43285a4b14a80971818a8cec0ea4c 77813b27cd744963bc1f3a8420af1254 - - default default] Successfully bumped revision number for resource 6779370c-d9d9-4bbf-ab77-358259a9a4ec (type: routers) to 1
2026-06-25 23:37:38.082 9 INFO neutron.wsgi [None req-ab83c585-b5da-4cb3-8c7f-fee1bbcf0e68 f23d5650e19d4e0894311b30285bbc87 380346ed49144edfa4828877dda45289 - - default default] 10.0.0.38 "DELETE /v2.0/security-groups/ae360c70-d682-415d-a4fc-62bb6cdf2b0c HTTP/1.1" status: 204 len: 168 time: 0.2567332
2026-06-25 23:37:38.092 9 INFO neutron.wsgi [None req-90a65748-ca48-4c28-bd39-ad5305dd2958 f5a43285a4b14a80971818a8cec0ea4c 77813b27cd744963bc1f3a8420af1254 - - default default] 10.0.0.38 "POST /v2.0/routers HTTP/1.1" status: 201 len: 690 time: 0.2210798
2026-06-25 23:37:38.550 9 WARNING neutron.scheduler.dhcp_agent_scheduler [None req-069cd888-2b14-4be0-8ade-1920b2d9fb85 f5a43285a4b14a80971818a8cec0ea4c 77813b27cd744963bc1f3a8420af1254 - - default default] No more DHCP agents
2026-06-25 23:37:38.552 9 WARNING neutron.api.rpc.agentnotifiers.dhcp_rpc_agent_api [None req-069cd888-2b14-4be0-8ade-1920b2d9fb85 f5a43285a4b14a80971818a8cec0ea4c 77813b27cd744963bc1f3a8420af1254 - - default default] Unable to schedule network fe489758-8a8e-4036-a6a6-9c49fab5269f: no agents available; will retry on subsequent port and subnet creation events.
2026-06-25 23:37:38.683 9 INFO neutron.db.ovn_revision_numbers_db [None req-069cd888-2b14-4be0-8ade-1920b2d9fb85 f5a43285a4b14a80971818a8cec0ea4c 77813b27cd744963bc1f3a8420af1254 - - default default] Successfully bumped revision number for resource 5f42e21a-2759-405e-b8cd-e05e0ed2957a (type: ports) to 1
2026-06-25 23:37:39.000 9 INFO neutron.notifiers.nova [-] Nova event matching ['req-bfa6cd0c-e619-4058-b3a3-9b556663feee'] response: {'server_uuid': '1c6b0c4e-758e-473f-a9e7-6c0b47e151f7', 'name': 'network-vif-plugged', 'status': 'completed', 'tag': '73372f5e-d7de-4588-b88d-5c1c53a3b700', 'code': 200}
2026-06-25 23:37:39.000 9 INFO neutron.notifiers.nova [-] Nova event matching ['req-bfa6cd0c-e619-4058-b3a3-9b556663feee'] response: {'server_uuid': '1c6b0c4e-758e-473f-a9e7-6c0b47e151f7', 'name': 'network-vif-deleted', 'tag': '73372f5e-d7de-4588-b88d-5c1c53a3b700', 'status': 'completed', 'code': 200}
2026-06-25 23:37:39.130 9 INFO neutron.plugins.ml2.drivers.ovn.mech_driver.mech_driver [None req-7a5e1d94-c38d-4d8c-b2e1-348cd0aab4a8 - - - - - -] OVN reports status up for port: 5f42e21a-2759-405e-b8cd-e05e0ed2957a
2026-06-25 23:37:39.154 9 INFO neutron.plugins.ml2.plugin [None req-7a5e1d94-c38d-4d8c-b2e1-348cd0aab4a8 - - - - - -] Attempt 1 to provision port 5f42e21a-2759-405e-b8cd-e05e0ed2957a
2026-06-25 23:37:39.177 9 INFO neutron.db.ovn_revision_numbers_db [None req-069cd888-2b14-4be0-8ade-1920b2d9fb85 f5a43285a4b14a80971818a8cec0ea4c 77813b27cd744963bc1f3a8420af1254 - - default default] Successfully bumped revision number for resource 5f42e21a-2759-405e-b8cd-e05e0ed2957a (type: router_ports) to 1
2026-06-25 23:37:39.190 10 WARNING neutron.plugins.ml2.drivers.ovn.mech_driver.ovsdb.ovn_client [None req-4d68a1e5-3384-4428-ac89-218fdb8c7b19 - - - - - -] No port found with ID 4bb6badc-5074-4087-9b0f-2d7dad7e2f38: RuntimeError: No port found with ID 4bb6badc-5074-4087-9b0f-2d7dad7e2f38
2026-06-25 23:37:39.191 10 INFO neutron.plugins.ml2.drivers.ovn.mech_driver.mech_driver [None req-4d68a1e5-3384-4428-ac89-218fdb8c7b19 - - - - - -] OVN reports status down for port: c3a12d18-bb34-4bed-8654-bafc6f9eeb43
2026-06-25 23:37:39.196 10 INFO neutron.wsgi [None req-b99b6bd7-f844-4108-95c1-457836e37292 f23d5650e19d4e0894311b30285bbc87 380346ed49144edfa4828877dda45289 - - default default] 10.0.0.38 "PUT /v2.0/routers/108201ec-a431-42b2-8ac2-e26f071674d5/remove_router_interface HTTP/1.1" status: 200 len: 503 time: 1.0685098
2026-06-25 23:37:39.387 9 INFO neutron.db.ovn_revision_numbers_db [None req-069cd888-2b14-4be0-8ade-1920b2d9fb85 f5a43285a4b14a80971818a8cec0ea4c 77813b27cd744963bc1f3a8420af1254 - - default default] Successfully bumped revision number for resource 5f42e21a-2759-405e-b8cd-e05e0ed2957a (type: ports) to 1
2026-06-25 23:37:39.525 9 WARNING neutron.scheduler.dhcp_agent_scheduler [None req-069cd888-2b14-4be0-8ade-1920b2d9fb85 f5a43285a4b14a80971818a8cec0ea4c 77813b27cd744963bc1f3a8420af1254 - - default default] No more DHCP agents
2026-06-25 23:37:39.531 9 WARNING neutron.api.rpc.agentnotifiers.dhcp_rpc_agent_api [None req-069cd888-2b14-4be0-8ade-1920b2d9fb85 f5a43285a4b14a80971818a8cec0ea4c 77813b27cd744963bc1f3a8420af1254 - - default default] Unable to schedule network fe489758-8a8e-4036-a6a6-9c49fab5269f: no agents available; will retry on subsequent port and subnet creation events.
2026-06-25 23:37:39.576 9 INFO neutron.wsgi [None req-337b7317-5b68-4347-9368-34084b38bca0 f23d5650e19d4e0894311b30285bbc87 380346ed49144edfa4828877dda45289 - - default default] 10.0.0.38 "DELETE /v2.0/subnets/4df20e67-482e-4378-935f-a60ed1c863b9 HTTP/1.1" status: 204 len: 168 time: 0.3725016 /var/lib/openstack/lib/python3.10/site-packages/pycadf/identifier.py:71: UserWarning: Invalid uuid: neutron. To ensure interoperability, identifiers should be a valid uuid. warnings.warn(('Invalid uuid: %s. To ensure interoperability, '
2026-06-25 23:37:39.899 9 INFO neutron.db.ovn_revision_numbers_db [None req-7a5e1d94-c38d-4d8c-b2e1-348cd0aab4a8 - - - - - -] Successfully bumped revision number for resource 5f42e21a-2759-405e-b8cd-e05e0ed2957a (type: ports) to 2
2026-06-25 23:37:40.012 9 INFO neutron.db.ovn_revision_numbers_db [None req-069cd888-2b14-4be0-8ade-1920b2d9fb85 f5a43285a4b14a80971818a8cec0ea4c 77813b27cd744963bc1f3a8420af1254 - - default default] Successfully bumped revision number for resource 5f42e21a-2759-405e-b8cd-e05e0ed2957a (type: router_ports) to 2
2026-06-25 23:37:40.015 9 INFO neutron.wsgi [None req-069cd888-2b14-4be0-8ade-1920b2d9fb85 f5a43285a4b14a80971818a8cec0ea4c 77813b27cd744963bc1f3a8420af1254 - - default default] 10.0.0.38 "PUT /v2.0/routers/6779370c-d9d9-4bbf-ab77-358259a9a4ec/add_router_interface HTTP/1.1" status: 200 len: 503 time: 1.9157488
2026-06-25 23:37:40.098 9 INFO neutron.wsgi [None req-2cb86f97-c96d-4520-9fca-69e8d534fe6f f5a43285a4b14a80971818a8cec0ea4c 77813b27cd744963bc1f3a8420af1254 - - default default] 10.0.0.38 "GET /v2.0/ports/5f42e21a-2759-405e-b8cd-e05e0ed2957a HTTP/1.1" status: 200 len: 1141 time: 0.0765495
2026-06-25 23:37:40.141 9 INFO neutron.wsgi [None req-a10c4191-4f8c-4d19-af45-7f8b07d82bba f5a43285a4b14a80971818a8cec0ea4c 77813b27cd744963bc1f3a8420af1254 - - default default] 10.0.0.38 "GET /v2.0/ports/5f42e21a-2759-405e-b8cd-e05e0ed2957a HTTP/1.1" status: 200 len: 1141 time: 0.0376379
2026-06-25 23:37:40.235 10 INFO neutron.wsgi [None req-dbc01dca-52ed-413a-b51b-f9d818d0d30e f23d5650e19d4e0894311b30285bbc87 380346ed49144edfa4828877dda45289 - - default default] 10.0.0.38 "DELETE /v2.0/routers/108201ec-a431-42b2-8ac2-e26f071674d5 HTTP/1.1" status: 204 len: 168 time: 0.6537850
2026-06-25 23:37:40.751 9 INFO neutron.services.segments.plugin [-] Segment 813b985f-1633-446f-9d23-37f2a699d75b resource provider aggregate not found
2026-06-25 23:37:40.756 9 INFO neutron.services.segments.plugin [-] Segment 813b985f-1633-446f-9d23-37f2a699d75b resource provider aggregate not found
2026-06-25 23:37:40.784 9 INFO neutron.services.segments.plugin [-] Segment 813b985f-1633-446f-9d23-37f2a699d75b resource provider not found; error: Placement Client Error (4xx): {"errors": [{"status": 404, "title": "Not Found", "detail": "The resource could not be found.\n\n No resource provider with uuid 813b985f-1633-446f-9d23-37f2a699d75b found for delete ", "request_id": "req-1c36131d-4d13-4351-9c40-ec16dce205c5"}]}
2026-06-25 23:37:40.815 9 INFO neutron.wsgi [None req-238cfbab-53fd-4443-8030-ee69e2029891 f23d5650e19d4e0894311b30285bbc87 380346ed49144edfa4828877dda45289 - - default default] 10.0.0.38 "DELETE /v2.0/networks/2c4cf9de-9f4a-45fa-848d-e6973dbe5536 HTTP/1.1" status: 204 len: 168 time: 0.5754004
2026-06-25 23:37:40.830 9 INFO neutron.services.segments.plugin [-] Segment 813b985f-1633-446f-9d23-37f2a699d75b resource provider not found; error: Placement Client Error (4xx): {"errors": [{"status": 404, "title": "Not Found", "detail": "The resource could not be found.\n\n No resource provider with uuid 813b985f-1633-446f-9d23-37f2a699d75b found for delete ", "request_id": "req-f52a5f8a-511b-4e2c-bc5d-552858c76b1c"}]}
2026-06-25 23:37:40.925 9 INFO neutron.wsgi [None req-b473ecaf-a182-45d9-8a2a-0274e136620b f5a43285a4b14a80971818a8cec0ea4c 77813b27cd744963bc1f3a8420af1254 - - default default] 10.0.0.38 "PUT /v2.0/routers/6779370c-d9d9-4bbf-ab77-358259a9a4ec/remove_router_interface HTTP/1.1" status: 200 len: 503 time: 0.7790332 /var/lib/openstack/lib/python3.10/site-packages/pycadf/identifier.py:71: UserWarning: Invalid uuid: neutron. To ensure interoperability, identifiers should be a valid uuid. warnings.warn(('Invalid uuid: %s. To ensure interoperability, '
2026-06-25 23:37:40.953 9 INFO neutron.wsgi [None req-d041bbe0-5837-41c1-a0ca-6b43d2edb786 f5a43285a4b14a80971818a8cec0ea4c 77813b27cd744963bc1f3a8420af1254 - - default default] 10.0.0.38 "GET /v2.0/ports?device_id=6779370c-d9d9-4bbf-ab77-358259a9a4ec HTTP/1.1" status: 200 len: 205 time: 0.0226593
2026-06-25 23:37:41.150 9 INFO neutron.wsgi [None req-a908f7dd-527c-489a-97e8-286e8af3b756 f5a43285a4b14a80971818a8cec0ea4c 77813b27cd744963bc1f3a8420af1254 - - default default] 10.0.0.38 "DELETE /v2.0/routers/6779370c-d9d9-4bbf-ab77-358259a9a4ec HTTP/1.1" status: 204 len: 168 time: 0.1939626
2026-06-25 23:37:41.344 9 INFO neutron.wsgi [None req-369c022f-536b-4669-907f-7a091ec7d603 f5a43285a4b14a80971818a8cec0ea4c 77813b27cd744963bc1f3a8420af1254 - - default default] 10.0.0.38 "DELETE /v2.0/subnets/52b838c5-79a0-49df-9eec-ba0e85efe50e HTTP/1.1" status: 204 len: 168 time: 0.1879618
2026-06-25 23:37:41.732 10 INFO neutron.wsgi [None req-df043054-c362-4499-aa1c-57a6f3a41162 c26e1bea72844b4fa2afd28abb2a9f03 2b43eefe57fe4a4798d2146efe13832c - - default default] 10.0.0.38 "GET /v2.0/security-groups?tenant_id=380346ed49144edfa4828877dda45289&name=default HTTP/1.1" status: 200 len: 2996 time: 0.2164156
2026-06-25 23:37:41.776 9 INFO neutron.wsgi [None req-f31fc095-5545-44fc-b4c8-83ca030b5c1e f5a43285a4b14a80971818a8cec0ea4c 77813b27cd744963bc1f3a8420af1254 - - default default] 10.0.0.38 "DELETE /v2.0/networks/fe489758-8a8e-4036-a6a6-9c49fab5269f HTTP/1.1" status: 204 len: 168 time: 0.4267194
2026-06-25 23:37:41.950 9 INFO neutron.wsgi [None req-7d74c1bc-40cf-4ff1-9836-60412cb2001f c26e1bea72844b4fa2afd28abb2a9f03 2b43eefe57fe4a4798d2146efe13832c - - default default] 10.0.0.38 "DELETE /v2.0/security-groups/a73aa594-60bb-4ac1-bc52-c000a44321d7 HTTP/1.1" status: 204 len: 168 time: 0.2116857
2026-06-25 23:37:42.165 9 INFO neutron.db.ovn_revision_numbers_db [None req-209e53c4-0d79-4e82-b614-f88318599a80 c26e1bea72844b4fa2afd28abb2a9f03 2b43eefe57fe4a4798d2146efe13832c - - default default] Successfully bumped revision number for resource d709a4e4-603b-4162-8bae-d15b40398847 (type: security_groups) to 1
2026-06-25 23:37:42.178 9 INFO neutron.db.ovn_revision_numbers_db [None req-209e53c4-0d79-4e82-b614-f88318599a80 c26e1bea72844b4fa2afd28abb2a9f03 2b43eefe57fe4a4798d2146efe13832c - - default default] Successfully bumped revision number for resource c1f96fca-ebab-4a3e-b39b-bdaafa57e7e9 (type: security_group_rules) to 0
2026-06-25 23:37:42.191 9 INFO neutron.db.ovn_revision_numbers_db [None req-209e53c4-0d79-4e82-b614-f88318599a80 c26e1bea72844b4fa2afd28abb2a9f03 2b43eefe57fe4a4798d2146efe13832c - - default default] Successfully bumped revision number for resource db14d573-3963-4e6a-9ad3-1250952cdfe9 (type: security_group_rules) to 0
2026-06-25 23:37:42.206 9 INFO neutron.db.ovn_revision_numbers_db [None req-209e53c4-0d79-4e82-b614-f88318599a80 c26e1bea72844b4fa2afd28abb2a9f03 2b43eefe57fe4a4798d2146efe13832c - - default default] Successfully bumped revision number for resource f7f7be2a-66f8-4cad-a48a-b3d9546a8c6e (type: security_group_rules) to 0
2026-06-25 23:37:42.220 9 INFO neutron.db.ovn_revision_numbers_db [None req-209e53c4-0d79-4e82-b614-f88318599a80 c26e1bea72844b4fa2afd28abb2a9f03 2b43eefe57fe4a4798d2146efe13832c - - default default] Successfully bumped revision number for resource fae87e73-4d4c-4bbd-90cc-31d7b08cad77 (type: security_group_rules) to 0
2026-06-25 23:37:42.243 9 INFO neutron.wsgi [None req-209e53c4-0d79-4e82-b614-f88318599a80 c26e1bea72844b4fa2afd28abb2a9f03 2b43eefe57fe4a4798d2146efe13832c - - default default] 10.0.0.38 "GET /v2.0/security-groups?tenant_id=dac3c0c13e8847eaa08a1abaa81a71d3&name=default HTTP/1.1" status: 200 len: 2996 time: 0.1964219
2026-06-25 23:37:42.468 9 INFO neutron.wsgi [None req-194e40a1-7393-43ee-b91b-860756ded2da c26e1bea72844b4fa2afd28abb2a9f03 2b43eefe57fe4a4798d2146efe13832c - - default default] 10.0.0.38 "DELETE /v2.0/security-groups/d709a4e4-603b-4162-8bae-d15b40398847 HTTP/1.1" status: 204 len: 168 time: 0.2184002
2026-06-25 23:37:42.539 10 WARNING neutron.scheduler.dhcp_agent_scheduler [None req-d9ed2a59-e0de-4e31-b6af-0d7d514c8980 f5a43285a4b14a80971818a8cec0ea4c 77813b27cd744963bc1f3a8420af1254 - - default default] No more DHCP agents
2026-06-25 23:37:42.542 10 WARNING neutron.api.rpc.agentnotifiers.dhcp_rpc_agent_api [None req-d9ed2a59-e0de-4e31-b6af-0d7d514c8980 f5a43285a4b14a80971818a8cec0ea4c 77813b27cd744963bc1f3a8420af1254 - - default default] Unable to schedule network 7984dda1-acac-48ee-93b4-94f15e1910dc: no agents available; will retry on subsequent port and subnet creation events.
2026-06-25 23:37:42.694 10 INFO neutron.db.ovn_revision_numbers_db [None req-d9ed2a59-e0de-4e31-b6af-0d7d514c8980 f5a43285a4b14a80971818a8cec0ea4c 77813b27cd744963bc1f3a8420af1254 - - default default] Successfully bumped revision number for resource 69ebff20-2fcf-4c61-8952-e521a5844924 (type: ports) to 1
2026-06-25 23:37:42.807 9 INFO neutron.services.segments.plugin [-] Segment ccdb8bd7-2ac1-4939-a821-b903c3c22b17 resource provider aggregate not found
2026-06-25 23:37:42.823 9 INFO neutron.services.segments.plugin [-] Segment ccdb8bd7-2ac1-4939-a821-b903c3c22b17 resource provider not found; error: Placement Client Error (4xx): {"errors": [{"status": 404, "title": "Not Found", "detail": "The resource could not be found.\n\n No resource provider with uuid ccdb8bd7-2ac1-4939-a821-b903c3c22b17 found for delete ", "request_id": "req-3dd391f0-f5a1-4bb4-aa5d-ef5e06bad51a"}]}
2026-06-25 23:37:42.849 9 INFO neutron.services.segments.plugin [-] Segment ccdb8bd7-2ac1-4939-a821-b903c3c22b17 resource provider aggregate not found
2026-06-25 23:37:42.865 9 INFO neutron.services.segments.plugin [-] Segment ccdb8bd7-2ac1-4939-a821-b903c3c22b17 resource provider not found; error: Placement Client Error (4xx): {"errors": [{"status": 404, "title": "Not Found", "detail": "The resource could not be found.\n\n No resource provider with uuid ccdb8bd7-2ac1-4939-a821-b903c3c22b17 found for delete ", "request_id": "req-c62c607b-51aa-4f9d-b869-54c3ec31af24"}]}
2026-06-25 23:37:43.271 10 INFO neutron.db.ovn_revision_numbers_db [None req-d9ed2a59-e0de-4e31-b6af-0d7d514c8980 f5a43285a4b14a80971818a8cec0ea4c 77813b27cd744963bc1f3a8420af1254 - - default default] Successfully bumped revision number for resource 69ebff20-2fcf-4c61-8952-e521a5844924 (type: router_ports) to 1
2026-06-25 23:37:43.354 10 INFO neutron.db.ovn_revision_numbers_db [None req-d9ed2a59-e0de-4e31-b6af-0d7d514c8980 f5a43285a4b14a80971818a8cec0ea4c 77813b27cd744963bc1f3a8420af1254 - - default default] Successfully bumped revision number for resource 1221bf72-2f8a-4a0e-b68c-ca6e04174cbe (type: routers) to 2
2026-06-25 23:37:43.368 10 INFO neutron.wsgi [None req-d9ed2a59-e0de-4e31-b6af-0d7d514c8980 f5a43285a4b14a80971818a8cec0ea4c 77813b27cd744963bc1f3a8420af1254 - - default default] 10.0.0.38 "POST /v2.0/routers HTTP/1.1" status: 201 len: 871 time: 1.5803030
2026-06-25 23:37:43.468 9 INFO neutron.wsgi [None req-259a86f4-5dd9-4b53-b2cb-188f01dc9caa f5a43285a4b14a80971818a8cec0ea4c 77813b27cd744963bc1f3a8420af1254 - - default default] 10.0.0.38 "GET /v2.0/routers/1221bf72-2f8a-4a0e-b68c-ca6e04174cbe HTTP/1.1" status: 200 len: 872 time: 0.0930097
2026-06-25 23:37:43.584 9 INFO neutron.wsgi [None req-433fe211-3599-4067-8169-edc77314bc76 f5a43285a4b14a80971818a8cec0ea4c 77813b27cd744963bc1f3a8420af1254 - - default default] 10.0.0.38 "GET /v2.0/routers HTTP/1.1" status: 200 len: 875 time: 0.1092684
2026-06-25 23:37:43.999 9 INFO neutron.db.ovn_revision_numbers_db [None req-4cccca53-326e-461f-a147-6e79fefa4521 f5a43285a4b14a80971818a8cec0ea4c 77813b27cd744963bc1f3a8420af1254 - - default default] Successfully bumped revision number for resource 1221bf72-2f8a-4a0e-b68c-ca6e04174cbe (type: routers) to 3
2026-06-25 23:37:44.002 9 INFO neutron.wsgi [None req-4cccca53-326e-461f-a147-6e79fefa4521 f5a43285a4b14a80971818a8cec0ea4c 77813b27cd744963bc1f3a8420af1254 - - default default] 10.0.0.38 "PUT /v2.0/routers/1221bf72-2f8a-4a0e-b68c-ca6e04174cbe HTTP/1.1" status: 200 len: 879 time: 0.4139071
