2026-06-25 23:36:00.256 9 INFO neutron.db.ovn_revision_numbers_db [None req-01c88b37-ee27-4c8d-ad12-1219a7944636 c26e1bea72844b4fa2afd28abb2a9f03 2b43eefe57fe4a4798d2146efe13832c - - default default] Successfully bumped revision number for resource b97edff4-9c11-42e7-888a-ad195b01136f (type: security_groups) to 1
2026-06-25 23:36:00.272 9 INFO neutron.db.ovn_revision_numbers_db [None req-01c88b37-ee27-4c8d-ad12-1219a7944636 c26e1bea72844b4fa2afd28abb2a9f03 2b43eefe57fe4a4798d2146efe13832c - - default default] Successfully bumped revision number for resource 029459c6-43b2-4ea9-9937-9e0c3a62093a (type: security_group_rules) to 0
2026-06-25 23:36:00.286 9 INFO neutron.db.ovn_revision_numbers_db [None req-01c88b37-ee27-4c8d-ad12-1219a7944636 c26e1bea72844b4fa2afd28abb2a9f03 2b43eefe57fe4a4798d2146efe13832c - - default default] Successfully bumped revision number for resource 129026b2-62f2-44dd-824f-60db6ca8151f (type: security_group_rules) to 0
2026-06-25 23:36:00.320 9 INFO neutron.db.ovn_revision_numbers_db [None req-01c88b37-ee27-4c8d-ad12-1219a7944636 c26e1bea72844b4fa2afd28abb2a9f03 2b43eefe57fe4a4798d2146efe13832c - - default default] Successfully bumped revision number for resource 165ea03d-9b59-4288-8df5-21e41cddf515 (type: security_group_rules) to 0
2026-06-25 23:36:00.344 9 INFO neutron.db.ovn_revision_numbers_db [None req-01c88b37-ee27-4c8d-ad12-1219a7944636 c26e1bea72844b4fa2afd28abb2a9f03 2b43eefe57fe4a4798d2146efe13832c - - default default] Successfully bumped revision number for resource 53d69b72-3826-49a3-8919-eeece9ea9bc4 (type: security_group_rules) to 0
2026-06-25 23:36:00.373 9 INFO neutron.wsgi [None req-01c88b37-ee27-4c8d-ad12-1219a7944636 c26e1bea72844b4fa2afd28abb2a9f03 2b43eefe57fe4a4798d2146efe13832c - - default default] 10.0.0.38 "GET /v2.0/security-groups?tenant_id=c95711578331438eb70101c14b4f506a&name=default HTTP/1.1" status: 200 len: 2996 time: 0.3707304
2026-06-25 23:36:00.581 10 INFO neutron.wsgi [None req-78867bb5-c947-4308-891e-fa09661d7fa6 c26e1bea72844b4fa2afd28abb2a9f03 2b43eefe57fe4a4798d2146efe13832c - - default default] 10.0.0.38 "DELETE /v2.0/security-groups/b97edff4-9c11-42e7-888a-ad195b01136f HTTP/1.1" status: 204 len: 168 time: 0.2011638
2026-06-25 23:36:01.247 9 INFO neutron.wsgi [-] 10.0.0.38 "GET / HTTP/1.1" status: 200 len: 279 time: 0.0030279
2026-06-25 23:36:01.365 9 INFO neutron.wsgi [None req-4d07687a-d55a-45ef-8d01-1c33ee17fba6 d68212956d31466e84f7c4bfcde63370 e95967bce88247ceb959060d11ec0b60 - - default default] 10.0.0.38 "GET /v2.0/ HTTP/1.1" status: 200 len: 826 time: 0.1149483
2026-06-25 23:36:02.031 10 INFO neutron.db.ovn_revision_numbers_db [None req-b63f4916-a99c-4d5f-b35a-1b04492eb3f9 c26e1bea72844b4fa2afd28abb2a9f03 2b43eefe57fe4a4798d2146efe13832c - - default default] Successfully bumped revision number for resource 342dfef7-cb40-428d-a1b9-2f60246f80b7 (type: security_groups) to 1
2026-06-25 23:36:02.045 10 INFO neutron.db.ovn_revision_numbers_db [None req-b63f4916-a99c-4d5f-b35a-1b04492eb3f9 c26e1bea72844b4fa2afd28abb2a9f03 2b43eefe57fe4a4798d2146efe13832c - - default default] Successfully bumped revision number for resource 2dda9077-aa45-48b7-a158-3db463938014 (type: security_group_rules) to 0
2026-06-25 23:36:02.059 10 INFO neutron.db.ovn_revision_numbers_db [None req-b63f4916-a99c-4d5f-b35a-1b04492eb3f9 c26e1bea72844b4fa2afd28abb2a9f03 2b43eefe57fe4a4798d2146efe13832c - - default default] Successfully bumped revision number for resource 3cefa401-b32b-4f2c-9210-a5fcdebfe38e (type: security_group_rules) to 0
2026-06-25 23:36:02.074 10 INFO neutron.db.ovn_revision_numbers_db [None req-b63f4916-a99c-4d5f-b35a-1b04492eb3f9 c26e1bea72844b4fa2afd28abb2a9f03 2b43eefe57fe4a4798d2146efe13832c - - default default] Successfully bumped revision number for resource 589a30c5-e366-4a2c-8a7c-67f51ef12568 (type: security_group_rules) to 0
2026-06-25 23:36:02.086 10 INFO neutron.db.ovn_revision_numbers_db [None req-b63f4916-a99c-4d5f-b35a-1b04492eb3f9 c26e1bea72844b4fa2afd28abb2a9f03 2b43eefe57fe4a4798d2146efe13832c - - default default] Successfully bumped revision number for resource f84d7f36-938d-4499-a8ce-6161261087a2 (type: security_group_rules) to 0
2026-06-25 23:36:02.106 10 INFO neutron.wsgi [None req-b63f4916-a99c-4d5f-b35a-1b04492eb3f9 c26e1bea72844b4fa2afd28abb2a9f03 2b43eefe57fe4a4798d2146efe13832c - - default default] 10.0.0.38 "GET /v2.0/security-groups?tenant_id=e95967bce88247ceb959060d11ec0b60&name=default HTTP/1.1" status: 200 len: 2996 time: 0.3160486
2026-06-25 23:36:02.280 10 INFO neutron.wsgi [None req-fb636342-a966-46d7-9bc7-b8faf91c079d c26e1bea72844b4fa2afd28abb2a9f03 2b43eefe57fe4a4798d2146efe13832c - - default default] 10.0.0.38 "DELETE /v2.0/security-groups/342dfef7-cb40-428d-a1b9-2f60246f80b7 HTTP/1.1" status: 204 len: 168 time: 0.1689167
2026-06-25 23:36:02.473 10 INFO neutron.wsgi [-] 10.0.0.196 "GET / HTTP/1.1" status: 200 len: 246 time: 0.0027297
2026-06-25 23:36:02.473 9 INFO neutron.wsgi [-] 10.0.0.196 "GET / HTTP/1.1" status: 200 len: 246 time: 0.0039639
2026-06-25 23:36:03.213 9 INFO neutron.db.ovn_revision_numbers_db [None req-ab1ab9f4-f205-4b00-b7fa-5f4301ed11e8 c26e1bea72844b4fa2afd28abb2a9f03 2b43eefe57fe4a4798d2146efe13832c - - default default] Successfully bumped revision number for resource 149fefcc-b1e7-4aab-9848-9c5ce51c2ff6 (type: security_groups) to 1
2026-06-25 23:36:03.226 9 INFO neutron.db.ovn_revision_numbers_db [None req-ab1ab9f4-f205-4b00-b7fa-5f4301ed11e8 c26e1bea72844b4fa2afd28abb2a9f03 2b43eefe57fe4a4798d2146efe13832c - - default default] Successfully bumped revision number for resource 087ea836-a6ab-4bc6-a54d-c16ab60138ef (type: security_group_rules) to 0
2026-06-25 23:36:03.239 9 INFO neutron.db.ovn_revision_numbers_db [None req-ab1ab9f4-f205-4b00-b7fa-5f4301ed11e8 c26e1bea72844b4fa2afd28abb2a9f03 2b43eefe57fe4a4798d2146efe13832c - - default default] Successfully bumped revision number for resource 83d81e04-08cd-466c-8947-6c786610ee4a (type: security_group_rules) to 0
2026-06-25 23:36:03.251 9 INFO neutron.db.ovn_revision_numbers_db [None req-ab1ab9f4-f205-4b00-b7fa-5f4301ed11e8 c26e1bea72844b4fa2afd28abb2a9f03 2b43eefe57fe4a4798d2146efe13832c - - default default] Successfully bumped revision number for resource bbe55b1e-9fa6-49d0-8af3-1d3a76d8fec2 (type: security_group_rules) to 0
2026-06-25 23:36:03.270 9 INFO neutron.db.ovn_revision_numbers_db [None req-ab1ab9f4-f205-4b00-b7fa-5f4301ed11e8 c26e1bea72844b4fa2afd28abb2a9f03 2b43eefe57fe4a4798d2146efe13832c - - default default] Successfully bumped revision number for resource d1c2f850-9e74-49b2-a6d2-c61c30a4ac88 (type: security_group_rules) to 0
2026-06-25 23:36:03.297 9 INFO neutron.wsgi [None req-ab1ab9f4-f205-4b00-b7fa-5f4301ed11e8 c26e1bea72844b4fa2afd28abb2a9f03 2b43eefe57fe4a4798d2146efe13832c - - default default] 10.0.0.38 "GET /v2.0/security-groups?tenant_id=f406101f6e3d4fcab35cfc5be88d4ee8&name=default HTTP/1.1" status: 200 len: 2996 time: 0.3099477
2026-06-25 23:36:03.494 9 INFO neutron.wsgi [None req-761235a2-3bc3-45de-8ae6-99fc7b8b35c2 c26e1bea72844b4fa2afd28abb2a9f03 2b43eefe57fe4a4798d2146efe13832c - - default default] 10.0.0.38 "DELETE /v2.0/security-groups/149fefcc-b1e7-4aab-9848-9c5ce51c2ff6 HTTP/1.1" status: 204 len: 168 time: 0.1919775
2026-06-25 23:36:03.812 9 INFO neutron.db.ovn_revision_numbers_db [None req-689039b1-cb74-468f-9ad3-f2823612ddec c26e1bea72844b4fa2afd28abb2a9f03 2b43eefe57fe4a4798d2146efe13832c - - default default] Successfully bumped revision number for resource 453a7078-1dc6-437a-85e1-22149f8e7257 (type: security_groups) to 1
2026-06-25 23:36:03.825 9 INFO neutron.db.ovn_revision_numbers_db [None req-689039b1-cb74-468f-9ad3-f2823612ddec c26e1bea72844b4fa2afd28abb2a9f03 2b43eefe57fe4a4798d2146efe13832c - - default default] Successfully bumped revision number for resource 12e7e224-ef22-4545-a024-b62feb95e870 (type: security_group_rules) to 0
2026-06-25 23:36:03.839 9 INFO neutron.db.ovn_revision_numbers_db [None req-689039b1-cb74-468f-9ad3-f2823612ddec c26e1bea72844b4fa2afd28abb2a9f03 2b43eefe57fe4a4798d2146efe13832c - - default default] Successfully bumped revision number for resource 27add4ef-3332-4cc9-b581-cf9fdabf2e8e (type: security_group_rules) to 0
2026-06-25 23:36:03.853 9 INFO neutron.db.ovn_revision_numbers_db [None req-689039b1-cb74-468f-9ad3-f2823612ddec c26e1bea72844b4fa2afd28abb2a9f03 2b43eefe57fe4a4798d2146efe13832c - - default default] Successfully bumped revision number for resource 52264cac-ce31-4f01-a16c-31cceb1cc133 (type: security_group_rules) to 0
2026-06-25 23:36:03.868 9 INFO neutron.db.ovn_revision_numbers_db [None req-689039b1-cb74-468f-9ad3-f2823612ddec c26e1bea72844b4fa2afd28abb2a9f03 2b43eefe57fe4a4798d2146efe13832c - - default default] Successfully bumped revision number for resource 8835e8b2-339f-43d2-acf4-58d8ddc1ade3 (type: security_group_rules) to 0
2026-06-25 23:36:03.891 9 INFO neutron.wsgi [None req-689039b1-cb74-468f-9ad3-f2823612ddec c26e1bea72844b4fa2afd28abb2a9f03 2b43eefe57fe4a4798d2146efe13832c - - default default] 10.0.0.38 "GET /v2.0/security-groups?tenant_id=07ced6de86ac435dbf6d24fd84c7e4d9&name=default HTTP/1.1" status: 200 len: 2996 time: 0.3939846
2026-06-25 23:36:04.087 9 INFO neutron.wsgi [None req-e5e3de42-7bc7-4d87-abbc-12986b4ae871 c26e1bea72844b4fa2afd28abb2a9f03 2b43eefe57fe4a4798d2146efe13832c - - default default] 10.0.0.38 "DELETE /v2.0/security-groups/453a7078-1dc6-437a-85e1-22149f8e7257 HTTP/1.1" status: 204 len: 168 time: 0.1927040
2026-06-25 23:36:05.537 10 INFO neutron.db.ovn_revision_numbers_db [None req-32eb8309-dc61-4441-b7d6-3f055cdce90f c97b761874b54308a86c23294623913d 1d266364d49f47ab8d29d39230a8d454 - - default default] Successfully bumped revision number for resource a0bc2196-3cf5-411e-b72e-256d2e5cb957 (type: security_groups) to 1
2026-06-25 23:36:05.556 10 INFO neutron.db.ovn_revision_numbers_db [None req-32eb8309-dc61-4441-b7d6-3f055cdce90f c97b761874b54308a86c23294623913d 1d266364d49f47ab8d29d39230a8d454 - - default default] Successfully bumped revision number for resource 203ae634-c287-47de-a242-aaf2d2478ee5 (type: security_group_rules) to 0
2026-06-25 23:36:05.574 10 INFO neutron.db.ovn_revision_numbers_db [None req-32eb8309-dc61-4441-b7d6-3f055cdce90f c97b761874b54308a86c23294623913d 1d266364d49f47ab8d29d39230a8d454 - - default default] Successfully bumped revision number for resource 412f97ab-dfc7-400e-9d2a-32544767ef18 (type: security_group_rules) to 0
2026-06-25 23:36:05.596 10 INFO neutron.db.ovn_revision_numbers_db [None req-32eb8309-dc61-4441-b7d6-3f055cdce90f c97b761874b54308a86c23294623913d 1d266364d49f47ab8d29d39230a8d454 - - default default] Successfully bumped revision number for resource 9cc08b6f-47cb-43a5-987a-6e930bd997ca (type: security_group_rules) to 0
2026-06-25 23:36:05.612 10 INFO neutron.db.ovn_revision_numbers_db [None req-32eb8309-dc61-4441-b7d6-3f055cdce90f c97b761874b54308a86c23294623913d 1d266364d49f47ab8d29d39230a8d454 - - default default] Successfully bumped revision number for resource cf3dc7ea-b6dc-433d-9ad1-feabf3b56f99 (type: security_group_rules) to 0
2026-06-25 23:36:05.670 10 INFO neutron.db.segments_db [None req-32eb8309-dc61-4441-b7d6-3f055cdce90f c97b761874b54308a86c23294623913d 1d266364d49f47ab8d29d39230a8d454 - - default default] Added segment a30c6ce7-bff6-4207-aa13-05421c66d6d8 of type geneve for network b00cdc90-16ea-4b79-abd7-8f36401cc279
2026-06-25 23:36:05.834 10 INFO neutron.db.ovn_revision_numbers_db [None req-32eb8309-dc61-4441-b7d6-3f055cdce90f c97b761874b54308a86c23294623913d 1d266364d49f47ab8d29d39230a8d454 - - default default] Successfully bumped revision number for resource b00cdc90-16ea-4b79-abd7-8f36401cc279 (type: networks) to 1
2026-06-25 23:36:05.845 9 INFO neutron.wsgi [req-4717a3a7-0afe-4e64-b347-16a86d61ae96 req-e2798838-5792-48cc-a667-fad01412ea81 fb40b85c4be44d2ba3cdbb8906922eee 5b348a9d28774d1a9926eabffd5e01e4 - - 2cd177c1069f466b8251a88850592d23 2cd177c1069f466b8251a88850592d23] 10.0.0.234 "GET /v2.0/ports?device_id=36dae568-3ff7-4e76-913c-083513f63623 HTTP/1.1" status: 200 len: 1413 time: 0.1416762
2026-06-25 23:36:05.891 9 INFO neutron.wsgi [req-4717a3a7-0afe-4e64-b347-16a86d61ae96 req-3120bc60-2b83-498f-97d8-d298413a923d fb40b85c4be44d2ba3cdbb8906922eee 5b348a9d28774d1a9926eabffd5e01e4 - - 2cd177c1069f466b8251a88850592d23 2cd177c1069f466b8251a88850592d23] 10.0.0.234 "GET /v2.0/security-groups?id=bf38b294-e728-4b69-acca-ed306052fc78&fields=id&fields=name HTTP/1.1" status: 200 len: 312 time: 0.0369768
2026-06-25 23:36:05.894 9 INFO neutron.db.ovn_revision_numbers_db [None req-732780d6-5ebf-478f-940d-28ec16d2f404 c26e1bea72844b4fa2afd28abb2a9f03 2b43eefe57fe4a4798d2146efe13832c - - default default] Successfully bumped revision number for resource 19687ca1-f902-48a9-8178-f09cd174dd87 (type: security_groups) to 1
2026-06-25 23:36:05.909 9 INFO neutron.db.ovn_revision_numbers_db [None req-732780d6-5ebf-478f-940d-28ec16d2f404 c26e1bea72844b4fa2afd28abb2a9f03 2b43eefe57fe4a4798d2146efe13832c - - default default] Successfully bumped revision number for resource 2be5b79c-0e68-4ed1-8b9d-0257c12c5a57 (type: security_group_rules) to 0
2026-06-25 23:36:05.927 9 INFO neutron.db.ovn_revision_numbers_db [None req-732780d6-5ebf-478f-940d-28ec16d2f404 c26e1bea72844b4fa2afd28abb2a9f03 2b43eefe57fe4a4798d2146efe13832c - - default default] Successfully bumped revision number for resource 769a14c0-c100-4628-8b81-5e8156f6c65a (type: security_group_rules) to 0
2026-06-25 23:36:05.945 9 INFO neutron.db.ovn_revision_numbers_db [None req-732780d6-5ebf-478f-940d-28ec16d2f404 c26e1bea72844b4fa2afd28abb2a9f03 2b43eefe57fe4a4798d2146efe13832c - - default default] Successfully bumped revision number for resource 7ac6ff49-c7ef-4488-9133-3150c76e85d7 (type: security_group_rules) to 0
2026-06-25 23:36:05.962 9 INFO neutron.db.ovn_revision_numbers_db [None req-732780d6-5ebf-478f-940d-28ec16d2f404 c26e1bea72844b4fa2afd28abb2a9f03 2b43eefe57fe4a4798d2146efe13832c - - default default] Successfully bumped revision number for resource a712d624-4ada-42b6-b79c-455d9dd6f8d7 (type: security_group_rules) to 0
2026-06-25 23:36:05.990 9 INFO neutron.wsgi [None req-732780d6-5ebf-478f-940d-28ec16d2f404 c26e1bea72844b4fa2afd28abb2a9f03 2b43eefe57fe4a4798d2146efe13832c - - default default] 10.0.0.38 "GET /v2.0/security-groups?tenant_id=fbe3166aeba840d48a77cb330477f00c&name=default HTTP/1.1" status: 200 len: 2996 time: 0.3683045
2026-06-25 23:36:06.022 10 WARNING neutron.scheduler.dhcp_agent_scheduler [None req-32eb8309-dc61-4441-b7d6-3f055cdce90f c97b761874b54308a86c23294623913d 1d266364d49f47ab8d29d39230a8d454 - - default default] No more DHCP agents
2026-06-25 23:36:06.028 10 WARNING neutron.api.rpc.agentnotifiers.dhcp_rpc_agent_api [None req-32eb8309-dc61-4441-b7d6-3f055cdce90f c97b761874b54308a86c23294623913d 1d266364d49f47ab8d29d39230a8d454 - - default default] Unable to schedule network b00cdc90-16ea-4b79-abd7-8f36401cc279: no agents available; will retry on subsequent port and subnet creation events.
2026-06-25 23:36:06.101 10 INFO neutron.db.ovn_revision_numbers_db [None req-32eb8309-dc61-4441-b7d6-3f055cdce90f c97b761874b54308a86c23294623913d 1d266364d49f47ab8d29d39230a8d454 - - default default] Successfully bumped revision number for resource 35b4922e-ede3-48c7-b8b1-ef9abc6a30d5 (type: ports) to 1
2026-06-25 23:36:06.121 10 INFO neutron.wsgi [None req-32eb8309-dc61-4441-b7d6-3f055cdce90f c97b761874b54308a86c23294623913d 1d266364d49f47ab8d29d39230a8d454 - - default default] 10.0.0.38 "POST /v2.0/networks HTTP/1.1" status: 201 len: 847 time: 0.8745162
2026-06-25 23:36:06.198 9 INFO neutron.wsgi [None req-a12cf036-8a8c-4f21-aa0c-a0adb9708923 c26e1bea72844b4fa2afd28abb2a9f03 2b43eefe57fe4a4798d2146efe13832c - - default default] 10.0.0.38 "DELETE /v2.0/security-groups/19687ca1-f902-48a9-8178-f09cd174dd87 HTTP/1.1" status: 204 len: 168 time: 0.2044733
2026-06-25 23:36:06.404 10 WARNING neutron.scheduler.dhcp_agent_scheduler [None req-f68e67c0-b0cf-4faf-9bbe-468084dbd534 c97b761874b54308a86c23294623913d 1d266364d49f47ab8d29d39230a8d454 - - default default] No more DHCP agents
2026-06-25 23:36:06.407 10 WARNING neutron.api.rpc.agentnotifiers.dhcp_rpc_agent_api [None req-f68e67c0-b0cf-4faf-9bbe-468084dbd534 c97b761874b54308a86c23294623913d 1d266364d49f47ab8d29d39230a8d454 - - default default] Unable to schedule network b00cdc90-16ea-4b79-abd7-8f36401cc279: no agents available; will retry on subsequent port and subnet creation events.
2026-06-25 23:36:06.503 10 INFO neutron.db.ovn_revision_numbers_db [None req-f68e67c0-b0cf-4faf-9bbe-468084dbd534 c97b761874b54308a86c23294623913d 1d266364d49f47ab8d29d39230a8d454 - - default default] Successfully bumped revision number for resource da1fe9ec-c053-4cc2-a3e7-0887dd402675 (type: ports) to 1
2026-06-25 23:36:06.527 10 INFO neutron.wsgi [None req-f68e67c0-b0cf-4faf-9bbe-468084dbd534 c97b761874b54308a86c23294623913d 1d266364d49f47ab8d29d39230a8d454 - - default default] 10.0.0.38 "POST /v2.0/ports HTTP/1.1" status: 201 len: 978 time: 0.3976712 /var/lib/openstack/lib/python3.10/site-packages/pycadf/identifier.py:71: UserWarning: Invalid uuid: neutron. To ensure interoperability, identifiers should be a valid uuid. warnings.warn(('Invalid uuid: %s. To ensure interoperability, '
2026-06-25 23:36:06.635 10 INFO neutron.db.segments_db [None req-57df998b-46ce-4c84-962f-41e106a8723d c97b761874b54308a86c23294623913d 1d266364d49f47ab8d29d39230a8d454 - - default default] Added segment b833bd8b-5faa-42b6-b4ab-b22fb180b307 of type geneve for network 976c752d-8c81-4b7e-a551-b7d56708072a
2026-06-25 23:36:06.807 10 INFO neutron.db.ovn_revision_numbers_db [None req-57df998b-46ce-4c84-962f-41e106a8723d c97b761874b54308a86c23294623913d 1d266364d49f47ab8d29d39230a8d454 - - default default] Successfully bumped revision number for resource 976c752d-8c81-4b7e-a551-b7d56708072a (type: networks) to 1
2026-06-25 23:36:06.991 10 WARNING neutron.scheduler.dhcp_agent_scheduler [None req-57df998b-46ce-4c84-962f-41e106a8723d c97b761874b54308a86c23294623913d 1d266364d49f47ab8d29d39230a8d454 - - default default] No more DHCP agents
2026-06-25 23:36:06.994 10 WARNING neutron.api.rpc.agentnotifiers.dhcp_rpc_agent_api [None req-57df998b-46ce-4c84-962f-41e106a8723d c97b761874b54308a86c23294623913d 1d266364d49f47ab8d29d39230a8d454 - - default default] Unable to schedule network 976c752d-8c81-4b7e-a551-b7d56708072a: no agents available; will retry on subsequent port and subnet creation events.
2026-06-25 23:36:07.091 10 INFO neutron.db.ovn_revision_numbers_db [None req-57df998b-46ce-4c84-962f-41e106a8723d c97b761874b54308a86c23294623913d 1d266364d49f47ab8d29d39230a8d454 - - default default] Successfully bumped revision number for resource b21047e0-7bcf-460a-82d9-24ceaa57ff69 (type: ports) to 1
2026-06-25 23:36:07.112 10 INFO neutron.wsgi [None req-57df998b-46ce-4c84-962f-41e106a8723d c97b761874b54308a86c23294623913d 1d266364d49f47ab8d29d39230a8d454 - - default default] 10.0.0.38 "POST /v2.0/networks HTTP/1.1" status: 201 len: 834 time: 0.5784030
2026-06-25 23:36:07.379 10 WARNING neutron.scheduler.dhcp_agent_scheduler [None req-6bb90b10-6eb1-4f45-8b0e-6b18e7a4cf4e c97b761874b54308a86c23294623913d 1d266364d49f47ab8d29d39230a8d454 - - default default] No more DHCP agents
2026-06-25 23:36:07.380 10 WARNING neutron.api.rpc.agentnotifiers.dhcp_rpc_agent_api [None req-6bb90b10-6eb1-4f45-8b0e-6b18e7a4cf4e c97b761874b54308a86c23294623913d 1d266364d49f47ab8d29d39230a8d454 - - default default] Unable to schedule network 976c752d-8c81-4b7e-a551-b7d56708072a: no agents available; will retry on subsequent port and subnet creation events.
2026-06-25 23:36:07.412 10 INFO neutron.db.ovn_revision_numbers_db [None req-6bb90b10-6eb1-4f45-8b0e-6b18e7a4cf4e c97b761874b54308a86c23294623913d 1d266364d49f47ab8d29d39230a8d454 - - default default] Successfully bumped revision number for resource 55fed96e-f577-4489-8104-f3d278c30037 (type: subnets) to 0
2026-06-25 23:36:07.439 10 INFO neutron.wsgi [None req-6bb90b10-6eb1-4f45-8b0e-6b18e7a4cf4e c97b761874b54308a86c23294623913d 1d266364d49f47ab8d29d39230a8d454 - - default default] 10.0.0.38 "POST /v2.0/subnets HTTP/1.1" status: 201 len: 821 time: 0.3223453
2026-06-25 23:36:07.690 9 INFO neutron.db.ovn_revision_numbers_db [None req-380d33a6-5a4b-4c39-bf83-4d83bea6e120 c26e1bea72844b4fa2afd28abb2a9f03 2b43eefe57fe4a4798d2146efe13832c - - default default] Successfully bumped revision number for resource 8965d053-fc68-4185-ad6c-124cfa46bc73 (type: security_groups) to 1
2026-06-25 23:36:07.732 9 INFO neutron.db.ovn_revision_numbers_db [None req-380d33a6-5a4b-4c39-bf83-4d83bea6e120 c26e1bea72844b4fa2afd28abb2a9f03 2b43eefe57fe4a4798d2146efe13832c - - default default] Successfully bumped revision number for resource 04713aed-0bc8-46d4-bea3-f7adb3bc6d36 (type: security_group_rules) to 0
2026-06-25 23:36:07.750 9 INFO neutron.db.ovn_revision_numbers_db [None req-380d33a6-5a4b-4c39-bf83-4d83bea6e120 c26e1bea72844b4fa2afd28abb2a9f03 2b43eefe57fe4a4798d2146efe13832c - - default default] Successfully bumped revision number for resource a34ac13c-66ba-45b4-aa20-3d9831eca24e (type: security_group_rules) to 0
2026-06-25 23:36:07.768 9 INFO neutron.db.ovn_revision_numbers_db [None req-380d33a6-5a4b-4c39-bf83-4d83bea6e120 c26e1bea72844b4fa2afd28abb2a9f03 2b43eefe57fe4a4798d2146efe13832c - - default default] Successfully bumped revision number for resource dbad0ed5-a2c3-400a-bdd0-33ccf0cae115 (type: security_group_rules) to 0
2026-06-25 23:36:07.792 9 INFO neutron.db.ovn_revision_numbers_db [None req-380d33a6-5a4b-4c39-bf83-4d83bea6e120 c26e1bea72844b4fa2afd28abb2a9f03 2b43eefe57fe4a4798d2146efe13832c - - default default] Successfully bumped revision number for resource e56eabb6-72ec-4c2c-b9cb-0289edbe4656 (type: security_group_rules) to 0
2026-06-25 23:36:07.825 9 INFO neutron.wsgi [None req-380d33a6-5a4b-4c39-bf83-4d83bea6e120 c26e1bea72844b4fa2afd28abb2a9f03 2b43eefe57fe4a4798d2146efe13832c - - default default] 10.0.0.38 "GET /v2.0/security-groups?tenant_id=f46e18a679fd44c38aea43e6410ddfef&name=default HTTP/1.1" status: 200 len: 2996 time: 0.5048387
2026-06-25 23:36:07.841 9 WARNING neutron.scheduler.dhcp_agent_scheduler [None req-4e3c1c68-084b-49b9-9ce4-21c3169c5daa c97b761874b54308a86c23294623913d 1d266364d49f47ab8d29d39230a8d454 - - default default] No more DHCP agents
2026-06-25 23:36:07.843 9 WARNING neutron.api.rpc.agentnotifiers.dhcp_rpc_agent_api [None req-4e3c1c68-084b-49b9-9ce4-21c3169c5daa c97b761874b54308a86c23294623913d 1d266364d49f47ab8d29d39230a8d454 - - default default] Unable to schedule network 976c752d-8c81-4b7e-a551-b7d56708072a: no agents available; will retry on subsequent port and subnet creation events.
2026-06-25 23:36:07.984 9 INFO neutron.db.ovn_revision_numbers_db [None req-4e3c1c68-084b-49b9-9ce4-21c3169c5daa c97b761874b54308a86c23294623913d 1d266364d49f47ab8d29d39230a8d454 - - default default] Successfully bumped revision number for resource 32292481-452f-4489-bd93-871f4db5f4d4 (type: ports) to 1
2026-06-25 23:36:08.013 9 INFO neutron.wsgi [None req-4e3c1c68-084b-49b9-9ce4-21c3169c5daa c97b761874b54308a86c23294623913d 1d266364d49f47ab8d29d39230a8d454 - - default default] 10.0.0.38 "POST /v2.0/ports HTTP/1.1" status: 201 len: 1161 time: 0.5686042
2026-06-25 23:36:08.103 10 INFO neutron.wsgi [None req-9ce25685-0f13-4e94-8d5a-01cff096c232 c26e1bea72844b4fa2afd28abb2a9f03 2b43eefe57fe4a4798d2146efe13832c - - default default] 10.0.0.38 "DELETE /v2.0/security-groups/8965d053-fc68-4185-ad6c-124cfa46bc73 HTTP/1.1" status: 204 len: 168 time: 0.2714057
2026-06-25 23:36:08.252 10 INFO neutron.wsgi [None req-f685c23a-6be7-4839-a7e5-6d4d82d6798e c97b761874b54308a86c23294623913d 1d266364d49f47ab8d29d39230a8d454 - - default default] 10.0.0.38 "DELETE /v2.0/ports/32292481-452f-4489-bd93-871f4db5f4d4 HTTP/1.1" status: 204 len: 168 time: 0.2336361
2026-06-25 23:36:08.268 10 INFO neutron.pecan_wsgi.hooks.translation [None req-56f77ed0-2999-4804-8429-9f8524f3d894 c97b761874b54308a86c23294623913d 1d266364d49f47ab8d29d39230a8d454 - - default default] DELETE failed (client error): The resource could not be found.
2026-06-25 23:36:08.270 10 INFO neutron.wsgi [None req-56f77ed0-2999-4804-8429-9f8524f3d894 c97b761874b54308a86c23294623913d 1d266364d49f47ab8d29d39230a8d454 - - default default] 10.0.0.38 "DELETE /v2.0/ports/32292481-452f-4489-bd93-871f4db5f4d4 HTTP/1.1" status: 404 len: 333 time: 0.0138834
2026-06-25 23:36:08.288 10 INFO neutron.pecan_wsgi.hooks.translation [None req-faafad21-1e37-46ed-81aa-92b89d793ff9 c97b761874b54308a86c23294623913d 1d266364d49f47ab8d29d39230a8d454 - - default default] GET failed (client error): The resource could not be found.
2026-06-25 23:36:08.289 10 INFO neutron.wsgi [None req-faafad21-1e37-46ed-81aa-92b89d793ff9 c97b761874b54308a86c23294623913d 1d266364d49f47ab8d29d39230a8d454 - - default default] 10.0.0.38 "GET /v2.0/ports/32292481-452f-4489-bd93-871f4db5f4d4 HTTP/1.1" status: 404 len: 333 time: 0.0132878
2026-06-25 23:36:08.499 10 INFO neutron.wsgi [None req-f95d2b1f-5339-4cb6-a178-adb13cf05eab c97b761874b54308a86c23294623913d 1d266364d49f47ab8d29d39230a8d454 - - default default] 10.0.0.38 "DELETE /v2.0/subnets/55fed96e-f577-4489-8104-f3d278c30037 HTTP/1.1" status: 204 len: 168 time: 0.2024670 /var/lib/openstack/lib/python3.10/site-packages/pycadf/identifier.py:71: UserWarning: Invalid uuid: neutron. To ensure interoperability, identifiers should be a valid uuid. warnings.warn(('Invalid uuid: %s. To ensure interoperability, '
2026-06-25 23:36:08.774 9 INFO neutron.db.ovn_revision_numbers_db [None req-3ea571c7-7557-48fe-a069-f82da135ef45 c26e1bea72844b4fa2afd28abb2a9f03 2b43eefe57fe4a4798d2146efe13832c - - default default] Successfully bumped revision number for resource 0aa25903-a9bf-467b-bb74-e55accb37c5d (type: security_groups) to 1
2026-06-25 23:36:08.798 9 INFO neutron.db.ovn_revision_numbers_db [None req-3ea571c7-7557-48fe-a069-f82da135ef45 c26e1bea72844b4fa2afd28abb2a9f03 2b43eefe57fe4a4798d2146efe13832c - - default default] Successfully bumped revision number for resource 307d7253-d49d-4a6e-aa8e-4da0c6e138ba (type: security_group_rules) to 0
2026-06-25 23:36:08.815 9 INFO neutron.db.ovn_revision_numbers_db [None req-3ea571c7-7557-48fe-a069-f82da135ef45 c26e1bea72844b4fa2afd28abb2a9f03 2b43eefe57fe4a4798d2146efe13832c - - default default] Successfully bumped revision number for resource 52be48cf-c157-4ab3-bcba-834f26ad490e (type: security_group_rules) to 0
2026-06-25 23:36:08.830 9 INFO neutron.db.ovn_revision_numbers_db [None req-3ea571c7-7557-48fe-a069-f82da135ef45 c26e1bea72844b4fa2afd28abb2a9f03 2b43eefe57fe4a4798d2146efe13832c - - default default] Successfully bumped revision number for resource 5de37ce2-4d09-4c92-a648-6efe8ef6ce17 (type: security_group_rules) to 0
2026-06-25 23:36:08.863 9 INFO neutron.db.ovn_revision_numbers_db [None req-3ea571c7-7557-48fe-a069-f82da135ef45 c26e1bea72844b4fa2afd28abb2a9f03 2b43eefe57fe4a4798d2146efe13832c - - default default] Successfully bumped revision number for resource fa75f87e-f7be-464e-b737-8fd43654accc (type: security_group_rules) to 0
2026-06-25 23:36:08.884 10 INFO neutron.services.segments.plugin [-] Segment b833bd8b-5faa-42b6-b4ab-b22fb180b307 resource provider aggregate not found
2026-06-25 23:36:08.894 9 INFO neutron.wsgi [None req-3ea571c7-7557-48fe-a069-f82da135ef45 c26e1bea72844b4fa2afd28abb2a9f03 2b43eefe57fe4a4798d2146efe13832c - - default default] 10.0.0.38 "GET /v2.0/security-groups?tenant_id=dd02fbdaf35c4e88a26078177dfe6013&name=default HTTP/1.1" status: 200 len: 2996 time: 0.3901494
2026-06-25 23:36:08.897 10 INFO neutron.services.segments.plugin [-] Segment b833bd8b-5faa-42b6-b4ab-b22fb180b307 resource provider aggregate not found
2026-06-25 23:36:08.905 10 INFO neutron.services.segments.plugin [-] Segment b833bd8b-5faa-42b6-b4ab-b22fb180b307 resource provider not found; error: Placement Client Error (4xx): {"errors": [{"status": 404, "title": "Not Found", "detail": "The resource could not be found.\n\n No resource provider with uuid b833bd8b-5faa-42b6-b4ab-b22fb180b307 found for delete ", "request_id": "req-5964b634-47ba-4e6e-86a9-a9adde3aca51"}]}
2026-06-25 23:36:08.928 10 INFO neutron.wsgi [None req-118099d9-547f-4cbb-bc44-893fa182c81c c97b761874b54308a86c23294623913d 1d266364d49f47ab8d29d39230a8d454 - - default default] 10.0.0.38 "DELETE /v2.0/networks/976c752d-8c81-4b7e-a551-b7d56708072a HTTP/1.1" status: 204 len: 168 time: 0.4254465
2026-06-25 23:36:08.930 10 INFO neutron.services.segments.plugin [-] Segment b833bd8b-5faa-42b6-b4ab-b22fb180b307 resource provider not found; error: Placement Client Error (4xx): {"errors": [{"status": 404, "title": "Not Found", "detail": "The resource could not be found.\n\n No resource provider with uuid b833bd8b-5faa-42b6-b4ab-b22fb180b307 found for delete ", "request_id": "req-6db6d2ee-0fab-48c4-8bd9-63a5172bed6d"}]}
2026-06-25 23:36:09.030 10 INFO neutron.db.segments_db [None req-91a5983e-70b3-4da2-91bc-6babafc66e76 c97b761874b54308a86c23294623913d 1d266364d49f47ab8d29d39230a8d454 - - default default] Added segment 90ab0018-079a-42b8-a688-b83e4066362c of type geneve for network e19501af-f81c-4dac-b722-0cc8b0326ea1
2026-06-25 23:36:09.121 9 INFO neutron.wsgi [None req-1371c6bd-208b-4272-9136-07d135a785b1 c26e1bea72844b4fa2afd28abb2a9f03 2b43eefe57fe4a4798d2146efe13832c - - default default] 10.0.0.38 "DELETE /v2.0/security-groups/0aa25903-a9bf-467b-bb74-e55accb37c5d HTTP/1.1" status: 204 len: 168 time: 0.2189078
2026-06-25 23:36:09.163 10 INFO neutron.db.ovn_revision_numbers_db [None req-91a5983e-70b3-4da2-91bc-6babafc66e76 c97b761874b54308a86c23294623913d 1d266364d49f47ab8d29d39230a8d454 - - default default] Successfully bumped revision number for resource e19501af-f81c-4dac-b722-0cc8b0326ea1 (type: networks) to 1
2026-06-25 23:36:09.353 10 WARNING neutron.scheduler.dhcp_agent_scheduler [None req-91a5983e-70b3-4da2-91bc-6babafc66e76 c97b761874b54308a86c23294623913d 1d266364d49f47ab8d29d39230a8d454 - - default default] No more DHCP agents
2026-06-25 23:36:09.356 10 WARNING neutron.api.rpc.agentnotifiers.dhcp_rpc_agent_api [None req-91a5983e-70b3-4da2-91bc-6babafc66e76 c97b761874b54308a86c23294623913d 1d266364d49f47ab8d29d39230a8d454 - - default default] Unable to schedule network e19501af-f81c-4dac-b722-0cc8b0326ea1: no agents available; will retry on subsequent port and subnet creation events.
2026-06-25 23:36:09.457 10 INFO neutron.db.ovn_revision_numbers_db [None req-91a5983e-70b3-4da2-91bc-6babafc66e76 c97b761874b54308a86c23294623913d 1d266364d49f47ab8d29d39230a8d454 - - default default] Successfully bumped revision number for resource 8ea7bd22-a783-4b08-98e6-7061e8ceb3d5 (type: ports) to 1
2026-06-25 23:36:09.482 10 INFO neutron.wsgi [None req-91a5983e-70b3-4da2-91bc-6babafc66e76 c97b761874b54308a86c23294623913d 1d266364d49f47ab8d29d39230a8d454 - - default default] 10.0.0.38 "POST /v2.0/networks HTTP/1.1" status: 201 len: 835 time: 0.5489259
2026-06-25 23:36:09.743 10 WARNING neutron.scheduler.dhcp_agent_scheduler [None req-3625c463-0737-4888-b703-aa8a9a3d4ffe c97b761874b54308a86c23294623913d 1d266364d49f47ab8d29d39230a8d454 - - default default] No more DHCP agents
2026-06-25 23:36:09.752 10 WARNING neutron.api.rpc.agentnotifiers.dhcp_rpc_agent_api [None req-3625c463-0737-4888-b703-aa8a9a3d4ffe c97b761874b54308a86c23294623913d 1d266364d49f47ab8d29d39230a8d454 - - default default] Unable to schedule network e19501af-f81c-4dac-b722-0cc8b0326ea1: no agents available; will retry on subsequent port and subnet creation events.
2026-06-25 23:36:09.783 9 INFO neutron.wsgi [req-e3ad19d1-53ed-4050-b9d8-62285d89778c req-1f5496cf-f411-4304-a4f7-e59e0db07232 0e174cb8832649e58e2650b42fb41b43 cc6407ecf39940c3a4a2facb0a704206 - - default default] 10.0.0.226 "GET /v2.0/ports?device_id=36dae568-3ff7-4e76-913c-083513f63623 HTTP/1.1" status: 200 len: 1174 time: 0.1422818
2026-06-25 23:36:09.828 9 INFO neutron.wsgi [req-e3ad19d1-53ed-4050-b9d8-62285d89778c req-b9bda944-8a8f-4528-940f-328754d75674 0e174cb8832649e58e2650b42fb41b43 cc6407ecf39940c3a4a2facb0a704206 - - default default] 10.0.0.226 "GET /v2.0/security-groups?id=bf38b294-e728-4b69-acca-ed306052fc78&fields=id&fields=name HTTP/1.1" status: 200 len: 312 time: 0.0390823
2026-06-25 23:36:09.971 10 INFO neutron.db.ovn_revision_numbers_db [None req-3625c463-0737-4888-b703-aa8a9a3d4ffe c97b761874b54308a86c23294623913d 1d266364d49f47ab8d29d39230a8d454 - - default default] Successfully bumped revision number for resource cf712d1b-70e1-47cc-b915-0911cb4d20dc (type: subnets) to 0
2026-06-25 23:36:09.993 10 INFO neutron.wsgi [None req-3625c463-0737-4888-b703-aa8a9a3d4ffe c97b761874b54308a86c23294623913d 1d266364d49f47ab8d29d39230a8d454 - - default default] 10.0.0.38 "POST /v2.0/subnets HTTP/1.1" status: 201 len: 821 time: 0.5056441
2026-06-25 23:36:10.039 10 INFO neutron.wsgi [req-50db9048-98b4-4feb-94d4-285bd03b843e req-943d35c9-306f-40ec-b097-45394f49071d 0e174cb8832649e58e2650b42fb41b43 cc6407ecf39940c3a4a2facb0a704206 - - default default] 10.0.0.226 "GET /v2.0/ports?device_id=36dae568-3ff7-4e76-913c-083513f63623 HTTP/1.1" status: 200 len: 1174 time: 0.0984108
2026-06-25 23:36:10.087 10 INFO neutron.wsgi [req-50db9048-98b4-4feb-94d4-285bd03b843e req-52e687b7-9f48-48a1-afcf-8b0cc6f0e72f 0e174cb8832649e58e2650b42fb41b43 cc6407ecf39940c3a4a2facb0a704206 - - default default] 10.0.0.226 "GET /v2.0/security-groups?id=bf38b294-e728-4b69-acca-ed306052fc78&fields=id&fields=name HTTP/1.1" status: 200 len: 312 time: 0.0400910
2026-06-25 23:36:10.300 10 WARNING neutron.scheduler.dhcp_agent_scheduler [None req-efe36a79-fca6-4487-ac3d-fb0214a3eacf c97b761874b54308a86c23294623913d 1d266364d49f47ab8d29d39230a8d454 - - default default] No more DHCP agents
2026-06-25 23:36:10.301 10 WARNING neutron.api.rpc.agentnotifiers.dhcp_rpc_agent_api [None req-efe36a79-fca6-4487-ac3d-fb0214a3eacf c97b761874b54308a86c23294623913d 1d266364d49f47ab8d29d39230a8d454 - - default default] Unable to schedule network e19501af-f81c-4dac-b722-0cc8b0326ea1: no agents available; will retry on subsequent port and subnet creation events.
2026-06-25 23:36:10.447 10 INFO neutron.db.ovn_revision_numbers_db [None req-efe36a79-fca6-4487-ac3d-fb0214a3eacf c97b761874b54308a86c23294623913d 1d266364d49f47ab8d29d39230a8d454 - - default default] Successfully bumped revision number for resource 45c11a38-a5f0-409c-8432-5e257dbfb1b2 (type: ports) to 1
2026-06-25 23:36:10.473 10 INFO neutron.wsgi [None req-efe36a79-fca6-4487-ac3d-fb0214a3eacf c97b761874b54308a86c23294623913d 1d266364d49f47ab8d29d39230a8d454 - - default default] 10.0.0.38 "POST /v2.0/ports HTTP/1.1" status: 201 len: 1127 time: 0.4753356
2026-06-25 23:36:10.513 10 INFO neutron.wsgi [req-c86c25b8-07e3-4c47-ab13-cf5641d2be75 req-6fee8b9f-1846-4ae4-bac6-368e7c06eb31 0e174cb8832649e58e2650b42fb41b43 cc6407ecf39940c3a4a2facb0a704206 - - default default] 10.0.0.226 "GET /v2.0/ports?device_id=36dae568-3ff7-4e76-913c-083513f63623 HTTP/1.1" status: 200 len: 1174 time: 0.0360668
2026-06-25 23:36:10.528 9 INFO neutron.wsgi [req-a39b2b3e-ed21-4055-be14-4eaeed9cfa70 req-bf257292-8ad3-4142-863f-552fd63661ba fb40b85c4be44d2ba3cdbb8906922eee 5b348a9d28774d1a9926eabffd5e01e4 - - 2cd177c1069f466b8251a88850592d23 2cd177c1069f466b8251a88850592d23] 199.204.45.4 "GET /v2.0/ports?tenant_id=cc6407ecf39940c3a4a2facb0a704206&device_id=36dae568-3ff7-4e76-913c-083513f63623 HTTP/1.1" status: 200 len: 1413 time: 0.0461617
2026-06-25 23:36:10.554 10 INFO neutron.wsgi [req-c86c25b8-07e3-4c47-ab13-cf5641d2be75 req-4b5836dc-6a95-4af8-8464-3cf7176fb256 0e174cb8832649e58e2650b42fb41b43 cc6407ecf39940c3a4a2facb0a704206 - - default default] 10.0.0.226 "GET /v2.0/security-groups?id=bf38b294-e728-4b69-acca-ed306052fc78&fields=id&fields=name HTTP/1.1" status: 200 len: 312 time: 0.0328295
2026-06-25 23:36:10.620 9 INFO neutron.wsgi [req-a39b2b3e-ed21-4055-be14-4eaeed9cfa70 req-e2025e32-f39a-4030-b922-829f1346ff12 fb40b85c4be44d2ba3cdbb8906922eee 5b348a9d28774d1a9926eabffd5e01e4 - - 2cd177c1069f466b8251a88850592d23 2cd177c1069f466b8251a88850592d23] 199.204.45.4 "GET /v2.0/networks?id=b79516eb-7d1e-4780-b8d1-df2d4b6604e3 HTTP/1.1" status: 200 len: 974 time: 0.0853903
2026-06-25 23:36:10.685 9 INFO neutron.wsgi [req-a39b2b3e-ed21-4055-be14-4eaeed9cfa70 req-0659e5c0-9a3c-4eec-a01b-8436de002f75 fb40b85c4be44d2ba3cdbb8906922eee 5b348a9d28774d1a9926eabffd5e01e4 - - 2cd177c1069f466b8251a88850592d23 2cd177c1069f466b8251a88850592d23] 199.204.45.4 "GET /v2.0/floatingips?fixed_ip_address=10.100.0.12&port_id=c04f0c0e-f73a-4aa1-bef0-d693d17b831f HTTP/1.1" status: 200 len: 1060 time: 0.0579243
2026-06-25 23:36:10.724 9 INFO neutron.wsgi [req-a39b2b3e-ed21-4055-be14-4eaeed9cfa70 req-5e4bfb8a-678f-44dc-a078-faccdead56c8 fb40b85c4be44d2ba3cdbb8906922eee 5b348a9d28774d1a9926eabffd5e01e4 - - 2cd177c1069f466b8251a88850592d23 2cd177c1069f466b8251a88850592d23] 199.204.45.4 "GET /v2.0/subnets?id=99e803d2-1f8d-42c6-9f7b-433913224700 HTTP/1.1" status: 200 len: 869 time: 0.0342050
2026-06-25 23:36:10.747 9 INFO neutron.wsgi [req-a39b2b3e-ed21-4055-be14-4eaeed9cfa70 req-c83c28d9-92ce-4d79-bb14-887b56af32f0 fb40b85c4be44d2ba3cdbb8906922eee 5b348a9d28774d1a9926eabffd5e01e4 - - 2cd177c1069f466b8251a88850592d23 2cd177c1069f466b8251a88850592d23] 199.204.45.4 "GET /v2.0/ports?network_id=b79516eb-7d1e-4780-b8d1-df2d4b6604e3&device_owner=network%3Adhcp HTTP/1.1" status: 200 len: 210 time: 0.0174692
2026-06-25 23:36:11.036 9 INFO neutron.wsgi [None req-25207f1b-6a4e-426e-a3d2-725edab8da8c c97b761874b54308a86c23294623913d 1d266364d49f47ab8d29d39230a8d454 - - default default] 10.0.0.38 "DELETE /v2.0/ports/45c11a38-a5f0-409c-8432-5e257dbfb1b2 HTTP/1.1" status: 204 len: 168 time: 0.5555515
2026-06-25 23:36:11.038 9 INFO neutron.wsgi [req-a39b2b3e-ed21-4055-be14-4eaeed9cfa70 req-bfa993aa-5d73-4568-b546-97e40216b303 fb40b85c4be44d2ba3cdbb8906922eee 5b348a9d28774d1a9926eabffd5e01e4 - - 2cd177c1069f466b8251a88850592d23 2cd177c1069f466b8251a88850592d23] 199.204.45.4 "GET /v2.0/networks/b79516eb-7d1e-4780-b8d1-df2d4b6604e3?fields=segments HTTP/1.1" status: 200 len: 212 time: 0.2807040
2026-06-25 23:36:11.059 10 INFO neutron.pecan_wsgi.hooks.translation [None req-ab0dd9fc-997a-4489-919c-078fe727ca6b c97b761874b54308a86c23294623913d 1d266364d49f47ab8d29d39230a8d454 - - default default] GET failed (client error): The resource could not be found.
2026-06-25 23:36:11.061 10 INFO neutron.wsgi [None req-ab0dd9fc-997a-4489-919c-078fe727ca6b c97b761874b54308a86c23294623913d 1d266364d49f47ab8d29d39230a8d454 - - default default] 10.0.0.38 "GET /v2.0/ports/45c11a38-a5f0-409c-8432-5e257dbfb1b2 HTTP/1.1" status: 404 len: 333 time: 0.0189295
2026-06-25 23:36:11.099 9 INFO neutron.wsgi [req-a39b2b3e-ed21-4055-be14-4eaeed9cfa70 req-495f9e43-32b1-4c63-a409-24e2791e9f91 fb40b85c4be44d2ba3cdbb8906922eee 5b348a9d28774d1a9926eabffd5e01e4 - - 2cd177c1069f466b8251a88850592d23 2cd177c1069f466b8251a88850592d23] 199.204.45.4 "GET /v2.0/networks/b79516eb-7d1e-4780-b8d1-df2d4b6604e3?fields=provider%3Aphysical_network&fields=provider%3Anetwork_type HTTP/1.1" status: 200 len: 277 time: 0.0560884
2026-06-25 23:36:11.292 10 INFO neutron.db.ovn_revision_numbers_db [None req-b6c00111-3779-49e5-86db-7919822beaf8 c26e1bea72844b4fa2afd28abb2a9f03 2b43eefe57fe4a4798d2146efe13832c - - default default] Successfully bumped revision number for resource 78d50d7c-85cd-4b15-a3f6-5813a4594316 (type: security_groups) to 1
2026-06-25 23:36:11.296 10 INFO neutron.wsgi [None req-0ac58443-0385-4340-be54-19d8e5c6c856 c97b761874b54308a86c23294623913d 1d266364d49f47ab8d29d39230a8d454 - - default default] 10.0.0.38 "DELETE /v2.0/subnets/cf712d1b-70e1-47cc-b915-0911cb4d20dc HTTP/1.1" status: 204 len: 168 time: 0.2300341
2026-06-25 23:36:11.298 9 INFO neutron.plugins.ml2.drivers.ovn.mech_driver.mech_driver [None req-7a5e1d94-c38d-4d8c-b2e1-348cd0aab4a8 - - - - - -] OVN reports status down for port: c04f0c0e-f73a-4aa1-bef0-d693d17b831f
2026-06-25 23:36:11.321 10 INFO neutron.db.ovn_revision_numbers_db [None req-b6c00111-3779-49e5-86db-7919822beaf8 c26e1bea72844b4fa2afd28abb2a9f03 2b43eefe57fe4a4798d2146efe13832c - - default default] Successfully bumped revision number for resource 02ce2361-b91a-4f35-acf4-8c9af6b2b883 (type: security_group_rules) to 0
2026-06-25 23:36:11.341 10 INFO neutron.db.ovn_revision_numbers_db [None req-b6c00111-3779-49e5-86db-7919822beaf8 c26e1bea72844b4fa2afd28abb2a9f03 2b43eefe57fe4a4798d2146efe13832c - - default default] Successfully bumped revision number for resource 0abe0829-1e73-4c6a-a833-8d5d32a8995c (type: security_group_rules) to 0
2026-06-25 23:36:11.359 10 INFO neutron.db.ovn_revision_numbers_db [None req-b6c00111-3779-49e5-86db-7919822beaf8 c26e1bea72844b4fa2afd28abb2a9f03 2b43eefe57fe4a4798d2146efe13832c - - default default] Successfully bumped revision number for resource a66bd358-5598-4876-ac49-9f5e078ff22c (type: security_group_rules) to 0
2026-06-25 23:36:11.380 10 INFO neutron.db.ovn_revision_numbers_db [None req-b6c00111-3779-49e5-86db-7919822beaf8 c26e1bea72844b4fa2afd28abb2a9f03 2b43eefe57fe4a4798d2146efe13832c - - default default] Successfully bumped revision number for resource ec02da87-8eef-45a5-9ca0-65a11f8089d7 (type: security_group_rules) to 0
2026-06-25 23:36:11.440 9 INFO neutron.notifiers.nova [-] Nova event matching ['req-7e15c234-7318-48f8-9149-a5f09a035e1f'] response: {'server_uuid': '36dae568-3ff7-4e76-913c-083513f63623', 'name': 'network-vif-unplugged', 'status': 'completed', 'tag': 'c04f0c0e-f73a-4aa1-bef0-d693d17b831f', 'code': 200}
2026-06-25 23:36:11.449 10 INFO neutron.db.segments_db [None req-b6c00111-3779-49e5-86db-7919822beaf8 c26e1bea72844b4fa2afd28abb2a9f03 2b43eefe57fe4a4798d2146efe13832c - - default default] Added segment 34f31ad5-fb41-425b-8124-e41996d4053a of type geneve for network ef8503d5-367d-4658-9a3c-4753cef031db
2026-06-25 23:36:11.607 9 INFO neutron.db.ovn_revision_numbers_db [None req-7a5e1d94-c38d-4d8c-b2e1-348cd0aab4a8 - - - - - -] Successfully bumped revision number for resource c04f0c0e-f73a-4aa1-bef0-d693d17b831f (type: ports) to 5
2026-06-25 23:36:11.676 10 INFO neutron.db.ovn_revision_numbers_db [None req-b6c00111-3779-49e5-86db-7919822beaf8 c26e1bea72844b4fa2afd28abb2a9f03 2b43eefe57fe4a4798d2146efe13832c - - default default] Successfully bumped revision number for resource ef8503d5-367d-4658-9a3c-4753cef031db (type: networks) to 1
2026-06-25 23:36:11.702 10 INFO neutron.wsgi [req-78ab7632-bd26-45ed-9bf5-a592562a8205 req-ac44db14-2288-413a-920e-e83410bc55ad 0e174cb8832649e58e2650b42fb41b43 cc6407ecf39940c3a4a2facb0a704206 - - default default] 10.0.0.226 "GET /v2.0/ports?device_id=36dae568-3ff7-4e76-913c-083513f63623 HTTP/1.1" status: 200 len: 1172 time: 0.0746160
2026-06-25 23:36:11.777 10 INFO neutron.wsgi [req-78ab7632-bd26-45ed-9bf5-a592562a8205 req-521ed5e9-dcd7-4f24-aabf-24a67dfa22df 0e174cb8832649e58e2650b42fb41b43 cc6407ecf39940c3a4a2facb0a704206 - - default default] 10.0.0.226 "GET /v2.0/security-groups?id=bf38b294-e728-4b69-acca-ed306052fc78&fields=id&fields=name HTTP/1.1" status: 200 len: 312 time: 0.0641572
2026-06-25 23:36:11.822 10 INFO neutron.services.segments.plugin [-] Segment 90ab0018-079a-42b8-a688-b83e4066362c resource provider aggregate not found
2026-06-25 23:36:11.829 10 INFO neutron.services.segments.plugin [-] Segment 90ab0018-079a-42b8-a688-b83e4066362c resource provider aggregate not found
2026-06-25 23:36:11.849 10 INFO neutron.services.segments.plugin [-] Segment 90ab0018-079a-42b8-a688-b83e4066362c resource provider not found; error: Placement Client Error (4xx): {"errors": [{"status": 404, "title": "Not Found", "detail": "The resource could not be found.\n\n No resource provider with uuid 90ab0018-079a-42b8-a688-b83e4066362c found for delete ", "request_id": "req-448fe485-7b8e-43e2-bc86-4d87ac3ca604"}]}
2026-06-25 23:36:11.855 10 INFO neutron.services.segments.plugin [-] Segment 90ab0018-079a-42b8-a688-b83e4066362c resource provider not found; error: Placement Client Error (4xx): {"errors": [{"status": 404, "title": "Not Found", "detail": "The resource could not be found.\n\n No resource provider with uuid 90ab0018-079a-42b8-a688-b83e4066362c found for delete ", "request_id": "req-6d549fc2-5625-4a32-9482-cc4b15db51ba"}]}
2026-06-25 23:36:11.891 10 INFO neutron.wsgi [None req-7692aac1-7b62-4ac2-8fbe-99771dc0170d c97b761874b54308a86c23294623913d 1d266364d49f47ab8d29d39230a8d454 - - default default] 10.0.0.38 "DELETE /v2.0/networks/e19501af-f81c-4dac-b722-0cc8b0326ea1 HTTP/1.1" status: 204 len: 168 time: 0.5869930
2026-06-25 23:36:11.903 9 INFO neutron.plugins.ml2.drivers.ovn.mech_driver.mech_driver [None req-7a5e1d94-c38d-4d8c-b2e1-348cd0aab4a8 - - - - - -] OVN reports status up for port: c04f0c0e-f73a-4aa1-bef0-d693d17b831f
2026-06-25 23:36:11.923 9 INFO neutron.plugins.ml2.plugin [None req-7a5e1d94-c38d-4d8c-b2e1-348cd0aab4a8 - - - - - -] Attempt 1 to provision port c04f0c0e-f73a-4aa1-bef0-d693d17b831f
2026-06-25 23:36:11.976 10 WARNING neutron.scheduler.dhcp_agent_scheduler [None req-b6c00111-3779-49e5-86db-7919822beaf8 c26e1bea72844b4fa2afd28abb2a9f03 2b43eefe57fe4a4798d2146efe13832c - - default default] No more DHCP agents
2026-06-25 23:36:11.980 10 WARNING neutron.api.rpc.agentnotifiers.dhcp_rpc_agent_api [None req-b6c00111-3779-49e5-86db-7919822beaf8 c26e1bea72844b4fa2afd28abb2a9f03 2b43eefe57fe4a4798d2146efe13832c - - default default] Unable to schedule network ef8503d5-367d-4658-9a3c-4753cef031db: no agents available; will retry on subsequent port and subnet creation events.
2026-06-25 23:36:12.108 10 INFO neutron.db.ovn_revision_numbers_db [None req-b6c00111-3779-49e5-86db-7919822beaf8 c26e1bea72844b4fa2afd28abb2a9f03 2b43eefe57fe4a4798d2146efe13832c - - default default] Successfully bumped revision number for resource 1052d61b-dc22-40e0-bf57-645ee6b1c07b (type: ports) to 1
2026-06-25 23:36:12.149 10 INFO neutron.wsgi [None req-b6c00111-3779-49e5-86db-7919822beaf8 c26e1bea72844b4fa2afd28abb2a9f03 2b43eefe57fe4a4798d2146efe13832c - - default default] 10.0.0.38 "POST /v2.0/networks HTTP/1.1" status: 201 len: 942 time: 1.2080951 /var/lib/openstack/lib/python3.10/site-packages/pycadf/identifier.py:71: UserWarning: Invalid uuid: neutron. To ensure interoperability, identifiers should be a valid uuid. warnings.warn(('Invalid uuid: %s. To ensure interoperability, '
2026-06-25 23:36:12.233 9 INFO neutron.db.ovn_revision_numbers_db [None req-7a5e1d94-c38d-4d8c-b2e1-348cd0aab4a8 - - - - - -] Successfully bumped revision number for resource c04f0c0e-f73a-4aa1-bef0-d693d17b831f (type: ports) to 6
2026-06-25 23:36:12.261 10 WARNING neutron.scheduler.dhcp_agent_scheduler [None req-687d4862-bc2e-4b2b-a56f-99dfbb15a8e4 c97b761874b54308a86c23294623913d 1d266364d49f47ab8d29d39230a8d454 - - default default] No more DHCP agents
2026-06-25 23:36:12.264 10 WARNING neutron.api.rpc.agentnotifiers.dhcp_rpc_agent_api [None req-687d4862-bc2e-4b2b-a56f-99dfbb15a8e4 c97b761874b54308a86c23294623913d 1d266364d49f47ab8d29d39230a8d454 - - default default] Unable to schedule network b00cdc90-16ea-4b79-abd7-8f36401cc279: no agents available; will retry on subsequent port and subnet creation events.
2026-06-25 23:36:12.344 9 WARNING neutron.scheduler.dhcp_agent_scheduler [None req-2ba88764-42bc-476d-96dd-a310230b4a5b c26e1bea72844b4fa2afd28abb2a9f03 2b43eefe57fe4a4798d2146efe13832c - - default default] No more DHCP agents
2026-06-25 23:36:12.347 9 WARNING neutron.api.rpc.agentnotifiers.dhcp_rpc_agent_api [None req-2ba88764-42bc-476d-96dd-a310230b4a5b c26e1bea72844b4fa2afd28abb2a9f03 2b43eefe57fe4a4798d2146efe13832c - - default default] Unable to schedule network ef8503d5-367d-4658-9a3c-4753cef031db: no agents available; will retry on subsequent port and subnet creation events.
2026-06-25 23:36:12.351 10 INFO neutron.db.ovn_revision_numbers_db [None req-687d4862-bc2e-4b2b-a56f-99dfbb15a8e4 c97b761874b54308a86c23294623913d 1d266364d49f47ab8d29d39230a8d454 - - default default] Successfully bumped revision number for resource f5cb7a58-4aef-40c3-9fc5-6aedc4ff806c (type: ports) to 1
2026-06-25 23:36:12.380 10 INFO neutron.wsgi [None req-687d4862-bc2e-4b2b-a56f-99dfbb15a8e4 c97b761874b54308a86c23294623913d 1d266364d49f47ab8d29d39230a8d454 - - default default] 10.0.0.38 "POST /v2.0/ports HTTP/1.1" status: 201 len: 977 time: 0.4794161 /var/lib/openstack/lib/python3.10/site-packages/pycadf/identifier.py:71: UserWarning: Invalid uuid: neutron. To ensure interoperability, identifiers should be a valid uuid. warnings.warn(('Invalid uuid: %s. To ensure interoperability, '
2026-06-25 23:36:12.667 10 INFO neutron.plugins.ml2.drivers.ovn.mech_driver.mech_driver [None req-4d68a1e5-3384-4428-ac89-218fdb8c7b19 - - - - - -] OVN reports status down for port: f5cb7a58-4aef-40c3-9fc5-6aedc4ff806c
2026-06-25 23:36:12.707 10 INFO neutron.db.ovn_revision_numbers_db [None req-99288bcf-cc2a-4150-8049-c52ac6783c15 c97b761874b54308a86c23294623913d 1d266364d49f47ab8d29d39230a8d454 - - default default] Successfully bumped revision number for resource f5cb7a58-4aef-40c3-9fc5-6aedc4ff806c (type: ports) to 2
2026-06-25 23:36:12.717 10 INFO neutron.wsgi [None req-99288bcf-cc2a-4150-8049-c52ac6783c15 c97b761874b54308a86c23294623913d 1d266364d49f47ab8d29d39230a8d454 - - default default] 10.0.0.38 "PUT /v2.0/ports/f5cb7a58-4aef-40c3-9fc5-6aedc4ff806c HTTP/1.1" status: 200 len: 946 time: 0.3293066 /var/lib/openstack/lib/python3.10/site-packages/pycadf/identifier.py:71: UserWarning: Invalid uuid: neutron. To ensure interoperability, identifiers should be a valid uuid. warnings.warn(('Invalid uuid: %s. To ensure interoperability, ' /var/lib/openstack/lib/python3.10/site-packages/pycadf/identifier.py:71: UserWarning: Invalid uuid: neutron. To ensure interoperability, identifiers should be a valid uuid. warnings.warn(('Invalid uuid: %s. To ensure interoperability, '
