2026-06-25 23:37:55.513 9 INFO neutron.wsgi [None req-90f2b9d7-dc35-4559-a4c1-f5dde2a63926 606fe5c2543448f9ad77f73e9a1c6829 efabc6a8f2e2479da7775ddaefed191f - - default default] 10.0.0.38 "GET /v2.0/ports/5a675f92-dec6-4675-812a-71d5bafaf2c8 HTTP/1.1" status: 200 len: 1137 time: 0.0307624
2026-06-25 23:37:55.677 10 INFO neutron.wsgi [None req-f0be6c2c-c442-4597-8e36-7e72692c3fc7 c26e1bea72844b4fa2afd28abb2a9f03 2b43eefe57fe4a4798d2146efe13832c - - default default] 10.0.0.38 "DELETE /v2.0/security-groups/95b19c46-00c2-4286-ab38-a3bfe8f5f724 HTTP/1.1" status: 204 len: 168 time: 0.1834185
2026-06-25 23:37:56.183 9 INFO neutron.wsgi [None req-11eeef80-9c22-4f82-93a3-8db22206fa4e 606fe5c2543448f9ad77f73e9a1c6829 efabc6a8f2e2479da7775ddaefed191f - - default default] 10.0.0.38 "PUT /v2.0/routers/94f82074-14c0-4fde-9936-5bca5b324f46/remove_router_interface HTTP/1.1" status: 200 len: 503 time: 0.6648233
2026-06-25 23:37:56.273 10 INFO neutron.wsgi [None req-9f215d81-c1f6-48d2-ab79-d326457fd0f3 606fe5c2543448f9ad77f73e9a1c6829 efabc6a8f2e2479da7775ddaefed191f - - default default] 10.0.0.38 "GET /v2.0/ports/18d03cc0-d2ca-4bd6-8685-f9e4f28b4478 HTTP/1.1" status: 200 len: 1137 time: 0.0829778
2026-06-25 23:37:56.946 10 INFO neutron.wsgi [None req-f82568d0-6ed8-44fa-bd7f-5907a66a4a04 606fe5c2543448f9ad77f73e9a1c6829 efabc6a8f2e2479da7775ddaefed191f - - default default] 10.0.0.38 "PUT /v2.0/routers/94f82074-14c0-4fde-9936-5bca5b324f46/remove_router_interface HTTP/1.1" status: 200 len: 503 time: 0.6664817 /var/lib/openstack/lib/python3.10/site-packages/pycadf/identifier.py:71: UserWarning: Invalid uuid: neutron. To ensure interoperability, identifiers should be a valid uuid. warnings.warn(('Invalid uuid: %s. To ensure interoperability, '
2026-06-25 23:37:56.976 9 INFO neutron.wsgi [None req-333f8b5a-0849-4860-9227-9e36f5d0ad30 606fe5c2543448f9ad77f73e9a1c6829 efabc6a8f2e2479da7775ddaefed191f - - default default] 10.0.0.38 "GET /v2.0/ports?device_id=94f82074-14c0-4fde-9936-5bca5b324f46 HTTP/1.1" status: 200 len: 205 time: 0.0234857
2026-06-25 23:37:57.214 9 INFO neutron.wsgi [None req-7729d2ff-e632-40ff-b0aa-3d8dc95ef93f 606fe5c2543448f9ad77f73e9a1c6829 efabc6a8f2e2479da7775ddaefed191f - - default default] 10.0.0.38 "DELETE /v2.0/routers/94f82074-14c0-4fde-9936-5bca5b324f46 HTTP/1.1" status: 204 len: 168 time: 0.2342014
2026-06-25 23:37:57.444 9 INFO neutron.wsgi [None req-2d30b877-ddd3-4506-9899-13770bde6003 606fe5c2543448f9ad77f73e9a1c6829 efabc6a8f2e2479da7775ddaefed191f - - default default] 10.0.0.38 "DELETE /v2.0/subnets/4c1ba616-140b-43de-a9e6-8d0a130bcdd8 HTTP/1.1" status: 204 len: 168 time: 0.2256439 /var/lib/openstack/lib/python3.10/site-packages/pycadf/identifier.py:71: UserWarning: Invalid uuid: neutron. To ensure interoperability, identifiers should be a valid uuid. warnings.warn(('Invalid uuid: %s. To ensure interoperability, '
2026-06-25 23:37:57.652 10 INFO neutron.wsgi [None req-b9952705-c72f-4989-9240-0b99ace7cb8f 606fe5c2543448f9ad77f73e9a1c6829 efabc6a8f2e2479da7775ddaefed191f - - default default] 10.0.0.38 "DELETE /v2.0/subnets/4d7bfcc7-d822-46fa-bf7b-666cb9bb3441 HTTP/1.1" status: 204 len: 168 time: 0.2028632
2026-06-25 23:37:58.060 10 INFO neutron.services.segments.plugin [-] Segment 269caed5-acbd-4589-9d86-04b2662532c5 resource provider aggregate not found
2026-06-25 23:37:58.065 10 INFO neutron.services.segments.plugin [-] Segment 269caed5-acbd-4589-9d86-04b2662532c5 resource provider aggregate not found
2026-06-25 23:37:58.078 10 INFO neutron.services.segments.plugin [-] Segment 269caed5-acbd-4589-9d86-04b2662532c5 resource provider not found; error: Placement Client Error (4xx): {"errors": [{"status": 404, "title": "Not Found", "detail": "The resource could not be found.\n\n No resource provider with uuid 269caed5-acbd-4589-9d86-04b2662532c5 found for delete ", "request_id": "req-47fab82d-6188-4146-a871-06e243f68088"}]}
2026-06-25 23:37:58.089 10 INFO neutron.services.segments.plugin [-] Segment 269caed5-acbd-4589-9d86-04b2662532c5 resource provider not found; error: Placement Client Error (4xx): {"errors": [{"status": 404, "title": "Not Found", "detail": "The resource could not be found.\n\n No resource provider with uuid 269caed5-acbd-4589-9d86-04b2662532c5 found for delete ", "request_id": "req-ca06cc9a-5d02-4172-b367-b32eba60b3e6"}]}
2026-06-25 23:37:58.100 10 INFO neutron.wsgi [None req-b9da8f5b-5b65-46a7-9a80-41aecd5f62c0 606fe5c2543448f9ad77f73e9a1c6829 efabc6a8f2e2479da7775ddaefed191f - - default default] 10.0.0.38 "DELETE /v2.0/networks/ea224d6b-4a2e-45b7-b37b-76b833f15e3e HTTP/1.1" status: 204 len: 168 time: 0.4399602
2026-06-25 23:37:58.211 10 WARNING neutron.plugins.ml2.drivers.ovn.mech_driver.ovsdb.ovn_client [None req-4d68a1e5-3384-4428-ac89-218fdb8c7b19 - - - - - -] No port found with ID 18d03cc0-d2ca-4bd6-8685-f9e4f28b4478: RuntimeError: No port found with ID 18d03cc0-d2ca-4bd6-8685-f9e4f28b4478
2026-06-25 23:37:58.502 9 INFO neutron.services.segments.plugin [-] Segment 9bea7955-97ab-41ad-b2f9-8dfb2dc98614 resource provider aggregate not found
2026-06-25 23:37:58.517 9 INFO neutron.services.segments.plugin [-] Segment 9bea7955-97ab-41ad-b2f9-8dfb2dc98614 resource provider aggregate not found
2026-06-25 23:37:58.521 9 INFO neutron.services.segments.plugin [-] Segment 9bea7955-97ab-41ad-b2f9-8dfb2dc98614 resource provider not found; error: Placement Client Error (4xx): {"errors": [{"status": 404, "title": "Not Found", "detail": "The resource could not be found.\n\n No resource provider with uuid 9bea7955-97ab-41ad-b2f9-8dfb2dc98614 found for delete ", "request_id": "req-b757ae52-c037-418b-bc53-a63ce271c879"}]}
2026-06-25 23:37:58.537 9 INFO neutron.services.segments.plugin [-] Segment 9bea7955-97ab-41ad-b2f9-8dfb2dc98614 resource provider not found; error: Placement Client Error (4xx): {"errors": [{"status": 404, "title": "Not Found", "detail": "The resource could not be found.\n\n No resource provider with uuid 9bea7955-97ab-41ad-b2f9-8dfb2dc98614 found for delete ", "request_id": "req-9b4a0436-3709-427d-bb8d-e4ba0f45102d"}]}
2026-06-25 23:37:58.560 9 INFO neutron.wsgi [None req-99a6ce17-f74e-4ad1-b894-fb827b21fc76 606fe5c2543448f9ad77f73e9a1c6829 efabc6a8f2e2479da7775ddaefed191f - - default default] 10.0.0.38 "DELETE /v2.0/networks/86b4df27-8b63-4759-b7bc-104d0ff73cca HTTP/1.1" status: 204 len: 168 time: 0.4541798
2026-06-25 23:37:58.654 9 INFO neutron.db.segments_db [None req-28fcdfdf-d97f-48bf-89ee-d3cfa798e4a5 606fe5c2543448f9ad77f73e9a1c6829 efabc6a8f2e2479da7775ddaefed191f - - default default] Added segment cf72fc39-5b8a-4993-a190-2a66f5097ce2 of type geneve for network eb3affa2-19cb-4005-8d2f-e182da9b2625
2026-06-25 23:37:58.815 9 INFO neutron.db.ovn_revision_numbers_db [None req-28fcdfdf-d97f-48bf-89ee-d3cfa798e4a5 606fe5c2543448f9ad77f73e9a1c6829 efabc6a8f2e2479da7775ddaefed191f - - default default] Successfully bumped revision number for resource eb3affa2-19cb-4005-8d2f-e182da9b2625 (type: networks) to 1
2026-06-25 23:37:58.986 9 WARNING neutron.scheduler.dhcp_agent_scheduler [None req-28fcdfdf-d97f-48bf-89ee-d3cfa798e4a5 606fe5c2543448f9ad77f73e9a1c6829 efabc6a8f2e2479da7775ddaefed191f - - default default] No more DHCP agents
2026-06-25 23:37:58.988 9 WARNING neutron.api.rpc.agentnotifiers.dhcp_rpc_agent_api [None req-28fcdfdf-d97f-48bf-89ee-d3cfa798e4a5 606fe5c2543448f9ad77f73e9a1c6829 efabc6a8f2e2479da7775ddaefed191f - - default default] Unable to schedule network eb3affa2-19cb-4005-8d2f-e182da9b2625: no agents available; will retry on subsequent port and subnet creation events.
2026-06-25 23:37:59.062 9 INFO neutron.db.ovn_revision_numbers_db [None req-28fcdfdf-d97f-48bf-89ee-d3cfa798e4a5 606fe5c2543448f9ad77f73e9a1c6829 efabc6a8f2e2479da7775ddaefed191f - - default default] Successfully bumped revision number for resource 9c7259d5-f425-4954-aa0f-a1ffddfc42e2 (type: ports) to 1
2026-06-25 23:37:59.084 9 INFO neutron.wsgi [None req-28fcdfdf-d97f-48bf-89ee-d3cfa798e4a5 606fe5c2543448f9ad77f73e9a1c6829 efabc6a8f2e2479da7775ddaefed191f - - default default] 10.0.0.38 "POST /v2.0/networks HTTP/1.1" status: 201 len: 829 time: 0.5144308
2026-06-25 23:37:59.378 9 WARNING neutron.scheduler.dhcp_agent_scheduler [None req-2a16f15f-f1c6-416a-9430-ae633653e334 606fe5c2543448f9ad77f73e9a1c6829 efabc6a8f2e2479da7775ddaefed191f - - default default] No more DHCP agents
2026-06-25 23:37:59.382 9 WARNING neutron.api.rpc.agentnotifiers.dhcp_rpc_agent_api [None req-2a16f15f-f1c6-416a-9430-ae633653e334 606fe5c2543448f9ad77f73e9a1c6829 efabc6a8f2e2479da7775ddaefed191f - - default default] Unable to schedule network eb3affa2-19cb-4005-8d2f-e182da9b2625: no agents available; will retry on subsequent port and subnet creation events.
2026-06-25 23:37:59.494 10 INFO neutron.wsgi [None req-6df597fe-bade-41d3-b377-a8e3600a2d28 c26e1bea72844b4fa2afd28abb2a9f03 2b43eefe57fe4a4798d2146efe13832c - - default default] 10.0.0.134 "GET /v2.0/networks HTTP/1.1" status: 200 len: 3092 time: 0.3088889
2026-06-25 23:37:59.526 10 INFO neutron.wsgi [None req-50992e7c-a0fc-4382-a277-161bc7b814da c26e1bea72844b4fa2afd28abb2a9f03 2b43eefe57fe4a4798d2146efe13832c - - default default] 10.0.0.134 "GET /v2.0/routers HTTP/1.1" status: 200 len: 189 time: 0.0256159
2026-06-25 23:37:59.537 10 INFO neutron.wsgi [None req-595ca6cd-02b5-4e87-9b18-18f8fd3fb438 c26e1bea72844b4fa2afd28abb2a9f03 2b43eefe57fe4a4798d2146efe13832c - - default default] 10.0.0.134 "GET /v2.0/agents?binary=ovn-controller HTTP/1.1" status: 200 len: 591 time: 0.0099051
2026-06-25 23:37:59.561 10 INFO neutron.wsgi [None req-c1e2a9d9-17f7-4891-9358-1cf11b6034a0 c26e1bea72844b4fa2afd28abb2a9f03 2b43eefe57fe4a4798d2146efe13832c - - default default] 10.0.0.134 "GET /v2.0/floatingips HTTP/1.1" status: 200 len: 193 time: 0.0229478
2026-06-25 23:37:59.573 10 INFO neutron.wsgi [None req-38a2c0cd-ce17-4726-a0c5-007ec2b71aaa c26e1bea72844b4fa2afd28abb2a9f03 2b43eefe57fe4a4798d2146efe13832c - - default default] 10.0.0.134 "GET /v2.0/agents HTTP/1.1" status: 200 len: 997 time: 0.0109870
2026-06-25 23:37:59.615 10 INFO neutron.wsgi [None req-8b5f2ed9-0880-4bc4-8e8d-3a4b6af4ccd8 c26e1bea72844b4fa2afd28abb2a9f03 2b43eefe57fe4a4798d2146efe13832c - - default default] 10.0.0.134 "GET /v2.0/subnets HTTP/1.1" status: 200 len: 2047 time: 0.0406797
2026-06-25 23:37:59.626 10 INFO neutron.wsgi [None req-487a62a8-be3a-4929-84e0-af9c8bc51414 c26e1bea72844b4fa2afd28abb2a9f03 2b43eefe57fe4a4798d2146efe13832c - - default default] 10.0.0.134 "GET /v2.0/subnetpools HTTP/1.1" status: 200 len: 193 time: 0.0103524
2026-06-25 23:37:59.695 10 INFO neutron.wsgi [None req-372ad6d4-65fc-4a73-8069-e680f8608ad9 c26e1bea72844b4fa2afd28abb2a9f03 2b43eefe57fe4a4798d2146efe13832c - - default default] 10.0.0.134 "GET /v2.0/security-groups HTTP/1.1" status: 200 len: 19579 time: 0.0678334
2026-06-25 23:37:59.732 10 INFO neutron.wsgi [None req-57818972-bf54-42eb-9bd5-7bb83bfd970c c26e1bea72844b4fa2afd28abb2a9f03 2b43eefe57fe4a4798d2146efe13832c - - default default] 10.0.0.134 "GET /v2.0/subnets HTTP/1.1" status: 200 len: 2047 time: 0.0313582
2026-06-25 23:37:59.769 10 INFO neutron.wsgi [None req-74a57320-feec-43ce-aeed-d91370b3aaf0 c26e1bea72844b4fa2afd28abb2a9f03 2b43eefe57fe4a4798d2146efe13832c - - default default] 10.0.0.134 "GET /v2.0/ports HTTP/1.1" status: 200 len: 6398 time: 0.0337694
2026-06-25 23:37:59.785 10 INFO neutron.wsgi [None req-4b110ba3-011d-4d6f-a957-1849ff17958e c26e1bea72844b4fa2afd28abb2a9f03 2b43eefe57fe4a4798d2146efe13832c - - default default] 10.0.0.134 "GET /v2.0/network-ip-availabilities HTTP/1.1" status: 200 len: 1693 time: 0.0108259
2026-06-25 23:37:59.891 9 INFO neutron.db.ovn_revision_numbers_db [None req-2a16f15f-f1c6-416a-9430-ae633653e334 606fe5c2543448f9ad77f73e9a1c6829 efabc6a8f2e2479da7775ddaefed191f - - default default] Successfully bumped revision number for resource 9c7259d5-f425-4954-aa0f-a1ffddfc42e2 (type: ports) to 2
2026-06-25 23:37:59.926 9 INFO neutron.db.ovn_revision_numbers_db [None req-2a16f15f-f1c6-416a-9430-ae633653e334 606fe5c2543448f9ad77f73e9a1c6829 efabc6a8f2e2479da7775ddaefed191f - - default default] Successfully bumped revision number for resource def808c0-49cd-4065-955d-12302c4362f4 (type: subnets) to 0
2026-06-25 23:37:59.944 9 INFO neutron.wsgi [None req-2a16f15f-f1c6-416a-9430-ae633653e334 606fe5c2543448f9ad77f73e9a1c6829 efabc6a8f2e2479da7775ddaefed191f - - default default] 10.0.0.38 "POST /v2.0/subnets HTTP/1.1" status: 201 len: 801 time: 0.8550131
2026-06-25 23:38:00.119 9 INFO neutron.db.ovn_revision_numbers_db [None req-93c2e623-32e4-4a25-8261-c068ad544eed 606fe5c2543448f9ad77f73e9a1c6829 efabc6a8f2e2479da7775ddaefed191f - - default default] Successfully bumped revision number for resource 40a6cd21-ec07-41c8-ac57-95240e3544ca (type: routers) to 1
2026-06-25 23:38:00.133 9 INFO neutron.wsgi [None req-93c2e623-32e4-4a25-8261-c068ad544eed 606fe5c2543448f9ad77f73e9a1c6829 efabc6a8f2e2479da7775ddaefed191f - - default default] 10.0.0.38 "POST /v2.0/routers HTTP/1.1" status: 201 len: 686 time: 0.1817617
2026-06-25 23:38:00.389 9 INFO neutron.db.ovn_revision_numbers_db [None req-8777bb11-cc40-4689-a562-eb2c2ef9cf1f 0cd2b1af422a40d8988d089150721293 b1304fd66b934d44977da06c524f4ce4 - - default default] Successfully bumped revision number for resource 0024d154-3fb9-43ff-8ad4-9527d9d86fda (type: security_groups) to 1
2026-06-25 23:38:00.417 9 INFO neutron.db.ovn_revision_numbers_db [None req-8777bb11-cc40-4689-a562-eb2c2ef9cf1f 0cd2b1af422a40d8988d089150721293 b1304fd66b934d44977da06c524f4ce4 - - default default] Successfully bumped revision number for resource 11300cf8-a654-4b87-806f-b577f12d4e55 (type: security_group_rules) to 0
2026-06-25 23:38:00.444 9 INFO neutron.db.ovn_revision_numbers_db [None req-8777bb11-cc40-4689-a562-eb2c2ef9cf1f 0cd2b1af422a40d8988d089150721293 b1304fd66b934d44977da06c524f4ce4 - - default default] Successfully bumped revision number for resource 83baea8f-c663-409a-a929-35e1edfd8278 (type: security_group_rules) to 0
2026-06-25 23:38:00.469 9 INFO neutron.db.ovn_revision_numbers_db [None req-8777bb11-cc40-4689-a562-eb2c2ef9cf1f 0cd2b1af422a40d8988d089150721293 b1304fd66b934d44977da06c524f4ce4 - - default default] Successfully bumped revision number for resource 8ae2e325-0f96-42a3-ba23-d9275b907d48 (type: security_group_rules) to 0
2026-06-25 23:38:00.489 9 WARNING neutron.plugins.ml2.drivers.ovn.mech_driver.ovsdb.ovn_client [None req-7a5e1d94-c38d-4d8c-b2e1-348cd0aab4a8 - - - - - -] No port found with ID 5a675f92-dec6-4675-812a-71d5bafaf2c8: RuntimeError: No port found with ID 5a675f92-dec6-4675-812a-71d5bafaf2c8
2026-06-25 23:38:00.501 9 INFO neutron.db.ovn_revision_numbers_db [None req-8777bb11-cc40-4689-a562-eb2c2ef9cf1f 0cd2b1af422a40d8988d089150721293 b1304fd66b934d44977da06c524f4ce4 - - default default] Successfully bumped revision number for resource d38dcc41-78d2-4fb3-ba1b-3368578d593f (type: security_group_rules) to 0
2026-06-25 23:38:00.517 9 WARNING neutron.scheduler.dhcp_agent_scheduler [None req-c883ccbf-2b32-499b-b92a-3c7ad1b3809c 606fe5c2543448f9ad77f73e9a1c6829 efabc6a8f2e2479da7775ddaefed191f - - default default] No more DHCP agents
2026-06-25 23:38:00.522 9 WARNING neutron.api.rpc.agentnotifiers.dhcp_rpc_agent_api [None req-c883ccbf-2b32-499b-b92a-3c7ad1b3809c 606fe5c2543448f9ad77f73e9a1c6829 efabc6a8f2e2479da7775ddaefed191f - - default default] Unable to schedule network eb3affa2-19cb-4005-8d2f-e182da9b2625: no agents available; will retry on subsequent port and subnet creation events.
2026-06-25 23:38:00.560 9 INFO neutron.db.segments_db [None req-8777bb11-cc40-4689-a562-eb2c2ef9cf1f 0cd2b1af422a40d8988d089150721293 b1304fd66b934d44977da06c524f4ce4 - - default default] Added segment 5eaac963-d88f-4d82-ab60-9e527e55ff29 of type geneve for network 4e304ea5-bf7b-455e-a83d-14af51eee3b9
2026-06-25 23:38:00.728 9 INFO neutron.db.ovn_revision_numbers_db [None req-8777bb11-cc40-4689-a562-eb2c2ef9cf1f 0cd2b1af422a40d8988d089150721293 b1304fd66b934d44977da06c524f4ce4 - - default default] Successfully bumped revision number for resource 4e304ea5-bf7b-455e-a83d-14af51eee3b9 (type: networks) to 1
2026-06-25 23:38:00.731 9 INFO neutron.db.ovn_revision_numbers_db [None req-c883ccbf-2b32-499b-b92a-3c7ad1b3809c 606fe5c2543448f9ad77f73e9a1c6829 efabc6a8f2e2479da7775ddaefed191f - - default default] Successfully bumped revision number for resource 9a722efb-67ed-433b-a8a9-ae7b7236d53b (type: ports) to 1
2026-06-25 23:38:00.769 9 INFO neutron.wsgi [None req-c883ccbf-2b32-499b-b92a-3c7ad1b3809c 606fe5c2543448f9ad77f73e9a1c6829 efabc6a8f2e2479da7775ddaefed191f - - default default] 10.0.0.38 "POST /v2.0/ports HTTP/1.1" status: 201 len: 1150 time: 0.6300817
2026-06-25 23:38:00.905 9 WARNING neutron.scheduler.dhcp_agent_scheduler [None req-8777bb11-cc40-4689-a562-eb2c2ef9cf1f 0cd2b1af422a40d8988d089150721293 b1304fd66b934d44977da06c524f4ce4 - - default default] No more DHCP agents
2026-06-25 23:38:00.907 9 WARNING neutron.api.rpc.agentnotifiers.dhcp_rpc_agent_api [None req-8777bb11-cc40-4689-a562-eb2c2ef9cf1f 0cd2b1af422a40d8988d089150721293 b1304fd66b934d44977da06c524f4ce4 - - default default] Unable to schedule network 4e304ea5-bf7b-455e-a83d-14af51eee3b9: no agents available; will retry on subsequent port and subnet creation events.
2026-06-25 23:38:00.994 9 INFO neutron.db.ovn_revision_numbers_db [None req-8777bb11-cc40-4689-a562-eb2c2ef9cf1f 0cd2b1af422a40d8988d089150721293 b1304fd66b934d44977da06c524f4ce4 - - default default] Successfully bumped revision number for resource ad934b36-97d8-4eed-ad0e-525d791bd12d (type: ports) to 1
2026-06-25 23:38:01.014 9 INFO neutron.wsgi [None req-8777bb11-cc40-4689-a562-eb2c2ef9cf1f 0cd2b1af422a40d8988d089150721293 b1304fd66b934d44977da06c524f4ce4 - - default default] 10.0.0.38 "POST /v2.0/networks HTTP/1.1" status: 201 len: 831 time: 0.9192979 /var/lib/openstack/lib/python3.10/site-packages/pycadf/identifier.py:71: UserWarning: Invalid uuid: neutron. To ensure interoperability, identifiers should be a valid uuid. warnings.warn(('Invalid uuid: %s. To ensure interoperability, '
2026-06-25 23:38:01.089 15 INFO neutron.plugins.ml2.drivers.ovn.mech_driver.ovsdb.maintenance [None req-9c6204bf-ae03-4763-8324-f412d18edeab - - - - - -] Maintenance task: Synchronization finished (took 1.81 seconds)
2026-06-25 23:38:01.165 10 INFO neutron.plugins.ml2.drivers.ovn.mech_driver.mech_driver [None req-4d68a1e5-3384-4428-ac89-218fdb8c7b19 - - - - - -] OVN reports status up for port: 9a722efb-67ed-433b-a8a9-ae7b7236d53b
2026-06-25 23:38:01.177 10 INFO neutron.plugins.ml2.plugin [None req-4d68a1e5-3384-4428-ac89-218fdb8c7b19 - - - - - -] Attempt 1 to provision port 9a722efb-67ed-433b-a8a9-ae7b7236d53b
2026-06-25 23:38:01.195 10 INFO neutron.db.ovn_revision_numbers_db [None req-e69545f6-ab02-4e51-843c-f12cd0e88a5f 606fe5c2543448f9ad77f73e9a1c6829 efabc6a8f2e2479da7775ddaefed191f - - default default] Successfully bumped revision number for resource 9a722efb-67ed-433b-a8a9-ae7b7236d53b (type: router_ports) to 2
2026-06-25 23:38:01.240 9 WARNING neutron.scheduler.dhcp_agent_scheduler [None req-d2925717-d711-4258-bcf8-1fb591ca9953 0cd2b1af422a40d8988d089150721293 b1304fd66b934d44977da06c524f4ce4 - - default default] No more DHCP agents
2026-06-25 23:38:01.242 9 WARNING neutron.api.rpc.agentnotifiers.dhcp_rpc_agent_api [None req-d2925717-d711-4258-bcf8-1fb591ca9953 0cd2b1af422a40d8988d089150721293 b1304fd66b934d44977da06c524f4ce4 - - default default] Unable to schedule network 4e304ea5-bf7b-455e-a83d-14af51eee3b9: no agents available; will retry on subsequent port and subnet creation events.
2026-06-25 23:38:01.325 9 INFO neutron.db.ovn_revision_numbers_db [None req-d2925717-d711-4258-bcf8-1fb591ca9953 0cd2b1af422a40d8988d089150721293 b1304fd66b934d44977da06c524f4ce4 - - default default] Successfully bumped revision number for resource 3d7dac86-b587-4f3f-8358-731c4ca28b49 (type: ports) to 1
2026-06-25 23:38:01.355 9 INFO neutron.wsgi [None req-d2925717-d711-4258-bcf8-1fb591ca9953 0cd2b1af422a40d8988d089150721293 b1304fd66b934d44977da06c524f4ce4 - - default default] 10.0.0.38 "POST /v2.0/ports HTTP/1.1" status: 201 len: 942 time: 0.3361771 /var/lib/openstack/lib/python3.10/site-packages/pycadf/identifier.py:71: UserWarning: Invalid uuid: neutron. To ensure interoperability, identifiers should be a valid uuid. warnings.warn(('Invalid uuid: %s. To ensure interoperability, '
2026-06-25 23:38:01.457 9 INFO neutron.db.segments_db [None req-39db77c2-4450-4d7f-9426-21b955fdf76f 0cd2b1af422a40d8988d089150721293 b1304fd66b934d44977da06c524f4ce4 - - default default] Added segment 3629a698-95b8-4f4e-b935-95fa950837b2 of type geneve for network 9ed9a549-a57a-4cbb-8ad2-0d3d152718ca
2026-06-25 23:38:01.464 10 INFO neutron.db.ovn_revision_numbers_db [None req-e69545f6-ab02-4e51-843c-f12cd0e88a5f 606fe5c2543448f9ad77f73e9a1c6829 efabc6a8f2e2479da7775ddaefed191f - - default default] Successfully bumped revision number for resource 9a722efb-67ed-433b-a8a9-ae7b7236d53b (type: ports) to 2
2026-06-25 23:38:01.551 10 INFO neutron.db.ovn_revision_numbers_db [None req-4d68a1e5-3384-4428-ac89-218fdb8c7b19 - - - - - -] Successfully bumped revision number for resource 9a722efb-67ed-433b-a8a9-ae7b7236d53b (type: ports) to 3
2026-06-25 23:38:01.593 9 INFO neutron.db.ovn_revision_numbers_db [None req-39db77c2-4450-4d7f-9426-21b955fdf76f 0cd2b1af422a40d8988d089150721293 b1304fd66b934d44977da06c524f4ce4 - - default default] Successfully bumped revision number for resource 9ed9a549-a57a-4cbb-8ad2-0d3d152718ca (type: networks) to 1
2026-06-25 23:38:01.764 9 WARNING neutron.scheduler.dhcp_agent_scheduler [None req-39db77c2-4450-4d7f-9426-21b955fdf76f 0cd2b1af422a40d8988d089150721293 b1304fd66b934d44977da06c524f4ce4 - - default default] No more DHCP agents
2026-06-25 23:38:01.766 9 WARNING neutron.api.rpc.agentnotifiers.dhcp_rpc_agent_api [None req-39db77c2-4450-4d7f-9426-21b955fdf76f 0cd2b1af422a40d8988d089150721293 b1304fd66b934d44977da06c524f4ce4 - - default default] Unable to schedule network 9ed9a549-a57a-4cbb-8ad2-0d3d152718ca: no agents available; will retry on subsequent port and subnet creation events.
2026-06-25 23:38:01.845 9 INFO neutron.db.ovn_revision_numbers_db [None req-39db77c2-4450-4d7f-9426-21b955fdf76f 0cd2b1af422a40d8988d089150721293 b1304fd66b934d44977da06c524f4ce4 - - default default] Successfully bumped revision number for resource 458e426c-ff89-4884-bb30-500e76de25bd (type: ports) to 1
2026-06-25 23:38:01.866 9 INFO neutron.wsgi [None req-39db77c2-4450-4d7f-9426-21b955fdf76f 0cd2b1af422a40d8988d089150721293 b1304fd66b934d44977da06c524f4ce4 - - default default] 10.0.0.38 "POST /v2.0/networks HTTP/1.1" status: 201 len: 830 time: 0.5044837
2026-06-25 23:38:02.001 10 INFO neutron.db.ovn_revision_numbers_db [None req-4d68a1e5-3384-4428-ac89-218fdb8c7b19 - - - - - -] Successfully bumped revision number for resource 9a722efb-67ed-433b-a8a9-ae7b7236d53b (type: router_ports) to 3
2026-06-25 23:38:02.098 9 WARNING neutron.scheduler.dhcp_agent_scheduler [None req-e6286a4f-0166-4863-90a2-7c41ab424e83 0cd2b1af422a40d8988d089150721293 b1304fd66b934d44977da06c524f4ce4 - - default default] No more DHCP agents
2026-06-25 23:38:02.100 9 WARNING neutron.api.rpc.agentnotifiers.dhcp_rpc_agent_api [None req-e6286a4f-0166-4863-90a2-7c41ab424e83 0cd2b1af422a40d8988d089150721293 b1304fd66b934d44977da06c524f4ce4 - - default default] Unable to schedule network 9ed9a549-a57a-4cbb-8ad2-0d3d152718ca: no agents available; will retry on subsequent port and subnet creation events.
2026-06-25 23:38:02.173 9 INFO neutron.db.ovn_revision_numbers_db [None req-e6286a4f-0166-4863-90a2-7c41ab424e83 0cd2b1af422a40d8988d089150721293 b1304fd66b934d44977da06c524f4ce4 - - default default] Successfully bumped revision number for resource 83a59809-5f76-40f1-b0f5-76be4f27375a (type: ports) to 1
2026-06-25 23:38:02.194 9 INFO neutron.wsgi [None req-e6286a4f-0166-4863-90a2-7c41ab424e83 0cd2b1af422a40d8988d089150721293 b1304fd66b934d44977da06c524f4ce4 - - default default] 10.0.0.38 "POST /v2.0/ports HTTP/1.1" status: 201 len: 942 time: 0.3233547 /var/lib/openstack/lib/python3.10/site-packages/pycadf/identifier.py:71: UserWarning: Invalid uuid: neutron. To ensure interoperability, identifiers should be a valid uuid. warnings.warn(('Invalid uuid: %s. To ensure interoperability, '
2026-06-25 23:38:02.279 9 INFO neutron.db.segments_db [None req-6f4b368b-542a-4a16-ae46-fd3ee979f236 0cd2b1af422a40d8988d089150721293 b1304fd66b934d44977da06c524f4ce4 - - default default] Added segment fbe22cd8-ee92-44d6-b4f7-521f404af53d of type geneve for network 0a3e9a27-ebef-4a4f-b451-54c0fafa36a3
2026-06-25 23:38:02.374 10 INFO neutron.db.ovn_revision_numbers_db [None req-e69545f6-ab02-4e51-843c-f12cd0e88a5f 606fe5c2543448f9ad77f73e9a1c6829 efabc6a8f2e2479da7775ddaefed191f - - default default] Successfully bumped revision number for resource 9a722efb-67ed-433b-a8a9-ae7b7236d53b (type: ports) to 3
2026-06-25 23:38:02.452 10 WARNING neutron.scheduler.dhcp_agent_scheduler [None req-e69545f6-ab02-4e51-843c-f12cd0e88a5f 606fe5c2543448f9ad77f73e9a1c6829 efabc6a8f2e2479da7775ddaefed191f - - default default] No more DHCP agents
2026-06-25 23:38:02.453 10 WARNING neutron.api.rpc.agentnotifiers.dhcp_rpc_agent_api [None req-e69545f6-ab02-4e51-843c-f12cd0e88a5f 606fe5c2543448f9ad77f73e9a1c6829 efabc6a8f2e2479da7775ddaefed191f - - default default] Unable to schedule network eb3affa2-19cb-4005-8d2f-e182da9b2625: no agents available; will retry on subsequent port and subnet creation events.
2026-06-25 23:38:02.472 10 INFO neutron.wsgi [-] 10.0.0.196 "GET / HTTP/1.1" status: 200 len: 246 time: 0.0016243
2026-06-25 23:38:02.473 10 INFO neutron.wsgi [-] 10.0.0.196 "GET / HTTP/1.1" status: 200 len: 246 time: 0.0012300
2026-06-25 23:38:02.631 10 INFO neutron.db.ovn_revision_numbers_db [None req-e69545f6-ab02-4e51-843c-f12cd0e88a5f 606fe5c2543448f9ad77f73e9a1c6829 efabc6a8f2e2479da7775ddaefed191f - - default default] Successfully bumped revision number for resource 9a722efb-67ed-433b-a8a9-ae7b7236d53b (type: router_ports) to 3
2026-06-25 23:38:02.633 10 INFO neutron.wsgi [None req-e69545f6-ab02-4e51-843c-f12cd0e88a5f 606fe5c2543448f9ad77f73e9a1c6829 efabc6a8f2e2479da7775ddaefed191f - - default default] 10.0.0.38 "PUT /v2.0/routers/40a6cd21-ec07-41c8-ac57-95240e3544ca/add_router_interface HTTP/1.1" status: 200 len: 503 time: 1.8590393 /var/lib/openstack/lib/python3.10/site-packages/pycadf/identifier.py:71: UserWarning: Invalid uuid: neutron. To ensure interoperability, identifiers should be a valid uuid. warnings.warn(('Invalid uuid: %s. To ensure interoperability, '
2026-06-25 23:38:02.718 10 INFO neutron.wsgi [None req-b764e01c-3e37-438d-8a34-74cf42d1053d 606fe5c2543448f9ad77f73e9a1c6829 efabc6a8f2e2479da7775ddaefed191f - - default default] 10.0.0.38 "GET /v2.0/ports/9a722efb-67ed-433b-a8a9-ae7b7236d53b HTTP/1.1" status: 200 len: 1208 time: 0.0800273
2026-06-25 23:38:02.720 9 INFO neutron.db.ovn_revision_numbers_db [None req-6f4b368b-542a-4a16-ae46-fd3ee979f236 0cd2b1af422a40d8988d089150721293 b1304fd66b934d44977da06c524f4ce4 - - default default] Successfully bumped revision number for resource 0a3e9a27-ebef-4a4f-b451-54c0fafa36a3 (type: networks) to 1
2026-06-25 23:38:02.904 9 WARNING neutron.scheduler.dhcp_agent_scheduler [None req-6f4b368b-542a-4a16-ae46-fd3ee979f236 0cd2b1af422a40d8988d089150721293 b1304fd66b934d44977da06c524f4ce4 - - default default] No more DHCP agents
2026-06-25 23:38:02.907 9 WARNING neutron.api.rpc.agentnotifiers.dhcp_rpc_agent_api [None req-6f4b368b-542a-4a16-ae46-fd3ee979f236 0cd2b1af422a40d8988d089150721293 b1304fd66b934d44977da06c524f4ce4 - - default default] Unable to schedule network 0a3e9a27-ebef-4a4f-b451-54c0fafa36a3: no agents available; will retry on subsequent port and subnet creation events.
2026-06-25 23:38:03.004 9 INFO neutron.db.ovn_revision_numbers_db [None req-6f4b368b-542a-4a16-ae46-fd3ee979f236 0cd2b1af422a40d8988d089150721293 b1304fd66b934d44977da06c524f4ce4 - - default default] Successfully bumped revision number for resource 150f3ab5-ae60-46d2-9678-1dc638eb515f (type: ports) to 1
2026-06-25 23:38:03.023 9 INFO neutron.wsgi [None req-6f4b368b-542a-4a16-ae46-fd3ee979f236 0cd2b1af422a40d8988d089150721293 b1304fd66b934d44977da06c524f4ce4 - - default default] 10.0.0.38 "POST /v2.0/networks HTTP/1.1" status: 201 len: 830 time: 0.8241394 /var/lib/openstack/lib/python3.10/site-packages/pycadf/identifier.py:71: UserWarning: Invalid uuid: neutron. To ensure interoperability, identifiers should be a valid uuid. warnings.warn(('Invalid uuid: %s. To ensure interoperability, '
2026-06-25 23:38:03.324 10 WARNING neutron.scheduler.dhcp_agent_scheduler [None req-e4205601-8a79-43c4-89c2-49103b9598a2 0cd2b1af422a40d8988d089150721293 b1304fd66b934d44977da06c524f4ce4 - - default default] No more DHCP agents
2026-06-25 23:38:03.328 10 WARNING neutron.api.rpc.agentnotifiers.dhcp_rpc_agent_api [None req-e4205601-8a79-43c4-89c2-49103b9598a2 0cd2b1af422a40d8988d089150721293 b1304fd66b934d44977da06c524f4ce4 - - default default] Unable to schedule network 0a3e9a27-ebef-4a4f-b451-54c0fafa36a3: no agents available; will retry on subsequent port and subnet creation events.
2026-06-25 23:38:03.477 10 INFO neutron.wsgi [None req-2b086d04-42a5-404e-bb17-6591ec683eca 606fe5c2543448f9ad77f73e9a1c6829 efabc6a8f2e2479da7775ddaefed191f - - default default] 10.0.0.38 "PUT /v2.0/routers/40a6cd21-ec07-41c8-ac57-95240e3544ca/remove_router_interface HTTP/1.1" status: 200 len: 503 time: 0.7543766 /var/lib/openstack/lib/python3.10/site-packages/pycadf/identifier.py:71: UserWarning: Invalid uuid: neutron. To ensure interoperability, identifiers should be a valid uuid. warnings.warn(('Invalid uuid: %s. To ensure interoperability, '
2026-06-25 23:38:03.488 10 INFO neutron.db.ovn_revision_numbers_db [None req-e4205601-8a79-43c4-89c2-49103b9598a2 0cd2b1af422a40d8988d089150721293 b1304fd66b934d44977da06c524f4ce4 - - default default] Successfully bumped revision number for resource ccfe7fc7-8a64-4b33-ab31-5f2dad771910 (type: ports) to 1
2026-06-25 23:38:03.529 10 INFO neutron.wsgi [None req-e4205601-8a79-43c4-89c2-49103b9598a2 0cd2b1af422a40d8988d089150721293 b1304fd66b934d44977da06c524f4ce4 - - default default] 10.0.0.38 "POST /v2.0/ports HTTP/1.1" status: 201 len: 942 time: 0.5006292
2026-06-25 23:38:03.544 10 INFO neutron.api.v2.resource [None req-bf080aee-d82d-4ece-aa59-a91301a1a5a1 606fe5c2543448f9ad77f73e9a1c6829 efabc6a8f2e2479da7775ddaefed191f - - default default] remove_router_interface failed (client error): The resource could not be found.
2026-06-25 23:38:03.545 10 INFO neutron.wsgi [None req-bf080aee-d82d-4ece-aa59-a91301a1a5a1 606fe5c2543448f9ad77f73e9a1c6829 efabc6a8f2e2479da7775ddaefed191f - - default default] 10.0.0.38 "PUT /v2.0/routers/40a6cd21-ec07-41c8-ac57-95240e3544ca/remove_router_interface HTTP/1.1" status: 404 len: 398 time: 0.0632339
2026-06-25 23:38:03.574 10 INFO neutron.wsgi [None req-17f0ff79-c1f5-4cdd-8590-52573dfa0b74 606fe5c2543448f9ad77f73e9a1c6829 efabc6a8f2e2479da7775ddaefed191f - - default default] 10.0.0.38 "GET /v2.0/ports?device_id=40a6cd21-ec07-41c8-ac57-95240e3544ca HTTP/1.1" status: 200 len: 205 time: 0.0241222
2026-06-25 23:38:03.627 9 INFO neutron.db.segments_db [None req-6fb5652b-0ab0-4895-be73-c6ce20b4e44c 0cd2b1af422a40d8988d089150721293 b1304fd66b934d44977da06c524f4ce4 - - default default] Added segment 8907ab9a-523d-402a-a59c-60464b59c99f of type geneve for network 4e70384a-121d-4037-ad3f-b0983d3ab36c
2026-06-25 23:38:03.792 10 INFO neutron.wsgi [None req-b6e4023f-f9b4-4f9e-8679-655f691d8619 606fe5c2543448f9ad77f73e9a1c6829 efabc6a8f2e2479da7775ddaefed191f - - default default] 10.0.0.38 "DELETE /v2.0/routers/40a6cd21-ec07-41c8-ac57-95240e3544ca HTTP/1.1" status: 204 len: 168 time: 0.2139130
2026-06-25 23:38:03.813 9 INFO neutron.db.ovn_revision_numbers_db [None req-6fb5652b-0ab0-4895-be73-c6ce20b4e44c 0cd2b1af422a40d8988d089150721293 b1304fd66b934d44977da06c524f4ce4 - - default default] Successfully bumped revision number for resource 4e70384a-121d-4037-ad3f-b0983d3ab36c (type: networks) to 1
2026-06-25 23:38:03.993 9 WARNING neutron.scheduler.dhcp_agent_scheduler [None req-6fb5652b-0ab0-4895-be73-c6ce20b4e44c 0cd2b1af422a40d8988d089150721293 b1304fd66b934d44977da06c524f4ce4 - - default default] No more DHCP agents
2026-06-25 23:38:03.995 9 WARNING neutron.api.rpc.agentnotifiers.dhcp_rpc_agent_api [None req-6fb5652b-0ab0-4895-be73-c6ce20b4e44c 0cd2b1af422a40d8988d089150721293 b1304fd66b934d44977da06c524f4ce4 - - default default] Unable to schedule network 4e70384a-121d-4037-ad3f-b0983d3ab36c: no agents available; will retry on subsequent port and subnet creation events.
2026-06-25 23:38:04.020 10 INFO neutron.wsgi [None req-bd00e8d2-5469-4e1d-aba9-ef823bb33dfc 606fe5c2543448f9ad77f73e9a1c6829 efabc6a8f2e2479da7775ddaefed191f - - default default] 10.0.0.38 "DELETE /v2.0/subnets/def808c0-49cd-4065-955d-12302c4362f4 HTTP/1.1" status: 204 len: 168 time: 0.2230051
2026-06-25 23:38:04.073 9 INFO neutron.db.ovn_revision_numbers_db [None req-6fb5652b-0ab0-4895-be73-c6ce20b4e44c 0cd2b1af422a40d8988d089150721293 b1304fd66b934d44977da06c524f4ce4 - - default default] Successfully bumped revision number for resource de6732b3-bc30-4999-bc1d-e7fd8b42b71c (type: ports) to 1
2026-06-25 23:38:04.092 9 INFO neutron.wsgi [None req-6fb5652b-0ab0-4895-be73-c6ce20b4e44c 0cd2b1af422a40d8988d089150721293 b1304fd66b934d44977da06c524f4ce4 - - default default] 10.0.0.38 "POST /v2.0/networks HTTP/1.1" status: 201 len: 830 time: 0.5577338
2026-06-25 23:38:04.418 10 WARNING neutron.scheduler.dhcp_agent_scheduler [None req-29ab4937-ab1b-474c-b4c7-a56cf77c93eb 0cd2b1af422a40d8988d089150721293 b1304fd66b934d44977da06c524f4ce4 - - default default] No more DHCP agents
2026-06-25 23:38:04.423 10 WARNING neutron.api.rpc.agentnotifiers.dhcp_rpc_agent_api [None req-29ab4937-ab1b-474c-b4c7-a56cf77c93eb 0cd2b1af422a40d8988d089150721293 b1304fd66b934d44977da06c524f4ce4 - - default default] Unable to schedule network 4e70384a-121d-4037-ad3f-b0983d3ab36c: no agents available; will retry on subsequent port and subnet creation events.
2026-06-25 23:38:04.480 10 INFO neutron.services.segments.plugin [-] Segment cf72fc39-5b8a-4993-a190-2a66f5097ce2 resource provider aggregate not found
2026-06-25 23:38:04.485 10 INFO neutron.services.segments.plugin [-] Segment cf72fc39-5b8a-4993-a190-2a66f5097ce2 resource provider aggregate not found
2026-06-25 23:38:04.502 10 INFO neutron.services.segments.plugin [-] Segment cf72fc39-5b8a-4993-a190-2a66f5097ce2 resource provider not found; error: Placement Client Error (4xx): {"errors": [{"status": 404, "title": "Not Found", "detail": "The resource could not be found.\n\n No resource provider with uuid cf72fc39-5b8a-4993-a190-2a66f5097ce2 found for delete ", "request_id": "req-679bf1a6-6438-49d2-b30f-910c2ed4089d"}]}
2026-06-25 23:38:04.513 10 INFO neutron.services.segments.plugin [-] Segment cf72fc39-5b8a-4993-a190-2a66f5097ce2 resource provider not found; error: Placement Client Error (4xx): {"errors": [{"status": 404, "title": "Not Found", "detail": "The resource could not be found.\n\n No resource provider with uuid cf72fc39-5b8a-4993-a190-2a66f5097ce2 found for delete ", "request_id": "req-b031bd27-28fd-4706-b406-aab185780493"}]}
2026-06-25 23:38:04.549 10 INFO neutron.wsgi [None req-c184e02c-8ccf-4a8b-9fcd-f05f0a7131ad 606fe5c2543448f9ad77f73e9a1c6829 efabc6a8f2e2479da7775ddaefed191f - - default default] 10.0.0.38 "DELETE /v2.0/networks/eb3affa2-19cb-4005-8d2f-e182da9b2625 HTTP/1.1" status: 204 len: 168 time: 0.5240746
2026-06-25 23:38:04.568 10 INFO neutron.db.ovn_revision_numbers_db [None req-29ab4937-ab1b-474c-b4c7-a56cf77c93eb 0cd2b1af422a40d8988d089150721293 b1304fd66b934d44977da06c524f4ce4 - - default default] Successfully bumped revision number for resource e395e18c-38fe-4a57-8e7a-27b411a4226e (type: ports) to 1
2026-06-25 23:38:04.593 10 INFO neutron.wsgi [None req-29ab4937-ab1b-474c-b4c7-a56cf77c93eb 0cd2b1af422a40d8988d089150721293 b1304fd66b934d44977da06c524f4ce4 - - default default] 10.0.0.38 "POST /v2.0/ports HTTP/1.1" status: 201 len: 942 time: 0.4963014 /var/lib/openstack/lib/python3.10/site-packages/pycadf/identifier.py:71: UserWarning: Invalid uuid: neutron. To ensure interoperability, identifiers should be a valid uuid. warnings.warn(('Invalid uuid: %s. To ensure interoperability, '
2026-06-25 23:38:04.639 9 INFO neutron.db.segments_db [None req-02f07f56-1a56-4629-9db1-f548523e6add 606fe5c2543448f9ad77f73e9a1c6829 efabc6a8f2e2479da7775ddaefed191f - - default default] Added segment 3a207633-3496-417c-a940-7186d235a9b9 of type geneve for network 6e0505fc-cb20-4b07-98b1-1f352e624080
2026-06-25 23:38:04.683 10 INFO neutron.db.segments_db [None req-2a807cc2-ae69-42b7-8955-6b37268e3369 0cd2b1af422a40d8988d089150721293 b1304fd66b934d44977da06c524f4ce4 - - default default] Added segment 7649ca32-a17d-4f96-b0e5-2c7ceab7181a of type geneve for network 77075038-55c3-436c-b330-48120ea7f5f7
2026-06-25 23:38:04.773 9 INFO neutron.db.ovn_revision_numbers_db [None req-02f07f56-1a56-4629-9db1-f548523e6add 606fe5c2543448f9ad77f73e9a1c6829 efabc6a8f2e2479da7775ddaefed191f - - default default] Successfully bumped revision number for resource 6e0505fc-cb20-4b07-98b1-1f352e624080 (type: networks) to 1
2026-06-25 23:38:04.856 10 INFO neutron.db.ovn_revision_numbers_db [None req-2a807cc2-ae69-42b7-8955-6b37268e3369 0cd2b1af422a40d8988d089150721293 b1304fd66b934d44977da06c524f4ce4 - - default default] Successfully bumped revision number for resource 77075038-55c3-436c-b330-48120ea7f5f7 (type: networks) to 1
2026-06-25 23:38:04.949 9 WARNING neutron.scheduler.dhcp_agent_scheduler [None req-02f07f56-1a56-4629-9db1-f548523e6add 606fe5c2543448f9ad77f73e9a1c6829 efabc6a8f2e2479da7775ddaefed191f - - default default] No more DHCP agents
2026-06-25 23:38:04.950 9 WARNING neutron.api.rpc.agentnotifiers.dhcp_rpc_agent_api [None req-02f07f56-1a56-4629-9db1-f548523e6add 606fe5c2543448f9ad77f73e9a1c6829 efabc6a8f2e2479da7775ddaefed191f - - default default] Unable to schedule network 6e0505fc-cb20-4b07-98b1-1f352e624080: no agents available; will retry on subsequent port and subnet creation events.
2026-06-25 23:38:05.044 9 INFO neutron.db.ovn_revision_numbers_db [None req-02f07f56-1a56-4629-9db1-f548523e6add 606fe5c2543448f9ad77f73e9a1c6829 efabc6a8f2e2479da7775ddaefed191f - - default default] Successfully bumped revision number for resource aee167cd-d348-49d3-8faa-305198653f2f (type: ports) to 1
2026-06-25 23:38:05.062 10 WARNING neutron.scheduler.dhcp_agent_scheduler [None req-2a807cc2-ae69-42b7-8955-6b37268e3369 0cd2b1af422a40d8988d089150721293 b1304fd66b934d44977da06c524f4ce4 - - default default] No more DHCP agents
2026-06-25 23:38:05.065 9 INFO neutron.wsgi [None req-02f07f56-1a56-4629-9db1-f548523e6add 606fe5c2543448f9ad77f73e9a1c6829 efabc6a8f2e2479da7775ddaefed191f - - default default] 10.0.0.38 "POST /v2.0/networks HTTP/1.1" status: 201 len: 829 time: 0.5089922
2026-06-25 23:38:05.065 10 WARNING neutron.api.rpc.agentnotifiers.dhcp_rpc_agent_api [None req-2a807cc2-ae69-42b7-8955-6b37268e3369 0cd2b1af422a40d8988d089150721293 b1304fd66b934d44977da06c524f4ce4 - - default default] Unable to schedule network 77075038-55c3-436c-b330-48120ea7f5f7: no agents available; will retry on subsequent port and subnet creation events.
2026-06-25 23:38:05.149 10 INFO neutron.db.ovn_revision_numbers_db [None req-2a807cc2-ae69-42b7-8955-6b37268e3369 0cd2b1af422a40d8988d089150721293 b1304fd66b934d44977da06c524f4ce4 - - default default] Successfully bumped revision number for resource 895f9ea3-d63e-43c9-bc33-11cd6e04066f (type: ports) to 1
2026-06-25 23:38:05.168 10 INFO neutron.wsgi [None req-2a807cc2-ae69-42b7-8955-6b37268e3369 0cd2b1af422a40d8988d089150721293 b1304fd66b934d44977da06c524f4ce4 - - default default] 10.0.0.38 "POST /v2.0/networks HTTP/1.1" status: 201 len: 830 time: 0.5703495
2026-06-25 23:38:05.329 9 WARNING neutron.scheduler.dhcp_agent_scheduler [None req-5d2a0a82-d909-4e0f-ada2-cc01bb19130c 606fe5c2543448f9ad77f73e9a1c6829 efabc6a8f2e2479da7775ddaefed191f - - default default] No more DHCP agents
2026-06-25 23:38:05.332 9 WARNING neutron.api.rpc.agentnotifiers.dhcp_rpc_agent_api [None req-5d2a0a82-d909-4e0f-ada2-cc01bb19130c 606fe5c2543448f9ad77f73e9a1c6829 efabc6a8f2e2479da7775ddaefed191f - - default default] Unable to schedule network 6e0505fc-cb20-4b07-98b1-1f352e624080: no agents available; will retry on subsequent port and subnet creation events.
2026-06-25 23:38:05.617 10 WARNING neutron.scheduler.dhcp_agent_scheduler [None req-2ae33496-1ecc-4513-98c2-35c1e836f9c3 0cd2b1af422a40d8988d089150721293 b1304fd66b934d44977da06c524f4ce4 - - default default] No more DHCP agents
2026-06-25 23:38:05.619 10 WARNING neutron.api.rpc.agentnotifiers.dhcp_rpc_agent_api [None req-2ae33496-1ecc-4513-98c2-35c1e836f9c3 0cd2b1af422a40d8988d089150721293 b1304fd66b934d44977da06c524f4ce4 - - default default] Unable to schedule network 77075038-55c3-436c-b330-48120ea7f5f7: no agents available; will retry on subsequent port and subnet creation events.
2026-06-25 23:38:05.693 10 INFO neutron.db.ovn_revision_numbers_db [None req-2ae33496-1ecc-4513-98c2-35c1e836f9c3 0cd2b1af422a40d8988d089150721293 b1304fd66b934d44977da06c524f4ce4 - - default default] Successfully bumped revision number for resource da244f4a-7803-4047-8c99-772e54279a45 (type: ports) to 1
2026-06-25 23:38:05.716 10 INFO neutron.wsgi [None req-2ae33496-1ecc-4513-98c2-35c1e836f9c3 0cd2b1af422a40d8988d089150721293 b1304fd66b934d44977da06c524f4ce4 - - default default] 10.0.0.38 "POST /v2.0/ports HTTP/1.1" status: 201 len: 942 time: 0.5424478 /var/lib/openstack/lib/python3.10/site-packages/pycadf/identifier.py:71: UserWarning: Invalid uuid: neutron. To ensure interoperability, identifiers should be a valid uuid. warnings.warn(('Invalid uuid: %s. To ensure interoperability, '
2026-06-25 23:38:05.757 10 INFO neutron.wsgi [None req-8d9160dd-1678-4be5-8581-5ebc420b2e60 0cd2b1af422a40d8988d089150721293 b1304fd66b934d44977da06c524f4ce4 - - default default] 10.0.0.38 "PUT /v2.0/ports/3d7dac86-b587-4f3f-8358-731c4ca28b49/tags HTTP/1.1" status: 200 len: 210 time: 0.0354838
2026-06-25 23:38:05.807 10 INFO neutron.wsgi [None req-ab9a9191-251c-4756-8231-1eb4e53bf7fd 0cd2b1af422a40d8988d089150721293 b1304fd66b934d44977da06c524f4ce4 - - default default] 10.0.0.38 "PUT /v2.0/ports/83a59809-5f76-40f1-b0f5-76be4f27375a/tags HTTP/1.1" status: 200 len: 218 time: 0.0444720
2026-06-25 23:38:05.833 9 INFO neutron.db.ovn_revision_numbers_db [None req-5d2a0a82-d909-4e0f-ada2-cc01bb19130c 606fe5c2543448f9ad77f73e9a1c6829 efabc6a8f2e2479da7775ddaefed191f - - default default] Successfully bumped revision number for resource aee167cd-d348-49d3-8faa-305198653f2f (type: ports) to 2
2026-06-25 23:38:05.849 10 INFO neutron.wsgi [None req-bb6042e9-8e27-42fb-aa74-14d6bae70da9 0cd2b1af422a40d8988d089150721293 b1304fd66b934d44977da06c524f4ce4 - - default default] 10.0.0.38 "PUT /v2.0/ports/ccfe7fc7-8a64-4b33-ab31-5f2dad771910/tags HTTP/1.1" status: 200 len: 227 time: 0.0379968
2026-06-25 23:38:05.865 9 INFO neutron.db.ovn_revision_numbers_db [None req-5d2a0a82-d909-4e0f-ada2-cc01bb19130c 606fe5c2543448f9ad77f73e9a1c6829 efabc6a8f2e2479da7775ddaefed191f - - default default] Successfully bumped revision number for resource de04e26d-3d9f-4aa7-81de-24bd06d16256 (type: subnets) to 0
2026-06-25 23:38:05.881 9 INFO neutron.wsgi [None req-5d2a0a82-d909-4e0f-ada2-cc01bb19130c 606fe5c2543448f9ad77f73e9a1c6829 efabc6a8f2e2479da7775ddaefed191f - - default default] 10.0.0.38 "POST /v2.0/subnets HTTP/1.1" status: 201 len: 801 time: 0.8109848
2026-06-25 23:38:05.888 10 INFO neutron.wsgi [None req-22a42970-ec7c-42d3-93ac-ea289a384938 0cd2b1af422a40d8988d089150721293 b1304fd66b934d44977da06c524f4ce4 - - default default] 10.0.0.38 "PUT /v2.0/ports/e395e18c-38fe-4a57-8e7a-27b411a4226e/tags HTTP/1.1" status: 200 len: 212 time: 0.0341713
2026-06-25 23:38:06.040 9 INFO neutron.db.ovn_revision_numbers_db [None req-5ef554e7-f0f3-4626-b6f7-feddd545b485 606fe5c2543448f9ad77f73e9a1c6829 efabc6a8f2e2479da7775ddaefed191f - - default default] Successfully bumped revision number for resource 3ea926c9-5d98-4bc3-b7c2-ad6aa46cce81 (type: routers) to 1
2026-06-25 23:38:06.066 9 INFO neutron.wsgi [None req-5ef554e7-f0f3-4626-b6f7-feddd545b485 606fe5c2543448f9ad77f73e9a1c6829 efabc6a8f2e2479da7775ddaefed191f - - default default] 10.0.0.38 "POST /v2.0/routers HTTP/1.1" status: 201 len: 686 time: 0.1801291
2026-06-25 23:38:06.077 10 INFO neutron.wsgi [None req-0097b851-f71a-46ac-a512-aa33d3dbc26d 0cd2b1af422a40d8988d089150721293 b1304fd66b934d44977da06c524f4ce4 - - default default] 10.0.0.38 "GET /v2.0/ports?tags=red HTTP/1.1" status: 200 len: 2448 time: 0.1839962
2026-06-25 23:38:06.139 10 INFO neutron.wsgi [None req-b5980efd-2099-44d2-8eb6-0f39678e5eac 0cd2b1af422a40d8988d089150721293 b1304fd66b934d44977da06c524f4ce4 - - default default] 10.0.0.38 "GET /v2.0/ports?tags=red%2Cblue HTTP/1.1" status: 200 len: 1708 time: 0.0564916
2026-06-25 23:38:06.204 10 INFO neutron.wsgi [None req-45d45c90-6364-4dc7-b9f1-eaecb954ada2 0cd2b1af422a40d8988d089150721293 b1304fd66b934d44977da06c524f4ce4 - - default default] 10.0.0.38 "GET /v2.0/ports?tags-any=blue HTTP/1.1" status: 200 len: 1708 time: 0.0608635
2026-06-25 23:38:06.250 10 INFO neutron.wsgi [None req-c6e894c8-2235-47df-8490-043847f45a48 0cd2b1af422a40d8988d089150721293 b1304fd66b934d44977da06c524f4ce4 - - default default] 10.0.0.38 "GET /v2.0/ports?tags-any=red%2Cblue HTTP/1.1" status: 200 len: 2448 time: 0.0413623
2026-06-25 23:38:06.430 10 INFO neutron.wsgi [None req-c041b606-8a46-4c62-9956-04aac0585e35 0cd2b1af422a40d8988d089150721293 b1304fd66b934d44977da06c524f4ce4 - - default default] 10.0.0.38 "GET /v2.0/ports?not-tags=red HTTP/1.1" status: 200 len: 5463 time: 0.1752920
2026-06-25 23:38:06.506 9 WARNING neutron.scheduler.dhcp_agent_scheduler [None req-1e83ece4-6f17-4d57-a52d-3f99a5b59968 606fe5c2543448f9ad77f73e9a1c6829 efabc6a8f2e2479da7775ddaefed191f - - default default] No more DHCP agents
2026-06-25 23:38:06.508 9 WARNING neutron.api.rpc.agentnotifiers.dhcp_rpc_agent_api [None req-1e83ece4-6f17-4d57-a52d-3f99a5b59968 606fe5c2543448f9ad77f73e9a1c6829 efabc6a8f2e2479da7775ddaefed191f - - default default] Unable to schedule network 6e0505fc-cb20-4b07-98b1-1f352e624080: no agents available; will retry on subsequent port and subnet creation events.
2026-06-25 23:38:06.525 10 INFO neutron.wsgi [None req-f7267d0b-c910-49c6-a39c-ff0106d65156 0cd2b1af422a40d8988d089150721293 b1304fd66b934d44977da06c524f4ce4 - - default default] 10.0.0.38 "GET /v2.0/ports?not-tags=red%2Cblue HTTP/1.1" status: 200 len: 6203 time: 0.0853381
2026-06-25 23:38:06.599 10 INFO neutron.wsgi [None req-a3e5cc00-97db-4ab6-ac96-5d9326b30937 0cd2b1af422a40d8988d089150721293 b1304fd66b934d44977da06c524f4ce4 - - default default] 10.0.0.38 "GET /v2.0/ports?not-tags-any=blue HTTP/1.1" status: 200 len: 6203 time: 0.0692577
2026-06-25 23:38:06.645 9 INFO neutron.db.ovn_revision_numbers_db [None req-1e83ece4-6f17-4d57-a52d-3f99a5b59968 606fe5c2543448f9ad77f73e9a1c6829 efabc6a8f2e2479da7775ddaefed191f - - default default] Successfully bumped revision number for resource 9e17675b-f19b-444e-80c3-02f43e7dcc6f (type: ports) to 1
2026-06-25 23:38:06.671 10 INFO neutron.wsgi [None req-2be804aa-c6e4-40b8-a07e-f68200baa538 0cd2b1af422a40d8988d089150721293 b1304fd66b934d44977da06c524f4ce4 - - default default] 10.0.0.38 "GET /v2.0/ports?not-tags-any=red%2Cblue HTTP/1.1" status: 200 len: 5463 time: 0.0663745
2026-06-25 23:38:06.903 10 INFO neutron.wsgi [None req-63c409e3-1850-44f4-ae7a-7d6329265442 0cd2b1af422a40d8988d089150721293 b1304fd66b934d44977da06c524f4ce4 - - default default] 10.0.0.38 "DELETE /v2.0/ports/3d7dac86-b587-4f3f-8358-731c4ca28b49 HTTP/1.1" status: 204 len: 168 time: 0.2250783
2026-06-25 23:38:07.015 9 INFO neutron.plugins.ml2.drivers.ovn.mech_driver.mech_driver [None req-7a5e1d94-c38d-4d8c-b2e1-348cd0aab4a8 - - - - - -] OVN reports status up for port: 9e17675b-f19b-444e-80c3-02f43e7dcc6f
2026-06-25 23:38:07.028 9 INFO neutron.plugins.ml2.plugin [None req-7a5e1d94-c38d-4d8c-b2e1-348cd0aab4a8 - - - - - -] Attempt 1 to provision port 9e17675b-f19b-444e-80c3-02f43e7dcc6f
2026-06-25 23:38:07.046 9 INFO neutron.db.ovn_revision_numbers_db [None req-1e83ece4-6f17-4d57-a52d-3f99a5b59968 606fe5c2543448f9ad77f73e9a1c6829 efabc6a8f2e2479da7775ddaefed191f - - default default] Successfully bumped revision number for resource 9e17675b-f19b-444e-80c3-02f43e7dcc6f (type: router_ports) to 1
2026-06-25 23:38:07.178 10 INFO neutron.wsgi [None req-b05abde2-9aec-412e-b007-994fb0cb93ff 0cd2b1af422a40d8988d089150721293 b1304fd66b934d44977da06c524f4ce4 - - default default] 10.0.0.38 "DELETE /v2.0/ports/83a59809-5f76-40f1-b0f5-76be4f27375a HTTP/1.1" status: 204 len: 168 time: 0.2707119
2026-06-25 23:38:07.284 9 INFO neutron.db.ovn_revision_numbers_db [None req-1e83ece4-6f17-4d57-a52d-3f99a5b59968 606fe5c2543448f9ad77f73e9a1c6829 efabc6a8f2e2479da7775ddaefed191f - - default default] Successfully bumped revision number for resource 9e17675b-f19b-444e-80c3-02f43e7dcc6f (type: ports) to 1
2026-06-25 23:38:07.298 10 WARNING neutron.plugins.ml2.drivers.ovn.mech_driver.ovsdb.ovn_client [None req-4d68a1e5-3384-4428-ac89-218fdb8c7b19 - - - - - -] No port found with ID 9a722efb-67ed-433b-a8a9-ae7b7236d53b: RuntimeError: No port found with ID 9a722efb-67ed-433b-a8a9-ae7b7236d53b
2026-06-25 23:38:07.390 9 WARNING neutron.scheduler.dhcp_agent_scheduler [None req-1e83ece4-6f17-4d57-a52d-3f99a5b59968 606fe5c2543448f9ad77f73e9a1c6829 efabc6a8f2e2479da7775ddaefed191f - - default default] No more DHCP agents
2026-06-25 23:38:07.392 9 WARNING neutron.api.rpc.agentnotifiers.dhcp_rpc_agent_api [None req-1e83ece4-6f17-4d57-a52d-3f99a5b59968 606fe5c2543448f9ad77f73e9a1c6829 efabc6a8f2e2479da7775ddaefed191f - - default default] Unable to schedule network 6e0505fc-cb20-4b07-98b1-1f352e624080: no agents available; will retry on subsequent port and subnet creation events.
