2026-06-25 23:37:07.758 9 WARNING neutron.api.rpc.agentnotifiers.dhcp_rpc_agent_api [None req-f7c254a6-84b6-4032-87f7-a06cd4eaeb6d 535086a4e238403e8b78141f9acb6800 089e7e315856435391f55cc3cf3b304b - - default default] Unable to schedule network d55819ee-ad29-43bb-8a52-345dfb759083: no agents available; will retry on subsequent port and subnet creation events.
2026-06-25 23:37:07.838 9 INFO neutron.db.ovn_revision_numbers_db [None req-f7c254a6-84b6-4032-87f7-a06cd4eaeb6d 535086a4e238403e8b78141f9acb6800 089e7e315856435391f55cc3cf3b304b - - default default] Successfully bumped revision number for resource 44d839a8-656f-40fe-91a4-87d3be142b51 (type: ports) to 1
2026-06-25 23:37:07.860 9 INFO neutron.wsgi [None req-f7c254a6-84b6-4032-87f7-a06cd4eaeb6d 535086a4e238403e8b78141f9acb6800 089e7e315856435391f55cc3cf3b304b - - default default] 10.0.0.38 "POST /v2.0/networks HTTP/1.1" status: 201 len: 830 time: 0.6124341
2026-06-25 23:37:08.195 10 WARNING neutron.scheduler.dhcp_agent_scheduler [None req-c1843e4a-1dba-4367-b2d2-ce3290f3edde 535086a4e238403e8b78141f9acb6800 089e7e315856435391f55cc3cf3b304b - - default default] No more DHCP agents
2026-06-25 23:37:08.199 10 WARNING neutron.api.rpc.agentnotifiers.dhcp_rpc_agent_api [None req-c1843e4a-1dba-4367-b2d2-ce3290f3edde 535086a4e238403e8b78141f9acb6800 089e7e315856435391f55cc3cf3b304b - - default default] Unable to schedule network d55819ee-ad29-43bb-8a52-345dfb759083: no agents available; will retry on subsequent port and subnet creation events.
2026-06-25 23:37:08.404 10 INFO neutron.db.ovn_revision_numbers_db [None req-26c0944c-32d7-4e3b-8151-1ee8eb6e3b0e 0584e429f92e47c888677276e4e03ca9 7ad4c3f9297c441db8057e704448efd0 - - default default] Successfully bumped revision number for resource 0689bdc4-ac49-43d1-89bd-b509dfc008d1 (type: ports) to 2
2026-06-25 23:37:08.475 10 INFO neutron.db.ovn_revision_numbers_db [None req-26c0944c-32d7-4e3b-8151-1ee8eb6e3b0e 0584e429f92e47c888677276e4e03ca9 7ad4c3f9297c441db8057e704448efd0 - - default default] Successfully bumped revision number for resource 8ce10642-ef91-43f1-a031-3a050971d6ee (type: subnets) to 0
2026-06-25 23:37:08.495 10 INFO neutron.wsgi [None req-26c0944c-32d7-4e3b-8151-1ee8eb6e3b0e 0584e429f92e47c888677276e4e03ca9 7ad4c3f9297c441db8057e704448efd0 - - default default] 10.0.0.38 "POST /v2.0/subnets HTTP/1.1" status: 201 len: 816 time: 1.0679216
2026-06-25 23:37:08.600 9 INFO neutron.db.segments_db [None req-310127d6-08ed-4bbc-9047-463159c8e9be 0584e429f92e47c888677276e4e03ca9 7ad4c3f9297c441db8057e704448efd0 - - default default] Added segment 7d7a10a6-5676-417c-9e1f-adfb46cd2973 of type geneve for network 4b96c4e5-5a72-4f9b-84ae-3f02553d92e6
2026-06-25 23:37:08.696 9 INFO neutron.wsgi [None req-3fe51db0-e168-4de3-a09f-adfb6ee6b439 2c0e3a3804cc4b77ba1c53194e47fad4 b8a47c2b3a114ea48d93d58d19547e89 - - default default] 10.0.0.38 "POST /v2.0/qos/policies HTTP/1.1" status: 201 len: 558 time: 0.2693534
2026-06-25 23:37:08.744 10 INFO neutron.wsgi [None req-c0d0a7d9-193d-4a10-8f02-19c0d2456447 2c0e3a3804cc4b77ba1c53194e47fad4 b8a47c2b3a114ea48d93d58d19547e89 - - default default] 10.0.0.38 "PUT /v2.0/policies/427cea34-6021-4248-8697-2039152ded85/tags HTTP/1.1" status: 200 len: 218 time: 0.0429933
2026-06-25 23:37:08.755 10 INFO neutron.db.ovn_revision_numbers_db [None req-c1843e4a-1dba-4367-b2d2-ce3290f3edde 535086a4e238403e8b78141f9acb6800 089e7e315856435391f55cc3cf3b304b - - default default] Successfully bumped revision number for resource 44d839a8-656f-40fe-91a4-87d3be142b51 (type: ports) to 2
2026-06-25 23:37:08.764 10 INFO neutron.wsgi [None req-95bdeb60-4d78-4c4e-9ca9-0c40f8a6bd28 2c0e3a3804cc4b77ba1c53194e47fad4 b8a47c2b3a114ea48d93d58d19547e89 - - default default] 10.0.0.38 "GET /v2.0/policies/427cea34-6021-4248-8697-2039152ded85/tags HTTP/1.1" status: 200 len: 218 time: 0.0144670
2026-06-25 23:37:08.778 9 INFO neutron.db.ovn_revision_numbers_db [None req-310127d6-08ed-4bbc-9047-463159c8e9be 0584e429f92e47c888677276e4e03ca9 7ad4c3f9297c441db8057e704448efd0 - - default default] Successfully bumped revision number for resource 4b96c4e5-5a72-4f9b-84ae-3f02553d92e6 (type: networks) to 1
2026-06-25 23:37:08.793 10 INFO neutron.db.ovn_revision_numbers_db [None req-c1843e4a-1dba-4367-b2d2-ce3290f3edde 535086a4e238403e8b78141f9acb6800 089e7e315856435391f55cc3cf3b304b - - default default] Successfully bumped revision number for resource 58508bcb-1e8d-48bc-9e4e-6fc7446918f2 (type: subnets) to 0
2026-06-25 23:37:08.807 9 INFO neutron.wsgi [None req-85f68adf-1bfd-4546-81ad-123020c3e8cf 2c0e3a3804cc4b77ba1c53194e47fad4 b8a47c2b3a114ea48d93d58d19547e89 - - default default] 10.0.0.38 "PUT /v2.0/policies/427cea34-6021-4248-8697-2039152ded85/tags/green HTTP/1.1" status: 201 len: 201 time: 0.0364757
2026-06-25 23:37:08.810 10 INFO neutron.wsgi [None req-c1843e4a-1dba-4367-b2d2-ce3290f3edde 535086a4e238403e8b78141f9acb6800 089e7e315856435391f55cc3cf3b304b - - default default] 10.0.0.38 "POST /v2.0/subnets HTTP/1.1" status: 201 len: 804 time: 0.9442952
2026-06-25 23:37:08.826 10 INFO neutron.wsgi [None req-7576bdbc-b122-4372-8141-b954d4746345 2c0e3a3804cc4b77ba1c53194e47fad4 b8a47c2b3a114ea48d93d58d19547e89 - - default default] 10.0.0.38 "GET /v2.0/policies/427cea34-6021-4248-8697-2039152ded85/tags HTTP/1.1" status: 200 len: 227 time: 0.0131855
2026-06-25 23:37:08.848 10 INFO neutron.wsgi [None req-faa74876-f84e-46a0-8ced-9ac3d2729d32 2c0e3a3804cc4b77ba1c53194e47fad4 b8a47c2b3a114ea48d93d58d19547e89 - - default default] 10.0.0.38 "PUT /v2.0/policies/427cea34-6021-4248-8697-2039152ded85/tags/red HTTP/1.1" status: 201 len: 201 time: 0.0174279
2026-06-25 23:37:08.868 10 INFO neutron.wsgi [None req-35ff8337-de70-4375-bcd9-7dd6d104b129 2c0e3a3804cc4b77ba1c53194e47fad4 b8a47c2b3a114ea48d93d58d19547e89 - - default default] 10.0.0.38 "GET /v2.0/policies/427cea34-6021-4248-8697-2039152ded85/tags HTTP/1.1" status: 200 len: 227 time: 0.0169821
2026-06-25 23:37:08.925 9 INFO neutron.db.segments_db [None req-7eb833a8-f653-4d0c-b284-1ed5a9951f3a 535086a4e238403e8b78141f9acb6800 089e7e315856435391f55cc3cf3b304b - - default default] Added segment 2244bb53-64b2-42eb-bd57-dd18c945079e of type geneve for network 58a0f34b-95c6-43a0-869f-208c077d6c97
2026-06-25 23:37:08.926 10 INFO neutron.wsgi [None req-51a33029-650b-4f50-8d72-637d99bd4013 2c0e3a3804cc4b77ba1c53194e47fad4 b8a47c2b3a114ea48d93d58d19547e89 - - default default] 10.0.0.38 "PUT /v2.0/policies/427cea34-6021-4248-8697-2039152ded85/tags/black.or.white HTTP/1.1" status: 201 len: 201 time: 0.0505803
2026-06-25 23:37:08.945 10 INFO neutron.wsgi [None req-b645abda-f545-4e3a-bcd1-a2f606a603d7 2c0e3a3804cc4b77ba1c53194e47fad4 b8a47c2b3a114ea48d93d58d19547e89 - - default default] 10.0.0.38 "GET /v2.0/policies/427cea34-6021-4248-8697-2039152ded85/tags HTTP/1.1" status: 200 len: 245 time: 0.0139511
2026-06-25 23:37:08.976 9 WARNING neutron.scheduler.dhcp_agent_scheduler [None req-310127d6-08ed-4bbc-9047-463159c8e9be 0584e429f92e47c888677276e4e03ca9 7ad4c3f9297c441db8057e704448efd0 - - default default] No more DHCP agents
2026-06-25 23:37:08.976 10 INFO neutron.wsgi [None req-28e2a7f6-71fe-4f71-a65b-5baf15d5fe3c 2c0e3a3804cc4b77ba1c53194e47fad4 b8a47c2b3a114ea48d93d58d19547e89 - - default default] 10.0.0.38 "PUT /v2.0/policies/427cea34-6021-4248-8697-2039152ded85/tags HTTP/1.1" status: 200 len: 230 time: 0.0266173
2026-06-25 23:37:08.981 9 WARNING neutron.api.rpc.agentnotifiers.dhcp_rpc_agent_api [None req-310127d6-08ed-4bbc-9047-463159c8e9be 0584e429f92e47c888677276e4e03ca9 7ad4c3f9297c441db8057e704448efd0 - - default default] Unable to schedule network 4b96c4e5-5a72-4f9b-84ae-3f02553d92e6: no agents available; will retry on subsequent port and subnet creation events.
2026-06-25 23:37:08.998 10 INFO neutron.wsgi [None req-505519fc-950d-46dd-835c-c92b02f92240 2c0e3a3804cc4b77ba1c53194e47fad4 b8a47c2b3a114ea48d93d58d19547e89 - - default default] 10.0.0.38 "GET /v2.0/policies/427cea34-6021-4248-8697-2039152ded85/tags HTTP/1.1" status: 200 len: 230 time: 0.0175920
2026-06-25 23:37:09.019 10 INFO neutron.wsgi [None req-2d01aabe-1933-422e-a694-5ab69ac5436d 2c0e3a3804cc4b77ba1c53194e47fad4 b8a47c2b3a114ea48d93d58d19547e89 - - default default] 10.0.0.38 "GET /v2.0/policies/427cea34-6021-4248-8697-2039152ded85/tags/red HTTP/1.1" status: 204 len: 168 time: 0.0147626
2026-06-25 23:37:09.037 10 INFO neutron.api.v2.resource [None req-3480db44-6153-4cf8-af26-4943a3d905bc 2c0e3a3804cc4b77ba1c53194e47fad4 b8a47c2b3a114ea48d93d58d19547e89 - - default default] show failed (client error): The resource could not be found.
2026-06-25 23:37:09.039 10 INFO neutron.wsgi [None req-3480db44-6153-4cf8-af26-4943a3d905bc 2c0e3a3804cc4b77ba1c53194e47fad4 b8a47c2b3a114ea48d93d58d19547e89 - - default default] 10.0.0.38 "GET /v2.0/policies/427cea34-6021-4248-8697-2039152ded85/tags/green HTTP/1.1" status: 404 len: 299 time: 0.0142767
2026-06-25 23:37:09.080 10 INFO neutron.wsgi [None req-b689adb9-ca51-4edf-9124-f35e662b4dc3 2c0e3a3804cc4b77ba1c53194e47fad4 b8a47c2b3a114ea48d93d58d19547e89 - - default default] 10.0.0.38 "DELETE /v2.0/policies/427cea34-6021-4248-8697-2039152ded85/tags/red HTTP/1.1" status: 204 len: 168 time: 0.0365093
2026-06-25 23:37:09.101 10 INFO neutron.wsgi [None req-324da4f2-25bb-4082-bf2d-7fdad97b6370 2c0e3a3804cc4b77ba1c53194e47fad4 b8a47c2b3a114ea48d93d58d19547e89 - - default default] 10.0.0.38 "GET /v2.0/policies/427cea34-6021-4248-8697-2039152ded85/tags HTTP/1.1" status: 200 len: 223 time: 0.0156634
2026-06-25 23:37:09.110 9 INFO neutron.db.ovn_revision_numbers_db [None req-310127d6-08ed-4bbc-9047-463159c8e9be 0584e429f92e47c888677276e4e03ca9 7ad4c3f9297c441db8057e704448efd0 - - default default] Successfully bumped revision number for resource 1f5d0bf5-2d80-4370-a95b-79158204a9d1 (type: ports) to 1
2026-06-25 23:37:09.113 9 INFO neutron.db.ovn_revision_numbers_db [None req-7eb833a8-f653-4d0c-b284-1ed5a9951f3a 535086a4e238403e8b78141f9acb6800 089e7e315856435391f55cc3cf3b304b - - default default] Successfully bumped revision number for resource 58a0f34b-95c6-43a0-869f-208c077d6c97 (type: networks) to 1
2026-06-25 23:37:09.120 10 INFO neutron.api.v2.resource [None req-6ce2675f-5eb5-4aba-9ed0-2db98d149e66 2c0e3a3804cc4b77ba1c53194e47fad4 b8a47c2b3a114ea48d93d58d19547e89 - - default default] delete failed (client error): The resource could not be found.
2026-06-25 23:37:09.121 10 INFO neutron.wsgi [None req-6ce2675f-5eb5-4aba-9ed0-2db98d149e66 2c0e3a3804cc4b77ba1c53194e47fad4 b8a47c2b3a114ea48d93d58d19547e89 - - default default] 10.0.0.38 "DELETE /v2.0/policies/427cea34-6021-4248-8697-2039152ded85/tags/green HTTP/1.1" status: 404 len: 299 time: 0.0155454
2026-06-25 23:37:09.138 9 INFO neutron.wsgi [None req-310127d6-08ed-4bbc-9047-463159c8e9be 0584e429f92e47c888677276e4e03ca9 7ad4c3f9297c441db8057e704448efd0 - - default default] 10.0.0.38 "POST /v2.0/networks HTTP/1.1" status: 201 len: 842 time: 0.6353145
2026-06-25 23:37:09.167 10 INFO neutron.wsgi [None req-7cc2516f-601d-42fa-8249-9db28381c268 2c0e3a3804cc4b77ba1c53194e47fad4 b8a47c2b3a114ea48d93d58d19547e89 - - default default] 10.0.0.38 "DELETE /v2.0/policies/427cea34-6021-4248-8697-2039152ded85/tags HTTP/1.1" status: 204 len: 168 time: 0.0418413
2026-06-25 23:37:09.191 9 INFO neutron.wsgi [None req-75f82b8b-7ea6-4135-a8ef-cf06b057fada 2c0e3a3804cc4b77ba1c53194e47fad4 b8a47c2b3a114ea48d93d58d19547e89 - - default default] 10.0.0.38 "GET /v2.0/policies/427cea34-6021-4248-8697-2039152ded85/tags HTTP/1.1" status: 200 len: 205 time: 0.0188723
2026-06-25 23:37:09.290 9 INFO neutron.wsgi [None req-0a5ef947-0d40-42fa-bfaf-29e70073fb9b 2c0e3a3804cc4b77ba1c53194e47fad4 b8a47c2b3a114ea48d93d58d19547e89 - - default default] 10.0.0.38 "DELETE /v2.0/qos/policies/427cea34-6021-4248-8697-2039152ded85 HTTP/1.1" status: 204 len: 168 time: 0.0903559
2026-06-25 23:37:09.301 9 WARNING neutron.scheduler.dhcp_agent_scheduler [None req-7eb833a8-f653-4d0c-b284-1ed5a9951f3a 535086a4e238403e8b78141f9acb6800 089e7e315856435391f55cc3cf3b304b - - default default] No more DHCP agents
2026-06-25 23:37:09.303 9 WARNING neutron.api.rpc.agentnotifiers.dhcp_rpc_agent_api [None req-7eb833a8-f653-4d0c-b284-1ed5a9951f3a 535086a4e238403e8b78141f9acb6800 089e7e315856435391f55cc3cf3b304b - - default default] Unable to schedule network 58a0f34b-95c6-43a0-869f-208c077d6c97: no agents available; will retry on subsequent port and subnet creation events.
2026-06-25 23:37:09.351 10 INFO neutron.db.ovn_revision_numbers_db [None req-7188cb99-a650-423f-bf3d-78fcbb71bbc4 0584e429f92e47c888677276e4e03ca9 7ad4c3f9297c441db8057e704448efd0 - - default default] Successfully bumped revision number for resource 4b96c4e5-5a72-4f9b-84ae-3f02553d92e6 (type: networks) to 2
2026-06-25 23:37:09.356 10 INFO neutron.wsgi [None req-7188cb99-a650-423f-bf3d-78fcbb71bbc4 0584e429f92e47c888677276e4e03ca9 7ad4c3f9297c441db8057e704448efd0 - - default default] 10.0.0.38 "PUT /v2.0/networks/4b96c4e5-5a72-4f9b-84ae-3f02553d92e6 HTTP/1.1" status: 200 len: 792 time: 0.2117517
2026-06-25 23:37:09.418 9 INFO neutron.db.ovn_revision_numbers_db [None req-7eb833a8-f653-4d0c-b284-1ed5a9951f3a 535086a4e238403e8b78141f9acb6800 089e7e315856435391f55cc3cf3b304b - - default default] Successfully bumped revision number for resource 56976d8f-ea77-462e-9bad-6c7507c85427 (type: ports) to 1
2026-06-25 23:37:09.446 9 INFO neutron.wsgi [None req-7eb833a8-f653-4d0c-b284-1ed5a9951f3a 535086a4e238403e8b78141f9acb6800 089e7e315856435391f55cc3cf3b304b - - default default] 10.0.0.38 "POST /v2.0/networks HTTP/1.1" status: 201 len: 830 time: 0.6303358
2026-06-25 23:37:09.633 10 WARNING neutron.scheduler.dhcp_agent_scheduler [None req-1b5657e7-5a30-4cc2-8435-3811577d54ca 0584e429f92e47c888677276e4e03ca9 7ad4c3f9297c441db8057e704448efd0 - - default default] No more DHCP agents
2026-06-25 23:37:09.634 10 WARNING neutron.api.rpc.agentnotifiers.dhcp_rpc_agent_api [None req-1b5657e7-5a30-4cc2-8435-3811577d54ca 0584e429f92e47c888677276e4e03ca9 7ad4c3f9297c441db8057e704448efd0 - - default default] Unable to schedule network 4b96c4e5-5a72-4f9b-84ae-3f02553d92e6: no agents available; will retry on subsequent port and subnet creation events.
2026-06-25 23:37:09.732 9 WARNING neutron.scheduler.dhcp_agent_scheduler [None req-c3a08739-34bc-4823-bbc6-8f99e220e920 535086a4e238403e8b78141f9acb6800 089e7e315856435391f55cc3cf3b304b - - default default] No more DHCP agents
2026-06-25 23:37:09.736 9 WARNING neutron.api.rpc.agentnotifiers.dhcp_rpc_agent_api [None req-c3a08739-34bc-4823-bbc6-8f99e220e920 535086a4e238403e8b78141f9acb6800 089e7e315856435391f55cc3cf3b304b - - default default] Unable to schedule network 58a0f34b-95c6-43a0-869f-208c077d6c97: no agents available; will retry on subsequent port and subnet creation events.
2026-06-25 23:37:10.151 10 INFO neutron.db.ovn_revision_numbers_db [None req-1b5657e7-5a30-4cc2-8435-3811577d54ca 0584e429f92e47c888677276e4e03ca9 7ad4c3f9297c441db8057e704448efd0 - - default default] Successfully bumped revision number for resource 1f5d0bf5-2d80-4370-a95b-79158204a9d1 (type: ports) to 2
2026-06-25 23:37:10.186 10 INFO neutron.db.ovn_revision_numbers_db [None req-1b5657e7-5a30-4cc2-8435-3811577d54ca 0584e429f92e47c888677276e4e03ca9 7ad4c3f9297c441db8057e704448efd0 - - default default] Successfully bumped revision number for resource be865d25-5744-4eb7-a0b1-bf542d69ec91 (type: subnets) to 0
2026-06-25 23:37:10.203 10 INFO neutron.wsgi [None req-1b5657e7-5a30-4cc2-8435-3811577d54ca 0584e429f92e47c888677276e4e03ca9 7ad4c3f9297c441db8057e704448efd0 - - default default] 10.0.0.38 "POST /v2.0/subnets HTTP/1.1" status: 201 len: 801 time: 0.8423970
2026-06-25 23:37:10.238 9 INFO neutron.db.ovn_revision_numbers_db [None req-873677a6-442d-4d4d-8c50-c06bf396a842 c26e1bea72844b4fa2afd28abb2a9f03 2b43eefe57fe4a4798d2146efe13832c - - default default] Successfully bumped revision number for resource cb4687c8-0dc5-4b6f-9fef-51c582bb6f70 (type: security_groups) to 1
2026-06-25 23:37:10.405 10 INFO neutron.wsgi [req-8fa9073b-8b6d-4873-a31d-e17d88ab28fa req-ecf116aa-3ac2-4e57-990a-e57951034a52 fb40b85c4be44d2ba3cdbb8906922eee 5b348a9d28774d1a9926eabffd5e01e4 - - 2cd177c1069f466b8251a88850592d23 2cd177c1069f466b8251a88850592d23] 10.0.0.234 "GET /v2.0/ports?device_id=1c6b0c4e-758e-473f-a9e7-6c0b47e151f7 HTTP/1.1" status: 200 len: 1413 time: 0.0572309
2026-06-25 23:37:10.454 9 INFO neutron.db.ovn_revision_numbers_db [None req-873677a6-442d-4d4d-8c50-c06bf396a842 c26e1bea72844b4fa2afd28abb2a9f03 2b43eefe57fe4a4798d2146efe13832c - - default default] Successfully bumped revision number for resource 2e957025-7070-4d78-b2fe-a03e3953a469 (type: security_group_rules) to 0
2026-06-25 23:37:10.474 9 INFO neutron.db.ovn_revision_numbers_db [None req-873677a6-442d-4d4d-8c50-c06bf396a842 c26e1bea72844b4fa2afd28abb2a9f03 2b43eefe57fe4a4798d2146efe13832c - - default default] Successfully bumped revision number for resource 8c507528-e009-4043-bea0-06ac89a3f412 (type: security_group_rules) to 0
2026-06-25 23:37:10.496 9 INFO neutron.db.ovn_revision_numbers_db [None req-873677a6-442d-4d4d-8c50-c06bf396a842 c26e1bea72844b4fa2afd28abb2a9f03 2b43eefe57fe4a4798d2146efe13832c - - default default] Successfully bumped revision number for resource aa95c943-23c3-4e71-98ed-5a40c23348e8 (type: security_group_rules) to 0
2026-06-25 23:37:10.498 10 INFO neutron.wsgi [req-8fa9073b-8b6d-4873-a31d-e17d88ab28fa req-2b742861-f8e1-4c7d-bdf2-a765dc727337 fb40b85c4be44d2ba3cdbb8906922eee 5b348a9d28774d1a9926eabffd5e01e4 - - 2cd177c1069f466b8251a88850592d23 2cd177c1069f466b8251a88850592d23] 10.0.0.234 "GET /v2.0/security-groups?id=ae360c70-d682-415d-a4fc-62bb6cdf2b0c&fields=id&fields=name HTTP/1.1" status: 200 len: 312 time: 0.0847526
2026-06-25 23:37:10.499 9 INFO neutron.db.ovn_revision_numbers_db [None req-c3a08739-34bc-4823-bbc6-8f99e220e920 535086a4e238403e8b78141f9acb6800 089e7e315856435391f55cc3cf3b304b - - default default] Successfully bumped revision number for resource 56976d8f-ea77-462e-9bad-6c7507c85427 (type: ports) to 2
2026-06-25 23:37:10.513 9 INFO neutron.db.ovn_revision_numbers_db [None req-873677a6-442d-4d4d-8c50-c06bf396a842 c26e1bea72844b4fa2afd28abb2a9f03 2b43eefe57fe4a4798d2146efe13832c - - default default] Successfully bumped revision number for resource dd81fbb4-e62e-442c-9371-d03751324c37 (type: security_group_rules) to 0
2026-06-25 23:37:10.540 9 INFO neutron.wsgi [None req-873677a6-442d-4d4d-8c50-c06bf396a842 c26e1bea72844b4fa2afd28abb2a9f03 2b43eefe57fe4a4798d2146efe13832c - - default default] 10.0.0.38 "GET /v2.0/security-groups?tenant_id=da0f5f6632464e31b09afe7dd6a1868e&name=default HTTP/1.1" status: 200 len: 2996 time: 0.5785065
2026-06-25 23:37:10.547 9 INFO neutron.db.ovn_revision_numbers_db [None req-c3a08739-34bc-4823-bbc6-8f99e220e920 535086a4e238403e8b78141f9acb6800 089e7e315856435391f55cc3cf3b304b - - default default] Successfully bumped revision number for resource 2656cd6e-2548-4778-be26-d1f5c92a51d0 (type: subnets) to 0
2026-06-25 23:37:10.560 9 INFO neutron.wsgi [None req-c3a08739-34bc-4823-bbc6-8f99e220e920 535086a4e238403e8b78141f9acb6800 089e7e315856435391f55cc3cf3b304b - - default default] 10.0.0.38 "POST /v2.0/subnets HTTP/1.1" status: 201 len: 804 time: 1.1074250
2026-06-25 23:37:10.619 10 INFO neutron.db.ovn_revision_numbers_db [None req-0c5db596-81f5-43b6-a131-159eda112a9e 0584e429f92e47c888677276e4e03ca9 7ad4c3f9297c441db8057e704448efd0 - - default default] Successfully bumped revision number for resource be865d25-5744-4eb7-a0b1-bf542d69ec91 (type: subnets) to 1
2026-06-25 23:37:10.621 10 INFO neutron.wsgi [None req-0c5db596-81f5-43b6-a131-159eda112a9e 0584e429f92e47c888677276e4e03ca9 7ad4c3f9297c441db8057e704448efd0 - - default default] 10.0.0.38 "PUT /v2.0/subnets/be865d25-5744-4eb7-a0b1-bf542d69ec91 HTTP/1.1" status: 200 len: 806 time: 0.4110422
2026-06-25 23:37:10.660 9 INFO neutron.db.segments_db [None req-28f29db6-08c8-4bf0-b67e-87acc7722301 535086a4e238403e8b78141f9acb6800 089e7e315856435391f55cc3cf3b304b - - default default] Added segment 20238d52-ec19-481d-aaba-8a7ff866959b of type geneve for network 8d62fe04-7592-47b6-89f1-b7bcf014a0a7
2026-06-25 23:37:10.767 10 INFO neutron.wsgi [None req-e462ef9e-f140-4cb3-953a-9d6f29e62098 c26e1bea72844b4fa2afd28abb2a9f03 2b43eefe57fe4a4798d2146efe13832c - - default default] 10.0.0.38 "DELETE /v2.0/security-groups/cb4687c8-0dc5-4b6f-9fef-51c582bb6f70 HTTP/1.1" status: 204 len: 168 time: 0.2219288
2026-06-25 23:37:10.828 9 INFO neutron.db.ovn_revision_numbers_db [None req-28f29db6-08c8-4bf0-b67e-87acc7722301 535086a4e238403e8b78141f9acb6800 089e7e315856435391f55cc3cf3b304b - - default default] Successfully bumped revision number for resource 8d62fe04-7592-47b6-89f1-b7bcf014a0a7 (type: networks) to 1
2026-06-25 23:37:11.097 9 WARNING neutron.scheduler.dhcp_agent_scheduler [None req-28f29db6-08c8-4bf0-b67e-87acc7722301 535086a4e238403e8b78141f9acb6800 089e7e315856435391f55cc3cf3b304b - - default default] No more DHCP agents
2026-06-25 23:37:11.101 9 WARNING neutron.api.rpc.agentnotifiers.dhcp_rpc_agent_api [None req-28f29db6-08c8-4bf0-b67e-87acc7722301 535086a4e238403e8b78141f9acb6800 089e7e315856435391f55cc3cf3b304b - - default default] Unable to schedule network 8d62fe04-7592-47b6-89f1-b7bcf014a0a7: no agents available; will retry on subsequent port and subnet creation events.
2026-06-25 23:37:11.119 9 INFO neutron.db.ovn_revision_numbers_db [None req-acfd1ed2-7cb6-4055-bca7-09f52d003e8c c26e1bea72844b4fa2afd28abb2a9f03 2b43eefe57fe4a4798d2146efe13832c - - default default] Successfully bumped revision number for resource 78c65d57-5301-49c5-ac89-08dee81c5586 (type: security_groups) to 1
2026-06-25 23:37:11.149 9 INFO neutron.db.ovn_revision_numbers_db [None req-acfd1ed2-7cb6-4055-bca7-09f52d003e8c c26e1bea72844b4fa2afd28abb2a9f03 2b43eefe57fe4a4798d2146efe13832c - - default default] Successfully bumped revision number for resource 21d539e9-310f-406c-8ffb-279aa5c998e5 (type: security_group_rules) to 0
2026-06-25 23:37:11.178 9 INFO neutron.db.ovn_revision_numbers_db [None req-acfd1ed2-7cb6-4055-bca7-09f52d003e8c c26e1bea72844b4fa2afd28abb2a9f03 2b43eefe57fe4a4798d2146efe13832c - - default default] Successfully bumped revision number for resource af5ce158-c040-4d3e-8c17-f1766c48a0cd (type: security_group_rules) to 0
2026-06-25 23:37:11.212 9 INFO neutron.db.ovn_revision_numbers_db [None req-acfd1ed2-7cb6-4055-bca7-09f52d003e8c c26e1bea72844b4fa2afd28abb2a9f03 2b43eefe57fe4a4798d2146efe13832c - - default default] Successfully bumped revision number for resource d7436324-4ed5-46ab-96aa-d24137684c24 (type: security_group_rules) to 0
2026-06-25 23:37:11.221 9 INFO neutron.db.ovn_revision_numbers_db [None req-28f29db6-08c8-4bf0-b67e-87acc7722301 535086a4e238403e8b78141f9acb6800 089e7e315856435391f55cc3cf3b304b - - default default] Successfully bumped revision number for resource 3f3a6341-6757-4754-bec6-21310dc7fb4d (type: ports) to 1
2026-06-25 23:37:11.252 9 INFO neutron.db.ovn_revision_numbers_db [None req-acfd1ed2-7cb6-4055-bca7-09f52d003e8c c26e1bea72844b4fa2afd28abb2a9f03 2b43eefe57fe4a4798d2146efe13832c - - default default] Successfully bumped revision number for resource ef76ea76-ada4-4304-ae8b-23d05010d80c (type: security_group_rules) to 0
2026-06-25 23:37:11.258 9 INFO neutron.wsgi [None req-28f29db6-08c8-4bf0-b67e-87acc7722301 535086a4e238403e8b78141f9acb6800 089e7e315856435391f55cc3cf3b304b - - default default] 10.0.0.38 "POST /v2.0/networks HTTP/1.1" status: 201 len: 831 time: 0.6940351
2026-06-25 23:37:11.276 9 INFO neutron.wsgi [None req-acfd1ed2-7cb6-4055-bca7-09f52d003e8c c26e1bea72844b4fa2afd28abb2a9f03 2b43eefe57fe4a4798d2146efe13832c - - default default] 10.0.0.38 "GET /v2.0/security-groups?tenant_id=b8a47c2b3a114ea48d93d58d19547e89&name=default HTTP/1.1" status: 200 len: 2996 time: 0.4000154
2026-06-25 23:37:11.441 9 INFO neutron.services.segments.plugin [-] Segment 7d7a10a6-5676-417c-9e1f-adfb46cd2973 resource provider aggregate not found
2026-06-25 23:37:11.448 9 INFO neutron.services.segments.plugin [-] Segment 7d7a10a6-5676-417c-9e1f-adfb46cd2973 resource provider aggregate not found
2026-06-25 23:37:11.480 9 INFO neutron.services.segments.plugin [-] Segment 7d7a10a6-5676-417c-9e1f-adfb46cd2973 resource provider not found; error: Placement Client Error (4xx): {"errors": [{"status": 404, "title": "Not Found", "detail": "The resource could not be found.\n\n No resource provider with uuid 7d7a10a6-5676-417c-9e1f-adfb46cd2973 found for delete ", "request_id": "req-8b515356-e1b5-4185-b16f-84239be9f7d9"}]}
2026-06-25 23:37:11.517 9 INFO neutron.wsgi [None req-bbb414e4-f364-4c34-9f5c-6345a3a20fd4 0584e429f92e47c888677276e4e03ca9 7ad4c3f9297c441db8057e704448efd0 - - default default] 10.0.0.38 "DELETE /v2.0/networks/4b96c4e5-5a72-4f9b-84ae-3f02553d92e6 HTTP/1.1" status: 204 len: 168 time: 0.8892679
2026-06-25 23:37:11.525 10 INFO neutron.wsgi [None req-51296beb-6ef9-487e-afa7-92b0076dcf31 95eb17345b504f4db06101dce6e77c79 dac3c0c13e8847eaa08a1abaa81a71d3 - - default default] 10.0.0.38 "GET /v2.0/ports?project_id=380346ed49144edfa4828877dda45289&network_id=2c4cf9de-9f4a-45fa-848d-e6973dbe5536 HTTP/1.1" status: 200 len: 3514 time: 0.0723763
2026-06-25 23:37:11.533 9 INFO neutron.services.segments.plugin [-] Segment 7d7a10a6-5676-417c-9e1f-adfb46cd2973 resource provider not found; error: Placement Client Error (4xx): {"errors": [{"status": 404, "title": "Not Found", "detail": "The resource could not be found.\n\n No resource provider with uuid 7d7a10a6-5676-417c-9e1f-adfb46cd2973 found for delete ", "request_id": "req-d2ee6b7e-9fc1-4bcd-9041-020452a1d4e3"}]}
2026-06-25 23:37:11.541 9 INFO neutron.pecan_wsgi.hooks.translation [None req-b006bbb8-6b4b-4a3e-a053-0381920eeea4 0584e429f92e47c888677276e4e03ca9 7ad4c3f9297c441db8057e704448efd0 - - default default] DELETE failed (client error): The resource could not be found.
2026-06-25 23:37:11.543 9 INFO neutron.wsgi [None req-b006bbb8-6b4b-4a3e-a053-0381920eeea4 0584e429f92e47c888677276e4e03ca9 7ad4c3f9297c441db8057e704448efd0 - - default default] 10.0.0.38 "DELETE /v2.0/networks/4b96c4e5-5a72-4f9b-84ae-3f02553d92e6 HTTP/1.1" status: 404 len: 339 time: 0.0184560
2026-06-25 23:37:11.619 10 WARNING neutron.scheduler.dhcp_agent_scheduler [None req-60654ae8-90cf-46f3-bbda-24fb980fc405 535086a4e238403e8b78141f9acb6800 089e7e315856435391f55cc3cf3b304b - - default default] No more DHCP agents
2026-06-25 23:37:11.621 10 WARNING neutron.api.rpc.agentnotifiers.dhcp_rpc_agent_api [None req-60654ae8-90cf-46f3-bbda-24fb980fc405 535086a4e238403e8b78141f9acb6800 089e7e315856435391f55cc3cf3b304b - - default default] Unable to schedule network 8d62fe04-7592-47b6-89f1-b7bcf014a0a7: no agents available; will retry on subsequent port and subnet creation events.
2026-06-25 23:37:11.650 9 INFO neutron.wsgi [None req-57856c38-104f-41db-9675-e727e3be2014 0584e429f92e47c888677276e4e03ca9 7ad4c3f9297c441db8057e704448efd0 - - default default] 10.0.0.38 "GET /v2.0/networks?router%3Aexternal=True HTTP/1.1" status: 200 len: 845 time: 0.0998104
2026-06-25 23:37:11.656 9 INFO neutron.wsgi [None req-005d5e49-1050-4312-bf73-1e0dccbdc8d3 c26e1bea72844b4fa2afd28abb2a9f03 2b43eefe57fe4a4798d2146efe13832c - - default default] 10.0.0.38 "DELETE /v2.0/security-groups/78c65d57-5301-49c5-ac89-08dee81c5586 HTTP/1.1" status: 204 len: 168 time: 0.3707693
2026-06-25 23:37:11.705 10 INFO neutron.wsgi [None req-ef8ec9c2-9521-475f-86b6-c65bfe6c319c 0584e429f92e47c888677276e4e03ca9 7ad4c3f9297c441db8057e704448efd0 - - default default] 10.0.0.38 "GET /v2.0/subnets?network_id=7984dda1-acac-48ee-93b4-94f15e1910dc HTTP/1.1" status: 200 len: 820 time: 0.0489447
2026-06-25 23:37:11.719 9 INFO neutron.wsgi [None req-8502d722-ae50-4434-b84a-c690835823da 0584e429f92e47c888677276e4e03ca9 7ad4c3f9297c441db8057e704448efd0 - - default default] 10.0.0.38 "GET /v2.0/extensions HTTP/1.1" status: 200 len: 16520 time: 0.0081086
2026-06-25 23:37:11.803 10 INFO neutron.wsgi [None req-c2676e7e-7ec4-49f7-a123-869e8a7ee22b 95eb17345b504f4db06101dce6e77c79 dac3c0c13e8847eaa08a1abaa81a71d3 - - default default] 10.0.0.38 "GET /v2.0/subnets?network_id=7984dda1-acac-48ee-93b4-94f15e1910dc HTTP/1.1" status: 200 len: 838 time: 0.0546141
2026-06-25 23:37:11.840 9 INFO neutron.wsgi [None req-856b3da1-cae6-4b87-a23d-0ad097d0cde4 0584e429f92e47c888677276e4e03ca9 7ad4c3f9297c441db8057e704448efd0 - - default default] 10.0.0.38 "GET /v2.0/networks HTTP/1.1" status: 200 len: 1504 time: 0.1140895
2026-06-25 23:37:11.906 9 INFO neutron.wsgi [None req-446da1a6-dfea-48e2-ab65-68a89d998ee2 0584e429f92e47c888677276e4e03ca9 7ad4c3f9297c441db8057e704448efd0 - - default default] 10.0.0.38 "GET /v2.0/subnets HTTP/1.1" status: 200 len: 1428 time: 0.0594702
2026-06-25 23:37:12.003 9 INFO neutron.wsgi [None req-f116a068-e934-48cc-8790-489378cf0bb1 0584e429f92e47c888677276e4e03ca9 7ad4c3f9297c441db8057e704448efd0 - - default default] 10.0.0.38 "GET /v2.0/networks/ad7ad4f0-9a57-42af-838e-519ff9a55a84 HTTP/1.1" status: 200 len: 863 time: 0.0913436
2026-06-25 23:37:12.063 10 INFO neutron.wsgi [None req-3bf5fb2b-2085-4072-83c0-bc1e8b544ae0 0584e429f92e47c888677276e4e03ca9 7ad4c3f9297c441db8057e704448efd0 - - default default] 10.0.0.38 "GET /v2.0/subnets/8ce10642-ef91-43f1-a031-3a050971d6ee HTTP/1.1" status: 200 len: 811 time: 0.0535452
2026-06-25 23:37:12.083 9 INFO neutron.db.l3_db [None req-d8df51a8-675d-4944-98e6-9e975257f14c f23d5650e19d4e0894311b30285bbc87 380346ed49144edfa4828877dda45289 - - default default] Floating IP a33a10a7-6bf8-409b-8b6b-883e2b1d2644 disassociated. External IP: 10.96.250.215, port: 73372f5e-d7de-4588-b88d-5c1c53a3b700.
2026-06-25 23:37:12.086 10 INFO neutron.pecan_wsgi.hooks.translation [None req-212853c4-f5b2-4023-8eb4-0e8b9668da94 0584e429f92e47c888677276e4e03ca9 7ad4c3f9297c441db8057e704448efd0 - - default default] DELETE failed (client error): The resource could not be found.
2026-06-25 23:37:12.088 10 INFO neutron.wsgi [None req-212853c4-f5b2-4023-8eb4-0e8b9668da94 0584e429f92e47c888677276e4e03ca9 7ad4c3f9297c441db8057e704448efd0 - - default default] 10.0.0.38 "DELETE /v2.0/subnets/be865d25-5744-4eb7-a0b1-bf542d69ec91 HTTP/1.1" status: 404 len: 337 time: 0.0167778
2026-06-25 23:37:12.120 10 INFO neutron.pecan_wsgi.hooks.translation [None req-2b2be782-4e87-4736-9a6d-b8611e5ad1cb 0584e429f92e47c888677276e4e03ca9 7ad4c3f9297c441db8057e704448efd0 - - default default] DELETE failed (client error): The resource could not be found.
2026-06-25 23:37:12.123 10 INFO neutron.wsgi [None req-2b2be782-4e87-4736-9a6d-b8611e5ad1cb 0584e429f92e47c888677276e4e03ca9 7ad4c3f9297c441db8057e704448efd0 - - default default] 10.0.0.38 "DELETE /v2.0/networks/4b96c4e5-5a72-4f9b-84ae-3f02553d92e6 HTTP/1.1" status: 404 len: 339 time: 0.0182099
2026-06-25 23:37:12.155 9 INFO neutron.db.ovn_revision_numbers_db [None req-d8df51a8-675d-4944-98e6-9e975257f14c f23d5650e19d4e0894311b30285bbc87 380346ed49144edfa4828877dda45289 - - default default] Successfully bumped revision number for resource a33a10a7-6bf8-409b-8b6b-883e2b1d2644 (type: floatingips) to 2
2026-06-25 23:37:12.240 9 INFO neutron.wsgi [None req-d8df51a8-675d-4944-98e6-9e975257f14c f23d5650e19d4e0894311b30285bbc87 380346ed49144edfa4828877dda45289 - - default default] 10.0.0.38 "PUT /v2.0/floatingips/a33a10a7-6bf8-409b-8b6b-883e2b1d2644 HTTP/1.1" status: 200 len: 748 time: 0.2890763
2026-06-25 23:37:12.250 10 INFO neutron.db.ovn_revision_numbers_db [None req-60654ae8-90cf-46f3-bbda-24fb980fc405 535086a4e238403e8b78141f9acb6800 089e7e315856435391f55cc3cf3b304b - - default default] Successfully bumped revision number for resource 3f3a6341-6757-4754-bec6-21310dc7fb4d (type: ports) to 2
2026-06-25 23:37:12.300 10 INFO neutron.wsgi [None req-e0ea923f-8e5b-4542-b626-580158a848e8 f23d5650e19d4e0894311b30285bbc87 380346ed49144edfa4828877dda45289 - - default default] 10.0.0.38 "GET /v2.0/floatingips/a33a10a7-6bf8-409b-8b6b-883e2b1d2644 HTTP/1.1" status: 200 len: 746 time: 0.0519211
2026-06-25 23:37:12.302 9 INFO neutron.notifiers.nova [-] Nova event matching ['req-323673c7-54ac-4b3d-8639-588fca5be729'] response: {'name': 'network-changed', 'server_uuid': '1c6b0c4e-758e-473f-a9e7-6c0b47e151f7', 'tag': '73372f5e-d7de-4588-b88d-5c1c53a3b700', 'status': 'completed', 'code': 200} /var/lib/openstack/lib/python3.10/site-packages/pycadf/identifier.py:71: UserWarning: Invalid uuid: neutron. To ensure interoperability, identifiers should be a valid uuid. warnings.warn(('Invalid uuid: %s. To ensure interoperability, '
2026-06-25 23:37:12.351 9 INFO neutron.wsgi [req-2bd55517-4198-4d19-acf2-7919cbb77aa5 req-3533c968-f92b-48d9-b1c3-6c13b17a6f24 fb40b85c4be44d2ba3cdbb8906922eee 5b348a9d28774d1a9926eabffd5e01e4 - - 2cd177c1069f466b8251a88850592d23 2cd177c1069f466b8251a88850592d23] 199.204.45.4 "GET /v2.0/ports?tenant_id=380346ed49144edfa4828877dda45289&device_id=1c6b0c4e-758e-473f-a9e7-6c0b47e151f7 HTTP/1.1" status: 200 len: 1413 time: 0.0384583
2026-06-25 23:37:12.353 10 INFO neutron.db.ovn_revision_numbers_db [None req-60654ae8-90cf-46f3-bbda-24fb980fc405 535086a4e238403e8b78141f9acb6800 089e7e315856435391f55cc3cf3b304b - - default default] Successfully bumped revision number for resource 77aeaf7e-0ce2-48df-a9b7-e8ae32fbdd79 (type: subnets) to 0
2026-06-25 23:37:12.375 10 INFO neutron.wsgi [None req-60654ae8-90cf-46f3-bbda-24fb980fc405 535086a4e238403e8b78141f9acb6800 089e7e315856435391f55cc3cf3b304b - - default default] 10.0.0.38 "POST /v2.0/subnets HTTP/1.1" status: 201 len: 804 time: 1.1099913
2026-06-25 23:37:12.444 10 INFO neutron.wsgi [None req-5651f3ee-8546-4fd2-9fc6-0cee86e66011 0584e429f92e47c888677276e4e03ca9 7ad4c3f9297c441db8057e704448efd0 - - default default] 10.0.0.38 "DELETE /v2.0/subnets/8ce10642-ef91-43f1-a031-3a050971d6ee HTTP/1.1" status: 204 len: 168 time: 0.3159654
2026-06-25 23:37:12.465 9 INFO neutron.wsgi [req-2bd55517-4198-4d19-acf2-7919cbb77aa5 req-9fdefa56-81c8-4487-88d8-897af24270db fb40b85c4be44d2ba3cdbb8906922eee 5b348a9d28774d1a9926eabffd5e01e4 - - 2cd177c1069f466b8251a88850592d23 2cd177c1069f466b8251a88850592d23] 199.204.45.4 "GET /v2.0/networks?id=2c4cf9de-9f4a-45fa-848d-e6973dbe5536 HTTP/1.1" status: 200 len: 958 time: 0.1046753
2026-06-25 23:37:12.468 10 INFO neutron.wsgi [None req-9fc6bd47-d5e6-46b0-8f8c-fb004acb99c6 535086a4e238403e8b78141f9acb6800 089e7e315856435391f55cc3cf3b304b - - default default] 10.0.0.38 "PUT /v2.0/subnets/f515620e-dc85-459d-94e8-5c0570c4f182/tags HTTP/1.1" status: 200 len: 210 time: 0.0842521
2026-06-25 23:37:12.514 9 INFO neutron.wsgi [req-2bd55517-4198-4d19-acf2-7919cbb77aa5 req-9589913a-afb5-4f2a-bdd0-4668f4d05fa8 fb40b85c4be44d2ba3cdbb8906922eee 5b348a9d28774d1a9926eabffd5e01e4 - - 2cd177c1069f466b8251a88850592d23 2cd177c1069f466b8251a88850592d23] 199.204.45.4 "GET /v2.0/floatingips?fixed_ip_address=10.100.0.10&port_id=73372f5e-d7de-4588-b88d-5c1c53a3b700 HTTP/1.1" status: 200 len: 217 time: 0.0333633
2026-06-25 23:37:12.540 10 INFO neutron.wsgi [None req-2d3da02f-4093-4729-93c4-74ba6fb26208 535086a4e238403e8b78141f9acb6800 089e7e315856435391f55cc3cf3b304b - - default default] 10.0.0.38 "PUT /v2.0/subnets/a9b7b383-5bed-40e8-805d-cf0f9fae5285/tags HTTP/1.1" status: 200 len: 218 time: 0.0621397
2026-06-25 23:37:12.565 9 INFO neutron.wsgi [req-2bd55517-4198-4d19-acf2-7919cbb77aa5 req-b66a137e-ec53-4c30-8477-a61ab38a6bb2 fb40b85c4be44d2ba3cdbb8906922eee 5b348a9d28774d1a9926eabffd5e01e4 - - 2cd177c1069f466b8251a88850592d23 2cd177c1069f466b8251a88850592d23] 199.204.45.4 "GET /v2.0/subnets?id=4df20e67-482e-4378-935f-a60ed1c863b9 HTTP/1.1" status: 200 len: 853 time: 0.0429039
2026-06-25 23:37:12.608 9 INFO neutron.wsgi [req-2bd55517-4198-4d19-acf2-7919cbb77aa5 req-554418dc-1130-4550-b4b2-f08e7ed1c467 fb40b85c4be44d2ba3cdbb8906922eee 5b348a9d28774d1a9926eabffd5e01e4 - - 2cd177c1069f466b8251a88850592d23 2cd177c1069f466b8251a88850592d23] 199.204.45.4 "GET /v2.0/ports?network_id=2c4cf9de-9f4a-45fa-848d-e6973dbe5536&device_owner=network%3Adhcp HTTP/1.1" status: 200 len: 210 time: 0.0270181
2026-06-25 23:37:12.912 9 INFO neutron.wsgi [req-2bd55517-4198-4d19-acf2-7919cbb77aa5 req-09a2da45-fea6-41a6-97b6-ffdfa8e2ec43 fb40b85c4be44d2ba3cdbb8906922eee 5b348a9d28774d1a9926eabffd5e01e4 - - 2cd177c1069f466b8251a88850592d23 2cd177c1069f466b8251a88850592d23] 199.204.45.4 "GET /v2.0/networks/2c4cf9de-9f4a-45fa-848d-e6973dbe5536?fields=segments HTTP/1.1" status: 200 len: 212 time: 0.2989790
2026-06-25 23:37:12.971 10 INFO neutron.wsgi [None req-2ef6f958-32af-436a-842d-2a5bd856576f 535086a4e238403e8b78141f9acb6800 089e7e315856435391f55cc3cf3b304b - - default default] 10.0.0.38 "PUT /v2.0/subnets/58508bcb-1e8d-48bc-9e4e-6fc7446918f2/tags HTTP/1.1" status: 200 len: 227 time: 0.4239249
2026-06-25 23:37:12.999 9 INFO neutron.wsgi [req-2bd55517-4198-4d19-acf2-7919cbb77aa5 req-c37f531b-f386-4a3a-b780-8a9e89ff9d35 fb40b85c4be44d2ba3cdbb8906922eee 5b348a9d28774d1a9926eabffd5e01e4 - - 2cd177c1069f466b8251a88850592d23 2cd177c1069f466b8251a88850592d23] 199.204.45.4 "GET /v2.0/networks/2c4cf9de-9f4a-45fa-848d-e6973dbe5536?fields=provider%3Aphysical_network&fields=provider%3Anetwork_type HTTP/1.1" status: 200 len: 277 time: 0.0701246
2026-06-25 23:37:13.023 10 INFO neutron.wsgi [None req-92d2e4ae-4acc-4d54-a06f-711dfe6e4604 535086a4e238403e8b78141f9acb6800 089e7e315856435391f55cc3cf3b304b - - default default] 10.0.0.38 "PUT /v2.0/subnets/2656cd6e-2548-4778-be26-d1f5c92a51d0/tags HTTP/1.1" status: 200 len: 212 time: 0.0458920
2026-06-25 23:37:13.094 10 INFO neutron.wsgi [None req-91c84cd0-88c3-4ce8-9d00-a8835028413f 535086a4e238403e8b78141f9acb6800 089e7e315856435391f55cc3cf3b304b - - default default] 10.0.0.38 "GET /v2.0/subnets?tags=red HTTP/1.1" status: 200 len: 2027 time: 0.0639768
2026-06-25 23:37:13.175 10 INFO neutron.wsgi [None req-a1388d04-ed56-4664-85c1-e7781d05d8d5 535086a4e238403e8b78141f9acb6800 089e7e315856435391f55cc3cf3b304b - - default default] 10.0.0.38 "GET /v2.0/subnets?tags=red%2Cblue HTTP/1.1" status: 200 len: 1430 time: 0.0760794
2026-06-25 23:37:13.207 9 INFO neutron.wsgi [None req-1906ea72-bc54-4b2b-a275-a49ef761a9e4 0584e429f92e47c888677276e4e03ca9 7ad4c3f9297c441db8057e704448efd0 - - default default] 10.0.0.38 "DELETE /v2.0/networks/ad7ad4f0-9a57-42af-838e-519ff9a55a84 HTTP/1.1" status: 204 len: 168 time: 0.7563050
2026-06-25 23:37:13.244 10 INFO neutron.wsgi [None req-099144c2-7a44-429f-8db1-ffd7a6a98c99 535086a4e238403e8b78141f9acb6800 089e7e315856435391f55cc3cf3b304b - - default default] 10.0.0.38 "GET /v2.0/subnets?tags-any=blue HTTP/1.1" status: 200 len: 1430 time: 0.0642440
2026-06-25 23:37:13.280 10 INFO neutron.wsgi [None req-12216c36-9819-4c18-8a70-ffa6f1acb14e 535086a4e238403e8b78141f9acb6800 089e7e315856435391f55cc3cf3b304b - - default default] 10.0.0.38 "GET /v2.0/subnets?tags-any=red%2Cblue HTTP/1.1" status: 200 len: 2027 time: 0.0329344
2026-06-25 23:37:13.353 10 INFO neutron.wsgi [None req-a1e8ace9-8e28-4c44-aaa7-3d2fa2d1cd20 535086a4e238403e8b78141f9acb6800 089e7e315856435391f55cc3cf3b304b - - default default] 10.0.0.38 "GET /v2.0/subnets?not-tags=red HTTP/1.1" status: 200 len: 2018 time: 0.0620475
2026-06-25 23:37:13.455 10 INFO neutron.wsgi [None req-18a5b1ab-8834-4dae-982a-b8479c3b419a 535086a4e238403e8b78141f9acb6800 089e7e315856435391f55cc3cf3b304b - - default default] 10.0.0.38 "GET /v2.0/subnets?not-tags=red%2Cblue HTTP/1.1" status: 200 len: 2615 time: 0.0913506
2026-06-25 23:37:13.519 9 INFO neutron.services.segments.plugin [-] Segment b22bf799-8045-4a87-b026-c6efa5e933fd resource provider aggregate not found
2026-06-25 23:37:13.543 9 INFO neutron.services.segments.plugin [-] Segment b22bf799-8045-4a87-b026-c6efa5e933fd resource provider not found; error: Placement Client Error (4xx): {"errors": [{"status": 404, "title": "Not Found", "detail": "The resource could not be found.\n\n No resource provider with uuid b22bf799-8045-4a87-b026-c6efa5e933fd found for delete ", "request_id": "req-7f532de7-8a1f-4046-928b-c5f653c263d0"}]}
2026-06-25 23:37:13.551 9 INFO neutron.wsgi [None req-9985b31b-0221-4f09-97ba-3a0f3ff581fd 535086a4e238403e8b78141f9acb6800 089e7e315856435391f55cc3cf3b304b - - default default] 10.0.0.38 "GET /v2.0/subnets?not-tags-any=blue HTTP/1.1" status: 200 len: 2615 time: 0.0890596
2026-06-25 23:37:13.558 9 INFO neutron.services.segments.plugin [-] Segment b22bf799-8045-4a87-b026-c6efa5e933fd resource provider aggregate not found
2026-06-25 23:37:13.577 9 INFO neutron.db.ovn_revision_numbers_db [None req-c5efc81f-aa24-4d52-ac5a-49150d38b8af f23d5650e19d4e0894311b30285bbc87 380346ed49144edfa4828877dda45289 - - default default] Successfully bumped revision number for resource aff61369-9a4e-4955-81c1-ceaa4870a28c (type: security_groups) to 1
2026-06-25 23:37:13.579 9 INFO neutron.services.segments.plugin [-] Segment b22bf799-8045-4a87-b026-c6efa5e933fd resource provider not found; error: Placement Client Error (4xx): {"errors": [{"status": 404, "title": "Not Found", "detail": "The resource could not be found.\n\n No resource provider with uuid b22bf799-8045-4a87-b026-c6efa5e933fd found for delete ", "request_id": "req-7229bd01-3ac0-4163-960a-3758394d4663"}]}
2026-06-25 23:37:13.597 9 INFO neutron.db.ovn_revision_numbers_db [None req-c5efc81f-aa24-4d52-ac5a-49150d38b8af f23d5650e19d4e0894311b30285bbc87 380346ed49144edfa4828877dda45289 - - default default] Successfully bumped revision number for resource 75e8946c-a766-4ad2-8539-61be3ce2beb1 (type: security_group_rules) to 0
2026-06-25 23:37:13.614 9 INFO neutron.db.ovn_revision_numbers_db [None req-c5efc81f-aa24-4d52-ac5a-49150d38b8af f23d5650e19d4e0894311b30285bbc87 380346ed49144edfa4828877dda45289 - - default default] Successfully bumped revision number for resource ccf1f514-bf5b-44ab-a2a8-ee8638dcde12 (type: security_group_rules) to 0
2026-06-25 23:37:13.635 9 INFO neutron.wsgi [None req-c5efc81f-aa24-4d52-ac5a-49150d38b8af f23d5650e19d4e0894311b30285bbc87 380346ed49144edfa4828877dda45289 - - default default] 10.0.0.38 "POST /v2.0/security-groups HTTP/1.1" status: 201 len: 1809 time: 0.2705724
2026-06-25 23:37:13.645 10 INFO neutron.wsgi [None req-d040f528-4a6e-466a-bab9-e28d9986a63a 535086a4e238403e8b78141f9acb6800 089e7e315856435391f55cc3cf3b304b - - default default] 10.0.0.38 "GET /v2.0/subnets?not-tags-any=red%2Cblue HTTP/1.1" status: 200 len: 2018 time: 0.0828762
2026-06-25 23:37:13.748 9 INFO neutron.db.ovn_revision_numbers_db [None req-a2f4cccd-403d-4e3e-bd1e-5d4525696348 f23d5650e19d4e0894311b30285bbc87 380346ed49144edfa4828877dda45289 - - default default] Successfully bumped revision number for resource d9e9fc23-b5be-4757-9fb5-7aaa2ef9afbb (type: security_group_rules) to 0
2026-06-25 23:37:13.774 9 INFO neutron.wsgi [None req-a2f4cccd-403d-4e3e-bd1e-5d4525696348 f23d5650e19d4e0894311b30285bbc87 380346ed49144edfa4828877dda45289 - - default default] 10.0.0.38 "POST /v2.0/security-group-rules HTTP/1.1" status: 201 len: 764 time: 0.1336794
2026-06-25 23:37:13.866 10 INFO neutron.wsgi [None req-903b8a0b-d81a-4ab6-bb0a-f098778d1b60 535086a4e238403e8b78141f9acb6800 089e7e315856435391f55cc3cf3b304b - - default default] 10.0.0.38 "DELETE /v2.0/subnets/f515620e-dc85-459d-94e8-5c0570c4f182 HTTP/1.1" status: 204 len: 168 time: 0.2124100
2026-06-25 23:37:13.906 9 INFO neutron.db.ovn_revision_numbers_db [None req-8fd58bf8-204e-4090-a430-ea0f4556c27d f23d5650e19d4e0894311b30285bbc87 380346ed49144edfa4828877dda45289 - - default default] Successfully bumped revision number for resource b209c321-7142-4c54-b059-32fea7b7d62c (type: security_group_rules) to 0
2026-06-25 23:37:13.930 9 INFO neutron.wsgi [None req-8fd58bf8-204e-4090-a430-ea0f4556c27d f23d5650e19d4e0894311b30285bbc87 380346ed49144edfa4828877dda45289 - - default default] 10.0.0.38 "POST /v2.0/security-group-rules HTTP/1.1" status: 201 len: 763 time: 0.1445594
2026-06-25 23:37:13.943 10 INFO neutron.wsgi [None req-8735f6dd-87a2-4261-8692-3f7bbe43e45d c26e1bea72844b4fa2afd28abb2a9f03 2b43eefe57fe4a4798d2146efe13832c - - default default] 10.0.0.38 "GET /v2.0/security-groups?tenant_id=7ad4c3f9297c441db8057e704448efd0&name=default HTTP/1.1" status: 200 len: 2996 time: 0.2039504
2026-06-25 23:37:14.082 10 INFO neutron.wsgi [None req-ac3884a2-6b05-4ba3-ad3e-96caecd5e79c 535086a4e238403e8b78141f9acb6800 089e7e315856435391f55cc3cf3b304b - - default default] 10.0.0.38 "DELETE /v2.0/subnets/a9b7b383-5bed-40e8-805d-cf0f9fae5285 HTTP/1.1" status: 204 len: 168 time: 0.2128694
2026-06-25 23:37:14.094 9 INFO neutron.db.ovn_revision_numbers_db [None req-788e9eaa-0c90-461a-8037-29393614e0bf f23d5650e19d4e0894311b30285bbc87 380346ed49144edfa4828877dda45289 - - default default] Successfully bumped revision number for resource 783e053c-4ab6-47a7-86ca-ef848af23281 (type: security_group_rules) to 0
2026-06-25 23:37:14.139 9 INFO neutron.wsgi [None req-788e9eaa-0c90-461a-8037-29393614e0bf f23d5650e19d4e0894311b30285bbc87 380346ed49144edfa4828877dda45289 - - default default] 10.0.0.38 "POST /v2.0/security-group-rules HTTP/1.1" status: 201 len: 769 time: 0.2040565
2026-06-25 23:37:14.235 9 INFO neutron.wsgi [None req-8c32e37f-7c48-4b36-bce0-fd6d8be028be c26e1bea72844b4fa2afd28abb2a9f03 2b43eefe57fe4a4798d2146efe13832c - - default default] 10.0.0.38 "DELETE /v2.0/security-groups/2e8c2f78-ece6-42f8-abe3-51eaea3007b3 HTTP/1.1" status: 204 len: 168 time: 0.2878783
2026-06-25 23:37:14.261 10 INFO neutron.db.ovn_revision_numbers_db [None req-ed06d9e1-15eb-481a-aa1e-d6e36a424158 f23d5650e19d4e0894311b30285bbc87 380346ed49144edfa4828877dda45289 - - default default] Successfully bumped revision number for resource 884b6a56-28a4-40d3-bf7b-1814d753f4cc (type: security_group_rules) to 0
2026-06-25 23:37:14.281 10 INFO neutron.wsgi [None req-ed06d9e1-15eb-481a-aa1e-d6e36a424158 f23d5650e19d4e0894311b30285bbc87 380346ed49144edfa4828877dda45289 - - default default] 10.0.0.38 "POST /v2.0/security-group-rules HTTP/1.1" status: 201 len: 768 time: 0.1365738
2026-06-25 23:37:14.304 10 INFO neutron.db.securitygroups_db [None req-5d2c7712-1539-4a2a-a7fc-aada5f87bbe5 f23d5650e19d4e0894311b30285bbc87 380346ed49144edfa4828877dda45289 - - default default] Project 380346ed49144edfa4828877dda45289 added a security group rule with legacy IPv6 ICMP protocol name icmp, ipv6-icmp should be used instead. It was automatically converted.
2026-06-25 23:37:14.316 9 INFO neutron.wsgi [None req-47fc75cf-fcf3-45a3-98d1-3ce791c3ed14 535086a4e238403e8b78141f9acb6800 089e7e315856435391f55cc3cf3b304b - - default default] 10.0.0.38 "DELETE /v2.0/subnets/58508bcb-1e8d-48bc-9e4e-6fc7446918f2 HTTP/1.1" status: 204 len: 168 time: 0.2292869
2026-06-25 23:37:14.474 10 INFO neutron.db.ovn_revision_numbers_db [None req-5d2c7712-1539-4a2a-a7fc-aada5f87bbe5 f23d5650e19d4e0894311b30285bbc87 380346ed49144edfa4828877dda45289 - - default default] Successfully bumped revision number for resource f76340c3-ecf6-49c7-9f28-ee8fbb5faec1 (type: security_group_rules) to 0
2026-06-25 23:37:14.511 10 INFO neutron.wsgi [None req-5d2c7712-1539-4a2a-a7fc-aada5f87bbe5 f23d5650e19d4e0894311b30285bbc87 380346ed49144edfa4828877dda45289 - - default default] 10.0.0.38 "POST /v2.0/security-group-rules HTTP/1.1" status: 201 len: 774 time: 0.2251849
2026-06-25 23:37:14.542 9 INFO neutron.db.securitygroups_db [None req-52d0b157-606e-4406-b9eb-c6d4f27c5bdc f23d5650e19d4e0894311b30285bbc87 380346ed49144edfa4828877dda45289 - - default default] Project 380346ed49144edfa4828877dda45289 added a security group rule with legacy IPv6 ICMP protocol name icmp, ipv6-icmp should be used instead. It was automatically converted.
2026-06-25 23:37:14.573 10 INFO neutron.wsgi [None req-91661b50-95c6-425c-aa6e-066a7ca05120 535086a4e238403e8b78141f9acb6800 089e7e315856435391f55cc3cf3b304b - - default default] 10.0.0.38 "DELETE /v2.0/subnets/2656cd6e-2548-4778-be26-d1f5c92a51d0 HTTP/1.1" status: 204 len: 168 time: 0.2523117
2026-06-25 23:37:14.650 9 INFO neutron.db.ovn_revision_numbers_db [None req-52d0b157-606e-4406-b9eb-c6d4f27c5bdc f23d5650e19d4e0894311b30285bbc87 380346ed49144edfa4828877dda45289 - - default default] Successfully bumped revision number for resource f9e17240-2a47-415c-ab19-373570f8e8f7 (type: security_group_rules) to 0
2026-06-25 23:37:14.678 9 INFO neutron.wsgi [None req-52d0b157-606e-4406-b9eb-c6d4f27c5bdc f23d5650e19d4e0894311b30285bbc87 380346ed49144edfa4828877dda45289 - - default default] 10.0.0.38 "POST /v2.0/security-group-rules HTTP/1.1" status: 201 len: 773 time: 0.1608691
2026-06-25 23:37:14.808 10 INFO neutron.wsgi [None req-559ded6c-eadf-4e13-9bdf-49d56740ab8e 535086a4e238403e8b78141f9acb6800 089e7e315856435391f55cc3cf3b304b - - default default] 10.0.0.38 "DELETE /v2.0/subnets/77aeaf7e-0ce2-48df-a9b7-e8ae32fbdd79 HTTP/1.1" status: 204 len: 168 time: 0.2301619
2026-06-25 23:37:15.200 10 INFO neutron.services.segments.plugin [-] Segment dee45e6f-74b7-4ae8-a0f7-57b531252198 resource provider aggregate not found
2026-06-25 23:37:15.206 10 INFO neutron.services.segments.plugin [-] Segment dee45e6f-74b7-4ae8-a0f7-57b531252198 resource provider aggregate not found
2026-06-25 23:37:15.239 10 INFO neutron.services.segments.plugin [-] Segment dee45e6f-74b7-4ae8-a0f7-57b531252198 resource provider not found; error: Placement Client Error (4xx): {"errors": [{"status": 404, "title": "Not Found", "detail": "The resource could not be found.\n\n No resource provider with uuid dee45e6f-74b7-4ae8-a0f7-57b531252198 found for delete ", "request_id": "req-7d76382c-61c7-4b58-803f-5fbb43fe18a8"}]}
2026-06-25 23:37:15.239 10 INFO neutron.services.segments.plugin [-] Segment dee45e6f-74b7-4ae8-a0f7-57b531252198 resource provider not found; error: Placement Client Error (4xx): {"errors": [{"status": 404, "title": "Not Found", "detail": "The resource could not be found.\n\n No resource provider with uuid dee45e6f-74b7-4ae8-a0f7-57b531252198 found for delete ", "request_id": "req-02361c83-4b90-456d-955d-7872d0cd26ff"}]}
