2026-06-25 23:35:41.673 10 INFO neutron.plugins.ml2.drivers.ovn.mech_driver.mech_driver [None req-4d68a1e5-3384-4428-ac89-218fdb8c7b19 - - - - - -] OVN reports status up for port: ff18a0cd-4fa4-4bcf-b5f4-40cd60ae2392
2026-06-25 23:35:41.683 10 INFO neutron.wsgi [req-4129552a-f098-4c34-a139-da14841dd939 req-757b4d81-6608-4cdd-a904-637682b0014e 5fdf5ab74def42a1ba12a3dce2222eff 67fad40fe0ed4852b37c04909bb43d63 - - default default] 10.0.0.226 "GET /v2.0/ports?device_id=2a70a3c8-9ec2-4db0-b6dc-bf5500f7a953 HTTP/1.1" status: 200 len: 1170 time: 0.0746830
2026-06-25 23:35:41.689 10 INFO neutron.plugins.ml2.plugin [None req-4d68a1e5-3384-4428-ac89-218fdb8c7b19 - - - - - -] Attempt 1 to provision port ff18a0cd-4fa4-4bcf-b5f4-40cd60ae2392 /var/lib/openstack/lib/python3.10/site-packages/pycadf/identifier.py:71: UserWarning: Invalid uuid: neutron. To ensure interoperability, identifiers should be a valid uuid. warnings.warn(('Invalid uuid: %s. To ensure interoperability, '
2026-06-25 23:35:41.745 10 INFO neutron.wsgi [req-4129552a-f098-4c34-a139-da14841dd939 req-32812331-810a-4216-a634-5068245381a4 5fdf5ab74def42a1ba12a3dce2222eff 67fad40fe0ed4852b37c04909bb43d63 - - default default] 10.0.0.226 "GET /v2.0/security-groups?id=0cefbf73-0a46-4d49-89b5-9b5820385638&fields=id&fields=name HTTP/1.1" status: 200 len: 313 time: 0.0537555
2026-06-25 23:35:41.755 10 INFO neutron.db.ovn_revision_numbers_db [None req-a272cb46-b7a8-4950-be75-7460aa6567e2 bc664f5760d64f60b71323c46a015fe2 d7000bd018b1413a8793dc9cbc912891 - - default default] Successfully bumped revision number for resource 0d2994f9-aff0-4aaf-97fd-336f8560f9ba (type: ports) to 1
2026-06-25 23:35:41.794 10 INFO neutron.wsgi [None req-a272cb46-b7a8-4950-be75-7460aa6567e2 bc664f5760d64f60b71323c46a015fe2 d7000bd018b1413a8793dc9cbc912891 - - default default] 10.0.0.38 "POST /v2.0/networks HTTP/1.1" status: 201 len: 843 time: 1.9584446
2026-06-25 23:35:42.015 9 INFO neutron.wsgi [req-c67f8a56-ed43-42d4-bd09-e9bf9254a099 req-3d4c1224-02ca-4486-ab26-6080a8ace256 5fdf5ab74def42a1ba12a3dce2222eff 67fad40fe0ed4852b37c04909bb43d63 - - default default] 199.204.45.4 "GET /v2.0/ports?device_id=2a70a3c8-9ec2-4db0-b6dc-bf5500f7a953 HTTP/1.1" status: 200 len: 1170 time: 0.0811429
2026-06-25 23:35:42.204 10 WARNING neutron.scheduler.dhcp_agent_scheduler [None req-40c8889e-6f1e-4ca8-a15f-f504448f919b bc664f5760d64f60b71323c46a015fe2 d7000bd018b1413a8793dc9cbc912891 - - default default] No more DHCP agents
2026-06-25 23:35:42.207 10 WARNING neutron.api.rpc.agentnotifiers.dhcp_rpc_agent_api [None req-40c8889e-6f1e-4ca8-a15f-f504448f919b bc664f5760d64f60b71323c46a015fe2 d7000bd018b1413a8793dc9cbc912891 - - default default] Unable to schedule network 203bf577-e7c2-41f4-8e59-ec88acc65f21: no agents available; will retry on subsequent port and subnet creation events.
2026-06-25 23:35:42.286 9 INFO neutron.db.ovn_revision_numbers_db [None req-e0d0c776-a2de-439c-a54c-cf04c178d04e c26e1bea72844b4fa2afd28abb2a9f03 2b43eefe57fe4a4798d2146efe13832c - - default default] Successfully bumped revision number for resource ff18a0cd-4fa4-4bcf-b5f4-40cd60ae2392 (type: router_ports) to 1
2026-06-25 23:35:42.289 9 INFO neutron.wsgi [None req-e0d0c776-a2de-439c-a54c-cf04c178d04e c26e1bea72844b4fa2afd28abb2a9f03 2b43eefe57fe4a4798d2146efe13832c - - default default] 10.0.0.38 "PUT /v2.0/routers/a8c44d61-ead4-41ed-a95f-0b33bfe6460b/add_router_interface HTTP/1.1" status: 200 len: 503 time: 3.0978823
2026-06-25 23:35:42.308 10 INFO neutron.db.ovn_revision_numbers_db [None req-4d68a1e5-3384-4428-ac89-218fdb8c7b19 - - - - - -] Successfully bumped revision number for resource ff18a0cd-4fa4-4bcf-b5f4-40cd60ae2392 (type: ports) to 2
2026-06-25 23:35:42.348 10 INFO neutron.db.ovn_revision_numbers_db [None req-40c8889e-6f1e-4ca8-a15f-f504448f919b bc664f5760d64f60b71323c46a015fe2 d7000bd018b1413a8793dc9cbc912891 - - default default] Successfully bumped revision number for resource faa4eb13-3f42-4052-89e0-9fa8c08a5866 (type: ports) to 1
2026-06-25 23:35:42.365 9 INFO neutron.db.l3_db [req-c67f8a56-ed43-42d4-bd09-e9bf9254a099 req-9766afe4-8f03-43c4-9ac5-286f70818ec8 5fdf5ab74def42a1ba12a3dce2222eff 67fad40fe0ed4852b37c04909bb43d63 - - default default] Floating IP e9044756-a0cd-45fc-874b-991ef1363bbc disassociated. External IP: 10.96.250.202, port: d3458834-8f8d-4c6a-beb8-fefa59da0aef.
2026-06-25 23:35:42.456 10 INFO neutron.wsgi [None req-40c8889e-6f1e-4ca8-a15f-f504448f919b bc664f5760d64f60b71323c46a015fe2 d7000bd018b1413a8793dc9cbc912891 - - default default] 10.0.0.38 "POST /v2.0/ports HTTP/1.1" status: 201 len: 974 time: 0.6573851 /var/lib/openstack/lib/python3.10/site-packages/pycadf/identifier.py:71: UserWarning: Invalid uuid: neutron. To ensure interoperability, identifiers should be a valid uuid. warnings.warn(('Invalid uuid: %s. To ensure interoperability, '
2026-06-25 23:35:42.478 10 INFO neutron.db.ovn_revision_numbers_db [None req-4d68a1e5-3384-4428-ac89-218fdb8c7b19 - - - - - -] Successfully bumped revision number for resource ff18a0cd-4fa4-4bcf-b5f4-40cd60ae2392 (type: router_ports) to 2
2026-06-25 23:35:42.631 10 INFO neutron.db.segments_db [None req-3aca758e-a099-49e7-b4bb-a6ef1d893344 bc664f5760d64f60b71323c46a015fe2 d7000bd018b1413a8793dc9cbc912891 - - default default] Added segment 9505e8ca-3534-45eb-81ec-c734e6ccc89b of type geneve for network 69ce575b-3754-4a50-89ce-2bd79f65d9f5
2026-06-25 23:35:42.825 9 INFO neutron.wsgi [req-c67f8a56-ed43-42d4-bd09-e9bf9254a099 req-9766afe4-8f03-43c4-9ac5-286f70818ec8 5fdf5ab74def42a1ba12a3dce2222eff 67fad40fe0ed4852b37c04909bb43d63 - - default default] 199.204.45.4 "DELETE /v2.0/ports/d3458834-8f8d-4c6a-beb8-fefa59da0aef HTTP/1.1" status: 204 len: 173 time: 0.8026743
2026-06-25 23:35:42.834 9 INFO neutron.wsgi [req-8921e753-66fa-4364-8b68-6ba4ad7f9960 req-9641069e-a003-47a9-acea-c098dd025f12 5fdf5ab74def42a1ba12a3dce2222eff 67fad40fe0ed4852b37c04909bb43d63 - - default default] 10.0.0.226 "GET /v2.0/ports?device_id=2a70a3c8-9ec2-4db0-b6dc-bf5500f7a953 HTTP/1.1" status: 200 len: 210 time: 0.0276303
2026-06-25 23:35:42.920 10 INFO neutron.db.ovn_revision_numbers_db [None req-3aca758e-a099-49e7-b4bb-a6ef1d893344 bc664f5760d64f60b71323c46a015fe2 d7000bd018b1413a8793dc9cbc912891 - - default default] Successfully bumped revision number for resource 69ce575b-3754-4a50-89ce-2bd79f65d9f5 (type: networks) to 1
2026-06-25 23:35:43.082 9 INFO neutron.notifiers.nova [-] Nova event matching ['req-86580bdf-bb12-4a2d-abd8-c3e41694af0b'] response: {'server_uuid': '2a70a3c8-9ec2-4db0-b6dc-bf5500f7a953', 'name': 'network-vif-deleted', 'tag': 'd3458834-8f8d-4c6a-beb8-fefa59da0aef', 'status': 'completed', 'code': 200}
2026-06-25 23:35:43.199 10 WARNING neutron.scheduler.dhcp_agent_scheduler [None req-3aca758e-a099-49e7-b4bb-a6ef1d893344 bc664f5760d64f60b71323c46a015fe2 d7000bd018b1413a8793dc9cbc912891 - - default default] No more DHCP agents
2026-06-25 23:35:43.201 10 WARNING neutron.api.rpc.agentnotifiers.dhcp_rpc_agent_api [None req-3aca758e-a099-49e7-b4bb-a6ef1d893344 bc664f5760d64f60b71323c46a015fe2 d7000bd018b1413a8793dc9cbc912891 - - default default] Unable to schedule network 69ce575b-3754-4a50-89ce-2bd79f65d9f5: no agents available; will retry on subsequent port and subnet creation events.
2026-06-25 23:35:43.676 10 INFO neutron.db.ovn_revision_numbers_db [None req-3aca758e-a099-49e7-b4bb-a6ef1d893344 bc664f5760d64f60b71323c46a015fe2 d7000bd018b1413a8793dc9cbc912891 - - default default] Successfully bumped revision number for resource af180020-8f19-4dbf-b4e6-4b576a45a68d (type: ports) to 1
2026-06-25 23:35:43.778 10 INFO neutron.db.ovn_revision_numbers_db [None req-26db1d92-0664-4959-b86e-5bbb909c6e61 543da467605b49f59de35f74edf887e0 fd303ce1653b40a59e0379dd87aadacc - - default default] Successfully bumped revision number for resource 7eca2323-d663-453c-8c01-85ff11a5768a (type: security_groups) to 1
2026-06-25 23:35:43.789 10 INFO neutron.wsgi [None req-3aca758e-a099-49e7-b4bb-a6ef1d893344 bc664f5760d64f60b71323c46a015fe2 d7000bd018b1413a8793dc9cbc912891 - - default default] 10.0.0.38 "POST /v2.0/networks HTTP/1.1" status: 201 len: 830 time: 1.3230081
2026-06-25 23:35:43.837 10 INFO neutron.db.ovn_revision_numbers_db [None req-26db1d92-0664-4959-b86e-5bbb909c6e61 543da467605b49f59de35f74edf887e0 fd303ce1653b40a59e0379dd87aadacc - - default default] Successfully bumped revision number for resource 0306c23c-447d-4b54-b94c-e772a05f8bf4 (type: security_group_rules) to 0
2026-06-25 23:35:43.932 9 INFO neutron.wsgi [req-3bdd4474-f08c-4535-9174-f9240aef7f3a req-18104490-8bcf-4c9c-92e1-696b9d4a4bed 5fdf5ab74def42a1ba12a3dce2222eff 67fad40fe0ed4852b37c04909bb43d63 - - default default] 10.0.0.226 "GET /v2.0/ports?device_id=2a70a3c8-9ec2-4db0-b6dc-bf5500f7a953 HTTP/1.1" status: 200 len: 210 time: 0.0199618
2026-06-25 23:35:44.006 10 INFO neutron.db.ovn_revision_numbers_db [None req-26db1d92-0664-4959-b86e-5bbb909c6e61 543da467605b49f59de35f74edf887e0 fd303ce1653b40a59e0379dd87aadacc - - default default] Successfully bumped revision number for resource 60951f04-f062-4f1d-91ab-db4e9b00c823 (type: security_group_rules) to 0
2026-06-25 23:35:44.008 10 INFO neutron.db.ovn_revision_numbers_db [None req-0b1e1afb-177e-4427-8dfd-aa558b419f35 0e174cb8832649e58e2650b42fb41b43 cc6407ecf39940c3a4a2facb0a704206 - - default default] Successfully bumped revision number for resource bf38b294-e728-4b69-acca-ed306052fc78 (type: security_groups) to 1
2026-06-25 23:35:44.092 10 INFO neutron.db.ovn_revision_numbers_db [None req-26db1d92-0664-4959-b86e-5bbb909c6e61 543da467605b49f59de35f74edf887e0 fd303ce1653b40a59e0379dd87aadacc - - default default] Successfully bumped revision number for resource 6e7737f6-5765-42ff-b0e2-92a8ca7314dc (type: security_group_rules) to 0
2026-06-25 23:35:44.114 10 INFO neutron.db.ovn_revision_numbers_db [None req-0b1e1afb-177e-4427-8dfd-aa558b419f35 0e174cb8832649e58e2650b42fb41b43 cc6407ecf39940c3a4a2facb0a704206 - - default default] Successfully bumped revision number for resource 70288479-4c02-4e67-88a8-c2c981b1bf7a (type: security_group_rules) to 0
2026-06-25 23:35:44.147 10 INFO neutron.db.ovn_revision_numbers_db [None req-26db1d92-0664-4959-b86e-5bbb909c6e61 543da467605b49f59de35f74edf887e0 fd303ce1653b40a59e0379dd87aadacc - - default default] Successfully bumped revision number for resource abb80639-ef95-4c2f-bcaf-dd74f8a38cef (type: security_group_rules) to 0
2026-06-25 23:35:44.195 10 INFO neutron.db.ovn_revision_numbers_db [None req-0b1e1afb-177e-4427-8dfd-aa558b419f35 0e174cb8832649e58e2650b42fb41b43 cc6407ecf39940c3a4a2facb0a704206 - - default default] Successfully bumped revision number for resource 89ddaf42-2f85-4825-b2e9-b18e6673b4ef (type: security_group_rules) to 0
2026-06-25 23:35:44.247 10 INFO neutron.db.segments_db [None req-26db1d92-0664-4959-b86e-5bbb909c6e61 543da467605b49f59de35f74edf887e0 fd303ce1653b40a59e0379dd87aadacc - - default default] Added segment 90a187f9-ce85-459a-9e66-bba695d2362b of type geneve for network bf15ead2-ed96-4bc1-b73f-667be1f7ade3
2026-06-25 23:35:44.264 10 INFO neutron.wsgi [None req-0b1e1afb-177e-4427-8dfd-aa558b419f35 0e174cb8832649e58e2650b42fb41b43 cc6407ecf39940c3a4a2facb0a704206 - - default default] 10.0.0.38 "POST /v2.0/security-groups HTTP/1.1" status: 201 len: 1795 time: 1.0357313
2026-06-25 23:35:44.314 10 WARNING neutron.scheduler.dhcp_agent_scheduler [None req-bb93eb84-1ee6-434e-97ad-14af898d7ccd bc664f5760d64f60b71323c46a015fe2 d7000bd018b1413a8793dc9cbc912891 - - default default] No more DHCP agents
2026-06-25 23:35:44.321 10 WARNING neutron.api.rpc.agentnotifiers.dhcp_rpc_agent_api [None req-bb93eb84-1ee6-434e-97ad-14af898d7ccd bc664f5760d64f60b71323c46a015fe2 d7000bd018b1413a8793dc9cbc912891 - - default default] Unable to schedule network 69ce575b-3754-4a50-89ce-2bd79f65d9f5: no agents available; will retry on subsequent port and subnet creation events.
2026-06-25 23:35:44.399 10 INFO neutron.db.segments_db [None req-26db1d92-0664-4959-b86e-5bbb909c6e61 543da467605b49f59de35f74edf887e0 fd303ce1653b40a59e0379dd87aadacc - - default default] Added segment fb1cdb97-79e5-42fe-8694-c41371d7959f of type geneve for network 953a5d4f-d3c9-4dfc-a16f-62460ce87d4d
2026-06-25 23:35:44.520 9 INFO neutron.db.ovn_revision_numbers_db [None req-4778f0e2-8305-47c0-96ee-4feca04998f8 0e174cb8832649e58e2650b42fb41b43 cc6407ecf39940c3a4a2facb0a704206 - - default default] Successfully bumped revision number for resource dd20bf46-54ca-409b-a8aa-1ea304d6890a (type: security_group_rules) to 0
2026-06-25 23:35:44.561 9 INFO neutron.wsgi [None req-4778f0e2-8305-47c0-96ee-4feca04998f8 0e174cb8832649e58e2650b42fb41b43 cc6407ecf39940c3a4a2facb0a704206 - - default default] 10.0.0.38 "POST /v2.0/security-group-rules HTTP/1.1" status: 201 len: 764 time: 0.2895751
2026-06-25 23:35:44.809 10 INFO neutron.db.ovn_revision_numbers_db [None req-26db1d92-0664-4959-b86e-5bbb909c6e61 543da467605b49f59de35f74edf887e0 fd303ce1653b40a59e0379dd87aadacc - - default default] Successfully bumped revision number for resource bf15ead2-ed96-4bc1-b73f-667be1f7ade3 (type: networks) to 1
2026-06-25 23:35:45.074 9 INFO neutron.db.ovn_revision_numbers_db [None req-1a22296f-1b89-4c24-ba07-5761f39ec9c2 0e174cb8832649e58e2650b42fb41b43 cc6407ecf39940c3a4a2facb0a704206 - - default default] Successfully bumped revision number for resource 3b25ae29-139c-4d00-9e63-58836ff3b374 (type: security_group_rules) to 0
2026-06-25 23:35:45.270 9 INFO neutron.wsgi [None req-1a22296f-1b89-4c24-ba07-5761f39ec9c2 0e174cb8832649e58e2650b42fb41b43 cc6407ecf39940c3a4a2facb0a704206 - - default default] 10.0.0.38 "POST /v2.0/security-group-rules HTTP/1.1" status: 201 len: 769 time: 0.7039795
2026-06-25 23:35:45.273 10 INFO neutron.db.ovn_revision_numbers_db [None req-bb93eb84-1ee6-434e-97ad-14af898d7ccd bc664f5760d64f60b71323c46a015fe2 d7000bd018b1413a8793dc9cbc912891 - - default default] Successfully bumped revision number for resource af180020-8f19-4dbf-b4e6-4b576a45a68d (type: ports) to 2
2026-06-25 23:35:45.295 10 WARNING neutron.scheduler.dhcp_agent_scheduler [None req-26db1d92-0664-4959-b86e-5bbb909c6e61 543da467605b49f59de35f74edf887e0 fd303ce1653b40a59e0379dd87aadacc - - default default] No more DHCP agents
2026-06-25 23:35:45.305 10 WARNING neutron.api.rpc.agentnotifiers.dhcp_rpc_agent_api [None req-26db1d92-0664-4959-b86e-5bbb909c6e61 543da467605b49f59de35f74edf887e0 fd303ce1653b40a59e0379dd87aadacc - - default default] Unable to schedule network bf15ead2-ed96-4bc1-b73f-667be1f7ade3: no agents available; will retry on subsequent port and subnet creation events.
2026-06-25 23:35:45.396 10 INFO neutron.db.ovn_revision_numbers_db [None req-bb93eb84-1ee6-434e-97ad-14af898d7ccd bc664f5760d64f60b71323c46a015fe2 d7000bd018b1413a8793dc9cbc912891 - - default default] Successfully bumped revision number for resource 11d084e8-965a-44b6-b6a0-776842717ead (type: subnets) to 0
2026-06-25 23:35:45.426 10 INFO neutron.wsgi [None req-bb93eb84-1ee6-434e-97ad-14af898d7ccd bc664f5760d64f60b71323c46a015fe2 d7000bd018b1413a8793dc9cbc912891 - - default default] 10.0.0.38 "POST /v2.0/subnets HTTP/1.1" status: 201 len: 801 time: 1.6322887
2026-06-25 23:35:45.448 10 INFO neutron.db.ovn_revision_numbers_db [None req-26db1d92-0664-4959-b86e-5bbb909c6e61 543da467605b49f59de35f74edf887e0 fd303ce1653b40a59e0379dd87aadacc - - default default] Successfully bumped revision number for resource 580fde62-de4c-4836-b640-fa2349d8de04 (type: ports) to 1
2026-06-25 23:35:45.452 9 INFO neutron.wsgi [None req-834598ec-66d9-4bd7-babb-f1f8f7cbc832 5fdf5ab74def42a1ba12a3dce2222eff 67fad40fe0ed4852b37c04909bb43d63 - - default default] 10.0.0.38 "DELETE /v2.0/security-groups/0cefbf73-0a46-4d49-89b5-9b5820385638 HTTP/1.1" status: 204 len: 168 time: 0.1946268
2026-06-25 23:35:45.468 9 INFO neutron.api.v2.resource [None req-9dea083d-697f-4bc3-98d2-a09f4da787c5 5fdf5ab74def42a1ba12a3dce2222eff 67fad40fe0ed4852b37c04909bb43d63 - - default default] show failed (client error): The resource could not be found.
2026-06-25 23:35:45.469 9 INFO neutron.wsgi [None req-9dea083d-697f-4bc3-98d2-a09f4da787c5 5fdf5ab74def42a1ba12a3dce2222eff 67fad40fe0ed4852b37c04909bb43d63 - - default default] 10.0.0.38 "GET /v2.0/security-groups/0cefbf73-0a46-4d49-89b5-9b5820385638 HTTP/1.1" status: 404 len: 347 time: 0.0117183
2026-06-25 23:35:45.576 10 INFO neutron.db.ovn_revision_numbers_db [None req-26db1d92-0664-4959-b86e-5bbb909c6e61 543da467605b49f59de35f74edf887e0 fd303ce1653b40a59e0379dd87aadacc - - default default] Successfully bumped revision number for resource 953a5d4f-d3c9-4dfc-a16f-62460ce87d4d (type: networks) to 1
2026-06-25 23:35:45.936 9 INFO neutron.wsgi [None req-c5bd7124-88bf-4e40-a6bd-cc4244ef604c 5fdf5ab74def42a1ba12a3dce2222eff 67fad40fe0ed4852b37c04909bb43d63 - - default default] 10.0.0.38 "DELETE /v2.0/floatingips/e9044756-a0cd-45fc-874b-991ef1363bbc HTTP/1.1" status: 204 len: 168 time: 0.4644392
2026-06-25 23:35:46.112 10 WARNING neutron.scheduler.dhcp_agent_scheduler [None req-0ff4cfa4-1c6b-4153-aa1f-5af50fbceff5 0e174cb8832649e58e2650b42fb41b43 cc6407ecf39940c3a4a2facb0a704206 - - default default] No more DHCP agents
2026-06-25 23:35:46.117 10 WARNING neutron.api.rpc.agentnotifiers.dhcp_rpc_agent_api [None req-0ff4cfa4-1c6b-4153-aa1f-5af50fbceff5 0e174cb8832649e58e2650b42fb41b43 cc6407ecf39940c3a4a2facb0a704206 - - default default] Unable to schedule network 7984dda1-acac-48ee-93b4-94f15e1910dc: no agents available; will retry on subsequent port and subnet creation events.
2026-06-25 23:35:46.154 10 WARNING neutron.scheduler.dhcp_agent_scheduler [None req-26db1d92-0664-4959-b86e-5bbb909c6e61 543da467605b49f59de35f74edf887e0 fd303ce1653b40a59e0379dd87aadacc - - default default] No more DHCP agents
2026-06-25 23:35:46.159 10 WARNING neutron.scheduler.dhcp_agent_scheduler [None req-12e040b2-c1b0-4e11-8903-d0dfdbb10dc2 bc664f5760d64f60b71323c46a015fe2 d7000bd018b1413a8793dc9cbc912891 - - default default] No more DHCP agents
2026-06-25 23:35:46.159 10 WARNING neutron.api.rpc.agentnotifiers.dhcp_rpc_agent_api [None req-26db1d92-0664-4959-b86e-5bbb909c6e61 543da467605b49f59de35f74edf887e0 fd303ce1653b40a59e0379dd87aadacc - - default default] Unable to schedule network 953a5d4f-d3c9-4dfc-a16f-62460ce87d4d: no agents available; will retry on subsequent port and subnet creation events.
2026-06-25 23:35:46.167 10 WARNING neutron.api.rpc.agentnotifiers.dhcp_rpc_agent_api [None req-12e040b2-c1b0-4e11-8903-d0dfdbb10dc2 bc664f5760d64f60b71323c46a015fe2 d7000bd018b1413a8793dc9cbc912891 - - default default] Unable to schedule network 69ce575b-3754-4a50-89ce-2bd79f65d9f5: no agents available; will retry on subsequent port and subnet creation events.
2026-06-25 23:35:46.373 10 INFO neutron.db.ovn_revision_numbers_db [None req-26db1d92-0664-4959-b86e-5bbb909c6e61 543da467605b49f59de35f74edf887e0 fd303ce1653b40a59e0379dd87aadacc - - default default] Successfully bumped revision number for resource 0f51f63a-beb6-429b-90dc-869a3024c17f (type: ports) to 1
2026-06-25 23:35:46.425 10 INFO neutron.wsgi [None req-26db1d92-0664-4959-b86e-5bbb909c6e61 543da467605b49f59de35f74edf887e0 fd303ce1653b40a59e0379dd87aadacc - - default default] 10.0.0.38 "POST /v2.0/networks HTTP/1.1" status: 201 len: 1446 time: 3.5260003 /var/lib/openstack/lib/python3.10/site-packages/pycadf/identifier.py:71: UserWarning: Invalid uuid: neutron. To ensure interoperability, identifiers should be a valid uuid. warnings.warn(('Invalid uuid: %s. To ensure interoperability, '
2026-06-25 23:35:46.444 10 INFO neutron.db.ovn_revision_numbers_db [None req-12e040b2-c1b0-4e11-8903-d0dfdbb10dc2 bc664f5760d64f60b71323c46a015fe2 d7000bd018b1413a8793dc9cbc912891 - - default default] Successfully bumped revision number for resource a4f9c8ab-5d8e-4deb-bde4-99ea9cc7cebe (type: ports) to 1
2026-06-25 23:35:46.514 10 INFO neutron.wsgi [None req-12e040b2-c1b0-4e11-8903-d0dfdbb10dc2 bc664f5760d64f60b71323c46a015fe2 d7000bd018b1413a8793dc9cbc912891 - - default default] 10.0.0.38 "POST /v2.0/ports HTTP/1.1" status: 201 len: 1148 time: 1.0838125
2026-06-25 23:35:46.531 10 INFO neutron.wsgi [None req-6700076d-66d4-4d4d-bff1-1613426cdec7 543da467605b49f59de35f74edf887e0 fd303ce1653b40a59e0379dd87aadacc - - default default] 10.0.0.38 "GET /v2.0/networks HTTP/1.1" status: 200 len: 2052 time: 0.0991342
2026-06-25 23:35:46.756 10 WARNING neutron.plugins.ml2.drivers.ovn.mech_driver.ovsdb.ovn_client [None req-4d68a1e5-3384-4428-ac89-218fdb8c7b19 - - - - - -] No hosting information found for port ff18a0cd-4fa4-4bcf-b5f4-40cd60ae2392: RuntimeError: No hosting information found for port ff18a0cd-4fa4-4bcf-b5f4-40cd60ae2392
2026-06-25 23:35:46.756 10 INFO neutron.plugins.ml2.drivers.ovn.mech_driver.mech_driver [None req-4d68a1e5-3384-4428-ac89-218fdb8c7b19 - - - - - -] OVN reports status down for port: d3458834-8f8d-4c6a-beb8-fefa59da0aef
2026-06-25 23:35:46.820 10 INFO neutron.db.ovn_revision_numbers_db [None req-0ff4cfa4-1c6b-4153-aa1f-5af50fbceff5 0e174cb8832649e58e2650b42fb41b43 cc6407ecf39940c3a4a2facb0a704206 - - default default] Successfully bumped revision number for resource 4eda1dc7-7c87-4da6-b62b-006f1114bad1 (type: floatingips) to 0
2026-06-25 23:35:46.845 10 INFO neutron.wsgi [None req-0ff4cfa4-1c6b-4153-aa1f-5af50fbceff5 0e174cb8832649e58e2650b42fb41b43 cc6407ecf39940c3a4a2facb0a704206 - - default default] 10.0.0.38 "POST /v2.0/floatingips HTTP/1.1" status: 201 len: 751 time: 1.5666940
2026-06-25 23:35:46.994 10 INFO neutron.services.segments.plugin [-] Segment 90a187f9-ce85-459a-9e66-bba695d2362b resource provider aggregate not found
2026-06-25 23:35:47.003 9 INFO neutron.wsgi [None req-42d0a3d0-b0f3-4a25-8c72-a1362481b8e7 bc664f5760d64f60b71323c46a015fe2 d7000bd018b1413a8793dc9cbc912891 - - default default] 10.0.0.38 "DELETE /v2.0/ports/a4f9c8ab-5d8e-4deb-bde4-99ea9cc7cebe HTTP/1.1" status: 204 len: 168 time: 0.4768240
2026-06-25 23:35:47.011 10 INFO neutron.services.segments.plugin [-] Segment 90a187f9-ce85-459a-9e66-bba695d2362b resource provider aggregate not found
2026-06-25 23:35:47.028 10 INFO neutron.services.segments.plugin [-] Segment 90a187f9-ce85-459a-9e66-bba695d2362b resource provider not found; error: Placement Client Error (4xx): {"errors": [{"status": 404, "title": "Not Found", "detail": "The resource could not be found.\n\n No resource provider with uuid 90a187f9-ce85-459a-9e66-bba695d2362b found for delete ", "request_id": "req-fd5444e7-32f8-4e8c-a51c-914dcaee0a38"}]}
2026-06-25 23:35:47.030 10 INFO neutron.services.segments.plugin [-] Segment 90a187f9-ce85-459a-9e66-bba695d2362b resource provider not found; error: Placement Client Error (4xx): {"errors": [{"status": 404, "title": "Not Found", "detail": "The resource could not be found.\n\n No resource provider with uuid 90a187f9-ce85-459a-9e66-bba695d2362b found for delete ", "request_id": "req-a769e101-3923-4364-a920-fc751152e53e"}]}
2026-06-25 23:35:47.034 9 INFO neutron.pecan_wsgi.hooks.translation [None req-92306297-8920-4126-80f2-a46fbfb4b9ca bc664f5760d64f60b71323c46a015fe2 d7000bd018b1413a8793dc9cbc912891 - - default default] DELETE failed (client error): The resource could not be found.
2026-06-25 23:35:47.036 9 INFO neutron.wsgi [None req-92306297-8920-4126-80f2-a46fbfb4b9ca bc664f5760d64f60b71323c46a015fe2 d7000bd018b1413a8793dc9cbc912891 - - default default] 10.0.0.38 "DELETE /v2.0/ports/a4f9c8ab-5d8e-4deb-bde4-99ea9cc7cebe HTTP/1.1" status: 404 len: 333 time: 0.0188506 /var/lib/openstack/lib/python3.10/site-packages/pycadf/identifier.py:71: UserWarning: Invalid uuid: neutron. To ensure interoperability, identifiers should be a valid uuid. warnings.warn(('Invalid uuid: %s. To ensure interoperability, '
2026-06-25 23:35:47.063 10 INFO neutron.pecan_wsgi.hooks.translation [None req-5c86af70-b78a-4351-a71c-76f24a9220f8 bc664f5760d64f60b71323c46a015fe2 d7000bd018b1413a8793dc9cbc912891 - - default default] GET failed (client error): The resource could not be found.
2026-06-25 23:35:47.065 10 INFO neutron.wsgi [None req-5c86af70-b78a-4351-a71c-76f24a9220f8 bc664f5760d64f60b71323c46a015fe2 d7000bd018b1413a8793dc9cbc912891 - - default default] 10.0.0.38 "GET /v2.0/ports/a4f9c8ab-5d8e-4deb-bde4-99ea9cc7cebe HTTP/1.1" status: 404 len: 333 time: 0.0229454
2026-06-25 23:35:47.071 10 INFO neutron.wsgi [None req-f99f9232-c128-43ed-8ba7-70c60f35f10c 543da467605b49f59de35f74edf887e0 fd303ce1653b40a59e0379dd87aadacc - - default default] 10.0.0.38 "DELETE /v2.0/networks/bf15ead2-ed96-4bc1-b73f-667be1f7ade3 HTTP/1.1" status: 204 len: 168 time: 0.5351567
2026-06-25 23:35:47.288 10 INFO neutron.wsgi [req-166df1e0-05a9-499d-9bf9-1723db89390c req-9bb2938d-05f8-4f38-9cbf-219362effe3b 0e174cb8832649e58e2650b42fb41b43 cc6407ecf39940c3a4a2facb0a704206 - - default default] 10.0.0.226 "GET /v2.0/security-groups?name=tempest-securitygroup--811580673&fields=id&tenant_id=cc6407ecf39940c3a4a2facb0a704206 HTTP/1.1" status: 200 len: 267 time: 0.0585666
2026-06-25 23:35:47.394 9 INFO neutron.wsgi [None req-2c5a4dc8-391e-4094-b41d-9b0de35b9df8 bc664f5760d64f60b71323c46a015fe2 d7000bd018b1413a8793dc9cbc912891 - - default default] 10.0.0.38 "DELETE /v2.0/subnets/11d084e8-965a-44b6-b6a0-776842717ead HTTP/1.1" status: 204 len: 168 time: 0.3237250
2026-06-25 23:35:47.399 10 INFO neutron.wsgi [req-166df1e0-05a9-499d-9bf9-1723db89390c req-56fbafde-c069-489e-ab60-1d15bf4eb39f 0e174cb8832649e58e2650b42fb41b43 cc6407ecf39940c3a4a2facb0a704206 - - default default] 10.0.0.226 "GET /v2.0/networks?id=b79516eb-7d1e-4780-b8d1-df2d4b6604e3 HTTP/1.1" status: 200 len: 875 time: 0.1065078
2026-06-25 23:35:47.428 10 INFO neutron.wsgi [req-166df1e0-05a9-499d-9bf9-1723db89390c req-d6ca3bc8-6631-477f-af2b-02acd4a6e86c 0e174cb8832649e58e2650b42fb41b43 cc6407ecf39940c3a4a2facb0a704206 - - default default] 10.0.0.226 "GET /v2.0/quotas/cc6407ecf39940c3a4a2facb0a704206 HTTP/1.1" status: 200 len: 386 time: 0.0197568
2026-06-25 23:35:47.470 9 INFO neutron.wsgi [-] 10.0.0.196 "GET / HTTP/1.1" status: 200 len: 246 time: 0.0017159
2026-06-25 23:35:47.473 9 INFO neutron.wsgi [-] 10.0.0.196 "GET / HTTP/1.1" status: 200 len: 246 time: 0.0023298
2026-06-25 23:35:47.520 9 INFO neutron.wsgi [None req-5d7761b8-b291-4f17-8474-d116788be880 c26e1bea72844b4fa2afd28abb2a9f03 2b43eefe57fe4a4798d2146efe13832c - - default default] 10.0.0.38 "PUT /v2.0/routers/36d09247-2ac3-4b43-97ce-1cbf8dbfc64f/remove_router_interface HTTP/1.1" status: 200 len: 503 time: 1.5782657 /var/lib/openstack/lib/python3.10/site-packages/pycadf/identifier.py:71: UserWarning: Invalid uuid: neutron. To ensure interoperability, identifiers should be a valid uuid. warnings.warn(('Invalid uuid: %s. To ensure interoperability, '
2026-06-25 23:35:47.588 10 INFO neutron.wsgi [None req-fbfcbc88-65bf-48df-8c50-63edd9a931f4 543da467605b49f59de35f74edf887e0 fd303ce1653b40a59e0379dd87aadacc - - default default] 10.0.0.38 "DELETE /v2.0/networks/953a5d4f-d3c9-4dfc-a16f-62460ce87d4d HTTP/1.1" status: 204 len: 168 time: 0.5137708
2026-06-25 23:35:47.591 10 INFO neutron.wsgi [req-166df1e0-05a9-499d-9bf9-1723db89390c req-dd34ac5f-8866-4282-a2ad-b452bb0a51ea 0e174cb8832649e58e2650b42fb41b43 cc6407ecf39940c3a4a2facb0a704206 - - default default] 10.0.0.226 "GET /v2.0/ports?tenant_id=cc6407ecf39940c3a4a2facb0a704206&fields=id HTTP/1.1" status: 200 len: 302 time: 0.1465833
2026-06-25 23:35:47.725 10 INFO neutron.wsgi [None req-13bfc2c9-2179-4480-a965-a26aec10ab95 543da467605b49f59de35f74edf887e0 fd303ce1653b40a59e0379dd87aadacc - - default default] 10.0.0.38 "GET /v2.0/networks HTTP/1.1" status: 200 len: 845 time: 0.1306403
2026-06-25 23:35:47.734 10 INFO neutron.wsgi [req-166df1e0-05a9-499d-9bf9-1723db89390c req-01ff8278-4a65-4540-af6a-1a9eb52f7a53 fb40b85c4be44d2ba3cdbb8906922eee 5b348a9d28774d1a9926eabffd5e01e4 - - 2cd177c1069f466b8251a88850592d23 2cd177c1069f466b8251a88850592d23] 10.0.0.226 "GET /v2.0/networks/b79516eb-7d1e-4780-b8d1-df2d4b6604e3?fields=segments HTTP/1.1" status: 200 len: 212 time: 0.1250048
2026-06-25 23:35:47.823 10 INFO neutron.wsgi [req-166df1e0-05a9-499d-9bf9-1723db89390c req-a5481113-fe56-4347-8ff2-a67cbcdbf679 fb40b85c4be44d2ba3cdbb8906922eee 5b348a9d28774d1a9926eabffd5e01e4 - - 2cd177c1069f466b8251a88850592d23 2cd177c1069f466b8251a88850592d23] 10.0.0.226 "GET /v2.0/networks/b79516eb-7d1e-4780-b8d1-df2d4b6604e3?fields=provider%3Aphysical_network&fields=provider%3Anetwork_type HTTP/1.1" status: 200 len: 277 time: 0.0804403
2026-06-25 23:35:47.859 9 INFO neutron.db.segments_db [None req-a98bcdfe-8c0c-4974-94eb-ab2fa8a3351c 543da467605b49f59de35f74edf887e0 fd303ce1653b40a59e0379dd87aadacc - - default default] Added segment 655bd774-9afa-496b-b6b1-b278935dc21f of type geneve for network c7f03b40-badb-43e4-ad13-252ca6fc0032
2026-06-25 23:35:47.989 10 INFO neutron.wsgi [None req-3132daa9-0e4a-488b-9b10-8cf29b8c8707 bc664f5760d64f60b71323c46a015fe2 d7000bd018b1413a8793dc9cbc912891 - - default default] 10.0.0.38 "DELETE /v2.0/networks/69ce575b-3754-4a50-89ce-2bd79f65d9f5 HTTP/1.1" status: 204 len: 168 time: 0.5887675
2026-06-25 23:35:48.014 9 INFO neutron.wsgi [req-ae62e4f4-908a-4db5-8f71-4addfa970043 req-497fb102-19ab-4973-bffa-a396da021b73 0e174cb8832649e58e2650b42fb41b43 cc6407ecf39940c3a4a2facb0a704206 - - default default] 10.0.0.226 "GET /v2.0/ports?device_id=36dae568-3ff7-4e76-913c-083513f63623 HTTP/1.1" status: 200 len: 210 time: 0.0473835
2026-06-25 23:35:48.091 9 INFO neutron.db.ovn_revision_numbers_db [None req-a98bcdfe-8c0c-4974-94eb-ab2fa8a3351c 543da467605b49f59de35f74edf887e0 fd303ce1653b40a59e0379dd87aadacc - - default default] Successfully bumped revision number for resource c7f03b40-badb-43e4-ad13-252ca6fc0032 (type: networks) to 1
2026-06-25 23:35:48.102 10 INFO neutron.db.segments_db [None req-2eafb24f-f5ee-4fe5-85e4-2bccb2919042 bc664f5760d64f60b71323c46a015fe2 d7000bd018b1413a8793dc9cbc912891 - - default default] Added segment e0a6be7e-8fda-4cf1-a871-19b40a0fe667 of type geneve for network 7af8ecfd-4013-4e58-a034-256ee4eaad1f
2026-06-25 23:35:48.268 10 INFO neutron.db.ovn_revision_numbers_db [None req-2eafb24f-f5ee-4fe5-85e4-2bccb2919042 bc664f5760d64f60b71323c46a015fe2 d7000bd018b1413a8793dc9cbc912891 - - default default] Successfully bumped revision number for resource 7af8ecfd-4013-4e58-a034-256ee4eaad1f (type: networks) to 1
2026-06-25 23:35:48.327 9 INFO neutron.wsgi [None req-097cda11-cc39-4fc4-b6ba-21f638342e19 c26e1bea72844b4fa2afd28abb2a9f03 2b43eefe57fe4a4798d2146efe13832c - - default default] 10.0.0.38 "DELETE /v2.0/routers/36d09247-2ac3-4b43-97ce-1cbf8dbfc64f HTTP/1.1" status: 204 len: 168 time: 0.8034382
2026-06-25 23:35:48.369 9 WARNING neutron.scheduler.dhcp_agent_scheduler [None req-a98bcdfe-8c0c-4974-94eb-ab2fa8a3351c 543da467605b49f59de35f74edf887e0 fd303ce1653b40a59e0379dd87aadacc - - default default] No more DHCP agents
2026-06-25 23:35:48.370 9 WARNING neutron.api.rpc.agentnotifiers.dhcp_rpc_agent_api [None req-a98bcdfe-8c0c-4974-94eb-ab2fa8a3351c 543da467605b49f59de35f74edf887e0 fd303ce1653b40a59e0379dd87aadacc - - default default] Unable to schedule network c7f03b40-badb-43e4-ad13-252ca6fc0032: no agents available; will retry on subsequent port and subnet creation events.
2026-06-25 23:35:48.468 9 INFO neutron.db.ovn_revision_numbers_db [None req-a98bcdfe-8c0c-4974-94eb-ab2fa8a3351c 543da467605b49f59de35f74edf887e0 fd303ce1653b40a59e0379dd87aadacc - - default default] Successfully bumped revision number for resource 682627cb-11b2-4481-bb86-15bfbee8f396 (type: ports) to 1
2026-06-25 23:35:48.495 9 INFO neutron.wsgi [None req-a98bcdfe-8c0c-4974-94eb-ab2fa8a3351c 543da467605b49f59de35f74edf887e0 fd303ce1653b40a59e0379dd87aadacc - - default default] 10.0.0.38 "POST /v2.0/networks HTTP/1.1" status: 201 len: 849 time: 0.7640843
2026-06-25 23:35:48.588 10 WARNING neutron.scheduler.dhcp_agent_scheduler [None req-2eafb24f-f5ee-4fe5-85e4-2bccb2919042 bc664f5760d64f60b71323c46a015fe2 d7000bd018b1413a8793dc9cbc912891 - - default default] No more DHCP agents
2026-06-25 23:35:48.589 10 WARNING neutron.api.rpc.agentnotifiers.dhcp_rpc_agent_api [None req-2eafb24f-f5ee-4fe5-85e4-2bccb2919042 bc664f5760d64f60b71323c46a015fe2 d7000bd018b1413a8793dc9cbc912891 - - default default] Unable to schedule network 7af8ecfd-4013-4e58-a034-256ee4eaad1f: no agents available; will retry on subsequent port and subnet creation events.
2026-06-25 23:35:48.596 9 INFO neutron.db.segments_db [None req-c1cbfd7a-9688-482d-9de1-cc2523b7d2e8 543da467605b49f59de35f74edf887e0 fd303ce1653b40a59e0379dd87aadacc - - default default] Added segment b75008fa-52ba-4ca8-bee8-1e13644e89bb of type geneve for network 90b7befd-d809-4cdf-becc-97aa0ed83732
2026-06-25 23:35:48.788 9 INFO neutron.wsgi [req-166df1e0-05a9-499d-9bf9-1723db89390c req-abedceae-cbb9-4b2d-b181-e4faad44bfaf 0e174cb8832649e58e2650b42fb41b43 cc6407ecf39940c3a4a2facb0a704206 - - default default] 199.204.45.4 "GET /v2.0/networks?id=b79516eb-7d1e-4780-b8d1-df2d4b6604e3 HTTP/1.1" status: 200 len: 875 time: 0.1287229
2026-06-25 23:35:48.799 9 INFO neutron.db.ovn_revision_numbers_db [None req-c1cbfd7a-9688-482d-9de1-cc2523b7d2e8 543da467605b49f59de35f74edf887e0 fd303ce1653b40a59e0379dd87aadacc - - default default] Successfully bumped revision number for resource 90b7befd-d809-4cdf-becc-97aa0ed83732 (type: networks) to 1
2026-06-25 23:35:48.860 9 INFO neutron.wsgi [req-166df1e0-05a9-499d-9bf9-1723db89390c req-8a9b69e0-99a9-4570-8178-54bbf164c5d7 0e174cb8832649e58e2650b42fb41b43 cc6407ecf39940c3a4a2facb0a704206 - - default default] 199.204.45.4 "GET /v2.0/security-groups?fields=id&fields=name&tenant_id=cc6407ecf39940c3a4a2facb0a704206 HTTP/1.1" status: 200 len: 379 time: 0.0665290
2026-06-25 23:35:48.887 10 INFO neutron.wsgi [None req-fd6c165d-25cd-4ba6-9be8-7519c5f54976 c26e1bea72844b4fa2afd28abb2a9f03 2b43eefe57fe4a4798d2146efe13832c - - default default] 10.0.0.38 "DELETE /v2.0/subnets/2e0f658e-7608-4893-9ff9-344e349d35b5 HTTP/1.1" status: 204 len: 168 time: 0.5500755
2026-06-25 23:35:48.952 10 INFO neutron.db.ovn_revision_numbers_db [None req-2eafb24f-f5ee-4fe5-85e4-2bccb2919042 bc664f5760d64f60b71323c46a015fe2 d7000bd018b1413a8793dc9cbc912891 - - default default] Successfully bumped revision number for resource a1dcb937-2ab4-4222-91df-d312379d2a61 (type: ports) to 1
2026-06-25 23:35:48.974 10 INFO neutron.wsgi [None req-2eafb24f-f5ee-4fe5-85e4-2bccb2919042 bc664f5760d64f60b71323c46a015fe2 d7000bd018b1413a8793dc9cbc912891 - - default default] 10.0.0.38 "POST /v2.0/networks HTTP/1.1" status: 201 len: 831 time: 0.9664252
2026-06-25 23:35:49.044 9 WARNING neutron.scheduler.dhcp_agent_scheduler [None req-c1cbfd7a-9688-482d-9de1-cc2523b7d2e8 543da467605b49f59de35f74edf887e0 fd303ce1653b40a59e0379dd87aadacc - - default default] No more DHCP agents
2026-06-25 23:35:49.046 9 WARNING neutron.api.rpc.agentnotifiers.dhcp_rpc_agent_api [None req-c1cbfd7a-9688-482d-9de1-cc2523b7d2e8 543da467605b49f59de35f74edf887e0 fd303ce1653b40a59e0379dd87aadacc - - default default] Unable to schedule network 90b7befd-d809-4cdf-becc-97aa0ed83732: no agents available; will retry on subsequent port and subnet creation events.
2026-06-25 23:35:49.053 10 INFO neutron.services.segments.plugin [-] Segment fb1cdb97-79e5-42fe-8694-c41371d7959f resource provider aggregate not found
2026-06-25 23:35:49.068 10 INFO neutron.services.segments.plugin [-] Segment fb1cdb97-79e5-42fe-8694-c41371d7959f resource provider aggregate not found
2026-06-25 23:35:49.088 10 INFO neutron.services.segments.plugin [-] Segment fb1cdb97-79e5-42fe-8694-c41371d7959f resource provider not found; error: Placement Client Error (4xx): {"errors": [{"status": 404, "title": "Not Found", "detail": "The resource could not be found.\n\n No resource provider with uuid fb1cdb97-79e5-42fe-8694-c41371d7959f found for delete ", "request_id": "req-65834998-b9ed-47bf-b167-7f8b91f8cb2e"}]}
2026-06-25 23:35:49.104 10 INFO neutron.services.segments.plugin [-] Segment fb1cdb97-79e5-42fe-8694-c41371d7959f resource provider not found; error: Placement Client Error (4xx): {"errors": [{"status": 404, "title": "Not Found", "detail": "The resource could not be found.\n\n No resource provider with uuid fb1cdb97-79e5-42fe-8694-c41371d7959f found for delete ", "request_id": "req-42751ecc-231e-4f0c-a071-78ae276d252c"}]}
2026-06-25 23:35:49.118 10 INFO neutron.services.segments.plugin [-] Segment 9505e8ca-3534-45eb-81ec-c734e6ccc89b resource provider aggregate not found
2026-06-25 23:35:49.125 10 INFO neutron.services.segments.plugin [-] Segment 9505e8ca-3534-45eb-81ec-c734e6ccc89b resource provider aggregate not found
2026-06-25 23:35:49.148 10 INFO neutron.services.segments.plugin [-] Segment 9505e8ca-3534-45eb-81ec-c734e6ccc89b resource provider not found; error: Placement Client Error (4xx): {"errors": [{"status": 404, "title": "Not Found", "detail": "The resource could not be found.\n\n No resource provider with uuid 9505e8ca-3534-45eb-81ec-c734e6ccc89b found for delete ", "request_id": "req-fa594cef-1398-40a7-80af-70557568ce21"}]}
2026-06-25 23:35:49.152 10 INFO neutron.wsgi [req-adea9466-fe47-4646-9b40-fcdf30b9b59c req-fe48dd2e-77cf-489c-9ac4-d9aa8b777f4f 0e174cb8832649e58e2650b42fb41b43 cc6407ecf39940c3a4a2facb0a704206 - - default default] 10.0.0.226 "GET /v2.0/ports?device_id=36dae568-3ff7-4e76-913c-083513f63623 HTTP/1.1" status: 200 len: 210 time: 0.0491514
2026-06-25 23:35:49.153 10 INFO neutron.services.segments.plugin [-] Segment 9505e8ca-3534-45eb-81ec-c734e6ccc89b resource provider not found; error: Placement Client Error (4xx): {"errors": [{"status": 404, "title": "Not Found", "detail": "The resource could not be found.\n\n No resource provider with uuid 9505e8ca-3534-45eb-81ec-c734e6ccc89b found for delete ", "request_id": "req-ed05af0b-52b6-4b2a-b7a9-70f32d9d106f"}]}
2026-06-25 23:35:49.183 9 INFO neutron.db.ovn_revision_numbers_db [None req-c1cbfd7a-9688-482d-9de1-cc2523b7d2e8 543da467605b49f59de35f74edf887e0 fd303ce1653b40a59e0379dd87aadacc - - default default] Successfully bumped revision number for resource da9a9556-e04f-4d76-ad87-d7654015a322 (type: ports) to 1
2026-06-25 23:35:49.215 9 INFO neutron.wsgi [None req-c1cbfd7a-9688-482d-9de1-cc2523b7d2e8 543da467605b49f59de35f74edf887e0 fd303ce1653b40a59e0379dd87aadacc - - default default] 10.0.0.38 "POST /v2.0/networks HTTP/1.1" status: 201 len: 848 time: 0.7165191
2026-06-25 23:35:49.314 9 WARNING neutron.scheduler.dhcp_agent_scheduler [req-166df1e0-05a9-499d-9bf9-1723db89390c req-001e903f-4f27-4b5b-80f6-afdf3413e6ea 0e174cb8832649e58e2650b42fb41b43 cc6407ecf39940c3a4a2facb0a704206 - - default default] No more DHCP agents
2026-06-25 23:35:49.317 9 WARNING neutron.api.rpc.agentnotifiers.dhcp_rpc_agent_api [req-166df1e0-05a9-499d-9bf9-1723db89390c req-001e903f-4f27-4b5b-80f6-afdf3413e6ea 0e174cb8832649e58e2650b42fb41b43 cc6407ecf39940c3a4a2facb0a704206 - - default default] Unable to schedule network b79516eb-7d1e-4780-b8d1-df2d4b6604e3: no agents available; will retry on subsequent port and subnet creation events.
2026-06-25 23:35:49.490 10 WARNING neutron.scheduler.dhcp_agent_scheduler [None req-917e8409-132e-47e8-889b-28a47c442315 bc664f5760d64f60b71323c46a015fe2 d7000bd018b1413a8793dc9cbc912891 - - default default] No more DHCP agents
2026-06-25 23:35:49.499 10 WARNING neutron.api.rpc.agentnotifiers.dhcp_rpc_agent_api [None req-917e8409-132e-47e8-889b-28a47c442315 bc664f5760d64f60b71323c46a015fe2 d7000bd018b1413a8793dc9cbc912891 - - default default] Unable to schedule network 7af8ecfd-4013-4e58-a034-256ee4eaad1f: no agents available; will retry on subsequent port and subnet creation events.
2026-06-25 23:35:49.569 9 INFO neutron.db.ovn_revision_numbers_db [req-166df1e0-05a9-499d-9bf9-1723db89390c req-001e903f-4f27-4b5b-80f6-afdf3413e6ea 0e174cb8832649e58e2650b42fb41b43 cc6407ecf39940c3a4a2facb0a704206 - - default default] Successfully bumped revision number for resource c04f0c0e-f73a-4aa1-bef0-d693d17b831f (type: ports) to 1
2026-06-25 23:35:49.622 9 INFO neutron.wsgi [req-166df1e0-05a9-499d-9bf9-1723db89390c req-001e903f-4f27-4b5b-80f6-afdf3413e6ea 0e174cb8832649e58e2650b42fb41b43 cc6407ecf39940c3a4a2facb0a704206 - - default default] 199.204.45.4 "POST /v2.0/ports HTTP/1.1" status: 201 len: 1162 time: 0.7531803 /var/lib/openstack/lib/python3.10/site-packages/pycadf/identifier.py:71: UserWarning: Invalid uuid: neutron. To ensure interoperability, identifiers should be a valid uuid. warnings.warn(('Invalid uuid: %s. To ensure interoperability, '
2026-06-25 23:35:49.717 10 INFO neutron.wsgi [None req-71a47948-88a3-4f86-886b-a99c03230bd5 c26e1bea72844b4fa2afd28abb2a9f03 2b43eefe57fe4a4798d2146efe13832c - - default default] 10.0.0.38 "DELETE /v2.0/networks/bf0b3cd5-50b8-461c-b835-b683a13d5eba HTTP/1.1" status: 204 len: 168 time: 0.8245850
2026-06-25 23:35:49.960 9 INFO neutron.wsgi [None req-ff02d0fb-c3b7-408e-a015-7c2c39f7546d c26e1bea72844b4fa2afd28abb2a9f03 2b43eefe57fe4a4798d2146efe13832c - - default default] 10.0.0.38 "GET /v2.0/security-groups?tenant_id=67fad40fe0ed4852b37c04909bb43d63&name=default HTTP/1.1" status: 200 len: 2996 time: 0.0527241 /var/lib/openstack/lib/python3.10/site-packages/pycadf/identifier.py:71: UserWarning: Invalid uuid: neutron. To ensure interoperability, identifiers should be a valid uuid. warnings.warn(('Invalid uuid: %s. To ensure interoperability, '
2026-06-25 23:35:50.054 9 INFO neutron.db.ovn_revision_numbers_db [req-166df1e0-05a9-499d-9bf9-1723db89390c req-95a867cd-de92-4b59-aad7-408197094b4e fb40b85c4be44d2ba3cdbb8906922eee 5b348a9d28774d1a9926eabffd5e01e4 - - 2cd177c1069f466b8251a88850592d23 2cd177c1069f466b8251a88850592d23] Successfully bumped revision number for resource c04f0c0e-f73a-4aa1-bef0-d693d17b831f (type: ports) to 2
2026-06-25 23:35:50.080 10 WARNING neutron.scheduler.dhcp_agent_scheduler [None req-e8b31999-b44a-40f2-9cdb-e010db518223 543da467605b49f59de35f74edf887e0 fd303ce1653b40a59e0379dd87aadacc - - default default] No more DHCP agents
2026-06-25 23:35:50.096 10 WARNING neutron.api.rpc.agentnotifiers.dhcp_rpc_agent_api [None req-e8b31999-b44a-40f2-9cdb-e010db518223 543da467605b49f59de35f74edf887e0 fd303ce1653b40a59e0379dd87aadacc - - default default] Unable to schedule network c7f03b40-badb-43e4-ad13-252ca6fc0032: no agents available; will retry on subsequent port and subnet creation events.
2026-06-25 23:35:50.244 10 INFO neutron.db.ovn_revision_numbers_db [None req-e8b31999-b44a-40f2-9cdb-e010db518223 543da467605b49f59de35f74edf887e0 fd303ce1653b40a59e0379dd87aadacc - - default default] Successfully bumped revision number for resource 860f384d-8940-4eb0-8258-84cff13584a6 (type: ports) to 1
2026-06-25 23:35:50.251 9 INFO neutron.db.ovn_revision_numbers_db [req-166df1e0-05a9-499d-9bf9-1723db89390c req-95a867cd-de92-4b59-aad7-408197094b4e fb40b85c4be44d2ba3cdbb8906922eee 5b348a9d28774d1a9926eabffd5e01e4 - - 2cd177c1069f466b8251a88850592d23 2cd177c1069f466b8251a88850592d23] Successfully bumped revision number for resource c04f0c0e-f73a-4aa1-bef0-d693d17b831f (type: ports) to 2 /var/lib/openstack/lib/python3.10/site-packages/pycadf/identifier.py:71: UserWarning: Invalid uuid: neutron. To ensure interoperability, identifiers should be a valid uuid. warnings.warn(('Invalid uuid: %s. To ensure interoperability, '
2026-06-25 23:35:50.273 9 INFO neutron.wsgi [req-166df1e0-05a9-499d-9bf9-1723db89390c req-95a867cd-de92-4b59-aad7-408197094b4e fb40b85c4be44d2ba3cdbb8906922eee 5b348a9d28774d1a9926eabffd5e01e4 - - 2cd177c1069f466b8251a88850592d23 2cd177c1069f466b8251a88850592d23] 199.204.45.4 "PUT /v2.0/ports/c04f0c0e-f73a-4aa1-bef0-d693d17b831f HTTP/1.1" status: 200 len: 1380 time: 0.6399610
2026-06-25 23:35:50.303 10 WARNING neutron.scheduler.dhcp_agent_scheduler [None req-e8b31999-b44a-40f2-9cdb-e010db518223 543da467605b49f59de35f74edf887e0 fd303ce1653b40a59e0379dd87aadacc - - default default] No more DHCP agents
2026-06-25 23:35:50.309 10 WARNING neutron.api.rpc.agentnotifiers.dhcp_rpc_agent_api [None req-e8b31999-b44a-40f2-9cdb-e010db518223 543da467605b49f59de35f74edf887e0 fd303ce1653b40a59e0379dd87aadacc - - default default] Unable to schedule network 90b7befd-d809-4cdf-becc-97aa0ed83732: no agents available; will retry on subsequent port and subnet creation events.
2026-06-25 23:35:50.318 9 INFO neutron.notifiers.nova [-] Nova event matching ['req-8fed60f3-2d9b-4fc7-bc68-a0bb2816316a'] response: {'name': 'network-changed', 'server_uuid': '36dae568-3ff7-4e76-913c-083513f63623', 'tag': 'c04f0c0e-f73a-4aa1-bef0-d693d17b831f', 'status': 'completed', 'code': 200}
2026-06-25 23:35:50.347 10 INFO neutron.db.ovn_revision_numbers_db [None req-917e8409-132e-47e8-889b-28a47c442315 bc664f5760d64f60b71323c46a015fe2 d7000bd018b1413a8793dc9cbc912891 - - default default] Successfully bumped revision number for resource a1dcb937-2ab4-4222-91df-d312379d2a61 (type: ports) to 2
2026-06-25 23:35:50.359 9 INFO neutron.wsgi [req-166df1e0-05a9-499d-9bf9-1723db89390c req-e5e12c3c-3b50-4f01-a476-b5cdc4546c54 fb40b85c4be44d2ba3cdbb8906922eee 5b348a9d28774d1a9926eabffd5e01e4 - - 2cd177c1069f466b8251a88850592d23 2cd177c1069f466b8251a88850592d23] 199.204.45.4 "GET /v2.0/ports?tenant_id=cc6407ecf39940c3a4a2facb0a704206&device_id=36dae568-3ff7-4e76-913c-083513f63623 HTTP/1.1" status: 200 len: 1411 time: 0.0521634
2026-06-25 23:35:50.418 10 INFO neutron.db.ovn_revision_numbers_db [None req-917e8409-132e-47e8-889b-28a47c442315 bc664f5760d64f60b71323c46a015fe2 d7000bd018b1413a8793dc9cbc912891 - - default default] Successfully bumped revision number for resource fa6ad83d-a13e-46d2-a6ab-7832415e8f9d (type: subnets) to 0
2026-06-25 23:35:50.452 10 INFO neutron.wsgi [None req-917e8409-132e-47e8-889b-28a47c442315 bc664f5760d64f60b71323c46a015fe2 d7000bd018b1413a8793dc9cbc912891 - - default default] 10.0.0.38 "POST /v2.0/subnets HTTP/1.1" status: 201 len: 801 time: 1.4732406
2026-06-25 23:35:50.460 10 INFO neutron.db.ovn_revision_numbers_db [None req-e8b31999-b44a-40f2-9cdb-e010db518223 543da467605b49f59de35f74edf887e0 fd303ce1653b40a59e0379dd87aadacc - - default default] Successfully bumped revision number for resource 6f80c9a8-64a0-406e-86ce-1eed3c82ecf2 (type: ports) to 1 /var/lib/openstack/lib/python3.10/site-packages/pycadf/identifier.py:71: UserWarning: Invalid uuid: neutron. To ensure interoperability, identifiers should be a valid uuid. warnings.warn(('Invalid uuid: %s. To ensure interoperability, '
2026-06-25 23:35:50.490 10 INFO neutron.wsgi [None req-cae43330-957c-4547-ab33-32cc1f41e2e4 c26e1bea72844b4fa2afd28abb2a9f03 2b43eefe57fe4a4798d2146efe13832c - - default default] 10.0.0.38 "DELETE /v2.0/security-groups/af332d23-db7c-4492-9dfb-bafe32d20e74 HTTP/1.1" status: 204 len: 168 time: 0.5078263
2026-06-25 23:35:50.515 10 INFO neutron.wsgi [None req-e8b31999-b44a-40f2-9cdb-e010db518223 543da467605b49f59de35f74edf887e0 fd303ce1653b40a59e0379dd87aadacc - - default default] 10.0.0.38 "POST /v2.0/ports HTTP/1.1" status: 201 len: 1705 time: 1.2920046
2026-06-25 23:35:50.624 9 INFO neutron.wsgi [req-166df1e0-05a9-499d-9bf9-1723db89390c req-3a5a1a82-ac79-4d7d-baa6-f7fe0aac9525 fb40b85c4be44d2ba3cdbb8906922eee 5b348a9d28774d1a9926eabffd5e01e4 - - 2cd177c1069f466b8251a88850592d23 2cd177c1069f466b8251a88850592d23] 199.204.45.4 "GET /v2.0/floatingips?fixed_ip_address=10.100.0.12&port_id=c04f0c0e-f73a-4aa1-bef0-d693d17b831f HTTP/1.1" status: 200 len: 217 time: 0.2551181
2026-06-25 23:35:50.637 9 INFO neutron.wsgi [req-91d0cf82-9674-407e-a6db-c1fe6daaf333 req-7a7842ad-9073-485a-b1d8-1c0248c2604f 0e174cb8832649e58e2650b42fb41b43 cc6407ecf39940c3a4a2facb0a704206 - - default default] 10.0.0.226 "GET /v2.0/ports?device_id=36dae568-3ff7-4e76-913c-083513f63623 HTTP/1.1" status: 200 len: 1172 time: 0.3810081
2026-06-25 23:35:50.673 10 INFO neutron.wsgi [None req-13f0b7ba-6f9a-46a6-b89d-2f8043d40402 543da467605b49f59de35f74edf887e0 fd303ce1653b40a59e0379dd87aadacc - - default default] 10.0.0.38 "GET /v2.0/ports HTTP/1.1" status: 200 len: 3212 time: 0.1478341
2026-06-25 23:35:50.702 9 INFO neutron.wsgi [req-166df1e0-05a9-499d-9bf9-1723db89390c req-ccd43e55-00e1-4573-be9a-8f113357e1ac fb40b85c4be44d2ba3cdbb8906922eee 5b348a9d28774d1a9926eabffd5e01e4 - - 2cd177c1069f466b8251a88850592d23 2cd177c1069f466b8251a88850592d23] 199.204.45.4 "GET /v2.0/subnets?id=99e803d2-1f8d-42c6-9f7b-433913224700 HTTP/1.1" status: 200 len: 869 time: 0.0626688
2026-06-25 23:35:50.734 9 INFO neutron.wsgi [req-91d0cf82-9674-407e-a6db-c1fe6daaf333 req-fff8c52c-1a67-457a-9463-f720a7feba6b 0e174cb8832649e58e2650b42fb41b43 cc6407ecf39940c3a4a2facb0a704206 - - default default] 10.0.0.226 "GET /v2.0/security-groups?id=bf38b294-e728-4b69-acca-ed306052fc78&fields=id&fields=name HTTP/1.1" status: 200 len: 312 time: 0.0865495
2026-06-25 23:35:50.752 9 INFO neutron.wsgi [req-166df1e0-05a9-499d-9bf9-1723db89390c req-0e3e5232-80b9-4354-afd8-bdb197d6929c fb40b85c4be44d2ba3cdbb8906922eee 5b348a9d28774d1a9926eabffd5e01e4 - - 2cd177c1069f466b8251a88850592d23 2cd177c1069f466b8251a88850592d23] 199.204.45.4 "GET /v2.0/ports?network_id=b79516eb-7d1e-4780-b8d1-df2d4b6604e3&device_owner=network%3Adhcp HTTP/1.1" status: 200 len: 210 time: 0.0420535
2026-06-25 23:35:50.869 9 INFO neutron.wsgi [req-166df1e0-05a9-499d-9bf9-1723db89390c req-8a19006b-c0a9-4e0d-a82d-9c8166490b83 fb40b85c4be44d2ba3cdbb8906922eee 5b348a9d28774d1a9926eabffd5e01e4 - - 2cd177c1069f466b8251a88850592d23 2cd177c1069f466b8251a88850592d23] 199.204.45.4 "GET /v2.0/networks/b79516eb-7d1e-4780-b8d1-df2d4b6604e3?fields=segments HTTP/1.1" status: 200 len: 212 time: 0.1101406
2026-06-25 23:35:50.890 10 WARNING neutron.scheduler.dhcp_agent_scheduler [None req-0aab2315-ba49-4a7a-9df4-5b0eedd3a4a3 bc664f5760d64f60b71323c46a015fe2 d7000bd018b1413a8793dc9cbc912891 - - default default] No more DHCP agents
2026-06-25 23:35:50.894 10 WARNING neutron.api.rpc.agentnotifiers.dhcp_rpc_agent_api [None req-0aab2315-ba49-4a7a-9df4-5b0eedd3a4a3 bc664f5760d64f60b71323c46a015fe2 d7000bd018b1413a8793dc9cbc912891 - - default default] Unable to schedule network 7af8ecfd-4013-4e58-a034-256ee4eaad1f: no agents available; will retry on subsequent port and subnet creation events.
