2026-06-25 23:41:33.829 9 INFO neutron.notifiers.nova [-] Nova event matching ['req-f787f2af-8b88-434e-9070-cea8bd4f11fb'] response: {'server_uuid': '45fa4086-efa7-4086-824e-ddd101e4afdc', 'name': 'network-vif-plugged', 'status': 'completed', 'tag': 'ee75ed83-31e4-4f50-a334-e4de36fa372c', 'code': 200}
2026-06-25 23:41:33.839 9 INFO neutron.wsgi [req-9d74745a-d7a5-4662-9e85-01219c318834 req-991d9a7e-6e56-4cd6-b431-37a9d7374ede fb40b85c4be44d2ba3cdbb8906922eee 5b348a9d28774d1a9926eabffd5e01e4 - - 2cd177c1069f466b8251a88850592d23 2cd177c1069f466b8251a88850592d23] 199.204.45.4 "GET /v2.0/ports?tenant_id=2b43eefe57fe4a4798d2146efe13832c&device_id=45fa4086-efa7-4086-824e-ddd101e4afdc HTTP/1.1" status: 200 len: 5120 time: 0.0398972
2026-06-25 23:41:33.894 10 INFO neutron.wsgi [None req-c928ab53-a6ac-4cc0-9ad7-0a147429c907 c26e1bea72844b4fa2afd28abb2a9f03 2b43eefe57fe4a4798d2146efe13832c - - default default] 199.204.45.4 "GET /v2.0/extensions/security-group HTTP/1.1" status: 200 len: 369 time: 0.0073895
2026-06-25 23:41:33.902 10 INFO neutron.wsgi [None req-60050798-ce39-4f0f-90d4-09799bacbc74 c26e1bea72844b4fa2afd28abb2a9f03 2b43eefe57fe4a4798d2146efe13832c - - default default] 199.204.45.4 "GET /v2.0/extensions/dns-integration HTTP/1.1" status: 200 len: 371 time: 0.0028422
2026-06-25 23:41:33.909 9 INFO neutron.wsgi [req-9d74745a-d7a5-4662-9e85-01219c318834 req-a74e5a45-b559-4c97-95d6-e60207e2d78c fb40b85c4be44d2ba3cdbb8906922eee 5b348a9d28774d1a9926eabffd5e01e4 - - 2cd177c1069f466b8251a88850592d23 2cd177c1069f466b8251a88850592d23] 199.204.45.4 "GET /v2.0/networks?id=6cb25137-9fc1-47de-9e72-d28cd14580ba HTTP/1.1" status: 200 len: 1003 time: 0.0655687
2026-06-25 23:41:33.910 10 INFO neutron.wsgi [None req-03ce8400-35fc-4de0-a228-508626f450ce c26e1bea72844b4fa2afd28abb2a9f03 2b43eefe57fe4a4798d2146efe13832c - - default default] 199.204.45.4 "GET /v2.0/extensions/qos HTTP/1.1" status: 200 len: 365 time: 0.0037050
2026-06-25 23:41:33.919 10 INFO neutron.wsgi [None req-fdba04aa-424a-41dd-9b72-23b2c8e7ca59 c26e1bea72844b4fa2afd28abb2a9f03 2b43eefe57fe4a4798d2146efe13832c - - default default] 199.204.45.4 "GET /v2.0/extensions/allowed-address-pairs HTTP/1.1" status: 200 len: 383 time: 0.0047743
2026-06-25 23:41:33.940 9 INFO neutron.wsgi [req-9d74745a-d7a5-4662-9e85-01219c318834 req-16e2bbac-b3a3-4bfa-a066-699c4a1f9004 fb40b85c4be44d2ba3cdbb8906922eee 5b348a9d28774d1a9926eabffd5e01e4 - - 2cd177c1069f466b8251a88850592d23 2cd177c1069f466b8251a88850592d23] 199.204.45.4 "GET /v2.0/floatingips?fixed_ip_address=10.2.2.224&port_id=ee75ed83-31e4-4f50-a334-e4de36fa372c HTTP/1.1" status: 200 len: 217 time: 0.0234413
2026-06-25 23:41:33.959 10 INFO neutron.wsgi [None req-29cee79a-8b04-4763-b6da-466c39cc5687 c26e1bea72844b4fa2afd28abb2a9f03 2b43eefe57fe4a4798d2146efe13832c - - default default] 199.204.45.4 "GET /v2.0/subnets/3c54de8b-2123-4c5e-bd68-5468e8f4782f HTTP/1.1" status: 200 len: 850 time: 0.0340860
2026-06-25 23:41:33.976 9 INFO neutron.wsgi [req-9d74745a-d7a5-4662-9e85-01219c318834 req-6e18328b-5c36-467d-b726-233843e59f7d fb40b85c4be44d2ba3cdbb8906922eee 5b348a9d28774d1a9926eabffd5e01e4 - - 2cd177c1069f466b8251a88850592d23 2cd177c1069f466b8251a88850592d23] 199.204.45.4 "GET /v2.0/subnets?id=6320a891-e8a7-4d27-913c-8b17d6231e31 HTTP/1.1" status: 200 len: 852 time: 0.0308018
2026-06-25 23:41:34.001 10 INFO neutron.wsgi [None req-629213f3-3c92-47d6-9832-6210d0ef3ed6 c26e1bea72844b4fa2afd28abb2a9f03 2b43eefe57fe4a4798d2146efe13832c - - default default] 199.204.45.4 "GET /v2.0/ports/c64a55be-a06a-4b34-adf5-fbd939996bf4 HTTP/1.1" status: 200 len: 1340 time: 0.0369391
2026-06-25 23:41:34.006 9 INFO neutron.wsgi [req-9d74745a-d7a5-4662-9e85-01219c318834 req-7d4fa812-8fb2-4994-b8e9-9b61a54230b3 fb40b85c4be44d2ba3cdbb8906922eee 5b348a9d28774d1a9926eabffd5e01e4 - - 2cd177c1069f466b8251a88850592d23 2cd177c1069f466b8251a88850592d23] 199.204.45.4 "GET /v2.0/ports?network_id=6cb25137-9fc1-47de-9e72-d28cd14580ba&device_owner=network%3Adhcp HTTP/1.1" status: 200 len: 210 time: 0.0239232
2026-06-25 23:41:34.035 10 INFO neutron.wsgi [None req-d3677cd3-9b45-4618-b5ba-7a6931f57491 c26e1bea72844b4fa2afd28abb2a9f03 2b43eefe57fe4a4798d2146efe13832c - - default default] 199.204.45.4 "GET /v2.0/ports/c6026194-78d9-4cea-82d5-a7ed818a3c94 HTTP/1.1" status: 200 len: 1515 time: 0.0282643
2026-06-25 23:41:34.067 9 INFO neutron.wsgi [req-9d74745a-d7a5-4662-9e85-01219c318834 req-0ed67956-aa93-4aa8-8490-2924496bb4ce fb40b85c4be44d2ba3cdbb8906922eee 5b348a9d28774d1a9926eabffd5e01e4 - - 2cd177c1069f466b8251a88850592d23 2cd177c1069f466b8251a88850592d23] 199.204.45.4 "GET /v2.0/networks/6cb25137-9fc1-47de-9e72-d28cd14580ba?fields=segments HTTP/1.1" status: 200 len: 212 time: 0.0552542
2026-06-25 23:41:34.074 10 INFO neutron.wsgi [None req-c68ec9c8-c21f-4c50-977d-b7ed9a135626 c26e1bea72844b4fa2afd28abb2a9f03 2b43eefe57fe4a4798d2146efe13832c - - default default] 199.204.45.4 "GET /v2.0/subnets/3c54de8b-2123-4c5e-bd68-5468e8f4782f HTTP/1.1" status: 200 len: 850 time: 0.0326469
2026-06-25 23:41:34.139 9 INFO neutron.wsgi [req-9d74745a-d7a5-4662-9e85-01219c318834 req-553878b1-5a38-4c58-b422-c54a688e8c7d fb40b85c4be44d2ba3cdbb8906922eee 5b348a9d28774d1a9926eabffd5e01e4 - - 2cd177c1069f466b8251a88850592d23 2cd177c1069f466b8251a88850592d23] 199.204.45.4 "GET /v2.0/networks/6cb25137-9fc1-47de-9e72-d28cd14580ba?fields=provider%3Aphysical_network&fields=provider%3Anetwork_type HTTP/1.1" status: 200 len: 277 time: 0.0641618
2026-06-25 23:41:34.145 10 INFO neutron.wsgi [None req-8f402f30-3f9d-4922-a7e1-7bfab33a5e08 c26e1bea72844b4fa2afd28abb2a9f03 2b43eefe57fe4a4798d2146efe13832c - - default default] 199.204.45.4 "GET /v2.0/networks/15e58491-19bb-4c4a-a1c2-f1c0237a35cd HTTP/1.1" status: 200 len: 1002 time: 0.0648875
2026-06-25 23:41:34.184 10 INFO neutron.wsgi [None req-e7fbfa43-26c8-482d-bbfb-409fc3170727 c26e1bea72844b4fa2afd28abb2a9f03 2b43eefe57fe4a4798d2146efe13832c - - default default] 199.204.45.4 "GET /v2.0/ports/c64a55be-a06a-4b34-adf5-fbd939996bf4 HTTP/1.1" status: 200 len: 1340 time: 0.0331559
2026-06-25 23:41:34.231 10 INFO neutron.wsgi [None req-ca0c0c2d-bc12-456b-8f6a-1ca206893875 c26e1bea72844b4fa2afd28abb2a9f03 2b43eefe57fe4a4798d2146efe13832c - - default default] 199.204.45.4 "GET /v2.0/subnets/3c54de8b-2123-4c5e-bd68-5468e8f4782f HTTP/1.1" status: 200 len: 850 time: 0.0426962
2026-06-25 23:41:42.197 9 INFO neutron.wsgi [None req-66d41bdf-4707-4d0a-99da-61d20d4f83db c26e1bea72844b4fa2afd28abb2a9f03 2b43eefe57fe4a4798d2146efe13832c - - default default] 199.204.45.4 "GET /v2.0/extensions/security-group HTTP/1.1" status: 200 len: 369 time: 0.0075414
2026-06-25 23:41:42.210 9 INFO neutron.wsgi [None req-5ea2fac9-4a1b-4b7f-8196-982ff93e64e4 c26e1bea72844b4fa2afd28abb2a9f03 2b43eefe57fe4a4798d2146efe13832c - - default default] 199.204.45.4 "GET /v2.0/extensions/dns-integration HTTP/1.1" status: 200 len: 371 time: 0.0060699
2026-06-25 23:41:42.218 9 INFO neutron.wsgi [None req-a06cea71-b9c7-4be8-b0c8-7a252497a4cd c26e1bea72844b4fa2afd28abb2a9f03 2b43eefe57fe4a4798d2146efe13832c - - default default] 199.204.45.4 "GET /v2.0/extensions/qos HTTP/1.1" status: 200 len: 365 time: 0.0039539
2026-06-25 23:41:42.227 9 INFO neutron.wsgi [None req-9a3d4edf-db82-4bd1-bb96-a10794af1938 c26e1bea72844b4fa2afd28abb2a9f03 2b43eefe57fe4a4798d2146efe13832c - - default default] 199.204.45.4 "GET /v2.0/extensions/allowed-address-pairs HTTP/1.1" status: 200 len: 383 time: 0.0050437
2026-06-25 23:41:42.264 9 INFO neutron.wsgi [None req-c49b74d7-790e-4436-87b9-0d535b1ad9c7 c26e1bea72844b4fa2afd28abb2a9f03 2b43eefe57fe4a4798d2146efe13832c - - default default] 199.204.45.4 "GET /v2.0/subnets/2ed6306f-3695-4025-965f-05a02eddf6e8 HTTP/1.1" status: 200 len: 849 time: 0.0312901
2026-06-25 23:41:42.305 9 INFO neutron.wsgi [None req-a52ac123-a226-4d77-aa8f-65faf6ba8586 c26e1bea72844b4fa2afd28abb2a9f03 2b43eefe57fe4a4798d2146efe13832c - - default default] 199.204.45.4 "GET /v2.0/ports?device_id=45fa4086-efa7-4086-824e-ddd101e4afdc HTTP/1.1" status: 200 len: 5120 time: 0.0352902
2026-06-25 23:41:42.466 9 INFO neutron.wsgi [None req-37db57fb-0211-4165-84dd-7efcdf30c678 c26e1bea72844b4fa2afd28abb2a9f03 2b43eefe57fe4a4798d2146efe13832c - - default default] 199.204.45.4 "GET /v2.0/extensions/security-group HTTP/1.1" status: 200 len: 369 time: 0.0084403
2026-06-25 23:41:42.475 9 INFO neutron.wsgi [None req-8d52262c-d6ef-44ac-b793-b49e4dc9cc0c c26e1bea72844b4fa2afd28abb2a9f03 2b43eefe57fe4a4798d2146efe13832c - - default default] 199.204.45.4 "GET /v2.0/extensions/dns-integration HTTP/1.1" status: 200 len: 371 time: 0.0049925
2026-06-25 23:41:42.483 9 INFO neutron.wsgi [None req-1881a570-135b-4c39-9985-3f2730363085 c26e1bea72844b4fa2afd28abb2a9f03 2b43eefe57fe4a4798d2146efe13832c - - default default] 199.204.45.4 "GET /v2.0/extensions/qos HTTP/1.1" status: 200 len: 365 time: 0.0044534
2026-06-25 23:41:42.494 9 INFO neutron.wsgi [None req-994e9eaf-c029-48e9-8526-67793374290c c26e1bea72844b4fa2afd28abb2a9f03 2b43eefe57fe4a4798d2146efe13832c - - default default] 199.204.45.4 "GET /v2.0/extensions/allowed-address-pairs HTTP/1.1" status: 200 len: 383 time: 0.0056181
2026-06-25 23:41:42.531 9 INFO neutron.wsgi [None req-d5e42279-c810-4248-bc71-0926cd03ca12 c26e1bea72844b4fa2afd28abb2a9f03 2b43eefe57fe4a4798d2146efe13832c - - default default] 199.204.45.4 "GET /v2.0/ports/ee75ed83-31e4-4f50-a334-e4de36fa372c HTTP/1.1" status: 200 len: 1406 time: 0.0307097
2026-06-25 23:41:42.912 9 INFO neutron.db.ovn_revision_numbers_db [None req-98d6855b-b01f-4d30-9195-0e6f302f6b34 c26e1bea72844b4fa2afd28abb2a9f03 2b43eefe57fe4a4798d2146efe13832c - - default default] Successfully bumped revision number for resource ee75ed83-31e4-4f50-a334-e4de36fa372c (type: ports) to 6
2026-06-25 23:41:42.923 9 INFO neutron.wsgi [None req-98d6855b-b01f-4d30-9195-0e6f302f6b34 c26e1bea72844b4fa2afd28abb2a9f03 2b43eefe57fe4a4798d2146efe13832c - - default default] 199.204.45.4 "PUT /v2.0/ports/ee75ed83-31e4-4f50-a334-e4de36fa372c HTTP/1.1" status: 200 len: 1203 time: 0.3848305 /var/lib/openstack/lib/python3.10/site-packages/pycadf/identifier.py:71: UserWarning: Invalid uuid: neutron. To ensure interoperability, identifiers should be a valid uuid. warnings.warn(('Invalid uuid: %s. To ensure interoperability, '
2026-06-25 23:41:42.967 9 INFO neutron.notifiers.nova [-] Nova event matching ['req-4d347954-ac3f-42bf-b51d-165ed245cfa8'] response: {'name': 'network-changed', 'server_uuid': '45fa4086-efa7-4086-824e-ddd101e4afdc', 'tag': 'ee75ed83-31e4-4f50-a334-e4de36fa372c', 'status': 'completed', 'code': 200}
2026-06-25 23:41:43.001 9 INFO neutron.wsgi [None req-68630b0c-d38e-48ae-95ab-8ed2607bbf27 c26e1bea72844b4fa2afd28abb2a9f03 2b43eefe57fe4a4798d2146efe13832c - - default default] 199.204.45.4 "GET /v2.0/networks/6cb25137-9fc1-47de-9e72-d28cd14580ba HTTP/1.1" status: 200 len: 1000 time: 0.0704470
2026-06-25 23:41:43.033 9 INFO neutron.wsgi [req-a16e4056-28f7-4ca6-aaa8-c31dd651b063 req-801b2a3d-9f47-4fce-b560-d363c8c573ac fb40b85c4be44d2ba3cdbb8906922eee 5b348a9d28774d1a9926eabffd5e01e4 - - 2cd177c1069f466b8251a88850592d23 2cd177c1069f466b8251a88850592d23] 199.204.45.4 "GET /v2.0/ports?tenant_id=2b43eefe57fe4a4798d2146efe13832c&device_id=45fa4086-efa7-4086-824e-ddd101e4afdc HTTP/1.1" status: 200 len: 4945 time: 0.0466061
2026-06-25 23:41:43.046 9 INFO neutron.wsgi [None req-9f1ef32a-403f-4ba8-829e-53575641acec c26e1bea72844b4fa2afd28abb2a9f03 2b43eefe57fe4a4798d2146efe13832c - - default default] 199.204.45.4 "GET /v2.0/ports?device_id=45fa4086-efa7-4086-824e-ddd101e4afdc HTTP/1.1" status: 200 len: 4945 time: 0.0361528
2026-06-25 23:41:43.095 9 INFO neutron.wsgi [req-a16e4056-28f7-4ca6-aaa8-c31dd651b063 req-66d2e744-eecb-4af8-870f-9ed7b4580597 fb40b85c4be44d2ba3cdbb8906922eee 5b348a9d28774d1a9926eabffd5e01e4 - - 2cd177c1069f466b8251a88850592d23 2cd177c1069f466b8251a88850592d23] 199.204.45.4 "GET /v2.0/networks?id=6cb25137-9fc1-47de-9e72-d28cd14580ba HTTP/1.1" status: 200 len: 1003 time: 0.0523293
2026-06-25 23:41:43.158 9 INFO neutron.wsgi [None req-c4317111-682c-4138-b12b-3ded0fa922cf c26e1bea72844b4fa2afd28abb2a9f03 2b43eefe57fe4a4798d2146efe13832c - - default default] 199.204.45.4 "GET /v2.0/ports?device_id=45fa4086-efa7-4086-824e-ddd101e4afdc HTTP/1.1" status: 200 len: 4945 time: 0.0373530
2026-06-25 23:41:43.165 9 INFO neutron.wsgi [req-a16e4056-28f7-4ca6-aaa8-c31dd651b063 req-2f71054e-753a-4d20-9d40-cbe95b9fe753 fb40b85c4be44d2ba3cdbb8906922eee 5b348a9d28774d1a9926eabffd5e01e4 - - 2cd177c1069f466b8251a88850592d23 2cd177c1069f466b8251a88850592d23] 199.204.45.4 "GET /v2.0/networks/6cb25137-9fc1-47de-9e72-d28cd14580ba?fields=segments HTTP/1.1" status: 200 len: 212 time: 0.0606833
2026-06-25 23:41:43.227 9 INFO neutron.wsgi [req-a16e4056-28f7-4ca6-aaa8-c31dd651b063 req-ddc1e522-734a-49ef-a02c-3863c22c57b3 fb40b85c4be44d2ba3cdbb8906922eee 5b348a9d28774d1a9926eabffd5e01e4 - - 2cd177c1069f466b8251a88850592d23 2cd177c1069f466b8251a88850592d23] 199.204.45.4 "GET /v2.0/networks/6cb25137-9fc1-47de-9e72-d28cd14580ba?fields=provider%3Aphysical_network&fields=provider%3Anetwork_type HTTP/1.1" status: 200 len: 277 time: 0.0569916
2026-06-25 23:41:43.443 9 INFO neutron.plugins.ml2.drivers.ovn.mech_driver.mech_driver [None req-7a5e1d94-c38d-4d8c-b2e1-348cd0aab4a8 - - - - - -] OVN reports status down for port: ee75ed83-31e4-4f50-a334-e4de36fa372c
2026-06-25 23:41:43.544 9 INFO neutron.wsgi [req-3c2b3659-942b-4351-85c8-27b8f6e71346 req-d594e3a5-3f1b-471b-8ce7-27ae8c13bffd fb40b85c4be44d2ba3cdbb8906922eee 5b348a9d28774d1a9926eabffd5e01e4 - - 2cd177c1069f466b8251a88850592d23 2cd177c1069f466b8251a88850592d23] 199.204.45.4 "GET /v2.0/ports/ee75ed83-31e4-4f50-a334-e4de36fa372c HTTP/1.1" status: 200 len: 1231 time: 0.0372012
2026-06-25 23:41:43.765 9 INFO neutron.db.ovn_revision_numbers_db [None req-7a5e1d94-c38d-4d8c-b2e1-348cd0aab4a8 - - - - - -] Successfully bumped revision number for resource ee75ed83-31e4-4f50-a334-e4de36fa372c (type: ports) to 7
2026-06-25 23:41:43.820 9 INFO neutron.wsgi [req-3c2b3659-942b-4351-85c8-27b8f6e71346 req-e675b656-037a-470b-901d-d182462ae86b c26e1bea72844b4fa2afd28abb2a9f03 2b43eefe57fe4a4798d2146efe13832c - - default default] 199.204.45.4 "DELETE /v2.0/ports/ee75ed83-31e4-4f50-a334-e4de36fa372c HTTP/1.1" status: 204 len: 173 time: 0.2652714
2026-06-25 23:41:43.921 9 INFO neutron.wsgi [req-3c2b3659-942b-4351-85c8-27b8f6e71346 req-02d8d135-4b2f-4c71-8b71-542edc4cafae fb40b85c4be44d2ba3cdbb8906922eee 5b348a9d28774d1a9926eabffd5e01e4 - - 2cd177c1069f466b8251a88850592d23 2cd177c1069f466b8251a88850592d23] 199.204.45.4 "GET /v2.0/ports?tenant_id=2b43eefe57fe4a4798d2146efe13832c&device_id=45fa4086-efa7-4086-824e-ddd101e4afdc HTTP/1.1" status: 200 len: 3922 time: 0.0416515
2026-06-25 23:41:44.000 9 INFO neutron.wsgi [req-3c2b3659-942b-4351-85c8-27b8f6e71346 req-d9f8c77d-289a-490d-905a-3387acaa96b4 fb40b85c4be44d2ba3cdbb8906922eee 5b348a9d28774d1a9926eabffd5e01e4 - - 2cd177c1069f466b8251a88850592d23 2cd177c1069f466b8251a88850592d23] 199.204.45.4 "GET /v2.0/networks?id=bdef4c30-26bd-42c2-ad7a-3f7eeb4c918e&id=15e58491-19bb-4c4a-a1c2-f1c0237a35cd&id=651dbadb-d2fd-4d9a-9b5f-c09814ac7686&id=6cb25137-9fc1-47de-9e72-d28cd14580ba HTTP/1.1" status: 200 len: 3308 time: 0.0711255
2026-06-25 23:41:44.034 9 INFO neutron.wsgi [req-3c2b3659-942b-4351-85c8-27b8f6e71346 req-baf74860-c727-4a7d-8835-226353747403 fb40b85c4be44d2ba3cdbb8906922eee 5b348a9d28774d1a9926eabffd5e01e4 - - 2cd177c1069f466b8251a88850592d23 2cd177c1069f466b8251a88850592d23] 199.204.45.4 "GET /v2.0/floatingips?fixed_ip_address=172.24.3.119&port_id=bbf7195a-8637-4ccd-a43c-517123995dae HTTP/1.1" status: 200 len: 217 time: 0.0259829
2026-06-25 23:41:44.077 9 INFO neutron.wsgi [req-3c2b3659-942b-4351-85c8-27b8f6e71346 req-c4c78185-8b6f-4988-95a2-4ea66a623b5f fb40b85c4be44d2ba3cdbb8906922eee 5b348a9d28774d1a9926eabffd5e01e4 - - 2cd177c1069f466b8251a88850592d23 2cd177c1069f466b8251a88850592d23] 199.204.45.4 "GET /v2.0/subnets?id=1c45791f-953f-4d42-829e-f346c35e7c06 HTTP/1.1" status: 200 len: 829 time: 0.0357800
2026-06-25 23:41:44.108 9 INFO neutron.wsgi [req-3c2b3659-942b-4351-85c8-27b8f6e71346 req-45b3c49f-2789-4599-9249-8eb6cd281159 fb40b85c4be44d2ba3cdbb8906922eee 5b348a9d28774d1a9926eabffd5e01e4 - - 2cd177c1069f466b8251a88850592d23 2cd177c1069f466b8251a88850592d23] 199.204.45.4 "GET /v2.0/ports?network_id=bdef4c30-26bd-42c2-ad7a-3f7eeb4c918e&device_owner=network%3Adhcp HTTP/1.1" status: 200 len: 210 time: 0.0241432
2026-06-25 23:41:44.191 9 INFO neutron.wsgi [req-3c2b3659-942b-4351-85c8-27b8f6e71346 req-1c51708d-3b20-4da5-8319-9890fb14ef15 fb40b85c4be44d2ba3cdbb8906922eee 5b348a9d28774d1a9926eabffd5e01e4 - - 2cd177c1069f466b8251a88850592d23 2cd177c1069f466b8251a88850592d23] 199.204.45.4 "GET /v2.0/networks/bdef4c30-26bd-42c2-ad7a-3f7eeb4c918e?fields=segments HTTP/1.1" status: 200 len: 212 time: 0.0725517
2026-06-25 23:41:44.201 9 INFO neutron.wsgi [None req-787f71ec-f33b-4d18-8c13-355adb23792c c26e1bea72844b4fa2afd28abb2a9f03 2b43eefe57fe4a4798d2146efe13832c - - default default] 199.204.45.4 "GET /v2.0/ports?device_id=45fa4086-efa7-4086-824e-ddd101e4afdc HTTP/1.1" status: 200 len: 3922 time: 0.0338187
2026-06-25 23:41:44.229 9 INFO neutron.pecan_wsgi.hooks.translation [None req-b98a6056-6cd4-48db-afad-ee08a1a8bdf6 c26e1bea72844b4fa2afd28abb2a9f03 2b43eefe57fe4a4798d2146efe13832c - - default default] DELETE failed (client error): The resource could not be found.
2026-06-25 23:41:44.232 9 INFO neutron.wsgi [None req-b98a6056-6cd4-48db-afad-ee08a1a8bdf6 c26e1bea72844b4fa2afd28abb2a9f03 2b43eefe57fe4a4798d2146efe13832c - - default default] 199.204.45.4 "DELETE /v2.0/ports/ee75ed83-31e4-4f50-a334-e4de36fa372c HTTP/1.1" status: 404 len: 338 time: 0.0201011
2026-06-25 23:41:44.270 9 INFO neutron.wsgi [req-3c2b3659-942b-4351-85c8-27b8f6e71346 req-a7020fff-29e4-4576-9fdd-8732fec609ef fb40b85c4be44d2ba3cdbb8906922eee 5b348a9d28774d1a9926eabffd5e01e4 - - 2cd177c1069f466b8251a88850592d23 2cd177c1069f466b8251a88850592d23] 199.204.45.4 "GET /v2.0/networks/bdef4c30-26bd-42c2-ad7a-3f7eeb4c918e?fields=provider%3Aphysical_network&fields=provider%3Anetwork_type HTTP/1.1" status: 200 len: 277 time: 0.0674193
2026-06-25 23:41:44.308 9 INFO neutron.wsgi [None req-dd80e30e-c824-4d0a-9c26-16417966f350 c26e1bea72844b4fa2afd28abb2a9f03 2b43eefe57fe4a4798d2146efe13832c - - default default] 199.204.45.4 "GET /v2.0/extensions/security-group HTTP/1.1" status: 200 len: 369 time: 0.0042472
2026-06-25 23:41:44.310 9 INFO neutron.wsgi [req-3c2b3659-942b-4351-85c8-27b8f6e71346 req-a183a2ad-ff82-4146-becc-cfce57c4c02a fb40b85c4be44d2ba3cdbb8906922eee 5b348a9d28774d1a9926eabffd5e01e4 - - 2cd177c1069f466b8251a88850592d23 2cd177c1069f466b8251a88850592d23] 199.204.45.4 "GET /v2.0/floatingips?fixed_ip_address=10.1.1.38&port_id=c6026194-78d9-4cea-82d5-a7ed818a3c94 HTTP/1.1" status: 200 len: 217 time: 0.0333259
2026-06-25 23:41:44.322 9 INFO neutron.wsgi [None req-6dbbde99-1051-46cc-b978-3d46bfa1bee4 c26e1bea72844b4fa2afd28abb2a9f03 2b43eefe57fe4a4798d2146efe13832c - - default default] 199.204.45.4 "GET /v2.0/extensions/dns-integration HTTP/1.1" status: 200 len: 371 time: 0.0080457
2026-06-25 23:41:44.335 9 INFO neutron.wsgi [None req-125ff4c6-2115-4321-a6a1-a8622e1bfa04 c26e1bea72844b4fa2afd28abb2a9f03 2b43eefe57fe4a4798d2146efe13832c - - default default] 199.204.45.4 "GET /v2.0/extensions/qos HTTP/1.1" status: 200 len: 365 time: 0.0047557
2026-06-25 23:41:44.345 9 INFO neutron.wsgi [None req-5fb94dfc-9285-4f17-9225-0bfcd6bedb7b c26e1bea72844b4fa2afd28abb2a9f03 2b43eefe57fe4a4798d2146efe13832c - - default default] 199.204.45.4 "GET /v2.0/extensions/allowed-address-pairs HTTP/1.1" status: 200 len: 383 time: 0.0042140
2026-06-25 23:41:44.377 9 INFO neutron.wsgi [req-3c2b3659-942b-4351-85c8-27b8f6e71346 req-c61fcbb6-63cb-4f29-b256-dd85f1555be8 fb40b85c4be44d2ba3cdbb8906922eee 5b348a9d28774d1a9926eabffd5e01e4 - - 2cd177c1069f466b8251a88850592d23 2cd177c1069f466b8251a88850592d23] 199.204.45.4 "GET /v2.0/subnets?id=3c54de8b-2123-4c5e-bd68-5468e8f4782f HTTP/1.1" status: 200 len: 853 time: 0.0625377
2026-06-25 23:41:44.399 9 INFO neutron.wsgi [None req-ef59c864-a404-4b65-a643-ccf98adf2e87 c26e1bea72844b4fa2afd28abb2a9f03 2b43eefe57fe4a4798d2146efe13832c - - default default] 199.204.45.4 "GET /v2.0/subnets/3c54de8b-2123-4c5e-bd68-5468e8f4782f HTTP/1.1" status: 200 len: 850 time: 0.0463645
2026-06-25 23:41:44.414 9 INFO neutron.wsgi [req-3c2b3659-942b-4351-85c8-27b8f6e71346 req-97202ae1-51ce-4b59-9700-44ffc6d41aad fb40b85c4be44d2ba3cdbb8906922eee 5b348a9d28774d1a9926eabffd5e01e4 - - 2cd177c1069f466b8251a88850592d23 2cd177c1069f466b8251a88850592d23] 199.204.45.4 "GET /v2.0/ports?network_id=15e58491-19bb-4c4a-a1c2-f1c0237a35cd&device_owner=network%3Adhcp HTTP/1.1" status: 200 len: 210 time: 0.0243521
2026-06-25 23:41:44.470 9 INFO neutron.wsgi [None req-1bc8866b-2098-4c11-a809-77f4fe96e4d6 c26e1bea72844b4fa2afd28abb2a9f03 2b43eefe57fe4a4798d2146efe13832c - - default default] 199.204.45.4 "GET /v2.0/ports/c64a55be-a06a-4b34-adf5-fbd939996bf4 HTTP/1.1" status: 200 len: 1340 time: 0.0593665
2026-06-25 23:41:44.509 9 INFO neutron.wsgi [req-3c2b3659-942b-4351-85c8-27b8f6e71346 req-74621711-c834-41ef-a264-7ccf3a068e2d fb40b85c4be44d2ba3cdbb8906922eee 5b348a9d28774d1a9926eabffd5e01e4 - - 2cd177c1069f466b8251a88850592d23 2cd177c1069f466b8251a88850592d23] 199.204.45.4 "GET /v2.0/networks/15e58491-19bb-4c4a-a1c2-f1c0237a35cd?fields=segments HTTP/1.1" status: 200 len: 212 time: 0.0863750
2026-06-25 23:41:44.512 9 INFO neutron.wsgi [None req-208e4701-dd27-4e14-a9ab-c945c33a91c1 c26e1bea72844b4fa2afd28abb2a9f03 2b43eefe57fe4a4798d2146efe13832c - - default default] 199.204.45.4 "GET /v2.0/ports/c6026194-78d9-4cea-82d5-a7ed818a3c94 HTTP/1.1" status: 200 len: 1515 time: 0.0342424
2026-06-25 23:41:44.560 9 INFO neutron.wsgi [None req-2029ec5f-d2eb-46c0-9474-ab36fa88e474 c26e1bea72844b4fa2afd28abb2a9f03 2b43eefe57fe4a4798d2146efe13832c - - default default] 199.204.45.4 "GET /v2.0/subnets/3c54de8b-2123-4c5e-bd68-5468e8f4782f HTTP/1.1" status: 200 len: 850 time: 0.0422864
2026-06-25 23:41:44.600 9 INFO neutron.wsgi [req-3c2b3659-942b-4351-85c8-27b8f6e71346 req-7a9fa6ac-ea83-4139-9166-1776f207fb52 fb40b85c4be44d2ba3cdbb8906922eee 5b348a9d28774d1a9926eabffd5e01e4 - - 2cd177c1069f466b8251a88850592d23 2cd177c1069f466b8251a88850592d23] 199.204.45.4 "GET /v2.0/networks/15e58491-19bb-4c4a-a1c2-f1c0237a35cd?fields=provider%3Aphysical_network&fields=provider%3Anetwork_type HTTP/1.1" status: 200 len: 277 time: 0.0872755
2026-06-25 23:41:44.640 9 INFO neutron.wsgi [req-3c2b3659-942b-4351-85c8-27b8f6e71346 req-1464db20-cbd3-4b90-a9eb-338a99c5067f fb40b85c4be44d2ba3cdbb8906922eee 5b348a9d28774d1a9926eabffd5e01e4 - - 2cd177c1069f466b8251a88850592d23 2cd177c1069f466b8251a88850592d23] 199.204.45.4 "GET /v2.0/floatingips?fixed_ip_address=10.2.1.122&port_id=78ec8368-fd6c-4ad9-86e1-f1347fd78418 HTTP/1.1" status: 200 len: 217 time: 0.0302846
2026-06-25 23:41:44.678 9 INFO neutron.wsgi [None req-e896d6db-b56d-4ea6-9ba5-25d5117a6bc7 c26e1bea72844b4fa2afd28abb2a9f03 2b43eefe57fe4a4798d2146efe13832c - - default default] 199.204.45.4 "GET /v2.0/networks/15e58491-19bb-4c4a-a1c2-f1c0237a35cd HTTP/1.1" status: 200 len: 1002 time: 0.1105955
2026-06-25 23:41:44.705 9 INFO neutron.wsgi [req-3c2b3659-942b-4351-85c8-27b8f6e71346 req-8407b663-5ec2-4970-8607-34dd1893d9d1 fb40b85c4be44d2ba3cdbb8906922eee 5b348a9d28774d1a9926eabffd5e01e4 - - 2cd177c1069f466b8251a88850592d23 2cd177c1069f466b8251a88850592d23] 199.204.45.4 "GET /v2.0/subnets?id=2ed6306f-3695-4025-965f-05a02eddf6e8 HTTP/1.1" status: 200 len: 852 time: 0.0600457
2026-06-25 23:41:44.719 9 INFO neutron.wsgi [None req-1cef8b75-f9e3-4eca-86f4-b96eb04b222e c26e1bea72844b4fa2afd28abb2a9f03 2b43eefe57fe4a4798d2146efe13832c - - default default] 199.204.45.4 "GET /v2.0/ports/c64a55be-a06a-4b34-adf5-fbd939996bf4 HTTP/1.1" status: 200 len: 1340 time: 0.0350547
2026-06-25 23:41:44.752 9 INFO neutron.wsgi [req-3c2b3659-942b-4351-85c8-27b8f6e71346 req-29b45be9-27cc-459f-809c-e5aeca3f2aab fb40b85c4be44d2ba3cdbb8906922eee 5b348a9d28774d1a9926eabffd5e01e4 - - 2cd177c1069f466b8251a88850592d23 2cd177c1069f466b8251a88850592d23] 199.204.45.4 "GET /v2.0/ports?network_id=651dbadb-d2fd-4d9a-9b5f-c09814ac7686&device_owner=network%3Adhcp HTTP/1.1" status: 200 len: 210 time: 0.0410624
2026-06-25 23:41:45.077 9 INFO neutron.wsgi [None req-cd9fd864-9803-47b7-bd55-21b06484e5fe c26e1bea72844b4fa2afd28abb2a9f03 2b43eefe57fe4a4798d2146efe13832c - - default default] 199.204.45.4 "GET /v2.0/subnets/3c54de8b-2123-4c5e-bd68-5468e8f4782f HTTP/1.1" status: 200 len: 850 time: 0.3530421
2026-06-25 23:41:45.105 9 INFO neutron.notifiers.nova [-] Nova event matching ['req-2c043a08-a78b-4f1f-9377-6fe174962a25'] response: {'server_uuid': '45fa4086-efa7-4086-824e-ddd101e4afdc', 'name': 'network-vif-unplugged', 'status': 'completed', 'tag': 'ee75ed83-31e4-4f50-a334-e4de36fa372c', 'code': 200}
2026-06-25 23:41:45.105 9 INFO neutron.notifiers.nova [-] Nova event matching ['req-2c043a08-a78b-4f1f-9377-6fe174962a25'] response: {'server_uuid': '45fa4086-efa7-4086-824e-ddd101e4afdc', 'name': 'network-vif-plugged', 'status': 'completed', 'tag': 'ee75ed83-31e4-4f50-a334-e4de36fa372c', 'code': 200}
2026-06-25 23:41:45.105 9 INFO neutron.notifiers.nova [-] Nova event matching ['req-2c043a08-a78b-4f1f-9377-6fe174962a25'] response: {'server_uuid': '45fa4086-efa7-4086-824e-ddd101e4afdc', 'name': 'network-vif-deleted', 'tag': 'ee75ed83-31e4-4f50-a334-e4de36fa372c', 'status': 'completed', 'code': 200}
2026-06-25 23:41:45.109 9 INFO neutron.wsgi [req-3c2b3659-942b-4351-85c8-27b8f6e71346 req-a1e70ccf-01b2-4544-8de5-31e6f6907c3e fb40b85c4be44d2ba3cdbb8906922eee 5b348a9d28774d1a9926eabffd5e01e4 - - 2cd177c1069f466b8251a88850592d23 2cd177c1069f466b8251a88850592d23] 199.204.45.4 "GET /v2.0/networks/651dbadb-d2fd-4d9a-9b5f-c09814ac7686?fields=segments HTTP/1.1" status: 200 len: 212 time: 0.0546074
2026-06-25 23:41:45.170 9 INFO neutron.wsgi [req-3c2b3659-942b-4351-85c8-27b8f6e71346 req-6c5b25b3-a31b-4f39-aed1-0b9f3dbd7c0c fb40b85c4be44d2ba3cdbb8906922eee 5b348a9d28774d1a9926eabffd5e01e4 - - 2cd177c1069f466b8251a88850592d23 2cd177c1069f466b8251a88850592d23] 199.204.45.4 "GET /v2.0/networks/651dbadb-d2fd-4d9a-9b5f-c09814ac7686?fields=provider%3Aphysical_network&fields=provider%3Anetwork_type HTTP/1.1" status: 200 len: 277 time: 0.0558045
2026-06-25 23:41:47.470 10 INFO neutron.wsgi [-] 10.0.0.196 "GET / HTTP/1.1" status: 200 len: 246 time: 0.0016248
2026-06-25 23:41:47.471 9 INFO neutron.wsgi [-] 10.0.0.196 "GET / HTTP/1.1" status: 200 len: 246 time: 0.0025401
2026-06-25 23:41:47.733 10 INFO neutron.wsgi [None req-9a6897ff-1df8-47f3-8f52-750c746cd6be c26e1bea72844b4fa2afd28abb2a9f03 2b43eefe57fe4a4798d2146efe13832c - - default default] 199.204.45.4 "GET /v2.0/extensions/security-group HTTP/1.1" status: 200 len: 369 time: 0.0054588
2026-06-25 23:41:47.741 10 INFO neutron.wsgi [None req-5c713ae9-54f0-4281-95e0-aaeb7335a500 c26e1bea72844b4fa2afd28abb2a9f03 2b43eefe57fe4a4798d2146efe13832c - - default default] 199.204.45.4 "GET /v2.0/extensions/dns-integration HTTP/1.1" status: 200 len: 371 time: 0.0040381
2026-06-25 23:41:47.749 10 INFO neutron.wsgi [None req-1ee0a7f0-9993-481f-889a-52a3297dae03 c26e1bea72844b4fa2afd28abb2a9f03 2b43eefe57fe4a4798d2146efe13832c - - default default] 199.204.45.4 "GET /v2.0/extensions/qos HTTP/1.1" status: 200 len: 365 time: 0.0043488
2026-06-25 23:41:47.758 10 INFO neutron.wsgi [None req-c0245851-3f7c-4354-a006-815a3c7c8ac0 c26e1bea72844b4fa2afd28abb2a9f03 2b43eefe57fe4a4798d2146efe13832c - - default default] 199.204.45.4 "GET /v2.0/extensions/allowed-address-pairs HTTP/1.1" status: 200 len: 383 time: 0.0042257
2026-06-25 23:41:47.797 10 INFO neutron.wsgi [None req-c71ae2a8-df52-4f19-9440-bde6cdb890ad c26e1bea72844b4fa2afd28abb2a9f03 2b43eefe57fe4a4798d2146efe13832c - - default default] 199.204.45.4 "GET /v2.0/ports?device_id=45fa4086-efa7-4086-824e-ddd101e4afdc HTTP/1.1" status: 200 len: 3922 time: 0.0338557
2026-06-25 23:41:47.927 10 INFO neutron.wsgi [None req-9d2e878f-930a-423c-af5d-b6dc7e07948e c26e1bea72844b4fa2afd28abb2a9f03 2b43eefe57fe4a4798d2146efe13832c - - default default] 199.204.45.4 "GET /v2.0/extensions/security-group HTTP/1.1" status: 200 len: 369 time: 0.0076013
2026-06-25 23:41:47.936 10 INFO neutron.wsgi [None req-5ff1deb0-40e3-473c-a97a-0872b6e35a74 c26e1bea72844b4fa2afd28abb2a9f03 2b43eefe57fe4a4798d2146efe13832c - - default default] 199.204.45.4 "GET /v2.0/extensions/dns-integration HTTP/1.1" status: 200 len: 371 time: 0.0041413
2026-06-25 23:41:47.943 10 INFO neutron.wsgi [None req-129d758b-d5ec-4e4b-b6d3-437ed92f312e c26e1bea72844b4fa2afd28abb2a9f03 2b43eefe57fe4a4798d2146efe13832c - - default default] 199.204.45.4 "GET /v2.0/extensions/qos HTTP/1.1" status: 200 len: 365 time: 0.0038376
2026-06-25 23:41:47.952 10 INFO neutron.wsgi [None req-4db4120b-00f3-4abb-a40e-514cdd3e7cd8 c26e1bea72844b4fa2afd28abb2a9f03 2b43eefe57fe4a4798d2146efe13832c - - default default] 199.204.45.4 "GET /v2.0/extensions/allowed-address-pairs HTTP/1.1" status: 200 len: 383 time: 0.0040791
2026-06-25 23:41:47.987 10 INFO neutron.wsgi [None req-69712d58-ecde-46e6-a9f8-0f7931e13d18 c26e1bea72844b4fa2afd28abb2a9f03 2b43eefe57fe4a4798d2146efe13832c - - default default] 199.204.45.4 "GET /v2.0/ports/78ec8368-fd6c-4ad9-86e1-f1347fd78418 HTTP/1.1" status: 200 len: 1406 time: 0.0302958
2026-06-25 23:41:48.396 10 INFO neutron.db.ovn_revision_numbers_db [None req-2bf983dd-d9e3-497c-a8ad-2478a4c1b6de c26e1bea72844b4fa2afd28abb2a9f03 2b43eefe57fe4a4798d2146efe13832c - - default default] Successfully bumped revision number for resource 78ec8368-fd6c-4ad9-86e1-f1347fd78418 (type: ports) to 6
2026-06-25 23:41:48.408 10 INFO neutron.wsgi [None req-2bf983dd-d9e3-497c-a8ad-2478a4c1b6de c26e1bea72844b4fa2afd28abb2a9f03 2b43eefe57fe4a4798d2146efe13832c - - default default] 199.204.45.4 "PUT /v2.0/ports/78ec8368-fd6c-4ad9-86e1-f1347fd78418 HTTP/1.1" status: 200 len: 1203 time: 0.4146476 /var/lib/openstack/lib/python3.10/site-packages/pycadf/identifier.py:71: UserWarning: Invalid uuid: neutron. To ensure interoperability, identifiers should be a valid uuid. warnings.warn(('Invalid uuid: %s. To ensure interoperability, '
2026-06-25 23:41:48.512 9 INFO neutron.wsgi [req-46b1c853-9632-4e12-8a28-95fb8c34d9fd req-74f203db-915f-4eb9-a457-7b8c0388b4f5 fb40b85c4be44d2ba3cdbb8906922eee 5b348a9d28774d1a9926eabffd5e01e4 - - 2cd177c1069f466b8251a88850592d23 2cd177c1069f466b8251a88850592d23] 199.204.45.4 "GET /v2.0/ports?tenant_id=2b43eefe57fe4a4798d2146efe13832c&device_id=45fa4086-efa7-4086-824e-ddd101e4afdc HTTP/1.1" status: 200 len: 3747 time: 0.0401344
2026-06-25 23:41:48.591 9 INFO neutron.wsgi [req-46b1c853-9632-4e12-8a28-95fb8c34d9fd req-1f1f0360-9c86-4128-b015-d0670af358bc fb40b85c4be44d2ba3cdbb8906922eee 5b348a9d28774d1a9926eabffd5e01e4 - - 2cd177c1069f466b8251a88850592d23 2cd177c1069f466b8251a88850592d23] 199.204.45.4 "GET /v2.0/networks?id=651dbadb-d2fd-4d9a-9b5f-c09814ac7686 HTTP/1.1" status: 200 len: 1001 time: 0.0706120
2026-06-25 23:41:48.665 9 INFO neutron.wsgi [req-46b1c853-9632-4e12-8a28-95fb8c34d9fd req-18f90859-ae04-4f93-a733-bb331db21d1e fb40b85c4be44d2ba3cdbb8906922eee 5b348a9d28774d1a9926eabffd5e01e4 - - 2cd177c1069f466b8251a88850592d23 2cd177c1069f466b8251a88850592d23] 199.204.45.4 "GET /v2.0/networks/651dbadb-d2fd-4d9a-9b5f-c09814ac7686?fields=segments HTTP/1.1" status: 200 len: 212 time: 0.0653906
2026-06-25 23:41:48.716 10 INFO neutron.notifiers.nova [-] Nova event matching ['req-56423d6e-0136-4eed-9693-43108f84ebaf'] response: {'name': 'network-changed', 'server_uuid': '45fa4086-efa7-4086-824e-ddd101e4afdc', 'tag': '78ec8368-fd6c-4ad9-86e1-f1347fd78418', 'status': 'completed', 'code': 200}
2026-06-25 23:41:48.727 9 INFO neutron.wsgi [req-46b1c853-9632-4e12-8a28-95fb8c34d9fd req-7873fad2-c374-434c-b7cb-946962fe7ced fb40b85c4be44d2ba3cdbb8906922eee 5b348a9d28774d1a9926eabffd5e01e4 - - 2cd177c1069f466b8251a88850592d23 2cd177c1069f466b8251a88850592d23] 199.204.45.4 "GET /v2.0/networks/651dbadb-d2fd-4d9a-9b5f-c09814ac7686?fields=provider%3Aphysical_network&fields=provider%3Anetwork_type HTTP/1.1" status: 200 len: 277 time: 0.0582125
2026-06-25 23:41:48.761 10 INFO neutron.wsgi [None req-521a46f0-ddea-4ae6-a818-531fef299720 c26e1bea72844b4fa2afd28abb2a9f03 2b43eefe57fe4a4798d2146efe13832c - - default default] 199.204.45.4 "GET /v2.0/networks/651dbadb-d2fd-4d9a-9b5f-c09814ac7686 HTTP/1.1" status: 200 len: 998 time: 0.3448646
2026-06-25 23:41:48.800 10 INFO neutron.wsgi [None req-eb987f83-7e6c-4e7b-88fb-dc359f720125 c26e1bea72844b4fa2afd28abb2a9f03 2b43eefe57fe4a4798d2146efe13832c - - default default] 199.204.45.4 "GET /v2.0/ports?device_id=45fa4086-efa7-4086-824e-ddd101e4afdc HTTP/1.1" status: 200 len: 3747 time: 0.0328825
2026-06-25 23:41:48.919 10 INFO neutron.wsgi [None req-07b15417-05bf-4be6-82e4-a5274a927560 c26e1bea72844b4fa2afd28abb2a9f03 2b43eefe57fe4a4798d2146efe13832c - - default default] 199.204.45.4 "GET /v2.0/ports?device_id=45fa4086-efa7-4086-824e-ddd101e4afdc HTTP/1.1" status: 200 len: 3747 time: 0.0431535
2026-06-25 23:41:49.167 9 INFO neutron.plugins.ml2.drivers.ovn.mech_driver.mech_driver [None req-7a5e1d94-c38d-4d8c-b2e1-348cd0aab4a8 - - - - - -] OVN reports status down for port: 78ec8368-fd6c-4ad9-86e1-f1347fd78418
2026-06-25 23:41:49.262 9 INFO neutron.wsgi [req-65b1b637-c75a-4890-bb27-5b7f58fd139e req-b18aea61-a8d6-4acf-af65-f318764df944 fb40b85c4be44d2ba3cdbb8906922eee 5b348a9d28774d1a9926eabffd5e01e4 - - 2cd177c1069f466b8251a88850592d23 2cd177c1069f466b8251a88850592d23] 199.204.45.4 "GET /v2.0/ports/78ec8368-fd6c-4ad9-86e1-f1347fd78418 HTTP/1.1" status: 200 len: 1231 time: 0.0472403
2026-06-25 23:41:49.368 9 INFO neutron.notifiers.nova [-] Nova event matching ['req-c39f3d0d-b883-4e38-ba45-21a7c17e3c3a'] response: {'server_uuid': '45fa4086-efa7-4086-824e-ddd101e4afdc', 'name': 'network-vif-unplugged', 'status': 'completed', 'tag': '78ec8368-fd6c-4ad9-86e1-f1347fd78418', 'code': 200}
2026-06-25 23:41:49.558 9 INFO neutron.db.ovn_revision_numbers_db [None req-7a5e1d94-c38d-4d8c-b2e1-348cd0aab4a8 - - - - - -] Successfully bumped revision number for resource 78ec8368-fd6c-4ad9-86e1-f1347fd78418 (type: ports) to 7
2026-06-25 23:41:49.596 9 INFO neutron.wsgi [req-65b1b637-c75a-4890-bb27-5b7f58fd139e req-8d601323-9800-4eac-8d96-a9a33603395b c26e1bea72844b4fa2afd28abb2a9f03 2b43eefe57fe4a4798d2146efe13832c - - default default] 199.204.45.4 "DELETE /v2.0/ports/78ec8368-fd6c-4ad9-86e1-f1347fd78418 HTTP/1.1" status: 204 len: 173 time: 0.3283541
2026-06-25 23:41:49.680 9 INFO neutron.wsgi [req-65b1b637-c75a-4890-bb27-5b7f58fd139e req-93887f54-8520-4c9d-b4ab-f07b1ada83c4 fb40b85c4be44d2ba3cdbb8906922eee 5b348a9d28774d1a9926eabffd5e01e4 - - 2cd177c1069f466b8251a88850592d23 2cd177c1069f466b8251a88850592d23] 199.204.45.4 "GET /v2.0/ports?tenant_id=2b43eefe57fe4a4798d2146efe13832c&device_id=45fa4086-efa7-4086-824e-ddd101e4afdc HTTP/1.1" status: 200 len: 2724 time: 0.0339499
2026-06-25 23:41:49.750 9 INFO neutron.wsgi [req-65b1b637-c75a-4890-bb27-5b7f58fd139e req-fb3e4ae2-5453-4730-992a-54f9250b0d23 fb40b85c4be44d2ba3cdbb8906922eee 5b348a9d28774d1a9926eabffd5e01e4 - - 2cd177c1069f466b8251a88850592d23 2cd177c1069f466b8251a88850592d23] 199.204.45.4 "GET /v2.0/networks?id=bdef4c30-26bd-42c2-ad7a-3f7eeb4c918e&id=15e58491-19bb-4c4a-a1c2-f1c0237a35cd&id=651dbadb-d2fd-4d9a-9b5f-c09814ac7686 HTTP/1.1" status: 200 len: 2518 time: 0.0648043
2026-06-25 23:41:49.781 9 INFO neutron.wsgi [req-65b1b637-c75a-4890-bb27-5b7f58fd139e req-9c256e8e-016b-4841-adda-9b541be1caf3 fb40b85c4be44d2ba3cdbb8906922eee 5b348a9d28774d1a9926eabffd5e01e4 - - 2cd177c1069f466b8251a88850592d23 2cd177c1069f466b8251a88850592d23] 199.204.45.4 "GET /v2.0/floatingips?fixed_ip_address=172.24.3.119&port_id=bbf7195a-8637-4ccd-a43c-517123995dae HTTP/1.1" status: 200 len: 217 time: 0.0235360
2026-06-25 23:41:49.812 9 INFO neutron.wsgi [req-65b1b637-c75a-4890-bb27-5b7f58fd139e req-d8604d57-29c1-47e1-992b-f167d80cee21 fb40b85c4be44d2ba3cdbb8906922eee 5b348a9d28774d1a9926eabffd5e01e4 - - 2cd177c1069f466b8251a88850592d23 2cd177c1069f466b8251a88850592d23] 199.204.45.4 "GET /v2.0/subnets?id=1c45791f-953f-4d42-829e-f346c35e7c06 HTTP/1.1" status: 200 len: 829 time: 0.0283954
2026-06-25 23:41:49.834 9 INFO neutron.wsgi [req-65b1b637-c75a-4890-bb27-5b7f58fd139e req-58187bfd-89c1-427d-96c3-aa50bafb38a8 fb40b85c4be44d2ba3cdbb8906922eee 5b348a9d28774d1a9926eabffd5e01e4 - - 2cd177c1069f466b8251a88850592d23 2cd177c1069f466b8251a88850592d23] 199.204.45.4 "GET /v2.0/ports?network_id=bdef4c30-26bd-42c2-ad7a-3f7eeb4c918e&device_owner=network%3Adhcp HTTP/1.1" status: 200 len: 210 time: 0.0180860
2026-06-25 23:41:49.893 9 INFO neutron.wsgi [req-65b1b637-c75a-4890-bb27-5b7f58fd139e req-4a678be5-2b77-410c-baa9-6967eb7eee1d fb40b85c4be44d2ba3cdbb8906922eee 5b348a9d28774d1a9926eabffd5e01e4 - - 2cd177c1069f466b8251a88850592d23 2cd177c1069f466b8251a88850592d23] 199.204.45.4 "GET /v2.0/networks/bdef4c30-26bd-42c2-ad7a-3f7eeb4c918e?fields=segments HTTP/1.1" status: 200 len: 212 time: 0.0539556
2026-06-25 23:41:49.958 10 INFO neutron.wsgi [None req-156bfdb6-d7dc-4a2a-8ddd-09dc4b743601 c26e1bea72844b4fa2afd28abb2a9f03 2b43eefe57fe4a4798d2146efe13832c - - default default] 199.204.45.4 "GET /v2.0/ports?device_id=45fa4086-efa7-4086-824e-ddd101e4afdc HTTP/1.1" status: 200 len: 2724 time: 0.0313768
2026-06-25 23:41:49.973 9 INFO neutron.wsgi [req-65b1b637-c75a-4890-bb27-5b7f58fd139e req-d55edbe0-9d6f-48f7-bcdb-cc22bb28e40e fb40b85c4be44d2ba3cdbb8906922eee 5b348a9d28774d1a9926eabffd5e01e4 - - 2cd177c1069f466b8251a88850592d23 2cd177c1069f466b8251a88850592d23] 199.204.45.4 "GET /v2.0/networks/bdef4c30-26bd-42c2-ad7a-3f7eeb4c918e?fields=provider%3Aphysical_network&fields=provider%3Anetwork_type HTTP/1.1" status: 200 len: 277 time: 0.0726695
2026-06-25 23:41:49.978 10 INFO neutron.pecan_wsgi.hooks.translation [None req-dc72826a-f759-497b-9179-9c00a2fb73b5 c26e1bea72844b4fa2afd28abb2a9f03 2b43eefe57fe4a4798d2146efe13832c - - default default] DELETE failed (client error): The resource could not be found.
2026-06-25 23:41:49.982 10 INFO neutron.wsgi [None req-dc72826a-f759-497b-9179-9c00a2fb73b5 c26e1bea72844b4fa2afd28abb2a9f03 2b43eefe57fe4a4798d2146efe13832c - - default default] 199.204.45.4 "DELETE /v2.0/ports/78ec8368-fd6c-4ad9-86e1-f1347fd78418 HTTP/1.1" status: 404 len: 338 time: 0.0188997
2026-06-25 23:41:50.001 9 INFO neutron.wsgi [req-65b1b637-c75a-4890-bb27-5b7f58fd139e req-fd234054-ab00-400e-869c-ac1e9ed6348a fb40b85c4be44d2ba3cdbb8906922eee 5b348a9d28774d1a9926eabffd5e01e4 - - 2cd177c1069f466b8251a88850592d23 2cd177c1069f466b8251a88850592d23] 199.204.45.4 "GET /v2.0/floatingips?fixed_ip_address=10.1.1.38&port_id=c6026194-78d9-4cea-82d5-a7ed818a3c94 HTTP/1.1" status: 200 len: 217 time: 0.0198693
2026-06-25 23:41:50.033 9 INFO neutron.wsgi [req-65b1b637-c75a-4890-bb27-5b7f58fd139e req-50c18af0-73ef-4f45-8845-a021c7bbb621 fb40b85c4be44d2ba3cdbb8906922eee 5b348a9d28774d1a9926eabffd5e01e4 - - 2cd177c1069f466b8251a88850592d23 2cd177c1069f466b8251a88850592d23] 199.204.45.4 "GET /v2.0/subnets?id=3c54de8b-2123-4c5e-bd68-5468e8f4782f HTTP/1.1" status: 200 len: 853 time: 0.0279202
2026-06-25 23:41:50.056 10 INFO neutron.wsgi [None req-1f3e06c9-f2c4-44b1-bf24-0050d335364d c26e1bea72844b4fa2afd28abb2a9f03 2b43eefe57fe4a4798d2146efe13832c - - default default] 199.204.45.4 "GET /v2.0/extensions/security-group HTTP/1.1" status: 200 len: 369 time: 0.0066862
2026-06-25 23:41:50.060 9 INFO neutron.wsgi [req-65b1b637-c75a-4890-bb27-5b7f58fd139e req-e7fe6f92-e2ce-47c6-818a-87836b26ee4e fb40b85c4be44d2ba3cdbb8906922eee 5b348a9d28774d1a9926eabffd5e01e4 - - 2cd177c1069f466b8251a88850592d23 2cd177c1069f466b8251a88850592d23] 199.204.45.4 "GET /v2.0/ports?network_id=15e58491-19bb-4c4a-a1c2-f1c0237a35cd&device_owner=network%3Adhcp HTTP/1.1" status: 200 len: 210 time: 0.0214372
2026-06-25 23:41:50.063 10 INFO neutron.wsgi [None req-173b38d4-98e3-484d-b20f-e67e74890e29 c26e1bea72844b4fa2afd28abb2a9f03 2b43eefe57fe4a4798d2146efe13832c - - default default] 199.204.45.4 "GET /v2.0/extensions/dns-integration HTTP/1.1" status: 200 len: 371 time: 0.0038786
2026-06-25 23:41:50.077 10 INFO neutron.wsgi [None req-b4a90daa-fc8d-46d7-b60a-6ab4be1a7195 c26e1bea72844b4fa2afd28abb2a9f03 2b43eefe57fe4a4798d2146efe13832c - - default default] 199.204.45.4 "GET /v2.0/extensions/qos HTTP/1.1" status: 200 len: 365 time: 0.0061269
2026-06-25 23:41:50.091 10 INFO neutron.wsgi [None req-67a91bb9-676a-4846-929f-83fbd4cfec86 c26e1bea72844b4fa2afd28abb2a9f03 2b43eefe57fe4a4798d2146efe13832c - - default default] 199.204.45.4 "GET /v2.0/extensions/allowed-address-pairs HTTP/1.1" status: 200 len: 383 time: 0.0092998
2026-06-25 23:41:50.137 10 INFO neutron.wsgi [None req-f2bbbc38-d98d-4598-b9b4-6f5481cdb5fe c26e1bea72844b4fa2afd28abb2a9f03 2b43eefe57fe4a4798d2146efe13832c - - default default] 199.204.45.4 "GET /v2.0/subnets/3c54de8b-2123-4c5e-bd68-5468e8f4782f HTTP/1.1" status: 200 len: 850 time: 0.0372965
2026-06-25 23:41:50.167 9 INFO neutron.wsgi [req-65b1b637-c75a-4890-bb27-5b7f58fd139e req-7ae1e258-9719-43b1-a2b3-50d0ead705f2 fb40b85c4be44d2ba3cdbb8906922eee 5b348a9d28774d1a9926eabffd5e01e4 - - 2cd177c1069f466b8251a88850592d23 2cd177c1069f466b8251a88850592d23] 199.204.45.4 "GET /v2.0/networks/15e58491-19bb-4c4a-a1c2-f1c0237a35cd?fields=segments HTTP/1.1" status: 200 len: 212 time: 0.0997686
2026-06-25 23:41:50.178 10 INFO neutron.wsgi [None req-66699f32-06b0-43a9-b3a8-8a347f9a17c9 c26e1bea72844b4fa2afd28abb2a9f03 2b43eefe57fe4a4798d2146efe13832c - - default default] 199.204.45.4 "GET /v2.0/ports/c64a55be-a06a-4b34-adf5-fbd939996bf4 HTTP/1.1" status: 200 len: 1340 time: 0.0322418
2026-06-25 23:41:50.226 10 INFO neutron.wsgi [None req-d490a5ff-2d56-45e3-af3f-a6d068e56215 c26e1bea72844b4fa2afd28abb2a9f03 2b43eefe57fe4a4798d2146efe13832c - - default default] 199.204.45.4 "GET /v2.0/ports/c6026194-78d9-4cea-82d5-a7ed818a3c94 HTTP/1.1" status: 200 len: 1515 time: 0.0428219
2026-06-25 23:41:50.238 9 INFO neutron.wsgi [req-65b1b637-c75a-4890-bb27-5b7f58fd139e req-030c3ef3-345d-40c1-9d27-c7ed217c0f80 fb40b85c4be44d2ba3cdbb8906922eee 5b348a9d28774d1a9926eabffd5e01e4 - - 2cd177c1069f466b8251a88850592d23 2cd177c1069f466b8251a88850592d23] 199.204.45.4 "GET /v2.0/networks/15e58491-19bb-4c4a-a1c2-f1c0237a35cd?fields=provider%3Aphysical_network&fields=provider%3Anetwork_type HTTP/1.1" status: 200 len: 277 time: 0.0655930
2026-06-25 23:41:50.266 10 INFO neutron.wsgi [None req-4675dcb7-10ff-45e3-84bd-4025d3dc8602 c26e1bea72844b4fa2afd28abb2a9f03 2b43eefe57fe4a4798d2146efe13832c - - default default] 199.204.45.4 "GET /v2.0/subnets/3c54de8b-2123-4c5e-bd68-5468e8f4782f HTTP/1.1" status: 200 len: 850 time: 0.0327921
2026-06-25 23:41:50.350 10 INFO neutron.wsgi [None req-01fbfc03-20bd-4f35-ae67-74edae673fce c26e1bea72844b4fa2afd28abb2a9f03 2b43eefe57fe4a4798d2146efe13832c - - default default] 199.204.45.4 "GET /v2.0/networks/15e58491-19bb-4c4a-a1c2-f1c0237a35cd HTTP/1.1" status: 200 len: 1002 time: 0.0757847
2026-06-25 23:41:50.419 10 INFO neutron.wsgi [None req-8d980f72-8472-4753-a80d-57a2b99f87af c26e1bea72844b4fa2afd28abb2a9f03 2b43eefe57fe4a4798d2146efe13832c - - default default] 199.204.45.4 "GET /v2.0/ports/c64a55be-a06a-4b34-adf5-fbd939996bf4 HTTP/1.1" status: 200 len: 1340 time: 0.0602226
2026-06-25 23:41:50.465 10 INFO neutron.wsgi [None req-6c7d17ab-9a4b-4f5a-9beb-f0544a568005 c26e1bea72844b4fa2afd28abb2a9f03 2b43eefe57fe4a4798d2146efe13832c - - default default] 199.204.45.4 "GET /v2.0/subnets/3c54de8b-2123-4c5e-bd68-5468e8f4782f HTTP/1.1" status: 200 len: 850 time: 0.0370255
2026-06-25 23:41:51.415 9 INFO neutron.notifiers.nova [-] Nova event matching ['req-88c7b637-9375-497b-a3c6-f05363ea34ec'] response: {'server_uuid': '45fa4086-efa7-4086-824e-ddd101e4afdc', 'name': 'network-vif-plugged', 'status': 'completed', 'tag': '78ec8368-fd6c-4ad9-86e1-f1347fd78418', 'code': 200}
2026-06-25 23:41:51.415 9 INFO neutron.notifiers.nova [-] Nova event matching ['req-88c7b637-9375-497b-a3c6-f05363ea34ec'] response: {'server_uuid': '45fa4086-efa7-4086-824e-ddd101e4afdc', 'name': 'network-vif-deleted', 'tag': '78ec8368-fd6c-4ad9-86e1-f1347fd78418', 'status': 'completed', 'code': 200}
2026-06-25 23:41:59.126 10 INFO neutron.wsgi [None req-4cd9cc0e-5d32-4e07-b0ce-916b86608cb0 c26e1bea72844b4fa2afd28abb2a9f03 2b43eefe57fe4a4798d2146efe13832c - - default default] 199.204.45.4 "GET /v2.0/extensions/security-group HTTP/1.1" status: 200 len: 369 time: 0.0073862
2026-06-25 23:41:59.136 10 INFO neutron.wsgi [None req-fb6b54fd-6d43-4f79-811c-7def45b72226 c26e1bea72844b4fa2afd28abb2a9f03 2b43eefe57fe4a4798d2146efe13832c - - default default] 199.204.45.4 "GET /v2.0/extensions/dns-integration HTTP/1.1" status: 200 len: 371 time: 0.0042419
2026-06-25 23:41:59.144 10 INFO neutron.wsgi [None req-267edc98-6e13-4bf2-9780-fe9fac9b6ecd c26e1bea72844b4fa2afd28abb2a9f03 2b43eefe57fe4a4798d2146efe13832c - - default default] 199.204.45.4 "GET /v2.0/extensions/qos HTTP/1.1" status: 200 len: 365 time: 0.0041265
2026-06-25 23:41:59.153 10 INFO neutron.wsgi [None req-efb9ce33-6be8-4e3b-84d2-050a649cc150 c26e1bea72844b4fa2afd28abb2a9f03 2b43eefe57fe4a4798d2146efe13832c - - default default] 199.204.45.4 "GET /v2.0/extensions/allowed-address-pairs HTTP/1.1" status: 200 len: 383 time: 0.0047021
2026-06-25 23:41:59.216 10 INFO neutron.wsgi [None req-abeee9a8-5164-4411-ac98-509c30fb9e84 c26e1bea72844b4fa2afd28abb2a9f03 2b43eefe57fe4a4798d2146efe13832c - - default default] 199.204.45.4 "GET /v2.0/security-groups?name=lb-fcd48971-6e98-49d4-b1b9-ef755e3c33f4 HTTP/1.1" status: 200 len: 2941 time: 0.0547924
2026-06-25 23:41:59.251 10 INFO neutron.wsgi [None req-199b3ab9-fc8f-457d-8485-eda33da13341 c26e1bea72844b4fa2afd28abb2a9f03 2b43eefe57fe4a4798d2146efe13832c - - default default] 199.204.45.4 "GET /v2.0/security-group-rules?security_group_id=8e8fe53f-851e-4a1c-803c-77ca4015b555 HTTP/1.1" status: 200 len: 2406 time: 0.0281980
2026-06-25 23:41:59.355 10 INFO neutron.wsgi [None req-48e53627-3f29-4ed8-ba0d-7d4b4f05101c c26e1bea72844b4fa2afd28abb2a9f03 2b43eefe57fe4a4798d2146efe13832c - - default default] 10.0.0.134 "GET /v2.0/networks HTTP/1.1" status: 200 len: 4719 time: 0.1604607
2026-06-25 23:41:59.415 10 INFO neutron.wsgi [None req-c39f0acc-898d-426b-a5aa-408befc0a449 c26e1bea72844b4fa2afd28abb2a9f03 2b43eefe57fe4a4798d2146efe13832c - - default default] 10.0.0.134 "GET /v2.0/subnets HTTP/1.1" status: 200 len: 5497 time: 0.0508304
2026-06-25 23:41:59.478 10 INFO neutron.wsgi [None req-7a7e1e70-d595-441d-be67-91caaee887b6 c26e1bea72844b4fa2afd28abb2a9f03 2b43eefe57fe4a4798d2146efe13832c - - default default] 10.0.0.134 "GET /v2.0/subnets HTTP/1.1" status: 200 len: 5497 time: 0.0600159
2026-06-25 23:41:59.482 10 INFO neutron.wsgi [None req-7883b554-5c4b-411e-9dc8-eb8ba8d4ac7f c26e1bea72844b4fa2afd28abb2a9f03 2b43eefe57fe4a4798d2146efe13832c - - default default] 199.204.45.4 "DELETE /v2.0/security-group-rules/305138f0-b902-4af1-ba6a-a8d4befc5d13 HTTP/1.1" status: 204 len: 173 time: 0.2253451
2026-06-25 23:41:59.500 10 INFO neutron.wsgi [None req-9bace644-cef0-4d8b-bf33-6df2a6ec2497 c26e1bea72844b4fa2afd28abb2a9f03 2b43eefe57fe4a4798d2146efe13832c - - default default] 10.0.0.134 "GET /v2.0/subnetpools HTTP/1.1" status: 200 len: 193 time: 0.0166762
2026-06-25 23:41:59.557 10 INFO neutron.wsgi [None req-6f2bd737-d3e8-4586-928c-e49d65400c61 c26e1bea72844b4fa2afd28abb2a9f03 2b43eefe57fe4a4798d2146efe13832c - - default default] 10.0.0.134 "GET /v2.0/security-groups HTTP/1.1" status: 200 len: 29664 time: 0.0557761
2026-06-25 23:41:59.596 10 INFO neutron.wsgi [None req-c5205c6a-d885-4912-8da8-8c6db54d64a6 c26e1bea72844b4fa2afd28abb2a9f03 2b43eefe57fe4a4798d2146efe13832c - - default default] 10.0.0.134 "GET /v2.0/agents HTTP/1.1" status: 200 len: 997 time: 0.0252149
2026-06-25 23:41:59.636 10 INFO neutron.wsgi [None req-6983d3dc-16a2-4373-943d-43331d53ad83 c26e1bea72844b4fa2afd28abb2a9f03 2b43eefe57fe4a4798d2146efe13832c - - default default] 10.0.0.134 "GET /v2.0/floatingips HTTP/1.1" status: 200 len: 2764 time: 0.0375652
2026-06-25 23:41:59.671 10 INFO neutron.wsgi [None req-0396dc18-40d7-4863-b270-dbf33e133e23 c26e1bea72844b4fa2afd28abb2a9f03 2b43eefe57fe4a4798d2146efe13832c - - default default] 199.204.45.4 "DELETE /v2.0/security-group-rules/57d27133-58da-4e71-86d9-bc4711eeba41 HTTP/1.1" status: 204 len: 173 time: 0.1832633
2026-06-25 23:41:59.716 10 INFO neutron.wsgi [None req-df425120-ad15-400e-b450-f375222049a4 c26e1bea72844b4fa2afd28abb2a9f03 2b43eefe57fe4a4798d2146efe13832c - - default default] 10.0.0.134 "GET /v2.0/routers HTTP/1.1" status: 200 len: 850 time: 0.0783722
2026-06-25 23:41:59.727 10 INFO neutron.wsgi [None req-03c39963-0632-4e43-964f-0dfd19de9783 c26e1bea72844b4fa2afd28abb2a9f03 2b43eefe57fe4a4798d2146efe13832c - - default default] 10.0.0.134 "GET /v2.0/agents?binary=ovn-controller HTTP/1.1" status: 200 len: 591 time: 0.0103343
2026-06-25 23:41:59.738 10 INFO neutron.wsgi [None req-228903a7-1040-4879-85e1-73b34b00a815 c26e1bea72844b4fa2afd28abb2a9f03 2b43eefe57fe4a4798d2146efe13832c - - default default] 10.0.0.134 "GET /v2.0/network-ip-availabilities HTTP/1.1" status: 200 len: 3363 time: 0.0095494
2026-06-25 23:41:59.782 10 INFO neutron.wsgi [None req-5295c86f-8d8b-4965-9348-ed8af7aeeb09 c26e1bea72844b4fa2afd28abb2a9f03 2b43eefe57fe4a4798d2146efe13832c - - default default] 10.0.0.134 "GET /v2.0/ports HTTP/1.1" status: 200 len: 22210 time: 0.0431621
2026-06-25 23:42:02.470 9 INFO neutron.wsgi [-] 10.0.0.196 "GET / HTTP/1.1" status: 200 len: 246 time: 0.0021474
2026-06-25 23:42:02.473 9 INFO neutron.wsgi [-] 10.0.0.196 "GET / HTTP/1.1" status: 200 len: 246 time: 0.0021739
2026-06-25 23:42:03.941 10 INFO neutron.db.l3_db [None req-fe8caff1-ff4e-4c70-aa2b-e52695e2b7f0 b44f566f28404c80a3abc0cbdd3120ed bb92e73f18594fb9ab3dea97fcaa4fb7 - - default default] Floating IP ebd34a7c-cbe5-4033-a3be-d3b1e75e07bb disassociated (deleted). External IP: 10.96.250.204, port: c64a55be-a06a-4b34-adf5-fbd939996bf4.
