2026-06-25 23:38:43.780 10 INFO neutron.wsgi [None req-fac2547c-4c2d-452b-b8f1-ada190f2c7fe 0810c1e6cffc4abb82ed44f982b5bdc2 cfbefbaf5d1346cd8ccab7f002ecee4d - - default default] 10.0.0.38 "DELETE /v2.0/subnets/eb5f0026-501f-4f74-b560-b5d32f8e8ad3/tags/red HTTP/1.1" status: 204 len: 168 time: 0.0494521
2026-06-25 23:38:43.791 9 INFO neutron.wsgi [req-6bb292d5-483f-49cf-b501-c738aa45ef84 req-8a712761-51f1-49c6-8e3d-4a5e2d09a1b6 fb40b85c4be44d2ba3cdbb8906922eee 5b348a9d28774d1a9926eabffd5e01e4 - - 2cd177c1069f466b8251a88850592d23 2cd177c1069f466b8251a88850592d23] 199.204.45.4 "GET /v2.0/networks?id=ece9696c-a803-472e-80de-9b3bf8b0bdac HTTP/1.1" status: 200 len: 970 time: 0.0539749
2026-06-25 23:38:43.815 10 INFO neutron.wsgi [None req-4ea545e6-fbd1-446f-8ef1-43fbcf6db4a2 0810c1e6cffc4abb82ed44f982b5bdc2 cfbefbaf5d1346cd8ccab7f002ecee4d - - default default] 10.0.0.38 "GET /v2.0/subnets/eb5f0026-501f-4f74-b560-b5d32f8e8ad3/tags HTTP/1.1" status: 200 len: 223 time: 0.0295556
2026-06-25 23:38:43.845 9 INFO neutron.wsgi [req-6bb292d5-483f-49cf-b501-c738aa45ef84 req-16b1627e-3a33-4c6c-bd03-000b3cbdbeb4 fb40b85c4be44d2ba3cdbb8906922eee 5b348a9d28774d1a9926eabffd5e01e4 - - 2cd177c1069f466b8251a88850592d23 2cd177c1069f466b8251a88850592d23] 199.204.45.4 "GET /v2.0/floatingips?fixed_ip_address=10.100.0.5&port_id=64971cc1-1171-4de6-80a4-ceb25681bc1c HTTP/1.1" status: 200 len: 1059 time: 0.0496969
2026-06-25 23:38:43.872 10 INFO neutron.api.v2.resource [None req-c353d79b-6791-43cf-bc89-bad735279089 0810c1e6cffc4abb82ed44f982b5bdc2 cfbefbaf5d1346cd8ccab7f002ecee4d - - default default] delete failed (client error): The resource could not be found.
2026-06-25 23:38:43.873 10 INFO neutron.wsgi [None req-c353d79b-6791-43cf-bc89-bad735279089 0810c1e6cffc4abb82ed44f982b5bdc2 cfbefbaf5d1346cd8ccab7f002ecee4d - - default default] 10.0.0.38 "DELETE /v2.0/subnets/eb5f0026-501f-4f74-b560-b5d32f8e8ad3/tags/green HTTP/1.1" status: 404 len: 299 time: 0.0529954
2026-06-25 23:38:43.886 9 INFO neutron.wsgi [req-6bb292d5-483f-49cf-b501-c738aa45ef84 req-f6aa4707-925b-48c2-9e7b-cfcb4e8eefdc fb40b85c4be44d2ba3cdbb8906922eee 5b348a9d28774d1a9926eabffd5e01e4 - - 2cd177c1069f466b8251a88850592d23 2cd177c1069f466b8251a88850592d23] 199.204.45.4 "GET /v2.0/subnets?id=525d6209-7fb0-47fa-bca4-6a750be7531e HTTP/1.1" status: 200 len: 865 time: 0.0352647
2026-06-25 23:38:43.912 9 INFO neutron.wsgi [req-6bb292d5-483f-49cf-b501-c738aa45ef84 req-e3b4786d-6918-4158-bb1d-d1d8e8d18fd9 fb40b85c4be44d2ba3cdbb8906922eee 5b348a9d28774d1a9926eabffd5e01e4 - - 2cd177c1069f466b8251a88850592d23 2cd177c1069f466b8251a88850592d23] 199.204.45.4 "GET /v2.0/ports?network_id=ece9696c-a803-472e-80de-9b3bf8b0bdac&device_owner=network%3Adhcp HTTP/1.1" status: 200 len: 210 time: 0.0206578
2026-06-25 23:38:43.932 10 INFO neutron.wsgi [None req-7916df11-1d4e-461c-984b-695acca00af5 0810c1e6cffc4abb82ed44f982b5bdc2 cfbefbaf5d1346cd8ccab7f002ecee4d - - default default] 10.0.0.38 "DELETE /v2.0/subnets/eb5f0026-501f-4f74-b560-b5d32f8e8ad3/tags HTTP/1.1" status: 204 len: 168 time: 0.0527947
2026-06-25 23:38:43.979 9 INFO neutron.wsgi [None req-5c4436ff-9780-4951-b332-faaa7565ee51 0810c1e6cffc4abb82ed44f982b5bdc2 cfbefbaf5d1346cd8ccab7f002ecee4d - - default default] 10.0.0.38 "GET /v2.0/subnets/eb5f0026-501f-4f74-b560-b5d32f8e8ad3/tags HTTP/1.1" status: 200 len: 205 time: 0.0387540
2026-06-25 23:38:44.019 9 INFO neutron.wsgi [req-6bb292d5-483f-49cf-b501-c738aa45ef84 req-2bedf79f-a120-4442-ab7c-c2c95fad59ac fb40b85c4be44d2ba3cdbb8906922eee 5b348a9d28774d1a9926eabffd5e01e4 - - 2cd177c1069f466b8251a88850592d23 2cd177c1069f466b8251a88850592d23] 199.204.45.4 "GET /v2.0/networks/ece9696c-a803-472e-80de-9b3bf8b0bdac?fields=segments HTTP/1.1" status: 200 len: 212 time: 0.1001246
2026-06-25 23:38:44.106 9 INFO neutron.wsgi [req-6bb292d5-483f-49cf-b501-c738aa45ef84 req-b6207791-ac9a-4355-bacd-f78a1a36faf3 fb40b85c4be44d2ba3cdbb8906922eee 5b348a9d28774d1a9926eabffd5e01e4 - - 2cd177c1069f466b8251a88850592d23 2cd177c1069f466b8251a88850592d23] 199.204.45.4 "GET /v2.0/networks/ece9696c-a803-472e-80de-9b3bf8b0bdac?fields=provider%3Aphysical_network&fields=provider%3Anetwork_type HTTP/1.1" status: 200 len: 277 time: 0.0817602
2026-06-25 23:38:44.225 9 INFO neutron.wsgi [None req-41bbda18-3bb0-474d-a46f-4719e04ebfe1 0810c1e6cffc4abb82ed44f982b5bdc2 cfbefbaf5d1346cd8ccab7f002ecee4d - - default default] 10.0.0.38 "DELETE /v2.0/subnets/eb5f0026-501f-4f74-b560-b5d32f8e8ad3 HTTP/1.1" status: 204 len: 168 time: 0.2390797
2026-06-25 23:38:44.577 9 INFO neutron.services.segments.plugin [-] Segment 3e4ee28c-e036-45f3-aa5c-df78a1689a2c resource provider aggregate not found
2026-06-25 23:38:44.589 9 INFO neutron.services.segments.plugin [-] Segment 3e4ee28c-e036-45f3-aa5c-df78a1689a2c resource provider aggregate not found
2026-06-25 23:38:44.607 9 INFO neutron.services.segments.plugin [-] Segment 3e4ee28c-e036-45f3-aa5c-df78a1689a2c resource provider not found; error: Placement Client Error (4xx): {"errors": [{"status": 404, "title": "Not Found", "detail": "The resource could not be found.\n\n No resource provider with uuid 3e4ee28c-e036-45f3-aa5c-df78a1689a2c found for delete ", "request_id": "req-d0ede529-7209-4236-be6b-9690a9de86a6"}]}
2026-06-25 23:38:44.608 9 INFO neutron.services.segments.plugin [-] Segment 3e4ee28c-e036-45f3-aa5c-df78a1689a2c resource provider not found; error: Placement Client Error (4xx): {"errors": [{"status": 404, "title": "Not Found", "detail": "The resource could not be found.\n\n No resource provider with uuid 3e4ee28c-e036-45f3-aa5c-df78a1689a2c found for delete ", "request_id": "req-4cec5498-3765-473d-9c46-811cdc8262dc"}]}
2026-06-25 23:38:44.643 9 INFO neutron.wsgi [None req-fdd8749d-6dbe-424c-bcdf-0e9f8663d693 0810c1e6cffc4abb82ed44f982b5bdc2 cfbefbaf5d1346cd8ccab7f002ecee4d - - default default] 10.0.0.38 "DELETE /v2.0/networks/887379d4-4475-4828-a262-45381ac23e98 HTTP/1.1" status: 204 len: 168 time: 0.4126627
2026-06-25 23:38:45.584 10 INFO neutron.db.ovn_revision_numbers_db [None req-9613c1a6-7b98-40d3-87f7-1ab8de3af567 c26e1bea72844b4fa2afd28abb2a9f03 2b43eefe57fe4a4798d2146efe13832c - - default default] Successfully bumped revision number for resource 03a41b05-d611-4626-86d2-e8241591f1bd (type: security_groups) to 1
2026-06-25 23:38:45.609 10 INFO neutron.db.ovn_revision_numbers_db [None req-9613c1a6-7b98-40d3-87f7-1ab8de3af567 c26e1bea72844b4fa2afd28abb2a9f03 2b43eefe57fe4a4798d2146efe13832c - - default default] Successfully bumped revision number for resource 1a5c2721-cf8f-4516-88f3-d87614c2e75c (type: security_group_rules) to 0
2026-06-25 23:38:45.624 10 INFO neutron.db.ovn_revision_numbers_db [None req-9613c1a6-7b98-40d3-87f7-1ab8de3af567 c26e1bea72844b4fa2afd28abb2a9f03 2b43eefe57fe4a4798d2146efe13832c - - default default] Successfully bumped revision number for resource 68f13b63-5af8-46e0-ad18-75750a66cd66 (type: security_group_rules) to 0
2026-06-25 23:38:45.640 10 INFO neutron.db.ovn_revision_numbers_db [None req-9613c1a6-7b98-40d3-87f7-1ab8de3af567 c26e1bea72844b4fa2afd28abb2a9f03 2b43eefe57fe4a4798d2146efe13832c - - default default] Successfully bumped revision number for resource 76995405-bdec-480d-9326-d2b68b2eea5c (type: security_group_rules) to 0
2026-06-25 23:38:45.656 10 INFO neutron.db.ovn_revision_numbers_db [None req-9613c1a6-7b98-40d3-87f7-1ab8de3af567 c26e1bea72844b4fa2afd28abb2a9f03 2b43eefe57fe4a4798d2146efe13832c - - default default] Successfully bumped revision number for resource 7b8fe81d-de2f-4955-af00-a894c60a4b1d (type: security_group_rules) to 0
2026-06-25 23:38:45.685 10 INFO neutron.wsgi [None req-9613c1a6-7b98-40d3-87f7-1ab8de3af567 c26e1bea72844b4fa2afd28abb2a9f03 2b43eefe57fe4a4798d2146efe13832c - - default default] 10.0.0.38 "GET /v2.0/security-groups?tenant_id=58382b33d35d46c2a3514aca6817116c&name=default HTTP/1.1" status: 200 len: 3000 time: 0.3355401
2026-06-25 23:38:45.908 9 INFO neutron.wsgi [None req-ca7cf41f-3103-4cf1-9db0-61355e7f67bc c26e1bea72844b4fa2afd28abb2a9f03 2b43eefe57fe4a4798d2146efe13832c - - default default] 10.0.0.38 "DELETE /v2.0/security-groups/03a41b05-d611-4626-86d2-e8241591f1bd HTTP/1.1" status: 204 len: 168 time: 0.2174895
2026-06-25 23:38:46.059 10 INFO neutron.wsgi [None req-ae056387-09e9-430a-9ff3-523a05b8d1b4 c26e1bea72844b4fa2afd28abb2a9f03 2b43eefe57fe4a4798d2146efe13832c - - default default] 10.0.0.38 "GET /v2.0/security-groups?tenant_id=cfbefbaf5d1346cd8ccab7f002ecee4d&name=default HTTP/1.1" status: 200 len: 3000 time: 0.0333769
2026-06-25 23:38:46.281 10 INFO neutron.wsgi [None req-0da8338d-90a1-444c-8b92-56b3e9d898c2 c26e1bea72844b4fa2afd28abb2a9f03 2b43eefe57fe4a4798d2146efe13832c - - default default] 10.0.0.38 "DELETE /v2.0/security-groups/2657ad3b-d5df-4748-a509-7c8ce02d515b HTTP/1.1" status: 204 len: 168 time: 0.2149251
2026-06-25 23:38:47.472 10 INFO neutron.wsgi [-] 10.0.0.196 "GET / HTTP/1.1" status: 200 len: 246 time: 0.0026140
2026-06-25 23:38:47.473 9 INFO neutron.wsgi [-] 10.0.0.196 "GET / HTTP/1.1" status: 200 len: 246 time: 0.0040460
2026-06-25 23:38:50.119 9 INFO neutron.db.ovn_revision_numbers_db [None req-929f9ac3-8b95-43ca-baac-2b5fc34e5556 c26e1bea72844b4fa2afd28abb2a9f03 2b43eefe57fe4a4798d2146efe13832c - - default default] Successfully bumped revision number for resource 2e5a208b-eeb4-4433-912a-87c863cf900d (type: security_groups) to 1
2026-06-25 23:38:50.138 9 INFO neutron.db.ovn_revision_numbers_db [None req-929f9ac3-8b95-43ca-baac-2b5fc34e5556 c26e1bea72844b4fa2afd28abb2a9f03 2b43eefe57fe4a4798d2146efe13832c - - default default] Successfully bumped revision number for resource 4ebcb45c-4b1e-4626-9c4f-16e632d397f2 (type: security_group_rules) to 0
2026-06-25 23:38:50.163 9 INFO neutron.db.ovn_revision_numbers_db [None req-929f9ac3-8b95-43ca-baac-2b5fc34e5556 c26e1bea72844b4fa2afd28abb2a9f03 2b43eefe57fe4a4798d2146efe13832c - - default default] Successfully bumped revision number for resource 70854033-e5d1-42aa-8c00-497a3a17eaa6 (type: security_group_rules) to 0
2026-06-25 23:38:50.197 9 INFO neutron.db.ovn_revision_numbers_db [None req-929f9ac3-8b95-43ca-baac-2b5fc34e5556 c26e1bea72844b4fa2afd28abb2a9f03 2b43eefe57fe4a4798d2146efe13832c - - default default] Successfully bumped revision number for resource 9675fbad-2ca1-46e7-9061-0aa1ecc5d21b (type: security_group_rules) to 0
2026-06-25 23:38:50.213 9 INFO neutron.db.ovn_revision_numbers_db [None req-929f9ac3-8b95-43ca-baac-2b5fc34e5556 c26e1bea72844b4fa2afd28abb2a9f03 2b43eefe57fe4a4798d2146efe13832c - - default default] Successfully bumped revision number for resource f8a5f2d9-df15-40d2-be6a-536fe45d5e1d (type: security_group_rules) to 0
2026-06-25 23:38:50.234 9 INFO neutron.wsgi [None req-929f9ac3-8b95-43ca-baac-2b5fc34e5556 c26e1bea72844b4fa2afd28abb2a9f03 2b43eefe57fe4a4798d2146efe13832c - - default default] 10.0.0.38 "GET /v2.0/security-groups?tenant_id=2ac16139fac74dfdb340d41efdcca61e&name=default HTTP/1.1" status: 200 len: 3000 time: 0.4119534
2026-06-25 23:38:50.472 9 INFO neutron.wsgi [None req-6e0eb329-842d-44a6-bb29-9b38dbf68744 c26e1bea72844b4fa2afd28abb2a9f03 2b43eefe57fe4a4798d2146efe13832c - - default default] 10.0.0.38 "DELETE /v2.0/security-groups/2e5a208b-eeb4-4433-912a-87c863cf900d HTTP/1.1" status: 204 len: 168 time: 0.2327633
2026-06-25 23:38:50.675 10 INFO neutron.db.ovn_revision_numbers_db [None req-a16d847d-84ba-4789-88b7-7fbe09af1bab c26e1bea72844b4fa2afd28abb2a9f03 2b43eefe57fe4a4798d2146efe13832c - - default default] Successfully bumped revision number for resource e5190cc2-0373-4ed2-beef-53015d752cb5 (type: security_groups) to 1
2026-06-25 23:38:50.694 10 INFO neutron.db.ovn_revision_numbers_db [None req-a16d847d-84ba-4789-88b7-7fbe09af1bab c26e1bea72844b4fa2afd28abb2a9f03 2b43eefe57fe4a4798d2146efe13832c - - default default] Successfully bumped revision number for resource 6b46418f-8fc7-45cc-96c4-467a95c7d33f (type: security_group_rules) to 0
2026-06-25 23:38:50.708 10 INFO neutron.db.ovn_revision_numbers_db [None req-a16d847d-84ba-4789-88b7-7fbe09af1bab c26e1bea72844b4fa2afd28abb2a9f03 2b43eefe57fe4a4798d2146efe13832c - - default default] Successfully bumped revision number for resource b3d32980-43c5-4eba-87fc-6d41b72eb2b5 (type: security_group_rules) to 0
2026-06-25 23:38:50.722 10 INFO neutron.db.ovn_revision_numbers_db [None req-a16d847d-84ba-4789-88b7-7fbe09af1bab c26e1bea72844b4fa2afd28abb2a9f03 2b43eefe57fe4a4798d2146efe13832c - - default default] Successfully bumped revision number for resource dd55a5bc-166f-42ef-8bc0-3b358cc2fe9b (type: security_group_rules) to 0
2026-06-25 23:38:50.739 10 INFO neutron.db.ovn_revision_numbers_db [None req-a16d847d-84ba-4789-88b7-7fbe09af1bab c26e1bea72844b4fa2afd28abb2a9f03 2b43eefe57fe4a4798d2146efe13832c - - default default] Successfully bumped revision number for resource fa0a54ce-38c0-4525-a6db-99408f541854 (type: security_group_rules) to 0
2026-06-25 23:38:50.761 10 INFO neutron.wsgi [None req-a16d847d-84ba-4789-88b7-7fbe09af1bab c26e1bea72844b4fa2afd28abb2a9f03 2b43eefe57fe4a4798d2146efe13832c - - default default] 10.0.0.38 "GET /v2.0/security-groups?tenant_id=27b6d6edcfc34d71b8536207cde14711&name=default HTTP/1.1" status: 200 len: 3000 time: 0.1849332
2026-06-25 23:38:51.223 10 INFO neutron.wsgi [None req-1d694b51-9843-498b-b0a2-7e1cd0cd3856 c26e1bea72844b4fa2afd28abb2a9f03 2b43eefe57fe4a4798d2146efe13832c - - default default] 10.0.0.38 "DELETE /v2.0/security-groups/e5190cc2-0373-4ed2-beef-53015d752cb5 HTTP/1.1" status: 204 len: 168 time: 0.4473071
2026-06-25 23:38:59.144 9 INFO neutron.wsgi [req-7db16dfb-8cc1-4520-8082-606acdacde4f req-7052c2a0-6ec3-446b-9738-ec7c6fb34194 de3fe17d4e4149ea8a4f877adc55bcc7 c80726f2e6f049a99ba9104e4ffa0407 - - default default] 10.0.0.226 "GET /v2.0/ports?device_id=cad4648b-7149-4366-af6f-13d66074cab3 HTTP/1.1" status: 200 len: 1210 time: 0.0875256
2026-06-25 23:38:59.215 9 INFO neutron.wsgi [req-7db16dfb-8cc1-4520-8082-606acdacde4f req-19f3823f-0b9a-4084-826d-edb81346c49b de3fe17d4e4149ea8a4f877adc55bcc7 c80726f2e6f049a99ba9104e4ffa0407 - - default default] 10.0.0.226 "GET /v2.0/security-groups?id=19e91860-ed67-477f-8974-e71e2ef1fb4f&id=f858856a-b7f0-4d16-9df3-d5c4f7e9e732&fields=id&fields=name HTTP/1.1" status: 200 len: 404 time: 0.0624452
2026-06-25 23:38:59.329 10 INFO neutron.wsgi [None req-6c5b5274-9624-4104-a7ba-255323e8b247 c26e1bea72844b4fa2afd28abb2a9f03 2b43eefe57fe4a4798d2146efe13832c - - default default] 10.0.0.134 "GET /v2.0/agents HTTP/1.1" status: 200 len: 997 time: 0.1391752
2026-06-25 23:38:59.342 10 INFO neutron.wsgi [None req-1940053c-fa26-44fb-a3db-373ed3a03064 c26e1bea72844b4fa2afd28abb2a9f03 2b43eefe57fe4a4798d2146efe13832c - - default default] 10.0.0.134 "GET /v2.0/network-ip-availabilities HTTP/1.1" status: 200 len: 2220 time: 0.0124135
2026-06-25 23:38:59.401 10 INFO neutron.wsgi [None req-2574c898-2a2f-44f9-b932-815c0659a607 c26e1bea72844b4fa2afd28abb2a9f03 2b43eefe57fe4a4798d2146efe13832c - - default default] 10.0.0.134 "GET /v2.0/floatingips HTTP/1.1" status: 200 len: 1035 time: 0.0568759
2026-06-25 23:38:59.467 9 INFO neutron.wsgi [None req-13f3f518-d86f-4197-b57d-7e59f98dd0e3 560fff29ccb743ce82f8e582c253bd82 3f3df825dc9e4a4a9e68ecb75d4a4f58 - - default default] 10.0.0.38 "GET /v2.0/ports?device_id=cad4648b-7149-4366-af6f-13d66074cab3 HTTP/1.1" status: 200 len: 1443 time: 0.2246451
2026-06-25 23:38:59.468 10 INFO neutron.wsgi [None req-21b1d746-e1c1-4653-ab91-d5498201b652 c26e1bea72844b4fa2afd28abb2a9f03 2b43eefe57fe4a4798d2146efe13832c - - default default] 10.0.0.134 "GET /v2.0/networks HTTP/1.1" status: 200 len: 3861 time: 0.0666480
2026-06-25 23:38:59.534 9 INFO neutron.wsgi [None req-0f26748d-9b5c-4663-95bd-2f6dfc9628bf de3fe17d4e4149ea8a4f877adc55bcc7 c80726f2e6f049a99ba9104e4ffa0407 - - default default] 10.0.0.38 "GET /v2.0/floatingips?floating_network_id=7984dda1-acac-48ee-93b4-94f15e1910dc&port_id=64971cc1-1171-4de6-80a4-ceb25681bc1c HTTP/1.1" status: 200 len: 1054 time: 0.0602391
2026-06-25 23:38:59.579 10 INFO neutron.wsgi [None req-182914e0-885b-4512-8415-d55654e7fce7 c26e1bea72844b4fa2afd28abb2a9f03 2b43eefe57fe4a4798d2146efe13832c - - default default] 10.0.0.134 "GET /v2.0/routers HTTP/1.1" status: 200 len: 1529 time: 0.1066496
2026-06-25 23:38:59.592 10 INFO neutron.wsgi [None req-6e5f398f-d4b7-47b0-96ee-9b1c8ede6c61 c26e1bea72844b4fa2afd28abb2a9f03 2b43eefe57fe4a4798d2146efe13832c - - default default] 10.0.0.134 "GET /v2.0/agents?binary=ovn-controller HTTP/1.1" status: 200 len: 591 time: 0.0122967
2026-06-25 23:38:59.635 10 INFO neutron.wsgi [None req-7592f496-8a34-4e2d-8e74-7926bf567cc0 c26e1bea72844b4fa2afd28abb2a9f03 2b43eefe57fe4a4798d2146efe13832c - - default default] 10.0.0.134 "GET /v2.0/subnets HTTP/1.1" status: 200 len: 2743 time: 0.0409775
2026-06-25 23:38:59.652 10 INFO neutron.wsgi [None req-75195dc8-56c6-4bfa-8123-4bff78c2d6e9 c26e1bea72844b4fa2afd28abb2a9f03 2b43eefe57fe4a4798d2146efe13832c - - default default] 10.0.0.134 "GET /v2.0/subnetpools HTTP/1.1" status: 200 len: 193 time: 0.0146008
2026-06-25 23:38:59.719 10 INFO neutron.wsgi [None req-a4bb6d8e-3782-447c-8494-2fad2dbdf212 c26e1bea72844b4fa2afd28abb2a9f03 2b43eefe57fe4a4798d2146efe13832c - - default default] 10.0.0.134 "GET /v2.0/security-groups HTTP/1.1" status: 200 len: 30203 time: 0.0664494
2026-06-25 23:38:59.756 10 INFO neutron.wsgi [None req-57f5e673-0336-4b54-b06b-c817f8986754 c26e1bea72844b4fa2afd28abb2a9f03 2b43eefe57fe4a4798d2146efe13832c - - default default] 10.0.0.134 "GET /v2.0/subnets HTTP/1.1" status: 200 len: 2743 time: 0.0304973
2026-06-25 23:38:59.788 10 INFO neutron.wsgi [None req-5ab18ccd-b2a8-4453-badd-df3b6b85eaac c26e1bea72844b4fa2afd28abb2a9f03 2b43eefe57fe4a4798d2146efe13832c - - default default] 10.0.0.134 "GET /v2.0/ports HTTP/1.1" status: 200 len: 14029 time: 0.0293636
2026-06-25 23:38:59.848 9 INFO neutron.wsgi [req-fdddb821-7c65-46d4-92ee-16bbb15ed65c req-9d866915-357b-4759-b909-9564ea84269c fb40b85c4be44d2ba3cdbb8906922eee 5b348a9d28774d1a9926eabffd5e01e4 - - 2cd177c1069f466b8251a88850592d23 2cd177c1069f466b8251a88850592d23] 10.0.0.234 "GET /v2.0/ports?device_id=cad4648b-7149-4366-af6f-13d66074cab3 HTTP/1.1" status: 200 len: 1448 time: 0.0327396
2026-06-25 23:38:59.896 9 INFO neutron.wsgi [req-fdddb821-7c65-46d4-92ee-16bbb15ed65c req-62744409-d293-4d7b-8f6b-f7fff144e274 fb40b85c4be44d2ba3cdbb8906922eee 5b348a9d28774d1a9926eabffd5e01e4 - - 2cd177c1069f466b8251a88850592d23 2cd177c1069f466b8251a88850592d23] 10.0.0.234 "GET /v2.0/security-groups?id=f858856a-b7f0-4d16-9df3-d5c4f7e9e732&id=19e91860-ed67-477f-8974-e71e2ef1fb4f&fields=id&fields=name HTTP/1.1" status: 200 len: 404 time: 0.0397022
2026-06-25 23:39:01.970 9 INFO neutron.plugins.ml2.drivers.ovn.mech_driver.mech_driver [None req-7a5e1d94-c38d-4d8c-b2e1-348cd0aab4a8 - - - - - -] OVN reports status down for port: 64971cc1-1171-4de6-80a4-ceb25681bc1c
2026-06-25 23:39:02.018 10 INFO neutron.wsgi [req-65e56d60-16fe-4810-8487-279346555234 req-ba5e8705-c8f7-4848-a64a-beda36d25500 de3fe17d4e4149ea8a4f877adc55bcc7 c80726f2e6f049a99ba9104e4ffa0407 - - default default] 10.0.0.226 "GET /v2.0/ports?device_id=cad4648b-7149-4366-af6f-13d66074cab3 HTTP/1.1" status: 200 len: 1210 time: 0.1199963
2026-06-25 23:39:02.076 10 INFO neutron.wsgi [req-65e56d60-16fe-4810-8487-279346555234 req-65e4f796-e912-4127-b02c-ae6a5faef9bf de3fe17d4e4149ea8a4f877adc55bcc7 c80726f2e6f049a99ba9104e4ffa0407 - - default default] 10.0.0.226 "GET /v2.0/security-groups?id=19e91860-ed67-477f-8974-e71e2ef1fb4f&id=f858856a-b7f0-4d16-9df3-d5c4f7e9e732&fields=id&fields=name HTTP/1.1" status: 200 len: 404 time: 0.0499954
2026-06-25 23:39:02.100 9 INFO neutron.notifiers.nova [-] Nova event matching ['req-4258dc8b-af69-42e1-b881-5625c6eccd0c'] response: {'server_uuid': 'cad4648b-7149-4366-af6f-13d66074cab3', 'name': 'network-vif-unplugged', 'status': 'completed', 'tag': '64971cc1-1171-4de6-80a4-ceb25681bc1c', 'code': 200}
2026-06-25 23:39:02.269 9 INFO neutron.wsgi [req-8d5ab951-cab2-4369-bb4f-7b547be7023c req-b601ea65-4efd-4379-ab2f-14febadbe3c7 de3fe17d4e4149ea8a4f877adc55bcc7 c80726f2e6f049a99ba9104e4ffa0407 - - default default] 199.204.45.4 "GET /v2.0/ports?device_id=cad4648b-7149-4366-af6f-13d66074cab3 HTTP/1.1" status: 200 len: 1208 time: 0.0566473
2026-06-25 23:39:02.292 9 INFO neutron.db.ovn_revision_numbers_db [None req-7a5e1d94-c38d-4d8c-b2e1-348cd0aab4a8 - - - - - -] Successfully bumped revision number for resource 64971cc1-1171-4de6-80a4-ceb25681bc1c (type: ports) to 5
2026-06-25 23:39:02.472 10 INFO neutron.wsgi [-] 10.0.0.196 "GET / HTTP/1.1" status: 200 len: 246 time: 0.0034525
2026-06-25 23:39:02.475 10 INFO neutron.wsgi [-] 10.0.0.196 "GET / HTTP/1.1" status: 200 len: 246 time: 0.0017004
2026-06-25 23:39:02.621 9 INFO neutron.db.l3_db [req-8d5ab951-cab2-4369-bb4f-7b547be7023c req-b562d5c4-33e4-4275-b3dd-d14c32f6c100 de3fe17d4e4149ea8a4f877adc55bcc7 c80726f2e6f049a99ba9104e4ffa0407 - - default default] Floating IP 0a3a52ae-b2e5-46d8-b89f-5d4716d66ecf disassociated. External IP: 10.96.250.215, port: 64971cc1-1171-4de6-80a4-ceb25681bc1c.
2026-06-25 23:39:02.821 9 INFO neutron.wsgi [req-8d5ab951-cab2-4369-bb4f-7b547be7023c req-b562d5c4-33e4-4275-b3dd-d14c32f6c100 de3fe17d4e4149ea8a4f877adc55bcc7 c80726f2e6f049a99ba9104e4ffa0407 - - default default] 199.204.45.4 "DELETE /v2.0/ports/64971cc1-1171-4de6-80a4-ceb25681bc1c HTTP/1.1" status: 204 len: 173 time: 0.5453851
2026-06-25 23:39:03.334 10 INFO neutron.wsgi [None req-dfd1acac-563f-4f6e-b41a-7706561ced0c de3fe17d4e4149ea8a4f877adc55bcc7 c80726f2e6f049a99ba9104e4ffa0407 - - default default] 10.0.0.38 "DELETE /v2.0/security-groups/f858856a-b7f0-4d16-9df3-d5c4f7e9e732 HTTP/1.1" status: 204 len: 168 time: 0.1239753 /var/lib/openstack/lib/python3.10/site-packages/pycadf/identifier.py:71: UserWarning: Invalid uuid: neutron. To ensure interoperability, identifiers should be a valid uuid. warnings.warn(('Invalid uuid: %s. To ensure interoperability, '
2026-06-25 23:39:03.359 9 INFO neutron.api.v2.resource [None req-5f86d020-d129-49c5-bd8e-a5e661a1e554 de3fe17d4e4149ea8a4f877adc55bcc7 c80726f2e6f049a99ba9104e4ffa0407 - - default default] show failed (client error): The resource could not be found.
2026-06-25 23:39:03.361 9 INFO neutron.wsgi [None req-5f86d020-d129-49c5-bd8e-a5e661a1e554 de3fe17d4e4149ea8a4f877adc55bcc7 c80726f2e6f049a99ba9104e4ffa0407 - - default default] 10.0.0.38 "GET /v2.0/security-groups/f858856a-b7f0-4d16-9df3-d5c4f7e9e732 HTTP/1.1" status: 404 len: 347 time: 0.0184338
2026-06-25 23:39:03.726 9 INFO neutron.wsgi [None req-04cddafa-791f-4121-bbd4-a6ce1bc0e5db de3fe17d4e4149ea8a4f877adc55bcc7 c80726f2e6f049a99ba9104e4ffa0407 - - default default] 10.0.0.38 "DELETE /v2.0/floatingips/0a3a52ae-b2e5-46d8-b89f-5d4716d66ecf HTTP/1.1" status: 204 len: 168 time: 0.3591914
2026-06-25 23:39:03.856 9 INFO neutron.wsgi [None req-83e3a516-74f8-4720-9923-5817eda528f6 de3fe17d4e4149ea8a4f877adc55bcc7 c80726f2e6f049a99ba9104e4ffa0407 - - default default] 10.0.0.38 "DELETE /v2.0/security-groups/19e91860-ed67-477f-8974-e71e2ef1fb4f HTTP/1.1" status: 204 len: 168 time: 0.1250763
2026-06-25 23:39:04.135 9 INFO neutron.notifiers.nova [-] Nova event matching ['req-90c390d7-24d3-4e0f-9652-bc49928fa701'] response: {'server_uuid': 'cad4648b-7149-4366-af6f-13d66074cab3', 'name': 'network-vif-plugged', 'status': 'completed', 'tag': '64971cc1-1171-4de6-80a4-ceb25681bc1c', 'code': 200}
2026-06-25 23:39:04.135 9 INFO neutron.notifiers.nova [-] Nova event matching ['req-90c390d7-24d3-4e0f-9652-bc49928fa701'] response: {'server_uuid': 'cad4648b-7149-4366-af6f-13d66074cab3', 'name': 'network-vif-deleted', 'tag': '64971cc1-1171-4de6-80a4-ceb25681bc1c', 'status': 'completed', 'code': 200}
2026-06-25 23:39:04.927 10 INFO neutron.wsgi [None req-8e2fb302-4638-4574-bb7c-0d14df07e343 c26e1bea72844b4fa2afd28abb2a9f03 2b43eefe57fe4a4798d2146efe13832c - - default default] 10.0.0.38 "PUT /v2.0/routers/38004c55-abaa-4e65-a4c3-a5442b98ed39/remove_router_interface HTTP/1.1" status: 200 len: 503 time: 1.0297058 /var/lib/openstack/lib/python3.10/site-packages/pycadf/identifier.py:71: UserWarning: Invalid uuid: neutron. To ensure interoperability, identifiers should be a valid uuid. warnings.warn(('Invalid uuid: %s. To ensure interoperability, '
2026-06-25 23:39:05.622 10 INFO neutron.wsgi [None req-46069e87-e60e-4e3a-b9fd-1a1f47946b17 c26e1bea72844b4fa2afd28abb2a9f03 2b43eefe57fe4a4798d2146efe13832c - - default default] 10.0.0.38 "DELETE /v2.0/routers/38004c55-abaa-4e65-a4c3-a5442b98ed39 HTTP/1.1" status: 204 len: 168 time: 0.6906726
2026-06-25 23:39:05.807 10 INFO neutron.wsgi [None req-71b49531-14a4-4aa6-a32d-60a53d7b3773 c26e1bea72844b4fa2afd28abb2a9f03 2b43eefe57fe4a4798d2146efe13832c - - default default] 10.0.0.38 "DELETE /v2.0/subnets/525d6209-7fb0-47fa-bca4-6a750be7531e HTTP/1.1" status: 204 len: 168 time: 0.1815166
2026-06-25 23:39:06.139 10 INFO neutron.services.segments.plugin [-] Segment a80be5ea-5602-474a-b16f-a08e8650421e resource provider aggregate not found
2026-06-25 23:39:06.143 10 INFO neutron.services.segments.plugin [-] Segment a80be5ea-5602-474a-b16f-a08e8650421e resource provider aggregate not found
2026-06-25 23:39:06.159 10 INFO neutron.services.segments.plugin [-] Segment a80be5ea-5602-474a-b16f-a08e8650421e resource provider not found; error: Placement Client Error (4xx): {"errors": [{"status": 404, "title": "Not Found", "detail": "The resource could not be found.\n\n No resource provider with uuid a80be5ea-5602-474a-b16f-a08e8650421e found for delete ", "request_id": "req-b9bb86bf-28e3-4123-8b4e-5cd0dac5914d"}]}
2026-06-25 23:39:06.160 10 INFO neutron.services.segments.plugin [-] Segment a80be5ea-5602-474a-b16f-a08e8650421e resource provider not found; error: Placement Client Error (4xx): {"errors": [{"status": 404, "title": "Not Found", "detail": "The resource could not be found.\n\n No resource provider with uuid a80be5ea-5602-474a-b16f-a08e8650421e found for delete ", "request_id": "req-c92d4fd3-4c5f-4e21-931a-c1c06fe3ae55"}]}
2026-06-25 23:39:06.177 10 INFO neutron.wsgi [None req-0bf492d2-c171-4966-9be2-7e43e84ef189 c26e1bea72844b4fa2afd28abb2a9f03 2b43eefe57fe4a4798d2146efe13832c - - default default] 10.0.0.38 "DELETE /v2.0/networks/ece9696c-a803-472e-80de-9b3bf8b0bdac HTTP/1.1" status: 204 len: 168 time: 0.3624463
2026-06-25 23:39:07.063 9 INFO neutron.wsgi [None req-949880c1-7834-47ca-acbc-e3b8d4ae97a1 c26e1bea72844b4fa2afd28abb2a9f03 2b43eefe57fe4a4798d2146efe13832c - - default default] 10.0.0.38 "PUT /v2.0/routers/827ec933-3180-4fbd-a78e-6a8a1291018e/remove_router_interface HTTP/1.1" status: 200 len: 503 time: 0.8806300 /var/lib/openstack/lib/python3.10/site-packages/pycadf/identifier.py:71: UserWarning: Invalid uuid: neutron. To ensure interoperability, identifiers should be a valid uuid. warnings.warn(('Invalid uuid: %s. To ensure interoperability, '
2026-06-25 23:39:07.888 9 INFO neutron.wsgi [None req-addc69fc-3a2f-423b-9d4c-a6df7c098b0f c26e1bea72844b4fa2afd28abb2a9f03 2b43eefe57fe4a4798d2146efe13832c - - default default] 10.0.0.38 "DELETE /v2.0/routers/827ec933-3180-4fbd-a78e-6a8a1291018e HTTP/1.1" status: 204 len: 168 time: 0.8198938
2026-06-25 23:39:08.128 9 INFO neutron.wsgi [None req-fc7a9c76-b3fa-42e3-892f-83465d580438 c26e1bea72844b4fa2afd28abb2a9f03 2b43eefe57fe4a4798d2146efe13832c - - default default] 10.0.0.38 "DELETE /v2.0/subnets/2fb19ddc-4c0e-4186-ad6e-4081cb3f23b8 HTTP/1.1" status: 204 len: 168 time: 0.2349958
2026-06-25 23:39:08.493 9 INFO neutron.services.segments.plugin [-] Segment 8c75c2cd-3119-4a51-8158-b5f7e1d45007 resource provider aggregate not found
2026-06-25 23:39:08.498 9 INFO neutron.services.segments.plugin [-] Segment 8c75c2cd-3119-4a51-8158-b5f7e1d45007 resource provider aggregate not found
2026-06-25 23:39:08.515 9 INFO neutron.services.segments.plugin [-] Segment 8c75c2cd-3119-4a51-8158-b5f7e1d45007 resource provider not found; error: Placement Client Error (4xx): {"errors": [{"status": 404, "title": "Not Found", "detail": "The resource could not be found.\n\n No resource provider with uuid 8c75c2cd-3119-4a51-8158-b5f7e1d45007 found for delete ", "request_id": "req-586866a8-6650-48d4-aec3-915ee8880214"}]}
2026-06-25 23:39:08.516 9 INFO neutron.services.segments.plugin [-] Segment 8c75c2cd-3119-4a51-8158-b5f7e1d45007 resource provider not found; error: Placement Client Error (4xx): {"errors": [{"status": 404, "title": "Not Found", "detail": "The resource could not be found.\n\n No resource provider with uuid 8c75c2cd-3119-4a51-8158-b5f7e1d45007 found for delete ", "request_id": "req-6df3b2b4-f5ad-4d47-8b2c-e8fe2542a4ab"}]}
2026-06-25 23:39:08.540 9 INFO neutron.wsgi [None req-07c18669-467d-4b46-87f5-32df9760b81f c26e1bea72844b4fa2afd28abb2a9f03 2b43eefe57fe4a4798d2146efe13832c - - default default] 10.0.0.38 "DELETE /v2.0/networks/eb544f0c-1393-4d61-8712-fe585fb3d77f HTTP/1.1" status: 204 len: 168 time: 0.4077351
2026-06-25 23:39:08.821 9 INFO neutron.wsgi [None req-97a63b58-0a1e-4877-abe6-ff4139513ad6 c26e1bea72844b4fa2afd28abb2a9f03 2b43eefe57fe4a4798d2146efe13832c - - default default] 10.0.0.38 "GET /v2.0/security-groups?tenant_id=c80726f2e6f049a99ba9104e4ffa0407&name=default HTTP/1.1" status: 200 len: 2996 time: 0.0380833
2026-06-25 23:39:09.008 9 INFO neutron.wsgi [None req-a6810139-e810-414e-8f89-3e55d5065617 c26e1bea72844b4fa2afd28abb2a9f03 2b43eefe57fe4a4798d2146efe13832c - - default default] 10.0.0.38 "DELETE /v2.0/security-groups/b27045e7-1916-4fd8-a1d3-8d3cee20d678 HTTP/1.1" status: 204 len: 168 time: 0.1817002
2026-06-25 23:39:09.155 9 INFO neutron.wsgi [None req-0d7178db-5749-4fed-80e0-c430d3ea6750 c26e1bea72844b4fa2afd28abb2a9f03 2b43eefe57fe4a4798d2146efe13832c - - default default] 10.0.0.38 "GET /v2.0/security-groups?tenant_id=3f3df825dc9e4a4a9e68ecb75d4a4f58&name=default HTTP/1.1" status: 200 len: 2996 time: 0.0364149
2026-06-25 23:39:09.347 9 INFO neutron.wsgi [None req-e7a4d706-2ba9-4a0a-bfe9-3b38df35ca68 c26e1bea72844b4fa2afd28abb2a9f03 2b43eefe57fe4a4798d2146efe13832c - - default default] 10.0.0.38 "DELETE /v2.0/security-groups/02e8d983-5e8b-4c20-b2ea-1328dce7e418 HTTP/1.1" status: 204 len: 168 time: 0.1871715
2026-06-25 23:39:17.471 10 INFO neutron.wsgi [-] 10.0.0.196 "GET / HTTP/1.1" status: 200 len: 246 time: 0.0026531
2026-06-25 23:39:17.471 9 INFO neutron.wsgi [-] 10.0.0.196 "GET / HTTP/1.1" status: 200 len: 246 time: 0.0024741
2026-06-25 23:39:18.464 9 INFO neutron.db.ovn_revision_numbers_db [None req-ec7321c4-e32e-418a-a213-a45c9be938a9 b44f566f28404c80a3abc0cbdd3120ed bb92e73f18594fb9ab3dea97fcaa4fb7 - - default default] Successfully bumped revision number for resource 2aeef62d-7aad-435a-b1e8-8b308fcf28e5 (type: security_groups) to 1
2026-06-25 23:39:18.478 9 INFO neutron.db.ovn_revision_numbers_db [None req-ec7321c4-e32e-418a-a213-a45c9be938a9 b44f566f28404c80a3abc0cbdd3120ed bb92e73f18594fb9ab3dea97fcaa4fb7 - - default default] Successfully bumped revision number for resource 1069e2a2-4244-470b-9d5d-20b1e7d6108e (type: security_group_rules) to 0
2026-06-25 23:39:18.494 9 INFO neutron.db.ovn_revision_numbers_db [None req-ec7321c4-e32e-418a-a213-a45c9be938a9 b44f566f28404c80a3abc0cbdd3120ed bb92e73f18594fb9ab3dea97fcaa4fb7 - - default default] Successfully bumped revision number for resource 1c417776-a034-4553-beb3-42ead12ca3e0 (type: security_group_rules) to 0
2026-06-25 23:39:18.510 9 INFO neutron.db.ovn_revision_numbers_db [None req-ec7321c4-e32e-418a-a213-a45c9be938a9 b44f566f28404c80a3abc0cbdd3120ed bb92e73f18594fb9ab3dea97fcaa4fb7 - - default default] Successfully bumped revision number for resource 607e0266-de3e-4278-9201-7097886695e3 (type: security_group_rules) to 0
2026-06-25 23:39:18.523 9 INFO neutron.db.ovn_revision_numbers_db [None req-ec7321c4-e32e-418a-a213-a45c9be938a9 b44f566f28404c80a3abc0cbdd3120ed bb92e73f18594fb9ab3dea97fcaa4fb7 - - default default] Successfully bumped revision number for resource 72da5af1-d39c-49d9-b58e-53af10c12f67 (type: security_group_rules) to 0
2026-06-25 23:39:18.568 9 INFO neutron.db.segments_db [None req-ec7321c4-e32e-418a-a213-a45c9be938a9 b44f566f28404c80a3abc0cbdd3120ed bb92e73f18594fb9ab3dea97fcaa4fb7 - - default default] Added segment ca6ee1b0-de13-4860-81f7-928d3dfc93b8 of type geneve for network 15e58491-19bb-4c4a-a1c2-f1c0237a35cd
2026-06-25 23:39:18.714 9 INFO neutron.db.ovn_revision_numbers_db [None req-ec7321c4-e32e-418a-a213-a45c9be938a9 b44f566f28404c80a3abc0cbdd3120ed bb92e73f18594fb9ab3dea97fcaa4fb7 - - default default] Successfully bumped revision number for resource 15e58491-19bb-4c4a-a1c2-f1c0237a35cd (type: networks) to 1
2026-06-25 23:39:18.905 9 WARNING neutron.scheduler.dhcp_agent_scheduler [None req-ec7321c4-e32e-418a-a213-a45c9be938a9 b44f566f28404c80a3abc0cbdd3120ed bb92e73f18594fb9ab3dea97fcaa4fb7 - - default default] No more DHCP agents
2026-06-25 23:39:18.908 9 WARNING neutron.api.rpc.agentnotifiers.dhcp_rpc_agent_api [None req-ec7321c4-e32e-418a-a213-a45c9be938a9 b44f566f28404c80a3abc0cbdd3120ed bb92e73f18594fb9ab3dea97fcaa4fb7 - - default default] Unable to schedule network 15e58491-19bb-4c4a-a1c2-f1c0237a35cd: no agents available; will retry on subsequent port and subnet creation events.
2026-06-25 23:39:18.985 9 INFO neutron.db.ovn_revision_numbers_db [None req-ec7321c4-e32e-418a-a213-a45c9be938a9 b44f566f28404c80a3abc0cbdd3120ed bb92e73f18594fb9ab3dea97fcaa4fb7 - - default default] Successfully bumped revision number for resource d567daf9-84ea-4024-bd66-903626db5b7f (type: ports) to 1
2026-06-25 23:39:19.007 9 INFO neutron.wsgi [None req-ec7321c4-e32e-418a-a213-a45c9be938a9 b44f566f28404c80a3abc0cbdd3120ed bb92e73f18594fb9ab3dea97fcaa4fb7 - - default default] 10.0.0.38 "POST /v2.0/networks HTTP/1.1" status: 201 len: 839 time: 0.8610921
2026-06-25 23:39:19.254 9 WARNING neutron.scheduler.dhcp_agent_scheduler [None req-54dc42ae-a6d3-4abb-b7c6-5601ed735f22 b44f566f28404c80a3abc0cbdd3120ed bb92e73f18594fb9ab3dea97fcaa4fb7 - - default default] No more DHCP agents
2026-06-25 23:39:19.256 9 WARNING neutron.api.rpc.agentnotifiers.dhcp_rpc_agent_api [None req-54dc42ae-a6d3-4abb-b7c6-5601ed735f22 b44f566f28404c80a3abc0cbdd3120ed bb92e73f18594fb9ab3dea97fcaa4fb7 - - default default] Unable to schedule network 15e58491-19bb-4c4a-a1c2-f1c0237a35cd: no agents available; will retry on subsequent port and subnet creation events.
2026-06-25 23:39:19.738 9 INFO neutron.db.ovn_revision_numbers_db [None req-54dc42ae-a6d3-4abb-b7c6-5601ed735f22 b44f566f28404c80a3abc0cbdd3120ed bb92e73f18594fb9ab3dea97fcaa4fb7 - - default default] Successfully bumped revision number for resource d567daf9-84ea-4024-bd66-903626db5b7f (type: ports) to 2
2026-06-25 23:39:19.772 9 INFO neutron.db.ovn_revision_numbers_db [None req-54dc42ae-a6d3-4abb-b7c6-5601ed735f22 b44f566f28404c80a3abc0cbdd3120ed bb92e73f18594fb9ab3dea97fcaa4fb7 - - default default] Successfully bumped revision number for resource 3c54de8b-2123-4c5e-bd68-5468e8f4782f (type: subnets) to 0
2026-06-25 23:39:19.787 9 INFO neutron.wsgi [None req-54dc42ae-a6d3-4abb-b7c6-5601ed735f22 b44f566f28404c80a3abc0cbdd3120ed bb92e73f18594fb9ab3dea97fcaa4fb7 - - default default] 10.0.0.38 "POST /v2.0/subnets HTTP/1.1" status: 201 len: 832 time: 0.7710247
2026-06-25 23:39:19.844 9 INFO neutron.wsgi [None req-32f5efac-30c6-47c2-9b6e-0ecb7869aed0 5ebcd837516e41c981b8e78f0416db04 79beca5197f946f69e34f35c9540ba88 - - default default] 10.0.0.38 "GET /v2.0/subnetpools?name=shared-default-subnetpool-v6 HTTP/1.1" status: 200 len: 212 time: 0.0514710
2026-06-25 23:39:20.152 9 WARNING neutron.scheduler.dhcp_agent_scheduler [None req-a32f74c1-8ffc-48ca-a88f-82108002dafa b44f566f28404c80a3abc0cbdd3120ed bb92e73f18594fb9ab3dea97fcaa4fb7 - - default default] No more DHCP agents
2026-06-25 23:39:20.154 9 WARNING neutron.api.rpc.agentnotifiers.dhcp_rpc_agent_api [None req-a32f74c1-8ffc-48ca-a88f-82108002dafa b44f566f28404c80a3abc0cbdd3120ed bb92e73f18594fb9ab3dea97fcaa4fb7 - - default default] Unable to schedule network 15e58491-19bb-4c4a-a1c2-f1c0237a35cd: no agents available; will retry on subsequent port and subnet creation events.
2026-06-25 23:39:20.211 9 INFO neutron.db.ovn_revision_numbers_db [None req-a32f74c1-8ffc-48ca-a88f-82108002dafa b44f566f28404c80a3abc0cbdd3120ed bb92e73f18594fb9ab3dea97fcaa4fb7 - - default default] Successfully bumped revision number for resource 062b4b3b-fe10-434d-9a82-f6572686a174 (type: subnets) to 0
2026-06-25 23:39:20.231 9 INFO neutron.wsgi [None req-a32f74c1-8ffc-48ca-a88f-82108002dafa b44f566f28404c80a3abc0cbdd3120ed bb92e73f18594fb9ab3dea97fcaa4fb7 - - default default] 10.0.0.38 "POST /v2.0/subnets HTTP/1.1" status: 201 len: 907 time: 0.3810472
2026-06-25 23:39:20.324 9 INFO neutron.db.segments_db [None req-16349fbf-c544-48a2-8a1c-d2852cec1fe4 b44f566f28404c80a3abc0cbdd3120ed bb92e73f18594fb9ab3dea97fcaa4fb7 - - default default] Added segment 3d202868-cae6-4b73-9aff-395f3d3d21c1 of type geneve for network 651dbadb-d2fd-4d9a-9b5f-c09814ac7686
2026-06-25 23:39:20.553 9 INFO neutron.db.ovn_revision_numbers_db [None req-16349fbf-c544-48a2-8a1c-d2852cec1fe4 b44f566f28404c80a3abc0cbdd3120ed bb92e73f18594fb9ab3dea97fcaa4fb7 - - default default] Successfully bumped revision number for resource 651dbadb-d2fd-4d9a-9b5f-c09814ac7686 (type: networks) to 1
2026-06-25 23:39:20.741 9 WARNING neutron.scheduler.dhcp_agent_scheduler [None req-16349fbf-c544-48a2-8a1c-d2852cec1fe4 b44f566f28404c80a3abc0cbdd3120ed bb92e73f18594fb9ab3dea97fcaa4fb7 - - default default] No more DHCP agents
2026-06-25 23:39:20.743 9 WARNING neutron.api.rpc.agentnotifiers.dhcp_rpc_agent_api [None req-16349fbf-c544-48a2-8a1c-d2852cec1fe4 b44f566f28404c80a3abc0cbdd3120ed bb92e73f18594fb9ab3dea97fcaa4fb7 - - default default] Unable to schedule network 651dbadb-d2fd-4d9a-9b5f-c09814ac7686: no agents available; will retry on subsequent port and subnet creation events.
2026-06-25 23:39:20.834 9 INFO neutron.db.ovn_revision_numbers_db [None req-16349fbf-c544-48a2-8a1c-d2852cec1fe4 b44f566f28404c80a3abc0cbdd3120ed bb92e73f18594fb9ab3dea97fcaa4fb7 - - default default] Successfully bumped revision number for resource ed3841df-37e3-440b-9a37-883fb3dc77ba (type: ports) to 1
2026-06-25 23:39:20.855 9 INFO neutron.wsgi [None req-16349fbf-c544-48a2-8a1c-d2852cec1fe4 b44f566f28404c80a3abc0cbdd3120ed bb92e73f18594fb9ab3dea97fcaa4fb7 - - default default] 10.0.0.38 "POST /v2.0/networks HTTP/1.1" status: 201 len: 835 time: 0.6188884
2026-06-25 23:39:21.092 9 WARNING neutron.scheduler.dhcp_agent_scheduler [None req-23fcb750-8086-431e-8c5e-0539ea53b118 b44f566f28404c80a3abc0cbdd3120ed bb92e73f18594fb9ab3dea97fcaa4fb7 - - default default] No more DHCP agents
2026-06-25 23:39:21.095 9 WARNING neutron.api.rpc.agentnotifiers.dhcp_rpc_agent_api [None req-23fcb750-8086-431e-8c5e-0539ea53b118 b44f566f28404c80a3abc0cbdd3120ed bb92e73f18594fb9ab3dea97fcaa4fb7 - - default default] Unable to schedule network 651dbadb-d2fd-4d9a-9b5f-c09814ac7686: no agents available; will retry on subsequent port and subnet creation events.
2026-06-25 23:39:21.591 9 INFO neutron.db.ovn_revision_numbers_db [None req-23fcb750-8086-431e-8c5e-0539ea53b118 b44f566f28404c80a3abc0cbdd3120ed bb92e73f18594fb9ab3dea97fcaa4fb7 - - default default] Successfully bumped revision number for resource ed3841df-37e3-440b-9a37-883fb3dc77ba (type: ports) to 2
2026-06-25 23:39:21.637 9 INFO neutron.db.ovn_revision_numbers_db [None req-23fcb750-8086-431e-8c5e-0539ea53b118 b44f566f28404c80a3abc0cbdd3120ed bb92e73f18594fb9ab3dea97fcaa4fb7 - - default default] Successfully bumped revision number for resource 2ed6306f-3695-4025-965f-05a02eddf6e8 (type: subnets) to 0
2026-06-25 23:39:21.655 9 INFO neutron.wsgi [None req-23fcb750-8086-431e-8c5e-0539ea53b118 b44f566f28404c80a3abc0cbdd3120ed bb92e73f18594fb9ab3dea97fcaa4fb7 - - default default] 10.0.0.38 "POST /v2.0/subnets HTTP/1.1" status: 201 len: 831 time: 0.7950134
2026-06-25 23:39:21.895 9 WARNING neutron.scheduler.dhcp_agent_scheduler [None req-2f022344-fb08-487d-a367-2c5a79e47410 b44f566f28404c80a3abc0cbdd3120ed bb92e73f18594fb9ab3dea97fcaa4fb7 - - default default] No more DHCP agents
2026-06-25 23:39:21.898 9 WARNING neutron.api.rpc.agentnotifiers.dhcp_rpc_agent_api [None req-2f022344-fb08-487d-a367-2c5a79e47410 b44f566f28404c80a3abc0cbdd3120ed bb92e73f18594fb9ab3dea97fcaa4fb7 - - default default] Unable to schedule network 651dbadb-d2fd-4d9a-9b5f-c09814ac7686: no agents available; will retry on subsequent port and subnet creation events.
2026-06-25 23:39:21.931 9 INFO neutron.db.ovn_revision_numbers_db [None req-2f022344-fb08-487d-a367-2c5a79e47410 b44f566f28404c80a3abc0cbdd3120ed bb92e73f18594fb9ab3dea97fcaa4fb7 - - default default] Successfully bumped revision number for resource b10b4e3b-f931-420b-945a-5e5d59c47ce5 (type: subnets) to 0
2026-06-25 23:39:21.948 9 INFO neutron.wsgi [None req-2f022344-fb08-487d-a367-2c5a79e47410 b44f566f28404c80a3abc0cbdd3120ed bb92e73f18594fb9ab3dea97fcaa4fb7 - - default default] 10.0.0.38 "POST /v2.0/subnets HTTP/1.1" status: 201 len: 900 time: 0.2878141
2026-06-25 23:39:22.049 9 INFO neutron.db.segments_db [None req-edd3f347-59ea-4a73-a329-207141082764 b44f566f28404c80a3abc0cbdd3120ed bb92e73f18594fb9ab3dea97fcaa4fb7 - - default default] Added segment 36ae0790-2c87-4f94-8c3b-44e3921b5104 of type geneve for network 6cb25137-9fc1-47de-9e72-d28cd14580ba
2026-06-25 23:39:22.204 9 INFO neutron.db.ovn_revision_numbers_db [None req-edd3f347-59ea-4a73-a329-207141082764 b44f566f28404c80a3abc0cbdd3120ed bb92e73f18594fb9ab3dea97fcaa4fb7 - - default default] Successfully bumped revision number for resource 6cb25137-9fc1-47de-9e72-d28cd14580ba (type: networks) to 1
2026-06-25 23:39:22.381 9 WARNING neutron.scheduler.dhcp_agent_scheduler [None req-edd3f347-59ea-4a73-a329-207141082764 b44f566f28404c80a3abc0cbdd3120ed bb92e73f18594fb9ab3dea97fcaa4fb7 - - default default] No more DHCP agents
2026-06-25 23:39:22.385 9 WARNING neutron.api.rpc.agentnotifiers.dhcp_rpc_agent_api [None req-edd3f347-59ea-4a73-a329-207141082764 b44f566f28404c80a3abc0cbdd3120ed bb92e73f18594fb9ab3dea97fcaa4fb7 - - default default] Unable to schedule network 6cb25137-9fc1-47de-9e72-d28cd14580ba: no agents available; will retry on subsequent port and subnet creation events.
2026-06-25 23:39:22.502 9 INFO neutron.db.ovn_revision_numbers_db [None req-edd3f347-59ea-4a73-a329-207141082764 b44f566f28404c80a3abc0cbdd3120ed bb92e73f18594fb9ab3dea97fcaa4fb7 - - default default] Successfully bumped revision number for resource 139f82b2-8151-4028-92e1-6c88a39ee835 (type: ports) to 1
2026-06-25 23:39:22.531 9 INFO neutron.wsgi [None req-edd3f347-59ea-4a73-a329-207141082764 b44f566f28404c80a3abc0cbdd3120ed bb92e73f18594fb9ab3dea97fcaa4fb7 - - default default] 10.0.0.38 "POST /v2.0/networks HTTP/1.1" status: 201 len: 837 time: 0.5758586
2026-06-25 23:39:23.041 9 WARNING neutron.scheduler.dhcp_agent_scheduler [None req-4b8a3c7a-bd31-4da0-856b-d8ce06529f16 b44f566f28404c80a3abc0cbdd3120ed bb92e73f18594fb9ab3dea97fcaa4fb7 - - default default] No more DHCP agents
2026-06-25 23:39:23.045 9 WARNING neutron.api.rpc.agentnotifiers.dhcp_rpc_agent_api [None req-4b8a3c7a-bd31-4da0-856b-d8ce06529f16 b44f566f28404c80a3abc0cbdd3120ed bb92e73f18594fb9ab3dea97fcaa4fb7 - - default default] Unable to schedule network 6cb25137-9fc1-47de-9e72-d28cd14580ba: no agents available; will retry on subsequent port and subnet creation events.
2026-06-25 23:39:23.569 9 INFO neutron.db.ovn_revision_numbers_db [None req-4b8a3c7a-bd31-4da0-856b-d8ce06529f16 b44f566f28404c80a3abc0cbdd3120ed bb92e73f18594fb9ab3dea97fcaa4fb7 - - default default] Successfully bumped revision number for resource 139f82b2-8151-4028-92e1-6c88a39ee835 (type: ports) to 2
2026-06-25 23:39:23.603 9 INFO neutron.db.ovn_revision_numbers_db [None req-4b8a3c7a-bd31-4da0-856b-d8ce06529f16 b44f566f28404c80a3abc0cbdd3120ed bb92e73f18594fb9ab3dea97fcaa4fb7 - - default default] Successfully bumped revision number for resource 6320a891-e8a7-4d27-913c-8b17d6231e31 (type: subnets) to 0
2026-06-25 23:39:23.620 9 INFO neutron.wsgi [None req-4b8a3c7a-bd31-4da0-856b-d8ce06529f16 b44f566f28404c80a3abc0cbdd3120ed bb92e73f18594fb9ab3dea97fcaa4fb7 - - default default] 10.0.0.38 "POST /v2.0/subnets HTTP/1.1" status: 201 len: 831 time: 1.0840774
2026-06-25 23:39:23.900 9 WARNING neutron.scheduler.dhcp_agent_scheduler [None req-077e02da-9a02-4454-8761-5ad1644e1d67 b44f566f28404c80a3abc0cbdd3120ed bb92e73f18594fb9ab3dea97fcaa4fb7 - - default default] No more DHCP agents
2026-06-25 23:39:23.902 9 WARNING neutron.api.rpc.agentnotifiers.dhcp_rpc_agent_api [None req-077e02da-9a02-4454-8761-5ad1644e1d67 b44f566f28404c80a3abc0cbdd3120ed bb92e73f18594fb9ab3dea97fcaa4fb7 - - default default] Unable to schedule network 6cb25137-9fc1-47de-9e72-d28cd14580ba: no agents available; will retry on subsequent port and subnet creation events.
2026-06-25 23:39:23.937 9 INFO neutron.db.ovn_revision_numbers_db [None req-077e02da-9a02-4454-8761-5ad1644e1d67 b44f566f28404c80a3abc0cbdd3120ed bb92e73f18594fb9ab3dea97fcaa4fb7 - - default default] Successfully bumped revision number for resource 1f1c8525-995f-4b1e-a61c-29d191ecea57 (type: subnets) to 0
2026-06-25 23:39:23.955 9 INFO neutron.wsgi [None req-077e02da-9a02-4454-8761-5ad1644e1d67 b44f566f28404c80a3abc0cbdd3120ed bb92e73f18594fb9ab3dea97fcaa4fb7 - - default default] 10.0.0.38 "POST /v2.0/subnets HTTP/1.1" status: 201 len: 905 time: 0.3308225
2026-06-25 23:39:24.421 9 WARNING neutron.scheduler.dhcp_agent_scheduler [None req-1f32ee63-2be8-4022-ad82-bcc33cfa7ff4 b44f566f28404c80a3abc0cbdd3120ed bb92e73f18594fb9ab3dea97fcaa4fb7 - - default default] No more DHCP agents
2026-06-25 23:39:24.425 9 WARNING neutron.api.rpc.agentnotifiers.dhcp_rpc_agent_api [None req-1f32ee63-2be8-4022-ad82-bcc33cfa7ff4 b44f566f28404c80a3abc0cbdd3120ed bb92e73f18594fb9ab3dea97fcaa4fb7 - - default default] Unable to schedule network 7984dda1-acac-48ee-93b4-94f15e1910dc: no agents available; will retry on subsequent port and subnet creation events.
2026-06-25 23:39:24.596 9 INFO neutron.db.ovn_revision_numbers_db [None req-1f32ee63-2be8-4022-ad82-bcc33cfa7ff4 b44f566f28404c80a3abc0cbdd3120ed bb92e73f18594fb9ab3dea97fcaa4fb7 - - default default] Successfully bumped revision number for resource ab40beac-914a-49fa-bf6e-f164337f2445 (type: ports) to 1
2026-06-25 23:39:25.143 9 INFO neutron.plugins.ml2.drivers.ovn.mech_driver.mech_driver [None req-7a5e1d94-c38d-4d8c-b2e1-348cd0aab4a8 - - - - - -] OVN reports status up for port: ab40beac-914a-49fa-bf6e-f164337f2445
2026-06-25 23:39:25.152 9 INFO neutron.plugins.ml2.drivers.ovn.mech_driver.ovsdb.ovsdb_monitor [None req-d7b4004c-bf89-4a29-befe-44ffe1a89e1a - - - - - -] Router abd8aa46-8096-4c01-a7e6-d3577f9ce46c is bound to host instance
2026-06-25 23:39:25.173 9 INFO neutron.plugins.ml2.plugin [None req-7a5e1d94-c38d-4d8c-b2e1-348cd0aab4a8 - - - - - -] Attempt 1 to provision port ab40beac-914a-49fa-bf6e-f164337f2445
2026-06-25 23:39:25.210 9 INFO neutron.db.ovn_revision_numbers_db [None req-1f32ee63-2be8-4022-ad82-bcc33cfa7ff4 b44f566f28404c80a3abc0cbdd3120ed bb92e73f18594fb9ab3dea97fcaa4fb7 - - default default] Successfully bumped revision number for resource ab40beac-914a-49fa-bf6e-f164337f2445 (type: router_ports) to 1
2026-06-25 23:39:25.335 9 INFO neutron.db.ovn_revision_numbers_db [None req-1f32ee63-2be8-4022-ad82-bcc33cfa7ff4 b44f566f28404c80a3abc0cbdd3120ed bb92e73f18594fb9ab3dea97fcaa4fb7 - - default default] Successfully bumped revision number for resource abd8aa46-8096-4c01-a7e6-d3577f9ce46c (type: routers) to 2
2026-06-25 23:39:25.359 9 INFO neutron.wsgi [None req-1f32ee63-2be8-4022-ad82-bcc33cfa7ff4 b44f566f28404c80a3abc0cbdd3120ed bb92e73f18594fb9ab3dea97fcaa4fb7 - - default default] 10.0.0.38 "POST /v2.0/routers HTTP/1.1" status: 201 len: 865 time: 1.3987811
2026-06-25 23:39:25.780 9 INFO neutron.db.ovn_revision_numbers_db [None req-d7b4004c-bf89-4a29-befe-44ffe1a89e1a - - - - - -] Successfully bumped revision number for resource ab40beac-914a-49fa-bf6e-f164337f2445 (type: ports) to 1
2026-06-25 23:39:25.987 10 WARNING neutron.scheduler.dhcp_agent_scheduler [None req-550b6c29-ebe8-4cf6-a4c1-daf02fed8f84 b44f566f28404c80a3abc0cbdd3120ed bb92e73f18594fb9ab3dea97fcaa4fb7 - - default default] No more DHCP agents
2026-06-25 23:39:25.990 10 WARNING neutron.api.rpc.agentnotifiers.dhcp_rpc_agent_api [None req-550b6c29-ebe8-4cf6-a4c1-daf02fed8f84 b44f566f28404c80a3abc0cbdd3120ed bb92e73f18594fb9ab3dea97fcaa4fb7 - - default default] Unable to schedule network 15e58491-19bb-4c4a-a1c2-f1c0237a35cd: no agents available; will retry on subsequent port and subnet creation events.
2026-06-25 23:39:26.025 9 INFO neutron.db.ovn_revision_numbers_db [None req-d7b4004c-bf89-4a29-befe-44ffe1a89e1a - - - - - -] Successfully bumped revision number for resource ab40beac-914a-49fa-bf6e-f164337f2445 (type: router_ports) to 3
2026-06-25 23:39:26.157 10 INFO neutron.db.ovn_revision_numbers_db [None req-550b6c29-ebe8-4cf6-a4c1-daf02fed8f84 b44f566f28404c80a3abc0cbdd3120ed bb92e73f18594fb9ab3dea97fcaa4fb7 - - default default] Successfully bumped revision number for resource 367a1b94-1874-4e72-9f7b-dc321e4860a8 (type: ports) to 1
2026-06-25 23:39:26.187 9 INFO neutron.db.ovn_revision_numbers_db [None req-d7b4004c-bf89-4a29-befe-44ffe1a89e1a - - - - - -] Successfully bumped revision number for resource ab40beac-914a-49fa-bf6e-f164337f2445 (type: ports) to 2
2026-06-25 23:39:26.422 9 INFO neutron.db.ovn_revision_numbers_db [None req-d7b4004c-bf89-4a29-befe-44ffe1a89e1a - - - - - -] Successfully bumped revision number for resource ab40beac-914a-49fa-bf6e-f164337f2445 (type: ports) to 4
2026-06-25 23:39:26.877 9 INFO neutron.db.ovn_revision_numbers_db [None req-d7b4004c-bf89-4a29-befe-44ffe1a89e1a - - - - - -] Successfully bumped revision number for resource ab40beac-914a-49fa-bf6e-f164337f2445 (type: router_ports) to 4
