2026-06-25 23:29:58.609 10 INFO neutron.wsgi [None req-c4a07ca7-aee1-4860-a894-f49303976169 c26e1bea72844b4fa2afd28abb2a9f03 2b43eefe57fe4a4798d2146efe13832c - - default default] 199.204.45.4,10.0.0.196 "GET /v2.0/networks HTTP/1.1" status: 200 len: 2349 time: 0.0558882
2026-06-25 23:29:59.191 10 INFO neutron.wsgi [None req-c8615d50-5a0b-41ed-9f34-056fa1576356 c26e1bea72844b4fa2afd28abb2a9f03 2b43eefe57fe4a4798d2146efe13832c - - default default] 10.0.0.134 "GET /v2.0/network-ip-availabilities HTTP/1.1" status: 200 len: 1280 time: 0.0503831
2026-06-25 23:29:59.287 10 INFO neutron.wsgi [None req-59e8f05f-b637-4374-8ae7-8ec43ae4707e c26e1bea72844b4fa2afd28abb2a9f03 2b43eefe57fe4a4798d2146efe13832c - - default default] 10.0.0.134 "GET /v2.0/floatingips HTTP/1.1" status: 200 len: 193 time: 0.0939243
2026-06-25 23:29:59.344 10 INFO neutron.wsgi [None req-f80d6c1d-80b5-4230-90d4-6863e236df2c c26e1bea72844b4fa2afd28abb2a9f03 2b43eefe57fe4a4798d2146efe13832c - - default default] 10.0.0.134 "GET /v2.0/security-groups HTTP/1.1" status: 200 len: 16799 time: 0.0568314
2026-06-25 23:29:59.381 10 INFO neutron.wsgi [None req-96ed39e2-666c-4d30-84f6-753d61352b31 c26e1bea72844b4fa2afd28abb2a9f03 2b43eefe57fe4a4798d2146efe13832c - - default default] 10.0.0.134 "GET /v2.0/ports HTTP/1.1" status: 200 len: 5347 time: 0.0327935
2026-06-25 23:29:59.409 10 INFO neutron.wsgi [None req-ce8d5cce-a407-40e3-afbd-cb8142c8fab5 c26e1bea72844b4fa2afd28abb2a9f03 2b43eefe57fe4a4798d2146efe13832c - - default default] 10.0.0.134 "GET /v2.0/routers HTTP/1.1" status: 200 len: 189 time: 0.0239658
2026-06-25 23:29:59.453 10 INFO neutron.wsgi [None req-673f8a88-8075-4c84-936f-f4565adc1670 c26e1bea72844b4fa2afd28abb2a9f03 2b43eefe57fe4a4798d2146efe13832c - - default default] 10.0.0.134 "GET /v2.0/agents?binary=ovn-controller HTTP/1.1" status: 200 len: 591 time: 0.0433869
2026-06-25 23:29:59.479 10 INFO neutron.wsgi [None req-2f237c30-12e2-47d9-afdd-7b4e14f858b9 c26e1bea72844b4fa2afd28abb2a9f03 2b43eefe57fe4a4798d2146efe13832c - - default default] 10.0.0.134 "GET /v2.0/subnets HTTP/1.1" status: 200 len: 1437 time: 0.0256011
2026-06-25 23:29:59.509 10 INFO neutron.wsgi [None req-3d0a7efd-41eb-4b3f-902b-93a23d54516a c26e1bea72844b4fa2afd28abb2a9f03 2b43eefe57fe4a4798d2146efe13832c - - default default] 10.0.0.134 "GET /v2.0/subnets HTTP/1.1" status: 200 len: 1437 time: 0.0288367
2026-06-25 23:29:59.517 10 INFO neutron.wsgi [None req-7aae1546-d8a4-49e4-b642-014403fca2a3 c26e1bea72844b4fa2afd28abb2a9f03 2b43eefe57fe4a4798d2146efe13832c - - default default] 10.0.0.134 "GET /v2.0/subnetpools HTTP/1.1" status: 200 len: 193 time: 0.0067976
2026-06-25 23:29:59.525 10 INFO neutron.wsgi [None req-a23872a0-6162-4e06-bcd4-2f3947c24b63 c26e1bea72844b4fa2afd28abb2a9f03 2b43eefe57fe4a4798d2146efe13832c - - default default] 10.0.0.134 "GET /v2.0/agents HTTP/1.1" status: 200 len: 997 time: 0.0077643
2026-06-25 23:29:59.585 10 INFO neutron.wsgi [None req-c922d735-2892-4ec9-83a0-5340ebebc9ef c26e1bea72844b4fa2afd28abb2a9f03 2b43eefe57fe4a4798d2146efe13832c - - default default] 10.0.0.134 "GET /v2.0/networks HTTP/1.1" status: 200 len: 2349 time: 0.0591404
2026-06-25 23:30:02.470 9 INFO neutron.wsgi [-] 10.0.0.196 "GET / HTTP/1.1" status: 200 len: 246 time: 0.0014765
2026-06-25 23:30:02.471 9 INFO neutron.wsgi [-] 10.0.0.196 "GET / HTTP/1.1" status: 200 len: 246 time: 0.0008740
2026-06-25 23:30:17.469 9 INFO neutron.wsgi [-] 10.0.0.196 "GET / HTTP/1.1" status: 200 len: 246 time: 0.0012872
2026-06-25 23:30:17.470 10 INFO neutron.wsgi [-] 10.0.0.196 "GET / HTTP/1.1" status: 200 len: 246 time: 0.0023341
2026-06-25 23:30:32.469 9 INFO neutron.wsgi [-] 10.0.0.196 "GET / HTTP/1.1" status: 200 len: 246 time: 0.0019128
2026-06-25 23:30:32.470 10 INFO neutron.wsgi [-] 10.0.0.196 "GET / HTTP/1.1" status: 200 len: 246 time: 0.0023596
2026-06-25 23:30:35.041 10 INFO neutron.wsgi [None req-c134f96a-086e-4427-9942-b19d7ccac70b c26e1bea72844b4fa2afd28abb2a9f03 2b43eefe57fe4a4798d2146efe13832c - - default default] 199.204.45.4,10.0.0.196 "GET /v2.0/networks HTTP/1.1" status: 200 len: 2349 time: 0.0977917
2026-06-25 23:30:35.924 10 INFO neutron.wsgi [None req-11b65b26-6da7-4305-8310-31900e041c7e c26e1bea72844b4fa2afd28abb2a9f03 2b43eefe57fe4a4798d2146efe13832c - - default default] 199.204.45.4,10.0.0.196 "GET /v2.0/subnets HTTP/1.1" status: 200 len: 1437 time: 0.0689363
2026-06-25 23:30:35.992 10 INFO neutron.wsgi [None req-0eae055d-39eb-435e-9950-7931d3a92a59 c26e1bea72844b4fa2afd28abb2a9f03 2b43eefe57fe4a4798d2146efe13832c - - default default] 199.204.45.4,10.0.0.196 "GET /v2.0/networks HTTP/1.1" status: 200 len: 2349 time: 0.0629265
2026-06-25 23:30:37.011 10 INFO neutron.wsgi [None req-20a794ac-a5d7-4871-b991-00e848fbc711 c26e1bea72844b4fa2afd28abb2a9f03 2b43eefe57fe4a4798d2146efe13832c - - default default] 199.204.45.4,10.0.0.196 "GET /v2.0/security-groups?tenant_id=2b43eefe57fe4a4798d2146efe13832c HTTP/1.1" status: 200 len: 10157 time: 0.0938456
2026-06-25 23:30:38.091 10 INFO neutron.wsgi [None req-1afabd9d-7340-4288-bd49-995cd2df7dfa c26e1bea72844b4fa2afd28abb2a9f03 2b43eefe57fe4a4798d2146efe13832c - - default default] 199.204.45.4,10.0.0.196 "GET /v2.0/security-groups?tenant_id=2b43eefe57fe4a4798d2146efe13832c HTTP/1.1" status: 200 len: 10157 time: 0.0664644
2026-06-25 23:30:38.890 10 INFO neutron.wsgi [None req-889cb25e-1a5a-44f6-965a-aba7d1a14aed c26e1bea72844b4fa2afd28abb2a9f03 2b43eefe57fe4a4798d2146efe13832c - - default default] 199.204.45.4,10.0.0.196 "GET /v2.0/security-groups?tenant_id=2b43eefe57fe4a4798d2146efe13832c HTTP/1.1" status: 200 len: 10157 time: 0.0709724
2026-06-25 23:30:39.732 10 INFO neutron.wsgi [None req-e394a38c-5dec-4be1-87bb-adcc6715cf63 c26e1bea72844b4fa2afd28abb2a9f03 2b43eefe57fe4a4798d2146efe13832c - - default default] 199.204.45.4,10.0.0.196 "GET /v2.0/security-groups?tenant_id=2b43eefe57fe4a4798d2146efe13832c HTTP/1.1" status: 200 len: 10157 time: 0.0994189
2026-06-25 23:30:40.523 10 INFO neutron.wsgi [None req-039bbe61-db67-4316-89a3-69ac3216e555 c26e1bea72844b4fa2afd28abb2a9f03 2b43eefe57fe4a4798d2146efe13832c - - default default] 199.204.45.4,10.0.0.196 "GET /v2.0/security-groups?tenant_id=2b43eefe57fe4a4798d2146efe13832c HTTP/1.1" status: 200 len: 10157 time: 0.0698500
2026-06-25 23:30:41.331 10 INFO neutron.wsgi [None req-2965ec19-8454-4fed-8900-4c7a006536f5 c26e1bea72844b4fa2afd28abb2a9f03 2b43eefe57fe4a4798d2146efe13832c - - default default] 199.204.45.4,10.0.0.196 "GET /v2.0/security-groups?tenant_id=2b43eefe57fe4a4798d2146efe13832c HTTP/1.1" status: 200 len: 10157 time: 0.0798819
2026-06-25 23:30:42.361 10 INFO neutron.wsgi [None req-19f96ccc-b196-4bd7-bb90-7ba060d823d3 c26e1bea72844b4fa2afd28abb2a9f03 2b43eefe57fe4a4798d2146efe13832c - - default default] 199.204.45.4,10.0.0.196 "GET /v2.0/security-groups HTTP/1.1" status: 200 len: 16799 time: 0.0725596
2026-06-25 23:30:42.409 10 INFO neutron.wsgi [None req-f1765d31-d28a-4d6a-a9b1-92edd65167fe c26e1bea72844b4fa2afd28abb2a9f03 2b43eefe57fe4a4798d2146efe13832c - - default default] 199.204.45.4,10.0.0.196 "GET /v2.0/ports HTTP/1.1" status: 200 len: 5347 time: 0.0398138
2026-06-25 23:30:47.469 9 INFO neutron.wsgi [-] 10.0.0.196 "GET / HTTP/1.1" status: 200 len: 246 time: 0.0016584
2026-06-25 23:30:47.471 10 INFO neutron.wsgi [-] 10.0.0.196 "GET / HTTP/1.1" status: 200 len: 246 time: 0.0024738
2026-06-25 23:30:48.671 10 INFO neutron.pecan_wsgi.hooks.translation [None req-ed4b7f49-91e7-4612-9b60-8d00a2ef34b8 c26e1bea72844b4fa2afd28abb2a9f03 2b43eefe57fe4a4798d2146efe13832c - - default default] GET failed (client error): The resource could not be found.
2026-06-25 23:30:48.673 10 INFO neutron.wsgi [None req-ed4b7f49-91e7-4612-9b60-8d00a2ef34b8 c26e1bea72844b4fa2afd28abb2a9f03 2b43eefe57fe4a4798d2146efe13832c - - default default] 199.204.45.4,10.0.0.196 "GET /v2.0/ports/octavia-health-manager-port-instance HTTP/1.1" status: 404 len: 314 time: 0.0554080
2026-06-25 23:30:48.703 10 INFO neutron.wsgi [None req-bfd18f7e-b19d-44fd-8982-2363a1fa4619 c26e1bea72844b4fa2afd28abb2a9f03 2b43eefe57fe4a4798d2146efe13832c - - default default] 199.204.45.4,10.0.0.196 "GET /v2.0/ports?name=octavia-health-manager-port-instance HTTP/1.1" status: 200 len: 1395 time: 0.0253947
2026-06-25 23:30:50.135 10 INFO neutron.wsgi [None req-1ddfb262-8dba-45c5-867e-3d61564ebe68 c26e1bea72844b4fa2afd28abb2a9f03 2b43eefe57fe4a4798d2146efe13832c - - default default] 199.204.45.4,10.0.0.196 "GET /v2.0/ports HTTP/1.1" status: 200 len: 5347 time: 0.0832286
2026-06-25 23:30:51.215 10 INFO neutron.wsgi [None req-35f9411f-28f9-4539-9165-9e75f9d0c754 c26e1bea72844b4fa2afd28abb2a9f03 2b43eefe57fe4a4798d2146efe13832c - - default default] 199.204.45.4,10.0.0.196 "GET /v2.0/security-groups?tenant_id=2b43eefe57fe4a4798d2146efe13832c HTTP/1.1" status: 200 len: 10157 time: 0.0838687
2026-06-25 23:30:52.128 10 INFO neutron.wsgi [None req-6b73fa9c-e709-4226-bf7c-b2d1e2798cac c26e1bea72844b4fa2afd28abb2a9f03 2b43eefe57fe4a4798d2146efe13832c - - default default] 199.204.45.4,10.0.0.196 "GET /v2.0/security-groups?tenant_id=2b43eefe57fe4a4798d2146efe13832c HTTP/1.1" status: 200 len: 10157 time: 0.0737014
2026-06-25 23:30:52.999 10 INFO neutron.wsgi [None req-82ef569a-1545-4fb5-8e4a-4086b0c413bc c26e1bea72844b4fa2afd28abb2a9f03 2b43eefe57fe4a4798d2146efe13832c - - default default] 199.204.45.4,10.0.0.196 "GET /v2.0/security-groups?tenant_id=2b43eefe57fe4a4798d2146efe13832c HTTP/1.1" status: 200 len: 10157 time: 0.0807416
2026-06-25 23:30:59.218 10 INFO neutron.wsgi [None req-3078ec96-09a1-424c-bfc2-37f97059af30 c26e1bea72844b4fa2afd28abb2a9f03 2b43eefe57fe4a4798d2146efe13832c - - default default] 10.0.0.134 "GET /v2.0/routers HTTP/1.1" status: 200 len: 189 time: 0.0872347
2026-06-25 23:30:59.254 10 INFO neutron.wsgi [None req-9eac4c17-3a2b-498b-a97e-67dbdbb8de12 c26e1bea72844b4fa2afd28abb2a9f03 2b43eefe57fe4a4798d2146efe13832c - - default default] 10.0.0.134 "GET /v2.0/agents?binary=ovn-controller HTTP/1.1" status: 200 len: 591 time: 0.0350842
2026-06-25 23:30:59.264 10 INFO neutron.wsgi [None req-ef17e244-9660-4587-b5cb-b785c43eedaf c26e1bea72844b4fa2afd28abb2a9f03 2b43eefe57fe4a4798d2146efe13832c - - default default] 10.0.0.134 "GET /v2.0/agents HTTP/1.1" status: 200 len: 997 time: 0.0092287
2026-06-25 23:30:59.321 10 INFO neutron.wsgi [None req-83ca46f5-8cd1-4a63-8630-5c39729a3ef8 c26e1bea72844b4fa2afd28abb2a9f03 2b43eefe57fe4a4798d2146efe13832c - - default default] 10.0.0.134 "GET /v2.0/subnets HTTP/1.1" status: 200 len: 1437 time: 0.0557289
2026-06-25 23:30:59.334 10 INFO neutron.wsgi [None req-ff6f593c-f20a-4f8e-a09f-45b263fdd63f c26e1bea72844b4fa2afd28abb2a9f03 2b43eefe57fe4a4798d2146efe13832c - - default default] 10.0.0.134 "GET /v2.0/subnetpools HTTP/1.1" status: 200 len: 193 time: 0.0127666
2026-06-25 23:30:59.402 10 INFO neutron.wsgi [None req-fdb5116c-a621-41f4-8e7b-ac26910a9655 c26e1bea72844b4fa2afd28abb2a9f03 2b43eefe57fe4a4798d2146efe13832c - - default default] 10.0.0.134 "GET /v2.0/networks HTTP/1.1" status: 200 len: 2349 time: 0.0673790
2026-06-25 23:30:59.437 10 INFO neutron.wsgi [None req-6276889b-c0de-4526-b4eb-56f7436384d2 c26e1bea72844b4fa2afd28abb2a9f03 2b43eefe57fe4a4798d2146efe13832c - - default default] 10.0.0.134 "GET /v2.0/subnets HTTP/1.1" status: 200 len: 1437 time: 0.0324326
2026-06-25 23:30:59.474 10 INFO neutron.wsgi [None req-00489a66-4520-4cf0-b7a6-153f58b0f778 c26e1bea72844b4fa2afd28abb2a9f03 2b43eefe57fe4a4798d2146efe13832c - - default default] 10.0.0.134 "GET /v2.0/ports HTTP/1.1" status: 200 len: 5347 time: 0.0356617
2026-06-25 23:30:59.492 10 INFO neutron.wsgi [None req-be327631-05ea-400b-a2b6-6d110534e347 c26e1bea72844b4fa2afd28abb2a9f03 2b43eefe57fe4a4798d2146efe13832c - - default default] 10.0.0.134 "GET /v2.0/network-ip-availabilities HTTP/1.1" status: 200 len: 1280 time: 0.0124450
2026-06-25 23:30:59.511 10 INFO neutron.wsgi [None req-eb581ef9-8ba5-4a60-b947-77d6b34792ff c26e1bea72844b4fa2afd28abb2a9f03 2b43eefe57fe4a4798d2146efe13832c - - default default] 10.0.0.134 "GET /v2.0/floatingips HTTP/1.1" status: 200 len: 193 time: 0.0179207
2026-06-25 23:30:59.562 10 INFO neutron.wsgi [None req-a86d72c2-d26b-48ad-aafd-66f22532f356 c26e1bea72844b4fa2afd28abb2a9f03 2b43eefe57fe4a4798d2146efe13832c - - default default] 10.0.0.134 "GET /v2.0/security-groups HTTP/1.1" status: 200 len: 16799 time: 0.0505133
2026-06-25 23:31:02.470 10 INFO neutron.wsgi [-] 10.0.0.196 "GET / HTTP/1.1" status: 200 len: 246 time: 0.0017145
2026-06-25 23:31:02.471 9 INFO neutron.wsgi [-] 10.0.0.196 "GET / HTTP/1.1" status: 200 len: 246 time: 0.0023375
2026-06-25 23:31:03.625 10 INFO neutron.wsgi [None req-5d7f4d04-1343-4204-a9c8-58dfb5e931d0 c26e1bea72844b4fa2afd28abb2a9f03 2b43eefe57fe4a4798d2146efe13832c - - default default] 199.204.45.4,10.0.0.196 "GET /v2.0/quotas/2b43eefe57fe4a4798d2146efe13832c HTTP/1.1" status: 200 len: 361 time: 0.0095515
2026-06-25 23:31:17.471 9 INFO neutron.wsgi [-] 10.0.0.196 "GET / HTTP/1.1" status: 200 len: 246 time: 0.0023355
2026-06-25 23:31:17.474 9 INFO neutron.wsgi [-] 10.0.0.196 "GET / HTTP/1.1" status: 200 len: 246 time: 0.0023129
2026-06-25 23:31:32.469 10 INFO neutron.wsgi [-] 10.0.0.196 "GET / HTTP/1.1" status: 200 len: 246 time: 0.0017884
2026-06-25 23:31:32.472 10 INFO neutron.wsgi [-] 10.0.0.196 "GET / HTTP/1.1" status: 200 len: 246 time: 0.0022175
2026-06-25 23:31:47.473 9 INFO neutron.wsgi [-] 10.0.0.196 "GET / HTTP/1.1" status: 200 len: 246 time: 0.0025728
2026-06-25 23:31:47.482 10 INFO neutron.wsgi [-] 10.0.0.196 "GET / HTTP/1.1" status: 200 len: 246 time: 0.0017619
2026-06-25 23:31:52.584 10 INFO neutron.wsgi [None req-e9d2af83-040d-4eb0-b608-190bc7027cb3 c26e1bea72844b4fa2afd28abb2a9f03 2b43eefe57fe4a4798d2146efe13832c - - default default] 199.204.45.4,10.0.0.196 "GET /v2.0/security-groups?tenant_id=5b348a9d28774d1a9926eabffd5e01e4 HTTP/1.1" status: 200 len: 6838 time: 0.0842214
2026-06-25 23:31:53.541 9 INFO neutron.wsgi [None req-55cf27a8-ec8a-4f0c-b41e-78f568da5006 c26e1bea72844b4fa2afd28abb2a9f03 2b43eefe57fe4a4798d2146efe13832c - - default default] 199.204.45.4,10.0.0.196 "GET /v2.0/security-groups?tenant_id=5b348a9d28774d1a9926eabffd5e01e4 HTTP/1.1" status: 200 len: 6838 time: 0.0984054
2026-06-25 23:31:54.388 9 INFO neutron.wsgi [None req-abfaac72-5054-4470-86d9-0a7d581fa6bd c26e1bea72844b4fa2afd28abb2a9f03 2b43eefe57fe4a4798d2146efe13832c - - default default] 199.204.45.4,10.0.0.196 "GET /v2.0/security-groups?tenant_id=5b348a9d28774d1a9926eabffd5e01e4 HTTP/1.1" status: 200 len: 6838 time: 0.0877323
2026-06-25 23:31:55.248 10 INFO neutron.wsgi [None req-83b560ce-b1d6-42c7-9256-de82111c2cd8 c26e1bea72844b4fa2afd28abb2a9f03 2b43eefe57fe4a4798d2146efe13832c - - default default] 199.204.45.4,10.0.0.196 "GET /v2.0/security-groups?tenant_id=5b348a9d28774d1a9926eabffd5e01e4 HTTP/1.1" status: 200 len: 6838 time: 0.0857687
2026-06-25 23:31:56.156 10 INFO neutron.wsgi [None req-6b7e52d0-5122-421d-aa76-bf446e301cd2 c26e1bea72844b4fa2afd28abb2a9f03 2b43eefe57fe4a4798d2146efe13832c - - default default] 199.204.45.4,10.0.0.196 "GET /v2.0/security-groups?tenant_id=5b348a9d28774d1a9926eabffd5e01e4 HTTP/1.1" status: 200 len: 6838 time: 0.0768139
2026-06-25 23:31:59.179 10 INFO neutron.wsgi [None req-92c525ca-990a-4adf-a870-6fd3c1860fcc c26e1bea72844b4fa2afd28abb2a9f03 2b43eefe57fe4a4798d2146efe13832c - - default default] 10.0.0.134 "GET /v2.0/routers HTTP/1.1" status: 200 len: 189 time: 0.0635154
2026-06-25 23:31:59.215 10 INFO neutron.wsgi [None req-e07c7011-b9fa-4315-98da-0fc02578e645 c26e1bea72844b4fa2afd28abb2a9f03 2b43eefe57fe4a4798d2146efe13832c - - default default] 10.0.0.134 "GET /v2.0/agents?binary=ovn-controller HTTP/1.1" status: 200 len: 591 time: 0.0348043
2026-06-25 23:31:59.267 10 INFO neutron.wsgi [None req-5ae0bf9c-6dfc-4c0d-a0d1-1cea83a13bf0 c26e1bea72844b4fa2afd28abb2a9f03 2b43eefe57fe4a4798d2146efe13832c - - default default] 10.0.0.134 "GET /v2.0/security-groups HTTP/1.1" status: 200 len: 16799 time: 0.0513949
2026-06-25 23:31:59.303 10 INFO neutron.wsgi [None req-47dc9a48-78d9-4cd2-ab65-8af93950259b c26e1bea72844b4fa2afd28abb2a9f03 2b43eefe57fe4a4798d2146efe13832c - - default default] 10.0.0.134 "GET /v2.0/ports HTTP/1.1" status: 200 len: 5347 time: 0.0328937
2026-06-25 23:31:59.318 10 INFO neutron.wsgi [None req-5c04691c-99ff-4172-a111-104510d0b241 c26e1bea72844b4fa2afd28abb2a9f03 2b43eefe57fe4a4798d2146efe13832c - - default default] 10.0.0.134 "GET /v2.0/agents HTTP/1.1" status: 200 len: 997 time: 0.0108805
2026-06-25 23:31:59.329 10 INFO neutron.wsgi [None req-d9e5ddce-44b6-440a-9781-5aeeea6f945a c26e1bea72844b4fa2afd28abb2a9f03 2b43eefe57fe4a4798d2146efe13832c - - default default] 10.0.0.134 "GET /v2.0/network-ip-availabilities HTTP/1.1" status: 200 len: 1280 time: 0.0100167
2026-06-25 23:31:59.361 10 INFO neutron.wsgi [None req-b0d8850e-30ae-4822-8804-7bc0060ddfac c26e1bea72844b4fa2afd28abb2a9f03 2b43eefe57fe4a4798d2146efe13832c - - default default] 10.0.0.134 "GET /v2.0/subnets HTTP/1.1" status: 200 len: 1437 time: 0.0310073
2026-06-25 23:31:59.381 10 INFO neutron.wsgi [None req-b8276465-0655-4a4c-a77a-cb50c0cb274b c26e1bea72844b4fa2afd28abb2a9f03 2b43eefe57fe4a4798d2146efe13832c - - default default] 10.0.0.134 "GET /v2.0/floatingips HTTP/1.1" status: 200 len: 193 time: 0.0189385
2026-06-25 23:31:59.461 10 INFO neutron.wsgi [None req-95b6f893-9d5a-4996-8a8d-c6ed93639243 c26e1bea72844b4fa2afd28abb2a9f03 2b43eefe57fe4a4798d2146efe13832c - - default default] 10.0.0.134 "GET /v2.0/networks HTTP/1.1" status: 200 len: 2349 time: 0.0791168
2026-06-25 23:31:59.503 10 INFO neutron.wsgi [None req-82676dfa-f014-4dec-bd02-f455bd2342c7 c26e1bea72844b4fa2afd28abb2a9f03 2b43eefe57fe4a4798d2146efe13832c - - default default] 10.0.0.134 "GET /v2.0/subnets HTTP/1.1" status: 200 len: 1437 time: 0.0395010
2026-06-25 23:31:59.513 10 INFO neutron.wsgi [None req-312c3f2c-0f04-463e-8a48-b23c6f49fcc9 c26e1bea72844b4fa2afd28abb2a9f03 2b43eefe57fe4a4798d2146efe13832c - - default default] 10.0.0.134 "GET /v2.0/subnetpools HTTP/1.1" status: 200 len: 193 time: 0.0084321
2026-06-25 23:32:02.470 10 INFO neutron.wsgi [-] 10.0.0.196 "GET / HTTP/1.1" status: 200 len: 246 time: 0.0018737
2026-06-25 23:32:02.471 9 INFO neutron.wsgi [-] 10.0.0.196 "GET / HTTP/1.1" status: 200 len: 246 time: 0.0026200
2026-06-25 23:32:03.327 9 INFO neutron.wsgi [None req-e77bd441-62ce-4257-8270-08ecfef5b375 c26e1bea72844b4fa2afd28abb2a9f03 2b43eefe57fe4a4798d2146efe13832c - - default default] 199.204.45.4,10.0.0.196 "GET /v2.0/quotas/5b348a9d28774d1a9926eabffd5e01e4 HTTP/1.1" status: 200 len: 361 time: 0.0137224
2026-06-25 23:32:17.469 10 INFO neutron.wsgi [-] 10.0.0.196 "GET / HTTP/1.1" status: 200 len: 246 time: 0.0013204
2026-06-25 23:32:17.471 10 INFO neutron.wsgi [-] 10.0.0.196 "GET / HTTP/1.1" status: 200 len: 246 time: 0.0012796
2026-06-25 23:32:32.470 9 INFO neutron.wsgi [-] 10.0.0.196 "GET / HTTP/1.1" status: 200 len: 246 time: 0.0017087
2026-06-25 23:32:32.471 10 INFO neutron.wsgi [-] 10.0.0.196 "GET / HTTP/1.1" status: 200 len: 246 time: 0.0025342
2026-06-25 23:32:47.469 10 INFO neutron.wsgi [-] 10.0.0.196 "GET / HTTP/1.1" status: 200 len: 246 time: 0.0019433
2026-06-25 23:32:47.470 9 INFO neutron.wsgi [-] 10.0.0.196 "GET / HTTP/1.1" status: 200 len: 246 time: 0.0028684
2026-06-25 23:32:53.406 9 INFO neutron.wsgi [None req-34b64a67-5042-4d6a-89de-e1dcb127ebf8 c26e1bea72844b4fa2afd28abb2a9f03 2b43eefe57fe4a4798d2146efe13832c - - default default] 199.204.45.4,10.0.0.196 "GET /v2.0/networks HTTP/1.1" status: 200 len: 2349 time: 0.1210775
2026-06-25 23:32:59.219 10 INFO neutron.wsgi [None req-864995b3-441c-4203-b662-dc42c4f74edc c26e1bea72844b4fa2afd28abb2a9f03 2b43eefe57fe4a4798d2146efe13832c - - default default] 10.0.0.134 "GET /v2.0/agents HTTP/1.1" status: 200 len: 997 time: 0.0771775
2026-06-25 23:32:59.229 10 INFO neutron.wsgi [None req-222b575f-d249-4a05-9c31-d8b79698e255 c26e1bea72844b4fa2afd28abb2a9f03 2b43eefe57fe4a4798d2146efe13832c - - default default] 10.0.0.134 "GET /v2.0/network-ip-availabilities HTTP/1.1" status: 200 len: 1280 time: 0.0090661
2026-06-25 23:32:59.356 10 INFO neutron.wsgi [None req-43ea5290-d2b5-4d64-a623-8ff98c0c30ab c26e1bea72844b4fa2afd28abb2a9f03 2b43eefe57fe4a4798d2146efe13832c - - default default] 10.0.0.134 "GET /v2.0/networks HTTP/1.1" status: 200 len: 2349 time: 0.1255698
2026-06-25 23:32:59.423 10 INFO neutron.wsgi [None req-8fc45cb0-bc1f-43bc-90dd-2d61ff05a245 c26e1bea72844b4fa2afd28abb2a9f03 2b43eefe57fe4a4798d2146efe13832c - - default default] 10.0.0.134 "GET /v2.0/security-groups HTTP/1.1" status: 200 len: 16799 time: 0.0660594
2026-06-25 23:32:59.462 10 INFO neutron.wsgi [None req-d34ea1fd-72e0-4eeb-81d4-72ca612539f7 c26e1bea72844b4fa2afd28abb2a9f03 2b43eefe57fe4a4798d2146efe13832c - - default default] 10.0.0.134 "GET /v2.0/ports HTTP/1.1" status: 200 len: 5347 time: 0.0317883
2026-06-25 23:32:59.485 10 INFO neutron.wsgi [None req-0782ea40-a4fa-4d86-8cbd-1ca182e49572 c26e1bea72844b4fa2afd28abb2a9f03 2b43eefe57fe4a4798d2146efe13832c - - default default] 10.0.0.134 "GET /v2.0/floatingips HTTP/1.1" status: 200 len: 193 time: 0.0191712
2026-06-25 23:32:59.521 10 INFO neutron.wsgi [None req-959530d1-5fac-4369-a04e-49692bc5146e c26e1bea72844b4fa2afd28abb2a9f03 2b43eefe57fe4a4798d2146efe13832c - - default default] 10.0.0.134 "GET /v2.0/subnets HTTP/1.1" status: 200 len: 1437 time: 0.0350285
2026-06-25 23:32:59.530 10 INFO neutron.wsgi [None req-94771fd2-f7a7-4276-919e-b0c83a0416ad c26e1bea72844b4fa2afd28abb2a9f03 2b43eefe57fe4a4798d2146efe13832c - - default default] 10.0.0.134 "GET /v2.0/subnetpools HTTP/1.1" status: 200 len: 193 time: 0.0083489
2026-06-25 23:32:59.559 10 INFO neutron.wsgi [None req-65ffe0e4-0df0-47f6-b4d3-f7a22bb8e4f0 c26e1bea72844b4fa2afd28abb2a9f03 2b43eefe57fe4a4798d2146efe13832c - - default default] 10.0.0.134 "GET /v2.0/subnets HTTP/1.1" status: 200 len: 1437 time: 0.0282204
2026-06-25 23:32:59.576 10 INFO neutron.wsgi [None req-3388cefc-059c-4f68-af04-ee12cb275609 c26e1bea72844b4fa2afd28abb2a9f03 2b43eefe57fe4a4798d2146efe13832c - - default default] 10.0.0.134 "GET /v2.0/routers HTTP/1.1" status: 200 len: 189 time: 0.0162609
2026-06-25 23:32:59.584 10 INFO neutron.wsgi [None req-14b66248-079f-4131-b742-a1f8ebda8887 c26e1bea72844b4fa2afd28abb2a9f03 2b43eefe57fe4a4798d2146efe13832c - - default default] 10.0.0.134 "GET /v2.0/agents?binary=ovn-controller HTTP/1.1" status: 200 len: 591 time: 0.0074577
2026-06-25 23:33:02.471 9 INFO neutron.wsgi [-] 10.0.0.196 "GET / HTTP/1.1" status: 200 len: 246 time: 0.0024378
2026-06-25 23:33:02.476 10 INFO neutron.wsgi [-] 10.0.0.196 "GET / HTTP/1.1" status: 200 len: 246 time: 0.0046206
2026-06-25 23:33:17.470 9 INFO neutron.wsgi [-] 10.0.0.196 "GET / HTTP/1.1" status: 200 len: 246 time: 0.0022306
2026-06-25 23:33:17.476 9 INFO neutron.wsgi [-] 10.0.0.196 "GET / HTTP/1.1" status: 200 len: 246 time: 0.0046294
2026-06-25 23:33:32.469 10 INFO neutron.wsgi [-] 10.0.0.196 "GET / HTTP/1.1" status: 200 len: 246 time: 0.0016837
2026-06-25 23:33:32.469 9 INFO neutron.wsgi [-] 10.0.0.196 "GET / HTTP/1.1" status: 200 len: 246 time: 0.0020313
2026-06-25 23:33:32.912 10 INFO neutron.wsgi [None req-1366e0f8-a725-4812-896e-5d4b30d907c4 c26e1bea72844b4fa2afd28abb2a9f03 2b43eefe57fe4a4798d2146efe13832c - - default default] 10.0.0.38 "GET /v2.0/networks HTTP/1.1" status: 200 len: 2368 time: 0.1924512
2026-06-25 23:33:34.038 9 INFO neutron.wsgi [None req-3b5d7a41-c7c1-423c-87e2-f63404ecc8ca c26e1bea72844b4fa2afd28abb2a9f03 2b43eefe57fe4a4798d2146efe13832c - - default default] 10.0.0.38 "GET /v2.0/floatingips HTTP/1.1" status: 200 len: 212 time: 0.0312715
2026-06-25 23:33:34.077 9 INFO neutron.wsgi [None req-229e456b-5099-40a6-90a8-1818695924a7 c26e1bea72844b4fa2afd28abb2a9f03 2b43eefe57fe4a4798d2146efe13832c - - default default] 10.0.0.38 "GET /v2.0/routers HTTP/1.1" status: 200 len: 208 time: 0.0321844
2026-06-25 23:33:34.128 9 INFO neutron.wsgi [None req-0c072d69-b509-40f5-a1ab-ae348c5e41fc c26e1bea72844b4fa2afd28abb2a9f03 2b43eefe57fe4a4798d2146efe13832c - - default default] 10.0.0.38 "GET /v2.0/ports HTTP/1.1" status: 200 len: 5366 time: 0.0471995
2026-06-25 23:33:34.169 9 INFO neutron.wsgi [None req-7e91a1b7-f99a-4ec8-8346-190d294c38f5 c26e1bea72844b4fa2afd28abb2a9f03 2b43eefe57fe4a4798d2146efe13832c - - default default] 10.0.0.38 "GET /v2.0/subnets HTTP/1.1" status: 200 len: 1456 time: 0.0354965
2026-06-25 23:33:34.232 9 INFO neutron.wsgi [None req-ee012c1e-e32f-44d5-ad7e-38eabfade961 c26e1bea72844b4fa2afd28abb2a9f03 2b43eefe57fe4a4798d2146efe13832c - - default default] 10.0.0.38 "GET /v2.0/networks HTTP/1.1" status: 200 len: 2368 time: 0.0592616
2026-06-25 23:33:34.284 9 INFO neutron.wsgi [None req-30aa9c27-d3f5-4472-a689-80a41062f3db c26e1bea72844b4fa2afd28abb2a9f03 2b43eefe57fe4a4798d2146efe13832c - - default default] 10.0.0.38 "GET /v2.0/security-groups HTTP/1.1" status: 200 len: 16818 time: 0.0469389
2026-06-25 23:33:34.298 9 INFO neutron.wsgi [None req-d80dd9a5-02f4-4b6b-ab13-6bfbdcbfb481 c26e1bea72844b4fa2afd28abb2a9f03 2b43eefe57fe4a4798d2146efe13832c - - default default] 10.0.0.38 "GET /v2.0/subnetpools HTTP/1.1" status: 200 len: 212 time: 0.0105262
2026-06-25 23:33:47.472 10 INFO neutron.wsgi [-] 10.0.0.196 "GET / HTTP/1.1" status: 200 len: 246 time: 0.0025103
2026-06-25 23:33:47.474 9 INFO neutron.wsgi [-] 10.0.0.196 "GET / HTTP/1.1" status: 200 len: 246 time: 0.0033271
2026-06-25 23:33:49.105 10 INFO neutron.db.ovn_revision_numbers_db [None req-3d1340d8-7304-4989-84d1-b62e7c2c9abf c26e1bea72844b4fa2afd28abb2a9f03 2b43eefe57fe4a4798d2146efe13832c - - default default] Successfully bumped revision number for resource 30fc3454-e00a-4286-a5a9-036bd705d776 (type: security_groups) to 1
2026-06-25 23:33:49.107 10 INFO neutron.db.ovn_revision_numbers_db [None req-e6c82c50-fb1f-4349-a8de-243d1af928a1 c26e1bea72844b4fa2afd28abb2a9f03 2b43eefe57fe4a4798d2146efe13832c - - default default] Successfully bumped revision number for resource b82eac67-3f6b-49ea-b0e6-da156f2fbc44 (type: security_groups) to 1
2026-06-25 23:33:49.271 9 INFO neutron.db.ovn_revision_numbers_db [None req-12887283-e525-42d9-b01e-0c9e5efc482b c26e1bea72844b4fa2afd28abb2a9f03 2b43eefe57fe4a4798d2146efe13832c - - default default] Successfully bumped revision number for resource 123c0e7e-16b8-4020-a025-9446afe52639 (type: security_groups) to 1
2026-06-25 23:33:49.623 10 INFO neutron.db.ovn_revision_numbers_db [None req-e6c82c50-fb1f-4349-a8de-243d1af928a1 c26e1bea72844b4fa2afd28abb2a9f03 2b43eefe57fe4a4798d2146efe13832c - - default default] Successfully bumped revision number for resource 0710df00-7dae-44dd-8179-09d927443f5e (type: security_group_rules) to 0
2026-06-25 23:33:49.626 10 INFO neutron.db.ovn_revision_numbers_db [None req-3d1340d8-7304-4989-84d1-b62e7c2c9abf c26e1bea72844b4fa2afd28abb2a9f03 2b43eefe57fe4a4798d2146efe13832c - - default default] Successfully bumped revision number for resource 1fbc97ab-1a88-4b6c-a197-f13fc4235567 (type: security_group_rules) to 0
2026-06-25 23:33:49.672 9 INFO neutron.db.ovn_revision_numbers_db [None req-12887283-e525-42d9-b01e-0c9e5efc482b c26e1bea72844b4fa2afd28abb2a9f03 2b43eefe57fe4a4798d2146efe13832c - - default default] Successfully bumped revision number for resource 389378ef-ab8d-4b85-af65-463fe71d1d0e (type: security_group_rules) to 0
2026-06-25 23:33:49.869 10 INFO neutron.db.ovn_revision_numbers_db [None req-e6c82c50-fb1f-4349-a8de-243d1af928a1 c26e1bea72844b4fa2afd28abb2a9f03 2b43eefe57fe4a4798d2146efe13832c - - default default] Successfully bumped revision number for resource 6ec8240c-5722-4683-b85b-45b3030353a0 (type: security_group_rules) to 0
2026-06-25 23:33:49.870 10 INFO neutron.db.ovn_revision_numbers_db [None req-3d1340d8-7304-4989-84d1-b62e7c2c9abf c26e1bea72844b4fa2afd28abb2a9f03 2b43eefe57fe4a4798d2146efe13832c - - default default] Successfully bumped revision number for resource 746b9616-f631-4b0e-b071-d4650f69190a (type: security_group_rules) to 0
2026-06-25 23:33:49.951 9 INFO neutron.db.ovn_revision_numbers_db [None req-12887283-e525-42d9-b01e-0c9e5efc482b c26e1bea72844b4fa2afd28abb2a9f03 2b43eefe57fe4a4798d2146efe13832c - - default default] Successfully bumped revision number for resource acee2852-330e-4f28-8a5e-d60df4ce241a (type: security_group_rules) to 0
2026-06-25 23:33:50.075 10 INFO neutron.db.ovn_revision_numbers_db [None req-3d1340d8-7304-4989-84d1-b62e7c2c9abf c26e1bea72844b4fa2afd28abb2a9f03 2b43eefe57fe4a4798d2146efe13832c - - default default] Successfully bumped revision number for resource d22bf73b-f325-4492-880e-2d60c78f741b (type: security_group_rules) to 0
2026-06-25 23:33:50.077 10 INFO neutron.db.ovn_revision_numbers_db [None req-e6c82c50-fb1f-4349-a8de-243d1af928a1 c26e1bea72844b4fa2afd28abb2a9f03 2b43eefe57fe4a4798d2146efe13832c - - default default] Successfully bumped revision number for resource 91d92017-25dd-4b91-a0c1-8177b6b0a122 (type: security_group_rules) to 0
2026-06-25 23:33:50.159 9 INFO neutron.db.ovn_revision_numbers_db [None req-12887283-e525-42d9-b01e-0c9e5efc482b c26e1bea72844b4fa2afd28abb2a9f03 2b43eefe57fe4a4798d2146efe13832c - - default default] Successfully bumped revision number for resource dbddadbd-600f-438b-a8ee-64c91b33c740 (type: security_group_rules) to 0
2026-06-25 23:33:50.392 10 INFO neutron.db.ovn_revision_numbers_db [None req-e6c82c50-fb1f-4349-a8de-243d1af928a1 c26e1bea72844b4fa2afd28abb2a9f03 2b43eefe57fe4a4798d2146efe13832c - - default default] Successfully bumped revision number for resource 9e5ba7f6-db02-4b09-aa1e-9eb9e26558c7 (type: security_group_rules) to 0
2026-06-25 23:33:50.396 10 INFO neutron.db.ovn_revision_numbers_db [None req-3d1340d8-7304-4989-84d1-b62e7c2c9abf c26e1bea72844b4fa2afd28abb2a9f03 2b43eefe57fe4a4798d2146efe13832c - - default default] Successfully bumped revision number for resource dcb79045-9e17-4c43-aa47-a00f0b74a468 (type: security_group_rules) to 0
2026-06-25 23:33:50.529 10 INFO neutron.db.segments_db [None req-3d1340d8-7304-4989-84d1-b62e7c2c9abf c26e1bea72844b4fa2afd28abb2a9f03 2b43eefe57fe4a4798d2146efe13832c - - default default] Added segment 363f428d-05a9-4576-a5c4-9dbf7be71825 of type geneve for network 9887a00a-ce1c-4f48-beb8-f1dc3e6dfa5b
2026-06-25 23:33:50.532 10 INFO neutron.db.segments_db [None req-e6c82c50-fb1f-4349-a8de-243d1af928a1 c26e1bea72844b4fa2afd28abb2a9f03 2b43eefe57fe4a4798d2146efe13832c - - default default] Added segment e841efba-d808-405f-ad49-5280752d78f8 of type geneve for network 9fd082f7-33aa-40fc-9d08-41f0a9172a53
2026-06-25 23:33:50.570 9 INFO neutron.db.ovn_revision_numbers_db [None req-12887283-e525-42d9-b01e-0c9e5efc482b c26e1bea72844b4fa2afd28abb2a9f03 2b43eefe57fe4a4798d2146efe13832c - - default default] Successfully bumped revision number for resource f7d08bea-df2d-4b4c-be44-43419075e4ee (type: security_group_rules) to 0
2026-06-25 23:33:50.632 9 INFO neutron.db.segments_db [None req-12887283-e525-42d9-b01e-0c9e5efc482b c26e1bea72844b4fa2afd28abb2a9f03 2b43eefe57fe4a4798d2146efe13832c - - default default] Added segment 889d73e8-3e2b-4298-927f-b1ca3a33297d of type geneve for network 61606d6f-41fd-4ff8-9d1a-08dfe210b6bc
2026-06-25 23:33:51.196 9 INFO neutron.db.ovn_revision_numbers_db [None req-c2f3e00c-4503-4359-8b3b-746599d62960 c26e1bea72844b4fa2afd28abb2a9f03 2b43eefe57fe4a4798d2146efe13832c - - default default] Successfully bumped revision number for resource 8fdfbce4-99da-4ab6-854d-64512b303188 (type: security_groups) to 1
2026-06-25 23:33:51.241 10 INFO neutron.db.ovn_revision_numbers_db [None req-3d1340d8-7304-4989-84d1-b62e7c2c9abf c26e1bea72844b4fa2afd28abb2a9f03 2b43eefe57fe4a4798d2146efe13832c - - default default] Successfully bumped revision number for resource 9887a00a-ce1c-4f48-beb8-f1dc3e6dfa5b (type: networks) to 1
2026-06-25 23:33:51.244 10 INFO neutron.db.ovn_revision_numbers_db [None req-e6c82c50-fb1f-4349-a8de-243d1af928a1 c26e1bea72844b4fa2afd28abb2a9f03 2b43eefe57fe4a4798d2146efe13832c - - default default] Successfully bumped revision number for resource 9fd082f7-33aa-40fc-9d08-41f0a9172a53 (type: networks) to 1
2026-06-25 23:33:51.247 9 INFO neutron.db.ovn_revision_numbers_db [None req-c2f3e00c-4503-4359-8b3b-746599d62960 c26e1bea72844b4fa2afd28abb2a9f03 2b43eefe57fe4a4798d2146efe13832c - - default default] Successfully bumped revision number for resource 106f6ee2-9a0d-4c40-807d-702eb42fe19f (type: security_group_rules) to 0
2026-06-25 23:33:51.321 9 INFO neutron.db.ovn_revision_numbers_db [None req-c2f3e00c-4503-4359-8b3b-746599d62960 c26e1bea72844b4fa2afd28abb2a9f03 2b43eefe57fe4a4798d2146efe13832c - - default default] Successfully bumped revision number for resource 143cde12-f2e9-4044-98a6-6a752c14d550 (type: security_group_rules) to 0
2026-06-25 23:33:51.423 9 INFO neutron.db.ovn_revision_numbers_db [None req-12887283-e525-42d9-b01e-0c9e5efc482b c26e1bea72844b4fa2afd28abb2a9f03 2b43eefe57fe4a4798d2146efe13832c - - default default] Successfully bumped revision number for resource 61606d6f-41fd-4ff8-9d1a-08dfe210b6bc (type: networks) to 1
2026-06-25 23:33:51.601 9 INFO neutron.db.ovn_revision_numbers_db [None req-c2f3e00c-4503-4359-8b3b-746599d62960 c26e1bea72844b4fa2afd28abb2a9f03 2b43eefe57fe4a4798d2146efe13832c - - default default] Successfully bumped revision number for resource acd27c80-3b3f-4b44-b7d3-336c286cd02c (type: security_group_rules) to 0
2026-06-25 23:33:51.936 9 INFO neutron.db.ovn_revision_numbers_db [None req-c2f3e00c-4503-4359-8b3b-746599d62960 c26e1bea72844b4fa2afd28abb2a9f03 2b43eefe57fe4a4798d2146efe13832c - - default default] Successfully bumped revision number for resource f71ac3ae-ecbd-4eb2-90bb-d77dd447fcbc (type: security_group_rules) to 0
2026-06-25 23:33:51.972 10 WARNING neutron.scheduler.dhcp_agent_scheduler [None req-3d1340d8-7304-4989-84d1-b62e7c2c9abf c26e1bea72844b4fa2afd28abb2a9f03 2b43eefe57fe4a4798d2146efe13832c - - default default] No more DHCP agents
2026-06-25 23:33:51.975 10 WARNING neutron.api.rpc.agentnotifiers.dhcp_rpc_agent_api [None req-3d1340d8-7304-4989-84d1-b62e7c2c9abf c26e1bea72844b4fa2afd28abb2a9f03 2b43eefe57fe4a4798d2146efe13832c - - default default] Unable to schedule network 9887a00a-ce1c-4f48-beb8-f1dc3e6dfa5b: no agents available; will retry on subsequent port and subnet creation events.
2026-06-25 23:33:51.979 10 WARNING neutron.scheduler.dhcp_agent_scheduler [None req-e6c82c50-fb1f-4349-a8de-243d1af928a1 c26e1bea72844b4fa2afd28abb2a9f03 2b43eefe57fe4a4798d2146efe13832c - - default default] No more DHCP agents
2026-06-25 23:33:51.979 9 INFO neutron.wsgi [None req-c2f3e00c-4503-4359-8b3b-746599d62960 c26e1bea72844b4fa2afd28abb2a9f03 2b43eefe57fe4a4798d2146efe13832c - - default default] 10.0.0.38 "GET /v2.0/security-groups?tenant_id=e4591b8149a943d58e85a8613d1bad9d&name=default HTTP/1.1" status: 200 len: 2992 time: 1.9032128
2026-06-25 23:33:51.981 9 WARNING neutron.scheduler.dhcp_agent_scheduler [None req-12887283-e525-42d9-b01e-0c9e5efc482b c26e1bea72844b4fa2afd28abb2a9f03 2b43eefe57fe4a4798d2146efe13832c - - default default] No more DHCP agents
2026-06-25 23:33:51.985 9 WARNING neutron.api.rpc.agentnotifiers.dhcp_rpc_agent_api [None req-12887283-e525-42d9-b01e-0c9e5efc482b c26e1bea72844b4fa2afd28abb2a9f03 2b43eefe57fe4a4798d2146efe13832c - - default default] Unable to schedule network 61606d6f-41fd-4ff8-9d1a-08dfe210b6bc: no agents available; will retry on subsequent port and subnet creation events.
2026-06-25 23:33:51.985 10 WARNING neutron.api.rpc.agentnotifiers.dhcp_rpc_agent_api [None req-e6c82c50-fb1f-4349-a8de-243d1af928a1 c26e1bea72844b4fa2afd28abb2a9f03 2b43eefe57fe4a4798d2146efe13832c - - default default] Unable to schedule network 9fd082f7-33aa-40fc-9d08-41f0a9172a53: no agents available; will retry on subsequent port and subnet creation events.
2026-06-25 23:33:52.285 9 INFO neutron.db.ovn_revision_numbers_db [None req-12887283-e525-42d9-b01e-0c9e5efc482b c26e1bea72844b4fa2afd28abb2a9f03 2b43eefe57fe4a4798d2146efe13832c - - default default] Successfully bumped revision number for resource b84915af-ec24-44ab-9dda-51c0d7039ebb (type: ports) to 1
2026-06-25 23:33:52.582 10 INFO neutron.db.ovn_revision_numbers_db [None req-3d1340d8-7304-4989-84d1-b62e7c2c9abf c26e1bea72844b4fa2afd28abb2a9f03 2b43eefe57fe4a4798d2146efe13832c - - default default] Successfully bumped revision number for resource 84de0b39-61bc-43a3-a1df-c8f8bf04ee6d (type: ports) to 1
2026-06-25 23:33:52.586 10 INFO neutron.db.ovn_revision_numbers_db [None req-e6c82c50-fb1f-4349-a8de-243d1af928a1 c26e1bea72844b4fa2afd28abb2a9f03 2b43eefe57fe4a4798d2146efe13832c - - default default] Successfully bumped revision number for resource 9073b605-a28b-4064-939a-fef4c7e2e0fe (type: ports) to 1
2026-06-25 23:33:52.815 9 INFO neutron.wsgi [None req-12887283-e525-42d9-b01e-0c9e5efc482b c26e1bea72844b4fa2afd28abb2a9f03 2b43eefe57fe4a4798d2146efe13832c - - default default] 10.0.0.38 "POST /v2.0/networks HTTP/1.1" status: 201 len: 945 time: 6.6529391
2026-06-25 23:33:52.927 10 INFO neutron.wsgi [None req-3d1340d8-7304-4989-84d1-b62e7c2c9abf c26e1bea72844b4fa2afd28abb2a9f03 2b43eefe57fe4a4798d2146efe13832c - - default default] 10.0.0.38 "POST /v2.0/networks HTTP/1.1" status: 201 len: 953 time: 7.9637754
2026-06-25 23:33:52.932 10 INFO neutron.wsgi [None req-e6c82c50-fb1f-4349-a8de-243d1af928a1 c26e1bea72844b4fa2afd28abb2a9f03 2b43eefe57fe4a4798d2146efe13832c - - default default] 10.0.0.38 "POST /v2.0/networks HTTP/1.1" status: 201 len: 950 time: 7.8698988
2026-06-25 23:33:53.445 10 INFO neutron.wsgi [None req-1e9d9dc7-a932-493b-a72e-50b274aaac25 c26e1bea72844b4fa2afd28abb2a9f03 2b43eefe57fe4a4798d2146efe13832c - - default default] 10.0.0.38 "DELETE /v2.0/security-groups/8fdfbce4-99da-4ab6-854d-64512b303188 HTTP/1.1" status: 204 len: 168 time: 1.4608886
2026-06-25 23:33:53.805 10 WARNING neutron.scheduler.dhcp_agent_scheduler [None req-e38e1f72-6e83-4488-bcba-81d52e2c0ac4 c26e1bea72844b4fa2afd28abb2a9f03 2b43eefe57fe4a4798d2146efe13832c - - default default] No more DHCP agents
2026-06-25 23:33:53.808 10 WARNING neutron.api.rpc.agentnotifiers.dhcp_rpc_agent_api [None req-e38e1f72-6e83-4488-bcba-81d52e2c0ac4 c26e1bea72844b4fa2afd28abb2a9f03 2b43eefe57fe4a4798d2146efe13832c - - default default] Unable to schedule network 9fd082f7-33aa-40fc-9d08-41f0a9172a53: no agents available; will retry on subsequent port and subnet creation events.
2026-06-25 23:33:53.808 9 WARNING neutron.scheduler.dhcp_agent_scheduler [None req-2defc071-62da-4259-b580-2123141a10de c26e1bea72844b4fa2afd28abb2a9f03 2b43eefe57fe4a4798d2146efe13832c - - default default] No more DHCP agents
2026-06-25 23:33:53.812 9 WARNING neutron.scheduler.dhcp_agent_scheduler [None req-f74e865a-279f-4c94-81d1-d9018b02bd6e c26e1bea72844b4fa2afd28abb2a9f03 2b43eefe57fe4a4798d2146efe13832c - - default default] No more DHCP agents
2026-06-25 23:33:53.814 9 WARNING neutron.api.rpc.agentnotifiers.dhcp_rpc_agent_api [None req-2defc071-62da-4259-b580-2123141a10de c26e1bea72844b4fa2afd28abb2a9f03 2b43eefe57fe4a4798d2146efe13832c - - default default] Unable to schedule network 61606d6f-41fd-4ff8-9d1a-08dfe210b6bc: no agents available; will retry on subsequent port and subnet creation events.
2026-06-25 23:33:53.815 9 WARNING neutron.api.rpc.agentnotifiers.dhcp_rpc_agent_api [None req-f74e865a-279f-4c94-81d1-d9018b02bd6e c26e1bea72844b4fa2afd28abb2a9f03 2b43eefe57fe4a4798d2146efe13832c - - default default] Unable to schedule network 9887a00a-ce1c-4f48-beb8-f1dc3e6dfa5b: no agents available; will retry on subsequent port and subnet creation events.
2026-06-25 23:33:55.649 10 INFO neutron.db.ovn_revision_numbers_db [None req-e38e1f72-6e83-4488-bcba-81d52e2c0ac4 c26e1bea72844b4fa2afd28abb2a9f03 2b43eefe57fe4a4798d2146efe13832c - - default default] Successfully bumped revision number for resource 9073b605-a28b-4064-939a-fef4c7e2e0fe (type: ports) to 2
2026-06-25 23:33:55.719 9 INFO neutron.db.ovn_revision_numbers_db [None req-2defc071-62da-4259-b580-2123141a10de c26e1bea72844b4fa2afd28abb2a9f03 2b43eefe57fe4a4798d2146efe13832c - - default default] Successfully bumped revision number for resource b84915af-ec24-44ab-9dda-51c0d7039ebb (type: ports) to 2
2026-06-25 23:33:55.723 9 INFO neutron.db.ovn_revision_numbers_db [None req-f74e865a-279f-4c94-81d1-d9018b02bd6e c26e1bea72844b4fa2afd28abb2a9f03 2b43eefe57fe4a4798d2146efe13832c - - default default] Successfully bumped revision number for resource 84de0b39-61bc-43a3-a1df-c8f8bf04ee6d (type: ports) to 2
2026-06-25 23:33:56.006 10 INFO neutron.db.ovn_revision_numbers_db [None req-e38e1f72-6e83-4488-bcba-81d52e2c0ac4 c26e1bea72844b4fa2afd28abb2a9f03 2b43eefe57fe4a4798d2146efe13832c - - default default] Successfully bumped revision number for resource ef35fe17-3b8e-40e8-9851-7703679496c2 (type: subnets) to 0
2026-06-25 23:33:56.446 9 INFO neutron.db.ovn_revision_numbers_db [None req-2defc071-62da-4259-b580-2123141a10de c26e1bea72844b4fa2afd28abb2a9f03 2b43eefe57fe4a4798d2146efe13832c - - default default] Successfully bumped revision number for resource 9248616c-9df3-4dc8-827a-6ec98713d9e5 (type: subnets) to 0
2026-06-25 23:33:56.450 9 INFO neutron.db.ovn_revision_numbers_db [None req-f74e865a-279f-4c94-81d1-d9018b02bd6e c26e1bea72844b4fa2afd28abb2a9f03 2b43eefe57fe4a4798d2146efe13832c - - default default] Successfully bumped revision number for resource 918274a5-4f3c-46f7-8f60-88547c9ec539 (type: subnets) to 0
2026-06-25 23:33:56.548 10 INFO neutron.wsgi [None req-e38e1f72-6e83-4488-bcba-81d52e2c0ac4 c26e1bea72844b4fa2afd28abb2a9f03 2b43eefe57fe4a4798d2146efe13832c - - default default] 10.0.0.38 "POST /v2.0/subnets HTTP/1.1" status: 201 len: 870 time: 3.6106982
2026-06-25 23:33:56.822 9 INFO neutron.wsgi [None req-f74e865a-279f-4c94-81d1-d9018b02bd6e c26e1bea72844b4fa2afd28abb2a9f03 2b43eefe57fe4a4798d2146efe13832c - - default default] 10.0.0.38 "POST /v2.0/subnets HTTP/1.1" status: 201 len: 873 time: 3.8897448
2026-06-25 23:33:56.850 9 INFO neutron.wsgi [None req-2defc071-62da-4259-b580-2123141a10de c26e1bea72844b4fa2afd28abb2a9f03 2b43eefe57fe4a4798d2146efe13832c - - default default] 10.0.0.38 "POST /v2.0/subnets HTTP/1.1" status: 201 len: 867 time: 4.0299766
2026-06-25 23:33:57.958 9 INFO neutron.db.ovn_revision_numbers_db [None req-4ad2787c-c77f-46c5-9660-f0aac60074bf c26e1bea72844b4fa2afd28abb2a9f03 2b43eefe57fe4a4798d2146efe13832c - - default default] Successfully bumped revision number for resource 3529941b-855d-4453-9de2-eed09ffaa3e8 (type: security_groups) to 1
2026-06-25 23:33:58.220 10 WARNING neutron.scheduler.dhcp_agent_scheduler [None req-b96a67b0-96a1-4e73-bfb9-bf038177a990 c26e1bea72844b4fa2afd28abb2a9f03 2b43eefe57fe4a4798d2146efe13832c - - default default] No more DHCP agents
2026-06-25 23:33:58.225 10 WARNING neutron.api.rpc.agentnotifiers.dhcp_rpc_agent_api [None req-b96a67b0-96a1-4e73-bfb9-bf038177a990 c26e1bea72844b4fa2afd28abb2a9f03 2b43eefe57fe4a4798d2146efe13832c - - default default] Unable to schedule network 7984dda1-acac-48ee-93b4-94f15e1910dc: no agents available; will retry on subsequent port and subnet creation events.
2026-06-25 23:33:58.368 9 INFO neutron.db.ovn_revision_numbers_db [None req-4ad2787c-c77f-46c5-9660-f0aac60074bf c26e1bea72844b4fa2afd28abb2a9f03 2b43eefe57fe4a4798d2146efe13832c - - default default] Successfully bumped revision number for resource 06bed9ee-60c9-4506-a4e4-3c72c257a5fe (type: security_group_rules) to 0
2026-06-25 23:33:58.412 9 WARNING neutron.scheduler.dhcp_agent_scheduler [None req-2e626808-2394-4e68-9acc-97108607ef15 c26e1bea72844b4fa2afd28abb2a9f03 2b43eefe57fe4a4798d2146efe13832c - - default default] No more DHCP agents
2026-06-25 23:33:58.413 10 WARNING neutron.scheduler.dhcp_agent_scheduler [None req-ff8d1337-c519-40d7-8b8b-55857c34089a c26e1bea72844b4fa2afd28abb2a9f03 2b43eefe57fe4a4798d2146efe13832c - - default default] No more DHCP agents
2026-06-25 23:33:58.415 9 WARNING neutron.api.rpc.agentnotifiers.dhcp_rpc_agent_api [None req-2e626808-2394-4e68-9acc-97108607ef15 c26e1bea72844b4fa2afd28abb2a9f03 2b43eefe57fe4a4798d2146efe13832c - - default default] Unable to schedule network 7984dda1-acac-48ee-93b4-94f15e1910dc: no agents available; will retry on subsequent port and subnet creation events.
2026-06-25 23:33:58.421 10 WARNING neutron.api.rpc.agentnotifiers.dhcp_rpc_agent_api [None req-ff8d1337-c519-40d7-8b8b-55857c34089a c26e1bea72844b4fa2afd28abb2a9f03 2b43eefe57fe4a4798d2146efe13832c - - default default] Unable to schedule network 7984dda1-acac-48ee-93b4-94f15e1910dc: no agents available; will retry on subsequent port and subnet creation events.
2026-06-25 23:33:58.743 9 INFO neutron.db.ovn_revision_numbers_db [None req-4ad2787c-c77f-46c5-9660-f0aac60074bf c26e1bea72844b4fa2afd28abb2a9f03 2b43eefe57fe4a4798d2146efe13832c - - default default] Successfully bumped revision number for resource 8a63b55a-9f66-4205-af70-bb54e01b6ddb (type: security_group_rules) to 0
2026-06-25 23:33:59.168 9 INFO neutron.db.ovn_revision_numbers_db [None req-2e626808-2394-4e68-9acc-97108607ef15 c26e1bea72844b4fa2afd28abb2a9f03 2b43eefe57fe4a4798d2146efe13832c - - default default] Successfully bumped revision number for resource 56054e88-3ef7-4a5f-993e-55fc6568a125 (type: ports) to 1
2026-06-25 23:33:59.175 10 INFO neutron.db.ovn_revision_numbers_db [None req-ff8d1337-c519-40d7-8b8b-55857c34089a c26e1bea72844b4fa2afd28abb2a9f03 2b43eefe57fe4a4798d2146efe13832c - - default default] Successfully bumped revision number for resource cc194975-a0a2-4666-a749-dae0d0b368b8 (type: ports) to 1
2026-06-25 23:33:59.176 10 INFO neutron.db.ovn_revision_numbers_db [None req-b96a67b0-96a1-4e73-bfb9-bf038177a990 c26e1bea72844b4fa2afd28abb2a9f03 2b43eefe57fe4a4798d2146efe13832c - - default default] Successfully bumped revision number for resource 1ebe5a84-dcd7-4e2e-a819-a24c080231b8 (type: ports) to 1
2026-06-25 23:33:59.312 10 INFO neutron.wsgi [None req-11e56b45-8141-4463-b3a2-68ba7456b30a c26e1bea72844b4fa2afd28abb2a9f03 2b43eefe57fe4a4798d2146efe13832c - - default default] 10.0.0.134 "GET /v2.0/networks HTTP/1.1" status: 200 len: 4642 time: 0.1868737
2026-06-25 23:33:59.365 10 INFO neutron.wsgi [None req-44ec01f3-036a-4642-bb17-7137c8503bc1 c26e1bea72844b4fa2afd28abb2a9f03 2b43eefe57fe4a4798d2146efe13832c - - default default] 10.0.0.134 "GET /v2.0/subnets HTTP/1.1" status: 200 len: 3420 time: 0.0472066
2026-06-25 23:33:59.429 10 INFO neutron.wsgi [None req-86a9026b-92b5-4325-a410-0058490a8239 c26e1bea72844b4fa2afd28abb2a9f03 2b43eefe57fe4a4798d2146efe13832c - - default default] 10.0.0.134 "GET /v2.0/routers HTTP/1.1" status: 200 len: 1662 time: 0.0584922
2026-06-25 23:33:59.444 10 INFO neutron.wsgi [None req-613115e9-a8fa-43ce-be05-9025ffd8e2a8 c26e1bea72844b4fa2afd28abb2a9f03 2b43eefe57fe4a4798d2146efe13832c - - default default] 10.0.0.134 "GET /v2.0/agents?binary=ovn-controller HTTP/1.1" status: 200 len: 591 time: 0.0131752
2026-06-25 23:33:59.461 10 INFO neutron.wsgi [None req-2d79dfc5-ed4d-4c62-821e-3ab3151b5c47 c26e1bea72844b4fa2afd28abb2a9f03 2b43eefe57fe4a4798d2146efe13832c - - default default] 10.0.0.134 "GET /v2.0/floatingips HTTP/1.1" status: 200 len: 193 time: 0.0157206
2026-06-25 23:33:59.502 9 INFO neutron.db.ovn_revision_numbers_db [None req-4ad2787c-c77f-46c5-9660-f0aac60074bf c26e1bea72844b4fa2afd28abb2a9f03 2b43eefe57fe4a4798d2146efe13832c - - default default] Successfully bumped revision number for resource a1484e4c-fe5b-42cf-9dba-d45f1d368bc5 (type: security_group_rules) to 0
2026-06-25 23:33:59.518 10 INFO neutron.wsgi [None req-f4479197-38d2-4199-b44d-80d14fce04fe c26e1bea72844b4fa2afd28abb2a9f03 2b43eefe57fe4a4798d2146efe13832c - - default default] 10.0.0.134 "GET /v2.0/security-groups HTTP/1.1" status: 200 len: 27903 time: 0.0560548
2026-06-25 23:33:59.533 10 INFO neutron.wsgi [None req-f50e6e73-6323-4fd9-a081-3212dfd110f0 c26e1bea72844b4fa2afd28abb2a9f03 2b43eefe57fe4a4798d2146efe13832c - - default default] 10.0.0.134 "GET /v2.0/network-ip-availabilities HTTP/1.1" status: 200 len: 2738 time: 0.0094883
2026-06-25 23:33:59.563 10 INFO neutron.wsgi [None req-10eacccf-c606-4d81-a383-7baf13d25258 c26e1bea72844b4fa2afd28abb2a9f03 2b43eefe57fe4a4798d2146efe13832c - - default default] 10.0.0.134 "GET /v2.0/subnets HTTP/1.1" status: 200 len: 3420 time: 0.0287971
2026-06-25 23:33:59.574 10 INFO neutron.wsgi [None req-28fb4d5b-beaa-4a00-aad8-ff3384a23472 c26e1bea72844b4fa2afd28abb2a9f03 2b43eefe57fe4a4798d2146efe13832c - - default default] 10.0.0.134 "GET /v2.0/subnetpools HTTP/1.1" status: 200 len: 193 time: 0.0091531
2026-06-25 23:33:59.607 10 INFO neutron.wsgi [None req-febfc3bc-366c-47f2-b394-710eb3fa61b3 c26e1bea72844b4fa2afd28abb2a9f03 2b43eefe57fe4a4798d2146efe13832c - - default default] 10.0.0.134 "GET /v2.0/ports HTTP/1.1" status: 200 len: 11498 time: 0.0326655
2026-06-25 23:33:59.623 10 INFO neutron.wsgi [None req-ae327eee-5b17-4cdc-8196-e9976d74874f c26e1bea72844b4fa2afd28abb2a9f03 2b43eefe57fe4a4798d2146efe13832c - - default default] 10.0.0.134 "GET /v2.0/agents HTTP/1.1" status: 200 len: 997 time: 0.0093155
2026-06-25 23:34:00.113 9 INFO neutron.db.ovn_revision_numbers_db [None req-4ad2787c-c77f-46c5-9660-f0aac60074bf c26e1bea72844b4fa2afd28abb2a9f03 2b43eefe57fe4a4798d2146efe13832c - - default default] Successfully bumped revision number for resource d4334a9d-5530-4113-9a86-386dfc016aaf (type: security_group_rules) to 0
2026-06-25 23:34:00.267 9 INFO neutron.db.segments_db [None req-4ad2787c-c77f-46c5-9660-f0aac60074bf c26e1bea72844b4fa2afd28abb2a9f03 2b43eefe57fe4a4798d2146efe13832c - - default default] Added segment 50900127-ea58-4d80-a913-8f4a8319fdd2 of type geneve for network 4f012af6-29a0-4549-af2c-fa884d492780
2026-06-25 23:34:00.361 9 INFO neutron.plugins.ml2.drivers.ovn.mech_driver.ovsdb.extensions.qos [None req-2e626808-2394-4e68-9acc-97108607ef15 c26e1bea72844b4fa2afd28abb2a9f03 2b43eefe57fe4a4798d2146efe13832c - - default default] Starting OVNClientQosExtension
