2026-06-25 23:35:34.244 10 WARNING neutron.scheduler.dhcp_agent_scheduler [None req-21b1a814-e6f3-421b-b9b5-558d121c81a9 1969c06827fd4b2cafc4e998f9ef79b0 d805059b5d814fc1aeb26c96063f6e7d - - default default] No more DHCP agents
2026-06-25 23:35:34.249 10 WARNING neutron.api.rpc.agentnotifiers.dhcp_rpc_agent_api [None req-21b1a814-e6f3-421b-b9b5-558d121c81a9 1969c06827fd4b2cafc4e998f9ef79b0 d805059b5d814fc1aeb26c96063f6e7d - - default default] Unable to schedule network 124e9047-a331-4f16-b8ae-c6149fe0e68d: no agents available; will retry on subsequent port and subnet creation events.
2026-06-25 23:35:34.342 10 INFO neutron.db.ovn_revision_numbers_db [None req-21b1a814-e6f3-421b-b9b5-558d121c81a9 1969c06827fd4b2cafc4e998f9ef79b0 d805059b5d814fc1aeb26c96063f6e7d - - default default] Successfully bumped revision number for resource 9fe10493-c05c-409b-b90f-7179a68629b8 (type: ports) to 1
2026-06-25 23:35:34.386 10 INFO neutron.wsgi [None req-21b1a814-e6f3-421b-b9b5-558d121c81a9 1969c06827fd4b2cafc4e998f9ef79b0 d805059b5d814fc1aeb26c96063f6e7d - - default default] 10.0.0.38 "POST /v2.0/networks HTTP/1.1" status: 201 len: 853 time: 0.8836007
2026-06-25 23:35:34.443 9 INFO neutron.wsgi [req-d491fff7-58a5-4ca7-ae24-0b1dbb24109d req-51fed800-b6b8-4fba-bad3-55b977c3f07b 5fdf5ab74def42a1ba12a3dce2222eff 67fad40fe0ed4852b37c04909bb43d63 - - default default] 10.0.0.226 "GET /v2.0/ports?device_id=2a70a3c8-9ec2-4db0-b6dc-bf5500f7a953 HTTP/1.1" status: 200 len: 210 time: 0.0284643
2026-06-25 23:35:34.522 10 INFO neutron.db.segments_db [None req-7b2917ed-794d-4ca5-804e-7193cf29d2cd 1969c06827fd4b2cafc4e998f9ef79b0 d805059b5d814fc1aeb26c96063f6e7d - - default default] Added segment 7164ebd5-5d8d-4699-bfa7-908253c98ea2 of type geneve for network 33a2d218-c845-40c2-ad9b-4b3f6d40b28b
2026-06-25 23:35:34.727 10 INFO neutron.db.ovn_revision_numbers_db [None req-7b2917ed-794d-4ca5-804e-7193cf29d2cd 1969c06827fd4b2cafc4e998f9ef79b0 d805059b5d814fc1aeb26c96063f6e7d - - default default] Successfully bumped revision number for resource 33a2d218-c845-40c2-ad9b-4b3f6d40b28b (type: networks) to 1
2026-06-25 23:35:34.894 10 WARNING neutron.scheduler.dhcp_agent_scheduler [None req-7b2917ed-794d-4ca5-804e-7193cf29d2cd 1969c06827fd4b2cafc4e998f9ef79b0 d805059b5d814fc1aeb26c96063f6e7d - - default default] No more DHCP agents
2026-06-25 23:35:34.897 10 WARNING neutron.api.rpc.agentnotifiers.dhcp_rpc_agent_api [None req-7b2917ed-794d-4ca5-804e-7193cf29d2cd 1969c06827fd4b2cafc4e998f9ef79b0 d805059b5d814fc1aeb26c96063f6e7d - - default default] Unable to schedule network 33a2d218-c845-40c2-ad9b-4b3f6d40b28b: no agents available; will retry on subsequent port and subnet creation events.
2026-06-25 23:35:34.986 10 INFO neutron.db.ovn_revision_numbers_db [None req-7b2917ed-794d-4ca5-804e-7193cf29d2cd 1969c06827fd4b2cafc4e998f9ef79b0 d805059b5d814fc1aeb26c96063f6e7d - - default default] Successfully bumped revision number for resource 57477881-bafb-4a68-bea1-a5804b545058 (type: ports) to 1
2026-06-25 23:35:35.008 10 INFO neutron.wsgi [None req-7b2917ed-794d-4ca5-804e-7193cf29d2cd 1969c06827fd4b2cafc4e998f9ef79b0 d805059b5d814fc1aeb26c96063f6e7d - - default default] 10.0.0.38 "POST /v2.0/networks HTTP/1.1" status: 201 len: 852 time: 0.6154773
2026-06-25 23:35:35.344 10 INFO neutron.db.ovn_revision_numbers_db [None req-0ae92bcc-1e6f-42a7-8548-5564c2112293 c26e1bea72844b4fa2afd28abb2a9f03 2b43eefe57fe4a4798d2146efe13832c - - default default] Successfully bumped revision number for resource 9bb2e166-6849-4a17-89b4-d54b47a9662c (type: security_groups) to 1
2026-06-25 23:35:35.375 10 INFO neutron.db.ovn_revision_numbers_db [None req-0ae92bcc-1e6f-42a7-8548-5564c2112293 c26e1bea72844b4fa2afd28abb2a9f03 2b43eefe57fe4a4798d2146efe13832c - - default default] Successfully bumped revision number for resource 454daebc-acad-4198-9e1f-ac3ab6dc11f1 (type: security_group_rules) to 0
2026-06-25 23:35:35.394 10 INFO neutron.db.ovn_revision_numbers_db [None req-0ae92bcc-1e6f-42a7-8548-5564c2112293 c26e1bea72844b4fa2afd28abb2a9f03 2b43eefe57fe4a4798d2146efe13832c - - default default] Successfully bumped revision number for resource 50529c17-b3df-47dc-9ec0-92afe1648f8a (type: security_group_rules) to 0
2026-06-25 23:35:35.429 10 INFO neutron.db.ovn_revision_numbers_db [None req-0ae92bcc-1e6f-42a7-8548-5564c2112293 c26e1bea72844b4fa2afd28abb2a9f03 2b43eefe57fe4a4798d2146efe13832c - - default default] Successfully bumped revision number for resource 88b3ceab-73d4-4b95-81c8-9b9ceaf72991 (type: security_group_rules) to 0
2026-06-25 23:35:35.473 10 INFO neutron.db.ovn_revision_numbers_db [None req-0ae92bcc-1e6f-42a7-8548-5564c2112293 c26e1bea72844b4fa2afd28abb2a9f03 2b43eefe57fe4a4798d2146efe13832c - - default default] Successfully bumped revision number for resource b8138bde-0187-4e5c-ae81-8005f38d7a1b (type: security_group_rules) to 0
2026-06-25 23:35:35.538 10 INFO neutron.wsgi [req-0127fbf7-cbef-4f50-843e-d55cc52ee41f req-a189b463-a31b-4a69-93b1-e5dc86b26df5 5fdf5ab74def42a1ba12a3dce2222eff 67fad40fe0ed4852b37c04909bb43d63 - - default default] 10.0.0.226 "GET /v2.0/ports?device_id=2a70a3c8-9ec2-4db0-b6dc-bf5500f7a953 HTTP/1.1" status: 200 len: 210 time: 0.0252202
2026-06-25 23:35:35.539 10 INFO neutron.db.segments_db [None req-0ae92bcc-1e6f-42a7-8548-5564c2112293 c26e1bea72844b4fa2afd28abb2a9f03 2b43eefe57fe4a4798d2146efe13832c - - default default] Added segment a6f8af6b-9b88-4885-b253-90bc51a779cd of type geneve for network b79516eb-7d1e-4780-b8d1-df2d4b6604e3
2026-06-25 23:35:35.657 9 INFO neutron.wsgi [req-daba438a-c81e-4ed2-aeba-74a583dc484a req-c2fea721-bdcd-415f-9f02-8c943b68ed9a 5fdf5ab74def42a1ba12a3dce2222eff 67fad40fe0ed4852b37c04909bb43d63 - - default default] 199.204.45.4 "GET /v2.0/networks?id=bf0b3cd5-50b8-461c-b835-b683a13d5eba HTTP/1.1" status: 200 len: 874 time: 0.0757446
2026-06-25 23:35:35.719 10 INFO neutron.db.ovn_revision_numbers_db [None req-0ae92bcc-1e6f-42a7-8548-5564c2112293 c26e1bea72844b4fa2afd28abb2a9f03 2b43eefe57fe4a4798d2146efe13832c - - default default] Successfully bumped revision number for resource b79516eb-7d1e-4780-b8d1-df2d4b6604e3 (type: networks) to 1
2026-06-25 23:35:35.730 9 INFO neutron.wsgi [req-daba438a-c81e-4ed2-aeba-74a583dc484a req-cd6880fe-37cc-49ba-98b6-9042fae0d718 5fdf5ab74def42a1ba12a3dce2222eff 67fad40fe0ed4852b37c04909bb43d63 - - default default] 199.204.45.4 "GET /v2.0/security-groups?fields=id&fields=name&tenant_id=67fad40fe0ed4852b37c04909bb43d63 HTTP/1.1" status: 200 len: 380 time: 0.0577843
2026-06-25 23:35:35.923 10 WARNING neutron.scheduler.dhcp_agent_scheduler [None req-0ae92bcc-1e6f-42a7-8548-5564c2112293 c26e1bea72844b4fa2afd28abb2a9f03 2b43eefe57fe4a4798d2146efe13832c - - default default] No more DHCP agents
2026-06-25 23:35:35.924 10 WARNING neutron.api.rpc.agentnotifiers.dhcp_rpc_agent_api [None req-0ae92bcc-1e6f-42a7-8548-5564c2112293 c26e1bea72844b4fa2afd28abb2a9f03 2b43eefe57fe4a4798d2146efe13832c - - default default] Unable to schedule network b79516eb-7d1e-4780-b8d1-df2d4b6604e3: no agents available; will retry on subsequent port and subnet creation events.
2026-06-25 23:35:36.087 9 WARNING neutron.scheduler.dhcp_agent_scheduler [None req-3d04dc53-e312-4526-ac1e-96b39907989d 1969c06827fd4b2cafc4e998f9ef79b0 d805059b5d814fc1aeb26c96063f6e7d - - default default] No more DHCP agents
2026-06-25 23:35:36.092 9 WARNING neutron.api.rpc.agentnotifiers.dhcp_rpc_agent_api [None req-3d04dc53-e312-4526-ac1e-96b39907989d 1969c06827fd4b2cafc4e998f9ef79b0 d805059b5d814fc1aeb26c96063f6e7d - - default default] Unable to schedule network 124e9047-a331-4f16-b8ae-c6149fe0e68d: no agents available; will retry on subsequent port and subnet creation events.
2026-06-25 23:35:36.130 10 INFO neutron.db.ovn_revision_numbers_db [None req-0ae92bcc-1e6f-42a7-8548-5564c2112293 c26e1bea72844b4fa2afd28abb2a9f03 2b43eefe57fe4a4798d2146efe13832c - - default default] Successfully bumped revision number for resource d91f90f9-91a5-4bff-b1e6-578475e45472 (type: ports) to 1
2026-06-25 23:35:36.195 9 INFO neutron.db.ovn_revision_numbers_db [None req-3d04dc53-e312-4526-ac1e-96b39907989d 1969c06827fd4b2cafc4e998f9ef79b0 d805059b5d814fc1aeb26c96063f6e7d - - default default] Successfully bumped revision number for resource 7f39f7bf-f78e-4f7c-b572-4081ba89ce53 (type: subnets) to 0
2026-06-25 23:35:36.208 10 INFO neutron.wsgi [None req-0ae92bcc-1e6f-42a7-8548-5564c2112293 c26e1bea72844b4fa2afd28abb2a9f03 2b43eefe57fe4a4798d2146efe13832c - - default default] 10.0.0.38 "POST /v2.0/networks HTTP/1.1" status: 201 len: 946 time: 1.3414960
2026-06-25 23:35:36.246 9 WARNING neutron.scheduler.dhcp_agent_scheduler [None req-3d04dc53-e312-4526-ac1e-96b39907989d 1969c06827fd4b2cafc4e998f9ef79b0 d805059b5d814fc1aeb26c96063f6e7d - - default default] No more DHCP agents
2026-06-25 23:35:36.246 9 WARNING neutron.scheduler.dhcp_agent_scheduler [req-daba438a-c81e-4ed2-aeba-74a583dc484a req-1653ded5-eee8-4e2f-b981-e2f5c3f44c14 5fdf5ab74def42a1ba12a3dce2222eff 67fad40fe0ed4852b37c04909bb43d63 - - default default] No more DHCP agents
2026-06-25 23:35:36.249 9 WARNING neutron.api.rpc.agentnotifiers.dhcp_rpc_agent_api [req-daba438a-c81e-4ed2-aeba-74a583dc484a req-1653ded5-eee8-4e2f-b981-e2f5c3f44c14 5fdf5ab74def42a1ba12a3dce2222eff 67fad40fe0ed4852b37c04909bb43d63 - - default default] Unable to schedule network bf0b3cd5-50b8-461c-b835-b683a13d5eba: no agents available; will retry on subsequent port and subnet creation events.
2026-06-25 23:35:36.251 9 WARNING neutron.api.rpc.agentnotifiers.dhcp_rpc_agent_api [None req-3d04dc53-e312-4526-ac1e-96b39907989d 1969c06827fd4b2cafc4e998f9ef79b0 d805059b5d814fc1aeb26c96063f6e7d - - default default] Unable to schedule network 33a2d218-c845-40c2-ad9b-4b3f6d40b28b: no agents available; will retry on subsequent port and subnet creation events.
2026-06-25 23:35:36.378 9 INFO neutron.db.ovn_revision_numbers_db [None req-3d04dc53-e312-4526-ac1e-96b39907989d 1969c06827fd4b2cafc4e998f9ef79b0 d805059b5d814fc1aeb26c96063f6e7d - - default default] Successfully bumped revision number for resource 8e4f0a72-e3b7-4e2d-b333-8047be5db191 (type: subnets) to 0
2026-06-25 23:35:36.441 9 INFO neutron.wsgi [None req-3d04dc53-e312-4526-ac1e-96b39907989d 1969c06827fd4b2cafc4e998f9ef79b0 d805059b5d814fc1aeb26c96063f6e7d - - default default] 10.0.0.38 "POST /v2.0/subnets HTTP/1.1" status: 201 len: 1475 time: 0.9569287
2026-06-25 23:35:36.443 9 INFO neutron.db.ovn_revision_numbers_db [req-daba438a-c81e-4ed2-aeba-74a583dc484a req-1653ded5-eee8-4e2f-b981-e2f5c3f44c14 5fdf5ab74def42a1ba12a3dce2222eff 67fad40fe0ed4852b37c04909bb43d63 - - default default] Successfully bumped revision number for resource d3458834-8f8d-4c6a-beb8-fefa59da0aef (type: ports) to 1 /var/lib/openstack/lib/python3.10/site-packages/pycadf/identifier.py:71: UserWarning: Invalid uuid: neutron. To ensure interoperability, identifiers should be a valid uuid. warnings.warn(('Invalid uuid: %s. To ensure interoperability, '
2026-06-25 23:35:36.451 10 WARNING neutron.scheduler.dhcp_agent_scheduler [None req-ee735ec6-5001-4d32-af55-f267ddcb6323 c26e1bea72844b4fa2afd28abb2a9f03 2b43eefe57fe4a4798d2146efe13832c - - default default] No more DHCP agents
2026-06-25 23:35:36.455 10 WARNING neutron.api.rpc.agentnotifiers.dhcp_rpc_agent_api [None req-ee735ec6-5001-4d32-af55-f267ddcb6323 c26e1bea72844b4fa2afd28abb2a9f03 2b43eefe57fe4a4798d2146efe13832c - - default default] Unable to schedule network b79516eb-7d1e-4780-b8d1-df2d4b6604e3: no agents available; will retry on subsequent port and subnet creation events.
2026-06-25 23:35:36.511 9 INFO neutron.wsgi [None req-40fd64a9-da80-476f-897b-c45a04a595b0 1969c06827fd4b2cafc4e998f9ef79b0 d805059b5d814fc1aeb26c96063f6e7d - - default default] 10.0.0.38 "GET /v2.0/subnets HTTP/1.1" status: 200 len: 2083 time: 0.0652966
2026-06-25 23:35:36.534 9 INFO neutron.wsgi [req-daba438a-c81e-4ed2-aeba-74a583dc484a req-1653ded5-eee8-4e2f-b981-e2f5c3f44c14 5fdf5ab74def42a1ba12a3dce2222eff 67fad40fe0ed4852b37c04909bb43d63 - - default default] 199.204.45.4 "POST /v2.0/ports HTTP/1.1" status: 201 len: 1158 time: 0.7961574
2026-06-25 23:35:36.663 10 INFO neutron.db.ovn_revision_numbers_db [None req-926d5a77-2c12-42b6-a259-95080a80ad06 c26e1bea72844b4fa2afd28abb2a9f03 2b43eefe57fe4a4798d2146efe13832c - - default default] Successfully bumped revision number for resource 5a2b036c-5379-4222-8045-bb053d62a980 (type: security_groups) to 1
2026-06-25 23:35:36.682 10 INFO neutron.db.ovn_revision_numbers_db [None req-926d5a77-2c12-42b6-a259-95080a80ad06 c26e1bea72844b4fa2afd28abb2a9f03 2b43eefe57fe4a4798d2146efe13832c - - default default] Successfully bumped revision number for resource 8f525dd2-643e-4ac1-b47f-547136f2c7d9 (type: security_group_rules) to 0
2026-06-25 23:35:36.731 10 INFO neutron.db.ovn_revision_numbers_db [None req-926d5a77-2c12-42b6-a259-95080a80ad06 c26e1bea72844b4fa2afd28abb2a9f03 2b43eefe57fe4a4798d2146efe13832c - - default default] Successfully bumped revision number for resource 9c7f535b-5e46-4d93-b890-00a5f0f136b8 (type: security_group_rules) to 0
2026-06-25 23:35:36.744 9 INFO neutron.wsgi [req-6e291837-6056-4202-a788-5f921598efae req-13174463-a59c-48a5-9966-a0b918b3d146 5fdf5ab74def42a1ba12a3dce2222eff 67fad40fe0ed4852b37c04909bb43d63 - - default default] 10.0.0.226 "GET /v2.0/ports?device_id=2a70a3c8-9ec2-4db0-b6dc-bf5500f7a953 HTTP/1.1" status: 200 len: 1156 time: 0.1511176
2026-06-25 23:35:36.772 10 INFO neutron.db.ovn_revision_numbers_db [None req-926d5a77-2c12-42b6-a259-95080a80ad06 c26e1bea72844b4fa2afd28abb2a9f03 2b43eefe57fe4a4798d2146efe13832c - - default default] Successfully bumped revision number for resource b69d4b26-9d8d-4a88-b0b1-983eb62b62b9 (type: security_group_rules) to 0
2026-06-25 23:35:36.813 10 INFO neutron.db.ovn_revision_numbers_db [None req-926d5a77-2c12-42b6-a259-95080a80ad06 c26e1bea72844b4fa2afd28abb2a9f03 2b43eefe57fe4a4798d2146efe13832c - - default default] Successfully bumped revision number for resource cb19ceff-952a-4479-ab76-5aa9c755d810 (type: security_group_rules) to 0
2026-06-25 23:35:36.859 10 INFO neutron.wsgi [None req-926d5a77-2c12-42b6-a259-95080a80ad06 c26e1bea72844b4fa2afd28abb2a9f03 2b43eefe57fe4a4798d2146efe13832c - - default default] 10.0.0.38 "GET /v2.0/security-groups?tenant_id=a9b9c855a5304838aab64cd1ace785c6&name=default HTTP/1.1" status: 200 len: 2996 time: 0.5925932
2026-06-25 23:35:36.994 10 WARNING neutron.plugins.ml2.drivers.ovn.mech_driver.ovsdb.ovn_client [None req-4d68a1e5-3384-4428-ac89-218fdb8c7b19 - - - - - -] No hosting information found for port a7f75cbe-5dfa-43a5-ac96-ce3ab25f3e2e: RuntimeError: No hosting information found for port a7f75cbe-5dfa-43a5-ac96-ce3ab25f3e2e
2026-06-25 23:35:37.075 9 INFO neutron.wsgi [req-6e291837-6056-4202-a788-5f921598efae req-ab90be63-ea26-4e90-803e-b9a01ebd2e3d 5fdf5ab74def42a1ba12a3dce2222eff 67fad40fe0ed4852b37c04909bb43d63 - - default default] 10.0.0.226 "GET /v2.0/security-groups?id=0cefbf73-0a46-4d49-89b5-9b5820385638&fields=id&fields=name HTTP/1.1" status: 200 len: 313 time: 0.3212547
2026-06-25 23:35:37.094 10 INFO neutron.db.ovn_revision_numbers_db [None req-ee735ec6-5001-4d32-af55-f267ddcb6323 c26e1bea72844b4fa2afd28abb2a9f03 2b43eefe57fe4a4798d2146efe13832c - - default default] Successfully bumped revision number for resource d91f90f9-91a5-4bff-b1e6-578475e45472 (type: ports) to 2
2026-06-25 23:35:37.094 9 INFO neutron.wsgi [None req-cf6e380d-4159-444f-b5db-e354a56beb84 1969c06827fd4b2cafc4e998f9ef79b0 d805059b5d814fc1aeb26c96063f6e7d - - default default] 10.0.0.38 "DELETE /v2.0/subnets/7f39f7bf-f78e-4f7c-b572-4081ba89ce53 HTTP/1.1" status: 204 len: 168 time: 0.5698023
2026-06-25 23:35:37.149 10 INFO neutron.db.ovn_revision_numbers_db [None req-ee735ec6-5001-4d32-af55-f267ddcb6323 c26e1bea72844b4fa2afd28abb2a9f03 2b43eefe57fe4a4798d2146efe13832c - - default default] Successfully bumped revision number for resource 99e803d2-1f8d-42c6-9f7b-433913224700 (type: subnets) to 0
2026-06-25 23:35:37.172 10 INFO neutron.wsgi [None req-ee735ec6-5001-4d32-af55-f267ddcb6323 c26e1bea72844b4fa2afd28abb2a9f03 2b43eefe57fe4a4798d2146efe13832c - - default default] 10.0.0.38 "POST /v2.0/subnets HTTP/1.1" status: 201 len: 866 time: 0.9595444
2026-06-25 23:35:37.234 10 INFO neutron.wsgi [None req-f84ca2ab-a740-4df3-a42f-52fd596bcfd6 c26e1bea72844b4fa2afd28abb2a9f03 2b43eefe57fe4a4798d2146efe13832c - - default default] 10.0.0.38 "DELETE /v2.0/security-groups/5a2b036c-5379-4222-8045-bb053d62a980 HTTP/1.1" status: 204 len: 168 time: 0.3694632 /var/lib/openstack/lib/python3.10/site-packages/pycadf/identifier.py:71: UserWarning: Invalid uuid: neutron. To ensure interoperability, identifiers should be a valid uuid. warnings.warn(('Invalid uuid: %s. To ensure interoperability, '
2026-06-25 23:35:37.352 10 INFO neutron.wsgi [None req-132b6709-1cc4-4e7c-ad6d-5caa769a0af4 1969c06827fd4b2cafc4e998f9ef79b0 d805059b5d814fc1aeb26c96063f6e7d - - default default] 10.0.0.38 "DELETE /v2.0/subnets/8e4f0a72-e3b7-4e2d-b333-8047be5db191 HTTP/1.1" status: 204 len: 168 time: 0.2510478
2026-06-25 23:35:37.359 9 INFO neutron.db.ovn_revision_numbers_db [req-daba438a-c81e-4ed2-aeba-74a583dc484a req-87c9b4b5-9030-46b7-98c7-512229b58f91 fb40b85c4be44d2ba3cdbb8906922eee 5b348a9d28774d1a9926eabffd5e01e4 - - 2cd177c1069f466b8251a88850592d23 2cd177c1069f466b8251a88850592d23] Successfully bumped revision number for resource d3458834-8f8d-4c6a-beb8-fefa59da0aef (type: ports) to 2
2026-06-25 23:35:37.421 10 INFO neutron.wsgi [None req-86c13ed3-b784-4bf0-a78e-305a3ffeb8eb 1969c06827fd4b2cafc4e998f9ef79b0 d805059b5d814fc1aeb26c96063f6e7d - - default default] 10.0.0.38 "GET /v2.0/subnets HTTP/1.1" status: 200 len: 820 time: 0.0615599
2026-06-25 23:35:37.471 9 INFO neutron.db.ovn_revision_numbers_db [None req-de108bd0-d19a-4d2f-9ed8-b2bf6163a4cf c26e1bea72844b4fa2afd28abb2a9f03 2b43eefe57fe4a4798d2146efe13832c - - default default] Successfully bumped revision number for resource 630bd1e6-7221-4fec-8ade-3f1cb183f4b6 (type: security_groups) to 1
2026-06-25 23:35:37.499 9 INFO neutron.db.ovn_revision_numbers_db [None req-de108bd0-d19a-4d2f-9ed8-b2bf6163a4cf c26e1bea72844b4fa2afd28abb2a9f03 2b43eefe57fe4a4798d2146efe13832c - - default default] Successfully bumped revision number for resource 959117f7-1ec8-4562-9bc6-8da9efedd774 (type: security_group_rules) to 0
2026-06-25 23:35:37.525 9 INFO neutron.db.ovn_revision_numbers_db [None req-de108bd0-d19a-4d2f-9ed8-b2bf6163a4cf c26e1bea72844b4fa2afd28abb2a9f03 2b43eefe57fe4a4798d2146efe13832c - - default default] Successfully bumped revision number for resource 98e6c4f2-1cc3-4475-96ff-3abe3fc85eb0 (type: security_group_rules) to 0
2026-06-25 23:35:37.553 9 INFO neutron.db.ovn_revision_numbers_db [None req-de108bd0-d19a-4d2f-9ed8-b2bf6163a4cf c26e1bea72844b4fa2afd28abb2a9f03 2b43eefe57fe4a4798d2146efe13832c - - default default] Successfully bumped revision number for resource df609f62-e16c-450c-955c-8976b76dc522 (type: security_group_rules) to 0
2026-06-25 23:35:37.576 9 INFO neutron.db.ovn_revision_numbers_db [None req-de108bd0-d19a-4d2f-9ed8-b2bf6163a4cf c26e1bea72844b4fa2afd28abb2a9f03 2b43eefe57fe4a4798d2146efe13832c - - default default] Successfully bumped revision number for resource e1dd196c-00d5-421f-a96e-77d92535587f (type: security_group_rules) to 0
2026-06-25 23:35:37.612 9 INFO neutron.wsgi [None req-de108bd0-d19a-4d2f-9ed8-b2bf6163a4cf c26e1bea72844b4fa2afd28abb2a9f03 2b43eefe57fe4a4798d2146efe13832c - - default default] 10.0.0.38 "GET /v2.0/security-groups?tenant_id=317403cd7a4642e994dddf6821192440&name=default HTTP/1.1" status: 200 len: 2996 time: 0.2868271
2026-06-25 23:35:37.613 9 INFO neutron.db.ovn_revision_numbers_db [req-daba438a-c81e-4ed2-aeba-74a583dc484a req-87c9b4b5-9030-46b7-98c7-512229b58f91 fb40b85c4be44d2ba3cdbb8906922eee 5b348a9d28774d1a9926eabffd5e01e4 - - 2cd177c1069f466b8251a88850592d23 2cd177c1069f466b8251a88850592d23] Successfully bumped revision number for resource d3458834-8f8d-4c6a-beb8-fefa59da0aef (type: ports) to 2 /var/lib/openstack/lib/python3.10/site-packages/pycadf/identifier.py:71: UserWarning: Invalid uuid: neutron. To ensure interoperability, identifiers should be a valid uuid. warnings.warn(('Invalid uuid: %s. To ensure interoperability, '
2026-06-25 23:35:37.636 9 INFO neutron.wsgi [req-daba438a-c81e-4ed2-aeba-74a583dc484a req-87c9b4b5-9030-46b7-98c7-512229b58f91 fb40b85c4be44d2ba3cdbb8906922eee 5b348a9d28774d1a9926eabffd5e01e4 - - 2cd177c1069f466b8251a88850592d23 2cd177c1069f466b8251a88850592d23] 199.204.45.4 "PUT /v2.0/ports/d3458834-8f8d-4c6a-beb8-fefa59da0aef HTTP/1.1" status: 200 len: 1376 time: 1.0950410
2026-06-25 23:35:37.692 9 INFO neutron.notifiers.nova [-] Nova event matching ['req-67abfd4a-8432-4173-b12c-d6193b5f10fa'] response: {'name': 'network-changed', 'server_uuid': '2a70a3c8-9ec2-4db0-b6dc-bf5500f7a953', 'tag': 'd3458834-8f8d-4c6a-beb8-fefa59da0aef', 'status': 'completed', 'code': 200}
2026-06-25 23:35:37.710 9 INFO neutron.wsgi [req-daba438a-c81e-4ed2-aeba-74a583dc484a req-6406ee7a-9429-49b6-b464-c0d2b09ebec4 fb40b85c4be44d2ba3cdbb8906922eee 5b348a9d28774d1a9926eabffd5e01e4 - - 2cd177c1069f466b8251a88850592d23 2cd177c1069f466b8251a88850592d23] 199.204.45.4 "GET /v2.0/ports?tenant_id=67fad40fe0ed4852b37c04909bb43d63&device_id=2a70a3c8-9ec2-4db0-b6dc-bf5500f7a953 HTTP/1.1" status: 200 len: 1407 time: 0.0379896
2026-06-25 23:35:37.739 9 INFO neutron.wsgi [req-daba438a-c81e-4ed2-aeba-74a583dc484a req-e366f3ce-1330-4ecd-9796-56d381e85115 fb40b85c4be44d2ba3cdbb8906922eee 5b348a9d28774d1a9926eabffd5e01e4 - - 2cd177c1069f466b8251a88850592d23 2cd177c1069f466b8251a88850592d23] 199.204.45.4 "GET /v2.0/floatingips?fixed_ip_address=10.100.0.8&port_id=d3458834-8f8d-4c6a-beb8-fefa59da0aef HTTP/1.1" status: 200 len: 217 time: 0.0233922
2026-06-25 23:35:37.760 10 WARNING neutron.scheduler.dhcp_agent_scheduler [None req-e9aa863f-5502-4ed9-8dc8-5ffdac5979d3 c26e1bea72844b4fa2afd28abb2a9f03 2b43eefe57fe4a4798d2146efe13832c - - default default] No more DHCP agents
2026-06-25 23:35:37.765 10 WARNING neutron.api.rpc.agentnotifiers.dhcp_rpc_agent_api [None req-e9aa863f-5502-4ed9-8dc8-5ffdac5979d3 c26e1bea72844b4fa2afd28abb2a9f03 2b43eefe57fe4a4798d2146efe13832c - - default default] Unable to schedule network 7984dda1-acac-48ee-93b4-94f15e1910dc: no agents available; will retry on subsequent port and subnet creation events.
2026-06-25 23:35:37.772 9 INFO neutron.wsgi [req-daba438a-c81e-4ed2-aeba-74a583dc484a req-95de485a-e7f7-4dbd-af87-196b4252d295 fb40b85c4be44d2ba3cdbb8906922eee 5b348a9d28774d1a9926eabffd5e01e4 - - 2cd177c1069f466b8251a88850592d23 2cd177c1069f466b8251a88850592d23] 199.204.45.4 "GET /v2.0/subnets?id=2e0f658e-7608-4893-9ff9-344e349d35b5 HTTP/1.1" status: 200 len: 868 time: 0.0288024
2026-06-25 23:35:37.803 9 INFO neutron.wsgi [req-daba438a-c81e-4ed2-aeba-74a583dc484a req-a3679f00-e013-4611-8340-4d241377e62b fb40b85c4be44d2ba3cdbb8906922eee 5b348a9d28774d1a9926eabffd5e01e4 - - 2cd177c1069f466b8251a88850592d23 2cd177c1069f466b8251a88850592d23] 199.204.45.4 "GET /v2.0/ports?network_id=bf0b3cd5-50b8-461c-b835-b683a13d5eba&device_owner=network%3Adhcp HTTP/1.1" status: 200 len: 210 time: 0.0264087
2026-06-25 23:35:37.857 10 INFO neutron.services.segments.plugin [-] Segment 7164ebd5-5d8d-4699-bfa7-908253c98ea2 resource provider aggregate not found
2026-06-25 23:35:37.864 9 INFO neutron.wsgi [req-daba438a-c81e-4ed2-aeba-74a583dc484a req-3791346d-f1d2-4366-927a-d71e0e13eb1f fb40b85c4be44d2ba3cdbb8906922eee 5b348a9d28774d1a9926eabffd5e01e4 - - 2cd177c1069f466b8251a88850592d23 2cd177c1069f466b8251a88850592d23] 199.204.45.4 "GET /v2.0/networks/bf0b3cd5-50b8-461c-b835-b683a13d5eba?fields=segments HTTP/1.1" status: 200 len: 212 time: 0.0560815
2026-06-25 23:35:37.869 10 INFO neutron.services.segments.plugin [-] Segment 7164ebd5-5d8d-4699-bfa7-908253c98ea2 resource provider aggregate not found
2026-06-25 23:35:37.872 10 INFO neutron.services.segments.plugin [-] Segment 7164ebd5-5d8d-4699-bfa7-908253c98ea2 resource provider not found; error: Placement Client Error (4xx): {"errors": [{"status": 404, "title": "Not Found", "detail": "The resource could not be found.\n\n No resource provider with uuid 7164ebd5-5d8d-4699-bfa7-908253c98ea2 found for delete ", "request_id": "req-6e9fd42a-c67c-4b08-9f6f-a689a65ff46b"}]}
2026-06-25 23:35:37.885 10 INFO neutron.services.segments.plugin [-] Segment 7164ebd5-5d8d-4699-bfa7-908253c98ea2 resource provider not found; error: Placement Client Error (4xx): {"errors": [{"status": 404, "title": "Not Found", "detail": "The resource could not be found.\n\n No resource provider with uuid 7164ebd5-5d8d-4699-bfa7-908253c98ea2 found for delete ", "request_id": "req-ac8f8998-2241-4ad7-9d23-3220d83ce254"}]}
2026-06-25 23:35:37.918 10 INFO neutron.wsgi [None req-e4252e9a-1428-49ca-b615-9277904f892c 1969c06827fd4b2cafc4e998f9ef79b0 d805059b5d814fc1aeb26c96063f6e7d - - default default] 10.0.0.38 "DELETE /v2.0/networks/33a2d218-c845-40c2-ad9b-4b3f6d40b28b HTTP/1.1" status: 204 len: 168 time: 0.4867132
2026-06-25 23:35:37.935 9 INFO neutron.wsgi [req-daba438a-c81e-4ed2-aeba-74a583dc484a req-a9f204a1-7b8d-4c62-9910-90292eacfe88 fb40b85c4be44d2ba3cdbb8906922eee 5b348a9d28774d1a9926eabffd5e01e4 - - 2cd177c1069f466b8251a88850592d23 2cd177c1069f466b8251a88850592d23] 199.204.45.4 "GET /v2.0/networks/bf0b3cd5-50b8-461c-b835-b683a13d5eba?fields=provider%3Aphysical_network&fields=provider%3Anetwork_type HTTP/1.1" status: 200 len: 277 time: 0.0633011
2026-06-25 23:35:37.951 9 INFO neutron.wsgi [None req-f1d0b787-df38-4748-aecd-99b032c6e12c c26e1bea72844b4fa2afd28abb2a9f03 2b43eefe57fe4a4798d2146efe13832c - - default default] 10.0.0.38 "DELETE /v2.0/security-groups/630bd1e6-7221-4fec-8ade-3f1cb183f4b6 HTTP/1.1" status: 204 len: 168 time: 0.3316760
2026-06-25 23:35:37.977 10 INFO neutron.db.ovn_revision_numbers_db [None req-e9aa863f-5502-4ed9-8dc8-5ffdac5979d3 c26e1bea72844b4fa2afd28abb2a9f03 2b43eefe57fe4a4798d2146efe13832c - - default default] Successfully bumped revision number for resource bdc6a332-d2ec-4cd8-b874-fdc3234eb384 (type: ports) to 1
2026-06-25 23:35:38.036 9 INFO neutron.wsgi [req-631bdbe2-7669-477c-a181-917cd83082dc req-f9719440-3349-4b57-9288-951c49072529 fb40b85c4be44d2ba3cdbb8906922eee 5b348a9d28774d1a9926eabffd5e01e4 - - 2cd177c1069f466b8251a88850592d23 2cd177c1069f466b8251a88850592d23] 199.204.45.4 "GET /v2.0/ports?tenant_id=67fad40fe0ed4852b37c04909bb43d63&device_id=2a70a3c8-9ec2-4db0-b6dc-bf5500f7a953 HTTP/1.1" status: 200 len: 1407 time: 0.0390785
2026-06-25 23:35:38.125 9 INFO neutron.wsgi [req-631bdbe2-7669-477c-a181-917cd83082dc req-932d7b5d-5a1b-4a00-bc17-cdba88720169 fb40b85c4be44d2ba3cdbb8906922eee 5b348a9d28774d1a9926eabffd5e01e4 - - 2cd177c1069f466b8251a88850592d23 2cd177c1069f466b8251a88850592d23] 199.204.45.4 "GET /v2.0/networks?id=bf0b3cd5-50b8-461c-b835-b683a13d5eba HTTP/1.1" status: 200 len: 971 time: 0.0818732
2026-06-25 23:35:38.162 9 INFO neutron.wsgi [req-631bdbe2-7669-477c-a181-917cd83082dc req-cfd79797-25ef-473c-b958-9da97539a1c8 fb40b85c4be44d2ba3cdbb8906922eee 5b348a9d28774d1a9926eabffd5e01e4 - - 2cd177c1069f466b8251a88850592d23 2cd177c1069f466b8251a88850592d23] 199.204.45.4 "GET /v2.0/floatingips?fixed_ip_address=10.100.0.8&port_id=d3458834-8f8d-4c6a-beb8-fefa59da0aef HTTP/1.1" status: 200 len: 217 time: 0.0310121
2026-06-25 23:35:38.217 9 INFO neutron.wsgi [req-631bdbe2-7669-477c-a181-917cd83082dc req-2a51efd1-e8e3-4e64-a318-bc884a0cfb6d fb40b85c4be44d2ba3cdbb8906922eee 5b348a9d28774d1a9926eabffd5e01e4 - - 2cd177c1069f466b8251a88850592d23 2cd177c1069f466b8251a88850592d23] 199.204.45.4 "GET /v2.0/subnets?id=2e0f658e-7608-4893-9ff9-344e349d35b5 HTTP/1.1" status: 200 len: 868 time: 0.0432634
2026-06-25 23:35:38.236 10 INFO neutron.plugins.ml2.drivers.ovn.mech_driver.mech_driver [None req-4d68a1e5-3384-4428-ac89-218fdb8c7b19 - - - - - -] OVN reports status up for port: d3458834-8f8d-4c6a-beb8-fefa59da0aef
2026-06-25 23:35:38.248 9 INFO neutron.wsgi [req-0099d73d-f917-4b7b-82da-c62d829302de req-7e1c34ed-79df-4b83-9d7a-311a82fe361f 5fdf5ab74def42a1ba12a3dce2222eff 67fad40fe0ed4852b37c04909bb43d63 - - default default] 10.0.0.226 "GET /v2.0/ports?device_id=2a70a3c8-9ec2-4db0-b6dc-bf5500f7a953 HTTP/1.1" status: 200 len: 1168 time: 0.0734568
2026-06-25 23:35:38.251 9 INFO neutron.wsgi [req-631bdbe2-7669-477c-a181-917cd83082dc req-4ce8ee95-f54d-4d87-aaf9-390f7002240f fb40b85c4be44d2ba3cdbb8906922eee 5b348a9d28774d1a9926eabffd5e01e4 - - 2cd177c1069f466b8251a88850592d23 2cd177c1069f466b8251a88850592d23] 199.204.45.4 "GET /v2.0/ports?network_id=bf0b3cd5-50b8-461c-b835-b683a13d5eba&device_owner=network%3Adhcp HTTP/1.1" status: 200 len: 210 time: 0.0257437
2026-06-25 23:35:38.261 10 INFO neutron.plugins.ml2.plugin [None req-4d68a1e5-3384-4428-ac89-218fdb8c7b19 - - - - - -] Attempt 1 to provision port d3458834-8f8d-4c6a-beb8-fefa59da0aef
2026-06-25 23:35:38.315 9 INFO neutron.wsgi [req-0099d73d-f917-4b7b-82da-c62d829302de req-d78b1219-c106-490f-94d8-a21ba1e18559 5fdf5ab74def42a1ba12a3dce2222eff 67fad40fe0ed4852b37c04909bb43d63 - - default default] 10.0.0.226 "GET /v2.0/security-groups?id=0cefbf73-0a46-4d49-89b5-9b5820385638&fields=id&fields=name HTTP/1.1" status: 200 len: 313 time: 0.0579140
2026-06-25 23:35:38.370 9 INFO neutron.wsgi [req-631bdbe2-7669-477c-a181-917cd83082dc req-74890795-aa89-420a-965c-df6c538dd6aa fb40b85c4be44d2ba3cdbb8906922eee 5b348a9d28774d1a9926eabffd5e01e4 - - 2cd177c1069f466b8251a88850592d23 2cd177c1069f466b8251a88850592d23] 199.204.45.4 "GET /v2.0/networks/bf0b3cd5-50b8-461c-b835-b683a13d5eba?fields=segments HTTP/1.1" status: 200 len: 212 time: 0.1119499
2026-06-25 23:35:38.478 10 INFO neutron.notifiers.nova [-] Nova event matching ['req-873b511e-4596-409b-a03d-6b5aa6055144'] response: {'server_uuid': '2a70a3c8-9ec2-4db0-b6dc-bf5500f7a953', 'name': 'network-vif-plugged', 'status': 'completed', 'tag': 'd3458834-8f8d-4c6a-beb8-fefa59da0aef', 'code': 200}
2026-06-25 23:35:38.503 9 INFO neutron.wsgi [req-631bdbe2-7669-477c-a181-917cd83082dc req-806fcef1-4471-431d-bec4-cf33b7a00069 fb40b85c4be44d2ba3cdbb8906922eee 5b348a9d28774d1a9926eabffd5e01e4 - - 2cd177c1069f466b8251a88850592d23 2cd177c1069f466b8251a88850592d23] 199.204.45.4 "GET /v2.0/networks/bf0b3cd5-50b8-461c-b835-b683a13d5eba?fields=provider%3Aphysical_network&fields=provider%3Anetwork_type HTTP/1.1" status: 200 len: 277 time: 0.1261320
2026-06-25 23:35:38.517 9 INFO neutron.services.segments.plugin [-] Segment c25b8a05-b506-45ac-95fe-d3ec738cb944 resource provider aggregate not found
2026-06-25 23:35:38.526 9 INFO neutron.services.segments.plugin [-] Segment c25b8a05-b506-45ac-95fe-d3ec738cb944 resource provider aggregate not found
2026-06-25 23:35:38.551 9 INFO neutron.services.segments.plugin [-] Segment c25b8a05-b506-45ac-95fe-d3ec738cb944 resource provider not found; error: Placement Client Error (4xx): {"errors": [{"status": 404, "title": "Not Found", "detail": "The resource could not be found.\n\n No resource provider with uuid c25b8a05-b506-45ac-95fe-d3ec738cb944 found for delete ", "request_id": "req-e78af403-ec1f-441f-9df1-e73ec760afa2"}]}
2026-06-25 23:35:38.553 9 INFO neutron.services.segments.plugin [-] Segment c25b8a05-b506-45ac-95fe-d3ec738cb944 resource provider not found; error: Placement Client Error (4xx): {"errors": [{"status": 404, "title": "Not Found", "detail": "The resource could not be found.\n\n No resource provider with uuid c25b8a05-b506-45ac-95fe-d3ec738cb944 found for delete ", "request_id": "req-c36ab8f0-6e0d-49d8-85e8-9c907450786a"}]}
2026-06-25 23:35:38.573 9 INFO neutron.wsgi [None req-a734b903-9226-473b-83af-805918236cea 1969c06827fd4b2cafc4e998f9ef79b0 d805059b5d814fc1aeb26c96063f6e7d - - default default] 10.0.0.38 "DELETE /v2.0/networks/124e9047-a331-4f16-b8ae-c6149fe0e68d HTTP/1.1" status: 204 len: 168 time: 0.6481502
2026-06-25 23:35:38.700 10 INFO neutron.db.ovn_revision_numbers_db [None req-4d68a1e5-3384-4428-ac89-218fdb8c7b19 - - - - - -] Successfully bumped revision number for resource d3458834-8f8d-4c6a-beb8-fefa59da0aef (type: ports) to 4
2026-06-25 23:35:38.988 10 INFO neutron.plugins.ml2.drivers.ovn.mech_driver.mech_driver [None req-4d68a1e5-3384-4428-ac89-218fdb8c7b19 - - - - - -] OVN reports status up for port: bdc6a332-d2ec-4cd8-b874-fdc3234eb384
2026-06-25 23:35:39.010 10 INFO neutron.plugins.ml2.plugin [None req-4d68a1e5-3384-4428-ac89-218fdb8c7b19 - - - - - -] Attempt 1 to provision port bdc6a332-d2ec-4cd8-b874-fdc3234eb384
2026-06-25 23:35:39.013 10 INFO neutron.plugins.ml2.drivers.ovn.mech_driver.ovsdb.ovsdb_monitor [None req-406f7697-e415-4f83-a35f-ae9c0214e633 - - - - - -] Router a8c44d61-ead4-41ed-a95f-0b33bfe6460b is bound to host instance
2026-06-25 23:35:39.059 10 INFO neutron.db.ovn_revision_numbers_db [None req-e9aa863f-5502-4ed9-8dc8-5ffdac5979d3 c26e1bea72844b4fa2afd28abb2a9f03 2b43eefe57fe4a4798d2146efe13832c - - default default] Successfully bumped revision number for resource bdc6a332-d2ec-4cd8-b874-fdc3234eb384 (type: router_ports) to 1
2026-06-25 23:35:39.086 9 INFO neutron.wsgi [None req-7c91253a-f2f6-425e-8bb8-1a90f977f623 1969c06827fd4b2cafc4e998f9ef79b0 d805059b5d814fc1aeb26c96063f6e7d - - default default] 10.0.0.38 "DELETE /v2.0/networks/5c597413-5c2d-42e8-b2e9-3a741d91a4ff HTTP/1.1" status: 204 len: 168 time: 0.5068820
2026-06-25 23:35:39.165 10 INFO neutron.db.ovn_revision_numbers_db [None req-e9aa863f-5502-4ed9-8dc8-5ffdac5979d3 c26e1bea72844b4fa2afd28abb2a9f03 2b43eefe57fe4a4798d2146efe13832c - - default default] Successfully bumped revision number for resource a8c44d61-ead4-41ed-a95f-0b33bfe6460b (type: routers) to 2
2026-06-25 23:35:39.183 10 INFO neutron.wsgi [None req-e9aa863f-5502-4ed9-8dc8-5ffdac5979d3 c26e1bea72844b4fa2afd28abb2a9f03 2b43eefe57fe4a4798d2146efe13832c - - default default] 10.0.0.38 "POST /v2.0/routers HTTP/1.1" status: 201 len: 877 time: 2.0058627
2026-06-25 23:35:39.481 9 INFO neutron.wsgi [req-b45e517b-6add-4cf9-a16f-b1252e5a97e9 req-5bcc774b-e16b-4336-bf46-a7896ccdfb7f 5fdf5ab74def42a1ba12a3dce2222eff 67fad40fe0ed4852b37c04909bb43d63 - - default default] 10.0.0.226 "GET /v2.0/ports?device_id=2a70a3c8-9ec2-4db0-b6dc-bf5500f7a953 HTTP/1.1" status: 200 len: 1170 time: 0.0641768
2026-06-25 23:35:39.560 9 INFO neutron.wsgi [req-b45e517b-6add-4cf9-a16f-b1252e5a97e9 req-9997f35a-3daf-459c-a69a-7a8d11e38967 5fdf5ab74def42a1ba12a3dce2222eff 67fad40fe0ed4852b37c04909bb43d63 - - default default] 10.0.0.226 "GET /v2.0/security-groups?id=0cefbf73-0a46-4d49-89b5-9b5820385638&fields=id&fields=name HTTP/1.1" status: 200 len: 313 time: 0.0617318
2026-06-25 23:35:39.581 9 INFO neutron.wsgi [None req-74d8b9e2-ade7-4cb0-a1ca-a9dbd8d3be2e 1969c06827fd4b2cafc4e998f9ef79b0 d805059b5d814fc1aeb26c96063f6e7d - - default default] 10.0.0.38 "DELETE /v2.0/networks/9f3dd5fd-5eb7-4d5d-9441-424be10a7d74 HTTP/1.1" status: 204 len: 168 time: 0.4877965 /var/lib/openstack/lib/python3.10/site-packages/pycadf/identifier.py:71: UserWarning: Invalid uuid: neutron. To ensure interoperability, identifiers should be a valid uuid. warnings.warn(('Invalid uuid: %s. To ensure interoperability, '
2026-06-25 23:35:39.657 10 INFO neutron.db.ovn_revision_numbers_db [None req-406f7697-e415-4f83-a35f-ae9c0214e633 - - - - - -] Successfully bumped revision number for resource bdc6a332-d2ec-4cd8-b874-fdc3234eb384 (type: ports) to 1
2026-06-25 23:35:39.756 10 INFO neutron.wsgi [req-0c33414b-3e75-4ced-b429-ecad7559a586 req-e6a0083a-9ddc-4ded-b790-bce03c784675 5fdf5ab74def42a1ba12a3dce2222eff 67fad40fe0ed4852b37c04909bb43d63 - - default default] 10.0.0.226 "GET /v2.0/ports?device_id=2a70a3c8-9ec2-4db0-b6dc-bf5500f7a953 HTTP/1.1" status: 200 len: 1170 time: 0.1080532
2026-06-25 23:35:39.842 9 WARNING neutron.scheduler.dhcp_agent_scheduler [None req-e0d0c776-a2de-439c-a54c-cf04c178d04e c26e1bea72844b4fa2afd28abb2a9f03 2b43eefe57fe4a4798d2146efe13832c - - default default] No more DHCP agents
2026-06-25 23:35:39.847 9 WARNING neutron.api.rpc.agentnotifiers.dhcp_rpc_agent_api [None req-e0d0c776-a2de-439c-a54c-cf04c178d04e c26e1bea72844b4fa2afd28abb2a9f03 2b43eefe57fe4a4798d2146efe13832c - - default default] Unable to schedule network b79516eb-7d1e-4780-b8d1-df2d4b6604e3: no agents available; will retry on subsequent port and subnet creation events.
2026-06-25 23:35:39.999 10 INFO neutron.db.ovn_revision_numbers_db [None req-406f7697-e415-4f83-a35f-ae9c0214e633 - - - - - -] Successfully bumped revision number for resource bdc6a332-d2ec-4cd8-b874-fdc3234eb384 (type: router_ports) to 3
2026-06-25 23:35:40.174 10 INFO neutron.db.ovn_revision_numbers_db [None req-406f7697-e415-4f83-a35f-ae9c0214e633 - - - - - -] Successfully bumped revision number for resource bdc6a332-d2ec-4cd8-b874-fdc3234eb384 (type: ports) to 2
2026-06-25 23:35:40.348 10 INFO neutron.wsgi [None req-491f0831-b6d5-494a-809b-3a99771b82ca c26e1bea72844b4fa2afd28abb2a9f03 2b43eefe57fe4a4798d2146efe13832c - - default default] 10.0.0.38 "GET /v2.0/security-groups?tenant_id=d805059b5d814fc1aeb26c96063f6e7d&name=default HTTP/1.1" status: 200 len: 2996 time: 0.1352108
2026-06-25 23:35:40.440 9 INFO neutron.db.ovn_revision_numbers_db [None req-e0d0c776-a2de-439c-a54c-cf04c178d04e c26e1bea72844b4fa2afd28abb2a9f03 2b43eefe57fe4a4798d2146efe13832c - - default default] Successfully bumped revision number for resource ff18a0cd-4fa4-4bcf-b5f4-40cd60ae2392 (type: ports) to 1
2026-06-25 23:35:40.446 9 INFO neutron.db.l3_db [None req-8fdc0740-4306-4dd2-87cc-413454d3d9d2 5fdf5ab74def42a1ba12a3dce2222eff 67fad40fe0ed4852b37c04909bb43d63 - - default default] Floating IP e9044756-a0cd-45fc-874b-991ef1363bbc associated. External IP: 10.96.250.202, port: d3458834-8f8d-4c6a-beb8-fefa59da0aef.
2026-06-25 23:35:40.450 10 INFO neutron.db.ovn_revision_numbers_db [None req-a272cb46-b7a8-4950-be75-7460aa6567e2 bc664f5760d64f60b71323c46a015fe2 d7000bd018b1413a8793dc9cbc912891 - - default default] Successfully bumped revision number for resource 6fb444f3-1db1-4714-bfe2-e8665ccc7184 (type: security_groups) to 1
2026-06-25 23:35:40.525 10 INFO neutron.db.ovn_revision_numbers_db [None req-a272cb46-b7a8-4950-be75-7460aa6567e2 bc664f5760d64f60b71323c46a015fe2 d7000bd018b1413a8793dc9cbc912891 - - default default] Successfully bumped revision number for resource 059edfdc-cb0d-4cd8-87f5-4cd988b4a488 (type: security_group_rules) to 0
2026-06-25 23:35:40.532 10 INFO neutron.notifiers.nova [-] Nova event matching ['req-458562da-25df-409f-bd4f-5cf27cf28c93'] response: {'server_uuid': '2a70a3c8-9ec2-4db0-b6dc-bf5500f7a953', 'name': 'network-vif-plugged', 'status': 'completed', 'tag': 'd3458834-8f8d-4c6a-beb8-fefa59da0aef', 'code': 200}
2026-06-25 23:35:40.572 9 INFO neutron.services.segments.plugin [-] Segment 389be37e-ad9e-4ddf-8f07-8f380b739e85 resource provider aggregate not found
2026-06-25 23:35:40.579 9 INFO neutron.services.segments.plugin [-] Segment 389be37e-ad9e-4ddf-8f07-8f380b739e85 resource provider aggregate not found
2026-06-25 23:35:40.588 9 INFO neutron.services.segments.plugin [-] Segment 389be37e-ad9e-4ddf-8f07-8f380b739e85 resource provider not found; error: Placement Client Error (4xx): {"errors": [{"status": 404, "title": "Not Found", "detail": "The resource could not be found.\n\n No resource provider with uuid 389be37e-ad9e-4ddf-8f07-8f380b739e85 found for delete ", "request_id": "req-4b85e16d-8f2d-4db5-8bd1-b0d26ba36420"}]}
2026-06-25 23:35:40.595 10 INFO neutron.db.ovn_revision_numbers_db [None req-a272cb46-b7a8-4950-be75-7460aa6567e2 bc664f5760d64f60b71323c46a015fe2 d7000bd018b1413a8793dc9cbc912891 - - default default] Successfully bumped revision number for resource 12000483-a9ce-49de-ba42-69249cfdc95a (type: security_group_rules) to 0
2026-06-25 23:35:40.601 9 INFO neutron.services.segments.plugin [-] Segment 389be37e-ad9e-4ddf-8f07-8f380b739e85 resource provider not found; error: Placement Client Error (4xx): {"errors": [{"status": 404, "title": "Not Found", "detail": "The resource could not be found.\n\n No resource provider with uuid 389be37e-ad9e-4ddf-8f07-8f380b739e85 found for delete ", "request_id": "req-eb295fa0-1a4f-4f57-99df-267b4cc960ff"}]}
2026-06-25 23:35:40.625 9 INFO neutron.services.segments.plugin [-] Segment d8f5c61b-cb54-478d-93cd-24365910a0a2 resource provider aggregate not found
2026-06-25 23:35:40.645 9 INFO neutron.services.segments.plugin [-] Segment d8f5c61b-cb54-478d-93cd-24365910a0a2 resource provider aggregate not found
2026-06-25 23:35:40.659 10 INFO neutron.db.ovn_revision_numbers_db [None req-a272cb46-b7a8-4950-be75-7460aa6567e2 bc664f5760d64f60b71323c46a015fe2 d7000bd018b1413a8793dc9cbc912891 - - default default] Successfully bumped revision number for resource 3a15f52e-f799-4e9a-896a-0d35a5995112 (type: security_group_rules) to 0
2026-06-25 23:35:40.666 9 INFO neutron.services.segments.plugin [-] Segment d8f5c61b-cb54-478d-93cd-24365910a0a2 resource provider not found; error: Placement Client Error (4xx): {"errors": [{"status": 404, "title": "Not Found", "detail": "The resource could not be found.\n\n No resource provider with uuid d8f5c61b-cb54-478d-93cd-24365910a0a2 found for delete ", "request_id": "req-6ee6b4ef-3a94-4164-8814-91374373a4d8"}]}
2026-06-25 23:35:40.667 9 INFO neutron.services.segments.plugin [-] Segment d8f5c61b-cb54-478d-93cd-24365910a0a2 resource provider not found; error: Placement Client Error (4xx): {"errors": [{"status": 404, "title": "Not Found", "detail": "The resource could not be found.\n\n No resource provider with uuid d8f5c61b-cb54-478d-93cd-24365910a0a2 found for delete ", "request_id": "req-0d844b65-e6d9-4406-9891-1d4be8996171"}]}
2026-06-25 23:35:40.668 10 INFO neutron.db.ovn_revision_numbers_db [None req-406f7697-e415-4f83-a35f-ae9c0214e633 - - - - - -] Successfully bumped revision number for resource bdc6a332-d2ec-4cd8-b874-fdc3234eb384 (type: ports) to 4
2026-06-25 23:35:40.703 10 INFO neutron.db.ovn_revision_numbers_db [None req-a272cb46-b7a8-4950-be75-7460aa6567e2 bc664f5760d64f60b71323c46a015fe2 d7000bd018b1413a8793dc9cbc912891 - - default default] Successfully bumped revision number for resource 7037dcb2-0d04-469c-b42e-80ebdf47d14b (type: security_group_rules) to 0
2026-06-25 23:35:40.772 10 INFO neutron.db.segments_db [None req-a272cb46-b7a8-4950-be75-7460aa6567e2 bc664f5760d64f60b71323c46a015fe2 d7000bd018b1413a8793dc9cbc912891 - - default default] Added segment 39858083-d45b-4b12-9a45-658a78f91da4 of type geneve for network 203bf577-e7c2-41f4-8e59-ec88acc65f21
2026-06-25 23:35:40.817 9 INFO neutron.db.ovn_revision_numbers_db [None req-8fdc0740-4306-4dd2-87cc-413454d3d9d2 5fdf5ab74def42a1ba12a3dce2222eff 67fad40fe0ed4852b37c04909bb43d63 - - default default] Successfully bumped revision number for resource e9044756-a0cd-45fc-874b-991ef1363bbc (type: floatingips) to 1
2026-06-25 23:35:40.853 10 INFO neutron.wsgi [None req-0b31c01b-1007-48a5-a150-830b7a7fc914 c26e1bea72844b4fa2afd28abb2a9f03 2b43eefe57fe4a4798d2146efe13832c - - default default] 10.0.0.38 "DELETE /v2.0/security-groups/1c4fb680-d3a4-40f4-9398-016bbdfa0d97 HTTP/1.1" status: 204 len: 168 time: 0.4980059
2026-06-25 23:35:40.983 9 INFO neutron.db.ovn_revision_numbers_db [None req-8fdc0740-4306-4dd2-87cc-413454d3d9d2 5fdf5ab74def42a1ba12a3dce2222eff 67fad40fe0ed4852b37c04909bb43d63 - - default default] Successfully bumped revision number for resource e9044756-a0cd-45fc-874b-991ef1363bbc (type: floatingips) to 2
2026-06-25 23:35:40.998 10 INFO neutron.db.ovn_revision_numbers_db [None req-a272cb46-b7a8-4950-be75-7460aa6567e2 bc664f5760d64f60b71323c46a015fe2 d7000bd018b1413a8793dc9cbc912891 - - default default] Successfully bumped revision number for resource 203bf577-e7c2-41f4-8e59-ec88acc65f21 (type: networks) to 1
2026-06-25 23:35:41.010 9 INFO neutron.wsgi [None req-8fdc0740-4306-4dd2-87cc-413454d3d9d2 5fdf5ab74def42a1ba12a3dce2222eff 67fad40fe0ed4852b37c04909bb43d63 - - default default] 10.0.0.38 "PUT /v2.0/floatingips/e9044756-a0cd-45fc-874b-991ef1363bbc HTTP/1.1" status: 200 len: 1049 time: 1.2350843
2026-06-25 23:35:41.045 9 INFO neutron.notifiers.nova [-] Nova event matching ['req-9a4eea3a-a8a8-4507-a7f8-432cfca7c073'] response: {'name': 'network-changed', 'server_uuid': '2a70a3c8-9ec2-4db0-b6dc-bf5500f7a953', 'tag': 'd3458834-8f8d-4c6a-beb8-fefa59da0aef', 'status': 'completed', 'code': 200}
2026-06-25 23:35:41.131 9 INFO neutron.wsgi [req-893626f7-3a0d-424d-8af4-4de4436b1003 req-24e7ae4e-8192-4d82-826f-4923788f7768 5fdf5ab74def42a1ba12a3dce2222eff 67fad40fe0ed4852b37c04909bb43d63 - - default default] 10.0.0.226 "GET /v2.0/ports?device_id=2a70a3c8-9ec2-4db0-b6dc-bf5500f7a953 HTTP/1.1" status: 200 len: 1170 time: 0.0667129
2026-06-25 23:35:41.135 9 INFO neutron.wsgi [req-cb5ce095-ef27-47b8-8f1a-8deb601a96ca req-2d57fa7e-849a-4682-a49f-8a274688e649 fb40b85c4be44d2ba3cdbb8906922eee 5b348a9d28774d1a9926eabffd5e01e4 - - 2cd177c1069f466b8251a88850592d23 2cd177c1069f466b8251a88850592d23] 199.204.45.4 "GET /v2.0/ports?tenant_id=67fad40fe0ed4852b37c04909bb43d63&device_id=2a70a3c8-9ec2-4db0-b6dc-bf5500f7a953 HTTP/1.1" status: 200 len: 1409 time: 0.0593235
2026-06-25 23:35:41.210 9 INFO neutron.wsgi [req-893626f7-3a0d-424d-8af4-4de4436b1003 req-d9b51536-e27d-4e9e-97e4-08ebd5145ff1 5fdf5ab74def42a1ba12a3dce2222eff 67fad40fe0ed4852b37c04909bb43d63 - - default default] 10.0.0.226 "GET /v2.0/security-groups?id=0cefbf73-0a46-4d49-89b5-9b5820385638&fields=id&fields=name HTTP/1.1" status: 200 len: 313 time: 0.0721798
2026-06-25 23:35:41.237 10 INFO neutron.db.ovn_revision_numbers_db [None req-406f7697-e415-4f83-a35f-ae9c0214e633 - - - - - -] Successfully bumped revision number for resource bdc6a332-d2ec-4cd8-b874-fdc3234eb384 (type: router_ports) to 4
2026-06-25 23:35:41.243 9 INFO neutron.wsgi [req-cb5ce095-ef27-47b8-8f1a-8deb601a96ca req-6ab9ad43-bdc9-4441-bfd4-76dd8b8775a6 fb40b85c4be44d2ba3cdbb8906922eee 5b348a9d28774d1a9926eabffd5e01e4 - - 2cd177c1069f466b8251a88850592d23 2cd177c1069f466b8251a88850592d23] 199.204.45.4 "GET /v2.0/networks?id=bf0b3cd5-50b8-461c-b835-b683a13d5eba HTTP/1.1" status: 200 len: 971 time: 0.0971515
2026-06-25 23:35:41.251 9 INFO neutron.db.ovn_revision_numbers_db [None req-e0d0c776-a2de-439c-a54c-cf04c178d04e c26e1bea72844b4fa2afd28abb2a9f03 2b43eefe57fe4a4798d2146efe13832c - - default default] Successfully bumped revision number for resource ff18a0cd-4fa4-4bcf-b5f4-40cd60ae2392 (type: router_ports) to 1
2026-06-25 23:35:41.287 10 WARNING neutron.scheduler.dhcp_agent_scheduler [None req-a272cb46-b7a8-4950-be75-7460aa6567e2 bc664f5760d64f60b71323c46a015fe2 d7000bd018b1413a8793dc9cbc912891 - - default default] No more DHCP agents
2026-06-25 23:35:41.292 10 WARNING neutron.api.rpc.agentnotifiers.dhcp_rpc_agent_api [None req-a272cb46-b7a8-4950-be75-7460aa6567e2 bc664f5760d64f60b71323c46a015fe2 d7000bd018b1413a8793dc9cbc912891 - - default default] Unable to schedule network 203bf577-e7c2-41f4-8e59-ec88acc65f21: no agents available; will retry on subsequent port and subnet creation events.
2026-06-25 23:35:41.324 9 INFO neutron.wsgi [req-cb5ce095-ef27-47b8-8f1a-8deb601a96ca req-6ff0ec09-71a7-478c-b92b-d11d70915abf fb40b85c4be44d2ba3cdbb8906922eee 5b348a9d28774d1a9926eabffd5e01e4 - - 2cd177c1069f466b8251a88850592d23 2cd177c1069f466b8251a88850592d23] 199.204.45.4 "GET /v2.0/floatingips?fixed_ip_address=10.100.0.8&port_id=d3458834-8f8d-4c6a-beb8-fefa59da0aef HTTP/1.1" status: 200 len: 1059 time: 0.0715215
2026-06-25 23:35:41.370 9 INFO neutron.wsgi [req-cb5ce095-ef27-47b8-8f1a-8deb601a96ca req-f19a5fcb-24a5-4135-8060-d5dc42c6a997 fb40b85c4be44d2ba3cdbb8906922eee 5b348a9d28774d1a9926eabffd5e01e4 - - 2cd177c1069f466b8251a88850592d23 2cd177c1069f466b8251a88850592d23] 199.204.45.4 "GET /v2.0/subnets?id=2e0f658e-7608-4893-9ff9-344e349d35b5 HTTP/1.1" status: 200 len: 868 time: 0.0405886
2026-06-25 23:35:41.400 9 INFO neutron.wsgi [req-cb5ce095-ef27-47b8-8f1a-8deb601a96ca req-30508876-187c-49a7-8663-0e86026214c0 fb40b85c4be44d2ba3cdbb8906922eee 5b348a9d28774d1a9926eabffd5e01e4 - - 2cd177c1069f466b8251a88850592d23 2cd177c1069f466b8251a88850592d23] 199.204.45.4 "GET /v2.0/ports?network_id=bf0b3cd5-50b8-461c-b835-b683a13d5eba&device_owner=network%3Adhcp HTTP/1.1" status: 200 len: 210 time: 0.0241714
2026-06-25 23:35:41.493 9 INFO neutron.wsgi [req-cb5ce095-ef27-47b8-8f1a-8deb601a96ca req-db6dbd2c-cbaa-454c-b4f9-3a24bfa6c9d9 fb40b85c4be44d2ba3cdbb8906922eee 5b348a9d28774d1a9926eabffd5e01e4 - - 2cd177c1069f466b8251a88850592d23 2cd177c1069f466b8251a88850592d23] 199.204.45.4 "GET /v2.0/networks/bf0b3cd5-50b8-461c-b835-b683a13d5eba?fields=segments HTTP/1.1" status: 200 len: 212 time: 0.0841658
2026-06-25 23:35:41.532 9 INFO neutron.db.ovn_revision_numbers_db [None req-e0d0c776-a2de-439c-a54c-cf04c178d04e c26e1bea72844b4fa2afd28abb2a9f03 2b43eefe57fe4a4798d2146efe13832c - - default default] Successfully bumped revision number for resource ff18a0cd-4fa4-4bcf-b5f4-40cd60ae2392 (type: ports) to 1
2026-06-25 23:35:41.560 9 INFO neutron.wsgi [req-cb5ce095-ef27-47b8-8f1a-8deb601a96ca req-4a3ded14-e17a-469b-b85f-0b96ecc3f0a1 fb40b85c4be44d2ba3cdbb8906922eee 5b348a9d28774d1a9926eabffd5e01e4 - - 2cd177c1069f466b8251a88850592d23 2cd177c1069f466b8251a88850592d23] 199.204.45.4 "GET /v2.0/networks/bf0b3cd5-50b8-461c-b835-b683a13d5eba?fields=provider%3Aphysical_network&fields=provider%3Anetwork_type HTTP/1.1" status: 200 len: 277 time: 0.0592804
2026-06-25 23:35:41.616 9 WARNING neutron.scheduler.dhcp_agent_scheduler [None req-e0d0c776-a2de-439c-a54c-cf04c178d04e c26e1bea72844b4fa2afd28abb2a9f03 2b43eefe57fe4a4798d2146efe13832c - - default default] No more DHCP agents
2026-06-25 23:35:41.617 9 WARNING neutron.api.rpc.agentnotifiers.dhcp_rpc_agent_api [None req-e0d0c776-a2de-439c-a54c-cf04c178d04e c26e1bea72844b4fa2afd28abb2a9f03 2b43eefe57fe4a4798d2146efe13832c - - default default] Unable to schedule network b79516eb-7d1e-4780-b8d1-df2d4b6604e3: no agents available; will retry on subsequent port and subnet creation events.
