2026-06-23 19:50:46.401 9 ERROR ovsdbapp.backend.ovs_idl.command [None req-8742b984-ad84-40e7-9d11-8693829f540f - - - - - -] Error executing command (LspGetUpCommand): ovsdbapp.backend.ovs_idl.idlutils.RowNotFound: Cannot find Logical_Switch_Port with name=6faf288a-1438-49e3-b7aa-477a15dbab52
2026-06-23 19:50:46.401 9 ERROR ovsdbapp.backend.ovs_idl.command
Traceback (most recent call last):
2026-06-23 19:50:46.401 9 ERROR ovsdbapp.backend.ovs_idl.command
File "/var/lib/openstack/lib/python3.12/site-packages/ovsdbapp/backend/ovs_idl/command.py", line 47, in execute
2026-06-23 19:50:46.401 9 ERROR ovsdbapp.backend.ovs_idl.command self.run_idl(None)
2026-06-23 19:50:46.401 9 ERROR ovsdbapp.backend.ovs_idl.command
File "/var/lib/openstack/lib/python3.12/site-packages/ovsdbapp/schema/ovn_northbound/commands.py", line 679, in run_idl
2026-06-23 19:50:46.401 9 ERROR ovsdbapp.backend.ovs_idl.command lsp = self.api.lookup('Logical_Switch_Port', self.port)
2026-06-23 19:50:46.401 9 ERROR ovsdbapp.backend.ovs_idl.command ^^^^^^^^^^^^^^^^^^^^^^^^^^^^^^^^^^^^^^^^^^^^^^^^^
2026-06-23 19:50:46.401 9 ERROR ovsdbapp.backend.ovs_idl.command
File "/var/lib/openstack/lib/python3.12/site-packages/ovsdbapp/backend/ovs_idl/__init__.py", line 184, in lookup
2026-06-23 19:50:46.401 9 ERROR ovsdbapp.backend.ovs_idl.command return self._lookup(table, record)
2026-06-23 19:50:46.401 9 ERROR ovsdbapp.backend.ovs_idl.command ^^^^^^^^^^^^^^^^^^^^^^^^^^^
2026-06-23 19:50:46.401 9 ERROR ovsdbapp.backend.ovs_idl.command
File "/var/lib/openstack/lib/python3.12/site-packages/ovsdbapp/backend/ovs_idl/__init__.py", line 235, in _lookup
2026-06-23 19:50:46.401 9 ERROR ovsdbapp.backend.ovs_idl.command row = idlutils.row_by_value(self, rl.table, rl.column, record)
2026-06-23 19:50:46.401 9 ERROR ovsdbapp.backend.ovs_idl.command ^^^^^^^^^^^^^^^^^^^^^^^^^^^^^^^^^^^^^^^^^^^^^^^^^^^^^^^^
2026-06-23 19:50:46.401 9 ERROR ovsdbapp.backend.ovs_idl.command
File "/var/lib/openstack/lib/python3.12/site-packages/ovsdbapp/backend/ovs_idl/idlutils.py", line 114, in row_by_value
2026-06-23 19:50:46.401 9 ERROR ovsdbapp.backend.ovs_idl.command raise RowNotFound(table=table, col=column, match=match)
2026-06-23 19:50:46.401 9 ERROR ovsdbapp.backend.ovs_idl.command ovsdbapp.backend.ovs_idl.idlutils.RowNotFound: Cannot find Logical_Switch_Port with name=6faf288a-1438-49e3-b7aa-477a15dbab52
2026-06-23 19:50:46.401 9 ERROR ovsdbapp.backend.ovs_idl.command
2026-06-23 19:50:46.402 9 ERROR ovsdbapp.event [None req-8742b984-ad84-40e7-9d11-8693829f540f - - - - - -] Unexpected exception in notify_loop: ovsdbapp.backend.ovs_idl.idlutils.RowNotFound: Cannot find Logical_Switch_Port with name=6faf288a-1438-49e3-b7aa-477a15dbab52
2026-06-23 19:50:46.402 9 ERROR ovsdbapp.event
Traceback (most recent call last):
2026-06-23 19:50:46.402 9 ERROR ovsdbapp.event
File "/var/lib/openstack/lib/python3.12/site-packages/ovsdbapp/event.py", line 177, in notify_loop
2026-06-23 19:50:46.402 9 ERROR ovsdbapp.event match.run(event, row, updates)
2026-06-23 19:50:46.402 9 ERROR ovsdbapp.event
File "/var/lib/openstack/lib/python3.12/site-packages/neutron/plugins/ml2/drivers/ovn/mech_driver/ovsdb/ovsdb_monitor.py", line 511, in run
2026-06-23 19:50:46.402 9 ERROR ovsdbapp.event self.driver.set_port_status_up(row.name)
2026-06-23 19:50:46.402 9 ERROR ovsdbapp.event
File "/var/lib/openstack/lib/python3.12/site-packages/neutron/plugins/ml2/drivers/ovn/mech_driver/mech_driver.py", line 1286, in set_port_status_up
2026-06-23 19:50:46.402 9 ERROR ovsdbapp.event self._ovn_client.update_lsp_host_info(admin_context, db_port)
2026-06-23 19:50:46.402 9 ERROR ovsdbapp.event
File "/var/lib/openstack/lib/python3.12/site-packages/neutron/plugins/ml2/drivers/ovn/mech_driver/ovsdb/ovn_client.py", line 314, in update_lsp_host_info
2026-06-23 19:50:46.402 9 ERROR ovsdbapp.event port_up = self._nb_idl.lsp_get_up(db_port.id).execute(
2026-06-23 19:50:46.402 9 ERROR ovsdbapp.event ^^^^^^^^^^^^^^^^^^^^^^^^^^^^^^^^^^^^^^^^^^^^
2026-06-23 19:50:46.402 9 ERROR ovsdbapp.event
File "/var/lib/openstack/lib/python3.12/site-packages/ovsdbapp/backend/ovs_idl/command.py", line 47, in execute
2026-06-23 19:50:46.402 9 ERROR ovsdbapp.event self.run_idl(None)
2026-06-23 19:50:46.402 9 ERROR ovsdbapp.event
File "/var/lib/openstack/lib/python3.12/site-packages/ovsdbapp/schema/ovn_northbound/commands.py", line 679, in run_idl
2026-06-23 19:50:46.402 9 ERROR ovsdbapp.event lsp = self.api.lookup('Logical_Switch_Port', self.port)
2026-06-23 19:50:46.402 9 ERROR ovsdbapp.event ^^^^^^^^^^^^^^^^^^^^^^^^^^^^^^^^^^^^^^^^^^^^^^^^^
2026-06-23 19:50:46.402 9 ERROR ovsdbapp.event
File "/var/lib/openstack/lib/python3.12/site-packages/ovsdbapp/backend/ovs_idl/__init__.py", line 184, in lookup
2026-06-23 19:50:46.402 9 ERROR ovsdbapp.event return self._lookup(table, record)
2026-06-23 19:50:46.402 9 ERROR ovsdbapp.event ^^^^^^^^^^^^^^^^^^^^^^^^^^^
2026-06-23 19:50:46.402 9 ERROR ovsdbapp.event
File "/var/lib/openstack/lib/python3.12/site-packages/ovsdbapp/backend/ovs_idl/__init__.py", line 235, in _lookup
2026-06-23 19:50:46.402 9 ERROR ovsdbapp.event row = idlutils.row_by_value(self, rl.table, rl.column, record)
2026-06-23 19:50:46.402 9 ERROR ovsdbapp.event ^^^^^^^^^^^^^^^^^^^^^^^^^^^^^^^^^^^^^^^^^^^^^^^^^^^^^^^^
2026-06-23 19:50:46.402 9 ERROR ovsdbapp.event
File "/var/lib/openstack/lib/python3.12/site-packages/ovsdbapp/backend/ovs_idl/idlutils.py", line 114, in row_by_value
2026-06-23 19:50:46.402 9 ERROR ovsdbapp.event raise RowNotFound(table=table, col=column, match=match)
2026-06-23 19:50:46.402 9 ERROR ovsdbapp.event ovsdbapp.backend.ovs_idl.idlutils.RowNotFound: Cannot find Logical_Switch_Port with name=6faf288a-1438-49e3-b7aa-477a15dbab52
2026-06-23 19:50:46.402 9 ERROR ovsdbapp.event
2026-06-23 19:50:46.498 9 INFO neutron.db.ovn_revision_numbers_db [None req-8742b984-ad84-40e7-9d11-8693829f540f - - - - - -] Successfully bumped revision number for resource 95cf1404-e9e0-41b4-ae1c-72aa1fd059de (type: router_ports) to 2
2026-06-23 19:50:46.792 10 INFO neutron.api.wsgi [req-dafa37d3-a0bb-4424-bc6c-2cb16bda9de2 req-66efd3f2-ef02-4ad6-8304-73eb56395ffb a76868aecb664a4c89cc480aba10c830 cfccab92e6de441d80dcc0bdfdd65a78 - - default default] 10.0.0.169 "GET /v2.0/ports?device_id=a78f16fb-a660-4fb3-8205-5eda4245f614 HTTP/1.1" status: 200 len: 210 time: 0.0183933
2026-06-23 19:50:46.844 9 INFO neutron.api.wsgi [None req-a0e8043a-e3d5-438d-9b4a-46d473253d6f c5b6ef7ced2d469bbca1220cc95503bc 5905adb67e3e447c965b1bb724244ab6 - - default default] 10.0.0.195 "PUT /v2.0/routers/c4fa81e2-da4a-4bab-92a8-7aae2d684f5f/remove_router_interface HTTP/1.1" status: 200 len: 503 time: 1.3699234
2026-06-23 19:50:47.113 10 INFO neutron.api.wsgi [None req-99e95a24-0573-4e27-a699-db3176bcad54 c5b6ef7ced2d469bbca1220cc95503bc 5905adb67e3e447c965b1bb724244ab6 - - default default] 10.0.0.195 "PUT /v2.0/routers/68c4ae82-d332-4110-b076-ac7a80c6c5db/remove_router_interface HTTP/1.1" status: 200 len: 503 time: 1.5017533 /var/lib/openstack/lib/python3.12/site-packages/pycadf/identifier.py:71: UserWarning: Invalid uuid: neutron. To ensure interoperability, identifiers should be a valid uuid. warnings.warn(('Invalid uuid: %s. To ensure interoperability, '
2026-06-23 19:50:47.154 10 INFO neutron.api.wsgi [req-33b3d93d-3a36-47dd-b29f-a53247d5f3d0 req-33f92a85-22c5-45ae-a32a-2770df9cdf4f 50d32a8d84df40eaafc40fdcdfbd6592 45ef3df5dafe4178a956bed3ab8b8430 - - default default] 10.0.0.169 "GET /v2.0/ports?device_id=b9c4715c-9133-456b-9437-ac1e12817a9c HTTP/1.1" status: 200 len: 210 time: 0.0256708
2026-06-23 19:50:47.691 10 INFO neutron.api.wsgi [None req-a09cc803-d95e-43b1-8b98-09a5f5d80e1e c5b6ef7ced2d469bbca1220cc95503bc 5905adb67e3e447c965b1bb724244ab6 - - default default] 10.0.0.195 "DELETE /v2.0/routers/c4fa81e2-da4a-4bab-92a8-7aae2d684f5f HTTP/1.1" status: 204 len: 168 time: 0.8410642
2026-06-23 19:50:47.904 10 INFO neutron.api.wsgi [req-b30f776b-503a-4c3b-af45-ad7ef14754a7 req-31b2140d-44cf-4606-93ad-7f126a2918e2 a76868aecb664a4c89cc480aba10c830 cfccab92e6de441d80dcc0bdfdd65a78 - - default default] 10.0.0.169 "GET /v2.0/ports?device_id=a78f16fb-a660-4fb3-8205-5eda4245f614 HTTP/1.1" status: 200 len: 210 time: 0.0427773
2026-06-23 19:50:48.141 10 INFO neutron.api.wsgi [None req-5876337d-0183-47d1-9141-2d256d47637a c5b6ef7ced2d469bbca1220cc95503bc 5905adb67e3e447c965b1bb724244ab6 - - default default] 10.0.0.195 "DELETE /v2.0/routers/68c4ae82-d332-4110-b076-ac7a80c6c5db HTTP/1.1" status: 204 len: 168 time: 1.0191848
2026-06-23 19:50:48.149 10 INFO neutron.api.wsgi [None req-7cf21ad8-7afe-4bee-ba50-a35bf977d69a c5b6ef7ced2d469bbca1220cc95503bc 5905adb67e3e447c965b1bb724244ab6 - - default default] 10.0.0.195 "DELETE /v2.0/subnets/872d69d4-f19c-4b35-945d-359888d37386 HTTP/1.1" status: 204 len: 168 time: 0.4510248 /var/lib/openstack/lib/python3.12/site-packages/pycadf/identifier.py:71: UserWarning: Invalid uuid: neutron. To ensure interoperability, identifiers should be a valid uuid. warnings.warn(('Invalid uuid: %s. To ensure interoperability, '
2026-06-23 19:50:48.179 10 WARNING neutron.plugins.ml2.drivers.ovn.mech_driver.ovsdb.ovn_client [None req-e1c87572-4f42-445f-b26e-53b571ef5bc0 - - - - - -] No hosting information found for port d991933d-7b71-4437-9982-82bd20196036: RuntimeError: No hosting information found for port d991933d-7b71-4437-9982-82bd20196036
2026-06-23 19:50:48.180 10 INFO neutron.plugins.ml2.drivers.ovn.mech_driver.mech_driver [None req-e1c87572-4f42-445f-b26e-53b571ef5bc0 - - - - - -] OVN reports status up for port: 447c3145-3d3c-4190-bfc5-17a862607a5b
2026-06-23 19:50:48.190 10 INFO neutron.plugins.ml2.drivers.ovn.mech_driver.mech_driver [None req-e1c87572-4f42-445f-b26e-53b571ef5bc0 - - - - - -] OVN reports status up for port: 4eafde75-ad30-4d11-9c84-190cbda1fd1c
2026-06-23 19:50:48.263 10 INFO neutron.api.wsgi [req-ea558f16-e7f6-4621-b39e-cd595744b42b req-435493b2-5fb4-4101-a3e3-c59e1d782ee8 50d32a8d84df40eaafc40fdcdfbd6592 45ef3df5dafe4178a956bed3ab8b8430 - - default default] 10.0.0.169 "GET /v2.0/ports?device_id=b9c4715c-9133-456b-9437-ac1e12817a9c HTTP/1.1" status: 200 len: 210 time: 0.0420680
2026-06-23 19:50:48.306 9 INFO neutron.api.wsgi [None req-e1c65408-b1e3-4b85-8b2e-f083c4967c3f c5b6ef7ced2d469bbca1220cc95503bc 5905adb67e3e447c965b1bb724244ab6 - - default default] 10.0.0.195 "DELETE /v2.0/subnets/b1bf5358-011b-451a-9473-8d2453b0a80d HTTP/1.1" status: 204 len: 168 time: 0.1594384
2026-06-23 19:50:48.329 10 INFO neutron.db.ovn_revision_numbers_db [None req-e1c87572-4f42-445f-b26e-53b571ef5bc0 - - - - - -] Successfully bumped revision number for resource d991933d-7b71-4437-9982-82bd20196036 (type: router_ports) to 2
2026-06-23 19:50:48.574 10 INFO neutron.api.wsgi [None req-79b98c36-b823-4b08-886c-b2afb6a9c4fe c5b6ef7ced2d469bbca1220cc95503bc 5905adb67e3e447c965b1bb724244ab6 - - default default] 10.0.0.195 "DELETE /v2.0/networks/f8887558-a24a-4b33-9d12-3043bea40e2b HTTP/1.1" status: 204 len: 168 time: 0.4184775
2026-06-23 19:50:48.673 9 INFO neutron.api.wsgi [None req-1136c0de-a89a-4bb2-8c0b-e4912308b1f5 c5b6ef7ced2d469bbca1220cc95503bc 5905adb67e3e447c965b1bb724244ab6 - - default default] 10.0.0.195 "DELETE /v2.0/networks/c40f3b0d-fd0b-437a-a998-2ac677247d61 HTTP/1.1" status: 204 len: 168 time: 0.3619425
2026-06-23 19:50:48.731 10 INFO neutron.api.wsgi [None req-aeef65e3-a6c2-4e44-80a0-46553fa412bd c5b6ef7ced2d469bbca1220cc95503bc 5905adb67e3e447c965b1bb724244ab6 - - default default] 10.0.0.195 "GET /v2.0/security-groups?tenant_id=55a44b8236c74af09f0a852f0c8ffefa&name=default HTTP/1.1" status: 200 len: 3116 time: 0.0460727
2026-06-23 19:50:48.881 10 INFO neutron.api.wsgi [None req-7988b72b-4a78-4c3e-8021-a9876bf5e1e7 c5b6ef7ced2d469bbca1220cc95503bc 5905adb67e3e447c965b1bb724244ab6 - - default default] 10.0.0.195 "GET /v2.0/security-groups?tenant_id=b880204eb6d14a698545c1a0cbc66157&name=default HTTP/1.1" status: 200 len: 3116 time: 0.0506637
2026-06-23 19:50:48.996 10 INFO neutron.api.wsgi [req-08a340ac-2e95-41b5-9284-668c70ddae39 req-02a09f79-c1d8-4356-b4b0-fdcb417ab492 a76868aecb664a4c89cc480aba10c830 cfccab92e6de441d80dcc0bdfdd65a78 - - default default] 10.0.0.169 "GET /v2.0/ports?device_id=a78f16fb-a660-4fb3-8205-5eda4245f614 HTTP/1.1" status: 200 len: 210 time: 0.0153551
2026-06-23 19:50:49.013 10 INFO neutron.api.wsgi [None req-8d031b5d-ba88-4627-aaf0-619955568a76 c5b6ef7ced2d469bbca1220cc95503bc 5905adb67e3e447c965b1bb724244ab6 - - default default] 10.0.0.195 "DELETE /v2.0/security-groups/bb78db7a-38af-4d33-9643-62076e2096c3 HTTP/1.1" status: 204 len: 168 time: 0.2761283
2026-06-23 19:50:49.103 9 INFO neutron.api.wsgi [None req-dbb4216c-fd3d-427d-b6a6-3abdcf1e4747 c5b6ef7ced2d469bbca1220cc95503bc 5905adb67e3e447c965b1bb724244ab6 - - default default] 10.0.0.195 "DELETE /v2.0/security-groups/2d9c32f6-d899-439e-94f8-d0d4889987e3 HTTP/1.1" status: 204 len: 168 time: 0.2167990
2026-06-23 19:50:49.133 10 INFO neutron.services.segments.plugin [-] Segment f30b4a50-070f-4b0a-aba0-b34212e297b0 resource provider aggregate not found
2026-06-23 19:50:49.139 10 INFO neutron.services.segments.plugin [-] Segment f30b4a50-070f-4b0a-aba0-b34212e297b0 resource provider aggregate not found
2026-06-23 19:50:49.152 10 INFO neutron.services.segments.plugin [-] Segment f30b4a50-070f-4b0a-aba0-b34212e297b0 resource provider not found; error: Placement Client Error (4xx): {"errors": [{"status": 404, "title": "Not Found", "detail": "The resource could not be found.\n\n No resource provider with uuid f30b4a50-070f-4b0a-aba0-b34212e297b0 found for delete ", "request_id": "req-f81ab075-88b2-49b0-8aa4-97e83919ba2d"}]}
2026-06-23 19:50:49.155 10 INFO neutron.services.segments.plugin [-] Segment f30b4a50-070f-4b0a-aba0-b34212e297b0 resource provider not found; error: Placement Client Error (4xx): {"errors": [{"status": 404, "title": "Not Found", "detail": "The resource could not be found.\n\n No resource provider with uuid f30b4a50-070f-4b0a-aba0-b34212e297b0 found for delete ", "request_id": "req-5c9dd75c-86d8-4781-a9ca-81d9bca7f688"}]}
2026-06-23 19:50:49.222 9 INFO neutron.api.wsgi [req-57c9c5a3-3628-487f-a36b-d0f9706a4f6e req-a6b71154-27a8-48d2-a1a0-ec459f94101d a76868aecb664a4c89cc480aba10c830 cfccab92e6de441d80dcc0bdfdd65a78 - - default default] 199.19.213.191 "GET /v2.0/networks?id=a0c58f8b-b695-4f2c-ae4a-15f9cd0a067a HTTP/1.1" status: 200 len: 881 time: 0.2361956
2026-06-23 19:50:49.229 9 INFO neutron.services.segments.plugin [-] Segment ac045663-1b8b-4d23-bb93-2d8cd941ebc0 resource provider aggregate not found
2026-06-23 19:50:49.237 9 INFO neutron.services.segments.plugin [-] Segment ac045663-1b8b-4d23-bb93-2d8cd941ebc0 resource provider aggregate not found
2026-06-23 19:50:49.241 9 INFO neutron.services.segments.plugin [-] Segment ac045663-1b8b-4d23-bb93-2d8cd941ebc0 resource provider not found; error: Placement Client Error (4xx): {"errors": [{"status": 404, "title": "Not Found", "detail": "The resource could not be found.\n\n No resource provider with uuid ac045663-1b8b-4d23-bb93-2d8cd941ebc0 found for delete ", "request_id": "req-70b8e7dd-dc3b-4bff-8877-572688e0e74f"}]}
2026-06-23 19:50:49.255 9 INFO neutron.services.segments.plugin [-] Segment ac045663-1b8b-4d23-bb93-2d8cd941ebc0 resource provider not found; error: Placement Client Error (4xx): {"errors": [{"status": 404, "title": "Not Found", "detail": "The resource could not be found.\n\n No resource provider with uuid ac045663-1b8b-4d23-bb93-2d8cd941ebc0 found for delete ", "request_id": "req-51134296-477b-49b8-85bd-68462de71e94"}]}
2026-06-23 19:50:49.283 9 INFO neutron.api.wsgi [req-57c9c5a3-3628-487f-a36b-d0f9706a4f6e req-195e7bca-b2db-4c4c-b593-5bb9f94955d1 a76868aecb664a4c89cc480aba10c830 cfccab92e6de441d80dcc0bdfdd65a78 - - default default] 199.19.213.191 "GET /v2.0/security-groups?fields=id&fields=name&tenant_id=cfccab92e6de441d80dcc0bdfdd65a78 HTTP/1.1" status: 200 len: 379 time: 0.0402770
2026-06-23 19:50:49.290 9 WARNING neutron_lib.context [req-57c9c5a3-3628-487f-a36b-d0f9706a4f6e req-6c57ef86-0eda-4d37-852b-9fd240e1dcaa a76868aecb664a4c89cc480aba10c830 cfccab92e6de441d80dcc0bdfdd65a78 - - default default] Method 'is_advsvc' is deprecated since 2023.2 release (neutron-lib 3.8.0) and will be removed once support for the old RBAC API policies will be removed from Neutron. Please use method 'is_service_role' instead.
2026-06-23 19:50:49.328 10 INFO neutron.api.wsgi [req-d3694823-062b-49b9-a441-c5caa443c8bc req-b681c321-e3a7-4275-8715-9e9e9e6ebc42 50d32a8d84df40eaafc40fdcdfbd6592 45ef3df5dafe4178a956bed3ab8b8430 - - default default] 10.0.0.169 "GET /v2.0/ports?device_id=b9c4715c-9133-456b-9437-ac1e12817a9c HTTP/1.1" status: 200 len: 210 time: 0.0151985
2026-06-23 19:50:49.609 9 WARNING neutron.scheduler.dhcp_agent_scheduler [req-57c9c5a3-3628-487f-a36b-d0f9706a4f6e req-6c57ef86-0eda-4d37-852b-9fd240e1dcaa a76868aecb664a4c89cc480aba10c830 cfccab92e6de441d80dcc0bdfdd65a78 - - default default] No more DHCP agents
2026-06-23 19:50:49.610 9 WARNING neutron.api.rpc.agentnotifiers.dhcp_rpc_agent_api [req-57c9c5a3-3628-487f-a36b-d0f9706a4f6e req-6c57ef86-0eda-4d37-852b-9fd240e1dcaa a76868aecb664a4c89cc480aba10c830 cfccab92e6de441d80dcc0bdfdd65a78 - - default default] Unable to schedule network a0c58f8b-b695-4f2c-ae4a-15f9cd0a067a: no agents available; will retry on subsequent port and subnet creation events.
2026-06-23 19:50:49.736 9 INFO neutron.db.ovn_revision_numbers_db [req-57c9c5a3-3628-487f-a36b-d0f9706a4f6e req-6c57ef86-0eda-4d37-852b-9fd240e1dcaa a76868aecb664a4c89cc480aba10c830 cfccab92e6de441d80dcc0bdfdd65a78 - - default default] Successfully bumped revision number for resource 55fc4cfa-110d-494d-bc4f-8d02855e9604 (type: ports) to 1
2026-06-23 19:50:49.761 9 INFO neutron.api.wsgi [req-57c9c5a3-3628-487f-a36b-d0f9706a4f6e req-6c57ef86-0eda-4d37-852b-9fd240e1dcaa a76868aecb664a4c89cc480aba10c830 cfccab92e6de441d80dcc0bdfdd65a78 - - default default] 199.19.213.191 "POST /v2.0/ports HTTP/1.1" status: 201 len: 1158 time: 0.4752314 /var/lib/openstack/lib/python3.12/site-packages/pycadf/identifier.py:71: UserWarning: Invalid uuid: neutron. To ensure interoperability, identifiers should be a valid uuid. warnings.warn(('Invalid uuid: %s. To ensure interoperability, '
2026-06-23 19:50:49.772 9 INFO neutron.api.wsgi [req-57c9c5a3-3628-487f-a36b-d0f9706a4f6e req-ba4238b8-ebe4-4dcb-aa1e-936b4e035602 a76868aecb664a4c89cc480aba10c830 cfccab92e6de441d80dcc0bdfdd65a78 - - default default] 199.19.213.191 "GET /v2.0/extensions HTTP/1.1" status: 200 len: 19298 time: 0.0054932
2026-06-23 19:50:50.070 10 INFO neutron.api.wsgi [None req-2a819997-bc68-4722-a57f-ed6029a85631 c5b6ef7ced2d469bbca1220cc95503bc 5905adb67e3e447c965b1bb724244ab6 - - default default] 10.0.0.190 "GET /v2.0/security-groups HTTP/1.1" status: 200 len: 29108 time: 0.1968031
2026-06-23 19:50:50.149 10 INFO neutron.api.wsgi [None req-598ec5f3-b41c-4737-af70-a933308c3b57 c5b6ef7ced2d469bbca1220cc95503bc 5905adb67e3e447c965b1bb724244ab6 - - default default] 10.0.0.190 "GET /v2.0/ports HTTP/1.1" status: 200 len: 14856 time: 0.0678046
2026-06-23 19:50:50.213 10 INFO neutron.api.wsgi [req-274d8407-7911-4618-87bf-b0ac17af941a req-a053c684-f9f8-40e6-907f-771e36434a81 a76868aecb664a4c89cc480aba10c830 cfccab92e6de441d80dcc0bdfdd65a78 - - default default] 10.0.0.169 "GET /v2.0/ports?device_id=a78f16fb-a660-4fb3-8205-5eda4245f614 HTTP/1.1" status: 200 len: 1156 time: 0.1615589
2026-06-23 19:50:50.256 10 INFO neutron.api.wsgi [None req-fca82c98-63dc-484b-bd97-6ab3d795fe30 c5b6ef7ced2d469bbca1220cc95503bc 5905adb67e3e447c965b1bb724244ab6 - - default default] 10.0.0.190 "GET /v2.0/routers HTTP/1.1" status: 200 len: 2118 time: 0.0971024
2026-06-23 19:50:50.259 10 INFO neutron.api.wsgi [req-274d8407-7911-4618-87bf-b0ac17af941a req-752359a9-3414-4909-a092-9347b50acb99 a76868aecb664a4c89cc480aba10c830 cfccab92e6de441d80dcc0bdfdd65a78 - - default default] 10.0.0.169 "GET /v2.0/security-groups?id=fc0fb4eb-f9ef-49dc-8fa1-7983e75933ef&fields=id&fields=name HTTP/1.1" status: 200 len: 312 time: 0.0385799
2026-06-23 19:50:50.269 10 INFO neutron.api.wsgi [None req-e32b9dec-af26-4bd0-b20a-cdd25d784ee0 c5b6ef7ced2d469bbca1220cc95503bc 5905adb67e3e447c965b1bb724244ab6 - - default default] 10.0.0.190 "GET /v2.0/agents?binary=ovn-controller HTTP/1.1" status: 200 len: 591 time: 0.0120437
2026-06-23 19:50:50.279 10 INFO neutron.api.wsgi [None req-c7b80275-e2d2-4251-8784-21ed2aed9b11 c5b6ef7ced2d469bbca1220cc95503bc 5905adb67e3e447c965b1bb724244ab6 - - default default] 10.0.0.190 "GET /v2.0/agents HTTP/1.1" status: 200 len: 1390 time: 0.0090210
2026-06-23 19:50:50.299 10 INFO neutron.api.wsgi [None req-bdb3e476-8696-426f-9a31-3341e4e918e2 c5b6ef7ced2d469bbca1220cc95503bc 5905adb67e3e447c965b1bb724244ab6 - - default default] 10.0.0.190 "GET /v2.0/floatingips HTTP/1.1" status: 200 len: 1269 time: 0.0191026
2026-06-23 19:50:50.329 10 INFO neutron.api.wsgi [None req-be0a115f-5596-4181-86cc-12b473d0acf0 c5b6ef7ced2d469bbca1220cc95503bc 5905adb67e3e447c965b1bb724244ab6 - - default default] 10.0.0.190 "GET /v2.0/subnets HTTP/1.1" status: 200 len: 2845 time: 0.0282960
2026-06-23 19:50:50.379 10 INFO neutron.api.wsgi [None req-9ea3e93c-615d-418e-bb92-753f0785c00c c5b6ef7ced2d469bbca1220cc95503bc 5905adb67e3e447c965b1bb724244ab6 - - default default] 10.0.0.190 "GET /v2.0/networks HTTP/1.1" status: 200 len: 3871 time: 0.0487845
2026-06-23 19:50:50.401 10 INFO neutron.api.wsgi [None req-66511862-70ab-437f-84a3-8d36d9472aae c5b6ef7ced2d469bbca1220cc95503bc 5905adb67e3e447c965b1bb724244ab6 - - default default] 10.0.0.190 "GET /v2.0/network-ip-availabilities HTTP/1.1" status: 200 len: 2234 time: 0.0170290
2026-06-23 19:50:50.409 10 INFO neutron.api.wsgi [req-852e2b0c-88d3-418e-a7df-a4179c2a594a req-e0fdf1a0-2a25-4b97-aabb-b60be3502d8c 50d32a8d84df40eaafc40fdcdfbd6592 45ef3df5dafe4178a956bed3ab8b8430 - - default default] 10.0.0.169 "GET /v2.0/ports?device_id=b9c4715c-9133-456b-9437-ac1e12817a9c HTTP/1.1" status: 200 len: 210 time: 0.0191460
2026-06-23 19:50:50.430 10 INFO neutron.api.wsgi [None req-91dd7e76-62e7-4a27-84b0-c9affcc903b5 c5b6ef7ced2d469bbca1220cc95503bc 5905adb67e3e447c965b1bb724244ab6 - - default default] 10.0.0.190 "GET /v2.0/subnets HTTP/1.1" status: 200 len: 2845 time: 0.0253928
2026-06-23 19:50:50.439 10 INFO neutron.api.wsgi [None req-a0ae2f74-ee2a-4cc8-8ac6-a2010cdfedaa c5b6ef7ced2d469bbca1220cc95503bc 5905adb67e3e447c965b1bb724244ab6 - - default default] 10.0.0.190 "GET /v2.0/subnetpools HTTP/1.1" status: 200 len: 193 time: 0.0070319 /var/lib/openstack/lib/python3.12/site-packages/pycadf/identifier.py:71: UserWarning: Invalid uuid: neutron. To ensure interoperability, identifiers should be a valid uuid. warnings.warn(('Invalid uuid: %s. To ensure interoperability, '
2026-06-23 19:50:50.729 9 INFO neutron.db.ovn_revision_numbers_db [req-57c9c5a3-3628-487f-a36b-d0f9706a4f6e req-c75dd950-a1d9-412d-a440-e22a5f0068a5 bef61817891e405da9e12a063b2da462 960f5e7e69f040abbd6c84f4cbce67f7 - - 4fd31dc5079f4054806622ac13d7d6e1 4fd31dc5079f4054806622ac13d7d6e1] Successfully bumped revision number for resource 55fc4cfa-110d-494d-bc4f-8d02855e9604 (type: ports) to 2
2026-06-23 19:50:50.766 9 INFO neutron.api.wsgi [req-496b3fdc-8fab-4f2d-9532-d4cbebdcb0b0 req-c071dbcf-bc6f-4dc5-9f48-1bfce7ca33eb 50d32a8d84df40eaafc40fdcdfbd6592 45ef3df5dafe4178a956bed3ab8b8430 - - default default] 199.19.213.191 "GET /v2.0/networks?id=79f0d102-ff33-45c1-ac76-99ca081d535f HTTP/1.1" status: 200 len: 868 time: 0.0555065
2026-06-23 19:50:50.819 9 INFO neutron.api.wsgi [req-496b3fdc-8fab-4f2d-9532-d4cbebdcb0b0 req-1bf68d83-31d0-46d3-ac80-88835e9e9577 50d32a8d84df40eaafc40fdcdfbd6592 45ef3df5dafe4178a956bed3ab8b8430 - - default default] 199.19.213.191 "GET /v2.0/security-groups?fields=id&fields=name&tenant_id=45ef3df5dafe4178a956bed3ab8b8430 HTTP/1.1" status: 200 len: 380 time: 0.0492473
2026-06-23 19:50:50.829 9 WARNING neutron_lib.context [req-496b3fdc-8fab-4f2d-9532-d4cbebdcb0b0 req-1e7e44b8-2ce0-445e-b131-3ac74cf0503c 50d32a8d84df40eaafc40fdcdfbd6592 45ef3df5dafe4178a956bed3ab8b8430 - - default default] Method 'is_advsvc' is deprecated since 2023.2 release (neutron-lib 3.8.0) and will be removed once support for the old RBAC API policies will be removed from Neutron. Please use method 'is_service_role' instead.
2026-06-23 19:50:50.994 10 INFO neutron.db.ovn_revision_numbers_db [None req-3b7287cc-3a1b-4cbd-8423-0f3bbf6d9abf c5b6ef7ced2d469bbca1220cc95503bc 5905adb67e3e447c965b1bb724244ab6 - - default default] Successfully bumped revision number for resource 0f630d1f-15e6-4f8d-94b6-ca994f19f86c (type: security_groups) to 1
2026-06-23 19:50:51.020 10 INFO neutron.db.ovn_revision_numbers_db [None req-3b7287cc-3a1b-4cbd-8423-0f3bbf6d9abf c5b6ef7ced2d469bbca1220cc95503bc 5905adb67e3e447c965b1bb724244ab6 - - default default] Successfully bumped revision number for resource 48f2848f-ee20-40be-bc2a-2182a97c8d58 (type: security_group_rules) to 0
2026-06-23 19:50:51.035 10 INFO neutron.db.ovn_revision_numbers_db [None req-3b7287cc-3a1b-4cbd-8423-0f3bbf6d9abf c5b6ef7ced2d469bbca1220cc95503bc 5905adb67e3e447c965b1bb724244ab6 - - default default] Successfully bumped revision number for resource 85b52978-ae5e-4c44-98ec-95f69bb35672 (type: security_group_rules) to 0
2026-06-23 19:50:51.042 9 INFO neutron.db.ovn_revision_numbers_db [req-57c9c5a3-3628-487f-a36b-d0f9706a4f6e req-c75dd950-a1d9-412d-a440-e22a5f0068a5 bef61817891e405da9e12a063b2da462 960f5e7e69f040abbd6c84f4cbce67f7 - - 4fd31dc5079f4054806622ac13d7d6e1 4fd31dc5079f4054806622ac13d7d6e1] Successfully bumped revision number for resource 55fc4cfa-110d-494d-bc4f-8d02855e9604 (type: ports) to 4
2026-06-23 19:50:51.048 10 INFO neutron.db.ovn_revision_numbers_db [None req-3b7287cc-3a1b-4cbd-8423-0f3bbf6d9abf c5b6ef7ced2d469bbca1220cc95503bc 5905adb67e3e447c965b1bb724244ab6 - - default default] Successfully bumped revision number for resource ccea78b1-cd7a-4981-833f-c3ca0fea7478 (type: security_group_rules) to 0
2026-06-23 19:50:51.077 9 INFO neutron.api.wsgi [req-57c9c5a3-3628-487f-a36b-d0f9706a4f6e req-c75dd950-a1d9-412d-a440-e22a5f0068a5 bef61817891e405da9e12a063b2da462 960f5e7e69f040abbd6c84f4cbce67f7 - - 4fd31dc5079f4054806622ac13d7d6e1 4fd31dc5079f4054806622ac13d7d6e1] 199.19.213.191 "PUT /v2.0/ports/55fc4cfa-110d-494d-bc4f-8d02855e9604 HTTP/1.1" status: 200 len: 1404 time: 0.8926816
2026-06-23 19:50:51.080 10 INFO neutron.db.ovn_revision_numbers_db [None req-3b7287cc-3a1b-4cbd-8423-0f3bbf6d9abf c5b6ef7ced2d469bbca1220cc95503bc 5905adb67e3e447c965b1bb724244ab6 - - default default] Successfully bumped revision number for resource f2f8e8b4-a540-49d0-94b6-330616ed72f1 (type: security_group_rules) to 0
2026-06-23 19:50:51.156 10 INFO neutron.db.segments_db [None req-3b7287cc-3a1b-4cbd-8423-0f3bbf6d9abf c5b6ef7ced2d469bbca1220cc95503bc 5905adb67e3e447c965b1bb724244ab6 - - default default] Added segment bd6a9099-ed9f-4ee6-bc3c-4c8b17baa13f of type geneve for network 908b31d3-b982-4964-b50b-b561a61972b6
2026-06-23 19:50:51.221 9 WARNING neutron.scheduler.dhcp_agent_scheduler [req-496b3fdc-8fab-4f2d-9532-d4cbebdcb0b0 req-1e7e44b8-2ce0-445e-b131-3ac74cf0503c 50d32a8d84df40eaafc40fdcdfbd6592 45ef3df5dafe4178a956bed3ab8b8430 - - default default] No more DHCP agents
2026-06-23 19:50:51.222 9 WARNING neutron.api.rpc.agentnotifiers.dhcp_rpc_agent_api [req-496b3fdc-8fab-4f2d-9532-d4cbebdcb0b0 req-1e7e44b8-2ce0-445e-b131-3ac74cf0503c 50d32a8d84df40eaafc40fdcdfbd6592 45ef3df5dafe4178a956bed3ab8b8430 - - default default] Unable to schedule network 79f0d102-ff33-45c1-ac76-99ca081d535f: no agents available; will retry on subsequent port and subnet creation events.
2026-06-23 19:50:51.287 10 INFO neutron.db.ovn_revision_numbers_db [None req-3b7287cc-3a1b-4cbd-8423-0f3bbf6d9abf c5b6ef7ced2d469bbca1220cc95503bc 5905adb67e3e447c965b1bb724244ab6 - - default default] Successfully bumped revision number for resource 908b31d3-b982-4964-b50b-b561a61972b6 (type: networks) to 1
2026-06-23 19:50:51.382 9 INFO neutron.db.ovn_revision_numbers_db [req-496b3fdc-8fab-4f2d-9532-d4cbebdcb0b0 req-1e7e44b8-2ce0-445e-b131-3ac74cf0503c 50d32a8d84df40eaafc40fdcdfbd6592 45ef3df5dafe4178a956bed3ab8b8430 - - default default] Successfully bumped revision number for resource 4d73801c-a7b8-4e7b-9277-f9da4f3db836 (type: ports) to 1
2026-06-23 19:50:51.391 10 INFO neutron.api.wsgi [req-10fc254e-74b6-41d4-a652-aa5bb8ff9b55 req-ff2b5b30-c794-40fb-b46e-2d561f746cf0 a76868aecb664a4c89cc480aba10c830 cfccab92e6de441d80dcc0bdfdd65a78 - - default default] 10.0.0.169 "GET /v2.0/ports?device_id=a78f16fb-a660-4fb3-8205-5eda4245f614 HTTP/1.1" status: 200 len: 1168 time: 0.0728579
2026-06-23 19:50:51.413 9 INFO neutron.api.wsgi [req-496b3fdc-8fab-4f2d-9532-d4cbebdcb0b0 req-1e7e44b8-2ce0-445e-b131-3ac74cf0503c 50d32a8d84df40eaafc40fdcdfbd6592 45ef3df5dafe4178a956bed3ab8b8430 - - default default] 199.19.213.191 "POST /v2.0/ports HTTP/1.1" status: 201 len: 1158 time: 0.5897794 /var/lib/openstack/lib/python3.12/site-packages/pycadf/identifier.py:71: UserWarning: Invalid uuid: neutron. To ensure interoperability, identifiers should be a valid uuid. warnings.warn(('Invalid uuid: %s. To ensure interoperability, '
2026-06-23 19:50:51.446 10 INFO neutron.api.wsgi [req-10fc254e-74b6-41d4-a652-aa5bb8ff9b55 req-15fea5b4-bccf-42c7-9f65-49d084c4b84e a76868aecb664a4c89cc480aba10c830 cfccab92e6de441d80dcc0bdfdd65a78 - - default default] 10.0.0.169 "GET /v2.0/security-groups?id=fc0fb4eb-f9ef-49dc-8fa1-7983e75933ef&fields=id&fields=name HTTP/1.1" status: 200 len: 312 time: 0.0489450
2026-06-23 19:50:51.534 10 INFO neutron.api.wsgi [req-95224cdf-84dc-41eb-8757-4c119888c99e req-4b26f3d2-8326-47a2-ba47-11e0d593ba13 50d32a8d84df40eaafc40fdcdfbd6592 45ef3df5dafe4178a956bed3ab8b8430 - - default default] 10.0.0.169 "GET /v2.0/ports?device_id=b9c4715c-9133-456b-9437-ac1e12817a9c HTTP/1.1" status: 200 len: 1156 time: 0.0744939
2026-06-23 19:50:51.555 10 WARNING neutron.scheduler.dhcp_agent_scheduler [None req-3b7287cc-3a1b-4cbd-8423-0f3bbf6d9abf c5b6ef7ced2d469bbca1220cc95503bc 5905adb67e3e447c965b1bb724244ab6 - - default default] No more DHCP agents
2026-06-23 19:50:51.557 10 WARNING neutron.api.rpc.agentnotifiers.dhcp_rpc_agent_api [None req-3b7287cc-3a1b-4cbd-8423-0f3bbf6d9abf c5b6ef7ced2d469bbca1220cc95503bc 5905adb67e3e447c965b1bb724244ab6 - - default default] Unable to schedule network 908b31d3-b982-4964-b50b-b561a61972b6: no agents available; will retry on subsequent port and subnet creation events.
2026-06-23 19:50:51.563 9 INFO neutron.notifiers.nova [-] Nova event matching ['req-be6bbbd7-21b9-4330-a3f8-577253505382'] response: {'name': 'network-changed', 'server_uuid': 'a78f16fb-a660-4fb3-8205-5eda4245f614', 'tag': '55fc4cfa-110d-494d-bc4f-8d02855e9604', 'status': 'completed', 'code': 200}
2026-06-23 19:50:51.567 10 INFO neutron.api.wsgi [req-95224cdf-84dc-41eb-8757-4c119888c99e req-4dfe7b97-dcd4-4b2b-b00d-e305f6afaf69 50d32a8d84df40eaafc40fdcdfbd6592 45ef3df5dafe4178a956bed3ab8b8430 - - default default] 10.0.0.169 "GET /v2.0/security-groups?id=d16a6c86-69e1-4bd5-b0bd-498c014b6de2&fields=id&fields=name HTTP/1.1" status: 200 len: 313 time: 0.0296390
2026-06-23 19:50:51.613 10 INFO neutron.db.ovn_revision_numbers_db [None req-3b7287cc-3a1b-4cbd-8423-0f3bbf6d9abf c5b6ef7ced2d469bbca1220cc95503bc 5905adb67e3e447c965b1bb724244ab6 - - default default] Successfully bumped revision number for resource cc04c9ea-b35d-4ad9-95bc-de787ac1e9c0 (type: ports) to 1
2026-06-23 19:50:51.632 10 INFO neutron.api.wsgi [None req-3b7287cc-3a1b-4cbd-8423-0f3bbf6d9abf c5b6ef7ced2d469bbca1220cc95503bc 5905adb67e3e447c965b1bb724244ab6 - - default default] 10.0.0.195 "POST /v2.0/networks HTTP/1.1" status: 201 len: 945 time: 0.8775601
2026-06-23 19:50:51.740 10 WARNING neutron.scheduler.dhcp_agent_scheduler [None req-fb4749dd-6bbf-4240-ade5-11c4a3796f6d c5b6ef7ced2d469bbca1220cc95503bc 5905adb67e3e447c965b1bb724244ab6 - - default default] No more DHCP agents
2026-06-23 19:50:51.742 10 WARNING neutron.api.rpc.agentnotifiers.dhcp_rpc_agent_api [None req-fb4749dd-6bbf-4240-ade5-11c4a3796f6d c5b6ef7ced2d469bbca1220cc95503bc 5905adb67e3e447c965b1bb724244ab6 - - default default] Unable to schedule network 908b31d3-b982-4964-b50b-b561a61972b6: no agents available; will retry on subsequent port and subnet creation events.
2026-06-23 19:50:51.816 9 INFO neutron.db.ovn_revision_numbers_db [req-496b3fdc-8fab-4f2d-9532-d4cbebdcb0b0 req-4331eb75-2e74-4ee9-b024-fdfa6f852a85 bef61817891e405da9e12a063b2da462 960f5e7e69f040abbd6c84f4cbce67f7 - - 4fd31dc5079f4054806622ac13d7d6e1 4fd31dc5079f4054806622ac13d7d6e1] Successfully bumped revision number for resource 4d73801c-a7b8-4e7b-9277-f9da4f3db836 (type: ports) to 2 /var/lib/openstack/lib/python3.12/site-packages/pycadf/identifier.py:71: UserWarning: Invalid uuid: neutron. To ensure interoperability, identifiers should be a valid uuid. warnings.warn(('Invalid uuid: %s. To ensure interoperability, '
2026-06-23 19:50:52.064 9 INFO neutron.db.ovn_revision_numbers_db [req-496b3fdc-8fab-4f2d-9532-d4cbebdcb0b0 req-4331eb75-2e74-4ee9-b024-fdfa6f852a85 bef61817891e405da9e12a063b2da462 960f5e7e69f040abbd6c84f4cbce67f7 - - 4fd31dc5079f4054806622ac13d7d6e1 4fd31dc5079f4054806622ac13d7d6e1] Successfully bumped revision number for resource 4d73801c-a7b8-4e7b-9277-f9da4f3db836 (type: ports) to 4
2026-06-23 19:50:52.114 9 INFO neutron.api.wsgi [req-496b3fdc-8fab-4f2d-9532-d4cbebdcb0b0 req-4331eb75-2e74-4ee9-b024-fdfa6f852a85 bef61817891e405da9e12a063b2da462 960f5e7e69f040abbd6c84f4cbce67f7 - - 4fd31dc5079f4054806622ac13d7d6e1 4fd31dc5079f4054806622ac13d7d6e1] 199.19.213.191 "PUT /v2.0/ports/4d73801c-a7b8-4e7b-9277-f9da4f3db836 HTTP/1.1" status: 200 len: 1404 time: 0.6938739
2026-06-23 19:50:52.122 9 INFO neutron.api.wsgi [req-bba93c2e-dc98-45fd-adea-f10c76996856 req-5522551c-e507-4f96-94fc-0b97fd2d38a0 bef61817891e405da9e12a063b2da462 960f5e7e69f040abbd6c84f4cbce67f7 - - 4fd31dc5079f4054806622ac13d7d6e1 4fd31dc5079f4054806622ac13d7d6e1] 199.19.213.191 "GET /v2.0/ports?tenant_id=cfccab92e6de441d80dcc0bdfdd65a78&device_id=a78f16fb-a660-4fb3-8205-5eda4245f614 HTTP/1.1" status: 200 len: 1407 time: 0.0531898
2026-06-23 19:50:52.124 10 INFO neutron.db.ovn_revision_numbers_db [None req-fafb9b19-4b5c-415b-a28e-94b818b32943 - - - - - -] Successfully bumped revision number for resource cc04c9ea-b35d-4ad9-95bc-de787ac1e9c0 (type: ports) to 2
2026-06-23 19:50:52.152 10 INFO neutron.db.ovn_revision_numbers_db [None req-fafb9b19-4b5c-415b-a28e-94b818b32943 - - - - - -] Successfully bumped revision number for resource 6c1cfd8c-f3fc-4266-bb6b-275dc3ae5f56 (type: subnets) to 0
2026-06-23 19:50:52.164 10 INFO neutron.api.wsgi [None req-fb4749dd-6bbf-4240-ade5-11c4a3796f6d c5b6ef7ced2d469bbca1220cc95503bc 5905adb67e3e447c965b1bb724244ab6 - - default default] 10.0.0.195 "POST /v2.0/subnets HTTP/1.1" status: 201 len: 889 time: 0.5244370
2026-06-23 19:50:52.173 9 INFO neutron.api.wsgi [req-bba93c2e-dc98-45fd-adea-f10c76996856 req-b992d62e-9189-46f4-8d64-a57002bf7c38 bef61817891e405da9e12a063b2da462 960f5e7e69f040abbd6c84f4cbce67f7 - - 4fd31dc5079f4054806622ac13d7d6e1 4fd31dc5079f4054806622ac13d7d6e1] 199.19.213.191 "GET /v2.0/networks?tenant_id=cfccab92e6de441d80dcc0bdfdd65a78&shared=False HTTP/1.1" status: 200 len: 980 time: 0.0466218
2026-06-23 19:50:52.227 9 INFO neutron.db.ovn_revision_numbers_db [None req-e9713777-4e73-4104-b1c9-0a784b0786ee c5b6ef7ced2d469bbca1220cc95503bc 5905adb67e3e447c965b1bb724244ab6 - - default default] Successfully bumped revision number for resource 7aab2010-0d40-4403-b95d-acb44fb3d13e (type: security_groups) to 1
2026-06-23 19:50:52.250 9 INFO neutron.db.ovn_revision_numbers_db [None req-e9713777-4e73-4104-b1c9-0a784b0786ee c5b6ef7ced2d469bbca1220cc95503bc 5905adb67e3e447c965b1bb724244ab6 - - default default] Successfully bumped revision number for resource 54204d3d-6eb2-4ac2-b92a-7fd76de60195 (type: security_group_rules) to 0
2026-06-23 19:50:52.271 9 INFO neutron.api.wsgi [req-bba93c2e-dc98-45fd-adea-f10c76996856 req-11c3d638-931e-442a-8897-946ec52978d6 bef61817891e405da9e12a063b2da462 960f5e7e69f040abbd6c84f4cbce67f7 - - 4fd31dc5079f4054806622ac13d7d6e1 4fd31dc5079f4054806622ac13d7d6e1] 199.19.213.191 "GET /v2.0/networks?shared=True HTTP/1.1" status: 200 len: 952 time: 0.0875740
2026-06-23 19:50:52.277 9 INFO neutron.db.ovn_revision_numbers_db [None req-e9713777-4e73-4104-b1c9-0a784b0786ee c5b6ef7ced2d469bbca1220cc95503bc 5905adb67e3e447c965b1bb724244ab6 - - default default] Successfully bumped revision number for resource 6c99d41a-8736-406e-95eb-829f1165407c (type: security_group_rules) to 0
2026-06-23 19:50:52.299 9 INFO neutron.db.ovn_revision_numbers_db [None req-e9713777-4e73-4104-b1c9-0a784b0786ee c5b6ef7ced2d469bbca1220cc95503bc 5905adb67e3e447c965b1bb724244ab6 - - default default] Successfully bumped revision number for resource be7a6c87-ba2f-4331-9708-4ddfaf311e56 (type: security_group_rules) to 0
2026-06-23 19:50:52.322 9 INFO neutron.db.ovn_revision_numbers_db [None req-e9713777-4e73-4104-b1c9-0a784b0786ee c5b6ef7ced2d469bbca1220cc95503bc 5905adb67e3e447c965b1bb724244ab6 - - default default] Successfully bumped revision number for resource f76c749c-70c4-484d-a733-032cede84e6e (type: security_group_rules) to 0
2026-06-23 19:50:52.361 9 INFO neutron.api.wsgi [None req-e9713777-4e73-4104-b1c9-0a784b0786ee c5b6ef7ced2d469bbca1220cc95503bc 5905adb67e3e447c965b1bb724244ab6 - - default default] 10.0.0.195 "GET /v2.0/security-groups?tenant_id=aed78745269443aea51bdc53b5003748&name=default HTTP/1.1" status: 200 len: 3120 time: 0.4192297
2026-06-23 19:50:52.536 10 INFO neutron.api.wsgi [req-dee98f67-59b1-4c88-8a13-fbc3163695c5 req-022b3480-8ada-4428-9ac2-b4549d07df5f a76868aecb664a4c89cc480aba10c830 cfccab92e6de441d80dcc0bdfdd65a78 - - default default] 10.0.0.169 "GET /v2.0/ports?device_id=a78f16fb-a660-4fb3-8205-5eda4245f614 HTTP/1.1" status: 200 len: 1168 time: 0.0289743
2026-06-23 19:50:52.577 10 INFO neutron.api.wsgi [req-dee98f67-59b1-4c88-8a13-fbc3163695c5 req-a4feed7a-c49c-468a-a24b-5698c64204a9 a76868aecb664a4c89cc480aba10c830 cfccab92e6de441d80dcc0bdfdd65a78 - - default default] 10.0.0.169 "GET /v2.0/security-groups?id=fc0fb4eb-f9ef-49dc-8fa1-7983e75933ef&fields=id&fields=name HTTP/1.1" status: 200 len: 312 time: 0.0348189
2026-06-23 19:50:52.582 10 INFO neutron.api.wsgi [None req-4b87ec03-5b0d-475d-a340-22c00c4c8436 c5b6ef7ced2d469bbca1220cc95503bc 5905adb67e3e447c965b1bb724244ab6 - - default default] 10.0.0.195 "DELETE /v2.0/security-groups/7aab2010-0d40-4403-b95d-acb44fb3d13e HTTP/1.1" status: 204 len: 168 time: 0.2152133
2026-06-23 19:50:52.598 9 WARNING neutron.scheduler.dhcp_agent_scheduler [None req-8301386c-301f-4c38-bb22-c5c39b469ef2 c5b6ef7ced2d469bbca1220cc95503bc 5905adb67e3e447c965b1bb724244ab6 - - default default] No more DHCP agents
2026-06-23 19:50:52.599 9 WARNING neutron.api.rpc.agentnotifiers.dhcp_rpc_agent_api [None req-8301386c-301f-4c38-bb22-c5c39b469ef2 c5b6ef7ced2d469bbca1220cc95503bc 5905adb67e3e447c965b1bb724244ab6 - - default default] Unable to schedule network fc8dd96c-e655-4837-bd71-a61a77ef4ad4: no agents available; will retry on subsequent port and subnet creation events.
2026-06-23 19:50:52.659 10 INFO neutron.api.wsgi [req-0e5ee696-8868-4ff5-a11d-e7f76246dd16 req-eacd87a7-f2e8-4ecd-8954-8ce62450950e 50d32a8d84df40eaafc40fdcdfbd6592 45ef3df5dafe4178a956bed3ab8b8430 - - default default] 10.0.0.169 "GET /v2.0/ports?device_id=b9c4715c-9133-456b-9437-ac1e12817a9c HTTP/1.1" status: 200 len: 1168 time: 0.0311747
2026-06-23 19:50:52.697 10 INFO neutron.api.wsgi [req-0e5ee696-8868-4ff5-a11d-e7f76246dd16 req-0c1f1519-3271-403f-99e6-aa3e7a4f1958 50d32a8d84df40eaafc40fdcdfbd6592 45ef3df5dafe4178a956bed3ab8b8430 - - default default] 10.0.0.169 "GET /v2.0/security-groups?id=d16a6c86-69e1-4bd5-b0bd-498c014b6de2&fields=id&fields=name HTTP/1.1" status: 200 len: 313 time: 0.0337522
2026-06-23 19:50:52.723 9 INFO neutron.db.ovn_revision_numbers_db [None req-8301386c-301f-4c38-bb22-c5c39b469ef2 c5b6ef7ced2d469bbca1220cc95503bc 5905adb67e3e447c965b1bb724244ab6 - - default default] Successfully bumped revision number for resource 9f4ad2d2-6e61-491f-860f-ce45871521f8 (type: ports) to 1
2026-06-23 19:50:53.159 9 INFO neutron.api.wsgi [req-496b3fdc-8fab-4f2d-9532-d4cbebdcb0b0 req-0311b85a-b836-4a1d-b6f9-f888beed0a6b bef61817891e405da9e12a063b2da462 960f5e7e69f040abbd6c84f4cbce67f7 - - 4fd31dc5079f4054806622ac13d7d6e1 4fd31dc5079f4054806622ac13d7d6e1] 199.19.213.191 "GET /v2.0/ports?tenant_id=45ef3df5dafe4178a956bed3ab8b8430&device_id=b9c4715c-9133-456b-9437-ac1e12817a9c HTTP/1.1" status: 200 len: 1407 time: 0.0341527
2026-06-23 19:50:53.197 9 INFO neutron.api.wsgi [req-496b3fdc-8fab-4f2d-9532-d4cbebdcb0b0 req-743e7781-3f2f-420a-9b10-5789bd8837d7 bef61817891e405da9e12a063b2da462 960f5e7e69f040abbd6c84f4cbce67f7 - - 4fd31dc5079f4054806622ac13d7d6e1 4fd31dc5079f4054806622ac13d7d6e1] 199.19.213.191 "GET /v2.0/floatingips?fixed_ip_address=10.100.0.9&port_id=4d73801c-a7b8-4e7b-9277-f9da4f3db836 HTTP/1.1" status: 200 len: 217 time: 0.0332007
2026-06-23 19:50:53.236 9 INFO neutron.api.wsgi [req-496b3fdc-8fab-4f2d-9532-d4cbebdcb0b0 req-b5fc4573-4003-4f22-958c-4836d1ad95ec bef61817891e405da9e12a063b2da462 960f5e7e69f040abbd6c84f4cbce67f7 - - 4fd31dc5079f4054806622ac13d7d6e1 4fd31dc5079f4054806622ac13d7d6e1] 199.19.213.191 "GET /v2.0/subnets?id=6e833b07-30e0-43bb-ac81-c1c686866147 HTTP/1.1" status: 200 len: 886 time: 0.0359235
2026-06-23 19:50:53.270 9 INFO neutron.api.wsgi [req-496b3fdc-8fab-4f2d-9532-d4cbebdcb0b0 req-41dbf149-cddb-4fca-99c2-f7d56de4af25 bef61817891e405da9e12a063b2da462 960f5e7e69f040abbd6c84f4cbce67f7 - - 4fd31dc5079f4054806622ac13d7d6e1 4fd31dc5079f4054806622ac13d7d6e1] 199.19.213.191 "GET /v2.0/ports?network_id=79f0d102-ff33-45c1-ac76-99ca081d535f&device_owner=network%3Adhcp HTTP/1.1" status: 200 len: 210 time: 0.0273306
2026-06-23 19:50:53.323 9 INFO neutron.api.wsgi [req-57c9c5a3-3628-487f-a36b-d0f9706a4f6e req-b3b4d53f-e7b3-4b09-abf9-a9acddb45682 bef61817891e405da9e12a063b2da462 960f5e7e69f040abbd6c84f4cbce67f7 - - 4fd31dc5079f4054806622ac13d7d6e1 4fd31dc5079f4054806622ac13d7d6e1] 199.19.213.191 "GET /v2.0/ports?tenant_id=cfccab92e6de441d80dcc0bdfdd65a78&device_id=a78f16fb-a660-4fb3-8205-5eda4245f614 HTTP/1.1" status: 200 len: 1407 time: 0.0417233
2026-06-23 19:50:53.341 9 INFO neutron.api.wsgi [req-496b3fdc-8fab-4f2d-9532-d4cbebdcb0b0 req-d37c8a1a-1c4c-4882-90c5-ea1ed7f0837c bef61817891e405da9e12a063b2da462 960f5e7e69f040abbd6c84f4cbce67f7 - - 4fd31dc5079f4054806622ac13d7d6e1 4fd31dc5079f4054806622ac13d7d6e1] 199.19.213.191 "GET /v2.0/networks/79f0d102-ff33-45c1-ac76-99ca081d535f?fields=segments HTTP/1.1" status: 200 len: 212 time: 0.0605509
2026-06-23 19:50:53.351 9 INFO neutron.api.wsgi [req-57c9c5a3-3628-487f-a36b-d0f9706a4f6e req-377ff7d6-223a-4fc5-a9f2-61f75a215323 bef61817891e405da9e12a063b2da462 960f5e7e69f040abbd6c84f4cbce67f7 - - 4fd31dc5079f4054806622ac13d7d6e1 4fd31dc5079f4054806622ac13d7d6e1] 199.19.213.191 "GET /v2.0/floatingips?fixed_ip_address=10.100.0.3&port_id=55fc4cfa-110d-494d-bc4f-8d02855e9604 HTTP/1.1" status: 200 len: 217 time: 0.0219488
2026-06-23 19:50:53.388 9 INFO neutron.api.wsgi [req-57c9c5a3-3628-487f-a36b-d0f9706a4f6e req-fd239bab-8367-4c57-adb1-57cde7f96156 bef61817891e405da9e12a063b2da462 960f5e7e69f040abbd6c84f4cbce67f7 - - 4fd31dc5079f4054806622ac13d7d6e1 4fd31dc5079f4054806622ac13d7d6e1] 199.19.213.191 "GET /v2.0/subnets?id=52a5a0a2-3fb5-43c7-b88e-078e9f5bcedf HTTP/1.1" status: 200 len: 899 time: 0.0327234
2026-06-23 19:50:53.400 9 INFO neutron.plugins.ml2.drivers.ovn.mech_driver.ovsdb.commands [None req-620edba5-8e60-4bf1-bb40-d4e8f90c4403 - - - - - -] Schedule LRP lrp-9f4ad2d2-6e61-491f-860f-ce45871521f8 on gateway 568031f9-7582-466f-85de-aec8fb0436fd with priority 1
2026-06-23 19:50:53.411 9 INFO neutron.api.wsgi [req-57c9c5a3-3628-487f-a36b-d0f9706a4f6e req-789c13e5-8a6d-45e1-8cfb-6a6a39645617 bef61817891e405da9e12a063b2da462 960f5e7e69f040abbd6c84f4cbce67f7 - - 4fd31dc5079f4054806622ac13d7d6e1 4fd31dc5079f4054806622ac13d7d6e1] 199.19.213.191 "GET /v2.0/ports?network_id=a0c58f8b-b695-4f2c-ae4a-15f9cd0a067a&device_owner=network%3Adhcp HTTP/1.1" status: 200 len: 210 time: 0.0180125
2026-06-23 19:50:53.414 9 INFO neutron.api.wsgi [req-496b3fdc-8fab-4f2d-9532-d4cbebdcb0b0 req-290a71b9-f6da-4918-8b0c-652710790cb5 bef61817891e405da9e12a063b2da462 960f5e7e69f040abbd6c84f4cbce67f7 - - 4fd31dc5079f4054806622ac13d7d6e1 4fd31dc5079f4054806622ac13d7d6e1] 199.19.213.191 "GET /v2.0/networks/79f0d102-ff33-45c1-ac76-99ca081d535f?fields=provider%3Aphysical_network&fields=provider%3Anetwork_type HTTP/1.1" status: 200 len: 277 time: 0.0654964
2026-06-23 19:50:53.422 10 INFO neutron.plugins.ml2.drivers.ovn.mech_driver.mech_driver [None req-e1c87572-4f42-445f-b26e-53b571ef5bc0 - - - - - -] OVN reports status up for port: 9f4ad2d2-6e61-491f-860f-ce45871521f8
2026-06-23 19:50:53.428 9 INFO neutron.plugins.ml2.drivers.ovn.mech_driver.ovsdb.ovsdb_monitor [None req-5ab64595-3c61-467d-a63c-ee70e0356e8c - - - - - -] Router 52b7abdb-9932-474b-9172-f6701ac31931 is bound to host instance
2026-06-23 19:50:53.435 10 INFO neutron.plugins.ml2.plugin [None req-e1c87572-4f42-445f-b26e-53b571ef5bc0 - - - - - -] Attempt 1 to provision port 9f4ad2d2-6e61-491f-860f-ce45871521f8
2026-06-23 19:50:53.466 9 INFO neutron.db.ovn_revision_numbers_db [None req-8301386c-301f-4c38-bb22-c5c39b469ef2 c5b6ef7ced2d469bbca1220cc95503bc 5905adb67e3e447c965b1bb724244ab6 - - default default] Successfully bumped revision number for resource 9f4ad2d2-6e61-491f-860f-ce45871521f8 (type: router_ports) to 1
2026-06-23 19:50:53.491 9 INFO neutron.api.wsgi [req-57c9c5a3-3628-487f-a36b-d0f9706a4f6e req-921e1019-4bc3-4bc7-842b-8fabd2d0a9ce bef61817891e405da9e12a063b2da462 960f5e7e69f040abbd6c84f4cbce67f7 - - 4fd31dc5079f4054806622ac13d7d6e1 4fd31dc5079f4054806622ac13d7d6e1] 199.19.213.191 "GET /v2.0/networks/a0c58f8b-b695-4f2c-ae4a-15f9cd0a067a?fields=segments HTTP/1.1" status: 200 len: 212 time: 0.0602770
2026-06-23 19:50:53.556 9 INFO neutron.db.ovn_revision_numbers_db [None req-8301386c-301f-4c38-bb22-c5c39b469ef2 c5b6ef7ced2d469bbca1220cc95503bc 5905adb67e3e447c965b1bb724244ab6 - - default default] Successfully bumped revision number for resource 52b7abdb-9932-474b-9172-f6701ac31931 (type: routers) to 2
2026-06-23 19:50:53.562 9 INFO neutron.api.wsgi [req-57c9c5a3-3628-487f-a36b-d0f9706a4f6e req-7da2719e-945d-4a34-bd14-f59ca27ee655 bef61817891e405da9e12a063b2da462 960f5e7e69f040abbd6c84f4cbce67f7 - - 4fd31dc5079f4054806622ac13d7d6e1 4fd31dc5079f4054806622ac13d7d6e1] 199.19.213.191 "GET /v2.0/networks/a0c58f8b-b695-4f2c-ae4a-15f9cd0a067a?fields=provider%3Aphysical_network&fields=provider%3Anetwork_type HTTP/1.1" status: 200 len: 277 time: 0.0599229
2026-06-23 19:50:53.578 9 INFO neutron.api.wsgi [None req-8301386c-301f-4c38-bb22-c5c39b469ef2 c5b6ef7ced2d469bbca1220cc95503bc 5905adb67e3e447c965b1bb724244ab6 - - default default] 10.0.0.195 "POST /v2.0/routers HTTP/1.1" status: 201 len: 1167 time: 1.3952520
2026-06-23 19:50:53.613 9 INFO neutron.notifiers.nova [-] Nova event matching ['req-ca2df125-53d4-4c7c-99dc-967ee641c893'] response: {'name': 'network-changed', 'server_uuid': 'b9c4715c-9133-456b-9437-ac1e12817a9c', 'tag': '4d73801c-a7b8-4e7b-9277-f9da4f3db836', 'status': 'completed', 'code': 200}
2026-06-23 19:50:53.677 10 INFO neutron.api.wsgi [req-8fcf1aef-05ca-4e3b-a78c-53115a22409e req-03775153-7370-4849-86eb-5676beba916d a76868aecb664a4c89cc480aba10c830 cfccab92e6de441d80dcc0bdfdd65a78 - - default default] 10.0.0.169 "GET /v2.0/ports?device_id=a78f16fb-a660-4fb3-8205-5eda4245f614 HTTP/1.1" status: 200 len: 1168 time: 0.0326402
2026-06-23 19:50:53.726 10 INFO neutron.api.wsgi [req-8fcf1aef-05ca-4e3b-a78c-53115a22409e req-30127ce4-6f90-43de-8523-cc771fadb856 a76868aecb664a4c89cc480aba10c830 cfccab92e6de441d80dcc0bdfdd65a78 - - default default] 10.0.0.169 "GET /v2.0/security-groups?id=fc0fb4eb-f9ef-49dc-8fa1-7983e75933ef&fields=id&fields=name HTTP/1.1" status: 200 len: 312 time: 0.0431554
2026-06-23 19:50:53.813 10 INFO neutron.api.wsgi [req-f69a065c-9021-4c92-b9c7-07dbeea57c3b req-82d50cd6-5f57-4001-afc9-c09e24b2b170 50d32a8d84df40eaafc40fdcdfbd6592 45ef3df5dafe4178a956bed3ab8b8430 - - default default] 10.0.0.169 "GET /v2.0/ports?device_id=b9c4715c-9133-456b-9437-ac1e12817a9c HTTP/1.1" status: 200 len: 1168 time: 0.0326536
2026-06-23 19:50:53.852 10 INFO neutron.api.wsgi [req-f69a065c-9021-4c92-b9c7-07dbeea57c3b req-c53ae87e-592d-45e6-ba5e-12c2a08c7e28 50d32a8d84df40eaafc40fdcdfbd6592 45ef3df5dafe4178a956bed3ab8b8430 - - default default] 10.0.0.169 "GET /v2.0/security-groups?id=d16a6c86-69e1-4bd5-b0bd-498c014b6de2&fields=id&fields=name HTTP/1.1" status: 200 len: 313 time: 0.0344355
2026-06-23 19:50:54.031 9 INFO neutron.db.ovn_revision_numbers_db [None req-9fe5a53d-5082-4c2a-b007-f4185a3cb899 - - - - - -] Successfully bumped revision number for resource 9f4ad2d2-6e61-491f-860f-ce45871521f8 (type: ports) to 1
2026-06-23 19:50:54.311 9 WARNING neutron.scheduler.dhcp_agent_scheduler [None req-918e1389-2284-454c-b1b8-931fda5397f2 c5b6ef7ced2d469bbca1220cc95503bc 5905adb67e3e447c965b1bb724244ab6 - - default default] No more DHCP agents
2026-06-23 19:50:54.312 9 WARNING neutron.api.rpc.agentnotifiers.dhcp_rpc_agent_api [None req-918e1389-2284-454c-b1b8-931fda5397f2 c5b6ef7ced2d469bbca1220cc95503bc 5905adb67e3e447c965b1bb724244ab6 - - default default] Unable to schedule network 908b31d3-b982-4964-b50b-b561a61972b6: no agents available; will retry on subsequent port and subnet creation events.
2026-06-23 19:50:54.455 9 INFO neutron.db.ovn_revision_numbers_db [None req-918e1389-2284-454c-b1b8-931fda5397f2 c5b6ef7ced2d469bbca1220cc95503bc 5905adb67e3e447c965b1bb724244ab6 - - default default] Successfully bumped revision number for resource 38c2f448-5089-4cbe-a20f-43bb006c4aa1 (type: ports) to 1
