2026-06-23 19:54:39.823 9 INFO neutron.db.ovn_revision_numbers_db [None req-16021dec-3b49-452e-9654-fae0f1a16e7e b00797ae529f42b897dd794041820f5b 9d07abbcab7d409894d3ab20d19f2bff - - default default] Successfully bumped revision number for resource 819eb836-7c8d-4246-b2c5-951d98671c20 (type: routers) to 9
2026-06-23 19:54:39.849 9 INFO neutron.api.wsgi [None req-16021dec-3b49-452e-9654-fae0f1a16e7e b00797ae529f42b897dd794041820f5b 9d07abbcab7d409894d3ab20d19f2bff - - default default] 10.0.0.195 "DELETE /v2.0/vpn/ipsec-site-connections/cd94f0f9-3525-4660-9e25-8454680a4fd3 HTTP/1.1" status: 204 len: 168 time: 0.4948621
2026-06-23 19:54:39.865 9 INFO neutron.api.wsgi [None req-f2e04054-1731-4f93-a8bd-e78935d3c898 b00797ae529f42b897dd794041820f5b 9d07abbcab7d409894d3ab20d19f2bff - - default default] 10.0.0.195 "GET /v2.0/vpn/ipsec-site-connections HTTP/1.1" status: 200 len: 990 time: 0.0093575
2026-06-23 19:54:39.878 9 INFO neutron.api.v2.resource [None req-0c8e97c6-fdc3-41cc-a45d-aaa592a4ca33 b00797ae529f42b897dd794041820f5b 9d07abbcab7d409894d3ab20d19f2bff - - default default] delete failed (client error): The resource could not be found.
2026-06-23 19:54:39.879 9 INFO neutron.api.wsgi [None req-0c8e97c6-fdc3-41cc-a45d-aaa592a4ca33 b00797ae529f42b897dd794041820f5b 9d07abbcab7d409894d3ab20d19f2bff - - default default] 10.0.0.195 "DELETE /v2.0/vpn/ipsec-site-connections/cd94f0f9-3525-4660-9e25-8454680a4fd3 HTTP/1.1" status: 404 len: 355 time: 0.0072548
2026-06-23 19:54:39.894 10 WARNING neutron_lib.context [None req-f7f36132-ca72-412a-93a6-870ee26b70bd b00797ae529f42b897dd794041820f5b 9d07abbcab7d409894d3ab20d19f2bff - - default default] Method 'is_advsvc' is deprecated since 2023.2 release (neutron-lib 3.8.0) and will be removed once support for the old RBAC API policies will be removed from Neutron. Please use method 'is_service_role' instead.
2026-06-23 19:54:39.935 10 INFO neutron.api.wsgi [None req-f7f36132-ca72-412a-93a6-870ee26b70bd b00797ae529f42b897dd794041820f5b 9d07abbcab7d409894d3ab20d19f2bff - - default default] 10.0.0.195 "POST /v2.0/vpn/endpoint-groups HTTP/1.1" status: 201 len: 488 time: 0.0484769
2026-06-23 19:54:39.959 10 INFO neutron.api.wsgi [None req-08939a45-a368-44f8-8bd1-ee0102c90de5 b00797ae529f42b897dd794041820f5b 9d07abbcab7d409894d3ab20d19f2bff - - default default] 10.0.0.195 "PUT /v2.0/vpn/endpoint-groups/b1a2d23c-dace-49fc-b5c3-70e4bf5d8799 HTTP/1.1" status: 200 len: 483 time: 0.0193651
2026-06-23 19:54:39.974 10 INFO neutron.api.wsgi [None req-2bee5a08-0df9-4e28-ad70-43729d2dc9c2 b00797ae529f42b897dd794041820f5b 9d07abbcab7d409894d3ab20d19f2bff - - default default] 10.0.0.195 "GET /v2.0/vpn/endpoint-groups/b1a2d23c-dace-49fc-b5c3-70e4bf5d8799 HTTP/1.1" status: 200 len: 483 time: 0.0093906
2026-06-23 19:54:40.006 10 INFO neutron.api.wsgi [None req-a10a5dba-8cb8-48f3-baf3-1b12c5d47eb3 b00797ae529f42b897dd794041820f5b 9d07abbcab7d409894d3ab20d19f2bff - - default default] 10.0.0.195 "DELETE /v2.0/vpn/endpoint-groups/b1a2d23c-dace-49fc-b5c3-70e4bf5d8799 HTTP/1.1" status: 204 len: 168 time: 0.0269787
2026-06-23 19:54:40.024 9 INFO neutron.api.wsgi [None req-5e087638-4054-4631-b57a-5a4724ce72cd b00797ae529f42b897dd794041820f5b 9d07abbcab7d409894d3ab20d19f2bff - - default default] 10.0.0.195 "GET /v2.0/vpn/endpoint-groups HTTP/1.1" status: 200 len: 828 time: 0.0108819
2026-06-23 19:54:40.039 9 INFO neutron.api.wsgi [None req-27739ac8-519f-4d5c-99b7-57af9899684e b00797ae529f42b897dd794041820f5b 9d07abbcab7d409894d3ab20d19f2bff - - default default] 10.0.0.195 "GET /v2.0/vpn/endpoint-groups HTTP/1.1" status: 200 len: 828 time: 0.0098991
2026-06-23 19:54:40.052 9 WARNING neutron_lib.context [None req-755e8d8f-050a-4ec8-9c3e-9878fc082264 b00797ae529f42b897dd794041820f5b 9d07abbcab7d409894d3ab20d19f2bff - - default default] Method 'is_advsvc' is deprecated since 2023.2 release (neutron-lib 3.8.0) and will be removed once support for the old RBAC API policies will be removed from Neutron. Please use method 'is_service_role' instead.
2026-06-23 19:54:40.086 9 INFO neutron.api.wsgi [None req-755e8d8f-050a-4ec8-9c3e-9878fc082264 b00797ae529f42b897dd794041820f5b 9d07abbcab7d409894d3ab20d19f2bff - - default default] 10.0.0.195 "POST /v2.0/vpn/ikepolicies HTTP/1.1" status: 201 len: 602 time: 0.0392573
2026-06-23 19:54:40.111 9 INFO neutron.api.wsgi [None req-56108cad-c6ba-4275-9550-7a5d7842a4ae b00797ae529f42b897dd794041820f5b 9d07abbcab7d409894d3ab20d19f2bff - - default default] 10.0.0.195 "PUT /v2.0/vpn/ikepolicies/06c5c350-2b43-4051-8a19-30a18e6842dc HTTP/1.1" status: 200 len: 613 time: 0.0197077
2026-06-23 19:54:40.123 9 INFO neutron.api.wsgi [None req-d5399a46-cf92-45ce-941b-376e74767fb6 b00797ae529f42b897dd794041820f5b 9d07abbcab7d409894d3ab20d19f2bff - - default default] 10.0.0.195 "GET /v2.0/vpn/ikepolicies/06c5c350-2b43-4051-8a19-30a18e6842dc HTTP/1.1" status: 200 len: 613 time: 0.0078282
2026-06-23 19:54:40.148 9 INFO neutron.api.wsgi [None req-5f0494db-f542-4f48-b295-e060cbe8c36e b00797ae529f42b897dd794041820f5b 9d07abbcab7d409894d3ab20d19f2bff - - default default] 10.0.0.195 "DELETE /v2.0/vpn/ikepolicies/06c5c350-2b43-4051-8a19-30a18e6842dc HTTP/1.1" status: 204 len: 168 time: 0.0198534
2026-06-23 19:54:40.162 9 INFO neutron.api.wsgi [None req-73d0226d-d61a-48f6-ba14-6cd6fa0199a4 b00797ae529f42b897dd794041820f5b 9d07abbcab7d409894d3ab20d19f2bff - - default default] 10.0.0.195 "GET /v2.0/vpn/ikepolicies HTTP/1.1" status: 200 len: 601 time: 0.0084465
2026-06-23 19:54:40.174 9 INFO neutron.api.wsgi [None req-0282aa1e-8190-4ad6-9711-0c8f4598feff b00797ae529f42b897dd794041820f5b 9d07abbcab7d409894d3ab20d19f2bff - - default default] 10.0.0.195 "GET /v2.0/vpn/ikepolicies HTTP/1.1" status: 200 len: 601 time: 0.0072496
2026-06-23 19:54:40.181 9 WARNING neutron_lib.context [None req-adbf1555-b9f2-4d42-a269-d5b1e57defe8 b00797ae529f42b897dd794041820f5b 9d07abbcab7d409894d3ab20d19f2bff - - default default] Method 'is_advsvc' is deprecated since 2023.2 release (neutron-lib 3.8.0) and will be removed once support for the old RBAC API policies will be removed from Neutron. Please use method 'is_service_role' instead.
2026-06-23 19:54:40.210 9 INFO neutron.api.wsgi [None req-adbf1555-b9f2-4d42-a269-d5b1e57defe8 b00797ae529f42b897dd794041820f5b 9d07abbcab7d409894d3ab20d19f2bff - - default default] 10.0.0.195 "POST /v2.0/vpn/ipsecpolicies HTTP/1.1" status: 201 len: 610 time: 0.0315914
2026-06-23 19:54:40.225 10 INFO neutron.api.wsgi [-] 10.0.0.11 "GET / HTTP/1.1" status: 200 len: 247 time: 0.0019944
2026-06-23 19:54:40.227 10 INFO neutron.api.wsgi [-] 10.0.0.11 "GET / HTTP/1.1" status: 200 len: 247 time: 0.0014958
2026-06-23 19:54:40.245 9 INFO neutron.api.wsgi [None req-e0684eef-1b0d-4b02-bbbb-38c1e598318d b00797ae529f42b897dd794041820f5b 9d07abbcab7d409894d3ab20d19f2bff - - default default] 10.0.0.195 "PUT /v2.0/vpn/ipsecpolicies/872229f5-e629-4959-a691-a8cfb7a20736 HTTP/1.1" status: 200 len: 624 time: 0.0292079
2026-06-23 19:54:40.276 9 INFO neutron.api.wsgi [None req-740c3bd2-93fb-40e4-9875-78a6692f70b1 b00797ae529f42b897dd794041820f5b 9d07abbcab7d409894d3ab20d19f2bff - - default default] 10.0.0.195 "DELETE /v2.0/vpn/ipsecpolicies/872229f5-e629-4959-a691-a8cfb7a20736 HTTP/1.1" status: 204 len: 168 time: 0.0267084
2026-06-23 19:54:40.289 9 INFO neutron.api.v2.resource [None req-c05a4f5a-12ee-4b64-bd21-2619a47c1332 b00797ae529f42b897dd794041820f5b 9d07abbcab7d409894d3ab20d19f2bff - - default default] delete failed (client error): The resource could not be found.
2026-06-23 19:54:40.290 9 INFO neutron.api.wsgi [None req-c05a4f5a-12ee-4b64-bd21-2619a47c1332 b00797ae529f42b897dd794041820f5b 9d07abbcab7d409894d3ab20d19f2bff - - default default] 10.0.0.195 "DELETE /v2.0/vpn/ipsecpolicies/872229f5-e629-4959-a691-a8cfb7a20736 HTTP/1.1" status: 404 len: 346 time: 0.0092018
2026-06-23 19:54:40.300 9 INFO neutron.api.v2.resource [None req-ba9434a4-2e5a-488d-a9a1-d1e63a6a9d77 b00797ae529f42b897dd794041820f5b 9d07abbcab7d409894d3ab20d19f2bff - - default default] delete failed (client error): The resource could not be found.
2026-06-23 19:54:40.301 9 INFO neutron.api.wsgi [None req-ba9434a4-2e5a-488d-a9a1-d1e63a6a9d77 b00797ae529f42b897dd794041820f5b 9d07abbcab7d409894d3ab20d19f2bff - - default default] 10.0.0.195 "DELETE /v2.0/vpn/ipsecpolicies/872229f5-e629-4959-a691-a8cfb7a20736 HTTP/1.1" status: 404 len: 346 time: 0.0072813
2026-06-23 19:54:40.316 9 WARNING neutron_lib.context [None req-506c26d3-298a-4a9b-a87b-62cbe6d99a7a b00797ae529f42b897dd794041820f5b 9d07abbcab7d409894d3ab20d19f2bff - - default default] Method 'is_advsvc' is deprecated since 2023.2 release (neutron-lib 3.8.0) and will be removed once support for the old RBAC API policies will be removed from Neutron. Please use method 'is_service_role' instead.
2026-06-23 19:54:40.395 9 INFO neutron.db.segments_db [None req-506c26d3-298a-4a9b-a87b-62cbe6d99a7a b00797ae529f42b897dd794041820f5b 9d07abbcab7d409894d3ab20d19f2bff - - default default] Added segment 556bbea1-15d4-4a58-ab49-9a5a12c9d105 of type geneve for network 33ca5f7e-751f-4f6d-bc94-6b1451a7dd7a
2026-06-23 19:54:40.515 9 INFO neutron.db.ovn_revision_numbers_db [None req-506c26d3-298a-4a9b-a87b-62cbe6d99a7a b00797ae529f42b897dd794041820f5b 9d07abbcab7d409894d3ab20d19f2bff - - default default] Successfully bumped revision number for resource 33ca5f7e-751f-4f6d-bc94-6b1451a7dd7a (type: networks) to 1
2026-06-23 19:54:40.663 9 WARNING neutron.scheduler.dhcp_agent_scheduler [None req-506c26d3-298a-4a9b-a87b-62cbe6d99a7a b00797ae529f42b897dd794041820f5b 9d07abbcab7d409894d3ab20d19f2bff - - default default] No more DHCP agents
2026-06-23 19:54:40.664 9 WARNING neutron.api.rpc.agentnotifiers.dhcp_rpc_agent_api [None req-506c26d3-298a-4a9b-a87b-62cbe6d99a7a b00797ae529f42b897dd794041820f5b 9d07abbcab7d409894d3ab20d19f2bff - - default default] Unable to schedule network 33ca5f7e-751f-4f6d-bc94-6b1451a7dd7a: no agents available; will retry on subsequent port and subnet creation events.
2026-06-23 19:54:40.727 9 INFO neutron.db.ovn_revision_numbers_db [None req-506c26d3-298a-4a9b-a87b-62cbe6d99a7a b00797ae529f42b897dd794041820f5b 9d07abbcab7d409894d3ab20d19f2bff - - default default] Successfully bumped revision number for resource 425bcd50-966d-4e47-8478-f617223b92a3 (type: ports) to 1
2026-06-23 19:54:40.748 9 INFO neutron.api.wsgi [None req-506c26d3-298a-4a9b-a87b-62cbe6d99a7a b00797ae529f42b897dd794041820f5b 9d07abbcab7d409894d3ab20d19f2bff - - default default] 10.0.0.195 "POST /v2.0/networks HTTP/1.1" status: 201 len: 831 time: 0.4373751
2026-06-23 19:54:40.759 9 WARNING neutron_lib.context [None req-ac3a2090-c10c-4a10-b381-d4b23abeaa53 b00797ae529f42b897dd794041820f5b 9d07abbcab7d409894d3ab20d19f2bff - - default default] Method 'is_advsvc' is deprecated since 2023.2 release (neutron-lib 3.8.0) and will be removed once support for the old RBAC API policies will be removed from Neutron. Please use method 'is_service_role' instead.
2026-06-23 19:54:41.010 9 WARNING neutron.scheduler.dhcp_agent_scheduler [None req-ac3a2090-c10c-4a10-b381-d4b23abeaa53 b00797ae529f42b897dd794041820f5b 9d07abbcab7d409894d3ab20d19f2bff - - default default] No more DHCP agents
2026-06-23 19:54:41.013 9 WARNING neutron.api.rpc.agentnotifiers.dhcp_rpc_agent_api [None req-ac3a2090-c10c-4a10-b381-d4b23abeaa53 b00797ae529f42b897dd794041820f5b 9d07abbcab7d409894d3ab20d19f2bff - - default default] Unable to schedule network 33ca5f7e-751f-4f6d-bc94-6b1451a7dd7a: no agents available; will retry on subsequent port and subnet creation events.
2026-06-23 19:54:41.460 10 WARNING neutron_lib.context [None req-1aada92f-6842-4ab1-b300-9419d41489f8 125ee4e4ee5545fd9503d460eaed3f3b b7b07d2c37304bd397eabfe206c063a4 - - default default] Method 'is_advsvc' is deprecated since 2023.2 release (neutron-lib 3.8.0) and will be removed once support for the old RBAC API policies will be removed from Neutron. Please use method 'is_service_role' instead.
2026-06-23 19:54:41.490 9 INFO neutron.db.ovn_revision_numbers_db [None req-29edbb0e-17c3-467d-b01a-97a26203cd86 - - - - - -] Successfully bumped revision number for resource 425bcd50-966d-4e47-8478-f617223b92a3 (type: ports) to 2
2026-06-23 19:54:41.517 9 INFO neutron.db.ovn_revision_numbers_db [None req-29edbb0e-17c3-467d-b01a-97a26203cd86 - - - - - -] Successfully bumped revision number for resource 96593dae-d72a-49be-93eb-68d5fe7f2f55 (type: subnets) to 0
2026-06-23 19:54:41.533 9 INFO neutron.api.wsgi [None req-ac3a2090-c10c-4a10-b381-d4b23abeaa53 b00797ae529f42b897dd794041820f5b 9d07abbcab7d409894d3ab20d19f2bff - - default default] 10.0.0.195 "POST /v2.0/subnets HTTP/1.1" status: 201 len: 828 time: 0.7774591
2026-06-23 19:54:41.541 9 WARNING neutron_lib.context [None req-882175cf-55d2-4524-b9b7-fcf58ebd85d6 b00797ae529f42b897dd794041820f5b 9d07abbcab7d409894d3ab20d19f2bff - - default default] Method 'is_advsvc' is deprecated since 2023.2 release (neutron-lib 3.8.0) and will be removed once support for the old RBAC API policies will be removed from Neutron. Please use method 'is_service_role' instead.
2026-06-23 19:54:41.613 10 INFO neutron.db.ovn_revision_numbers_db [None req-1aada92f-6842-4ab1-b300-9419d41489f8 125ee4e4ee5545fd9503d460eaed3f3b b7b07d2c37304bd397eabfe206c063a4 - - default default] Successfully bumped revision number for resource 4d5eb0f6-79be-43ab-aaf0-f9a062aaa58f (type: security_groups) to 1
2026-06-23 19:54:41.653 10 INFO neutron.db.ovn_revision_numbers_db [None req-1aada92f-6842-4ab1-b300-9419d41489f8 125ee4e4ee5545fd9503d460eaed3f3b b7b07d2c37304bd397eabfe206c063a4 - - default default] Successfully bumped revision number for resource 0b4a54d6-9b91-4619-95a2-bd393ffe9e9c (type: security_group_rules) to 0
2026-06-23 19:54:41.685 10 INFO neutron.db.ovn_revision_numbers_db [None req-1aada92f-6842-4ab1-b300-9419d41489f8 125ee4e4ee5545fd9503d460eaed3f3b b7b07d2c37304bd397eabfe206c063a4 - - default default] Successfully bumped revision number for resource 5bdf7d8f-a6ef-4ab4-91f8-8b390562c05e (type: security_group_rules) to 0
2026-06-23 19:54:41.708 10 INFO neutron.db.ovn_revision_numbers_db [None req-1aada92f-6842-4ab1-b300-9419d41489f8 125ee4e4ee5545fd9503d460eaed3f3b b7b07d2c37304bd397eabfe206c063a4 - - default default] Successfully bumped revision number for resource 6f8e6cee-b918-42fb-817e-a0b2228bf9e5 (type: security_group_rules) to 0
2026-06-23 19:54:41.721 10 INFO neutron.db.ovn_revision_numbers_db [None req-1aada92f-6842-4ab1-b300-9419d41489f8 125ee4e4ee5545fd9503d460eaed3f3b b7b07d2c37304bd397eabfe206c063a4 - - default default] Successfully bumped revision number for resource c3695326-d978-4852-8bd2-0fe3121d40a0 (type: security_group_rules) to 0
2026-06-23 19:54:41.813 10 INFO neutron.db.segments_db [None req-1aada92f-6842-4ab1-b300-9419d41489f8 125ee4e4ee5545fd9503d460eaed3f3b b7b07d2c37304bd397eabfe206c063a4 - - default default] Added segment 71e020e3-2168-49f7-ab55-ef759dd1d435 of type geneve for network 6fa9fa34-37d8-4666-a9a0-93108f6e489b
2026-06-23 19:54:41.962 10 INFO neutron.db.ovn_revision_numbers_db [None req-1aada92f-6842-4ab1-b300-9419d41489f8 125ee4e4ee5545fd9503d460eaed3f3b b7b07d2c37304bd397eabfe206c063a4 - - default default] Successfully bumped revision number for resource 6fa9fa34-37d8-4666-a9a0-93108f6e489b (type: networks) to 1
2026-06-23 19:54:41.965 9 WARNING neutron.scheduler.dhcp_agent_scheduler [None req-882175cf-55d2-4524-b9b7-fcf58ebd85d6 b00797ae529f42b897dd794041820f5b 9d07abbcab7d409894d3ab20d19f2bff - - default default] No more DHCP agents
2026-06-23 19:54:41.966 9 WARNING neutron.api.rpc.agentnotifiers.dhcp_rpc_agent_api [None req-882175cf-55d2-4524-b9b7-fcf58ebd85d6 b00797ae529f42b897dd794041820f5b 9d07abbcab7d409894d3ab20d19f2bff - - default default] Unable to schedule network fc8dd96c-e655-4837-bd71-a61a77ef4ad4: no agents available; will retry on subsequent port and subnet creation events.
2026-06-23 19:54:42.067 9 INFO neutron.db.ovn_revision_numbers_db [None req-882175cf-55d2-4524-b9b7-fcf58ebd85d6 b00797ae529f42b897dd794041820f5b 9d07abbcab7d409894d3ab20d19f2bff - - default default] Successfully bumped revision number for resource 2015b1c4-bd76-42c6-aa7c-dfa0d1cd3e34 (type: ports) to 1
2026-06-23 19:54:42.152 10 WARNING neutron.scheduler.dhcp_agent_scheduler [None req-1aada92f-6842-4ab1-b300-9419d41489f8 125ee4e4ee5545fd9503d460eaed3f3b b7b07d2c37304bd397eabfe206c063a4 - - default default] No more DHCP agents
2026-06-23 19:54:42.165 10 WARNING neutron.api.rpc.agentnotifiers.dhcp_rpc_agent_api [None req-1aada92f-6842-4ab1-b300-9419d41489f8 125ee4e4ee5545fd9503d460eaed3f3b b7b07d2c37304bd397eabfe206c063a4 - - default default] Unable to schedule network 6fa9fa34-37d8-4666-a9a0-93108f6e489b: no agents available; will retry on subsequent port and subnet creation events.
2026-06-23 19:54:42.231 10 INFO neutron.db.ovn_revision_numbers_db [None req-1aada92f-6842-4ab1-b300-9419d41489f8 125ee4e4ee5545fd9503d460eaed3f3b b7b07d2c37304bd397eabfe206c063a4 - - default default] Successfully bumped revision number for resource 7ceaba2a-3c55-486a-9a3c-f42935c9c76a (type: ports) to 1
2026-06-23 19:54:42.256 10 INFO neutron.api.wsgi [None req-1aada92f-6842-4ab1-b300-9419d41489f8 125ee4e4ee5545fd9503d460eaed3f3b b7b07d2c37304bd397eabfe206c063a4 - - default default] 10.0.0.195 "POST /v2.0/networks HTTP/1.1" status: 201 len: 831 time: 0.9623666
2026-06-23 19:54:42.272 9 WARNING neutron_lib.context [None req-c7431dfd-6752-451e-9d4a-4ec8360dd6bc 125ee4e4ee5545fd9503d460eaed3f3b b7b07d2c37304bd397eabfe206c063a4 - - default default] Method 'is_advsvc' is deprecated since 2023.2 release (neutron-lib 3.8.0) and will be removed once support for the old RBAC API policies will be removed from Neutron. Please use method 'is_service_role' instead.
2026-06-23 19:54:42.582 9 WARNING neutron.scheduler.dhcp_agent_scheduler [None req-c7431dfd-6752-451e-9d4a-4ec8360dd6bc 125ee4e4ee5545fd9503d460eaed3f3b b7b07d2c37304bd397eabfe206c063a4 - - default default] No more DHCP agents
2026-06-23 19:54:42.585 9 WARNING neutron.api.rpc.agentnotifiers.dhcp_rpc_agent_api [None req-c7431dfd-6752-451e-9d4a-4ec8360dd6bc 125ee4e4ee5545fd9503d460eaed3f3b b7b07d2c37304bd397eabfe206c063a4 - - default default] Unable to schedule network 6fa9fa34-37d8-4666-a9a0-93108f6e489b: no agents available; will retry on subsequent port and subnet creation events.
2026-06-23 19:54:42.673 9 INFO neutron.db.ovn_revision_numbers_db [None req-c7431dfd-6752-451e-9d4a-4ec8360dd6bc 125ee4e4ee5545fd9503d460eaed3f3b b7b07d2c37304bd397eabfe206c063a4 - - default default] Successfully bumped revision number for resource 6acd66ae-6812-4855-9897-2d5a5a6afced (type: ports) to 1
2026-06-23 19:54:42.696 9 INFO neutron.api.wsgi [None req-c7431dfd-6752-451e-9d4a-4ec8360dd6bc 125ee4e4ee5545fd9503d460eaed3f3b b7b07d2c37304bd397eabfe206c063a4 - - default default] 10.0.0.195 "POST /v2.0/ports HTTP/1.1" status: 201 len: 942 time: 0.4365344
2026-06-23 19:54:42.721 9 INFO neutron.plugins.ml2.drivers.ovn.mech_driver.ovsdb.commands [None req-620edba5-8e60-4bf1-bb40-d4e8f90c4403 - - - - - -] Schedule LRP lrp-2015b1c4-bd76-42c6-aa7c-dfa0d1cd3e34 on gateway 568031f9-7582-466f-85de-aec8fb0436fd with priority 1
2026-06-23 19:54:42.728 10 INFO neutron.plugins.ml2.drivers.ovn.mech_driver.mech_driver [None req-d2c5f844-d508-4052-bcfa-89299c20f029 - - - - - -] OVN reports status up for port: 2015b1c4-bd76-42c6-aa7c-dfa0d1cd3e34
2026-06-23 19:54:42.741 10 INFO neutron.plugins.ml2.plugin [None req-d2c5f844-d508-4052-bcfa-89299c20f029 - - - - - -] Attempt 1 to provision port 2015b1c4-bd76-42c6-aa7c-dfa0d1cd3e34
2026-06-23 19:54:42.761 10 INFO neutron.api.wsgi [None req-c90ea15d-de18-402c-b4b1-20114b859d27 125ee4e4ee5545fd9503d460eaed3f3b b7b07d2c37304bd397eabfe206c063a4 - - default default] 10.0.0.195 "PUT /v2.0/ports/6acd66ae-6812-4855-9897-2d5a5a6afced/tags HTTP/1.1" status: 200 len: 218 time: 0.0589235
2026-06-23 19:54:42.761 9 INFO neutron.db.ovn_revision_numbers_db [None req-882175cf-55d2-4524-b9b7-fcf58ebd85d6 b00797ae529f42b897dd794041820f5b 9d07abbcab7d409894d3ab20d19f2bff - - default default] Successfully bumped revision number for resource 2015b1c4-bd76-42c6-aa7c-dfa0d1cd3e34 (type: router_ports) to 1
2026-06-23 19:54:42.797 10 INFO neutron.api.wsgi [None req-cd0e6b95-21d8-4575-98f9-6433dc509c47 125ee4e4ee5545fd9503d460eaed3f3b b7b07d2c37304bd397eabfe206c063a4 - - default default] 10.0.0.195 "GET /v2.0/ports/6acd66ae-6812-4855-9897-2d5a5a6afced/tags HTTP/1.1" status: 200 len: 218 time: 0.0303450 /var/lib/openstack/lib/python3.12/site-packages/pycadf/identifier.py:71: UserWarning: Invalid uuid: neutron. To ensure interoperability, identifiers should be a valid uuid. warnings.warn(('Invalid uuid: %s. To ensure interoperability, '
2026-06-23 19:54:42.984 10 INFO neutron.api.wsgi [None req-c11f788c-6774-4856-b147-51b3e3304d6c b54d15d7be72493c8626d931fb80a7b3 f5b78301672448cba4dad9446af267ba - - default default] 10.0.0.195 "POST /v2.0/qos/policies HTTP/1.1" status: 201 len: 558 time: 0.2108524
2026-06-23 19:54:43.024 10 INFO neutron.api.wsgi [None req-ea1341ba-adc5-4127-a67a-f5ce53338f2a b54d15d7be72493c8626d931fb80a7b3 f5b78301672448cba4dad9446af267ba - - default default] 10.0.0.195 "POST /v2.0/qos/policies HTTP/1.1" status: 201 len: 558 time: 0.0346591
2026-06-23 19:54:43.064 10 INFO neutron.api.wsgi [None req-febe8d5e-2e7e-4c69-a7fb-ecec12331ff2 b54d15d7be72493c8626d931fb80a7b3 f5b78301672448cba4dad9446af267ba - - default default] 10.0.0.195 "POST /v2.0/qos/policies HTTP/1.1" status: 201 len: 558 time: 0.0345044
2026-06-23 19:54:43.112 10 INFO neutron.api.wsgi [None req-11944f28-0ada-4186-af92-92a6654f9904 b54d15d7be72493c8626d931fb80a7b3 f5b78301672448cba4dad9446af267ba - - default default] 10.0.0.195 "POST /v2.0/qos/policies HTTP/1.1" status: 201 len: 558 time: 0.0361664
2026-06-23 19:54:43.131 9 INFO neutron.db.ovn_revision_numbers_db [None req-882175cf-55d2-4524-b9b7-fcf58ebd85d6 b00797ae529f42b897dd794041820f5b 9d07abbcab7d409894d3ab20d19f2bff - - default default] Successfully bumped revision number for resource d4979a2f-6268-4e3c-bfff-3150551c8fc4 (type: routers) to 2
2026-06-23 19:54:43.147 9 INFO neutron.api.wsgi [None req-aa4425ae-d322-4e1a-9ceb-cac93b674198 125ee4e4ee5545fd9503d460eaed3f3b b7b07d2c37304bd397eabfe206c063a4 - - default default] 10.0.0.195 "PUT /v2.0/ports/6acd66ae-6812-4855-9897-2d5a5a6afced/tags/green HTTP/1.1" status: 201 len: 201 time: 0.3446927
2026-06-23 19:54:43.152 9 INFO neutron.api.wsgi [None req-882175cf-55d2-4524-b9b7-fcf58ebd85d6 b00797ae529f42b897dd794041820f5b 9d07abbcab7d409894d3ab20d19f2bff - - default default] 10.0.0.195 "POST /v2.0/routers HTTP/1.1" status: 201 len: 1136 time: 1.6148593
2026-06-23 19:54:43.162 10 INFO neutron.api.wsgi [None req-db81eb25-e10e-45f2-b6b3-5547f47b81db b54d15d7be72493c8626d931fb80a7b3 f5b78301672448cba4dad9446af267ba - - default default] 10.0.0.195 "POST /v2.0/qos/policies HTTP/1.1" status: 201 len: 558 time: 0.0419590
2026-06-23 19:54:43.185 10 INFO neutron.api.wsgi [None req-d55ef509-f280-4eca-8e54-0bbaddfebe84 125ee4e4ee5545fd9503d460eaed3f3b b7b07d2c37304bd397eabfe206c063a4 - - default default] 10.0.0.195 "GET /v2.0/ports/6acd66ae-6812-4855-9897-2d5a5a6afced/tags HTTP/1.1" status: 200 len: 227 time: 0.0332839
2026-06-23 19:54:43.206 9 INFO neutron.api.wsgi [None req-92b8b1c4-82da-4c38-95d9-01a51a85af57 b54d15d7be72493c8626d931fb80a7b3 f5b78301672448cba4dad9446af267ba - - default default] 10.0.0.195 "PUT /v2.0/policies/18475aa8-b966-4eba-bfa0-c43bbf64ee54/tags HTTP/1.1" status: 200 len: 210 time: 0.0398140
2026-06-23 19:54:43.231 10 INFO neutron.api.wsgi [None req-647a1216-f5eb-469f-9aeb-165cba21c6a1 125ee4e4ee5545fd9503d460eaed3f3b b7b07d2c37304bd397eabfe206c063a4 - - default default] 10.0.0.195 "PUT /v2.0/ports/6acd66ae-6812-4855-9897-2d5a5a6afced/tags/red HTTP/1.1" status: 201 len: 201 time: 0.0373440
2026-06-23 19:54:43.248 10 INFO neutron.api.wsgi [None req-086209c3-42ce-4f32-a0dc-cae23b9ec911 b54d15d7be72493c8626d931fb80a7b3 f5b78301672448cba4dad9446af267ba - - default default] 10.0.0.195 "PUT /v2.0/policies/23d67fbe-1047-4112-91d6-62b24acb1afc/tags HTTP/1.1" status: 200 len: 218 time: 0.0326750
2026-06-23 19:54:43.272 10 INFO neutron.api.wsgi [None req-14901bdd-4b4c-423d-a4c1-77f06f1e0172 125ee4e4ee5545fd9503d460eaed3f3b b7b07d2c37304bd397eabfe206c063a4 - - default default] 10.0.0.195 "GET /v2.0/ports/6acd66ae-6812-4855-9897-2d5a5a6afced/tags HTTP/1.1" status: 200 len: 227 time: 0.0296800
2026-06-23 19:54:43.286 9 INFO neutron.api.wsgi [None req-11cd0c84-2f5a-4ec4-a273-7634073cf932 b54d15d7be72493c8626d931fb80a7b3 f5b78301672448cba4dad9446af267ba - - default default] 10.0.0.195 "PUT /v2.0/policies/a7b419c5-1fee-48ad-8257-e083b6141740/tags HTTP/1.1" status: 200 len: 227 time: 0.0300913
2026-06-23 19:54:43.320 10 INFO neutron.api.wsgi [None req-2fa08477-3abb-42b2-9e4a-9fc5fe03edaa 125ee4e4ee5545fd9503d460eaed3f3b b7b07d2c37304bd397eabfe206c063a4 - - default default] 10.0.0.195 "PUT /v2.0/ports/6acd66ae-6812-4855-9897-2d5a5a6afced/tags/black.or.white HTTP/1.1" status: 201 len: 201 time: 0.0426581
2026-06-23 19:54:43.321 9 INFO neutron.api.wsgi [None req-58b0105f-b709-4a6e-bc46-a6adb030378d b54d15d7be72493c8626d931fb80a7b3 f5b78301672448cba4dad9446af267ba - - default default] 10.0.0.195 "PUT /v2.0/policies/1279507f-3d5c-4231-9c37-57d592cee4e5/tags HTTP/1.1" status: 200 len: 212 time: 0.0308826
2026-06-23 19:54:43.357 9 INFO neutron.api.wsgi [None req-0468c3d0-64c6-4ce1-a50b-0c690f0ca20b 125ee4e4ee5545fd9503d460eaed3f3b b7b07d2c37304bd397eabfe206c063a4 - - default default] 10.0.0.195 "GET /v2.0/ports/6acd66ae-6812-4855-9897-2d5a5a6afced/tags HTTP/1.1" status: 200 len: 245 time: 0.0303662
2026-06-23 19:54:43.414 10 INFO neutron.api.wsgi [None req-683bab14-6eea-48ab-b4c8-af672de6460e 125ee4e4ee5545fd9503d460eaed3f3b b7b07d2c37304bd397eabfe206c063a4 - - default default] 10.0.0.195 "PUT /v2.0/ports/6acd66ae-6812-4855-9897-2d5a5a6afced/tags HTTP/1.1" status: 200 len: 230 time: 0.0501380
2026-06-23 19:54:43.454 10 INFO neutron.api.wsgi [None req-f6115aca-7218-45da-b232-487a19f0a789 125ee4e4ee5545fd9503d460eaed3f3b b7b07d2c37304bd397eabfe206c063a4 - - default default] 10.0.0.195 "GET /v2.0/ports/6acd66ae-6812-4855-9897-2d5a5a6afced/tags HTTP/1.1" status: 200 len: 230 time: 0.0349510
2026-06-23 19:54:43.490 10 INFO neutron.api.wsgi [None req-ae9cf8c1-c120-443e-9c85-e48e91f3eb66 125ee4e4ee5545fd9503d460eaed3f3b b7b07d2c37304bd397eabfe206c063a4 - - default default] 10.0.0.195 "GET /v2.0/ports/6acd66ae-6812-4855-9897-2d5a5a6afced/tags/red HTTP/1.1" status: 204 len: 168 time: 0.0284252
2026-06-23 19:54:43.520 10 INFO neutron.api.v2.resource [None req-7e1d8efb-2fb9-4a8a-a7b2-7b1801b90c80 125ee4e4ee5545fd9503d460eaed3f3b b7b07d2c37304bd397eabfe206c063a4 - - default default] show failed (client error): The resource could not be found.
2026-06-23 19:54:43.521 10 INFO neutron.api.wsgi [None req-7e1d8efb-2fb9-4a8a-a7b2-7b1801b90c80 125ee4e4ee5545fd9503d460eaed3f3b b7b07d2c37304bd397eabfe206c063a4 - - default default] 10.0.0.195 "GET /v2.0/ports/6acd66ae-6812-4855-9897-2d5a5a6afced/tags/green HTTP/1.1" status: 404 len: 299 time: 0.0250716
2026-06-23 19:54:43.601 9 INFO neutron.api.wsgi [None req-24d5d798-2541-4e22-b37e-115c1ff4b2b3 125ee4e4ee5545fd9503d460eaed3f3b b7b07d2c37304bd397eabfe206c063a4 - - default default] 10.0.0.195 "DELETE /v2.0/ports/6acd66ae-6812-4855-9897-2d5a5a6afced/tags/red HTTP/1.1" status: 204 len: 168 time: 0.0745335
2026-06-23 19:54:43.644 10 INFO neutron.api.wsgi [None req-f1def26e-b60c-46d0-b3b5-0d1befb4efbc 125ee4e4ee5545fd9503d460eaed3f3b b7b07d2c37304bd397eabfe206c063a4 - - default default] 10.0.0.195 "GET /v2.0/ports/6acd66ae-6812-4855-9897-2d5a5a6afced/tags HTTP/1.1" status: 200 len: 223 time: 0.0382273
2026-06-23 19:54:43.681 10 INFO neutron.api.v2.resource [None req-b88faf68-de20-4250-be7b-3e96331d1d5a 125ee4e4ee5545fd9503d460eaed3f3b b7b07d2c37304bd397eabfe206c063a4 - - default default] delete failed (client error): The resource could not be found.
2026-06-23 19:54:43.683 10 INFO neutron.api.wsgi [None req-b88faf68-de20-4250-be7b-3e96331d1d5a 125ee4e4ee5545fd9503d460eaed3f3b b7b07d2c37304bd397eabfe206c063a4 - - default default] 10.0.0.195 "DELETE /v2.0/ports/6acd66ae-6812-4855-9897-2d5a5a6afced/tags/green HTTP/1.1" status: 404 len: 299 time: 0.0349195
2026-06-23 19:54:43.708 9 WARNING neutron.scheduler.dhcp_agent_scheduler [None req-f8d96cf6-b036-47ea-aabb-54228248da9a b00797ae529f42b897dd794041820f5b 9d07abbcab7d409894d3ab20d19f2bff - - default default] No more DHCP agents
2026-06-23 19:54:43.710 9 WARNING neutron.api.rpc.agentnotifiers.dhcp_rpc_agent_api [None req-f8d96cf6-b036-47ea-aabb-54228248da9a b00797ae529f42b897dd794041820f5b 9d07abbcab7d409894d3ab20d19f2bff - - default default] Unable to schedule network 33ca5f7e-751f-4f6d-bc94-6b1451a7dd7a: no agents available; will retry on subsequent port and subnet creation events.
2026-06-23 19:54:43.728 10 INFO neutron.api.wsgi [None req-31e90e4d-c316-4943-9169-35d3d6ba9613 125ee4e4ee5545fd9503d460eaed3f3b b7b07d2c37304bd397eabfe206c063a4 - - default default] 10.0.0.195 "DELETE /v2.0/ports/6acd66ae-6812-4855-9897-2d5a5a6afced/tags HTTP/1.1" status: 204 len: 168 time: 0.0384922
2026-06-23 19:54:43.814 9 INFO neutron.api.wsgi [None req-debb9ddd-aa7f-48a4-89dc-37ea50d0f6b9 f7b2330a9462424a8692d12b9ff84306 62e33fe0e3d947eb983b6f4a9e4922f6 - - default default] 10.0.0.195 "GET /v2.0/qos/policies?tags=red HTTP/1.1" status: 200 len: 1296 time: 0.1238084
2026-06-23 19:54:43.863 9 INFO neutron.db.ovn_revision_numbers_db [None req-f8d96cf6-b036-47ea-aabb-54228248da9a b00797ae529f42b897dd794041820f5b 9d07abbcab7d409894d3ab20d19f2bff - - default default] Successfully bumped revision number for resource 62bad075-fcde-4e8a-87d1-0ef84e68b1e7 (type: ports) to 1
2026-06-23 19:54:43.891 9 INFO neutron.api.wsgi [None req-7f8d981b-6932-4f02-82de-7477ed3d8aee f7b2330a9462424a8692d12b9ff84306 62e33fe0e3d947eb983b6f4a9e4922f6 - - default default] 10.0.0.195 "GET /v2.0/qos/policies?tags=red%2Cblue HTTP/1.1" status: 200 len: 941 time: 0.0679092
2026-06-23 19:54:43.995 9 INFO neutron.api.wsgi [None req-b12a71d2-9ef3-4b41-97d3-ea02850974d7 f7b2330a9462424a8692d12b9ff84306 62e33fe0e3d947eb983b6f4a9e4922f6 - - default default] 10.0.0.195 "GET /v2.0/qos/policies?tags-any=blue HTTP/1.1" status: 200 len: 941 time: 0.0975358
2026-06-23 19:54:44.080 9 INFO neutron.api.wsgi [None req-47b73ae4-54d7-47ea-89cb-e975e0ed726c f7b2330a9462424a8692d12b9ff84306 62e33fe0e3d947eb983b6f4a9e4922f6 - - default default] 10.0.0.195 "GET /v2.0/qos/policies?tags-any=red%2Cblue HTTP/1.1" status: 200 len: 1296 time: 0.0801194
2026-06-23 19:54:44.085 10 INFO neutron.api.wsgi [None req-cba1af6c-d8d3-42e4-b2fc-10d29242148a 125ee4e4ee5545fd9503d460eaed3f3b b7b07d2c37304bd397eabfe206c063a4 - - default default] 10.0.0.195 "GET /v2.0/ports/6acd66ae-6812-4855-9897-2d5a5a6afced/tags HTTP/1.1" status: 200 len: 205 time: 0.3496296
2026-06-23 19:54:44.153 10 INFO neutron.api.wsgi [None req-55f8cea0-6e99-4d0d-afcf-cb37f13ef9c1 f7b2330a9462424a8692d12b9ff84306 62e33fe0e3d947eb983b6f4a9e4922f6 - - default default] 10.0.0.195 "GET /v2.0/qos/policies?not-tags=red HTTP/1.1" status: 200 len: 913 time: 0.0679219
2026-06-23 19:54:44.236 10 INFO neutron.api.wsgi [None req-ee71672b-1023-434d-921a-7386bb3ff1b5 f7b2330a9462424a8692d12b9ff84306 62e33fe0e3d947eb983b6f4a9e4922f6 - - default default] 10.0.0.195 "GET /v2.0/qos/policies?not-tags=red%2Cblue HTTP/1.1" status: 200 len: 1268 time: 0.0777738
2026-06-23 19:54:44.380 9 INFO neutron.api.wsgi [None req-8b6eb511-7346-4644-a952-78cad95c5681 f7b2330a9462424a8692d12b9ff84306 62e33fe0e3d947eb983b6f4a9e4922f6 - - default default] 10.0.0.195 "GET /v2.0/qos/policies?not-tags-any=blue HTTP/1.1" status: 200 len: 1268 time: 0.1373055
2026-06-23 19:54:44.422 9 INFO neutron.api.wsgi [None req-af322f91-d6be-4c1b-b41d-d0c7677d99fe 125ee4e4ee5545fd9503d460eaed3f3b b7b07d2c37304bd397eabfe206c063a4 - - default default] 10.0.0.195 "DELETE /v2.0/ports/6acd66ae-6812-4855-9897-2d5a5a6afced HTTP/1.1" status: 204 len: 168 time: 0.3290930
2026-06-23 19:54:44.473 10 INFO neutron.api.wsgi [None req-05aa7c01-4613-4557-9806-d3d7cd1a9c65 f7b2330a9462424a8692d12b9ff84306 62e33fe0e3d947eb983b6f4a9e4922f6 - - default default] 10.0.0.195 "GET /v2.0/qos/policies?not-tags-any=red%2Cblue HTTP/1.1" status: 200 len: 913 time: 0.0882356
2026-06-23 19:54:44.526 9 INFO neutron.api.wsgi [None req-7891dedf-b6e5-4b08-af3c-455828ddc728 b54d15d7be72493c8626d931fb80a7b3 f5b78301672448cba4dad9446af267ba - - default default] 10.0.0.195 "DELETE /v2.0/qos/policies/18475aa8-b966-4eba-bfa0-c43bbf64ee54 HTTP/1.1" status: 204 len: 168 time: 0.0476294
2026-06-23 19:54:44.595 10 INFO neutron.api.wsgi [None req-46083752-9fdd-477b-adc3-28df8ae403b6 b54d15d7be72493c8626d931fb80a7b3 f5b78301672448cba4dad9446af267ba - - default default] 10.0.0.195 "DELETE /v2.0/qos/policies/23d67fbe-1047-4112-91d6-62b24acb1afc HTTP/1.1" status: 204 len: 168 time: 0.0644126
2026-06-23 19:54:44.611 9 INFO neutron.db.ovn_revision_numbers_db [None req-f8d96cf6-b036-47ea-aabb-54228248da9a b00797ae529f42b897dd794041820f5b 9d07abbcab7d409894d3ab20d19f2bff - - default default] Successfully bumped revision number for resource 62bad075-fcde-4e8a-87d1-0ef84e68b1e7 (type: ports) to 1
2026-06-23 19:54:44.655 10 INFO neutron.api.wsgi [None req-6b03128d-61fb-46e8-a5de-9b6d8c5c3328 b54d15d7be72493c8626d931fb80a7b3 f5b78301672448cba4dad9446af267ba - - default default] 10.0.0.195 "DELETE /v2.0/qos/policies/a7b419c5-1fee-48ad-8257-e083b6141740 HTTP/1.1" status: 204 len: 168 time: 0.0542057
2026-06-23 19:54:44.661 9 WARNING neutron.scheduler.dhcp_agent_scheduler [None req-f8d96cf6-b036-47ea-aabb-54228248da9a b00797ae529f42b897dd794041820f5b 9d07abbcab7d409894d3ab20d19f2bff - - default default] No more DHCP agents
2026-06-23 19:54:44.662 9 WARNING neutron.api.rpc.agentnotifiers.dhcp_rpc_agent_api [None req-f8d96cf6-b036-47ea-aabb-54228248da9a b00797ae529f42b897dd794041820f5b 9d07abbcab7d409894d3ab20d19f2bff - - default default] Unable to schedule network 33ca5f7e-751f-4f6d-bc94-6b1451a7dd7a: no agents available; will retry on subsequent port and subnet creation events.
2026-06-23 19:54:44.717 10 INFO neutron.services.segments.plugin [-] Segment 71e020e3-2168-49f7-ab55-ef759dd1d435 resource provider aggregate not found
2026-06-23 19:54:44.720 10 INFO neutron.services.segments.plugin [-] Segment 71e020e3-2168-49f7-ab55-ef759dd1d435 resource provider aggregate not found
2026-06-23 19:54:44.728 10 INFO neutron.api.wsgi [None req-3256e04c-e919-463b-a63f-d79d24b2a789 b54d15d7be72493c8626d931fb80a7b3 f5b78301672448cba4dad9446af267ba - - default default] 10.0.0.195 "DELETE /v2.0/qos/policies/1279507f-3d5c-4231-9c37-57d592cee4e5 HTTP/1.1" status: 204 len: 168 time: 0.0678048
2026-06-23 19:54:44.738 10 INFO neutron.services.segments.plugin [-] Segment 71e020e3-2168-49f7-ab55-ef759dd1d435 resource provider not found; error: Placement Client Error (4xx): {"errors": [{"status": 404, "title": "Not Found", "detail": "The resource could not be found.\n\n No resource provider with uuid 71e020e3-2168-49f7-ab55-ef759dd1d435 found for delete ", "request_id": "req-b311d652-85cd-49bb-afca-8b9c1e752e8e"}]}
2026-06-23 19:54:44.741 10 INFO neutron.services.segments.plugin [-] Segment 71e020e3-2168-49f7-ab55-ef759dd1d435 resource provider not found; error: Placement Client Error (4xx): {"errors": [{"status": 404, "title": "Not Found", "detail": "The resource could not be found.\n\n No resource provider with uuid 71e020e3-2168-49f7-ab55-ef759dd1d435 found for delete ", "request_id": "req-c1de9021-0d06-412a-a38a-266d43f5bc08"}]}
2026-06-23 19:54:44.757 10 INFO neutron.api.wsgi [None req-a4df623d-f5fa-45b6-b271-448c6399d3fd 125ee4e4ee5545fd9503d460eaed3f3b b7b07d2c37304bd397eabfe206c063a4 - - default default] 10.0.0.195 "DELETE /v2.0/networks/6fa9fa34-37d8-4666-a9a0-93108f6e489b HTTP/1.1" status: 204 len: 168 time: 0.3305745
2026-06-23 19:54:44.785 10 INFO neutron.api.wsgi [None req-9372c96d-4d6f-42f4-95a7-a34aa450b6b5 b54d15d7be72493c8626d931fb80a7b3 f5b78301672448cba4dad9446af267ba - - default default] 10.0.0.195 "DELETE /v2.0/qos/policies/5b6dfd5a-7e10-486f-b57d-6b801274f0e6 HTTP/1.1" status: 204 len: 168 time: 0.0507529
2026-06-23 19:54:45.022 9 INFO neutron.db.ovn_revision_numbers_db [None req-f8d96cf6-b036-47ea-aabb-54228248da9a b00797ae529f42b897dd794041820f5b 9d07abbcab7d409894d3ab20d19f2bff - - default default] Successfully bumped revision number for resource 62bad075-fcde-4e8a-87d1-0ef84e68b1e7 (type: router_ports) to 1
2026-06-23 19:54:45.028 9 INFO neutron.api.wsgi [None req-f8d96cf6-b036-47ea-aabb-54228248da9a b00797ae529f42b897dd794041820f5b 9d07abbcab7d409894d3ab20d19f2bff - - default default] 10.0.0.195 "PUT /v2.0/routers/d4979a2f-6268-4e3c-bfff-3150551c8fc4/add_router_interface HTTP/1.1" status: 200 len: 503 time: 1.8709550
2026-06-23 19:54:45.038 9 WARNING neutron_lib.context [None req-58bcfb86-3868-4165-b82d-e9445c0083ce b00797ae529f42b897dd794041820f5b 9d07abbcab7d409894d3ab20d19f2bff - - default default] Method 'is_advsvc' is deprecated since 2023.2 release (neutron-lib 3.8.0) and will be removed once support for the old RBAC API policies will be removed from Neutron. Please use method 'is_service_role' instead.
2026-06-23 19:54:45.498 9 WARNING neutron.scheduler.dhcp_agent_scheduler [None req-d0ea26b1-c2bb-481e-8211-881b4033c622 - - - - - -] No more DHCP agents
2026-06-23 19:54:45.500 9 WARNING neutron.api.rpc.agentnotifiers.dhcp_rpc_agent_api [None req-d0ea26b1-c2bb-481e-8211-881b4033c622 - - - - - -] Unable to schedule network fc8dd96c-e655-4837-bd71-a61a77ef4ad4: no agents available; will retry on subsequent port and subnet creation events.
2026-06-23 19:54:45.622 9 INFO neutron.db.ovn_revision_numbers_db [None req-d0ea26b1-c2bb-481e-8211-881b4033c622 - - - - - -] Successfully bumped revision number for resource 4bd1b6c1-e5bc-487d-98c2-66ae6cb1d0e4 (type: ports) to 1
2026-06-23 19:54:45.745 10 INFO neutron.db.ovn_revision_numbers_db [None req-747a1a32-d4d3-48b0-9cb1-eb7b0067dc25 c5b6ef7ced2d469bbca1220cc95503bc 5905adb67e3e447c965b1bb724244ab6 - - default default] Successfully bumped revision number for resource 504f1bb4-f065-4f98-8c0d-99dfc0e7b12a (type: security_groups) to 1
2026-06-23 19:54:45.761 10 INFO neutron.db.ovn_revision_numbers_db [None req-747a1a32-d4d3-48b0-9cb1-eb7b0067dc25 c5b6ef7ced2d469bbca1220cc95503bc 5905adb67e3e447c965b1bb724244ab6 - - default default] Successfully bumped revision number for resource 032f5ead-787e-425e-939f-8cac7b0d4d9c (type: security_group_rules) to 0
2026-06-23 19:54:45.777 10 INFO neutron.db.ovn_revision_numbers_db [None req-747a1a32-d4d3-48b0-9cb1-eb7b0067dc25 c5b6ef7ced2d469bbca1220cc95503bc 5905adb67e3e447c965b1bb724244ab6 - - default default] Successfully bumped revision number for resource 5afea351-b88a-4c91-adc3-42a5e40f81e3 (type: security_group_rules) to 0
2026-06-23 19:54:45.780 10 INFO neutron.db.ovn_revision_numbers_db [None req-65ad874c-895e-408f-bc85-7b17f3eb8355 c5b6ef7ced2d469bbca1220cc95503bc 5905adb67e3e447c965b1bb724244ab6 - - default default] Successfully bumped revision number for resource 3a5be35b-687a-42a8-82ae-bcfe038851a1 (type: security_groups) to 1
2026-06-23 19:54:45.790 10 INFO neutron.db.ovn_revision_numbers_db [None req-747a1a32-d4d3-48b0-9cb1-eb7b0067dc25 c5b6ef7ced2d469bbca1220cc95503bc 5905adb67e3e447c965b1bb724244ab6 - - default default] Successfully bumped revision number for resource b1bb3bc9-fcfd-48cb-8090-904e0ddf4aa9 (type: security_group_rules) to 0
2026-06-23 19:54:45.795 10 INFO neutron.db.ovn_revision_numbers_db [None req-65ad874c-895e-408f-bc85-7b17f3eb8355 c5b6ef7ced2d469bbca1220cc95503bc 5905adb67e3e447c965b1bb724244ab6 - - default default] Successfully bumped revision number for resource 3bdc7062-37fe-4a20-9736-2eb1581ef99a (type: security_group_rules) to 0
2026-06-23 19:54:45.811 10 INFO neutron.db.ovn_revision_numbers_db [None req-747a1a32-d4d3-48b0-9cb1-eb7b0067dc25 c5b6ef7ced2d469bbca1220cc95503bc 5905adb67e3e447c965b1bb724244ab6 - - default default] Successfully bumped revision number for resource b5b90ce4-2a9e-4f94-acda-a7c0107b58ef (type: security_group_rules) to 0
2026-06-23 19:54:45.818 10 INFO neutron.db.ovn_revision_numbers_db [None req-65ad874c-895e-408f-bc85-7b17f3eb8355 c5b6ef7ced2d469bbca1220cc95503bc 5905adb67e3e447c965b1bb724244ab6 - - default default] Successfully bumped revision number for resource 4ae403ed-7aef-4079-b3b5-f1525dfb0585 (type: security_group_rules) to 0
2026-06-23 19:54:45.837 10 INFO neutron.db.ovn_revision_numbers_db [None req-65ad874c-895e-408f-bc85-7b17f3eb8355 c5b6ef7ced2d469bbca1220cc95503bc 5905adb67e3e447c965b1bb724244ab6 - - default default] Successfully bumped revision number for resource 5f2a42af-212b-4a47-902e-a92984c38952 (type: security_group_rules) to 0
2026-06-23 19:54:45.841 9 INFO neutron.db.ovn_revision_numbers_db [None req-d0ea26b1-c2bb-481e-8211-881b4033c622 - - - - - -] Successfully bumped revision number for resource 4bd1b6c1-e5bc-487d-98c2-66ae6cb1d0e4 (type: ports) to 3
2026-06-23 19:54:45.851 10 INFO neutron.api.wsgi [None req-747a1a32-d4d3-48b0-9cb1-eb7b0067dc25 c5b6ef7ced2d469bbca1220cc95503bc 5905adb67e3e447c965b1bb724244ab6 - - default default] 10.0.0.195 "GET /v2.0/security-groups?tenant_id=6bb2bc4db86c4aeb905fd097fc920f20&name=default HTTP/1.1" status: 200 len: 3124 time: 0.4055588
2026-06-23 19:54:45.864 10 INFO neutron.db.ovn_revision_numbers_db [None req-65ad874c-895e-408f-bc85-7b17f3eb8355 c5b6ef7ced2d469bbca1220cc95503bc 5905adb67e3e447c965b1bb724244ab6 - - default default] Successfully bumped revision number for resource a9bc3dd9-1b9e-496e-bc5b-b1b997c20393 (type: security_group_rules) to 0
2026-06-23 19:54:45.910 9 INFO neutron.db.segments_db [None req-d0ea26b1-c2bb-481e-8211-881b4033c622 - - - - - -] Added segment 52e169f0-0ab8-4f9c-96bd-567343aaaaac of type geneve for network 76bdb31d-893c-4b51-bf6e-25e12b8a0fad
2026-06-23 19:54:45.914 10 INFO neutron.api.wsgi [None req-65ad874c-895e-408f-bc85-7b17f3eb8355 c5b6ef7ced2d469bbca1220cc95503bc 5905adb67e3e447c965b1bb724244ab6 - - default default] 10.0.0.195 "GET /v2.0/security-groups?tenant_id=62e33fe0e3d947eb983b6f4a9e4922f6&name=default HTTP/1.1" status: 200 len: 3124 time: 0.3532004
2026-06-23 19:54:46.061 9 INFO neutron.db.ovn_revision_numbers_db [None req-db148fe8-a373-44ff-b5a4-caf2526535f9 - - - - - -] Successfully bumped revision number for resource 76bdb31d-893c-4b51-bf6e-25e12b8a0fad (type: networks) to 1
2026-06-23 19:54:46.089 10 INFO neutron.api.wsgi [None req-f33a57fb-16c5-47d7-a843-e4384d3da87b c5b6ef7ced2d469bbca1220cc95503bc 5905adb67e3e447c965b1bb724244ab6 - - default default] 10.0.0.195 "DELETE /v2.0/security-groups/504f1bb4-f065-4f98-8c0d-99dfc0e7b12a HTTP/1.1" status: 204 len: 168 time: 0.2313521
2026-06-23 19:54:46.190 9 INFO neutron.api.wsgi [None req-2ea90a0e-9aea-44ac-83e4-790c6c397703 c5b6ef7ced2d469bbca1220cc95503bc 5905adb67e3e447c965b1bb724244ab6 - - default default] 10.0.0.195 "DELETE /v2.0/security-groups/3a5be35b-687a-42a8-82ae-bcfe038851a1 HTTP/1.1" status: 204 len: 168 time: 0.2687061
2026-06-23 19:54:46.232 9 WARNING neutron.scheduler.dhcp_agent_scheduler [None req-db148fe8-a373-44ff-b5a4-caf2526535f9 - - - - - -] No more DHCP agents
2026-06-23 19:54:46.233 9 WARNING neutron.api.rpc.agentnotifiers.dhcp_rpc_agent_api [None req-db148fe8-a373-44ff-b5a4-caf2526535f9 - - - - - -] Unable to schedule network 76bdb31d-893c-4b51-bf6e-25e12b8a0fad: no agents available; will retry on subsequent port and subnet creation events.
2026-06-23 19:54:46.237 9 INFO neutron.api.wsgi [None req-c42e80d7-ca52-44ed-8895-163151f06aac c5b6ef7ced2d469bbca1220cc95503bc 5905adb67e3e447c965b1bb724244ab6 - - default default] 10.0.0.195 "GET /v2.0/security-groups?tenant_id=b7b07d2c37304bd397eabfe206c063a4&name=default HTTP/1.1" status: 200 len: 3124 time: 0.0318124
2026-06-23 19:54:46.305 9 INFO neutron.db.ovn_revision_numbers_db [None req-db148fe8-a373-44ff-b5a4-caf2526535f9 - - - - - -] Successfully bumped revision number for resource f4c2055d-8894-4756-8dbc-9aaaec0502cd (type: ports) to 1
2026-06-23 19:54:46.471 9 INFO neutron.db.ovn_revision_numbers_db [None req-53f8f726-35c9-4717-bf28-57ed8047b855 c5b6ef7ced2d469bbca1220cc95503bc 5905adb67e3e447c965b1bb724244ab6 - - default default] Successfully bumped revision number for resource 29e56b8f-9a92-43dc-afb9-c28d7f8e9818 (type: security_groups) to 1
2026-06-23 19:54:46.474 9 WARNING neutron.scheduler.dhcp_agent_scheduler [None req-db148fe8-a373-44ff-b5a4-caf2526535f9 - - - - - -] No more DHCP agents
2026-06-23 19:54:46.476 9 WARNING neutron.api.rpc.agentnotifiers.dhcp_rpc_agent_api [None req-db148fe8-a373-44ff-b5a4-caf2526535f9 - - - - - -] Unable to schedule network 76bdb31d-893c-4b51-bf6e-25e12b8a0fad: no agents available; will retry on subsequent port and subnet creation events.
2026-06-23 19:54:46.489 9 INFO neutron.db.ovn_revision_numbers_db [None req-53f8f726-35c9-4717-bf28-57ed8047b855 c5b6ef7ced2d469bbca1220cc95503bc 5905adb67e3e447c965b1bb724244ab6 - - default default] Successfully bumped revision number for resource 1523af13-80d1-4c6a-aa61-0fa35390c71d (type: security_group_rules) to 0
2026-06-23 19:54:46.497 9 INFO neutron.api.wsgi [None req-dd419ad2-0ee0-4f27-8c61-848e349a3980 c5b6ef7ced2d469bbca1220cc95503bc 5905adb67e3e447c965b1bb724244ab6 - - default default] 10.0.0.195 "DELETE /v2.0/security-groups/4d5eb0f6-79be-43ab-aaf0-f9a062aaa58f HTTP/1.1" status: 204 len: 168 time: 0.2547936
2026-06-23 19:54:46.503 9 INFO neutron.db.ovn_revision_numbers_db [None req-db148fe8-a373-44ff-b5a4-caf2526535f9 - - - - - -] Successfully bumped revision number for resource 6606c320-4e3e-4348-ae74-0646ba2aa686 (type: subnets) to 0
2026-06-23 19:54:46.505 9 INFO neutron.db.ovn_revision_numbers_db [None req-53f8f726-35c9-4717-bf28-57ed8047b855 c5b6ef7ced2d469bbca1220cc95503bc 5905adb67e3e447c965b1bb724244ab6 - - default default] Successfully bumped revision number for resource 6ffcfeaf-d9c8-4ab3-ab3d-74e8ffd9c386 (type: security_group_rules) to 0
2026-06-23 19:54:46.525 9 INFO neutron.db.ovn_revision_numbers_db [None req-53f8f726-35c9-4717-bf28-57ed8047b855 c5b6ef7ced2d469bbca1220cc95503bc 5905adb67e3e447c965b1bb724244ab6 - - default default] Successfully bumped revision number for resource c7a8490f-9519-4636-b867-dc43b0bb6241 (type: security_group_rules) to 0
2026-06-23 19:54:46.545 9 INFO neutron.db.ovn_revision_numbers_db [None req-53f8f726-35c9-4717-bf28-57ed8047b855 c5b6ef7ced2d469bbca1220cc95503bc 5905adb67e3e447c965b1bb724244ab6 - - default default] Successfully bumped revision number for resource e3423411-3f63-4d46-8521-6563919da5df (type: security_group_rules) to 0
2026-06-23 19:54:46.585 9 INFO neutron.api.wsgi [None req-53f8f726-35c9-4717-bf28-57ed8047b855 c5b6ef7ced2d469bbca1220cc95503bc 5905adb67e3e447c965b1bb724244ab6 - - default default] 10.0.0.195 "GET /v2.0/security-groups?tenant_id=f5b78301672448cba4dad9446af267ba&name=default HTTP/1.1" status: 200 len: 3124 time: 0.2498639
2026-06-23 19:54:46.802 10 INFO neutron.api.wsgi [None req-266e8460-f802-4903-944e-da05ff803213 c5b6ef7ced2d469bbca1220cc95503bc 5905adb67e3e447c965b1bb724244ab6 - - default default] 10.0.0.195 "DELETE /v2.0/security-groups/29e56b8f-9a92-43dc-afb9-c28d7f8e9818 HTTP/1.1" status: 204 len: 168 time: 0.2123890
2026-06-23 19:54:46.855 9 WARNING neutron.scheduler.dhcp_agent_scheduler [None req-db148fe8-a373-44ff-b5a4-caf2526535f9 - - - - - -] No more DHCP agents
2026-06-23 19:54:46.857 9 WARNING neutron.api.rpc.agentnotifiers.dhcp_rpc_agent_api [None req-db148fe8-a373-44ff-b5a4-caf2526535f9 - - - - - -] Unable to schedule network 76bdb31d-893c-4b51-bf6e-25e12b8a0fad: no agents available; will retry on subsequent port and subnet creation events.
2026-06-23 19:54:47.037 9 INFO neutron.db.ovn_revision_numbers_db [None req-db148fe8-a373-44ff-b5a4-caf2526535f9 - - - - - -] Successfully bumped revision number for resource 21feff55-55d7-4a4e-953e-6ad1ec9c1b00 (type: ports) to 1
2026-06-23 19:54:47.158 9 INFO neutron.db.ovn_revision_numbers_db [None req-08ed65e7-68b5-4188-b070-bd97f648f59e c5b6ef7ced2d469bbca1220cc95503bc 5905adb67e3e447c965b1bb724244ab6 - - default default] Successfully bumped revision number for resource 5a2c2c64-ad79-4690-a10a-c889dd8a93f0 (type: security_groups) to 1
2026-06-23 19:54:47.177 9 INFO neutron.db.ovn_revision_numbers_db [None req-08ed65e7-68b5-4188-b070-bd97f648f59e c5b6ef7ced2d469bbca1220cc95503bc 5905adb67e3e447c965b1bb724244ab6 - - default default] Successfully bumped revision number for resource 0be2075f-f68d-45db-ae49-1a89e7bb6645 (type: security_group_rules) to 0
2026-06-23 19:54:47.197 9 INFO neutron.db.ovn_revision_numbers_db [None req-08ed65e7-68b5-4188-b070-bd97f648f59e c5b6ef7ced2d469bbca1220cc95503bc 5905adb67e3e447c965b1bb724244ab6 - - default default] Successfully bumped revision number for resource 28c2978a-911c-4ea9-a370-199b394eed2c (type: security_group_rules) to 0
2026-06-23 19:54:47.215 9 INFO neutron.db.ovn_revision_numbers_db [None req-08ed65e7-68b5-4188-b070-bd97f648f59e c5b6ef7ced2d469bbca1220cc95503bc 5905adb67e3e447c965b1bb724244ab6 - - default default] Successfully bumped revision number for resource 34ea1a91-6974-406a-9175-ef515e84b832 (type: security_group_rules) to 0
2026-06-23 19:54:47.234 9 INFO neutron.db.ovn_revision_numbers_db [None req-08ed65e7-68b5-4188-b070-bd97f648f59e c5b6ef7ced2d469bbca1220cc95503bc 5905adb67e3e447c965b1bb724244ab6 - - default default] Successfully bumped revision number for resource 7cfcd1d6-d273-4bdd-ae3c-db9b0dedad1d (type: security_group_rules) to 0
2026-06-23 19:54:47.277 9 INFO neutron.api.wsgi [None req-08ed65e7-68b5-4188-b070-bd97f648f59e c5b6ef7ced2d469bbca1220cc95503bc 5905adb67e3e447c965b1bb724244ab6 - - default default] 10.0.0.195 "GET /v2.0/security-groups?tenant_id=e90c1ed61a20422585fc55049ab5717e&name=default HTTP/1.1" status: 200 len: 3124 time: 0.2770696
