2026-06-23 19:53:12.347 9 INFO neutron.api.wsgi [req-0a3540bc-8834-45fa-9b6a-e22a941d057b req-cd07365f-7461-4c96-a543-223454489e55 bef61817891e405da9e12a063b2da462 960f5e7e69f040abbd6c84f4cbce67f7 - - 4fd31dc5079f4054806622ac13d7d6e1 4fd31dc5079f4054806622ac13d7d6e1] 199.19.213.191 "PUT /v2.0/ports/1d808fb5-9d96-45cb-b5c4-6b01913180a8 HTTP/1.1" status: 200 len: 1408 time: 0.9038548
2026-06-23 19:53:12.376 10 INFO neutron.db.segments_db [None req-af56194b-9fa6-49dc-9797-e33aae103c6d 0e83d44bb91744d7807a10d096bf3220 0e66550f1a46497db7018bc697d7792a - - default default] Added segment cbd8c939-80d4-42d9-9fb6-9834f8761f1d of type geneve for network 1669aa4f-2fd6-4012-8e85-15e742931160
2026-06-23 19:53:12.394 9 INFO neutron.notifiers.nova [-] Nova event matching ['req-27f1a14e-8ad1-4a06-9001-48dfa9cca63b'] response: {'name': 'network-changed', 'server_uuid': 'e653035d-7c18-42e9-abd7-9a3c894e49a4', 'tag': '1d808fb5-9d96-45cb-b5c4-6b01913180a8', 'status': 'completed', 'code': 200}
2026-06-23 19:53:12.453 9 INFO neutron.db.ovn_revision_numbers_db [None req-d6672ac5-b693-4f1d-9dd3-9b44fad8cede c5b6ef7ced2d469bbca1220cc95503bc 5905adb67e3e447c965b1bb724244ab6 - - default default] Successfully bumped revision number for resource e358c719-fc33-4529-8647-38e381f42699 (type: router_ports) to 1
2026-06-23 19:53:12.458 9 INFO neutron.api.wsgi [None req-d6672ac5-b693-4f1d-9dd3-9b44fad8cede c5b6ef7ced2d469bbca1220cc95503bc 5905adb67e3e447c965b1bb724244ab6 - - default default] 10.0.0.195 "PUT /v2.0/routers/c6a5b211-743a-4fae-990b-ca64d728dc60/add_router_interface HTTP/1.1" status: 200 len: 503 time: 2.6067684
2026-06-23 19:53:12.463 10 INFO neutron.services.segments.plugin [-] Segment a3bcccf9-d443-4a4d-95c4-8d6335a2c06c resource provider aggregate not found
2026-06-23 19:53:12.470 10 INFO neutron.services.segments.plugin [-] Segment a3bcccf9-d443-4a4d-95c4-8d6335a2c06c resource provider aggregate not found
2026-06-23 19:53:12.486 10 INFO neutron.services.segments.plugin [-] Segment a3bcccf9-d443-4a4d-95c4-8d6335a2c06c resource provider not found; error: Placement Client Error (4xx): {"errors": [{"status": 404, "title": "Not Found", "detail": "The resource could not be found.\n\n No resource provider with uuid a3bcccf9-d443-4a4d-95c4-8d6335a2c06c found for delete ", "request_id": "req-568c6cdc-4246-4234-b203-4788c7ff7ce2"}]}
2026-06-23 19:53:12.487 10 INFO neutron.services.segments.plugin [-] Segment a3bcccf9-d443-4a4d-95c4-8d6335a2c06c resource provider not found; error: Placement Client Error (4xx): {"errors": [{"status": 404, "title": "Not Found", "detail": "The resource could not be found.\n\n No resource provider with uuid a3bcccf9-d443-4a4d-95c4-8d6335a2c06c found for delete ", "request_id": "req-3f46a22e-bb41-4775-85c2-e774dbfcad4d"}]}
2026-06-23 19:53:12.502 10 INFO neutron.plugins.ml2.drivers.ovn.mech_driver.mech_driver [None req-fb45a863-0df3-4b03-9f2e-1006e659b435 - - - - - -] OVN reports status up for port: e358c719-fc33-4529-8647-38e381f42699
2026-06-23 19:53:12.513 10 INFO neutron.plugins.ml2.plugin [None req-fb45a863-0df3-4b03-9f2e-1006e659b435 - - - - - -] Attempt 1 to provision port e358c719-fc33-4529-8647-38e381f42699
2026-06-23 19:53:12.535 10 INFO neutron.api.wsgi [None req-e87f5b6f-fc6d-4515-9260-a69452f4bf22 d77117f36af34cca9a54a5a31c743f4c 33bba0638d694ec19f9eef0dc7106fd2 - - default default] 10.0.0.195 "DELETE /v2.0/networks/fc2e0e7c-14e0-46d9-b8fb-dc466b1f5ac0 HTTP/1.1" status: 204 len: 168 time: 0.4405699 /var/lib/openstack/lib/python3.12/site-packages/pycadf/identifier.py:71: UserWarning: Invalid uuid: neutron. To ensure interoperability, identifiers should be a valid uuid. warnings.warn(('Invalid uuid: %s. To ensure interoperability, '
2026-06-23 19:53:12.549 9 WARNING neutron_lib.context [None req-a02c94fe-fcb1-45fb-946d-4d25cb3b0d88 d77117f36af34cca9a54a5a31c743f4c 33bba0638d694ec19f9eef0dc7106fd2 - - default default] Method 'is_advsvc' is deprecated since 2023.2 release (neutron-lib 3.8.0) and will be removed once support for the old RBAC API policies will be removed from Neutron. Please use method 'is_service_role' instead.
2026-06-23 19:53:12.582 10 INFO neutron.db.ovn_revision_numbers_db [None req-af56194b-9fa6-49dc-9797-e33aae103c6d 0e83d44bb91744d7807a10d096bf3220 0e66550f1a46497db7018bc697d7792a - - default default] Successfully bumped revision number for resource 1669aa4f-2fd6-4012-8e85-15e742931160 (type: networks) to 1
2026-06-23 19:53:12.772 10 WARNING neutron.scheduler.dhcp_agent_scheduler [None req-af56194b-9fa6-49dc-9797-e33aae103c6d 0e83d44bb91744d7807a10d096bf3220 0e66550f1a46497db7018bc697d7792a - - default default] No more DHCP agents
2026-06-23 19:53:12.774 10 WARNING neutron.api.rpc.agentnotifiers.dhcp_rpc_agent_api [None req-af56194b-9fa6-49dc-9797-e33aae103c6d 0e83d44bb91744d7807a10d096bf3220 0e66550f1a46497db7018bc697d7792a - - default default] Unable to schedule network 1669aa4f-2fd6-4012-8e85-15e742931160: no agents available; will retry on subsequent port and subnet creation events.
2026-06-23 19:53:12.840 10 INFO neutron.db.ovn_revision_numbers_db [None req-af56194b-9fa6-49dc-9797-e33aae103c6d 0e83d44bb91744d7807a10d096bf3220 0e66550f1a46497db7018bc697d7792a - - default default] Successfully bumped revision number for resource af3ca806-75cb-4dd9-a4cb-86d6e19b0e06 (type: ports) to 1
2026-06-23 19:53:12.877 10 INFO neutron.api.wsgi [None req-af56194b-9fa6-49dc-9797-e33aae103c6d 0e83d44bb91744d7807a10d096bf3220 0e66550f1a46497db7018bc697d7792a - - default default] 10.0.0.195 "POST /v2.0/networks HTTP/1.1" status: 201 len: 833 time: 0.6057365
2026-06-23 19:53:12.892 10 WARNING neutron_lib.context [None req-20f4e8df-e9ee-44fa-a2c4-960fa81eff3d 0e83d44bb91744d7807a10d096bf3220 0e66550f1a46497db7018bc697d7792a - - default default] Method 'is_advsvc' is deprecated since 2023.2 release (neutron-lib 3.8.0) and will be removed once support for the old RBAC API policies will be removed from Neutron. Please use method 'is_service_role' instead.
2026-06-23 19:53:12.946 9 INFO neutron.api.wsgi [req-698178cd-8a5c-4e90-a1cf-09fe2bb06040 req-332e3ca1-7d3d-494d-a3ee-00068860c654 bef61817891e405da9e12a063b2da462 960f5e7e69f040abbd6c84f4cbce67f7 - - 4fd31dc5079f4054806622ac13d7d6e1 4fd31dc5079f4054806622ac13d7d6e1] 199.19.213.191 "GET /v2.0/ports?tenant_id=ba025caf699b445097df93c445862a10&device_id=e653035d-7c18-42e9-abd7-9a3c894e49a4 HTTP/1.1" status: 200 len: 1411 time: 0.0418763
2026-06-23 19:53:12.960 9 WARNING neutron.scheduler.dhcp_agent_scheduler [None req-a02c94fe-fcb1-45fb-946d-4d25cb3b0d88 d77117f36af34cca9a54a5a31c743f4c 33bba0638d694ec19f9eef0dc7106fd2 - - default default] No more DHCP agents
2026-06-23 19:53:12.963 9 WARNING neutron.api.rpc.agentnotifiers.dhcp_rpc_agent_api [None req-a02c94fe-fcb1-45fb-946d-4d25cb3b0d88 d77117f36af34cca9a54a5a31c743f4c 33bba0638d694ec19f9eef0dc7106fd2 - - default default] Unable to schedule network fc8dd96c-e655-4837-bd71-a61a77ef4ad4: no agents available; will retry on subsequent port and subnet creation events.
2026-06-23 19:53:13.001 9 INFO neutron.api.wsgi [req-698178cd-8a5c-4e90-a1cf-09fe2bb06040 req-5e288430-f8e7-4b59-9bec-e031ba61c56c bef61817891e405da9e12a063b2da462 960f5e7e69f040abbd6c84f4cbce67f7 - - 4fd31dc5079f4054806622ac13d7d6e1 4fd31dc5079f4054806622ac13d7d6e1] 199.19.213.191 "GET /v2.0/networks?tenant_id=ba025caf699b445097df93c445862a10&shared=False HTTP/1.1" status: 200 len: 957 time: 0.0499218
2026-06-23 19:53:13.013 10 INFO neutron.db.ovn_revision_numbers_db [None req-fb45a863-0df3-4b03-9f2e-1006e659b435 - - - - - -] Successfully bumped revision number for resource e358c719-fc33-4529-8647-38e381f42699 (type: ports) to 2
2026-06-23 19:53:13.054 9 INFO neutron.api.wsgi [req-698178cd-8a5c-4e90-a1cf-09fe2bb06040 req-961504f5-7519-47d1-b155-020643c1c732 bef61817891e405da9e12a063b2da462 960f5e7e69f040abbd6c84f4cbce67f7 - - 4fd31dc5079f4054806622ac13d7d6e1 4fd31dc5079f4054806622ac13d7d6e1] 199.19.213.191 "GET /v2.0/networks?shared=True HTTP/1.1" status: 200 len: 952 time: 0.0463166
2026-06-23 19:53:13.090 9 INFO neutron.db.ovn_revision_numbers_db [None req-a02c94fe-fcb1-45fb-946d-4d25cb3b0d88 d77117f36af34cca9a54a5a31c743f4c 33bba0638d694ec19f9eef0dc7106fd2 - - default default] Successfully bumped revision number for resource 34768f4c-9600-48ef-a89c-842bbfd11383 (type: ports) to 1
2026-06-23 19:53:13.309 10 INFO neutron.api.wsgi [req-2d895788-1198-45aa-8d8e-989645354b9d req-1480396b-9ed9-448b-94a0-015160c9f2af c37e74f63a584f30ba8726997fa42689 ba025caf699b445097df93c445862a10 - - default default] 10.0.0.169 "GET /v2.0/ports?device_id=e653035d-7c18-42e9-abd7-9a3c894e49a4 HTTP/1.1" status: 200 len: 1172 time: 0.0488276
2026-06-23 19:53:13.368 10 INFO neutron.api.wsgi [req-2d895788-1198-45aa-8d8e-989645354b9d req-825f60d2-72f6-420f-9e30-bf2bb57a8e43 c37e74f63a584f30ba8726997fa42689 ba025caf699b445097df93c445862a10 - - default default] 10.0.0.169 "GET /v2.0/security-groups?id=7bb369da-7ff4-4536-a3b9-2ca1cde91d22&fields=id&fields=name HTTP/1.1" status: 200 len: 313 time: 0.0545692
2026-06-23 19:53:13.403 10 WARNING neutron.scheduler.dhcp_agent_scheduler [None req-20f4e8df-e9ee-44fa-a2c4-960fa81eff3d 0e83d44bb91744d7807a10d096bf3220 0e66550f1a46497db7018bc697d7792a - - default default] No more DHCP agents
2026-06-23 19:53:13.405 10 WARNING neutron.api.rpc.agentnotifiers.dhcp_rpc_agent_api [None req-20f4e8df-e9ee-44fa-a2c4-960fa81eff3d 0e83d44bb91744d7807a10d096bf3220 0e66550f1a46497db7018bc697d7792a - - default default] Unable to schedule network 1669aa4f-2fd6-4012-8e85-15e742931160: no agents available; will retry on subsequent port and subnet creation events.
2026-06-23 19:53:13.432 10 INFO neutron.db.ovn_revision_numbers_db [None req-20f4e8df-e9ee-44fa-a2c4-960fa81eff3d 0e83d44bb91744d7807a10d096bf3220 0e66550f1a46497db7018bc697d7792a - - default default] Successfully bumped revision number for resource ec34ceb1-d290-4201-837b-b2ed8d492c62 (type: subnets) to 0
2026-06-23 19:53:13.447 10 INFO neutron.api.wsgi [None req-20f4e8df-e9ee-44fa-a2c4-960fa81eff3d 0e83d44bb91744d7807a10d096bf3220 0e66550f1a46497db7018bc697d7792a - - default default] 10.0.0.195 "POST /v2.0/subnets HTTP/1.1" status: 201 len: 845 time: 0.5629003
2026-06-23 19:53:13.457 9 WARNING neutron_lib.context [None req-2ebe437b-a0f9-4d50-8476-5c383f1b861b 0e83d44bb91744d7807a10d096bf3220 0e66550f1a46497db7018bc697d7792a - - default default] Method 'is_advsvc' is deprecated since 2023.2 release (neutron-lib 3.8.0) and will be removed once support for the old RBAC API policies will be removed from Neutron. Please use method 'is_service_role' instead.
2026-06-23 19:53:13.561 9 INFO neutron.db.ovn_revision_numbers_db [None req-2ebe437b-a0f9-4d50-8476-5c383f1b861b 0e83d44bb91744d7807a10d096bf3220 0e66550f1a46497db7018bc697d7792a - - default default] Successfully bumped revision number for resource 6c3f1337-bce3-463b-a203-f9235974d2e0 (type: routers) to 1
2026-06-23 19:53:13.572 10 INFO neutron.db.ovn_revision_numbers_db [None req-e3f3a5ff-7a96-4b55-b6a8-8997d175f381 c5b6ef7ced2d469bbca1220cc95503bc 5905adb67e3e447c965b1bb724244ab6 - - default default] Successfully bumped revision number for resource c769f5ca-9e96-4d37-b7e4-3bb74aa8e0da (type: security_groups) to 1
2026-06-23 19:53:13.577 9 INFO neutron.api.wsgi [None req-2ebe437b-a0f9-4d50-8476-5c383f1b861b 0e83d44bb91744d7807a10d096bf3220 0e66550f1a46497db7018bc697d7792a - - default default] 10.0.0.195 "POST /v2.0/routers HTTP/1.1" status: 201 len: 806 time: 0.1248710
2026-06-23 19:53:13.586 10 INFO neutron.db.ovn_revision_numbers_db [None req-e3f3a5ff-7a96-4b55-b6a8-8997d175f381 c5b6ef7ced2d469bbca1220cc95503bc 5905adb67e3e447c965b1bb724244ab6 - - default default] Successfully bumped revision number for resource 05bff7b1-8e21-4fdb-be38-993898f53437 (type: security_group_rules) to 0
2026-06-23 19:53:13.598 10 INFO neutron.db.ovn_revision_numbers_db [None req-e3f3a5ff-7a96-4b55-b6a8-8997d175f381 c5b6ef7ced2d469bbca1220cc95503bc 5905adb67e3e447c965b1bb724244ab6 - - default default] Successfully bumped revision number for resource 2617ced2-5076-4f26-b6fb-28f494c9a88c (type: security_group_rules) to 0
2026-06-23 19:53:13.614 10 INFO neutron.db.ovn_revision_numbers_db [None req-e3f3a5ff-7a96-4b55-b6a8-8997d175f381 c5b6ef7ced2d469bbca1220cc95503bc 5905adb67e3e447c965b1bb724244ab6 - - default default] Successfully bumped revision number for resource 4cfc76a0-f806-4ca9-8618-03cb5769802f (type: security_group_rules) to 0
2026-06-23 19:53:13.628 10 INFO neutron.db.ovn_revision_numbers_db [None req-e3f3a5ff-7a96-4b55-b6a8-8997d175f381 c5b6ef7ced2d469bbca1220cc95503bc 5905adb67e3e447c965b1bb724244ab6 - - default default] Successfully bumped revision number for resource a60a0b62-30dc-4e23-9040-18ac5dcf7308 (type: security_group_rules) to 0
2026-06-23 19:53:13.692 10 INFO neutron.db.segments_db [None req-e3f3a5ff-7a96-4b55-b6a8-8997d175f381 c5b6ef7ced2d469bbca1220cc95503bc 5905adb67e3e447c965b1bb724244ab6 - - default default] Added segment 13a59aef-ec9f-447e-845b-c7753436d9d1 of type geneve for network a4250c8b-27fb-43c9-ae4f-c8153123c8d3
2026-06-23 19:53:13.732 9 INFO neutron.plugins.ml2.drivers.ovn.mech_driver.ovsdb.commands [None req-620edba5-8e60-4bf1-bb40-d4e8f90c4403 - - - - - -] Schedule LRP lrp-34768f4c-9600-48ef-a89c-842bbfd11383 on gateway 568031f9-7582-466f-85de-aec8fb0436fd with priority 1
2026-06-23 19:53:13.773 9 INFO neutron.db.ovn_revision_numbers_db [None req-a02c94fe-fcb1-45fb-946d-4d25cb3b0d88 d77117f36af34cca9a54a5a31c743f4c 33bba0638d694ec19f9eef0dc7106fd2 - - default default] Successfully bumped revision number for resource 34768f4c-9600-48ef-a89c-842bbfd11383 (type: router_ports) to 1
2026-06-23 19:53:13.808 10 INFO neutron.db.ovn_revision_numbers_db [None req-e3f3a5ff-7a96-4b55-b6a8-8997d175f381 c5b6ef7ced2d469bbca1220cc95503bc 5905adb67e3e447c965b1bb724244ab6 - - default default] Successfully bumped revision number for resource a4250c8b-27fb-43c9-ae4f-c8153123c8d3 (type: networks) to 1
2026-06-23 19:53:13.846 9 INFO neutron.db.ovn_revision_numbers_db [None req-a02c94fe-fcb1-45fb-946d-4d25cb3b0d88 d77117f36af34cca9a54a5a31c743f4c 33bba0638d694ec19f9eef0dc7106fd2 - - default default] Successfully bumped revision number for resource 8170bdd3-431d-4a5c-aa66-9cdc32abaf53 (type: routers) to 2
2026-06-23 19:53:13.871 9 INFO neutron.api.wsgi [None req-a02c94fe-fcb1-45fb-946d-4d25cb3b0d88 d77117f36af34cca9a54a5a31c743f4c 33bba0638d694ec19f9eef0dc7106fd2 - - default default] 10.0.0.195 "POST /v2.0/routers HTTP/1.1" status: 201 len: 1147 time: 1.3273578
2026-06-23 19:53:13.970 10 INFO neutron.api.wsgi [None req-51d538d2-5845-4ea4-a947-41bd42f2506a d77117f36af34cca9a54a5a31c743f4c 33bba0638d694ec19f9eef0dc7106fd2 - - default default] 10.0.0.195 "GET /v2.0/routers/8170bdd3-431d-4a5c-aa66-9cdc32abaf53 HTTP/1.1" status: 200 len: 1148 time: 0.0902529
2026-06-23 19:53:13.972 9 WARNING neutron.scheduler.dhcp_agent_scheduler [None req-a5abcfc1-f38a-4370-8de6-78104c53c28c 0e83d44bb91744d7807a10d096bf3220 0e66550f1a46497db7018bc697d7792a - - default default] No more DHCP agents
2026-06-23 19:53:13.974 9 WARNING neutron.api.rpc.agentnotifiers.dhcp_rpc_agent_api [None req-a5abcfc1-f38a-4370-8de6-78104c53c28c 0e83d44bb91744d7807a10d096bf3220 0e66550f1a46497db7018bc697d7792a - - default default] Unable to schedule network 1669aa4f-2fd6-4012-8e85-15e742931160: no agents available; will retry on subsequent port and subnet creation events.
2026-06-23 19:53:14.055 10 WARNING neutron.scheduler.dhcp_agent_scheduler [None req-e3f3a5ff-7a96-4b55-b6a8-8997d175f381 c5b6ef7ced2d469bbca1220cc95503bc 5905adb67e3e447c965b1bb724244ab6 - - default default] No more DHCP agents
2026-06-23 19:53:14.057 10 WARNING neutron.api.rpc.agentnotifiers.dhcp_rpc_agent_api [None req-e3f3a5ff-7a96-4b55-b6a8-8997d175f381 c5b6ef7ced2d469bbca1220cc95503bc 5905adb67e3e447c965b1bb724244ab6 - - default default] Unable to schedule network a4250c8b-27fb-43c9-ae4f-c8153123c8d3: no agents available; will retry on subsequent port and subnet creation events.
2026-06-23 19:53:14.062 9 INFO neutron.db.ovn_revision_numbers_db [None req-a5abcfc1-f38a-4370-8de6-78104c53c28c 0e83d44bb91744d7807a10d096bf3220 0e66550f1a46497db7018bc697d7792a - - default default] Successfully bumped revision number for resource 7c68d534-ea59-45cc-a3eb-e97e45b810ba (type: ports) to 1
2026-06-23 19:53:14.074 10 INFO neutron.api.wsgi [None req-8393e8b9-e444-4938-8294-8ee4eda33026 d77117f36af34cca9a54a5a31c743f4c 33bba0638d694ec19f9eef0dc7106fd2 - - default default] 10.0.0.195 "GET /v2.0/routers HTTP/1.1" status: 200 len: 1151 time: 0.0957968
2026-06-23 19:53:14.116 9 INFO neutron.api.wsgi [req-0a3540bc-8834-45fa-9b6a-e22a941d057b req-7cbb78c4-e332-45b4-8c24-2e74029f6d7c bef61817891e405da9e12a063b2da462 960f5e7e69f040abbd6c84f4cbce67f7 - - 4fd31dc5079f4054806622ac13d7d6e1 4fd31dc5079f4054806622ac13d7d6e1] 199.19.213.191 "GET /v2.0/ports?tenant_id=ba025caf699b445097df93c445862a10&device_id=e653035d-7c18-42e9-abd7-9a3c894e49a4 HTTP/1.1" status: 200 len: 1411 time: 0.0481186
2026-06-23 19:53:14.139 9 INFO neutron.api.wsgi [req-0a3540bc-8834-45fa-9b6a-e22a941d057b req-7af9f966-bd87-4b16-ad53-7bdaae116810 bef61817891e405da9e12a063b2da462 960f5e7e69f040abbd6c84f4cbce67f7 - - 4fd31dc5079f4054806622ac13d7d6e1 4fd31dc5079f4054806622ac13d7d6e1] 199.19.213.191 "GET /v2.0/floatingips?fixed_ip_address=10.100.0.13&port_id=1d808fb5-9d96-45cb-b5c4-6b01913180a8 HTTP/1.1" status: 200 len: 217 time: 0.0165126
2026-06-23 19:53:14.151 10 INFO neutron.db.ovn_revision_numbers_db [None req-e3f3a5ff-7a96-4b55-b6a8-8997d175f381 c5b6ef7ced2d469bbca1220cc95503bc 5905adb67e3e447c965b1bb724244ab6 - - default default] Successfully bumped revision number for resource bfd41077-5b40-4c3b-8313-94a249526ef0 (type: ports) to 1
2026-06-23 19:53:14.180 9 INFO neutron.api.wsgi [req-0a3540bc-8834-45fa-9b6a-e22a941d057b req-449e385f-d32e-48b4-addc-46bfc18fbbee bef61817891e405da9e12a063b2da462 960f5e7e69f040abbd6c84f4cbce67f7 - - 4fd31dc5079f4054806622ac13d7d6e1 4fd31dc5079f4054806622ac13d7d6e1] 199.19.213.191 "GET /v2.0/subnets?id=d6ad3663-2316-4ee4-8f73-eb9370cdd11c HTTP/1.1" status: 200 len: 877 time: 0.0301192
2026-06-23 19:53:14.190 10 INFO neutron.api.wsgi [None req-e3f3a5ff-7a96-4b55-b6a8-8997d175f381 c5b6ef7ced2d469bbca1220cc95503bc 5905adb67e3e447c965b1bb724244ab6 - - default default] 10.0.0.195 "POST /v2.0/networks HTTP/1.1" status: 201 len: 942 time: 0.7425807
2026-06-23 19:53:14.203 9 INFO neutron.api.wsgi [req-0a3540bc-8834-45fa-9b6a-e22a941d057b req-e6e26da6-e367-4143-95dc-2cd668058997 bef61817891e405da9e12a063b2da462 960f5e7e69f040abbd6c84f4cbce67f7 - - 4fd31dc5079f4054806622ac13d7d6e1 4fd31dc5079f4054806622ac13d7d6e1] 199.19.213.191 "GET /v2.0/ports?network_id=568883f9-24f6-40b4-87b6-d74d6212e1e6&device_owner=network%3Adhcp HTTP/1.1" status: 200 len: 210 time: 0.0159428
2026-06-23 19:53:14.277 9 INFO neutron.api.wsgi [req-0a3540bc-8834-45fa-9b6a-e22a941d057b req-929a5e39-5847-4a6b-bd7d-83425f4471b6 bef61817891e405da9e12a063b2da462 960f5e7e69f040abbd6c84f4cbce67f7 - - 4fd31dc5079f4054806622ac13d7d6e1 4fd31dc5079f4054806622ac13d7d6e1] 199.19.213.191 "GET /v2.0/networks/568883f9-24f6-40b4-87b6-d74d6212e1e6?fields=segments HTTP/1.1" status: 200 len: 212 time: 0.0665376
2026-06-23 19:53:14.358 9 INFO neutron.api.wsgi [req-0a3540bc-8834-45fa-9b6a-e22a941d057b req-57c10268-9389-4c8b-8122-f12f1486c241 bef61817891e405da9e12a063b2da462 960f5e7e69f040abbd6c84f4cbce67f7 - - 4fd31dc5079f4054806622ac13d7d6e1 4fd31dc5079f4054806622ac13d7d6e1] 199.19.213.191 "GET /v2.0/networks/568883f9-24f6-40b4-87b6-d74d6212e1e6?fields=provider%3Aphysical_network&fields=provider%3Anetwork_type HTTP/1.1" status: 200 len: 277 time: 0.0745254
2026-06-23 19:53:14.392 10 WARNING neutron.scheduler.dhcp_agent_scheduler [None req-d42e0604-1e28-448a-92a4-440f1d67adec c5b6ef7ced2d469bbca1220cc95503bc 5905adb67e3e447c965b1bb724244ab6 - - default default] No more DHCP agents
2026-06-23 19:53:14.394 10 WARNING neutron.api.rpc.agentnotifiers.dhcp_rpc_agent_api [None req-d42e0604-1e28-448a-92a4-440f1d67adec c5b6ef7ced2d469bbca1220cc95503bc 5905adb67e3e447c965b1bb724244ab6 - - default default] Unable to schedule network a4250c8b-27fb-43c9-ae4f-c8153123c8d3: no agents available; will retry on subsequent port and subnet creation events.
2026-06-23 19:53:14.487 10 INFO neutron.api.wsgi [req-6535d610-9d2a-4a66-8d3b-bd99783f5b4b req-9af4e1b3-e83a-4c73-abcc-a501bc0bf156 c37e74f63a584f30ba8726997fa42689 ba025caf699b445097df93c445862a10 - - default default] 10.0.0.169 "GET /v2.0/ports?device_id=e653035d-7c18-42e9-abd7-9a3c894e49a4 HTTP/1.1" status: 200 len: 1172 time: 0.0520706
2026-06-23 19:53:14.541 10 INFO neutron.api.wsgi [req-6535d610-9d2a-4a66-8d3b-bd99783f5b4b req-4c48b7b5-170a-4140-8e51-dbf2fc710392 c37e74f63a584f30ba8726997fa42689 ba025caf699b445097df93c445862a10 - - default default] 10.0.0.169 "GET /v2.0/security-groups?id=7bb369da-7ff4-4536-a3b9-2ca1cde91d22&fields=id&fields=name HTTP/1.1" status: 200 len: 313 time: 0.0488341
2026-06-23 19:53:14.613 9 INFO neutron.db.ovn_revision_numbers_db [None req-a5abcfc1-f38a-4370-8de6-78104c53c28c 0e83d44bb91744d7807a10d096bf3220 0e66550f1a46497db7018bc697d7792a - - default default] Successfully bumped revision number for resource 7c68d534-ea59-45cc-a3eb-e97e45b810ba (type: ports) to 1
2026-06-23 19:53:14.650 10 INFO neutron.db.ovn_revision_numbers_db [None req-0c0e8b8e-1ef8-4483-8037-101f9c1c5eb8 d77117f36af34cca9a54a5a31c743f4c 33bba0638d694ec19f9eef0dc7106fd2 - - default default] Successfully bumped revision number for resource 8170bdd3-431d-4a5c-aa66-9cdc32abaf53 (type: routers) to 3
2026-06-23 19:53:14.656 10 INFO neutron.api.wsgi [None req-0c0e8b8e-1ef8-4483-8037-101f9c1c5eb8 d77117f36af34cca9a54a5a31c743f4c 33bba0638d694ec19f9eef0dc7106fd2 - - default default] 10.0.0.195 "PUT /v2.0/routers/8170bdd3-431d-4a5c-aa66-9cdc32abaf53 HTTP/1.1" status: 200 len: 1155 time: 0.5753691
2026-06-23 19:53:14.663 9 WARNING neutron.scheduler.dhcp_agent_scheduler [None req-a5abcfc1-f38a-4370-8de6-78104c53c28c 0e83d44bb91744d7807a10d096bf3220 0e66550f1a46497db7018bc697d7792a - - default default] No more DHCP agents
2026-06-23 19:53:14.664 9 WARNING neutron.api.rpc.agentnotifiers.dhcp_rpc_agent_api [None req-a5abcfc1-f38a-4370-8de6-78104c53c28c 0e83d44bb91744d7807a10d096bf3220 0e66550f1a46497db7018bc697d7792a - - default default] Unable to schedule network 1669aa4f-2fd6-4012-8e85-15e742931160: no agents available; will retry on subsequent port and subnet creation events.
2026-06-23 19:53:14.731 10 INFO neutron.api.wsgi [None req-76722fb7-1c16-4fdc-b5a3-e3e8a888c0ec d77117f36af34cca9a54a5a31c743f4c 33bba0638d694ec19f9eef0dc7106fd2 - - default default] 10.0.0.195 "GET /v2.0/routers/8170bdd3-431d-4a5c-aa66-9cdc32abaf53 HTTP/1.1" status: 200 len: 1155 time: 0.0694363
2026-06-23 19:53:14.752 10 INFO neutron.api.wsgi [None req-b7d7eb37-16a8-419c-8075-1a8ce6879e7d d77117f36af34cca9a54a5a31c743f4c 33bba0638d694ec19f9eef0dc7106fd2 - - default default] 10.0.0.195 "GET /v2.0/ports?device_id=8170bdd3-431d-4a5c-aa66-9cdc32abaf53 HTTP/1.1" status: 200 len: 205 time: 0.0155272
2026-06-23 19:53:14.816 9 INFO neutron.db.ovn_revision_numbers_db [None req-a5abcfc1-f38a-4370-8de6-78104c53c28c 0e83d44bb91744d7807a10d096bf3220 0e66550f1a46497db7018bc697d7792a - - default default] Successfully bumped revision number for resource 7c68d534-ea59-45cc-a3eb-e97e45b810ba (type: router_ports) to 1
2026-06-23 19:53:14.821 9 INFO neutron.api.wsgi [None req-a5abcfc1-f38a-4370-8de6-78104c53c28c 0e83d44bb91744d7807a10d096bf3220 0e66550f1a46497db7018bc697d7792a - - default default] 10.0.0.195 "PUT /v2.0/routers/6c3f1337-bce3-463b-a203-f9235974d2e0/add_router_interface HTTP/1.1" status: 200 len: 503 time: 1.2385881
2026-06-23 19:53:14.909 9 INFO neutron.api.wsgi [None req-84980d82-f3e6-4b6c-a56b-863fbcb8cb39 0e83d44bb91744d7807a10d096bf3220 0e66550f1a46497db7018bc697d7792a - - default default] 10.0.0.195 "GET /v2.0/ports/7c68d534-ea59-45cc-a3eb-e97e45b810ba HTTP/1.1" status: 200 len: 1139 time: 0.0830710
2026-06-23 19:53:14.950 9 INFO neutron.api.wsgi [None req-26f81e3c-582c-4e0c-a885-fe82d741c840 0e83d44bb91744d7807a10d096bf3220 0e66550f1a46497db7018bc697d7792a - - default default] 10.0.0.195 "GET /v2.0/ports/7c68d534-ea59-45cc-a3eb-e97e45b810ba HTTP/1.1" status: 200 len: 1139 time: 0.0357659
2026-06-23 19:53:15.057 10 INFO neutron.db.ovn_revision_numbers_db [None req-6303b429-3fad-4eda-a507-32bae515a467 - - - - - -] Successfully bumped revision number for resource bfd41077-5b40-4c3b-8313-94a249526ef0 (type: ports) to 2
2026-06-23 19:53:15.093 10 INFO neutron.db.ovn_revision_numbers_db [None req-6303b429-3fad-4eda-a507-32bae515a467 - - - - - -] Successfully bumped revision number for resource a8384110-14f4-41b3-97ab-7160c0837bbc (type: subnets) to 0
2026-06-23 19:53:15.112 10 INFO neutron.api.wsgi [None req-d42e0604-1e28-448a-92a4-440f1d67adec c5b6ef7ced2d469bbca1220cc95503bc 5905adb67e3e447c965b1bb724244ab6 - - default default] 10.0.0.195 "POST /v2.0/subnets HTTP/1.1" status: 201 len: 886 time: 0.9172249
2026-06-23 19:53:15.561 10 INFO neutron.api.wsgi [None req-98721fc4-c9a7-4034-bd00-262c85a8bf6b d77117f36af34cca9a54a5a31c743f4c 33bba0638d694ec19f9eef0dc7106fd2 - - default default] 10.0.0.195 "DELETE /v2.0/routers/8170bdd3-431d-4a5c-aa66-9cdc32abaf53 HTTP/1.1" status: 204 len: 168 time: 0.8045962
2026-06-23 19:53:15.586 9 INFO neutron.api.wsgi [None req-3233210d-11eb-4260-a2a2-a3779b503957 d77117f36af34cca9a54a5a31c743f4c 33bba0638d694ec19f9eef0dc7106fd2 - - default default] 10.0.0.195 "GET /v2.0/ports?device_id=8170bdd3-431d-4a5c-aa66-9cdc32abaf53 HTTP/1.1" status: 200 len: 205 time: 0.0138624
2026-06-23 19:53:15.590 10 WARNING neutron.scheduler.dhcp_agent_scheduler [None req-060ef8b3-2d71-4b17-9c33-4dd7a757e704 c5b6ef7ced2d469bbca1220cc95503bc 5905adb67e3e447c965b1bb724244ab6 - - default default] No more DHCP agents
2026-06-23 19:53:15.592 10 WARNING neutron.api.rpc.agentnotifiers.dhcp_rpc_agent_api [None req-060ef8b3-2d71-4b17-9c33-4dd7a757e704 c5b6ef7ced2d469bbca1220cc95503bc 5905adb67e3e447c965b1bb724244ab6 - - default default] Unable to schedule network fc8dd96c-e655-4837-bd71-a61a77ef4ad4: no agents available; will retry on subsequent port and subnet creation events.
2026-06-23 19:53:15.605 9 INFO neutron.api.v2.resource [None req-fedafd92-b0e3-40c2-904e-e11475dbe544 d77117f36af34cca9a54a5a31c743f4c 33bba0638d694ec19f9eef0dc7106fd2 - - default default] delete failed (client error): The resource could not be found.
2026-06-23 19:53:15.606 9 INFO neutron.api.wsgi [None req-fedafd92-b0e3-40c2-904e-e11475dbe544 d77117f36af34cca9a54a5a31c743f4c 33bba0638d694ec19f9eef0dc7106fd2 - - default default] 10.0.0.195 "DELETE /v2.0/routers/8170bdd3-431d-4a5c-aa66-9cdc32abaf53 HTTP/1.1" status: 404 len: 336 time: 0.0166252
2026-06-23 19:53:15.628 9 INFO neutron.api.wsgi [None req-a2cee5d3-de0b-4e6e-8232-727188e54ae4 d77117f36af34cca9a54a5a31c743f4c 33bba0638d694ec19f9eef0dc7106fd2 - - default default] 10.0.0.195 "GET /v2.0/ports?device_id=0cabd4d1-eeea-4c24-bfa8-e206038f17a1 HTTP/1.1" status: 200 len: 205 time: 0.0170209
2026-06-23 19:53:15.641 10 INFO neutron.api.wsgi [req-a72bdfcd-cda2-4b95-9d41-d256dafe138e req-545221b4-f1e3-4188-8a7c-55d0c3b26b66 c37e74f63a584f30ba8726997fa42689 ba025caf699b445097df93c445862a10 - - default default] 10.0.0.169 "GET /v2.0/ports?device_id=e653035d-7c18-42e9-abd7-9a3c894e49a4 HTTP/1.1" status: 200 len: 1172 time: 0.0387545
2026-06-23 19:53:15.647 9 INFO neutron.api.v2.resource [None req-4ad514f7-69af-473c-b510-baee4afa21a5 d77117f36af34cca9a54a5a31c743f4c 33bba0638d694ec19f9eef0dc7106fd2 - - default default] delete failed (client error): The resource could not be found.
2026-06-23 19:53:15.648 9 INFO neutron.api.wsgi [None req-4ad514f7-69af-473c-b510-baee4afa21a5 d77117f36af34cca9a54a5a31c743f4c 33bba0638d694ec19f9eef0dc7106fd2 - - default default] 10.0.0.195 "DELETE /v2.0/routers/0cabd4d1-eeea-4c24-bfa8-e206038f17a1 HTTP/1.1" status: 404 len: 336 time: 0.0155463
2026-06-23 19:53:15.669 10 INFO neutron.pecan_wsgi.hooks.translation [None req-6decfdc6-31da-4661-9d74-d437c2c59376 d77117f36af34cca9a54a5a31c743f4c 33bba0638d694ec19f9eef0dc7106fd2 - - default default] DELETE failed (client error): The resource could not be found.
2026-06-23 19:53:15.671 10 INFO neutron.api.wsgi [None req-6decfdc6-31da-4661-9d74-d437c2c59376 d77117f36af34cca9a54a5a31c743f4c 33bba0638d694ec19f9eef0dc7106fd2 - - default default] 10.0.0.195 "DELETE /v2.0/subnets/0871eafd-081e-44f8-ba32-690b0e97799b HTTP/1.1" status: 404 len: 337 time: 0.0159750
2026-06-23 19:53:15.685 10 INFO neutron.api.wsgi [req-a72bdfcd-cda2-4b95-9d41-d256dafe138e req-43e51be6-57ae-47dd-a3fd-db3f4ec033e2 c37e74f63a584f30ba8726997fa42689 ba025caf699b445097df93c445862a10 - - default default] 10.0.0.169 "GET /v2.0/security-groups?id=7bb369da-7ff4-4536-a3b9-2ca1cde91d22&fields=id&fields=name HTTP/1.1" status: 200 len: 313 time: 0.0396454
2026-06-23 19:53:15.690 9 INFO neutron.api.wsgi [None req-7e8e36a2-2580-404e-9aef-428fb3ff7f7f d77117f36af34cca9a54a5a31c743f4c 33bba0638d694ec19f9eef0dc7106fd2 - - default default] 10.0.0.195 "GET /v2.0/ports?device_id=a338a10d-763e-4d85-b35e-0a28cf5da1b3 HTTP/1.1" status: 200 len: 205 time: 0.0149055
2026-06-23 19:53:15.710 9 INFO neutron.api.v2.resource [None req-c55ac4af-3025-43d5-bf06-00a741799e73 d77117f36af34cca9a54a5a31c743f4c 33bba0638d694ec19f9eef0dc7106fd2 - - default default] delete failed (client error): The resource could not be found.
2026-06-23 19:53:15.711 9 INFO neutron.api.wsgi [None req-c55ac4af-3025-43d5-bf06-00a741799e73 d77117f36af34cca9a54a5a31c743f4c 33bba0638d694ec19f9eef0dc7106fd2 - - default default] 10.0.0.195 "DELETE /v2.0/routers/a338a10d-763e-4d85-b35e-0a28cf5da1b3 HTTP/1.1" status: 404 len: 336 time: 0.0151098
2026-06-23 19:53:15.730 10 INFO neutron.pecan_wsgi.hooks.translation [None req-9eecf9dd-4e8f-427e-9d93-5892bdc6e407 d77117f36af34cca9a54a5a31c743f4c 33bba0638d694ec19f9eef0dc7106fd2 - - default default] DELETE failed (client error): The resource could not be found.
2026-06-23 19:53:15.732 10 INFO neutron.api.wsgi [None req-9eecf9dd-4e8f-427e-9d93-5892bdc6e407 d77117f36af34cca9a54a5a31c743f4c 33bba0638d694ec19f9eef0dc7106fd2 - - default default] 10.0.0.195 "DELETE /v2.0/subnets/211d9ff0-2533-461a-a708-3b30a0d936b5 HTTP/1.1" status: 404 len: 337 time: 0.0159507
2026-06-23 19:53:15.752 10 INFO neutron.api.wsgi [None req-da8e65f0-d046-4ea9-a922-ffd06c5823c0 d77117f36af34cca9a54a5a31c743f4c 33bba0638d694ec19f9eef0dc7106fd2 - - default default] 10.0.0.195 "GET /v2.0/ports?device_id=ac215286-51e7-4c1c-b6b0-fa4721fcedbb HTTP/1.1" status: 200 len: 205 time: 0.0153039
2026-06-23 19:53:15.762 10 INFO neutron.db.ovn_revision_numbers_db [None req-060ef8b3-2d71-4b17-9c33-4dd7a757e704 c5b6ef7ced2d469bbca1220cc95503bc 5905adb67e3e447c965b1bb724244ab6 - - default default] Successfully bumped revision number for resource ce2292a2-fe80-43a4-b3ab-f63e3d6ce431 (type: ports) to 1
2026-06-23 19:53:15.772 10 INFO neutron.api.v2.resource [None req-a60d6904-a6d4-44e1-b068-1150fcc4370c d77117f36af34cca9a54a5a31c743f4c 33bba0638d694ec19f9eef0dc7106fd2 - - default default] delete failed (client error): The resource could not be found.
2026-06-23 19:53:15.773 10 INFO neutron.api.wsgi [None req-a60d6904-a6d4-44e1-b068-1150fcc4370c d77117f36af34cca9a54a5a31c743f4c 33bba0638d694ec19f9eef0dc7106fd2 - - default default] 10.0.0.195 "DELETE /v2.0/routers/ac215286-51e7-4c1c-b6b0-fa4721fcedbb HTTP/1.1" status: 404 len: 336 time: 0.0158813
2026-06-23 19:53:15.789 9 INFO neutron.pecan_wsgi.hooks.translation [None req-ba177bdb-e97d-4fc9-aa8d-30b2007fae9e d77117f36af34cca9a54a5a31c743f4c 33bba0638d694ec19f9eef0dc7106fd2 - - default default] DELETE failed (client error): The resource could not be found.
2026-06-23 19:53:15.791 9 INFO neutron.api.wsgi [None req-ba177bdb-e97d-4fc9-aa8d-30b2007fae9e d77117f36af34cca9a54a5a31c743f4c 33bba0638d694ec19f9eef0dc7106fd2 - - default default] 10.0.0.195 "DELETE /v2.0/subnets/2e9935ca-062e-4ad3-87dc-aeccaaec1a8d HTTP/1.1" status: 404 len: 337 time: 0.0126872
2026-06-23 19:53:15.804 9 INFO neutron.pecan_wsgi.hooks.translation [None req-ccdfc9fa-9915-481f-936c-ab292e9bfec6 d77117f36af34cca9a54a5a31c743f4c 33bba0638d694ec19f9eef0dc7106fd2 - - default default] DELETE failed (client error): The resource could not be found.
2026-06-23 19:53:15.807 9 INFO neutron.api.wsgi [None req-ccdfc9fa-9915-481f-936c-ab292e9bfec6 d77117f36af34cca9a54a5a31c743f4c 33bba0638d694ec19f9eef0dc7106fd2 - - default default] 10.0.0.195 "DELETE /v2.0/subnets/d8a007c8-5438-49ab-89ac-a523e2a799cc HTTP/1.1" status: 404 len: 337 time: 0.0116260
2026-06-23 19:53:15.988 9 INFO neutron.api.wsgi [None req-9418f991-0884-4db7-aa36-9162337689df 0e83d44bb91744d7807a10d096bf3220 0e66550f1a46497db7018bc697d7792a - - default default] 10.0.0.195 "GET /v2.0/ports/7c68d534-ea59-45cc-a3eb-e97e45b810ba HTTP/1.1" status: 200 len: 1139 time: 0.0319469
2026-06-23 19:53:16.354 10 INFO neutron.plugins.ml2.drivers.ovn.mech_driver.ovsdb.commands [None req-3ffd0cec-0cee-48d8-bf47-dfdde62394f4 - - - - - -] Schedule LRP lrp-ce2292a2-fe80-43a4-b3ab-f63e3d6ce431 on gateway 568031f9-7582-466f-85de-aec8fb0436fd with priority 1
2026-06-23 19:53:16.372 9 INFO neutron.plugins.ml2.drivers.ovn.mech_driver.ovsdb.ovsdb_monitor [None req-8bf997d7-c3b0-4b0a-baeb-fb3723ace13e - - - - - -] Router 1068cf83-5f24-4595-9999-99bf6ca4f39a is bound to host instance
2026-06-23 19:53:16.392 10 INFO neutron.db.ovn_revision_numbers_db [None req-060ef8b3-2d71-4b17-9c33-4dd7a757e704 c5b6ef7ced2d469bbca1220cc95503bc 5905adb67e3e447c965b1bb724244ab6 - - default default] Successfully bumped revision number for resource ce2292a2-fe80-43a4-b3ab-f63e3d6ce431 (type: router_ports) to 1
2026-06-23 19:53:16.459 10 INFO neutron.db.ovn_revision_numbers_db [None req-060ef8b3-2d71-4b17-9c33-4dd7a757e704 c5b6ef7ced2d469bbca1220cc95503bc 5905adb67e3e447c965b1bb724244ab6 - - default default] Successfully bumped revision number for resource 1068cf83-5f24-4595-9999-99bf6ca4f39a (type: routers) to 2
2026-06-23 19:53:16.482 10 INFO neutron.api.wsgi [None req-060ef8b3-2d71-4b17-9c33-4dd7a757e704 c5b6ef7ced2d469bbca1220cc95503bc 5905adb67e3e447c965b1bb724244ab6 - - default default] 10.0.0.195 "POST /v2.0/routers HTTP/1.1" status: 201 len: 1164 time: 1.3646281
2026-06-23 19:53:16.506 10 INFO neutron.api.wsgi [None req-db08ea38-f8f4-4739-8f9d-32b39300ac23 c5b6ef7ced2d469bbca1220cc95503bc 5905adb67e3e447c965b1bb724244ab6 - - default default] 10.0.0.195 "GET /v2.0/security-groups?tenant_id=33bba0638d694ec19f9eef0dc7106fd2&name=default HTTP/1.1" status: 200 len: 3120 time: 0.1871474
2026-06-23 19:53:16.570 9 WARNING neutron.plugins.ml2.drivers.ovn.mech_driver.ovsdb.ovn_client [None req-80f088e0-e61e-4b07-a635-86af5f864128 - - - - - -] No port found with ID 9654f02f-f43d-45ac-b50c-f3d59808f2d3: RuntimeError: No port found with ID 9654f02f-f43d-45ac-b50c-f3d59808f2d3
2026-06-23 19:53:16.629 9 INFO neutron.plugins.ml2.drivers.ovn.mech_driver.mech_driver [None req-80f088e0-e61e-4b07-a635-86af5f864128 - - - - - -] OVN reports status up for port: 23b8bb01-539a-4449-b879-c12d743eba07
2026-06-23 19:53:16.664 9 INFO neutron.plugins.ml2.drivers.ovn.mech_driver.mech_driver [None req-80f088e0-e61e-4b07-a635-86af5f864128 - - - - - -] OVN reports status up for port: ce2292a2-fe80-43a4-b3ab-f63e3d6ce431
2026-06-23 19:53:16.676 9 INFO neutron.plugins.ml2.plugin [None req-80f088e0-e61e-4b07-a635-86af5f864128 - - - - - -] Attempt 1 to provision port ce2292a2-fe80-43a4-b3ab-f63e3d6ce431
2026-06-23 19:53:16.814 9 INFO neutron.api.wsgi [None req-0c657d4b-bd42-4711-b4fd-512998aa091d c5b6ef7ced2d469bbca1220cc95503bc 5905adb67e3e447c965b1bb724244ab6 - - default default] 10.0.0.195 "DELETE /v2.0/security-groups/52876320-508a-4974-b00d-098741ad5908 HTTP/1.1" status: 204 len: 168 time: 0.3006666
2026-06-23 19:53:16.836 10 INFO neutron.api.wsgi [req-c394163c-bf91-4c5f-9b55-7375319c5cc9 req-ad5a4d21-5086-4ca1-9913-0dade2ef344a c37e74f63a584f30ba8726997fa42689 ba025caf699b445097df93c445862a10 - - default default] 10.0.0.169 "GET /v2.0/ports?device_id=e653035d-7c18-42e9-abd7-9a3c894e49a4 HTTP/1.1" status: 200 len: 1172 time: 0.0674546
2026-06-23 19:53:16.887 10 INFO neutron.api.wsgi [req-c394163c-bf91-4c5f-9b55-7375319c5cc9 req-1224533a-55a4-4e3b-82ef-7c760045ba34 c37e74f63a584f30ba8726997fa42689 ba025caf699b445097df93c445862a10 - - default default] 10.0.0.169 "GET /v2.0/security-groups?id=7bb369da-7ff4-4536-a3b9-2ca1cde91d22&fields=id&fields=name HTTP/1.1" status: 200 len: 313 time: 0.0442393
2026-06-23 19:53:16.926 9 INFO neutron.db.ovn_revision_numbers_db [None req-e75d55ff-530e-47fe-a7d3-c8aecf0d8aab - - - - - -] Successfully bumped revision number for resource ce2292a2-fe80-43a4-b3ab-f63e3d6ce431 (type: ports) to 1
2026-06-23 19:53:16.934 10 WARNING neutron.scheduler.dhcp_agent_scheduler [None req-9113f48a-ce0f-4b10-9932-3dde3dddca50 c5b6ef7ced2d469bbca1220cc95503bc 5905adb67e3e447c965b1bb724244ab6 - - default default] No more DHCP agents
2026-06-23 19:53:16.937 10 WARNING neutron.api.rpc.agentnotifiers.dhcp_rpc_agent_api [None req-9113f48a-ce0f-4b10-9932-3dde3dddca50 c5b6ef7ced2d469bbca1220cc95503bc 5905adb67e3e447c965b1bb724244ab6 - - default default] Unable to schedule network a4250c8b-27fb-43c9-ae4f-c8153123c8d3: no agents available; will retry on subsequent port and subnet creation events.
2026-06-23 19:53:17.038 10 INFO neutron.api.wsgi [None req-605c13ce-7c8d-4d11-9434-9c09a7ba4836 0e83d44bb91744d7807a10d096bf3220 0e66550f1a46497db7018bc697d7792a - - default default] 10.0.0.195 "GET /v2.0/ports/7c68d534-ea59-45cc-a3eb-e97e45b810ba HTTP/1.1" status: 200 len: 1139 time: 0.0401237
2026-06-23 19:53:17.107 10 INFO neutron.db.ovn_revision_numbers_db [None req-9113f48a-ce0f-4b10-9932-3dde3dddca50 c5b6ef7ced2d469bbca1220cc95503bc 5905adb67e3e447c965b1bb724244ab6 - - default default] Successfully bumped revision number for resource a78dbefc-c10b-4770-8e79-15a4d394bbbb (type: ports) to 1
2026-06-23 19:53:17.282 9 INFO neutron.db.ovn_revision_numbers_db [None req-e75d55ff-530e-47fe-a7d3-c8aecf0d8aab - - - - - -] Successfully bumped revision number for resource ce2292a2-fe80-43a4-b3ab-f63e3d6ce431 (type: ports) to 4
2026-06-23 19:53:17.540 9 INFO neutron.db.ovn_revision_numbers_db [None req-e75d55ff-530e-47fe-a7d3-c8aecf0d8aab - - - - - -] Successfully bumped revision number for resource ce2292a2-fe80-43a4-b3ab-f63e3d6ce431 (type: ports) to 5
2026-06-23 19:53:17.676 10 INFO neutron.db.ovn_revision_numbers_db [None req-9113f48a-ce0f-4b10-9932-3dde3dddca50 c5b6ef7ced2d469bbca1220cc95503bc 5905adb67e3e447c965b1bb724244ab6 - - default default] Successfully bumped revision number for resource a78dbefc-c10b-4770-8e79-15a4d394bbbb (type: ports) to 1
2026-06-23 19:53:17.723 10 WARNING neutron.scheduler.dhcp_agent_scheduler [None req-9113f48a-ce0f-4b10-9932-3dde3dddca50 c5b6ef7ced2d469bbca1220cc95503bc 5905adb67e3e447c965b1bb724244ab6 - - default default] No more DHCP agents
2026-06-23 19:53:17.724 10 WARNING neutron.api.rpc.agentnotifiers.dhcp_rpc_agent_api [None req-9113f48a-ce0f-4b10-9932-3dde3dddca50 c5b6ef7ced2d469bbca1220cc95503bc 5905adb67e3e447c965b1bb724244ab6 - - default default] Unable to schedule network a4250c8b-27fb-43c9-ae4f-c8153123c8d3: no agents available; will retry on subsequent port and subnet creation events.
2026-06-23 19:53:18.033 10 INFO neutron.api.wsgi [req-adb51bf8-3c70-4b48-9d1e-77242af76e29 req-9b53cc4a-fdce-4ede-8333-52f2c6429df7 c37e74f63a584f30ba8726997fa42689 ba025caf699b445097df93c445862a10 - - default default] 10.0.0.169 "GET /v2.0/ports?device_id=e653035d-7c18-42e9-abd7-9a3c894e49a4 HTTP/1.1" status: 200 len: 1172 time: 0.0886319 /var/lib/openstack/lib/python3.12/site-packages/pycadf/identifier.py:71: UserWarning: Invalid uuid: neutron. To ensure interoperability, identifiers should be a valid uuid. warnings.warn(('Invalid uuid: %s. To ensure interoperability, '
2026-06-23 19:53:18.082 9 INFO neutron.api.wsgi [None req-d6198249-19c7-456b-8cdf-a298361474c9 0e83d44bb91744d7807a10d096bf3220 0e66550f1a46497db7018bc697d7792a - - default default] 10.0.0.195 "GET /v2.0/ports/7c68d534-ea59-45cc-a3eb-e97e45b810ba HTTP/1.1" status: 200 len: 1139 time: 0.0375969
2026-06-23 19:53:18.296 10 INFO neutron.api.wsgi [req-adb51bf8-3c70-4b48-9d1e-77242af76e29 req-9d63df96-c0e6-412f-b7bf-98cde836735b c37e74f63a584f30ba8726997fa42689 ba025caf699b445097df93c445862a10 - - default default] 10.0.0.169 "GET /v2.0/security-groups?id=7bb369da-7ff4-4536-a3b9-2ca1cde91d22&fields=id&fields=name HTTP/1.1" status: 200 len: 313 time: 0.2573309
2026-06-23 19:53:18.626 9 WARNING neutron_lib.context [None req-16a65974-090f-41a8-93f3-c7bf5abd8dce fa6e4ddaff17466e90e9d132244c9023 cb6afc9377f340cb9f85ace2b76223d5 - - default default] Method 'is_advsvc' is deprecated since 2023.2 release (neutron-lib 3.8.0) and will be removed once support for the old RBAC API policies will be removed from Neutron. Please use method 'is_service_role' instead.
2026-06-23 19:53:18.664 10 INFO neutron.db.ovn_revision_numbers_db [None req-9113f48a-ce0f-4b10-9932-3dde3dddca50 c5b6ef7ced2d469bbca1220cc95503bc 5905adb67e3e447c965b1bb724244ab6 - - default default] Successfully bumped revision number for resource a78dbefc-c10b-4770-8e79-15a4d394bbbb (type: router_ports) to 1
2026-06-23 19:53:18.670 10 INFO neutron.api.wsgi [None req-9113f48a-ce0f-4b10-9932-3dde3dddca50 c5b6ef7ced2d469bbca1220cc95503bc 5905adb67e3e447c965b1bb724244ab6 - - default default] 10.0.0.195 "PUT /v2.0/routers/1068cf83-5f24-4595-9999-99bf6ca4f39a/add_router_interface HTTP/1.1" status: 200 len: 503 time: 2.1842852
2026-06-23 19:53:18.690 10 WARNING neutron.plugins.ml2.drivers.ovn.mech_driver.ovsdb.ovn_client [None req-4f110776-02ff-4e69-aeff-4c7f389d2d1d - - - - - -] No hosting information found for port e358c719-fc33-4529-8647-38e381f42699: RuntimeError: No hosting information found for port e358c719-fc33-4529-8647-38e381f42699
2026-06-23 19:53:18.754 9 INFO neutron.db.ovn_revision_numbers_db [None req-16a65974-090f-41a8-93f3-c7bf5abd8dce fa6e4ddaff17466e90e9d132244c9023 cb6afc9377f340cb9f85ace2b76223d5 - - default default] Successfully bumped revision number for resource 1bb8d337-3358-43db-ba01-185d9b3f6a8f (type: security_groups) to 1
2026-06-23 19:53:18.762 10 INFO neutron.db.ovn_revision_numbers_db [None req-4f110776-02ff-4e69-aeff-4c7f389d2d1d - - - - - -] Successfully bumped revision number for resource e358c719-fc33-4529-8647-38e381f42699 (type: router_ports) to 2
2026-06-23 19:53:18.766 9 INFO neutron.db.ovn_revision_numbers_db [None req-16a65974-090f-41a8-93f3-c7bf5abd8dce fa6e4ddaff17466e90e9d132244c9023 cb6afc9377f340cb9f85ace2b76223d5 - - default default] Successfully bumped revision number for resource 00269690-bd4d-48c1-882f-d39579d7e62c (type: security_group_rules) to 0
2026-06-23 19:53:18.780 9 INFO neutron.db.ovn_revision_numbers_db [None req-16a65974-090f-41a8-93f3-c7bf5abd8dce fa6e4ddaff17466e90e9d132244c9023 cb6afc9377f340cb9f85ace2b76223d5 - - default default] Successfully bumped revision number for resource 7be72d94-1cb6-4ef8-9dc4-d2f3425e2c3a (type: security_group_rules) to 0
2026-06-23 19:53:18.795 9 INFO neutron.db.ovn_revision_numbers_db [None req-16a65974-090f-41a8-93f3-c7bf5abd8dce fa6e4ddaff17466e90e9d132244c9023 cb6afc9377f340cb9f85ace2b76223d5 - - default default] Successfully bumped revision number for resource a650e3d0-2146-4e18-bd50-4282b1275d84 (type: security_group_rules) to 0
2026-06-23 19:53:18.803 10 INFO neutron.plugins.ml2.drivers.ovn.mech_driver.mech_driver [None req-4f110776-02ff-4e69-aeff-4c7f389d2d1d - - - - - -] OVN reports status up for port: 34768f4c-9600-48ef-a89c-842bbfd11383
2026-06-23 19:53:18.811 10 INFO neutron.plugins.ml2.drivers.ovn.mech_driver.mech_driver [None req-4f110776-02ff-4e69-aeff-4c7f389d2d1d - - - - - -] OVN reports status up for port: 7c68d534-ea59-45cc-a3eb-e97e45b810ba
2026-06-23 19:53:18.814 9 INFO neutron.db.ovn_revision_numbers_db [None req-16a65974-090f-41a8-93f3-c7bf5abd8dce fa6e4ddaff17466e90e9d132244c9023 cb6afc9377f340cb9f85ace2b76223d5 - - default default] Successfully bumped revision number for resource d88ff3a6-7956-44ea-8bf6-acd5afd8a925 (type: security_group_rules) to 0
2026-06-23 19:53:18.816 10 INFO neutron.plugins.ml2.plugin [None req-4f110776-02ff-4e69-aeff-4c7f389d2d1d - - - - - -] Attempt 1 to provision port 7c68d534-ea59-45cc-a3eb-e97e45b810ba
2026-06-23 19:53:18.937 9 INFO neutron.db.ovn_revision_numbers_db [None req-16a65974-090f-41a8-93f3-c7bf5abd8dce fa6e4ddaff17466e90e9d132244c9023 cb6afc9377f340cb9f85ace2b76223d5 - - default default] Successfully bumped revision number for resource d0fa5b40-0262-47e0-92d8-4024ff1c5c60 (type: security_groups) to 1
2026-06-23 19:53:18.956 9 INFO neutron.db.ovn_revision_numbers_db [None req-16a65974-090f-41a8-93f3-c7bf5abd8dce fa6e4ddaff17466e90e9d132244c9023 cb6afc9377f340cb9f85ace2b76223d5 - - default default] Successfully bumped revision number for resource 41a23a12-7b4f-49dc-9f6b-ac2e6aa295f1 (type: security_group_rules) to 0
2026-06-23 19:53:18.974 9 INFO neutron.db.ovn_revision_numbers_db [None req-16a65974-090f-41a8-93f3-c7bf5abd8dce fa6e4ddaff17466e90e9d132244c9023 cb6afc9377f340cb9f85ace2b76223d5 - - default default] Successfully bumped revision number for resource f055c6b0-2eb8-4e6b-aa2a-7d9617fb0e40 (type: security_group_rules) to 0
2026-06-23 19:53:19.013 9 INFO neutron.api.wsgi [None req-16a65974-090f-41a8-93f3-c7bf5abd8dce fa6e4ddaff17466e90e9d132244c9023 cb6afc9377f340cb9f85ace2b76223d5 - - default default] 10.0.0.195 "POST /v2.0/security-groups HTTP/1.1" status: 201 len: 1824 time: 0.5384221
2026-06-23 19:53:19.051 9 INFO neutron.api.wsgi [None req-dbde4041-b811-4fbc-8653-5b764d32f48f fa6e4ddaff17466e90e9d132244c9023 cb6afc9377f340cb9f85ace2b76223d5 - - default default] 10.0.0.195 "GET /v2.0/security-groups HTTP/1.1" status: 200 len: 4724 time: 0.0344124
2026-06-23 19:53:19.130 9 INFO neutron.db.ovn_revision_numbers_db [None req-3829d45b-ead5-4b6d-b831-7a38f5fbb6f0 fa6e4ddaff17466e90e9d132244c9023 cb6afc9377f340cb9f85ace2b76223d5 - - default default] Successfully bumped revision number for resource d0fa5b40-0262-47e0-92d8-4024ff1c5c60 (type: security_groups) to 2
2026-06-23 19:53:19.154 9 INFO neutron.api.wsgi [None req-3829d45b-ead5-4b6d-b831-7a38f5fbb6f0 fa6e4ddaff17466e90e9d132244c9023 cb6afc9377f340cb9f85ace2b76223d5 - - default default] 10.0.0.195 "PUT /v2.0/security-groups/d0fa5b40-0262-47e0-92d8-4024ff1c5c60 HTTP/1.1" status: 200 len: 1859 time: 0.0974553
2026-06-23 19:53:19.183 10 INFO neutron.api.wsgi [None req-4d535ff9-d677-4414-9ef6-d735b7903480 0e83d44bb91744d7807a10d096bf3220 0e66550f1a46497db7018bc697d7792a - - default default] 10.0.0.195 "GET /v2.0/ports/7c68d534-ea59-45cc-a3eb-e97e45b810ba HTTP/1.1" status: 200 len: 1141 time: 0.0953445
2026-06-23 19:53:19.186 9 INFO neutron.api.wsgi [None req-b2d61792-de12-40a1-abca-d44c95517709 fa6e4ddaff17466e90e9d132244c9023 cb6afc9377f340cb9f85ace2b76223d5 - - default default] 10.0.0.195 "GET /v2.0/security-groups/d0fa5b40-0262-47e0-92d8-4024ff1c5c60 HTTP/1.1" status: 200 len: 1859 time: 0.0277169
2026-06-23 19:53:19.197 10 INFO neutron.db.ovn_revision_numbers_db [None req-4f110776-02ff-4e69-aeff-4c7f389d2d1d - - - - - -] Successfully bumped revision number for resource 7c68d534-ea59-45cc-a3eb-e97e45b810ba (type: ports) to 2
2026-06-23 19:53:19.270 10 WARNING neutron_lib.context [None req-573404be-a0a7-44d0-bb5e-8e7235ba963b 0755d85ea88f41dbbe1ab2cf6270d801 ebf45a63017a469298be7f6e3e6103f6 - - default default] Method 'is_advsvc' is deprecated since 2023.2 release (neutron-lib 3.8.0) and will be removed once support for the old RBAC API policies will be removed from Neutron. Please use method 'is_service_role' instead.
2026-06-23 19:53:19.395 10 INFO neutron.api.wsgi [req-df61943a-c71f-4f33-80be-88e4a2e85efe req-0893c2b8-5a96-43b4-9ed7-b82fa9b0a70e c37e74f63a584f30ba8726997fa42689 ba025caf699b445097df93c445862a10 - - default default] 10.0.0.169 "GET /v2.0/ports?device_id=e653035d-7c18-42e9-abd7-9a3c894e49a4 HTTP/1.1" status: 200 len: 1172 time: 0.0365417
2026-06-23 19:53:19.425 10 INFO neutron.db.ovn_revision_numbers_db [None req-573404be-a0a7-44d0-bb5e-8e7235ba963b 0755d85ea88f41dbbe1ab2cf6270d801 ebf45a63017a469298be7f6e3e6103f6 - - default default] Successfully bumped revision number for resource d0446f9b-2445-43db-bd4e-92b077ea7da3 (type: security_groups) to 1
2026-06-23 19:53:19.431 10 INFO neutron.api.wsgi [req-df61943a-c71f-4f33-80be-88e4a2e85efe req-4964a94c-dad6-48be-90c7-e77ddefe2cb4 c37e74f63a584f30ba8726997fa42689 ba025caf699b445097df93c445862a10 - - default default] 10.0.0.169 "GET /v2.0/security-groups?id=7bb369da-7ff4-4536-a3b9-2ca1cde91d22&fields=id&fields=name HTTP/1.1" status: 200 len: 313 time: 0.0300391
2026-06-23 19:53:19.439 10 INFO neutron.db.ovn_revision_numbers_db [None req-573404be-a0a7-44d0-bb5e-8e7235ba963b 0755d85ea88f41dbbe1ab2cf6270d801 ebf45a63017a469298be7f6e3e6103f6 - - default default] Successfully bumped revision number for resource 0907c67d-1204-408c-8900-56a8b2652a68 (type: security_group_rules) to 0
2026-06-23 19:53:19.451 10 INFO neutron.db.ovn_revision_numbers_db [None req-573404be-a0a7-44d0-bb5e-8e7235ba963b 0755d85ea88f41dbbe1ab2cf6270d801 ebf45a63017a469298be7f6e3e6103f6 - - default default] Successfully bumped revision number for resource 64aa3200-a73c-4312-8ff2-10f591561fd2 (type: security_group_rules) to 0
2026-06-23 19:53:19.477 10 INFO neutron.api.wsgi [None req-573404be-a0a7-44d0-bb5e-8e7235ba963b 0755d85ea88f41dbbe1ab2cf6270d801 ebf45a63017a469298be7f6e3e6103f6 - - default default] 10.0.0.195 "POST /v2.0/security-groups HTTP/1.1" status: 201 len: 1875 time: 0.2136891
