2026-06-23 19:54:34.293 9 INFO neutron.api.wsgi [None req-e1bcdaea-6063-45d2-bb51-caa7722927f6 a9e25cdff4324bec81147319dcb2d336 9c0fb1085d134f1b9ef99da7a97472d6 - - default default] 10.0.0.195 "DELETE /v2.0/ports/b20f92ad-6b44-472d-b26b-42631d3c23de HTTP/1.1" status: 204 len: 168 time: 0.3740022
2026-06-23 19:54:34.363 10 INFO neutron.db.segments_db [None req-c4ab687c-0606-45fd-91c0-898bb44fcab3 a2199b148f6f4d50a9318f19d1bd00e8 b094062b68f7464ead1408580313bae2 - - default default] Added segment 9e999244-0021-4ee2-ad9e-d102c2509fb4 of type geneve for network 008103dc-b6f9-4ab1-8f24-096ea5e9d03b
2026-06-23 19:54:34.405 9 INFO neutron.db.ovn_revision_numbers_db [None req-8e355980-b2e5-4fbd-9706-257508b116c4 c5b6ef7ced2d469bbca1220cc95503bc 5905adb67e3e447c965b1bb724244ab6 - - default default] Successfully bumped revision number for resource 3e14fffd-2e8f-4436-bfb4-8e8f361bd43a (type: security_groups) to 1
2026-06-23 19:54:34.416 9 INFO neutron.db.ovn_revision_numbers_db [None req-8e355980-b2e5-4fbd-9706-257508b116c4 c5b6ef7ced2d469bbca1220cc95503bc 5905adb67e3e447c965b1bb724244ab6 - - default default] Successfully bumped revision number for resource 1854ef5d-2a13-493f-a69b-a00eb6477122 (type: security_group_rules) to 0
2026-06-23 19:54:34.435 9 INFO neutron.db.ovn_revision_numbers_db [None req-8e355980-b2e5-4fbd-9706-257508b116c4 c5b6ef7ced2d469bbca1220cc95503bc 5905adb67e3e447c965b1bb724244ab6 - - default default] Successfully bumped revision number for resource 9f28491e-8857-4301-bbe6-a84a48eafe85 (type: security_group_rules) to 0
2026-06-23 19:54:34.450 9 INFO neutron.db.ovn_revision_numbers_db [None req-8e355980-b2e5-4fbd-9706-257508b116c4 c5b6ef7ced2d469bbca1220cc95503bc 5905adb67e3e447c965b1bb724244ab6 - - default default] Successfully bumped revision number for resource d0b06463-fcc8-4487-81d9-24a7d7b0e4e3 (type: security_group_rules) to 0
2026-06-23 19:54:34.469 9 INFO neutron.db.ovn_revision_numbers_db [None req-8e355980-b2e5-4fbd-9706-257508b116c4 c5b6ef7ced2d469bbca1220cc95503bc 5905adb67e3e447c965b1bb724244ab6 - - default default] Successfully bumped revision number for resource ebeeea3a-a0a3-4b96-967e-020f56cd9654 (type: security_group_rules) to 0
2026-06-23 19:54:34.504 10 INFO neutron.db.ovn_revision_numbers_db [None req-c4ab687c-0606-45fd-91c0-898bb44fcab3 a2199b148f6f4d50a9318f19d1bd00e8 b094062b68f7464ead1408580313bae2 - - default default] Successfully bumped revision number for resource 008103dc-b6f9-4ab1-8f24-096ea5e9d03b (type: networks) to 1
2026-06-23 19:54:34.510 9 INFO neutron.api.wsgi [None req-8e355980-b2e5-4fbd-9706-257508b116c4 c5b6ef7ced2d469bbca1220cc95503bc 5905adb67e3e447c965b1bb724244ab6 - - default default] 10.0.0.195 "GET /v2.0/security-groups?tenant_id=8f022d83edf6476c945f0d69a5174016&name=default HTTP/1.1" status: 200 len: 3124 time: 0.2259665
2026-06-23 19:54:34.623 9 INFO neutron.services.segments.plugin [-] Segment 1473c69c-3c3f-43c4-9889-5e399c7bb46c resource provider aggregate not found
2026-06-23 19:54:34.629 9 INFO neutron.services.segments.plugin [-] Segment 1473c69c-3c3f-43c4-9889-5e399c7bb46c resource provider aggregate not found
2026-06-23 19:54:34.635 10 WARNING neutron.plugins.ml2.drivers.ovn.mech_driver.ovsdb.ovn_client [None req-d0f60840-dc36-46f1-a56e-12797d38b1ac - - - - - -] No hosting information found for port b2d9e7c8-c1a4-4a4b-943f-82c35dc9ee31: RuntimeError: No hosting information found for port b2d9e7c8-c1a4-4a4b-943f-82c35dc9ee31
2026-06-23 19:54:34.635 10 INFO neutron.plugins.ml2.drivers.ovn.mech_driver.mech_driver [None req-d0f60840-dc36-46f1-a56e-12797d38b1ac - - - - - -] OVN reports status up for port: 31d0a1b4-61a5-46ec-98a4-1c512758df1d
2026-06-23 19:54:34.640 9 INFO neutron.services.segments.plugin [-] Segment 1473c69c-3c3f-43c4-9889-5e399c7bb46c resource provider not found; error: Placement Client Error (4xx): {"errors": [{"status": 404, "title": "Not Found", "detail": "The resource could not be found.\n\n No resource provider with uuid 1473c69c-3c3f-43c4-9889-5e399c7bb46c found for delete ", "request_id": "req-f311886f-7483-4b74-8f8e-1ece2121a027"}]}
2026-06-23 19:54:34.646 9 INFO neutron.services.segments.plugin [-] Segment 1473c69c-3c3f-43c4-9889-5e399c7bb46c resource provider not found; error: Placement Client Error (4xx): {"errors": [{"status": 404, "title": "Not Found", "detail": "The resource could not be found.\n\n No resource provider with uuid 1473c69c-3c3f-43c4-9889-5e399c7bb46c found for delete ", "request_id": "req-5aef000a-20f6-4abf-9268-acfa2e77e02b"}]}
2026-06-23 19:54:34.655 10 INFO neutron.plugins.ml2.plugin [None req-d0f60840-dc36-46f1-a56e-12797d38b1ac - - - - - -] Attempt 1 to provision port 31d0a1b4-61a5-46ec-98a4-1c512758df1d
2026-06-23 19:54:34.670 9 INFO neutron.api.wsgi [None req-412a504d-0c1e-4bfc-bf18-2920d5b34580 a9e25cdff4324bec81147319dcb2d336 9c0fb1085d134f1b9ef99da7a97472d6 - - default default] 10.0.0.195 "DELETE /v2.0/networks/9bc0a72d-9646-4626-a311-2a5606152b91 HTTP/1.1" status: 204 len: 168 time: 0.3725870
2026-06-23 19:54:34.710 10 WARNING neutron.scheduler.dhcp_agent_scheduler [None req-c4ab687c-0606-45fd-91c0-898bb44fcab3 a2199b148f6f4d50a9318f19d1bd00e8 b094062b68f7464ead1408580313bae2 - - default default] No more DHCP agents
2026-06-23 19:54:34.713 10 WARNING neutron.api.rpc.agentnotifiers.dhcp_rpc_agent_api [None req-c4ab687c-0606-45fd-91c0-898bb44fcab3 a2199b148f6f4d50a9318f19d1bd00e8 b094062b68f7464ead1408580313bae2 - - default default] Unable to schedule network 008103dc-b6f9-4ab1-8f24-096ea5e9d03b: no agents available; will retry on subsequent port and subnet creation events.
2026-06-23 19:54:34.743 9 INFO neutron.api.wsgi [None req-2f3b00aa-ad82-457b-ac5d-d158031eb168 c5b6ef7ced2d469bbca1220cc95503bc 5905adb67e3e447c965b1bb724244ab6 - - default default] 10.0.0.195 "DELETE /v2.0/security-groups/3e14fffd-2e8f-4436-bfb4-8e8f361bd43a HTTP/1.1" status: 204 len: 168 time: 0.2279661
2026-06-23 19:54:34.808 10 INFO neutron.db.ovn_revision_numbers_db [None req-c4ab687c-0606-45fd-91c0-898bb44fcab3 a2199b148f6f4d50a9318f19d1bd00e8 b094062b68f7464ead1408580313bae2 - - default default] Successfully bumped revision number for resource c620f289-b87a-40f2-93d6-214e938cdd30 (type: ports) to 1
2026-06-23 19:54:34.835 10 INFO neutron.api.wsgi [None req-c4ab687c-0606-45fd-91c0-898bb44fcab3 a2199b148f6f4d50a9318f19d1bd00e8 b094062b68f7464ead1408580313bae2 - - default default] 10.0.0.195 "POST /v2.0/networks HTTP/1.1" status: 201 len: 831 time: 0.9662104
2026-06-23 19:54:34.902 9 INFO neutron.api.wsgi [None req-3c3eb83f-1ae1-4aa9-9e56-fc10562681b9 a2199b148f6f4d50a9318f19d1bd00e8 b094062b68f7464ead1408580313bae2 - - default default] 10.0.0.195 "PUT /v2.0/networks/008103dc-b6f9-4ab1-8f24-096ea5e9d03b/tags HTTP/1.1" status: 200 len: 218 time: 0.0565474
2026-06-23 19:54:34.931 10 INFO neutron.db.ovn_revision_numbers_db [None req-d0f60840-dc36-46f1-a56e-12797d38b1ac - - - - - -] Successfully bumped revision number for resource 31d0a1b4-61a5-46ec-98a4-1c512758df1d (type: ports) to 4
2026-06-23 19:54:34.952 9 INFO neutron.api.wsgi [None req-b5e58ca0-5aee-469a-924e-37bdce571190 a2199b148f6f4d50a9318f19d1bd00e8 b094062b68f7464ead1408580313bae2 - - default default] 10.0.0.195 "GET /v2.0/networks/008103dc-b6f9-4ab1-8f24-096ea5e9d03b/tags HTTP/1.1" status: 200 len: 218 time: 0.0442936
2026-06-23 19:54:35.009 9 INFO neutron.api.wsgi [None req-0a6c1306-6d7f-475d-b542-fd0aac69d8cf a9e25cdff4324bec81147319dcb2d336 9c0fb1085d134f1b9ef99da7a97472d6 - - default default] 10.0.0.195 "DELETE /v2.0/networks/1017c562-bdd1-4aab-b3c7-7d69eb17b5b2 HTTP/1.1" status: 204 len: 168 time: 0.3328919
2026-06-23 19:54:35.024 10 INFO neutron.api.wsgi [None req-9f5124ae-fc83-4b04-bddf-c00b692d5f2f a2199b148f6f4d50a9318f19d1bd00e8 b094062b68f7464ead1408580313bae2 - - default default] 10.0.0.195 "PUT /v2.0/networks/008103dc-b6f9-4ab1-8f24-096ea5e9d03b/tags/green HTTP/1.1" status: 201 len: 201 time: 0.0660596
2026-06-23 19:54:35.065 9 INFO neutron.api.wsgi [None req-ccad31ad-5006-4e64-a71d-bb7ae1f3c5cf a2199b148f6f4d50a9318f19d1bd00e8 b094062b68f7464ead1408580313bae2 - - default default] 10.0.0.195 "GET /v2.0/networks/008103dc-b6f9-4ab1-8f24-096ea5e9d03b/tags HTTP/1.1" status: 200 len: 227 time: 0.0330215
2026-06-23 19:54:35.088 10 INFO neutron.plugins.ml2.drivers.ovn.mech_driver.mech_driver [None req-92a1a94b-2eb4-42c4-b436-9ee0da71915e - - - - - -] OVN reports status up for port: bd9a7ea6-6fb7-4417-92d5-09d0d8192310
2026-06-23 19:54:35.104 9 INFO neutron.api.wsgi [None req-80ab7000-d4c7-4681-9784-86657f12f0f8 a2199b148f6f4d50a9318f19d1bd00e8 b094062b68f7464ead1408580313bae2 - - default default] 10.0.0.195 "PUT /v2.0/networks/008103dc-b6f9-4ab1-8f24-096ea5e9d03b/tags/red HTTP/1.1" status: 201 len: 201 time: 0.0348189
2026-06-23 19:54:35.109 10 INFO neutron.plugins.ml2.plugin [None req-92a1a94b-2eb4-42c4-b436-9ee0da71915e - - - - - -] Attempt 1 to provision port bd9a7ea6-6fb7-4417-92d5-09d0d8192310
2026-06-23 19:54:35.143 9 INFO neutron.api.wsgi [None req-9e910eb7-fe72-446a-a3dc-2cd7a87e8d66 a2199b148f6f4d50a9318f19d1bd00e8 b094062b68f7464ead1408580313bae2 - - default default] 10.0.0.195 "GET /v2.0/networks/008103dc-b6f9-4ab1-8f24-096ea5e9d03b/tags HTTP/1.1" status: 200 len: 227 time: 0.0331266
2026-06-23 19:54:35.200 9 INFO neutron.api.wsgi [None req-e04f81f4-a8c4-4d70-b591-3b5f8036a29e a2199b148f6f4d50a9318f19d1bd00e8 b094062b68f7464ead1408580313bae2 - - default default] 10.0.0.195 "PUT /v2.0/networks/008103dc-b6f9-4ab1-8f24-096ea5e9d03b/tags/black.or.white HTTP/1.1" status: 201 len: 201 time: 0.0536096
2026-06-23 19:54:35.241 9 INFO neutron.api.wsgi [None req-a423d160-6bda-4c97-bb03-9d2630b9f8e2 a2199b148f6f4d50a9318f19d1bd00e8 b094062b68f7464ead1408580313bae2 - - default default] 10.0.0.195 "GET /v2.0/networks/008103dc-b6f9-4ab1-8f24-096ea5e9d03b/tags HTTP/1.1" status: 200 len: 245 time: 0.0370705
2026-06-23 19:54:35.298 9 INFO neutron.api.wsgi [None req-31c0f7c0-696e-4489-8448-9c013a803587 a2199b148f6f4d50a9318f19d1bd00e8 b094062b68f7464ead1408580313bae2 - - default default] 10.0.0.195 "PUT /v2.0/networks/008103dc-b6f9-4ab1-8f24-096ea5e9d03b/tags HTTP/1.1" status: 200 len: 230 time: 0.0456531
2026-06-23 19:54:35.347 10 INFO neutron.api.wsgi [None req-2e3f6fda-ba17-437c-a56a-1c47009e5ef9 a2199b148f6f4d50a9318f19d1bd00e8 b094062b68f7464ead1408580313bae2 - - default default] 10.0.0.195 "GET /v2.0/networks/008103dc-b6f9-4ab1-8f24-096ea5e9d03b/tags HTTP/1.1" status: 200 len: 230 time: 0.0396223
2026-06-23 19:54:35.376 9 INFO neutron.api.wsgi [None req-68d5e12e-ef95-4e51-b2ef-4b342a3a6015 a2199b148f6f4d50a9318f19d1bd00e8 b094062b68f7464ead1408580313bae2 - - default default] 10.0.0.195 "GET /v2.0/networks/008103dc-b6f9-4ab1-8f24-096ea5e9d03b/tags/red HTTP/1.1" status: 204 len: 168 time: 0.0249488
2026-06-23 19:54:35.389 9 INFO neutron.api.wsgi [None req-c0465e64-f1fa-499c-9229-66b311bad05b a9e25cdff4324bec81147319dcb2d336 9c0fb1085d134f1b9ef99da7a97472d6 - - default default] 10.0.0.195 "DELETE /v2.0/networks/55312238-2163-4e79-989e-199cadf537a8 HTTP/1.1" status: 204 len: 168 time: 0.3751690
2026-06-23 19:54:35.395 10 INFO neutron.db.ovn_revision_numbers_db [None req-92a1a94b-2eb4-42c4-b436-9ee0da71915e - - - - - -] Successfully bumped revision number for resource bd9a7ea6-6fb7-4417-92d5-09d0d8192310 (type: ports) to 4
2026-06-23 19:54:35.411 9 INFO neutron.api.v2.resource [None req-cfad4aca-81d8-4575-98b0-f101fc736b0c a2199b148f6f4d50a9318f19d1bd00e8 b094062b68f7464ead1408580313bae2 - - default default] show failed (client error): The resource could not be found.
2026-06-23 19:54:35.412 9 INFO neutron.api.wsgi [None req-cfad4aca-81d8-4575-98b0-f101fc736b0c a2199b148f6f4d50a9318f19d1bd00e8 b094062b68f7464ead1408580313bae2 - - default default] 10.0.0.195 "GET /v2.0/networks/008103dc-b6f9-4ab1-8f24-096ea5e9d03b/tags/green HTTP/1.1" status: 404 len: 299 time: 0.0313017
2026-06-23 19:54:35.461 9 INFO neutron.api.wsgi [None req-907c81ae-28d0-42e1-b2ea-894fe2f8af35 a2199b148f6f4d50a9318f19d1bd00e8 b094062b68f7464ead1408580313bae2 - - default default] 10.0.0.195 "DELETE /v2.0/networks/008103dc-b6f9-4ab1-8f24-096ea5e9d03b/tags/red HTTP/1.1" status: 204 len: 168 time: 0.0432167
2026-06-23 19:54:35.495 9 INFO neutron.api.wsgi [None req-447fa087-357c-48e3-886a-498069a99ff8 a2199b148f6f4d50a9318f19d1bd00e8 b094062b68f7464ead1408580313bae2 - - default default] 10.0.0.195 "GET /v2.0/networks/008103dc-b6f9-4ab1-8f24-096ea5e9d03b/tags HTTP/1.1" status: 200 len: 223 time: 0.0281484
2026-06-23 19:54:35.510 10 INFO neutron.plugins.ml2.drivers.ovn.mech_driver.mech_driver [None req-d2c5f844-d508-4052-bcfa-89299c20f029 - - - - - -] OVN reports status up for port: ed5107fb-b036-48f8-9de6-1ee89bba41c7
2026-06-23 19:54:35.540 9 INFO neutron.api.v2.resource [None req-55938a5e-d577-4561-97d9-cf01ebdeb266 a2199b148f6f4d50a9318f19d1bd00e8 b094062b68f7464ead1408580313bae2 - - default default] delete failed (client error): The resource could not be found.
2026-06-23 19:54:35.541 9 INFO neutron.api.wsgi [None req-55938a5e-d577-4561-97d9-cf01ebdeb266 a2199b148f6f4d50a9318f19d1bd00e8 b094062b68f7464ead1408580313bae2 - - default default] 10.0.0.195 "DELETE /v2.0/networks/008103dc-b6f9-4ab1-8f24-096ea5e9d03b/tags/green HTTP/1.1" status: 404 len: 299 time: 0.0417781
2026-06-23 19:54:35.597 9 INFO neutron.api.wsgi [None req-d21bae1c-6766-4152-986d-a20a1f274a40 a2199b148f6f4d50a9318f19d1bd00e8 b094062b68f7464ead1408580313bae2 - - default default] 10.0.0.195 "DELETE /v2.0/networks/008103dc-b6f9-4ab1-8f24-096ea5e9d03b/tags HTTP/1.1" status: 204 len: 168 time: 0.0507302
2026-06-23 19:54:35.632 9 INFO neutron.api.wsgi [None req-c033a1f2-32bf-4c5e-90f9-0816a011704f a2199b148f6f4d50a9318f19d1bd00e8 b094062b68f7464ead1408580313bae2 - - default default] 10.0.0.195 "GET /v2.0/networks/008103dc-b6f9-4ab1-8f24-096ea5e9d03b/tags HTTP/1.1" status: 200 len: 205 time: 0.0292664
2026-06-23 19:54:35.744 9 INFO neutron.api.wsgi [None req-b1f3f7b2-6d06-4894-8e45-877d436922ba a9e25cdff4324bec81147319dcb2d336 9c0fb1085d134f1b9ef99da7a97472d6 - - default default] 10.0.0.195 "DELETE /v2.0/networks/cd597e8d-7e71-47c0-8232-f91e3be94956 HTTP/1.1" status: 204 len: 168 time: 0.3486872 /var/lib/openstack/lib/python3.12/site-packages/pycadf/identifier.py:71: UserWarning: Invalid uuid: neutron. To ensure interoperability, identifiers should be a valid uuid. warnings.warn(('Invalid uuid: %s. To ensure interoperability, '
2026-06-23 19:54:35.974 9 INFO neutron.api.wsgi [None req-2ed929e8-b74d-41b8-8483-8b100544b560 a2199b148f6f4d50a9318f19d1bd00e8 b094062b68f7464ead1408580313bae2 - - default default] 10.0.0.195 "DELETE /v2.0/networks/008103dc-b6f9-4ab1-8f24-096ea5e9d03b HTTP/1.1" status: 204 len: 168 time: 0.3352540
2026-06-23 19:54:36.106 10 INFO neutron.services.segments.plugin [-] Segment 8fee1886-7a5b-400f-81ee-1ccc9e277847 resource provider aggregate not found
2026-06-23 19:54:36.113 10 INFO neutron.services.segments.plugin [-] Segment 8fee1886-7a5b-400f-81ee-1ccc9e277847 resource provider aggregate not found
2026-06-23 19:54:36.127 10 INFO neutron.services.segments.plugin [-] Segment 8fee1886-7a5b-400f-81ee-1ccc9e277847 resource provider not found; error: Placement Client Error (4xx): {"errors": [{"status": 404, "title": "Not Found", "detail": "The resource could not be found.\n\n No resource provider with uuid 8fee1886-7a5b-400f-81ee-1ccc9e277847 found for delete ", "request_id": "req-bfb533a8-991d-4e16-b465-73e07622d5b2"}]}
2026-06-23 19:54:36.139 10 INFO neutron.services.segments.plugin [-] Segment 8fee1886-7a5b-400f-81ee-1ccc9e277847 resource provider not found; error: Placement Client Error (4xx): {"errors": [{"status": 404, "title": "Not Found", "detail": "The resource could not be found.\n\n No resource provider with uuid 8fee1886-7a5b-400f-81ee-1ccc9e277847 found for delete ", "request_id": "req-a36cd742-a3c1-40a8-b5b5-625b4dd832be"}]}
2026-06-23 19:54:36.143 10 INFO neutron.api.wsgi [None req-faa6f39a-3840-4905-a97d-3033b6f4c69a a9e25cdff4324bec81147319dcb2d336 9c0fb1085d134f1b9ef99da7a97472d6 - - default default] 10.0.0.195 "DELETE /v2.0/networks/cd143b72-db0a-474c-98f5-c910e78ebf97 HTTP/1.1" status: 204 len: 168 time: 0.3925388
2026-06-23 19:54:36.168 10 INFO neutron.api.wsgi [None req-825c8ce8-a502-47b4-a6d8-ad2602e7fc3d f8da9a36219c4530ac87235c8f4afc56 58beadd584794a43988b655293ff32cb - - default default] 10.0.0.195 "DELETE /v2.0/vpn/vpnservices/f919aeec-de6b-4f6e-a505-918f20185a32 HTTP/1.1" status: 204 len: 168 time: 2.5226696
2026-06-23 19:54:36.180 10 WARNING neutron_lib.context [None req-067d8606-7463-4f9d-af23-710f6a7f2059 b00797ae529f42b897dd794041820f5b 9d07abbcab7d409894d3ab20d19f2bff - - default default] Method 'is_advsvc' is deprecated since 2023.2 release (neutron-lib 3.8.0) and will be removed once support for the old RBAC API policies will be removed from Neutron. Please use method 'is_service_role' instead.
2026-06-23 19:54:36.233 10 INFO neutron.api.wsgi [None req-067d8606-7463-4f9d-af23-710f6a7f2059 b00797ae529f42b897dd794041820f5b 9d07abbcab7d409894d3ab20d19f2bff - - default default] 10.0.0.195 "POST /v2.0/vpn/endpoint-groups HTTP/1.1" status: 201 len: 501 time: 0.0568511
2026-06-23 19:54:36.251 9 WARNING neutron_lib.context [None req-c2a6b4ec-2f12-4194-b957-691aade640a2 b00797ae529f42b897dd794041820f5b 9d07abbcab7d409894d3ab20d19f2bff - - default default] Method 'is_advsvc' is deprecated since 2023.2 release (neutron-lib 3.8.0) and will be removed once support for the old RBAC API policies will be removed from Neutron. Please use method 'is_service_role' instead.
2026-06-23 19:54:36.301 9 INFO neutron.api.wsgi [None req-c2a6b4ec-2f12-4194-b957-691aade640a2 b00797ae529f42b897dd794041820f5b 9d07abbcab7d409894d3ab20d19f2bff - - default default] 10.0.0.195 "POST /v2.0/vpn/endpoint-groups HTTP/1.1" status: 201 len: 492 time: 0.0588365
2026-06-23 19:54:36.311 10 WARNING neutron.api.v2.base [None req-9d970a3a-fa20-429a-87c9-5cb1179af21d b00797ae529f42b897dd794041820f5b 9d07abbcab7d409894d3ab20d19f2bff - - default default] An exception happened while processing the request body. The exception message is [Unrecognized attribute(s) 'peer_cidr'].: webob.exc.HTTPBadRequest: Unrecognized attribute(s) 'peer_cidr'
2026-06-23 19:54:36.313 10 INFO neutron.api.v2.resource [None req-9d970a3a-fa20-429a-87c9-5cb1179af21d b00797ae529f42b897dd794041820f5b 9d07abbcab7d409894d3ab20d19f2bff - - default default] create failed (client error): Unrecognized attribute(s) 'peer_cidr'
2026-06-23 19:54:36.315 10 INFO neutron.api.wsgi [None req-9d970a3a-fa20-429a-87c9-5cb1179af21d b00797ae529f42b897dd794041820f5b 9d07abbcab7d409894d3ab20d19f2bff - - default default] 10.0.0.195 "POST /v2.0/vpn/ipsec-site-connections HTTP/1.1" status: 400 len: 313 time: 0.0079629
2026-06-23 19:54:36.340 10 INFO neutron.api.wsgi [None req-aaf174b7-a584-4db7-a141-4bbbac4defd7 b00797ae529f42b897dd794041820f5b 9d07abbcab7d409894d3ab20d19f2bff - - default default] 10.0.0.195 "GET /v2.0/vpn/endpoint-groups HTTP/1.1" status: 200 len: 1388 time: 0.0206065
2026-06-23 19:54:36.378 10 INFO neutron.api.wsgi [None req-63684ed8-0b23-4fa9-83b3-613ff110e059 b00797ae529f42b897dd794041820f5b 9d07abbcab7d409894d3ab20d19f2bff - - default default] 10.0.0.195 "DELETE /v2.0/vpn/endpoint-groups/ec65cfda-150b-4da5-895d-582c60cf9465 HTTP/1.1" status: 204 len: 168 time: 0.0336571
2026-06-23 19:54:36.400 10 INFO neutron.api.wsgi [None req-208550bf-7c2a-4475-80db-db60b9121b60 b00797ae529f42b897dd794041820f5b 9d07abbcab7d409894d3ab20d19f2bff - - default default] 10.0.0.195 "GET /v2.0/vpn/endpoint-groups HTTP/1.1" status: 200 len: 1112 time: 0.0172551
2026-06-23 19:54:36.415 10 INFO neutron.api.wsgi [None req-915b43e7-e01f-43b6-bd63-b125dbe6ca81 b00797ae529f42b897dd794041820f5b 9d07abbcab7d409894d3ab20d19f2bff - - default default] 10.0.0.195 "GET /v2.0/vpn/endpoint-groups HTTP/1.1" status: 200 len: 1112 time: 0.0092053
2026-06-23 19:54:36.440 10 INFO neutron.api.wsgi [None req-af48edc6-c20b-4631-8dc3-30447307b7ae b00797ae529f42b897dd794041820f5b 9d07abbcab7d409894d3ab20d19f2bff - - default default] 10.0.0.195 "DELETE /v2.0/vpn/endpoint-groups/e47b9a35-ebd3-4e69-a284-2f1c9d15e0ff HTTP/1.1" status: 204 len: 168 time: 0.0205047
2026-06-23 19:54:36.454 9 INFO neutron.api.wsgi [None req-44fd915d-15ae-4636-906e-e216e5014ae5 b00797ae529f42b897dd794041820f5b 9d07abbcab7d409894d3ab20d19f2bff - - default default] 10.0.0.195 "GET /v2.0/vpn/endpoint-groups HTTP/1.1" status: 200 len: 828 time: 0.0093079
2026-06-23 19:54:36.467 9 WARNING neutron_lib.context [None req-c78de194-78e9-4e1b-8664-490d120f480d b00797ae529f42b897dd794041820f5b 9d07abbcab7d409894d3ab20d19f2bff - - default default] Method 'is_advsvc' is deprecated since 2023.2 release (neutron-lib 3.8.0) and will be removed once support for the old RBAC API policies will be removed from Neutron. Please use method 'is_service_role' instead.
2026-06-23 19:54:36.519 9 INFO neutron.api.wsgi [None req-c78de194-78e9-4e1b-8664-490d120f480d b00797ae529f42b897dd794041820f5b 9d07abbcab7d409894d3ab20d19f2bff - - default default] 10.0.0.195 "POST /v2.0/vpn/endpoint-groups HTTP/1.1" status: 201 len: 500 time: 0.0566244
2026-06-23 19:54:36.532 9 WARNING neutron_lib.context [None req-deb9ba4d-af23-4f27-8eaa-c1ac3d6fc8fc b00797ae529f42b897dd794041820f5b 9d07abbcab7d409894d3ab20d19f2bff - - default default] Method 'is_advsvc' is deprecated since 2023.2 release (neutron-lib 3.8.0) and will be removed once support for the old RBAC API policies will be removed from Neutron. Please use method 'is_service_role' instead.
2026-06-23 19:54:36.565 9 INFO neutron.api.wsgi [None req-deb9ba4d-af23-4f27-8eaa-c1ac3d6fc8fc b00797ae529f42b897dd794041820f5b 9d07abbcab7d409894d3ab20d19f2bff - - default default] 10.0.0.195 "POST /v2.0/vpn/endpoint-groups HTTP/1.1" status: 201 len: 493 time: 0.0395021
2026-06-23 19:54:36.575 9 WARNING neutron_lib.context [None req-bda605f4-e6fb-498f-83b0-701066236397 b00797ae529f42b897dd794041820f5b 9d07abbcab7d409894d3ab20d19f2bff - - default default] Method 'is_advsvc' is deprecated since 2023.2 release (neutron-lib 3.8.0) and will be removed once support for the old RBAC API policies will be removed from Neutron. Please use method 'is_service_role' instead.
2026-06-23 19:54:36.610 9 INFO neutron.api.v2.resource [None req-bda605f4-e6fb-498f-83b0-701066236397 b00797ae529f42b897dd794041820f5b 9d07abbcab7d409894d3ab20d19f2bff - - default default] create failed (client error): The server could not comply with the request since it is either malformed or otherwise incorrect.
2026-06-23 19:54:36.612 9 INFO neutron.api.wsgi [None req-bda605f4-e6fb-498f-83b0-701066236397 b00797ae529f42b897dd794041820f5b 9d07abbcab7d409894d3ab20d19f2bff - - default default] 10.0.0.195 "POST /v2.0/vpn/ipsec-site-connections HTTP/1.1" status: 400 len: 373 time: 0.0405433
2026-06-23 19:54:36.632 9 INFO neutron.api.wsgi [None req-6af0d832-1982-4277-84e6-36cfd4bf2337 b00797ae529f42b897dd794041820f5b 9d07abbcab7d409894d3ab20d19f2bff - - default default] 10.0.0.195 "GET /v2.0/vpn/endpoint-groups HTTP/1.1" status: 200 len: 1388 time: 0.0130436
2026-06-23 19:54:36.655 9 INFO neutron.services.segments.plugin [-] Segment 975d9ad3-c969-42f8-b6f2-51bb5d0c7856 resource provider aggregate not found
2026-06-23 19:54:36.660 9 INFO neutron.api.wsgi [None req-5e665dd7-c1d5-410f-aa33-bb35673166ae b00797ae529f42b897dd794041820f5b 9d07abbcab7d409894d3ab20d19f2bff - - default default] 10.0.0.195 "DELETE /v2.0/vpn/endpoint-groups/091e6cd4-d994-44d7-907b-016cd24989bd HTTP/1.1" status: 204 len: 168 time: 0.0239241
2026-06-23 19:54:36.663 9 INFO neutron.services.segments.plugin [-] Segment 975d9ad3-c969-42f8-b6f2-51bb5d0c7856 resource provider not found; error: Placement Client Error (4xx): {"errors": [{"status": 404, "title": "Not Found", "detail": "The resource could not be found.\n\n No resource provider with uuid 975d9ad3-c969-42f8-b6f2-51bb5d0c7856 found for delete ", "request_id": "req-1c631326-bbfe-4eb4-b872-950a89dbcc58"}]}
2026-06-23 19:54:36.665 9 INFO neutron.services.segments.plugin [-] Segment 975d9ad3-c969-42f8-b6f2-51bb5d0c7856 resource provider aggregate not found
2026-06-23 19:54:36.675 10 INFO neutron.api.wsgi [None req-bdb97b2a-2f4e-4ae4-8bef-ff883455ad34 b00797ae529f42b897dd794041820f5b 9d07abbcab7d409894d3ab20d19f2bff - - default default] 10.0.0.195 "GET /v2.0/vpn/endpoint-groups HTTP/1.1" status: 200 len: 1111 time: 0.0096245
2026-06-23 19:54:36.678 9 INFO neutron.services.segments.plugin [-] Segment 73e268ee-0de1-4074-aae8-07cbe8db9730 resource provider aggregate not found
2026-06-23 19:54:36.681 9 INFO neutron.services.segments.plugin [-] Segment 975d9ad3-c969-42f8-b6f2-51bb5d0c7856 resource provider not found; error: Placement Client Error (4xx): {"errors": [{"status": 404, "title": "Not Found", "detail": "The resource could not be found.\n\n No resource provider with uuid 975d9ad3-c969-42f8-b6f2-51bb5d0c7856 found for delete ", "request_id": "req-f348b55c-4c78-4b8e-a006-1f812a6a9e61"}]}
2026-06-23 19:54:36.686 9 INFO neutron.services.segments.plugin [-] Segment 73e268ee-0de1-4074-aae8-07cbe8db9730 resource provider not found; error: Placement Client Error (4xx): {"errors": [{"status": 404, "title": "Not Found", "detail": "The resource could not be found.\n\n No resource provider with uuid 73e268ee-0de1-4074-aae8-07cbe8db9730 found for delete ", "request_id": "req-cdc94639-b165-461d-9027-db461025c5de"}]}
2026-06-23 19:54:36.690 9 INFO neutron.services.segments.plugin [-] Segment 73e268ee-0de1-4074-aae8-07cbe8db9730 resource provider aggregate not found
2026-06-23 19:54:36.693 10 INFO neutron.api.wsgi [None req-e6953df8-0c37-48b3-b0ff-4d564982bea6 b00797ae529f42b897dd794041820f5b 9d07abbcab7d409894d3ab20d19f2bff - - default default] 10.0.0.195 "GET /v2.0/vpn/endpoint-groups HTTP/1.1" status: 200 len: 1111 time: 0.0099344
2026-06-23 19:54:36.695 9 INFO neutron.services.segments.plugin [-] Segment d1bd51d1-649e-491e-830b-227f78aa607f resource provider aggregate not found
2026-06-23 19:54:36.704 9 INFO neutron.services.segments.plugin [-] Segment 73e268ee-0de1-4074-aae8-07cbe8db9730 resource provider not found; error: Placement Client Error (4xx): {"errors": [{"status": 404, "title": "Not Found", "detail": "The resource could not be found.\n\n No resource provider with uuid 73e268ee-0de1-4074-aae8-07cbe8db9730 found for delete ", "request_id": "req-a69e819d-8d62-4b43-a3d1-07fa7a1d4e42"}]}
2026-06-23 19:54:36.707 9 INFO neutron.services.segments.plugin [-] Segment d1bd51d1-649e-491e-830b-227f78aa607f resource provider not found; error: Placement Client Error (4xx): {"errors": [{"status": 404, "title": "Not Found", "detail": "The resource could not be found.\n\n No resource provider with uuid d1bd51d1-649e-491e-830b-227f78aa607f found for delete ", "request_id": "req-9d92da90-7ee9-49ca-ab92-27875c604c2a"}]}
2026-06-23 19:54:36.718 9 INFO neutron.services.segments.plugin [-] Segment 9e999244-0021-4ee2-ad9e-d102c2509fb4 resource provider aggregate not found
2026-06-23 19:54:36.721 9 INFO neutron.services.segments.plugin [-] Segment d1bd51d1-649e-491e-830b-227f78aa607f resource provider aggregate not found
2026-06-23 19:54:36.726 10 INFO neutron.api.wsgi [None req-d0f8e9e5-e4c9-48bf-a8ae-5b9c42791d56 b00797ae529f42b897dd794041820f5b 9d07abbcab7d409894d3ab20d19f2bff - - default default] 10.0.0.195 "DELETE /v2.0/vpn/endpoint-groups/6b1cad56-d6cb-4d5c-bee2-44e18ce44c11 HTTP/1.1" status: 204 len: 168 time: 0.0247309
2026-06-23 19:54:36.730 9 INFO neutron.services.segments.plugin [-] Segment 9e999244-0021-4ee2-ad9e-d102c2509fb4 resource provider not found; error: Placement Client Error (4xx): {"errors": [{"status": 404, "title": "Not Found", "detail": "The resource could not be found.\n\n No resource provider with uuid 9e999244-0021-4ee2-ad9e-d102c2509fb4 found for delete ", "request_id": "req-49448a5d-b28b-49d0-957f-c9612f6526bf"}]}
2026-06-23 19:54:36.734 9 INFO neutron.services.segments.plugin [-] Segment d1bd51d1-649e-491e-830b-227f78aa607f resource provider not found; error: Placement Client Error (4xx): {"errors": [{"status": 404, "title": "Not Found", "detail": "The resource could not be found.\n\n No resource provider with uuid d1bd51d1-649e-491e-830b-227f78aa607f found for delete ", "request_id": "req-5ecaf845-6d7b-4d50-9434-ab24bf6e49cc"}]}
2026-06-23 19:54:36.744 9 INFO neutron.api.wsgi [None req-6d4c41f7-3f06-4576-b889-5839389816fb b00797ae529f42b897dd794041820f5b 9d07abbcab7d409894d3ab20d19f2bff - - default default] 10.0.0.195 "GET /v2.0/vpn/endpoint-groups HTTP/1.1" status: 200 len: 828 time: 0.0126781
2026-06-23 19:54:36.744 9 INFO neutron.services.segments.plugin [-] Segment 9e999244-0021-4ee2-ad9e-d102c2509fb4 resource provider aggregate not found
2026-06-23 19:54:36.754 9 WARNING neutron_lib.context [None req-c344485a-33ff-40a5-8c97-fef570710a92 b00797ae529f42b897dd794041820f5b 9d07abbcab7d409894d3ab20d19f2bff - - default default] Method 'is_advsvc' is deprecated since 2023.2 release (neutron-lib 3.8.0) and will be removed once support for the old RBAC API policies will be removed from Neutron. Please use method 'is_service_role' instead.
2026-06-23 19:54:36.761 9 INFO neutron.services.segments.plugin [-] Segment 9e999244-0021-4ee2-ad9e-d102c2509fb4 resource provider not found; error: Placement Client Error (4xx): {"errors": [{"status": 404, "title": "Not Found", "detail": "The resource could not be found.\n\n No resource provider with uuid 9e999244-0021-4ee2-ad9e-d102c2509fb4 found for delete ", "request_id": "req-64dcd68c-cef2-41b0-8d09-80c8d392df99"}]}
2026-06-23 19:54:36.823 9 INFO neutron.api.wsgi [None req-c344485a-33ff-40a5-8c97-fef570710a92 b00797ae529f42b897dd794041820f5b 9d07abbcab7d409894d3ab20d19f2bff - - default default] 10.0.0.195 "POST /v2.0/vpn/endpoint-groups HTTP/1.1" status: 201 len: 500 time: 0.0713913
2026-06-23 19:54:36.836 10 WARNING neutron.api.v2.base [None req-6031c0bb-6f70-4bbc-a180-a8a40b91cacb b00797ae529f42b897dd794041820f5b 9d07abbcab7d409894d3ab20d19f2bff - - default default] An exception happened while processing the request body. The exception message is [Failed to parse request. Required attribute 'peer_id' not specified].: webob.exc.HTTPBadRequest: Failed to parse request. Required attribute 'peer_id' not specified
2026-06-23 19:54:36.836 10 INFO neutron.api.v2.resource [None req-6031c0bb-6f70-4bbc-a180-a8a40b91cacb b00797ae529f42b897dd794041820f5b 9d07abbcab7d409894d3ab20d19f2bff - - default default] create failed (client error): Failed to parse request. Required attribute 'peer_id' not specified
2026-06-23 19:54:36.837 10 INFO neutron.api.wsgi [None req-6031c0bb-6f70-4bbc-a180-a8a40b91cacb b00797ae529f42b897dd794041820f5b 9d07abbcab7d409894d3ab20d19f2bff - - default default] 10.0.0.195 "POST /v2.0/vpn/ipsec-site-connections HTTP/1.1" status: 400 len: 343 time: 0.0099230
2026-06-23 19:54:36.859 10 INFO neutron.api.wsgi [None req-469f1b49-ea36-46e9-bc71-343ce2df35df b00797ae529f42b897dd794041820f5b 9d07abbcab7d409894d3ab20d19f2bff - - default default] 10.0.0.195 "GET /v2.0/vpn/endpoint-groups HTTP/1.1" status: 200 len: 1111 time: 0.0149665
2026-06-23 19:54:36.894 10 INFO neutron.api.wsgi [None req-c961341c-e0ab-4c35-8e92-39473c918ece b00797ae529f42b897dd794041820f5b 9d07abbcab7d409894d3ab20d19f2bff - - default default] 10.0.0.195 "DELETE /v2.0/vpn/endpoint-groups/f02ac094-4cb9-4992-ba49-3389abb05507 HTTP/1.1" status: 204 len: 168 time: 0.0259819
2026-06-23 19:54:36.912 10 INFO neutron.api.wsgi [None req-bde3ebaa-61e1-4203-a430-ca8944329183 b00797ae529f42b897dd794041820f5b 9d07abbcab7d409894d3ab20d19f2bff - - default default] 10.0.0.195 "GET /v2.0/vpn/endpoint-groups HTTP/1.1" status: 200 len: 828 time: 0.0103121
2026-06-23 19:54:36.926 9 WARNING neutron_lib.context [None req-893ecf71-3a3e-41e0-b30d-e0889243581f b00797ae529f42b897dd794041820f5b 9d07abbcab7d409894d3ab20d19f2bff - - default default] Method 'is_advsvc' is deprecated since 2023.2 release (neutron-lib 3.8.0) and will be removed once support for the old RBAC API policies will be removed from Neutron. Please use method 'is_service_role' instead.
2026-06-23 19:54:36.982 9 INFO neutron.api.wsgi [None req-893ecf71-3a3e-41e0-b30d-e0889243581f b00797ae529f42b897dd794041820f5b 9d07abbcab7d409894d3ab20d19f2bff - - default default] 10.0.0.195 "POST /v2.0/vpn/endpoint-groups HTTP/1.1" status: 201 len: 492 time: 0.0636761
2026-06-23 19:54:36.992 10 WARNING neutron.api.v2.base [None req-91993e66-735c-4a4a-aae2-1669ae6f0c42 b00797ae529f42b897dd794041820f5b 9d07abbcab7d409894d3ab20d19f2bff - - default default] An exception happened while processing the request body. The exception message is [Failed to parse request. Required attribute 'peer_id' not specified].: webob.exc.HTTPBadRequest: Failed to parse request. Required attribute 'peer_id' not specified
2026-06-23 19:54:36.993 10 INFO neutron.api.v2.resource [None req-91993e66-735c-4a4a-aae2-1669ae6f0c42 b00797ae529f42b897dd794041820f5b 9d07abbcab7d409894d3ab20d19f2bff - - default default] create failed (client error): Failed to parse request. Required attribute 'peer_id' not specified
2026-06-23 19:54:36.994 10 INFO neutron.api.wsgi [None req-91993e66-735c-4a4a-aae2-1669ae6f0c42 b00797ae529f42b897dd794041820f5b 9d07abbcab7d409894d3ab20d19f2bff - - default default] 10.0.0.195 "POST /v2.0/vpn/ipsec-site-connections HTTP/1.1" status: 400 len: 343 time: 0.0082226
2026-06-23 19:54:36.999 10 INFO neutron.api.wsgi [None req-7f5ad161-ef66-489f-8524-106ed6551fdb c5b6ef7ced2d469bbca1220cc95503bc 5905adb67e3e447c965b1bb724244ab6 - - default default] 10.0.0.195 "GET /v2.0/security-groups?tenant_id=b094062b68f7464ead1408580313bae2&name=default HTTP/1.1" status: 200 len: 3124 time: 0.3422191
2026-06-23 19:54:37.012 9 INFO neutron.api.wsgi [None req-59159b1a-998e-4cde-81c2-30a67499e648 b00797ae529f42b897dd794041820f5b 9d07abbcab7d409894d3ab20d19f2bff - - default default] 10.0.0.195 "GET /v2.0/vpn/endpoint-groups HTTP/1.1" status: 200 len: 1103 time: 0.0139971
2026-06-23 19:54:37.045 10 INFO neutron.api.wsgi [None req-122cd73e-660e-4af3-9ec0-6d34c6c4ea90 b00797ae529f42b897dd794041820f5b 9d07abbcab7d409894d3ab20d19f2bff - - default default] 10.0.0.195 "DELETE /v2.0/vpn/endpoint-groups/4c9a5e69-fcbb-4a33-87b8-8683f55a2f51 HTTP/1.1" status: 204 len: 168 time: 0.0279565
2026-06-23 19:54:37.067 10 INFO neutron.api.wsgi [None req-58989eb0-8d6b-42be-ba0a-b2af2750b8d6 b00797ae529f42b897dd794041820f5b 9d07abbcab7d409894d3ab20d19f2bff - - default default] 10.0.0.195 "GET /v2.0/vpn/endpoint-groups HTTP/1.1" status: 200 len: 828 time: 0.0151587
2026-06-23 19:54:37.084 10 WARNING neutron_lib.context [None req-b155ba23-f04b-4a38-821a-74a88df74c2c b00797ae529f42b897dd794041820f5b 9d07abbcab7d409894d3ab20d19f2bff - - default default] Method 'is_advsvc' is deprecated since 2023.2 release (neutron-lib 3.8.0) and will be removed once support for the old RBAC API policies will be removed from Neutron. Please use method 'is_service_role' instead.
2026-06-23 19:54:37.121 10 INFO neutron.api.wsgi [None req-b155ba23-f04b-4a38-821a-74a88df74c2c b00797ae529f42b897dd794041820f5b 9d07abbcab7d409894d3ab20d19f2bff - - default default] 10.0.0.195 "POST /v2.0/vpn/endpoint-groups HTTP/1.1" status: 201 len: 488 time: 0.0425789
2026-06-23 19:54:37.139 10 WARNING neutron_lib.context [None req-9129779f-8f1a-49d0-b49a-3edf342479a1 b00797ae529f42b897dd794041820f5b 9d07abbcab7d409894d3ab20d19f2bff - - default default] Method 'is_advsvc' is deprecated since 2023.2 release (neutron-lib 3.8.0) and will be removed once support for the old RBAC API policies will be removed from Neutron. Please use method 'is_service_role' instead.
2026-06-23 19:54:37.202 10 INFO neutron.api.wsgi [None req-9129779f-8f1a-49d0-b49a-3edf342479a1 b00797ae529f42b897dd794041820f5b 9d07abbcab7d409894d3ab20d19f2bff - - default default] 10.0.0.195 "POST /v2.0/vpn/endpoint-groups HTTP/1.1" status: 201 len: 501 time: 0.0695555
2026-06-23 19:54:37.213 9 WARNING neutron_lib.context [None req-3cc06b22-7271-48bc-8010-4c0f6a20be9d b00797ae529f42b897dd794041820f5b 9d07abbcab7d409894d3ab20d19f2bff - - default default] Method 'is_advsvc' is deprecated since 2023.2 release (neutron-lib 3.8.0) and will be removed once support for the old RBAC API policies will be removed from Neutron. Please use method 'is_service_role' instead.
2026-06-23 19:54:37.242 9 INFO neutron.db.ovn_revision_numbers_db [None req-fe8ae210-e546-4bd9-afaa-d23a05415603 c5b6ef7ced2d469bbca1220cc95503bc 5905adb67e3e447c965b1bb724244ab6 - - default default] Successfully bumped revision number for resource 04f838ab-f846-4da0-b3fa-df70f6dcddca (type: security_groups) to 1
2026-06-23 19:54:37.281 9 INFO neutron.db.ovn_revision_numbers_db [None req-fe8ae210-e546-4bd9-afaa-d23a05415603 c5b6ef7ced2d469bbca1220cc95503bc 5905adb67e3e447c965b1bb724244ab6 - - default default] Successfully bumped revision number for resource 5093f47b-19ea-41f0-9dd6-e0a8131ef662 (type: security_group_rules) to 0
2026-06-23 19:54:37.284 9 INFO neutron.api.wsgi [None req-2294b3a1-2cf3-4ad4-972d-788e087f180b c5b6ef7ced2d469bbca1220cc95503bc 5905adb67e3e447c965b1bb724244ab6 - - default default] 10.0.0.195 "DELETE /v2.0/security-groups/d3d66c48-7bd4-4a65-9a50-75178bd367cd HTTP/1.1" status: 204 len: 168 time: 0.2789490
2026-06-23 19:54:37.309 9 INFO neutron.db.ovn_revision_numbers_db [None req-fe8ae210-e546-4bd9-afaa-d23a05415603 c5b6ef7ced2d469bbca1220cc95503bc 5905adb67e3e447c965b1bb724244ab6 - - default default] Successfully bumped revision number for resource 519d2da5-7c65-48b8-ad55-68344b6049b1 (type: security_group_rules) to 0
2026-06-23 19:54:37.341 9 INFO neutron.db.ovn_revision_numbers_db [None req-fe8ae210-e546-4bd9-afaa-d23a05415603 c5b6ef7ced2d469bbca1220cc95503bc 5905adb67e3e447c965b1bb724244ab6 - - default default] Successfully bumped revision number for resource 685dd53a-5234-460a-ac31-968b296b32e1 (type: security_group_rules) to 0
2026-06-23 19:54:37.357 9 INFO neutron.db.ovn_revision_numbers_db [None req-fe8ae210-e546-4bd9-afaa-d23a05415603 c5b6ef7ced2d469bbca1220cc95503bc 5905adb67e3e447c965b1bb724244ab6 - - default default] Successfully bumped revision number for resource c5117abe-a82e-4e63-a1b8-fb6772289d7f (type: security_group_rules) to 0
2026-06-23 19:54:37.423 9 INFO neutron.api.wsgi [None req-fe8ae210-e546-4bd9-afaa-d23a05415603 c5b6ef7ced2d469bbca1220cc95503bc 5905adb67e3e447c965b1bb724244ab6 - - default default] 10.0.0.195 "GET /v2.0/security-groups?tenant_id=775b56bfdc8141a68638fed9d4f9174c&name=default HTTP/1.1" status: 200 len: 3124 time: 0.4037919
2026-06-23 19:54:37.494 10 INFO neutron.db.ovn_revision_numbers_db [None req-fef3ff48-935c-48d1-82a2-dca8a991d273 c5b6ef7ced2d469bbca1220cc95503bc 5905adb67e3e447c965b1bb724244ab6 - - default default] Successfully bumped revision number for resource e640bbf9-cc16-4960-aad3-796d23b62e48 (type: security_groups) to 1
2026-06-23 19:54:37.507 10 INFO neutron.db.ovn_revision_numbers_db [None req-fef3ff48-935c-48d1-82a2-dca8a991d273 c5b6ef7ced2d469bbca1220cc95503bc 5905adb67e3e447c965b1bb724244ab6 - - default default] Successfully bumped revision number for resource 4a7acca3-75bd-4ad6-b066-195b8e97c77f (type: security_group_rules) to 0
2026-06-23 19:54:37.525 10 INFO neutron.db.ovn_revision_numbers_db [None req-fef3ff48-935c-48d1-82a2-dca8a991d273 c5b6ef7ced2d469bbca1220cc95503bc 5905adb67e3e447c965b1bb724244ab6 - - default default] Successfully bumped revision number for resource 73fd96ae-3748-4c0e-8aa4-f3816525135f (type: security_group_rules) to 0
2026-06-23 19:54:37.538 10 INFO neutron.db.ovn_revision_numbers_db [None req-fef3ff48-935c-48d1-82a2-dca8a991d273 c5b6ef7ced2d469bbca1220cc95503bc 5905adb67e3e447c965b1bb724244ab6 - - default default] Successfully bumped revision number for resource e0d09f8d-f17a-4b22-b1a7-7ee8093127cb (type: security_group_rules) to 0
2026-06-23 19:54:37.554 10 INFO neutron.db.ovn_revision_numbers_db [None req-fef3ff48-935c-48d1-82a2-dca8a991d273 c5b6ef7ced2d469bbca1220cc95503bc 5905adb67e3e447c965b1bb724244ab6 - - default default] Successfully bumped revision number for resource e75abaec-3b09-4c2e-9bf0-9e4656ba7b7c (type: security_group_rules) to 0
2026-06-23 19:54:37.588 10 INFO neutron.api.wsgi [None req-fef3ff48-935c-48d1-82a2-dca8a991d273 c5b6ef7ced2d469bbca1220cc95503bc 5905adb67e3e447c965b1bb724244ab6 - - default default] 10.0.0.195 "GET /v2.0/security-groups?tenant_id=d9eae48ef05d451c97deb1788f24d3a5&name=default HTTP/1.1" status: 200 len: 3124 time: 0.2170572
2026-06-23 19:54:37.694 9 INFO neutron.api.wsgi [None req-a43c7db7-3b15-414e-b1d7-a5391a9f5ed5 c5b6ef7ced2d469bbca1220cc95503bc 5905adb67e3e447c965b1bb724244ab6 - - default default] 10.0.0.195 "DELETE /v2.0/security-groups/04f838ab-f846-4da0-b3fa-df70f6dcddca HTTP/1.1" status: 204 len: 168 time: 0.2651277
2026-06-23 19:54:37.822 10 INFO neutron.api.wsgi [None req-8a3fc19c-11c6-4c04-831f-cb3d31797573 c5b6ef7ced2d469bbca1220cc95503bc 5905adb67e3e447c965b1bb724244ab6 - - default default] 10.0.0.195 "DELETE /v2.0/security-groups/e640bbf9-cc16-4960-aad3-796d23b62e48 HTTP/1.1" status: 204 len: 168 time: 0.2273285
2026-06-23 19:54:37.958 9 INFO neutron.db.ovn_revision_numbers_db [None req-3cc06b22-7271-48bc-8010-4c0f6a20be9d b00797ae529f42b897dd794041820f5b 9d07abbcab7d409894d3ab20d19f2bff - - default default] Successfully bumped revision number for resource 819eb836-7c8d-4246-b2c5-951d98671c20 (type: routers) to 6
2026-06-23 19:54:37.986 9 INFO neutron.api.wsgi [None req-3cc06b22-7271-48bc-8010-4c0f6a20be9d b00797ae529f42b897dd794041820f5b 9d07abbcab7d409894d3ab20d19f2bff - - default default] 10.0.0.195 "POST /v2.0/vpn/ipsec-site-connections HTTP/1.1" status: 201 len: 1044 time: 0.7764626
2026-06-23 19:54:38.030 10 INFO neutron.db.ovn_revision_numbers_db [None req-61df2c3e-a880-48c4-be0a-a4d7dfa76545 c5b6ef7ced2d469bbca1220cc95503bc 5905adb67e3e447c965b1bb724244ab6 - - default default] Successfully bumped revision number for resource a6a9d18f-4dcf-470f-b324-c01f13e4b78e (type: security_groups) to 1
2026-06-23 19:54:38.045 10 INFO neutron.db.ovn_revision_numbers_db [None req-61df2c3e-a880-48c4-be0a-a4d7dfa76545 c5b6ef7ced2d469bbca1220cc95503bc 5905adb67e3e447c965b1bb724244ab6 - - default default] Successfully bumped revision number for resource 37d205b9-6d0c-447b-8b07-8cd5298c639d (type: security_group_rules) to 0
2026-06-23 19:54:38.058 10 INFO neutron.db.ovn_revision_numbers_db [None req-61df2c3e-a880-48c4-be0a-a4d7dfa76545 c5b6ef7ced2d469bbca1220cc95503bc 5905adb67e3e447c965b1bb724244ab6 - - default default] Successfully bumped revision number for resource a8acb1d7-18dd-4c05-9043-c9f702fde9af (type: security_group_rules) to 0
2026-06-23 19:54:38.071 10 INFO neutron.db.ovn_revision_numbers_db [None req-61df2c3e-a880-48c4-be0a-a4d7dfa76545 c5b6ef7ced2d469bbca1220cc95503bc 5905adb67e3e447c965b1bb724244ab6 - - default default] Successfully bumped revision number for resource b8ce0ae2-6777-49bf-8c6f-e4ff93ff5ceb (type: security_group_rules) to 0
2026-06-23 19:54:38.086 10 INFO neutron.db.ovn_revision_numbers_db [None req-61df2c3e-a880-48c4-be0a-a4d7dfa76545 c5b6ef7ced2d469bbca1220cc95503bc 5905adb67e3e447c965b1bb724244ab6 - - default default] Successfully bumped revision number for resource bba1fa49-703b-43d1-b2c4-8bbb984109ac (type: security_group_rules) to 0
2026-06-23 19:54:38.138 10 INFO neutron.api.wsgi [None req-61df2c3e-a880-48c4-be0a-a4d7dfa76545 c5b6ef7ced2d469bbca1220cc95503bc 5905adb67e3e447c965b1bb724244ab6 - - default default] 10.0.0.195 "GET /v2.0/security-groups?tenant_id=2446138c20cc4d69be81219ab56ccda5&name=default HTTP/1.1" status: 200 len: 3124 time: 0.2546539
2026-06-23 19:54:38.147 10 INFO neutron.services.segments.plugin [-] Segment 36234c2b-5c94-4b4f-8760-116b30b5dc18 resource provider aggregate not found
2026-06-23 19:54:38.158 10 INFO neutron.services.segments.plugin [-] Segment 36234c2b-5c94-4b4f-8760-116b30b5dc18 resource provider aggregate not found
2026-06-23 19:54:38.161 10 INFO neutron.services.segments.plugin [-] Segment 36234c2b-5c94-4b4f-8760-116b30b5dc18 resource provider not found; error: Placement Client Error (4xx): {"errors": [{"status": 404, "title": "Not Found", "detail": "The resource could not be found.\n\n No resource provider with uuid 36234c2b-5c94-4b4f-8760-116b30b5dc18 found for delete ", "request_id": "req-affd9962-a51b-46b2-8ab1-9ef94d53701f"}]}
2026-06-23 19:54:38.175 10 INFO neutron.services.segments.plugin [-] Segment 36234c2b-5c94-4b4f-8760-116b30b5dc18 resource provider not found; error: Placement Client Error (4xx): {"errors": [{"status": 404, "title": "Not Found", "detail": "The resource could not be found.\n\n No resource provider with uuid 36234c2b-5c94-4b4f-8760-116b30b5dc18 found for delete ", "request_id": "req-f7f4559c-c269-4b95-88cb-0648ce1a2964"}]}
2026-06-23 19:54:38.345 10 INFO neutron.api.wsgi [None req-214f13cb-9fab-450c-868c-0ce3a662e296 c5b6ef7ced2d469bbca1220cc95503bc 5905adb67e3e447c965b1bb724244ab6 - - default default] 10.0.0.195 "DELETE /v2.0/security-groups/a6a9d18f-4dcf-470f-b324-c01f13e4b78e HTTP/1.1" status: 204 len: 168 time: 0.2011142
2026-06-23 19:54:38.514 10 INFO neutron.api.wsgi [None req-9eaef2f7-cbbd-4faf-9031-b01ce9af4c9a c5b6ef7ced2d469bbca1220cc95503bc 5905adb67e3e447c965b1bb724244ab6 - - default default] 10.0.0.195 "GET /v2.0/security-groups?tenant_id=9c0fb1085d134f1b9ef99da7a97472d6&name=default HTTP/1.1" status: 200 len: 3120 time: 0.0300157
2026-06-23 19:54:38.520 9 INFO neutron.db.ovn_revision_numbers_db [None req-c9e9a94d-0168-42d7-8a62-1c98ae98754a b00797ae529f42b897dd794041820f5b 9d07abbcab7d409894d3ab20d19f2bff - - default default] Successfully bumped revision number for resource 819eb836-7c8d-4246-b2c5-951d98671c20 (type: routers) to 7
2026-06-23 19:54:38.541 9 INFO neutron.api.wsgi [None req-c9e9a94d-0168-42d7-8a62-1c98ae98754a b00797ae529f42b897dd794041820f5b 9d07abbcab7d409894d3ab20d19f2bff - - default default] 10.0.0.195 "DELETE /v2.0/vpn/ipsec-site-connections/0d962544-84e3-4204-ab6a-f233193989d5 HTTP/1.1" status: 204 len: 168 time: 0.5474219
2026-06-23 19:54:38.562 9 INFO neutron.api.wsgi [None req-51600b30-212e-4d03-8dbe-1a5a9fb3f386 b00797ae529f42b897dd794041820f5b 9d07abbcab7d409894d3ab20d19f2bff - - default default] 10.0.0.195 "GET /v2.0/vpn/ipsec-site-connections HTTP/1.1" status: 200 len: 990 time: 0.0156109
2026-06-23 19:54:38.579 9 INFO neutron.api.v2.resource [None req-5767db51-45f3-4cba-ab4f-da21e1e750e5 b00797ae529f42b897dd794041820f5b 9d07abbcab7d409894d3ab20d19f2bff - - default default] delete failed (client error): The resource could not be found.
2026-06-23 19:54:38.580 9 INFO neutron.api.wsgi [None req-5767db51-45f3-4cba-ab4f-da21e1e750e5 b00797ae529f42b897dd794041820f5b 9d07abbcab7d409894d3ab20d19f2bff - - default default] 10.0.0.195 "DELETE /v2.0/vpn/ipsec-site-connections/0d962544-84e3-4204-ab6a-f233193989d5 HTTP/1.1" status: 404 len: 355 time: 0.0078835
2026-06-23 19:54:38.595 9 INFO neutron.api.wsgi [None req-72a63785-6068-4d1d-bbfe-ba4d3271f0ce b00797ae529f42b897dd794041820f5b 9d07abbcab7d409894d3ab20d19f2bff - - default default] 10.0.0.195 "GET /v2.0/vpn/endpoint-groups HTTP/1.1" status: 200 len: 1384 time: 0.0112307
2026-06-23 19:54:38.622 9 INFO neutron.api.wsgi [None req-e5e518f8-38a8-4c25-b39a-27ad8d758923 b00797ae529f42b897dd794041820f5b 9d07abbcab7d409894d3ab20d19f2bff - - default default] 10.0.0.195 "DELETE /v2.0/vpn/endpoint-groups/59245145-f528-4671-b831-58964e0f28d3 HTTP/1.1" status: 204 len: 168 time: 0.0226128
2026-06-23 19:54:38.645 10 INFO neutron.api.wsgi [None req-f10bcd37-67d4-47fb-aad0-0ffa6908e06a b00797ae529f42b897dd794041820f5b 9d07abbcab7d409894d3ab20d19f2bff - - default default] 10.0.0.195 "GET /v2.0/vpn/endpoint-groups HTTP/1.1" status: 200 len: 1099 time: 0.0133982
2026-06-23 19:54:38.662 9 INFO neutron.api.wsgi [None req-4cfe08da-c238-42f9-b902-8d0b35aaa3d6 b00797ae529f42b897dd794041820f5b 9d07abbcab7d409894d3ab20d19f2bff - - default default] 10.0.0.195 "GET /v2.0/vpn/endpoint-groups HTTP/1.1" status: 200 len: 1099 time: 0.0103836
2026-06-23 19:54:38.700 9 INFO neutron.api.wsgi [None req-f038f662-cfa8-4ee2-af1c-a0158faff820 b00797ae529f42b897dd794041820f5b 9d07abbcab7d409894d3ab20d19f2bff - - default default] 10.0.0.195 "DELETE /v2.0/vpn/endpoint-groups/e4c81aaf-7d19-417a-b072-5d1df6df6ad2 HTTP/1.1" status: 204 len: 168 time: 0.0281036
2026-06-23 19:54:38.721 9 INFO neutron.api.wsgi [None req-d87706d8-8c79-421d-8ecb-4d716c47aa48 b00797ae529f42b897dd794041820f5b 9d07abbcab7d409894d3ab20d19f2bff - - default default] 10.0.0.195 "GET /v2.0/vpn/endpoint-groups HTTP/1.1" status: 200 len: 828 time: 0.0088830
2026-06-23 19:54:38.733 9 WARNING neutron_lib.context [None req-f6031120-2a1a-423d-b7f6-aeb4ccdbb045 b00797ae529f42b897dd794041820f5b 9d07abbcab7d409894d3ab20d19f2bff - - default default] Method 'is_advsvc' is deprecated since 2023.2 release (neutron-lib 3.8.0) and will be removed once support for the old RBAC API policies will be removed from Neutron. Please use method 'is_service_role' instead.
2026-06-23 19:54:38.761 10 INFO neutron.api.wsgi [None req-09a5a14a-fee0-45ac-98e8-be5c1fc07a31 c5b6ef7ced2d469bbca1220cc95503bc 5905adb67e3e447c965b1bb724244ab6 - - default default] 10.0.0.195 "DELETE /v2.0/security-groups/1872a8fd-c244-477a-9510-2aff6f9841df HTTP/1.1" status: 204 len: 168 time: 0.2428060
2026-06-23 19:54:39.319 9 INFO neutron.db.ovn_revision_numbers_db [None req-f6031120-2a1a-423d-b7f6-aeb4ccdbb045 b00797ae529f42b897dd794041820f5b 9d07abbcab7d409894d3ab20d19f2bff - - default default] Successfully bumped revision number for resource 819eb836-7c8d-4246-b2c5-951d98671c20 (type: routers) to 8
2026-06-23 19:54:39.349 9 INFO neutron.api.wsgi [None req-f6031120-2a1a-423d-b7f6-aeb4ccdbb045 b00797ae529f42b897dd794041820f5b 9d07abbcab7d409894d3ab20d19f2bff - - default default] 10.0.0.195 "POST /v2.0/vpn/ipsec-site-connections HTTP/1.1" status: 201 len: 1004 time: 0.6203125
