2026-06-23 19:51:35.566 10 INFO neutron.api.wsgi [None req-818eb81d-a214-4121-a33f-63703cf6b25b c5b6ef7ced2d469bbca1220cc95503bc 5905adb67e3e447c965b1bb724244ab6 - - default default] 10.0.0.195 "PUT /v2.0/routers/afd5f7d0-a7a0-43ab-8e15-d60f2b80aa6e/remove_router_interface HTTP/1.1" status: 200 len: 503 time: 1.5358472 /var/lib/openstack/lib/python3.12/site-packages/pycadf/identifier.py:71: UserWarning: Invalid uuid: neutron. To ensure interoperability, identifiers should be a valid uuid. warnings.warn(('Invalid uuid: %s. To ensure interoperability, '
2026-06-23 19:51:35.578 10 INFO neutron.db.ovn_revision_numbers_db [None req-737a8864-cd73-4e51-b686-2ffafbda4d0f ca2b19ed40224eb1b0da5de70ee0764c 9579f1c80ad648448bab08eeaf30a647 - - default default] Successfully bumped revision number for resource 39b44c6d-e286-4d1b-a27f-4c223a07fb5f (type: networks) to 1
2026-06-23 19:51:35.741 10 WARNING neutron.scheduler.dhcp_agent_scheduler [None req-737a8864-cd73-4e51-b686-2ffafbda4d0f ca2b19ed40224eb1b0da5de70ee0764c 9579f1c80ad648448bab08eeaf30a647 - - default default] No more DHCP agents
2026-06-23 19:51:35.743 10 WARNING neutron.api.rpc.agentnotifiers.dhcp_rpc_agent_api [None req-737a8864-cd73-4e51-b686-2ffafbda4d0f ca2b19ed40224eb1b0da5de70ee0764c 9579f1c80ad648448bab08eeaf30a647 - - default default] Unable to schedule network 39b44c6d-e286-4d1b-a27f-4c223a07fb5f: no agents available; will retry on subsequent port and subnet creation events.
2026-06-23 19:51:35.803 10 INFO neutron.db.ovn_revision_numbers_db [None req-737a8864-cd73-4e51-b686-2ffafbda4d0f ca2b19ed40224eb1b0da5de70ee0764c 9579f1c80ad648448bab08eeaf30a647 - - default default] Successfully bumped revision number for resource e73c15ee-29e7-454f-a34d-2ca73ab22fda (type: ports) to 1
2026-06-23 19:51:35.824 10 INFO neutron.api.wsgi [None req-737a8864-cd73-4e51-b686-2ffafbda4d0f ca2b19ed40224eb1b0da5de70ee0764c 9579f1c80ad648448bab08eeaf30a647 - - default default] 10.0.0.195 "POST /v2.0/networks HTTP/1.1" status: 201 len: 830 time: 0.4953201 /var/lib/openstack/lib/python3.12/site-packages/pycadf/identifier.py:71: UserWarning: Invalid uuid: neutron. To ensure interoperability, identifiers should be a valid uuid. warnings.warn(('Invalid uuid: %s. To ensure interoperability, '
2026-06-23 19:51:35.835 10 WARNING neutron_lib.context [None req-bc260b84-ddc2-4dc3-bd49-46ff1d13836e ca2b19ed40224eb1b0da5de70ee0764c 9579f1c80ad648448bab08eeaf30a647 - - default default] Method 'is_advsvc' is deprecated since 2023.2 release (neutron-lib 3.8.0) and will be removed once support for the old RBAC API policies will be removed from Neutron. Please use method 'is_service_role' instead.
2026-06-23 19:51:35.907 10 INFO neutron.api.wsgi [req-cfef541e-3c00-4dcc-9ca4-8bfcd55c61fb req-527f4f36-7d3d-46ce-81bd-c25c3488dc90 fe824763dac144129c7c1dab12ef1e09 ed786766f47549e795c8a9ed077776ad - - default default] 10.0.0.169 "GET /v2.0/ports?device_id=5ec1e739-ffa2-4937-a3a6-b005e7f9af25 HTTP/1.1" status: 200 len: 1168 time: 0.0487671
2026-06-23 19:51:35.914 9 INFO neutron.notifiers.nova [-] Nova event matching ['req-7c129f04-d772-428c-bcca-bbad44538cf2'] response: {'server_uuid': '5ec1e739-ffa2-4937-a3a6-b005e7f9af25', 'name': 'network-vif-unplugged', 'status': 'completed', 'tag': 'd7bf81e9-01b2-484e-bb98-58ea28cd7f2d', 'code': 200}
2026-06-23 19:51:35.915 9 INFO neutron.notifiers.nova [-] Nova event matching ['req-7c129f04-d772-428c-bcca-bbad44538cf2'] response: {'server_uuid': '5ec1e739-ffa2-4937-a3a6-b005e7f9af25', 'name': 'network-vif-unplugged', 'status': 'completed', 'tag': 'd7bf81e9-01b2-484e-bb98-58ea28cd7f2d', 'code': 200}
2026-06-23 19:51:35.972 10 INFO neutron.api.wsgi [req-cfef541e-3c00-4dcc-9ca4-8bfcd55c61fb req-34174f67-daa2-4e07-96eb-bd911c160c40 fe824763dac144129c7c1dab12ef1e09 ed786766f47549e795c8a9ed077776ad - - default default] 10.0.0.169 "GET /v2.0/security-groups?id=51d0ae44-98df-452a-b788-50003609f2a9&fields=id&fields=name HTTP/1.1" status: 200 len: 313 time: 0.0587213
2026-06-23 19:51:36.076 10 WARNING neutron.scheduler.dhcp_agent_scheduler [None req-bc260b84-ddc2-4dc3-bd49-46ff1d13836e ca2b19ed40224eb1b0da5de70ee0764c 9579f1c80ad648448bab08eeaf30a647 - - default default] No more DHCP agents
2026-06-23 19:51:36.078 10 WARNING neutron.api.rpc.agentnotifiers.dhcp_rpc_agent_api [None req-bc260b84-ddc2-4dc3-bd49-46ff1d13836e ca2b19ed40224eb1b0da5de70ee0764c 9579f1c80ad648448bab08eeaf30a647 - - default default] Unable to schedule network 39b44c6d-e286-4d1b-a27f-4c223a07fb5f: no agents available; will retry on subsequent port and subnet creation events.
2026-06-23 19:51:36.231 9 INFO neutron.api.wsgi [None req-ab217a8e-67ef-4ac9-9bfc-4b744fefb307 c5b6ef7ced2d469bbca1220cc95503bc 5905adb67e3e447c965b1bb724244ab6 - - default default] 10.0.0.195 "DELETE /v2.0/routers/afd5f7d0-a7a0-43ab-8e15-d60f2b80aa6e HTTP/1.1" status: 204 len: 168 time: 0.6600583
2026-06-23 19:51:36.406 9 INFO neutron.api.wsgi [None req-de8ad7c0-f24f-4016-9cec-7528a6e953d8 c5b6ef7ced2d469bbca1220cc95503bc 5905adb67e3e447c965b1bb724244ab6 - - default default] 10.0.0.195 "DELETE /v2.0/subnets/52a5a0a2-3fb5-43c7-b88e-078e9f5bcedf HTTP/1.1" status: 204 len: 168 time: 0.1691942
2026-06-23 19:51:36.454 9 INFO neutron.api.wsgi [req-c856f3d4-ef70-4e8f-83e5-904cb82cb6af req-abde9712-e39d-417f-89a6-275daa8161ba fe824763dac144129c7c1dab12ef1e09 ed786766f47549e795c8a9ed077776ad - - default default] 199.19.213.191 "GET /v2.0/ports?device_id=5ec1e739-ffa2-4937-a3a6-b005e7f9af25 HTTP/1.1" status: 200 len: 1168 time: 0.0738020
2026-06-23 19:51:36.465 10 INFO neutron.db.ovn_revision_numbers_db [None req-71f03dfc-c00e-4666-8711-d62cea001540 - - - - - -] Successfully bumped revision number for resource e73c15ee-29e7-454f-a34d-2ca73ab22fda (type: ports) to 2
2026-06-23 19:51:36.492 10 INFO neutron.db.ovn_revision_numbers_db [None req-71f03dfc-c00e-4666-8711-d62cea001540 - - - - - -] Successfully bumped revision number for resource dbec5e7b-fdf8-4149-b434-3515c36ec9d8 (type: subnets) to 0
2026-06-23 19:51:36.505 10 INFO neutron.api.wsgi [None req-bc260b84-ddc2-4dc3-bd49-46ff1d13836e ca2b19ed40224eb1b0da5de70ee0764c 9579f1c80ad648448bab08eeaf30a647 - - default default] 10.0.0.195 "POST /v2.0/subnets HTTP/1.1" status: 201 len: 825 time: 0.6758330
2026-06-23 19:51:36.515 9 WARNING neutron_lib.context [None req-5ca52cac-618a-40ed-89db-1496e7d5ee9b ca2b19ed40224eb1b0da5de70ee0764c 9579f1c80ad648448bab08eeaf30a647 - - default default] Method 'is_advsvc' is deprecated since 2023.2 release (neutron-lib 3.8.0) and will be removed once support for the old RBAC API policies will be removed from Neutron. Please use method 'is_service_role' instead.
2026-06-23 19:51:36.686 10 INFO neutron.api.wsgi [None req-f9fac1d8-d098-4c3e-8545-f5953a34b4ba c5b6ef7ced2d469bbca1220cc95503bc 5905adb67e3e447c965b1bb724244ab6 - - default default] 10.0.0.195 "DELETE /v2.0/networks/a0c58f8b-b695-4f2c-ae4a-15f9cd0a067a HTTP/1.1" status: 204 len: 168 time: 0.2719715
2026-06-23 19:51:36.817 9 INFO neutron.db.l3_db [req-c856f3d4-ef70-4e8f-83e5-904cb82cb6af req-ce32f2f8-cce4-494d-9ce5-5257346bf994 fe824763dac144129c7c1dab12ef1e09 ed786766f47549e795c8a9ed077776ad - - default default] Floating IP 08659615-16ee-4c49-be74-33eba58b8f6f disassociated. External IP: 10.96.250.207, port: d7bf81e9-01b2-484e-bb98-58ea28cd7f2d.
2026-06-23 19:51:36.845 9 WARNING neutron.scheduler.dhcp_agent_scheduler [None req-5ca52cac-618a-40ed-89db-1496e7d5ee9b ca2b19ed40224eb1b0da5de70ee0764c 9579f1c80ad648448bab08eeaf30a647 - - default default] No more DHCP agents
2026-06-23 19:51:36.848 9 WARNING neutron.api.rpc.agentnotifiers.dhcp_rpc_agent_api [None req-5ca52cac-618a-40ed-89db-1496e7d5ee9b ca2b19ed40224eb1b0da5de70ee0764c 9579f1c80ad648448bab08eeaf30a647 - - default default] Unable to schedule network 39b44c6d-e286-4d1b-a27f-4c223a07fb5f: no agents available; will retry on subsequent port and subnet creation events.
2026-06-23 19:51:36.858 10 INFO neutron.api.wsgi [None req-3703d6e8-30b9-45cd-9467-555dc046ed65 c5b6ef7ced2d469bbca1220cc95503bc 5905adb67e3e447c965b1bb724244ab6 - - default default] 10.0.0.195 "GET /v2.0/security-groups?tenant_id=cfccab92e6de441d80dcc0bdfdd65a78&name=default HTTP/1.1" status: 200 len: 3116 time: 0.0361967
2026-06-23 19:51:36.952 9 INFO neutron.api.wsgi [req-c856f3d4-ef70-4e8f-83e5-904cb82cb6af req-ce32f2f8-cce4-494d-9ce5-5257346bf994 fe824763dac144129c7c1dab12ef1e09 ed786766f47549e795c8a9ed077776ad - - default default] 199.19.213.191 "DELETE /v2.0/ports/d7bf81e9-01b2-484e-bb98-58ea28cd7f2d HTTP/1.1" status: 204 len: 173 time: 0.4929178
2026-06-23 19:51:37.003 9 INFO neutron.db.ovn_revision_numbers_db [None req-5ca52cac-618a-40ed-89db-1496e7d5ee9b ca2b19ed40224eb1b0da5de70ee0764c 9579f1c80ad648448bab08eeaf30a647 - - default default] Successfully bumped revision number for resource 6a5a8417-4590-47cb-808f-cf302c85ef8e (type: ports) to 1
2026-06-23 19:51:37.022 9 INFO neutron.api.wsgi [None req-5ca52cac-618a-40ed-89db-1496e7d5ee9b ca2b19ed40224eb1b0da5de70ee0764c 9579f1c80ad648448bab08eeaf30a647 - - default default] 10.0.0.195 "POST /v2.0/ports HTTP/1.1" status: 201 len: 1115 time: 0.5118575 /var/lib/openstack/lib/python3.12/site-packages/pycadf/identifier.py:71: UserWarning: Invalid uuid: neutron. To ensure interoperability, identifiers should be a valid uuid. warnings.warn(('Invalid uuid: %s. To ensure interoperability, '
2026-06-23 19:51:37.052 10 INFO neutron.api.wsgi [req-c849f26d-040a-44bf-a819-f2b8056386dc req-da2e890a-1575-4221-8a1d-4e1f5714d076 fe824763dac144129c7c1dab12ef1e09 ed786766f47549e795c8a9ed077776ad - - default default] 10.0.0.169 "GET /v2.0/ports?device_id=5ec1e739-ffa2-4937-a3a6-b005e7f9af25 HTTP/1.1" status: 200 len: 210 time: 0.0148675
2026-06-23 19:51:37.104 10 INFO neutron.api.wsgi [None req-18971fb8-2b71-4eda-88c3-d75786a538f9 c5b6ef7ced2d469bbca1220cc95503bc 5905adb67e3e447c965b1bb724244ab6 - - default default] 10.0.0.195 "DELETE /v2.0/security-groups/6b207d26-f5d4-4dfb-b8cf-9616a7ffc610 HTTP/1.1" status: 204 len: 168 time: 0.2417066
2026-06-23 19:51:37.305 10 INFO neutron.services.segments.plugin [-] Segment ba6dadc5-c36b-458d-a963-087826da9f2a resource provider aggregate not found
2026-06-23 19:51:37.321 10 INFO neutron.services.segments.plugin [-] Segment ba6dadc5-c36b-458d-a963-087826da9f2a resource provider aggregate not found
2026-06-23 19:51:37.325 10 INFO neutron.services.segments.plugin [-] Segment ba6dadc5-c36b-458d-a963-087826da9f2a resource provider not found; error: Placement Client Error (4xx): {"errors": [{"status": 404, "title": "Not Found", "detail": "The resource could not be found.\n\n No resource provider with uuid ba6dadc5-c36b-458d-a963-087826da9f2a found for delete ", "request_id": "req-551b846c-2595-40fd-b46a-48230cba6028"}]}
2026-06-23 19:51:37.333 10 INFO neutron.services.segments.plugin [-] Segment ba6dadc5-c36b-458d-a963-087826da9f2a resource provider not found; error: Placement Client Error (4xx): {"errors": [{"status": 404, "title": "Not Found", "detail": "The resource could not be found.\n\n No resource provider with uuid ba6dadc5-c36b-458d-a963-087826da9f2a found for delete ", "request_id": "req-ac962981-0270-4911-9875-7b0b5e9dafea"}]}
2026-06-23 19:51:37.335 9 INFO neutron.api.wsgi [None req-1adeb7b5-3269-4e76-90d7-f442f5015b81 ca2b19ed40224eb1b0da5de70ee0764c 9579f1c80ad648448bab08eeaf30a647 - - default default] 10.0.0.195 "DELETE /v2.0/ports/6a5a8417-4590-47cb-808f-cf302c85ef8e HTTP/1.1" status: 204 len: 168 time: 0.3072755
2026-06-23 19:51:37.358 9 INFO neutron.pecan_wsgi.hooks.translation [None req-976f4173-2bf4-4b71-9e4f-58549a10c2d5 ca2b19ed40224eb1b0da5de70ee0764c 9579f1c80ad648448bab08eeaf30a647 - - default default] GET failed (client error): The resource could not be found.
2026-06-23 19:51:37.360 9 INFO neutron.api.wsgi [None req-976f4173-2bf4-4b71-9e4f-58549a10c2d5 ca2b19ed40224eb1b0da5de70ee0764c 9579f1c80ad648448bab08eeaf30a647 - - default default] 10.0.0.195 "GET /v2.0/ports/6a5a8417-4590-47cb-808f-cf302c85ef8e HTTP/1.1" status: 404 len: 333 time: 0.0198624
2026-06-23 19:51:37.499 9 INFO neutron.api.wsgi [None req-1db7f93e-ff34-4e6b-bf3f-dba56f4fba7c ca2b19ed40224eb1b0da5de70ee0764c 9579f1c80ad648448bab08eeaf30a647 - - default default] 10.0.0.195 "DELETE /v2.0/subnets/dbec5e7b-fdf8-4149-b434-3515c36ec9d8 HTTP/1.1" status: 204 len: 168 time: 0.1365707
2026-06-23 19:51:37.768 9 INFO neutron.services.segments.plugin [-] Segment 6936fa90-c15f-4351-bed9-d85d1ffe7756 resource provider aggregate not found
2026-06-23 19:51:37.772 9 INFO neutron.services.segments.plugin [-] Segment 6936fa90-c15f-4351-bed9-d85d1ffe7756 resource provider aggregate not found
2026-06-23 19:51:37.782 9 INFO neutron.services.segments.plugin [-] Segment 6936fa90-c15f-4351-bed9-d85d1ffe7756 resource provider not found; error: Placement Client Error (4xx): {"errors": [{"status": 404, "title": "Not Found", "detail": "The resource could not be found.\n\n No resource provider with uuid 6936fa90-c15f-4351-bed9-d85d1ffe7756 found for delete ", "request_id": "req-3e308f13-6b08-4e65-99e2-244245c8abd6"}]}
2026-06-23 19:51:37.786 9 INFO neutron.services.segments.plugin [-] Segment 6936fa90-c15f-4351-bed9-d85d1ffe7756 resource provider not found; error: Placement Client Error (4xx): {"errors": [{"status": 404, "title": "Not Found", "detail": "The resource could not be found.\n\n No resource provider with uuid 6936fa90-c15f-4351-bed9-d85d1ffe7756 found for delete ", "request_id": "req-af4e342f-6da8-41e5-896e-1dac7404385b"}]}
2026-06-23 19:51:37.792 9 INFO neutron.api.wsgi [None req-6cbe77e4-f207-4dd1-a655-f3f2b3246230 ca2b19ed40224eb1b0da5de70ee0764c 9579f1c80ad648448bab08eeaf30a647 - - default default] 10.0.0.195 "DELETE /v2.0/networks/39b44c6d-e286-4d1b-a27f-4c223a07fb5f HTTP/1.1" status: 204 len: 168 time: 0.2873409
2026-06-23 19:51:37.802 9 WARNING neutron_lib.context [None req-1ab9ff0a-1f81-42d0-8a71-037dd03fd6fe ca2b19ed40224eb1b0da5de70ee0764c 9579f1c80ad648448bab08eeaf30a647 - - default default] Method 'is_advsvc' is deprecated since 2023.2 release (neutron-lib 3.8.0) and will be removed once support for the old RBAC API policies will be removed from Neutron. Please use method 'is_service_role' instead.
2026-06-23 19:51:37.957 9 INFO neutron.notifiers.nova [-] Nova event matching ['req-63add843-97f1-4909-a315-9805286cf335'] response: {'server_uuid': '5ec1e739-ffa2-4937-a3a6-b005e7f9af25', 'name': 'network-vif-deleted', 'tag': 'd7bf81e9-01b2-484e-bb98-58ea28cd7f2d', 'status': 'completed', 'code': 200}
2026-06-23 19:51:38.040 9 WARNING neutron.scheduler.dhcp_agent_scheduler [None req-1ab9ff0a-1f81-42d0-8a71-037dd03fd6fe ca2b19ed40224eb1b0da5de70ee0764c 9579f1c80ad648448bab08eeaf30a647 - - default default] No more DHCP agents
2026-06-23 19:51:38.041 9 WARNING neutron.api.rpc.agentnotifiers.dhcp_rpc_agent_api [None req-1ab9ff0a-1f81-42d0-8a71-037dd03fd6fe ca2b19ed40224eb1b0da5de70ee0764c 9579f1c80ad648448bab08eeaf30a647 - - default default] Unable to schedule network 89f8f216-2586-4790-a1d7-38929ec87db2: no agents available; will retry on subsequent port and subnet creation events.
2026-06-23 19:51:38.108 9 INFO neutron.db.ovn_revision_numbers_db [None req-1ab9ff0a-1f81-42d0-8a71-037dd03fd6fe ca2b19ed40224eb1b0da5de70ee0764c 9579f1c80ad648448bab08eeaf30a647 - - default default] Successfully bumped revision number for resource 60e85959-265b-4997-a698-e8a06d7b3ae0 (type: ports) to 1
2026-06-23 19:51:38.126 9 INFO neutron.api.wsgi [None req-1ab9ff0a-1f81-42d0-8a71-037dd03fd6fe ca2b19ed40224eb1b0da5de70ee0764c 9579f1c80ad648448bab08eeaf30a647 - - default default] 10.0.0.195 "POST /v2.0/ports HTTP/1.1" status: 201 len: 974 time: 0.3272667 /var/lib/openstack/lib/python3.12/site-packages/pycadf/identifier.py:71: UserWarning: Invalid uuid: neutron. To ensure interoperability, identifiers should be a valid uuid. warnings.warn(('Invalid uuid: %s. To ensure interoperability, '
2026-06-23 19:51:38.163 10 INFO neutron.api.wsgi [req-b0835aca-d745-4df4-854b-a0847baf46c9 req-b91deb0d-888c-4159-8dd3-37e02c83a28f fe824763dac144129c7c1dab12ef1e09 ed786766f47549e795c8a9ed077776ad - - default default] 10.0.0.169 "GET /v2.0/ports?device_id=5ec1e739-ffa2-4937-a3a6-b005e7f9af25 HTTP/1.1" status: 200 len: 210 time: 0.0182908
2026-06-23 19:51:38.330 10 INFO neutron.plugins.ml2.drivers.ovn.mech_driver.mech_driver [None req-09511fb4-ebd8-46c5-9550-7976bd1b58b6 - - - - - -] OVN reports status down for port: 60e85959-265b-4997-a698-e8a06d7b3ae0
2026-06-23 19:51:38.354 9 INFO neutron.db.ovn_revision_numbers_db [None req-3ceeff7a-b878-4893-a68b-1d7c45722df0 ca2b19ed40224eb1b0da5de70ee0764c 9579f1c80ad648448bab08eeaf30a647 - - default default] Successfully bumped revision number for resource 60e85959-265b-4997-a698-e8a06d7b3ae0 (type: ports) to 2
2026-06-23 19:51:38.365 9 INFO neutron.api.wsgi [None req-3ceeff7a-b878-4893-a68b-1d7c45722df0 ca2b19ed40224eb1b0da5de70ee0764c 9579f1c80ad648448bab08eeaf30a647 - - default default] 10.0.0.195 "PUT /v2.0/ports/60e85959-265b-4997-a698-e8a06d7b3ae0 HTTP/1.1" status: 200 len: 946 time: 0.2356236
2026-06-23 19:51:38.606 10 INFO neutron.api.wsgi [None req-ce50922c-ee6e-4b0e-830a-043fecbdccaa ca2b19ed40224eb1b0da5de70ee0764c 9579f1c80ad648448bab08eeaf30a647 - - default default] 10.0.0.195 "DELETE /v2.0/ports/60e85959-265b-4997-a698-e8a06d7b3ae0 HTTP/1.1" status: 204 len: 168 time: 0.2330627 /var/lib/openstack/lib/python3.12/site-packages/pycadf/identifier.py:71: UserWarning: Invalid uuid: neutron. To ensure interoperability, identifiers should be a valid uuid. warnings.warn(('Invalid uuid: %s. To ensure interoperability, '
2026-06-23 19:51:38.679 9 INFO neutron.api.wsgi [None req-223546f7-df4b-4521-825c-dd9fe2501c20 ca2b19ed40224eb1b0da5de70ee0764c 9579f1c80ad648448bab08eeaf30a647 - - default default] 10.0.0.195 "GET /v2.0/ports HTTP/1.1" status: 200 len: 1728 time: 0.0680950
2026-06-23 19:51:38.696 9 INFO neutron.pecan_wsgi.hooks.translation [None req-eeae0984-7b6c-4107-90b9-ba880096ad73 ca2b19ed40224eb1b0da5de70ee0764c 9579f1c80ad648448bab08eeaf30a647 - - default default] GET failed (client error): The resource could not be found.
2026-06-23 19:51:38.697 9 INFO neutron.api.wsgi [None req-eeae0984-7b6c-4107-90b9-ba880096ad73 ca2b19ed40224eb1b0da5de70ee0764c 9579f1c80ad648448bab08eeaf30a647 - - default default] 10.0.0.195 "GET /v2.0/ports/60e85959-265b-4997-a698-e8a06d7b3ae0 HTTP/1.1" status: 404 len: 333 time: 0.0130107
2026-06-23 19:51:38.738 9 INFO neutron.api.wsgi [None req-cb9e14e7-fab5-496e-b7b2-987f8bc016a3 ca2b19ed40224eb1b0da5de70ee0764c 9579f1c80ad648448bab08eeaf30a647 - - default default] 10.0.0.195 "GET /v2.0/ports HTTP/1.1" status: 200 len: 1728 time: 0.0350487
2026-06-23 19:51:38.775 10 INFO neutron.api.wsgi [None req-fbc67d90-686c-4fe0-87d2-a3d49af4c5bb ca2b19ed40224eb1b0da5de70ee0764c 9579f1c80ad648448bab08eeaf30a647 - - default default] 10.0.0.195 "GET /v2.0/ports/eea3c65c-6f5c-49de-b316-d41295172249 HTTP/1.1" status: 200 len: 968 time: 0.0315390
2026-06-23 19:51:38.794 10 INFO neutron.pecan_wsgi.hooks.translation [None req-43c92080-78a4-41af-a199-2b9668fbecf0 ca2b19ed40224eb1b0da5de70ee0764c 9579f1c80ad648448bab08eeaf30a647 - - default default] DELETE failed (client error): The resource could not be found.
2026-06-23 19:51:38.797 10 INFO neutron.api.wsgi [None req-43c92080-78a4-41af-a199-2b9668fbecf0 ca2b19ed40224eb1b0da5de70ee0764c 9579f1c80ad648448bab08eeaf30a647 - - default default] 10.0.0.195 "DELETE /v2.0/ports/6a5a8417-4590-47cb-808f-cf302c85ef8e HTTP/1.1" status: 404 len: 333 time: 0.0144920
2026-06-23 19:51:38.809 10 INFO neutron.pecan_wsgi.hooks.translation [None req-46bd3c7f-bb62-4bcb-b487-e0074a7d9f95 ca2b19ed40224eb1b0da5de70ee0764c 9579f1c80ad648448bab08eeaf30a647 - - default default] DELETE failed (client error): The resource could not be found.
2026-06-23 19:51:38.811 10 INFO neutron.api.wsgi [None req-46bd3c7f-bb62-4bcb-b487-e0074a7d9f95 ca2b19ed40224eb1b0da5de70ee0764c 9579f1c80ad648448bab08eeaf30a647 - - default default] 10.0.0.195 "DELETE /v2.0/subnets/dbec5e7b-fdf8-4149-b434-3515c36ec9d8 HTTP/1.1" status: 404 len: 337 time: 0.0105050
2026-06-23 19:51:38.824 10 INFO neutron.pecan_wsgi.hooks.translation [None req-0470daa5-120d-49b4-ba20-1ba709bf0652 ca2b19ed40224eb1b0da5de70ee0764c 9579f1c80ad648448bab08eeaf30a647 - - default default] DELETE failed (client error): The resource could not be found.
2026-06-23 19:51:38.827 10 INFO neutron.api.wsgi [None req-0470daa5-120d-49b4-ba20-1ba709bf0652 ca2b19ed40224eb1b0da5de70ee0764c 9579f1c80ad648448bab08eeaf30a647 - - default default] 10.0.0.195 "DELETE /v2.0/subnets/0e3698f1-9929-4b68-9584-045ffc1b537e HTTP/1.1" status: 404 len: 337 time: 0.0115712
2026-06-23 19:51:39.009 9 INFO neutron.db.ovn_revision_numbers_db [None req-5dc6e8c4-1f63-43d5-8ccc-680a53fc57aa c5b6ef7ced2d469bbca1220cc95503bc 5905adb67e3e447c965b1bb724244ab6 - - default default] Successfully bumped revision number for resource 8ef8f7f3-d0a5-4c5b-8a02-56afd6333b61 (type: security_groups) to 1
2026-06-23 19:51:39.022 9 INFO neutron.db.ovn_revision_numbers_db [None req-5dc6e8c4-1f63-43d5-8ccc-680a53fc57aa c5b6ef7ced2d469bbca1220cc95503bc 5905adb67e3e447c965b1bb724244ab6 - - default default] Successfully bumped revision number for resource 2470af88-ea7a-4fe9-9551-ea111303eb49 (type: security_group_rules) to 0
2026-06-23 19:51:39.033 9 INFO neutron.db.ovn_revision_numbers_db [None req-5dc6e8c4-1f63-43d5-8ccc-680a53fc57aa c5b6ef7ced2d469bbca1220cc95503bc 5905adb67e3e447c965b1bb724244ab6 - - default default] Successfully bumped revision number for resource ca4ea71b-a7c0-41f2-aa96-3275bb774433 (type: security_group_rules) to 0
2026-06-23 19:51:39.047 9 INFO neutron.db.ovn_revision_numbers_db [None req-5dc6e8c4-1f63-43d5-8ccc-680a53fc57aa c5b6ef7ced2d469bbca1220cc95503bc 5905adb67e3e447c965b1bb724244ab6 - - default default] Successfully bumped revision number for resource ec1cfd5e-b468-4078-b6fd-d7c4c07fa46f (type: security_group_rules) to 0
2026-06-23 19:51:39.054 10 INFO neutron.api.wsgi [None req-b8e19292-5d4d-4c72-b6a3-d3a7281f01ae ca2b19ed40224eb1b0da5de70ee0764c 9579f1c80ad648448bab08eeaf30a647 - - default default] 10.0.0.195 "DELETE /v2.0/ports/eea3c65c-6f5c-49de-b316-d41295172249 HTTP/1.1" status: 204 len: 168 time: 0.2240732
2026-06-23 19:51:39.058 9 INFO neutron.db.ovn_revision_numbers_db [None req-5dc6e8c4-1f63-43d5-8ccc-680a53fc57aa c5b6ef7ced2d469bbca1220cc95503bc 5905adb67e3e447c965b1bb724244ab6 - - default default] Successfully bumped revision number for resource ee6d5874-a371-40e2-a2eb-f155464363b5 (type: security_group_rules) to 0
2026-06-23 19:51:39.122 9 INFO neutron.db.segments_db [None req-5dc6e8c4-1f63-43d5-8ccc-680a53fc57aa c5b6ef7ced2d469bbca1220cc95503bc 5905adb67e3e447c965b1bb724244ab6 - - default default] Added segment 722add02-2ef9-49dc-896c-45ea838e9e5f of type geneve for network 5c795473-7e29-44aa-9221-de8a66a80972
2026-06-23 19:51:39.230 9 INFO neutron.db.ovn_revision_numbers_db [None req-5dc6e8c4-1f63-43d5-8ccc-680a53fc57aa c5b6ef7ced2d469bbca1220cc95503bc 5905adb67e3e447c965b1bb724244ab6 - - default default] Successfully bumped revision number for resource 5c795473-7e29-44aa-9221-de8a66a80972 (type: networks) to 1
2026-06-23 19:51:39.264 10 INFO neutron.api.wsgi [req-d7a39b76-8aa1-4360-bc42-04590dd1ca34 req-6470282f-4664-4681-9c3f-a3b90d33c7b3 fe824763dac144129c7c1dab12ef1e09 ed786766f47549e795c8a9ed077776ad - - default default] 10.0.0.169 "GET /v2.0/ports?device_id=5ec1e739-ffa2-4937-a3a6-b005e7f9af25 HTTP/1.1" status: 200 len: 210 time: 0.0241895
2026-06-23 19:51:39.361 10 INFO neutron.services.segments.plugin [-] Segment ecdffeae-64e5-4f0b-99f2-b3261c3dd46c resource provider aggregate not found
2026-06-23 19:51:39.366 10 INFO neutron.services.segments.plugin [-] Segment ecdffeae-64e5-4f0b-99f2-b3261c3dd46c resource provider aggregate not found
2026-06-23 19:51:39.374 9 WARNING neutron.scheduler.dhcp_agent_scheduler [None req-5dc6e8c4-1f63-43d5-8ccc-680a53fc57aa c5b6ef7ced2d469bbca1220cc95503bc 5905adb67e3e447c965b1bb724244ab6 - - default default] No more DHCP agents
2026-06-23 19:51:39.376 9 WARNING neutron.api.rpc.agentnotifiers.dhcp_rpc_agent_api [None req-5dc6e8c4-1f63-43d5-8ccc-680a53fc57aa c5b6ef7ced2d469bbca1220cc95503bc 5905adb67e3e447c965b1bb724244ab6 - - default default] Unable to schedule network 5c795473-7e29-44aa-9221-de8a66a80972: no agents available; will retry on subsequent port and subnet creation events.
2026-06-23 19:51:39.376 10 INFO neutron.services.segments.plugin [-] Segment ecdffeae-64e5-4f0b-99f2-b3261c3dd46c resource provider not found; error: Placement Client Error (4xx): {"errors": [{"status": 404, "title": "Not Found", "detail": "The resource could not be found.\n\n No resource provider with uuid ecdffeae-64e5-4f0b-99f2-b3261c3dd46c found for delete ", "request_id": "req-de0462e3-be84-4f39-915a-992917abddf9"}]}
2026-06-23 19:51:39.377 10 INFO neutron.services.segments.plugin [-] Segment ecdffeae-64e5-4f0b-99f2-b3261c3dd46c resource provider not found; error: Placement Client Error (4xx): {"errors": [{"status": 404, "title": "Not Found", "detail": "The resource could not be found.\n\n No resource provider with uuid ecdffeae-64e5-4f0b-99f2-b3261c3dd46c found for delete ", "request_id": "req-70d9e978-3125-4afc-b3f3-9dbbe892c7d6"}]}
2026-06-23 19:51:39.390 10 INFO neutron.api.wsgi [None req-31b50be0-29b6-4f78-88e7-59a65d362346 ca2b19ed40224eb1b0da5de70ee0764c 9579f1c80ad648448bab08eeaf30a647 - - default default] 10.0.0.195 "DELETE /v2.0/networks/89f8f216-2586-4790-a1d7-38929ec87db2 HTTP/1.1" status: 204 len: 168 time: 0.3310030
2026-06-23 19:51:39.436 9 INFO neutron.db.ovn_revision_numbers_db [None req-5dc6e8c4-1f63-43d5-8ccc-680a53fc57aa c5b6ef7ced2d469bbca1220cc95503bc 5905adb67e3e447c965b1bb724244ab6 - - default default] Successfully bumped revision number for resource cbbc4bec-e237-4a59-81f8-9b094e3ebcab (type: ports) to 1
2026-06-23 19:51:39.457 9 INFO neutron.api.wsgi [None req-5dc6e8c4-1f63-43d5-8ccc-680a53fc57aa c5b6ef7ced2d469bbca1220cc95503bc 5905adb67e3e447c965b1bb724244ab6 - - default default] 10.0.0.195 "POST /v2.0/networks HTTP/1.1" status: 201 len: 950 time: 0.7159088
2026-06-23 19:51:39.589 9 WARNING neutron.scheduler.dhcp_agent_scheduler [None req-17f96523-fa76-4ffd-96e6-ccdca62614de c5b6ef7ced2d469bbca1220cc95503bc 5905adb67e3e447c965b1bb724244ab6 - - default default] No more DHCP agents
2026-06-23 19:51:39.590 9 WARNING neutron.api.rpc.agentnotifiers.dhcp_rpc_agent_api [None req-17f96523-fa76-4ffd-96e6-ccdca62614de c5b6ef7ced2d469bbca1220cc95503bc 5905adb67e3e447c965b1bb724244ab6 - - default default] Unable to schedule network 5c795473-7e29-44aa-9221-de8a66a80972: no agents available; will retry on subsequent port and subnet creation events.
2026-06-23 19:51:39.979 9 INFO neutron.api.wsgi [None req-bafbba9d-bf06-4f9b-bd20-e21c1be7527c c5b6ef7ced2d469bbca1220cc95503bc 5905adb67e3e447c965b1bb724244ab6 - - default default] 10.0.0.195 "GET /v2.0/security-groups?tenant_id=9579f1c80ad648448bab08eeaf30a647&name=default HTTP/1.1" status: 200 len: 3120 time: 0.1524689
2026-06-23 19:51:40.022 9 INFO neutron.db.ovn_revision_numbers_db [None req-a95b502b-e72a-4471-a8a2-a0c18bf7c98c - - - - - -] Successfully bumped revision number for resource cbbc4bec-e237-4a59-81f8-9b094e3ebcab (type: ports) to 2
2026-06-23 19:51:40.052 9 INFO neutron.db.ovn_revision_numbers_db [None req-a95b502b-e72a-4471-a8a2-a0c18bf7c98c - - - - - -] Successfully bumped revision number for resource e591aea8-6455-4351-a5d3-1ab2bb19c6a1 (type: subnets) to 0
2026-06-23 19:51:40.074 9 INFO neutron.api.wsgi [None req-17f96523-fa76-4ffd-96e6-ccdca62614de c5b6ef7ced2d469bbca1220cc95503bc 5905adb67e3e447c965b1bb724244ab6 - - default default] 10.0.0.195 "POST /v2.0/subnets HTTP/1.1" status: 201 len: 894 time: 0.6118693
2026-06-23 19:51:40.226 10 INFO neutron.api.wsgi [-] 10.0.0.11 "GET / HTTP/1.1" status: 200 len: 247 time: 0.0017741
2026-06-23 19:51:40.227 9 INFO neutron.api.wsgi [-] 10.0.0.11 "GET / HTTP/1.1" status: 200 len: 247 time: 0.0026989
2026-06-23 19:51:40.249 10 INFO neutron.api.wsgi [None req-737268b6-6b41-4ce8-bac6-fceb7b64545a c5b6ef7ced2d469bbca1220cc95503bc 5905adb67e3e447c965b1bb724244ab6 - - default default] 10.0.0.195 "DELETE /v2.0/security-groups/a5a967f2-2449-414f-af3d-0813c760fd28 HTTP/1.1" status: 204 len: 168 time: 0.2639134
2026-06-23 19:51:40.485 10 WARNING neutron.scheduler.dhcp_agent_scheduler [None req-68582321-cd62-4d26-a1da-5766bd1d5f70 c5b6ef7ced2d469bbca1220cc95503bc 5905adb67e3e447c965b1bb724244ab6 - - default default] No more DHCP agents
2026-06-23 19:51:40.487 10 WARNING neutron.api.rpc.agentnotifiers.dhcp_rpc_agent_api [None req-68582321-cd62-4d26-a1da-5766bd1d5f70 c5b6ef7ced2d469bbca1220cc95503bc 5905adb67e3e447c965b1bb724244ab6 - - default default] Unable to schedule network fc8dd96c-e655-4837-bd71-a61a77ef4ad4: no agents available; will retry on subsequent port and subnet creation events.
2026-06-23 19:51:40.492 9 INFO neutron.api.wsgi [None req-96e5cb53-4961-4d7e-9bc1-f5c255300df1 fe824763dac144129c7c1dab12ef1e09 ed786766f47549e795c8a9ed077776ad - - default default] 10.0.0.195 "DELETE /v2.0/security-groups/51d0ae44-98df-452a-b788-50003609f2a9 HTTP/1.1" status: 204 len: 168 time: 0.1396620
2026-06-23 19:51:40.512 9 INFO neutron.api.v2.resource [None req-06f4a7f2-5ffb-4bf5-99c4-615ba1a1f4f3 fe824763dac144129c7c1dab12ef1e09 ed786766f47549e795c8a9ed077776ad - - default default] show failed (client error): The resource could not be found.
2026-06-23 19:51:40.513 9 INFO neutron.api.wsgi [None req-06f4a7f2-5ffb-4bf5-99c4-615ba1a1f4f3 fe824763dac144129c7c1dab12ef1e09 ed786766f47549e795c8a9ed077776ad - - default default] 10.0.0.195 "GET /v2.0/security-groups/51d0ae44-98df-452a-b788-50003609f2a9 HTTP/1.1" status: 404 len: 347 time: 0.0114944
2026-06-23 19:51:40.627 10 INFO neutron.db.ovn_revision_numbers_db [None req-68582321-cd62-4d26-a1da-5766bd1d5f70 c5b6ef7ced2d469bbca1220cc95503bc 5905adb67e3e447c965b1bb724244ab6 - - default default] Successfully bumped revision number for resource 77a2f811-ef10-4895-bdd9-dbd160eb7b69 (type: ports) to 1
2026-06-23 19:51:40.788 9 INFO neutron.api.wsgi [None req-4663887a-7f4e-4a6a-b831-7423f29ba3a5 fe824763dac144129c7c1dab12ef1e09 ed786766f47549e795c8a9ed077776ad - - default default] 10.0.0.195 "DELETE /v2.0/floatingips/08659615-16ee-4c49-be74-33eba58b8f6f HTTP/1.1" status: 204 len: 168 time: 0.2692430
2026-06-23 19:51:41.242 10 INFO neutron.plugins.ml2.drivers.ovn.mech_driver.ovsdb.commands [None req-3ffd0cec-0cee-48d8-bf47-dfdde62394f4 - - - - - -] Schedule LRP lrp-77a2f811-ef10-4895-bdd9-dbd160eb7b69 on gateway 568031f9-7582-466f-85de-aec8fb0436fd with priority 1
2026-06-23 19:51:41.250 10 INFO neutron.plugins.ml2.drivers.ovn.mech_driver.mech_driver [None req-09511fb4-ebd8-46c5-9550-7976bd1b58b6 - - - - - -] OVN reports status up for port: 77a2f811-ef10-4895-bdd9-dbd160eb7b69
2026-06-23 19:51:41.273 10 INFO neutron.plugins.ml2.drivers.ovn.mech_driver.ovsdb.ovsdb_monitor [None req-203008f6-9d34-46bf-bda0-0f676b82848b - - - - - -] Router 3f7fb9b1-61db-4c72-be40-abed70dc9eb5 is bound to host instance
2026-06-23 19:51:41.275 10 INFO neutron.plugins.ml2.plugin [None req-09511fb4-ebd8-46c5-9550-7976bd1b58b6 - - - - - -] Attempt 1 to provision port 77a2f811-ef10-4895-bdd9-dbd160eb7b69
2026-06-23 19:51:41.304 10 INFO neutron.db.ovn_revision_numbers_db [None req-68582321-cd62-4d26-a1da-5766bd1d5f70 c5b6ef7ced2d469bbca1220cc95503bc 5905adb67e3e447c965b1bb724244ab6 - - default default] Successfully bumped revision number for resource 77a2f811-ef10-4895-bdd9-dbd160eb7b69 (type: router_ports) to 1
2026-06-23 19:51:41.406 10 INFO neutron.db.ovn_revision_numbers_db [None req-68582321-cd62-4d26-a1da-5766bd1d5f70 c5b6ef7ced2d469bbca1220cc95503bc 5905adb67e3e447c965b1bb724244ab6 - - default default] Successfully bumped revision number for resource 3f7fb9b1-61db-4c72-be40-abed70dc9eb5 (type: routers) to 2
2026-06-23 19:51:41.426 10 INFO neutron.api.wsgi [None req-68582321-cd62-4d26-a1da-5766bd1d5f70 c5b6ef7ced2d469bbca1220cc95503bc 5905adb67e3e447c965b1bb724244ab6 - - default default] 10.0.0.195 "POST /v2.0/routers HTTP/1.1" status: 201 len: 1172 time: 1.3467214
2026-06-23 19:51:41.826 10 INFO neutron.db.ovn_revision_numbers_db [None req-1bab7828-516c-47fe-a31b-688bf5ee348a - - - - - -] Successfully bumped revision number for resource 77a2f811-ef10-4895-bdd9-dbd160eb7b69 (type: ports) to 1
2026-06-23 19:51:41.885 9 INFO neutron.api.wsgi [None req-81c7d120-9ff3-428c-88db-b3cb6e96e9fa c5b6ef7ced2d469bbca1220cc95503bc 5905adb67e3e447c965b1bb724244ab6 - - default default] 10.0.0.195 "PUT /v2.0/routers/76b8b78b-a895-4c09-a1d0-b6d5de28377e/remove_router_interface HTTP/1.1" status: 200 len: 503 time: 1.0923300
2026-06-23 19:51:41.891 10 WARNING neutron.scheduler.dhcp_agent_scheduler [None req-6dd246a2-136c-46a9-88a1-c024ed55fc3f c5b6ef7ced2d469bbca1220cc95503bc 5905adb67e3e447c965b1bb724244ab6 - - default default] No more DHCP agents
2026-06-23 19:51:41.894 10 WARNING neutron.api.rpc.agentnotifiers.dhcp_rpc_agent_api [None req-6dd246a2-136c-46a9-88a1-c024ed55fc3f c5b6ef7ced2d469bbca1220cc95503bc 5905adb67e3e447c965b1bb724244ab6 - - default default] Unable to schedule network 5c795473-7e29-44aa-9221-de8a66a80972: no agents available; will retry on subsequent port and subnet creation events.
2026-06-23 19:51:42.114 10 INFO neutron.db.ovn_revision_numbers_db [None req-6dd246a2-136c-46a9-88a1-c024ed55fc3f c5b6ef7ced2d469bbca1220cc95503bc 5905adb67e3e447c965b1bb724244ab6 - - default default] Successfully bumped revision number for resource 652e16df-c618-4b92-8529-f5b30ccee6d5 (type: ports) to 1 /var/lib/openstack/lib/python3.12/site-packages/pycadf/identifier.py:71: UserWarning: Invalid uuid: neutron. To ensure interoperability, identifiers should be a valid uuid. warnings.warn(('Invalid uuid: %s. To ensure interoperability, '
2026-06-23 19:51:42.348 10 INFO neutron.db.ovn_revision_numbers_db [None req-1bab7828-516c-47fe-a31b-688bf5ee348a - - - - - -] Successfully bumped revision number for resource 77a2f811-ef10-4895-bdd9-dbd160eb7b69 (type: ports) to 4
2026-06-23 19:51:42.450 9 INFO neutron.api.wsgi [req-02e9f357-c91d-431e-9003-090bb57edbce req-ad268934-1a86-4fec-acac-60be82903b64 bef61817891e405da9e12a063b2da462 960f5e7e69f040abbd6c84f4cbce67f7 - - 4fd31dc5079f4054806622ac13d7d6e1 4fd31dc5079f4054806622ac13d7d6e1] 10.0.0.96 "GET /v2.0/ports?device_id=23aa5660-98da-4a25-a7d5-d17f0b5e74a2 HTTP/1.1" status: 200 len: 1409 time: 0.4522560
2026-06-23 19:51:42.489 9 INFO neutron.api.wsgi [req-02e9f357-c91d-431e-9003-090bb57edbce req-e4eceafe-3a31-4afe-960b-4f19bae7bbed bef61817891e405da9e12a063b2da462 960f5e7e69f040abbd6c84f4cbce67f7 - - 4fd31dc5079f4054806622ac13d7d6e1 4fd31dc5079f4054806622ac13d7d6e1] 10.0.0.96 "GET /v2.0/security-groups?id=298dc71f-a43e-4779-8a11-043245e5c6e8&fields=id&fields=name HTTP/1.1" status: 200 len: 312 time: 0.0340374
2026-06-23 19:51:43.005 10 INFO neutron.api.wsgi [None req-be89beae-8f7d-446c-86b9-8f94912d8258 c5b6ef7ced2d469bbca1220cc95503bc 5905adb67e3e447c965b1bb724244ab6 - - default default] 10.0.0.195 "DELETE /v2.0/routers/76b8b78b-a895-4c09-a1d0-b6d5de28377e HTTP/1.1" status: 204 len: 168 time: 1.1127775
2026-06-23 19:51:43.058 10 INFO neutron.db.ovn_revision_numbers_db [None req-1bab7828-516c-47fe-a31b-688bf5ee348a - - - - - -] Successfully bumped revision number for resource 77a2f811-ef10-4895-bdd9-dbd160eb7b69 (type: ports) to 5
2026-06-23 19:51:43.095 10 INFO neutron.db.ovn_revision_numbers_db [None req-6dd246a2-136c-46a9-88a1-c024ed55fc3f c5b6ef7ced2d469bbca1220cc95503bc 5905adb67e3e447c965b1bb724244ab6 - - default default] Successfully bumped revision number for resource 652e16df-c618-4b92-8529-f5b30ccee6d5 (type: ports) to 1
2026-06-23 19:51:43.181 10 WARNING neutron.scheduler.dhcp_agent_scheduler [None req-6dd246a2-136c-46a9-88a1-c024ed55fc3f c5b6ef7ced2d469bbca1220cc95503bc 5905adb67e3e447c965b1bb724244ab6 - - default default] No more DHCP agents
2026-06-23 19:51:43.183 10 WARNING neutron.api.rpc.agentnotifiers.dhcp_rpc_agent_api [None req-6dd246a2-136c-46a9-88a1-c024ed55fc3f c5b6ef7ced2d469bbca1220cc95503bc 5905adb67e3e447c965b1bb724244ab6 - - default default] Unable to schedule network 5c795473-7e29-44aa-9221-de8a66a80972: no agents available; will retry on subsequent port and subnet creation events.
2026-06-23 19:51:43.187 9 INFO neutron.api.wsgi [None req-85342937-fd01-4e27-bf36-6c9b7b6449d3 c5b6ef7ced2d469bbca1220cc95503bc 5905adb67e3e447c965b1bb724244ab6 - - default default] 10.0.0.195 "DELETE /v2.0/subnets/d0df1f5b-03aa-42e6-8186-14815a841cb7 HTTP/1.1" status: 204 len: 168 time: 0.1721237
2026-06-23 19:51:43.531 9 INFO neutron.services.segments.plugin [-] Segment b481e34f-9af5-4a55-a6bd-c9c222f3964e resource provider aggregate not found
2026-06-23 19:51:43.534 9 INFO neutron.services.segments.plugin [-] Segment b481e34f-9af5-4a55-a6bd-c9c222f3964e resource provider aggregate not found
2026-06-23 19:51:43.543 9 INFO neutron.services.segments.plugin [-] Segment b481e34f-9af5-4a55-a6bd-c9c222f3964e resource provider not found; error: Placement Client Error (4xx): {"errors": [{"status": 404, "title": "Not Found", "detail": "The resource could not be found.\n\n No resource provider with uuid b481e34f-9af5-4a55-a6bd-c9c222f3964e found for delete ", "request_id": "req-4ca62e84-889d-4685-8cab-bc6178c1d45b"}]}
2026-06-23 19:51:43.544 9 INFO neutron.services.segments.plugin [-] Segment b481e34f-9af5-4a55-a6bd-c9c222f3964e resource provider not found; error: Placement Client Error (4xx): {"errors": [{"status": 404, "title": "Not Found", "detail": "The resource could not be found.\n\n No resource provider with uuid b481e34f-9af5-4a55-a6bd-c9c222f3964e found for delete ", "request_id": "req-4a186e16-949a-4d40-b0e0-9ab662b1a990"}]}
2026-06-23 19:51:43.557 9 INFO neutron.api.wsgi [None req-800c6fff-1c14-4f25-acea-19513558ce7a c5b6ef7ced2d469bbca1220cc95503bc 5905adb67e3e447c965b1bb724244ab6 - - default default] 10.0.0.195 "DELETE /v2.0/networks/41216929-a1fe-4def-9840-9a24aa29fcf5 HTTP/1.1" status: 204 len: 168 time: 0.3647847
2026-06-23 19:51:43.734 9 INFO neutron.api.wsgi [None req-192f411f-b481-4c5a-9807-6ecdb16a5b67 c5b6ef7ced2d469bbca1220cc95503bc 5905adb67e3e447c965b1bb724244ab6 - - default default] 10.0.0.195 "GET /v2.0/security-groups?tenant_id=ed786766f47549e795c8a9ed077776ad&name=default HTTP/1.1" status: 200 len: 3120 time: 0.0310388
2026-06-23 19:51:43.826 10 INFO neutron.db.ovn_revision_numbers_db [None req-6dd246a2-136c-46a9-88a1-c024ed55fc3f c5b6ef7ced2d469bbca1220cc95503bc 5905adb67e3e447c965b1bb724244ab6 - - default default] Successfully bumped revision number for resource 652e16df-c618-4b92-8529-f5b30ccee6d5 (type: router_ports) to 1
2026-06-23 19:51:43.833 10 INFO neutron.api.wsgi [None req-6dd246a2-136c-46a9-88a1-c024ed55fc3f c5b6ef7ced2d469bbca1220cc95503bc 5905adb67e3e447c965b1bb724244ab6 - - default default] 10.0.0.195 "PUT /v2.0/routers/3f7fb9b1-61db-4c72-be40-abed70dc9eb5/add_router_interface HTTP/1.1" status: 200 len: 503 time: 2.4036481
2026-06-23 19:51:43.976 10 INFO neutron.api.wsgi [None req-9a938565-e25c-4d45-8316-1d5b0e13ab16 c5b6ef7ced2d469bbca1220cc95503bc 5905adb67e3e447c965b1bb724244ab6 - - default default] 10.0.0.195 "DELETE /v2.0/security-groups/648ced41-6ac9-4cbb-9c01-b296387fecb7 HTTP/1.1" status: 204 len: 168 time: 0.2377689
2026-06-23 19:51:44.111 10 INFO neutron.plugins.ml2.drivers.ovn.mech_driver.mech_driver [None req-09511fb4-ebd8-46c5-9550-7976bd1b58b6 - - - - - -] OVN reports status up for port: 652e16df-c618-4b92-8529-f5b30ccee6d5
2026-06-23 19:51:44.123 10 INFO neutron.plugins.ml2.plugin [None req-09511fb4-ebd8-46c5-9550-7976bd1b58b6 - - - - - -] Attempt 1 to provision port 652e16df-c618-4b92-8529-f5b30ccee6d5
2026-06-23 19:51:44.514 10 WARNING neutron_lib.context [None req-8c742f66-f0d1-45e7-9dcf-0f7465878949 b5928b5a97f6420ca6543d0554296752 399e4440cf2345d09e27ff64d42c8eee - - default default] Method 'is_advsvc' is deprecated since 2023.2 release (neutron-lib 3.8.0) and will be removed once support for the old RBAC API policies will be removed from Neutron. Please use method 'is_service_role' instead.
2026-06-23 19:51:44.628 10 INFO neutron.db.ovn_revision_numbers_db [None req-09511fb4-ebd8-46c5-9550-7976bd1b58b6 - - - - - -] Successfully bumped revision number for resource 652e16df-c618-4b92-8529-f5b30ccee6d5 (type: ports) to 2
2026-06-23 19:51:44.673 10 INFO neutron.db.ovn_revision_numbers_db [None req-8c742f66-f0d1-45e7-9dcf-0f7465878949 b5928b5a97f6420ca6543d0554296752 399e4440cf2345d09e27ff64d42c8eee - - default default] Successfully bumped revision number for resource c85aecc6-5111-440c-8f08-5144e85161fc (type: security_groups) to 1
2026-06-23 19:51:44.688 10 INFO neutron.db.ovn_revision_numbers_db [None req-8c742f66-f0d1-45e7-9dcf-0f7465878949 b5928b5a97f6420ca6543d0554296752 399e4440cf2345d09e27ff64d42c8eee - - default default] Successfully bumped revision number for resource 75b9ed7f-be88-4a12-be15-544d6cf659a4 (type: security_group_rules) to 0
2026-06-23 19:51:44.706 10 INFO neutron.db.ovn_revision_numbers_db [None req-8c742f66-f0d1-45e7-9dcf-0f7465878949 b5928b5a97f6420ca6543d0554296752 399e4440cf2345d09e27ff64d42c8eee - - default default] Successfully bumped revision number for resource 9e9ac365-1b72-440d-869e-ffce58b35054 (type: security_group_rules) to 0
2026-06-23 19:51:44.744 10 INFO neutron.api.wsgi [None req-8c742f66-f0d1-45e7-9dcf-0f7465878949 b5928b5a97f6420ca6543d0554296752 399e4440cf2345d09e27ff64d42c8eee - - default default] 10.0.0.195 "POST /v2.0/security-groups HTTP/1.1" status: 201 len: 1860 time: 0.2353282
2026-06-23 19:51:44.759 10 WARNING neutron_lib.context [None req-c728d8f8-a5f6-4234-b6a5-f9832aba577f b5928b5a97f6420ca6543d0554296752 399e4440cf2345d09e27ff64d42c8eee - - default default] Method 'is_advsvc' is deprecated since 2023.2 release (neutron-lib 3.8.0) and will be removed once support for the old RBAC API policies will be removed from Neutron. Please use method 'is_service_role' instead.
2026-06-23 19:51:44.882 10 INFO neutron.db.ovn_revision_numbers_db [None req-c728d8f8-a5f6-4234-b6a5-f9832aba577f b5928b5a97f6420ca6543d0554296752 399e4440cf2345d09e27ff64d42c8eee - - default default] Successfully bumped revision number for resource 9341cabb-fdd7-4f02-9d17-2cf9025c9818 (type: security_group_rules) to 0
2026-06-23 19:51:44.922 10 INFO neutron.api.wsgi [None req-c728d8f8-a5f6-4234-b6a5-f9832aba577f b5928b5a97f6420ca6543d0554296752 399e4440cf2345d09e27ff64d42c8eee - - default default] 10.0.0.195 "POST /v2.0/security-group-rules HTTP/1.1" status: 201 len: 796 time: 0.1671877
2026-06-23 19:51:44.929 10 WARNING neutron_lib.context [None req-27d81702-ebe2-47a4-a9b4-edcd189145c1 b5928b5a97f6420ca6543d0554296752 399e4440cf2345d09e27ff64d42c8eee - - default default] Method 'is_advsvc' is deprecated since 2023.2 release (neutron-lib 3.8.0) and will be removed once support for the old RBAC API policies will be removed from Neutron. Please use method 'is_service_role' instead.
2026-06-23 19:51:45.053 10 INFO neutron.db.ovn_revision_numbers_db [None req-27d81702-ebe2-47a4-a9b4-edcd189145c1 b5928b5a97f6420ca6543d0554296752 399e4440cf2345d09e27ff64d42c8eee - - default default] Successfully bumped revision number for resource a7636b90-4b80-4ecd-b569-30d45433b7e8 (type: security_group_rules) to 0
2026-06-23 19:51:45.082 10 INFO neutron.api.wsgi [None req-27d81702-ebe2-47a4-a9b4-edcd189145c1 b5928b5a97f6420ca6543d0554296752 399e4440cf2345d09e27ff64d42c8eee - - default default] 10.0.0.195 "POST /v2.0/security-group-rules HTTP/1.1" status: 201 len: 801 time: 0.1555583
2026-06-23 19:51:45.091 10 WARNING neutron_lib.context [None req-96ff7cc0-553b-4799-8e2c-fa2e234f558d b5928b5a97f6420ca6543d0554296752 399e4440cf2345d09e27ff64d42c8eee - - default default] Method 'is_advsvc' is deprecated since 2023.2 release (neutron-lib 3.8.0) and will be removed once support for the old RBAC API policies will be removed from Neutron. Please use method 'is_service_role' instead.
2026-06-23 19:51:45.339 10 WARNING neutron.scheduler.dhcp_agent_scheduler [None req-96ff7cc0-553b-4799-8e2c-fa2e234f558d b5928b5a97f6420ca6543d0554296752 399e4440cf2345d09e27ff64d42c8eee - - default default] No more DHCP agents
2026-06-23 19:51:45.342 10 WARNING neutron.api.rpc.agentnotifiers.dhcp_rpc_agent_api [None req-96ff7cc0-553b-4799-8e2c-fa2e234f558d b5928b5a97f6420ca6543d0554296752 399e4440cf2345d09e27ff64d42c8eee - - default default] Unable to schedule network fc8dd96c-e655-4837-bd71-a61a77ef4ad4: no agents available; will retry on subsequent port and subnet creation events.
2026-06-23 19:51:45.403 10 INFO neutron.api.wsgi [req-a5119a13-ec22-40bd-8c2f-840a120f80a3 req-a07d1627-d9a3-4e72-9ebb-6879be5c48d7 b89e7fd69f4147a7a7c5e87378fa67ce 6d648479ee2642a99d62e03a13b37ad8 - - default default] 10.0.0.169 "GET /v2.0/ports?device_id=23aa5660-98da-4a25-a7d5-d17f0b5e74a2 HTTP/1.1" status: 200 len: 1170 time: 0.0887842
2026-06-23 19:51:45.458 10 INFO neutron.api.wsgi [req-a5119a13-ec22-40bd-8c2f-840a120f80a3 req-f99e697d-080b-4504-a6de-d98d2deee5f1 b89e7fd69f4147a7a7c5e87378fa67ce 6d648479ee2642a99d62e03a13b37ad8 - - default default] 10.0.0.169 "GET /v2.0/security-groups?id=298dc71f-a43e-4779-8a11-043245e5c6e8&fields=id&fields=name HTTP/1.1" status: 200 len: 312 time: 0.0427954
2026-06-23 19:51:45.667 10 INFO neutron.api.wsgi [req-48b2dae3-c1cc-4521-b6f8-6512d37c1c21 req-8fac571f-1adf-42ce-bb6a-27b063ae5832 b89e7fd69f4147a7a7c5e87378fa67ce 6d648479ee2642a99d62e03a13b37ad8 - - default default] 10.0.0.169 "GET /v2.0/ports?device_id=23aa5660-98da-4a25-a7d5-d17f0b5e74a2 HTTP/1.1" status: 200 len: 1170 time: 0.0316966
2026-06-23 19:51:45.690 10 INFO neutron.api.wsgi [None req-96ff7cc0-553b-4799-8e2c-fa2e234f558d b5928b5a97f6420ca6543d0554296752 399e4440cf2345d09e27ff64d42c8eee - - default default] 10.0.0.195 "POST /v2.0/floatingips HTTP/1.1" status: 201 len: 751 time: 0.6021724
2026-06-23 19:51:45.715 10 INFO neutron.api.wsgi [req-48b2dae3-c1cc-4521-b6f8-6512d37c1c21 req-b5e620dd-a9f9-417a-881a-acf3dfe4e0e8 b89e7fd69f4147a7a7c5e87378fa67ce 6d648479ee2642a99d62e03a13b37ad8 - - default default] 10.0.0.169 "GET /v2.0/security-groups?id=298dc71f-a43e-4779-8a11-043245e5c6e8&fields=id&fields=name HTTP/1.1" status: 200 len: 312 time: 0.0435371
2026-06-23 19:51:45.739 9 INFO neutron.db.ovn_revision_numbers_db [None req-209e7738-f3bc-454c-95fd-8e725eaf1b25 c5b6ef7ced2d469bbca1220cc95503bc 5905adb67e3e447c965b1bb724244ab6 - - default default] Successfully bumped revision number for resource a5599cdc-527d-4d2f-b8fb-32791aff81ed (type: security_groups) to 1
2026-06-23 19:51:45.754 9 INFO neutron.db.ovn_revision_numbers_db [None req-209e7738-f3bc-454c-95fd-8e725eaf1b25 c5b6ef7ced2d469bbca1220cc95503bc 5905adb67e3e447c965b1bb724244ab6 - - default default] Successfully bumped revision number for resource 18bd3594-d7f9-482b-b1a1-ed4ef8c7ba79 (type: security_group_rules) to 0
2026-06-23 19:51:45.768 9 INFO neutron.db.ovn_revision_numbers_db [None req-209e7738-f3bc-454c-95fd-8e725eaf1b25 c5b6ef7ced2d469bbca1220cc95503bc 5905adb67e3e447c965b1bb724244ab6 - - default default] Successfully bumped revision number for resource 45bd5c39-931c-4d62-81c4-27b5cd3c68f8 (type: security_group_rules) to 0
2026-06-23 19:51:45.780 9 INFO neutron.db.ovn_revision_numbers_db [None req-209e7738-f3bc-454c-95fd-8e725eaf1b25 c5b6ef7ced2d469bbca1220cc95503bc 5905adb67e3e447c965b1bb724244ab6 - - default default] Successfully bumped revision number for resource 45fd0994-e594-4c1d-963c-13d33140da9a (type: security_group_rules) to 0
2026-06-23 19:51:45.793 9 INFO neutron.db.ovn_revision_numbers_db [None req-209e7738-f3bc-454c-95fd-8e725eaf1b25 c5b6ef7ced2d469bbca1220cc95503bc 5905adb67e3e447c965b1bb724244ab6 - - default default] Successfully bumped revision number for resource 818ce239-e6e1-4940-a650-d2175c64d25b (type: security_group_rules) to 0
2026-06-23 19:51:45.831 9 INFO neutron.api.wsgi [None req-209e7738-f3bc-454c-95fd-8e725eaf1b25 c5b6ef7ced2d469bbca1220cc95503bc 5905adb67e3e447c965b1bb724244ab6 - - default default] 10.0.0.195 "GET /v2.0/security-groups?tenant_id=f43a0eac7bc4411fbfdc32830423f237&name=default HTTP/1.1" status: 200 len: 3120 time: 0.3268151
2026-06-23 19:51:45.975 10 INFO neutron.db.ovn_revision_numbers_db [None req-a45c5b48-ceea-445c-947f-ef98509bde31 c5b6ef7ced2d469bbca1220cc95503bc 5905adb67e3e447c965b1bb724244ab6 - - default default] Successfully bumped revision number for resource 39b4e9f6-eebc-49ae-9206-9600225d6627 (type: security_groups) to 1
2026-06-23 19:51:45.991 10 INFO neutron.db.ovn_revision_numbers_db [None req-a45c5b48-ceea-445c-947f-ef98509bde31 c5b6ef7ced2d469bbca1220cc95503bc 5905adb67e3e447c965b1bb724244ab6 - - default default] Successfully bumped revision number for resource 27e113d7-5164-435e-a458-f6faf0f49201 (type: security_group_rules) to 0
2026-06-23 19:51:46.007 10 INFO neutron.db.ovn_revision_numbers_db [None req-a45c5b48-ceea-445c-947f-ef98509bde31 c5b6ef7ced2d469bbca1220cc95503bc 5905adb67e3e447c965b1bb724244ab6 - - default default] Successfully bumped revision number for resource 315f5b8a-d4d1-403d-a667-e511e8da6e5c (type: security_group_rules) to 0
2026-06-23 19:51:46.025 10 INFO neutron.db.ovn_revision_numbers_db [None req-a45c5b48-ceea-445c-947f-ef98509bde31 c5b6ef7ced2d469bbca1220cc95503bc 5905adb67e3e447c965b1bb724244ab6 - - default default] Successfully bumped revision number for resource 7c77e9ac-4077-410c-81fd-de16f6e9a091 (type: security_group_rules) to 0
2026-06-23 19:51:46.034 10 INFO neutron.db.ovn_revision_numbers_db [None req-a45c5b48-ceea-445c-947f-ef98509bde31 c5b6ef7ced2d469bbca1220cc95503bc 5905adb67e3e447c965b1bb724244ab6 - - default default] Successfully bumped revision number for resource a944b677-4140-40f0-b73e-cb72f8f815fe (type: security_group_rules) to 0
