2026-06-23 19:51:27.631 9 INFO neutron.api.wsgi [req-a77cdafc-aeff-4a86-ba48-140a8ef14d58 req-76095da4-ae4e-41f6-aa96-b10a9e7a39ca fe824763dac144129c7c1dab12ef1e09 ed786766f47549e795c8a9ed077776ad - - default default] 199.19.213.191 "POST /v2.0/ports HTTP/1.1" status: 201 len: 1158 time: 0.4730330 /var/lib/openstack/lib/python3.12/site-packages/pycadf/identifier.py:71: UserWarning: Invalid uuid: neutron. To ensure interoperability, identifiers should be a valid uuid. warnings.warn(('Invalid uuid: %s. To ensure interoperability, '
2026-06-23 19:51:27.899 10 INFO neutron.api.wsgi [req-ac4d7597-ff57-44db-b6d8-7eca1d04db05 req-4b225bb9-608c-4344-89e4-bcc042ba08d0 a76868aecb664a4c89cc480aba10c830 cfccab92e6de441d80dcc0bdfdd65a78 - - default default] 10.0.0.169 "GET /v2.0/ports?device_id=a78f16fb-a660-4fb3-8205-5eda4245f614 HTTP/1.1" status: 200 len: 1168 time: 0.0401278
2026-06-23 19:51:27.925 10 INFO neutron.api.wsgi [None req-62d2b4ce-7aaa-439d-9f2d-7b3ca7f360d1 397e116cc56e4941aec8024b0d0a1a17 63f9e85a3dcc4a4692e65f9812d93d26 - - default default] 10.0.0.195 "DELETE /v2.0/networks/256ad8de-19e7-4301-bbc4-df22ef2a891b HTTP/1.1" status: 204 len: 168 time: 0.3346045
2026-06-23 19:51:27.942 10 INFO neutron.api.wsgi [req-ac4d7597-ff57-44db-b6d8-7eca1d04db05 req-da9b59f5-8cf6-47d5-890e-183e53487162 a76868aecb664a4c89cc480aba10c830 cfccab92e6de441d80dcc0bdfdd65a78 - - default default] 10.0.0.169 "GET /v2.0/security-groups?id=fc0fb4eb-f9ef-49dc-8fa1-7983e75933ef&fields=id&fields=name HTTP/1.1" status: 200 len: 312 time: 0.0382428
2026-06-23 19:51:28.023 9 INFO neutron.db.ovn_revision_numbers_db [req-a77cdafc-aeff-4a86-ba48-140a8ef14d58 req-2ef3af63-2fb8-4e23-9c17-cdf1108e929d bef61817891e405da9e12a063b2da462 960f5e7e69f040abbd6c84f4cbce67f7 - - 4fd31dc5079f4054806622ac13d7d6e1 4fd31dc5079f4054806622ac13d7d6e1] Successfully bumped revision number for resource d7bf81e9-01b2-484e-bb98-58ea28cd7f2d (type: ports) to 2
2026-06-23 19:51:28.262 9 INFO neutron.db.ovn_revision_numbers_db [req-a77cdafc-aeff-4a86-ba48-140a8ef14d58 req-2ef3af63-2fb8-4e23-9c17-cdf1108e929d bef61817891e405da9e12a063b2da462 960f5e7e69f040abbd6c84f4cbce67f7 - - 4fd31dc5079f4054806622ac13d7d6e1 4fd31dc5079f4054806622ac13d7d6e1] Successfully bumped revision number for resource d7bf81e9-01b2-484e-bb98-58ea28cd7f2d (type: ports) to 4
2026-06-23 19:51:28.270 10 INFO neutron.api.wsgi [None req-b0bb2ed8-cc87-4ca6-b13f-7085f672d1db 397e116cc56e4941aec8024b0d0a1a17 63f9e85a3dcc4a4692e65f9812d93d26 - - default default] 10.0.0.195 "DELETE /v2.0/networks/ff477ac2-b306-46c6-80ba-fdc39d1e569b HTTP/1.1" status: 204 len: 168 time: 0.3405542
2026-06-23 19:51:28.274 10 INFO neutron.plugins.ml2.drivers.ovn.mech_driver.mech_driver [None req-a880c912-40a1-4291-9ea3-a6158d0adbe3 - - - - - -] OVN reports status up for port: b88a62b2-09c1-4ea2-a44c-f0692eb8dad6
2026-06-23 19:51:28.293 10 INFO neutron.plugins.ml2.plugin [None req-a880c912-40a1-4291-9ea3-a6158d0adbe3 - - - - - -] Attempt 1 to provision port b88a62b2-09c1-4ea2-a44c-f0692eb8dad6
2026-06-23 19:51:28.298 9 INFO neutron.api.wsgi [req-a77cdafc-aeff-4a86-ba48-140a8ef14d58 req-2ef3af63-2fb8-4e23-9c17-cdf1108e929d bef61817891e405da9e12a063b2da462 960f5e7e69f040abbd6c84f4cbce67f7 - - 4fd31dc5079f4054806622ac13d7d6e1 4fd31dc5079f4054806622ac13d7d6e1] 199.19.213.191 "PUT /v2.0/ports/d7bf81e9-01b2-484e-bb98-58ea28cd7f2d HTTP/1.1" status: 200 len: 1404 time: 0.6594498 /var/lib/openstack/lib/python3.12/site-packages/pycadf/identifier.py:71: UserWarning: Invalid uuid: neutron. To ensure interoperability, identifiers should be a valid uuid. warnings.warn(('Invalid uuid: %s. To ensure interoperability, '
2026-06-23 19:51:28.555 9 INFO neutron.api.wsgi [req-2e337def-7bd9-4f33-b555-be60d761536e req-08ffab73-a09f-4040-9a2d-15b9896f8432 a76868aecb664a4c89cc480aba10c830 cfccab92e6de441d80dcc0bdfdd65a78 - - default default] 199.19.213.191 "GET /v2.0/ports?device_id=a78f16fb-a660-4fb3-8205-5eda4245f614 HTTP/1.1" status: 200 len: 1168 time: 0.0890384
2026-06-23 19:51:28.591 10 INFO neutron.db.ovn_revision_numbers_db [None req-a880c912-40a1-4291-9ea3-a6158d0adbe3 - - - - - -] Successfully bumped revision number for resource b88a62b2-09c1-4ea2-a44c-f0692eb8dad6 (type: ports) to 7
2026-06-23 19:51:28.614 9 INFO neutron.api.wsgi [req-5078d9e2-0ebd-4995-afec-e9429e26be52 req-9f1f5313-0b74-46dc-a6f5-ff8cff1f92e7 bef61817891e405da9e12a063b2da462 960f5e7e69f040abbd6c84f4cbce67f7 - - 4fd31dc5079f4054806622ac13d7d6e1 4fd31dc5079f4054806622ac13d7d6e1] 199.19.213.191 "GET /v2.0/ports?tenant_id=cfccab92e6de441d80dcc0bdfdd65a78&device_id=a78f16fb-a660-4fb3-8205-5eda4245f614 HTTP/1.1" status: 200 len: 1407 time: 0.0453653 /var/lib/openstack/lib/python3.12/site-packages/pycadf/identifier.py:71: UserWarning: Invalid uuid: neutron. To ensure interoperability, identifiers should be a valid uuid. warnings.warn(('Invalid uuid: %s. To ensure interoperability, '
2026-06-23 19:51:28.692 10 INFO neutron.api.wsgi [req-d7a8a3c3-34cb-4ee1-966d-c7704a4db61b req-05b1ef76-0519-4a2a-ab1d-913ed84c7b62 b89e7fd69f4147a7a7c5e87378fa67ce 6d648479ee2642a99d62e03a13b37ad8 - - default default] 10.0.0.169 "GET /v2.0/ports?device_id=23aa5660-98da-4a25-a7d5-d17f0b5e74a2 HTTP/1.1" status: 200 len: 1170 time: 0.0414636
2026-06-23 19:51:28.738 10 INFO neutron.api.wsgi [req-d7a8a3c3-34cb-4ee1-966d-c7704a4db61b req-d506b243-df82-4568-b2a3-9b4b6fcac07c b89e7fd69f4147a7a7c5e87378fa67ce 6d648479ee2642a99d62e03a13b37ad8 - - default default] 10.0.0.169 "GET /v2.0/security-groups?id=298dc71f-a43e-4779-8a11-043245e5c6e8&fields=id&fields=name HTTP/1.1" status: 200 len: 312 time: 0.0413170
2026-06-23 19:51:28.741 10 INFO neutron.api.wsgi [req-b0ddc600-b90a-4652-9461-2cc94a5e4c02 req-3b791d12-067b-4c49-9b8a-a5b846a6a52e fe824763dac144129c7c1dab12ef1e09 ed786766f47549e795c8a9ed077776ad - - default default] 10.0.0.169 "GET /v2.0/ports?device_id=5ec1e739-ffa2-4937-a3a6-b005e7f9af25 HTTP/1.1" status: 200 len: 1168 time: 0.0801218
2026-06-23 19:51:28.777 10 INFO neutron.api.wsgi [req-b0ddc600-b90a-4652-9461-2cc94a5e4c02 req-982e95e6-ca84-4d16-a2cc-7a92d36ca419 fe824763dac144129c7c1dab12ef1e09 ed786766f47549e795c8a9ed077776ad - - default default] 10.0.0.169 "GET /v2.0/security-groups?id=51d0ae44-98df-452a-b788-50003609f2a9&fields=id&fields=name HTTP/1.1" status: 200 len: 313 time: 0.0294456
2026-06-23 19:51:28.927 9 INFO neutron.db.l3_db [req-2e337def-7bd9-4f33-b555-be60d761536e req-955f8178-8c4f-4325-af1a-0b70ed1edea1 a76868aecb664a4c89cc480aba10c830 cfccab92e6de441d80dcc0bdfdd65a78 - - default default] Floating IP 89f33adb-3a33-47de-9c82-47844198bb8e disassociated. External IP: 10.96.250.210, port: 55fc4cfa-110d-494d-bc4f-8d02855e9604. /var/lib/openstack/lib/python3.12/site-packages/pycadf/identifier.py:71: UserWarning: Invalid uuid: neutron. To ensure interoperability, identifiers should be a valid uuid. warnings.warn(('Invalid uuid: %s. To ensure interoperability, '
2026-06-23 19:51:28.978 10 INFO neutron.api.wsgi [None req-e206754c-18f1-4c11-a1bc-2e8a8102eee3 c5b6ef7ced2d469bbca1220cc95503bc 5905adb67e3e447c965b1bb724244ab6 - - default default] 10.0.0.195 "GET /v2.0/security-groups?tenant_id=63f9e85a3dcc4a4692e65f9812d93d26&name=default HTTP/1.1" status: 200 len: 3120 time: 0.1822109
2026-06-23 19:51:29.022 10 INFO neutron.api.wsgi [req-e7e21185-1a2c-49e8-96da-354b3b06a4cb req-1035cc90-8ad0-40e4-a13c-bef636824a1b a76868aecb664a4c89cc480aba10c830 cfccab92e6de441d80dcc0bdfdd65a78 - - default default] 10.0.0.169 "GET /v2.0/ports?device_id=a78f16fb-a660-4fb3-8205-5eda4245f614 HTTP/1.1" status: 200 len: 210 time: 0.0231493
2026-06-23 19:51:29.023 9 INFO neutron.api.wsgi [req-2e337def-7bd9-4f33-b555-be60d761536e req-955f8178-8c4f-4325-af1a-0b70ed1edea1 a76868aecb664a4c89cc480aba10c830 cfccab92e6de441d80dcc0bdfdd65a78 - - default default] 199.19.213.191 "DELETE /v2.0/ports/55fc4cfa-110d-494d-bc4f-8d02855e9604 HTTP/1.1" status: 204 len: 173 time: 0.4656117
2026-06-23 19:51:29.198 10 INFO neutron.services.segments.plugin [-] Segment 3b5c868f-f47c-45d6-8adf-9eb4c2d307e8 resource provider aggregate not found
2026-06-23 19:51:29.202 10 INFO neutron.services.segments.plugin [-] Segment 3b5c868f-f47c-45d6-8adf-9eb4c2d307e8 resource provider aggregate not found
2026-06-23 19:51:29.203 9 INFO neutron.api.wsgi [req-5078d9e2-0ebd-4995-afec-e9429e26be52 req-0a6d8fec-f617-45e3-8e39-f3b2be64c1dc bef61817891e405da9e12a063b2da462 960f5e7e69f040abbd6c84f4cbce67f7 - - 4fd31dc5079f4054806622ac13d7d6e1 4fd31dc5079f4054806622ac13d7d6e1] 199.19.213.191 "GET /v2.0/networks?id=a0c58f8b-b695-4f2c-ae4a-15f9cd0a067a HTTP/1.1" status: 200 len: 980 time: 0.0715053
2026-06-23 19:51:29.214 10 INFO neutron.api.wsgi [None req-bfca5198-786b-4124-9f33-274757b2a368 c5b6ef7ced2d469bbca1220cc95503bc 5905adb67e3e447c965b1bb724244ab6 - - default default] 10.0.0.195 "DELETE /v2.0/security-groups/73962b31-6ddd-4ae0-a12e-e810caf20cc1 HTTP/1.1" status: 204 len: 168 time: 0.2307312
2026-06-23 19:51:29.222 10 INFO neutron.services.segments.plugin [-] Segment 3b5c868f-f47c-45d6-8adf-9eb4c2d307e8 resource provider not found; error: Placement Client Error (4xx): {"errors": [{"status": 404, "title": "Not Found", "detail": "The resource could not be found.\n\n No resource provider with uuid 3b5c868f-f47c-45d6-8adf-9eb4c2d307e8 found for delete ", "request_id": "req-9495168d-40c2-45ba-afb4-99640e1c9f47"}]}
2026-06-23 19:51:29.226 10 INFO neutron.services.segments.plugin [-] Segment 3b5c868f-f47c-45d6-8adf-9eb4c2d307e8 resource provider not found; error: Placement Client Error (4xx): {"errors": [{"status": 404, "title": "Not Found", "detail": "The resource could not be found.\n\n No resource provider with uuid 3b5c868f-f47c-45d6-8adf-9eb4c2d307e8 found for delete ", "request_id": "req-89dcb4b7-2f44-42e3-8f12-b8513b5f86a3"}]}
2026-06-23 19:51:29.232 9 INFO neutron.api.wsgi [req-5078d9e2-0ebd-4995-afec-e9429e26be52 req-c84d12f6-4e62-4994-ae11-2638ba6c97e2 bef61817891e405da9e12a063b2da462 960f5e7e69f040abbd6c84f4cbce67f7 - - 4fd31dc5079f4054806622ac13d7d6e1 4fd31dc5079f4054806622ac13d7d6e1] 199.19.213.191 "GET /v2.0/floatingips?fixed_ip_address=10.100.0.3&port_id=55fc4cfa-110d-494d-bc4f-8d02855e9604 HTTP/1.1" status: 200 len: 217 time: 0.0239069
2026-06-23 19:51:29.242 10 INFO neutron.services.segments.plugin [-] Segment 1d5f7ebc-d5ed-46b1-85e2-87b71eb3560d resource provider aggregate not found
2026-06-23 19:51:29.246 10 INFO neutron.services.segments.plugin [-] Segment 1d5f7ebc-d5ed-46b1-85e2-87b71eb3560d resource provider aggregate not found
2026-06-23 19:51:29.260 10 INFO neutron.services.segments.plugin [-] Segment 1d5f7ebc-d5ed-46b1-85e2-87b71eb3560d resource provider not found; error: Placement Client Error (4xx): {"errors": [{"status": 404, "title": "Not Found", "detail": "The resource could not be found.\n\n No resource provider with uuid 1d5f7ebc-d5ed-46b1-85e2-87b71eb3560d found for delete ", "request_id": "req-95cf3ae9-49ec-40f2-a230-1d0a997b1c78"}]}
2026-06-23 19:51:29.266 10 INFO neutron.services.segments.plugin [-] Segment 1d5f7ebc-d5ed-46b1-85e2-87b71eb3560d resource provider not found; error: Placement Client Error (4xx): {"errors": [{"status": 404, "title": "Not Found", "detail": "The resource could not be found.\n\n No resource provider with uuid 1d5f7ebc-d5ed-46b1-85e2-87b71eb3560d found for delete ", "request_id": "req-80e566ec-8aed-4fc3-acc8-2c3e74349e3d"}]}
2026-06-23 19:51:29.272 10 INFO neutron.services.segments.plugin [-] Segment 658890a6-b8b0-455b-af7c-2da8be757602 resource provider aggregate not found
2026-06-23 19:51:29.281 10 INFO neutron.services.segments.plugin [-] Segment 658890a6-b8b0-455b-af7c-2da8be757602 resource provider aggregate not found
2026-06-23 19:51:29.284 10 INFO neutron.services.segments.plugin [-] Segment 658890a6-b8b0-455b-af7c-2da8be757602 resource provider not found; error: Placement Client Error (4xx): {"errors": [{"status": 404, "title": "Not Found", "detail": "The resource could not be found.\n\n No resource provider with uuid 658890a6-b8b0-455b-af7c-2da8be757602 found for delete ", "request_id": "req-53f34fed-a9bd-41b0-b356-619874d3182e"}]}
2026-06-23 19:51:29.288 9 INFO neutron.api.wsgi [req-5078d9e2-0ebd-4995-afec-e9429e26be52 req-9ab2b44a-b255-423a-ace9-0a9730b326b7 bef61817891e405da9e12a063b2da462 960f5e7e69f040abbd6c84f4cbce67f7 - - 4fd31dc5079f4054806622ac13d7d6e1 4fd31dc5079f4054806622ac13d7d6e1] 199.19.213.191 "GET /v2.0/subnets?id=52a5a0a2-3fb5-43c7-b88e-078e9f5bcedf HTTP/1.1" status: 200 len: 899 time: 0.0341671
2026-06-23 19:51:29.294 10 INFO neutron.services.segments.plugin [-] Segment 658890a6-b8b0-455b-af7c-2da8be757602 resource provider not found; error: Placement Client Error (4xx): {"errors": [{"status": 404, "title": "Not Found", "detail": "The resource could not be found.\n\n No resource provider with uuid 658890a6-b8b0-455b-af7c-2da8be757602 found for delete ", "request_id": "req-af6b5fc9-d586-44d4-af4c-4cbfb17b9197"}]}
2026-06-23 19:51:29.313 9 INFO neutron.api.wsgi [req-5078d9e2-0ebd-4995-afec-e9429e26be52 req-910474f5-e44f-480f-b587-fa9f01ae6e37 bef61817891e405da9e12a063b2da462 960f5e7e69f040abbd6c84f4cbce67f7 - - 4fd31dc5079f4054806622ac13d7d6e1 4fd31dc5079f4054806622ac13d7d6e1] 199.19.213.191 "GET /v2.0/ports?network_id=a0c58f8b-b695-4f2c-ae4a-15f9cd0a067a&device_owner=network%3Adhcp HTTP/1.1" status: 200 len: 210 time: 0.0162735
2026-06-23 19:51:29.358 9 INFO neutron.api.wsgi [req-a77cdafc-aeff-4a86-ba48-140a8ef14d58 req-19e16ed9-f9c1-4324-9538-9b6108ba1bcd bef61817891e405da9e12a063b2da462 960f5e7e69f040abbd6c84f4cbce67f7 - - 4fd31dc5079f4054806622ac13d7d6e1 4fd31dc5079f4054806622ac13d7d6e1] 199.19.213.191 "GET /v2.0/ports?tenant_id=ed786766f47549e795c8a9ed077776ad&device_id=5ec1e739-ffa2-4937-a3a6-b005e7f9af25 HTTP/1.1" status: 200 len: 1407 time: 0.0402610
2026-06-23 19:51:29.370 9 INFO neutron.api.wsgi [req-5078d9e2-0ebd-4995-afec-e9429e26be52 req-d10f6a7e-ed12-45f1-b8f4-62facd74a461 bef61817891e405da9e12a063b2da462 960f5e7e69f040abbd6c84f4cbce67f7 - - 4fd31dc5079f4054806622ac13d7d6e1 4fd31dc5079f4054806622ac13d7d6e1] 199.19.213.191 "GET /v2.0/networks/a0c58f8b-b695-4f2c-ae4a-15f9cd0a067a?fields=segments HTTP/1.1" status: 200 len: 212 time: 0.0516658
2026-06-23 19:51:29.390 9 INFO neutron.api.wsgi [req-a77cdafc-aeff-4a86-ba48-140a8ef14d58 req-26277f1e-622f-4c1a-b1f2-75a265239904 bef61817891e405da9e12a063b2da462 960f5e7e69f040abbd6c84f4cbce67f7 - - 4fd31dc5079f4054806622ac13d7d6e1 4fd31dc5079f4054806622ac13d7d6e1] 199.19.213.191 "GET /v2.0/floatingips?fixed_ip_address=10.100.0.7&port_id=d7bf81e9-01b2-484e-bb98-58ea28cd7f2d HTTP/1.1" status: 200 len: 217 time: 0.0252626
2026-06-23 19:51:29.416 9 INFO neutron.api.wsgi [req-a77cdafc-aeff-4a86-ba48-140a8ef14d58 req-090090bc-4b6e-4056-b80a-915b382f5097 bef61817891e405da9e12a063b2da462 960f5e7e69f040abbd6c84f4cbce67f7 - - 4fd31dc5079f4054806622ac13d7d6e1 4fd31dc5079f4054806622ac13d7d6e1] 199.19.213.191 "GET /v2.0/subnets?id=d0df1f5b-03aa-42e6-8186-14815a841cb7 HTTP/1.1" status: 200 len: 892 time: 0.0223005
2026-06-23 19:51:29.430 9 INFO neutron.api.wsgi [req-5078d9e2-0ebd-4995-afec-e9429e26be52 req-280c7dc0-c44e-4f5c-a7b9-e2d2c71374c0 bef61817891e405da9e12a063b2da462 960f5e7e69f040abbd6c84f4cbce67f7 - - 4fd31dc5079f4054806622ac13d7d6e1 4fd31dc5079f4054806622ac13d7d6e1] 199.19.213.191 "GET /v2.0/networks/a0c58f8b-b695-4f2c-ae4a-15f9cd0a067a?fields=provider%3Aphysical_network&fields=provider%3Anetwork_type HTTP/1.1" status: 200 len: 277 time: 0.0483623
2026-06-23 19:51:29.434 9 INFO neutron.api.wsgi [req-a77cdafc-aeff-4a86-ba48-140a8ef14d58 req-2b0abac3-7b13-4f73-9ce5-ffd5a9ebd61b bef61817891e405da9e12a063b2da462 960f5e7e69f040abbd6c84f4cbce67f7 - - 4fd31dc5079f4054806622ac13d7d6e1 4fd31dc5079f4054806622ac13d7d6e1] 199.19.213.191 "GET /v2.0/ports?network_id=41216929-a1fe-4def-9840-9a24aa29fcf5&device_owner=network%3Adhcp HTTP/1.1" status: 200 len: 210 time: 0.0148716
2026-06-23 19:51:29.440 10 INFO neutron.notifiers.nova [-] Nova event matching ['req-45078eb4-b874-4c83-9ca7-ba95817bfae8'] response: {'server_uuid': '23aa5660-98da-4a25-a7d5-d17f0b5e74a2', 'name': 'network-vif-plugged', 'status': 'completed', 'tag': 'b88a62b2-09c1-4ea2-a44c-f0692eb8dad6', 'code': 200}
2026-06-23 19:51:29.440 10 INFO neutron.notifiers.nova [-] Nova event matching ['req-45078eb4-b874-4c83-9ca7-ba95817bfae8'] response: {'server_uuid': '23aa5660-98da-4a25-a7d5-d17f0b5e74a2', 'name': 'network-vif-plugged', 'status': 'completed', 'tag': 'b88a62b2-09c1-4ea2-a44c-f0692eb8dad6', 'code': 200}
2026-06-23 19:51:29.462 9 INFO neutron.notifiers.nova [-] Nova event matching ['req-cc2ac287-dbf6-4564-9ddc-becd585b33ca'] response: {'server_uuid': 'a78f16fb-a660-4fb3-8205-5eda4245f614', 'name': 'network-vif-unplugged', 'status': 'completed', 'tag': '55fc4cfa-110d-494d-bc4f-8d02855e9604', 'code': 200}
2026-06-23 19:51:29.462 9 INFO neutron.notifiers.nova [-] Nova event matching ['req-cc2ac287-dbf6-4564-9ddc-becd585b33ca'] response: {'name': 'network-changed', 'server_uuid': '5ec1e739-ffa2-4937-a3a6-b005e7f9af25', 'tag': 'd7bf81e9-01b2-484e-bb98-58ea28cd7f2d', 'status': 'completed', 'code': 200}
2026-06-23 19:51:29.462 9 INFO neutron.notifiers.nova [-] Nova event matching ['req-cc2ac287-dbf6-4564-9ddc-becd585b33ca'] response: {'server_uuid': 'a78f16fb-a660-4fb3-8205-5eda4245f614', 'name': 'network-vif-deleted', 'tag': '55fc4cfa-110d-494d-bc4f-8d02855e9604', 'status': 'completed', 'code': 200}
2026-06-23 19:51:29.480 9 INFO neutron.api.wsgi [req-a77cdafc-aeff-4a86-ba48-140a8ef14d58 req-8096eac8-8315-40fb-ba22-058b7b1efb50 bef61817891e405da9e12a063b2da462 960f5e7e69f040abbd6c84f4cbce67f7 - - 4fd31dc5079f4054806622ac13d7d6e1 4fd31dc5079f4054806622ac13d7d6e1] 199.19.213.191 "GET /v2.0/networks/41216929-a1fe-4def-9840-9a24aa29fcf5?fields=segments HTTP/1.1" status: 200 len: 212 time: 0.0423586
2026-06-23 19:51:29.530 9 INFO neutron.api.wsgi [req-a77cdafc-aeff-4a86-ba48-140a8ef14d58 req-fcad8cd5-fcbc-48c9-93f8-e5e312ff5b17 bef61817891e405da9e12a063b2da462 960f5e7e69f040abbd6c84f4cbce67f7 - - 4fd31dc5079f4054806622ac13d7d6e1 4fd31dc5079f4054806622ac13d7d6e1] 199.19.213.191 "GET /v2.0/networks/41216929-a1fe-4def-9840-9a24aa29fcf5?fields=provider%3Aphysical_network&fields=provider%3Anetwork_type HTTP/1.1" status: 200 len: 277 time: 0.0425959
2026-06-23 19:51:29.864 10 INFO neutron.api.wsgi [req-4e037e4e-beb2-4968-9420-4457538bfaae req-72104fc1-9272-4548-a789-5f7e3fcbc846 b89e7fd69f4147a7a7c5e87378fa67ce 6d648479ee2642a99d62e03a13b37ad8 - - default default] 10.0.0.169 "GET /v2.0/ports?device_id=23aa5660-98da-4a25-a7d5-d17f0b5e74a2 HTTP/1.1" status: 200 len: 1170 time: 0.0587935
2026-06-23 19:51:29.892 10 INFO neutron.api.wsgi [req-b90a2d79-5f18-4ec9-8bfb-e256943ec906 req-dac978bc-5c06-458b-a335-55fb5f659444 fe824763dac144129c7c1dab12ef1e09 ed786766f47549e795c8a9ed077776ad - - default default] 10.0.0.169 "GET /v2.0/ports?device_id=5ec1e739-ffa2-4937-a3a6-b005e7f9af25 HTTP/1.1" status: 200 len: 1168 time: 0.0433459
2026-06-23 19:51:29.928 10 INFO neutron.api.wsgi [req-4e037e4e-beb2-4968-9420-4457538bfaae req-9d36ba5e-b24b-4c28-96ab-16bbb612aa60 b89e7fd69f4147a7a7c5e87378fa67ce 6d648479ee2642a99d62e03a13b37ad8 - - default default] 10.0.0.169 "GET /v2.0/security-groups?id=298dc71f-a43e-4779-8a11-043245e5c6e8&fields=id&fields=name HTTP/1.1" status: 200 len: 312 time: 0.0501769
2026-06-23 19:51:29.942 10 INFO neutron.api.wsgi [req-b90a2d79-5f18-4ec9-8bfb-e256943ec906 req-792c3fa8-ac35-4543-adc8-217dca39943e fe824763dac144129c7c1dab12ef1e09 ed786766f47549e795c8a9ed077776ad - - default default] 10.0.0.169 "GET /v2.0/security-groups?id=51d0ae44-98df-452a-b788-50003609f2a9&fields=id&fields=name HTTP/1.1" status: 200 len: 313 time: 0.0429029
2026-06-23 19:51:30.119 10 INFO neutron.api.wsgi [req-9d59928b-d934-4534-959c-d0b2d54ce389 req-841d83ed-49d5-49eb-b268-8e2cf6543cf9 a76868aecb664a4c89cc480aba10c830 cfccab92e6de441d80dcc0bdfdd65a78 - - default default] 10.0.0.169 "GET /v2.0/ports?device_id=a78f16fb-a660-4fb3-8205-5eda4245f614 HTTP/1.1" status: 200 len: 210 time: 0.0354307
2026-06-23 19:51:30.598 9 INFO neutron.api.wsgi [req-b7eca44d-0a32-43f9-a707-a64a8f0af7cc req-0fac470b-f3ed-4a32-9416-ef7d02669930 bef61817891e405da9e12a063b2da462 960f5e7e69f040abbd6c84f4cbce67f7 - - 4fd31dc5079f4054806622ac13d7d6e1 4fd31dc5079f4054806622ac13d7d6e1] 199.19.213.191 "GET /v2.0/ports?tenant_id=ed786766f47549e795c8a9ed077776ad&device_id=5ec1e739-ffa2-4937-a3a6-b005e7f9af25 HTTP/1.1" status: 200 len: 1407 time: 0.0421970
2026-06-23 19:51:30.646 9 INFO neutron.api.wsgi [req-b7eca44d-0a32-43f9-a707-a64a8f0af7cc req-baeb26d3-8922-4af2-8288-304dc56ee1a7 bef61817891e405da9e12a063b2da462 960f5e7e69f040abbd6c84f4cbce67f7 - - 4fd31dc5079f4054806622ac13d7d6e1 4fd31dc5079f4054806622ac13d7d6e1] 199.19.213.191 "GET /v2.0/networks?id=41216929-a1fe-4def-9840-9a24aa29fcf5 HTTP/1.1" status: 200 len: 973 time: 0.0453179
2026-06-23 19:51:30.671 9 INFO neutron.api.wsgi [req-b7eca44d-0a32-43f9-a707-a64a8f0af7cc req-ca325741-976a-44f9-a2a4-2b75383f2e5d bef61817891e405da9e12a063b2da462 960f5e7e69f040abbd6c84f4cbce67f7 - - 4fd31dc5079f4054806622ac13d7d6e1 4fd31dc5079f4054806622ac13d7d6e1] 199.19.213.191 "GET /v2.0/floatingips?fixed_ip_address=10.100.0.7&port_id=d7bf81e9-01b2-484e-bb98-58ea28cd7f2d HTTP/1.1" status: 200 len: 217 time: 0.0194061
2026-06-23 19:51:30.701 9 INFO neutron.api.wsgi [req-b7eca44d-0a32-43f9-a707-a64a8f0af7cc req-39f278fc-b5fb-4f5c-bcbe-2af3eaef822d bef61817891e405da9e12a063b2da462 960f5e7e69f040abbd6c84f4cbce67f7 - - 4fd31dc5079f4054806622ac13d7d6e1 4fd31dc5079f4054806622ac13d7d6e1] 199.19.213.191 "GET /v2.0/subnets?id=d0df1f5b-03aa-42e6-8186-14815a841cb7 HTTP/1.1" status: 200 len: 892 time: 0.0267498
2026-06-23 19:51:30.727 9 INFO neutron.api.wsgi [req-b7eca44d-0a32-43f9-a707-a64a8f0af7cc req-bddf64c3-adbc-469e-9cbd-2c6594ab32c8 bef61817891e405da9e12a063b2da462 960f5e7e69f040abbd6c84f4cbce67f7 - - 4fd31dc5079f4054806622ac13d7d6e1 4fd31dc5079f4054806622ac13d7d6e1] 199.19.213.191 "GET /v2.0/ports?network_id=41216929-a1fe-4def-9840-9a24aa29fcf5&device_owner=network%3Adhcp HTTP/1.1" status: 200 len: 210 time: 0.0186875
2026-06-23 19:51:30.772 9 INFO neutron.api.wsgi [req-b7eca44d-0a32-43f9-a707-a64a8f0af7cc req-4b76b9c7-df84-4740-a770-f6abefdb80c3 bef61817891e405da9e12a063b2da462 960f5e7e69f040abbd6c84f4cbce67f7 - - 4fd31dc5079f4054806622ac13d7d6e1 4fd31dc5079f4054806622ac13d7d6e1] 199.19.213.191 "GET /v2.0/networks/41216929-a1fe-4def-9840-9a24aa29fcf5?fields=segments HTTP/1.1" status: 200 len: 212 time: 0.0383327
2026-06-23 19:51:30.817 9 INFO neutron.api.wsgi [req-b7eca44d-0a32-43f9-a707-a64a8f0af7cc req-9d5a12e2-4202-4b26-a560-979fc1bb2ca3 bef61817891e405da9e12a063b2da462 960f5e7e69f040abbd6c84f4cbce67f7 - - 4fd31dc5079f4054806622ac13d7d6e1 4fd31dc5079f4054806622ac13d7d6e1] 199.19.213.191 "GET /v2.0/networks/41216929-a1fe-4def-9840-9a24aa29fcf5?fields=provider%3Aphysical_network&fields=provider%3Anetwork_type HTTP/1.1" status: 200 len: 277 time: 0.0400510
2026-06-23 19:51:31.050 10 INFO neutron.api.wsgi [req-77444bdf-0906-4d55-8ad3-0dc6f044df86 req-19af9574-df7d-4401-8fe5-03a9a74f378e fe824763dac144129c7c1dab12ef1e09 ed786766f47549e795c8a9ed077776ad - - default default] 10.0.0.169 "GET /v2.0/ports?device_id=5ec1e739-ffa2-4937-a3a6-b005e7f9af25 HTTP/1.1" status: 200 len: 1168 time: 0.0443041
2026-06-23 19:51:31.078 9 WARNING neutron_lib.context [None req-3e159fbb-6de3-455d-9b75-415f084f3bcb ca2b19ed40224eb1b0da5de70ee0764c 9579f1c80ad648448bab08eeaf30a647 - - default default] Method 'is_advsvc' is deprecated since 2023.2 release (neutron-lib 3.8.0) and will be removed once support for the old RBAC API policies will be removed from Neutron. Please use method 'is_service_role' instead.
2026-06-23 19:51:31.089 10 INFO neutron.api.wsgi [req-77444bdf-0906-4d55-8ad3-0dc6f044df86 req-dcd4326e-f1ab-4558-9274-3e7961842659 fe824763dac144129c7c1dab12ef1e09 ed786766f47549e795c8a9ed077776ad - - default default] 10.0.0.169 "GET /v2.0/security-groups?id=51d0ae44-98df-452a-b788-50003609f2a9&fields=id&fields=name HTTP/1.1" status: 200 len: 313 time: 0.0330906
2026-06-23 19:51:31.205 9 INFO neutron.db.ovn_revision_numbers_db [None req-3e159fbb-6de3-455d-9b75-415f084f3bcb ca2b19ed40224eb1b0da5de70ee0764c 9579f1c80ad648448bab08eeaf30a647 - - default default] Successfully bumped revision number for resource a5a967f2-2449-414f-af3d-0813c760fd28 (type: security_groups) to 1
2026-06-23 19:51:31.216 10 INFO neutron.api.wsgi [req-8919c21d-95f2-4bfd-958a-7e4839c0a95b req-02ed2501-8f8b-4985-8d98-d038e27a36e7 a76868aecb664a4c89cc480aba10c830 cfccab92e6de441d80dcc0bdfdd65a78 - - default default] 10.0.0.169 "GET /v2.0/ports?device_id=a78f16fb-a660-4fb3-8205-5eda4245f614 HTTP/1.1" status: 200 len: 210 time: 0.0178993
2026-06-23 19:51:31.218 9 INFO neutron.db.ovn_revision_numbers_db [None req-3e159fbb-6de3-455d-9b75-415f084f3bcb ca2b19ed40224eb1b0da5de70ee0764c 9579f1c80ad648448bab08eeaf30a647 - - default default] Successfully bumped revision number for resource a9c30e7e-6003-4d67-a331-33f930b110a9 (type: security_group_rules) to 0
2026-06-23 19:51:31.234 9 INFO neutron.db.ovn_revision_numbers_db [None req-3e159fbb-6de3-455d-9b75-415f084f3bcb ca2b19ed40224eb1b0da5de70ee0764c 9579f1c80ad648448bab08eeaf30a647 - - default default] Successfully bumped revision number for resource d5c9a2ea-b70b-4af2-adb3-2f6d8f01a4e4 (type: security_group_rules) to 0
2026-06-23 19:51:31.247 9 INFO neutron.db.ovn_revision_numbers_db [None req-3e159fbb-6de3-455d-9b75-415f084f3bcb ca2b19ed40224eb1b0da5de70ee0764c 9579f1c80ad648448bab08eeaf30a647 - - default default] Successfully bumped revision number for resource e5ac8aff-40cc-48b6-9b45-b64d7c8ad62b (type: security_group_rules) to 0
2026-06-23 19:51:31.259 9 INFO neutron.db.ovn_revision_numbers_db [None req-3e159fbb-6de3-455d-9b75-415f084f3bcb ca2b19ed40224eb1b0da5de70ee0764c 9579f1c80ad648448bab08eeaf30a647 - - default default] Successfully bumped revision number for resource f217e521-a180-4354-9e47-86a9e62e4aa0 (type: security_group_rules) to 0
2026-06-23 19:51:31.340 9 INFO neutron.db.segments_db [None req-3e159fbb-6de3-455d-9b75-415f084f3bcb ca2b19ed40224eb1b0da5de70ee0764c 9579f1c80ad648448bab08eeaf30a647 - - default default] Added segment ecdffeae-64e5-4f0b-99f2-b3261c3dd46c of type geneve for network 89f8f216-2586-4790-a1d7-38929ec87db2
2026-06-23 19:51:31.452 9 INFO neutron.db.ovn_revision_numbers_db [None req-3e159fbb-6de3-455d-9b75-415f084f3bcb ca2b19ed40224eb1b0da5de70ee0764c 9579f1c80ad648448bab08eeaf30a647 - - default default] Successfully bumped revision number for resource 89f8f216-2586-4790-a1d7-38929ec87db2 (type: networks) to 1
2026-06-23 19:51:31.602 9 WARNING neutron.scheduler.dhcp_agent_scheduler [None req-3e159fbb-6de3-455d-9b75-415f084f3bcb ca2b19ed40224eb1b0da5de70ee0764c 9579f1c80ad648448bab08eeaf30a647 - - default default] No more DHCP agents
2026-06-23 19:51:31.603 9 WARNING neutron.api.rpc.agentnotifiers.dhcp_rpc_agent_api [None req-3e159fbb-6de3-455d-9b75-415f084f3bcb ca2b19ed40224eb1b0da5de70ee0764c 9579f1c80ad648448bab08eeaf30a647 - - default default] Unable to schedule network 89f8f216-2586-4790-a1d7-38929ec87db2: no agents available; will retry on subsequent port and subnet creation events.
2026-06-23 19:51:31.673 9 INFO neutron.plugins.ml2.drivers.ovn.mech_driver.mech_driver [None req-6cd8ff4b-5aa6-43d5-aa4c-a5ca426ac008 - - - - - -] OVN reports status up for port: d7bf81e9-01b2-484e-bb98-58ea28cd7f2d
2026-06-23 19:51:31.689 9 INFO neutron.plugins.ml2.plugin [None req-6cd8ff4b-5aa6-43d5-aa4c-a5ca426ac008 - - - - - -] Attempt 1 to provision port d7bf81e9-01b2-484e-bb98-58ea28cd7f2d
2026-06-23 19:51:31.704 9 INFO neutron.db.ovn_revision_numbers_db [None req-3e159fbb-6de3-455d-9b75-415f084f3bcb ca2b19ed40224eb1b0da5de70ee0764c 9579f1c80ad648448bab08eeaf30a647 - - default default] Successfully bumped revision number for resource 8bc3d1e0-8a3e-4ef0-93e0-bfa0e278ea44 (type: ports) to 1
2026-06-23 19:51:31.730 9 INFO neutron.api.wsgi [None req-3e159fbb-6de3-455d-9b75-415f084f3bcb ca2b19ed40224eb1b0da5de70ee0764c 9579f1c80ad648448bab08eeaf30a647 - - default default] 10.0.0.195 "POST /v2.0/networks HTTP/1.1" status: 201 len: 844 time: 0.8268616
2026-06-23 19:51:31.743 9 WARNING neutron_lib.context [None req-55b46ca7-e061-4a2f-b5d1-7d3ff88eef32 ca2b19ed40224eb1b0da5de70ee0764c 9579f1c80ad648448bab08eeaf30a647 - - default default] Method 'is_advsvc' is deprecated since 2023.2 release (neutron-lib 3.8.0) and will be removed once support for the old RBAC API policies will be removed from Neutron. Please use method 'is_service_role' instead.
2026-06-23 19:51:31.833 9 INFO neutron.notifiers.nova [-] Nova event matching ['req-cc15aaec-2805-4404-9bed-cd984ee8cc35'] response: {'server_uuid': '5ec1e739-ffa2-4937-a3a6-b005e7f9af25', 'name': 'network-vif-plugged', 'status': 'completed', 'tag': 'd7bf81e9-01b2-484e-bb98-58ea28cd7f2d', 'code': 200}
2026-06-23 19:51:32.016 9 INFO neutron.db.ovn_revision_numbers_db [None req-6cd8ff4b-5aa6-43d5-aa4c-a5ca426ac008 - - - - - -] Successfully bumped revision number for resource d7bf81e9-01b2-484e-bb98-58ea28cd7f2d (type: ports) to 5
2026-06-23 19:51:32.043 9 WARNING neutron.scheduler.dhcp_agent_scheduler [None req-55b46ca7-e061-4a2f-b5d1-7d3ff88eef32 ca2b19ed40224eb1b0da5de70ee0764c 9579f1c80ad648448bab08eeaf30a647 - - default default] No more DHCP agents
2026-06-23 19:51:32.044 9 WARNING neutron.api.rpc.agentnotifiers.dhcp_rpc_agent_api [None req-55b46ca7-e061-4a2f-b5d1-7d3ff88eef32 ca2b19ed40224eb1b0da5de70ee0764c 9579f1c80ad648448bab08eeaf30a647 - - default default] Unable to schedule network 89f8f216-2586-4790-a1d7-38929ec87db2: no agents available; will retry on subsequent port and subnet creation events.
2026-06-23 19:51:32.118 9 INFO neutron.db.ovn_revision_numbers_db [None req-55b46ca7-e061-4a2f-b5d1-7d3ff88eef32 ca2b19ed40224eb1b0da5de70ee0764c 9579f1c80ad648448bab08eeaf30a647 - - default default] Successfully bumped revision number for resource eea3c65c-6f5c-49de-b316-d41295172249 (type: ports) to 1
2026-06-23 19:51:32.142 9 INFO neutron.api.wsgi [None req-55b46ca7-e061-4a2f-b5d1-7d3ff88eef32 ca2b19ed40224eb1b0da5de70ee0764c 9579f1c80ad648448bab08eeaf30a647 - - default default] 10.0.0.195 "POST /v2.0/ports HTTP/1.1" status: 201 len: 973 time: 0.4057052 /var/lib/openstack/lib/python3.12/site-packages/pycadf/identifier.py:71: UserWarning: Invalid uuid: neutron. To ensure interoperability, identifiers should be a valid uuid. warnings.warn(('Invalid uuid: %s. To ensure interoperability, '
2026-06-23 19:51:32.152 9 WARNING neutron_lib.context [None req-17211a59-dfe6-40e6-a804-348a060401f4 ca2b19ed40224eb1b0da5de70ee0764c 9579f1c80ad648448bab08eeaf30a647 - - default default] Method 'is_advsvc' is deprecated since 2023.2 release (neutron-lib 3.8.0) and will be removed once support for the old RBAC API policies will be removed from Neutron. Please use method 'is_service_role' instead.
2026-06-23 19:51:32.197 10 INFO neutron.api.wsgi [req-081bdf92-214a-4553-a44a-cbf1c25a3f5a req-b1e5d377-9d4c-481a-abbd-690cff394edb fe824763dac144129c7c1dab12ef1e09 ed786766f47549e795c8a9ed077776ad - - default default] 10.0.0.169 "GET /v2.0/ports?device_id=5ec1e739-ffa2-4937-a3a6-b005e7f9af25 HTTP/1.1" status: 200 len: 1170 time: 0.0372300
2026-06-23 19:51:32.234 10 INFO neutron.api.wsgi [req-081bdf92-214a-4553-a44a-cbf1c25a3f5a req-3dacea74-88b5-4f0e-ab2f-71e1cfeb259a fe824763dac144129c7c1dab12ef1e09 ed786766f47549e795c8a9ed077776ad - - default default] 10.0.0.169 "GET /v2.0/security-groups?id=51d0ae44-98df-452a-b788-50003609f2a9&fields=id&fields=name HTTP/1.1" status: 200 len: 313 time: 0.0294812
2026-06-23 19:51:32.247 9 INFO neutron.db.segments_db [None req-17211a59-dfe6-40e6-a804-348a060401f4 ca2b19ed40224eb1b0da5de70ee0764c 9579f1c80ad648448bab08eeaf30a647 - - default default] Added segment c937e7aa-5653-453a-9c10-ddb4984439e2 of type geneve for network 754398f9-0e31-4ed9-b05d-f3ed7cb96678
2026-06-23 19:51:32.311 10 INFO neutron.api.wsgi [req-40856072-a576-4a2e-a453-272e92888476 req-7c798c9a-4c19-4ab9-863e-5e16a7d51a13 a76868aecb664a4c89cc480aba10c830 cfccab92e6de441d80dcc0bdfdd65a78 - - default default] 10.0.0.169 "GET /v2.0/ports?device_id=a78f16fb-a660-4fb3-8205-5eda4245f614 HTTP/1.1" status: 200 len: 210 time: 0.0224829
2026-06-23 19:51:32.368 9 INFO neutron.db.ovn_revision_numbers_db [None req-17211a59-dfe6-40e6-a804-348a060401f4 ca2b19ed40224eb1b0da5de70ee0764c 9579f1c80ad648448bab08eeaf30a647 - - default default] Successfully bumped revision number for resource 754398f9-0e31-4ed9-b05d-f3ed7cb96678 (type: networks) to 1
2026-06-23 19:51:32.515 9 WARNING neutron.scheduler.dhcp_agent_scheduler [None req-17211a59-dfe6-40e6-a804-348a060401f4 ca2b19ed40224eb1b0da5de70ee0764c 9579f1c80ad648448bab08eeaf30a647 - - default default] No more DHCP agents
2026-06-23 19:51:32.516 9 WARNING neutron.api.rpc.agentnotifiers.dhcp_rpc_agent_api [None req-17211a59-dfe6-40e6-a804-348a060401f4 ca2b19ed40224eb1b0da5de70ee0764c 9579f1c80ad648448bab08eeaf30a647 - - default default] Unable to schedule network 754398f9-0e31-4ed9-b05d-f3ed7cb96678: no agents available; will retry on subsequent port and subnet creation events.
2026-06-23 19:51:32.576 9 INFO neutron.db.ovn_revision_numbers_db [None req-17211a59-dfe6-40e6-a804-348a060401f4 ca2b19ed40224eb1b0da5de70ee0764c 9579f1c80ad648448bab08eeaf30a647 - - default default] Successfully bumped revision number for resource f8203ab9-5904-4838-bf2c-b90d791f18a1 (type: ports) to 1
2026-06-23 19:51:32.599 9 INFO neutron.api.wsgi [None req-17211a59-dfe6-40e6-a804-348a060401f4 ca2b19ed40224eb1b0da5de70ee0764c 9579f1c80ad648448bab08eeaf30a647 - - default default] 10.0.0.195 "POST /v2.0/networks HTTP/1.1" status: 201 len: 831 time: 0.4512999
2026-06-23 19:51:32.607 9 WARNING neutron_lib.context [None req-2dd72b4f-efc8-4168-b8c6-788841b2750a ca2b19ed40224eb1b0da5de70ee0764c 9579f1c80ad648448bab08eeaf30a647 - - default default] Method 'is_advsvc' is deprecated since 2023.2 release (neutron-lib 3.8.0) and will be removed once support for the old RBAC API policies will be removed from Neutron. Please use method 'is_service_role' instead.
2026-06-23 19:51:32.819 9 WARNING neutron.scheduler.dhcp_agent_scheduler [None req-2dd72b4f-efc8-4168-b8c6-788841b2750a ca2b19ed40224eb1b0da5de70ee0764c 9579f1c80ad648448bab08eeaf30a647 - - default default] No more DHCP agents
2026-06-23 19:51:32.820 9 WARNING neutron.api.rpc.agentnotifiers.dhcp_rpc_agent_api [None req-2dd72b4f-efc8-4168-b8c6-788841b2750a ca2b19ed40224eb1b0da5de70ee0764c 9579f1c80ad648448bab08eeaf30a647 - - default default] Unable to schedule network 754398f9-0e31-4ed9-b05d-f3ed7cb96678: no agents available; will retry on subsequent port and subnet creation events.
2026-06-23 19:51:33.304 9 INFO neutron.db.ovn_revision_numbers_db [None req-7970932e-0b87-4e72-a11a-43527bd508cf - - - - - -] Successfully bumped revision number for resource f8203ab9-5904-4838-bf2c-b90d791f18a1 (type: ports) to 2
2026-06-23 19:51:33.330 9 INFO neutron.db.ovn_revision_numbers_db [None req-7970932e-0b87-4e72-a11a-43527bd508cf - - - - - -] Successfully bumped revision number for resource 0e3698f1-9929-4b68-9584-045ffc1b537e (type: subnets) to 0
2026-06-23 19:51:33.332 10 INFO neutron.api.wsgi [req-2e66218d-31c2-4bed-aa87-cdf30e51ff98 req-c34c5c4e-847c-4e65-ae08-6c2fe8d31331 fe824763dac144129c7c1dab12ef1e09 ed786766f47549e795c8a9ed077776ad - - default default] 10.0.0.169 "GET /v2.0/ports?device_id=5ec1e739-ffa2-4937-a3a6-b005e7f9af25 HTTP/1.1" status: 200 len: 1170 time: 0.0394471
2026-06-23 19:51:33.351 9 INFO neutron.api.wsgi [None req-2dd72b4f-efc8-4168-b8c6-788841b2750a ca2b19ed40224eb1b0da5de70ee0764c 9579f1c80ad648448bab08eeaf30a647 - - default default] 10.0.0.195 "POST /v2.0/subnets HTTP/1.1" status: 201 len: 825 time: 0.7483962
2026-06-23 19:51:33.362 9 WARNING neutron_lib.context [None req-9fec4cbe-5cb6-47c7-993e-45c707435ced ca2b19ed40224eb1b0da5de70ee0764c 9579f1c80ad648448bab08eeaf30a647 - - default default] Method 'is_advsvc' is deprecated since 2023.2 release (neutron-lib 3.8.0) and will be removed once support for the old RBAC API policies will be removed from Neutron. Please use method 'is_service_role' instead.
2026-06-23 19:51:33.375 10 INFO neutron.api.wsgi [req-2e66218d-31c2-4bed-aa87-cdf30e51ff98 req-060a6b88-54f1-497c-9724-2c9a4b40f8d2 fe824763dac144129c7c1dab12ef1e09 ed786766f47549e795c8a9ed077776ad - - default default] 10.0.0.169 "GET /v2.0/security-groups?id=51d0ae44-98df-452a-b788-50003609f2a9&fields=id&fields=name HTTP/1.1" status: 200 len: 313 time: 0.0369282
2026-06-23 19:51:33.465 10 INFO neutron.api.wsgi [req-3914999e-950e-4347-a3c3-f044d20eddd6 req-4a5a2086-aadf-4412-a52b-2ceaa26e581c fe824763dac144129c7c1dab12ef1e09 ed786766f47549e795c8a9ed077776ad - - default default] 10.0.0.169 "GET /v2.0/ports?device_id=5ec1e739-ffa2-4937-a3a6-b005e7f9af25 HTTP/1.1" status: 200 len: 1170 time: 0.0336826
2026-06-23 19:51:33.552 9 INFO neutron.api.wsgi [None req-d648eda4-ef99-4763-8958-a786453dfc10 a76868aecb664a4c89cc480aba10c830 cfccab92e6de441d80dcc0bdfdd65a78 - - default default] 10.0.0.195 "DELETE /v2.0/security-groups/fc0fb4eb-f9ef-49dc-8fa1-7983e75933ef HTTP/1.1" status: 204 len: 168 time: 0.1586602
2026-06-23 19:51:33.574 9 INFO neutron.api.v2.resource [None req-867a0221-d441-45ec-9a77-5ab3a425ccd3 a76868aecb664a4c89cc480aba10c830 cfccab92e6de441d80dcc0bdfdd65a78 - - default default] show failed (client error): The resource could not be found.
2026-06-23 19:51:33.574 9 INFO neutron.api.wsgi [None req-867a0221-d441-45ec-9a77-5ab3a425ccd3 a76868aecb664a4c89cc480aba10c830 cfccab92e6de441d80dcc0bdfdd65a78 - - default default] 10.0.0.195 "GET /v2.0/security-groups/fc0fb4eb-f9ef-49dc-8fa1-7983e75933ef HTTP/1.1" status: 404 len: 347 time: 0.0155060
2026-06-23 19:51:33.712 9 WARNING neutron.scheduler.dhcp_agent_scheduler [None req-9fec4cbe-5cb6-47c7-993e-45c707435ced ca2b19ed40224eb1b0da5de70ee0764c 9579f1c80ad648448bab08eeaf30a647 - - default default] No more DHCP agents
2026-06-23 19:51:33.714 9 WARNING neutron.api.rpc.agentnotifiers.dhcp_rpc_agent_api [None req-9fec4cbe-5cb6-47c7-993e-45c707435ced ca2b19ed40224eb1b0da5de70ee0764c 9579f1c80ad648448bab08eeaf30a647 - - default default] Unable to schedule network 754398f9-0e31-4ed9-b05d-f3ed7cb96678: no agents available; will retry on subsequent port and subnet creation events.
2026-06-23 19:51:33.861 9 INFO neutron.db.ovn_revision_numbers_db [None req-9fec4cbe-5cb6-47c7-993e-45c707435ced ca2b19ed40224eb1b0da5de70ee0764c 9579f1c80ad648448bab08eeaf30a647 - - default default] Successfully bumped revision number for resource 649319c4-8c37-4cd5-acf4-edd75758ecca (type: ports) to 1
2026-06-23 19:51:33.868 9 INFO neutron.notifiers.nova [-] Nova event matching ['req-e12897d2-05c3-48b3-ab0b-b6f579227db0'] response: {'server_uuid': '5ec1e739-ffa2-4937-a3a6-b005e7f9af25', 'name': 'network-vif-plugged', 'status': 'completed', 'tag': 'd7bf81e9-01b2-484e-bb98-58ea28cd7f2d', 'code': 200}
2026-06-23 19:51:33.911 9 INFO neutron.api.wsgi [None req-9fec4cbe-5cb6-47c7-993e-45c707435ced ca2b19ed40224eb1b0da5de70ee0764c 9579f1c80ad648448bab08eeaf30a647 - - default default] 10.0.0.195 "POST /v2.0/ports HTTP/1.1" status: 201 len: 1149 time: 0.5538023
2026-06-23 19:51:33.961 10 INFO neutron.db.ovn_revision_numbers_db [None req-94fb6c2b-91e1-4fd3-ae93-d0ba70ee5b79 fe824763dac144129c7c1dab12ef1e09 ed786766f47549e795c8a9ed077776ad - - default default] Successfully bumped revision number for resource 08659615-16ee-4c49-be74-33eba58b8f6f (type: floatingips) to 1
2026-06-23 19:51:33.964 9 INFO neutron.api.wsgi [None req-68a3406c-2f01-4239-b8c2-babdd923fc8d a76868aecb664a4c89cc480aba10c830 cfccab92e6de441d80dcc0bdfdd65a78 - - default default] 10.0.0.195 "DELETE /v2.0/floatingips/89f33adb-3a33-47de-9c82-47844198bb8e HTTP/1.1" status: 204 len: 168 time: 0.3839962
2026-06-23 19:51:34.123 10 INFO neutron.db.ovn_revision_numbers_db [None req-94fb6c2b-91e1-4fd3-ae93-d0ba70ee5b79 fe824763dac144129c7c1dab12ef1e09 ed786766f47549e795c8a9ed077776ad - - default default] Successfully bumped revision number for resource 08659615-16ee-4c49-be74-33eba58b8f6f (type: floatingips) to 2
2026-06-23 19:51:34.123 10 INFO neutron.db.l3_db [None req-94fb6c2b-91e1-4fd3-ae93-d0ba70ee5b79 fe824763dac144129c7c1dab12ef1e09 ed786766f47549e795c8a9ed077776ad - - default default] Floating IP 08659615-16ee-4c49-be74-33eba58b8f6f associated. External IP: 10.96.250.207, port: d7bf81e9-01b2-484e-bb98-58ea28cd7f2d.
2026-06-23 19:51:34.171 10 INFO neutron.api.wsgi [None req-94fb6c2b-91e1-4fd3-ae93-d0ba70ee5b79 fe824763dac144129c7c1dab12ef1e09 ed786766f47549e795c8a9ed077776ad - - default default] 10.0.0.195 "PUT /v2.0/floatingips/08659615-16ee-4c49-be74-33eba58b8f6f HTTP/1.1" status: 200 len: 1049 time: 0.6983593
2026-06-23 19:51:34.216 10 INFO neutron.notifiers.nova [-] Nova event matching ['req-dae7cbe4-88cc-491f-b0b4-4a39409f7bd0'] response: {'name': 'network-changed', 'server_uuid': '5ec1e739-ffa2-4937-a3a6-b005e7f9af25', 'tag': 'd7bf81e9-01b2-484e-bb98-58ea28cd7f2d', 'status': 'completed', 'code': 200}
2026-06-23 19:51:34.350 10 INFO neutron.api.wsgi [req-16d305d8-9934-45c4-a8a4-ad53e4f56532 req-b9ce82aa-1fe3-4fe5-bbf3-3660edea995c fe824763dac144129c7c1dab12ef1e09 ed786766f47549e795c8a9ed077776ad - - default default] 10.0.0.169 "GET /v2.0/ports?device_id=5ec1e739-ffa2-4937-a3a6-b005e7f9af25 HTTP/1.1" status: 200 len: 1170 time: 0.1223042
2026-06-23 19:51:34.401 10 INFO neutron.api.wsgi [req-16d305d8-9934-45c4-a8a4-ad53e4f56532 req-8d298bc6-5f6a-4824-b4e3-cd23604e0553 fe824763dac144129c7c1dab12ef1e09 ed786766f47549e795c8a9ed077776ad - - default default] 10.0.0.169 "GET /v2.0/security-groups?id=51d0ae44-98df-452a-b788-50003609f2a9&fields=id&fields=name HTTP/1.1" status: 200 len: 313 time: 0.0445697
2026-06-23 19:51:34.427 10 INFO neutron.api.wsgi [None req-dbf948c7-613e-4c29-8017-c9eeb1df809e ca2b19ed40224eb1b0da5de70ee0764c 9579f1c80ad648448bab08eeaf30a647 - - default default] 10.0.0.195 "DELETE /v2.0/ports/649319c4-8c37-4cd5-acf4-edd75758ecca HTTP/1.1" status: 204 len: 168 time: 0.5067310
2026-06-23 19:51:34.445 10 INFO neutron.pecan_wsgi.hooks.translation [None req-6e785b2a-f035-424c-bd37-0d083273ea1d ca2b19ed40224eb1b0da5de70ee0764c 9579f1c80ad648448bab08eeaf30a647 - - default default] DELETE failed (client error): The resource could not be found.
2026-06-23 19:51:34.447 10 INFO neutron.api.wsgi [None req-6e785b2a-f035-424c-bd37-0d083273ea1d ca2b19ed40224eb1b0da5de70ee0764c 9579f1c80ad648448bab08eeaf30a647 - - default default] 10.0.0.195 "DELETE /v2.0/ports/649319c4-8c37-4cd5-acf4-edd75758ecca HTTP/1.1" status: 404 len: 333 time: 0.0138390 /var/lib/openstack/lib/python3.12/site-packages/pycadf/identifier.py:71: UserWarning: Invalid uuid: neutron. To ensure interoperability, identifiers should be a valid uuid. warnings.warn(('Invalid uuid: %s. To ensure interoperability, '
2026-06-23 19:51:34.471 9 INFO neutron.pecan_wsgi.hooks.translation [None req-6756d05b-6d5b-475c-8249-6d2687c9fe93 ca2b19ed40224eb1b0da5de70ee0764c 9579f1c80ad648448bab08eeaf30a647 - - default default] GET failed (client error): The resource could not be found.
2026-06-23 19:51:34.472 9 INFO neutron.api.wsgi [None req-6756d05b-6d5b-475c-8249-6d2687c9fe93 ca2b19ed40224eb1b0da5de70ee0764c 9579f1c80ad648448bab08eeaf30a647 - - default default] 10.0.0.195 "GET /v2.0/ports/649319c4-8c37-4cd5-acf4-edd75758ecca HTTP/1.1" status: 404 len: 333 time: 0.0202675
2026-06-23 19:51:34.660 9 INFO neutron.api.wsgi [None req-7abdca5e-168b-46e2-b36d-b6df71e767c6 ca2b19ed40224eb1b0da5de70ee0764c 9579f1c80ad648448bab08eeaf30a647 - - default default] 10.0.0.195 "DELETE /v2.0/subnets/0e3698f1-9929-4b68-9584-045ffc1b537e HTTP/1.1" status: 204 len: 168 time: 0.1832371
2026-06-23 19:51:34.725 10 INFO neutron.api.wsgi [req-0f86649e-7d8d-4543-9459-50a18f69ed6f req-b2c4ece8-8a9b-40b1-8bb7-2a2782330826 fe824763dac144129c7c1dab12ef1e09 ed786766f47549e795c8a9ed077776ad - - default default] 10.0.0.169 "GET /v2.0/ports?device_id=5ec1e739-ffa2-4937-a3a6-b005e7f9af25 HTTP/1.1" status: 200 len: 1170 time: 0.0857401
2026-06-23 19:51:34.760 9 INFO neutron.api.wsgi [req-2ebc14f4-a361-4f8e-9f28-cf4f2653dfb4 req-08b443a6-d6d0-4618-8753-be5488fb65c4 bef61817891e405da9e12a063b2da462 960f5e7e69f040abbd6c84f4cbce67f7 - - 4fd31dc5079f4054806622ac13d7d6e1 4fd31dc5079f4054806622ac13d7d6e1] 199.19.213.191 "GET /v2.0/ports?tenant_id=ed786766f47549e795c8a9ed077776ad&device_id=5ec1e739-ffa2-4937-a3a6-b005e7f9af25 HTTP/1.1" status: 200 len: 1409 time: 0.0306339
2026-06-23 19:51:34.793 10 INFO neutron.api.wsgi [req-0f86649e-7d8d-4543-9459-50a18f69ed6f req-3a55d35c-3cb2-44c2-8121-53c75292586a fe824763dac144129c7c1dab12ef1e09 ed786766f47549e795c8a9ed077776ad - - default default] 10.0.0.169 "GET /v2.0/security-groups?id=51d0ae44-98df-452a-b788-50003609f2a9&fields=id&fields=name HTTP/1.1" status: 200 len: 313 time: 0.0601652
2026-06-23 19:51:34.798 9 INFO neutron.api.wsgi [req-2ebc14f4-a361-4f8e-9f28-cf4f2653dfb4 req-61153601-0fbf-4f31-84e0-3d4a0ed91648 bef61817891e405da9e12a063b2da462 960f5e7e69f040abbd6c84f4cbce67f7 - - 4fd31dc5079f4054806622ac13d7d6e1 4fd31dc5079f4054806622ac13d7d6e1] 199.19.213.191 "GET /v2.0/networks?id=41216929-a1fe-4def-9840-9a24aa29fcf5 HTTP/1.1" status: 200 len: 973 time: 0.0344248
2026-06-23 19:51:34.833 9 INFO neutron.api.wsgi [req-2ebc14f4-a361-4f8e-9f28-cf4f2653dfb4 req-d1976442-d5ac-4228-9cab-c47affff7bf1 bef61817891e405da9e12a063b2da462 960f5e7e69f040abbd6c84f4cbce67f7 - - 4fd31dc5079f4054806622ac13d7d6e1 4fd31dc5079f4054806622ac13d7d6e1] 199.19.213.191 "GET /v2.0/floatingips?fixed_ip_address=10.100.0.7&port_id=d7bf81e9-01b2-484e-bb98-58ea28cd7f2d HTTP/1.1" status: 200 len: 1059 time: 0.0304332
2026-06-23 19:51:34.863 9 INFO neutron.api.wsgi [req-2ebc14f4-a361-4f8e-9f28-cf4f2653dfb4 req-3f7ee880-45c9-4ad0-b97d-272b47478ce9 bef61817891e405da9e12a063b2da462 960f5e7e69f040abbd6c84f4cbce67f7 - - 4fd31dc5079f4054806622ac13d7d6e1 4fd31dc5079f4054806622ac13d7d6e1] 199.19.213.191 "GET /v2.0/subnets?id=d0df1f5b-03aa-42e6-8186-14815a841cb7 HTTP/1.1" status: 200 len: 892 time: 0.0266302
2026-06-23 19:51:34.887 9 INFO neutron.api.wsgi [req-2ebc14f4-a361-4f8e-9f28-cf4f2653dfb4 req-afb0d621-543f-48d5-87d4-065dfa95cf5a bef61817891e405da9e12a063b2da462 960f5e7e69f040abbd6c84f4cbce67f7 - - 4fd31dc5079f4054806622ac13d7d6e1 4fd31dc5079f4054806622ac13d7d6e1] 199.19.213.191 "GET /v2.0/ports?network_id=41216929-a1fe-4def-9840-9a24aa29fcf5&device_owner=network%3Adhcp HTTP/1.1" status: 200 len: 210 time: 0.0164950
2026-06-23 19:51:34.931 9 INFO neutron.api.wsgi [req-2ebc14f4-a361-4f8e-9f28-cf4f2653dfb4 req-8fcca842-4201-40ae-ab72-dec221e84ba5 bef61817891e405da9e12a063b2da462 960f5e7e69f040abbd6c84f4cbce67f7 - - 4fd31dc5079f4054806622ac13d7d6e1 4fd31dc5079f4054806622ac13d7d6e1] 199.19.213.191 "GET /v2.0/networks/41216929-a1fe-4def-9840-9a24aa29fcf5?fields=segments HTTP/1.1" status: 200 len: 212 time: 0.0396032
2026-06-23 19:51:34.978 9 INFO neutron.api.wsgi [req-2ebc14f4-a361-4f8e-9f28-cf4f2653dfb4 req-e52a0a7a-fd29-4736-81e0-2f6c5a7337a8 bef61817891e405da9e12a063b2da462 960f5e7e69f040abbd6c84f4cbce67f7 - - 4fd31dc5079f4054806622ac13d7d6e1 4fd31dc5079f4054806622ac13d7d6e1] 199.19.213.191 "GET /v2.0/networks/41216929-a1fe-4def-9840-9a24aa29fcf5?fields=provider%3Aphysical_network&fields=provider%3Anetwork_type HTTP/1.1" status: 200 len: 277 time: 0.0395749
2026-06-23 19:51:35.173 9 INFO neutron.plugins.ml2.drivers.ovn.mech_driver.mech_driver [None req-796d1879-03f1-425e-918a-ae53f7fc34a5 - - - - - -] OVN reports status down for port: d7bf81e9-01b2-484e-bb98-58ea28cd7f2d
2026-06-23 19:51:35.278 10 INFO neutron.services.segments.plugin [-] Segment c937e7aa-5653-453a-9c10-ddb4984439e2 resource provider aggregate not found
2026-06-23 19:51:35.282 10 INFO neutron.services.segments.plugin [-] Segment c937e7aa-5653-453a-9c10-ddb4984439e2 resource provider aggregate not found
2026-06-23 19:51:35.289 10 INFO neutron.services.segments.plugin [-] Segment c937e7aa-5653-453a-9c10-ddb4984439e2 resource provider not found; error: Placement Client Error (4xx): {"errors": [{"status": 404, "title": "Not Found", "detail": "The resource could not be found.\n\n No resource provider with uuid c937e7aa-5653-453a-9c10-ddb4984439e2 found for delete ", "request_id": "req-fb954147-9539-455b-bd9d-89a44a6666b3"}]}
2026-06-23 19:51:35.303 10 INFO neutron.services.segments.plugin [-] Segment c937e7aa-5653-453a-9c10-ddb4984439e2 resource provider not found; error: Placement Client Error (4xx): {"errors": [{"status": 404, "title": "Not Found", "detail": "The resource could not be found.\n\n No resource provider with uuid c937e7aa-5653-453a-9c10-ddb4984439e2 found for delete ", "request_id": "req-57ca0fef-20c7-4aa3-9beb-4bdd5fbe5984"}]}
2026-06-23 19:51:35.323 10 INFO neutron.api.wsgi [None req-bcb76fa7-7834-44e5-935f-616d33f60177 ca2b19ed40224eb1b0da5de70ee0764c 9579f1c80ad648448bab08eeaf30a647 - - default default] 10.0.0.195 "DELETE /v2.0/networks/754398f9-0e31-4ed9-b05d-f3ed7cb96678 HTTP/1.1" status: 204 len: 168 time: 0.6473076
2026-06-23 19:51:35.334 10 WARNING neutron_lib.context [None req-737a8864-cd73-4e51-b686-2ffafbda4d0f ca2b19ed40224eb1b0da5de70ee0764c 9579f1c80ad648448bab08eeaf30a647 - - default default] Method 'is_advsvc' is deprecated since 2023.2 release (neutron-lib 3.8.0) and will be removed once support for the old RBAC API policies will be removed from Neutron. Please use method 'is_service_role' instead.
2026-06-23 19:51:35.392 9 INFO neutron.db.ovn_revision_numbers_db [None req-796d1879-03f1-425e-918a-ae53f7fc34a5 - - - - - -] Successfully bumped revision number for resource d7bf81e9-01b2-484e-bb98-58ea28cd7f2d (type: ports) to 6
2026-06-23 19:51:35.427 10 INFO neutron.db.segments_db [None req-737a8864-cd73-4e51-b686-2ffafbda4d0f ca2b19ed40224eb1b0da5de70ee0764c 9579f1c80ad648448bab08eeaf30a647 - - default default] Added segment 6936fa90-c15f-4351-bed9-d85d1ffe7756 of type geneve for network 39b44c6d-e286-4d1b-a27f-4c223a07fb5f
