2026-06-23 19:54:27.743 9 WARNING neutron_lib.context [None req-4b1d2468-f4e1-456d-8f73-e7dfeaabd4d2 a9e25cdff4324bec81147319dcb2d336 9c0fb1085d134f1b9ef99da7a97472d6 - - default default] Method 'is_advsvc' is deprecated since 2023.2 release (neutron-lib 3.8.0) and will be removed once support for the old RBAC API policies will be removed from Neutron. Please use method 'is_service_role' instead.
2026-06-23 19:54:28.030 9 WARNING neutron.scheduler.dhcp_agent_scheduler [None req-4b1d2468-f4e1-456d-8f73-e7dfeaabd4d2 a9e25cdff4324bec81147319dcb2d336 9c0fb1085d134f1b9ef99da7a97472d6 - - default default] No more DHCP agents
2026-06-23 19:54:28.031 9 WARNING neutron.api.rpc.agentnotifiers.dhcp_rpc_agent_api [None req-4b1d2468-f4e1-456d-8f73-e7dfeaabd4d2 a9e25cdff4324bec81147319dcb2d336 9c0fb1085d134f1b9ef99da7a97472d6 - - default default] Unable to schedule network 1017c562-bdd1-4aab-b3c7-7d69eb17b5b2: no agents available; will retry on subsequent port and subnet creation events.
2026-06-23 19:54:28.055 9 INFO neutron.plugins.ml2.drivers.ovn.mech_driver.mech_driver [None req-1a5294e3-3ce1-44b0-a478-6a7b6db0b2c9 - - - - - -] OVN reports status up for port: b03b3a3e-ba0f-4f2c-be94-bc4b24110402
2026-06-23 19:54:28.064 9 INFO neutron.plugins.ml2.plugin [None req-1a5294e3-3ce1-44b0-a478-6a7b6db0b2c9 - - - - - -] Attempt 1 to provision port b03b3a3e-ba0f-4f2c-be94-bc4b24110402
2026-06-23 19:54:28.074 10 INFO neutron.db.ovn_revision_numbers_db [None req-2a3c2754-2743-497c-a257-35e6c04a9e93 b00797ae529f42b897dd794041820f5b 9d07abbcab7d409894d3ab20d19f2bff - - default default] Successfully bumped revision number for resource b03b3a3e-ba0f-4f2c-be94-bc4b24110402 (type: ports) to 1
2026-06-23 19:54:28.138 10 WARNING neutron.scheduler.dhcp_agent_scheduler [None req-2a3c2754-2743-497c-a257-35e6c04a9e93 b00797ae529f42b897dd794041820f5b 9d07abbcab7d409894d3ab20d19f2bff - - default default] No more DHCP agents
2026-06-23 19:54:28.139 10 WARNING neutron.api.rpc.agentnotifiers.dhcp_rpc_agent_api [None req-2a3c2754-2743-497c-a257-35e6c04a9e93 b00797ae529f42b897dd794041820f5b 9d07abbcab7d409894d3ab20d19f2bff - - default default] Unable to schedule network 586722ff-c5dc-434d-bcd3-b36de4b3926b: no agents available; will retry on subsequent port and subnet creation events.
2026-06-23 19:54:28.146 9 INFO neutron.db.ovn_revision_numbers_db [None req-4b1d2468-f4e1-456d-8f73-e7dfeaabd4d2 a9e25cdff4324bec81147319dcb2d336 9c0fb1085d134f1b9ef99da7a97472d6 - - default default] Successfully bumped revision number for resource fb616418-0578-4d3d-929e-cb2f38fabd2c (type: ports) to 1
2026-06-23 19:54:28.182 9 INFO neutron.api.wsgi [None req-4b1d2468-f4e1-456d-8f73-e7dfeaabd4d2 a9e25cdff4324bec81147319dcb2d336 9c0fb1085d134f1b9ef99da7a97472d6 - - default default] 10.0.0.195 "POST /v2.0/ports HTTP/1.1" status: 201 len: 942 time: 0.4439468 /var/lib/openstack/lib/python3.12/site-packages/pycadf/identifier.py:71: UserWarning: Invalid uuid: neutron. To ensure interoperability, identifiers should be a valid uuid. warnings.warn(('Invalid uuid: %s. To ensure interoperability, '
2026-06-23 19:54:28.193 9 WARNING neutron_lib.context [None req-42e43f24-34da-4112-b853-aca7d9ef37e7 a9e25cdff4324bec81147319dcb2d336 9c0fb1085d134f1b9ef99da7a97472d6 - - default default] Method 'is_advsvc' is deprecated since 2023.2 release (neutron-lib 3.8.0) and will be removed once support for the old RBAC API policies will be removed from Neutron. Please use method 'is_service_role' instead.
2026-06-23 19:54:28.295 9 INFO neutron.db.segments_db [None req-42e43f24-34da-4112-b853-aca7d9ef37e7 a9e25cdff4324bec81147319dcb2d336 9c0fb1085d134f1b9ef99da7a97472d6 - - default default] Added segment 73e268ee-0de1-4074-aae8-07cbe8db9730 of type geneve for network 55312238-2163-4e79-989e-199cadf537a8
2026-06-23 19:54:28.424 10 INFO neutron.db.ovn_revision_numbers_db [None req-92f6b6fe-9b90-4fcb-8743-6257c81ccf14 c5b6ef7ced2d469bbca1220cc95503bc 5905adb67e3e447c965b1bb724244ab6 - - default default] Successfully bumped revision number for resource d32cea34-09fc-469b-8e2b-80f5510e3b5a (type: security_groups) to 1
2026-06-23 19:54:28.430 9 INFO neutron.db.ovn_revision_numbers_db [None req-42e43f24-34da-4112-b853-aca7d9ef37e7 a9e25cdff4324bec81147319dcb2d336 9c0fb1085d134f1b9ef99da7a97472d6 - - default default] Successfully bumped revision number for resource 55312238-2163-4e79-989e-199cadf537a8 (type: networks) to 1
2026-06-23 19:54:28.455 10 INFO neutron.db.ovn_revision_numbers_db [None req-92f6b6fe-9b90-4fcb-8743-6257c81ccf14 c5b6ef7ced2d469bbca1220cc95503bc 5905adb67e3e447c965b1bb724244ab6 - - default default] Successfully bumped revision number for resource 2c5bb8bb-bbe1-4a86-9b24-8e11535f84f6 (type: security_group_rules) to 0
2026-06-23 19:54:28.475 10 INFO neutron.db.ovn_revision_numbers_db [None req-92f6b6fe-9b90-4fcb-8743-6257c81ccf14 c5b6ef7ced2d469bbca1220cc95503bc 5905adb67e3e447c965b1bb724244ab6 - - default default] Successfully bumped revision number for resource 4ff67291-194d-40fc-9f36-ba0bad21d5ba (type: security_group_rules) to 0
2026-06-23 19:54:28.494 10 INFO neutron.db.ovn_revision_numbers_db [None req-92f6b6fe-9b90-4fcb-8743-6257c81ccf14 c5b6ef7ced2d469bbca1220cc95503bc 5905adb67e3e447c965b1bb724244ab6 - - default default] Successfully bumped revision number for resource ac3c2aca-a74a-4775-9574-e3f228e2766f (type: security_group_rules) to 0
2026-06-23 19:54:28.512 10 INFO neutron.db.ovn_revision_numbers_db [None req-92f6b6fe-9b90-4fcb-8743-6257c81ccf14 c5b6ef7ced2d469bbca1220cc95503bc 5905adb67e3e447c965b1bb724244ab6 - - default default] Successfully bumped revision number for resource c5c575bd-4ecc-4d46-81c2-2e35225787ca (type: security_group_rules) to 0
2026-06-23 19:54:28.524 10 INFO neutron.db.ovn_revision_numbers_db [None req-2a3c2754-2743-497c-a257-35e6c04a9e93 b00797ae529f42b897dd794041820f5b 9d07abbcab7d409894d3ab20d19f2bff - - default default] Successfully bumped revision number for resource b03b3a3e-ba0f-4f2c-be94-bc4b24110402 (type: router_ports) to 1
2026-06-23 19:54:28.530 10 INFO neutron.api.wsgi [None req-2a3c2754-2743-497c-a257-35e6c04a9e93 b00797ae529f42b897dd794041820f5b 9d07abbcab7d409894d3ab20d19f2bff - - default default] 10.0.0.195 "PUT /v2.0/routers/232a7f48-206d-43b0-82c4-478dda2d5fed/add_router_interface HTTP/1.1" status: 200 len: 503 time: 1.8362584
2026-06-23 19:54:28.562 10 INFO neutron.api.wsgi [None req-92f6b6fe-9b90-4fcb-8743-6257c81ccf14 c5b6ef7ced2d469bbca1220cc95503bc 5905adb67e3e447c965b1bb724244ab6 - - default default] 10.0.0.195 "GET /v2.0/security-groups?tenant_id=71c9333cf5e2408fa2c5b807a46fb1f9&name=default HTTP/1.1" status: 200 len: 3120 time: 0.5760243
2026-06-23 19:54:28.709 9 INFO neutron.db.ovn_revision_numbers_db [None req-1a5294e3-3ce1-44b0-a478-6a7b6db0b2c9 - - - - - -] Successfully bumped revision number for resource b03b3a3e-ba0f-4f2c-be94-bc4b24110402 (type: ports) to 2
2026-06-23 19:54:28.715 9 WARNING neutron.scheduler.dhcp_agent_scheduler [None req-42e43f24-34da-4112-b853-aca7d9ef37e7 a9e25cdff4324bec81147319dcb2d336 9c0fb1085d134f1b9ef99da7a97472d6 - - default default] No more DHCP agents
2026-06-23 19:54:28.717 9 WARNING neutron.api.rpc.agentnotifiers.dhcp_rpc_agent_api [None req-42e43f24-34da-4112-b853-aca7d9ef37e7 a9e25cdff4324bec81147319dcb2d336 9c0fb1085d134f1b9ef99da7a97472d6 - - default default] Unable to schedule network 55312238-2163-4e79-989e-199cadf537a8: no agents available; will retry on subsequent port and subnet creation events.
2026-06-23 19:54:28.820 9 INFO neutron.db.ovn_revision_numbers_db [None req-42e43f24-34da-4112-b853-aca7d9ef37e7 a9e25cdff4324bec81147319dcb2d336 9c0fb1085d134f1b9ef99da7a97472d6 - - default default] Successfully bumped revision number for resource 5117b0e1-99e0-4228-a1c1-2e8382026446 (type: ports) to 1
2026-06-23 19:54:28.849 9 WARNING neutron_lib.context [None req-17eb46e9-a45a-46f5-87ec-ea7f0fa5fa84 cb87cddf26634809a2c063bb8b1640ab b53e93c872e14f93a4a418e5264e059f - - default default] Method 'is_advsvc' is deprecated since 2023.2 release (neutron-lib 3.8.0) and will be removed once support for the old RBAC API policies will be removed from Neutron. Please use method 'is_service_role' instead.
2026-06-23 19:54:28.854 9 INFO neutron.api.wsgi [None req-42e43f24-34da-4112-b853-aca7d9ef37e7 a9e25cdff4324bec81147319dcb2d336 9c0fb1085d134f1b9ef99da7a97472d6 - - default default] 10.0.0.195 "POST /v2.0/networks HTTP/1.1" status: 201 len: 831 time: 0.6661201
2026-06-23 19:54:28.868 9 WARNING neutron_lib.context [None req-3f79cbd6-e036-4c53-a909-341e83ad2ed5 a9e25cdff4324bec81147319dcb2d336 9c0fb1085d134f1b9ef99da7a97472d6 - - default default] Method 'is_advsvc' is deprecated since 2023.2 release (neutron-lib 3.8.0) and will be removed once support for the old RBAC API policies will be removed from Neutron. Please use method 'is_service_role' instead.
2026-06-23 19:54:28.919 9 INFO neutron.api.wsgi [None req-9c78d366-2885-4e4a-8284-afc77fe16efd c5b6ef7ced2d469bbca1220cc95503bc 5905adb67e3e447c965b1bb724244ab6 - - default default] 10.0.0.195 "DELETE /v2.0/security-groups/d32cea34-09fc-469b-8e2b-80f5510e3b5a HTTP/1.1" status: 204 len: 168 time: 0.3502636
2026-06-23 19:54:29.020 10 WARNING neutron.scheduler.dhcp_agent_scheduler [None req-4ef513f9-bbcc-404e-b12b-36e7803a52aa - - - - - -] No more DHCP agents
2026-06-23 19:54:29.022 10 WARNING neutron.api.rpc.agentnotifiers.dhcp_rpc_agent_api [None req-4ef513f9-bbcc-404e-b12b-36e7803a52aa - - - - - -] Unable to schedule network fc8dd96c-e655-4837-bd71-a61a77ef4ad4: no agents available; will retry on subsequent port and subnet creation events.
2026-06-23 19:54:29.063 9 INFO neutron.db.ovn_revision_numbers_db [None req-17eb46e9-a45a-46f5-87ec-ea7f0fa5fa84 cb87cddf26634809a2c063bb8b1640ab b53e93c872e14f93a4a418e5264e059f - - default default] Successfully bumped revision number for resource 5610a12d-9408-40a8-89e4-397f500f1575 (type: security_groups) to 1
2026-06-23 19:54:29.082 9 INFO neutron.db.ovn_revision_numbers_db [None req-17eb46e9-a45a-46f5-87ec-ea7f0fa5fa84 cb87cddf26634809a2c063bb8b1640ab b53e93c872e14f93a4a418e5264e059f - - default default] Successfully bumped revision number for resource 94b80ced-8a8a-4dec-9aba-1cb4ecc124d2 (type: security_group_rules) to 0
2026-06-23 19:54:29.102 9 INFO neutron.db.ovn_revision_numbers_db [None req-17eb46e9-a45a-46f5-87ec-ea7f0fa5fa84 cb87cddf26634809a2c063bb8b1640ab b53e93c872e14f93a4a418e5264e059f - - default default] Successfully bumped revision number for resource ba1de050-4c6c-4375-9550-a9e72e289e0c (type: security_group_rules) to 0
2026-06-23 19:54:29.127 9 INFO neutron.db.ovn_revision_numbers_db [None req-17eb46e9-a45a-46f5-87ec-ea7f0fa5fa84 cb87cddf26634809a2c063bb8b1640ab b53e93c872e14f93a4a418e5264e059f - - default default] Successfully bumped revision number for resource d3df08e9-4f07-4ba9-b379-2ef93042184e (type: security_group_rules) to 0
2026-06-23 19:54:29.147 9 INFO neutron.db.ovn_revision_numbers_db [None req-17eb46e9-a45a-46f5-87ec-ea7f0fa5fa84 cb87cddf26634809a2c063bb8b1640ab b53e93c872e14f93a4a418e5264e059f - - default default] Successfully bumped revision number for resource ddae359e-0b76-4d70-8ed7-15452041efdd (type: security_group_rules) to 0
2026-06-23 19:54:29.160 9 WARNING neutron.scheduler.dhcp_agent_scheduler [None req-3f79cbd6-e036-4c53-a909-341e83ad2ed5 a9e25cdff4324bec81147319dcb2d336 9c0fb1085d134f1b9ef99da7a97472d6 - - default default] No more DHCP agents
2026-06-23 19:54:29.162 9 WARNING neutron.api.rpc.agentnotifiers.dhcp_rpc_agent_api [None req-3f79cbd6-e036-4c53-a909-341e83ad2ed5 a9e25cdff4324bec81147319dcb2d336 9c0fb1085d134f1b9ef99da7a97472d6 - - default default] Unable to schedule network 55312238-2163-4e79-989e-199cadf537a8: no agents available; will retry on subsequent port and subnet creation events.
2026-06-23 19:54:29.226 9 INFO neutron.db.segments_db [None req-17eb46e9-a45a-46f5-87ec-ea7f0fa5fa84 cb87cddf26634809a2c063bb8b1640ab b53e93c872e14f93a4a418e5264e059f - - default default] Added segment b738381e-7906-43c6-b8fc-e9a27f8032ce of type geneve for network 65078c60-14e8-4375-bbae-e8b3b51bcb7c
2026-06-23 19:54:29.245 9 INFO neutron.db.ovn_revision_numbers_db [None req-3f79cbd6-e036-4c53-a909-341e83ad2ed5 a9e25cdff4324bec81147319dcb2d336 9c0fb1085d134f1b9ef99da7a97472d6 - - default default] Successfully bumped revision number for resource 78e17749-abf6-4af8-abab-a88cb604481e (type: ports) to 1
2026-06-23 19:54:29.269 9 INFO neutron.api.wsgi [None req-3f79cbd6-e036-4c53-a909-341e83ad2ed5 a9e25cdff4324bec81147319dcb2d336 9c0fb1085d134f1b9ef99da7a97472d6 - - default default] 10.0.0.195 "POST /v2.0/ports HTTP/1.1" status: 201 len: 942 time: 0.4050586 /var/lib/openstack/lib/python3.12/site-packages/pycadf/identifier.py:71: UserWarning: Invalid uuid: neutron. To ensure interoperability, identifiers should be a valid uuid. warnings.warn(('Invalid uuid: %s. To ensure interoperability, '
2026-06-23 19:54:29.280 9 WARNING neutron_lib.context [None req-94f623bb-8c1f-42fc-a592-6b1fd998c1b9 a9e25cdff4324bec81147319dcb2d336 9c0fb1085d134f1b9ef99da7a97472d6 - - default default] Method 'is_advsvc' is deprecated since 2023.2 release (neutron-lib 3.8.0) and will be removed once support for the old RBAC API policies will be removed from Neutron. Please use method 'is_service_role' instead.
2026-06-23 19:54:29.381 9 INFO neutron.db.ovn_revision_numbers_db [None req-17eb46e9-a45a-46f5-87ec-ea7f0fa5fa84 cb87cddf26634809a2c063bb8b1640ab b53e93c872e14f93a4a418e5264e059f - - default default] Successfully bumped revision number for resource 65078c60-14e8-4375-bbae-e8b3b51bcb7c (type: networks) to 1
2026-06-23 19:54:29.393 9 INFO neutron.db.segments_db [None req-94f623bb-8c1f-42fc-a592-6b1fd998c1b9 a9e25cdff4324bec81147319dcb2d336 9c0fb1085d134f1b9ef99da7a97472d6 - - default default] Added segment d1bd51d1-649e-491e-830b-227f78aa607f of type geneve for network cd597e8d-7e71-47c0-8232-f91e3be94956
2026-06-23 19:54:29.457 10 INFO neutron.db.ovn_revision_numbers_db [None req-4ef513f9-bbcc-404e-b12b-36e7803a52aa - - - - - -] Successfully bumped revision number for resource bfdd2665-6924-42df-986c-864dafdfa59b (type: ports) to 1
2026-06-23 19:54:29.461 10 INFO neutron.db.ovn_revision_numbers_db [None req-3fc6e0bd-3604-44f4-b464-118000b29ac8 c5b6ef7ced2d469bbca1220cc95503bc 5905adb67e3e447c965b1bb724244ab6 - - default default] Successfully bumped revision number for resource 3a93ab43-de1a-4af3-b53e-26b056d1e8af (type: security_groups) to 1
2026-06-23 19:54:29.473 10 INFO neutron.db.ovn_revision_numbers_db [None req-3fc6e0bd-3604-44f4-b464-118000b29ac8 c5b6ef7ced2d469bbca1220cc95503bc 5905adb67e3e447c965b1bb724244ab6 - - default default] Successfully bumped revision number for resource 51dc3c24-a494-4378-b2ce-b55ce568a662 (type: security_group_rules) to 0
2026-06-23 19:54:29.496 10 INFO neutron.db.ovn_revision_numbers_db [None req-3fc6e0bd-3604-44f4-b464-118000b29ac8 c5b6ef7ced2d469bbca1220cc95503bc 5905adb67e3e447c965b1bb724244ab6 - - default default] Successfully bumped revision number for resource 6737ab4b-62bc-4255-b2a8-dadb0609eb92 (type: security_group_rules) to 0
2026-06-23 19:54:29.511 10 INFO neutron.db.ovn_revision_numbers_db [None req-3fc6e0bd-3604-44f4-b464-118000b29ac8 c5b6ef7ced2d469bbca1220cc95503bc 5905adb67e3e447c965b1bb724244ab6 - - default default] Successfully bumped revision number for resource 93ea22d7-2f91-41c1-bc6f-663834c97c28 (type: security_group_rules) to 0
2026-06-23 19:54:29.531 10 INFO neutron.db.ovn_revision_numbers_db [None req-3fc6e0bd-3604-44f4-b464-118000b29ac8 c5b6ef7ced2d469bbca1220cc95503bc 5905adb67e3e447c965b1bb724244ab6 - - default default] Successfully bumped revision number for resource bb7dc1fa-ff0f-44f1-9963-46f366854fe4 (type: security_group_rules) to 0
2026-06-23 19:54:29.556 9 INFO neutron.db.ovn_revision_numbers_db [None req-94f623bb-8c1f-42fc-a592-6b1fd998c1b9 a9e25cdff4324bec81147319dcb2d336 9c0fb1085d134f1b9ef99da7a97472d6 - - default default] Successfully bumped revision number for resource cd597e8d-7e71-47c0-8232-f91e3be94956 (type: networks) to 1
2026-06-23 19:54:29.574 10 INFO neutron.api.wsgi [None req-3fc6e0bd-3604-44f4-b464-118000b29ac8 c5b6ef7ced2d469bbca1220cc95503bc 5905adb67e3e447c965b1bb724244ab6 - - default default] 10.0.0.195 "GET /v2.0/security-groups?tenant_id=f0bedff063b14defab5773dd784f1697&name=default HTTP/1.1" status: 200 len: 3124 time: 0.5346410
2026-06-23 19:54:29.578 9 WARNING neutron.scheduler.dhcp_agent_scheduler [None req-17eb46e9-a45a-46f5-87ec-ea7f0fa5fa84 cb87cddf26634809a2c063bb8b1640ab b53e93c872e14f93a4a418e5264e059f - - default default] No more DHCP agents
2026-06-23 19:54:29.580 9 WARNING neutron.api.rpc.agentnotifiers.dhcp_rpc_agent_api [None req-17eb46e9-a45a-46f5-87ec-ea7f0fa5fa84 cb87cddf26634809a2c063bb8b1640ab b53e93c872e14f93a4a418e5264e059f - - default default] Unable to schedule network 65078c60-14e8-4375-bbae-e8b3b51bcb7c: no agents available; will retry on subsequent port and subnet creation events.
2026-06-23 19:54:29.652 9 INFO neutron.db.ovn_revision_numbers_db [None req-17eb46e9-a45a-46f5-87ec-ea7f0fa5fa84 cb87cddf26634809a2c063bb8b1640ab b53e93c872e14f93a4a418e5264e059f - - default default] Successfully bumped revision number for resource 6a7fb8f0-e12b-463e-aed5-ab408bec4aa8 (type: ports) to 1
2026-06-23 19:54:29.678 9 INFO neutron.api.wsgi [None req-17eb46e9-a45a-46f5-87ec-ea7f0fa5fa84 cb87cddf26634809a2c063bb8b1640ab b53e93c872e14f93a4a418e5264e059f - - default default] 10.0.0.195 "POST /v2.0/networks HTTP/1.1" status: 201 len: 830 time: 0.8683014
2026-06-23 19:54:29.692 10 WARNING neutron_lib.context [None req-9861f2d5-a889-4840-88c1-adba2a52ce49 cb87cddf26634809a2c063bb8b1640ab b53e93c872e14f93a4a418e5264e059f - - default default] Method 'is_advsvc' is deprecated since 2023.2 release (neutron-lib 3.8.0) and will be removed once support for the old RBAC API policies will be removed from Neutron. Please use method 'is_service_role' instead.
2026-06-23 19:54:29.716 9 WARNING neutron.scheduler.dhcp_agent_scheduler [None req-94f623bb-8c1f-42fc-a592-6b1fd998c1b9 a9e25cdff4324bec81147319dcb2d336 9c0fb1085d134f1b9ef99da7a97472d6 - - default default] No more DHCP agents
2026-06-23 19:54:29.718 9 WARNING neutron.api.rpc.agentnotifiers.dhcp_rpc_agent_api [None req-94f623bb-8c1f-42fc-a592-6b1fd998c1b9 a9e25cdff4324bec81147319dcb2d336 9c0fb1085d134f1b9ef99da7a97472d6 - - default default] Unable to schedule network cd597e8d-7e71-47c0-8232-f91e3be94956: no agents available; will retry on subsequent port and subnet creation events.
2026-06-23 19:54:29.738 10 INFO neutron.db.ovn_revision_numbers_db [None req-4ef513f9-bbcc-404e-b12b-36e7803a52aa - - - - - -] Successfully bumped revision number for resource bfdd2665-6924-42df-986c-864dafdfa59b (type: ports) to 3
2026-06-23 19:54:29.790 9 INFO neutron.db.ovn_revision_numbers_db [None req-94f623bb-8c1f-42fc-a592-6b1fd998c1b9 a9e25cdff4324bec81147319dcb2d336 9c0fb1085d134f1b9ef99da7a97472d6 - - default default] Successfully bumped revision number for resource a912ac64-ba15-496a-aaa6-ec2ee543353e (type: ports) to 1
2026-06-23 19:54:29.811 10 INFO neutron.db.segments_db [None req-4ef513f9-bbcc-404e-b12b-36e7803a52aa - - - - - -] Added segment 36234c2b-5c94-4b4f-8760-116b30b5dc18 of type geneve for network 682088ed-717b-44cc-a447-d7f399d0d802
2026-06-23 19:54:29.813 9 INFO neutron.api.wsgi [None req-94f623bb-8c1f-42fc-a592-6b1fd998c1b9 a9e25cdff4324bec81147319dcb2d336 9c0fb1085d134f1b9ef99da7a97472d6 - - default default] 10.0.0.195 "POST /v2.0/networks HTTP/1.1" status: 201 len: 830 time: 0.5363529
2026-06-23 19:54:29.822 9 WARNING neutron_lib.context [None req-6df7a1b4-8622-4a1b-a184-81b60259c0f1 a9e25cdff4324bec81147319dcb2d336 9c0fb1085d134f1b9ef99da7a97472d6 - - default default] Method 'is_advsvc' is deprecated since 2023.2 release (neutron-lib 3.8.0) and will be removed once support for the old RBAC API policies will be removed from Neutron. Please use method 'is_service_role' instead.
2026-06-23 19:54:29.836 10 INFO neutron.api.wsgi [None req-10d5bcee-b55e-4d04-b520-ac383d6e6646 c5b6ef7ced2d469bbca1220cc95503bc 5905adb67e3e447c965b1bb724244ab6 - - default default] 10.0.0.195 "DELETE /v2.0/security-groups/3a93ab43-de1a-4af3-b53e-26b056d1e8af HTTP/1.1" status: 204 len: 168 time: 0.2572815
2026-06-23 19:54:29.951 10 WARNING neutron.scheduler.dhcp_agent_scheduler [None req-9861f2d5-a889-4840-88c1-adba2a52ce49 cb87cddf26634809a2c063bb8b1640ab b53e93c872e14f93a4a418e5264e059f - - default default] No more DHCP agents
2026-06-23 19:54:29.952 10 WARNING neutron.api.rpc.agentnotifiers.dhcp_rpc_agent_api [None req-9861f2d5-a889-4840-88c1-adba2a52ce49 cb87cddf26634809a2c063bb8b1640ab b53e93c872e14f93a4a418e5264e059f - - default default] Unable to schedule network 65078c60-14e8-4375-bbae-e8b3b51bcb7c: no agents available; will retry on subsequent port and subnet creation events.
2026-06-23 19:54:29.980 10 INFO neutron.db.ovn_revision_numbers_db [None req-f081ef6c-c1a1-44bf-bc32-683391b3690e - - - - - -] Successfully bumped revision number for resource 682088ed-717b-44cc-a447-d7f399d0d802 (type: networks) to 1
2026-06-23 19:54:30.043 10 WARNING neutron.plugins.ml2.drivers.ovn.mech_driver.ovsdb.ovn_client [None req-d0f60840-dc36-46f1-a56e-12797d38b1ac - - - - - -] No hosting information found for port ed8eed60-3251-4c30-8a4f-59dd6e556d36: RuntimeError: No hosting information found for port ed8eed60-3251-4c30-8a4f-59dd6e556d36
2026-06-23 19:54:30.097 9 WARNING neutron.scheduler.dhcp_agent_scheduler [None req-6df7a1b4-8622-4a1b-a184-81b60259c0f1 a9e25cdff4324bec81147319dcb2d336 9c0fb1085d134f1b9ef99da7a97472d6 - - default default] No more DHCP agents
2026-06-23 19:54:30.098 9 WARNING neutron.api.rpc.agentnotifiers.dhcp_rpc_agent_api [None req-6df7a1b4-8622-4a1b-a184-81b60259c0f1 a9e25cdff4324bec81147319dcb2d336 9c0fb1085d134f1b9ef99da7a97472d6 - - default default] Unable to schedule network cd597e8d-7e71-47c0-8232-f91e3be94956: no agents available; will retry on subsequent port and subnet creation events.
2026-06-23 19:54:30.150 9 INFO neutron.db.ovn_revision_numbers_db [None req-46e25886-7ed3-4846-86e8-882399e5943f c5b6ef7ced2d469bbca1220cc95503bc 5905adb67e3e447c965b1bb724244ab6 - - default default] Successfully bumped revision number for resource e74ad1f0-d142-48c8-a58f-211dd80ef39b (type: security_groups) to 1
2026-06-23 19:54:30.165 9 INFO neutron.db.ovn_revision_numbers_db [None req-46e25886-7ed3-4846-86e8-882399e5943f c5b6ef7ced2d469bbca1220cc95503bc 5905adb67e3e447c965b1bb724244ab6 - - default default] Successfully bumped revision number for resource 177597a0-0282-437e-b2b7-d7cc739d4492 (type: security_group_rules) to 0
2026-06-23 19:54:30.170 10 WARNING neutron.scheduler.dhcp_agent_scheduler [None req-f081ef6c-c1a1-44bf-bc32-683391b3690e - - - - - -] No more DHCP agents
2026-06-23 19:54:30.174 10 WARNING neutron.api.rpc.agentnotifiers.dhcp_rpc_agent_api [None req-f081ef6c-c1a1-44bf-bc32-683391b3690e - - - - - -] Unable to schedule network 682088ed-717b-44cc-a447-d7f399d0d802: no agents available; will retry on subsequent port and subnet creation events.
2026-06-23 19:54:30.186 9 INFO neutron.db.ovn_revision_numbers_db [None req-46e25886-7ed3-4846-86e8-882399e5943f c5b6ef7ced2d469bbca1220cc95503bc 5905adb67e3e447c965b1bb724244ab6 - - default default] Successfully bumped revision number for resource 23b944d4-ce47-4e86-9685-c29ed845fa59 (type: security_group_rules) to 0
2026-06-23 19:54:30.200 9 INFO neutron.db.ovn_revision_numbers_db [None req-46e25886-7ed3-4846-86e8-882399e5943f c5b6ef7ced2d469bbca1220cc95503bc 5905adb67e3e447c965b1bb724244ab6 - - default default] Successfully bumped revision number for resource b92fe107-7771-406c-85c5-dd1050b21712 (type: security_group_rules) to 0
2026-06-23 19:54:30.205 9 INFO neutron.db.ovn_revision_numbers_db [None req-6df7a1b4-8622-4a1b-a184-81b60259c0f1 a9e25cdff4324bec81147319dcb2d336 9c0fb1085d134f1b9ef99da7a97472d6 - - default default] Successfully bumped revision number for resource e2667ec4-6731-4c1e-abae-9e663e432e4d (type: ports) to 1
2026-06-23 19:54:30.216 10 INFO neutron.db.ovn_revision_numbers_db [None req-d0f60840-dc36-46f1-a56e-12797d38b1ac - - - - - -] Successfully bumped revision number for resource ed8eed60-3251-4c30-8a4f-59dd6e556d36 (type: router_ports) to 2
2026-06-23 19:54:30.222 9 INFO neutron.db.ovn_revision_numbers_db [None req-46e25886-7ed3-4846-86e8-882399e5943f c5b6ef7ced2d469bbca1220cc95503bc 5905adb67e3e447c965b1bb724244ab6 - - default default] Successfully bumped revision number for resource efa154c8-1bee-4209-9d87-d30e515588e8 (type: security_group_rules) to 0
2026-06-23 19:54:30.233 9 INFO neutron.api.wsgi [None req-6df7a1b4-8622-4a1b-a184-81b60259c0f1 a9e25cdff4324bec81147319dcb2d336 9c0fb1085d134f1b9ef99da7a97472d6 - - default default] 10.0.0.195 "POST /v2.0/ports HTTP/1.1" status: 201 len: 942 time: 0.4152660
2026-06-23 19:54:30.249 10 WARNING neutron_lib.context [None req-8406a2d6-3875-4ae5-b689-a69ca3c1ce7e a9e25cdff4324bec81147319dcb2d336 9c0fb1085d134f1b9ef99da7a97472d6 - - default default] Method 'is_advsvc' is deprecated since 2023.2 release (neutron-lib 3.8.0) and will be removed once support for the old RBAC API policies will be removed from Neutron. Please use method 'is_service_role' instead.
2026-06-23 19:54:30.262 9 INFO neutron.api.wsgi [None req-46e25886-7ed3-4846-86e8-882399e5943f c5b6ef7ced2d469bbca1220cc95503bc 5905adb67e3e447c965b1bb724244ab6 - - default default] 10.0.0.195 "GET /v2.0/security-groups?tenant_id=51a7354f316943d18d19970930b72438&name=default HTTP/1.1" status: 200 len: 3124 time: 0.2517853 /var/lib/openstack/lib/python3.12/site-packages/pycadf/identifier.py:71: UserWarning: Invalid uuid: neutron. To ensure interoperability, identifiers should be a valid uuid. warnings.warn(('Invalid uuid: %s. To ensure interoperability, '
2026-06-23 19:54:30.278 10 INFO neutron.db.ovn_revision_numbers_db [None req-f081ef6c-c1a1-44bf-bc32-683391b3690e - - - - - -] Successfully bumped revision number for resource 9e06b2fc-da12-42a8-ad11-a8decfcbaa96 (type: ports) to 1
2026-06-23 19:54:30.313 10 INFO neutron.plugins.ml2.drivers.ovn.mech_driver.mech_driver [None req-d0f60840-dc36-46f1-a56e-12797d38b1ac - - - - - -] OVN reports status up for port: b2d9e7c8-c1a4-4a4b-943f-82c35dc9ee31
2026-06-23 19:54:30.330 10 INFO neutron.plugins.ml2.plugin [None req-d0f60840-dc36-46f1-a56e-12797d38b1ac - - - - - -] Attempt 1 to provision port b2d9e7c8-c1a4-4a4b-943f-82c35dc9ee31
2026-06-23 19:54:30.390 10 INFO neutron.db.segments_db [None req-8406a2d6-3875-4ae5-b689-a69ca3c1ce7e a9e25cdff4324bec81147319dcb2d336 9c0fb1085d134f1b9ef99da7a97472d6 - - default default] Added segment 8fee1886-7a5b-400f-81ee-1ccc9e277847 of type geneve for network cd143b72-db0a-474c-98f5-c910e78ebf97
2026-06-23 19:54:30.460 9 INFO neutron.api.wsgi [None req-6fe2f14d-4bcd-452d-9179-8d4e1b362098 c5b6ef7ced2d469bbca1220cc95503bc 5905adb67e3e447c965b1bb724244ab6 - - default default] 10.0.0.195 "DELETE /v2.0/security-groups/e74ad1f0-d142-48c8-a58f-211dd80ef39b HTTP/1.1" status: 204 len: 168 time: 0.1900892
2026-06-23 19:54:30.535 10 WARNING neutron.scheduler.dhcp_agent_scheduler [None req-f081ef6c-c1a1-44bf-bc32-683391b3690e - - - - - -] No more DHCP agents
2026-06-23 19:54:30.537 10 WARNING neutron.api.rpc.agentnotifiers.dhcp_rpc_agent_api [None req-f081ef6c-c1a1-44bf-bc32-683391b3690e - - - - - -] Unable to schedule network 682088ed-717b-44cc-a447-d7f399d0d802: no agents available; will retry on subsequent port and subnet creation events.
2026-06-23 19:54:30.572 10 INFO neutron.db.ovn_revision_numbers_db [None req-8406a2d6-3875-4ae5-b689-a69ca3c1ce7e a9e25cdff4324bec81147319dcb2d336 9c0fb1085d134f1b9ef99da7a97472d6 - - default default] Successfully bumped revision number for resource cd143b72-db0a-474c-98f5-c910e78ebf97 (type: networks) to 1
2026-06-23 19:54:30.574 10 INFO neutron.db.ovn_revision_numbers_db [None req-f081ef6c-c1a1-44bf-bc32-683391b3690e - - - - - -] Successfully bumped revision number for resource 1a0aa8c6-ae36-443b-80ed-88f2fed4d651 (type: subnets) to 0
2026-06-23 19:54:30.633 10 INFO neutron.db.ovn_revision_numbers_db [None req-9573ba22-d29a-4491-aa8a-570db79ea37c - - - - - -] Successfully bumped revision number for resource 6a7fb8f0-e12b-463e-aed5-ab408bec4aa8 (type: ports) to 2
2026-06-23 19:54:30.683 10 INFO neutron.db.ovn_revision_numbers_db [None req-9573ba22-d29a-4491-aa8a-570db79ea37c - - - - - -] Successfully bumped revision number for resource c115d1bc-69b5-4e17-ab33-096ab01d297e (type: subnets) to 0
2026-06-23 19:54:30.702 10 INFO neutron.api.wsgi [None req-9861f2d5-a889-4840-88c1-adba2a52ce49 cb87cddf26634809a2c063bb8b1640ab b53e93c872e14f93a4a418e5264e059f - - default default] 10.0.0.195 "POST /v2.0/subnets HTTP/1.1" status: 201 len: 825 time: 1.0177057
2026-06-23 19:54:30.756 9 INFO neutron.api.wsgi [None req-1147b05f-1154-487a-a3f9-97a378ffd72a cb87cddf26634809a2c063bb8b1640ab b53e93c872e14f93a4a418e5264e059f - - default default] 10.0.0.195 "PUT /v2.0/subnets/c115d1bc-69b5-4e17-ab33-096ab01d297e/tags HTTP/1.1" status: 200 len: 218 time: 0.0474074
2026-06-23 19:54:30.783 10 WARNING neutron.scheduler.dhcp_agent_scheduler [None req-8406a2d6-3875-4ae5-b689-a69ca3c1ce7e a9e25cdff4324bec81147319dcb2d336 9c0fb1085d134f1b9ef99da7a97472d6 - - default default] No more DHCP agents
2026-06-23 19:54:30.785 10 WARNING neutron.api.rpc.agentnotifiers.dhcp_rpc_agent_api [None req-8406a2d6-3875-4ae5-b689-a69ca3c1ce7e a9e25cdff4324bec81147319dcb2d336 9c0fb1085d134f1b9ef99da7a97472d6 - - default default] Unable to schedule network cd143b72-db0a-474c-98f5-c910e78ebf97: no agents available; will retry on subsequent port and subnet creation events.
2026-06-23 19:54:30.795 9 INFO neutron.api.wsgi [None req-7e5dbd1e-2345-4ec4-8029-64072363f97f cb87cddf26634809a2c063bb8b1640ab b53e93c872e14f93a4a418e5264e059f - - default default] 10.0.0.195 "GET /v2.0/subnets/c115d1bc-69b5-4e17-ab33-096ab01d297e/tags HTTP/1.1" status: 200 len: 218 time: 0.0339043
2026-06-23 19:54:30.850 9 INFO neutron.api.wsgi [None req-9aafd945-42e6-47c5-8919-8919f24d08fb cb87cddf26634809a2c063bb8b1640ab b53e93c872e14f93a4a418e5264e059f - - default default] 10.0.0.195 "PUT /v2.0/subnets/c115d1bc-69b5-4e17-ab33-096ab01d297e/tags/green HTTP/1.1" status: 201 len: 201 time: 0.0469418
2026-06-23 19:54:30.873 10 INFO neutron.db.ovn_revision_numbers_db [None req-8406a2d6-3875-4ae5-b689-a69ca3c1ce7e a9e25cdff4324bec81147319dcb2d336 9c0fb1085d134f1b9ef99da7a97472d6 - - default default] Successfully bumped revision number for resource dbdea41c-338b-447b-bf32-0ab30d754c0f (type: ports) to 1
2026-06-23 19:54:30.899 9 INFO neutron.api.wsgi [None req-67f5af4b-379e-4d00-b3ec-490f4c9df4b5 cb87cddf26634809a2c063bb8b1640ab b53e93c872e14f93a4a418e5264e059f - - default default] 10.0.0.195 "GET /v2.0/subnets/c115d1bc-69b5-4e17-ab33-096ab01d297e/tags HTTP/1.1" status: 200 len: 227 time: 0.0381007
2026-06-23 19:54:30.909 10 INFO neutron.api.wsgi [None req-8406a2d6-3875-4ae5-b689-a69ca3c1ce7e a9e25cdff4324bec81147319dcb2d336 9c0fb1085d134f1b9ef99da7a97472d6 - - default default] 10.0.0.195 "POST /v2.0/networks HTTP/1.1" status: 201 len: 831 time: 0.6645758
2026-06-23 19:54:30.921 10 WARNING neutron_lib.context [None req-c08a179e-deed-443a-9555-afd74be21ded a9e25cdff4324bec81147319dcb2d336 9c0fb1085d134f1b9ef99da7a97472d6 - - default default] Method 'is_advsvc' is deprecated since 2023.2 release (neutron-lib 3.8.0) and will be removed once support for the old RBAC API policies will be removed from Neutron. Please use method 'is_service_role' instead.
2026-06-23 19:54:30.957 9 INFO neutron.api.wsgi [None req-3075b013-c57d-4b0d-a68a-3687b9ca7c12 cb87cddf26634809a2c063bb8b1640ab b53e93c872e14f93a4a418e5264e059f - - default default] 10.0.0.195 "PUT /v2.0/subnets/c115d1bc-69b5-4e17-ab33-096ab01d297e/tags/red HTTP/1.1" status: 201 len: 201 time: 0.0404420
2026-06-23 19:54:31.040 10 INFO neutron.api.wsgi [None req-d82e60e4-fd28-42e8-9d58-9dd881ad6498 cb87cddf26634809a2c063bb8b1640ab b53e93c872e14f93a4a418e5264e059f - - default default] 10.0.0.195 "GET /v2.0/subnets/c115d1bc-69b5-4e17-ab33-096ab01d297e/tags HTTP/1.1" status: 200 len: 227 time: 0.0723054
2026-06-23 19:54:31.057 10 WARNING neutron.scheduler.dhcp_agent_scheduler [None req-f081ef6c-c1a1-44bf-bc32-683391b3690e - - - - - -] No more DHCP agents
2026-06-23 19:54:31.063 10 WARNING neutron.api.rpc.agentnotifiers.dhcp_rpc_agent_api [None req-f081ef6c-c1a1-44bf-bc32-683391b3690e - - - - - -] Unable to schedule network 682088ed-717b-44cc-a447-d7f399d0d802: no agents available; will retry on subsequent port and subnet creation events.
2026-06-23 19:54:31.122 10 INFO neutron.api.wsgi [None req-21f16350-3af7-4cd1-a5f8-4e21f32312ac cb87cddf26634809a2c063bb8b1640ab b53e93c872e14f93a4a418e5264e059f - - default default] 10.0.0.195 "PUT /v2.0/subnets/c115d1bc-69b5-4e17-ab33-096ab01d297e/tags/black.or.white HTTP/1.1" status: 201 len: 201 time: 0.0765233
2026-06-23 19:54:31.176 9 INFO neutron.api.wsgi [None req-b6d54787-5c94-4cc9-ab2d-02ce5ecf134c cb87cddf26634809a2c063bb8b1640ab b53e93c872e14f93a4a418e5264e059f - - default default] 10.0.0.195 "GET /v2.0/subnets/c115d1bc-69b5-4e17-ab33-096ab01d297e/tags HTTP/1.1" status: 200 len: 245 time: 0.0454643
2026-06-23 19:54:31.256 10 INFO neutron.db.ovn_revision_numbers_db [None req-f081ef6c-c1a1-44bf-bc32-683391b3690e - - - - - -] Successfully bumped revision number for resource ed5107fb-b036-48f8-9de6-1ee89bba41c7 (type: ports) to 1
2026-06-23 19:54:31.258 9 INFO neutron.api.wsgi [None req-042d1e22-9fb3-4500-99f7-c94b74cec5d3 cb87cddf26634809a2c063bb8b1640ab b53e93c872e14f93a4a418e5264e059f - - default default] 10.0.0.195 "PUT /v2.0/subnets/c115d1bc-69b5-4e17-ab33-096ab01d297e/tags HTTP/1.1" status: 200 len: 230 time: 0.0746315
2026-06-23 19:54:31.259 10 WARNING neutron.scheduler.dhcp_agent_scheduler [None req-c08a179e-deed-443a-9555-afd74be21ded a9e25cdff4324bec81147319dcb2d336 9c0fb1085d134f1b9ef99da7a97472d6 - - default default] No more DHCP agents
2026-06-23 19:54:31.260 10 WARNING neutron.api.rpc.agentnotifiers.dhcp_rpc_agent_api [None req-c08a179e-deed-443a-9555-afd74be21ded a9e25cdff4324bec81147319dcb2d336 9c0fb1085d134f1b9ef99da7a97472d6 - - default default] Unable to schedule network cd143b72-db0a-474c-98f5-c910e78ebf97: no agents available; will retry on subsequent port and subnet creation events.
2026-06-23 19:54:31.295 9 INFO neutron.api.wsgi [None req-b60f3dad-5d7e-4231-aea2-76468e4091cf cb87cddf26634809a2c063bb8b1640ab b53e93c872e14f93a4a418e5264e059f - - default default] 10.0.0.195 "GET /v2.0/subnets/c115d1bc-69b5-4e17-ab33-096ab01d297e/tags HTTP/1.1" status: 200 len: 230 time: 0.0325575
2026-06-23 19:54:31.333 9 INFO neutron.api.wsgi [None req-db949f70-de18-414b-9056-980e0706cff1 cb87cddf26634809a2c063bb8b1640ab b53e93c872e14f93a4a418e5264e059f - - default default] 10.0.0.195 "GET /v2.0/subnets/c115d1bc-69b5-4e17-ab33-096ab01d297e/tags/red HTTP/1.1" status: 204 len: 168 time: 0.0333879
2026-06-23 19:54:31.348 10 INFO neutron.db.ovn_revision_numbers_db [None req-c08a179e-deed-443a-9555-afd74be21ded a9e25cdff4324bec81147319dcb2d336 9c0fb1085d134f1b9ef99da7a97472d6 - - default default] Successfully bumped revision number for resource b20f92ad-6b44-472d-b26b-42631d3c23de (type: ports) to 1
2026-06-23 19:54:31.377 10 INFO neutron.api.wsgi [None req-c08a179e-deed-443a-9555-afd74be21ded a9e25cdff4324bec81147319dcb2d336 9c0fb1085d134f1b9ef99da7a97472d6 - - default default] 10.0.0.195 "POST /v2.0/ports HTTP/1.1" status: 201 len: 942 time: 0.4613390
2026-06-23 19:54:31.392 9 INFO neutron.api.v2.resource [None req-a68d8b75-11a2-4d54-8a22-16f1e1578fa5 cb87cddf26634809a2c063bb8b1640ab b53e93c872e14f93a4a418e5264e059f - - default default] show failed (client error): The resource could not be found.
2026-06-23 19:54:31.393 9 INFO neutron.api.wsgi [None req-a68d8b75-11a2-4d54-8a22-16f1e1578fa5 cb87cddf26634809a2c063bb8b1640ab b53e93c872e14f93a4a418e5264e059f - - default default] 10.0.0.195 "GET /v2.0/subnets/c115d1bc-69b5-4e17-ab33-096ab01d297e/tags/green HTTP/1.1" status: 404 len: 299 time: 0.0512793 /var/lib/openstack/lib/python3.12/site-packages/pycadf/identifier.py:71: UserWarning: Invalid uuid: neutron. To ensure interoperability, identifiers should be a valid uuid. warnings.warn(('Invalid uuid: %s. To ensure interoperability, '
2026-06-23 19:54:31.449 9 INFO neutron.api.wsgi [None req-7c91d2ed-5a8d-4743-aa5d-37aad60dc9d3 a9e25cdff4324bec81147319dcb2d336 9c0fb1085d134f1b9ef99da7a97472d6 - - default default] 10.0.0.195 "PUT /v2.0/ports/52c99e34-a74d-40bd-8bcf-c9c702a48759/tags HTTP/1.1" status: 200 len: 210 time: 0.0657248
2026-06-23 19:54:31.461 10 INFO neutron.api.wsgi [None req-d0b16154-51c6-43a7-9dfc-999ee57a355a cb87cddf26634809a2c063bb8b1640ab b53e93c872e14f93a4a418e5264e059f - - default default] 10.0.0.195 "DELETE /v2.0/subnets/c115d1bc-69b5-4e17-ab33-096ab01d297e/tags/red HTTP/1.1" status: 204 len: 168 time: 0.0612257
2026-06-23 19:54:31.502 9 INFO neutron.api.wsgi [None req-3da6e9e7-0f6b-499b-93d5-269591332935 cb87cddf26634809a2c063bb8b1640ab b53e93c872e14f93a4a418e5264e059f - - default default] 10.0.0.195 "GET /v2.0/subnets/c115d1bc-69b5-4e17-ab33-096ab01d297e/tags HTTP/1.1" status: 200 len: 223 time: 0.0347466
2026-06-23 19:54:31.509 10 INFO neutron.api.wsgi [None req-b3ec701d-5477-4f52-9c1a-d8ba987e70b5 a9e25cdff4324bec81147319dcb2d336 9c0fb1085d134f1b9ef99da7a97472d6 - - default default] 10.0.0.195 "PUT /v2.0/ports/fb616418-0578-4d3d-929e-cb2f38fabd2c/tags HTTP/1.1" status: 200 len: 218 time: 0.0564787
2026-06-23 19:54:31.535 9 INFO neutron.api.v2.resource [None req-f4b67298-ffbb-4a1a-b839-115eb9571f9c cb87cddf26634809a2c063bb8b1640ab b53e93c872e14f93a4a418e5264e059f - - default default] delete failed (client error): The resource could not be found.
2026-06-23 19:54:31.536 9 INFO neutron.api.wsgi [None req-f4b67298-ffbb-4a1a-b839-115eb9571f9c cb87cddf26634809a2c063bb8b1640ab b53e93c872e14f93a4a418e5264e059f - - default default] 10.0.0.195 "DELETE /v2.0/subnets/c115d1bc-69b5-4e17-ab33-096ab01d297e/tags/green HTTP/1.1" status: 404 len: 299 time: 0.0299339
2026-06-23 19:54:31.566 10 INFO neutron.api.wsgi [None req-38ed860d-9f01-445b-812c-95a3a7a7d0e1 a9e25cdff4324bec81147319dcb2d336 9c0fb1085d134f1b9ef99da7a97472d6 - - default default] 10.0.0.195 "PUT /v2.0/ports/78e17749-abf6-4af8-abab-a88cb604481e/tags HTTP/1.1" status: 200 len: 227 time: 0.0518837
2026-06-23 19:54:31.591 9 INFO neutron.api.wsgi [None req-13c20e0c-0dd1-4b7c-bb1a-8e1ddaf09630 cb87cddf26634809a2c063bb8b1640ab b53e93c872e14f93a4a418e5264e059f - - default default] 10.0.0.195 "DELETE /v2.0/subnets/c115d1bc-69b5-4e17-ab33-096ab01d297e/tags HTTP/1.1" status: 204 len: 168 time: 0.0502520
2026-06-23 19:54:31.659 10 INFO neutron.api.wsgi [None req-44e9a346-2ff6-48dc-a6aa-8abd29b1cd42 a9e25cdff4324bec81147319dcb2d336 9c0fb1085d134f1b9ef99da7a97472d6 - - default default] 10.0.0.195 "PUT /v2.0/ports/e2667ec4-6731-4c1e-abae-9e663e432e4d/tags HTTP/1.1" status: 200 len: 212 time: 0.0766454
2026-06-23 19:54:31.667 10 INFO neutron.api.wsgi [None req-ca81b168-6785-4eb4-90f2-89f1a2e72755 cb87cddf26634809a2c063bb8b1640ab b53e93c872e14f93a4a418e5264e059f - - default default] 10.0.0.195 "GET /v2.0/subnets/c115d1bc-69b5-4e17-ab33-096ab01d297e/tags HTTP/1.1" status: 200 len: 205 time: 0.0644498
2026-06-23 19:54:31.853 9 INFO neutron.api.wsgi [None req-9a339f68-04b9-4b9a-98cc-2cb2bca719db a9e25cdff4324bec81147319dcb2d336 9c0fb1085d134f1b9ef99da7a97472d6 - - default default] 10.0.0.195 "GET /v2.0/ports?tags=red HTTP/1.1" status: 200 len: 2448 time: 0.1889527
2026-06-23 19:54:31.970 10 INFO neutron.api.wsgi [None req-7d97d551-d31d-4cbd-80e0-b14877817dcd cb87cddf26634809a2c063bb8b1640ab b53e93c872e14f93a4a418e5264e059f - - default default] 10.0.0.195 "DELETE /v2.0/subnets/c115d1bc-69b5-4e17-ab33-096ab01d297e HTTP/1.1" status: 204 len: 168 time: 0.2778263
2026-06-23 19:54:32.002 10 INFO neutron.api.wsgi [None req-531f5df1-e37c-4a32-8af0-be9605acebd4 a9e25cdff4324bec81147319dcb2d336 9c0fb1085d134f1b9ef99da7a97472d6 - - default default] 10.0.0.195 "GET /v2.0/ports?tags=red%2Cblue HTTP/1.1" status: 200 len: 1708 time: 0.1429930
2026-06-23 19:54:32.067 10 INFO neutron.api.wsgi [None req-5804c9a5-06db-47fc-b7ca-551fd21fb339 a9e25cdff4324bec81147319dcb2d336 9c0fb1085d134f1b9ef99da7a97472d6 - - default default] 10.0.0.195 "GET /v2.0/ports?tags-any=blue HTTP/1.1" status: 200 len: 1708 time: 0.0582645
2026-06-23 19:54:32.146 10 INFO neutron.api.wsgi [None req-f2741898-564a-4f4a-a7f2-9d9014046a64 a9e25cdff4324bec81147319dcb2d336 9c0fb1085d134f1b9ef99da7a97472d6 - - default default] 10.0.0.195 "GET /v2.0/ports?tags-any=red%2Cblue HTTP/1.1" status: 200 len: 2448 time: 0.0736959
2026-06-23 19:54:32.235 10 INFO neutron.db.ovn_revision_numbers_db [None req-f081ef6c-c1a1-44bf-bc32-683391b3690e - - - - - -] Successfully bumped revision number for resource ed5107fb-b036-48f8-9de6-1ee89bba41c7 (type: ports) to 1
2026-06-23 19:54:32.285 10 INFO neutron.api.wsgi [None req-7e7b3a0f-6622-4ab2-8130-3fb9aacc7999 a9e25cdff4324bec81147319dcb2d336 9c0fb1085d134f1b9ef99da7a97472d6 - - default default] 10.0.0.195 "GET /v2.0/ports?not-tags=red HTTP/1.1" status: 200 len: 5463 time: 0.1312890
2026-06-23 19:54:32.302 10 WARNING neutron.scheduler.dhcp_agent_scheduler [None req-f081ef6c-c1a1-44bf-bc32-683391b3690e - - - - - -] No more DHCP agents
2026-06-23 19:54:32.305 10 WARNING neutron.api.rpc.agentnotifiers.dhcp_rpc_agent_api [None req-f081ef6c-c1a1-44bf-bc32-683391b3690e - - - - - -] Unable to schedule network 682088ed-717b-44cc-a447-d7f399d0d802: no agents available; will retry on subsequent port and subnet creation events.
2026-06-23 19:54:32.315 9 INFO neutron.services.segments.plugin [-] Segment b738381e-7906-43c6-b8fc-e9a27f8032ce resource provider aggregate not found
2026-06-23 19:54:32.318 9 INFO neutron.services.segments.plugin [-] Segment b738381e-7906-43c6-b8fc-e9a27f8032ce resource provider aggregate not found
2026-06-23 19:54:32.339 9 INFO neutron.services.segments.plugin [-] Segment b738381e-7906-43c6-b8fc-e9a27f8032ce resource provider not found; error: Placement Client Error (4xx): {"errors": [{"status": 404, "title": "Not Found", "detail": "The resource could not be found.\n\n No resource provider with uuid b738381e-7906-43c6-b8fc-e9a27f8032ce found for delete ", "request_id": "req-9876c30f-4346-44a3-ba8c-37f568401059"}]}
2026-06-23 19:54:32.354 9 INFO neutron.services.segments.plugin [-] Segment b738381e-7906-43c6-b8fc-e9a27f8032ce resource provider not found; error: Placement Client Error (4xx): {"errors": [{"status": 404, "title": "Not Found", "detail": "The resource could not be found.\n\n No resource provider with uuid b738381e-7906-43c6-b8fc-e9a27f8032ce found for delete ", "request_id": "req-a7232015-303c-4c0f-8eac-d7e16ef5bf54"}]}
2026-06-23 19:54:32.373 9 INFO neutron.api.wsgi [None req-5ad0231d-dc7f-47cb-9bf4-bdf365627f71 cb87cddf26634809a2c063bb8b1640ab b53e93c872e14f93a4a418e5264e059f - - default default] 10.0.0.195 "DELETE /v2.0/networks/65078c60-14e8-4375-bbae-e8b3b51bcb7c HTTP/1.1" status: 204 len: 168 time: 0.3853340
2026-06-23 19:54:32.427 9 INFO neutron.api.wsgi [None req-7acc6b52-9672-4353-9712-bc1b2bc25aea a9e25cdff4324bec81147319dcb2d336 9c0fb1085d134f1b9ef99da7a97472d6 - - default default] 10.0.0.195 "GET /v2.0/ports?not-tags=red%2Cblue HTTP/1.1" status: 200 len: 6203 time: 0.1350150
2026-06-23 19:54:32.499 9 INFO neutron.api.wsgi [None req-1da7776f-5a5b-4d41-a5b7-d0e9206b5dbb a9e25cdff4324bec81147319dcb2d336 9c0fb1085d134f1b9ef99da7a97472d6 - - default default] 10.0.0.195 "GET /v2.0/ports?not-tags-any=blue HTTP/1.1" status: 200 len: 6203 time: 0.0667796
2026-06-23 19:54:32.556 9 INFO neutron.api.wsgi [None req-7e4c23c2-cc0a-4700-b087-6ccd51698d7b a9e25cdff4324bec81147319dcb2d336 9c0fb1085d134f1b9ef99da7a97472d6 - - default default] 10.0.0.195 "GET /v2.0/ports?not-tags-any=red%2Cblue HTTP/1.1" status: 200 len: 5463 time: 0.0532067
2026-06-23 19:54:32.784 9 INFO neutron.api.wsgi [None req-dab17d17-8c7d-4aba-a044-5d7d1f51f701 a9e25cdff4324bec81147319dcb2d336 9c0fb1085d134f1b9ef99da7a97472d6 - - default default] 10.0.0.195 "DELETE /v2.0/ports/52c99e34-a74d-40bd-8bcf-c9c702a48759 HTTP/1.1" status: 204 len: 168 time: 0.2219298
2026-06-23 19:54:32.858 10 INFO neutron.db.ovn_revision_numbers_db [None req-f081ef6c-c1a1-44bf-bc32-683391b3690e - - - - - -] Successfully bumped revision number for resource ed5107fb-b036-48f8-9de6-1ee89bba41c7 (type: router_ports) to 1
2026-06-23 19:54:33.020 9 INFO neutron.api.wsgi [None req-daec03c1-e906-4ce0-806d-228421c50292 a9e25cdff4324bec81147319dcb2d336 9c0fb1085d134f1b9ef99da7a97472d6 - - default default] 10.0.0.195 "DELETE /v2.0/ports/fb616418-0578-4d3d-929e-cb2f38fabd2c HTTP/1.1" status: 204 len: 168 time: 0.2317541
2026-06-23 19:54:33.064 9 WARNING neutron.plugins.ml2.drivers.ovn.mech_driver.ovsdb.ovn_client [None req-17547970-0976-4963-8674-39052f30e4f4 - - - - - -] No hosting information found for port b03b3a3e-ba0f-4f2c-be94-bc4b24110402: RuntimeError: No hosting information found for port b03b3a3e-ba0f-4f2c-be94-bc4b24110402
2026-06-23 19:54:33.108 10 WARNING neutron.scheduler.dhcp_agent_scheduler [None req-f081ef6c-c1a1-44bf-bc32-683391b3690e - - - - - -] No more DHCP agents
2026-06-23 19:54:33.110 10 WARNING neutron.api.rpc.agentnotifiers.dhcp_rpc_agent_api [None req-f081ef6c-c1a1-44bf-bc32-683391b3690e - - - - - -] Unable to schedule network 682088ed-717b-44cc-a447-d7f399d0d802: no agents available; will retry on subsequent port and subnet creation events.
2026-06-23 19:54:33.155 9 INFO neutron.db.ovn_revision_numbers_db [None req-17547970-0976-4963-8674-39052f30e4f4 - - - - - -] Successfully bumped revision number for resource b03b3a3e-ba0f-4f2c-be94-bc4b24110402 (type: router_ports) to 2
2026-06-23 19:54:33.232 10 INFO neutron.db.ovn_revision_numbers_db [None req-f081ef6c-c1a1-44bf-bc32-683391b3690e - - - - - -] Successfully bumped revision number for resource 5241b9f1-bc00-4594-b65c-faef3ab7456a (type: ports) to 1
2026-06-23 19:54:33.264 9 INFO neutron.api.wsgi [None req-489bc6b9-110d-4f20-88ba-94d99d605cf2 a9e25cdff4324bec81147319dcb2d336 9c0fb1085d134f1b9ef99da7a97472d6 - - default default] 10.0.0.195 "DELETE /v2.0/ports/78e17749-abf6-4af8-abab-a88cb604481e HTTP/1.1" status: 204 len: 168 time: 0.2334714
2026-06-23 19:54:33.390 9 INFO neutron.api.wsgi [None req-28e327c4-1240-4e14-8dcd-c0112f7ebe47 c5b6ef7ced2d469bbca1220cc95503bc 5905adb67e3e447c965b1bb724244ab6 - - default default] 10.0.0.195 "GET /v2.0/security-groups?tenant_id=b53e93c872e14f93a4a418e5264e059f&name=default HTTP/1.1" status: 200 len: 3121 time: 0.2799623
2026-06-23 19:54:33.446 10 INFO neutron.db.ovn_revision_numbers_db [None req-f081ef6c-c1a1-44bf-bc32-683391b3690e - - - - - -] Successfully bumped revision number for resource 5241b9f1-bc00-4594-b65c-faef3ab7456a (type: ports) to 3
2026-06-23 19:54:33.618 10 INFO neutron.api.wsgi [None req-504efc2a-6640-404f-814d-38583dd6c1dc f8da9a36219c4530ac87235c8f4afc56 58beadd584794a43988b655293ff32cb - - default default] 10.0.0.195 "POST /v2.0/vpn/vpnservices HTTP/1.1" status: 201 len: 657 time: 5.0824058
2026-06-23 19:54:33.638 10 INFO neutron.api.wsgi [None req-69d15cda-c71e-49a2-80c3-6254b4342fe8 b00797ae529f42b897dd794041820f5b 9d07abbcab7d409894d3ab20d19f2bff - - default default] 10.0.0.195 "GET /v2.0/vpn/vpnservices HTTP/1.1" status: 200 len: 1509 time: 0.0113306
2026-06-23 19:54:33.911 9 INFO neutron.api.wsgi [None req-8ed74be9-6c9c-4a72-94c7-949b6611e656 a9e25cdff4324bec81147319dcb2d336 9c0fb1085d134f1b9ef99da7a97472d6 - - default default] 10.0.0.195 "DELETE /v2.0/ports/e2667ec4-6731-4c1e-abae-9e663e432e4d HTTP/1.1" status: 204 len: 168 time: 0.6339993
2026-06-23 19:54:33.933 10 WARNING neutron_lib.context [None req-c4ab687c-0606-45fd-91c0-898bb44fcab3 a2199b148f6f4d50a9318f19d1bd00e8 b094062b68f7464ead1408580313bae2 - - default default] Method 'is_advsvc' is deprecated since 2023.2 release (neutron-lib 3.8.0) and will be removed once support for the old RBAC API policies will be removed from Neutron. Please use method 'is_service_role' instead.
2026-06-23 19:54:34.082 9 INFO neutron.api.wsgi [None req-6c41fb5c-e0fe-4145-9a14-a36220f43da8 c5b6ef7ced2d469bbca1220cc95503bc 5905adb67e3e447c965b1bb724244ab6 - - default default] 10.0.0.195 "DELETE /v2.0/security-groups/5610a12d-9408-40a8-89e4-397f500f1575 HTTP/1.1" status: 204 len: 168 time: 0.6856890
2026-06-23 19:54:34.105 10 INFO neutron.db.ovn_revision_numbers_db [None req-c4ab687c-0606-45fd-91c0-898bb44fcab3 a2199b148f6f4d50a9318f19d1bd00e8 b094062b68f7464ead1408580313bae2 - - default default] Successfully bumped revision number for resource d3d66c48-7bd4-4a65-9a50-75178bd367cd (type: security_groups) to 1
2026-06-23 19:54:34.119 10 INFO neutron.db.ovn_revision_numbers_db [None req-c4ab687c-0606-45fd-91c0-898bb44fcab3 a2199b148f6f4d50a9318f19d1bd00e8 b094062b68f7464ead1408580313bae2 - - default default] Successfully bumped revision number for resource 3aeddce1-3380-4aa9-9b6c-c65441751c7f (type: security_group_rules) to 0
2026-06-23 19:54:34.143 10 INFO neutron.db.ovn_revision_numbers_db [None req-c4ab687c-0606-45fd-91c0-898bb44fcab3 a2199b148f6f4d50a9318f19d1bd00e8 b094062b68f7464ead1408580313bae2 - - default default] Successfully bumped revision number for resource 6dff34b0-376b-4420-bafa-b29ba77e0fdc (type: security_group_rules) to 0
2026-06-23 19:54:34.258 10 INFO neutron.db.ovn_revision_numbers_db [None req-c4ab687c-0606-45fd-91c0-898bb44fcab3 a2199b148f6f4d50a9318f19d1bd00e8 b094062b68f7464ead1408580313bae2 - - default default] Successfully bumped revision number for resource 75baeb83-80c7-4f0b-8460-cbd6d81ad42b (type: security_group_rules) to 0
2026-06-23 19:54:34.277 10 INFO neutron.db.ovn_revision_numbers_db [None req-c4ab687c-0606-45fd-91c0-898bb44fcab3 a2199b148f6f4d50a9318f19d1bd00e8 b094062b68f7464ead1408580313bae2 - - default default] Successfully bumped revision number for resource e65c3a2c-67e9-4c19-b97a-e25b12884a84 (type: security_group_rules) to 0
