2026-06-23 19:53:59.972 9 INFO neutron.api.wsgi [None req-37602d3d-a048-4dd1-abdf-4f5d854c5722 5efce703c4bb43da9c25bfd49704286d c497671eff1e4ac4a4c36fb2b8f686a7 - - default default] 10.0.0.195 "POST /v2.0/subnets HTTP/1.1" status: 201 len: 828 time: 0.6077237
2026-06-23 19:54:00.032 10 INFO neutron.api.wsgi [None req-49086011-0a59-4de9-a296-a472b511f751 5efce703c4bb43da9c25bfd49704286d c497671eff1e4ac4a4c36fb2b8f686a7 - - default default] 10.0.0.195 "PUT /v2.0/subnets/ccdb8643-0815-4ad2-a96d-e6394a50eaac/tags HTTP/1.1" status: 200 len: 210 time: 0.0545692
2026-06-23 19:54:00.066 10 INFO neutron.api.wsgi [None req-064ff0cb-62b8-47e9-808f-767ced2885e8 c5b6ef7ced2d469bbca1220cc95503bc 5905adb67e3e447c965b1bb724244ab6 - - default default] 10.0.0.195 "DELETE /v2.0/security-groups/143c846d-e74c-4192-a2a5-2c94f9dfed20 HTTP/1.1" status: 204 len: 168 time: 0.2584047
2026-06-23 19:54:00.078 10 INFO neutron.api.wsgi [None req-f45252ce-0b5c-4676-b792-6e16b6a486db 5efce703c4bb43da9c25bfd49704286d c497671eff1e4ac4a4c36fb2b8f686a7 - - default default] 10.0.0.195 "PUT /v2.0/subnets/7f2c2524-5bcd-4ca1-aafb-e17a2054c504/tags HTTP/1.1" status: 200 len: 218 time: 0.0406225
2026-06-23 19:54:00.122 10 INFO neutron.api.wsgi [None req-dcc3254a-fea6-45e5-8c40-318701b1ea25 5efce703c4bb43da9c25bfd49704286d c497671eff1e4ac4a4c36fb2b8f686a7 - - default default] 10.0.0.195 "PUT /v2.0/subnets/ce6bd876-2600-42fa-8f11-116da1fdbf9a/tags HTTP/1.1" status: 200 len: 227 time: 0.0392313
2026-06-23 19:54:00.186 10 INFO neutron.api.wsgi [None req-847ce723-9fcd-434e-a13f-7c23ee4e5e10 5efce703c4bb43da9c25bfd49704286d c497671eff1e4ac4a4c36fb2b8f686a7 - - default default] 10.0.0.195 "PUT /v2.0/subnets/53a013dd-2b87-421a-97c6-33fe9e6fa401/tags HTTP/1.1" status: 200 len: 212 time: 0.0565491
2026-06-23 19:54:00.234 9 INFO neutron.api.wsgi [None req-00cf428b-9007-46ea-bb8e-c3958f1b9f25 5efce703c4bb43da9c25bfd49704286d c497671eff1e4ac4a4c36fb2b8f686a7 - - default default] 10.0.0.195 "GET /v2.0/subnets?tags=red HTTP/1.1" status: 200 len: 2099 time: 0.0401411
2026-06-23 19:54:00.271 10 INFO neutron.db.ovn_revision_numbers_db [None req-ad1614de-2d3b-44a1-9333-6bb730be2302 c5b6ef7ced2d469bbca1220cc95503bc 5905adb67e3e447c965b1bb724244ab6 - - default default] Successfully bumped revision number for resource 8947d903-6422-4e9b-bcfb-ed71bae92b33 (type: security_groups) to 1
2026-06-23 19:54:00.283 10 INFO neutron.db.ovn_revision_numbers_db [None req-ad1614de-2d3b-44a1-9333-6bb730be2302 c5b6ef7ced2d469bbca1220cc95503bc 5905adb67e3e447c965b1bb724244ab6 - - default default] Successfully bumped revision number for resource 439ff85a-21ac-414f-9285-9a4c4cb3bf9c (type: security_group_rules) to 0
2026-06-23 19:54:00.289 9 INFO neutron.api.wsgi [None req-fce74d33-e385-4f26-834d-42f79180608e 5efce703c4bb43da9c25bfd49704286d c497671eff1e4ac4a4c36fb2b8f686a7 - - default default] 10.0.0.195 "GET /v2.0/subnets?tags=red%2Cblue HTTP/1.1" status: 200 len: 1478 time: 0.0486145
2026-06-23 19:54:00.295 10 INFO neutron.db.ovn_revision_numbers_db [None req-ad1614de-2d3b-44a1-9333-6bb730be2302 c5b6ef7ced2d469bbca1220cc95503bc 5905adb67e3e447c965b1bb724244ab6 - - default default] Successfully bumped revision number for resource 4d8f80ba-55f1-4228-baf5-762bf5af9006 (type: security_group_rules) to 0
2026-06-23 19:54:00.309 10 INFO neutron.db.ovn_revision_numbers_db [None req-ad1614de-2d3b-44a1-9333-6bb730be2302 c5b6ef7ced2d469bbca1220cc95503bc 5905adb67e3e447c965b1bb724244ab6 - - default default] Successfully bumped revision number for resource 5c559a36-4e0e-44cf-9206-a4969a48cf8b (type: security_group_rules) to 0
2026-06-23 19:54:00.323 10 INFO neutron.db.ovn_revision_numbers_db [None req-ad1614de-2d3b-44a1-9333-6bb730be2302 c5b6ef7ced2d469bbca1220cc95503bc 5905adb67e3e447c965b1bb724244ab6 - - default default] Successfully bumped revision number for resource 64ed2e7f-269d-4118-a08d-f84333331f2f (type: security_group_rules) to 0
2026-06-23 19:54:00.333 9 INFO neutron.api.wsgi [None req-e6cda62a-a72f-46b0-852c-d1c7930aea79 5efce703c4bb43da9c25bfd49704286d c497671eff1e4ac4a4c36fb2b8f686a7 - - default default] 10.0.0.195 "GET /v2.0/subnets?tags-any=blue HTTP/1.1" status: 200 len: 1478 time: 0.0399649
2026-06-23 19:54:00.361 10 INFO neutron.api.wsgi [None req-ad1614de-2d3b-44a1-9333-6bb730be2302 c5b6ef7ced2d469bbca1220cc95503bc 5905adb67e3e447c965b1bb724244ab6 - - default default] 10.0.0.195 "GET /v2.0/security-groups?tenant_id=c89ee650b2444adc9c3c014ea3472463&name=default HTTP/1.1" status: 200 len: 3120 time: 0.1946826
2026-06-23 19:54:00.370 9 INFO neutron.api.wsgi [None req-b35bf5c7-3a82-49ff-87cd-d73548a363ed 5efce703c4bb43da9c25bfd49704286d c497671eff1e4ac4a4c36fb2b8f686a7 - - default default] 10.0.0.195 "GET /v2.0/subnets?tags-any=red%2Cblue HTTP/1.1" status: 200 len: 2099 time: 0.0308297
2026-06-23 19:54:00.396 9 WARNING neutron_lib.context [None req-d626866d-4b65-48b7-aba6-a49a14520b7d 8d23ef4b88b54f30acf5646f86f37d3d e2dbe3cf603b480db2bd91aa203237a3 - - default default] Method 'is_advsvc' is deprecated since 2023.2 release (neutron-lib 3.8.0) and will be removed once support for the old RBAC API policies will be removed from Neutron. Please use method 'is_service_role' instead.
2026-06-23 19:54:00.417 9 INFO neutron.api.wsgi [None req-c6262a00-be59-4bd5-a5c4-958223a08aaa 5efce703c4bb43da9c25bfd49704286d c497671eff1e4ac4a4c36fb2b8f686a7 - - default default] 10.0.0.195 "GET /v2.0/subnets?not-tags=red HTTP/1.1" status: 200 len: 2089 time: 0.0414698
2026-06-23 19:54:00.462 9 INFO neutron.api.wsgi [None req-7187c6c5-b777-4790-a07d-8b7330c1789b 5efce703c4bb43da9c25bfd49704286d c497671eff1e4ac4a4c36fb2b8f686a7 - - default default] 10.0.0.195 "GET /v2.0/subnets?not-tags=red%2Cblue HTTP/1.1" status: 200 len: 2710 time: 0.0398440
2026-06-23 19:54:00.508 9 INFO neutron.api.wsgi [None req-b248f6bd-7541-485b-bda7-4b8e09577698 5efce703c4bb43da9c25bfd49704286d c497671eff1e4ac4a4c36fb2b8f686a7 - - default default] 10.0.0.195 "GET /v2.0/subnets?not-tags-any=blue HTTP/1.1" status: 200 len: 2710 time: 0.0401051
2026-06-23 19:54:00.548 10 INFO neutron.api.wsgi [None req-e21642d9-6e52-4939-83b1-5d0c42637d80 5efce703c4bb43da9c25bfd49704286d c497671eff1e4ac4a4c36fb2b8f686a7 - - default default] 10.0.0.195 "GET /v2.0/subnets?not-tags-any=red%2Cblue HTTP/1.1" status: 200 len: 2089 time: 0.0347910
2026-06-23 19:54:00.592 10 INFO neutron.api.wsgi [None req-8169d599-2953-4b2f-98f9-937fdf9d7d52 c5b6ef7ced2d469bbca1220cc95503bc 5905adb67e3e447c965b1bb724244ab6 - - default default] 10.0.0.195 "DELETE /v2.0/security-groups/8947d903-6422-4e9b-bcfb-ed71bae92b33 HTTP/1.1" status: 204 len: 168 time: 0.2266178
2026-06-23 19:54:00.758 10 INFO neutron.api.wsgi [None req-b2d7e0cf-fa7b-4f82-afc1-fb50a80b6b16 5efce703c4bb43da9c25bfd49704286d c497671eff1e4ac4a4c36fb2b8f686a7 - - default default] 10.0.0.195 "DELETE /v2.0/subnets/ccdb8643-0815-4ad2-a96d-e6394a50eaac HTTP/1.1" status: 204 len: 168 time: 0.2030859
2026-06-23 19:54:00.916 10 INFO neutron.api.wsgi [None req-511c3dad-0a44-49fd-99cd-f6cd0e6b1be7 0755d85ea88f41dbbe1ab2cf6270d801 ebf45a63017a469298be7f6e3e6103f6 - - default default] 10.0.0.195 "DELETE /v2.0/security-groups/8082447e-cd0f-4643-ac88-9fef499af400 HTTP/1.1" status: 204 len: 168 time: 0.1572366
2026-06-23 19:54:00.946 9 INFO neutron.api.v2.resource [None req-e0257115-e2ae-4cf3-9f6f-2c346334a454 0755d85ea88f41dbbe1ab2cf6270d801 ebf45a63017a469298be7f6e3e6103f6 - - default default] show failed (client error): The resource could not be found.
2026-06-23 19:54:00.947 9 INFO neutron.api.wsgi [None req-e0257115-e2ae-4cf3-9f6f-2c346334a454 0755d85ea88f41dbbe1ab2cf6270d801 ebf45a63017a469298be7f6e3e6103f6 - - default default] 10.0.0.195 "GET /v2.0/security-groups/8082447e-cd0f-4643-ac88-9fef499af400 HTTP/1.1" status: 404 len: 347 time: 0.0115449
2026-06-23 19:54:00.960 10 INFO neutron.api.wsgi [None req-70237ff9-e5d0-47ba-8324-d3f0dfa3876b 5efce703c4bb43da9c25bfd49704286d c497671eff1e4ac4a4c36fb2b8f686a7 - - default default] 10.0.0.195 "DELETE /v2.0/subnets/7f2c2524-5bcd-4ca1-aafb-e17a2054c504 HTTP/1.1" status: 204 len: 168 time: 0.1958683
2026-06-23 19:54:01.010 9 WARNING neutron.scheduler.dhcp_agent_scheduler [None req-d626866d-4b65-48b7-aba6-a49a14520b7d 8d23ef4b88b54f30acf5646f86f37d3d e2dbe3cf603b480db2bd91aa203237a3 - - default default] No more DHCP agents
2026-06-23 19:54:01.012 9 WARNING neutron.api.rpc.agentnotifiers.dhcp_rpc_agent_api [None req-d626866d-4b65-48b7-aba6-a49a14520b7d 8d23ef4b88b54f30acf5646f86f37d3d e2dbe3cf603b480db2bd91aa203237a3 - - default default] Unable to schedule network fc8dd96c-e655-4837-bd71-a61a77ef4ad4: no agents available; will retry on subsequent port and subnet creation events.
2026-06-23 19:54:01.233 9 INFO neutron.api.wsgi [None req-54191495-b61b-4203-b2ae-9254ae89e743 5efce703c4bb43da9c25bfd49704286d c497671eff1e4ac4a4c36fb2b8f686a7 - - default default] 10.0.0.195 "DELETE /v2.0/subnets/ce6bd876-2600-42fa-8f11-116da1fdbf9a HTTP/1.1" status: 204 len: 168 time: 0.2682474
2026-06-23 19:54:01.364 9 INFO neutron.api.wsgi [None req-bc5a1479-fa3a-4a24-8f53-fe0939aceab6 0755d85ea88f41dbbe1ab2cf6270d801 ebf45a63017a469298be7f6e3e6103f6 - - default default] 10.0.0.195 "DELETE /v2.0/floatingips/3650ad26-4208-4fcc-a25a-a99c1ca5034c HTTP/1.1" status: 204 len: 168 time: 0.4112473
2026-06-23 19:54:01.399 9 INFO neutron.api.wsgi [None req-d626866d-4b65-48b7-aba6-a49a14520b7d 8d23ef4b88b54f30acf5646f86f37d3d e2dbe3cf603b480db2bd91aa203237a3 - - default default] 10.0.0.195 "POST /v2.0/floatingips HTTP/1.1" status: 201 len: 751 time: 1.1372626
2026-06-23 19:54:01.407 9 WARNING neutron_lib.context [None req-a81c45a5-db98-4775-828d-8971be8d3e87 8d23ef4b88b54f30acf5646f86f37d3d e2dbe3cf603b480db2bd91aa203237a3 - - default default] Method 'is_advsvc' is deprecated since 2023.2 release (neutron-lib 3.8.0) and will be removed once support for the old RBAC API policies will be removed from Neutron. Please use method 'is_service_role' instead.
2026-06-23 19:54:01.409 10 INFO neutron.api.wsgi [None req-4e53454b-30f2-4246-ac31-ef869a1a3e6a 5efce703c4bb43da9c25bfd49704286d c497671eff1e4ac4a4c36fb2b8f686a7 - - default default] 10.0.0.195 "DELETE /v2.0/subnets/53a013dd-2b87-421a-97c6-33fe9e6fa401 HTTP/1.1" status: 204 len: 168 time: 0.1683497
2026-06-23 19:54:01.632 9 INFO neutron.api.wsgi [None req-bcc4679f-3dfb-4bc1-b1c3-6b89fabdc312 0755d85ea88f41dbbe1ab2cf6270d801 ebf45a63017a469298be7f6e3e6103f6 - - default default] 10.0.0.195 "DELETE /v2.0/security-groups/d0446f9b-2445-43db-bd4e-92b077ea7da3 HTTP/1.1" status: 204 len: 168 time: 0.2630584
2026-06-23 19:54:01.677 9 INFO neutron.api.wsgi [None req-45b5b92f-d56d-43c1-9a40-8143ec166d86 5efce703c4bb43da9c25bfd49704286d c497671eff1e4ac4a4c36fb2b8f686a7 - - default default] 10.0.0.195 "DELETE /v2.0/subnets/69f6fd15-0bdb-46d2-b982-73b173f7fb14 HTTP/1.1" status: 204 len: 168 time: 0.2636325
2026-06-23 19:54:01.721 9 WARNING neutron.scheduler.dhcp_agent_scheduler [None req-a81c45a5-db98-4775-828d-8971be8d3e87 8d23ef4b88b54f30acf5646f86f37d3d e2dbe3cf603b480db2bd91aa203237a3 - - default default] No more DHCP agents
2026-06-23 19:54:01.722 9 WARNING neutron.api.rpc.agentnotifiers.dhcp_rpc_agent_api [None req-a81c45a5-db98-4775-828d-8971be8d3e87 8d23ef4b88b54f30acf5646f86f37d3d e2dbe3cf603b480db2bd91aa203237a3 - - default default] Unable to schedule network fc8dd96c-e655-4837-bd71-a61a77ef4ad4: no agents available; will retry on subsequent port and subnet creation events.
2026-06-23 19:54:02.030 9 INFO neutron.services.segments.plugin [-] Segment ca89b3d1-17aa-414b-9afb-7e48a39e5ac6 resource provider aggregate not found
2026-06-23 19:54:02.037 9 INFO neutron.services.segments.plugin [-] Segment ca89b3d1-17aa-414b-9afb-7e48a39e5ac6 resource provider aggregate not found
2026-06-23 19:54:02.049 9 INFO neutron.services.segments.plugin [-] Segment ca89b3d1-17aa-414b-9afb-7e48a39e5ac6 resource provider not found; error: Placement Client Error (4xx): {"errors": [{"status": 404, "title": "Not Found", "detail": "The resource could not be found.\n\n No resource provider with uuid ca89b3d1-17aa-414b-9afb-7e48a39e5ac6 found for delete ", "request_id": "req-2350cf52-130b-4550-b2af-821e65a0ddb3"}]}
2026-06-23 19:54:02.051 9 INFO neutron.services.segments.plugin [-] Segment ca89b3d1-17aa-414b-9afb-7e48a39e5ac6 resource provider not found; error: Placement Client Error (4xx): {"errors": [{"status": 404, "title": "Not Found", "detail": "The resource could not be found.\n\n No resource provider with uuid ca89b3d1-17aa-414b-9afb-7e48a39e5ac6 found for delete ", "request_id": "req-82341caa-ac00-4f87-a2f4-140fad76ba5f"}]}
2026-06-23 19:54:02.058 9 INFO neutron.api.wsgi [None req-2f4d54a5-036c-4058-a7ec-fd117c6b85d7 5efce703c4bb43da9c25bfd49704286d c497671eff1e4ac4a4c36fb2b8f686a7 - - default default] 10.0.0.195 "DELETE /v2.0/networks/1872ed6a-c9da-48c3-a3b8-046cb1f072c1 HTTP/1.1" status: 204 len: 168 time: 0.3758821
2026-06-23 19:54:02.073 9 INFO neutron.api.wsgi [None req-a81c45a5-db98-4775-828d-8971be8d3e87 8d23ef4b88b54f30acf5646f86f37d3d e2dbe3cf603b480db2bd91aa203237a3 - - default default] 10.0.0.195 "POST /v2.0/floatingips HTTP/1.1" status: 201 len: 751 time: 0.6685874
2026-06-23 19:54:02.085 9 WARNING neutron_lib.context [None req-0540b7f5-7077-4fa1-a2b5-b634ae4cd1e4 8d23ef4b88b54f30acf5646f86f37d3d e2dbe3cf603b480db2bd91aa203237a3 - - default default] Method 'is_advsvc' is deprecated since 2023.2 release (neutron-lib 3.8.0) and will be removed once support for the old RBAC API policies will be removed from Neutron. Please use method 'is_service_role' instead.
2026-06-23 19:54:02.319 9 WARNING neutron.scheduler.dhcp_agent_scheduler [None req-0540b7f5-7077-4fa1-a2b5-b634ae4cd1e4 8d23ef4b88b54f30acf5646f86f37d3d e2dbe3cf603b480db2bd91aa203237a3 - - default default] No more DHCP agents
2026-06-23 19:54:02.320 9 WARNING neutron.api.rpc.agentnotifiers.dhcp_rpc_agent_api [None req-0540b7f5-7077-4fa1-a2b5-b634ae4cd1e4 8d23ef4b88b54f30acf5646f86f37d3d e2dbe3cf603b480db2bd91aa203237a3 - - default default] Unable to schedule network fc8dd96c-e655-4837-bd71-a61a77ef4ad4: no agents available; will retry on subsequent port and subnet creation events.
2026-06-23 19:54:02.405 10 INFO neutron.services.segments.plugin [-] Segment 3603380f-8eab-453c-9f7e-5ebc8b50e98e resource provider aggregate not found
2026-06-23 19:54:02.408 10 INFO neutron.services.segments.plugin [-] Segment 3603380f-8eab-453c-9f7e-5ebc8b50e98e resource provider aggregate not found
2026-06-23 19:54:02.421 10 INFO neutron.services.segments.plugin [-] Segment 3603380f-8eab-453c-9f7e-5ebc8b50e98e resource provider not found; error: Placement Client Error (4xx): {"errors": [{"status": 404, "title": "Not Found", "detail": "The resource could not be found.\n\n No resource provider with uuid 3603380f-8eab-453c-9f7e-5ebc8b50e98e found for delete ", "request_id": "req-ce4797bd-cf11-4488-b9ef-a368f2577aea"}]}
2026-06-23 19:54:02.431 10 INFO neutron.services.segments.plugin [-] Segment 3603380f-8eab-453c-9f7e-5ebc8b50e98e resource provider not found; error: Placement Client Error (4xx): {"errors": [{"status": 404, "title": "Not Found", "detail": "The resource could not be found.\n\n No resource provider with uuid 3603380f-8eab-453c-9f7e-5ebc8b50e98e found for delete ", "request_id": "req-551ce278-2a6f-4643-8185-0866f6723517"}]}
2026-06-23 19:54:02.453 10 INFO neutron.api.wsgi [None req-9c027abe-1e1b-4cbb-9060-e3a06960a586 5efce703c4bb43da9c25bfd49704286d c497671eff1e4ac4a4c36fb2b8f686a7 - - default default] 10.0.0.195 "DELETE /v2.0/networks/39e195e8-7b1c-4fb3-89a0-29d9735305a2 HTTP/1.1" status: 204 len: 168 time: 0.3916428
2026-06-23 19:54:02.600 9 INFO neutron.api.wsgi [None req-0540b7f5-7077-4fa1-a2b5-b634ae4cd1e4 8d23ef4b88b54f30acf5646f86f37d3d e2dbe3cf603b480db2bd91aa203237a3 - - default default] 10.0.0.195 "POST /v2.0/floatingips HTTP/1.1" status: 201 len: 751 time: 0.5193825
2026-06-23 19:54:02.611 9 WARNING neutron_lib.context [None req-32f22ad6-839a-4092-9096-a0b96dd66790 8d23ef4b88b54f30acf5646f86f37d3d e2dbe3cf603b480db2bd91aa203237a3 - - default default] Method 'is_advsvc' is deprecated since 2023.2 release (neutron-lib 3.8.0) and will be removed once support for the old RBAC API policies will be removed from Neutron. Please use method 'is_service_role' instead.
2026-06-23 19:54:02.751 10 INFO neutron.api.wsgi [None req-b0d914d2-ed62-4d2e-aac0-344c5826d976 c5b6ef7ced2d469bbca1220cc95503bc 5905adb67e3e447c965b1bb724244ab6 - - default default] 10.0.0.195 "PUT /v2.0/routers/c6a5b211-743a-4fae-990b-ca64d728dc60/remove_router_interface HTTP/1.1" status: 200 len: 503 time: 1.0835273 /var/lib/openstack/lib/python3.12/site-packages/pycadf/identifier.py:71: UserWarning: Invalid uuid: neutron. To ensure interoperability, identifiers should be a valid uuid. warnings.warn(('Invalid uuid: %s. To ensure interoperability, '
2026-06-23 19:54:02.785 9 WARNING neutron.scheduler.dhcp_agent_scheduler [None req-32f22ad6-839a-4092-9096-a0b96dd66790 8d23ef4b88b54f30acf5646f86f37d3d e2dbe3cf603b480db2bd91aa203237a3 - - default default] No more DHCP agents
2026-06-23 19:54:02.786 9 WARNING neutron.api.rpc.agentnotifiers.dhcp_rpc_agent_api [None req-32f22ad6-839a-4092-9096-a0b96dd66790 8d23ef4b88b54f30acf5646f86f37d3d e2dbe3cf603b480db2bd91aa203237a3 - - default default] Unable to schedule network fc8dd96c-e655-4837-bd71-a61a77ef4ad4: no agents available; will retry on subsequent port and subnet creation events.
2026-06-23 19:54:02.888 10 INFO neutron.api.wsgi [None req-69283e54-4615-4919-9438-72e6823ad6c3 5efce703c4bb43da9c25bfd49704286d c497671eff1e4ac4a4c36fb2b8f686a7 - - default default] 10.0.0.195 "DELETE /v2.0/networks/f676aca3-0520-4695-927c-bdf48ce6f10c HTTP/1.1" status: 204 len: 168 time: 0.4291039
2026-06-23 19:54:03.078 9 INFO neutron.api.wsgi [None req-32f22ad6-839a-4092-9096-a0b96dd66790 8d23ef4b88b54f30acf5646f86f37d3d e2dbe3cf603b480db2bd91aa203237a3 - - default default] 10.0.0.195 "POST /v2.0/floatingips HTTP/1.1" status: 201 len: 751 time: 0.4714682
2026-06-23 19:54:03.087 9 WARNING neutron_lib.context [None req-a893ae8f-4f81-4489-a9f3-077cd926ef67 8d23ef4b88b54f30acf5646f86f37d3d e2dbe3cf603b480db2bd91aa203237a3 - - default default] Method 'is_advsvc' is deprecated since 2023.2 release (neutron-lib 3.8.0) and will be removed once support for the old RBAC API policies will be removed from Neutron. Please use method 'is_service_role' instead.
2026-06-23 19:54:03.313 10 INFO neutron.api.wsgi [None req-414cd332-f0f7-4693-8873-2c25753826da 5efce703c4bb43da9c25bfd49704286d c497671eff1e4ac4a4c36fb2b8f686a7 - - default default] 10.0.0.195 "DELETE /v2.0/networks/779e3ddf-612f-4ccc-85fd-2d6722bdc0b8 HTTP/1.1" status: 204 len: 168 time: 0.4210443
2026-06-23 19:54:03.359 9 WARNING neutron.scheduler.dhcp_agent_scheduler [None req-a893ae8f-4f81-4489-a9f3-077cd926ef67 8d23ef4b88b54f30acf5646f86f37d3d e2dbe3cf603b480db2bd91aa203237a3 - - default default] No more DHCP agents
2026-06-23 19:54:03.360 9 WARNING neutron.api.rpc.agentnotifiers.dhcp_rpc_agent_api [None req-a893ae8f-4f81-4489-a9f3-077cd926ef67 8d23ef4b88b54f30acf5646f86f37d3d e2dbe3cf603b480db2bd91aa203237a3 - - default default] Unable to schedule network fc8dd96c-e655-4837-bd71-a61a77ef4ad4: no agents available; will retry on subsequent port and subnet creation events.
2026-06-23 19:54:03.523 10 INFO neutron.api.wsgi [None req-cf17ecc3-ac3d-4f12-bcc9-9177fa417f6a c5b6ef7ced2d469bbca1220cc95503bc 5905adb67e3e447c965b1bb724244ab6 - - default default] 10.0.0.195 "DELETE /v2.0/routers/c6a5b211-743a-4fae-990b-ca64d728dc60 HTTP/1.1" status: 204 len: 168 time: 0.7625237
2026-06-23 19:54:03.686 10 INFO neutron.api.wsgi [None req-b4a11d2c-9468-4e43-b81e-5d29ab119ad5 c5b6ef7ced2d469bbca1220cc95503bc 5905adb67e3e447c965b1bb724244ab6 - - default default] 10.0.0.195 "DELETE /v2.0/subnets/0f78a7ff-1f91-4256-a650-52ecf7d8e7ea HTTP/1.1" status: 204 len: 168 time: 0.1572082
2026-06-23 19:54:03.752 9 INFO neutron.api.wsgi [None req-8829221f-fb0b-4856-9d26-dd22b8c3875f 5efce703c4bb43da9c25bfd49704286d c497671eff1e4ac4a4c36fb2b8f686a7 - - default default] 10.0.0.195 "DELETE /v2.0/networks/4868be03-c7e2-4bcd-936b-8dad6a95caad HTTP/1.1" status: 204 len: 168 time: 0.4315724
2026-06-23 19:54:03.768 9 INFO neutron.api.wsgi [None req-a893ae8f-4f81-4489-a9f3-077cd926ef67 8d23ef4b88b54f30acf5646f86f37d3d e2dbe3cf603b480db2bd91aa203237a3 - - default default] 10.0.0.195 "POST /v2.0/floatingips HTTP/1.1" status: 201 len: 751 time: 0.6856973
2026-06-23 19:54:03.827 9 INFO neutron.api.wsgi [None req-e7d6021c-b201-4f46-a3ff-d647b4a4444f 8d23ef4b88b54f30acf5646f86f37d3d e2dbe3cf603b480db2bd91aa203237a3 - - default default] 10.0.0.195 "PUT /v2.0/floatingips/cb5e4cde-32f1-4edb-b3f4-0e40e9a4daff/tags HTTP/1.1" status: 200 len: 210 time: 0.0544987
2026-06-23 19:54:03.889 9 INFO neutron.api.wsgi [None req-d49a4243-6677-45f2-a0d7-edd26d5477c3 8d23ef4b88b54f30acf5646f86f37d3d e2dbe3cf603b480db2bd91aa203237a3 - - default default] 10.0.0.195 "PUT /v2.0/floatingips/508ef218-401d-4014-a138-b6c93d6789c9/tags HTTP/1.1" status: 200 len: 218 time: 0.0555112
2026-06-23 19:54:03.937 9 INFO neutron.api.wsgi [None req-aff672ce-b927-4ee7-be39-6a33ef7eb98d 8d23ef4b88b54f30acf5646f86f37d3d e2dbe3cf603b480db2bd91aa203237a3 - - default default] 10.0.0.195 "PUT /v2.0/floatingips/d3211e4b-9253-433a-a80c-5187f2d24376/tags HTTP/1.1" status: 200 len: 227 time: 0.0404115
2026-06-23 19:54:03.977 9 INFO neutron.api.wsgi [None req-7668fb75-f3b9-411b-9a0a-1788de5a24f1 8d23ef4b88b54f30acf5646f86f37d3d e2dbe3cf603b480db2bd91aa203237a3 - - default default] 10.0.0.195 "PUT /v2.0/floatingips/c2caf110-b4c0-4117-ba7a-9add312e171c/tags HTTP/1.1" status: 200 len: 212 time: 0.0350823
2026-06-23 19:54:04.031 9 INFO neutron.api.wsgi [None req-4ec7f2b3-bcff-4589-9fa8-3fbe03d3d6cc 8d23ef4b88b54f30acf5646f86f37d3d e2dbe3cf603b480db2bd91aa203237a3 - - default default] 10.0.0.195 "GET /v2.0/floatingips?tags=red HTTP/1.1" status: 200 len: 1866 time: 0.0495815
2026-06-23 19:54:04.033 10 INFO neutron.api.wsgi [None req-d83c9591-b058-4474-b7ef-4e6aeaa357a2 c5b6ef7ced2d469bbca1220cc95503bc 5905adb67e3e447c965b1bb724244ab6 - - default default] 10.0.0.195 "DELETE /v2.0/networks/12845b28-b65d-4927-b172-b03ca6ba6194 HTTP/1.1" status: 204 len: 168 time: 0.3400054
2026-06-23 19:54:04.067 9 WARNING neutron_lib.context [None req-e6c65cc0-b035-49ea-ae0f-5f9909af93c7 b1ebc37dc711473ebc05a6a04e372c65 4c09b767eff24f5ca48dad804b2ad535 - - default default] Method 'is_advsvc' is deprecated since 2023.2 release (neutron-lib 3.8.0) and will be removed once support for the old RBAC API policies will be removed from Neutron. Please use method 'is_service_role' instead.
2026-06-23 19:54:04.073 9 INFO neutron.services.segments.plugin [-] Segment deddf6e7-8b05-4c03-90c6-f9f4bd49d885 resource provider aggregate not found
2026-06-23 19:54:04.079 9 INFO neutron.services.segments.plugin [-] Segment deddf6e7-8b05-4c03-90c6-f9f4bd49d885 resource provider aggregate not found
2026-06-23 19:54:04.088 10 INFO neutron.api.wsgi [None req-2a2ff5ef-f309-4fc8-ab49-ba8c138c6ea5 8d23ef4b88b54f30acf5646f86f37d3d e2dbe3cf603b480db2bd91aa203237a3 - - default default] 10.0.0.195 "GET /v2.0/floatingips?tags=red%2Cblue HTTP/1.1" status: 200 len: 1323 time: 0.0497603
2026-06-23 19:54:04.099 9 INFO neutron.services.segments.plugin [-] Segment deddf6e7-8b05-4c03-90c6-f9f4bd49d885 resource provider not found; error: Placement Client Error (4xx): {"errors": [{"status": 404, "title": "Not Found", "detail": "The resource could not be found.\n\n No resource provider with uuid deddf6e7-8b05-4c03-90c6-f9f4bd49d885 found for delete ", "request_id": "req-bec9149b-2354-4692-870d-1c48ea798a0b"}]}
2026-06-23 19:54:04.099 9 INFO neutron.services.segments.plugin [-] Segment deddf6e7-8b05-4c03-90c6-f9f4bd49d885 resource provider not found; error: Placement Client Error (4xx): {"errors": [{"status": 404, "title": "Not Found", "detail": "The resource could not be found.\n\n No resource provider with uuid deddf6e7-8b05-4c03-90c6-f9f4bd49d885 found for delete ", "request_id": "req-817c16fc-e854-4858-af2b-a68e9fd85c7a"}]}
2026-06-23 19:54:04.141 10 INFO neutron.api.wsgi [None req-49d3d557-c15c-4b30-a230-563a02d194f3 8d23ef4b88b54f30acf5646f86f37d3d e2dbe3cf603b480db2bd91aa203237a3 - - default default] 10.0.0.195 "GET /v2.0/floatingips?tags-any=blue HTTP/1.1" status: 200 len: 1323 time: 0.0453079
2026-06-23 19:54:04.190 9 INFO neutron.api.wsgi [None req-19baf035-4acf-439f-82a2-0af375beb066 8d23ef4b88b54f30acf5646f86f37d3d e2dbe3cf603b480db2bd91aa203237a3 - - default default] 10.0.0.195 "GET /v2.0/floatingips?tags-any=red%2Cblue HTTP/1.1" status: 200 len: 1866 time: 0.0439723
2026-06-23 19:54:04.242 10 INFO neutron.api.wsgi [None req-8f6304a3-a109-4c12-805e-f865e989ad8d 8d23ef4b88b54f30acf5646f86f37d3d e2dbe3cf603b480db2bd91aa203237a3 - - default default] 10.0.0.195 "GET /v2.0/floatingips?not-tags=red HTTP/1.1" status: 200 len: 1295 time: 0.0467672
2026-06-23 19:54:04.249 9 INFO neutron.db.ovn_revision_numbers_db [None req-e6c65cc0-b035-49ea-ae0f-5f9909af93c7 b1ebc37dc711473ebc05a6a04e372c65 4c09b767eff24f5ca48dad804b2ad535 - - default default] Successfully bumped revision number for resource 6357188c-b221-49e3-940a-53995802be30 (type: security_groups) to 1
2026-06-23 19:54:04.266 9 INFO neutron.db.ovn_revision_numbers_db [None req-e6c65cc0-b035-49ea-ae0f-5f9909af93c7 b1ebc37dc711473ebc05a6a04e372c65 4c09b767eff24f5ca48dad804b2ad535 - - default default] Successfully bumped revision number for resource 81aaeb5f-b566-4efb-b368-4d4ea6503630 (type: security_group_rules) to 0
2026-06-23 19:54:04.279 9 INFO neutron.db.ovn_revision_numbers_db [None req-e6c65cc0-b035-49ea-ae0f-5f9909af93c7 b1ebc37dc711473ebc05a6a04e372c65 4c09b767eff24f5ca48dad804b2ad535 - - default default] Successfully bumped revision number for resource 96958446-e0d9-4646-8902-e42efbd399ca (type: security_group_rules) to 0
2026-06-23 19:54:04.289 10 INFO neutron.api.wsgi [None req-26037dba-9ea1-443d-975a-a9dbb588901a 8d23ef4b88b54f30acf5646f86f37d3d e2dbe3cf603b480db2bd91aa203237a3 - - default default] 10.0.0.195 "GET /v2.0/floatingips?not-tags=red%2Cblue HTTP/1.1" status: 200 len: 1838 time: 0.0411978
2026-06-23 19:54:04.293 9 INFO neutron.db.ovn_revision_numbers_db [None req-e6c65cc0-b035-49ea-ae0f-5f9909af93c7 b1ebc37dc711473ebc05a6a04e372c65 4c09b767eff24f5ca48dad804b2ad535 - - default default] Successfully bumped revision number for resource a1dc3ed7-e21d-4c90-8d72-623839080d18 (type: security_group_rules) to 0
2026-06-23 19:54:04.310 9 INFO neutron.db.ovn_revision_numbers_db [None req-e6c65cc0-b035-49ea-ae0f-5f9909af93c7 b1ebc37dc711473ebc05a6a04e372c65 4c09b767eff24f5ca48dad804b2ad535 - - default default] Successfully bumped revision number for resource f10aa2df-1c2c-4285-99f9-8b41ca1b870b (type: security_group_rules) to 0
2026-06-23 19:54:04.336 10 INFO neutron.api.wsgi [None req-f046aba4-30ac-4f0f-ba62-f3dabd8637d3 8d23ef4b88b54f30acf5646f86f37d3d e2dbe3cf603b480db2bd91aa203237a3 - - default default] 10.0.0.195 "GET /v2.0/floatingips?not-tags-any=blue HTTP/1.1" status: 200 len: 1838 time: 0.0406857
2026-06-23 19:54:04.380 10 INFO neutron.api.wsgi [None req-1e34c57f-0efe-408e-80a4-82564ee30668 8d23ef4b88b54f30acf5646f86f37d3d e2dbe3cf603b480db2bd91aa203237a3 - - default default] 10.0.0.195 "GET /v2.0/floatingips?not-tags-any=red%2Cblue HTTP/1.1" status: 200 len: 1295 time: 0.0376999
2026-06-23 19:54:04.390 9 INFO neutron.db.segments_db [None req-e6c65cc0-b035-49ea-ae0f-5f9909af93c7 b1ebc37dc711473ebc05a6a04e372c65 4c09b767eff24f5ca48dad804b2ad535 - - default default] Added segment f8da58ba-9e50-4ee1-8830-6a4d19462320 of type geneve for network 53b91bdd-f6d2-4221-b344-09dfba3694f0
2026-06-23 19:54:04.441 10 INFO neutron.services.segments.plugin [-] Segment a6dc8d95-7ba0-493e-985e-39ad2bd33fc8 resource provider aggregate not found
2026-06-23 19:54:04.454 10 INFO neutron.services.segments.plugin [-] Segment a6dc8d95-7ba0-493e-985e-39ad2bd33fc8 resource provider not found; error: Placement Client Error (4xx): {"errors": [{"status": 404, "title": "Not Found", "detail": "The resource could not be found.\n\n No resource provider with uuid a6dc8d95-7ba0-493e-985e-39ad2bd33fc8 found for delete ", "request_id": "req-fb34eecc-403e-4d2e-abec-3a949cd1cc56"}]}
2026-06-23 19:54:04.458 10 INFO neutron.services.segments.plugin [-] Segment a6dc8d95-7ba0-493e-985e-39ad2bd33fc8 resource provider aggregate not found
2026-06-23 19:54:04.466 10 INFO neutron.services.segments.plugin [-] Segment 4d329ea4-a4fc-4d9a-b6e8-2f84681ff391 resource provider aggregate not found
2026-06-23 19:54:04.477 10 INFO neutron.services.segments.plugin [-] Segment a6dc8d95-7ba0-493e-985e-39ad2bd33fc8 resource provider not found; error: Placement Client Error (4xx): {"errors": [{"status": 404, "title": "Not Found", "detail": "The resource could not be found.\n\n No resource provider with uuid a6dc8d95-7ba0-493e-985e-39ad2bd33fc8 found for delete ", "request_id": "req-0449dd65-23b2-44f4-80fc-e96401f9c779"}]}
2026-06-23 19:54:04.483 10 INFO neutron.services.segments.plugin [-] Segment 4d329ea4-a4fc-4d9a-b6e8-2f84681ff391 resource provider not found; error: Placement Client Error (4xx): {"errors": [{"status": 404, "title": "Not Found", "detail": "The resource could not be found.\n\n No resource provider with uuid 4d329ea4-a4fc-4d9a-b6e8-2f84681ff391 found for delete ", "request_id": "req-33ff0ebc-e41e-4170-876c-1dc1fdbe96c1"}]}
2026-06-23 19:54:04.500 10 INFO neutron.services.segments.plugin [-] Segment 4d329ea4-a4fc-4d9a-b6e8-2f84681ff391 resource provider aggregate not found
2026-06-23 19:54:04.504 10 INFO neutron.services.segments.plugin [-] Segment 81330970-5635-4a6b-8dea-ed7a3d052f00 resource provider aggregate not found
2026-06-23 19:54:04.512 9 INFO neutron.db.ovn_revision_numbers_db [None req-e6c65cc0-b035-49ea-ae0f-5f9909af93c7 b1ebc37dc711473ebc05a6a04e372c65 4c09b767eff24f5ca48dad804b2ad535 - - default default] Successfully bumped revision number for resource 53b91bdd-f6d2-4221-b344-09dfba3694f0 (type: networks) to 1
2026-06-23 19:54:04.517 10 INFO neutron.services.segments.plugin [-] Segment 4d329ea4-a4fc-4d9a-b6e8-2f84681ff391 resource provider not found; error: Placement Client Error (4xx): {"errors": [{"status": 404, "title": "Not Found", "detail": "The resource could not be found.\n\n No resource provider with uuid 4d329ea4-a4fc-4d9a-b6e8-2f84681ff391 found for delete ", "request_id": "req-19defa33-6754-45b8-965f-a64d5ec9c587"}]}
2026-06-23 19:54:04.521 10 INFO neutron.services.segments.plugin [-] Segment 81330970-5635-4a6b-8dea-ed7a3d052f00 resource provider not found; error: Placement Client Error (4xx): {"errors": [{"status": 404, "title": "Not Found", "detail": "The resource could not be found.\n\n No resource provider with uuid 81330970-5635-4a6b-8dea-ed7a3d052f00 found for delete ", "request_id": "req-33306ece-5357-4e32-ae90-ac5f9b4cec1b"}]}
2026-06-23 19:54:04.527 10 INFO neutron.services.segments.plugin [-] Segment 81330970-5635-4a6b-8dea-ed7a3d052f00 resource provider aggregate not found
2026-06-23 19:54:04.542 10 INFO neutron.services.segments.plugin [-] Segment 81330970-5635-4a6b-8dea-ed7a3d052f00 resource provider not found; error: Placement Client Error (4xx): {"errors": [{"status": 404, "title": "Not Found", "detail": "The resource could not be found.\n\n No resource provider with uuid 81330970-5635-4a6b-8dea-ed7a3d052f00 found for delete ", "request_id": "req-dda76440-f0da-4689-a9ab-8c80b2dcc7a4"}]}
2026-06-23 19:54:04.711 9 WARNING neutron.scheduler.dhcp_agent_scheduler [None req-e6c65cc0-b035-49ea-ae0f-5f9909af93c7 b1ebc37dc711473ebc05a6a04e372c65 4c09b767eff24f5ca48dad804b2ad535 - - default default] No more DHCP agents
2026-06-23 19:54:04.713 9 WARNING neutron.api.rpc.agentnotifiers.dhcp_rpc_agent_api [None req-e6c65cc0-b035-49ea-ae0f-5f9909af93c7 b1ebc37dc711473ebc05a6a04e372c65 4c09b767eff24f5ca48dad804b2ad535 - - default default] Unable to schedule network 53b91bdd-f6d2-4221-b344-09dfba3694f0: no agents available; will retry on subsequent port and subnet creation events.
2026-06-23 19:54:04.725 10 INFO neutron.api.wsgi [None req-22c8d78f-9c29-41d0-9850-e9d162b308b4 8d23ef4b88b54f30acf5646f86f37d3d e2dbe3cf603b480db2bd91aa203237a3 - - default default] 10.0.0.195 "DELETE /v2.0/floatingips/cb5e4cde-32f1-4edb-b3f4-0e40e9a4daff HTTP/1.1" status: 204 len: 168 time: 0.3405209
2026-06-23 19:54:04.792 9 INFO neutron.db.ovn_revision_numbers_db [None req-57d794b2-0aa6-44ae-9d36-cd212efb7837 c5b6ef7ced2d469bbca1220cc95503bc 5905adb67e3e447c965b1bb724244ab6 - - default default] Successfully bumped revision number for resource a938b412-2ded-4727-9c83-f144e4aa93b6 (type: security_groups) to 1
2026-06-23 19:54:04.810 9 INFO neutron.db.ovn_revision_numbers_db [None req-e6c65cc0-b035-49ea-ae0f-5f9909af93c7 b1ebc37dc711473ebc05a6a04e372c65 4c09b767eff24f5ca48dad804b2ad535 - - default default] Successfully bumped revision number for resource 01105e7e-92ab-4390-9d46-39bc6846f5c3 (type: ports) to 1
2026-06-23 19:54:04.812 9 INFO neutron.db.ovn_revision_numbers_db [None req-57d794b2-0aa6-44ae-9d36-cd212efb7837 c5b6ef7ced2d469bbca1220cc95503bc 5905adb67e3e447c965b1bb724244ab6 - - default default] Successfully bumped revision number for resource 72d6fb54-8c4a-4d5c-aa57-2df69cd43d38 (type: security_group_rules) to 0
2026-06-23 19:54:04.834 9 INFO neutron.db.ovn_revision_numbers_db [None req-57d794b2-0aa6-44ae-9d36-cd212efb7837 c5b6ef7ced2d469bbca1220cc95503bc 5905adb67e3e447c965b1bb724244ab6 - - default default] Successfully bumped revision number for resource bf94e5f9-2d99-4a1e-ab27-5491527eccda (type: security_group_rules) to 0
2026-06-23 19:54:04.837 9 INFO neutron.api.wsgi [None req-e6c65cc0-b035-49ea-ae0f-5f9909af93c7 b1ebc37dc711473ebc05a6a04e372c65 4c09b767eff24f5ca48dad804b2ad535 - - default default] 10.0.0.195 "POST /v2.0/networks HTTP/1.1" status: 201 len: 830 time: 0.9650121
2026-06-23 19:54:04.848 10 WARNING neutron_lib.context [None req-b929d30d-81db-4ea3-ac6a-408229c71be2 b1ebc37dc711473ebc05a6a04e372c65 4c09b767eff24f5ca48dad804b2ad535 - - default default] Method 'is_advsvc' is deprecated since 2023.2 release (neutron-lib 3.8.0) and will be removed once support for the old RBAC API policies will be removed from Neutron. Please use method 'is_service_role' instead.
2026-06-23 19:54:04.852 9 INFO neutron.db.ovn_revision_numbers_db [None req-57d794b2-0aa6-44ae-9d36-cd212efb7837 c5b6ef7ced2d469bbca1220cc95503bc 5905adb67e3e447c965b1bb724244ab6 - - default default] Successfully bumped revision number for resource ee0ac48c-1dc7-4b63-a60a-c1a917ccb700 (type: security_group_rules) to 0
2026-06-23 19:54:04.866 9 INFO neutron.db.ovn_revision_numbers_db [None req-57d794b2-0aa6-44ae-9d36-cd212efb7837 c5b6ef7ced2d469bbca1220cc95503bc 5905adb67e3e447c965b1bb724244ab6 - - default default] Successfully bumped revision number for resource ef79b92a-13c8-4598-a775-219278ed85d2 (type: security_group_rules) to 0
2026-06-23 19:54:04.901 9 INFO neutron.api.wsgi [None req-57d794b2-0aa6-44ae-9d36-cd212efb7837 c5b6ef7ced2d469bbca1220cc95503bc 5905adb67e3e447c965b1bb724244ab6 - - default default] 10.0.0.195 "GET /v2.0/security-groups?tenant_id=3483b65cc52341be817f88eb0a03ed60&name=default HTTP/1.1" status: 200 len: 3120 time: 0.3585787
2026-06-23 19:54:04.959 10 INFO neutron.db.segments_db [None req-b929d30d-81db-4ea3-ac6a-408229c71be2 b1ebc37dc711473ebc05a6a04e372c65 4c09b767eff24f5ca48dad804b2ad535 - - default default] Added segment 84fa4abc-3419-4d0f-a826-414acd367827 of type geneve for network 5093132d-4e0a-4e98-8878-02bac9df388e
2026-06-23 19:54:05.011 9 INFO neutron.api.wsgi [None req-c7e0dc36-7e06-41bf-826f-bd3bdcbe9279 c5b6ef7ced2d469bbca1220cc95503bc 5905adb67e3e447c965b1bb724244ab6 - - default default] 10.0.0.195 "PUT /v2.0/routers/1068cf83-5f24-4595-9999-99bf6ca4f39a/remove_router_interface HTTP/1.1" status: 200 len: 503 time: 0.9722004 /var/lib/openstack/lib/python3.12/site-packages/pycadf/identifier.py:71: UserWarning: Invalid uuid: neutron. To ensure interoperability, identifiers should be a valid uuid. warnings.warn(('Invalid uuid: %s. To ensure interoperability, '
2026-06-23 19:54:05.081 10 INFO neutron.api.wsgi [None req-f859072a-79cc-4f85-b3bc-a893b9fe29c3 8d23ef4b88b54f30acf5646f86f37d3d e2dbe3cf603b480db2bd91aa203237a3 - - default default] 10.0.0.195 "DELETE /v2.0/floatingips/508ef218-401d-4014-a138-b6c93d6789c9 HTTP/1.1" status: 204 len: 168 time: 0.3505087
2026-06-23 19:54:05.122 10 INFO neutron.db.ovn_revision_numbers_db [None req-b929d30d-81db-4ea3-ac6a-408229c71be2 b1ebc37dc711473ebc05a6a04e372c65 4c09b767eff24f5ca48dad804b2ad535 - - default default] Successfully bumped revision number for resource 5093132d-4e0a-4e98-8878-02bac9df388e (type: networks) to 1
2026-06-23 19:54:05.204 10 INFO neutron.api.wsgi [None req-1d77ef9f-d03f-45b1-a30c-b825434da1a8 c5b6ef7ced2d469bbca1220cc95503bc 5905adb67e3e447c965b1bb724244ab6 - - default default] 10.0.0.195 "DELETE /v2.0/security-groups/a938b412-2ded-4727-9c83-f144e4aa93b6 HTTP/1.1" status: 204 len: 168 time: 0.2972827
2026-06-23 19:54:05.311 10 WARNING neutron.scheduler.dhcp_agent_scheduler [None req-b929d30d-81db-4ea3-ac6a-408229c71be2 b1ebc37dc711473ebc05a6a04e372c65 4c09b767eff24f5ca48dad804b2ad535 - - default default] No more DHCP agents
2026-06-23 19:54:05.313 10 WARNING neutron.api.rpc.agentnotifiers.dhcp_rpc_agent_api [None req-b929d30d-81db-4ea3-ac6a-408229c71be2 b1ebc37dc711473ebc05a6a04e372c65 4c09b767eff24f5ca48dad804b2ad535 - - default default] Unable to schedule network 5093132d-4e0a-4e98-8878-02bac9df388e: no agents available; will retry on subsequent port and subnet creation events.
2026-06-23 19:54:05.371 10 INFO neutron.db.ovn_revision_numbers_db [None req-b929d30d-81db-4ea3-ac6a-408229c71be2 b1ebc37dc711473ebc05a6a04e372c65 4c09b767eff24f5ca48dad804b2ad535 - - default default] Successfully bumped revision number for resource ebc048e7-7251-488a-aa30-b7c09873b72a (type: ports) to 1
2026-06-23 19:54:05.392 10 INFO neutron.api.wsgi [None req-b929d30d-81db-4ea3-ac6a-408229c71be2 b1ebc37dc711473ebc05a6a04e372c65 4c09b767eff24f5ca48dad804b2ad535 - - default default] 10.0.0.195 "POST /v2.0/networks HTTP/1.1" status: 201 len: 831 time: 0.5481021
2026-06-23 19:54:05.437 10 INFO neutron.api.wsgi [None req-f1cf1ccd-6029-41bf-b48c-88b3e8f83a0f b1ebc37dc711473ebc05a6a04e372c65 4c09b767eff24f5ca48dad804b2ad535 - - default default] 10.0.0.195 "PUT /v2.0/networks/53b91bdd-f6d2-4221-b344-09dfba3694f0/tags HTTP/1.1" status: 200 len: 218 time: 0.0389259
2026-06-23 19:54:05.471 10 INFO neutron.api.wsgi [None req-67e54215-0718-4d41-a3fd-4e3c51b98b29 b1ebc37dc711473ebc05a6a04e372c65 4c09b767eff24f5ca48dad804b2ad535 - - default default] 10.0.0.195 "GET /v2.0/networks/53b91bdd-f6d2-4221-b344-09dfba3694f0/tags HTTP/1.1" status: 200 len: 218 time: 0.0309546
2026-06-23 19:54:05.472 9 INFO neutron.api.wsgi [None req-ba455ac7-3d1d-4cc7-9597-af26b39ae422 8d23ef4b88b54f30acf5646f86f37d3d e2dbe3cf603b480db2bd91aa203237a3 - - default default] 10.0.0.195 "DELETE /v2.0/floatingips/d3211e4b-9253-433a-a80c-5187f2d24376 HTTP/1.1" status: 204 len: 168 time: 0.3871064
2026-06-23 19:54:05.517 9 INFO neutron.db.ovn_revision_numbers_db [None req-a4a61401-dc98-4036-bfba-09816ce008ed c5b6ef7ced2d469bbca1220cc95503bc 5905adb67e3e447c965b1bb724244ab6 - - default default] Successfully bumped revision number for resource d1a9aefe-7f13-4f0a-8f33-7d1eefe2494b (type: security_groups) to 1
2026-06-23 19:54:05.530 9 INFO neutron.api.wsgi [None req-062e49d0-4681-47ae-899a-76deb825364d b1ebc37dc711473ebc05a6a04e372c65 4c09b767eff24f5ca48dad804b2ad535 - - default default] 10.0.0.195 "PUT /v2.0/networks/5093132d-4e0a-4e98-8878-02bac9df388e/tags HTTP/1.1" status: 200 len: 210 time: 0.0526252
2026-06-23 19:54:05.533 9 INFO neutron.db.ovn_revision_numbers_db [None req-a4a61401-dc98-4036-bfba-09816ce008ed c5b6ef7ced2d469bbca1220cc95503bc 5905adb67e3e447c965b1bb724244ab6 - - default default] Successfully bumped revision number for resource 6121e659-f1e6-42b7-913d-f3e112bcc82f (type: security_group_rules) to 0
2026-06-23 19:54:05.549 9 INFO neutron.db.ovn_revision_numbers_db [None req-a4a61401-dc98-4036-bfba-09816ce008ed c5b6ef7ced2d469bbca1220cc95503bc 5905adb67e3e447c965b1bb724244ab6 - - default default] Successfully bumped revision number for resource 8b25a4f3-d309-4cf2-9ef3-a697396119f2 (type: security_group_rules) to 0
2026-06-23 19:54:05.569 10 INFO neutron.api.wsgi [None req-c2b85c8c-ebbe-44ff-803c-4a0969a8e2a4 b1ebc37dc711473ebc05a6a04e372c65 4c09b767eff24f5ca48dad804b2ad535 - - default default] 10.0.0.195 "GET /v2.0/networks/5093132d-4e0a-4e98-8878-02bac9df388e/tags HTTP/1.1" status: 200 len: 210 time: 0.0294616
2026-06-23 19:54:05.569 9 INFO neutron.db.ovn_revision_numbers_db [None req-a4a61401-dc98-4036-bfba-09816ce008ed c5b6ef7ced2d469bbca1220cc95503bc 5905adb67e3e447c965b1bb724244ab6 - - default default] Successfully bumped revision number for resource 94a97191-59d9-41b9-93fb-2d14d3e89e6e (type: security_group_rules) to 0
2026-06-23 19:54:05.587 9 INFO neutron.db.ovn_revision_numbers_db [None req-a4a61401-dc98-4036-bfba-09816ce008ed c5b6ef7ced2d469bbca1220cc95503bc 5905adb67e3e447c965b1bb724244ab6 - - default default] Successfully bumped revision number for resource bf713517-3af9-426f-8a96-636d4afcdbc9 (type: security_group_rules) to 0
2026-06-23 19:54:05.616 10 INFO neutron.api.wsgi [None req-d43d661f-2baf-4b04-9282-bac322103a74 b1ebc37dc711473ebc05a6a04e372c65 4c09b767eff24f5ca48dad804b2ad535 - - default default] 10.0.0.195 "PUT /v2.0/networks/5093132d-4e0a-4e98-8878-02bac9df388e/tags HTTP/1.1" status: 200 len: 205 time: 0.0425928
2026-06-23 19:54:05.632 9 INFO neutron.api.wsgi [None req-a4a61401-dc98-4036-bfba-09816ce008ed c5b6ef7ced2d469bbca1220cc95503bc 5905adb67e3e447c965b1bb724244ab6 - - default default] 10.0.0.195 "GET /v2.0/security-groups?tenant_id=7c29621fda454693b396ef9c61198e90&name=default HTTP/1.1" status: 200 len: 3120 time: 0.3361542
2026-06-23 19:54:05.663 9 INFO neutron.api.wsgi [None req-35355866-d955-40b4-9a5b-560f13307fb3 b1ebc37dc711473ebc05a6a04e372c65 4c09b767eff24f5ca48dad804b2ad535 - - default default] 10.0.0.195 "GET /v2.0/networks/5093132d-4e0a-4e98-8878-02bac9df388e/tags HTTP/1.1" status: 200 len: 205 time: 0.0401444
2026-06-23 19:54:05.706 10 INFO neutron.api.wsgi [None req-ae80ca8c-156f-4c10-acfd-cb14d8b78831 b1ebc37dc711473ebc05a6a04e372c65 4c09b767eff24f5ca48dad804b2ad535 - - default default] 10.0.0.195 "GET /v2.0/networks/53b91bdd-f6d2-4221-b344-09dfba3694f0/tags HTTP/1.1" status: 200 len: 218 time: 0.0343029
2026-06-23 19:54:05.772 9 INFO neutron.api.wsgi [None req-0c61c3c7-c007-48df-9fe4-e4c0fa07cbcb c5b6ef7ced2d469bbca1220cc95503bc 5905adb67e3e447c965b1bb724244ab6 - - default default] 10.0.0.195 "DELETE /v2.0/routers/1068cf83-5f24-4595-9999-99bf6ca4f39a HTTP/1.1" status: 204 len: 168 time: 0.7559547
2026-06-23 19:54:05.887 10 INFO neutron.api.wsgi [None req-d2af6757-9c94-4272-b012-0be2a43bdde2 8d23ef4b88b54f30acf5646f86f37d3d e2dbe3cf603b480db2bd91aa203237a3 - - default default] 10.0.0.195 "DELETE /v2.0/floatingips/c2caf110-b4c0-4117-ba7a-9add312e171c HTTP/1.1" status: 204 len: 168 time: 0.4009047
2026-06-23 19:54:05.942 9 INFO neutron.api.wsgi [None req-a8d52945-2285-407d-835b-5a21bd6f73e4 c5b6ef7ced2d469bbca1220cc95503bc 5905adb67e3e447c965b1bb724244ab6 - - default default] 10.0.0.195 "DELETE /v2.0/subnets/a8384110-14f4-41b3-97ab-7160c0837bbc HTTP/1.1" status: 204 len: 168 time: 0.1652803
2026-06-23 19:54:05.977 10 INFO neutron.api.wsgi [None req-53445e53-1dec-4d08-93c6-fbc25c4179bb c5b6ef7ced2d469bbca1220cc95503bc 5905adb67e3e447c965b1bb724244ab6 - - default default] 10.0.0.195 "DELETE /v2.0/security-groups/d1a9aefe-7f13-4f0a-8f33-7d1eefe2494b HTTP/1.1" status: 204 len: 168 time: 0.3395007
2026-06-23 19:54:06.106 10 INFO neutron.api.wsgi [None req-27422cf4-74bc-4999-81e0-6e4a6384eb94 b1ebc37dc711473ebc05a6a04e372c65 4c09b767eff24f5ca48dad804b2ad535 - - default default] 10.0.0.195 "DELETE /v2.0/networks/53b91bdd-f6d2-4221-b344-09dfba3694f0 HTTP/1.1" status: 204 len: 168 time: 0.3886895
2026-06-23 19:54:06.147 10 INFO neutron.api.wsgi [None req-c689e742-7b21-456d-b8e3-e86d32f9846d c5b6ef7ced2d469bbca1220cc95503bc 5905adb67e3e447c965b1bb724244ab6 - - default default] 10.0.0.195 "GET /v2.0/security-groups?tenant_id=c497671eff1e4ac4a4c36fb2b8f686a7&name=default HTTP/1.1" status: 200 len: 3120 time: 0.0356596
2026-06-23 19:54:06.247 9 INFO neutron.api.wsgi [None req-8fda9547-d942-4a44-82e3-8f5d2df5d30c 8d23ef4b88b54f30acf5646f86f37d3d e2dbe3cf603b480db2bd91aa203237a3 - - default default] 10.0.0.195 "DELETE /v2.0/floatingips/aff59130-e855-4b39-ac4c-8f98aba44744 HTTP/1.1" status: 204 len: 168 time: 0.3556716
2026-06-23 19:54:06.282 9 INFO neutron.services.segments.plugin [-] Segment 13a59aef-ec9f-447e-845b-c7753436d9d1 resource provider aggregate not found
2026-06-23 19:54:06.285 9 INFO neutron.services.segments.plugin [-] Segment 13a59aef-ec9f-447e-845b-c7753436d9d1 resource provider aggregate not found
2026-06-23 19:54:06.297 9 INFO neutron.services.segments.plugin [-] Segment 13a59aef-ec9f-447e-845b-c7753436d9d1 resource provider not found; error: Placement Client Error (4xx): {"errors": [{"status": 404, "title": "Not Found", "detail": "The resource could not be found.\n\n No resource provider with uuid 13a59aef-ec9f-447e-845b-c7753436d9d1 found for delete ", "request_id": "req-5109e6d0-bf14-4a1b-b370-0bbaf11c0906"}]}
2026-06-23 19:54:06.299 9 INFO neutron.services.segments.plugin [-] Segment 13a59aef-ec9f-447e-845b-c7753436d9d1 resource provider not found; error: Placement Client Error (4xx): {"errors": [{"status": 404, "title": "Not Found", "detail": "The resource could not be found.\n\n No resource provider with uuid 13a59aef-ec9f-447e-845b-c7753436d9d1 found for delete ", "request_id": "req-5efd795b-5557-4405-991f-88486d162bea"}]}
2026-06-23 19:54:06.333 9 INFO neutron.api.wsgi [None req-e256a078-f7de-4ec8-bd67-c633743d0833 c5b6ef7ced2d469bbca1220cc95503bc 5905adb67e3e447c965b1bb724244ab6 - - default default] 10.0.0.195 "DELETE /v2.0/networks/a4250c8b-27fb-43c9-ae4f-c8153123c8d3 HTTP/1.1" status: 204 len: 168 time: 0.3865244
2026-06-23 19:54:06.364 10 INFO neutron.api.wsgi [None req-0a5f1743-f5a9-45f1-a1c8-7c532dadc6de c5b6ef7ced2d469bbca1220cc95503bc 5905adb67e3e447c965b1bb724244ab6 - - default default] 10.0.0.195 "DELETE /v2.0/security-groups/f25e3411-474e-4094-adba-ff9f68926424 HTTP/1.1" status: 204 len: 168 time: 0.2113199
2026-06-23 19:54:06.470 9 INFO neutron.api.wsgi [None req-43f498e0-5f07-4f48-9d6c-2f8bd14b6f26 b1ebc37dc711473ebc05a6a04e372c65 4c09b767eff24f5ca48dad804b2ad535 - - default default] 10.0.0.195 "DELETE /v2.0/networks/5093132d-4e0a-4e98-8878-02bac9df388e HTTP/1.1" status: 204 len: 168 time: 0.3572733
2026-06-23 19:54:06.535 10 INFO neutron.services.segments.plugin [-] Segment f8da58ba-9e50-4ee1-8830-6a4d19462320 resource provider aggregate not found
2026-06-23 19:54:06.549 10 INFO neutron.services.segments.plugin [-] Segment f8da58ba-9e50-4ee1-8830-6a4d19462320 resource provider not found; error: Placement Client Error (4xx): {"errors": [{"status": 404, "title": "Not Found", "detail": "The resource could not be found.\n\n No resource provider with uuid f8da58ba-9e50-4ee1-8830-6a4d19462320 found for delete ", "request_id": "req-c465d183-5b0e-4370-9e92-d5a725e3a4ea"}]}
2026-06-23 19:54:06.556 10 INFO neutron.services.segments.plugin [-] Segment f8da58ba-9e50-4ee1-8830-6a4d19462320 resource provider aggregate not found
2026-06-23 19:54:06.574 10 INFO neutron.services.segments.plugin [-] Segment f8da58ba-9e50-4ee1-8830-6a4d19462320 resource provider not found; error: Placement Client Error (4xx): {"errors": [{"status": 404, "title": "Not Found", "detail": "The resource could not be found.\n\n No resource provider with uuid f8da58ba-9e50-4ee1-8830-6a4d19462320 found for delete ", "request_id": "req-b7e01fa1-ddb3-491c-99ae-c97e625db755"}]}
2026-06-23 19:54:06.652 10 INFO neutron.api.wsgi [None req-12d9537b-6d15-4205-a8d7-c3a0e99a90b3 c5b6ef7ced2d469bbca1220cc95503bc 5905adb67e3e447c965b1bb724244ab6 - - default default] 10.0.0.195 "GET /v2.0/security-groups?tenant_id=34ae153f41f84c7fb4015810fdad215d&name=default HTTP/1.1" status: 200 len: 3120 time: 0.0289524
2026-06-23 19:54:06.873 10 INFO neutron.api.wsgi [None req-edb3eff8-edb3-42ab-adc6-04ef026310cc c5b6ef7ced2d469bbca1220cc95503bc 5905adb67e3e447c965b1bb724244ab6 - - default default] 10.0.0.195 "DELETE /v2.0/security-groups/c769f5ca-9e96-4d37-b7e4-3bb74aa8e0da HTTP/1.1" status: 204 len: 168 time: 0.2159958
2026-06-23 19:54:07.068 10 INFO neutron.api.wsgi [None req-97e40119-07c0-4b18-a781-565f771d7dc5 c5b6ef7ced2d469bbca1220cc95503bc 5905adb67e3e447c965b1bb724244ab6 - - default default] 10.0.0.195 "GET /v2.0/security-groups?tenant_id=ebf45a63017a469298be7f6e3e6103f6&name=default HTTP/1.1" status: 200 len: 3120 time: 0.0394537
2026-06-23 19:54:07.243 9 INFO neutron.api.wsgi [None req-c7d596ee-ce7d-4fea-a82c-63df0666bebf c5b6ef7ced2d469bbca1220cc95503bc 5905adb67e3e447c965b1bb724244ab6 - - default default] 10.0.0.195 "GET /v2.0/security-groups?tenant_id=4c09b767eff24f5ca48dad804b2ad535&name=default HTTP/1.1" status: 200 len: 3120 time: 0.0666478
2026-06-23 19:54:07.308 10 INFO neutron.db.ovn_revision_numbers_db [None req-9beb0a70-dea6-46a0-a359-5df0bec2a46e c5b6ef7ced2d469bbca1220cc95503bc 5905adb67e3e447c965b1bb724244ab6 - - default default] Successfully bumped revision number for resource 9bfff2e5-721d-48a4-9d43-6bfb6d1c12c4 (type: security_groups) to 1
2026-06-23 19:54:07.319 10 INFO neutron.api.wsgi [None req-2cfd04dd-e1bc-4e10-9fb9-50b2b23605d5 c5b6ef7ced2d469bbca1220cc95503bc 5905adb67e3e447c965b1bb724244ab6 - - default default] 10.0.0.195 "DELETE /v2.0/security-groups/5feffc6a-7bdf-4023-97b1-95fb4d8fe834 HTTP/1.1" status: 204 len: 168 time: 0.2461832
