2026-06-23 19:54:59.989 10 INFO neutron.api.wsgi [None req-233c2d5c-5c51-40c5-8964-5db3857ea3d4 dc66ca7a08d1469e8e0c46a46527453a f5b3170428fa42f59d560bdd6d11403f - - default default] 10.0.0.195 "DELETE /v2.0/networks/44b3cf83-a690-40cb-b3d4-295d0e8c17c8 HTTP/1.1" status: 204 len: 168 time: 0.3082714
2026-06-23 19:55:00.142 9 INFO neutron.services.segments.plugin [-] Segment f1ecc65a-5128-477e-8609-abcb62451f02 resource provider aggregate not found
2026-06-23 19:55:00.148 9 INFO neutron.services.segments.plugin [-] Segment f1ecc65a-5128-477e-8609-abcb62451f02 resource provider aggregate not found
2026-06-23 19:55:00.152 9 INFO neutron.services.segments.plugin [-] Segment f1ecc65a-5128-477e-8609-abcb62451f02 resource provider not found; error: Placement Client Error (4xx): {"errors": [{"status": 404, "title": "Not Found", "detail": "The resource could not be found.\n\n No resource provider with uuid f1ecc65a-5128-477e-8609-abcb62451f02 found for delete ", "request_id": "req-12e8b3dc-c838-41fe-a309-b4d6ab0ec128"}]}
2026-06-23 19:55:00.167 9 INFO neutron.services.segments.plugin [-] Segment f1ecc65a-5128-477e-8609-abcb62451f02 resource provider not found; error: Placement Client Error (4xx): {"errors": [{"status": 404, "title": "Not Found", "detail": "The resource could not be found.\n\n No resource provider with uuid f1ecc65a-5128-477e-8609-abcb62451f02 found for delete ", "request_id": "req-de7e745f-bdb7-4103-bd67-23a013f16304"}]}
2026-06-23 19:55:00.211 9 INFO neutron.api.wsgi [None req-002f6eb8-2977-4f8e-bb3b-96c1dc76c948 b00797ae529f42b897dd794041820f5b 9d07abbcab7d409894d3ab20d19f2bff - - default default] 10.0.0.195 "DELETE /v2.0/vpn/vpnservices/c56d1f7a-b7ac-4c92-8bbf-239217227712 HTTP/1.1" status: 204 len: 168 time: 2.2056019 /var/lib/openstack/lib/python3.12/site-packages/pycadf/identifier.py:71: UserWarning: Invalid uuid: neutron. To ensure interoperability, identifiers should be a valid uuid. warnings.warn(('Invalid uuid: %s. To ensure interoperability, '
2026-06-23 19:55:00.277 9 INFO neutron.api.wsgi [None req-f830b854-7551-4835-9df3-515e6b5af193 b00797ae529f42b897dd794041820f5b 9d07abbcab7d409894d3ab20d19f2bff - - default default] 10.0.0.195 "GET /v2.0/routers/819eb836-7c8d-4246-b2c5-951d98671c20 HTTP/1.1" status: 200 len: 1136 time: 0.0608130
2026-06-23 19:55:00.340 10 INFO neutron.api.wsgi [None req-aebbb7ef-d880-498d-a5e3-8733327e81cf dc66ca7a08d1469e8e0c46a46527453a f5b3170428fa42f59d560bdd6d11403f - - default default] 10.0.0.195 "DELETE /v2.0/networks/b95ef7e9-9299-4046-ba0d-47061fefb8ae HTTP/1.1" status: 204 len: 168 time: 0.3471992
2026-06-23 19:55:00.687 10 INFO neutron.api.wsgi [None req-70181076-3716-4cf3-89a1-4b039a85d135 dc66ca7a08d1469e8e0c46a46527453a f5b3170428fa42f59d560bdd6d11403f - - default default] 10.0.0.195 "DELETE /v2.0/networks/a26de3ec-d940-49a8-b137-b8205e564eca HTTP/1.1" status: 204 len: 168 time: 0.3387320
2026-06-23 19:55:00.717 9 WARNING neutron.plugins.ml2.drivers.ovn.mech_driver.ovsdb.ovn_client [None req-d260008a-3150-4dfa-b730-2b5ce8d34105 - - - - - -] No port found with ID 022859dd-34b4-40ab-b6a7-b8549ad89695: RuntimeError: No port found with ID 022859dd-34b4-40ab-b6a7-b8549ad89695
2026-06-23 19:55:01.002 9 INFO neutron.db.ovn_revision_numbers_db [None req-0068b882-9f38-4a18-a691-3ee4dde7b44b b00797ae529f42b897dd794041820f5b 9d07abbcab7d409894d3ab20d19f2bff - - default default] Successfully bumped revision number for resource 819eb836-7c8d-4246-b2c5-951d98671c20 (type: routers) to 11
2026-06-23 19:55:01.012 9 INFO neutron.api.wsgi [None req-0068b882-9f38-4a18-a691-3ee4dde7b44b b00797ae529f42b897dd794041820f5b 9d07abbcab7d409894d3ab20d19f2bff - - default default] 10.0.0.195 "PUT /v2.0/routers/819eb836-7c8d-4246-b2c5-951d98671c20 HTTP/1.1" status: 200 len: 1136 time: 0.7273359
2026-06-23 19:55:01.036 10 INFO neutron.api.wsgi [None req-a922bafa-5087-4d37-b4df-933dfad8e7f9 dc66ca7a08d1469e8e0c46a46527453a f5b3170428fa42f59d560bdd6d11403f - - default default] 10.0.0.195 "DELETE /v2.0/networks/212185fa-f113-4258-8212-e20aebfb3e8b HTTP/1.1" status: 204 len: 168 time: 0.3430898
2026-06-23 19:55:01.114 9 INFO neutron.api.wsgi [None req-487f3905-a89f-41a0-8ac0-3aac2a943555 b00797ae529f42b897dd794041820f5b 9d07abbcab7d409894d3ab20d19f2bff - - default default] 10.0.0.195 "GET /v2.0/ports?device_id=819eb836-7c8d-4246-b2c5-951d98671c20 HTTP/1.1" status: 200 len: 1140 time: 0.0971098
2026-06-23 19:55:01.660 10 INFO neutron.services.segments.plugin [-] Segment c05dfc58-e4dd-4f1d-b0f6-d22fde6ca037 resource provider aggregate not found
2026-06-23 19:55:01.676 10 INFO neutron.services.segments.plugin [-] Segment c05dfc58-e4dd-4f1d-b0f6-d22fde6ca037 resource provider not found; error: Placement Client Error (4xx): {"errors": [{"status": 404, "title": "Not Found", "detail": "The resource could not be found.\n\n No resource provider with uuid c05dfc58-e4dd-4f1d-b0f6-d22fde6ca037 found for delete ", "request_id": "req-6309e969-aaa5-4b3e-8b51-cc71d38ebde4"}]}
2026-06-23 19:55:01.681 10 INFO neutron.services.segments.plugin [-] Segment c05dfc58-e4dd-4f1d-b0f6-d22fde6ca037 resource provider aggregate not found
2026-06-23 19:55:01.689 10 INFO neutron.services.segments.plugin [-] Segment cf1611e0-a710-44d4-b93a-51241acccf3e resource provider aggregate not found
2026-06-23 19:55:01.695 10 INFO neutron.services.segments.plugin [-] Segment c05dfc58-e4dd-4f1d-b0f6-d22fde6ca037 resource provider not found; error: Placement Client Error (4xx): {"errors": [{"status": 404, "title": "Not Found", "detail": "The resource could not be found.\n\n No resource provider with uuid c05dfc58-e4dd-4f1d-b0f6-d22fde6ca037 found for delete ", "request_id": "req-212d870f-9d69-4b59-a618-d9cbb4a3e7c1"}]}
2026-06-23 19:55:01.702 10 INFO neutron.services.segments.plugin [-] Segment cf1611e0-a710-44d4-b93a-51241acccf3e resource provider not found; error: Placement Client Error (4xx): {"errors": [{"status": 404, "title": "Not Found", "detail": "The resource could not be found.\n\n No resource provider with uuid cf1611e0-a710-44d4-b93a-51241acccf3e found for delete ", "request_id": "req-518ff283-02b0-45c6-bd75-fe5e6e8b7a6b"}]}
2026-06-23 19:55:01.719 10 INFO neutron.services.segments.plugin [-] Segment cea5b629-c213-4d8e-9e73-854b204984f4 resource provider aggregate not found
2026-06-23 19:55:01.725 10 INFO neutron.services.segments.plugin [-] Segment cf1611e0-a710-44d4-b93a-51241acccf3e resource provider aggregate not found
2026-06-23 19:55:01.735 10 INFO neutron.services.segments.plugin [-] Segment cea5b629-c213-4d8e-9e73-854b204984f4 resource provider not found; error: Placement Client Error (4xx): {"errors": [{"status": 404, "title": "Not Found", "detail": "The resource could not be found.\n\n No resource provider with uuid cea5b629-c213-4d8e-9e73-854b204984f4 found for delete ", "request_id": "req-2b5747c3-1c35-4481-9c57-f59689746647"}]}
2026-06-23 19:55:01.740 10 INFO neutron.services.segments.plugin [-] Segment cf1611e0-a710-44d4-b93a-51241acccf3e resource provider not found; error: Placement Client Error (4xx): {"errors": [{"status": 404, "title": "Not Found", "detail": "The resource could not be found.\n\n No resource provider with uuid cf1611e0-a710-44d4-b93a-51241acccf3e found for delete ", "request_id": "req-70011cc5-5253-4dec-8b36-cedef279a357"}]}
2026-06-23 19:55:01.748 10 INFO neutron.services.segments.plugin [-] Segment 5a3b6672-75c8-4b8d-8781-97d537734f17 resource provider aggregate not found
2026-06-23 19:55:01.753 10 INFO neutron.services.segments.plugin [-] Segment cea5b629-c213-4d8e-9e73-854b204984f4 resource provider aggregate not found
2026-06-23 19:55:01.766 10 INFO neutron.services.segments.plugin [-] Segment cea5b629-c213-4d8e-9e73-854b204984f4 resource provider not found; error: Placement Client Error (4xx): {"errors": [{"status": 404, "title": "Not Found", "detail": "The resource could not be found.\n\n No resource provider with uuid cea5b629-c213-4d8e-9e73-854b204984f4 found for delete ", "request_id": "req-7e40c835-72da-43cd-ae38-c6c134f8da3f"}]}
2026-06-23 19:55:01.772 10 INFO neutron.services.segments.plugin [-] Segment 5a3b6672-75c8-4b8d-8781-97d537734f17 resource provider not found; error: Placement Client Error (4xx): {"errors": [{"status": 404, "title": "Not Found", "detail": "The resource could not be found.\n\n No resource provider with uuid 5a3b6672-75c8-4b8d-8781-97d537734f17 found for delete ", "request_id": "req-9983d7fe-2dab-4aa3-9adf-d578f4125609"}]}
2026-06-23 19:55:01.780 10 INFO neutron.services.segments.plugin [-] Segment 5a3b6672-75c8-4b8d-8781-97d537734f17 resource provider aggregate not found
2026-06-23 19:55:01.796 10 INFO neutron.services.segments.plugin [-] Segment 5a3b6672-75c8-4b8d-8781-97d537734f17 resource provider not found; error: Placement Client Error (4xx): {"errors": [{"status": 404, "title": "Not Found", "detail": "The resource could not be found.\n\n No resource provider with uuid 5a3b6672-75c8-4b8d-8781-97d537734f17 found for delete ", "request_id": "req-cdd5e3ea-2aa8-4494-919b-c52d84f4d487"}]}
2026-06-23 19:55:02.068 9 INFO neutron.api.wsgi [None req-01c11ddb-f769-4bdc-9da6-e7139493e871 b00797ae529f42b897dd794041820f5b 9d07abbcab7d409894d3ab20d19f2bff - - default default] 10.0.0.195 "PUT /v2.0/routers/819eb836-7c8d-4246-b2c5-951d98671c20/remove_router_interface HTTP/1.1" status: 200 len: 503 time: 0.9491260 /var/lib/openstack/lib/python3.12/site-packages/pycadf/identifier.py:71: UserWarning: Invalid uuid: neutron. To ensure interoperability, identifiers should be a valid uuid. warnings.warn(('Invalid uuid: %s. To ensure interoperability, '
2026-06-23 19:55:02.517 9 INFO neutron.db.ovn_revision_numbers_db [None req-e4efca39-f61e-4504-8e76-82ce90541e5b c5b6ef7ced2d469bbca1220cc95503bc 5905adb67e3e447c965b1bb724244ab6 - - default default] Successfully bumped revision number for resource 10307a18-0bce-4362-817d-0c03f04bd899 (type: security_groups) to 1
2026-06-23 19:55:02.535 9 INFO neutron.db.ovn_revision_numbers_db [None req-e4efca39-f61e-4504-8e76-82ce90541e5b c5b6ef7ced2d469bbca1220cc95503bc 5905adb67e3e447c965b1bb724244ab6 - - default default] Successfully bumped revision number for resource 3a7389be-d042-4276-a93b-93be877637c4 (type: security_group_rules) to 0
2026-06-23 19:55:02.552 9 INFO neutron.db.ovn_revision_numbers_db [None req-e4efca39-f61e-4504-8e76-82ce90541e5b c5b6ef7ced2d469bbca1220cc95503bc 5905adb67e3e447c965b1bb724244ab6 - - default default] Successfully bumped revision number for resource 49a7cc0c-4113-47c4-9a81-dd9d54c5e0e5 (type: security_group_rules) to 0
2026-06-23 19:55:02.566 9 INFO neutron.db.ovn_revision_numbers_db [None req-e4efca39-f61e-4504-8e76-82ce90541e5b c5b6ef7ced2d469bbca1220cc95503bc 5905adb67e3e447c965b1bb724244ab6 - - default default] Successfully bumped revision number for resource 7944036b-8f74-4c07-9a4d-73d5ea3c72d5 (type: security_group_rules) to 0
2026-06-23 19:55:02.581 9 INFO neutron.db.ovn_revision_numbers_db [None req-e4efca39-f61e-4504-8e76-82ce90541e5b c5b6ef7ced2d469bbca1220cc95503bc 5905adb67e3e447c965b1bb724244ab6 - - default default] Successfully bumped revision number for resource e1c10feb-769c-4fd4-958f-94da4b318c99 (type: security_group_rules) to 0
2026-06-23 19:55:02.618 9 INFO neutron.api.wsgi [None req-e4efca39-f61e-4504-8e76-82ce90541e5b c5b6ef7ced2d469bbca1220cc95503bc 5905adb67e3e447c965b1bb724244ab6 - - default default] 10.0.0.195 "GET /v2.0/security-groups?tenant_id=ee73accd564a4960b7eb3030314e608e&name=default HTTP/1.1" status: 200 len: 3124 time: 0.6542065
2026-06-23 19:55:02.818 10 INFO neutron.api.wsgi [None req-ad0f0ff1-774f-4e45-96c9-8d0a6252fe4d c5b6ef7ced2d469bbca1220cc95503bc 5905adb67e3e447c965b1bb724244ab6 - - default default] 10.0.0.195 "DELETE /v2.0/security-groups/10307a18-0bce-4362-817d-0c03f04bd899 HTTP/1.1" status: 204 len: 168 time: 0.1953127
2026-06-23 19:55:03.019 9 INFO neutron.api.wsgi [None req-8a243121-640f-4af7-943e-ce86014d8d59 b00797ae529f42b897dd794041820f5b 9d07abbcab7d409894d3ab20d19f2bff - - default default] 10.0.0.195 "DELETE /v2.0/routers/819eb836-7c8d-4246-b2c5-951d98671c20 HTTP/1.1" status: 204 len: 168 time: 0.9473722
2026-06-23 19:55:03.073 9 INFO neutron.api.wsgi [None req-c5a9007d-7fff-4b1c-9fc0-574a8f0e3503 b00797ae529f42b897dd794041820f5b 9d07abbcab7d409894d3ab20d19f2bff - - default default] 10.0.0.195 "GET /v2.0/routers/232a7f48-206d-43b0-82c4-478dda2d5fed HTTP/1.1" status: 200 len: 1137 time: 0.0486548
2026-06-23 19:55:03.121 10 INFO neutron.db.ovn_revision_numbers_db [None req-684880f7-5407-4be4-bd34-9157f4860862 c5b6ef7ced2d469bbca1220cc95503bc 5905adb67e3e447c965b1bb724244ab6 - - default default] Successfully bumped revision number for resource ec4e58d5-5e83-4147-bb29-9b2b5b519cca (type: security_groups) to 1
2026-06-23 19:55:03.140 10 INFO neutron.db.ovn_revision_numbers_db [None req-684880f7-5407-4be4-bd34-9157f4860862 c5b6ef7ced2d469bbca1220cc95503bc 5905adb67e3e447c965b1bb724244ab6 - - default default] Successfully bumped revision number for resource 2717d1f8-2fea-4bea-bb9d-e8bc1d605a21 (type: security_group_rules) to 0
2026-06-23 19:55:03.154 10 INFO neutron.db.ovn_revision_numbers_db [None req-684880f7-5407-4be4-bd34-9157f4860862 c5b6ef7ced2d469bbca1220cc95503bc 5905adb67e3e447c965b1bb724244ab6 - - default default] Successfully bumped revision number for resource 90bf8736-34aa-4d25-965b-c0436590a33e (type: security_group_rules) to 0
2026-06-23 19:55:03.168 10 INFO neutron.db.ovn_revision_numbers_db [None req-684880f7-5407-4be4-bd34-9157f4860862 c5b6ef7ced2d469bbca1220cc95503bc 5905adb67e3e447c965b1bb724244ab6 - - default default] Successfully bumped revision number for resource f2dfe8a4-2287-4299-a1bf-48105bc73e02 (type: security_group_rules) to 0
2026-06-23 19:55:03.184 10 INFO neutron.db.ovn_revision_numbers_db [None req-684880f7-5407-4be4-bd34-9157f4860862 c5b6ef7ced2d469bbca1220cc95503bc 5905adb67e3e447c965b1bb724244ab6 - - default default] Successfully bumped revision number for resource f42f9e9e-0f99-4171-95e2-4195d1466712 (type: security_group_rules) to 0
2026-06-23 19:55:03.220 10 INFO neutron.api.wsgi [None req-684880f7-5407-4be4-bd34-9157f4860862 c5b6ef7ced2d469bbca1220cc95503bc 5905adb67e3e447c965b1bb724244ab6 - - default default] 10.0.0.195 "GET /v2.0/security-groups?tenant_id=4b167727695b466fbfdd75e4174b6aef&name=default HTTP/1.1" status: 200 len: 3124 time: 0.2203948
2026-06-23 19:55:03.433 10 INFO neutron.api.wsgi [None req-3a1e61b1-ba4f-487f-acf2-4c6f2b5d7c21 c5b6ef7ced2d469bbca1220cc95503bc 5905adb67e3e447c965b1bb724244ab6 - - default default] 10.0.0.195 "DELETE /v2.0/security-groups/ec4e58d5-5e83-4147-bb29-9b2b5b519cca HTTP/1.1" status: 204 len: 168 time: 0.2050762
2026-06-23 19:55:03.597 10 INFO neutron.api.wsgi [None req-b96d4907-ac6c-4d49-96b4-e11fdcfe8f2f c5b6ef7ced2d469bbca1220cc95503bc 5905adb67e3e447c965b1bb724244ab6 - - default default] 10.0.0.195 "GET /v2.0/security-groups?tenant_id=f5b3170428fa42f59d560bdd6d11403f&name=default HTTP/1.1" status: 200 len: 3124 time: 0.0309489
2026-06-23 19:55:03.763 9 INFO neutron.db.ovn_revision_numbers_db [None req-3efdceb3-d050-410f-ae67-090c6925ca7c b00797ae529f42b897dd794041820f5b 9d07abbcab7d409894d3ab20d19f2bff - - default default] Successfully bumped revision number for resource 232a7f48-206d-43b0-82c4-478dda2d5fed (type: routers) to 5
2026-06-23 19:55:03.767 9 INFO neutron.api.wsgi [None req-3efdceb3-d050-410f-ae67-090c6925ca7c b00797ae529f42b897dd794041820f5b 9d07abbcab7d409894d3ab20d19f2bff - - default default] 10.0.0.195 "PUT /v2.0/routers/232a7f48-206d-43b0-82c4-478dda2d5fed HTTP/1.1" status: 200 len: 1137 time: 0.6879981
2026-06-23 19:55:03.786 10 INFO neutron.api.wsgi [None req-36555a4e-3b49-4f18-9922-ea585e97b10f c5b6ef7ced2d469bbca1220cc95503bc 5905adb67e3e447c965b1bb724244ab6 - - default default] 10.0.0.195 "DELETE /v2.0/security-groups/c646c017-0f42-4cfb-840b-08cbcbb36d57 HTTP/1.1" status: 204 len: 168 time: 0.1835032
2026-06-23 19:55:03.904 10 INFO neutron.api.wsgi [None req-d59a176e-b3bf-4c37-a4d7-1310750f502a b00797ae529f42b897dd794041820f5b 9d07abbcab7d409894d3ab20d19f2bff - - default default] 10.0.0.195 "GET /v2.0/ports?device_id=232a7f48-206d-43b0-82c4-478dda2d5fed HTTP/1.1" status: 200 len: 1144 time: 0.1134107
2026-06-23 19:55:04.763 10 INFO neutron.api.wsgi [None req-93305db5-c186-42dc-8374-701bf00e51a7 b00797ae529f42b897dd794041820f5b 9d07abbcab7d409894d3ab20d19f2bff - - default default] 10.0.0.195 "PUT /v2.0/routers/232a7f48-206d-43b0-82c4-478dda2d5fed/remove_router_interface HTTP/1.1" status: 200 len: 503 time: 0.8553073
2026-06-23 19:55:04.773 9 WARNING neutron_lib.context [None req-c07732aa-793b-4052-aaa2-6c261bc30dc6 31a37067ff1147728f42e43c418bfe46 206ae29860e341928770ac25c052cad9 - - default default] Method 'is_advsvc' is deprecated since 2023.2 release (neutron-lib 3.8.0) and will be removed once support for the old RBAC API policies will be removed from Neutron. Please use method 'is_service_role' instead. /var/lib/openstack/lib/python3.12/site-packages/pycadf/identifier.py:71: UserWarning: Invalid uuid: neutron. To ensure interoperability, identifiers should be a valid uuid. warnings.warn(('Invalid uuid: %s. To ensure interoperability, '
2026-06-23 19:55:04.922 9 INFO neutron.db.ovn_revision_numbers_db [None req-c07732aa-793b-4052-aaa2-6c261bc30dc6 31a37067ff1147728f42e43c418bfe46 206ae29860e341928770ac25c052cad9 - - default default] Successfully bumped revision number for resource e049f6eb-128d-4473-bd58-2778415f78a7 (type: security_groups) to 1
2026-06-23 19:55:04.935 9 INFO neutron.db.ovn_revision_numbers_db [None req-c07732aa-793b-4052-aaa2-6c261bc30dc6 31a37067ff1147728f42e43c418bfe46 206ae29860e341928770ac25c052cad9 - - default default] Successfully bumped revision number for resource 513c89ad-1933-4b85-bf49-406f9997449f (type: security_group_rules) to 0
2026-06-23 19:55:04.948 9 INFO neutron.db.ovn_revision_numbers_db [None req-c07732aa-793b-4052-aaa2-6c261bc30dc6 31a37067ff1147728f42e43c418bfe46 206ae29860e341928770ac25c052cad9 - - default default] Successfully bumped revision number for resource a0d9960b-2346-41f9-b46f-97b1a0af1b90 (type: security_group_rules) to 0
2026-06-23 19:55:04.960 9 INFO neutron.db.ovn_revision_numbers_db [None req-c07732aa-793b-4052-aaa2-6c261bc30dc6 31a37067ff1147728f42e43c418bfe46 206ae29860e341928770ac25c052cad9 - - default default] Successfully bumped revision number for resource c1eccc87-575d-4cca-af61-323a89f4a5f0 (type: security_group_rules) to 0
2026-06-23 19:55:04.971 9 INFO neutron.db.ovn_revision_numbers_db [None req-c07732aa-793b-4052-aaa2-6c261bc30dc6 31a37067ff1147728f42e43c418bfe46 206ae29860e341928770ac25c052cad9 - - default default] Successfully bumped revision number for resource d8c54aad-c227-49f1-bdee-bda26781e2f3 (type: security_group_rules) to 0
2026-06-23 19:55:05.044 9 INFO neutron.db.segments_db [None req-c07732aa-793b-4052-aaa2-6c261bc30dc6 31a37067ff1147728f42e43c418bfe46 206ae29860e341928770ac25c052cad9 - - default default] Added segment 7d1e45b8-71a6-47f8-8f2c-a3b2a13581e7 of type geneve for network 9f9ee090-a706-45da-a6f8-6c855ac5d0b2
2026-06-23 19:55:05.147 9 INFO neutron.db.ovn_revision_numbers_db [None req-c07732aa-793b-4052-aaa2-6c261bc30dc6 31a37067ff1147728f42e43c418bfe46 206ae29860e341928770ac25c052cad9 - - default default] Successfully bumped revision number for resource 9f9ee090-a706-45da-a6f8-6c855ac5d0b2 (type: networks) to 1
2026-06-23 19:55:05.339 9 WARNING neutron.scheduler.dhcp_agent_scheduler [None req-c07732aa-793b-4052-aaa2-6c261bc30dc6 31a37067ff1147728f42e43c418bfe46 206ae29860e341928770ac25c052cad9 - - default default] No more DHCP agents
2026-06-23 19:55:05.340 9 WARNING neutron.api.rpc.agentnotifiers.dhcp_rpc_agent_api [None req-c07732aa-793b-4052-aaa2-6c261bc30dc6 31a37067ff1147728f42e43c418bfe46 206ae29860e341928770ac25c052cad9 - - default default] Unable to schedule network 9f9ee090-a706-45da-a6f8-6c855ac5d0b2: no agents available; will retry on subsequent port and subnet creation events.
2026-06-23 19:55:05.407 9 INFO neutron.db.ovn_revision_numbers_db [None req-c07732aa-793b-4052-aaa2-6c261bc30dc6 31a37067ff1147728f42e43c418bfe46 206ae29860e341928770ac25c052cad9 - - default default] Successfully bumped revision number for resource 37f2aad5-6004-465c-badd-a05f51b55a2b (type: ports) to 1
2026-06-23 19:55:05.432 9 INFO neutron.api.wsgi [None req-c07732aa-793b-4052-aaa2-6c261bc30dc6 31a37067ff1147728f42e43c418bfe46 206ae29860e341928770ac25c052cad9 - - default default] 10.0.0.195 "POST /v2.0/networks HTTP/1.1" status: 201 len: 839 time: 0.8224592
2026-06-23 19:55:05.434 10 INFO neutron.api.wsgi [None req-6aed95c9-20d6-40f0-9cbc-bc0dc49ae943 b00797ae529f42b897dd794041820f5b 9d07abbcab7d409894d3ab20d19f2bff - - default default] 10.0.0.195 "DELETE /v2.0/routers/232a7f48-206d-43b0-82c4-478dda2d5fed HTTP/1.1" status: 204 len: 168 time: 0.6636989
2026-06-23 19:55:05.443 10 WARNING neutron_lib.context [None req-e74939cf-583f-4275-abb2-a688d41cada0 31a37067ff1147728f42e43c418bfe46 206ae29860e341928770ac25c052cad9 - - default default] Method 'is_advsvc' is deprecated since 2023.2 release (neutron-lib 3.8.0) and will be removed once support for the old RBAC API policies will be removed from Neutron. Please use method 'is_service_role' instead.
2026-06-23 19:55:05.502 9 INFO neutron.api.wsgi [None req-01f8a379-304e-4831-88f5-0bde32e7bbb5 b00797ae529f42b897dd794041820f5b 9d07abbcab7d409894d3ab20d19f2bff - - default default] 10.0.0.195 "GET /v2.0/routers/d4979a2f-6268-4e3c-bfff-3150551c8fc4 HTTP/1.1" status: 200 len: 1137 time: 0.0626066
2026-06-23 19:55:05.625 10 WARNING neutron.scheduler.dhcp_agent_scheduler [None req-e74939cf-583f-4275-abb2-a688d41cada0 31a37067ff1147728f42e43c418bfe46 206ae29860e341928770ac25c052cad9 - - default default] No more DHCP agents
2026-06-23 19:55:05.627 10 WARNING neutron.api.rpc.agentnotifiers.dhcp_rpc_agent_api [None req-e74939cf-583f-4275-abb2-a688d41cada0 31a37067ff1147728f42e43c418bfe46 206ae29860e341928770ac25c052cad9 - - default default] Unable to schedule network 9f9ee090-a706-45da-a6f8-6c855ac5d0b2: no agents available; will retry on subsequent port and subnet creation events.
2026-06-23 19:55:06.018 10 INFO neutron.db.ovn_revision_numbers_db [None req-b0db0ac9-dccc-4b2b-b02d-c090b5ae3c63 - - - - - -] Successfully bumped revision number for resource 37f2aad5-6004-465c-badd-a05f51b55a2b (type: ports) to 2
2026-06-23 19:55:06.047 10 INFO neutron.db.ovn_revision_numbers_db [None req-b0db0ac9-dccc-4b2b-b02d-c090b5ae3c63 - - - - - -] Successfully bumped revision number for resource ec3e6c69-27ed-43ab-808f-ebc8b60939ae (type: subnets) to 0
2026-06-23 19:55:06.061 10 INFO neutron.api.wsgi [None req-e74939cf-583f-4275-abb2-a688d41cada0 31a37067ff1147728f42e43c418bfe46 206ae29860e341928770ac25c052cad9 - - default default] 10.0.0.195 "POST /v2.0/subnets HTTP/1.1" status: 201 len: 856 time: 0.6221733
2026-06-23 19:55:06.249 9 INFO neutron.db.ovn_revision_numbers_db [None req-1572a135-b166-4b16-a8d7-57b76e81d465 b00797ae529f42b897dd794041820f5b 9d07abbcab7d409894d3ab20d19f2bff - - default default] Successfully bumped revision number for resource d4979a2f-6268-4e3c-bfff-3150551c8fc4 (type: routers) to 5
2026-06-23 19:55:06.254 9 INFO neutron.api.wsgi [None req-1572a135-b166-4b16-a8d7-57b76e81d465 b00797ae529f42b897dd794041820f5b 9d07abbcab7d409894d3ab20d19f2bff - - default default] 10.0.0.195 "PUT /v2.0/routers/d4979a2f-6268-4e3c-bfff-3150551c8fc4 HTTP/1.1" status: 200 len: 1137 time: 0.7477074
2026-06-23 19:55:06.267 9 INFO neutron.api.wsgi [None req-349312e5-4058-43bd-a4ef-346556d8e90d 06440f04564945f79725c7d76f1d6810 695bcbac8db24345892653593ab8be5d - - default default] 10.0.0.195 "GET /v2.0/subnetpools?name=shared-default-subnetpool-v6 HTTP/1.1" status: 200 len: 212 time: 0.1928377
2026-06-23 19:55:06.275 9 WARNING neutron_lib.context [None req-d04ee701-59fd-4681-90ec-89e9ae35fdc7 31a37067ff1147728f42e43c418bfe46 206ae29860e341928770ac25c052cad9 - - default default] Method 'is_advsvc' is deprecated since 2023.2 release (neutron-lib 3.8.0) and will be removed once support for the old RBAC API policies will be removed from Neutron. Please use method 'is_service_role' instead.
2026-06-23 19:55:06.332 10 INFO neutron.api.wsgi [None req-35f5fdce-8402-418d-98a2-ab6eecd7aead b00797ae529f42b897dd794041820f5b 9d07abbcab7d409894d3ab20d19f2bff - - default default] 10.0.0.195 "GET /v2.0/ports?device_id=d4979a2f-6268-4e3c-bfff-3150551c8fc4 HTTP/1.1" status: 200 len: 1144 time: 0.0718045
2026-06-23 19:55:06.610 9 WARNING neutron.scheduler.dhcp_agent_scheduler [None req-d04ee701-59fd-4681-90ec-89e9ae35fdc7 31a37067ff1147728f42e43c418bfe46 206ae29860e341928770ac25c052cad9 - - default default] No more DHCP agents
2026-06-23 19:55:06.612 9 WARNING neutron.api.rpc.agentnotifiers.dhcp_rpc_agent_api [None req-d04ee701-59fd-4681-90ec-89e9ae35fdc7 31a37067ff1147728f42e43c418bfe46 206ae29860e341928770ac25c052cad9 - - default default] Unable to schedule network 9f9ee090-a706-45da-a6f8-6c855ac5d0b2: no agents available; will retry on subsequent port and subnet creation events.
2026-06-23 19:55:06.650 9 INFO neutron.db.ovn_revision_numbers_db [None req-d04ee701-59fd-4681-90ec-89e9ae35fdc7 31a37067ff1147728f42e43c418bfe46 206ae29860e341928770ac25c052cad9 - - default default] Successfully bumped revision number for resource c1018742-ffa3-4b8e-b9b7-1c7963f2faa6 (type: subnets) to 0
2026-06-23 19:55:06.667 9 INFO neutron.api.wsgi [None req-d04ee701-59fd-4681-90ec-89e9ae35fdc7 31a37067ff1147728f42e43c418bfe46 206ae29860e341928770ac25c052cad9 - - default default] 10.0.0.195 "POST /v2.0/subnets HTTP/1.1" status: 201 len: 930 time: 0.3969605
2026-06-23 19:55:06.677 9 WARNING neutron_lib.context [None req-401498ea-d32c-4a4a-ba8b-c43f2216a1ef 31a37067ff1147728f42e43c418bfe46 206ae29860e341928770ac25c052cad9 - - default default] Method 'is_advsvc' is deprecated since 2023.2 release (neutron-lib 3.8.0) and will be removed once support for the old RBAC API policies will be removed from Neutron. Please use method 'is_service_role' instead.
2026-06-23 19:55:06.769 9 INFO neutron.db.segments_db [None req-401498ea-d32c-4a4a-ba8b-c43f2216a1ef 31a37067ff1147728f42e43c418bfe46 206ae29860e341928770ac25c052cad9 - - default default] Added segment e741bcb5-f06e-4c3f-a473-b98e32ad2566 of type geneve for network 6e56f0d9-5514-466c-91f4-b9d595ef0ccb
2026-06-23 19:55:06.955 9 INFO neutron.db.ovn_revision_numbers_db [None req-401498ea-d32c-4a4a-ba8b-c43f2216a1ef 31a37067ff1147728f42e43c418bfe46 206ae29860e341928770ac25c052cad9 - - default default] Successfully bumped revision number for resource 6e56f0d9-5514-466c-91f4-b9d595ef0ccb (type: networks) to 1
2026-06-23 19:55:07.127 10 WARNING neutron_lib.context [None req-d1651fcf-a2f7-4d8f-a447-36680f6e6d82 a57160e7f8414f40bbd6d66b119f516b ca37e0e15ddd48c49802df60187583ae - - default default] Method 'is_advsvc' is deprecated since 2023.2 release (neutron-lib 3.8.0) and will be removed once support for the old RBAC API policies will be removed from Neutron. Please use method 'is_service_role' instead.
2026-06-23 19:55:07.155 9 WARNING neutron.scheduler.dhcp_agent_scheduler [None req-401498ea-d32c-4a4a-ba8b-c43f2216a1ef 31a37067ff1147728f42e43c418bfe46 206ae29860e341928770ac25c052cad9 - - default default] No more DHCP agents
2026-06-23 19:55:07.159 9 WARNING neutron.api.rpc.agentnotifiers.dhcp_rpc_agent_api [None req-401498ea-d32c-4a4a-ba8b-c43f2216a1ef 31a37067ff1147728f42e43c418bfe46 206ae29860e341928770ac25c052cad9 - - default default] Unable to schedule network 6e56f0d9-5514-466c-91f4-b9d595ef0ccb: no agents available; will retry on subsequent port and subnet creation events.
2026-06-23 19:55:07.268 9 INFO neutron.db.ovn_revision_numbers_db [None req-401498ea-d32c-4a4a-ba8b-c43f2216a1ef 31a37067ff1147728f42e43c418bfe46 206ae29860e341928770ac25c052cad9 - - default default] Successfully bumped revision number for resource 8544e2e6-ca78-413a-a41c-da21fcd22abc (type: ports) to 1
2026-06-23 19:55:07.320 9 INFO neutron.api.wsgi [None req-9dfcd491-25c3-42a5-bf13-3aa375ebf07a b00797ae529f42b897dd794041820f5b 9d07abbcab7d409894d3ab20d19f2bff - - default default] 10.0.0.195 "PUT /v2.0/routers/d4979a2f-6268-4e3c-bfff-3150551c8fc4/remove_router_interface HTTP/1.1" status: 200 len: 503 time: 0.9825552
2026-06-23 19:55:07.323 9 INFO neutron.api.wsgi [None req-401498ea-d32c-4a4a-ba8b-c43f2216a1ef 31a37067ff1147728f42e43c418bfe46 206ae29860e341928770ac25c052cad9 - - default default] 10.0.0.195 "POST /v2.0/networks HTTP/1.1" status: 201 len: 836 time: 0.6504140 /var/lib/openstack/lib/python3.12/site-packages/pycadf/identifier.py:71: UserWarning: Invalid uuid: neutron. To ensure interoperability, identifiers should be a valid uuid. warnings.warn(('Invalid uuid: %s. To ensure interoperability, '
2026-06-23 19:55:07.331 10 WARNING neutron_lib.context [None req-e984c4fc-9768-4c57-bbf1-c75fcb1faca7 31a37067ff1147728f42e43c418bfe46 206ae29860e341928770ac25c052cad9 - - default default] Method 'is_advsvc' is deprecated since 2023.2 release (neutron-lib 3.8.0) and will be removed once support for the old RBAC API policies will be removed from Neutron. Please use method 'is_service_role' instead.
2026-06-23 19:55:07.346 10 WARNING neutron.scheduler.dhcp_agent_scheduler [None req-d1651fcf-a2f7-4d8f-a447-36680f6e6d82 a57160e7f8414f40bbd6d66b119f516b ca37e0e15ddd48c49802df60187583ae - - default default] No more DHCP agents
2026-06-23 19:55:07.348 10 WARNING neutron.api.rpc.agentnotifiers.dhcp_rpc_agent_api [None req-d1651fcf-a2f7-4d8f-a447-36680f6e6d82 a57160e7f8414f40bbd6d66b119f516b ca37e0e15ddd48c49802df60187583ae - - default default] Unable to schedule network fc8dd96c-e655-4837-bd71-a61a77ef4ad4: no agents available; will retry on subsequent port and subnet creation events.
2026-06-23 19:55:07.573 10 WARNING neutron.scheduler.dhcp_agent_scheduler [None req-e984c4fc-9768-4c57-bbf1-c75fcb1faca7 31a37067ff1147728f42e43c418bfe46 206ae29860e341928770ac25c052cad9 - - default default] No more DHCP agents
2026-06-23 19:55:07.574 10 WARNING neutron.api.rpc.agentnotifiers.dhcp_rpc_agent_api [None req-e984c4fc-9768-4c57-bbf1-c75fcb1faca7 31a37067ff1147728f42e43c418bfe46 206ae29860e341928770ac25c052cad9 - - default default] Unable to schedule network 6e56f0d9-5514-466c-91f4-b9d595ef0ccb: no agents available; will retry on subsequent port and subnet creation events.
2026-06-23 19:55:07.700 10 INFO neutron.api.wsgi [None req-d1651fcf-a2f7-4d8f-a447-36680f6e6d82 a57160e7f8414f40bbd6d66b119f516b ca37e0e15ddd48c49802df60187583ae - - default default] 10.0.0.195 "POST /v2.0/floatingips HTTP/1.1" status: 201 len: 751 time: 0.6877949
2026-06-23 19:55:07.756 10 INFO neutron.api.wsgi [None req-8276c0a2-6675-43b5-8d0b-a0e1ff497c8f a57160e7f8414f40bbd6d66b119f516b ca37e0e15ddd48c49802df60187583ae - - default default] 10.0.0.195 "PUT /v2.0/floatingips/1e082006-b7a7-4f86-af10-b4738c6bc227/tags HTTP/1.1" status: 200 len: 218 time: 0.0514209
2026-06-23 19:55:07.831 9 INFO neutron.api.wsgi [None req-4c92c083-a046-435f-8993-565e42f07604 a57160e7f8414f40bbd6d66b119f516b ca37e0e15ddd48c49802df60187583ae - - default default] 10.0.0.195 "GET /v2.0/floatingips/1e082006-b7a7-4f86-af10-b4738c6bc227/tags HTTP/1.1" status: 200 len: 218 time: 0.0693197
2026-06-23 19:55:07.890 10 INFO neutron.api.wsgi [None req-7595c182-c533-42f4-99a2-05b187edb5f4 a57160e7f8414f40bbd6d66b119f516b ca37e0e15ddd48c49802df60187583ae - - default default] 10.0.0.195 "PUT /v2.0/floatingips/1e082006-b7a7-4f86-af10-b4738c6bc227/tags/green HTTP/1.1" status: 201 len: 201 time: 0.0535624
2026-06-23 19:55:07.930 9 INFO neutron.api.wsgi [None req-73211068-defa-484e-bed8-0c0bfd09dd12 a57160e7f8414f40bbd6d66b119f516b ca37e0e15ddd48c49802df60187583ae - - default default] 10.0.0.195 "GET /v2.0/floatingips/1e082006-b7a7-4f86-af10-b4738c6bc227/tags HTTP/1.1" status: 200 len: 227 time: 0.0339961
2026-06-23 19:55:07.986 9 INFO neutron.api.wsgi [None req-dfbffe0e-73ef-4233-8915-44e2f9946170 a57160e7f8414f40bbd6d66b119f516b ca37e0e15ddd48c49802df60187583ae - - default default] 10.0.0.195 "PUT /v2.0/floatingips/1e082006-b7a7-4f86-af10-b4738c6bc227/tags/red HTTP/1.1" status: 201 len: 201 time: 0.0520561
2026-06-23 19:55:08.017 9 INFO neutron.api.wsgi [None req-e3b1e4ba-f5aa-48fc-83a8-e498be98d989 b00797ae529f42b897dd794041820f5b 9d07abbcab7d409894d3ab20d19f2bff - - default default] 10.0.0.195 "DELETE /v2.0/routers/d4979a2f-6268-4e3c-bfff-3150551c8fc4 HTTP/1.1" status: 204 len: 168 time: 0.6929920
2026-06-23 19:55:08.031 10 INFO neutron.api.wsgi [None req-7f587ddb-632a-4673-9ebb-16a783a3aeca a57160e7f8414f40bbd6d66b119f516b ca37e0e15ddd48c49802df60187583ae - - default default] 10.0.0.195 "GET /v2.0/floatingips/1e082006-b7a7-4f86-af10-b4738c6bc227/tags HTTP/1.1" status: 200 len: 227 time: 0.0366926
2026-06-23 19:55:08.040 10 INFO neutron.api.v2.resource [None req-d40de3f7-8e4a-4214-9a4b-1b5d7ec67cc6 b00797ae529f42b897dd794041820f5b 9d07abbcab7d409894d3ab20d19f2bff - - default default] show failed (client error): The resource could not be found.
2026-06-23 19:55:08.041 10 INFO neutron.api.wsgi [None req-d40de3f7-8e4a-4214-9a4b-1b5d7ec67cc6 b00797ae529f42b897dd794041820f5b 9d07abbcab7d409894d3ab20d19f2bff - - default default] 10.0.0.195 "GET /v2.0/routers/e6c5beae-3d3a-4a03-8a66-bd3f18e626bc HTTP/1.1" status: 404 len: 336 time: 0.0176232
2026-06-23 19:55:08.074 9 INFO neutron.api.wsgi [None req-3bdb082f-8eac-421f-a764-fa28d90df03b a57160e7f8414f40bbd6d66b119f516b ca37e0e15ddd48c49802df60187583ae - - default default] 10.0.0.195 "PUT /v2.0/floatingips/1e082006-b7a7-4f86-af10-b4738c6bc227/tags/black.or.white HTTP/1.1" status: 201 len: 201 time: 0.0392210
2026-06-23 19:55:08.108 9 INFO neutron.api.wsgi [None req-f183fbed-7692-45f3-88e0-189d3b0b6170 a57160e7f8414f40bbd6d66b119f516b ca37e0e15ddd48c49802df60187583ae - - default default] 10.0.0.195 "GET /v2.0/floatingips/1e082006-b7a7-4f86-af10-b4738c6bc227/tags HTTP/1.1" status: 200 len: 245 time: 0.0281341
2026-06-23 19:55:08.140 10 INFO neutron.db.ovn_revision_numbers_db [None req-1f92de99-f2e5-4958-9c09-4138edd5894b - - - - - -] Successfully bumped revision number for resource 8544e2e6-ca78-413a-a41c-da21fcd22abc (type: ports) to 2
2026-06-23 19:55:08.149 9 INFO neutron.api.wsgi [None req-3e472665-ca7a-4233-9441-69a5d77f37ff a57160e7f8414f40bbd6d66b119f516b ca37e0e15ddd48c49802df60187583ae - - default default] 10.0.0.195 "PUT /v2.0/floatingips/1e082006-b7a7-4f86-af10-b4738c6bc227/tags HTTP/1.1" status: 200 len: 230 time: 0.0358429
2026-06-23 19:55:08.173 10 INFO neutron.db.ovn_revision_numbers_db [None req-1f92de99-f2e5-4958-9c09-4138edd5894b - - - - - -] Successfully bumped revision number for resource 2e3f3d85-2a1a-4a5a-9d62-cea3c3aad74d (type: subnets) to 0
2026-06-23 19:55:08.179 9 INFO neutron.api.wsgi [None req-0d33136c-a332-4a72-b286-8bd120d3acc1 a57160e7f8414f40bbd6d66b119f516b ca37e0e15ddd48c49802df60187583ae - - default default] 10.0.0.195 "GET /v2.0/floatingips/1e082006-b7a7-4f86-af10-b4738c6bc227/tags HTTP/1.1" status: 200 len: 230 time: 0.0251501
2026-06-23 19:55:08.192 10 INFO neutron.api.wsgi [None req-e984c4fc-9768-4c57-bbf1-c75fcb1faca7 31a37067ff1147728f42e43c418bfe46 206ae29860e341928770ac25c052cad9 - - default default] 10.0.0.195 "POST /v2.0/subnets HTTP/1.1" status: 201 len: 855 time: 0.8640037
2026-06-23 19:55:08.202 10 WARNING neutron_lib.context [None req-72d2919b-6daa-45db-a12e-6379cb4f4d17 31a37067ff1147728f42e43c418bfe46 206ae29860e341928770ac25c052cad9 - - default default] Method 'is_advsvc' is deprecated since 2023.2 release (neutron-lib 3.8.0) and will be removed once support for the old RBAC API policies will be removed from Neutron. Please use method 'is_service_role' instead.
2026-06-23 19:55:08.207 9 INFO neutron.api.wsgi [None req-6f99c225-1341-4e22-900e-0d899621d2dc a57160e7f8414f40bbd6d66b119f516b ca37e0e15ddd48c49802df60187583ae - - default default] 10.0.0.195 "GET /v2.0/floatingips/1e082006-b7a7-4f86-af10-b4738c6bc227/tags/red HTTP/1.1" status: 204 len: 168 time: 0.0225029
2026-06-23 19:55:08.236 10 INFO neutron.api.wsgi [None req-fc46061c-c8eb-469c-bf71-d7c3a8902955 b00797ae529f42b897dd794041820f5b 9d07abbcab7d409894d3ab20d19f2bff - - default default] 10.0.0.195 "DELETE /v2.0/subnets/34001992-e33b-4eff-8ff2-145d35014069 HTTP/1.1" status: 204 len: 168 time: 0.1890047
2026-06-23 19:55:08.238 9 INFO neutron.api.v2.resource [None req-3fc0d72e-fd86-4cb9-88df-b8410013634f a57160e7f8414f40bbd6d66b119f516b ca37e0e15ddd48c49802df60187583ae - - default default] show failed (client error): The resource could not be found.
2026-06-23 19:55:08.239 9 INFO neutron.api.wsgi [None req-3fc0d72e-fd86-4cb9-88df-b8410013634f a57160e7f8414f40bbd6d66b119f516b ca37e0e15ddd48c49802df60187583ae - - default default] 10.0.0.195 "GET /v2.0/floatingips/1e082006-b7a7-4f86-af10-b4738c6bc227/tags/green HTTP/1.1" status: 404 len: 299 time: 0.0272384
2026-06-23 19:55:08.288 10 INFO neutron.api.wsgi [None req-30bc66f2-ae11-4ea0-98f7-309ea4df70f8 a57160e7f8414f40bbd6d66b119f516b ca37e0e15ddd48c49802df60187583ae - - default default] 10.0.0.195 "DELETE /v2.0/floatingips/1e082006-b7a7-4f86-af10-b4738c6bc227/tags/red HTTP/1.1" status: 204 len: 168 time: 0.0430572
2026-06-23 19:55:08.328 9 INFO neutron.api.wsgi [None req-e5e033df-2421-420b-8d94-a257bf3ceafb a57160e7f8414f40bbd6d66b119f516b ca37e0e15ddd48c49802df60187583ae - - default default] 10.0.0.195 "GET /v2.0/floatingips/1e082006-b7a7-4f86-af10-b4738c6bc227/tags HTTP/1.1" status: 200 len: 223 time: 0.0348597
2026-06-23 19:55:08.363 9 INFO neutron.api.v2.resource [None req-83fd214c-9e81-4c26-aacf-f23048f402c5 a57160e7f8414f40bbd6d66b119f516b ca37e0e15ddd48c49802df60187583ae - - default default] delete failed (client error): The resource could not be found.
2026-06-23 19:55:08.364 9 INFO neutron.api.wsgi [None req-83fd214c-9e81-4c26-aacf-f23048f402c5 a57160e7f8414f40bbd6d66b119f516b ca37e0e15ddd48c49802df60187583ae - - default default] 10.0.0.195 "DELETE /v2.0/floatingips/1e082006-b7a7-4f86-af10-b4738c6bc227/tags/green HTTP/1.1" status: 404 len: 299 time: 0.0324845
2026-06-23 19:55:08.410 9 INFO neutron.api.wsgi [None req-24f1a141-50f3-4035-abec-f0aa9d0eac50 b00797ae529f42b897dd794041820f5b 9d07abbcab7d409894d3ab20d19f2bff - - default default] 10.0.0.195 "DELETE /v2.0/subnets/f74ef4c5-0f34-4686-9806-6faadfee5e35 HTTP/1.1" status: 204 len: 168 time: 0.1692877
2026-06-23 19:55:08.413 10 INFO neutron.api.wsgi [None req-073bf950-1dc9-4359-b9fa-b8b985dfec41 a57160e7f8414f40bbd6d66b119f516b ca37e0e15ddd48c49802df60187583ae - - default default] 10.0.0.195 "DELETE /v2.0/floatingips/1e082006-b7a7-4f86-af10-b4738c6bc227/tags HTTP/1.1" status: 204 len: 168 time: 0.0420473
2026-06-23 19:55:08.427 10 WARNING neutron.scheduler.dhcp_agent_scheduler [None req-72d2919b-6daa-45db-a12e-6379cb4f4d17 31a37067ff1147728f42e43c418bfe46 206ae29860e341928770ac25c052cad9 - - default default] No more DHCP agents
2026-06-23 19:55:08.429 10 WARNING neutron.api.rpc.agentnotifiers.dhcp_rpc_agent_api [None req-72d2919b-6daa-45db-a12e-6379cb4f4d17 31a37067ff1147728f42e43c418bfe46 206ae29860e341928770ac25c052cad9 - - default default] Unable to schedule network 6e56f0d9-5514-466c-91f4-b9d595ef0ccb: no agents available; will retry on subsequent port and subnet creation events.
2026-06-23 19:55:08.443 9 INFO neutron.api.wsgi [None req-528627c1-ef9b-425c-b6f9-7e76128d0afa a57160e7f8414f40bbd6d66b119f516b ca37e0e15ddd48c49802df60187583ae - - default default] 10.0.0.195 "GET /v2.0/floatingips/1e082006-b7a7-4f86-af10-b4738c6bc227/tags HTTP/1.1" status: 200 len: 205 time: 0.0250061
2026-06-23 19:55:08.460 10 INFO neutron.db.ovn_revision_numbers_db [None req-72d2919b-6daa-45db-a12e-6379cb4f4d17 31a37067ff1147728f42e43c418bfe46 206ae29860e341928770ac25c052cad9 - - default default] Successfully bumped revision number for resource 57bc4285-9f60-4657-857e-aab008abd87b (type: subnets) to 0
2026-06-23 19:55:08.479 10 INFO neutron.api.wsgi [None req-72d2919b-6daa-45db-a12e-6379cb4f4d17 31a37067ff1147728f42e43c418bfe46 206ae29860e341928770ac25c052cad9 - - default default] 10.0.0.195 "POST /v2.0/subnets HTTP/1.1" status: 201 len: 925 time: 0.2821751
2026-06-23 19:55:08.489 10 WARNING neutron_lib.context [None req-4c23babe-1ef2-41cf-8fe2-db45c8f67ffa 31a37067ff1147728f42e43c418bfe46 206ae29860e341928770ac25c052cad9 - - default default] Method 'is_advsvc' is deprecated since 2023.2 release (neutron-lib 3.8.0) and will be removed once support for the old RBAC API policies will be removed from Neutron. Please use method 'is_service_role' instead.
2026-06-23 19:55:08.585 10 INFO neutron.db.segments_db [None req-4c23babe-1ef2-41cf-8fe2-db45c8f67ffa 31a37067ff1147728f42e43c418bfe46 206ae29860e341928770ac25c052cad9 - - default default] Added segment 5f23b651-0fc0-48ee-b659-ccd211bd0abf of type geneve for network fcbc75da-e825-44e1-b730-f1124b45b988
2026-06-23 19:55:08.591 10 INFO neutron.api.wsgi [None req-eeef11c3-68f5-4717-9d40-3058ff2ff30f b00797ae529f42b897dd794041820f5b 9d07abbcab7d409894d3ab20d19f2bff - - default default] 10.0.0.195 "DELETE /v2.0/subnets/96593dae-d72a-49be-93eb-68d5fe7f2f55 HTTP/1.1" status: 204 len: 168 time: 0.1755471
2026-06-23 19:55:08.609 10 INFO neutron.pecan_wsgi.hooks.translation [None req-0257f3be-74fa-4aad-bdee-52dc9c4061bc b00797ae529f42b897dd794041820f5b 9d07abbcab7d409894d3ab20d19f2bff - - default default] DELETE failed (client error): The resource could not be found.
2026-06-23 19:55:08.611 10 INFO neutron.api.wsgi [None req-0257f3be-74fa-4aad-bdee-52dc9c4061bc b00797ae529f42b897dd794041820f5b 9d07abbcab7d409894d3ab20d19f2bff - - default default] 10.0.0.195 "DELETE /v2.0/subnets/80c45184-8041-4240-aa1c-8fb42fba618f HTTP/1.1" status: 404 len: 337 time: 0.0132074
2026-06-23 19:55:08.702 10 INFO neutron.db.ovn_revision_numbers_db [None req-4c23babe-1ef2-41cf-8fe2-db45c8f67ffa 31a37067ff1147728f42e43c418bfe46 206ae29860e341928770ac25c052cad9 - - default default] Successfully bumped revision number for resource fcbc75da-e825-44e1-b730-f1124b45b988 (type: networks) to 1
2026-06-23 19:55:08.722 9 INFO neutron.api.wsgi [None req-4da49caa-3265-4c6a-9be4-eb99b13b6b24 a57160e7f8414f40bbd6d66b119f516b ca37e0e15ddd48c49802df60187583ae - - default default] 10.0.0.195 "DELETE /v2.0/floatingips/1e082006-b7a7-4f86-af10-b4738c6bc227 HTTP/1.1" status: 204 len: 168 time: 0.2596436
2026-06-23 19:55:08.883 10 WARNING neutron.scheduler.dhcp_agent_scheduler [None req-4c23babe-1ef2-41cf-8fe2-db45c8f67ffa 31a37067ff1147728f42e43c418bfe46 206ae29860e341928770ac25c052cad9 - - default default] No more DHCP agents
2026-06-23 19:55:08.886 10 WARNING neutron.api.rpc.agentnotifiers.dhcp_rpc_agent_api [None req-4c23babe-1ef2-41cf-8fe2-db45c8f67ffa 31a37067ff1147728f42e43c418bfe46 206ae29860e341928770ac25c052cad9 - - default default] Unable to schedule network fcbc75da-e825-44e1-b730-f1124b45b988: no agents available; will retry on subsequent port and subnet creation events.
2026-06-23 19:55:08.952 10 INFO neutron.services.segments.plugin [-] Segment be7dbb3a-dca7-43c5-8a28-fa36738ff118 resource provider aggregate not found
2026-06-23 19:55:08.960 10 INFO neutron.services.segments.plugin [-] Segment be7dbb3a-dca7-43c5-8a28-fa36738ff118 resource provider aggregate not found
2026-06-23 19:55:08.966 10 INFO neutron.services.segments.plugin [-] Segment be7dbb3a-dca7-43c5-8a28-fa36738ff118 resource provider not found; error: Placement Client Error (4xx): {"errors": [{"status": 404, "title": "Not Found", "detail": "The resource could not be found.\n\n No resource provider with uuid be7dbb3a-dca7-43c5-8a28-fa36738ff118 found for delete ", "request_id": "req-7e829751-a084-4e8d-a0ed-b62721b3bb16"}]}
2026-06-23 19:55:08.980 10 INFO neutron.db.ovn_revision_numbers_db [None req-4c23babe-1ef2-41cf-8fe2-db45c8f67ffa 31a37067ff1147728f42e43c418bfe46 206ae29860e341928770ac25c052cad9 - - default default] Successfully bumped revision number for resource 9bc7b160-a3cb-405c-976f-034ddd421f08 (type: ports) to 1
2026-06-23 19:55:08.983 10 INFO neutron.services.segments.plugin [-] Segment be7dbb3a-dca7-43c5-8a28-fa36738ff118 resource provider not found; error: Placement Client Error (4xx): {"errors": [{"status": 404, "title": "Not Found", "detail": "The resource could not be found.\n\n No resource provider with uuid be7dbb3a-dca7-43c5-8a28-fa36738ff118 found for delete ", "request_id": "req-f2ad6b3f-7453-4a1b-9fb4-7c4e37ce2494"}]}
2026-06-23 19:55:08.995 10 INFO neutron.api.wsgi [None req-a0c7a340-5b3c-451e-89d3-f8183d0e3730 b00797ae529f42b897dd794041820f5b 9d07abbcab7d409894d3ab20d19f2bff - - default default] 10.0.0.195 "DELETE /v2.0/networks/c0288c2b-93e2-42b0-bc2b-96465d46c80e HTTP/1.1" status: 204 len: 168 time: 0.3792040
2026-06-23 19:55:09.018 10 INFO neutron.api.wsgi [None req-4c23babe-1ef2-41cf-8fe2-db45c8f67ffa 31a37067ff1147728f42e43c418bfe46 206ae29860e341928770ac25c052cad9 - - default default] 10.0.0.195 "POST /v2.0/networks HTTP/1.1" status: 201 len: 837 time: 0.5335379
2026-06-23 19:55:09.036 10 WARNING neutron_lib.context [None req-40250a89-43f3-454c-a31a-6b11fbc925c8 31a37067ff1147728f42e43c418bfe46 206ae29860e341928770ac25c052cad9 - - default default] Method 'is_advsvc' is deprecated since 2023.2 release (neutron-lib 3.8.0) and will be removed once support for the old RBAC API policies will be removed from Neutron. Please use method 'is_service_role' instead.
2026-06-23 19:55:09.543 10 WARNING neutron.scheduler.dhcp_agent_scheduler [None req-40250a89-43f3-454c-a31a-6b11fbc925c8 31a37067ff1147728f42e43c418bfe46 206ae29860e341928770ac25c052cad9 - - default default] No more DHCP agents
2026-06-23 19:55:09.544 10 WARNING neutron.api.rpc.agentnotifiers.dhcp_rpc_agent_api [None req-40250a89-43f3-454c-a31a-6b11fbc925c8 31a37067ff1147728f42e43c418bfe46 206ae29860e341928770ac25c052cad9 - - default default] Unable to schedule network fcbc75da-e825-44e1-b730-f1124b45b988: no agents available; will retry on subsequent port and subnet creation events.
2026-06-23 19:55:09.684 10 INFO neutron.api.wsgi [None req-07a6db05-9b81-4ead-b271-c71f9d0dee9e b00797ae529f42b897dd794041820f5b 9d07abbcab7d409894d3ab20d19f2bff - - default default] 10.0.0.195 "DELETE /v2.0/networks/586722ff-c5dc-434d-bcd3-b36de4b3926b HTTP/1.1" status: 204 len: 168 time: 0.6841843
2026-06-23 19:55:09.722 9 INFO neutron.db.ovn_revision_numbers_db [None req-76f18020-6d33-49ea-b3b6-47782d050277 c5b6ef7ced2d469bbca1220cc95503bc 5905adb67e3e447c965b1bb724244ab6 - - default default] Successfully bumped revision number for resource 6d180a54-c300-46a1-95c4-f7dfc327c8de (type: security_groups) to 1
2026-06-23 19:55:09.737 9 INFO neutron.db.ovn_revision_numbers_db [None req-76f18020-6d33-49ea-b3b6-47782d050277 c5b6ef7ced2d469bbca1220cc95503bc 5905adb67e3e447c965b1bb724244ab6 - - default default] Successfully bumped revision number for resource 0c49373e-e4bb-4722-88da-86dfc48de5e1 (type: security_group_rules) to 0
2026-06-23 19:55:09.747 9 INFO neutron.db.ovn_revision_numbers_db [None req-76f18020-6d33-49ea-b3b6-47782d050277 c5b6ef7ced2d469bbca1220cc95503bc 5905adb67e3e447c965b1bb724244ab6 - - default default] Successfully bumped revision number for resource 2ef9fc5d-53db-4a56-97fc-d973b155583e (type: security_group_rules) to 0
2026-06-23 19:55:09.767 9 INFO neutron.db.ovn_revision_numbers_db [None req-76f18020-6d33-49ea-b3b6-47782d050277 c5b6ef7ced2d469bbca1220cc95503bc 5905adb67e3e447c965b1bb724244ab6 - - default default] Successfully bumped revision number for resource 439ff3fa-78c7-4ce5-b772-3eb9dad459c7 (type: security_group_rules) to 0
2026-06-23 19:55:09.785 9 INFO neutron.db.ovn_revision_numbers_db [None req-76f18020-6d33-49ea-b3b6-47782d050277 c5b6ef7ced2d469bbca1220cc95503bc 5905adb67e3e447c965b1bb724244ab6 - - default default] Successfully bumped revision number for resource af085d82-ac5d-4a9d-aeac-01da16c8ea44 (type: security_group_rules) to 0
2026-06-23 19:55:09.824 9 INFO neutron.api.wsgi [None req-76f18020-6d33-49ea-b3b6-47782d050277 c5b6ef7ced2d469bbca1220cc95503bc 5905adb67e3e447c965b1bb724244ab6 - - default default] 10.0.0.195 "GET /v2.0/security-groups?tenant_id=1522e9370aa7470ba2d468eca76fda12&name=default HTTP/1.1" status: 200 len: 3124 time: 0.3410261
2026-06-23 19:55:10.035 10 INFO neutron.db.ovn_revision_numbers_db [None req-095e8ade-1928-4152-b8ad-0610f8ba8017 - - - - - -] Successfully bumped revision number for resource 9bc7b160-a3cb-405c-976f-034ddd421f08 (type: ports) to 2
2026-06-23 19:55:10.057 9 INFO neutron.api.wsgi [None req-83a5a892-2073-4383-bcad-b3a9af691aa3 c5b6ef7ced2d469bbca1220cc95503bc 5905adb67e3e447c965b1bb724244ab6 - - default default] 10.0.0.195 "DELETE /v2.0/security-groups/6d180a54-c300-46a1-95c4-f7dfc327c8de HTTP/1.1" status: 204 len: 168 time: 0.2267225
2026-06-23 19:55:10.066 10 INFO neutron.api.wsgi [None req-b6e0f2be-cd49-43aa-8e8f-b3f18ff99ca1 b00797ae529f42b897dd794041820f5b 9d07abbcab7d409894d3ab20d19f2bff - - default default] 10.0.0.195 "DELETE /v2.0/networks/33ca5f7e-751f-4f6d-bc94-6b1451a7dd7a HTTP/1.1" status: 204 len: 168 time: 0.3770182
2026-06-23 19:55:10.070 10 INFO neutron.db.ovn_revision_numbers_db [None req-095e8ade-1928-4152-b8ad-0610f8ba8017 - - - - - -] Successfully bumped revision number for resource 3ece170a-4913-4f1d-b9d2-7871189c1a15 (type: subnets) to 0
2026-06-23 19:55:10.090 10 INFO neutron.api.wsgi [None req-40250a89-43f3-454c-a31a-6b11fbc925c8 31a37067ff1147728f42e43c418bfe46 206ae29860e341928770ac25c052cad9 - - default default] 10.0.0.195 "POST /v2.0/subnets HTTP/1.1" status: 201 len: 855 time: 1.0592439
2026-06-23 19:55:10.102 9 INFO neutron.pecan_wsgi.hooks.translation [None req-dcc166d4-6f5a-4498-bdba-5aa447f24e38 b00797ae529f42b897dd794041820f5b 9d07abbcab7d409894d3ab20d19f2bff - - default default] DELETE failed (client error): The resource could not be found.
2026-06-23 19:55:10.104 9 INFO neutron.api.wsgi [None req-dcc166d4-6f5a-4498-bdba-5aa447f24e38 b00797ae529f42b897dd794041820f5b 9d07abbcab7d409894d3ab20d19f2bff - - default default] 10.0.0.195 "DELETE /v2.0/networks/8471ce56-0c5a-44b2-aa3c-6457b19b348a HTTP/1.1" status: 404 len: 339 time: 0.0279186
