2026-06-23 19:48:49.986 10 INFO neutron.api.wsgi [None req-eb0aa9e3-14b5-4219-b232-bd04f1a7b525 c5b6ef7ced2d469bbca1220cc95503bc 5905adb67e3e447c965b1bb724244ab6 - - default default] 10.0.0.190 "GET /v2.0/floatingips HTTP/1.1" status: 200 len: 193 time: 0.0111713
2026-06-23 19:48:50.029 10 INFO neutron.api.wsgi [None req-3d7abe63-21e6-49a3-a666-50eac3d13301 c5b6ef7ced2d469bbca1220cc95503bc 5905adb67e3e447c965b1bb724244ab6 - - default default] 10.0.0.190 "GET /v2.0/networks HTTP/1.1" status: 200 len: 2350 time: 0.0417614
2026-06-23 19:48:50.069 10 INFO neutron.api.wsgi [None req-131391e7-a68e-4127-b6ae-18a2c776ed17 c5b6ef7ced2d469bbca1220cc95503bc 5905adb67e3e447c965b1bb724244ab6 - - default default] 10.0.0.190 "GET /v2.0/agents HTTP/1.1" status: 200 len: 1390 time: 0.0351574
2026-06-23 19:48:50.092 10 INFO neutron.api.wsgi [None req-95ec62fb-b3dd-48d5-8d5d-e6a76d8cca47 c5b6ef7ced2d469bbca1220cc95503bc 5905adb67e3e447c965b1bb724244ab6 - - default default] 10.0.0.190 "GET /v2.0/subnets HTTP/1.1" status: 200 len: 1484 time: 0.0216215
2026-06-23 19:48:50.100 10 INFO neutron.api.wsgi [None req-11b5b7c8-5306-4443-8145-45bbc8bb9e91 c5b6ef7ced2d469bbca1220cc95503bc 5905adb67e3e447c965b1bb724244ab6 - - default default] 10.0.0.190 "GET /v2.0/subnetpools HTTP/1.1" status: 200 len: 193 time: 0.0065784
2026-06-23 19:48:50.112 10 INFO neutron.api.wsgi [None req-2f20d2b6-8c45-401d-bc22-dba3726c1b36 c5b6ef7ced2d469bbca1220cc95503bc 5905adb67e3e447c965b1bb724244ab6 - - default default] 10.0.0.190 "GET /v2.0/routers HTTP/1.1" status: 200 len: 189 time: 0.0109880
2026-06-23 19:48:50.120 10 INFO neutron.api.wsgi [None req-09cc1206-f49c-492c-be80-17594d171146 c5b6ef7ced2d469bbca1220cc95503bc 5905adb67e3e447c965b1bb724244ab6 - - default default] 10.0.0.190 "GET /v2.0/agents?binary=ovn-controller HTTP/1.1" status: 200 len: 591 time: 0.0079827
2026-06-23 19:48:50.130 10 INFO neutron.api.wsgi [None req-4455ed69-7d70-4d71-98b4-42e2861312d6 c5b6ef7ced2d469bbca1220cc95503bc 5905adb67e3e447c965b1bb724244ab6 - - default default] 10.0.0.190 "GET /v2.0/network-ip-availabilities HTTP/1.1" status: 200 len: 1280 time: 0.0093813
2026-06-23 19:48:50.155 10 INFO neutron.api.wsgi [None req-d7372135-3f39-4c68-8479-be01017c00e7 c5b6ef7ced2d469bbca1220cc95503bc 5905adb67e3e447c965b1bb724244ab6 - - default default] 10.0.0.190 "GET /v2.0/subnets HTTP/1.1" status: 200 len: 1484 time: 0.0239387
2026-06-23 19:48:50.204 10 INFO neutron.api.wsgi [None req-46f1ce76-f387-48c9-a66e-df15d7b3772e c5b6ef7ced2d469bbca1220cc95503bc 5905adb67e3e447c965b1bb724244ab6 - - default default] 10.0.0.190 "GET /v2.0/ports HTTP/1.1" status: 200 len: 5351 time: 0.0478935
2026-06-23 19:48:51.690 9 INFO neutron.api.wsgi [None req-6f8421b5-7d6c-466a-8946-428a2e50e341 c5b6ef7ced2d469bbca1220cc95503bc 5905adb67e3e447c965b1bb724244ab6 - - default default] 199.19.213.191,10.0.0.11 "GET /v2.0/quotas/960f5e7e69f040abbd6c84f4cbce67f7 HTTP/1.1" status: 200 len: 466 time: 0.0127747
2026-06-23 19:48:55.224 10 INFO neutron.api.wsgi [-] 10.0.0.11 "GET / HTTP/1.1" status: 200 len: 247 time: 0.0018423
2026-06-23 19:48:55.225 9 INFO neutron.api.wsgi [-] 10.0.0.11 "GET / HTTP/1.1" status: 200 len: 247 time: 0.0024638
2026-06-23 19:49:10.226 9 INFO neutron.api.wsgi [-] 10.0.0.11 "GET / HTTP/1.1" status: 200 len: 247 time: 0.0027459
2026-06-23 19:49:10.226 10 INFO neutron.api.wsgi [-] 10.0.0.11 "GET / HTTP/1.1" status: 200 len: 247 time: 0.0029466
2026-06-23 19:49:25.225 10 INFO neutron.api.wsgi [-] 10.0.0.11 "GET / HTTP/1.1" status: 200 len: 247 time: 0.0023680
2026-06-23 19:49:25.226 9 INFO neutron.api.wsgi [-] 10.0.0.11 "GET / HTTP/1.1" status: 200 len: 247 time: 0.0029635
2026-06-23 19:49:40.226 9 INFO neutron.api.wsgi [-] 10.0.0.11 "GET / HTTP/1.1" status: 200 len: 247 time: 0.0024960
2026-06-23 19:49:40.226 10 INFO neutron.api.wsgi [-] 10.0.0.11 "GET / HTTP/1.1" status: 200 len: 247 time: 0.0025856
2026-06-23 19:49:43.672 9 INFO neutron.api.wsgi [None req-2155f451-a221-4a54-ab3b-3c41df098a56 c5b6ef7ced2d469bbca1220cc95503bc 5905adb67e3e447c965b1bb724244ab6 - - default default] 199.19.213.191,10.0.0.11 "GET /v2.0/networks?name=public HTTP/1.1" status: 200 len: 928 time: 0.0805326
2026-06-23 19:49:49.995 10 INFO neutron.api.wsgi [None req-727265c5-da60-4e18-9442-8fbf4a5f04d8 c5b6ef7ced2d469bbca1220cc95503bc 5905adb67e3e447c965b1bb724244ab6 - - default default] 10.0.0.190 "GET /v2.0/routers HTTP/1.1" status: 200 len: 189 time: 0.0643666
2026-06-23 19:49:50.028 10 INFO neutron.api.wsgi [None req-1c268113-e6bc-4b6c-9f91-cce8b24f01db c5b6ef7ced2d469bbca1220cc95503bc 5905adb67e3e447c965b1bb724244ab6 - - default default] 10.0.0.190 "GET /v2.0/agents?binary=ovn-controller HTTP/1.1" status: 200 len: 591 time: 0.0322447
2026-06-23 19:49:50.040 10 INFO neutron.api.wsgi [None req-d63639e3-7c38-4721-9b65-52bc936c97c2 c5b6ef7ced2d469bbca1220cc95503bc 5905adb67e3e447c965b1bb724244ab6 - - default default] 10.0.0.190 "GET /v2.0/floatingips HTTP/1.1" status: 200 len: 193 time: 0.0112686
2026-06-23 19:49:50.078 10 INFO neutron.api.wsgi [None req-1c7c5ced-948f-4724-92ea-116eff81e4ce c5b6ef7ced2d469bbca1220cc95503bc 5905adb67e3e447c965b1bb724244ab6 - - default default] 10.0.0.190 "GET /v2.0/networks HTTP/1.1" status: 200 len: 2350 time: 0.0376244
2026-06-23 19:49:50.093 10 INFO neutron.api.wsgi [None req-ac055a0c-8eeb-4e15-83ff-61a106658c8e c5b6ef7ced2d469bbca1220cc95503bc 5905adb67e3e447c965b1bb724244ab6 - - default default] 10.0.0.190 "GET /v2.0/agents HTTP/1.1" status: 200 len: 1390 time: 0.0131192
2026-06-23 19:49:50.135 10 INFO neutron.api.wsgi [None req-8526e2eb-b66e-41e7-83a2-891696d2b97f c5b6ef7ced2d469bbca1220cc95503bc 5905adb67e3e447c965b1bb724244ab6 - - default default] 10.0.0.190 "GET /v2.0/ports HTTP/1.1" status: 200 len: 5351 time: 0.0412657
2026-06-23 19:49:50.148 10 INFO neutron.api.wsgi [None req-ff80513a-8913-43b4-b74a-4422b1f7c8a3 c5b6ef7ced2d469bbca1220cc95503bc 5905adb67e3e447c965b1bb724244ab6 - - default default] 10.0.0.190 "GET /v2.0/network-ip-availabilities HTTP/1.1" status: 200 len: 1280 time: 0.0100167
2026-06-23 19:49:50.172 10 INFO neutron.api.wsgi [None req-57e69ea4-e9d0-464a-9c0e-8d70bd2d13af c5b6ef7ced2d469bbca1220cc95503bc 5905adb67e3e447c965b1bb724244ab6 - - default default] 10.0.0.190 "GET /v2.0/subnets HTTP/1.1" status: 200 len: 1484 time: 0.0229826
2026-06-23 19:49:50.199 10 INFO neutron.api.wsgi [None req-8eb036c8-3c2d-43a6-b8fe-2c39215389b1 c5b6ef7ced2d469bbca1220cc95503bc 5905adb67e3e447c965b1bb724244ab6 - - default default] 10.0.0.190 "GET /v2.0/subnets HTTP/1.1" status: 200 len: 1484 time: 0.0243413
2026-06-23 19:49:50.206 10 INFO neutron.api.wsgi [None req-3f3f8caa-c3cd-48d1-bf15-76470b5e5f5f c5b6ef7ced2d469bbca1220cc95503bc 5905adb67e3e447c965b1bb724244ab6 - - default default] 10.0.0.190 "GET /v2.0/subnetpools HTTP/1.1" status: 200 len: 193 time: 0.0060561
2026-06-23 19:49:50.240 10 INFO neutron.api.wsgi [None req-ddd437fb-5ba3-4117-9653-b97545a3559d c5b6ef7ced2d469bbca1220cc95503bc 5905adb67e3e447c965b1bb724244ab6 - - default default] 10.0.0.190 "GET /v2.0/security-groups HTTP/1.1" status: 200 len: 17578 time: 0.0326951
2026-06-23 19:49:55.225 9 INFO neutron.api.wsgi [-] 10.0.0.11 "GET / HTTP/1.1" status: 200 len: 247 time: 0.0024846
2026-06-23 19:49:55.229 9 INFO neutron.api.wsgi [-] 10.0.0.11 "GET / HTTP/1.1" status: 200 len: 247 time: 0.0026786
2026-06-23 19:50:10.225 10 INFO neutron.api.wsgi [-] 10.0.0.11 "GET / HTTP/1.1" status: 200 len: 247 time: 0.0019326
2026-06-23 19:50:10.226 10 INFO neutron.api.wsgi [-] 10.0.0.11 "GET / HTTP/1.1" status: 200 len: 247 time: 0.0010812
2026-06-23 19:50:21.724 10 INFO neutron.api.wsgi [None req-9a895ce9-06a6-4125-9027-430e13ae3e11 c5b6ef7ced2d469bbca1220cc95503bc 5905adb67e3e447c965b1bb724244ab6 - - default default] 10.0.0.195 "GET /v2.0/networks HTTP/1.1" status: 200 len: 2369 time: 0.2015069
2026-06-23 19:50:22.906 9 INFO neutron.api.wsgi [None req-155520a9-deb4-4512-9f0e-506ec7176b44 c5b6ef7ced2d469bbca1220cc95503bc 5905adb67e3e447c965b1bb724244ab6 - - default default] 10.0.0.195 "GET /v2.0/floatingips HTTP/1.1" status: 200 len: 212 time: 0.1040356
2026-06-23 19:50:22.945 9 INFO neutron.api.wsgi [None req-23c0d567-ef37-4561-99c2-914c8b65866a c5b6ef7ced2d469bbca1220cc95503bc 5905adb67e3e447c965b1bb724244ab6 - - default default] 10.0.0.195 "GET /v2.0/routers HTTP/1.1" status: 200 len: 208 time: 0.0322158
2026-06-23 19:50:22.993 9 INFO neutron.api.wsgi [None req-b4af970b-f2de-40b8-9337-b9f9c50a5057 c5b6ef7ced2d469bbca1220cc95503bc 5905adb67e3e447c965b1bb724244ab6 - - default default] 10.0.0.195 "GET /v2.0/ports HTTP/1.1" status: 200 len: 5370 time: 0.0441165
2026-06-23 19:50:23.028 9 INFO neutron.api.wsgi [None req-107721a2-4e45-42d5-bd3e-8f478a4a6ac9 c5b6ef7ced2d469bbca1220cc95503bc 5905adb67e3e447c965b1bb724244ab6 - - default default] 10.0.0.195 "GET /v2.0/subnets HTTP/1.1" status: 200 len: 1503 time: 0.0293152
2026-06-23 19:50:23.086 9 INFO neutron.api.wsgi [None req-85707f52-7f72-4fc3-af70-c113d88442f5 c5b6ef7ced2d469bbca1220cc95503bc 5905adb67e3e447c965b1bb724244ab6 - - default default] 10.0.0.195 "GET /v2.0/networks HTTP/1.1" status: 200 len: 2369 time: 0.0531611
2026-06-23 19:50:23.120 9 INFO neutron.api.wsgi [None req-2c39972c-1d36-4afb-9fed-5b43811c3586 c5b6ef7ced2d469bbca1220cc95503bc 5905adb67e3e447c965b1bb724244ab6 - - default default] 10.0.0.195 "GET /v2.0/security-groups HTTP/1.1" status: 200 len: 17597 time: 0.0290711
2026-06-23 19:50:23.132 9 INFO neutron.api.wsgi [None req-e54277c3-632e-4b05-b3bc-20065b65548e c5b6ef7ced2d469bbca1220cc95503bc 5905adb67e3e447c965b1bb724244ab6 - - default default] 10.0.0.195 "GET /v2.0/subnetpools HTTP/1.1" status: 200 len: 212 time: 0.0064840
2026-06-23 19:50:25.227 10 INFO neutron.api.wsgi [-] 10.0.0.11 "GET / HTTP/1.1" status: 200 len: 247 time: 0.0028450
2026-06-23 19:50:25.230 10 INFO neutron.api.wsgi [-] 10.0.0.11 "GET / HTTP/1.1" status: 200 len: 247 time: 0.0026670
2026-06-23 19:50:34.025 9 INFO neutron.db.ovn_revision_numbers_db [None req-26c961b8-5acd-43cd-8320-6c3529c8e4a7 c5b6ef7ced2d469bbca1220cc95503bc 5905adb67e3e447c965b1bb724244ab6 - - default default] Successfully bumped revision number for resource 66a60e7f-d3f5-4e8a-bd98-1fd614a95d35 (type: security_groups) to 1
2026-06-23 19:50:34.045 9 INFO neutron.db.ovn_revision_numbers_db [None req-26c961b8-5acd-43cd-8320-6c3529c8e4a7 c5b6ef7ced2d469bbca1220cc95503bc 5905adb67e3e447c965b1bb724244ab6 - - default default] Successfully bumped revision number for resource 68782eb7-4710-4ccb-86dd-2ef67e7850d1 (type: security_group_rules) to 0
2026-06-23 19:50:34.063 10 INFO neutron.db.ovn_revision_numbers_db [None req-0e080eaa-6d03-4319-97a2-6eabbb57710a c5b6ef7ced2d469bbca1220cc95503bc 5905adb67e3e447c965b1bb724244ab6 - - default default] Successfully bumped revision number for resource 6b207d26-f5d4-4dfb-b8cf-9616a7ffc610 (type: security_groups) to 1
2026-06-23 19:50:34.066 9 INFO neutron.db.ovn_revision_numbers_db [None req-26c961b8-5acd-43cd-8320-6c3529c8e4a7 c5b6ef7ced2d469bbca1220cc95503bc 5905adb67e3e447c965b1bb724244ab6 - - default default] Successfully bumped revision number for resource 9c4dcc50-9225-4b2d-ab0d-51f9c0c7a0e5 (type: security_group_rules) to 0
2026-06-23 19:50:34.080 10 INFO neutron.db.ovn_revision_numbers_db [None req-0e080eaa-6d03-4319-97a2-6eabbb57710a c5b6ef7ced2d469bbca1220cc95503bc 5905adb67e3e447c965b1bb724244ab6 - - default default] Successfully bumped revision number for resource 444640c1-4979-4e73-b1d1-8541414c3c09 (type: security_group_rules) to 0
2026-06-23 19:50:34.089 9 INFO neutron.db.ovn_revision_numbers_db [None req-26c961b8-5acd-43cd-8320-6c3529c8e4a7 c5b6ef7ced2d469bbca1220cc95503bc 5905adb67e3e447c965b1bb724244ab6 - - default default] Successfully bumped revision number for resource be2dc179-8ed9-430c-94fc-431f3908705d (type: security_group_rules) to 0
2026-06-23 19:50:34.095 10 INFO neutron.db.ovn_revision_numbers_db [None req-0e080eaa-6d03-4319-97a2-6eabbb57710a c5b6ef7ced2d469bbca1220cc95503bc 5905adb67e3e447c965b1bb724244ab6 - - default default] Successfully bumped revision number for resource 4e064478-6dab-4862-a3c9-94b500f9f741 (type: security_group_rules) to 0
2026-06-23 19:50:34.103 9 INFO neutron.db.ovn_revision_numbers_db [None req-26c961b8-5acd-43cd-8320-6c3529c8e4a7 c5b6ef7ced2d469bbca1220cc95503bc 5905adb67e3e447c965b1bb724244ab6 - - default default] Successfully bumped revision number for resource cd9855eb-5507-40f2-9920-4d28f2e9f39c (type: security_group_rules) to 0
2026-06-23 19:50:34.120 10 INFO neutron.db.ovn_revision_numbers_db [None req-0e080eaa-6d03-4319-97a2-6eabbb57710a c5b6ef7ced2d469bbca1220cc95503bc 5905adb67e3e447c965b1bb724244ab6 - - default default] Successfully bumped revision number for resource 94890222-ee3e-4028-a66a-db06d00c9ea3 (type: security_group_rules) to 0
2026-06-23 19:50:34.131 9 INFO neutron.db.ovn_revision_numbers_db [None req-c24106de-297d-49b7-9219-0e867b438e4c c5b6ef7ced2d469bbca1220cc95503bc 5905adb67e3e447c965b1bb724244ab6 - - default default] Successfully bumped revision number for resource bb78db7a-38af-4d33-9643-62076e2096c3 (type: security_groups) to 1
2026-06-23 19:50:34.156 9 INFO neutron.db.ovn_revision_numbers_db [None req-c24106de-297d-49b7-9219-0e867b438e4c c5b6ef7ced2d469bbca1220cc95503bc 5905adb67e3e447c965b1bb724244ab6 - - default default] Successfully bumped revision number for resource 5f001026-d533-42ad-8107-7e1cebaf2d08 (type: security_group_rules) to 0
2026-06-23 19:50:34.157 10 INFO neutron.db.ovn_revision_numbers_db [None req-0e080eaa-6d03-4319-97a2-6eabbb57710a c5b6ef7ced2d469bbca1220cc95503bc 5905adb67e3e447c965b1bb724244ab6 - - default default] Successfully bumped revision number for resource a24e2ea1-7ffb-4af2-8243-5e7b50c9d6c9 (type: security_group_rules) to 0
2026-06-23 19:50:34.168 9 INFO neutron.db.ovn_revision_numbers_db [None req-c24106de-297d-49b7-9219-0e867b438e4c c5b6ef7ced2d469bbca1220cc95503bc 5905adb67e3e447c965b1bb724244ab6 - - default default] Successfully bumped revision number for resource 5f2fca42-b982-4225-9b1c-584897491d9a (type: security_group_rules) to 0
2026-06-23 19:50:34.178 9 INFO neutron.db.ovn_revision_numbers_db [None req-c24106de-297d-49b7-9219-0e867b438e4c c5b6ef7ced2d469bbca1220cc95503bc 5905adb67e3e447c965b1bb724244ab6 - - default default] Successfully bumped revision number for resource 9baeaca6-eaab-4027-bd60-e06340745599 (type: security_group_rules) to 0
2026-06-23 19:50:34.193 9 INFO neutron.db.ovn_revision_numbers_db [None req-c24106de-297d-49b7-9219-0e867b438e4c c5b6ef7ced2d469bbca1220cc95503bc 5905adb67e3e447c965b1bb724244ab6 - - default default] Successfully bumped revision number for resource ce2ff6af-9711-4278-b8ed-70271aabe56e (type: security_group_rules) to 0
2026-06-23 19:50:34.205 9 INFO neutron.db.segments_db [None req-26c961b8-5acd-43cd-8320-6c3529c8e4a7 c5b6ef7ced2d469bbca1220cc95503bc 5905adb67e3e447c965b1bb724244ab6 - - default default] Added segment 4d196a2e-7bad-462a-8f45-31c63eaf339b of type geneve for network 79f0d102-ff33-45c1-ac76-99ca081d535f
2026-06-23 19:50:34.263 9 INFO neutron.db.segments_db [None req-c24106de-297d-49b7-9219-0e867b438e4c c5b6ef7ced2d469bbca1220cc95503bc 5905adb67e3e447c965b1bb724244ab6 - - default default] Added segment f30b4a50-070f-4b0a-aba0-b34212e297b0 of type geneve for network f8887558-a24a-4b33-9d12-3043bea40e2b
2026-06-23 19:50:34.266 10 INFO neutron.db.segments_db [None req-0e080eaa-6d03-4319-97a2-6eabbb57710a c5b6ef7ced2d469bbca1220cc95503bc 5905adb67e3e447c965b1bb724244ab6 - - default default] Added segment ba6dadc5-c36b-458d-a963-087826da9f2a of type geneve for network a0c58f8b-b695-4f2c-ae4a-15f9cd0a067a
2026-06-23 19:50:34.326 9 INFO neutron.db.ovn_revision_numbers_db [None req-26c961b8-5acd-43cd-8320-6c3529c8e4a7 c5b6ef7ced2d469bbca1220cc95503bc 5905adb67e3e447c965b1bb724244ab6 - - default default] Successfully bumped revision number for resource 79f0d102-ff33-45c1-ac76-99ca081d535f (type: networks) to 1
2026-06-23 19:50:34.374 10 INFO neutron.db.ovn_revision_numbers_db [None req-0e080eaa-6d03-4319-97a2-6eabbb57710a c5b6ef7ced2d469bbca1220cc95503bc 5905adb67e3e447c965b1bb724244ab6 - - default default] Successfully bumped revision number for resource a0c58f8b-b695-4f2c-ae4a-15f9cd0a067a (type: networks) to 1
2026-06-23 19:50:34.391 9 INFO neutron.db.ovn_revision_numbers_db [None req-c24106de-297d-49b7-9219-0e867b438e4c c5b6ef7ced2d469bbca1220cc95503bc 5905adb67e3e447c965b1bb724244ab6 - - default default] Successfully bumped revision number for resource f8887558-a24a-4b33-9d12-3043bea40e2b (type: networks) to 1
2026-06-23 19:50:34.498 9 WARNING neutron.scheduler.dhcp_agent_scheduler [None req-26c961b8-5acd-43cd-8320-6c3529c8e4a7 c5b6ef7ced2d469bbca1220cc95503bc 5905adb67e3e447c965b1bb724244ab6 - - default default] No more DHCP agents
2026-06-23 19:50:34.500 9 WARNING neutron.api.rpc.agentnotifiers.dhcp_rpc_agent_api [None req-26c961b8-5acd-43cd-8320-6c3529c8e4a7 c5b6ef7ced2d469bbca1220cc95503bc 5905adb67e3e447c965b1bb724244ab6 - - default default] Unable to schedule network 79f0d102-ff33-45c1-ac76-99ca081d535f: no agents available; will retry on subsequent port and subnet creation events.
2026-06-23 19:50:34.521 10 WARNING neutron.scheduler.dhcp_agent_scheduler [None req-0e080eaa-6d03-4319-97a2-6eabbb57710a c5b6ef7ced2d469bbca1220cc95503bc 5905adb67e3e447c965b1bb724244ab6 - - default default] No more DHCP agents
2026-06-23 19:50:34.522 10 WARNING neutron.api.rpc.agentnotifiers.dhcp_rpc_agent_api [None req-0e080eaa-6d03-4319-97a2-6eabbb57710a c5b6ef7ced2d469bbca1220cc95503bc 5905adb67e3e447c965b1bb724244ab6 - - default default] Unable to schedule network a0c58f8b-b695-4f2c-ae4a-15f9cd0a067a: no agents available; will retry on subsequent port and subnet creation events.
2026-06-23 19:50:34.551 9 WARNING neutron.scheduler.dhcp_agent_scheduler [None req-c24106de-297d-49b7-9219-0e867b438e4c c5b6ef7ced2d469bbca1220cc95503bc 5905adb67e3e447c965b1bb724244ab6 - - default default] No more DHCP agents
2026-06-23 19:50:34.554 9 WARNING neutron.api.rpc.agentnotifiers.dhcp_rpc_agent_api [None req-c24106de-297d-49b7-9219-0e867b438e4c c5b6ef7ced2d469bbca1220cc95503bc 5905adb67e3e447c965b1bb724244ab6 - - default default] Unable to schedule network f8887558-a24a-4b33-9d12-3043bea40e2b: no agents available; will retry on subsequent port and subnet creation events.
2026-06-23 19:50:34.564 9 INFO neutron.db.ovn_revision_numbers_db [None req-26c961b8-5acd-43cd-8320-6c3529c8e4a7 c5b6ef7ced2d469bbca1220cc95503bc 5905adb67e3e447c965b1bb724244ab6 - - default default] Successfully bumped revision number for resource b3e6662c-3b98-4c5e-94a8-c3e5e4005ef4 (type: ports) to 1
2026-06-23 19:50:34.589 9 INFO neutron.api.wsgi [None req-26c961b8-5acd-43cd-8320-6c3529c8e4a7 c5b6ef7ced2d469bbca1220cc95503bc 5905adb67e3e447c965b1bb724244ab6 - - default default] 10.0.0.195 "POST /v2.0/networks HTTP/1.1" status: 201 len: 939 time: 0.8614118
2026-06-23 19:50:34.590 10 INFO neutron.db.ovn_revision_numbers_db [None req-0e080eaa-6d03-4319-97a2-6eabbb57710a c5b6ef7ced2d469bbca1220cc95503bc 5905adb67e3e447c965b1bb724244ab6 - - default default] Successfully bumped revision number for resource beac33bd-7c34-4188-ac39-d185f08bad3a (type: ports) to 1
2026-06-23 19:50:34.617 10 INFO neutron.api.wsgi [None req-0e080eaa-6d03-4319-97a2-6eabbb57710a c5b6ef7ced2d469bbca1220cc95503bc 5905adb67e3e447c965b1bb724244ab6 - - default default] 10.0.0.195 "POST /v2.0/networks HTTP/1.1" status: 201 len: 952 time: 0.7508967
2026-06-23 19:50:34.629 9 INFO neutron.db.ovn_revision_numbers_db [None req-c24106de-297d-49b7-9219-0e867b438e4c c5b6ef7ced2d469bbca1220cc95503bc 5905adb67e3e447c965b1bb724244ab6 - - default default] Successfully bumped revision number for resource b914beb2-0cb5-4052-bb52-6840a276a070 (type: ports) to 1
2026-06-23 19:50:34.658 9 INFO neutron.api.wsgi [None req-c24106de-297d-49b7-9219-0e867b438e4c c5b6ef7ced2d469bbca1220cc95503bc 5905adb67e3e447c965b1bb724244ab6 - - default default] 10.0.0.195 "POST /v2.0/networks HTTP/1.1" status: 201 len: 950 time: 0.7242694
2026-06-23 19:50:34.727 10 INFO neutron.db.ovn_revision_numbers_db [None req-7eec82ce-4e6e-4627-9322-f4904f6d593e c5b6ef7ced2d469bbca1220cc95503bc 5905adb67e3e447c965b1bb724244ab6 - - default default] Successfully bumped revision number for resource 8999c747-024a-4927-be9a-9fee8c27428d (type: security_groups) to 1
2026-06-23 19:50:34.737 9 WARNING neutron.scheduler.dhcp_agent_scheduler [None req-bb2e30ca-9f7b-4d8f-8b51-db0ad9eade17 c5b6ef7ced2d469bbca1220cc95503bc 5905adb67e3e447c965b1bb724244ab6 - - default default] No more DHCP agents
2026-06-23 19:50:34.738 9 WARNING neutron.api.rpc.agentnotifiers.dhcp_rpc_agent_api [None req-bb2e30ca-9f7b-4d8f-8b51-db0ad9eade17 c5b6ef7ced2d469bbca1220cc95503bc 5905adb67e3e447c965b1bb724244ab6 - - default default] Unable to schedule network 79f0d102-ff33-45c1-ac76-99ca081d535f: no agents available; will retry on subsequent port and subnet creation events.
2026-06-23 19:50:34.747 10 INFO neutron.db.ovn_revision_numbers_db [None req-7eec82ce-4e6e-4627-9322-f4904f6d593e c5b6ef7ced2d469bbca1220cc95503bc 5905adb67e3e447c965b1bb724244ab6 - - default default] Successfully bumped revision number for resource 10e23695-0c0e-4273-ae46-256f98694dd3 (type: security_group_rules) to 0
2026-06-23 19:50:34.760 10 INFO neutron.db.ovn_revision_numbers_db [None req-7eec82ce-4e6e-4627-9322-f4904f6d593e c5b6ef7ced2d469bbca1220cc95503bc 5905adb67e3e447c965b1bb724244ab6 - - default default] Successfully bumped revision number for resource 74c7371d-4026-4b8a-9134-8ef2c4043810 (type: security_group_rules) to 0
2026-06-23 19:50:34.774 10 INFO neutron.db.ovn_revision_numbers_db [None req-7eec82ce-4e6e-4627-9322-f4904f6d593e c5b6ef7ced2d469bbca1220cc95503bc 5905adb67e3e447c965b1bb724244ab6 - - default default] Successfully bumped revision number for resource 9796049f-7585-4929-9d72-960356ffc609 (type: security_group_rules) to 0
2026-06-23 19:50:34.778 10 WARNING neutron.scheduler.dhcp_agent_scheduler [None req-355efae4-d015-48b5-9eec-233c58e1cf1b c5b6ef7ced2d469bbca1220cc95503bc 5905adb67e3e447c965b1bb724244ab6 - - default default] No more DHCP agents
2026-06-23 19:50:34.780 10 WARNING neutron.api.rpc.agentnotifiers.dhcp_rpc_agent_api [None req-355efae4-d015-48b5-9eec-233c58e1cf1b c5b6ef7ced2d469bbca1220cc95503bc 5905adb67e3e447c965b1bb724244ab6 - - default default] Unable to schedule network a0c58f8b-b695-4f2c-ae4a-15f9cd0a067a: no agents available; will retry on subsequent port and subnet creation events.
2026-06-23 19:50:34.789 10 INFO neutron.db.ovn_revision_numbers_db [None req-7eec82ce-4e6e-4627-9322-f4904f6d593e c5b6ef7ced2d469bbca1220cc95503bc 5905adb67e3e447c965b1bb724244ab6 - - default default] Successfully bumped revision number for resource b7535145-c37c-495f-beab-426755c5b855 (type: security_group_rules) to 0
2026-06-23 19:50:34.812 9 WARNING neutron.scheduler.dhcp_agent_scheduler [None req-c6575e77-5821-4e84-8960-c76e03942835 c5b6ef7ced2d469bbca1220cc95503bc 5905adb67e3e447c965b1bb724244ab6 - - default default] No more DHCP agents
2026-06-23 19:50:34.814 9 WARNING neutron.api.rpc.agentnotifiers.dhcp_rpc_agent_api [None req-c6575e77-5821-4e84-8960-c76e03942835 c5b6ef7ced2d469bbca1220cc95503bc 5905adb67e3e447c965b1bb724244ab6 - - default default] Unable to schedule network f8887558-a24a-4b33-9d12-3043bea40e2b: no agents available; will retry on subsequent port and subnet creation events.
2026-06-23 19:50:34.829 10 INFO neutron.api.wsgi [None req-7eec82ce-4e6e-4627-9322-f4904f6d593e c5b6ef7ced2d469bbca1220cc95503bc 5905adb67e3e447c965b1bb724244ab6 - - default default] 10.0.0.195 "GET /v2.0/security-groups?tenant_id=1f13f296a2944c7099382e9170d0bd63&name=default HTTP/1.1" status: 200 len: 3116 time: 0.3418291
2026-06-23 19:50:35.119 10 INFO neutron.api.wsgi [None req-864cbaef-433e-4169-acc6-a9dd8b0e3e59 c5b6ef7ced2d469bbca1220cc95503bc 5905adb67e3e447c965b1bb724244ab6 - - default default] 10.0.0.195 "DELETE /v2.0/security-groups/8999c747-024a-4927-be9a-9fee8c27428d HTTP/1.1" status: 204 len: 168 time: 0.2816172
2026-06-23 19:50:35.253 9 INFO neutron.db.ovn_revision_numbers_db [None req-b8911c68-9adf-405e-a44a-ad45b4d7acc0 - - - - - -] Successfully bumped revision number for resource b3e6662c-3b98-4c5e-94a8-c3e5e4005ef4 (type: ports) to 2
2026-06-23 19:50:35.265 10 INFO neutron.db.ovn_revision_numbers_db [None req-70724008-d20c-47b6-b742-45e6f2b68c8d - - - - - -] Successfully bumped revision number for resource beac33bd-7c34-4188-ac39-d185f08bad3a (type: ports) to 2
2026-06-23 19:50:35.307 9 INFO neutron.db.ovn_revision_numbers_db [None req-b8911c68-9adf-405e-a44a-ad45b4d7acc0 - - - - - -] Successfully bumped revision number for resource 6e833b07-30e0-43bb-ac81-c1c686866147 (type: subnets) to 0
2026-06-23 19:50:35.312 10 INFO neutron.db.ovn_revision_numbers_db [None req-70724008-d20c-47b6-b742-45e6f2b68c8d - - - - - -] Successfully bumped revision number for resource 52a5a0a2-3fb5-43c7-b88e-078e9f5bcedf (type: subnets) to 0
2026-06-23 19:50:35.325 10 INFO neutron.api.wsgi [None req-355efae4-d015-48b5-9eec-233c58e1cf1b c5b6ef7ced2d469bbca1220cc95503bc 5905adb67e3e447c965b1bb724244ab6 - - default default] 10.0.0.195 "POST /v2.0/subnets HTTP/1.1" status: 201 len: 896 time: 0.7017577
2026-06-23 19:50:35.327 9 INFO neutron.api.wsgi [None req-bb2e30ca-9f7b-4d8f-8b51-db0ad9eade17 c5b6ef7ced2d469bbca1220cc95503bc 5905adb67e3e447c965b1bb724244ab6 - - default default] 10.0.0.195 "POST /v2.0/subnets HTTP/1.1" status: 201 len: 883 time: 0.7331641
2026-06-23 19:50:35.340 9 INFO neutron.db.ovn_revision_numbers_db [None req-ce129406-2532-4cae-898d-b7ee3e758020 - - - - - -] Successfully bumped revision number for resource b914beb2-0cb5-4052-bb52-6840a276a070 (type: ports) to 2
2026-06-23 19:50:35.387 9 INFO neutron.db.ovn_revision_numbers_db [None req-ce129406-2532-4cae-898d-b7ee3e758020 - - - - - -] Successfully bumped revision number for resource 872d69d4-f19c-4b35-945d-359888d37386 (type: subnets) to 0
2026-06-23 19:50:35.421 9 INFO neutron.api.wsgi [None req-c6575e77-5821-4e84-8960-c76e03942835 c5b6ef7ced2d469bbca1220cc95503bc 5905adb67e3e447c965b1bb724244ab6 - - default default] 10.0.0.195 "POST /v2.0/subnets HTTP/1.1" status: 201 len: 894 time: 0.7555280
2026-06-23 19:50:35.771 10 WARNING neutron.scheduler.dhcp_agent_scheduler [None req-9e1ed3d7-8399-4a69-afe3-d50f1f6e96ee c5b6ef7ced2d469bbca1220cc95503bc 5905adb67e3e447c965b1bb724244ab6 - - default default] No more DHCP agents
2026-06-23 19:50:35.772 10 WARNING neutron.api.rpc.agentnotifiers.dhcp_rpc_agent_api [None req-9e1ed3d7-8399-4a69-afe3-d50f1f6e96ee c5b6ef7ced2d469bbca1220cc95503bc 5905adb67e3e447c965b1bb724244ab6 - - default default] Unable to schedule network fc8dd96c-e655-4837-bd71-a61a77ef4ad4: no agents available; will retry on subsequent port and subnet creation events.
2026-06-23 19:50:35.884 10 INFO neutron.db.ovn_revision_numbers_db [None req-9e1ed3d7-8399-4a69-afe3-d50f1f6e96ee c5b6ef7ced2d469bbca1220cc95503bc 5905adb67e3e447c965b1bb724244ab6 - - default default] Successfully bumped revision number for resource 136f464b-ce22-4091-921b-99906a739a52 (type: ports) to 1
2026-06-23 19:50:36.027 9 WARNING neutron.scheduler.dhcp_agent_scheduler [None req-29278e26-28ae-49ca-aa52-e1c5282c0ed4 c5b6ef7ced2d469bbca1220cc95503bc 5905adb67e3e447c965b1bb724244ab6 - - default default] No more DHCP agents
2026-06-23 19:50:36.029 9 WARNING neutron.api.rpc.agentnotifiers.dhcp_rpc_agent_api [None req-29278e26-28ae-49ca-aa52-e1c5282c0ed4 c5b6ef7ced2d469bbca1220cc95503bc 5905adb67e3e447c965b1bb724244ab6 - - default default] Unable to schedule network fc8dd96c-e655-4837-bd71-a61a77ef4ad4: no agents available; will retry on subsequent port and subnet creation events.
2026-06-23 19:50:36.098 9 WARNING neutron.scheduler.dhcp_agent_scheduler [None req-c4c4c923-81bb-4b21-932d-201cd275dd77 c5b6ef7ced2d469bbca1220cc95503bc 5905adb67e3e447c965b1bb724244ab6 - - default default] No more DHCP agents
2026-06-23 19:50:36.100 9 WARNING neutron.api.rpc.agentnotifiers.dhcp_rpc_agent_api [None req-c4c4c923-81bb-4b21-932d-201cd275dd77 c5b6ef7ced2d469bbca1220cc95503bc 5905adb67e3e447c965b1bb724244ab6 - - default default] Unable to schedule network fc8dd96c-e655-4837-bd71-a61a77ef4ad4: no agents available; will retry on subsequent port and subnet creation events.
2026-06-23 19:50:36.143 9 INFO neutron.db.ovn_revision_numbers_db [None req-29278e26-28ae-49ca-aa52-e1c5282c0ed4 c5b6ef7ced2d469bbca1220cc95503bc 5905adb67e3e447c965b1bb724244ab6 - - default default] Successfully bumped revision number for resource f0e1e560-2d55-48e6-8581-55ed640fe165 (type: ports) to 1
2026-06-23 19:50:36.193 10 INFO neutron.plugins.ml2.drivers.ovn.mech_driver.ovsdb.extensions.qos [None req-9e1ed3d7-8399-4a69-afe3-d50f1f6e96ee c5b6ef7ced2d469bbca1220cc95503bc 5905adb67e3e447c965b1bb724244ab6 - - default default] Starting OVNClientQosExtension
2026-06-23 19:50:36.227 9 INFO neutron.db.ovn_revision_numbers_db [None req-c4c4c923-81bb-4b21-932d-201cd275dd77 c5b6ef7ced2d469bbca1220cc95503bc 5905adb67e3e447c965b1bb724244ab6 - - default default] Successfully bumped revision number for resource e342cdf8-6fd0-4915-987d-f375880e797f (type: ports) to 1
2026-06-23 19:50:36.457 9 INFO neutron.plugins.ml2.drivers.ovn.mech_driver.ovsdb.extensions.qos [None req-29278e26-28ae-49ca-aa52-e1c5282c0ed4 c5b6ef7ced2d469bbca1220cc95503bc 5905adb67e3e447c965b1bb724244ab6 - - default default] Starting OVNClientQosExtension
2026-06-23 19:50:36.514 10 INFO neutron.plugins.ml2.drivers.ovn.mech_driver.ovsdb.commands [None req-3ffd0cec-0cee-48d8-bf47-dfdde62394f4 - - - - - -] Schedule LRP lrp-136f464b-ce22-4091-921b-99906a739a52 on gateway 568031f9-7582-466f-85de-aec8fb0436fd with priority 1
2026-06-23 19:50:36.577 10 INFO neutron.db.ovn_revision_numbers_db [None req-9e1ed3d7-8399-4a69-afe3-d50f1f6e96ee c5b6ef7ced2d469bbca1220cc95503bc 5905adb67e3e447c965b1bb724244ab6 - - default default] Successfully bumped revision number for resource 136f464b-ce22-4091-921b-99906a739a52 (type: router_ports) to 1
2026-06-23 19:50:36.643 10 INFO neutron.db.ovn_revision_numbers_db [None req-9e1ed3d7-8399-4a69-afe3-d50f1f6e96ee c5b6ef7ced2d469bbca1220cc95503bc 5905adb67e3e447c965b1bb724244ab6 - - default default] Successfully bumped revision number for resource afd5f7d0-a7a0-43ab-8e15-d60f2b80aa6e (type: routers) to 2
2026-06-23 19:50:36.660 10 INFO neutron.api.wsgi [None req-9e1ed3d7-8399-4a69-afe3-d50f1f6e96ee c5b6ef7ced2d469bbca1220cc95503bc 5905adb67e3e447c965b1bb724244ab6 - - default default] 10.0.0.195 "POST /v2.0/routers HTTP/1.1" status: 201 len: 1174 time: 1.3304133
2026-06-23 19:50:36.684 9 INFO neutron.plugins.ml2.drivers.ovn.mech_driver.ovsdb.ovsdb_monitor [-] Router afd5f7d0-a7a0-43ab-8e15-d60f2b80aa6e is bound to host instance
2026-06-23 19:50:36.697 9 INFO neutron.plugins.ml2.drivers.ovn.mech_driver.mech_driver [None req-dbd72a8e-733b-4c83-bb2e-2a6efa2a7ece - - - - - -] OVN reports status up for port: 136f464b-ce22-4091-921b-99906a739a52
2026-06-23 19:50:36.741 9 INFO neutron.plugins.ml2.plugin [None req-dbd72a8e-733b-4c83-bb2e-2a6efa2a7ece - - - - - -] Attempt 1 to provision port 136f464b-ce22-4091-921b-99906a739a52
2026-06-23 19:50:37.206 10 WARNING neutron.scheduler.dhcp_agent_scheduler [None req-6b29b468-7edb-450f-a02e-3ff1703110e0 c5b6ef7ced2d469bbca1220cc95503bc 5905adb67e3e447c965b1bb724244ab6 - - default default] No more DHCP agents
2026-06-23 19:50:37.208 10 WARNING neutron.api.rpc.agentnotifiers.dhcp_rpc_agent_api [None req-6b29b468-7edb-450f-a02e-3ff1703110e0 c5b6ef7ced2d469bbca1220cc95503bc 5905adb67e3e447c965b1bb724244ab6 - - default default] Unable to schedule network a0c58f8b-b695-4f2c-ae4a-15f9cd0a067a: no agents available; will retry on subsequent port and subnet creation events.
2026-06-23 19:50:37.219 9 INFO neutron.db.ovn_revision_numbers_db [None req-514ae441-8b3a-4ba8-a9f8-e34177a3e6c0 c5b6ef7ced2d469bbca1220cc95503bc 5905adb67e3e447c965b1bb724244ab6 - - default default] Successfully bumped revision number for resource 2d9c32f6-d899-439e-94f8-d0d4889987e3 (type: security_groups) to 1
2026-06-23 19:50:37.250 9 INFO neutron.db.ovn_revision_numbers_db [None req-514ae441-8b3a-4ba8-a9f8-e34177a3e6c0 c5b6ef7ced2d469bbca1220cc95503bc 5905adb67e3e447c965b1bb724244ab6 - - default default] Successfully bumped revision number for resource 2cd50c62-f97c-4f63-876b-615ff87b6b82 (type: security_group_rules) to 0
2026-06-23 19:50:37.278 9 INFO neutron.db.ovn_revision_numbers_db [None req-514ae441-8b3a-4ba8-a9f8-e34177a3e6c0 c5b6ef7ced2d469bbca1220cc95503bc 5905adb67e3e447c965b1bb724244ab6 - - default default] Successfully bumped revision number for resource 3013fe9b-8f0b-4e9e-8eae-323e91a59230 (type: security_group_rules) to 0
2026-06-23 19:50:37.309 9 INFO neutron.db.ovn_revision_numbers_db [None req-514ae441-8b3a-4ba8-a9f8-e34177a3e6c0 c5b6ef7ced2d469bbca1220cc95503bc 5905adb67e3e447c965b1bb724244ab6 - - default default] Successfully bumped revision number for resource 36618c61-ed64-4919-956f-9c74c72efec1 (type: security_group_rules) to 0
2026-06-23 19:50:37.320 10 INFO neutron.db.ovn_revision_numbers_db [None req-6b29b468-7edb-450f-a02e-3ff1703110e0 c5b6ef7ced2d469bbca1220cc95503bc 5905adb67e3e447c965b1bb724244ab6 - - default default] Successfully bumped revision number for resource d991933d-7b71-4437-9982-82bd20196036 (type: ports) to 1
2026-06-23 19:50:37.337 9 INFO neutron.db.ovn_revision_numbers_db [None req-514ae441-8b3a-4ba8-a9f8-e34177a3e6c0 c5b6ef7ced2d469bbca1220cc95503bc 5905adb67e3e447c965b1bb724244ab6 - - default default] Successfully bumped revision number for resource aac6d8db-b948-4819-93a0-8484715b189b (type: security_group_rules) to 0
2026-06-23 19:50:37.382 9 INFO neutron.plugins.ml2.drivers.ovn.mech_driver.ovsdb.commands [None req-620edba5-8e60-4bf1-bb40-d4e8f90c4403 - - - - - -] Schedule LRP lrp-f0e1e560-2d55-48e6-8581-55ed640fe165 on gateway 568031f9-7582-466f-85de-aec8fb0436fd with priority 1
2026-06-23 19:50:37.405 10 INFO neutron.plugins.ml2.drivers.ovn.mech_driver.mech_driver [None req-a74ca411-2208-4245-a183-a8fbd7913aab - - - - - -] OVN reports status up for port: f0e1e560-2d55-48e6-8581-55ed640fe165
2026-06-23 19:50:37.412 10 INFO neutron.plugins.ml2.drivers.ovn.mech_driver.ovsdb.ovsdb_monitor [-] Router a9c06cde-2dfb-4297-a9c6-14b82d24bb22 is bound to host instance
2026-06-23 19:50:37.438 9 INFO neutron.db.ovn_revision_numbers_db [None req-29278e26-28ae-49ca-aa52-e1c5282c0ed4 c5b6ef7ced2d469bbca1220cc95503bc 5905adb67e3e447c965b1bb724244ab6 - - default default] Successfully bumped revision number for resource f0e1e560-2d55-48e6-8581-55ed640fe165 (type: router_ports) to 1
2026-06-23 19:50:37.442 10 INFO neutron.plugins.ml2.plugin [None req-a74ca411-2208-4245-a183-a8fbd7913aab - - - - - -] Attempt 1 to provision port f0e1e560-2d55-48e6-8581-55ed640fe165
2026-06-23 19:50:37.464 9 INFO neutron.db.segments_db [None req-514ae441-8b3a-4ba8-a9f8-e34177a3e6c0 c5b6ef7ced2d469bbca1220cc95503bc 5905adb67e3e447c965b1bb724244ab6 - - default default] Added segment ac045663-1b8b-4d23-bb93-2d8cd941ebc0 of type geneve for network c40f3b0d-fd0b-437a-a998-2ac677247d61
2026-06-23 19:50:37.519 9 INFO neutron.plugins.ml2.drivers.ovn.mech_driver.ovsdb.commands [None req-620edba5-8e60-4bf1-bb40-d4e8f90c4403 - - - - - -] Schedule LRP lrp-e342cdf8-6fd0-4915-987d-f375880e797f on gateway 568031f9-7582-466f-85de-aec8fb0436fd with priority 1
2026-06-23 19:50:37.567 9 INFO neutron.db.ovn_revision_numbers_db [None req-29278e26-28ae-49ca-aa52-e1c5282c0ed4 c5b6ef7ced2d469bbca1220cc95503bc 5905adb67e3e447c965b1bb724244ab6 - - default default] Successfully bumped revision number for resource a9c06cde-2dfb-4297-a9c6-14b82d24bb22 (type: routers) to 2
2026-06-23 19:50:37.588 9 INFO neutron.db.ovn_revision_numbers_db [None req-c4c4c923-81bb-4b21-932d-201cd275dd77 c5b6ef7ced2d469bbca1220cc95503bc 5905adb67e3e447c965b1bb724244ab6 - - default default] Successfully bumped revision number for resource e342cdf8-6fd0-4915-987d-f375880e797f (type: router_ports) to 1
2026-06-23 19:50:37.593 9 INFO neutron.api.wsgi [None req-29278e26-28ae-49ca-aa52-e1c5282c0ed4 c5b6ef7ced2d469bbca1220cc95503bc 5905adb67e3e447c965b1bb724244ab6 - - default default] 10.0.0.195 "POST /v2.0/routers HTTP/1.1" status: 201 len: 1161 time: 2.2605634
2026-06-23 19:50:37.625 9 INFO neutron.db.ovn_revision_numbers_db [None req-039669fe-aa89-41f0-a8e9-f61a30eaab8b - - - - - -] Successfully bumped revision number for resource 136f464b-ce22-4091-921b-99906a739a52 (type: ports) to 1
2026-06-23 19:50:37.660 9 INFO neutron.db.ovn_revision_numbers_db [None req-514ae441-8b3a-4ba8-a9f8-e34177a3e6c0 c5b6ef7ced2d469bbca1220cc95503bc 5905adb67e3e447c965b1bb724244ab6 - - default default] Successfully bumped revision number for resource c40f3b0d-fd0b-437a-a998-2ac677247d61 (type: networks) to 1
2026-06-23 19:50:37.678 9 INFO neutron.db.ovn_revision_numbers_db [None req-c4c4c923-81bb-4b21-932d-201cd275dd77 c5b6ef7ced2d469bbca1220cc95503bc 5905adb67e3e447c965b1bb724244ab6 - - default default] Successfully bumped revision number for resource c4fa81e2-da4a-4bab-92a8-7aae2d684f5f (type: routers) to 2
2026-06-23 19:50:37.700 9 INFO neutron.api.wsgi [None req-c4c4c923-81bb-4b21-932d-201cd275dd77 c5b6ef7ced2d469bbca1220cc95503bc 5905adb67e3e447c965b1bb724244ab6 - - default default] 10.0.0.195 "POST /v2.0/routers HTTP/1.1" status: 201 len: 1172 time: 2.2737637
2026-06-23 19:50:37.826 9 WARNING neutron.scheduler.dhcp_agent_scheduler [None req-514ae441-8b3a-4ba8-a9f8-e34177a3e6c0 c5b6ef7ced2d469bbca1220cc95503bc 5905adb67e3e447c965b1bb724244ab6 - - default default] No more DHCP agents
2026-06-23 19:50:37.827 9 WARNING neutron.api.rpc.agentnotifiers.dhcp_rpc_agent_api [None req-514ae441-8b3a-4ba8-a9f8-e34177a3e6c0 c5b6ef7ced2d469bbca1220cc95503bc 5905adb67e3e447c965b1bb724244ab6 - - default default] Unable to schedule network c40f3b0d-fd0b-437a-a998-2ac677247d61: no agents available; will retry on subsequent port and subnet creation events.
2026-06-23 19:50:37.911 9 INFO neutron.db.ovn_revision_numbers_db [None req-514ae441-8b3a-4ba8-a9f8-e34177a3e6c0 c5b6ef7ced2d469bbca1220cc95503bc 5905adb67e3e447c965b1bb724244ab6 - - default default] Successfully bumped revision number for resource 52235e83-988c-4ed0-acef-d418e9d741f1 (type: ports) to 1
2026-06-23 19:50:37.940 9 INFO neutron.api.wsgi [None req-514ae441-8b3a-4ba8-a9f8-e34177a3e6c0 c5b6ef7ced2d469bbca1220cc95503bc 5905adb67e3e447c965b1bb724244ab6 - - default default] 10.0.0.195 "POST /v2.0/networks HTTP/1.1" status: 201 len: 945 time: 1.2012820
2026-06-23 19:50:37.998 9 INFO neutron.db.ovn_revision_numbers_db [None req-039669fe-aa89-41f0-a8e9-f61a30eaab8b - - - - - -] Successfully bumped revision number for resource 136f464b-ce22-4091-921b-99906a739a52 (type: ports) to 4
2026-06-23 19:50:38.181 9 WARNING neutron.scheduler.dhcp_agent_scheduler [None req-1044dadf-f6d3-47c6-857f-f9823c76b52b c5b6ef7ced2d469bbca1220cc95503bc 5905adb67e3e447c965b1bb724244ab6 - - default default] No more DHCP agents
2026-06-23 19:50:38.183 9 WARNING neutron.api.rpc.agentnotifiers.dhcp_rpc_agent_api [None req-1044dadf-f6d3-47c6-857f-f9823c76b52b c5b6ef7ced2d469bbca1220cc95503bc 5905adb67e3e447c965b1bb724244ab6 - - default default] Unable to schedule network c40f3b0d-fd0b-437a-a998-2ac677247d61: no agents available; will retry on subsequent port and subnet creation events.
2026-06-23 19:50:38.303 10 INFO neutron.db.ovn_revision_numbers_db [None req-c89dc95f-9e95-43db-a869-b8c8b826516f - - - - - -] Successfully bumped revision number for resource f0e1e560-2d55-48e6-8581-55ed640fe165 (type: ports) to 1
2026-06-23 19:50:38.425 9 INFO neutron.db.ovn_revision_numbers_db [None req-039669fe-aa89-41f0-a8e9-f61a30eaab8b - - - - - -] Successfully bumped revision number for resource 136f464b-ce22-4091-921b-99906a739a52 (type: ports) to 5
2026-06-23 19:50:38.556 10 INFO neutron.db.ovn_revision_numbers_db [None req-6b29b468-7edb-450f-a02e-3ff1703110e0 c5b6ef7ced2d469bbca1220cc95503bc 5905adb67e3e447c965b1bb724244ab6 - - default default] Successfully bumped revision number for resource d991933d-7b71-4437-9982-82bd20196036 (type: ports) to 1
2026-06-23 19:50:38.610 10 WARNING neutron.scheduler.dhcp_agent_scheduler [None req-e3eccab1-1b0a-42cb-8013-111a55a404bc c5b6ef7ced2d469bbca1220cc95503bc 5905adb67e3e447c965b1bb724244ab6 - - default default] No more DHCP agents
2026-06-23 19:50:38.616 10 WARNING neutron.api.rpc.agentnotifiers.dhcp_rpc_agent_api [None req-e3eccab1-1b0a-42cb-8013-111a55a404bc c5b6ef7ced2d469bbca1220cc95503bc 5905adb67e3e447c965b1bb724244ab6 - - default default] Unable to schedule network 79f0d102-ff33-45c1-ac76-99ca081d535f: no agents available; will retry on subsequent port and subnet creation events.
2026-06-23 19:50:38.653 10 WARNING neutron.scheduler.dhcp_agent_scheduler [None req-653285d3-da50-416c-9158-85d5823016b1 c5b6ef7ced2d469bbca1220cc95503bc 5905adb67e3e447c965b1bb724244ab6 - - default default] No more DHCP agents
2026-06-23 19:50:38.655 10 WARNING neutron.api.rpc.agentnotifiers.dhcp_rpc_agent_api [None req-653285d3-da50-416c-9158-85d5823016b1 c5b6ef7ced2d469bbca1220cc95503bc 5905adb67e3e447c965b1bb724244ab6 - - default default] Unable to schedule network f8887558-a24a-4b33-9d12-3043bea40e2b: no agents available; will retry on subsequent port and subnet creation events.
2026-06-23 19:50:38.667 9 INFO neutron.db.ovn_revision_numbers_db [None req-31b7d246-1c76-430f-989a-6046a5148dc1 - - - - - -] Successfully bumped revision number for resource 52235e83-988c-4ed0-acef-d418e9d741f1 (type: ports) to 2
2026-06-23 19:50:38.678 10 WARNING neutron.scheduler.dhcp_agent_scheduler [None req-6b29b468-7edb-450f-a02e-3ff1703110e0 c5b6ef7ced2d469bbca1220cc95503bc 5905adb67e3e447c965b1bb724244ab6 - - default default] No more DHCP agents
2026-06-23 19:50:38.687 10 WARNING neutron.api.rpc.agentnotifiers.dhcp_rpc_agent_api [None req-6b29b468-7edb-450f-a02e-3ff1703110e0 c5b6ef7ced2d469bbca1220cc95503bc 5905adb67e3e447c965b1bb724244ab6 - - default default] Unable to schedule network a0c58f8b-b695-4f2c-ae4a-15f9cd0a067a: no agents available; will retry on subsequent port and subnet creation events.
2026-06-23 19:50:38.699 9 INFO neutron.db.ovn_revision_numbers_db [None req-31b7d246-1c76-430f-989a-6046a5148dc1 - - - - - -] Successfully bumped revision number for resource b1bf5358-011b-451a-9473-8d2453b0a80d (type: subnets) to 0
2026-06-23 19:50:38.711 9 INFO neutron.api.wsgi [None req-1044dadf-f6d3-47c6-857f-f9823c76b52b c5b6ef7ced2d469bbca1220cc95503bc 5905adb67e3e447c965b1bb724244ab6 - - default default] 10.0.0.195 "POST /v2.0/subnets HTTP/1.1" status: 201 len: 890 time: 0.7624249
2026-06-23 19:50:38.851 10 INFO neutron.db.ovn_revision_numbers_db [None req-e3eccab1-1b0a-42cb-8013-111a55a404bc c5b6ef7ced2d469bbca1220cc95503bc 5905adb67e3e447c965b1bb724244ab6 - - default default] Successfully bumped revision number for resource 95cf1404-e9e0-41b4-ae1c-72aa1fd059de (type: ports) to 1
2026-06-23 19:50:38.886 10 INFO neutron.db.ovn_revision_numbers_db [None req-653285d3-da50-416c-9158-85d5823016b1 c5b6ef7ced2d469bbca1220cc95503bc 5905adb67e3e447c965b1bb724244ab6 - - default default] Successfully bumped revision number for resource 4eafde75-ad30-4d11-9c84-190cbda1fd1c (type: ports) to 1
2026-06-23 19:50:38.946 10 INFO neutron.db.ovn_revision_numbers_db [None req-c89dc95f-9e95-43db-a869-b8c8b826516f - - - - - -] Successfully bumped revision number for resource f0e1e560-2d55-48e6-8581-55ed640fe165 (type: ports) to 4
2026-06-23 19:50:39.121 9 WARNING neutron.scheduler.dhcp_agent_scheduler [None req-b17aae9f-19dd-4a26-ad69-66befdc5d781 c5b6ef7ced2d469bbca1220cc95503bc 5905adb67e3e447c965b1bb724244ab6 - - default default] No more DHCP agents
2026-06-23 19:50:39.122 9 WARNING neutron.api.rpc.agentnotifiers.dhcp_rpc_agent_api [None req-b17aae9f-19dd-4a26-ad69-66befdc5d781 c5b6ef7ced2d469bbca1220cc95503bc 5905adb67e3e447c965b1bb724244ab6 - - default default] Unable to schedule network fc8dd96c-e655-4837-bd71-a61a77ef4ad4: no agents available; will retry on subsequent port and subnet creation events.
2026-06-23 19:50:39.231 9 INFO neutron.db.ovn_revision_numbers_db [None req-b17aae9f-19dd-4a26-ad69-66befdc5d781 c5b6ef7ced2d469bbca1220cc95503bc 5905adb67e3e447c965b1bb724244ab6 - - default default] Successfully bumped revision number for resource 447c3145-3d3c-4190-bfc5-17a862607a5b (type: ports) to 1
2026-06-23 19:50:39.744 10 INFO neutron.db.ovn_revision_numbers_db [None req-c89dc95f-9e95-43db-a869-b8c8b826516f - - - - - -] Successfully bumped revision number for resource f0e1e560-2d55-48e6-8581-55ed640fe165 (type: ports) to 5
2026-06-23 19:50:39.765 9 INFO neutron.plugins.ml2.drivers.ovn.mech_driver.ovsdb.commands [None req-620edba5-8e60-4bf1-bb40-d4e8f90c4403 - - - - - -] Schedule LRP lrp-447c3145-3d3c-4190-bfc5-17a862607a5b on gateway 568031f9-7582-466f-85de-aec8fb0436fd with priority 1
2026-06-23 19:50:39.809 10 INFO neutron.plugins.ml2.drivers.ovn.mech_driver.mech_driver [None req-a74ca411-2208-4245-a183-a8fbd7913aab - - - - - -] OVN reports status up for port: e342cdf8-6fd0-4915-987d-f375880e797f
2026-06-23 19:50:39.816 9 INFO neutron.plugins.ml2.drivers.ovn.mech_driver.ovsdb.ovsdb_monitor [None req-039669fe-aa89-41f0-a8e9-f61a30eaab8b - - - - - -] Router 68c4ae82-d332-4110-b076-ac7a80c6c5db is bound to host instance
2026-06-23 19:50:39.826 10 INFO neutron.plugins.ml2.plugin [None req-a74ca411-2208-4245-a183-a8fbd7913aab - - - - - -] Attempt 1 to provision port e342cdf8-6fd0-4915-987d-f375880e797f
2026-06-23 19:50:39.826 9 INFO neutron.db.ovn_revision_numbers_db [None req-b17aae9f-19dd-4a26-ad69-66befdc5d781 c5b6ef7ced2d469bbca1220cc95503bc 5905adb67e3e447c965b1bb724244ab6 - - default default] Successfully bumped revision number for resource 447c3145-3d3c-4190-bfc5-17a862607a5b (type: router_ports) to 1
2026-06-23 19:50:39.893 10 INFO neutron.plugins.ml2.drivers.ovn.mech_driver.ovsdb.ovsdb_monitor [None req-c89dc95f-9e95-43db-a869-b8c8b826516f - - - - - -] Router c4fa81e2-da4a-4bab-92a8-7aae2d684f5f is bound to host instance
2026-06-23 19:50:39.929 9 INFO neutron.db.ovn_revision_numbers_db [None req-b17aae9f-19dd-4a26-ad69-66befdc5d781 c5b6ef7ced2d469bbca1220cc95503bc 5905adb67e3e447c965b1bb724244ab6 - - default default] Successfully bumped revision number for resource 68c4ae82-d332-4110-b076-ac7a80c6c5db (type: routers) to 2
2026-06-23 19:50:39.962 9 INFO neutron.api.wsgi [None req-b17aae9f-19dd-4a26-ad69-66befdc5d781 c5b6ef7ced2d469bbca1220cc95503bc 5905adb67e3e447c965b1bb724244ab6 - - default default] 10.0.0.195 "POST /v2.0/routers HTTP/1.1" status: 201 len: 1168 time: 1.2454686
2026-06-23 19:50:40.064 9 INFO neutron.plugins.ml2.drivers.ovn.mech_driver.mech_driver [None req-dbd72a8e-733b-4c83-bb2e-2a6efa2a7ece - - - - - -] OVN reports status up for port: 95cf1404-e9e0-41b4-ae1c-72aa1fd059de
2026-06-23 19:50:40.081 9 INFO neutron.plugins.ml2.plugin [None req-dbd72a8e-733b-4c83-bb2e-2a6efa2a7ece - - - - - -] Attempt 1 to provision port 95cf1404-e9e0-41b4-ae1c-72aa1fd059de
2026-06-23 19:50:40.108 10 INFO neutron.db.ovn_revision_numbers_db [None req-e3eccab1-1b0a-42cb-8013-111a55a404bc c5b6ef7ced2d469bbca1220cc95503bc 5905adb67e3e447c965b1bb724244ab6 - - default default] Successfully bumped revision number for resource 95cf1404-e9e0-41b4-ae1c-72aa1fd059de (type: ports) to 1
2026-06-23 19:50:40.131 10 INFO neutron.db.ovn_revision_numbers_db [None req-653285d3-da50-416c-9158-85d5823016b1 c5b6ef7ced2d469bbca1220cc95503bc 5905adb67e3e447c965b1bb724244ab6 - - default default] Successfully bumped revision number for resource 4eafde75-ad30-4d11-9c84-190cbda1fd1c (type: ports) to 1
2026-06-23 19:50:40.221 10 WARNING neutron.scheduler.dhcp_agent_scheduler [None req-e3eccab1-1b0a-42cb-8013-111a55a404bc c5b6ef7ced2d469bbca1220cc95503bc 5905adb67e3e447c965b1bb724244ab6 - - default default] No more DHCP agents
2026-06-23 19:50:40.224 10 WARNING neutron.api.rpc.agentnotifiers.dhcp_rpc_agent_api [None req-e3eccab1-1b0a-42cb-8013-111a55a404bc c5b6ef7ced2d469bbca1220cc95503bc 5905adb67e3e447c965b1bb724244ab6 - - default default] Unable to schedule network 79f0d102-ff33-45c1-ac76-99ca081d535f: no agents available; will retry on subsequent port and subnet creation events.
2026-06-23 19:50:40.225 9 INFO neutron.api.wsgi [-] 10.0.0.11 "GET / HTTP/1.1" status: 200 len: 247 time: 0.0013340
2026-06-23 19:50:40.227 9 INFO neutron.api.wsgi [-] 10.0.0.11 "GET / HTTP/1.1" status: 200 len: 247 time: 0.0008829
2026-06-23 19:50:40.273 10 WARNING neutron.scheduler.dhcp_agent_scheduler [None req-653285d3-da50-416c-9158-85d5823016b1 c5b6ef7ced2d469bbca1220cc95503bc 5905adb67e3e447c965b1bb724244ab6 - - default default] No more DHCP agents
2026-06-23 19:50:40.278 10 WARNING neutron.api.rpc.agentnotifiers.dhcp_rpc_agent_api [None req-653285d3-da50-416c-9158-85d5823016b1 c5b6ef7ced2d469bbca1220cc95503bc 5905adb67e3e447c965b1bb724244ab6 - - default default] Unable to schedule network f8887558-a24a-4b33-9d12-3043bea40e2b: no agents available; will retry on subsequent port and subnet creation events.
2026-06-23 19:50:40.411 10 INFO neutron.db.ovn_revision_numbers_db [None req-6b29b468-7edb-450f-a02e-3ff1703110e0 c5b6ef7ced2d469bbca1220cc95503bc 5905adb67e3e447c965b1bb724244ab6 - - default default] Successfully bumped revision number for resource d991933d-7b71-4437-9982-82bd20196036 (type: router_ports) to 1
2026-06-23 19:50:40.417 10 INFO neutron.api.wsgi [None req-6b29b468-7edb-450f-a02e-3ff1703110e0 c5b6ef7ced2d469bbca1220cc95503bc 5905adb67e3e447c965b1bb724244ab6 - - default default] 10.0.0.195 "PUT /v2.0/routers/afd5f7d0-a7a0-43ab-8e15-d60f2b80aa6e/add_router_interface HTTP/1.1" status: 200 len: 503 time: 3.7527637
2026-06-23 19:50:40.550 9 INFO neutron.db.ovn_revision_numbers_db [None req-5ab64595-3c61-467d-a63c-ee70e0356e8c - - - - - -] Successfully bumped revision number for resource 447c3145-3d3c-4190-bfc5-17a862607a5b (type: ports) to 1
