2026-06-23 19:55:10.108 10 WARNING neutron_lib.context [None req-f584550d-f616-4193-92be-3726717d13a3 31a37067ff1147728f42e43c418bfe46 206ae29860e341928770ac25c052cad9 - - default default] Method 'is_advsvc' is deprecated since 2023.2 release (neutron-lib 3.8.0) and will be removed once support for the old RBAC API policies will be removed from Neutron. Please use method 'is_service_role' instead.
2026-06-23 19:55:10.225 9 INFO neutron.api.wsgi [-] 10.0.0.11 "GET / HTTP/1.1" status: 200 len: 247 time: 0.0024331
2026-06-23 19:55:10.227 9 INFO neutron.api.wsgi [-] 10.0.0.11 "GET / HTTP/1.1" status: 200 len: 247 time: 0.0013421
2026-06-23 19:55:10.291 10 INFO neutron.db.ovn_revision_numbers_db [None req-3464ed21-305f-4d43-81f0-c8951a600e2e c5b6ef7ced2d469bbca1220cc95503bc 5905adb67e3e447c965b1bb724244ab6 - - default default] Successfully bumped revision number for resource 847947c9-4dd3-41b7-9767-55c57980eb79 (type: security_groups) to 1
2026-06-23 19:55:10.314 10 INFO neutron.db.ovn_revision_numbers_db [None req-3464ed21-305f-4d43-81f0-c8951a600e2e c5b6ef7ced2d469bbca1220cc95503bc 5905adb67e3e447c965b1bb724244ab6 - - default default] Successfully bumped revision number for resource 6c564ad7-e254-4f4c-9927-c51a503eaedf (type: security_group_rules) to 0
2026-06-23 19:55:10.328 10 WARNING neutron.scheduler.dhcp_agent_scheduler [None req-f584550d-f616-4193-92be-3726717d13a3 31a37067ff1147728f42e43c418bfe46 206ae29860e341928770ac25c052cad9 - - default default] No more DHCP agents
2026-06-23 19:55:10.329 10 INFO neutron.db.ovn_revision_numbers_db [None req-3464ed21-305f-4d43-81f0-c8951a600e2e c5b6ef7ced2d469bbca1220cc95503bc 5905adb67e3e447c965b1bb724244ab6 - - default default] Successfully bumped revision number for resource 705045bf-857b-4659-b91d-c5a2144c3df4 (type: security_group_rules) to 0
2026-06-23 19:55:10.329 10 WARNING neutron.api.rpc.agentnotifiers.dhcp_rpc_agent_api [None req-f584550d-f616-4193-92be-3726717d13a3 31a37067ff1147728f42e43c418bfe46 206ae29860e341928770ac25c052cad9 - - default default] Unable to schedule network fcbc75da-e825-44e1-b730-f1124b45b988: no agents available; will retry on subsequent port and subnet creation events.
2026-06-23 19:55:10.342 10 INFO neutron.db.ovn_revision_numbers_db [None req-3464ed21-305f-4d43-81f0-c8951a600e2e c5b6ef7ced2d469bbca1220cc95503bc 5905adb67e3e447c965b1bb724244ab6 - - default default] Successfully bumped revision number for resource a97b4ba6-4dcd-4e41-814f-00c960e9d590 (type: security_group_rules) to 0
2026-06-23 19:55:10.354 10 INFO neutron.db.ovn_revision_numbers_db [None req-3464ed21-305f-4d43-81f0-c8951a600e2e c5b6ef7ced2d469bbca1220cc95503bc 5905adb67e3e447c965b1bb724244ab6 - - default default] Successfully bumped revision number for resource e25d9b78-12cf-4c3d-8bfc-47e63919768b (type: security_group_rules) to 0
2026-06-23 19:55:10.355 10 INFO neutron.db.ovn_revision_numbers_db [None req-f584550d-f616-4193-92be-3726717d13a3 31a37067ff1147728f42e43c418bfe46 206ae29860e341928770ac25c052cad9 - - default default] Successfully bumped revision number for resource 0885e076-773a-4f80-942a-f8782419bd9e (type: subnets) to 0
2026-06-23 19:55:10.370 10 INFO neutron.api.wsgi [None req-f584550d-f616-4193-92be-3726717d13a3 31a37067ff1147728f42e43c418bfe46 206ae29860e341928770ac25c052cad9 - - default default] 10.0.0.195 "POST /v2.0/subnets HTTP/1.1" status: 201 len: 929 time: 0.2677987
2026-06-23 19:55:10.383 9 WARNING neutron_lib.context [None req-a93f4231-b510-4386-8d6d-c90552d6401d 31a37067ff1147728f42e43c418bfe46 206ae29860e341928770ac25c052cad9 - - default default] Method 'is_advsvc' is deprecated since 2023.2 release (neutron-lib 3.8.0) and will be removed once support for the old RBAC API policies will be removed from Neutron. Please use method 'is_service_role' instead.
2026-06-23 19:55:10.392 10 INFO neutron.api.wsgi [None req-3464ed21-305f-4d43-81f0-c8951a600e2e c5b6ef7ced2d469bbca1220cc95503bc 5905adb67e3e447c965b1bb724244ab6 - - default default] 10.0.0.195 "GET /v2.0/security-groups?tenant_id=ca37e0e15ddd48c49802df60187583ae&name=default HTTP/1.1" status: 200 len: 3124 time: 0.2279761
2026-06-23 19:55:10.671 9 INFO neutron.api.wsgi [None req-c8ae832a-6cc6-4c12-9452-b16b6cef8bad c5b6ef7ced2d469bbca1220cc95503bc 5905adb67e3e447c965b1bb724244ab6 - - default default] 10.0.0.195 "DELETE /v2.0/security-groups/847947c9-4dd3-41b7-9767-55c57980eb79 HTTP/1.1" status: 204 len: 168 time: 0.2746751
2026-06-23 19:55:10.799 9 WARNING neutron.scheduler.dhcp_agent_scheduler [None req-a93f4231-b510-4386-8d6d-c90552d6401d 31a37067ff1147728f42e43c418bfe46 206ae29860e341928770ac25c052cad9 - - default default] No more DHCP agents
2026-06-23 19:55:10.801 9 WARNING neutron.api.rpc.agentnotifiers.dhcp_rpc_agent_api [None req-a93f4231-b510-4386-8d6d-c90552d6401d 31a37067ff1147728f42e43c418bfe46 206ae29860e341928770ac25c052cad9 - - default default] Unable to schedule network fc8dd96c-e655-4837-bd71-a61a77ef4ad4: no agents available; will retry on subsequent port and subnet creation events.
2026-06-23 19:55:10.950 9 INFO neutron.db.ovn_revision_numbers_db [None req-a93f4231-b510-4386-8d6d-c90552d6401d 31a37067ff1147728f42e43c418bfe46 206ae29860e341928770ac25c052cad9 - - default default] Successfully bumped revision number for resource 85273ccc-3f56-40d4-9faf-4f425ac95802 (type: ports) to 1
2026-06-23 19:55:10.965 9 INFO neutron.db.ovn_revision_numbers_db [None req-d7bd5815-1f1b-4fe5-a522-a719459c0520 c5b6ef7ced2d469bbca1220cc95503bc 5905adb67e3e447c965b1bb724244ab6 - - default default] Successfully bumped revision number for resource fc7619ca-0260-4059-9ed1-05e68bdafb1b (type: security_groups) to 1
2026-06-23 19:55:10.990 10 INFO neutron.services.segments.plugin [-] Segment 2facf8d0-44ae-43c2-9402-565c234ac772 resource provider aggregate not found
2026-06-23 19:55:10.998 9 INFO neutron.db.ovn_revision_numbers_db [None req-d7bd5815-1f1b-4fe5-a522-a719459c0520 c5b6ef7ced2d469bbca1220cc95503bc 5905adb67e3e447c965b1bb724244ab6 - - default default] Successfully bumped revision number for resource 1785a05a-8702-44ad-8bee-e412718f7eaa (type: security_group_rules) to 0
2026-06-23 19:55:11.004 10 INFO neutron.services.segments.plugin [-] Segment 2facf8d0-44ae-43c2-9402-565c234ac772 resource provider not found; error: Placement Client Error (4xx): {"errors": [{"status": 404, "title": "Not Found", "detail": "The resource could not be found.\n\n No resource provider with uuid 2facf8d0-44ae-43c2-9402-565c234ac772 found for delete ", "request_id": "req-5fa7c843-3f00-4de1-b346-d8c2b7a01fb1"}]}
2026-06-23 19:55:11.011 10 INFO neutron.services.segments.plugin [-] Segment 2facf8d0-44ae-43c2-9402-565c234ac772 resource provider aggregate not found
2026-06-23 19:55:11.012 9 INFO neutron.db.ovn_revision_numbers_db [None req-d7bd5815-1f1b-4fe5-a522-a719459c0520 c5b6ef7ced2d469bbca1220cc95503bc 5905adb67e3e447c965b1bb724244ab6 - - default default] Successfully bumped revision number for resource 7d7b2f78-c3d4-4aab-ad50-53388045df2d (type: security_group_rules) to 0
2026-06-23 19:55:11.025 10 INFO neutron.services.segments.plugin [-] Segment 556bbea1-15d4-4a58-ab49-9a5a12c9d105 resource provider aggregate not found
2026-06-23 19:55:11.030 10 INFO neutron.services.segments.plugin [-] Segment 2facf8d0-44ae-43c2-9402-565c234ac772 resource provider not found; error: Placement Client Error (4xx): {"errors": [{"status": 404, "title": "Not Found", "detail": "The resource could not be found.\n\n No resource provider with uuid 2facf8d0-44ae-43c2-9402-565c234ac772 found for delete ", "request_id": "req-28249810-de06-4473-808e-bc83a0e3a0fd"}]}
2026-06-23 19:55:11.040 10 INFO neutron.services.segments.plugin [-] Segment 556bbea1-15d4-4a58-ab49-9a5a12c9d105 resource provider not found; error: Placement Client Error (4xx): {"errors": [{"status": 404, "title": "Not Found", "detail": "The resource could not be found.\n\n No resource provider with uuid 556bbea1-15d4-4a58-ab49-9a5a12c9d105 found for delete ", "request_id": "req-b349ca84-6a38-4c28-8fde-3965b97ab256"}]}
2026-06-23 19:55:11.047 9 INFO neutron.db.ovn_revision_numbers_db [None req-d7bd5815-1f1b-4fe5-a522-a719459c0520 c5b6ef7ced2d469bbca1220cc95503bc 5905adb67e3e447c965b1bb724244ab6 - - default default] Successfully bumped revision number for resource 8e5c51ef-2181-4634-9b10-fb8218fab9f2 (type: security_group_rules) to 0
2026-06-23 19:55:11.051 10 INFO neutron.services.segments.plugin [-] Segment 556bbea1-15d4-4a58-ab49-9a5a12c9d105 resource provider aggregate not found
2026-06-23 19:55:11.062 9 INFO neutron.db.ovn_revision_numbers_db [None req-d7bd5815-1f1b-4fe5-a522-a719459c0520 c5b6ef7ced2d469bbca1220cc95503bc 5905adb67e3e447c965b1bb724244ab6 - - default default] Successfully bumped revision number for resource dbbc6b72-1dbd-4f12-a199-8a57e9ec2a83 (type: security_group_rules) to 0
2026-06-23 19:55:11.070 10 INFO neutron.services.segments.plugin [-] Segment 556bbea1-15d4-4a58-ab49-9a5a12c9d105 resource provider not found; error: Placement Client Error (4xx): {"errors": [{"status": 404, "title": "Not Found", "detail": "The resource could not be found.\n\n No resource provider with uuid 556bbea1-15d4-4a58-ab49-9a5a12c9d105 found for delete ", "request_id": "req-751babe8-dabc-430f-b6fc-83372b96ee0a"}]}
2026-06-23 19:55:11.106 9 INFO neutron.api.wsgi [None req-d7bd5815-1f1b-4fe5-a522-a719459c0520 c5b6ef7ced2d469bbca1220cc95503bc 5905adb67e3e447c965b1bb724244ab6 - - default default] 10.0.0.195 "GET /v2.0/security-groups?tenant_id=58beadd584794a43988b655293ff32cb&name=default HTTP/1.1" status: 200 len: 3124 time: 0.4301205
2026-06-23 19:55:11.405 9 INFO neutron.api.wsgi [None req-79f1d357-5ae6-4c5f-ab72-4dccccd6b002 c5b6ef7ced2d469bbca1220cc95503bc 5905adb67e3e447c965b1bb724244ab6 - - default default] 10.0.0.195 "DELETE /v2.0/security-groups/fc7619ca-0260-4059-9ed1-05e68bdafb1b HTTP/1.1" status: 204 len: 168 time: 0.2926655
2026-06-23 19:55:11.572 9 INFO neutron.plugins.ml2.drivers.ovn.mech_driver.ovsdb.commands [None req-620edba5-8e60-4bf1-bb40-d4e8f90c4403 - - - - - -] Schedule LRP lrp-85273ccc-3f56-40d4-9faf-4f425ac95802 on gateway 568031f9-7582-466f-85de-aec8fb0436fd with priority 1
2026-06-23 19:55:11.581 10 INFO neutron.plugins.ml2.drivers.ovn.mech_driver.mech_driver [None req-1de18336-6454-4d9b-8c82-eab80bf18d0c - - - - - -] OVN reports status up for port: 85273ccc-3f56-40d4-9faf-4f425ac95802
2026-06-23 19:55:11.586 10 INFO neutron.api.wsgi [None req-e07c6b5c-30a7-4918-a199-494fb59c54d8 c5b6ef7ced2d469bbca1220cc95503bc 5905adb67e3e447c965b1bb724244ab6 - - default default] 10.0.0.195 "GET /v2.0/security-groups?tenant_id=9d07abbcab7d409894d3ab20d19f2bff&name=default HTTP/1.1" status: 200 len: 3120 time: 0.0423477
2026-06-23 19:55:11.590 10 INFO neutron.plugins.ml2.plugin [None req-1de18336-6454-4d9b-8c82-eab80bf18d0c - - - - - -] Attempt 1 to provision port 85273ccc-3f56-40d4-9faf-4f425ac95802
2026-06-23 19:55:11.597 9 INFO neutron.plugins.ml2.drivers.ovn.mech_driver.ovsdb.ovsdb_monitor [None req-e75d55ff-530e-47fe-a7d3-c8aecf0d8aab - - - - - -] Router 0986ff6a-d137-4fc1-8b21-f4176b85380e is bound to host instance
2026-06-23 19:55:11.655 9 INFO neutron.db.ovn_revision_numbers_db [None req-a93f4231-b510-4386-8d6d-c90552d6401d 31a37067ff1147728f42e43c418bfe46 206ae29860e341928770ac25c052cad9 - - default default] Successfully bumped revision number for resource 85273ccc-3f56-40d4-9faf-4f425ac95802 (type: router_ports) to 1
2026-06-23 19:55:11.746 9 INFO neutron.db.ovn_revision_numbers_db [None req-a93f4231-b510-4386-8d6d-c90552d6401d 31a37067ff1147728f42e43c418bfe46 206ae29860e341928770ac25c052cad9 - - default default] Successfully bumped revision number for resource 0986ff6a-d137-4fc1-8b21-f4176b85380e (type: routers) to 2
2026-06-23 19:55:11.769 9 INFO neutron.api.wsgi [None req-a93f4231-b510-4386-8d6d-c90552d6401d 31a37067ff1147728f42e43c418bfe46 206ae29860e341928770ac25c052cad9 - - default default] 10.0.0.195 "POST /v2.0/routers HTTP/1.1" status: 201 len: 1143 time: 1.3931537
2026-06-23 19:55:11.914 9 INFO neutron.api.wsgi [None req-85c89039-965a-40cc-b5eb-5af3f6c0824a c5b6ef7ced2d469bbca1220cc95503bc 5905adb67e3e447c965b1bb724244ab6 - - default default] 10.0.0.195 "DELETE /v2.0/security-groups/a1453dcd-0b64-4980-9b8e-c5030a58e8bf HTTP/1.1" status: 204 len: 168 time: 0.3227165
2026-06-23 19:55:12.080 9 INFO neutron.db.ovn_revision_numbers_db [None req-9b553518-21f0-45ec-ae2e-2cba7343df6a - - - - - -] Successfully bumped revision number for resource 85273ccc-3f56-40d4-9faf-4f425ac95802 (type: ports) to 1
2026-06-23 19:55:12.275 10 WARNING neutron.scheduler.dhcp_agent_scheduler [None req-e191bd45-56bb-4e87-9ce8-80f581a78bbd 31a37067ff1147728f42e43c418bfe46 206ae29860e341928770ac25c052cad9 - - default default] No more DHCP agents
2026-06-23 19:55:12.277 10 WARNING neutron.api.rpc.agentnotifiers.dhcp_rpc_agent_api [None req-e191bd45-56bb-4e87-9ce8-80f581a78bbd 31a37067ff1147728f42e43c418bfe46 206ae29860e341928770ac25c052cad9 - - default default] Unable to schedule network 9f9ee090-a706-45da-a6f8-6c855ac5d0b2: no agents available; will retry on subsequent port and subnet creation events.
2026-06-23 19:55:12.432 10 INFO neutron.db.ovn_revision_numbers_db [None req-e191bd45-56bb-4e87-9ce8-80f581a78bbd 31a37067ff1147728f42e43c418bfe46 206ae29860e341928770ac25c052cad9 - - default default] Successfully bumped revision number for resource 4161e706-0432-4c3b-9273-3f278027da33 (type: ports) to 1
2026-06-23 19:55:12.669 9 INFO neutron.db.ovn_revision_numbers_db [None req-9b553518-21f0-45ec-ae2e-2cba7343df6a - - - - - -] Successfully bumped revision number for resource 85273ccc-3f56-40d4-9faf-4f425ac95802 (type: ports) to 4
2026-06-23 19:55:12.974 9 INFO neutron.db.ovn_revision_numbers_db [None req-9b553518-21f0-45ec-ae2e-2cba7343df6a - - - - - -] Successfully bumped revision number for resource 85273ccc-3f56-40d4-9faf-4f425ac95802 (type: ports) to 5
2026-06-23 19:55:13.090 9 INFO neutron.plugins.ml2.drivers.ovn.mech_driver.mech_driver [None req-d260008a-3150-4dfa-b730-2b5ce8d34105 - - - - - -] OVN reports status up for port: 4161e706-0432-4c3b-9273-3f278027da33
2026-06-23 19:55:13.097 9 INFO neutron.plugins.ml2.plugin [None req-d260008a-3150-4dfa-b730-2b5ce8d34105 - - - - - -] Attempt 1 to provision port 4161e706-0432-4c3b-9273-3f278027da33
2026-06-23 19:55:13.111 10 INFO neutron.db.ovn_revision_numbers_db [None req-e191bd45-56bb-4e87-9ce8-80f581a78bbd 31a37067ff1147728f42e43c418bfe46 206ae29860e341928770ac25c052cad9 - - default default] Successfully bumped revision number for resource 4161e706-0432-4c3b-9273-3f278027da33 (type: ports) to 1
2026-06-23 19:55:13.166 10 WARNING neutron.scheduler.dhcp_agent_scheduler [None req-e191bd45-56bb-4e87-9ce8-80f581a78bbd 31a37067ff1147728f42e43c418bfe46 206ae29860e341928770ac25c052cad9 - - default default] No more DHCP agents
2026-06-23 19:55:13.167 10 WARNING neutron.api.rpc.agentnotifiers.dhcp_rpc_agent_api [None req-e191bd45-56bb-4e87-9ce8-80f581a78bbd 31a37067ff1147728f42e43c418bfe46 206ae29860e341928770ac25c052cad9 - - default default] Unable to schedule network 9f9ee090-a706-45da-a6f8-6c855ac5d0b2: no agents available; will retry on subsequent port and subnet creation events.
2026-06-23 19:55:13.413 9 INFO neutron.db.ovn_revision_numbers_db [None req-d260008a-3150-4dfa-b730-2b5ce8d34105 - - - - - -] Successfully bumped revision number for resource 4161e706-0432-4c3b-9273-3f278027da33 (type: ports) to 2
2026-06-23 19:55:13.460 10 INFO neutron.db.ovn_revision_numbers_db [None req-e191bd45-56bb-4e87-9ce8-80f581a78bbd 31a37067ff1147728f42e43c418bfe46 206ae29860e341928770ac25c052cad9 - - default default] Successfully bumped revision number for resource 4161e706-0432-4c3b-9273-3f278027da33 (type: router_ports) to 1
2026-06-23 19:55:13.465 10 INFO neutron.api.wsgi [None req-e191bd45-56bb-4e87-9ce8-80f581a78bbd 31a37067ff1147728f42e43c418bfe46 206ae29860e341928770ac25c052cad9 - - default default] 10.0.0.195 "PUT /v2.0/routers/0986ff6a-d137-4fc1-8b21-f4176b85380e/add_router_interface HTTP/1.1" status: 200 len: 503 time: 1.6901696
2026-06-23 19:55:13.935 10 WARNING neutron.scheduler.dhcp_agent_scheduler [None req-6bb55112-9d16-4cea-8afa-ce1267955ef1 31a37067ff1147728f42e43c418bfe46 206ae29860e341928770ac25c052cad9 - - default default] No more DHCP agents
2026-06-23 19:55:13.937 10 WARNING neutron.api.rpc.agentnotifiers.dhcp_rpc_agent_api [None req-6bb55112-9d16-4cea-8afa-ce1267955ef1 31a37067ff1147728f42e43c418bfe46 206ae29860e341928770ac25c052cad9 - - default default] Unable to schedule network 6e56f0d9-5514-466c-91f4-b9d595ef0ccb: no agents available; will retry on subsequent port and subnet creation events.
2026-06-23 19:55:14.077 10 INFO neutron.db.ovn_revision_numbers_db [None req-6bb55112-9d16-4cea-8afa-ce1267955ef1 31a37067ff1147728f42e43c418bfe46 206ae29860e341928770ac25c052cad9 - - default default] Successfully bumped revision number for resource 37d0777b-ecaf-403f-911c-17c155b1e316 (type: ports) to 1
2026-06-23 19:55:14.780 10 INFO neutron.db.ovn_revision_numbers_db [None req-6bb55112-9d16-4cea-8afa-ce1267955ef1 31a37067ff1147728f42e43c418bfe46 206ae29860e341928770ac25c052cad9 - - default default] Successfully bumped revision number for resource 37d0777b-ecaf-403f-911c-17c155b1e316 (type: ports) to 1
2026-06-23 19:55:14.828 10 WARNING neutron.scheduler.dhcp_agent_scheduler [None req-6bb55112-9d16-4cea-8afa-ce1267955ef1 31a37067ff1147728f42e43c418bfe46 206ae29860e341928770ac25c052cad9 - - default default] No more DHCP agents
2026-06-23 19:55:14.829 10 WARNING neutron.api.rpc.agentnotifiers.dhcp_rpc_agent_api [None req-6bb55112-9d16-4cea-8afa-ce1267955ef1 31a37067ff1147728f42e43c418bfe46 206ae29860e341928770ac25c052cad9 - - default default] Unable to schedule network 6e56f0d9-5514-466c-91f4-b9d595ef0ccb: no agents available; will retry on subsequent port and subnet creation events.
2026-06-23 19:55:15.172 10 INFO neutron.db.ovn_revision_numbers_db [None req-6bb55112-9d16-4cea-8afa-ce1267955ef1 31a37067ff1147728f42e43c418bfe46 206ae29860e341928770ac25c052cad9 - - default default] Successfully bumped revision number for resource 37d0777b-ecaf-403f-911c-17c155b1e316 (type: router_ports) to 1
2026-06-23 19:55:15.181 10 INFO neutron.api.wsgi [None req-6bb55112-9d16-4cea-8afa-ce1267955ef1 31a37067ff1147728f42e43c418bfe46 206ae29860e341928770ac25c052cad9 - - default default] 10.0.0.195 "PUT /v2.0/routers/0986ff6a-d137-4fc1-8b21-f4176b85380e/add_router_interface HTTP/1.1" status: 200 len: 503 time: 1.7105598
2026-06-23 19:55:15.691 10 WARNING neutron.scheduler.dhcp_agent_scheduler [None req-aa7be7de-d5c1-4972-85b6-0c1741fad288 31a37067ff1147728f42e43c418bfe46 206ae29860e341928770ac25c052cad9 - - default default] No more DHCP agents
2026-06-23 19:55:15.692 10 WARNING neutron.api.rpc.agentnotifiers.dhcp_rpc_agent_api [None req-aa7be7de-d5c1-4972-85b6-0c1741fad288 31a37067ff1147728f42e43c418bfe46 206ae29860e341928770ac25c052cad9 - - default default] Unable to schedule network fcbc75da-e825-44e1-b730-f1124b45b988: no agents available; will retry on subsequent port and subnet creation events.
2026-06-23 19:55:15.819 10 INFO neutron.db.ovn_revision_numbers_db [None req-aa7be7de-d5c1-4972-85b6-0c1741fad288 31a37067ff1147728f42e43c418bfe46 206ae29860e341928770ac25c052cad9 - - default default] Successfully bumped revision number for resource afbc4dd3-f448-44b8-b0cd-b03cd1aa2d89 (type: ports) to 1
2026-06-23 19:55:16.491 10 INFO neutron.plugins.ml2.drivers.ovn.mech_driver.mech_driver [None req-1de18336-6454-4d9b-8c82-eab80bf18d0c - - - - - -] OVN reports status up for port: afbc4dd3-f448-44b8-b0cd-b03cd1aa2d89
2026-06-23 19:55:16.499 10 INFO neutron.plugins.ml2.plugin [None req-1de18336-6454-4d9b-8c82-eab80bf18d0c - - - - - -] Attempt 1 to provision port afbc4dd3-f448-44b8-b0cd-b03cd1aa2d89
2026-06-23 19:55:16.513 10 INFO neutron.db.ovn_revision_numbers_db [None req-aa7be7de-d5c1-4972-85b6-0c1741fad288 31a37067ff1147728f42e43c418bfe46 206ae29860e341928770ac25c052cad9 - - default default] Successfully bumped revision number for resource afbc4dd3-f448-44b8-b0cd-b03cd1aa2d89 (type: ports) to 1
2026-06-23 19:55:16.567 10 WARNING neutron.scheduler.dhcp_agent_scheduler [None req-aa7be7de-d5c1-4972-85b6-0c1741fad288 31a37067ff1147728f42e43c418bfe46 206ae29860e341928770ac25c052cad9 - - default default] No more DHCP agents
2026-06-23 19:55:16.569 10 WARNING neutron.api.rpc.agentnotifiers.dhcp_rpc_agent_api [None req-aa7be7de-d5c1-4972-85b6-0c1741fad288 31a37067ff1147728f42e43c418bfe46 206ae29860e341928770ac25c052cad9 - - default default] Unable to schedule network fcbc75da-e825-44e1-b730-f1124b45b988: no agents available; will retry on subsequent port and subnet creation events.
2026-06-23 19:55:16.893 10 INFO neutron.db.ovn_revision_numbers_db [None req-1de18336-6454-4d9b-8c82-eab80bf18d0c - - - - - -] Successfully bumped revision number for resource afbc4dd3-f448-44b8-b0cd-b03cd1aa2d89 (type: ports) to 2
2026-06-23 19:55:17.047 10 INFO neutron.db.ovn_revision_numbers_db [None req-aa7be7de-d5c1-4972-85b6-0c1741fad288 31a37067ff1147728f42e43c418bfe46 206ae29860e341928770ac25c052cad9 - - default default] Successfully bumped revision number for resource afbc4dd3-f448-44b8-b0cd-b03cd1aa2d89 (type: router_ports) to 1
2026-06-23 19:55:17.054 10 INFO neutron.api.wsgi [None req-aa7be7de-d5c1-4972-85b6-0c1741fad288 31a37067ff1147728f42e43c418bfe46 206ae29860e341928770ac25c052cad9 - - default default] 10.0.0.195 "PUT /v2.0/routers/0986ff6a-d137-4fc1-8b21-f4176b85380e/add_router_interface HTTP/1.1" status: 200 len: 503 time: 1.8695560
2026-06-23 19:55:17.114 10 WARNING neutron_lib.context [None req-b6031a81-d391-4a72-be57-a0288a7c27a0 31a37067ff1147728f42e43c418bfe46 206ae29860e341928770ac25c052cad9 - - default default] Method 'is_advsvc' is deprecated since 2023.2 release (neutron-lib 3.8.0) and will be removed once support for the old RBAC API policies will be removed from Neutron. Please use method 'is_service_role' instead.
2026-06-23 19:55:17.219 10 INFO neutron.db.ovn_revision_numbers_db [None req-b6031a81-d391-4a72-be57-a0288a7c27a0 31a37067ff1147728f42e43c418bfe46 206ae29860e341928770ac25c052cad9 - - default default] Successfully bumped revision number for resource 21f23743-582b-4ab4-beb2-3c9ca76aa109 (type: security_groups) to 1
2026-06-23 19:55:17.233 10 INFO neutron.db.ovn_revision_numbers_db [None req-b6031a81-d391-4a72-be57-a0288a7c27a0 31a37067ff1147728f42e43c418bfe46 206ae29860e341928770ac25c052cad9 - - default default] Successfully bumped revision number for resource 6f708216-f92c-4aa7-a42f-d7297f8f89ba (type: security_group_rules) to 0
2026-06-23 19:55:17.249 10 INFO neutron.db.ovn_revision_numbers_db [None req-b6031a81-d391-4a72-be57-a0288a7c27a0 31a37067ff1147728f42e43c418bfe46 206ae29860e341928770ac25c052cad9 - - default default] Successfully bumped revision number for resource c8fd0ff1-e454-4ed2-8f4c-1ff12fe94f16 (type: security_group_rules) to 0
2026-06-23 19:55:17.283 10 INFO neutron.api.wsgi [None req-b6031a81-d391-4a72-be57-a0288a7c27a0 31a37067ff1147728f42e43c418bfe46 206ae29860e341928770ac25c052cad9 - - default default] 10.0.0.195 "POST /v2.0/security-groups HTTP/1.1" status: 201 len: 1830 time: 0.1749408
2026-06-23 19:55:17.292 10 WARNING neutron_lib.context [None req-8067b37f-9890-444e-8f00-860028fca14d 31a37067ff1147728f42e43c418bfe46 206ae29860e341928770ac25c052cad9 - - default default] Method 'is_advsvc' is deprecated since 2023.2 release (neutron-lib 3.8.0) and will be removed once support for the old RBAC API policies will be removed from Neutron. Please use method 'is_service_role' instead.
2026-06-23 19:55:17.404 10 INFO neutron.db.ovn_revision_numbers_db [None req-8067b37f-9890-444e-8f00-860028fca14d 31a37067ff1147728f42e43c418bfe46 206ae29860e341928770ac25c052cad9 - - default default] Successfully bumped revision number for resource 019b6eb0-ab6c-4015-af45-79e3aca44fd7 (type: security_group_rules) to 0
2026-06-23 19:55:17.440 10 INFO neutron.api.wsgi [None req-8067b37f-9890-444e-8f00-860028fca14d 31a37067ff1147728f42e43c418bfe46 206ae29860e341928770ac25c052cad9 - - default default] 10.0.0.195 "POST /v2.0/security-group-rules HTTP/1.1" status: 201 len: 796 time: 0.1524043
2026-06-23 19:55:17.450 10 WARNING neutron_lib.context [None req-833db108-f2fb-4cf7-9fc6-b520ec907378 31a37067ff1147728f42e43c418bfe46 206ae29860e341928770ac25c052cad9 - - default default] Method 'is_advsvc' is deprecated since 2023.2 release (neutron-lib 3.8.0) and will be removed once support for the old RBAC API policies will be removed from Neutron. Please use method 'is_service_role' instead.
2026-06-23 19:55:17.561 10 INFO neutron.db.ovn_revision_numbers_db [None req-833db108-f2fb-4cf7-9fc6-b520ec907378 31a37067ff1147728f42e43c418bfe46 206ae29860e341928770ac25c052cad9 - - default default] Successfully bumped revision number for resource f5845858-2bda-46aa-b59b-22fb0057d375 (type: security_group_rules) to 0
2026-06-23 19:55:17.589 10 INFO neutron.api.wsgi [None req-833db108-f2fb-4cf7-9fc6-b520ec907378 31a37067ff1147728f42e43c418bfe46 206ae29860e341928770ac25c052cad9 - - default default] 10.0.0.195 "POST /v2.0/security-group-rules HTTP/1.1" status: 201 len: 796 time: 0.1444626
2026-06-23 19:55:17.600 10 WARNING neutron_lib.context [None req-98ce0c56-3f80-49a9-a7e7-035fc7489156 31a37067ff1147728f42e43c418bfe46 206ae29860e341928770ac25c052cad9 - - default default] Method 'is_advsvc' is deprecated since 2023.2 release (neutron-lib 3.8.0) and will be removed once support for the old RBAC API policies will be removed from Neutron. Please use method 'is_service_role' instead.
2026-06-23 19:55:17.700 10 INFO neutron.db.ovn_revision_numbers_db [None req-98ce0c56-3f80-49a9-a7e7-035fc7489156 31a37067ff1147728f42e43c418bfe46 206ae29860e341928770ac25c052cad9 - - default default] Successfully bumped revision number for resource c37a1831-10f9-49d9-a439-bf67d85606ba (type: security_group_rules) to 0
2026-06-23 19:55:17.731 10 INFO neutron.api.wsgi [None req-98ce0c56-3f80-49a9-a7e7-035fc7489156 31a37067ff1147728f42e43c418bfe46 206ae29860e341928770ac25c052cad9 - - default default] 10.0.0.195 "POST /v2.0/security-group-rules HTTP/1.1" status: 201 len: 798 time: 0.1350186
2026-06-23 19:55:17.739 10 WARNING neutron_lib.context [None req-cf200c0e-0bf4-45f5-b4e8-7dbd8843f894 31a37067ff1147728f42e43c418bfe46 206ae29860e341928770ac25c052cad9 - - default default] Method 'is_advsvc' is deprecated since 2023.2 release (neutron-lib 3.8.0) and will be removed once support for the old RBAC API policies will be removed from Neutron. Please use method 'is_service_role' instead.
2026-06-23 19:55:17.871 10 INFO neutron.db.ovn_revision_numbers_db [None req-cf200c0e-0bf4-45f5-b4e8-7dbd8843f894 31a37067ff1147728f42e43c418bfe46 206ae29860e341928770ac25c052cad9 - - default default] Successfully bumped revision number for resource 3558f523-11d9-4996-8fc7-1b0c946fb7ca (type: security_group_rules) to 0
2026-06-23 19:55:17.902 10 INFO neutron.api.wsgi [None req-cf200c0e-0bf4-45f5-b4e8-7dbd8843f894 31a37067ff1147728f42e43c418bfe46 206ae29860e341928770ac25c052cad9 - - default default] 10.0.0.195 "POST /v2.0/security-group-rules HTTP/1.1" status: 201 len: 800 time: 0.1671185
2026-06-23 19:55:17.913 10 WARNING neutron_lib.context [None req-7160455c-3bc0-4e0a-abca-6b6b0cffb37c 31a37067ff1147728f42e43c418bfe46 206ae29860e341928770ac25c052cad9 - - default default] Method 'is_advsvc' is deprecated since 2023.2 release (neutron-lib 3.8.0) and will be removed once support for the old RBAC API policies will be removed from Neutron. Please use method 'is_service_role' instead.
2026-06-23 19:55:18.057 10 INFO neutron.db.ovn_revision_numbers_db [None req-7160455c-3bc0-4e0a-abca-6b6b0cffb37c 31a37067ff1147728f42e43c418bfe46 206ae29860e341928770ac25c052cad9 - - default default] Successfully bumped revision number for resource 4d6c9238-e48f-4b35-95e8-59ecf170ee7e (type: security_group_rules) to 0
2026-06-23 19:55:18.087 10 INFO neutron.api.wsgi [None req-7160455c-3bc0-4e0a-abca-6b6b0cffb37c 31a37067ff1147728f42e43c418bfe46 206ae29860e341928770ac25c052cad9 - - default default] 10.0.0.195 "POST /v2.0/security-group-rules HTTP/1.1" status: 201 len: 800 time: 0.1784010
2026-06-23 19:55:18.097 10 WARNING neutron_lib.context [None req-ae4432cf-ea62-431f-8abd-dad4893065bb 31a37067ff1147728f42e43c418bfe46 206ae29860e341928770ac25c052cad9 - - default default] Method 'is_advsvc' is deprecated since 2023.2 release (neutron-lib 3.8.0) and will be removed once support for the old RBAC API policies will be removed from Neutron. Please use method 'is_service_role' instead.
2026-06-23 19:55:18.231 10 INFO neutron.db.ovn_revision_numbers_db [None req-ae4432cf-ea62-431f-8abd-dad4893065bb 31a37067ff1147728f42e43c418bfe46 206ae29860e341928770ac25c052cad9 - - default default] Successfully bumped revision number for resource dd78cb39-e57b-466f-bba3-181d99f9da9b (type: security_group_rules) to 0
2026-06-23 19:55:18.263 10 INFO neutron.api.wsgi [None req-ae4432cf-ea62-431f-8abd-dad4893065bb 31a37067ff1147728f42e43c418bfe46 206ae29860e341928770ac25c052cad9 - - default default] 10.0.0.195 "POST /v2.0/security-group-rules HTTP/1.1" status: 201 len: 796 time: 0.1705070
2026-06-23 19:55:18.272 10 WARNING neutron_lib.context [None req-745e047a-435b-4210-b88f-2916f3dd2e58 31a37067ff1147728f42e43c418bfe46 206ae29860e341928770ac25c052cad9 - - default default] Method 'is_advsvc' is deprecated since 2023.2 release (neutron-lib 3.8.0) and will be removed once support for the old RBAC API policies will be removed from Neutron. Please use method 'is_service_role' instead.
2026-06-23 19:55:18.315 9 WARNING neutron.plugins.ml2.drivers.ovn.mech_driver.ovsdb.ovn_client [None req-36fa834d-ea0a-406f-8f6f-02a86ad6d7c2 - - - - - -] No hosting information found for port 4161e706-0432-4c3b-9273-3f278027da33: RuntimeError: No hosting information found for port 4161e706-0432-4c3b-9273-3f278027da33
2026-06-23 19:55:18.384 9 INFO neutron.db.ovn_revision_numbers_db [None req-36fa834d-ea0a-406f-8f6f-02a86ad6d7c2 - - - - - -] Successfully bumped revision number for resource 4161e706-0432-4c3b-9273-3f278027da33 (type: router_ports) to 2
2026-06-23 19:55:18.384 9 INFO neutron.plugins.ml2.drivers.ovn.mech_driver.mech_driver [None req-36fa834d-ea0a-406f-8f6f-02a86ad6d7c2 - - - - - -] OVN reports status up for port: 37d0777b-ecaf-403f-911c-17c155b1e316
2026-06-23 19:55:18.391 9 INFO neutron.plugins.ml2.plugin [None req-36fa834d-ea0a-406f-8f6f-02a86ad6d7c2 - - - - - -] Attempt 1 to provision port 37d0777b-ecaf-403f-911c-17c155b1e316
2026-06-23 19:55:18.412 10 INFO neutron.db.ovn_revision_numbers_db [None req-745e047a-435b-4210-b88f-2916f3dd2e58 31a37067ff1147728f42e43c418bfe46 206ae29860e341928770ac25c052cad9 - - default default] Successfully bumped revision number for resource b26ac7e1-636d-4c9a-ae4b-c74368b55c25 (type: security_group_rules) to 0
2026-06-23 19:55:18.441 10 INFO neutron.api.wsgi [None req-745e047a-435b-4210-b88f-2916f3dd2e58 31a37067ff1147728f42e43c418bfe46 206ae29860e341928770ac25c052cad9 - - default default] 10.0.0.195 "POST /v2.0/security-group-rules HTTP/1.1" status: 201 len: 796 time: 0.1726282
2026-06-23 19:55:18.449 10 WARNING neutron_lib.context [None req-7498092f-fbb5-4849-814b-23cc056c9b63 31a37067ff1147728f42e43c418bfe46 206ae29860e341928770ac25c052cad9 - - default default] Method 'is_advsvc' is deprecated since 2023.2 release (neutron-lib 3.8.0) and will be removed once support for the old RBAC API policies will be removed from Neutron. Please use method 'is_service_role' instead.
2026-06-23 19:55:18.583 10 INFO neutron.db.ovn_revision_numbers_db [None req-7498092f-fbb5-4849-814b-23cc056c9b63 31a37067ff1147728f42e43c418bfe46 206ae29860e341928770ac25c052cad9 - - default default] Successfully bumped revision number for resource 48b363bc-ae37-4b48-a4f1-4afc55267687 (type: security_group_rules) to 0
2026-06-23 19:55:18.616 10 INFO neutron.api.wsgi [None req-7498092f-fbb5-4849-814b-23cc056c9b63 31a37067ff1147728f42e43c418bfe46 206ae29860e341928770ac25c052cad9 - - default default] 10.0.0.195 "POST /v2.0/security-group-rules HTTP/1.1" status: 201 len: 796 time: 0.1711979
2026-06-23 19:55:18.626 10 WARNING neutron_lib.context [None req-48c55b1a-fe2b-4ed7-9ec5-705f7b15fdaf 31a37067ff1147728f42e43c418bfe46 206ae29860e341928770ac25c052cad9 - - default default] Method 'is_advsvc' is deprecated since 2023.2 release (neutron-lib 3.8.0) and will be removed once support for the old RBAC API policies will be removed from Neutron. Please use method 'is_service_role' instead.
2026-06-23 19:55:18.741 9 INFO neutron.db.ovn_revision_numbers_db [None req-36fa834d-ea0a-406f-8f6f-02a86ad6d7c2 - - - - - -] Successfully bumped revision number for resource 37d0777b-ecaf-403f-911c-17c155b1e316 (type: ports) to 2
2026-06-23 19:55:18.771 10 INFO neutron.db.ovn_revision_numbers_db [None req-48c55b1a-fe2b-4ed7-9ec5-705f7b15fdaf 31a37067ff1147728f42e43c418bfe46 206ae29860e341928770ac25c052cad9 - - default default] Successfully bumped revision number for resource 27a26c3d-8a89-4618-8f76-c34e2654dc25 (type: security_group_rules) to 0
2026-06-23 19:55:18.805 10 INFO neutron.api.wsgi [None req-48c55b1a-fe2b-4ed7-9ec5-705f7b15fdaf 31a37067ff1147728f42e43c418bfe46 206ae29860e341928770ac25c052cad9 - - default default] 10.0.0.195 "POST /v2.0/security-group-rules HTTP/1.1" status: 201 len: 798 time: 0.1846862
2026-06-23 19:55:18.813 10 WARNING neutron_lib.context [None req-7460f0da-753a-4216-bb7e-aed7a0479c1c 31a37067ff1147728f42e43c418bfe46 206ae29860e341928770ac25c052cad9 - - default default] Method 'is_advsvc' is deprecated since 2023.2 release (neutron-lib 3.8.0) and will be removed once support for the old RBAC API policies will be removed from Neutron. Please use method 'is_service_role' instead.
2026-06-23 19:55:18.970 10 INFO neutron.db.ovn_revision_numbers_db [None req-7460f0da-753a-4216-bb7e-aed7a0479c1c 31a37067ff1147728f42e43c418bfe46 206ae29860e341928770ac25c052cad9 - - default default] Successfully bumped revision number for resource 957fbf2c-e078-4822-b535-8dd0b0938bc6 (type: security_group_rules) to 0
2026-06-23 19:55:19.005 10 INFO neutron.api.wsgi [None req-7460f0da-753a-4216-bb7e-aed7a0479c1c 31a37067ff1147728f42e43c418bfe46 206ae29860e341928770ac25c052cad9 - - default default] 10.0.0.195 "POST /v2.0/security-group-rules HTTP/1.1" status: 201 len: 800 time: 0.1958983
2026-06-23 19:55:19.016 10 WARNING neutron_lib.context [None req-f6b4b26a-2f37-4b39-af30-c8d0d9104055 31a37067ff1147728f42e43c418bfe46 206ae29860e341928770ac25c052cad9 - - default default] Method 'is_advsvc' is deprecated since 2023.2 release (neutron-lib 3.8.0) and will be removed once support for the old RBAC API policies will be removed from Neutron. Please use method 'is_service_role' instead.
2026-06-23 19:55:19.169 10 INFO neutron.db.ovn_revision_numbers_db [None req-f6b4b26a-2f37-4b39-af30-c8d0d9104055 31a37067ff1147728f42e43c418bfe46 206ae29860e341928770ac25c052cad9 - - default default] Successfully bumped revision number for resource 5e4ef3a7-4160-4e9b-8d6e-097e27cac6a3 (type: security_group_rules) to 0
2026-06-23 19:55:19.197 10 INFO neutron.api.wsgi [None req-f6b4b26a-2f37-4b39-af30-c8d0d9104055 31a37067ff1147728f42e43c418bfe46 206ae29860e341928770ac25c052cad9 - - default default] 10.0.0.195 "POST /v2.0/security-group-rules HTTP/1.1" status: 201 len: 796 time: 0.1864431
2026-06-23 19:55:19.527 10 INFO neutron.api.wsgi [req-35a4e889-fae6-4236-bd84-fade7ae2aab3 req-bf07f010-6c2b-446e-8e45-84e165089e1f 31a37067ff1147728f42e43c418bfe46 206ae29860e341928770ac25c052cad9 - - default default] 10.0.0.169 "GET /v2.0/security-groups?name=tempest-lb_member_SG-1362547027&fields=id&tenant_id=206ae29860e341928770ac25c052cad9 HTTP/1.1" status: 200 len: 267 time: 0.0358565
2026-06-23 19:55:19.581 10 INFO neutron.api.wsgi [req-35a4e889-fae6-4236-bd84-fade7ae2aab3 req-964ccd2c-138b-46c8-bdb9-f01533ea0816 31a37067ff1147728f42e43c418bfe46 206ae29860e341928770ac25c052cad9 - - default default] 10.0.0.169 "GET /v2.0/networks?id=6e56f0d9-5514-466c-91f4-b9d595ef0ccb HTTP/1.1" status: 200 len: 903 time: 0.0478189
2026-06-23 19:55:19.596 10 INFO neutron.api.wsgi [req-35a4e889-fae6-4236-bd84-fade7ae2aab3 req-699471ca-dcd4-46fd-a5a9-c0070fcce37c 31a37067ff1147728f42e43c418bfe46 206ae29860e341928770ac25c052cad9 - - default default] 10.0.0.169 "GET /v2.0/quotas/206ae29860e341928770ac25c052cad9 HTTP/1.1" status: 200 len: 491 time: 0.0084763
2026-06-23 19:55:19.808 10 INFO neutron.api.wsgi [req-35a4e889-fae6-4236-bd84-fade7ae2aab3 req-d1809a77-df43-424e-a00c-bd94e7518b65 31a37067ff1147728f42e43c418bfe46 206ae29860e341928770ac25c052cad9 - - default default] 10.0.0.169 "GET /v2.0/ports?tenant_id=206ae29860e341928770ac25c052cad9&fields=id HTTP/1.1" status: 200 len: 486 time: 0.2079172
2026-06-23 19:55:19.875 10 INFO neutron.api.wsgi [req-35a4e889-fae6-4236-bd84-fade7ae2aab3 req-54bb6573-d22d-4aa0-82c3-38176af21770 bef61817891e405da9e12a063b2da462 960f5e7e69f040abbd6c84f4cbce67f7 - - 4fd31dc5079f4054806622ac13d7d6e1 4fd31dc5079f4054806622ac13d7d6e1] 10.0.0.169 "GET /v2.0/networks/6e56f0d9-5514-466c-91f4-b9d595ef0ccb?fields=segments HTTP/1.1" status: 200 len: 212 time: 0.0454454
2026-06-23 19:55:19.925 10 INFO neutron.api.wsgi [req-35a4e889-fae6-4236-bd84-fade7ae2aab3 req-ec4e3a11-c12d-45fc-b776-d042545b91e4 bef61817891e405da9e12a063b2da462 960f5e7e69f040abbd6c84f4cbce67f7 - - 4fd31dc5079f4054806622ac13d7d6e1 4fd31dc5079f4054806622ac13d7d6e1] 10.0.0.169 "GET /v2.0/networks/6e56f0d9-5514-466c-91f4-b9d595ef0ccb?fields=provider%3Aphysical_network&fields=provider%3Anetwork_type HTTP/1.1" status: 200 len: 277 time: 0.0438373
2026-06-23 19:55:20.043 10 INFO neutron.api.wsgi [req-6d53a1bc-0964-47b6-aeb0-89c32a36e8f7 req-11803f89-bd35-4129-b5e9-36b34f973fde 31a37067ff1147728f42e43c418bfe46 206ae29860e341928770ac25c052cad9 - - default default] 10.0.0.169 "GET /v2.0/ports?device_id=f1bca115-222c-4560-9f67-84d2b9173eb6 HTTP/1.1" status: 200 len: 210 time: 0.0220022
2026-06-23 19:55:22.228 10 WARNING neutron.plugins.ml2.drivers.ovn.mech_driver.ovsdb.ovn_client [None req-b4bb02a2-e43a-4f0a-9f31-617005f249f5 - - - - - -] No hosting information found for port afbc4dd3-f448-44b8-b0cd-b03cd1aa2d89: RuntimeError: No hosting information found for port afbc4dd3-f448-44b8-b0cd-b03cd1aa2d89
2026-06-23 19:55:22.305 10 INFO neutron.db.ovn_revision_numbers_db [None req-b4bb02a2-e43a-4f0a-9f31-617005f249f5 - - - - - -] Successfully bumped revision number for resource afbc4dd3-f448-44b8-b0cd-b03cd1aa2d89 (type: router_ports) to 2
2026-06-23 19:55:24.298 9 INFO neutron.api.wsgi [req-35a4e889-fae6-4236-bd84-fade7ae2aab3 req-5d49c579-9801-4d98-a229-44a614f9d535 31a37067ff1147728f42e43c418bfe46 206ae29860e341928770ac25c052cad9 - - default default] 199.19.213.191 "GET /v2.0/networks?id=6e56f0d9-5514-466c-91f4-b9d595ef0ccb HTTP/1.1" status: 200 len: 903 time: 0.0432334
2026-06-23 19:55:24.348 9 INFO neutron.api.wsgi [req-35a4e889-fae6-4236-bd84-fade7ae2aab3 req-85fa58aa-764f-4a75-87a6-fcecf7e7218e 31a37067ff1147728f42e43c418bfe46 206ae29860e341928770ac25c052cad9 - - default default] 199.19.213.191 "GET /v2.0/security-groups?fields=id&fields=name&tenant_id=206ae29860e341928770ac25c052cad9 HTTP/1.1" status: 200 len: 378 time: 0.0449979
2026-06-23 19:55:24.356 9 WARNING neutron_lib.context [req-35a4e889-fae6-4236-bd84-fade7ae2aab3 req-9df31d81-ca30-4731-9020-ebf062775fc2 31a37067ff1147728f42e43c418bfe46 206ae29860e341928770ac25c052cad9 - - default default] Method 'is_advsvc' is deprecated since 2023.2 release (neutron-lib 3.8.0) and will be removed once support for the old RBAC API policies will be removed from Neutron. Please use method 'is_service_role' instead.
2026-06-23 19:55:24.478 9 WARNING neutron.plugins.ml2.drivers.ovn.mech_driver.ovsdb.ovn_client [None req-d355169f-3d7b-466a-bfdb-0014a47d9727 - - - - - -] No hosting information found for port 37d0777b-ecaf-403f-911c-17c155b1e316: RuntimeError: No hosting information found for port 37d0777b-ecaf-403f-911c-17c155b1e316
2026-06-23 19:55:24.575 9 INFO neutron.db.ovn_revision_numbers_db [None req-d355169f-3d7b-466a-bfdb-0014a47d9727 - - - - - -] Successfully bumped revision number for resource 37d0777b-ecaf-403f-911c-17c155b1e316 (type: router_ports) to 2
2026-06-23 19:55:24.696 9 WARNING neutron.scheduler.dhcp_agent_scheduler [req-35a4e889-fae6-4236-bd84-fade7ae2aab3 req-9df31d81-ca30-4731-9020-ebf062775fc2 31a37067ff1147728f42e43c418bfe46 206ae29860e341928770ac25c052cad9 - - default default] No more DHCP agents
2026-06-23 19:55:24.698 9 WARNING neutron.api.rpc.agentnotifiers.dhcp_rpc_agent_api [req-35a4e889-fae6-4236-bd84-fade7ae2aab3 req-9df31d81-ca30-4731-9020-ebf062775fc2 31a37067ff1147728f42e43c418bfe46 206ae29860e341928770ac25c052cad9 - - default default] Unable to schedule network 6e56f0d9-5514-466c-91f4-b9d595ef0ccb: no agents available; will retry on subsequent port and subnet creation events.
2026-06-23 19:55:24.817 9 INFO neutron.db.ovn_revision_numbers_db [req-35a4e889-fae6-4236-bd84-fade7ae2aab3 req-9df31d81-ca30-4731-9020-ebf062775fc2 31a37067ff1147728f42e43c418bfe46 206ae29860e341928770ac25c052cad9 - - default default] Successfully bumped revision number for resource 13390369-97f9-4c89-bdcd-f342b21ddaa8 (type: ports) to 1
2026-06-23 19:55:24.843 9 INFO neutron.api.wsgi [req-35a4e889-fae6-4236-bd84-fade7ae2aab3 req-9df31d81-ca30-4731-9020-ebf062775fc2 31a37067ff1147728f42e43c418bfe46 206ae29860e341928770ac25c052cad9 - - default default] 199.19.213.191 "POST /v2.0/ports HTTP/1.1" status: 201 len: 1388 time: 0.4898419 /var/lib/openstack/lib/python3.12/site-packages/pycadf/identifier.py:71: UserWarning: Invalid uuid: neutron. To ensure interoperability, identifiers should be a valid uuid. warnings.warn(('Invalid uuid: %s. To ensure interoperability, '
2026-06-23 19:55:25.173 10 INFO neutron.api.wsgi [req-95c465ef-61aa-43e0-8af2-e7c85d37e565 req-8b869784-b1fc-43f0-8e70-47042d461303 31a37067ff1147728f42e43c418bfe46 206ae29860e341928770ac25c052cad9 - - default default] 10.0.0.169 "GET /v2.0/ports?device_id=f1bca115-222c-4560-9f67-84d2b9173eb6 HTTP/1.1" status: 200 len: 1398 time: 0.0687883
2026-06-23 19:55:25.223 10 INFO neutron.api.wsgi [req-95c465ef-61aa-43e0-8af2-e7c85d37e565 req-27d3d174-8428-4cc8-b4af-326b10bf293d 31a37067ff1147728f42e43c418bfe46 206ae29860e341928770ac25c052cad9 - - default default] 10.0.0.169 "GET /v2.0/security-groups?id=21f23743-582b-4ab4-beb2-3c9ca76aa109&fields=id&fields=name HTTP/1.1" status: 200 len: 311 time: 0.0440874
2026-06-23 19:55:25.225 9 INFO neutron.api.wsgi [-] 10.0.0.11 "GET / HTTP/1.1" status: 200 len: 247 time: 0.0018833
2026-06-23 19:55:25.227 9 INFO neutron.api.wsgi [-] 10.0.0.11 "GET / HTTP/1.1" status: 200 len: 247 time: 0.0011966
2026-06-23 19:55:25.243 9 INFO neutron.db.ovn_revision_numbers_db [req-35a4e889-fae6-4236-bd84-fade7ae2aab3 req-f2fb1733-130a-478d-92eb-a638c866355d bef61817891e405da9e12a063b2da462 960f5e7e69f040abbd6c84f4cbce67f7 - - 4fd31dc5079f4054806622ac13d7d6e1 4fd31dc5079f4054806622ac13d7d6e1] Successfully bumped revision number for resource 13390369-97f9-4c89-bdcd-f342b21ddaa8 (type: ports) to 2
2026-06-23 19:55:25.456 9 INFO neutron.db.ovn_revision_numbers_db [req-35a4e889-fae6-4236-bd84-fade7ae2aab3 req-f2fb1733-130a-478d-92eb-a638c866355d bef61817891e405da9e12a063b2da462 960f5e7e69f040abbd6c84f4cbce67f7 - - 4fd31dc5079f4054806622ac13d7d6e1 4fd31dc5079f4054806622ac13d7d6e1] Successfully bumped revision number for resource 13390369-97f9-4c89-bdcd-f342b21ddaa8 (type: ports) to 4
2026-06-23 19:55:25.473 9 INFO neutron.api.wsgi [req-35a4e889-fae6-4236-bd84-fade7ae2aab3 req-f2fb1733-130a-478d-92eb-a638c866355d bef61817891e405da9e12a063b2da462 960f5e7e69f040abbd6c84f4cbce67f7 - - 4fd31dc5079f4054806622ac13d7d6e1 4fd31dc5079f4054806622ac13d7d6e1] 199.19.213.191 "PUT /v2.0/ports/13390369-97f9-4c89-bdcd-f342b21ddaa8 HTTP/1.1" status: 200 len: 1633 time: 0.6213512
2026-06-23 19:55:25.505 9 INFO neutron.notifiers.nova [-] Nova event matching ['req-b3a36ee3-4f79-4252-b29a-4ce640705371'] response: {'name': 'network-changed', 'server_uuid': 'f1bca115-222c-4560-9f67-84d2b9173eb6', 'tag': '13390369-97f9-4c89-bdcd-f342b21ddaa8', 'status': 'completed', 'code': 200} /var/lib/openstack/lib/python3.12/site-packages/pycadf/identifier.py:71: UserWarning: Invalid uuid: neutron. To ensure interoperability, identifiers should be a valid uuid. warnings.warn(('Invalid uuid: %s. To ensure interoperability, '
2026-06-23 19:55:26.064 9 INFO neutron.api.wsgi [req-9c135c25-18f3-4efa-9cf7-e7498d2792bd req-7e8c34ea-eb5b-4084-bd29-9e44327f4d76 bef61817891e405da9e12a063b2da462 960f5e7e69f040abbd6c84f4cbce67f7 - - 4fd31dc5079f4054806622ac13d7d6e1 4fd31dc5079f4054806622ac13d7d6e1] 199.19.213.191 "GET /v2.0/ports?tenant_id=206ae29860e341928770ac25c052cad9&device_id=f1bca115-222c-4560-9f67-84d2b9173eb6 HTTP/1.1" status: 200 len: 1636 time: 0.0470662
2026-06-23 19:55:26.120 9 INFO neutron.api.wsgi [req-9c135c25-18f3-4efa-9cf7-e7498d2792bd req-56241c9e-9abd-4e86-be33-30d91800c75f bef61817891e405da9e12a063b2da462 960f5e7e69f040abbd6c84f4cbce67f7 - - 4fd31dc5079f4054806622ac13d7d6e1 4fd31dc5079f4054806622ac13d7d6e1] 199.19.213.191 "GET /v2.0/networks?tenant_id=206ae29860e341928770ac25c052cad9&shared=False HTTP/1.1" status: 200 len: 2585 time: 0.0501339
2026-06-23 19:55:26.170 9 INFO neutron.api.wsgi [req-9c135c25-18f3-4efa-9cf7-e7498d2792bd req-ecbede29-e01b-4ecc-9771-beb94ef0016e bef61817891e405da9e12a063b2da462 960f5e7e69f040abbd6c84f4cbce67f7 - - 4fd31dc5079f4054806622ac13d7d6e1 4fd31dc5079f4054806622ac13d7d6e1] 199.19.213.191 "GET /v2.0/networks?shared=True HTTP/1.1" status: 200 len: 952 time: 0.0444460
2026-06-23 19:55:27.220 9 INFO neutron.api.wsgi [req-35a4e889-fae6-4236-bd84-fade7ae2aab3 req-2cebae40-3d90-4b84-bb08-08161e6083c1 bef61817891e405da9e12a063b2da462 960f5e7e69f040abbd6c84f4cbce67f7 - - 4fd31dc5079f4054806622ac13d7d6e1 4fd31dc5079f4054806622ac13d7d6e1] 199.19.213.191 "GET /v2.0/ports?tenant_id=206ae29860e341928770ac25c052cad9&device_id=f1bca115-222c-4560-9f67-84d2b9173eb6 HTTP/1.1" status: 200 len: 1636 time: 0.0347683
2026-06-23 19:55:27.255 9 INFO neutron.api.wsgi [req-35a4e889-fae6-4236-bd84-fade7ae2aab3 req-df5057ab-5374-4f5f-9415-a0fae52ad565 bef61817891e405da9e12a063b2da462 960f5e7e69f040abbd6c84f4cbce67f7 - - 4fd31dc5079f4054806622ac13d7d6e1 4fd31dc5079f4054806622ac13d7d6e1] 199.19.213.191 "GET /v2.0/floatingips?fixed_ip_address=10.2.1.245&port_id=13390369-97f9-4c89-bdcd-f342b21ddaa8 HTTP/1.1" status: 200 len: 217 time: 0.0303109
2026-06-23 19:55:27.275 9 INFO neutron.api.wsgi [req-35a4e889-fae6-4236-bd84-fade7ae2aab3 req-67631974-512b-45ab-b4ad-dc9532604ab5 bef61817891e405da9e12a063b2da462 960f5e7e69f040abbd6c84f4cbce67f7 - - 4fd31dc5079f4054806622ac13d7d6e1 4fd31dc5079f4054806622ac13d7d6e1] 199.19.213.191 "GET /v2.0/floatingips?fixed_ip_address=fd7b%3Af9f7%3Afff%3A4eca%3A%3A1fb&port_id=13390369-97f9-4c89-bdcd-f342b21ddaa8 HTTP/1.1" status: 200 len: 217 time: 0.0163262
2026-06-23 19:55:27.311 9 INFO neutron.api.wsgi [req-35a4e889-fae6-4236-bd84-fade7ae2aab3 req-238fee0f-9add-464d-bba0-2282170d0713 bef61817891e405da9e12a063b2da462 960f5e7e69f040abbd6c84f4cbce67f7 - - 4fd31dc5079f4054806622ac13d7d6e1 4fd31dc5079f4054806622ac13d7d6e1] 199.19.213.191 "GET /v2.0/subnets?id=2e3f3d85-2a1a-4a5a-9d62-cea3c3aad74d&id=57bc4285-9f60-4657-857e-aab008abd87b HTTP/1.1" status: 200 len: 1611 time: 0.0309780
2026-06-23 19:55:27.345 9 INFO neutron.api.wsgi [req-35a4e889-fae6-4236-bd84-fade7ae2aab3 req-c0945385-0673-4b2b-b56e-12d11b2b6adb bef61817891e405da9e12a063b2da462 960f5e7e69f040abbd6c84f4cbce67f7 - - 4fd31dc5079f4054806622ac13d7d6e1 4fd31dc5079f4054806622ac13d7d6e1] 199.19.213.191 "GET /v2.0/ports?network_id=6e56f0d9-5514-466c-91f4-b9d595ef0ccb&device_owner=network%3Adhcp HTTP/1.1" status: 200 len: 210 time: 0.0282311
2026-06-23 19:55:27.372 9 INFO neutron.api.wsgi [req-35a4e889-fae6-4236-bd84-fade7ae2aab3 req-d4fe0eec-aaeb-4418-958f-242e485bc034 bef61817891e405da9e12a063b2da462 960f5e7e69f040abbd6c84f4cbce67f7 - - 4fd31dc5079f4054806622ac13d7d6e1 4fd31dc5079f4054806622ac13d7d6e1] 199.19.213.191 "GET /v2.0/ports?network_id=6e56f0d9-5514-466c-91f4-b9d595ef0ccb&device_owner=network%3Adhcp HTTP/1.1" status: 200 len: 210 time: 0.0201585
2026-06-23 19:55:27.418 9 INFO neutron.api.wsgi [req-35a4e889-fae6-4236-bd84-fade7ae2aab3 req-8407414d-8a71-4663-affe-dc8d90a6ad2a bef61817891e405da9e12a063b2da462 960f5e7e69f040abbd6c84f4cbce67f7 - - 4fd31dc5079f4054806622ac13d7d6e1 4fd31dc5079f4054806622ac13d7d6e1] 199.19.213.191 "GET /v2.0/networks/6e56f0d9-5514-466c-91f4-b9d595ef0ccb?fields=segments HTTP/1.1" status: 200 len: 212 time: 0.0397544
2026-06-23 19:55:27.464 9 INFO neutron.api.wsgi [req-35a4e889-fae6-4236-bd84-fade7ae2aab3 req-61317315-52a9-4773-a9a3-4b990b4f9402 bef61817891e405da9e12a063b2da462 960f5e7e69f040abbd6c84f4cbce67f7 - - 4fd31dc5079f4054806622ac13d7d6e1 4fd31dc5079f4054806622ac13d7d6e1] 199.19.213.191 "GET /v2.0/networks/6e56f0d9-5514-466c-91f4-b9d595ef0ccb?fields=provider%3Aphysical_network&fields=provider%3Anetwork_type HTTP/1.1" status: 200 len: 277 time: 0.0390396
2026-06-23 19:55:29.611 10 INFO neutron.plugins.ml2.drivers.ovn.mech_driver.mech_driver [None req-b4bb02a2-e43a-4f0a-9f31-617005f249f5 - - - - - -] OVN reports status up for port: 13390369-97f9-4c89-bdcd-f342b21ddaa8
2026-06-23 19:55:29.624 10 INFO neutron.plugins.ml2.plugin [None req-b4bb02a2-e43a-4f0a-9f31-617005f249f5 - - - - - -] Attempt 1 to provision port 13390369-97f9-4c89-bdcd-f342b21ddaa8
2026-06-23 19:55:29.753 10 INFO neutron.notifiers.nova [-] Nova event matching ['req-85ceb7c7-f61a-4eb9-9e6f-2c7c0c15b130'] response: {'server_uuid': 'f1bca115-222c-4560-9f67-84d2b9173eb6', 'name': 'network-vif-plugged', 'status': 'completed', 'tag': '13390369-97f9-4c89-bdcd-f342b21ddaa8', 'code': 200}
