2026-06-23 19:54:07.325 10 INFO neutron.db.ovn_revision_numbers_db [None req-9beb0a70-dea6-46a0-a359-5df0bec2a46e c5b6ef7ced2d469bbca1220cc95503bc 5905adb67e3e447c965b1bb724244ab6 - - default default] Successfully bumped revision number for resource 680e88e6-3ad8-4f0f-915c-a021c8e8174b (type: security_group_rules) to 0
2026-06-23 19:54:07.336 10 INFO neutron.db.ovn_revision_numbers_db [None req-9beb0a70-dea6-46a0-a359-5df0bec2a46e c5b6ef7ced2d469bbca1220cc95503bc 5905adb67e3e447c965b1bb724244ab6 - - default default] Successfully bumped revision number for resource 720f01c5-fcf0-4920-8d1a-6fd850c0b026 (type: security_group_rules) to 0
2026-06-23 19:54:07.352 10 INFO neutron.db.ovn_revision_numbers_db [None req-9beb0a70-dea6-46a0-a359-5df0bec2a46e c5b6ef7ced2d469bbca1220cc95503bc 5905adb67e3e447c965b1bb724244ab6 - - default default] Successfully bumped revision number for resource dd235a6d-b4a2-4bb4-9fe7-55b8184d8148 (type: security_group_rules) to 0
2026-06-23 19:54:07.365 10 INFO neutron.db.ovn_revision_numbers_db [None req-9beb0a70-dea6-46a0-a359-5df0bec2a46e c5b6ef7ced2d469bbca1220cc95503bc 5905adb67e3e447c965b1bb724244ab6 - - default default] Successfully bumped revision number for resource f26a544e-1c50-46f2-a231-10fef889a9d3 (type: security_group_rules) to 0
2026-06-23 19:54:07.405 10 INFO neutron.api.wsgi [None req-9beb0a70-dea6-46a0-a359-5df0bec2a46e c5b6ef7ced2d469bbca1220cc95503bc 5905adb67e3e447c965b1bb724244ab6 - - default default] 10.0.0.195 "GET /v2.0/security-groups?tenant_id=883f54f5f77d46829b004ee9c7a8eb40&name=default HTTP/1.1" status: 200 len: 3120 time: 0.3531940
2026-06-23 19:54:07.468 9 INFO neutron.api.wsgi [None req-91881cfb-3a54-4f37-add0-20b5d1730729 c5b6ef7ced2d469bbca1220cc95503bc 5905adb67e3e447c965b1bb724244ab6 - - default default] 10.0.0.195 "DELETE /v2.0/security-groups/6357188c-b221-49e3-940a-53995802be30 HTTP/1.1" status: 204 len: 168 time: 0.2192786
2026-06-23 19:54:07.612 10 INFO neutron.api.wsgi [None req-0381eb0a-c3d1-4771-ae0c-3b67ef5d20c5 c5b6ef7ced2d469bbca1220cc95503bc 5905adb67e3e447c965b1bb724244ab6 - - default default] 10.0.0.195 "DELETE /v2.0/security-groups/9bfff2e5-721d-48a4-9d43-6bfb6d1c12c4 HTTP/1.1" status: 204 len: 168 time: 0.2020302
2026-06-23 19:54:07.748 10 INFO neutron.db.ovn_revision_numbers_db [None req-9e5d7f28-275b-4524-994c-fe8c7cd558b6 c5b6ef7ced2d469bbca1220cc95503bc 5905adb67e3e447c965b1bb724244ab6 - - default default] Successfully bumped revision number for resource 1c9b6429-b205-4a74-a20d-64efbe01b935 (type: security_groups) to 1
2026-06-23 19:54:07.761 10 INFO neutron.db.ovn_revision_numbers_db [None req-9e5d7f28-275b-4524-994c-fe8c7cd558b6 c5b6ef7ced2d469bbca1220cc95503bc 5905adb67e3e447c965b1bb724244ab6 - - default default] Successfully bumped revision number for resource 018481ef-b109-4877-88d8-2053d114bc20 (type: security_group_rules) to 0
2026-06-23 19:54:07.774 10 INFO neutron.db.ovn_revision_numbers_db [None req-9e5d7f28-275b-4524-994c-fe8c7cd558b6 c5b6ef7ced2d469bbca1220cc95503bc 5905adb67e3e447c965b1bb724244ab6 - - default default] Successfully bumped revision number for resource 4e9ca751-fa74-49de-8bbe-b04c4c33548a (type: security_group_rules) to 0
2026-06-23 19:54:07.793 10 INFO neutron.db.ovn_revision_numbers_db [None req-9e5d7f28-275b-4524-994c-fe8c7cd558b6 c5b6ef7ced2d469bbca1220cc95503bc 5905adb67e3e447c965b1bb724244ab6 - - default default] Successfully bumped revision number for resource ba4c72c1-fff9-4c5e-804e-d3e3ee6599ba (type: security_group_rules) to 0
2026-06-23 19:54:07.809 10 INFO neutron.db.ovn_revision_numbers_db [None req-9e5d7f28-275b-4524-994c-fe8c7cd558b6 c5b6ef7ced2d469bbca1220cc95503bc 5905adb67e3e447c965b1bb724244ab6 - - default default] Successfully bumped revision number for resource cf94d54d-8ed8-4318-89d2-24f6e7fdb304 (type: security_group_rules) to 0
2026-06-23 19:54:07.867 10 INFO neutron.api.wsgi [None req-9e5d7f28-275b-4524-994c-fe8c7cd558b6 c5b6ef7ced2d469bbca1220cc95503bc 5905adb67e3e447c965b1bb724244ab6 - - default default] 10.0.0.195 "GET /v2.0/security-groups?tenant_id=a756730c559d412e873fba0e51db2469&name=default HTTP/1.1" status: 200 len: 3120 time: 0.2440767
2026-06-23 19:54:07.955 10 INFO neutron.db.ovn_revision_numbers_db [None req-34105490-0459-4b3b-ba91-baf154f82a24 c5b6ef7ced2d469bbca1220cc95503bc 5905adb67e3e447c965b1bb724244ab6 - - default default] Successfully bumped revision number for resource 1e0762c1-1a86-446f-ae54-cef39a8d5786 (type: security_groups) to 1
2026-06-23 19:54:07.976 10 INFO neutron.db.ovn_revision_numbers_db [None req-34105490-0459-4b3b-ba91-baf154f82a24 c5b6ef7ced2d469bbca1220cc95503bc 5905adb67e3e447c965b1bb724244ab6 - - default default] Successfully bumped revision number for resource 0a6db5be-cc54-4862-9d6a-a2d3960cf685 (type: security_group_rules) to 0
2026-06-23 19:54:07.996 10 INFO neutron.db.ovn_revision_numbers_db [None req-34105490-0459-4b3b-ba91-baf154f82a24 c5b6ef7ced2d469bbca1220cc95503bc 5905adb67e3e447c965b1bb724244ab6 - - default default] Successfully bumped revision number for resource 10c01ee0-e6de-47b7-abd1-5cfbf9cf0e53 (type: security_group_rules) to 0
2026-06-23 19:54:08.016 10 INFO neutron.db.ovn_revision_numbers_db [None req-34105490-0459-4b3b-ba91-baf154f82a24 c5b6ef7ced2d469bbca1220cc95503bc 5905adb67e3e447c965b1bb724244ab6 - - default default] Successfully bumped revision number for resource 6a8d584d-287b-4254-94c1-40f602b32e85 (type: security_group_rules) to 0
2026-06-23 19:54:08.030 10 INFO neutron.db.ovn_revision_numbers_db [None req-34105490-0459-4b3b-ba91-baf154f82a24 c5b6ef7ced2d469bbca1220cc95503bc 5905adb67e3e447c965b1bb724244ab6 - - default default] Successfully bumped revision number for resource 8094d766-229d-4bdd-8368-cfff86344c05 (type: security_group_rules) to 0
2026-06-23 19:54:08.076 10 INFO neutron.api.wsgi [None req-34105490-0459-4b3b-ba91-baf154f82a24 c5b6ef7ced2d469bbca1220cc95503bc 5905adb67e3e447c965b1bb724244ab6 - - default default] 10.0.0.195 "GET /v2.0/security-groups?tenant_id=556af7f8eac44dad97d8f094877241a0&name=default HTTP/1.1" status: 200 len: 3120 time: 0.2936814
2026-06-23 19:54:08.123 10 INFO neutron.api.wsgi [None req-77862754-7784-4c72-8dca-a7987ed2b573 c5b6ef7ced2d469bbca1220cc95503bc 5905adb67e3e447c965b1bb724244ab6 - - default default] 10.0.0.195 "DELETE /v2.0/security-groups/1c9b6429-b205-4a74-a20d-64efbe01b935 HTTP/1.1" status: 204 len: 168 time: 0.2514319
2026-06-23 19:54:08.297 9 INFO neutron.api.wsgi [None req-fc6f9047-ea22-40fd-b745-743e07d74366 c5b6ef7ced2d469bbca1220cc95503bc 5905adb67e3e447c965b1bb724244ab6 - - default default] 10.0.0.195 "DELETE /v2.0/security-groups/1e0762c1-1a86-446f-ae54-cef39a8d5786 HTTP/1.1" status: 204 len: 168 time: 0.2170870
2026-06-23 19:54:08.322 9 INFO neutron.services.segments.plugin [-] Segment 84fa4abc-3419-4d0f-a826-414acd367827 resource provider aggregate not found
2026-06-23 19:54:08.328 9 INFO neutron.services.segments.plugin [-] Segment 84fa4abc-3419-4d0f-a826-414acd367827 resource provider aggregate not found
2026-06-23 19:54:08.345 9 INFO neutron.services.segments.plugin [-] Segment 84fa4abc-3419-4d0f-a826-414acd367827 resource provider not found; error: Placement Client Error (4xx): {"errors": [{"status": 404, "title": "Not Found", "detail": "The resource could not be found.\n\n No resource provider with uuid 84fa4abc-3419-4d0f-a826-414acd367827 found for delete ", "request_id": "req-107a913a-9a31-4e02-9adf-694cccf4f453"}]}
2026-06-23 19:54:08.346 9 INFO neutron.services.segments.plugin [-] Segment 84fa4abc-3419-4d0f-a826-414acd367827 resource provider not found; error: Placement Client Error (4xx): {"errors": [{"status": 404, "title": "Not Found", "detail": "The resource could not be found.\n\n No resource provider with uuid 84fa4abc-3419-4d0f-a826-414acd367827 found for delete ", "request_id": "req-ea5229f2-7145-46fe-b1d3-153c1f3be302"}]}
2026-06-23 19:54:08.591 9 INFO neutron.db.ovn_revision_numbers_db [None req-52f0b551-8c94-4ff4-9ce0-f7f5eaa89186 c5b6ef7ced2d469bbca1220cc95503bc 5905adb67e3e447c965b1bb724244ab6 - - default default] Successfully bumped revision number for resource fafbf60d-eb94-4cba-9e5f-d1968748f4c4 (type: security_groups) to 1
2026-06-23 19:54:08.605 9 INFO neutron.db.ovn_revision_numbers_db [None req-52f0b551-8c94-4ff4-9ce0-f7f5eaa89186 c5b6ef7ced2d469bbca1220cc95503bc 5905adb67e3e447c965b1bb724244ab6 - - default default] Successfully bumped revision number for resource 0c01feeb-8c36-4faa-8c16-b813de9a2a0e (type: security_group_rules) to 0
2026-06-23 19:54:08.620 9 INFO neutron.db.ovn_revision_numbers_db [None req-52f0b551-8c94-4ff4-9ce0-f7f5eaa89186 c5b6ef7ced2d469bbca1220cc95503bc 5905adb67e3e447c965b1bb724244ab6 - - default default] Successfully bumped revision number for resource b9283176-ce21-43d1-a4b0-1584ea43ad41 (type: security_group_rules) to 0
2026-06-23 19:54:08.634 9 INFO neutron.db.ovn_revision_numbers_db [None req-52f0b551-8c94-4ff4-9ce0-f7f5eaa89186 c5b6ef7ced2d469bbca1220cc95503bc 5905adb67e3e447c965b1bb724244ab6 - - default default] Successfully bumped revision number for resource dbbed26a-7278-4c0c-934c-68cb5d7731c0 (type: security_group_rules) to 0
2026-06-23 19:54:08.650 9 INFO neutron.db.ovn_revision_numbers_db [None req-52f0b551-8c94-4ff4-9ce0-f7f5eaa89186 c5b6ef7ced2d469bbca1220cc95503bc 5905adb67e3e447c965b1bb724244ab6 - - default default] Successfully bumped revision number for resource dcfe0a71-2d85-488d-b1b1-765bd88de8a9 (type: security_group_rules) to 0
2026-06-23 19:54:08.684 9 INFO neutron.api.wsgi [None req-52f0b551-8c94-4ff4-9ce0-f7f5eaa89186 c5b6ef7ced2d469bbca1220cc95503bc 5905adb67e3e447c965b1bb724244ab6 - - default default] 10.0.0.195 "GET /v2.0/security-groups?tenant_id=e2dbe3cf603b480db2bd91aa203237a3&name=default HTTP/1.1" status: 200 len: 3120 time: 0.2209010
2026-06-23 19:54:08.931 9 INFO neutron.api.wsgi [None req-a1697d66-4b9c-4f8a-a640-3204fd51f0f4 c5b6ef7ced2d469bbca1220cc95503bc 5905adb67e3e447c965b1bb724244ab6 - - default default] 10.0.0.195 "DELETE /v2.0/security-groups/fafbf60d-eb94-4cba-9e5f-d1968748f4c4 HTTP/1.1" status: 204 len: 168 time: 0.2413890
2026-06-23 19:54:09.772 10 INFO neutron.api.wsgi [None req-3babd2b0-afb1-48e4-b14b-272978d9484f a54fb87124f440b3aa53a773c3427df6 9c99eb7c630f4ad593934bb03b9d4e3b - - default default] 10.0.0.195 "POST /v2.0/qos/policies HTTP/1.1" status: 201 len: 558 time: 0.1426022
2026-06-23 19:54:09.805 10 INFO neutron.api.wsgi [None req-5278498e-f9cf-45a4-b3f1-6fd1375ba494 a54fb87124f440b3aa53a773c3427df6 9c99eb7c630f4ad593934bb03b9d4e3b - - default default] 10.0.0.195 "PUT /v2.0/policies/e1d2d7fe-d0f6-47b5-bfdb-041254a3aa2b/tags HTTP/1.1" status: 200 len: 218 time: 0.0258851
2026-06-23 19:54:09.820 10 INFO neutron.api.wsgi [None req-47ed59ed-93b6-419b-a520-f83be66d4a44 a54fb87124f440b3aa53a773c3427df6 9c99eb7c630f4ad593934bb03b9d4e3b - - default default] 10.0.0.195 "GET /v2.0/policies/e1d2d7fe-d0f6-47b5-bfdb-041254a3aa2b/tags HTTP/1.1" status: 200 len: 218 time: 0.0121996
2026-06-23 19:54:09.869 10 INFO neutron.api.wsgi [None req-1ca93e77-aef5-4943-9349-b178cdbf58f5 a54fb87124f440b3aa53a773c3427df6 9c99eb7c630f4ad593934bb03b9d4e3b - - default default] 10.0.0.195 "PUT /v2.0/policies/e1d2d7fe-d0f6-47b5-bfdb-041254a3aa2b/tags/green HTTP/1.1" status: 201 len: 201 time: 0.0417953
2026-06-23 19:54:09.889 10 INFO neutron.api.wsgi [None req-a31c74e0-f2b1-4e08-bcaf-d26f6a6771e3 a54fb87124f440b3aa53a773c3427df6 9c99eb7c630f4ad593934bb03b9d4e3b - - default default] 10.0.0.195 "GET /v2.0/policies/e1d2d7fe-d0f6-47b5-bfdb-041254a3aa2b/tags HTTP/1.1" status: 200 len: 227 time: 0.0116279
2026-06-23 19:54:09.923 9 INFO neutron.api.wsgi [None req-bc98eebc-39e4-4bc2-9ab6-59e830234780 a54fb87124f440b3aa53a773c3427df6 9c99eb7c630f4ad593934bb03b9d4e3b - - default default] 10.0.0.195 "PUT /v2.0/policies/e1d2d7fe-d0f6-47b5-bfdb-041254a3aa2b/tags/red HTTP/1.1" status: 201 len: 201 time: 0.0295124
2026-06-23 19:54:09.961 9 INFO neutron.api.wsgi [None req-bbb0b003-11a5-4fb8-9a91-7b8c1bb57ad3 a54fb87124f440b3aa53a773c3427df6 9c99eb7c630f4ad593934bb03b9d4e3b - - default default] 10.0.0.195 "GET /v2.0/policies/e1d2d7fe-d0f6-47b5-bfdb-041254a3aa2b/tags HTTP/1.1" status: 200 len: 227 time: 0.0321822
2026-06-23 19:54:10.021 9 INFO neutron.api.wsgi [None req-08345100-c5a5-4780-984b-1b60600f6ce9 a54fb87124f440b3aa53a773c3427df6 9c99eb7c630f4ad593934bb03b9d4e3b - - default default] 10.0.0.195 "PUT /v2.0/policies/e1d2d7fe-d0f6-47b5-bfdb-041254a3aa2b/tags/black.or.white HTTP/1.1" status: 201 len: 201 time: 0.0511539
2026-06-23 19:54:10.040 9 INFO neutron.api.wsgi [None req-b0582620-6362-499c-b00a-c407a9a771e5 a54fb87124f440b3aa53a773c3427df6 9c99eb7c630f4ad593934bb03b9d4e3b - - default default] 10.0.0.195 "GET /v2.0/policies/e1d2d7fe-d0f6-47b5-bfdb-041254a3aa2b/tags HTTP/1.1" status: 200 len: 245 time: 0.0146742
2026-06-23 19:54:10.081 9 INFO neutron.api.wsgi [None req-57a3c04e-68ca-4fc6-afb1-5d015e3ec650 a54fb87124f440b3aa53a773c3427df6 9c99eb7c630f4ad593934bb03b9d4e3b - - default default] 10.0.0.195 "PUT /v2.0/policies/e1d2d7fe-d0f6-47b5-bfdb-041254a3aa2b/tags HTTP/1.1" status: 200 len: 230 time: 0.0357621
2026-06-23 19:54:10.103 9 INFO neutron.api.wsgi [None req-b7880f7f-2320-4a53-9ba8-d10ef8cc29b3 a54fb87124f440b3aa53a773c3427df6 9c99eb7c630f4ad593934bb03b9d4e3b - - default default] 10.0.0.195 "GET /v2.0/policies/e1d2d7fe-d0f6-47b5-bfdb-041254a3aa2b/tags HTTP/1.1" status: 200 len: 230 time: 0.0144503
2026-06-23 19:54:10.138 9 INFO neutron.api.wsgi [None req-aa6f3717-044d-4094-8301-a54e627530a0 a54fb87124f440b3aa53a773c3427df6 9c99eb7c630f4ad593934bb03b9d4e3b - - default default] 10.0.0.195 "GET /v2.0/policies/e1d2d7fe-d0f6-47b5-bfdb-041254a3aa2b/tags/red HTTP/1.1" status: 204 len: 168 time: 0.0319278
2026-06-23 19:54:10.158 9 INFO neutron.api.v2.resource [None req-c8dc10ed-f38d-4bbf-babc-2e4204b50c17 a54fb87124f440b3aa53a773c3427df6 9c99eb7c630f4ad593934bb03b9d4e3b - - default default] show failed (client error): The resource could not be found.
2026-06-23 19:54:10.159 9 INFO neutron.api.wsgi [None req-c8dc10ed-f38d-4bbf-babc-2e4204b50c17 a54fb87124f440b3aa53a773c3427df6 9c99eb7c630f4ad593934bb03b9d4e3b - - default default] 10.0.0.195 "GET /v2.0/policies/e1d2d7fe-d0f6-47b5-bfdb-041254a3aa2b/tags/green HTTP/1.1" status: 404 len: 299 time: 0.0149612
2026-06-23 19:54:10.192 9 INFO neutron.api.wsgi [None req-ce0ed0dd-4bbd-41ad-aac6-4a844bedb503 a54fb87124f440b3aa53a773c3427df6 9c99eb7c630f4ad593934bb03b9d4e3b - - default default] 10.0.0.195 "DELETE /v2.0/policies/e1d2d7fe-d0f6-47b5-bfdb-041254a3aa2b/tags/red HTTP/1.1" status: 204 len: 168 time: 0.0288777
2026-06-23 19:54:10.211 9 INFO neutron.api.wsgi [None req-4c1864b6-80fe-484f-85a7-a959b8429b82 a54fb87124f440b3aa53a773c3427df6 9c99eb7c630f4ad593934bb03b9d4e3b - - default default] 10.0.0.195 "GET /v2.0/policies/e1d2d7fe-d0f6-47b5-bfdb-041254a3aa2b/tags HTTP/1.1" status: 200 len: 223 time: 0.0138073
2026-06-23 19:54:10.225 9 INFO neutron.api.wsgi [-] 10.0.0.11 "GET / HTTP/1.1" status: 200 len: 247 time: 0.0015757
2026-06-23 19:54:10.225 10 INFO neutron.api.wsgi [-] 10.0.0.11 "GET / HTTP/1.1" status: 200 len: 247 time: 0.0022304
2026-06-23 19:54:10.239 9 INFO neutron.api.v2.resource [None req-baecb71a-b736-422c-af53-9c558acf6b50 a54fb87124f440b3aa53a773c3427df6 9c99eb7c630f4ad593934bb03b9d4e3b - - default default] delete failed (client error): The resource could not be found.
2026-06-23 19:54:10.241 9 INFO neutron.api.wsgi [None req-baecb71a-b736-422c-af53-9c558acf6b50 a54fb87124f440b3aa53a773c3427df6 9c99eb7c630f4ad593934bb03b9d4e3b - - default default] 10.0.0.195 "DELETE /v2.0/policies/e1d2d7fe-d0f6-47b5-bfdb-041254a3aa2b/tags/green HTTP/1.1" status: 404 len: 299 time: 0.0221207
2026-06-23 19:54:10.280 9 INFO neutron.api.wsgi [None req-040e42c4-d5e3-48ec-8ef3-5701da40dc4e a54fb87124f440b3aa53a773c3427df6 9c99eb7c630f4ad593934bb03b9d4e3b - - default default] 10.0.0.195 "DELETE /v2.0/policies/e1d2d7fe-d0f6-47b5-bfdb-041254a3aa2b/tags HTTP/1.1" status: 204 len: 168 time: 0.0352209
2026-06-23 19:54:10.303 9 INFO neutron.api.wsgi [None req-e5d8cb93-34af-424e-85c1-8cd2f3ed40c6 a54fb87124f440b3aa53a773c3427df6 9c99eb7c630f4ad593934bb03b9d4e3b - - default default] 10.0.0.195 "GET /v2.0/policies/e1d2d7fe-d0f6-47b5-bfdb-041254a3aa2b/tags HTTP/1.1" status: 200 len: 205 time: 0.0183392
2026-06-23 19:54:10.404 9 INFO neutron.api.wsgi [None req-d461d235-780d-4373-92c9-cbee842cc5b1 a54fb87124f440b3aa53a773c3427df6 9c99eb7c630f4ad593934bb03b9d4e3b - - default default] 10.0.0.195 "DELETE /v2.0/qos/policies/e1d2d7fe-d0f6-47b5-bfdb-041254a3aa2b HTTP/1.1" status: 204 len: 168 time: 0.0950077
2026-06-23 19:54:11.231 9 INFO neutron.db.ovn_revision_numbers_db [None req-cc9fe808-ab4f-47f6-b10d-697b9f07e3c8 c5b6ef7ced2d469bbca1220cc95503bc 5905adb67e3e447c965b1bb724244ab6 - - default default] Successfully bumped revision number for resource 272ca2bc-3e45-46dc-bfd6-c587503ff9dc (type: security_groups) to 1
2026-06-23 19:54:11.248 9 INFO neutron.db.ovn_revision_numbers_db [None req-cc9fe808-ab4f-47f6-b10d-697b9f07e3c8 c5b6ef7ced2d469bbca1220cc95503bc 5905adb67e3e447c965b1bb724244ab6 - - default default] Successfully bumped revision number for resource 34a0e864-d46d-4678-a584-e3d9784f31db (type: security_group_rules) to 0
2026-06-23 19:54:11.263 9 INFO neutron.db.ovn_revision_numbers_db [None req-cc9fe808-ab4f-47f6-b10d-697b9f07e3c8 c5b6ef7ced2d469bbca1220cc95503bc 5905adb67e3e447c965b1bb724244ab6 - - default default] Successfully bumped revision number for resource 6d58522b-d449-4033-954a-f545c9ea153e (type: security_group_rules) to 0
2026-06-23 19:54:11.276 9 INFO neutron.db.ovn_revision_numbers_db [None req-cc9fe808-ab4f-47f6-b10d-697b9f07e3c8 c5b6ef7ced2d469bbca1220cc95503bc 5905adb67e3e447c965b1bb724244ab6 - - default default] Successfully bumped revision number for resource 982739e3-923c-4930-83cb-eba306c2e668 (type: security_group_rules) to 0
2026-06-23 19:54:11.288 9 INFO neutron.db.ovn_revision_numbers_db [None req-cc9fe808-ab4f-47f6-b10d-697b9f07e3c8 c5b6ef7ced2d469bbca1220cc95503bc 5905adb67e3e447c965b1bb724244ab6 - - default default] Successfully bumped revision number for resource e57f9ea5-63d1-4432-8cfb-271051eab149 (type: security_group_rules) to 0
2026-06-23 19:54:11.324 9 INFO neutron.api.wsgi [None req-cc9fe808-ab4f-47f6-b10d-697b9f07e3c8 c5b6ef7ced2d469bbca1220cc95503bc 5905adb67e3e447c965b1bb724244ab6 - - default default] 10.0.0.195 "GET /v2.0/security-groups?tenant_id=9c99eb7c630f4ad593934bb03b9d4e3b&name=default HTTP/1.1" status: 200 len: 3120 time: 0.3506856
2026-06-23 19:54:11.563 9 INFO neutron.api.wsgi [None req-b6bac9fe-9648-4b09-9a4b-aab387f28ff0 c5b6ef7ced2d469bbca1220cc95503bc 5905adb67e3e447c965b1bb724244ab6 - - default default] 10.0.0.195 "DELETE /v2.0/security-groups/272ca2bc-3e45-46dc-bfd6-c587503ff9dc HTTP/1.1" status: 204 len: 168 time: 0.2322984
2026-06-23 19:54:11.565 10 WARNING neutron_lib.context [None req-9787b6b5-23b0-4e28-89a4-681f3a428872 b00797ae529f42b897dd794041820f5b 9d07abbcab7d409894d3ab20d19f2bff - - default default] Method 'is_advsvc' is deprecated since 2023.2 release (neutron-lib 3.8.0) and will be removed once support for the old RBAC API policies will be removed from Neutron. Please use method 'is_service_role' instead.
2026-06-23 19:54:11.718 10 INFO neutron.db.ovn_revision_numbers_db [None req-9787b6b5-23b0-4e28-89a4-681f3a428872 b00797ae529f42b897dd794041820f5b 9d07abbcab7d409894d3ab20d19f2bff - - default default] Successfully bumped revision number for resource a1453dcd-0b64-4980-9b8e-c5030a58e8bf (type: security_groups) to 1
2026-06-23 19:54:11.732 10 INFO neutron.db.ovn_revision_numbers_db [None req-9787b6b5-23b0-4e28-89a4-681f3a428872 b00797ae529f42b897dd794041820f5b 9d07abbcab7d409894d3ab20d19f2bff - - default default] Successfully bumped revision number for resource 13b95399-dfda-477e-b90d-d4a743dfaa1c (type: security_group_rules) to 0
2026-06-23 19:54:11.747 10 INFO neutron.db.ovn_revision_numbers_db [None req-9787b6b5-23b0-4e28-89a4-681f3a428872 b00797ae529f42b897dd794041820f5b 9d07abbcab7d409894d3ab20d19f2bff - - default default] Successfully bumped revision number for resource 2a27468f-a9c0-43d8-a4a2-37635e92decc (type: security_group_rules) to 0
2026-06-23 19:54:11.762 10 INFO neutron.db.ovn_revision_numbers_db [None req-9787b6b5-23b0-4e28-89a4-681f3a428872 b00797ae529f42b897dd794041820f5b 9d07abbcab7d409894d3ab20d19f2bff - - default default] Successfully bumped revision number for resource 6fedc767-92be-4fd1-aac4-8e63e7608e4e (type: security_group_rules) to 0
2026-06-23 19:54:11.785 10 INFO neutron.db.ovn_revision_numbers_db [None req-9787b6b5-23b0-4e28-89a4-681f3a428872 b00797ae529f42b897dd794041820f5b 9d07abbcab7d409894d3ab20d19f2bff - - default default] Successfully bumped revision number for resource a7f6bf57-0c79-48d5-a0cc-d89a7b0458d7 (type: security_group_rules) to 0
2026-06-23 19:54:11.803 10 INFO neutron.db.ovn_revision_numbers_db [None req-f7c7dab1-b02b-453a-ae3c-6be717706133 c5b6ef7ced2d469bbca1220cc95503bc 5905adb67e3e447c965b1bb724244ab6 - - default default] Successfully bumped revision number for resource 2136ad97-a781-46d2-8d81-501948db464a (type: security_groups) to 1
2026-06-23 19:54:11.822 10 INFO neutron.db.ovn_revision_numbers_db [None req-f7c7dab1-b02b-453a-ae3c-6be717706133 c5b6ef7ced2d469bbca1220cc95503bc 5905adb67e3e447c965b1bb724244ab6 - - default default] Successfully bumped revision number for resource 02bbfcc1-2307-4b2d-94f5-4a646c962260 (type: security_group_rules) to 0
2026-06-23 19:54:11.838 10 INFO neutron.db.ovn_revision_numbers_db [None req-f7c7dab1-b02b-453a-ae3c-6be717706133 c5b6ef7ced2d469bbca1220cc95503bc 5905adb67e3e447c965b1bb724244ab6 - - default default] Successfully bumped revision number for resource 8f18e898-5759-4bc7-a153-7cc2a31c053c (type: security_group_rules) to 0
2026-06-23 19:54:11.858 10 INFO neutron.db.ovn_revision_numbers_db [None req-f7c7dab1-b02b-453a-ae3c-6be717706133 c5b6ef7ced2d469bbca1220cc95503bc 5905adb67e3e447c965b1bb724244ab6 - - default default] Successfully bumped revision number for resource b8c3e7e1-88b5-4bf8-ac72-b5d69df32276 (type: security_group_rules) to 0
2026-06-23 19:54:11.876 10 INFO neutron.db.ovn_revision_numbers_db [None req-f7c7dab1-b02b-453a-ae3c-6be717706133 c5b6ef7ced2d469bbca1220cc95503bc 5905adb67e3e447c965b1bb724244ab6 - - default default] Successfully bumped revision number for resource ed21ee27-1b24-44f9-8d4c-79fa3a4b636c (type: security_group_rules) to 0
2026-06-23 19:54:11.880 10 INFO neutron.db.segments_db [None req-9787b6b5-23b0-4e28-89a4-681f3a428872 b00797ae529f42b897dd794041820f5b 9d07abbcab7d409894d3ab20d19f2bff - - default default] Added segment be7dbb3a-dca7-43c5-8a28-fa36738ff118 of type geneve for network c0288c2b-93e2-42b0-bc2b-96465d46c80e
2026-06-23 19:54:11.934 10 INFO neutron.api.wsgi [None req-f7c7dab1-b02b-453a-ae3c-6be717706133 c5b6ef7ced2d469bbca1220cc95503bc 5905adb67e3e447c965b1bb724244ab6 - - default default] 10.0.0.195 "GET /v2.0/security-groups?tenant_id=d84f655ff104457893e03c03a0723657&name=default HTTP/1.1" status: 200 len: 3120 time: 0.2590523
2026-06-23 19:54:12.038 10 INFO neutron.db.ovn_revision_numbers_db [None req-9787b6b5-23b0-4e28-89a4-681f3a428872 b00797ae529f42b897dd794041820f5b 9d07abbcab7d409894d3ab20d19f2bff - - default default] Successfully bumped revision number for resource c0288c2b-93e2-42b0-bc2b-96465d46c80e (type: networks) to 1
2026-06-23 19:54:12.192 9 INFO neutron.db.ovn_revision_numbers_db [None req-0ad5a6c9-5d54-4067-94be-af4a5bb946b7 6531e8a725114f278609305c72d62689 0572d611664f4e79a59a48ac64113adc - - default default] Successfully bumped revision number for resource 84634581-90e0-4609-aa7c-b0153dd48898 (type: security_groups) to 1
2026-06-23 19:54:12.204 9 INFO neutron.db.ovn_revision_numbers_db [None req-0ad5a6c9-5d54-4067-94be-af4a5bb946b7 6531e8a725114f278609305c72d62689 0572d611664f4e79a59a48ac64113adc - - default default] Successfully bumped revision number for resource 0e2fadc6-b959-4cef-8cdb-623bcab4b51c (type: security_group_rules) to 0
2026-06-23 19:54:12.214 9 INFO neutron.db.ovn_revision_numbers_db [None req-0ad5a6c9-5d54-4067-94be-af4a5bb946b7 6531e8a725114f278609305c72d62689 0572d611664f4e79a59a48ac64113adc - - default default] Successfully bumped revision number for resource 13d372ed-6087-412b-81db-58254ccecff8 (type: security_group_rules) to 0
2026-06-23 19:54:12.232 9 INFO neutron.db.ovn_revision_numbers_db [None req-0ad5a6c9-5d54-4067-94be-af4a5bb946b7 6531e8a725114f278609305c72d62689 0572d611664f4e79a59a48ac64113adc - - default default] Successfully bumped revision number for resource 25f18ee6-0dd1-439a-acb2-5f72abf9c730 (type: security_group_rules) to 0
2026-06-23 19:54:12.247 9 INFO neutron.db.ovn_revision_numbers_db [None req-0ad5a6c9-5d54-4067-94be-af4a5bb946b7 6531e8a725114f278609305c72d62689 0572d611664f4e79a59a48ac64113adc - - default default] Successfully bumped revision number for resource 3c945952-c2f5-4721-9dfe-de552d446c2f (type: security_group_rules) to 0
2026-06-23 19:54:12.318 9 INFO neutron.db.segments_db [None req-0ad5a6c9-5d54-4067-94be-af4a5bb946b7 6531e8a725114f278609305c72d62689 0572d611664f4e79a59a48ac64113adc - - default default] Added segment 2ac13112-6a8a-4eeb-8962-9753fb08cf9d of type geneve for network 0842361f-b1e0-42c5-9a09-28396c41fed5
2026-06-23 19:54:12.441 10 INFO neutron.api.wsgi [None req-4da522b9-5ef4-4fa6-915c-02525c8ff6c2 c5b6ef7ced2d469bbca1220cc95503bc 5905adb67e3e447c965b1bb724244ab6 - - default default] 10.0.0.195 "DELETE /v2.0/security-groups/2136ad97-a781-46d2-8d81-501948db464a HTTP/1.1" status: 204 len: 168 time: 0.5003171
2026-06-23 19:54:12.448 9 INFO neutron.db.ovn_revision_numbers_db [None req-0ad5a6c9-5d54-4067-94be-af4a5bb946b7 6531e8a725114f278609305c72d62689 0572d611664f4e79a59a48ac64113adc - - default default] Successfully bumped revision number for resource 0842361f-b1e0-42c5-9a09-28396c41fed5 (type: networks) to 1
2026-06-23 19:54:12.454 10 WARNING neutron.scheduler.dhcp_agent_scheduler [None req-9787b6b5-23b0-4e28-89a4-681f3a428872 b00797ae529f42b897dd794041820f5b 9d07abbcab7d409894d3ab20d19f2bff - - default default] No more DHCP agents
2026-06-23 19:54:12.455 10 WARNING neutron.api.rpc.agentnotifiers.dhcp_rpc_agent_api [None req-9787b6b5-23b0-4e28-89a4-681f3a428872 b00797ae529f42b897dd794041820f5b 9d07abbcab7d409894d3ab20d19f2bff - - default default] Unable to schedule network c0288c2b-93e2-42b0-bc2b-96465d46c80e: no agents available; will retry on subsequent port and subnet creation events.
2026-06-23 19:54:12.515 10 INFO neutron.db.ovn_revision_numbers_db [None req-9787b6b5-23b0-4e28-89a4-681f3a428872 b00797ae529f42b897dd794041820f5b 9d07abbcab7d409894d3ab20d19f2bff - - default default] Successfully bumped revision number for resource 71860e69-be61-4ce7-b283-6d7c7309aa87 (type: ports) to 1
2026-06-23 19:54:12.537 10 INFO neutron.api.wsgi [None req-9787b6b5-23b0-4e28-89a4-681f3a428872 b00797ae529f42b897dd794041820f5b 9d07abbcab7d409894d3ab20d19f2bff - - default default] 10.0.0.195 "POST /v2.0/networks HTTP/1.1" status: 201 len: 826 time: 1.0664177
2026-06-23 19:54:12.546 9 WARNING neutron_lib.context [None req-fdd2324b-53bd-4caa-99d1-7f294d770f54 b00797ae529f42b897dd794041820f5b 9d07abbcab7d409894d3ab20d19f2bff - - default default] Method 'is_advsvc' is deprecated since 2023.2 release (neutron-lib 3.8.0) and will be removed once support for the old RBAC API policies will be removed from Neutron. Please use method 'is_service_role' instead.
2026-06-23 19:54:12.633 9 WARNING neutron.scheduler.dhcp_agent_scheduler [None req-0ad5a6c9-5d54-4067-94be-af4a5bb946b7 6531e8a725114f278609305c72d62689 0572d611664f4e79a59a48ac64113adc - - default default] No more DHCP agents
2026-06-23 19:54:12.644 9 WARNING neutron.api.rpc.agentnotifiers.dhcp_rpc_agent_api [None req-0ad5a6c9-5d54-4067-94be-af4a5bb946b7 6531e8a725114f278609305c72d62689 0572d611664f4e79a59a48ac64113adc - - default default] Unable to schedule network 0842361f-b1e0-42c5-9a09-28396c41fed5: no agents available; will retry on subsequent port and subnet creation events.
2026-06-23 19:54:12.721 9 INFO neutron.db.ovn_revision_numbers_db [None req-0ad5a6c9-5d54-4067-94be-af4a5bb946b7 6531e8a725114f278609305c72d62689 0572d611664f4e79a59a48ac64113adc - - default default] Successfully bumped revision number for resource cfadb5b4-55b7-4eb8-9680-d434044facc9 (type: ports) to 1
2026-06-23 19:54:12.741 9 INFO neutron.api.wsgi [None req-0ad5a6c9-5d54-4067-94be-af4a5bb946b7 6531e8a725114f278609305c72d62689 0572d611664f4e79a59a48ac64113adc - - default default] 10.0.0.195 "POST /v2.0/networks HTTP/1.1" status: 201 len: 928 time: 0.8963008
2026-06-23 19:54:12.746 9 WARNING neutron.scheduler.dhcp_agent_scheduler [None req-fdd2324b-53bd-4caa-99d1-7f294d770f54 b00797ae529f42b897dd794041820f5b 9d07abbcab7d409894d3ab20d19f2bff - - default default] No more DHCP agents
2026-06-23 19:54:12.753 9 WARNING neutron.api.rpc.agentnotifiers.dhcp_rpc_agent_api [None req-fdd2324b-53bd-4caa-99d1-7f294d770f54 b00797ae529f42b897dd794041820f5b 9d07abbcab7d409894d3ab20d19f2bff - - default default] Unable to schedule network c0288c2b-93e2-42b0-bc2b-96465d46c80e: no agents available; will retry on subsequent port and subnet creation events.
2026-06-23 19:54:12.972 9 WARNING neutron.scheduler.dhcp_agent_scheduler [None req-700a4501-6965-4f0a-a7b2-71a08dae1e19 6531e8a725114f278609305c72d62689 0572d611664f4e79a59a48ac64113adc - - default default] No more DHCP agents
2026-06-23 19:54:12.974 9 WARNING neutron.api.rpc.agentnotifiers.dhcp_rpc_agent_api [None req-700a4501-6965-4f0a-a7b2-71a08dae1e19 6531e8a725114f278609305c72d62689 0572d611664f4e79a59a48ac64113adc - - default default] Unable to schedule network 0842361f-b1e0-42c5-9a09-28396c41fed5: no agents available; will retry on subsequent port and subnet creation events.
2026-06-23 19:54:13.267 10 WARNING neutron_lib.context [None req-d1c8d721-6e1c-434c-a5b0-f8466ff6cc15 51245f40abf849dba67f2951605c0576 882031b90c5f4ebe80a1995fc0fe5049 - - default default] Method 'is_advsvc' is deprecated since 2023.2 release (neutron-lib 3.8.0) and will be removed once support for the old RBAC API policies will be removed from Neutron. Please use method 'is_service_role' instead.
2026-06-23 19:54:13.273 9 INFO neutron.db.ovn_revision_numbers_db [None req-80e2de80-3ea4-4cd1-a43b-9adbdd43016c - - - - - -] Successfully bumped revision number for resource 71860e69-be61-4ce7-b283-6d7c7309aa87 (type: ports) to 2
2026-06-23 19:54:13.305 9 INFO neutron.db.ovn_revision_numbers_db [None req-80e2de80-3ea4-4cd1-a43b-9adbdd43016c - - - - - -] Successfully bumped revision number for resource 34001992-e33b-4eff-8ff2-145d35014069 (type: subnets) to 0
2026-06-23 19:54:13.318 9 INFO neutron.api.wsgi [None req-fdd2324b-53bd-4caa-99d1-7f294d770f54 b00797ae529f42b897dd794041820f5b 9d07abbcab7d409894d3ab20d19f2bff - - default default] 10.0.0.195 "POST /v2.0/subnets HTTP/1.1" status: 201 len: 825 time: 0.7775211
2026-06-23 19:54:13.330 9 WARNING neutron_lib.context [None req-4dbd9d5d-44e7-4f5f-bc95-f6a728505996 b00797ae529f42b897dd794041820f5b 9d07abbcab7d409894d3ab20d19f2bff - - default default] Method 'is_advsvc' is deprecated since 2023.2 release (neutron-lib 3.8.0) and will be removed once support for the old RBAC API policies will be removed from Neutron. Please use method 'is_service_role' instead.
2026-06-23 19:54:13.396 10 INFO neutron.db.ovn_revision_numbers_db [None req-d1c8d721-6e1c-434c-a5b0-f8466ff6cc15 51245f40abf849dba67f2951605c0576 882031b90c5f4ebe80a1995fc0fe5049 - - default default] Successfully bumped revision number for resource c1f311f1-eab3-4dc1-93f2-d325a5f1a4cd (type: security_groups) to 1
2026-06-23 19:54:13.409 10 INFO neutron.db.ovn_revision_numbers_db [None req-d1c8d721-6e1c-434c-a5b0-f8466ff6cc15 51245f40abf849dba67f2951605c0576 882031b90c5f4ebe80a1995fc0fe5049 - - default default] Successfully bumped revision number for resource 395bde61-4748-464f-877e-0df0b3bb533b (type: security_group_rules) to 0
2026-06-23 19:54:13.425 10 INFO neutron.db.ovn_revision_numbers_db [None req-d1c8d721-6e1c-434c-a5b0-f8466ff6cc15 51245f40abf849dba67f2951605c0576 882031b90c5f4ebe80a1995fc0fe5049 - - default default] Successfully bumped revision number for resource 86e62cd9-3cd8-478f-bf24-2fa6b8931892 (type: security_group_rules) to 0
2026-06-23 19:54:13.441 10 INFO neutron.db.ovn_revision_numbers_db [None req-d1c8d721-6e1c-434c-a5b0-f8466ff6cc15 51245f40abf849dba67f2951605c0576 882031b90c5f4ebe80a1995fc0fe5049 - - default default] Successfully bumped revision number for resource 879108ae-e8be-41d4-8d58-0d6bf126bd1b (type: security_group_rules) to 0
2026-06-23 19:54:13.453 10 INFO neutron.db.ovn_revision_numbers_db [None req-d1c8d721-6e1c-434c-a5b0-f8466ff6cc15 51245f40abf849dba67f2951605c0576 882031b90c5f4ebe80a1995fc0fe5049 - - default default] Successfully bumped revision number for resource bdc1b28d-cd33-407e-b2e3-c06e9dcb8f4b (type: security_group_rules) to 0
2026-06-23 19:54:13.468 9 INFO neutron.db.ovn_revision_numbers_db [None req-3857117a-5d3b-40d7-8a23-ecc657c99e30 - - - - - -] Successfully bumped revision number for resource cfadb5b4-55b7-4eb8-9680-d434044facc9 (type: ports) to 2
2026-06-23 19:54:13.501 9 INFO neutron.db.ovn_revision_numbers_db [None req-3857117a-5d3b-40d7-8a23-ecc657c99e30 - - - - - -] Successfully bumped revision number for resource a3121d8e-5dc4-4537-8849-68fcd319f0c7 (type: subnets) to 0
2026-06-23 19:54:13.519 9 INFO neutron.api.wsgi [None req-700a4501-6965-4f0a-a7b2-71a08dae1e19 6531e8a725114f278609305c72d62689 0572d611664f4e79a59a48ac64113adc - - default default] 10.0.0.195 "POST /v2.0/subnets HTTP/1.1" status: 201 len: 843 time: 0.7719269
2026-06-23 19:54:13.527 9 WARNING neutron.api.v2.base [None req-25cc3d03-9666-4731-a9cd-c1e4d7abade2 6531e8a725114f278609305c72d62689 0572d611664f4e79a59a48ac64113adc - - default default] An exception happened while processing the request body. The exception message is [Invalid input for target_tenant. Reason: 'None' is not a valid string.].: webob.exc.HTTPBadRequest: Invalid input for target_tenant. Reason: 'None' is not a valid string.
2026-06-23 19:54:13.528 9 INFO neutron.api.v2.resource [None req-25cc3d03-9666-4731-a9cd-c1e4d7abade2 6531e8a725114f278609305c72d62689 0572d611664f4e79a59a48ac64113adc - - default default] create failed (client error): Invalid input for target_tenant. Reason: 'None' is not a valid string.
2026-06-23 19:54:13.529 9 INFO neutron.api.wsgi [None req-25cc3d03-9666-4731-a9cd-c1e4d7abade2 6531e8a725114f278609305c72d62689 0572d611664f4e79a59a48ac64113adc - - default default] 10.0.0.195 "POST /v2.0/rbac-policies HTTP/1.1" status: 400 len: 346 time: 0.0046749
2026-06-23 19:54:13.531 10 INFO neutron.db.segments_db [None req-d1c8d721-6e1c-434c-a5b0-f8466ff6cc15 51245f40abf849dba67f2951605c0576 882031b90c5f4ebe80a1995fc0fe5049 - - default default] Added segment bc795897-93cb-4734-a75d-cc5c08a1a69a of type geneve for network 25eed226-7cd1-43f5-8632-d9cbbd2aa9b5
2026-06-23 19:54:13.680 10 INFO neutron.db.ovn_revision_numbers_db [None req-d1c8d721-6e1c-434c-a5b0-f8466ff6cc15 51245f40abf849dba67f2951605c0576 882031b90c5f4ebe80a1995fc0fe5049 - - default default] Successfully bumped revision number for resource 25eed226-7cd1-43f5-8632-d9cbbd2aa9b5 (type: networks) to 1
2026-06-23 19:54:13.713 9 WARNING neutron.scheduler.dhcp_agent_scheduler [None req-4dbd9d5d-44e7-4f5f-bc95-f6a728505996 b00797ae529f42b897dd794041820f5b 9d07abbcab7d409894d3ab20d19f2bff - - default default] No more DHCP agents
2026-06-23 19:54:13.714 9 WARNING neutron.api.rpc.agentnotifiers.dhcp_rpc_agent_api [None req-4dbd9d5d-44e7-4f5f-bc95-f6a728505996 b00797ae529f42b897dd794041820f5b 9d07abbcab7d409894d3ab20d19f2bff - - default default] Unable to schedule network fc8dd96c-e655-4837-bd71-a61a77ef4ad4: no agents available; will retry on subsequent port and subnet creation events.
2026-06-23 19:54:13.823 9 INFO neutron.db.ovn_revision_numbers_db [None req-4dbd9d5d-44e7-4f5f-bc95-f6a728505996 b00797ae529f42b897dd794041820f5b 9d07abbcab7d409894d3ab20d19f2bff - - default default] Successfully bumped revision number for resource c1fbde51-1ae7-4f0e-b297-8d22754fcbb8 (type: ports) to 1
2026-06-23 19:54:13.841 10 WARNING neutron.scheduler.dhcp_agent_scheduler [None req-d1c8d721-6e1c-434c-a5b0-f8466ff6cc15 51245f40abf849dba67f2951605c0576 882031b90c5f4ebe80a1995fc0fe5049 - - default default] No more DHCP agents
2026-06-23 19:54:13.842 10 WARNING neutron.api.rpc.agentnotifiers.dhcp_rpc_agent_api [None req-d1c8d721-6e1c-434c-a5b0-f8466ff6cc15 51245f40abf849dba67f2951605c0576 882031b90c5f4ebe80a1995fc0fe5049 - - default default] Unable to schedule network 25eed226-7cd1-43f5-8632-d9cbbd2aa9b5: no agents available; will retry on subsequent port and subnet creation events.
2026-06-23 19:54:13.919 10 INFO neutron.db.ovn_revision_numbers_db [None req-d1c8d721-6e1c-434c-a5b0-f8466ff6cc15 51245f40abf849dba67f2951605c0576 882031b90c5f4ebe80a1995fc0fe5049 - - default default] Successfully bumped revision number for resource 709319f5-0b88-4aa5-9b61-a1f656bd739b (type: ports) to 1
2026-06-23 19:54:13.950 10 INFO neutron.api.wsgi [None req-d1c8d721-6e1c-434c-a5b0-f8466ff6cc15 51245f40abf849dba67f2951605c0576 882031b90c5f4ebe80a1995fc0fe5049 - - default default] 10.0.0.195 "POST /v2.0/networks HTTP/1.1" status: 201 len: 831 time: 0.7915161
2026-06-23 19:54:13.961 10 WARNING neutron_lib.context [None req-6db88063-7564-4ac6-a8ae-6340fedf5cab 51245f40abf849dba67f2951605c0576 882031b90c5f4ebe80a1995fc0fe5049 - - default default] Method 'is_advsvc' is deprecated since 2023.2 release (neutron-lib 3.8.0) and will be removed once support for the old RBAC API policies will be removed from Neutron. Please use method 'is_service_role' instead.
2026-06-23 19:54:14.051 10 INFO neutron.services.segments.plugin [-] Segment 2ac13112-6a8a-4eeb-8962-9753fb08cf9d resource provider aggregate not found
2026-06-23 19:54:14.054 10 INFO neutron.db.segments_db [None req-6db88063-7564-4ac6-a8ae-6340fedf5cab 51245f40abf849dba67f2951605c0576 882031b90c5f4ebe80a1995fc0fe5049 - - default default] Added segment 8fa98eb2-db13-4922-8223-9f926c5b5270 of type geneve for network 65bfaeb9-7ed0-43ea-a307-f784f8e9d9a7
2026-06-23 19:54:14.055 10 INFO neutron.services.segments.plugin [-] Segment 2ac13112-6a8a-4eeb-8962-9753fb08cf9d resource provider aggregate not found
2026-06-23 19:54:14.064 10 INFO neutron.services.segments.plugin [-] Segment 2ac13112-6a8a-4eeb-8962-9753fb08cf9d resource provider not found; error: Placement Client Error (4xx): {"errors": [{"status": 404, "title": "Not Found", "detail": "The resource could not be found.\n\n No resource provider with uuid 2ac13112-6a8a-4eeb-8962-9753fb08cf9d found for delete ", "request_id": "req-ec6c47ec-6c15-44a0-96fd-762acb918d2d"}]}
2026-06-23 19:54:14.071 10 INFO neutron.services.segments.plugin [-] Segment 2ac13112-6a8a-4eeb-8962-9753fb08cf9d resource provider not found; error: Placement Client Error (4xx): {"errors": [{"status": 404, "title": "Not Found", "detail": "The resource could not be found.\n\n No resource provider with uuid 2ac13112-6a8a-4eeb-8962-9753fb08cf9d found for delete ", "request_id": "req-da9b1dca-d273-4d8e-a133-c9d5d69d859d"}]}
2026-06-23 19:54:14.089 10 INFO neutron.api.wsgi [None req-a24a2655-9f91-4521-b1ed-17ecacc789e9 6531e8a725114f278609305c72d62689 0572d611664f4e79a59a48ac64113adc - - default default] 10.0.0.195 "DELETE /v2.0/networks/0842361f-b1e0-42c5-9a09-28396c41fed5 HTTP/1.1" status: 204 len: 168 time: 0.5496228
2026-06-23 19:54:14.191 10 INFO neutron.db.segments_db [None req-97dd3807-e922-4919-9f55-ce50925479ca 6531e8a725114f278609305c72d62689 0572d611664f4e79a59a48ac64113adc - - default default] Added segment 8e285347-0ab9-4a71-8f85-8505f40a30e8 of type geneve for network 4b77a847-9c4f-4896-a5ce-e15a7bd0ed98
2026-06-23 19:54:14.199 10 INFO neutron.db.ovn_revision_numbers_db [None req-6db88063-7564-4ac6-a8ae-6340fedf5cab 51245f40abf849dba67f2951605c0576 882031b90c5f4ebe80a1995fc0fe5049 - - default default] Successfully bumped revision number for resource 65bfaeb9-7ed0-43ea-a307-f784f8e9d9a7 (type: networks) to 1
2026-06-23 19:54:14.313 10 INFO neutron.db.ovn_revision_numbers_db [None req-97dd3807-e922-4919-9f55-ce50925479ca 6531e8a725114f278609305c72d62689 0572d611664f4e79a59a48ac64113adc - - default default] Successfully bumped revision number for resource 4b77a847-9c4f-4896-a5ce-e15a7bd0ed98 (type: networks) to 1
2026-06-23 19:54:14.413 10 WARNING neutron.scheduler.dhcp_agent_scheduler [None req-6db88063-7564-4ac6-a8ae-6340fedf5cab 51245f40abf849dba67f2951605c0576 882031b90c5f4ebe80a1995fc0fe5049 - - default default] No more DHCP agents
2026-06-23 19:54:14.419 10 WARNING neutron.api.rpc.agentnotifiers.dhcp_rpc_agent_api [None req-6db88063-7564-4ac6-a8ae-6340fedf5cab 51245f40abf849dba67f2951605c0576 882031b90c5f4ebe80a1995fc0fe5049 - - default default] Unable to schedule network 65bfaeb9-7ed0-43ea-a307-f784f8e9d9a7: no agents available; will retry on subsequent port and subnet creation events.
2026-06-23 19:54:14.524 10 WARNING neutron.scheduler.dhcp_agent_scheduler [None req-97dd3807-e922-4919-9f55-ce50925479ca 6531e8a725114f278609305c72d62689 0572d611664f4e79a59a48ac64113adc - - default default] No more DHCP agents
2026-06-23 19:54:14.525 10 WARNING neutron.api.rpc.agentnotifiers.dhcp_rpc_agent_api [None req-97dd3807-e922-4919-9f55-ce50925479ca 6531e8a725114f278609305c72d62689 0572d611664f4e79a59a48ac64113adc - - default default] Unable to schedule network 4b77a847-9c4f-4896-a5ce-e15a7bd0ed98: no agents available; will retry on subsequent port and subnet creation events.
2026-06-23 19:54:14.527 10 INFO neutron.db.ovn_revision_numbers_db [None req-6db88063-7564-4ac6-a8ae-6340fedf5cab 51245f40abf849dba67f2951605c0576 882031b90c5f4ebe80a1995fc0fe5049 - - default default] Successfully bumped revision number for resource f44444d2-93df-47f9-adc3-fd65a86d47e5 (type: ports) to 1
2026-06-23 19:54:14.547 10 INFO neutron.api.wsgi [None req-6db88063-7564-4ac6-a8ae-6340fedf5cab 51245f40abf849dba67f2951605c0576 882031b90c5f4ebe80a1995fc0fe5049 - - default default] 10.0.0.195 "POST /v2.0/networks HTTP/1.1" status: 201 len: 830 time: 0.5938454
2026-06-23 19:54:14.558 9 WARNING neutron_lib.context [None req-9d03a3eb-8cf5-49b1-af14-321a15616445 51245f40abf849dba67f2951605c0576 882031b90c5f4ebe80a1995fc0fe5049 - - default default] Method 'is_advsvc' is deprecated since 2023.2 release (neutron-lib 3.8.0) and will be removed once support for the old RBAC API policies will be removed from Neutron. Please use method 'is_service_role' instead.
2026-06-23 19:54:14.585 10 INFO neutron.db.ovn_revision_numbers_db [None req-97dd3807-e922-4919-9f55-ce50925479ca 6531e8a725114f278609305c72d62689 0572d611664f4e79a59a48ac64113adc - - default default] Successfully bumped revision number for resource 6ba08fc1-594d-4288-8851-f4e181dcb7f9 (type: ports) to 1
2026-06-23 19:54:14.603 10 INFO neutron.api.wsgi [None req-97dd3807-e922-4919-9f55-ce50925479ca 6531e8a725114f278609305c72d62689 0572d611664f4e79a59a48ac64113adc - - default default] 10.0.0.195 "POST /v2.0/networks HTTP/1.1" status: 201 len: 928 time: 0.5065649
2026-06-23 19:54:14.653 9 INFO neutron.db.segments_db [None req-9d03a3eb-8cf5-49b1-af14-321a15616445 51245f40abf849dba67f2951605c0576 882031b90c5f4ebe80a1995fc0fe5049 - - default default] Added segment 9238fa7c-ea68-4e52-a69e-4ba4d857c390 of type geneve for network c87ab92a-9bc3-47ef-a47f-f49b85a5f823
2026-06-23 19:54:14.742 9 INFO neutron.plugins.ml2.drivers.ovn.mech_driver.ovsdb.commands [None req-620edba5-8e60-4bf1-bb40-d4e8f90c4403 - - - - - -] Schedule LRP lrp-c1fbde51-1ae7-4f0e-b297-8d22754fcbb8 on gateway 568031f9-7582-466f-85de-aec8fb0436fd with priority 1
2026-06-23 19:54:14.753 10 INFO neutron.plugins.ml2.drivers.ovn.mech_driver.mech_driver [None req-a3f94692-4051-4eaa-b834-dd2727633c9a - - - - - -] OVN reports status up for port: c1fbde51-1ae7-4f0e-b297-8d22754fcbb8
2026-06-23 19:54:14.763 10 INFO neutron.plugins.ml2.plugin [None req-a3f94692-4051-4eaa-b834-dd2727633c9a - - - - - -] Attempt 1 to provision port c1fbde51-1ae7-4f0e-b297-8d22754fcbb8
2026-06-23 19:54:14.792 9 INFO neutron.db.ovn_revision_numbers_db [None req-4dbd9d5d-44e7-4f5f-bc95-f6a728505996 b00797ae529f42b897dd794041820f5b 9d07abbcab7d409894d3ab20d19f2bff - - default default] Successfully bumped revision number for resource c1fbde51-1ae7-4f0e-b297-8d22754fcbb8 (type: router_ports) to 1
2026-06-23 19:54:14.837 9 WARNING neutron.scheduler.dhcp_agent_scheduler [None req-3c1d52b9-a898-4c4c-a356-da62818b6cff 6531e8a725114f278609305c72d62689 0572d611664f4e79a59a48ac64113adc - - default default] No more DHCP agents
2026-06-23 19:54:14.839 9 INFO neutron.db.ovn_revision_numbers_db [None req-9d03a3eb-8cf5-49b1-af14-321a15616445 51245f40abf849dba67f2951605c0576 882031b90c5f4ebe80a1995fc0fe5049 - - default default] Successfully bumped revision number for resource c87ab92a-9bc3-47ef-a47f-f49b85a5f823 (type: networks) to 1
2026-06-23 19:54:14.842 9 WARNING neutron.api.rpc.agentnotifiers.dhcp_rpc_agent_api [None req-3c1d52b9-a898-4c4c-a356-da62818b6cff 6531e8a725114f278609305c72d62689 0572d611664f4e79a59a48ac64113adc - - default default] Unable to schedule network 4b77a847-9c4f-4896-a5ce-e15a7bd0ed98: no agents available; will retry on subsequent port and subnet creation events.
2026-06-23 19:54:14.888 9 INFO neutron.db.ovn_revision_numbers_db [None req-4dbd9d5d-44e7-4f5f-bc95-f6a728505996 b00797ae529f42b897dd794041820f5b 9d07abbcab7d409894d3ab20d19f2bff - - default default] Successfully bumped revision number for resource 819eb836-7c8d-4246-b2c5-951d98671c20 (type: routers) to 2
2026-06-23 19:54:14.917 9 INFO neutron.api.wsgi [None req-4dbd9d5d-44e7-4f5f-bc95-f6a728505996 b00797ae529f42b897dd794041820f5b 9d07abbcab7d409894d3ab20d19f2bff - - default default] 10.0.0.195 "POST /v2.0/routers HTTP/1.1" status: 201 len: 1134 time: 1.5914292
2026-06-23 19:54:15.072 9 WARNING neutron.scheduler.dhcp_agent_scheduler [None req-9d03a3eb-8cf5-49b1-af14-321a15616445 51245f40abf849dba67f2951605c0576 882031b90c5f4ebe80a1995fc0fe5049 - - default default] No more DHCP agents
2026-06-23 19:54:15.075 9 WARNING neutron.api.rpc.agentnotifiers.dhcp_rpc_agent_api [None req-9d03a3eb-8cf5-49b1-af14-321a15616445 51245f40abf849dba67f2951605c0576 882031b90c5f4ebe80a1995fc0fe5049 - - default default] Unable to schedule network c87ab92a-9bc3-47ef-a47f-f49b85a5f823: no agents available; will retry on subsequent port and subnet creation events.
2026-06-23 19:54:15.141 9 INFO neutron.db.ovn_revision_numbers_db [None req-9d03a3eb-8cf5-49b1-af14-321a15616445 51245f40abf849dba67f2951605c0576 882031b90c5f4ebe80a1995fc0fe5049 - - default default] Successfully bumped revision number for resource 1ebb7b53-8ec2-4994-aaed-fcbbdbccdaac (type: ports) to 1
2026-06-23 19:54:15.168 9 INFO neutron.api.wsgi [None req-9d03a3eb-8cf5-49b1-af14-321a15616445 51245f40abf849dba67f2951605c0576 882031b90c5f4ebe80a1995fc0fe5049 - - default default] 10.0.0.195 "POST /v2.0/networks HTTP/1.1" status: 201 len: 830 time: 0.6160433
2026-06-23 19:54:15.176 9 WARNING neutron_lib.context [None req-319f4632-0e20-4094-8a2f-04e76daf62df 51245f40abf849dba67f2951605c0576 882031b90c5f4ebe80a1995fc0fe5049 - - default default] Method 'is_advsvc' is deprecated since 2023.2 release (neutron-lib 3.8.0) and will be removed once support for the old RBAC API policies will be removed from Neutron. Please use method 'is_service_role' instead.
2026-06-23 19:54:15.260 9 INFO neutron.db.segments_db [None req-319f4632-0e20-4094-8a2f-04e76daf62df 51245f40abf849dba67f2951605c0576 882031b90c5f4ebe80a1995fc0fe5049 - - default default] Added segment c3b8e386-5e5d-40ab-86fe-869ebae26db1 of type geneve for network a9de370f-68ce-49f2-a4cf-0b63432b752c
2026-06-23 19:54:15.391 9 INFO neutron.db.ovn_revision_numbers_db [None req-319f4632-0e20-4094-8a2f-04e76daf62df 51245f40abf849dba67f2951605c0576 882031b90c5f4ebe80a1995fc0fe5049 - - default default] Successfully bumped revision number for resource a9de370f-68ce-49f2-a4cf-0b63432b752c (type: networks) to 1
2026-06-23 19:54:15.393 9 INFO neutron.db.ovn_revision_numbers_db [None req-4acfea40-e0e2-43e9-8978-c800de7b4e6f - - - - - -] Successfully bumped revision number for resource 6ba08fc1-594d-4288-8851-f4e181dcb7f9 (type: ports) to 2
2026-06-23 19:54:15.445 9 INFO neutron.db.ovn_revision_numbers_db [None req-4acfea40-e0e2-43e9-8978-c800de7b4e6f - - - - - -] Successfully bumped revision number for resource 60a7177d-0f48-45b1-a7fd-023a6b4152d0 (type: subnets) to 0
2026-06-23 19:54:15.465 9 INFO neutron.api.wsgi [None req-3c1d52b9-a898-4c4c-a356-da62818b6cff 6531e8a725114f278609305c72d62689 0572d611664f4e79a59a48ac64113adc - - default default] 10.0.0.195 "POST /v2.0/subnets HTTP/1.1" status: 201 len: 846 time: 0.8557792
2026-06-23 19:54:15.472 10 WARNING neutron.scheduler.dhcp_agent_scheduler [None req-a539e9e3-5fc8-49bb-9ae8-aa7d6d721db4 b00797ae529f42b897dd794041820f5b 9d07abbcab7d409894d3ab20d19f2bff - - default default] No more DHCP agents
2026-06-23 19:54:15.473 10 WARNING neutron.api.rpc.agentnotifiers.dhcp_rpc_agent_api [None req-a539e9e3-5fc8-49bb-9ae8-aa7d6d721db4 b00797ae529f42b897dd794041820f5b 9d07abbcab7d409894d3ab20d19f2bff - - default default] Unable to schedule network c0288c2b-93e2-42b0-bc2b-96465d46c80e: no agents available; will retry on subsequent port and subnet creation events.
