2026-06-23 19:53:04.421 10 WARNING neutron_lib.context [None req-4dfdd65f-6e8b-4011-b62d-55fa9f42ff30 c37e74f63a584f30ba8726997fa42689 ba025caf699b445097df93c445862a10 - - default default] Method 'is_advsvc' is deprecated since 2023.2 release (neutron-lib 3.8.0) and will be removed once support for the old RBAC API policies will be removed from Neutron. Please use method 'is_service_role' instead.
2026-06-23 19:53:04.524 10 INFO neutron.db.ovn_revision_numbers_db [None req-4dfdd65f-6e8b-4011-b62d-55fa9f42ff30 c37e74f63a584f30ba8726997fa42689 ba025caf699b445097df93c445862a10 - - default default] Successfully bumped revision number for resource 5f1601e4-dc34-46f9-860e-d4f713bf8e9e (type: security_group_rules) to 0
2026-06-23 19:53:04.569 10 INFO neutron.api.wsgi [None req-4dfdd65f-6e8b-4011-b62d-55fa9f42ff30 c37e74f63a584f30ba8726997fa42689 ba025caf699b445097df93c445862a10 - - default default] 10.0.0.195 "POST /v2.0/security-group-rules HTTP/1.1" status: 201 len: 795 time: 0.1511631
2026-06-23 19:53:04.577 10 WARNING neutron_lib.context [None req-22117499-b92f-4f85-ac4c-f043150f59bd c37e74f63a584f30ba8726997fa42689 ba025caf699b445097df93c445862a10 - - default default] Method 'is_advsvc' is deprecated since 2023.2 release (neutron-lib 3.8.0) and will be removed once support for the old RBAC API policies will be removed from Neutron. Please use method 'is_service_role' instead.
2026-06-23 19:53:04.613 9 INFO neutron.db.ovn_revision_numbers_db [None req-be1ab73a-f99f-44a3-9392-2c3a5e27ca18 - - - - - -] Successfully bumped revision number for resource 4ffe13ac-e058-4242-8f78-839903e1a82c (type: ports) to 2
2026-06-23 19:53:04.687 10 INFO neutron.db.ovn_revision_numbers_db [None req-22117499-b92f-4f85-ac4c-f043150f59bd c37e74f63a584f30ba8726997fa42689 ba025caf699b445097df93c445862a10 - - default default] Successfully bumped revision number for resource 78939c10-ec0d-4186-9787-483706e20d0e (type: security_group_rules) to 0
2026-06-23 19:53:04.727 10 INFO neutron.api.wsgi [None req-22117499-b92f-4f85-ac4c-f043150f59bd c37e74f63a584f30ba8726997fa42689 ba025caf699b445097df93c445862a10 - - default default] 10.0.0.195 "POST /v2.0/security-group-rules HTTP/1.1" status: 201 len: 801 time: 0.1542451
2026-06-23 19:53:04.736 10 WARNING neutron_lib.context [None req-0ec03067-6f4a-453a-90b0-6c0f49a37add c37e74f63a584f30ba8726997fa42689 ba025caf699b445097df93c445862a10 - - default default] Method 'is_advsvc' is deprecated since 2023.2 release (neutron-lib 3.8.0) and will be removed once support for the old RBAC API policies will be removed from Neutron. Please use method 'is_service_role' instead.
2026-06-23 19:53:04.859 10 INFO neutron.db.ovn_revision_numbers_db [None req-0ec03067-6f4a-453a-90b0-6c0f49a37add c37e74f63a584f30ba8726997fa42689 ba025caf699b445097df93c445862a10 - - default default] Successfully bumped revision number for resource b3fe71c4-1660-4ebf-b043-c796512c7278 (type: security_group_rules) to 0
2026-06-23 19:53:04.911 10 INFO neutron.api.wsgi [None req-0ec03067-6f4a-453a-90b0-6c0f49a37add c37e74f63a584f30ba8726997fa42689 ba025caf699b445097df93c445862a10 - - default default] 10.0.0.195 "POST /v2.0/security-group-rules HTTP/1.1" status: 201 len: 800 time: 0.1789389
2026-06-23 19:53:04.925 9 WARNING neutron_lib.context [None req-d24d04e9-b971-4940-bdc9-6eb1c5754c61 c37e74f63a584f30ba8726997fa42689 ba025caf699b445097df93c445862a10 - - default default] Method 'is_advsvc' is deprecated since 2023.2 release (neutron-lib 3.8.0) and will be removed once support for the old RBAC API policies will be removed from Neutron. Please use method 'is_service_role' instead.
2026-06-23 19:53:04.941 10 INFO neutron.api.wsgi [None req-758a3d9c-d2d4-4591-a98b-7e1b55c94e72 0e83d44bb91744d7807a10d096bf3220 0e66550f1a46497db7018bc697d7792a - - default default] 10.0.0.195 "GET /v2.0/ports/4ffe13ac-e058-4242-8f78-839903e1a82c HTTP/1.1" status: 200 len: 1149 time: 0.0501330
2026-06-23 19:53:04.979 9 INFO neutron.db.securitygroups_db [None req-d24d04e9-b971-4940-bdc9-6eb1c5754c61 c37e74f63a584f30ba8726997fa42689 ba025caf699b445097df93c445862a10 - - default default] Project ba025caf699b445097df93c445862a10 added a security group rule with legacy IPv6 ICMP protocol name icmp, ipv6-icmp should be used instead. It was automatically converted.
2026-06-23 19:53:05.066 10 INFO neutron.db.ovn_revision_numbers_db [None req-84127357-b2e3-4418-9584-5f63e9dbe9e2 c5b6ef7ced2d469bbca1220cc95503bc 5905adb67e3e447c965b1bb724244ab6 - - default default] Successfully bumped revision number for resource 32d74634-b6ff-42f7-aaad-66e0e468c5b6 (type: security_groups) to 1
2026-06-23 19:53:05.081 10 INFO neutron.db.ovn_revision_numbers_db [None req-84127357-b2e3-4418-9584-5f63e9dbe9e2 c5b6ef7ced2d469bbca1220cc95503bc 5905adb67e3e447c965b1bb724244ab6 - - default default] Successfully bumped revision number for resource 345d64b7-e7db-4e35-9ac8-53590bd1db7d (type: security_group_rules) to 0
2026-06-23 19:53:05.087 9 INFO neutron.db.ovn_revision_numbers_db [None req-d24d04e9-b971-4940-bdc9-6eb1c5754c61 c37e74f63a584f30ba8726997fa42689 ba025caf699b445097df93c445862a10 - - default default] Successfully bumped revision number for resource 3004d219-e117-44f4-b174-cffb3ab1c120 (type: security_group_rules) to 0
2026-06-23 19:53:05.103 10 INFO neutron.db.ovn_revision_numbers_db [None req-84127357-b2e3-4418-9584-5f63e9dbe9e2 c5b6ef7ced2d469bbca1220cc95503bc 5905adb67e3e447c965b1bb724244ab6 - - default default] Successfully bumped revision number for resource 3acdc4a2-6653-4306-939a-4bb7a5b50bf7 (type: security_group_rules) to 0
2026-06-23 19:53:05.118 10 INFO neutron.db.ovn_revision_numbers_db [None req-84127357-b2e3-4418-9584-5f63e9dbe9e2 c5b6ef7ced2d469bbca1220cc95503bc 5905adb67e3e447c965b1bb724244ab6 - - default default] Successfully bumped revision number for resource 586e3daf-5d82-4d8c-9410-2acc5c29f152 (type: security_group_rules) to 0
2026-06-23 19:53:05.120 9 INFO neutron.api.wsgi [None req-d24d04e9-b971-4940-bdc9-6eb1c5754c61 c37e74f63a584f30ba8726997fa42689 ba025caf699b445097df93c445862a10 - - default default] 10.0.0.195 "POST /v2.0/security-group-rules HTTP/1.1" status: 201 len: 806 time: 0.2016814
2026-06-23 19:53:05.132 9 WARNING neutron_lib.context [None req-1b7ed2d3-9684-4449-8c8e-2850eade108a c37e74f63a584f30ba8726997fa42689 ba025caf699b445097df93c445862a10 - - default default] Method 'is_advsvc' is deprecated since 2023.2 release (neutron-lib 3.8.0) and will be removed once support for the old RBAC API policies will be removed from Neutron. Please use method 'is_service_role' instead.
2026-06-23 19:53:05.136 10 INFO neutron.db.ovn_revision_numbers_db [None req-84127357-b2e3-4418-9584-5f63e9dbe9e2 c5b6ef7ced2d469bbca1220cc95503bc 5905adb67e3e447c965b1bb724244ab6 - - default default] Successfully bumped revision number for resource 93e1fc3c-f0c7-4237-b4ea-b907ab089373 (type: security_group_rules) to 0
2026-06-23 19:53:05.162 9 INFO neutron.db.securitygroups_db [None req-1b7ed2d3-9684-4449-8c8e-2850eade108a c37e74f63a584f30ba8726997fa42689 ba025caf699b445097df93c445862a10 - - default default] Project ba025caf699b445097df93c445862a10 added a security group rule with legacy IPv6 ICMP protocol name icmp, ipv6-icmp should be used instead. It was automatically converted.
2026-06-23 19:53:05.179 10 INFO neutron.api.wsgi [None req-84127357-b2e3-4418-9584-5f63e9dbe9e2 c5b6ef7ced2d469bbca1220cc95503bc 5905adb67e3e447c965b1bb724244ab6 - - default default] 10.0.0.195 "GET /v2.0/security-groups?tenant_id=5848efe73cc34d62abebf868d25e40bd&name=default HTTP/1.1" status: 200 len: 3120 time: 0.4732258
2026-06-23 19:53:05.270 9 INFO neutron.db.ovn_revision_numbers_db [None req-1b7ed2d3-9684-4449-8c8e-2850eade108a c37e74f63a584f30ba8726997fa42689 ba025caf699b445097df93c445862a10 - - default default] Successfully bumped revision number for resource 451364f5-7bbd-41b0-962c-ee261d2f51f2 (type: security_group_rules) to 0
2026-06-23 19:53:05.300 9 INFO neutron.api.wsgi [None req-1b7ed2d3-9684-4449-8c8e-2850eade108a c37e74f63a584f30ba8726997fa42689 ba025caf699b445097df93c445862a10 - - default default] 10.0.0.195 "POST /v2.0/security-group-rules HTTP/1.1" status: 201 len: 805 time: 0.1739845
2026-06-23 19:53:05.388 10 INFO neutron.api.wsgi [None req-f0d96ee4-5708-4e3a-a1a9-986397533291 d77117f36af34cca9a54a5a31c743f4c 33bba0638d694ec19f9eef0dc7106fd2 - - default default] 10.0.0.195 "GET /v2.0/ports/9654f02f-f43d-45ac-b50c-f3d59808f2d3 HTTP/1.1" status: 200 len: 1135 time: 0.1120808
2026-06-23 19:53:05.466 10 INFO neutron.api.wsgi [None req-c4b55983-be0f-46dc-854d-0320c08c3778 c5b6ef7ced2d469bbca1220cc95503bc 5905adb67e3e447c965b1bb724244ab6 - - default default] 10.0.0.195 "DELETE /v2.0/security-groups/32d74634-b6ff-42f7-aaad-66e0e468c5b6 HTTP/1.1" status: 204 len: 168 time: 0.2814832
2026-06-23 19:53:05.596 10 INFO neutron.api.wsgi [None req-f8ac721e-93b6-4cbd-9b03-b5fa9afc894b 0e83d44bb91744d7807a10d096bf3220 0e66550f1a46497db7018bc697d7792a - - default default] 10.0.0.195 "PUT /v2.0/routers/1713dc7c-a866-4d24-b0a9-8fa2580c48a4/remove_router_interface HTTP/1.1" status: 200 len: 503 time: 0.6508141 /var/lib/openstack/lib/python3.12/site-packages/pycadf/identifier.py:71: UserWarning: Invalid uuid: neutron. To ensure interoperability, identifiers should be a valid uuid. warnings.warn(('Invalid uuid: %s. To ensure interoperability, '
2026-06-23 19:53:05.673 10 INFO neutron.api.wsgi [None req-135e1a4b-ce73-4a1b-8a52-d94971247633 0e83d44bb91744d7807a10d096bf3220 0e66550f1a46497db7018bc697d7792a - - default default] 10.0.0.195 "GET /v2.0/ports/77cbda11-78f9-4f92-bc9d-2107db5b53cd HTTP/1.1" status: 200 len: 1141 time: 0.0739465
2026-06-23 19:53:05.802 9 INFO neutron.api.wsgi [None req-be0ed9ef-86b2-4cf8-b81f-15b0a81ce53d c37e74f63a584f30ba8726997fa42689 ba025caf699b445097df93c445862a10 - - default default] 10.0.0.195 "GET /v2.0/networks HTTP/1.1" status: 200 len: 1493 time: 0.1474738
2026-06-23 19:53:05.935 10 INFO neutron.api.wsgi [req-0a3540bc-8834-45fa-9b6a-e22a941d057b req-b00b99fc-a1da-489a-9131-1d4cae9f09ac c37e74f63a584f30ba8726997fa42689 ba025caf699b445097df93c445862a10 - - default default] 10.0.0.169 "GET /v2.0/security-groups?name=tempest-secgroup-smoke-1772538532&fields=id&tenant_id=ba025caf699b445097df93c445862a10 HTTP/1.1" status: 200 len: 267 time: 0.0439959
2026-06-23 19:53:05.997 10 INFO neutron.api.wsgi [req-0a3540bc-8834-45fa-9b6a-e22a941d057b req-129a1282-b321-498b-a556-f4765e7e53a6 c37e74f63a584f30ba8726997fa42689 ba025caf699b445097df93c445862a10 - - default default] 10.0.0.169 "GET /v2.0/networks?id=568883f9-24f6-40b4-87b6-d74d6212e1e6 HTTP/1.1" status: 200 len: 860 time: 0.0526137
2026-06-23 19:53:06.022 10 INFO neutron.api.wsgi [req-0a3540bc-8834-45fa-9b6a-e22a941d057b req-f002faa4-2329-4502-9f3e-61514eb284df c37e74f63a584f30ba8726997fa42689 ba025caf699b445097df93c445862a10 - - default default] 10.0.0.169 "GET /v2.0/quotas/ba025caf699b445097df93c445862a10 HTTP/1.1" status: 200 len: 491 time: 0.0178814
2026-06-23 19:53:06.105 10 INFO neutron.api.wsgi [req-0a3540bc-8834-45fa-9b6a-e22a941d057b req-47ac35be-a617-4be3-8463-e55806255fc9 c37e74f63a584f30ba8726997fa42689 ba025caf699b445097df93c445862a10 - - default default] 10.0.0.169 "GET /v2.0/ports?tenant_id=ba025caf699b445097df93c445862a10&fields=id HTTP/1.1" status: 200 len: 348 time: 0.0788522
2026-06-23 19:53:06.163 10 INFO neutron.api.wsgi [req-0a3540bc-8834-45fa-9b6a-e22a941d057b req-2b8e964d-2fb3-4318-967a-54b3ac6dc48e bef61817891e405da9e12a063b2da462 960f5e7e69f040abbd6c84f4cbce67f7 - - 4fd31dc5079f4054806622ac13d7d6e1 4fd31dc5079f4054806622ac13d7d6e1] 10.0.0.169 "GET /v2.0/networks/568883f9-24f6-40b4-87b6-d74d6212e1e6?fields=segments HTTP/1.1" status: 200 len: 212 time: 0.0402036
2026-06-23 19:53:06.235 10 INFO neutron.api.wsgi [req-0a3540bc-8834-45fa-9b6a-e22a941d057b req-a4f426fc-8af9-4bc7-bfd8-2d5732666de0 bef61817891e405da9e12a063b2da462 960f5e7e69f040abbd6c84f4cbce67f7 - - 4fd31dc5079f4054806622ac13d7d6e1 4fd31dc5079f4054806622ac13d7d6e1] 10.0.0.169 "GET /v2.0/networks/568883f9-24f6-40b4-87b6-d74d6212e1e6?fields=provider%3Aphysical_network&fields=provider%3Anetwork_type HTTP/1.1" status: 200 len: 277 time: 0.0651953
2026-06-23 19:53:06.283 10 INFO neutron.api.wsgi [None req-c3fa49a7-629f-47e2-b2d6-c2f7ac5b0846 0e83d44bb91744d7807a10d096bf3220 0e66550f1a46497db7018bc697d7792a - - default default] 10.0.0.195 "PUT /v2.0/routers/1713dc7c-a866-4d24-b0a9-8fa2580c48a4/remove_router_interface HTTP/1.1" status: 200 len: 503 time: 0.6043773 /var/lib/openstack/lib/python3.12/site-packages/pycadf/identifier.py:71: UserWarning: Invalid uuid: neutron. To ensure interoperability, identifiers should be a valid uuid. warnings.warn(('Invalid uuid: %s. To ensure interoperability, '
2026-06-23 19:53:06.306 10 INFO neutron.api.wsgi [None req-095e84fb-d099-4687-b39e-e2f42abf1a08 0e83d44bb91744d7807a10d096bf3220 0e66550f1a46497db7018bc697d7792a - - default default] 10.0.0.195 "GET /v2.0/ports?device_id=1713dc7c-a866-4d24-b0a9-8fa2580c48a4 HTTP/1.1" status: 200 len: 205 time: 0.0172787
2026-06-23 19:53:06.358 10 INFO neutron.api.wsgi [req-58c5df51-518b-4cb0-b15e-ad08dc536f6c req-3c84745f-5438-4b4f-901f-448389de47cb c37e74f63a584f30ba8726997fa42689 ba025caf699b445097df93c445862a10 - - default default] 10.0.0.169 "GET /v2.0/ports?device_id=e653035d-7c18-42e9-abd7-9a3c894e49a4 HTTP/1.1" status: 200 len: 210 time: 0.0185478
2026-06-23 19:53:06.426 9 INFO neutron.api.wsgi [None req-2ef9d300-45d8-4f98-bfe2-22da19f85de0 d77117f36af34cca9a54a5a31c743f4c 33bba0638d694ec19f9eef0dc7106fd2 - - default default] 10.0.0.195 "GET /v2.0/ports/9654f02f-f43d-45ac-b50c-f3d59808f2d3 HTTP/1.1" status: 200 len: 1135 time: 0.0321016
2026-06-23 19:53:06.504 10 INFO neutron.api.wsgi [None req-9e056f81-7b1f-456d-9e31-9bcb57f9f58e 0e83d44bb91744d7807a10d096bf3220 0e66550f1a46497db7018bc697d7792a - - default default] 10.0.0.195 "DELETE /v2.0/routers/1713dc7c-a866-4d24-b0a9-8fa2580c48a4 HTTP/1.1" status: 204 len: 168 time: 0.1930444
2026-06-23 19:53:06.646 10 INFO neutron.api.wsgi [None req-ca3ee9a9-51d7-4764-a2a3-0ee78a7e4d1a 0e83d44bb91744d7807a10d096bf3220 0e66550f1a46497db7018bc697d7792a - - default default] 10.0.0.195 "DELETE /v2.0/subnets/ef958267-4341-47f0-9676-255f7c623dda HTTP/1.1" status: 204 len: 168 time: 0.1370177
2026-06-23 19:53:06.776 10 INFO neutron.api.wsgi [None req-87475039-b152-4b6a-b5f2-69510218dbe0 0e83d44bb91744d7807a10d096bf3220 0e66550f1a46497db7018bc697d7792a - - default default] 10.0.0.195 "DELETE /v2.0/subnets/3fc7f071-8bfd-4a31-ad02-7397e36c3c15 HTTP/1.1" status: 204 len: 168 time: 0.1257513
2026-06-23 19:53:07.110 10 INFO neutron.services.segments.plugin [-] Segment 9c442887-f5d6-4431-a221-95d6282170eb resource provider aggregate not found
2026-06-23 19:53:07.114 10 INFO neutron.services.segments.plugin [-] Segment 9c442887-f5d6-4431-a221-95d6282170eb resource provider aggregate not found
2026-06-23 19:53:07.128 10 INFO neutron.services.segments.plugin [-] Segment 9c442887-f5d6-4431-a221-95d6282170eb resource provider not found; error: Placement Client Error (4xx): {"errors": [{"status": 404, "title": "Not Found", "detail": "The resource could not be found.\n\n No resource provider with uuid 9c442887-f5d6-4431-a221-95d6282170eb found for delete ", "request_id": "req-2004f01a-5452-496b-a3d0-7181acaa8515"}]}
2026-06-23 19:53:07.129 10 INFO neutron.services.segments.plugin [-] Segment 9c442887-f5d6-4431-a221-95d6282170eb resource provider not found; error: Placement Client Error (4xx): {"errors": [{"status": 404, "title": "Not Found", "detail": "The resource could not be found.\n\n No resource provider with uuid 9c442887-f5d6-4431-a221-95d6282170eb found for delete ", "request_id": "req-e9f52b5a-38dc-4fb2-b680-e340f4e3d4e3"}]}
2026-06-23 19:53:07.139 10 INFO neutron.api.wsgi [None req-6c9da136-78a6-435a-a63f-2fb21000b76e 0e83d44bb91744d7807a10d096bf3220 0e66550f1a46497db7018bc697d7792a - - default default] 10.0.0.195 "DELETE /v2.0/networks/a97dda37-1442-4bb9-af9f-06ddac1de71d HTTP/1.1" status: 204 len: 168 time: 0.3534739
2026-06-23 19:53:07.437 9 INFO neutron.services.segments.plugin [-] Segment 0fe2f9f9-8c32-46f2-b18f-c7f0efe5800b resource provider aggregate not found
2026-06-23 19:53:07.443 10 INFO neutron.api.wsgi [req-e2fc40f1-97fc-4313-9f14-3bf9fdecd0ce req-6a3d3035-795a-45eb-a337-762de9b09784 c37e74f63a584f30ba8726997fa42689 ba025caf699b445097df93c445862a10 - - default default] 10.0.0.169 "GET /v2.0/ports?device_id=e653035d-7c18-42e9-abd7-9a3c894e49a4 HTTP/1.1" status: 200 len: 210 time: 0.0185704
2026-06-23 19:53:07.448 9 INFO neutron.services.segments.plugin [-] Segment 0fe2f9f9-8c32-46f2-b18f-c7f0efe5800b resource provider aggregate not found
2026-06-23 19:53:07.457 9 INFO neutron.services.segments.plugin [-] Segment 0fe2f9f9-8c32-46f2-b18f-c7f0efe5800b resource provider not found; error: Placement Client Error (4xx): {"errors": [{"status": 404, "title": "Not Found", "detail": "The resource could not be found.\n\n No resource provider with uuid 0fe2f9f9-8c32-46f2-b18f-c7f0efe5800b found for delete ", "request_id": "req-1403c5a7-448b-4f75-b6d2-b4ac5cea573f"}]}
2026-06-23 19:53:07.463 9 INFO neutron.services.segments.plugin [-] Segment 0fe2f9f9-8c32-46f2-b18f-c7f0efe5800b resource provider not found; error: Placement Client Error (4xx): {"errors": [{"status": 404, "title": "Not Found", "detail": "The resource could not be found.\n\n No resource provider with uuid 0fe2f9f9-8c32-46f2-b18f-c7f0efe5800b found for delete ", "request_id": "req-424c0e99-f6a1-4b84-a128-e3fd60ef6e6f"}]}
2026-06-23 19:53:07.470 9 INFO neutron.api.wsgi [None req-9cd7f159-827f-4aee-a4d7-9db358a53290 d77117f36af34cca9a54a5a31c743f4c 33bba0638d694ec19f9eef0dc7106fd2 - - default default] 10.0.0.195 "GET /v2.0/ports/9654f02f-f43d-45ac-b50c-f3d59808f2d3 HTTP/1.1" status: 200 len: 1135 time: 0.0400665
2026-06-23 19:53:07.477 10 INFO neutron.db.ovn_revision_numbers_db [None req-d5918b61-fcfa-4e3e-8b89-36031708205b c5b6ef7ced2d469bbca1220cc95503bc 5905adb67e3e447c965b1bb724244ab6 - - default default] Successfully bumped revision number for resource 5feffc6a-7bdf-4023-97b1-95fb4d8fe834 (type: security_groups) to 1
2026-06-23 19:53:07.482 9 INFO neutron.api.wsgi [None req-4e285394-bbef-4e67-b7cb-1c51a3fcbe79 0e83d44bb91744d7807a10d096bf3220 0e66550f1a46497db7018bc697d7792a - - default default] 10.0.0.195 "DELETE /v2.0/networks/6509da28-f70d-45f4-9147-ce3aba997ab2 HTTP/1.1" status: 204 len: 168 time: 0.3396232
2026-06-23 19:53:07.495 9 WARNING neutron_lib.context [None req-05bc5736-5c4d-4d50-8d1a-6035aea8d453 0e83d44bb91744d7807a10d096bf3220 0e66550f1a46497db7018bc697d7792a - - default default] Method 'is_advsvc' is deprecated since 2023.2 release (neutron-lib 3.8.0) and will be removed once support for the old RBAC API policies will be removed from Neutron. Please use method 'is_service_role' instead.
2026-06-23 19:53:07.495 10 INFO neutron.db.ovn_revision_numbers_db [None req-d5918b61-fcfa-4e3e-8b89-36031708205b c5b6ef7ced2d469bbca1220cc95503bc 5905adb67e3e447c965b1bb724244ab6 - - default default] Successfully bumped revision number for resource a308e2db-c158-4025-8969-c85cf3b67dd5 (type: security_group_rules) to 0
2026-06-23 19:53:07.510 10 INFO neutron.db.ovn_revision_numbers_db [None req-d5918b61-fcfa-4e3e-8b89-36031708205b c5b6ef7ced2d469bbca1220cc95503bc 5905adb67e3e447c965b1bb724244ab6 - - default default] Successfully bumped revision number for resource b99d416a-81b3-48c0-9968-045d60d999f2 (type: security_group_rules) to 0
2026-06-23 19:53:07.524 10 INFO neutron.db.ovn_revision_numbers_db [None req-d5918b61-fcfa-4e3e-8b89-36031708205b c5b6ef7ced2d469bbca1220cc95503bc 5905adb67e3e447c965b1bb724244ab6 - - default default] Successfully bumped revision number for resource b9d8a3ae-ee75-4256-8b0f-35ed53920164 (type: security_group_rules) to 0
2026-06-23 19:53:07.537 10 INFO neutron.db.ovn_revision_numbers_db [None req-d5918b61-fcfa-4e3e-8b89-36031708205b c5b6ef7ced2d469bbca1220cc95503bc 5905adb67e3e447c965b1bb724244ab6 - - default default] Successfully bumped revision number for resource fc7e7545-6169-4a7a-ba9c-e3cc78e44454 (type: security_group_rules) to 0
2026-06-23 19:53:07.578 9 INFO neutron.db.segments_db [None req-05bc5736-5c4d-4d50-8d1a-6035aea8d453 0e83d44bb91744d7807a10d096bf3220 0e66550f1a46497db7018bc697d7792a - - default default] Added segment 112ef6aa-0fbf-4520-b13c-38f51ee42e0b of type geneve for network daa00524-fac9-414d-9ddd-4510980eefc2
2026-06-23 19:53:07.613 10 INFO neutron.db.segments_db [None req-d5918b61-fcfa-4e3e-8b89-36031708205b c5b6ef7ced2d469bbca1220cc95503bc 5905adb67e3e447c965b1bb724244ab6 - - default default] Added segment 81330970-5635-4a6b-8dea-ed7a3d052f00 of type geneve for network 12845b28-b65d-4927-b172-b03ca6ba6194
2026-06-23 19:53:07.686 9 INFO neutron.db.ovn_revision_numbers_db [None req-05bc5736-5c4d-4d50-8d1a-6035aea8d453 0e83d44bb91744d7807a10d096bf3220 0e66550f1a46497db7018bc697d7792a - - default default] Successfully bumped revision number for resource daa00524-fac9-414d-9ddd-4510980eefc2 (type: networks) to 1
2026-06-23 19:53:07.726 10 INFO neutron.db.ovn_revision_numbers_db [None req-d5918b61-fcfa-4e3e-8b89-36031708205b c5b6ef7ced2d469bbca1220cc95503bc 5905adb67e3e447c965b1bb724244ab6 - - default default] Successfully bumped revision number for resource 12845b28-b65d-4927-b172-b03ca6ba6194 (type: networks) to 1
2026-06-23 19:53:07.844 9 WARNING neutron.scheduler.dhcp_agent_scheduler [None req-05bc5736-5c4d-4d50-8d1a-6035aea8d453 0e83d44bb91744d7807a10d096bf3220 0e66550f1a46497db7018bc697d7792a - - default default] No more DHCP agents
2026-06-23 19:53:07.846 9 WARNING neutron.api.rpc.agentnotifiers.dhcp_rpc_agent_api [None req-05bc5736-5c4d-4d50-8d1a-6035aea8d453 0e83d44bb91744d7807a10d096bf3220 0e66550f1a46497db7018bc697d7792a - - default default] Unable to schedule network daa00524-fac9-414d-9ddd-4510980eefc2: no agents available; will retry on subsequent port and subnet creation events.
2026-06-23 19:53:07.899 10 WARNING neutron.scheduler.dhcp_agent_scheduler [None req-d5918b61-fcfa-4e3e-8b89-36031708205b c5b6ef7ced2d469bbca1220cc95503bc 5905adb67e3e447c965b1bb724244ab6 - - default default] No more DHCP agents
2026-06-23 19:53:07.900 10 WARNING neutron.api.rpc.agentnotifiers.dhcp_rpc_agent_api [None req-d5918b61-fcfa-4e3e-8b89-36031708205b c5b6ef7ced2d469bbca1220cc95503bc 5905adb67e3e447c965b1bb724244ab6 - - default default] Unable to schedule network 12845b28-b65d-4927-b172-b03ca6ba6194: no agents available; will retry on subsequent port and subnet creation events.
2026-06-23 19:53:07.922 9 INFO neutron.db.ovn_revision_numbers_db [None req-05bc5736-5c4d-4d50-8d1a-6035aea8d453 0e83d44bb91744d7807a10d096bf3220 0e66550f1a46497db7018bc697d7792a - - default default] Successfully bumped revision number for resource e13c0800-17ea-4bda-89fe-d540822036ab (type: ports) to 1
2026-06-23 19:53:07.948 9 INFO neutron.api.wsgi [None req-05bc5736-5c4d-4d50-8d1a-6035aea8d453 0e83d44bb91744d7807a10d096bf3220 0e66550f1a46497db7018bc697d7792a - - default default] 10.0.0.195 "POST /v2.0/networks HTTP/1.1" status: 201 len: 832 time: 0.4570537
2026-06-23 19:53:07.959 9 WARNING neutron_lib.context [None req-01685d43-46fb-49f5-9846-339366188d59 0e83d44bb91744d7807a10d096bf3220 0e66550f1a46497db7018bc697d7792a - - default default] Method 'is_advsvc' is deprecated since 2023.2 release (neutron-lib 3.8.0) and will be removed once support for the old RBAC API policies will be removed from Neutron. Please use method 'is_service_role' instead.
2026-06-23 19:53:07.972 10 INFO neutron.db.ovn_revision_numbers_db [None req-d5918b61-fcfa-4e3e-8b89-36031708205b c5b6ef7ced2d469bbca1220cc95503bc 5905adb67e3e447c965b1bb724244ab6 - - default default] Successfully bumped revision number for resource 2c55d6fd-6cf5-4f3c-9ec1-0a40a3394b3b (type: ports) to 1
2026-06-23 19:53:07.994 10 INFO neutron.api.wsgi [None req-d5918b61-fcfa-4e3e-8b89-36031708205b c5b6ef7ced2d469bbca1220cc95503bc 5905adb67e3e447c965b1bb724244ab6 - - default default] 10.0.0.195 "POST /v2.0/networks HTTP/1.1" status: 201 len: 943 time: 0.8223658
2026-06-23 19:53:08.152 9 WARNING neutron.scheduler.dhcp_agent_scheduler [None req-585f2454-68b7-491f-a0ff-512db7208be9 c5b6ef7ced2d469bbca1220cc95503bc 5905adb67e3e447c965b1bb724244ab6 - - default default] No more DHCP agents
2026-06-23 19:53:08.153 9 WARNING neutron.api.rpc.agentnotifiers.dhcp_rpc_agent_api [None req-585f2454-68b7-491f-a0ff-512db7208be9 c5b6ef7ced2d469bbca1220cc95503bc 5905adb67e3e447c965b1bb724244ab6 - - default default] Unable to schedule network 12845b28-b65d-4927-b172-b03ca6ba6194: no agents available; will retry on subsequent port and subnet creation events.
2026-06-23 19:53:08.164 9 WARNING neutron.scheduler.dhcp_agent_scheduler [None req-01685d43-46fb-49f5-9846-339366188d59 0e83d44bb91744d7807a10d096bf3220 0e66550f1a46497db7018bc697d7792a - - default default] No more DHCP agents
2026-06-23 19:53:08.166 9 WARNING neutron.api.rpc.agentnotifiers.dhcp_rpc_agent_api [None req-01685d43-46fb-49f5-9846-339366188d59 0e83d44bb91744d7807a10d096bf3220 0e66550f1a46497db7018bc697d7792a - - default default] Unable to schedule network daa00524-fac9-414d-9ddd-4510980eefc2: no agents available; will retry on subsequent port and subnet creation events.
2026-06-23 19:53:08.197 9 INFO neutron.db.ovn_revision_numbers_db [None req-01685d43-46fb-49f5-9846-339366188d59 0e83d44bb91744d7807a10d096bf3220 0e66550f1a46497db7018bc697d7792a - - default default] Successfully bumped revision number for resource 68095887-98e1-4201-97e7-adc3e6401bfc (type: subnets) to 0
2026-06-23 19:53:08.211 9 INFO neutron.api.wsgi [None req-01685d43-46fb-49f5-9846-339366188d59 0e83d44bb91744d7807a10d096bf3220 0e66550f1a46497db7018bc697d7792a - - default default] 10.0.0.195 "POST /v2.0/subnets HTTP/1.1" status: 201 len: 845 time: 0.2572920
2026-06-23 19:53:08.226 10 WARNING neutron_lib.context [None req-cd29e4dc-e560-48a6-8f4f-3f9ebe129836 0e83d44bb91744d7807a10d096bf3220 0e66550f1a46497db7018bc697d7792a - - default default] Method 'is_advsvc' is deprecated since 2023.2 release (neutron-lib 3.8.0) and will be removed once support for the old RBAC API policies will be removed from Neutron. Please use method 'is_service_role' instead.
2026-06-23 19:53:08.319 10 INFO neutron.db.ovn_revision_numbers_db [None req-cd29e4dc-e560-48a6-8f4f-3f9ebe129836 0e83d44bb91744d7807a10d096bf3220 0e66550f1a46497db7018bc697d7792a - - default default] Successfully bumped revision number for resource affb311f-77b9-45f7-b1f8-d840ce57ab66 (type: routers) to 1
2026-06-23 19:53:08.332 10 INFO neutron.api.wsgi [None req-cd29e4dc-e560-48a6-8f4f-3f9ebe129836 0e83d44bb91744d7807a10d096bf3220 0e66550f1a46497db7018bc697d7792a - - default default] 10.0.0.195 "POST /v2.0/routers HTTP/1.1" status: 201 len: 805 time: 0.1142795
2026-06-23 19:53:08.343 10 WARNING neutron_lib.context [None req-338dbb00-a490-4f56-b7d3-05e96c0cb656 0e83d44bb91744d7807a10d096bf3220 0e66550f1a46497db7018bc697d7792a - - default default] Method 'is_advsvc' is deprecated since 2023.2 release (neutron-lib 3.8.0) and will be removed once support for the old RBAC API policies will be removed from Neutron. Please use method 'is_service_role' instead.
2026-06-23 19:53:08.515 10 INFO neutron.api.wsgi [None req-203bec1f-f668-413c-85d9-6175cb714f5f d77117f36af34cca9a54a5a31c743f4c 33bba0638d694ec19f9eef0dc7106fd2 - - default default] 10.0.0.195 "GET /v2.0/ports/9654f02f-f43d-45ac-b50c-f3d59808f2d3 HTTP/1.1" status: 200 len: 1135 time: 0.0332100
2026-06-23 19:53:08.533 10 INFO neutron.api.wsgi [req-59a2490c-8288-445c-a0f2-679282088269 req-f05adfb8-8294-4d1b-89ec-a84e72a6127f c37e74f63a584f30ba8726997fa42689 ba025caf699b445097df93c445862a10 - - default default] 10.0.0.169 "GET /v2.0/ports?device_id=e653035d-7c18-42e9-abd7-9a3c894e49a4 HTTP/1.1" status: 200 len: 210 time: 0.0163898
2026-06-23 19:53:08.560 9 INFO neutron.db.ovn_revision_numbers_db [None req-e1193294-4ad7-4bf1-b32c-af814942df1e - - - - - -] Successfully bumped revision number for resource 2c55d6fd-6cf5-4f3c-9ec1-0a40a3394b3b (type: ports) to 2
2026-06-23 19:53:08.588 9 INFO neutron.db.ovn_revision_numbers_db [None req-e1193294-4ad7-4bf1-b32c-af814942df1e - - - - - -] Successfully bumped revision number for resource 0f78a7ff-1f91-4256-a650-52ecf7d8e7ea (type: subnets) to 0
2026-06-23 19:53:08.601 9 INFO neutron.api.wsgi [None req-585f2454-68b7-491f-a0ff-512db7208be9 c5b6ef7ced2d469bbca1220cc95503bc 5905adb67e3e447c965b1bb724244ab6 - - default default] 10.0.0.195 "POST /v2.0/subnets HTTP/1.1" status: 201 len: 887 time: 0.6032286
2026-06-23 19:53:08.640 10 WARNING neutron.scheduler.dhcp_agent_scheduler [None req-338dbb00-a490-4f56-b7d3-05e96c0cb656 0e83d44bb91744d7807a10d096bf3220 0e66550f1a46497db7018bc697d7792a - - default default] No more DHCP agents
2026-06-23 19:53:08.641 10 WARNING neutron.api.rpc.agentnotifiers.dhcp_rpc_agent_api [None req-338dbb00-a490-4f56-b7d3-05e96c0cb656 0e83d44bb91744d7807a10d096bf3220 0e66550f1a46497db7018bc697d7792a - - default default] Unable to schedule network daa00524-fac9-414d-9ddd-4510980eefc2: no agents available; will retry on subsequent port and subnet creation events.
2026-06-23 19:53:08.727 10 INFO neutron.db.ovn_revision_numbers_db [None req-338dbb00-a490-4f56-b7d3-05e96c0cb656 0e83d44bb91744d7807a10d096bf3220 0e66550f1a46497db7018bc697d7792a - - default default] Successfully bumped revision number for resource 23b8bb01-539a-4449-b879-c12d743eba07 (type: ports) to 1
2026-06-23 19:53:08.749 10 INFO neutron.api.wsgi [None req-338dbb00-a490-4f56-b7d3-05e96c0cb656 0e83d44bb91744d7807a10d096bf3220 0e66550f1a46497db7018bc697d7792a - - default default] 10.0.0.195 "POST /v2.0/ports HTTP/1.1" status: 201 len: 1162 time: 0.4101255 /var/lib/openstack/lib/python3.12/site-packages/pycadf/identifier.py:71: UserWarning: Invalid uuid: neutron. To ensure interoperability, identifiers should be a valid uuid. warnings.warn(('Invalid uuid: %s. To ensure interoperability, '
2026-06-23 19:53:09.025 9 WARNING neutron.scheduler.dhcp_agent_scheduler [None req-32205c89-3716-4212-ad6d-d3f054f97510 c5b6ef7ced2d469bbca1220cc95503bc 5905adb67e3e447c965b1bb724244ab6 - - default default] No more DHCP agents
2026-06-23 19:53:09.027 9 WARNING neutron.api.rpc.agentnotifiers.dhcp_rpc_agent_api [None req-32205c89-3716-4212-ad6d-d3f054f97510 c5b6ef7ced2d469bbca1220cc95503bc 5905adb67e3e447c965b1bb724244ab6 - - default default] Unable to schedule network fc8dd96c-e655-4837-bd71-a61a77ef4ad4: no agents available; will retry on subsequent port and subnet creation events.
2026-06-23 19:53:09.155 9 INFO neutron.db.ovn_revision_numbers_db [None req-32205c89-3716-4212-ad6d-d3f054f97510 c5b6ef7ced2d469bbca1220cc95503bc 5905adb67e3e447c965b1bb724244ab6 - - default default] Successfully bumped revision number for resource 662eeb21-c0af-4bab-90ce-5b2efda8bbbc (type: ports) to 1
2026-06-23 19:53:09.227 10 INFO neutron.db.ovn_revision_numbers_db [None req-dbb53b0a-9c91-4326-98e4-66a989a35c42 0e83d44bb91744d7807a10d096bf3220 0e66550f1a46497db7018bc697d7792a - - default default] Successfully bumped revision number for resource 23b8bb01-539a-4449-b879-c12d743eba07 (type: ports) to 2 /var/lib/openstack/lib/python3.12/site-packages/pycadf/identifier.py:71: UserWarning: Invalid uuid: neutron. To ensure interoperability, identifiers should be a valid uuid. warnings.warn(('Invalid uuid: %s. To ensure interoperability, '
2026-06-23 19:53:09.601 9 INFO neutron.api.wsgi [None req-7b1b5011-e3ab-427f-9f0e-f6b767718122 d77117f36af34cca9a54a5a31c743f4c 33bba0638d694ec19f9eef0dc7106fd2 - - default default] 10.0.0.195 "GET /v2.0/ports/9654f02f-f43d-45ac-b50c-f3d59808f2d3 HTTP/1.1" status: 200 len: 1135 time: 0.0808077
2026-06-23 19:53:09.717 9 INFO neutron.plugins.ml2.drivers.ovn.mech_driver.ovsdb.commands [None req-620edba5-8e60-4bf1-bb40-d4e8f90c4403 - - - - - -] Schedule LRP lrp-662eeb21-c0af-4bab-90ce-5b2efda8bbbc on gateway 568031f9-7582-466f-85de-aec8fb0436fd with priority 1
2026-06-23 19:53:09.759 9 INFO neutron.db.ovn_revision_numbers_db [None req-32205c89-3716-4212-ad6d-d3f054f97510 c5b6ef7ced2d469bbca1220cc95503bc 5905adb67e3e447c965b1bb724244ab6 - - default default] Successfully bumped revision number for resource 662eeb21-c0af-4bab-90ce-5b2efda8bbbc (type: router_ports) to 1
2026-06-23 19:53:09.819 10 INFO neutron.api.wsgi [req-8e927d54-a2ae-4b4f-9895-c5e679fd434d req-d8ed12f5-dc24-43ab-ab98-41ea86da378f c37e74f63a584f30ba8726997fa42689 ba025caf699b445097df93c445862a10 - - default default] 10.0.0.169 "GET /v2.0/ports?device_id=e653035d-7c18-42e9-abd7-9a3c894e49a4 HTTP/1.1" status: 200 len: 210 time: 0.2339356
2026-06-23 19:53:09.824 10 INFO neutron.plugins.ml2.drivers.ovn.mech_driver.ovsdb.ovsdb_monitor [None req-b3804a6b-afd0-4b7f-ae92-d068bdec67df - - - - - -] Router c6a5b211-743a-4fae-990b-ca64d728dc60 is bound to host instance
2026-06-23 19:53:09.828 10 INFO neutron.plugins.ml2.drivers.ovn.mech_driver.mech_driver [None req-fb45a863-0df3-4b03-9f2e-1006e659b435 - - - - - -] OVN reports status up for port: 662eeb21-c0af-4bab-90ce-5b2efda8bbbc
2026-06-23 19:53:09.828 9 INFO neutron.db.ovn_revision_numbers_db [None req-32205c89-3716-4212-ad6d-d3f054f97510 c5b6ef7ced2d469bbca1220cc95503bc 5905adb67e3e447c965b1bb724244ab6 - - default default] Successfully bumped revision number for resource c6a5b211-743a-4fae-990b-ca64d728dc60 (type: routers) to 2
2026-06-23 19:53:09.843 10 INFO neutron.plugins.ml2.plugin [None req-fb45a863-0df3-4b03-9f2e-1006e659b435 - - - - - -] Attempt 1 to provision port 662eeb21-c0af-4bab-90ce-5b2efda8bbbc
2026-06-23 19:53:09.844 9 INFO neutron.api.wsgi [None req-32205c89-3716-4212-ad6d-d3f054f97510 c5b6ef7ced2d469bbca1220cc95503bc 5905adb67e3e447c965b1bb724244ab6 - - default default] 10.0.0.195 "POST /v2.0/routers HTTP/1.1" status: 201 len: 1165 time: 1.2372265
2026-06-23 19:53:10.004 10 INFO neutron.db.ovn_revision_numbers_db [None req-dbb53b0a-9c91-4326-98e4-66a989a35c42 0e83d44bb91744d7807a10d096bf3220 0e66550f1a46497db7018bc697d7792a - - default default] Successfully bumped revision number for resource 23b8bb01-539a-4449-b879-c12d743eba07 (type: ports) to 2
2026-06-23 19:53:10.071 10 WARNING neutron.scheduler.dhcp_agent_scheduler [None req-dbb53b0a-9c91-4326-98e4-66a989a35c42 0e83d44bb91744d7807a10d096bf3220 0e66550f1a46497db7018bc697d7792a - - default default] No more DHCP agents
2026-06-23 19:53:10.074 10 WARNING neutron.api.rpc.agentnotifiers.dhcp_rpc_agent_api [None req-dbb53b0a-9c91-4326-98e4-66a989a35c42 0e83d44bb91744d7807a10d096bf3220 0e66550f1a46497db7018bc697d7792a - - default default] Unable to schedule network daa00524-fac9-414d-9ddd-4510980eefc2: no agents available; will retry on subsequent port and subnet creation events.
2026-06-23 19:53:10.126 9 WARNING neutron.plugins.ml2.drivers.ovn.mech_driver.ovsdb.ovn_client [None req-a780cd74-591e-4560-aa62-0063858b062b - - - - - -] No port found with ID 4ffe13ac-e058-4242-8f78-839903e1a82c: RuntimeError: No port found with ID 4ffe13ac-e058-4242-8f78-839903e1a82c
2026-06-23 19:53:10.135 9 INFO neutron.plugins.ml2.drivers.ovn.mech_driver.mech_driver [None req-a780cd74-591e-4560-aa62-0063858b062b - - - - - -] OVN reports status up for port: 9654f02f-f43d-45ac-b50c-f3d59808f2d3
2026-06-23 19:53:10.144 9 INFO neutron.plugins.ml2.plugin [None req-a780cd74-591e-4560-aa62-0063858b062b - - - - - -] Attempt 1 to provision port 9654f02f-f43d-45ac-b50c-f3d59808f2d3
2026-06-23 19:53:10.225 10 INFO neutron.api.wsgi [-] 10.0.0.11 "GET / HTTP/1.1" status: 200 len: 247 time: 0.0020201
2026-06-23 19:53:10.227 10 INFO neutron.api.wsgi [-] 10.0.0.11 "GET / HTTP/1.1" status: 200 len: 247 time: 0.0009887
2026-06-23 19:53:10.258 10 INFO neutron.db.ovn_revision_numbers_db [None req-dbb53b0a-9c91-4326-98e4-66a989a35c42 0e83d44bb91744d7807a10d096bf3220 0e66550f1a46497db7018bc697d7792a - - default default] Successfully bumped revision number for resource 23b8bb01-539a-4449-b879-c12d743eba07 (type: router_ports) to 2
2026-06-23 19:53:10.262 10 INFO neutron.api.wsgi [None req-dbb53b0a-9c91-4326-98e4-66a989a35c42 0e83d44bb91744d7807a10d096bf3220 0e66550f1a46497db7018bc697d7792a - - default default] 10.0.0.195 "PUT /v2.0/routers/affb311f-77b9-45f7-b1f8-d840ce57ab66/add_router_interface HTTP/1.1" status: 200 len: 503 time: 1.5062766
2026-06-23 19:53:10.347 10 INFO neutron.api.wsgi [None req-450e7f11-6a12-4951-84bd-a4bdaede46a8 0e83d44bb91744d7807a10d096bf3220 0e66550f1a46497db7018bc697d7792a - - default default] 10.0.0.195 "GET /v2.0/ports/23b8bb01-539a-4449-b879-c12d743eba07 HTTP/1.1" status: 200 len: 1218 time: 0.0777102
2026-06-23 19:53:10.368 10 INFO neutron.db.ovn_revision_numbers_db [None req-4cbb4a03-6814-4b62-879c-3e6287edb695 - - - - - -] Successfully bumped revision number for resource 662eeb21-c0af-4bab-90ce-5b2efda8bbbc (type: ports) to 1 /var/lib/openstack/lib/python3.12/site-packages/pycadf/identifier.py:71: UserWarning: Invalid uuid: neutron. To ensure interoperability, identifiers should be a valid uuid. warnings.warn(('Invalid uuid: %s. To ensure interoperability, '
2026-06-23 19:53:10.617 9 WARNING neutron.scheduler.dhcp_agent_scheduler [None req-d6672ac5-b693-4f1d-9dd3-9b44fad8cede c5b6ef7ced2d469bbca1220cc95503bc 5905adb67e3e447c965b1bb724244ab6 - - default default] No more DHCP agents
2026-06-23 19:53:10.621 9 WARNING neutron.api.rpc.agentnotifiers.dhcp_rpc_agent_api [None req-d6672ac5-b693-4f1d-9dd3-9b44fad8cede c5b6ef7ced2d469bbca1220cc95503bc 5905adb67e3e447c965b1bb724244ab6 - - default default] Unable to schedule network 12845b28-b65d-4927-b172-b03ca6ba6194: no agents available; will retry on subsequent port and subnet creation events.
2026-06-23 19:53:10.639 9 INFO neutron.api.wsgi [req-0a3540bc-8834-45fa-9b6a-e22a941d057b req-7b3c0dad-a1b9-49a0-b10e-c8158a2d829a c37e74f63a584f30ba8726997fa42689 ba025caf699b445097df93c445862a10 - - default default] 199.19.213.191 "GET /v2.0/networks?id=568883f9-24f6-40b4-87b6-d74d6212e1e6 HTTP/1.1" status: 200 len: 860 time: 0.0557654
2026-06-23 19:53:10.688 9 INFO neutron.api.wsgi [req-0a3540bc-8834-45fa-9b6a-e22a941d057b req-f6fb9a13-8f7d-4aeb-8f1a-33d6f866c25c c37e74f63a584f30ba8726997fa42689 ba025caf699b445097df93c445862a10 - - default default] 199.19.213.191 "GET /v2.0/security-groups?fields=id&fields=name&tenant_id=ba025caf699b445097df93c445862a10 HTTP/1.1" status: 200 len: 473 time: 0.0446508
2026-06-23 19:53:10.719 10 INFO neutron.api.wsgi [None req-cd92b799-61a6-47d2-9f66-f5c18939f18a d77117f36af34cca9a54a5a31c743f4c 33bba0638d694ec19f9eef0dc7106fd2 - - default default] 10.0.0.195 "GET /v2.0/ports/9654f02f-f43d-45ac-b50c-f3d59808f2d3 HTTP/1.1" status: 200 len: 1137 time: 0.1126492
2026-06-23 19:53:10.829 9 WARNING neutron_lib.context [req-0a3540bc-8834-45fa-9b6a-e22a941d057b req-85c5a99c-1cd5-4c6a-a166-5d6c98e4db4f c37e74f63a584f30ba8726997fa42689 ba025caf699b445097df93c445862a10 - - default default] Method 'is_advsvc' is deprecated since 2023.2 release (neutron-lib 3.8.0) and will be removed once support for the old RBAC API policies will be removed from Neutron. Please use method 'is_service_role' instead.
2026-06-23 19:53:10.836 9 INFO neutron.db.ovn_revision_numbers_db [None req-a780cd74-591e-4560-aa62-0063858b062b - - - - - -] Successfully bumped revision number for resource 9654f02f-f43d-45ac-b50c-f3d59808f2d3 (type: ports) to 2
2026-06-23 19:53:10.836 10 INFO neutron.db.ovn_revision_numbers_db [None req-4cbb4a03-6814-4b62-879c-3e6287edb695 - - - - - -] Successfully bumped revision number for resource 662eeb21-c0af-4bab-90ce-5b2efda8bbbc (type: ports) to 4
2026-06-23 19:53:10.845 9 INFO neutron.db.ovn_revision_numbers_db [None req-d6672ac5-b693-4f1d-9dd3-9b44fad8cede c5b6ef7ced2d469bbca1220cc95503bc 5905adb67e3e447c965b1bb724244ab6 - - default default] Successfully bumped revision number for resource e358c719-fc33-4529-8647-38e381f42699 (type: ports) to 1
2026-06-23 19:53:10.933 10 INFO neutron.api.wsgi [req-e21a71b8-737e-4793-951a-ae7497a962b3 req-09a07ea4-721e-4b6c-99f8-2ee6fb7e77b3 c37e74f63a584f30ba8726997fa42689 ba025caf699b445097df93c445862a10 - - default default] 10.0.0.169 "GET /v2.0/ports?device_id=e653035d-7c18-42e9-abd7-9a3c894e49a4 HTTP/1.1" status: 200 len: 210 time: 0.0375042
2026-06-23 19:53:11.090 10 INFO neutron.api.wsgi [None req-9c0e632a-9cc5-480d-8dcb-eab9cc03f862 0e83d44bb91744d7807a10d096bf3220 0e66550f1a46497db7018bc697d7792a - - default default] 10.0.0.195 "PUT /v2.0/routers/affb311f-77b9-45f7-b1f8-d840ce57ab66/remove_router_interface HTTP/1.1" status: 200 len: 503 time: 0.7367511
2026-06-23 19:53:11.168 9 INFO neutron.api.v2.resource [None req-956dce7f-f102-4780-ab15-669c9c65aa1e 0e83d44bb91744d7807a10d096bf3220 0e66550f1a46497db7018bc697d7792a - - default default] remove_router_interface failed (client error): The resource could not be found.
2026-06-23 19:53:11.169 9 INFO neutron.api.wsgi [None req-956dce7f-f102-4780-ab15-669c9c65aa1e 0e83d44bb91744d7807a10d096bf3220 0e66550f1a46497db7018bc697d7792a - - default default] 10.0.0.195 "PUT /v2.0/routers/affb311f-77b9-45f7-b1f8-d840ce57ab66/remove_router_interface HTTP/1.1" status: 404 len: 398 time: 0.0706453 /var/lib/openstack/lib/python3.12/site-packages/pycadf/identifier.py:71: UserWarning: Invalid uuid: neutron. To ensure interoperability, identifiers should be a valid uuid. warnings.warn(('Invalid uuid: %s. To ensure interoperability, '
2026-06-23 19:53:11.198 10 INFO neutron.api.wsgi [None req-41ec7c3c-c8f1-4d4d-b421-c106d6adfac0 0e83d44bb91744d7807a10d096bf3220 0e66550f1a46497db7018bc697d7792a - - default default] 10.0.0.195 "GET /v2.0/ports?device_id=affb311f-77b9-45f7-b1f8-d840ce57ab66 HTTP/1.1" status: 200 len: 205 time: 0.0217419
2026-06-23 19:53:11.251 9 WARNING neutron.scheduler.dhcp_agent_scheduler [req-0a3540bc-8834-45fa-9b6a-e22a941d057b req-85c5a99c-1cd5-4c6a-a166-5d6c98e4db4f c37e74f63a584f30ba8726997fa42689 ba025caf699b445097df93c445862a10 - - default default] No more DHCP agents
2026-06-23 19:53:11.253 9 WARNING neutron.api.rpc.agentnotifiers.dhcp_rpc_agent_api [req-0a3540bc-8834-45fa-9b6a-e22a941d057b req-85c5a99c-1cd5-4c6a-a166-5d6c98e4db4f c37e74f63a584f30ba8726997fa42689 ba025caf699b445097df93c445862a10 - - default default] Unable to schedule network 568883f9-24f6-40b4-87b6-d74d6212e1e6: no agents available; will retry on subsequent port and subnet creation events.
2026-06-23 19:53:11.414 9 INFO neutron.db.ovn_revision_numbers_db [req-0a3540bc-8834-45fa-9b6a-e22a941d057b req-85c5a99c-1cd5-4c6a-a166-5d6c98e4db4f c37e74f63a584f30ba8726997fa42689 ba025caf699b445097df93c445862a10 - - default default] Successfully bumped revision number for resource 1d808fb5-9d96-45cb-b5c4-6b01913180a8 (type: ports) to 1
2026-06-23 19:53:11.438 9 INFO neutron.api.wsgi [req-0a3540bc-8834-45fa-9b6a-e22a941d057b req-85c5a99c-1cd5-4c6a-a166-5d6c98e4db4f c37e74f63a584f30ba8726997fa42689 ba025caf699b445097df93c445862a10 - - default default] 199.19.213.191 "POST /v2.0/ports HTTP/1.1" status: 201 len: 1162 time: 0.6164031 /var/lib/openstack/lib/python3.12/site-packages/pycadf/identifier.py:71: UserWarning: Invalid uuid: neutron. To ensure interoperability, identifiers should be a valid uuid. warnings.warn(('Invalid uuid: %s. To ensure interoperability, '
2026-06-23 19:53:11.451 10 INFO neutron.api.wsgi [None req-bc372206-2874-42b5-ac95-5678fc8ac04c 0e83d44bb91744d7807a10d096bf3220 0e66550f1a46497db7018bc697d7792a - - default default] 10.0.0.195 "DELETE /v2.0/routers/affb311f-77b9-45f7-b1f8-d840ce57ab66 HTTP/1.1" status: 204 len: 168 time: 0.2488079
2026-06-23 19:53:11.454 10 INFO neutron.db.ovn_revision_numbers_db [None req-4cbb4a03-6814-4b62-879c-3e6287edb695 - - - - - -] Successfully bumped revision number for resource 662eeb21-c0af-4bab-90ce-5b2efda8bbbc (type: ports) to 5
2026-06-23 19:53:11.643 9 INFO neutron.db.ovn_revision_numbers_db [None req-d6672ac5-b693-4f1d-9dd3-9b44fad8cede c5b6ef7ced2d469bbca1220cc95503bc 5905adb67e3e447c965b1bb724244ab6 - - default default] Successfully bumped revision number for resource e358c719-fc33-4529-8647-38e381f42699 (type: ports) to 1
2026-06-23 19:53:11.676 10 INFO neutron.api.wsgi [None req-006a9c00-a6c8-4cf1-9098-f11f4ca62ce5 d77117f36af34cca9a54a5a31c743f4c 33bba0638d694ec19f9eef0dc7106fd2 - - default default] 10.0.0.195 "PUT /v2.0/routers/0cabd4d1-eeea-4c24-bfa8-e206038f17a1/remove_router_interface HTTP/1.1" status: 200 len: 503 time: 0.9513505 /var/lib/openstack/lib/python3.12/site-packages/pycadf/identifier.py:71: UserWarning: Invalid uuid: neutron. To ensure interoperability, identifiers should be a valid uuid. warnings.warn(('Invalid uuid: %s. To ensure interoperability, '
2026-06-23 19:53:11.695 10 INFO neutron.api.wsgi [None req-a66ceeca-f9a0-46ef-8d18-f228971c231b d77117f36af34cca9a54a5a31c743f4c 33bba0638d694ec19f9eef0dc7106fd2 - - default default] 10.0.0.195 "GET /v2.0/ports?device_id=0cabd4d1-eeea-4c24-bfa8-e206038f17a1 HTTP/1.1" status: 200 len: 205 time: 0.0146360
2026-06-23 19:53:11.696 9 INFO neutron.api.wsgi [None req-a16a4d53-db88-41fd-ad03-6017e13131e3 0e83d44bb91744d7807a10d096bf3220 0e66550f1a46497db7018bc697d7792a - - default default] 10.0.0.195 "DELETE /v2.0/subnets/68095887-98e1-4201-97e7-adc3e6401bfc HTTP/1.1" status: 204 len: 168 time: 0.2377791
2026-06-23 19:53:11.722 9 WARNING neutron.scheduler.dhcp_agent_scheduler [None req-d6672ac5-b693-4f1d-9dd3-9b44fad8cede c5b6ef7ced2d469bbca1220cc95503bc 5905adb67e3e447c965b1bb724244ab6 - - default default] No more DHCP agents
2026-06-23 19:53:11.727 9 WARNING neutron.api.rpc.agentnotifiers.dhcp_rpc_agent_api [None req-d6672ac5-b693-4f1d-9dd3-9b44fad8cede c5b6ef7ced2d469bbca1220cc95503bc 5905adb67e3e447c965b1bb724244ab6 - - default default] Unable to schedule network 12845b28-b65d-4927-b172-b03ca6ba6194: no agents available; will retry on subsequent port and subnet creation events.
2026-06-23 19:53:11.868 10 INFO neutron.api.wsgi [None req-6d6f6a4d-9abe-4c0a-a5c4-70e3822b7574 d77117f36af34cca9a54a5a31c743f4c 33bba0638d694ec19f9eef0dc7106fd2 - - default default] 10.0.0.195 "DELETE /v2.0/routers/0cabd4d1-eeea-4c24-bfa8-e206038f17a1 HTTP/1.1" status: 204 len: 168 time: 0.1675138
2026-06-23 19:53:11.999 9 INFO neutron.db.ovn_revision_numbers_db [req-0a3540bc-8834-45fa-9b6a-e22a941d057b req-cd07365f-7461-4c96-a543-223454489e55 bef61817891e405da9e12a063b2da462 960f5e7e69f040abbd6c84f4cbce67f7 - - 4fd31dc5079f4054806622ac13d7d6e1 4fd31dc5079f4054806622ac13d7d6e1] Successfully bumped revision number for resource 1d808fb5-9d96-45cb-b5c4-6b01913180a8 (type: ports) to 2
2026-06-23 19:53:12.089 10 INFO neutron.api.wsgi [None req-f44bcfbf-d22a-42ba-aff7-d1b819892353 d77117f36af34cca9a54a5a31c743f4c 33bba0638d694ec19f9eef0dc7106fd2 - - default default] 10.0.0.195 "DELETE /v2.0/subnets/0871eafd-081e-44f8-ba32-690b0e97799b HTTP/1.1" status: 204 len: 168 time: 0.2145708
2026-06-23 19:53:12.094 10 INFO neutron.api.wsgi [req-ea263857-08d3-45bd-8cf4-0df92f628fff req-82c2081f-744f-4d28-9d0d-9fdf5b8f3b8e c37e74f63a584f30ba8726997fa42689 ba025caf699b445097df93c445862a10 - - default default] 10.0.0.169 "GET /v2.0/ports?device_id=e653035d-7c18-42e9-abd7-9a3c894e49a4 HTTP/1.1" status: 200 len: 1172 time: 0.0879304
2026-06-23 19:53:12.145 10 INFO neutron.api.wsgi [req-ea263857-08d3-45bd-8cf4-0df92f628fff req-1f0991c6-5ce0-4816-b546-8f8f66123ea1 c37e74f63a584f30ba8726997fa42689 ba025caf699b445097df93c445862a10 - - default default] 10.0.0.169 "GET /v2.0/security-groups?id=7bb369da-7ff4-4536-a3b9-2ca1cde91d22&fields=id&fields=name HTTP/1.1" status: 200 len: 313 time: 0.0470335
2026-06-23 19:53:12.194 9 INFO neutron.services.segments.plugin [-] Segment 112ef6aa-0fbf-4520-b13c-38f51ee42e0b resource provider aggregate not found
2026-06-23 19:53:12.199 9 INFO neutron.services.segments.plugin [-] Segment 112ef6aa-0fbf-4520-b13c-38f51ee42e0b resource provider aggregate not found
2026-06-23 19:53:12.220 9 INFO neutron.services.segments.plugin [-] Segment 112ef6aa-0fbf-4520-b13c-38f51ee42e0b resource provider not found; error: Placement Client Error (4xx): {"errors": [{"status": 404, "title": "Not Found", "detail": "The resource could not be found.\n\n No resource provider with uuid 112ef6aa-0fbf-4520-b13c-38f51ee42e0b found for delete ", "request_id": "req-8fe5897f-5224-4224-ac60-3ebc1205c775"}]}
2026-06-23 19:53:12.221 9 INFO neutron.services.segments.plugin [-] Segment 112ef6aa-0fbf-4520-b13c-38f51ee42e0b resource provider not found; error: Placement Client Error (4xx): {"errors": [{"status": 404, "title": "Not Found", "detail": "The resource could not be found.\n\n No resource provider with uuid 112ef6aa-0fbf-4520-b13c-38f51ee42e0b found for delete ", "request_id": "req-24d52f6d-0f1a-4a00-9725-08bbdf947b1f"}]}
2026-06-23 19:53:12.265 9 INFO neutron.api.wsgi [None req-8778cc26-9544-4a60-9b82-caaa26b09f89 0e83d44bb91744d7807a10d096bf3220 0e66550f1a46497db7018bc697d7792a - - default default] 10.0.0.195 "DELETE /v2.0/networks/daa00524-fac9-414d-9ddd-4510980eefc2 HTTP/1.1" status: 204 len: 168 time: 0.5608721
2026-06-23 19:53:12.275 10 WARNING neutron_lib.context [None req-af56194b-9fa6-49dc-9797-e33aae103c6d 0e83d44bb91744d7807a10d096bf3220 0e66550f1a46497db7018bc697d7792a - - default default] Method 'is_advsvc' is deprecated since 2023.2 release (neutron-lib 3.8.0) and will be removed once support for the old RBAC API policies will be removed from Neutron. Please use method 'is_service_role' instead.
2026-06-23 19:53:12.327 9 INFO neutron.db.ovn_revision_numbers_db [req-0a3540bc-8834-45fa-9b6a-e22a941d057b req-cd07365f-7461-4c96-a543-223454489e55 bef61817891e405da9e12a063b2da462 960f5e7e69f040abbd6c84f4cbce67f7 - - 4fd31dc5079f4054806622ac13d7d6e1 4fd31dc5079f4054806622ac13d7d6e1] Successfully bumped revision number for resource 1d808fb5-9d96-45cb-b5c4-6b01913180a8 (type: ports) to 4
