Jun 29 04:28:07.898932 np0000183346 nova-scheduler[108507]: DEBUG cotyledon.oslo_config_glue [-] workarounds.disable_group_policy_check_upcall = False {{(pid=108507) log_opt_values /opt/stack/data/venv/lib/python3.12/site-packages/oslo_config/cfg.py:3253}}
Jun 29 04:28:07.899215 np0000183346 nova-scheduler[108507]: DEBUG cotyledon.oslo_config_glue [-] workarounds.disable_libvirt_livesnapshot = False {{(pid=108507) log_opt_values /opt/stack/data/venv/lib/python3.12/site-packages/oslo_config/cfg.py:3253}}
Jun 29 04:28:07.899215 np0000183346 nova-scheduler[108507]: DEBUG cotyledon.oslo_config_glue [-] workarounds.disable_rootwrap = False {{(pid=108507) log_opt_values /opt/stack/data/venv/lib/python3.12/site-packages/oslo_config/cfg.py:3253}}
Jun 29 04:28:07.899215 np0000183346 nova-scheduler[108507]: DEBUG cotyledon.oslo_config_glue [-] workarounds.enable_numa_live_migration = False {{(pid=108507) log_opt_values /opt/stack/data/venv/lib/python3.12/site-packages/oslo_config/cfg.py:3253}}
Jun 29 04:28:07.899215 np0000183346 nova-scheduler[108507]: DEBUG cotyledon.oslo_config_glue [-] workarounds.enable_qemu_monitor_announce_self = False {{(pid=108507) log_opt_values /opt/stack/data/venv/lib/python3.12/site-packages/oslo_config/cfg.py:3253}}
Jun 29 04:28:07.899215 np0000183346 nova-scheduler[108507]: DEBUG cotyledon.oslo_config_glue [-] workarounds.ensure_libvirt_rbd_instance_dir_cleanup = False {{(pid=108507) log_opt_values /opt/stack/data/venv/lib/python3.12/site-packages/oslo_config/cfg.py:3253}}
Jun 29 04:28:07.899215 np0000183346 nova-scheduler[108507]: DEBUG cotyledon.oslo_config_glue [-] workarounds.handle_virt_lifecycle_events = True {{(pid=108507) log_opt_values /opt/stack/data/venv/lib/python3.12/site-packages/oslo_config/cfg.py:3253}}
Jun 29 04:28:07.899215 np0000183346 nova-scheduler[108507]: DEBUG cotyledon.oslo_config_glue [-] workarounds.libvirt_disable_apic = False {{(pid=108507) log_opt_values /opt/stack/data/venv/lib/python3.12/site-packages/oslo_config/cfg.py:3253}}
Jun 29 04:28:07.899215 np0000183346 nova-scheduler[108507]: DEBUG cotyledon.oslo_config_glue [-] workarounds.never_download_image_if_on_rbd = False {{(pid=108507) log_opt_values /opt/stack/data/venv/lib/python3.12/site-packages/oslo_config/cfg.py:3253}}
Jun 29 04:28:07.899215 np0000183346 nova-scheduler[108507]: DEBUG cotyledon.oslo_config_glue [-] workarounds.qemu_monitor_announce_self_count = 3 {{(pid=108507) log_opt_values /opt/stack/data/venv/lib/python3.12/site-packages/oslo_config/cfg.py:3253}}
Jun 29 04:28:07.899441 np0000183346 nova-scheduler[108507]: DEBUG cotyledon.oslo_config_glue [-] workarounds.qemu_monitor_announce_self_interval = 1 {{(pid=108507) log_opt_values /opt/stack/data/venv/lib/python3.12/site-packages/oslo_config/cfg.py:3253}}
Jun 29 04:28:07.899441 np0000183346 nova-scheduler[108507]: DEBUG cotyledon.oslo_config_glue [-] workarounds.reserve_disk_resource_for_image_cache = False {{(pid=108507) log_opt_values /opt/stack/data/venv/lib/python3.12/site-packages/oslo_config/cfg.py:3253}}
Jun 29 04:28:07.899441 np0000183346 nova-scheduler[108507]: DEBUG cotyledon.oslo_config_glue [-] workarounds.skip_cpu_compare_at_startup = False {{(pid=108507) log_opt_values /opt/stack/data/venv/lib/python3.12/site-packages/oslo_config/cfg.py:3253}}
Jun 29 04:28:07.899441 np0000183346 nova-scheduler[108507]: DEBUG cotyledon.oslo_config_glue [-] workarounds.skip_cpu_compare_on_dest = False {{(pid=108507) log_opt_values /opt/stack/data/venv/lib/python3.12/site-packages/oslo_config/cfg.py:3253}}
Jun 29 04:28:07.899441 np0000183346 nova-scheduler[108507]: DEBUG cotyledon.oslo_config_glue [-] workarounds.skip_hypervisor_version_check_on_lm = False {{(pid=108507) log_opt_values /opt/stack/data/venv/lib/python3.12/site-packages/oslo_config/cfg.py:3253}}
Jun 29 04:28:07.899441 np0000183346 nova-scheduler[108507]: DEBUG cotyledon.oslo_config_glue [-] workarounds.skip_reserve_in_use_ironic_nodes = False {{(pid=108507) log_opt_values /opt/stack/data/venv/lib/python3.12/site-packages/oslo_config/cfg.py:3253}}
Jun 29 04:28:07.899441 np0000183346 nova-scheduler[108507]: DEBUG cotyledon.oslo_config_glue [-] workarounds.unified_limits_count_pcpu_as_vcpu = False {{(pid=108507) log_opt_values /opt/stack/data/venv/lib/python3.12/site-packages/oslo_config/cfg.py:3253}}
Jun 29 04:28:07.899441 np0000183346 nova-scheduler[108507]: DEBUG cotyledon.oslo_config_glue [-] workarounds.wait_for_vif_plugged_event_during_hard_reboot = [] {{(pid=108507) log_opt_values /opt/stack/data/venv/lib/python3.12/site-packages/oslo_config/cfg.py:3253}}
Jun 29 04:28:07.899640 np0000183346 nova-scheduler[108507]: DEBUG cotyledon.oslo_config_glue [-] wsgi.api_paste_config = /etc/nova/api-paste.ini {{(pid=108507) log_opt_values /opt/stack/data/venv/lib/python3.12/site-packages/oslo_config/cfg.py:3253}}
Jun 29 04:28:07.899640 np0000183346 nova-scheduler[108507]: DEBUG cotyledon.oslo_config_glue [-] wsgi.secure_proxy_ssl_header = None {{(pid=108507) log_opt_values /opt/stack/data/venv/lib/python3.12/site-packages/oslo_config/cfg.py:3253}}
Jun 29 04:28:07.899640 np0000183346 nova-scheduler[108507]: DEBUG cotyledon.oslo_config_glue [-] zvm.ca_file = None {{(pid=108507) log_opt_values /opt/stack/data/venv/lib/python3.12/site-packages/oslo_config/cfg.py:3253}}
Jun 29 04:28:07.899640 np0000183346 nova-scheduler[108507]: DEBUG cotyledon.oslo_config_glue [-] zvm.cloud_connector_url = None {{(pid=108507) log_opt_values /opt/stack/data/venv/lib/python3.12/site-packages/oslo_config/cfg.py:3253}}
Jun 29 04:28:07.899640 np0000183346 nova-scheduler[108507]: DEBUG cotyledon.oslo_config_glue [-] zvm.image_tmp_path = /opt/stack/data/nova/images {{(pid=108507) log_opt_values /opt/stack/data/venv/lib/python3.12/site-packages/oslo_config/cfg.py:3253}}
Jun 29 04:28:07.899640 np0000183346 nova-scheduler[108507]: DEBUG cotyledon.oslo_config_glue [-] zvm.reachable_timeout = 300 {{(pid=108507) log_opt_values /opt/stack/data/venv/lib/python3.12/site-packages/oslo_config/cfg.py:3253}}
Jun 29 04:28:07.899640 np0000183346 nova-scheduler[108507]: DEBUG cotyledon.oslo_config_glue [-] oslo_versionedobjects.fatal_exception_format_errors = False {{(pid=108507) log_opt_values /opt/stack/data/venv/lib/python3.12/site-packages/oslo_config/cfg.py:3253}}
Jun 29 04:28:07.899640 np0000183346 nova-scheduler[108507]: DEBUG cotyledon.oslo_config_glue [-] oslo_middleware.http_basic_auth_user_file = /etc/htpasswd {{(pid=108507) log_opt_values /opt/stack/data/venv/lib/python3.12/site-packages/oslo_config/cfg.py:3253}}
Jun 29 04:28:07.899640 np0000183346 nova-scheduler[108507]: DEBUG cotyledon.oslo_config_glue [-] oslo_messaging_metrics.metrics_buffer_size = 1000 {{(pid=108507) log_opt_values /opt/stack/data/venv/lib/python3.12/site-packages/oslo_config/cfg.py:3253}}
Jun 29 04:28:07.899876 np0000183346 nova-scheduler[108507]: DEBUG cotyledon.oslo_config_glue [-] oslo_messaging_metrics.metrics_enabled = False {{(pid=108507) log_opt_values /opt/stack/data/venv/lib/python3.12/site-packages/oslo_config/cfg.py:3253}}
Jun 29 04:28:07.899876 np0000183346 nova-scheduler[108507]: DEBUG cotyledon.oslo_config_glue [-] oslo_messaging_metrics.metrics_process_name = {{(pid=108507) log_opt_values /opt/stack/data/venv/lib/python3.12/site-packages/oslo_config/cfg.py:3253}}
Jun 29 04:28:07.899876 np0000183346 nova-scheduler[108507]: DEBUG cotyledon.oslo_config_glue [-] oslo_messaging_metrics.metrics_socket_file = /var/tmp/metrics_collector.sock {{(pid=108507) log_opt_values /opt/stack/data/venv/lib/python3.12/site-packages/oslo_config/cfg.py:3253}}
Jun 29 04:28:07.899876 np0000183346 nova-scheduler[108507]: DEBUG cotyledon.oslo_config_glue [-] oslo_messaging_metrics.metrics_thread_stop_timeout = 10 {{(pid=108507) log_opt_values /opt/stack/data/venv/lib/python3.12/site-packages/oslo_config/cfg.py:3253}}
Jun 29 04:28:07.899876 np0000183346 nova-scheduler[108507]: DEBUG cotyledon.oslo_config_glue [-] profiler.connection_string = messaging:// {{(pid=108507) log_opt_values /opt/stack/data/venv/lib/python3.12/site-packages/oslo_config/cfg.py:3253}}
Jun 29 04:28:07.899876 np0000183346 nova-scheduler[108507]: DEBUG cotyledon.oslo_config_glue [-] profiler.enabled = False {{(pid=108507) log_opt_values /opt/stack/data/venv/lib/python3.12/site-packages/oslo_config/cfg.py:3253}}
Jun 29 04:28:07.899876 np0000183346 nova-scheduler[108507]: DEBUG cotyledon.oslo_config_glue [-] profiler.es_doc_type = notification {{(pid=108507) log_opt_values /opt/stack/data/venv/lib/python3.12/site-packages/oslo_config/cfg.py:3253}}
Jun 29 04:28:07.899876 np0000183346 nova-scheduler[108507]: DEBUG cotyledon.oslo_config_glue [-] profiler.es_scroll_size = 10000 {{(pid=108507) log_opt_values /opt/stack/data/venv/lib/python3.12/site-packages/oslo_config/cfg.py:3253}}
Jun 29 04:28:07.899876 np0000183346 nova-scheduler[108507]: DEBUG cotyledon.oslo_config_glue [-] profiler.es_scroll_time = 2m {{(pid=108507) log_opt_values /opt/stack/data/venv/lib/python3.12/site-packages/oslo_config/cfg.py:3253}}
Jun 29 04:28:07.900150 np0000183346 nova-scheduler[108507]: DEBUG cotyledon.oslo_config_glue [-] profiler.filter_error_trace = False {{(pid=108507) log_opt_values /opt/stack/data/venv/lib/python3.12/site-packages/oslo_config/cfg.py:3253}}
Jun 29 04:28:07.900150 np0000183346 nova-scheduler[108507]: DEBUG cotyledon.oslo_config_glue [-] profiler.hmac_keys = **** {{(pid=108507) log_opt_values /opt/stack/data/venv/lib/python3.12/site-packages/oslo_config/cfg.py:3253}}
Jun 29 04:28:07.900150 np0000183346 nova-scheduler[108507]: DEBUG cotyledon.oslo_config_glue [-] profiler.sentinel_service_name = mymaster {{(pid=108507) log_opt_values /opt/stack/data/venv/lib/python3.12/site-packages/oslo_config/cfg.py:3253}}
Jun 29 04:28:07.900150 np0000183346 nova-scheduler[108507]: DEBUG cotyledon.oslo_config_glue [-] profiler.socket_timeout = 0.1 {{(pid=108507) log_opt_values /opt/stack/data/venv/lib/python3.12/site-packages/oslo_config/cfg.py:3253}}
Jun 29 04:28:07.900150 np0000183346 nova-scheduler[108507]: DEBUG cotyledon.oslo_config_glue [-] profiler.trace_requests = False {{(pid=108507) log_opt_values /opt/stack/data/venv/lib/python3.12/site-packages/oslo_config/cfg.py:3253}}
Jun 29 04:28:07.900150 np0000183346 nova-scheduler[108507]: DEBUG cotyledon.oslo_config_glue [-] profiler.trace_sqlalchemy = False {{(pid=108507) log_opt_values /opt/stack/data/venv/lib/python3.12/site-packages/oslo_config/cfg.py:3253}}
Jun 29 04:28:07.900150 np0000183346 nova-scheduler[108507]: DEBUG cotyledon.oslo_config_glue [-] profiler_jaeger.process_tags = {} {{(pid=108507) log_opt_values /opt/stack/data/venv/lib/python3.12/site-packages/oslo_config/cfg.py:3253}}
Jun 29 04:28:07.900150 np0000183346 nova-scheduler[108507]: DEBUG cotyledon.oslo_config_glue [-] profiler_jaeger.service_name_prefix = None {{(pid=108507) log_opt_values /opt/stack/data/venv/lib/python3.12/site-packages/oslo_config/cfg.py:3253}}
Jun 29 04:28:07.900150 np0000183346 nova-scheduler[108507]: DEBUG cotyledon.oslo_config_glue [-] profiler_otlp.service_name_prefix = None {{(pid=108507) log_opt_values /opt/stack/data/venv/lib/python3.12/site-packages/oslo_config/cfg.py:3253}}
Jun 29 04:28:07.900374 np0000183346 nova-scheduler[108507]: DEBUG cotyledon.oslo_config_glue [-] oslo_messaging_rabbit.amqp_auto_delete = False {{(pid=108507) log_opt_values /opt/stack/data/venv/lib/python3.12/site-packages/oslo_config/cfg.py:3253}}
Jun 29 04:28:07.900374 np0000183346 nova-scheduler[108507]: DEBUG cotyledon.oslo_config_glue [-] oslo_messaging_rabbit.amqp_durable_queues = False {{(pid=108507) log_opt_values /opt/stack/data/venv/lib/python3.12/site-packages/oslo_config/cfg.py:3253}}
Jun 29 04:28:07.900374 np0000183346 nova-scheduler[108507]: DEBUG cotyledon.oslo_config_glue [-] oslo_messaging_rabbit.conn_pool_min_size = 2 {{(pid=108507) log_opt_values /opt/stack/data/venv/lib/python3.12/site-packages/oslo_config/cfg.py:3253}}
Jun 29 04:28:07.900374 np0000183346 nova-scheduler[108507]: DEBUG cotyledon.oslo_config_glue [-] oslo_messaging_rabbit.conn_pool_ttl = 1200 {{(pid=108507) log_opt_values /opt/stack/data/venv/lib/python3.12/site-packages/oslo_config/cfg.py:3253}}
Jun 29 04:28:07.900374 np0000183346 nova-scheduler[108507]: DEBUG cotyledon.oslo_config_glue [-] oslo_messaging_rabbit.direct_mandatory_flag = True {{(pid=108507) log_opt_values /opt/stack/data/venv/lib/python3.12/site-packages/oslo_config/cfg.py:3253}}
Jun 29 04:28:07.900374 np0000183346 nova-scheduler[108507]: DEBUG cotyledon.oslo_config_glue [-] oslo_messaging_rabbit.enable_cancel_on_failover = False {{(pid=108507) log_opt_values /opt/stack/data/venv/lib/python3.12/site-packages/oslo_config/cfg.py:3253}}
Jun 29 04:28:07.900374 np0000183346 nova-scheduler[108507]: DEBUG cotyledon.oslo_config_glue [-] oslo_messaging_rabbit.heartbeat_rate = 3 {{(pid=108507) log_opt_values /opt/stack/data/venv/lib/python3.12/site-packages/oslo_config/cfg.py:3253}}
Jun 29 04:28:07.900374 np0000183346 nova-scheduler[108507]: DEBUG cotyledon.oslo_config_glue [-] oslo_messaging_rabbit.heartbeat_timeout_threshold = 60 {{(pid=108507) log_opt_values /opt/stack/data/venv/lib/python3.12/site-packages/oslo_config/cfg.py:3253}}
Jun 29 04:28:07.900374 np0000183346 nova-scheduler[108507]: DEBUG cotyledon.oslo_config_glue [-] oslo_messaging_rabbit.hostname = np0000183346 {{(pid=108507) log_opt_values /opt/stack/data/venv/lib/python3.12/site-packages/oslo_config/cfg.py:3253}}
Jun 29 04:28:07.900597 np0000183346 nova-scheduler[108507]: DEBUG cotyledon.oslo_config_glue [-] oslo_messaging_rabbit.kombu_compression = None {{(pid=108507) log_opt_values /opt/stack/data/venv/lib/python3.12/site-packages/oslo_config/cfg.py:3253}}
Jun 29 04:28:07.900597 np0000183346 nova-scheduler[108507]: DEBUG cotyledon.oslo_config_glue [-] oslo_messaging_rabbit.kombu_failover_strategy = round-robin {{(pid=108507) log_opt_values /opt/stack/data/venv/lib/python3.12/site-packages/oslo_config/cfg.py:3253}}
Jun 29 04:28:07.900597 np0000183346 nova-scheduler[108507]: DEBUG cotyledon.oslo_config_glue [-] oslo_messaging_rabbit.kombu_missing_consumer_retry_timeout = 60 {{(pid=108507) log_opt_values /opt/stack/data/venv/lib/python3.12/site-packages/oslo_config/cfg.py:3253}}
Jun 29 04:28:07.900597 np0000183346 nova-scheduler[108507]: DEBUG cotyledon.oslo_config_glue [-] oslo_messaging_rabbit.kombu_reconnect_delay = 1.0 {{(pid=108507) log_opt_values /opt/stack/data/venv/lib/python3.12/site-packages/oslo_config/cfg.py:3253}}
Jun 29 04:28:07.900597 np0000183346 nova-scheduler[108507]: DEBUG cotyledon.oslo_config_glue [-] oslo_messaging_rabbit.kombu_reconnect_splay = 0.0 {{(pid=108507) log_opt_values /opt/stack/data/venv/lib/python3.12/site-packages/oslo_config/cfg.py:3253}}
Jun 29 04:28:07.900597 np0000183346 nova-scheduler[108507]: DEBUG cotyledon.oslo_config_glue [-] oslo_messaging_rabbit.processname = nova-scheduler {{(pid=108507) log_opt_values /opt/stack/data/venv/lib/python3.12/site-packages/oslo_config/cfg.py:3253}}
Jun 29 04:28:07.900597 np0000183346 nova-scheduler[108507]: DEBUG cotyledon.oslo_config_glue [-] oslo_messaging_rabbit.rabbit_ha_queues = False {{(pid=108507) log_opt_values /opt/stack/data/venv/lib/python3.12/site-packages/oslo_config/cfg.py:3253}}
Jun 29 04:28:07.900597 np0000183346 nova-scheduler[108507]: DEBUG cotyledon.oslo_config_glue [-] oslo_messaging_rabbit.rabbit_interval_max = 30 {{(pid=108507) log_opt_values /opt/stack/data/venv/lib/python3.12/site-packages/oslo_config/cfg.py:3253}}
Jun 29 04:28:07.900792 np0000183346 nova-scheduler[108507]: DEBUG cotyledon.oslo_config_glue [-] oslo_messaging_rabbit.rabbit_login_method = AMQPLAIN {{(pid=108507) log_opt_values /opt/stack/data/venv/lib/python3.12/site-packages/oslo_config/cfg.py:3253}}
Jun 29 04:28:07.900792 np0000183346 nova-scheduler[108507]: DEBUG cotyledon.oslo_config_glue [-] oslo_messaging_rabbit.rabbit_qos_prefetch_count = 0 {{(pid=108507) log_opt_values /opt/stack/data/venv/lib/python3.12/site-packages/oslo_config/cfg.py:3253}}
Jun 29 04:28:07.900792 np0000183346 nova-scheduler[108507]: DEBUG cotyledon.oslo_config_glue [-] oslo_messaging_rabbit.rabbit_quorum_delivery_limit = 0 {{(pid=108507) log_opt_values /opt/stack/data/venv/lib/python3.12/site-packages/oslo_config/cfg.py:3253}}
Jun 29 04:28:07.900792 np0000183346 nova-scheduler[108507]: DEBUG cotyledon.oslo_config_glue [-] oslo_messaging_rabbit.rabbit_quorum_max_memory_bytes = 0 {{(pid=108507) log_opt_values /opt/stack/data/venv/lib/python3.12/site-packages/oslo_config/cfg.py:3253}}
Jun 29 04:28:07.900792 np0000183346 nova-scheduler[108507]: DEBUG cotyledon.oslo_config_glue [-] oslo_messaging_rabbit.rabbit_quorum_max_memory_length = 0 {{(pid=108507) log_opt_values /opt/stack/data/venv/lib/python3.12/site-packages/oslo_config/cfg.py:3253}}
Jun 29 04:28:07.900792 np0000183346 nova-scheduler[108507]: DEBUG cotyledon.oslo_config_glue [-] oslo_messaging_rabbit.rabbit_quorum_queue = False {{(pid=108507) log_opt_values /opt/stack/data/venv/lib/python3.12/site-packages/oslo_config/cfg.py:3253}}
Jun 29 04:28:07.900792 np0000183346 nova-scheduler[108507]: DEBUG cotyledon.oslo_config_glue [-] oslo_messaging_rabbit.rabbit_retry_backoff = 2 {{(pid=108507) log_opt_values /opt/stack/data/venv/lib/python3.12/site-packages/oslo_config/cfg.py:3253}}
Jun 29 04:28:07.900792 np0000183346 nova-scheduler[108507]: DEBUG cotyledon.oslo_config_glue [-] oslo_messaging_rabbit.rabbit_retry_interval = 1 {{(pid=108507) log_opt_values /opt/stack/data/venv/lib/python3.12/site-packages/oslo_config/cfg.py:3253}}
Jun 29 04:28:07.901007 np0000183346 nova-scheduler[108507]: DEBUG cotyledon.oslo_config_glue [-] oslo_messaging_rabbit.rabbit_stream_fanout = False {{(pid=108507) log_opt_values /opt/stack/data/venv/lib/python3.12/site-packages/oslo_config/cfg.py:3253}}
Jun 29 04:28:07.901007 np0000183346 nova-scheduler[108507]: DEBUG cotyledon.oslo_config_glue [-] oslo_messaging_rabbit.rabbit_transient_queues_ttl = 1800 {{(pid=108507) log_opt_values /opt/stack/data/venv/lib/python3.12/site-packages/oslo_config/cfg.py:3253}}
Jun 29 04:28:07.901007 np0000183346 nova-scheduler[108507]: DEBUG cotyledon.oslo_config_glue [-] oslo_messaging_rabbit.rabbit_transient_quorum_queue = False {{(pid=108507) log_opt_values /opt/stack/data/venv/lib/python3.12/site-packages/oslo_config/cfg.py:3253}}
Jun 29 04:28:07.901007 np0000183346 nova-scheduler[108507]: DEBUG cotyledon.oslo_config_glue [-] oslo_messaging_rabbit.rpc_conn_pool_size = 30 {{(pid=108507) log_opt_values /opt/stack/data/venv/lib/python3.12/site-packages/oslo_config/cfg.py:3253}}
Jun 29 04:28:07.901007 np0000183346 nova-scheduler[108507]: DEBUG cotyledon.oslo_config_glue [-] oslo_messaging_rabbit.ssl = False {{(pid=108507) log_opt_values /opt/stack/data/venv/lib/python3.12/site-packages/oslo_config/cfg.py:3253}}
Jun 29 04:28:07.901007 np0000183346 nova-scheduler[108507]: DEBUG cotyledon.oslo_config_glue [-] oslo_messaging_rabbit.ssl_ca_file = {{(pid=108507) log_opt_values /opt/stack/data/venv/lib/python3.12/site-packages/oslo_config/cfg.py:3253}}
Jun 29 04:28:07.901007 np0000183346 nova-scheduler[108507]: DEBUG cotyledon.oslo_config_glue [-] oslo_messaging_rabbit.ssl_cert_file = {{(pid=108507) log_opt_values /opt/stack/data/venv/lib/python3.12/site-packages/oslo_config/cfg.py:3253}}
Jun 29 04:28:07.901007 np0000183346 nova-scheduler[108507]: DEBUG cotyledon.oslo_config_glue [-] oslo_messaging_rabbit.ssl_enforce_fips_mode = False {{(pid=108507) log_opt_values /opt/stack/data/venv/lib/python3.12/site-packages/oslo_config/cfg.py:3253}}
Jun 29 04:28:07.901007 np0000183346 nova-scheduler[108507]: DEBUG cotyledon.oslo_config_glue [-] oslo_messaging_rabbit.ssl_enforce_hostname_verification = True {{(pid=108507) log_opt_values /opt/stack/data/venv/lib/python3.12/site-packages/oslo_config/cfg.py:3253}}
Jun 29 04:28:07.901293 np0000183346 nova-scheduler[108507]: DEBUG cotyledon.oslo_config_glue [-] oslo_messaging_rabbit.ssl_key_file = {{(pid=108507) log_opt_values /opt/stack/data/venv/lib/python3.12/site-packages/oslo_config/cfg.py:3253}}
Jun 29 04:28:07.901293 np0000183346 nova-scheduler[108507]: DEBUG cotyledon.oslo_config_glue [-] oslo_messaging_rabbit.ssl_version = {{(pid=108507) log_opt_values /opt/stack/data/venv/lib/python3.12/site-packages/oslo_config/cfg.py:3253}}
Jun 29 04:28:07.901293 np0000183346 nova-scheduler[108507]: DEBUG cotyledon.oslo_config_glue [-] oslo_messaging_rabbit.use_queue_manager = False {{(pid=108507) log_opt_values /opt/stack/data/venv/lib/python3.12/site-packages/oslo_config/cfg.py:3253}}
Jun 29 04:28:07.901293 np0000183346 nova-scheduler[108507]: DEBUG cotyledon.oslo_config_glue [-] oslo_messaging_notifications.driver = ['messagingv2'] {{(pid=108507) log_opt_values /opt/stack/data/venv/lib/python3.12/site-packages/oslo_config/cfg.py:3253}}
Jun 29 04:28:07.901293 np0000183346 nova-scheduler[108507]: DEBUG cotyledon.oslo_config_glue [-] oslo_messaging_notifications.retry = -1 {{(pid=108507) log_opt_values /opt/stack/data/venv/lib/python3.12/site-packages/oslo_config/cfg.py:3253}}
Jun 29 04:28:07.901293 np0000183346 nova-scheduler[108507]: DEBUG cotyledon.oslo_config_glue [-] oslo_messaging_notifications.topics = ['notifications'] {{(pid=108507) log_opt_values /opt/stack/data/venv/lib/python3.12/site-packages/oslo_config/cfg.py:3253}}
Jun 29 04:28:07.901293 np0000183346 nova-scheduler[108507]: DEBUG cotyledon.oslo_config_glue [-] oslo_messaging_notifications.transport_url = **** {{(pid=108507) log_opt_values /opt/stack/data/venv/lib/python3.12/site-packages/oslo_config/cfg.py:3253}}
Jun 29 04:28:07.901293 np0000183346 nova-scheduler[108507]: DEBUG cotyledon.oslo_config_glue [-] oslo_limit.auth_section = None {{(pid=108507) log_opt_values /opt/stack/data/venv/lib/python3.12/site-packages/oslo_config/cfg.py:3253}}
Jun 29 04:28:07.901293 np0000183346 nova-scheduler[108507]: DEBUG cotyledon.oslo_config_glue [-] oslo_limit.auth_type = None {{(pid=108507) log_opt_values /opt/stack/data/venv/lib/python3.12/site-packages/oslo_config/cfg.py:3253}}
Jun 29 04:28:07.901763 np0000183346 nova-scheduler[108507]: DEBUG cotyledon.oslo_config_glue [-] oslo_limit.cafile = None {{(pid=108507) log_opt_values /opt/stack/data/venv/lib/python3.12/site-packages/oslo_config/cfg.py:3253}}
Jun 29 04:28:07.901763 np0000183346 nova-scheduler[108507]: DEBUG cotyledon.oslo_config_glue [-] oslo_limit.certfile = None {{(pid=108507) log_opt_values /opt/stack/data/venv/lib/python3.12/site-packages/oslo_config/cfg.py:3253}}
Jun 29 04:28:07.901763 np0000183346 nova-scheduler[108507]: DEBUG cotyledon.oslo_config_glue [-] oslo_limit.collect_timing = False {{(pid=108507) log_opt_values /opt/stack/data/venv/lib/python3.12/site-packages/oslo_config/cfg.py:3253}}
Jun 29 04:28:07.901763 np0000183346 nova-scheduler[108507]: DEBUG cotyledon.oslo_config_glue [-] oslo_limit.connect_retries = None {{(pid=108507) log_opt_values /opt/stack/data/venv/lib/python3.12/site-packages/oslo_config/cfg.py:3253}}
Jun 29 04:28:07.901763 np0000183346 nova-scheduler[108507]: DEBUG cotyledon.oslo_config_glue [-] oslo_limit.connect_retry_delay = None {{(pid=108507) log_opt_values /opt/stack/data/venv/lib/python3.12/site-packages/oslo_config/cfg.py:3253}}
Jun 29 04:28:07.901763 np0000183346 nova-scheduler[108507]: DEBUG cotyledon.oslo_config_glue [-] oslo_limit.endpoint_id = None {{(pid=108507) log_opt_values /opt/stack/data/venv/lib/python3.12/site-packages/oslo_config/cfg.py:3253}}
Jun 29 04:28:07.901763 np0000183346 nova-scheduler[108507]: DEBUG cotyledon.oslo_config_glue [-] oslo_limit.endpoint_interface = public {{(pid=108507) log_opt_values /opt/stack/data/venv/lib/python3.12/site-packages/oslo_config/cfg.py:3253}}
Jun 29 04:28:07.901763 np0000183346 nova-scheduler[108507]: DEBUG cotyledon.oslo_config_glue [-] oslo_limit.endpoint_override = None {{(pid=108507) log_opt_values /opt/stack/data/venv/lib/python3.12/site-packages/oslo_config/cfg.py:3253}}
Jun 29 04:28:07.901763 np0000183346 nova-scheduler[108507]: DEBUG cotyledon.oslo_config_glue [-] oslo_limit.endpoint_region_name = None {{(pid=108507) log_opt_values /opt/stack/data/venv/lib/python3.12/site-packages/oslo_config/cfg.py:3253}}
Jun 29 04:28:07.902063 np0000183346 nova-scheduler[108507]: DEBUG cotyledon.oslo_config_glue [-] oslo_limit.endpoint_service_name = None {{(pid=108507) log_opt_values /opt/stack/data/venv/lib/python3.12/site-packages/oslo_config/cfg.py:3253}}
Jun 29 04:28:07.902063 np0000183346 nova-scheduler[108507]: DEBUG cotyledon.oslo_config_glue [-] oslo_limit.endpoint_service_type = None {{(pid=108507) log_opt_values /opt/stack/data/venv/lib/python3.12/site-packages/oslo_config/cfg.py:3253}}
Jun 29 04:28:07.902063 np0000183346 nova-scheduler[108507]: DEBUG cotyledon.oslo_config_glue [-] oslo_limit.insecure = False {{(pid=108507) log_opt_values /opt/stack/data/venv/lib/python3.12/site-packages/oslo_config/cfg.py:3253}}
Jun 29 04:28:07.902063 np0000183346 nova-scheduler[108507]: DEBUG cotyledon.oslo_config_glue [-] oslo_limit.keyfile = None {{(pid=108507) log_opt_values /opt/stack/data/venv/lib/python3.12/site-packages/oslo_config/cfg.py:3253}}
Jun 29 04:28:07.902063 np0000183346 nova-scheduler[108507]: DEBUG cotyledon.oslo_config_glue [-] oslo_limit.max_version = None {{(pid=108507) log_opt_values /opt/stack/data/venv/lib/python3.12/site-packages/oslo_config/cfg.py:3253}}
Jun 29 04:28:07.902063 np0000183346 nova-scheduler[108507]: DEBUG cotyledon.oslo_config_glue [-] oslo_limit.min_version = None {{(pid=108507) log_opt_values /opt/stack/data/venv/lib/python3.12/site-packages/oslo_config/cfg.py:3253}}
Jun 29 04:28:07.902063 np0000183346 nova-scheduler[108507]: DEBUG cotyledon.oslo_config_glue [-] oslo_limit.region_name = None {{(pid=108507) log_opt_values /opt/stack/data/venv/lib/python3.12/site-packages/oslo_config/cfg.py:3253}}
Jun 29 04:28:07.902063 np0000183346 nova-scheduler[108507]: DEBUG cotyledon.oslo_config_glue [-] oslo_limit.retriable_status_codes = None {{(pid=108507) log_opt_values /opt/stack/data/venv/lib/python3.12/site-packages/oslo_config/cfg.py:3253}}
Jun 29 04:28:07.902063 np0000183346 nova-scheduler[108507]: DEBUG cotyledon.oslo_config_glue [-] oslo_limit.service_name = None {{(pid=108507) log_opt_values /opt/stack/data/venv/lib/python3.12/site-packages/oslo_config/cfg.py:3253}}
Jun 29 04:28:07.902303 np0000183346 nova-scheduler[108507]: DEBUG cotyledon.oslo_config_glue [-] oslo_limit.service_type = None {{(pid=108507) log_opt_values /opt/stack/data/venv/lib/python3.12/site-packages/oslo_config/cfg.py:3253}}
Jun 29 04:28:07.902303 np0000183346 nova-scheduler[108507]: DEBUG cotyledon.oslo_config_glue [-] oslo_limit.split_loggers = False {{(pid=108507) log_opt_values /opt/stack/data/venv/lib/python3.12/site-packages/oslo_config/cfg.py:3253}}
Jun 29 04:28:07.902303 np0000183346 nova-scheduler[108507]: DEBUG cotyledon.oslo_config_glue [-] oslo_limit.status_code_retries = None {{(pid=108507) log_opt_values /opt/stack/data/venv/lib/python3.12/site-packages/oslo_config/cfg.py:3253}}
Jun 29 04:28:07.902303 np0000183346 nova-scheduler[108507]: DEBUG cotyledon.oslo_config_glue [-] oslo_limit.status_code_retry_delay = None {{(pid=108507) log_opt_values /opt/stack/data/venv/lib/python3.12/site-packages/oslo_config/cfg.py:3253}}
Jun 29 04:28:07.902303 np0000183346 nova-scheduler[108507]: DEBUG cotyledon.oslo_config_glue [-] oslo_limit.timeout = None {{(pid=108507) log_opt_values /opt/stack/data/venv/lib/python3.12/site-packages/oslo_config/cfg.py:3253}}
Jun 29 04:28:07.902303 np0000183346 nova-scheduler[108507]: DEBUG cotyledon.oslo_config_glue [-] oslo_limit.valid_interfaces = None {{(pid=108507) log_opt_values /opt/stack/data/venv/lib/python3.12/site-packages/oslo_config/cfg.py:3253}}
Jun 29 04:28:07.902303 np0000183346 nova-scheduler[108507]: DEBUG cotyledon.oslo_config_glue [-] oslo_limit.version = None {{(pid=108507) log_opt_values /opt/stack/data/venv/lib/python3.12/site-packages/oslo_config/cfg.py:3253}}
Jun 29 04:28:07.902303 np0000183346 nova-scheduler[108507]: DEBUG cotyledon.oslo_config_glue [-] oslo_reports.file_event_handler = None {{(pid=108507) log_opt_values /opt/stack/data/venv/lib/python3.12/site-packages/oslo_config/cfg.py:3253}}
Jun 29 04:28:07.902303 np0000183346 nova-scheduler[108507]: DEBUG cotyledon.oslo_config_glue [-] oslo_reports.file_event_handler_interval = 1 {{(pid=108507) log_opt_values /opt/stack/data/venv/lib/python3.12/site-packages/oslo_config/cfg.py:3253}}
Jun 29 04:28:07.902525 np0000183346 nova-scheduler[108507]: DEBUG cotyledon.oslo_config_glue [-] oslo_reports.log_dir = None {{(pid=108507) log_opt_values /opt/stack/data/venv/lib/python3.12/site-packages/oslo_config/cfg.py:3253}}
Jun 29 04:28:07.902525 np0000183346 nova-scheduler[108507]: DEBUG cotyledon.oslo_config_glue [-] ******************************************************************************** {{(pid=108507) log_opt_values /opt/stack/data/venv/lib/python3.12/site-packages/oslo_config/cfg.py:3260}}
Jun 29 04:28:07.902525 np0000183346 nova-scheduler[108507]: DEBUG cotyledon._service_worker [-] Run service ServiceWrapper(3) [108507] {{(pid=108507) wait_forever /opt/stack/data/venv/lib/python3.12/site-packages/cotyledon/_service_worker.py:218}}
Jun 29 04:28:07.902525 np0000183346 nova-scheduler[108507]: INFO nova.service [-] Starting scheduler node (version 33.1.0)
Jun 29 04:28:07.902638 np0000183346 nova-scheduler[108493]: INFO dbcounter [None req-44c81461-36e6-440b-9849-cfb57529013d None None] Registered counter for database nova_cell0
Jun 29 04:28:07.902668 np0000183346 nova-scheduler[108486]: DEBUG dbcounter [-] [108486] Writer thread running {{(pid=108486) stat_writer /opt/stack/data/venv/lib/python3.12/site-packages/dbcounter.py:102}}
Jun 29 04:28:07.902702 np0000183346 nova-scheduler[108507]: INFO dbcounter [None req-d61e6dd7-ffef-44f8-ad46-6f7a9a43628e None None] Registered counter for database nova_cell0
Jun 29 04:28:07.902731 np0000183346 nova-scheduler[108486]: DEBUG nova.service [None req-89f10d5d-1787-46f4-83a2-64988a90a3b8 None None] Creating RPC server for service: nova-scheduler on topic: scheduler {{(pid=108486) start /opt/stack/nova/nova/service.py:196}}
Jun 29 04:28:07.906556 np0000183346 nova-scheduler[108500]: DEBUG oslo_db.sqlalchemy.engines [None req-7b5eb43f-37c3-4021-b83e-2fb72cc8b8d4 None None] MySQL server mode set to STRICT_TRANS_TABLES,STRICT_ALL_TABLES,NO_ZERO_IN_DATE,NO_ZERO_DATE,ERROR_FOR_DIVISION_BY_ZERO,TRADITIONAL,NO_ENGINE_SUBSTITUTION {{(pid=108500) _check_effective_sql_mode /opt/stack/data/venv/lib/python3.12/site-packages/oslo_db/sqlalchemy/engines.py:325}}
Jun 29 04:28:07.919468 np0000183346 nova-scheduler[108493]: DEBUG oslo_db.sqlalchemy.engines [None req-44c81461-36e6-440b-9849-cfb57529013d None None] MySQL server mode set to STRICT_TRANS_TABLES,STRICT_ALL_TABLES,NO_ZERO_IN_DATE,NO_ZERO_DATE,ERROR_FOR_DIVISION_BY_ZERO,TRADITIONAL,NO_ENGINE_SUBSTITUTION {{(pid=108493) _check_effective_sql_mode /opt/stack/data/venv/lib/python3.12/site-packages/oslo_db/sqlalchemy/engines.py:325}}
Jun 29 04:28:07.925086 np0000183346 nova-scheduler[108500]: DEBUG dbcounter [-] [108500] Writer thread running {{(pid=108500) stat_writer /opt/stack/data/venv/lib/python3.12/site-packages/dbcounter.py:102}}
Jun 29 04:28:07.928742 np0000183346 nova-scheduler[108507]: DEBUG oslo_db.sqlalchemy.engines [None req-d61e6dd7-ffef-44f8-ad46-6f7a9a43628e None None] MySQL server mode set to STRICT_TRANS_TABLES,STRICT_ALL_TABLES,NO_ZERO_IN_DATE,NO_ZERO_DATE,ERROR_FOR_DIVISION_BY_ZERO,TRADITIONAL,NO_ENGINE_SUBSTITUTION {{(pid=108507) _check_effective_sql_mode /opt/stack/data/venv/lib/python3.12/site-packages/oslo_db/sqlalchemy/engines.py:325}}
Jun 29 04:28:07.931700 np0000183346 nova-scheduler[108500]: DEBUG nova.service [None req-7b5eb43f-37c3-4021-b83e-2fb72cc8b8d4 None None] Creating RPC server for service: nova-scheduler on topic: scheduler {{(pid=108500) start /opt/stack/nova/nova/service.py:196}}
Jun 29 04:28:07.931809 np0000183346 nova-scheduler[108493]: DEBUG dbcounter [-] [108493] Writer thread running {{(pid=108493) stat_writer /opt/stack/data/venv/lib/python3.12/site-packages/dbcounter.py:102}}
Jun 29 04:28:07.937999 np0000183346 nova-scheduler[108493]: DEBUG nova.service [None req-44c81461-36e6-440b-9849-cfb57529013d None None] Creating RPC server for service: nova-scheduler on topic: scheduler {{(pid=108493) start /opt/stack/nova/nova/service.py:196}}
Jun 29 04:28:07.938145 np0000183346 nova-scheduler[108507]: DEBUG dbcounter [-] [108507] Writer thread running {{(pid=108507) stat_writer /opt/stack/data/venv/lib/python3.12/site-packages/dbcounter.py:102}}
Jun 29 04:28:07.938544 np0000183346 nova-scheduler[108486]: DEBUG nova.service [None req-89f10d5d-1787-46f4-83a2-64988a90a3b8 None None] Join ServiceGroup membership for this service scheduler {{(pid=108486) start /opt/stack/nova/nova/service.py:222}}
Jun 29 04:28:07.938877 np0000183346 nova-scheduler[108486]: DEBUG nova.servicegroup.drivers.db [None req-89f10d5d-1787-46f4-83a2-64988a90a3b8 None None] DB_Driver: join new ServiceGroup member np0000183346 to the scheduler group, service = {{(pid=108486) join /opt/stack/nova/nova/servicegroup/drivers/db.py:44}}
Jun 29 04:28:07.940870 np0000183346 nova-scheduler[108507]: DEBUG nova.service [None req-d61e6dd7-ffef-44f8-ad46-6f7a9a43628e None None] Creating RPC server for service: nova-scheduler on topic: scheduler {{(pid=108507) start /opt/stack/nova/nova/service.py:196}}
Jun 29 04:28:07.962744 np0000183346 nova-scheduler[108507]: DEBUG nova.service [None req-d61e6dd7-ffef-44f8-ad46-6f7a9a43628e None None] Join ServiceGroup membership for this service scheduler {{(pid=108507) start /opt/stack/nova/nova/service.py:222}}
Jun 29 04:28:07.963146 np0000183346 nova-scheduler[108507]: DEBUG nova.servicegroup.drivers.db [None req-d61e6dd7-ffef-44f8-ad46-6f7a9a43628e None None] DB_Driver: join new ServiceGroup member np0000183346 to the scheduler group, service = {{(pid=108507) join /opt/stack/nova/nova/servicegroup/drivers/db.py:44}}
Jun 29 04:28:07.963365 np0000183346 nova-scheduler[108493]: DEBUG nova.service [None req-44c81461-36e6-440b-9849-cfb57529013d None None] Join ServiceGroup membership for this service scheduler {{(pid=108493) start /opt/stack/nova/nova/service.py:222}}
Jun 29 04:28:07.964579 np0000183346 nova-scheduler[108493]: DEBUG nova.servicegroup.drivers.db [None req-44c81461-36e6-440b-9849-cfb57529013d None None] DB_Driver: join new ServiceGroup member np0000183346 to the scheduler group, service = {{(pid=108493) join /opt/stack/nova/nova/servicegroup/drivers/db.py:44}}
Jun 29 04:28:07.965688 np0000183346 nova-scheduler[108500]: DEBUG nova.service [None req-7b5eb43f-37c3-4021-b83e-2fb72cc8b8d4 None None] Join ServiceGroup membership for this service scheduler {{(pid=108500) start /opt/stack/nova/nova/service.py:222}}
Jun 29 04:28:07.966028 np0000183346 nova-scheduler[108500]: DEBUG nova.servicegroup.drivers.db [None req-7b5eb43f-37c3-4021-b83e-2fb72cc8b8d4 None None] DB_Driver: join new ServiceGroup member np0000183346 to the scheduler group, service = {{(pid=108500) join /opt/stack/nova/nova/servicegroup/drivers/db.py:44}}
Jun 29 04:28:12.964301 np0000183346 nova-scheduler[108486]: DEBUG oslo.service.backend._threading.loopingcall [-] Fixed interval looping call 'nova.servicegroup.drivers.db.DbDriver._report_state' sleeping for 119.98 seconds {{(pid=108486) _run_loop /opt/stack/data/venv/lib/python3.12/site-packages/oslo_service/backend/_threading/loopingcall.py:125}}
Jun 29 04:28:12.976661 np0000183346 nova-scheduler[108507]: DEBUG oslo.service.backend._threading.loopingcall [-] Fixed interval looping call 'nova.servicegroup.drivers.db.DbDriver._report_state' sleeping for 119.99 seconds {{(pid=108507) _run_loop /opt/stack/data/venv/lib/python3.12/site-packages/oslo_service/backend/_threading/loopingcall.py:125}}
Jun 29 04:28:12.982566 np0000183346 nova-scheduler[108500]: DEBUG oslo.service.backend._threading.loopingcall [-] Fixed interval looping call 'nova.servicegroup.drivers.db.DbDriver._report_state' sleeping for 119.99 seconds {{(pid=108500) _run_loop /opt/stack/data/venv/lib/python3.12/site-packages/oslo_service/backend/_threading/loopingcall.py:125}}
Jun 29 04:28:12.983493 np0000183346 nova-scheduler[108493]: DEBUG oslo.service.backend._threading.loopingcall [-] Fixed interval looping call 'nova.servicegroup.drivers.db.DbDriver._report_state' sleeping for 119.98 seconds {{(pid=108493) _run_loop /opt/stack/data/venv/lib/python3.12/site-packages/oslo_service/backend/_threading/loopingcall.py:125}}
Jun 29 04:28:14.942473 np0000183346 nova-scheduler[108486]: DEBUG oslo.service.backend._threading.loopingcall [None req-e576c6bd-249f-4675-9b97-2d53f49a4f06 None None] Dynamic interval looping call 'nova.service.Service.periodic_tasks' sleeping for 60.00 seconds {{(pid=108486) _run_loop /opt/stack/data/venv/lib/python3.12/site-packages/oslo_service/backend/_threading/loopingcall.py:125}}
Jun 29 04:28:16.464708 np0000183346 nova-scheduler[107708]: DEBUG dbcounter [-] [107708] Writing DB stats nova_api:SELECT=3 {{(pid=107708) stat_writer /opt/stack/data/venv/lib/python3.12/site-packages/dbcounter.py:115}}
Jun 29 04:28:16.625897 np0000183346 nova-scheduler[107708]: DEBUG dbcounter [-] [107708] Writing DB stats nova_cell1:SELECT=1 {{(pid=107708) stat_writer /opt/stack/data/venv/lib/python3.12/site-packages/dbcounter.py:115}}
Jun 29 04:28:16.629572 np0000183346 nova-scheduler[107708]: DEBUG dbcounter [-] [107708] Writing DB stats nova_cell0:SELECT=1 {{(pid=107708) stat_writer /opt/stack/data/venv/lib/python3.12/site-packages/dbcounter.py:115}}
Jun 29 04:28:22.956569 np0000183346 nova-scheduler[108486]: DEBUG dbcounter [-] [108486] Writing DB stats nova_cell0:SELECT=4,nova_cell0:INSERT=1,nova_cell0:UPDATE=1 {{(pid=108486) stat_writer /opt/stack/data/venv/lib/python3.12/site-packages/dbcounter.py:115}}
Jun 29 04:28:22.974361 np0000183346 nova-scheduler[108507]: DEBUG dbcounter [-] [108507] Writing DB stats nova_cell0:SELECT=3 {{(pid=108507) stat_writer /opt/stack/data/venv/lib/python3.12/site-packages/dbcounter.py:115}}
Jun 29 04:28:22.978920 np0000183346 nova-scheduler[108500]: DEBUG dbcounter [-] [108500] Writing DB stats nova_cell0:SELECT=3 {{(pid=108500) stat_writer /opt/stack/data/venv/lib/python3.12/site-packages/dbcounter.py:115}}
Jun 29 04:28:22.981864 np0000183346 nova-scheduler[108493]: DEBUG dbcounter [-] [108493] Writing DB stats nova_cell0:SELECT=3 {{(pid=108493) stat_writer /opt/stack/data/venv/lib/python3.12/site-packages/dbcounter.py:115}}
Jun 29 04:28:23.969367 np0000183346 nova-scheduler[108500]: DEBUG oslo.service.backend._threading.loopingcall [None req-21672bb6-4107-44b3-aef7-24b25733f60e None None] Dynamic interval looping call 'nova.service.Service.periodic_tasks' sleeping for 60.00 seconds {{(pid=108500) _run_loop /opt/stack/data/venv/lib/python3.12/site-packages/oslo_service/backend/_threading/loopingcall.py:125}}
Jun 29 04:28:27.966376 np0000183346 nova-scheduler[108507]: DEBUG oslo.service.backend._threading.loopingcall [None req-8fc10532-8462-480a-b7b0-9441ffd22049 None None] Dynamic interval looping call 'nova.service.Service.periodic_tasks' sleeping for 60.00 seconds {{(pid=108507) _run_loop /opt/stack/data/venv/lib/python3.12/site-packages/oslo_service/backend/_threading/loopingcall.py:125}}
Jun 29 04:28:41.969106 np0000183346 nova-scheduler[108493]: DEBUG oslo.service.backend._threading.loopingcall [None req-4557a7c3-1236-45d5-85f2-fbe74ce282bf None None] Dynamic interval looping call 'nova.service.Service.periodic_tasks' sleeping for 60.00 seconds {{(pid=108493) _run_loop /opt/stack/data/venv/lib/python3.12/site-packages/oslo_service/backend/_threading/loopingcall.py:125}}
Jun 29 04:29:14.943344 np0000183346 nova-scheduler[108486]: DEBUG oslo.service.backend._threading.loopingcall [None req-e576c6bd-249f-4675-9b97-2d53f49a4f06 None None] Dynamic interval looping call 'nova.service.Service.periodic_tasks' sleeping for 60.00 seconds {{(pid=108486) _run_loop /opt/stack/data/venv/lib/python3.12/site-packages/oslo_service/backend/_threading/loopingcall.py:125}}
Jun 29 04:29:23.970460 np0000183346 nova-scheduler[108500]: DEBUG oslo.service.backend._threading.loopingcall [None req-21672bb6-4107-44b3-aef7-24b25733f60e None None] Dynamic interval looping call 'nova.service.Service.periodic_tasks' sleeping for 60.00 seconds {{(pid=108500) _run_loop /opt/stack/data/venv/lib/python3.12/site-packages/oslo_service/backend/_threading/loopingcall.py:125}}
Jun 29 04:29:27.967579 np0000183346 nova-scheduler[108507]: DEBUG oslo.service.backend._threading.loopingcall [None req-8fc10532-8462-480a-b7b0-9441ffd22049 None None] Dynamic interval looping call 'nova.service.Service.periodic_tasks' sleeping for 60.00 seconds {{(pid=108507) _run_loop /opt/stack/data/venv/lib/python3.12/site-packages/oslo_service/backend/_threading/loopingcall.py:125}}
Jun 29 04:29:41.969880 np0000183346 nova-scheduler[108493]: DEBUG oslo.service.backend._threading.loopingcall [None req-4557a7c3-1236-45d5-85f2-fbe74ce282bf None None] Dynamic interval looping call 'nova.service.Service.periodic_tasks' sleeping for 60.00 seconds {{(pid=108493) _run_loop /opt/stack/data/venv/lib/python3.12/site-packages/oslo_service/backend/_threading/loopingcall.py:125}}
Jun 29 04:30:12.957092 np0000183346 nova-scheduler[108486]: DEBUG oslo.service.backend._threading.loopingcall [-] Fixed interval looping call 'nova.servicegroup.drivers.db.DbDriver._report_state' sleeping for 119.99 seconds {{(pid=108486) _run_loop /opt/stack/data/venv/lib/python3.12/site-packages/oslo_service/backend/_threading/loopingcall.py:125}}
Jun 29 04:30:12.969248 np0000183346 nova-scheduler[108493]: DEBUG oslo.service.backend._threading.loopingcall [-] Fixed interval looping call 'nova.servicegroup.drivers.db.DbDriver._report_state' sleeping for 119.99 seconds {{(pid=108493) _run_loop /opt/stack/data/venv/lib/python3.12/site-packages/oslo_service/backend/_threading/loopingcall.py:125}}
Jun 29 04:30:12.972273 np0000183346 nova-scheduler[108507]: DEBUG oslo.service.backend._threading.loopingcall [-] Fixed interval looping call 'nova.servicegroup.drivers.db.DbDriver._report_state' sleeping for 119.99 seconds {{(pid=108507) _run_loop /opt/stack/data/venv/lib/python3.12/site-packages/oslo_service/backend/_threading/loopingcall.py:125}}
Jun 29 04:30:12.978433 np0000183346 nova-scheduler[108500]: DEBUG oslo.service.backend._threading.loopingcall [-] Fixed interval looping call 'nova.servicegroup.drivers.db.DbDriver._report_state' sleeping for 119.99 seconds {{(pid=108500) _run_loop /opt/stack/data/venv/lib/python3.12/site-packages/oslo_service/backend/_threading/loopingcall.py:125}}
Jun 29 04:30:14.943920 np0000183346 nova-scheduler[108486]: DEBUG oslo.service.backend._threading.loopingcall [None req-e576c6bd-249f-4675-9b97-2d53f49a4f06 None None] Dynamic interval looping call 'nova.service.Service.periodic_tasks' sleeping for 60.00 seconds {{(pid=108486) _run_loop /opt/stack/data/venv/lib/python3.12/site-packages/oslo_service/backend/_threading/loopingcall.py:125}}
Jun 29 04:30:22.949569 np0000183346 nova-scheduler[108486]: DEBUG dbcounter [-] [108486] Writing DB stats nova_cell0:SELECT=1,nova_cell0:UPDATE=1 {{(pid=108486) stat_writer /opt/stack/data/venv/lib/python3.12/site-packages/dbcounter.py:115}}
Jun 29 04:30:22.966341 np0000183346 nova-scheduler[108493]: DEBUG dbcounter [-] [108493] Writing DB stats nova_cell0:SELECT=1 {{(pid=108493) stat_writer /opt/stack/data/venv/lib/python3.12/site-packages/dbcounter.py:115}}
Jun 29 04:30:22.970553 np0000183346 nova-scheduler[108507]: DEBUG dbcounter [-] [108507] Writing DB stats nova_cell0:SELECT=1 {{(pid=108507) stat_writer /opt/stack/data/venv/lib/python3.12/site-packages/dbcounter.py:115}}
Jun 29 04:30:22.975698 np0000183346 nova-scheduler[108500]: DEBUG dbcounter [-] [108500] Writing DB stats nova_cell0:SELECT=1 {{(pid=108500) stat_writer /opt/stack/data/venv/lib/python3.12/site-packages/dbcounter.py:115}}
Jun 29 04:30:23.971160 np0000183346 nova-scheduler[108500]: DEBUG oslo.service.backend._threading.loopingcall [None req-21672bb6-4107-44b3-aef7-24b25733f60e None None] Dynamic interval looping call 'nova.service.Service.periodic_tasks' sleeping for 60.00 seconds {{(pid=108500) _run_loop /opt/stack/data/venv/lib/python3.12/site-packages/oslo_service/backend/_threading/loopingcall.py:125}}
Jun 29 04:30:27.968449 np0000183346 nova-scheduler[108507]: DEBUG oslo.service.backend._threading.loopingcall [None req-8fc10532-8462-480a-b7b0-9441ffd22049 None None] Dynamic interval looping call 'nova.service.Service.periodic_tasks' sleeping for 60.00 seconds {{(pid=108507) _run_loop /opt/stack/data/venv/lib/python3.12/site-packages/oslo_service/backend/_threading/loopingcall.py:125}}
Jun 29 04:30:41.970716 np0000183346 nova-scheduler[108493]: DEBUG oslo.service.backend._threading.loopingcall [None req-4557a7c3-1236-45d5-85f2-fbe74ce282bf None None] Dynamic interval looping call 'nova.service.Service.periodic_tasks' sleeping for 60.00 seconds {{(pid=108493) _run_loop /opt/stack/data/venv/lib/python3.12/site-packages/oslo_service/backend/_threading/loopingcall.py:125}}
Jun 29 04:31:14.944802 np0000183346 nova-scheduler[108486]: DEBUG oslo.service.backend._threading.loopingcall [None req-e576c6bd-249f-4675-9b97-2d53f49a4f06 None None] Dynamic interval looping call 'nova.service.Service.periodic_tasks' sleeping for 60.00 seconds {{(pid=108486) _run_loop /opt/stack/data/venv/lib/python3.12/site-packages/oslo_service/backend/_threading/loopingcall.py:125}}
Jun 29 04:31:23.971909 np0000183346 nova-scheduler[108500]: DEBUG oslo.service.backend._threading.loopingcall [None req-21672bb6-4107-44b3-aef7-24b25733f60e None None] Dynamic interval looping call 'nova.service.Service.periodic_tasks' sleeping for 60.00 seconds {{(pid=108500) _run_loop /opt/stack/data/venv/lib/python3.12/site-packages/oslo_service/backend/_threading/loopingcall.py:125}}
Jun 29 04:31:27.969567 np0000183346 nova-scheduler[108507]: DEBUG oslo.service.backend._threading.loopingcall [None req-8fc10532-8462-480a-b7b0-9441ffd22049 None None] Dynamic interval looping call 'nova.service.Service.periodic_tasks' sleeping for 60.00 seconds {{(pid=108507) _run_loop /opt/stack/data/venv/lib/python3.12/site-packages/oslo_service/backend/_threading/loopingcall.py:125}}
Jun 29 04:31:41.971542 np0000183346 nova-scheduler[108493]: DEBUG oslo.service.backend._threading.loopingcall [None req-4557a7c3-1236-45d5-85f2-fbe74ce282bf None None] Dynamic interval looping call 'nova.service.Service.periodic_tasks' sleeping for 60.00 seconds {{(pid=108493) _run_loop /opt/stack/data/venv/lib/python3.12/site-packages/oslo_service/backend/_threading/loopingcall.py:125}}
Jun 29 04:32:12.961410 np0000183346 nova-scheduler[108486]: DEBUG oslo.service.backend._threading.loopingcall [-] Fixed interval looping call 'nova.servicegroup.drivers.db.DbDriver._report_state' sleeping for 119.99 seconds {{(pid=108486) _run_loop /opt/stack/data/venv/lib/python3.12/site-packages/oslo_service/backend/_threading/loopingcall.py:125}}
Jun 29 04:32:12.967906 np0000183346 nova-scheduler[108507]: DEBUG oslo.service.backend._threading.loopingcall [-] Fixed interval looping call 'nova.servicegroup.drivers.db.DbDriver._report_state' sleeping for 119.99 seconds {{(pid=108507) _run_loop /opt/stack/data/venv/lib/python3.12/site-packages/oslo_service/backend/_threading/loopingcall.py:125}}
Jun 29 04:32:12.969785 np0000183346 nova-scheduler[108493]: DEBUG oslo.service.backend._threading.loopingcall [-] Fixed interval looping call 'nova.servicegroup.drivers.db.DbDriver._report_state' sleeping for 119.99 seconds {{(pid=108493) _run_loop /opt/stack/data/venv/lib/python3.12/site-packages/oslo_service/backend/_threading/loopingcall.py:125}}
Jun 29 04:32:12.980361 np0000183346 nova-scheduler[108500]: DEBUG oslo.service.backend._threading.loopingcall [-] Fixed interval looping call 'nova.servicegroup.drivers.db.DbDriver._report_state' sleeping for 119.99 seconds {{(pid=108500) _run_loop /opt/stack/data/venv/lib/python3.12/site-packages/oslo_service/backend/_threading/loopingcall.py:125}}
Jun 29 04:32:14.945913 np0000183346 nova-scheduler[108486]: DEBUG oslo.service.backend._threading.loopingcall [None req-e576c6bd-249f-4675-9b97-2d53f49a4f06 None None] Dynamic interval looping call 'nova.service.Service.periodic_tasks' sleeping for 60.00 seconds {{(pid=108486) _run_loop /opt/stack/data/venv/lib/python3.12/site-packages/oslo_service/backend/_threading/loopingcall.py:125}}
Jun 29 04:32:22.954708 np0000183346 nova-scheduler[108486]: DEBUG dbcounter [-] [108486] Writing DB stats nova_cell0:SELECT=1,nova_cell0:UPDATE=1 {{(pid=108486) stat_writer /opt/stack/data/venv/lib/python3.12/site-packages/dbcounter.py:115}}
Jun 29 04:32:22.964913 np0000183346 nova-scheduler[108507]: DEBUG dbcounter [-] [108507] Writing DB stats nova_cell0:SELECT=1 {{(pid=108507) stat_writer /opt/stack/data/venv/lib/python3.12/site-packages/dbcounter.py:115}}
Jun 29 04:32:22.966627 np0000183346 nova-scheduler[108493]: DEBUG dbcounter [-] [108493] Writing DB stats nova_cell0:SELECT=1 {{(pid=108493) stat_writer /opt/stack/data/venv/lib/python3.12/site-packages/dbcounter.py:115}}
Jun 29 04:32:22.972462 np0000183346 nova-scheduler[108500]: DEBUG dbcounter [-] [108500] Writing DB stats nova_cell0:SELECT=1 {{(pid=108500) stat_writer /opt/stack/data/venv/lib/python3.12/site-packages/dbcounter.py:115}}
Jun 29 04:32:23.973200 np0000183346 nova-scheduler[108500]: DEBUG oslo.service.backend._threading.loopingcall [None req-21672bb6-4107-44b3-aef7-24b25733f60e None None] Dynamic interval looping call 'nova.service.Service.periodic_tasks' sleeping for 60.00 seconds {{(pid=108500) _run_loop /opt/stack/data/venv/lib/python3.12/site-packages/oslo_service/backend/_threading/loopingcall.py:125}}
