May 18 23:32:46.518623 np0000174547 neutron-periodic-workers[104683]: DEBUG cotyledon.oslo_config_glue [-] database.db_max_retries = 20 {{(pid=104683) log_opt_values /opt/stack/data/venv/lib/python3.12/site-packages/oslo_config/cfg.py:3006}}
May 18 23:32:46.518661 np0000174547 neutron-periodic-workers[104683]: DEBUG cotyledon.oslo_config_glue [-] database.db_max_retry_interval = 10 {{(pid=104683) log_opt_values /opt/stack/data/venv/lib/python3.12/site-packages/oslo_config/cfg.py:3006}}
May 18 23:32:46.518695 np0000174547 neutron-periodic-workers[104683]: DEBUG cotyledon.oslo_config_glue [-] database.db_retry_interval = 1 {{(pid=104683) log_opt_values /opt/stack/data/venv/lib/python3.12/site-packages/oslo_config/cfg.py:3006}}
May 18 23:32:46.518738 np0000174547 neutron-periodic-workers[104683]: DEBUG cotyledon.oslo_config_glue [-] database.max_overflow = 50 {{(pid=104683) log_opt_values /opt/stack/data/venv/lib/python3.12/site-packages/oslo_config/cfg.py:3006}}
May 18 23:32:46.518775 np0000174547 neutron-periodic-workers[104683]: DEBUG cotyledon.oslo_config_glue [-] database.max_pool_size = 5 {{(pid=104683) log_opt_values /opt/stack/data/venv/lib/python3.12/site-packages/oslo_config/cfg.py:3006}}
May 18 23:32:46.518809 np0000174547 neutron-periodic-workers[104683]: DEBUG cotyledon.oslo_config_glue [-] database.max_retries = 10 {{(pid=104683) log_opt_values /opt/stack/data/venv/lib/python3.12/site-packages/oslo_config/cfg.py:3006}}
May 18 23:32:46.518846 np0000174547 neutron-periodic-workers[104683]: DEBUG cotyledon.oslo_config_glue [-] database.mysql_sql_mode = TRADITIONAL {{(pid=104683) log_opt_values /opt/stack/data/venv/lib/python3.12/site-packages/oslo_config/cfg.py:3006}}
May 18 23:32:46.518881 np0000174547 neutron-periodic-workers[104683]: DEBUG cotyledon.oslo_config_glue [-] database.mysql_wsrep_sync_wait = None {{(pid=104683) log_opt_values /opt/stack/data/venv/lib/python3.12/site-packages/oslo_config/cfg.py:3006}}
May 18 23:32:46.518916 np0000174547 neutron-periodic-workers[104683]: DEBUG cotyledon.oslo_config_glue [-] database.pool_timeout = None {{(pid=104683) log_opt_values /opt/stack/data/venv/lib/python3.12/site-packages/oslo_config/cfg.py:3006}}
May 18 23:32:46.518952 np0000174547 neutron-periodic-workers[104683]: DEBUG cotyledon.oslo_config_glue [-] database.retry_interval = 10 {{(pid=104683) log_opt_values /opt/stack/data/venv/lib/python3.12/site-packages/oslo_config/cfg.py:3006}}
May 18 23:32:46.518989 np0000174547 neutron-periodic-workers[104683]: DEBUG cotyledon.oslo_config_glue [-] database.slave_connection = **** {{(pid=104683) log_opt_values /opt/stack/data/venv/lib/python3.12/site-packages/oslo_config/cfg.py:3006}}
May 18 23:32:46.519031 np0000174547 neutron-periodic-workers[104683]: DEBUG cotyledon.oslo_config_glue [-] database.sqlite_synchronous = True {{(pid=104683) log_opt_values /opt/stack/data/venv/lib/python3.12/site-packages/oslo_config/cfg.py:3006}}
May 18 23:32:46.519067 np0000174547 neutron-periodic-workers[104683]: DEBUG cotyledon.oslo_config_glue [-] database.synchronous_reader = True {{(pid=104683) log_opt_values /opt/stack/data/venv/lib/python3.12/site-packages/oslo_config/cfg.py:3006}}
May 18 23:32:46.519104 np0000174547 neutron-periodic-workers[104683]: DEBUG cotyledon.oslo_config_glue [-] database.use_db_reconnect = False {{(pid=104683) log_opt_values /opt/stack/data/venv/lib/python3.12/site-packages/oslo_config/cfg.py:3006}}
May 18 23:32:46.519169 np0000174547 neutron-periodic-workers[104683]: DEBUG cotyledon.oslo_config_glue [-] ovn.bfd_min_rx = 1000 {{(pid=104683) log_opt_values /opt/stack/data/venv/lib/python3.12/site-packages/oslo_config/cfg.py:3006}}
May 18 23:32:46.519215 np0000174547 neutron-periodic-workers[104683]: DEBUG cotyledon.oslo_config_glue [-] ovn.bfd_min_tx = 100 {{(pid=104683) log_opt_values /opt/stack/data/venv/lib/python3.12/site-packages/oslo_config/cfg.py:3006}}
May 18 23:32:46.519256 np0000174547 neutron-periodic-workers[104683]: DEBUG cotyledon.oslo_config_glue [-] ovn.bfd_mult = 3 {{(pid=104683) log_opt_values /opt/stack/data/venv/lib/python3.12/site-packages/oslo_config/cfg.py:3006}}
May 18 23:32:46.519291 np0000174547 neutron-periodic-workers[104683]: DEBUG cotyledon.oslo_config_glue [-] ovn.broadcast_arps_to_all_routers = True {{(pid=104683) log_opt_values /opt/stack/data/venv/lib/python3.12/site-packages/oslo_config/cfg.py:3006}}
May 18 23:32:46.519326 np0000174547 neutron-periodic-workers[104683]: DEBUG cotyledon.oslo_config_glue [-] ovn.dhcp_default_lease_time = 43200 {{(pid=104683) log_opt_values /opt/stack/data/venv/lib/python3.12/site-packages/oslo_config/cfg.py:3006}}
May 18 23:32:46.519368 np0000174547 neutron-periodic-workers[104683]: DEBUG cotyledon.oslo_config_glue [-] ovn.disable_ovn_dhcp_for_baremetal_ports = False {{(pid=104683) log_opt_values /opt/stack/data/venv/lib/python3.12/site-packages/oslo_config/cfg.py:3006}}
May 18 23:32:46.519403 np0000174547 neutron-periodic-workers[104683]: DEBUG cotyledon.oslo_config_glue [-] ovn.dns_records_ovn_owned = False {{(pid=104683) log_opt_values /opt/stack/data/venv/lib/python3.12/site-packages/oslo_config/cfg.py:3006}}
May 18 23:32:46.519496 np0000174547 neutron-periodic-workers[104683]: DEBUG cotyledon.oslo_config_glue [-] ovn.dns_servers = [] {{(pid=104683) log_opt_values /opt/stack/data/venv/lib/python3.12/site-packages/oslo_config/cfg.py:3006}}
May 18 23:32:46.519496 np0000174547 neutron-periodic-workers[104683]: DEBUG cotyledon.oslo_config_glue [-] ovn.enable_distributed_floating_ip = False {{(pid=104683) log_opt_values /opt/stack/data/venv/lib/python3.12/site-packages/oslo_config/cfg.py:3006}}
May 18 23:32:46.519648 np0000174547 neutron-periodic-workers[104683]: DEBUG cotyledon.oslo_config_glue [-] ovn.fdb_age_threshold = 300 {{(pid=104683) log_opt_values /opt/stack/data/venv/lib/python3.12/site-packages/oslo_config/cfg.py:3006}}
May 18 23:32:46.519648 np0000174547 neutron-periodic-workers[104683]: DEBUG cotyledon.oslo_config_glue [-] ovn.ha_failover_strategy = normal {{(pid=104683) log_opt_values /opt/stack/data/venv/lib/python3.12/site-packages/oslo_config/cfg.py:3006}}
May 18 23:32:46.519648 np0000174547 neutron-periodic-workers[104683]: DEBUG cotyledon.oslo_config_glue [-] ovn.live_migration_activation_strategy = rarp {{(pid=104683) log_opt_values /opt/stack/data/venv/lib/python3.12/site-packages/oslo_config/cfg.py:3006}}
May 18 23:32:46.519648 np0000174547 neutron-periodic-workers[104683]: DEBUG cotyledon.oslo_config_glue [-] ovn.localnet_learn_fdb = False {{(pid=104683) log_opt_values /opt/stack/data/venv/lib/python3.12/site-packages/oslo_config/cfg.py:3006}}
May 18 23:32:46.519914 np0000174547 neutron-periodic-workers[104683]: DEBUG cotyledon.oslo_config_glue [-] ovn.mac_binding_age_threshold = 300 {{(pid=104683) log_opt_values /opt/stack/data/venv/lib/python3.12/site-packages/oslo_config/cfg.py:3006}}
May 18 23:32:46.519914 np0000174547 neutron-periodic-workers[104683]: DEBUG cotyledon.oslo_config_glue [-] ovn.neutron_sync_mode = log {{(pid=104683) log_opt_values /opt/stack/data/venv/lib/python3.12/site-packages/oslo_config/cfg.py:3006}}
May 18 23:32:46.519914 np0000174547 neutron-periodic-workers[104683]: DEBUG cotyledon.oslo_config_glue [-] ovn.ovn_dhcp4_global_options = {} {{(pid=104683) log_opt_values /opt/stack/data/venv/lib/python3.12/site-packages/oslo_config/cfg.py:3006}}
May 18 23:32:46.519914 np0000174547 neutron-periodic-workers[104683]: DEBUG cotyledon.oslo_config_glue [-] ovn.ovn_dhcp6_global_options = {} {{(pid=104683) log_opt_values /opt/stack/data/venv/lib/python3.12/site-packages/oslo_config/cfg.py:3006}}
May 18 23:32:46.519914 np0000174547 neutron-periodic-workers[104683]: DEBUG cotyledon.oslo_config_glue [-] ovn.ovn_l3_scheduler = leastloaded {{(pid=104683) log_opt_values /opt/stack/data/venv/lib/python3.12/site-packages/oslo_config/cfg.py:3006}}
May 18 23:32:46.519914 np0000174547 neutron-periodic-workers[104683]: DEBUG cotyledon.oslo_config_glue [-] ovn.ovn_metadata_enabled = True {{(pid=104683) log_opt_values /opt/stack/data/venv/lib/python3.12/site-packages/oslo_config/cfg.py:3006}}
May 18 23:32:46.520214 np0000174547 neutron-periodic-workers[104683]: DEBUG cotyledon.oslo_config_glue [-] ovn.ovn_nb_ca_cert = /opt/stack/data/CA/int-ca/ca-chain.pem {{(pid=104683) log_opt_values /opt/stack/data/venv/lib/python3.12/site-packages/oslo_config/cfg.py:3006}}
May 18 23:32:46.520214 np0000174547 neutron-periodic-workers[104683]: DEBUG cotyledon.oslo_config_glue [-] ovn.ovn_nb_certificate = /opt/stack/data/CA/int-ca/devstack-cert.crt {{(pid=104683) log_opt_values /opt/stack/data/venv/lib/python3.12/site-packages/oslo_config/cfg.py:3006}}
May 18 23:32:46.520214 np0000174547 neutron-periodic-workers[104683]: DEBUG cotyledon.oslo_config_glue [-] ovn.ovn_nb_connection = ['ssl:199.204.45.72:6641'] {{(pid=104683) log_opt_values /opt/stack/data/venv/lib/python3.12/site-packages/oslo_config/cfg.py:3006}}
May 18 23:32:46.520214 np0000174547 neutron-periodic-workers[104683]: DEBUG cotyledon.oslo_config_glue [-] ovn.ovn_nb_private_key = /opt/stack/data/CA/int-ca/private/devstack-cert.key {{(pid=104683) log_opt_values /opt/stack/data/venv/lib/python3.12/site-packages/oslo_config/cfg.py:3006}}
May 18 23:32:46.520214 np0000174547 neutron-periodic-workers[104683]: DEBUG cotyledon.oslo_config_glue [-] ovn.ovn_router_indirect_snat = False {{(pid=104683) log_opt_values /opt/stack/data/venv/lib/python3.12/site-packages/oslo_config/cfg.py:3006}}
May 18 23:32:46.520214 np0000174547 neutron-periodic-workers[104683]: DEBUG cotyledon.oslo_config_glue [-] ovn.ovn_sb_ca_cert = /opt/stack/data/CA/int-ca/ca-chain.pem {{(pid=104683) log_opt_values /opt/stack/data/venv/lib/python3.12/site-packages/oslo_config/cfg.py:3006}}
May 18 23:32:46.520214 np0000174547 neutron-periodic-workers[104683]: DEBUG cotyledon.oslo_config_glue [-] ovn.ovn_sb_certificate = /opt/stack/data/CA/int-ca/devstack-cert.crt {{(pid=104683) log_opt_values /opt/stack/data/venv/lib/python3.12/site-packages/oslo_config/cfg.py:3006}}
May 18 23:32:46.520214 np0000174547 neutron-periodic-workers[104683]: DEBUG cotyledon.oslo_config_glue [-] ovn.ovn_sb_connection = ['ssl:199.204.45.72:6642'] {{(pid=104683) log_opt_values /opt/stack/data/venv/lib/python3.12/site-packages/oslo_config/cfg.py:3006}}
May 18 23:32:46.520650 np0000174547 neutron-periodic-workers[104683]: DEBUG cotyledon.oslo_config_glue [-] ovn.ovn_sb_private_key = /opt/stack/data/CA/int-ca/private/devstack-cert.key {{(pid=104683) log_opt_values /opt/stack/data/venv/lib/python3.12/site-packages/oslo_config/cfg.py:3006}}
May 18 23:32:46.520650 np0000174547 neutron-periodic-workers[104683]: DEBUG cotyledon.oslo_config_glue [-] ovn.ovs_create_tap = False {{(pid=104683) log_opt_values /opt/stack/data/venv/lib/python3.12/site-packages/oslo_config/cfg.py:3006}}
May 18 23:32:46.520650 np0000174547 neutron-periodic-workers[104683]: DEBUG cotyledon.oslo_config_glue [-] ovn.ovsdb_connection_timeout = 180 {{(pid=104683) log_opt_values /opt/stack/data/venv/lib/python3.12/site-packages/oslo_config/cfg.py:3006}}
May 18 23:32:46.520650 np0000174547 neutron-periodic-workers[104683]: DEBUG cotyledon.oslo_config_glue [-] ovn.ovsdb_log_level = INFO {{(pid=104683) log_opt_values /opt/stack/data/venv/lib/python3.12/site-packages/oslo_config/cfg.py:3006}}
May 18 23:32:46.520650 np0000174547 neutron-periodic-workers[104683]: DEBUG cotyledon.oslo_config_glue [-] ovn.ovsdb_probe_interval = 60000 {{(pid=104683) log_opt_values /opt/stack/data/venv/lib/python3.12/site-packages/oslo_config/cfg.py:3006}}
May 18 23:32:46.520650 np0000174547 neutron-periodic-workers[104683]: DEBUG cotyledon.oslo_config_glue [-] ovn.ovsdb_retry_max_interval = 180 {{(pid=104683) log_opt_values /opt/stack/data/venv/lib/python3.12/site-packages/oslo_config/cfg.py:3006}}
May 18 23:32:46.520650 np0000174547 neutron-periodic-workers[104683]: DEBUG cotyledon.oslo_config_glue [-] ovn.stateless_nat_enabled = False {{(pid=104683) log_opt_values /opt/stack/data/venv/lib/python3.12/site-packages/oslo_config/cfg.py:3006}}
May 18 23:32:46.520650 np0000174547 neutron-periodic-workers[104683]: DEBUG cotyledon.oslo_config_glue [-] ovn.vhost_sock_dir = /var/run/openvswitch {{(pid=104683) log_opt_values /opt/stack/data/venv/lib/python3.12/site-packages/oslo_config/cfg.py:3006}}
May 18 23:32:46.520650 np0000174547 neutron-periodic-workers[104683]: DEBUG cotyledon.oslo_config_glue [-] OVS.bridge_mac_table_size = 50000 {{(pid=104683) log_opt_values /opt/stack/data/venv/lib/python3.12/site-packages/oslo_config/cfg.py:3006}}
May 18 23:32:46.521099 np0000174547 neutron-periodic-workers[104683]: DEBUG cotyledon.oslo_config_glue [-] OVS.igmp_flood = False {{(pid=104683) log_opt_values /opt/stack/data/venv/lib/python3.12/site-packages/oslo_config/cfg.py:3006}}
May 18 23:32:46.521099 np0000174547 neutron-periodic-workers[104683]: DEBUG cotyledon.oslo_config_glue [-] OVS.igmp_flood_reports = True {{(pid=104683) log_opt_values /opt/stack/data/venv/lib/python3.12/site-packages/oslo_config/cfg.py:3006}}
May 18 23:32:46.521099 np0000174547 neutron-periodic-workers[104683]: DEBUG cotyledon.oslo_config_glue [-] OVS.igmp_flood_unregistered = False {{(pid=104683) log_opt_values /opt/stack/data/venv/lib/python3.12/site-packages/oslo_config/cfg.py:3006}}
May 18 23:32:46.521099 np0000174547 neutron-periodic-workers[104683]: DEBUG cotyledon.oslo_config_glue [-] OVS.igmp_snooping_enable = False {{(pid=104683) log_opt_values /opt/stack/data/venv/lib/python3.12/site-packages/oslo_config/cfg.py:3006}}
May 18 23:32:46.521099 np0000174547 neutron-periodic-workers[104683]: DEBUG cotyledon.oslo_config_glue [-] OVS.ovsdb_timeout = 10 {{(pid=104683) log_opt_values /opt/stack/data/venv/lib/python3.12/site-packages/oslo_config/cfg.py:3006}}
May 18 23:32:46.521099 np0000174547 neutron-periodic-workers[104683]: DEBUG cotyledon.oslo_config_glue [-] ovn_nb_global.fdb_removal_limit = 0 {{(pid=104683) log_opt_values /opt/stack/data/venv/lib/python3.12/site-packages/oslo_config/cfg.py:3006}}
May 18 23:32:46.521099 np0000174547 neutron-periodic-workers[104683]: DEBUG cotyledon.oslo_config_glue [-] ovn_nb_global.ignore_lsp_down = False {{(pid=104683) log_opt_values /opt/stack/data/venv/lib/python3.12/site-packages/oslo_config/cfg.py:3006}}
May 18 23:32:46.521099 np0000174547 neutron-periodic-workers[104683]: DEBUG cotyledon.oslo_config_glue [-] ovn_nb_global.mac_binding_removal_limit = 0 {{(pid=104683) log_opt_values /opt/stack/data/venv/lib/python3.12/site-packages/oslo_config/cfg.py:3006}}
May 18 23:32:46.521099 np0000174547 neutron-periodic-workers[104683]: DEBUG cotyledon.oslo_config_glue [-] ******************************************************************************** {{(pid=104683) log_opt_values /opt/stack/data/venv/lib/python3.12/site-packages/oslo_config/cfg.py:3013}}
May 18 23:32:46.521567 np0000174547 neutron-periodic-workers[104683]: DEBUG cotyledon._service_worker [-] Run service ServiceWrapper(0) [104683] {{(pid=104683) wait_forever /opt/stack/data/venv/lib/python3.12/site-packages/cotyledon/_service_worker.py:218}}
May 18 23:32:56.180955 np0000174547 neutron-periodic-workers[103868]: DEBUG dbcounter [-] [103868] Writing DB stats neutron:SELECT=4 {{(pid=103868) stat_writer /opt/stack/data/venv/lib/python3.12/site-packages/dbcounter.py:115}}
May 18 23:33:52.472063 np0000174547 neutron-periodic-workers[104659]: DEBUG oslo_db.sqlalchemy.engines [None req-3753fd73-878a-4f4b-9272-744d4f1e19ca None None] Parent process 103868 forked (104659) with an open database connection, which is being discarded and recreated. {{(pid=104659) checkout /opt/stack/data/venv/lib/python3.12/site-packages/oslo_db/sqlalchemy/engines.py:402}}
May 18 23:33:52.479927 np0000174547 neutron-periodic-workers[104659]: DEBUG dbcounter [-] [104659] Writer thread running {{(pid=104659) stat_writer /opt/stack/data/venv/lib/python3.12/site-packages/dbcounter.py:102}}
May 18 23:33:52.489076 np0000174547 neutron-periodic-workers[104659]: DEBUG oslo.service.backend._threading.loopingcall [None req-3753fd73-878a-4f4b-9272-744d4f1e19ca None None] Fixed interval looping call 'neutron.plugins.ml2.plugin.DhcpAgentSchedulerDbMixin.remove_networks_from_down_agents' sleeping for 36.98 seconds {{(pid=104659) _run_loop /opt/stack/data/venv/lib/python3.12/site-packages/oslo_service/backend/_threading/loopingcall.py:125}}
May 18 23:33:58.504854 np0000174547 neutron-periodic-workers[104667]: DEBUG dbcounter [-] [104667] Writer thread running {{(pid=104667) stat_writer /opt/stack/data/venv/lib/python3.12/site-packages/dbcounter.py:102}}
May 18 23:33:58.508039 np0000174547 neutron-periodic-workers[104667]: DEBUG neutron.db.agents_db [None req-9ebcf623-e9ab-4077-8bd0-0b110bf7c987 None None] Agent healthcheck: found 0 active agents {{(pid=104667) agent_health_check /opt/stack/neutron/neutron/db/agents_db.py:322}}
May 18 23:33:58.508197 np0000174547 neutron-periodic-workers[104667]: DEBUG oslo.service.backend._threading.loopingcall [None req-9ebcf623-e9ab-4077-8bd0-0b110bf7c987 None None] Fixed interval looping call 'neutron.plugins.ml2.plugin.AgentDbMixin.agent_health_check' sleeping for 36.98 seconds {{(pid=104667) _run_loop /opt/stack/data/venv/lib/python3.12/site-packages/oslo_service/backend/_threading/loopingcall.py:125}}
May 18 23:34:02.487999 np0000174547 neutron-periodic-workers[104659]: DEBUG dbcounter [-] [104659] Writing DB stats neutron:SELECT=3 {{(pid=104659) stat_writer /opt/stack/data/venv/lib/python3.12/site-packages/dbcounter.py:115}}
May 18 23:34:08.505471 np0000174547 neutron-periodic-workers[104667]: DEBUG dbcounter [-] [104667] Writing DB stats neutron:SELECT=1 {{(pid=104667) stat_writer /opt/stack/data/venv/lib/python3.12/site-packages/dbcounter.py:115}}
May 18 23:34:20.552708 np0000174547 neutron-periodic-workers[104683]: DEBUG dbcounter [-] [104683] Writer thread running {{(pid=104683) stat_writer /opt/stack/data/venv/lib/python3.12/site-packages/dbcounter.py:102}}
May 18 23:34:20.570515 np0000174547 neutron-periodic-workers[104683]: DEBUG oslo.service.backend._threading.loopingcall [None req-91296c39-55ef-4c5d-9be5-983301ec91da None None] Fixed interval looping call 'neutron.services.ovn_l3.plugin.L3_NAT_dbonly_mixin._clean_garbage' sleeping for 299.95 seconds {{(pid=104683) _run_loop /opt/stack/data/venv/lib/python3.12/site-packages/oslo_service/backend/_threading/loopingcall.py:125}}
May 18 23:34:29.477535 np0000174547 neutron-periodic-workers[104659]: DEBUG oslo.service.backend._threading.loopingcall [None req-3753fd73-878a-4f4b-9272-744d4f1e19ca None None] Fixed interval looping call 'neutron.plugins.ml2.plugin.DhcpAgentSchedulerDbMixin.remove_networks_from_down_agents' sleeping for 36.99 seconds {{(pid=104659) _run_loop /opt/stack/data/venv/lib/python3.12/site-packages/oslo_service/backend/_threading/loopingcall.py:125}}
May 18 23:34:30.553323 np0000174547 neutron-periodic-workers[104683]: DEBUG dbcounter [-] [104683] Writing DB stats neutron:SELECT=1 {{(pid=104683) stat_writer /opt/stack/data/venv/lib/python3.12/site-packages/dbcounter.py:115}}
May 18 23:34:35.492700 np0000174547 neutron-periodic-workers[104667]: DEBUG neutron.db.agents_db [None req-9ebcf623-e9ab-4077-8bd0-0b110bf7c987 None None] Agent healthcheck: found 0 active agents {{(pid=104667) agent_health_check /opt/stack/neutron/neutron/db/agents_db.py:322}}
May 18 23:34:35.493341 np0000174547 neutron-periodic-workers[104667]: DEBUG oslo.service.backend._threading.loopingcall [None req-9ebcf623-e9ab-4077-8bd0-0b110bf7c987 None None] Fixed interval looping call 'neutron.plugins.ml2.plugin.AgentDbMixin.agent_health_check' sleeping for 37.00 seconds {{(pid=104667) _run_loop /opt/stack/data/venv/lib/python3.12/site-packages/oslo_service/backend/_threading/loopingcall.py:125}}
May 18 23:34:39.476492 np0000174547 neutron-periodic-workers[104659]: DEBUG dbcounter [-] [104659] Writing DB stats neutron:SELECT=3 {{(pid=104659) stat_writer /opt/stack/data/venv/lib/python3.12/site-packages/dbcounter.py:115}}
May 18 23:34:45.491146 np0000174547 neutron-periodic-workers[104667]: DEBUG dbcounter [-] [104667] Writing DB stats neutron:SELECT=1 {{(pid=104667) stat_writer /opt/stack/data/venv/lib/python3.12/site-packages/dbcounter.py:115}}
May 18 23:34:46.515584 np0000174547 neutron-periodic-workers[104674]: DEBUG dbcounter [-] [104674] Writer thread running {{(pid=104674) stat_writer /opt/stack/data/venv/lib/python3.12/site-packages/dbcounter.py:102}}
May 18 23:34:46.517858 np0000174547 neutron-periodic-workers[104674]: DEBUG oslo.service.backend._threading.loopingcall [None req-ef3d3244-7d63-461a-b380-32042bd83db1 None None] Fixed interval looping call 'neutron.db.quota.driver_nolock.DbQuotaNoLockDriver._remove_expired_reservations' sleeping for 119.98 seconds {{(pid=104674) _run_loop /opt/stack/data/venv/lib/python3.12/site-packages/oslo_service/backend/_threading/loopingcall.py:125}}
May 18 23:34:56.516227 np0000174547 neutron-periodic-workers[104674]: DEBUG dbcounter [-] [104674] Writing DB stats neutron:DELETE=1 {{(pid=104674) stat_writer /opt/stack/data/venv/lib/python3.12/site-packages/dbcounter.py:115}}
May 18 23:35:06.478404 np0000174547 neutron-periodic-workers[104659]: DEBUG oslo.service.backend._threading.loopingcall [None req-3753fd73-878a-4f4b-9272-744d4f1e19ca None None] Fixed interval looping call 'neutron.plugins.ml2.plugin.DhcpAgentSchedulerDbMixin.remove_networks_from_down_agents' sleeping for 36.99 seconds {{(pid=104659) _run_loop /opt/stack/data/venv/lib/python3.12/site-packages/oslo_service/backend/_threading/loopingcall.py:125}}
May 18 23:35:12.498898 np0000174547 neutron-periodic-workers[104667]: DEBUG neutron.db.agents_db [None req-9ebcf623-e9ab-4077-8bd0-0b110bf7c987 None None] Agent healthcheck: found 0 active agents {{(pid=104667) agent_health_check /opt/stack/neutron/neutron/db/agents_db.py:322}}
May 18 23:35:12.499279 np0000174547 neutron-periodic-workers[104667]: DEBUG oslo.service.backend._threading.loopingcall [None req-9ebcf623-e9ab-4077-8bd0-0b110bf7c987 None None] Fixed interval looping call 'neutron.plugins.ml2.plugin.AgentDbMixin.agent_health_check' sleeping for 36.99 seconds {{(pid=104667) _run_loop /opt/stack/data/venv/lib/python3.12/site-packages/oslo_service/backend/_threading/loopingcall.py:125}}
May 18 23:35:16.479238 np0000174547 neutron-periodic-workers[104659]: DEBUG dbcounter [-] [104659] Writing DB stats neutron:SELECT=3 {{(pid=104659) stat_writer /opt/stack/data/venv/lib/python3.12/site-packages/dbcounter.py:115}}
May 18 23:35:22.498588 np0000174547 neutron-periodic-workers[104667]: DEBUG dbcounter [-] [104667] Writing DB stats neutron:SELECT=1 {{(pid=104667) stat_writer /opt/stack/data/venv/lib/python3.12/site-packages/dbcounter.py:115}}
May 18 23:35:43.477711 np0000174547 neutron-periodic-workers[104659]: DEBUG oslo.service.backend._threading.loopingcall [None req-3753fd73-878a-4f4b-9272-744d4f1e19ca None None] Fixed interval looping call 'neutron.plugins.ml2.plugin.DhcpAgentSchedulerDbMixin.remove_networks_from_down_agents' sleeping for 36.99 seconds {{(pid=104659) _run_loop /opt/stack/data/venv/lib/python3.12/site-packages/oslo_service/backend/_threading/loopingcall.py:125}}
May 18 23:35:49.494106 np0000174547 neutron-periodic-workers[104667]: DEBUG neutron.db.agents_db [None req-9ebcf623-e9ab-4077-8bd0-0b110bf7c987 None None] Agent healthcheck: found 0 active agents {{(pid=104667) agent_health_check /opt/stack/neutron/neutron/db/agents_db.py:322}}
May 18 23:35:49.495027 np0000174547 neutron-periodic-workers[104667]: DEBUG oslo.service.backend._threading.loopingcall [None req-9ebcf623-e9ab-4077-8bd0-0b110bf7c987 None None] Fixed interval looping call 'neutron.plugins.ml2.plugin.AgentDbMixin.agent_health_check' sleeping for 37.00 seconds {{(pid=104667) _run_loop /opt/stack/data/venv/lib/python3.12/site-packages/oslo_service/backend/_threading/loopingcall.py:125}}
May 18 23:35:53.476335 np0000174547 neutron-periodic-workers[104659]: DEBUG dbcounter [-] [104659] Writing DB stats neutron:SELECT=3 {{(pid=104659) stat_writer /opt/stack/data/venv/lib/python3.12/site-packages/dbcounter.py:115}}
May 18 23:35:59.492861 np0000174547 neutron-periodic-workers[104667]: DEBUG dbcounter [-] [104667] Writing DB stats neutron:SELECT=1 {{(pid=104667) stat_writer /opt/stack/data/venv/lib/python3.12/site-packages/dbcounter.py:115}}
May 18 23:36:20.478955 np0000174547 neutron-periodic-workers[104659]: DEBUG oslo.service.backend._threading.loopingcall [None req-3753fd73-878a-4f4b-9272-744d4f1e19ca None None] Fixed interval looping call 'neutron.plugins.ml2.plugin.DhcpAgentSchedulerDbMixin.remove_networks_from_down_agents' sleeping for 36.99 seconds {{(pid=104659) _run_loop /opt/stack/data/venv/lib/python3.12/site-packages/oslo_service/backend/_threading/loopingcall.py:125}}
May 18 23:36:26.499531 np0000174547 neutron-periodic-workers[104667]: DEBUG neutron.db.agents_db [None req-9ebcf623-e9ab-4077-8bd0-0b110bf7c987 None None] Agent healthcheck: found 0 active agents {{(pid=104667) agent_health_check /opt/stack/neutron/neutron/db/agents_db.py:322}}
May 18 23:36:26.500014 np0000174547 neutron-periodic-workers[104667]: DEBUG oslo.service.backend._threading.loopingcall [None req-9ebcf623-e9ab-4077-8bd0-0b110bf7c987 None None] Fixed interval looping call 'neutron.plugins.ml2.plugin.AgentDbMixin.agent_health_check' sleeping for 36.99 seconds {{(pid=104667) _run_loop /opt/stack/data/venv/lib/python3.12/site-packages/oslo_service/backend/_threading/loopingcall.py:125}}
May 18 23:36:30.477915 np0000174547 neutron-periodic-workers[104659]: DEBUG dbcounter [-] [104659] Writing DB stats neutron:SELECT=3 {{(pid=104659) stat_writer /opt/stack/data/venv/lib/python3.12/site-packages/dbcounter.py:115}}
May 18 23:36:36.497906 np0000174547 neutron-periodic-workers[104667]: DEBUG dbcounter [-] [104667] Writing DB stats neutron:SELECT=1 {{(pid=104667) stat_writer /opt/stack/data/venv/lib/python3.12/site-packages/dbcounter.py:115}}
May 18 23:36:46.506490 np0000174547 neutron-periodic-workers[104674]: DEBUG oslo.service.backend._threading.loopingcall [None req-ef3d3244-7d63-461a-b380-32042bd83db1 None None] Fixed interval looping call 'neutron.db.quota.driver_nolock.DbQuotaNoLockDriver._remove_expired_reservations' sleeping for 119.99 seconds {{(pid=104674) _run_loop /opt/stack/data/venv/lib/python3.12/site-packages/oslo_service/backend/_threading/loopingcall.py:125}}
May 18 23:36:56.502481 np0000174547 neutron-periodic-workers[104674]: DEBUG dbcounter [-] [104674] Writing DB stats neutron:DELETE=1 {{(pid=104674) stat_writer /opt/stack/data/venv/lib/python3.12/site-packages/dbcounter.py:115}}
May 18 23:36:57.479178 np0000174547 neutron-periodic-workers[104659]: DEBUG oslo.service.backend._threading.loopingcall [None req-3753fd73-878a-4f4b-9272-744d4f1e19ca None None] Fixed interval looping call 'neutron.plugins.ml2.plugin.DhcpAgentSchedulerDbMixin.remove_networks_from_down_agents' sleeping for 36.99 seconds {{(pid=104659) _run_loop /opt/stack/data/venv/lib/python3.12/site-packages/oslo_service/backend/_threading/loopingcall.py:125}}
May 18 23:37:03.493789 np0000174547 neutron-periodic-workers[104667]: DEBUG neutron.db.agents_db [None req-9ebcf623-e9ab-4077-8bd0-0b110bf7c987 None None] Agent healthcheck: found 0 active agents {{(pid=104667) agent_health_check /opt/stack/neutron/neutron/db/agents_db.py:322}}
May 18 23:37:03.494267 np0000174547 neutron-periodic-workers[104667]: DEBUG oslo.service.backend._threading.loopingcall [None req-9ebcf623-e9ab-4077-8bd0-0b110bf7c987 None None] Fixed interval looping call 'neutron.plugins.ml2.plugin.AgentDbMixin.agent_health_check' sleeping for 37.00 seconds {{(pid=104667) _run_loop /opt/stack/data/venv/lib/python3.12/site-packages/oslo_service/backend/_threading/loopingcall.py:125}}
May 18 23:37:07.478215 np0000174547 neutron-periodic-workers[104659]: DEBUG dbcounter [-] [104659] Writing DB stats neutron:SELECT=3 {{(pid=104659) stat_writer /opt/stack/data/venv/lib/python3.12/site-packages/dbcounter.py:115}}