2026-05-28 15:00:54.290 7 INFO placement.requestlog [None req-33155094-5821-4dd3-bfdc-a1c9849d63e6 - - - - - -] 10.0.0.222 "GET /" status: 200 len: 136 microversion: 1.0
2026-05-28 15:01:01.631 8 INFO placement.requestlog [req-6f7320ea-aa56-4bb3-9383-636a187c35dc req-65978bc8-81ef-4edf-ba45-dcdca5c01b85 dd55ff9da36f4cb5a6929a7b92eda6aa 6bbfc14dab3344488b82958bc2f0d271 - - 097cc864fbec4606af5c06269d561f72 097cc864fbec4606af5c06269d561f72] 199.204.45.53 "GET /resource_providers/04348710-94d1-4244-ad87-377422011108/allocations" status: 200 len: 54 microversion: 1.0 [pid: 8|app: 0|req: 292/583] 199.204.45.53 () {32 vars in 856 bytes} [Thu May 28 15:01:01 2026] GET /resource_providers/04348710-94d1-4244-ad87-377422011108/allocations => generated 54 bytes in 109 msecs (HTTP/1.1 200) 6 headers in 223 bytes (1 switches on core 0)
2026-05-28 15:01:01.655 7 INFO placement.requestlog [req-6f7320ea-aa56-4bb3-9383-636a187c35dc req-2723e765-2b1a-4fcd-a59f-f1d3643610bf dd55ff9da36f4cb5a6929a7b92eda6aa 6bbfc14dab3344488b82958bc2f0d271 - - 097cc864fbec4606af5c06269d561f72 097cc864fbec4606af5c06269d561f72] 199.204.45.53 "GET /resource_providers?in_tree=04348710-94d1-4244-ad87-377422011108" status: 200 len: 797 microversion: 1.14 [pid: 7|app: 0|req: 292/584] 199.204.45.53 () {34 vars in 891 bytes} [Thu May 28 15:01:01 2026] GET /resource_providers?in_tree=04348710-94d1-4244-ad87-377422011108 => generated 797 bytes in 18 msecs (HTTP/1.1 200) 6 headers in 225 bytes (1 switches on core 0)
2026-05-28 15:01:01.675 8 INFO placement.requestlog [req-6f7320ea-aa56-4bb3-9383-636a187c35dc req-78600daa-a63f-435c-af6a-86fb49735a85 dd55ff9da36f4cb5a6929a7b92eda6aa 6bbfc14dab3344488b82958bc2f0d271 - - 097cc864fbec4606af5c06269d561f72 097cc864fbec4606af5c06269d561f72] 199.204.45.53 "GET /resource_providers/04348710-94d1-4244-ad87-377422011108/inventories" status: 200 len: 400 microversion: 1.0 [pid: 8|app: 0|req: 293/585] 199.204.45.53 () {32 vars in 856 bytes} [Thu May 28 15:01:01 2026] GET /resource_providers/04348710-94d1-4244-ad87-377422011108/inventories => generated 400 bytes in 14 msecs (HTTP/1.1 200) 6 headers in 224 bytes (1 switches on core 0)
2026-05-28 15:01:01.693 7 INFO placement.requestlog [req-6f7320ea-aa56-4bb3-9383-636a187c35dc req-f83acde4-2ab4-4169-b647-15a4b2637b81 dd55ff9da36f4cb5a6929a7b92eda6aa 6bbfc14dab3344488b82958bc2f0d271 - - 097cc864fbec4606af5c06269d561f72 097cc864fbec4606af5c06269d561f72] 199.204.45.53 "GET /resource_providers/04348710-94d1-4244-ad87-377422011108/aggregates" status: 200 len: 53 microversion: 1.19 [pid: 7|app: 0|req: 293/586] 199.204.45.53 () {34 vars in 898 bytes} [Thu May 28 15:01:01 2026] GET /resource_providers/04348710-94d1-4244-ad87-377422011108/aggregates => generated 53 bytes in 11 msecs (HTTP/1.1 200) 8 headers in 295 bytes (1 switches on core 0)
2026-05-28 15:01:01.717 8 INFO placement.requestlog [req-6f7320ea-aa56-4bb3-9383-636a187c35dc req-913130df-daed-4746-8507-045de2347def dd55ff9da36f4cb5a6929a7b92eda6aa 6bbfc14dab3344488b82958bc2f0d271 - - 097cc864fbec4606af5c06269d561f72 097cc864fbec4606af5c06269d561f72] 199.204.45.53 "GET /resource_providers/04348710-94d1-4244-ad87-377422011108/traits" status: 200 len: 2175 microversion: 1.6 [pid: 8|app: 0|req: 294/587] 199.204.45.53 () {34 vars in 889 bytes} [Thu May 28 15:01:01 2026] GET /resource_providers/04348710-94d1-4244-ad87-377422011108/traits => generated 2175 bytes in 18 msecs (HTTP/1.1 200) 6 headers in 225 bytes (1 switches on core 0)
2026-05-28 15:01:01.738 7 INFO placement.requestlog [req-6f7320ea-aa56-4bb3-9383-636a187c35dc req-7cb07cb3-e166-4b1c-8490-5f6951841e18 dd55ff9da36f4cb5a6929a7b92eda6aa 6bbfc14dab3344488b82958bc2f0d271 - - 097cc864fbec4606af5c06269d561f72 097cc864fbec4606af5c06269d561f72] 199.204.45.53 "GET /resource_providers/04348710-94d1-4244-ad87-377422011108/allocations" status: 200 len: 54 microversion: 1.0 [pid: 7|app: 0|req: 294/588] 199.204.45.53 () {32 vars in 856 bytes} [Thu May 28 15:01:01 2026] GET /resource_providers/04348710-94d1-4244-ad87-377422011108/allocations => generated 54 bytes in 16 msecs (HTTP/1.1 200) 6 headers in 223 bytes (1 switches on core 0)
2026-05-28 15:01:04.289 8 INFO placement.requestlog [None req-504040b9-0c95-4eab-bca7-0a866fe5b0f3 - - - - - -] 10.0.0.222 "GET /" status: 200 len: 136 microversion: 1.0
2026-05-28 15:01:04.289 7 INFO placement.requestlog [None req-dee5486d-ebcf-4a0c-8e36-4a90fc98359b - - - - - -] 10.0.0.222 "GET /" status: 200 len: 136 microversion: 1.0
2026-05-28 15:01:14.291 8 INFO placement.requestlog [None req-435fa780-8347-42ca-96ed-3cefc286d2c8 - - - - - -] 10.0.0.222 "GET /" status: 200 len: 136 microversion: 1.0
2026-05-28 15:01:14.291 7 INFO placement.requestlog [None req-e14c0ed3-9ee5-4adc-87af-9dd2cf499e86 - - - - - -] 10.0.0.222 "GET /" status: 200 len: 136 microversion: 1.0
2026-05-28 15:01:24.289 7 INFO placement.requestlog [None req-289917c5-29d4-4db1-b74b-06d5bc7ad426 - - - - - -] 10.0.0.222 "GET /" status: 200 len: 136 microversion: 1.0
2026-05-28 15:01:24.290 8 INFO placement.requestlog [None req-2043bd71-1f69-479c-abf5-b7218c0d65e3 - - - - - -] 10.0.0.222 "GET /" status: 200 len: 136 microversion: 1.0
2026-05-28 15:01:34.289 8 INFO placement.requestlog [None req-fcce0824-4059-4956-8cdb-80e9f65141c8 - - - - - -] 10.0.0.222 "GET /" status: 200 len: 136 microversion: 1.0
2026-05-28 15:01:34.289 7 INFO placement.requestlog [None req-b445fbf0-b8ea-44f3-b70e-ba7c699e77d6 - - - - - -] 10.0.0.222 "GET /" status: 200 len: 136 microversion: 1.0
2026-05-28 15:01:44.289 7 INFO placement.requestlog [None req-7f5717e0-fc8e-47c4-ad68-4b7fe747ca1b - - - - - -] 10.0.0.222 "GET /" status: 200 len: 136 microversion: 1.0
2026-05-28 15:01:44.290 8 INFO placement.requestlog [None req-e447e95e-fdac-456e-a01e-3a0315a562c1 - - - - - -] 10.0.0.222 "GET /" status: 200 len: 136 microversion: 1.0
2026-05-28 15:01:54.290 8 INFO placement.requestlog [None req-3f8c032b-2387-4ebe-b45d-ba06ba42b473 - - - - - -] 10.0.0.222 "GET /" status: 200 len: 136 microversion: 1.0
2026-05-28 15:01:54.290 7 INFO placement.requestlog [None req-0e85a206-dd80-4337-b8e5-f2a9333ca311 - - - - - -] 10.0.0.222 "GET /" status: 200 len: 136 microversion: 1.0
2026-05-28 15:02:00.359 7 INFO placement.requestlog [None req-c6fb4b2b-eb8b-44f6-938d-fd5e9edd9b34 bd8d1270222d403e966327bb1f3d3164 6bbfc14dab3344488b82958bc2f0d271 - - 097cc864fbec4606af5c06269d561f72 097cc864fbec4606af5c06269d561f72] 10.0.0.217 "GET /resource_providers/360c9d33-103d-4dbc-8505-da99b74fe8c9/aggregates" status: 404 len: 235 microversion: 1.1 [pid: 7|app: 0|req: 301/601] 10.0.0.217 () {32 vars in 816 bytes} [Thu May 28 15:02:00 2026] GET /resource_providers/360c9d33-103d-4dbc-8505-da99b74fe8c9/aggregates => generated 235 bytes in 86 msecs (HTTP/1.1 404) 5 headers in 202 bytes (1 switches on core 0)
2026-05-28 15:02:00.390 8 INFO placement.requestlog [None req-833ec951-1048-4e64-bf5d-18789fa602f0 bd8d1270222d403e966327bb1f3d3164 6bbfc14dab3344488b82958bc2f0d271 - - 097cc864fbec4606af5c06269d561f72 097cc864fbec4606af5c06269d561f72] 10.0.0.217 "GET /resource_providers/360c9d33-103d-4dbc-8505-da99b74fe8c9/aggregates" status: 404 len: 235 microversion: 1.1 [pid: 8|app: 0|req: 301/602] 10.0.0.217 () {32 vars in 816 bytes} [Thu May 28 15:02:00 2026] GET /resource_providers/360c9d33-103d-4dbc-8505-da99b74fe8c9/aggregates => generated 235 bytes in 120 msecs (HTTP/1.1 404) 5 headers in 202 bytes (1 switches on core 0)
2026-05-28 15:02:00.400 8 INFO placement.requestlog [None req-a03238ca-220c-46a9-8009-5ab4c011d10e bd8d1270222d403e966327bb1f3d3164 6bbfc14dab3344488b82958bc2f0d271 - - 097cc864fbec4606af5c06269d561f72 097cc864fbec4606af5c06269d561f72] 10.0.0.217 "DELETE /resource_providers/360c9d33-103d-4dbc-8505-da99b74fe8c9" status: 404 len: 246 microversion: 1.1 [pid: 8|app: 0|req: 302/603] 10.0.0.217 () {34 vars in 816 bytes} [Thu May 28 15:02:00 2026] DELETE /resource_providers/360c9d33-103d-4dbc-8505-da99b74fe8c9 => generated 246 bytes in 9 msecs (HTTP/1.1 404) 6 headers in 231 bytes (1 switches on core 0)
2026-05-28 15:02:00.417 8 INFO placement.requestlog [None req-3049b619-3957-4b7e-b57f-a568452b82ab bd8d1270222d403e966327bb1f3d3164 6bbfc14dab3344488b82958bc2f0d271 - - 097cc864fbec4606af5c06269d561f72 097cc864fbec4606af5c06269d561f72] 10.0.0.217 "DELETE /resource_providers/360c9d33-103d-4dbc-8505-da99b74fe8c9" status: 404 len: 246 microversion: 1.1 [pid: 8|app: 0|req: 303/604] 10.0.0.217 () {34 vars in 816 bytes} [Thu May 28 15:02:00 2026] DELETE /resource_providers/360c9d33-103d-4dbc-8505-da99b74fe8c9 => generated 246 bytes in 12 msecs (HTTP/1.1 404) 6 headers in 231 bytes (1 switches on core 0)
2026-05-28 15:02:00.441 7 INFO placement.requestlog [req-e6b93db3-35bb-4fbf-885f-c18c86142fbd req-e474679e-9ce6-4dc1-9a1d-793ae7bd95f4 dd55ff9da36f4cb5a6929a7b92eda6aa 6bbfc14dab3344488b82958bc2f0d271 - - 097cc864fbec4606af5c06269d561f72 097cc864fbec4606af5c06269d561f72] 10.0.0.211 "GET /allocation_candidates?limit=1000&resources=DISK_GB%3A1%2CMEMORY_MB%3A512%2CVCPU%3A1&root_required=%21COMPUTE_STATUS_DISABLED" status: 200 len: 2640 microversion: 1.36 [pid: 7|app: 0|req: 302/605] 10.0.0.211 () {34 vars in 1012 bytes} [Thu May 28 15:02:00 2026] GET /allocation_candidates?limit=1000&resources=DISK_GB%3A1%2CMEMORY_MB%3A512%2CVCPU%3A1&root_required=%21COMPUTE_STATUS_DISABLED => generated 2640 bytes in 82 msecs (HTTP/1.1 200) 8 headers in 297 bytes (1 switches on core 0)
2026-05-28 15:02:00.479 8 INFO placement.requestlog [req-e6b93db3-35bb-4fbf-885f-c18c86142fbd req-f98925cc-5b6b-423f-8049-e07e3dab9101 dd55ff9da36f4cb5a6929a7b92eda6aa 6bbfc14dab3344488b82958bc2f0d271 - - 097cc864fbec4606af5c06269d561f72 097cc864fbec4606af5c06269d561f72] 10.0.0.211 "GET /allocations/97495780-ca63-4490-9687-2c58b719f9bd" status: 200 len: 19 microversion: 1.28 [pid: 8|app: 0|req: 304/606] 10.0.0.211 () {34 vars in 861 bytes} [Thu May 28 15:02:00 2026] GET /allocations/97495780-ca63-4490-9687-2c58b719f9bd => generated 19 bytes in 14 msecs (HTTP/1.1 200) 8 headers in 295 bytes (1 switches on core 0)
2026-05-28 15:02:00.549 7 INFO placement.requestlog [req-e6b93db3-35bb-4fbf-885f-c18c86142fbd req-415ac57a-ac49-4d35-a27f-8da7780442a9 dd55ff9da36f4cb5a6929a7b92eda6aa 6bbfc14dab3344488b82958bc2f0d271 - - 097cc864fbec4606af5c06269d561f72 097cc864fbec4606af5c06269d561f72] 10.0.0.211 "PUT /allocations/97495780-ca63-4490-9687-2c58b719f9bd" status: 204 len: 0 microversion: 1.36 [pid: 7|app: 0|req: 303/607] 10.0.0.211 () {38 vars in 914 bytes} [Thu May 28 15:02:00 2026] PUT /allocations/97495780-ca63-4490-9687-2c58b719f9bd => generated 0 bytes in 64 msecs (HTTP/1.1 204) 5 headers in 199 bytes (1 switches on core 0)
2026-05-28 15:02:01.572 7 INFO placement.requestlog [None req-00c0051d-0dd0-4339-8deb-44700407edf8 bd8d1270222d403e966327bb1f3d3164 6bbfc14dab3344488b82958bc2f0d271 - - 097cc864fbec4606af5c06269d561f72 097cc864fbec4606af5c06269d561f72] 10.0.0.217 "GET /resource_providers/a6d7c24f-3645-4012-b0f2-28f37669e020/aggregates" status: 404 len: 235 microversion: 1.1 [pid: 7|app: 0|req: 304/608] 10.0.0.217 () {32 vars in 816 bytes} [Thu May 28 15:02:01 2026] GET /resource_providers/a6d7c24f-3645-4012-b0f2-28f37669e020/aggregates => generated 235 bytes in 158 msecs (HTTP/1.1 404) 5 headers in 202 bytes (1 switches on core 0)
2026-05-28 15:02:01.573 8 INFO placement.requestlog [None req-58b4bafe-a425-4452-ae7b-97958dab5af1 bd8d1270222d403e966327bb1f3d3164 6bbfc14dab3344488b82958bc2f0d271 - - 097cc864fbec4606af5c06269d561f72 097cc864fbec4606af5c06269d561f72] 10.0.0.217 "GET /resource_providers/a6d7c24f-3645-4012-b0f2-28f37669e020/aggregates" status: 404 len: 235 microversion: 1.1 [pid: 8|app: 0|req: 305/609] 10.0.0.217 () {32 vars in 816 bytes} [Thu May 28 15:02:01 2026] GET /resource_providers/a6d7c24f-3645-4012-b0f2-28f37669e020/aggregates => generated 235 bytes in 186 msecs (HTTP/1.1 404) 5 headers in 202 bytes (1 switches on core 0)
2026-05-28 15:02:01.594 8 INFO placement.requestlog [None req-7e0cf6b2-9c7c-41da-9348-96dc9be53110 bd8d1270222d403e966327bb1f3d3164 6bbfc14dab3344488b82958bc2f0d271 - - 097cc864fbec4606af5c06269d561f72 097cc864fbec4606af5c06269d561f72] 10.0.0.217 "DELETE /resource_providers/a6d7c24f-3645-4012-b0f2-28f37669e020" status: 404 len: 246 microversion: 1.1 [pid: 8|app: 0|req: 306/610] 10.0.0.217 () {34 vars in 816 bytes} [Thu May 28 15:02:01 2026] DELETE /resource_providers/a6d7c24f-3645-4012-b0f2-28f37669e020 => generated 246 bytes in 6 msecs (HTTP/1.1 404) 6 headers in 231 bytes (1 switches on core 0)
2026-05-28 15:02:01.601 8 INFO placement.requestlog [None req-d464c6fa-79d6-4ab6-b50d-bb578525d98e bd8d1270222d403e966327bb1f3d3164 6bbfc14dab3344488b82958bc2f0d271 - - 097cc864fbec4606af5c06269d561f72 097cc864fbec4606af5c06269d561f72] 10.0.0.217 "DELETE /resource_providers/a6d7c24f-3645-4012-b0f2-28f37669e020" status: 404 len: 246 microversion: 1.1 [pid: 8|app: 0|req: 307/611] 10.0.0.217 () {34 vars in 816 bytes} [Thu May 28 15:02:01 2026] DELETE /resource_providers/a6d7c24f-3645-4012-b0f2-28f37669e020 => generated 246 bytes in 6 msecs (HTTP/1.1 404) 6 headers in 231 bytes (1 switches on core 0)
2026-05-28 15:02:01.616 7 INFO placement.requestlog [req-7d90f5b9-d20f-48ce-ac4f-e5987d40689d req-3ffbdfbf-7c30-468e-b5e5-1f36aa709043 dd55ff9da36f4cb5a6929a7b92eda6aa 6bbfc14dab3344488b82958bc2f0d271 - - 097cc864fbec4606af5c06269d561f72 097cc864fbec4606af5c06269d561f72] 10.0.0.211 "GET /allocation_candidates?limit=1000&resources=MEMORY_MB%3A512%2CVCPU%3A1&root_required=%21COMPUTE_STATUS_DISABLED" status: 200 len: 2628 microversion: 1.36 [pid: 7|app: 0|req: 305/612] 10.0.0.211 () {34 vars in 984 bytes} [Thu May 28 15:02:01 2026] GET /allocation_candidates?limit=1000&resources=MEMORY_MB%3A512%2CVCPU%3A1&root_required=%21COMPUTE_STATUS_DISABLED => generated 2628 bytes in 44 msecs (HTTP/1.1 200) 8 headers in 297 bytes (1 switches on core 0)
2026-05-28 15:02:01.644 8 INFO placement.requestlog [req-7d90f5b9-d20f-48ce-ac4f-e5987d40689d req-a85de1b2-1473-4ef8-be6e-87373c2d6f4e dd55ff9da36f4cb5a6929a7b92eda6aa 6bbfc14dab3344488b82958bc2f0d271 - - 097cc864fbec4606af5c06269d561f72 097cc864fbec4606af5c06269d561f72] 10.0.0.211 "GET /allocations/7e27c120-4d5d-45c3-9284-ab74c7025fd2" status: 200 len: 19 microversion: 1.28 [pid: 8|app: 0|req: 308/613] 10.0.0.211 () {34 vars in 861 bytes} [Thu May 28 15:02:01 2026] GET /allocations/7e27c120-4d5d-45c3-9284-ab74c7025fd2 => generated 19 bytes in 10 msecs (HTTP/1.1 200) 8 headers in 295 bytes (1 switches on core 0)
2026-05-28 15:02:01.690 7 INFO placement.requestlog [req-7d90f5b9-d20f-48ce-ac4f-e5987d40689d req-eb43de13-5264-431b-b25b-e5d99b93f6cb dd55ff9da36f4cb5a6929a7b92eda6aa 6bbfc14dab3344488b82958bc2f0d271 - - 097cc864fbec4606af5c06269d561f72 097cc864fbec4606af5c06269d561f72] 10.0.0.211 "PUT /allocations/7e27c120-4d5d-45c3-9284-ab74c7025fd2" status: 204 len: 0 microversion: 1.36 [pid: 7|app: 0|req: 306/614] 10.0.0.211 () {38 vars in 914 bytes} [Thu May 28 15:02:01 2026] PUT /allocations/7e27c120-4d5d-45c3-9284-ab74c7025fd2 => generated 0 bytes in 42 msecs (HTTP/1.1 204) 5 headers in 199 bytes (1 switches on core 0)
2026-05-28 15:02:02.119 8 INFO placement.requestlog [req-e6b93db3-35bb-4fbf-885f-c18c86142fbd req-70c837ca-7853-4ea8-91b0-35cb931bf833 dd55ff9da36f4cb5a6929a7b92eda6aa 6bbfc14dab3344488b82958bc2f0d271 - - 097cc864fbec4606af5c06269d561f72 097cc864fbec4606af5c06269d561f72] 199.204.45.53 "GET /allocations/97495780-ca63-4490-9687-2c58b719f9bd" status: 200 len: 257 microversion: 1.28 [pid: 8|app: 0|req: 309/615] 199.204.45.53 () {34 vars in 862 bytes} [Thu May 28 15:02:02 2026] GET /allocations/97495780-ca63-4490-9687-2c58b719f9bd => generated 257 bytes in 19 msecs (HTTP/1.1 200) 8 headers in 296 bytes (1 switches on core 0)
2026-05-28 15:02:03.155 7 INFO placement.requestlog [req-e6b93db3-35bb-4fbf-885f-c18c86142fbd req-6f1447d3-2299-4633-8982-b66f7b856792 dd55ff9da36f4cb5a6929a7b92eda6aa 6bbfc14dab3344488b82958bc2f0d271 - - 097cc864fbec4606af5c06269d561f72 097cc864fbec4606af5c06269d561f72] 199.204.45.53 "GET /resource_providers/04348710-94d1-4244-ad87-377422011108/allocations" status: 200 len: 238 microversion: 1.0 [pid: 7|app: 0|req: 307/616] 199.204.45.53 () {32 vars in 856 bytes} [Thu May 28 15:02:03 2026] GET /resource_providers/04348710-94d1-4244-ad87-377422011108/allocations => generated 238 bytes in 12 msecs (HTTP/1.1 200) 6 headers in 224 bytes (1 switches on core 0)
2026-05-28 15:02:03.176 8 INFO placement.requestlog [req-e6b93db3-35bb-4fbf-885f-c18c86142fbd req-29522f30-be19-42e1-9369-3099433bfc6a dd55ff9da36f4cb5a6929a7b92eda6aa 6bbfc14dab3344488b82958bc2f0d271 - - 097cc864fbec4606af5c06269d561f72 097cc864fbec4606af5c06269d561f72] 199.204.45.53 "GET /allocations/97495780-ca63-4490-9687-2c58b719f9bd" status: 200 len: 257 microversion: 1.28 [pid: 8|app: 0|req: 310/617] 199.204.45.53 () {34 vars in 862 bytes} [Thu May 28 15:02:03 2026] GET /allocations/97495780-ca63-4490-9687-2c58b719f9bd => generated 257 bytes in 13 msecs (HTTP/1.1 200) 8 headers in 296 bytes (1 switches on core 0)
2026-05-28 15:02:03.196 7 INFO placement.requestlog [req-e6b93db3-35bb-4fbf-885f-c18c86142fbd req-b83c416f-39fb-4b1e-ab64-10e314e18b26 dd55ff9da36f4cb5a6929a7b92eda6aa 6bbfc14dab3344488b82958bc2f0d271 - - 097cc864fbec4606af5c06269d561f72 097cc864fbec4606af5c06269d561f72] 199.204.45.53 "GET /allocations/7e27c120-4d5d-45c3-9284-ab74c7025fd2" status: 200 len: 243 microversion: 1.28 [pid: 7|app: 0|req: 308/618] 199.204.45.53 () {34 vars in 862 bytes} [Thu May 28 15:02:03 2026] GET /allocations/7e27c120-4d5d-45c3-9284-ab74c7025fd2 => generated 243 bytes in 11 msecs (HTTP/1.1 200) 8 headers in 296 bytes (1 switches on core 0)
2026-05-28 15:02:03.333 8 INFO placement.requestlog [req-7d90f5b9-d20f-48ce-ac4f-e5987d40689d req-b5848b2f-6985-40ff-b834-cf88904a525a dd55ff9da36f4cb5a6929a7b92eda6aa 6bbfc14dab3344488b82958bc2f0d271 - - 097cc864fbec4606af5c06269d561f72 097cc864fbec4606af5c06269d561f72] 199.204.45.53 "GET /allocations/7e27c120-4d5d-45c3-9284-ab74c7025fd2" status: 200 len: 243 microversion: 1.28 [pid: 8|app: 0|req: 311/619] 199.204.45.53 () {34 vars in 862 bytes} [Thu May 28 15:02:03 2026] GET /allocations/7e27c120-4d5d-45c3-9284-ab74c7025fd2 => generated 243 bytes in 21 msecs (HTTP/1.1 200) 8 headers in 296 bytes (1 switches on core 0)
2026-05-28 15:02:04.289 7 INFO placement.requestlog [None req-934620bd-7a5d-425d-a162-fad51c77b4bd - - - - - -] 10.0.0.222 "GET /" status: 200 len: 136 microversion: 1.0
2026-05-28 15:02:04.290 8 INFO placement.requestlog [None req-a20d80f8-340a-4ee8-99c2-bcbb08365a76 - - - - - -] 10.0.0.222 "GET /" status: 200 len: 136 microversion: 1.0
2026-05-28 15:02:05.263 7 INFO placement.requestlog [req-2997c74f-60e6-4f41-8b8d-b4814714390a req-b5d3f9df-a4d5-4e4f-a17b-3a73b56cc6d5 dd55ff9da36f4cb5a6929a7b92eda6aa 6bbfc14dab3344488b82958bc2f0d271 - - 097cc864fbec4606af5c06269d561f72 097cc864fbec4606af5c06269d561f72] 199.204.45.53 "GET /resource_providers/04348710-94d1-4244-ad87-377422011108/allocations" status: 200 len: 238 microversion: 1.0 [pid: 7|app: 0|req: 310/622] 199.204.45.53 () {32 vars in 856 bytes} [Thu May 28 15:02:05 2026] GET /resource_providers/04348710-94d1-4244-ad87-377422011108/allocations => generated 238 bytes in 13 msecs (HTTP/1.1 200) 6 headers in 224 bytes (1 switches on core 0)
2026-05-28 15:02:05.792 8 INFO placement.requestlog [req-2997c74f-60e6-4f41-8b8d-b4814714390a req-8327255a-cbfe-48a0-98f3-00ac75f1d0e4 dd55ff9da36f4cb5a6929a7b92eda6aa 6bbfc14dab3344488b82958bc2f0d271 - - 097cc864fbec4606af5c06269d561f72 097cc864fbec4606af5c06269d561f72] 199.204.45.53 "GET /resource_providers/04348710-94d1-4244-ad87-377422011108/allocations" status: 200 len: 238 microversion: 1.0 [pid: 8|app: 0|req: 313/623] 199.204.45.53 () {32 vars in 856 bytes} [Thu May 28 15:02:05 2026] GET /resource_providers/04348710-94d1-4244-ad87-377422011108/allocations => generated 238 bytes in 18 msecs (HTTP/1.1 200) 6 headers in 224 bytes (1 switches on core 0)
2026-05-28 15:02:05.811 7 INFO placement.requestlog [req-2997c74f-60e6-4f41-8b8d-b4814714390a req-76b89726-29bf-45a4-b770-88adb5437266 dd55ff9da36f4cb5a6929a7b92eda6aa 6bbfc14dab3344488b82958bc2f0d271 - - 097cc864fbec4606af5c06269d561f72 097cc864fbec4606af5c06269d561f72] 199.204.45.53 "GET /allocations/97495780-ca63-4490-9687-2c58b719f9bd" status: 200 len: 257 microversion: 1.28 [pid: 7|app: 0|req: 311/624] 199.204.45.53 () {34 vars in 862 bytes} [Thu May 28 15:02:05 2026] GET /allocations/97495780-ca63-4490-9687-2c58b719f9bd => generated 257 bytes in 12 msecs (HTTP/1.1 200) 8 headers in 296 bytes (1 switches on core 0)
2026-05-28 15:02:05.831 8 INFO placement.requestlog [req-2997c74f-60e6-4f41-8b8d-b4814714390a req-c800893b-987a-4e72-9fb9-3c9a7ce1eec2 dd55ff9da36f4cb5a6929a7b92eda6aa 6bbfc14dab3344488b82958bc2f0d271 - - 097cc864fbec4606af5c06269d561f72 097cc864fbec4606af5c06269d561f72] 199.204.45.53 "GET /allocations/7e27c120-4d5d-45c3-9284-ab74c7025fd2" status: 200 len: 243 microversion: 1.28 [pid: 8|app: 0|req: 314/625] 199.204.45.53 () {34 vars in 862 bytes} [Thu May 28 15:02:05 2026] GET /allocations/7e27c120-4d5d-45c3-9284-ab74c7025fd2 => generated 243 bytes in 13 msecs (HTTP/1.1 200) 8 headers in 296 bytes (1 switches on core 0)
2026-05-28 15:02:07.899 7 INFO placement.requestlog [req-7d90f5b9-d20f-48ce-ac4f-e5987d40689d req-a845378e-411f-41a0-8f63-174714e04936 dd55ff9da36f4cb5a6929a7b92eda6aa 6bbfc14dab3344488b82958bc2f0d271 - - 097cc864fbec4606af5c06269d561f72 097cc864fbec4606af5c06269d561f72] 199.204.45.53 "GET /resource_providers/04348710-94d1-4244-ad87-377422011108/allocations" status: 200 len: 238 microversion: 1.0 [pid: 7|app: 0|req: 312/626] 199.204.45.53 () {32 vars in 856 bytes} [Thu May 28 15:02:07 2026] GET /resource_providers/04348710-94d1-4244-ad87-377422011108/allocations => generated 238 bytes in 21 msecs (HTTP/1.1 200) 6 headers in 224 bytes (1 switches on core 0)
2026-05-28 15:02:07.918 8 INFO placement.requestlog [req-7d90f5b9-d20f-48ce-ac4f-e5987d40689d req-41941244-6210-47ac-a0e0-420c7a3f7d2e dd55ff9da36f4cb5a6929a7b92eda6aa 6bbfc14dab3344488b82958bc2f0d271 - - 097cc864fbec4606af5c06269d561f72 097cc864fbec4606af5c06269d561f72] 199.204.45.53 "GET /allocations/97495780-ca63-4490-9687-2c58b719f9bd" status: 200 len: 257 microversion: 1.28 [pid: 8|app: 0|req: 315/627] 199.204.45.53 () {34 vars in 862 bytes} [Thu May 28 15:02:07 2026] GET /allocations/97495780-ca63-4490-9687-2c58b719f9bd => generated 257 bytes in 12 msecs (HTTP/1.1 200) 8 headers in 296 bytes (1 switches on core 0)
2026-05-28 15:02:07.938 7 INFO placement.requestlog [req-7d90f5b9-d20f-48ce-ac4f-e5987d40689d req-74a92111-a874-4154-b22a-7bddd91401a4 dd55ff9da36f4cb5a6929a7b92eda6aa 6bbfc14dab3344488b82958bc2f0d271 - - 097cc864fbec4606af5c06269d561f72 097cc864fbec4606af5c06269d561f72] 199.204.45.53 "GET /allocations/7e27c120-4d5d-45c3-9284-ab74c7025fd2" status: 200 len: 243 microversion: 1.28 [pid: 7|app: 0|req: 313/628] 199.204.45.53 () {34 vars in 862 bytes} [Thu May 28 15:02:07 2026] GET /allocations/7e27c120-4d5d-45c3-9284-ab74c7025fd2 => generated 243 bytes in 17 msecs (HTTP/1.1 200) 8 headers in 296 bytes (1 switches on core 0)
2026-05-28 15:02:11.730 8 INFO placement.requestlog [req-023a8484-3a77-482a-af1c-f082f80b7192 req-27d9bc95-bf07-48d1-a133-d2a74568661f dd55ff9da36f4cb5a6929a7b92eda6aa 6bbfc14dab3344488b82958bc2f0d271 - - 097cc864fbec4606af5c06269d561f72 097cc864fbec4606af5c06269d561f72] 10.0.0.211 "GET /allocation_candidates?limit=1000&resources=DISK_GB%3A1%2CMEMORY_MB%3A512%2CVCPU%3A1&root_required=%21COMPUTE_STATUS_DISABLED" status: 200 len: 2643 microversion: 1.36 [pid: 8|app: 0|req: 316/629] 10.0.0.211 () {34 vars in 1012 bytes} [Thu May 28 15:02:11 2026] GET /allocation_candidates?limit=1000&resources=DISK_GB%3A1%2CMEMORY_MB%3A512%2CVCPU%3A1&root_required=%21COMPUTE_STATUS_DISABLED => generated 2643 bytes in 50 msecs (HTTP/1.1 200) 8 headers in 297 bytes (1 switches on core 0)
2026-05-28 15:02:11.759 7 INFO placement.requestlog [req-023a8484-3a77-482a-af1c-f082f80b7192 req-0355fe62-73ee-4888-a622-922915f0d951 dd55ff9da36f4cb5a6929a7b92eda6aa 6bbfc14dab3344488b82958bc2f0d271 - - 097cc864fbec4606af5c06269d561f72 097cc864fbec4606af5c06269d561f72] 10.0.0.211 "GET /allocations/4fcd314a-41fb-42ab-8a0f-461d47a25488" status: 200 len: 19 microversion: 1.28 [pid: 7|app: 0|req: 314/630] 10.0.0.211 () {34 vars in 861 bytes} [Thu May 28 15:02:11 2026] GET /allocations/4fcd314a-41fb-42ab-8a0f-461d47a25488 => generated 19 bytes in 10 msecs (HTTP/1.1 200) 8 headers in 295 bytes (1 switches on core 0)
2026-05-28 15:02:11.842 8 INFO placement.requestlog [req-023a8484-3a77-482a-af1c-f082f80b7192 req-9002317d-05da-41c8-b8cb-8bdafcd6d127 dd55ff9da36f4cb5a6929a7b92eda6aa 6bbfc14dab3344488b82958bc2f0d271 - - 097cc864fbec4606af5c06269d561f72 097cc864fbec4606af5c06269d561f72] 10.0.0.211 "PUT /allocations/4fcd314a-41fb-42ab-8a0f-461d47a25488" status: 204 len: 0 microversion: 1.36 [pid: 8|app: 0|req: 317/631] 10.0.0.211 () {38 vars in 914 bytes} [Thu May 28 15:02:11 2026] PUT /allocations/4fcd314a-41fb-42ab-8a0f-461d47a25488 => generated 0 bytes in 75 msecs (HTTP/1.1 204) 5 headers in 199 bytes (1 switches on core 0)
2026-05-28 15:02:13.363 7 INFO placement.requestlog [req-023a8484-3a77-482a-af1c-f082f80b7192 req-98a3c6e2-3050-4320-9613-30c5bfe18b54 dd55ff9da36f4cb5a6929a7b92eda6aa 6bbfc14dab3344488b82958bc2f0d271 - - 097cc864fbec4606af5c06269d561f72 097cc864fbec4606af5c06269d561f72] 199.204.45.53 "GET /allocations/4fcd314a-41fb-42ab-8a0f-461d47a25488" status: 200 len: 257 microversion: 1.28 [pid: 7|app: 0|req: 315/632] 199.204.45.53 () {34 vars in 862 bytes} [Thu May 28 15:02:13 2026] GET /allocations/4fcd314a-41fb-42ab-8a0f-461d47a25488 => generated 257 bytes in 12 msecs (HTTP/1.1 200) 8 headers in 296 bytes (1 switches on core 0)
2026-05-28 15:02:14.290 7 INFO placement.requestlog [None req-a1b7892f-53e2-4371-bd64-0ea866ef0981 - - - - - -] 10.0.0.222 "GET /" status: 200 len: 136 microversion: 1.0
2026-05-28 15:02:14.290 8 INFO placement.requestlog [None req-abac8d2c-86c5-42c4-b96b-d1c8b44420de - - - - - -] 10.0.0.222 "GET /" status: 200 len: 136 microversion: 1.0
2026-05-28 15:02:14.412 7 INFO placement.requestlog [req-023a8484-3a77-482a-af1c-f082f80b7192 req-77848705-6ba5-44fd-99b4-b5b0591225cc dd55ff9da36f4cb5a6929a7b92eda6aa 6bbfc14dab3344488b82958bc2f0d271 - - 097cc864fbec4606af5c06269d561f72 097cc864fbec4606af5c06269d561f72] 199.204.45.53 "GET /resource_providers/04348710-94d1-4244-ad87-377422011108/allocations" status: 200 len: 338 microversion: 1.0 [pid: 7|app: 0|req: 317/635] 199.204.45.53 () {32 vars in 856 bytes} [Thu May 28 15:02:14 2026] GET /resource_providers/04348710-94d1-4244-ad87-377422011108/allocations => generated 338 bytes in 14 msecs (HTTP/1.1 200) 6 headers in 224 bytes (1 switches on core 0)
2026-05-28 15:02:14.425 8 INFO placement.requestlog [req-023a8484-3a77-482a-af1c-f082f80b7192 req-3680c5e3-d597-4c9f-824e-6d2adea63f9c dd55ff9da36f4cb5a6929a7b92eda6aa 6bbfc14dab3344488b82958bc2f0d271 - - 097cc864fbec4606af5c06269d561f72 097cc864fbec4606af5c06269d561f72] 199.204.45.53 "GET /allocations/97495780-ca63-4490-9687-2c58b719f9bd" status: 200 len: 257 microversion: 1.28 [pid: 8|app: 0|req: 319/636] 199.204.45.53 () {34 vars in 862 bytes} [Thu May 28 15:02:14 2026] GET /allocations/97495780-ca63-4490-9687-2c58b719f9bd => generated 257 bytes in 9 msecs (HTTP/1.1 200) 8 headers in 296 bytes (1 switches on core 0)
2026-05-28 15:02:14.441 7 INFO placement.requestlog [req-023a8484-3a77-482a-af1c-f082f80b7192 req-bca0145a-8339-4a62-bdbb-3998b935043a dd55ff9da36f4cb5a6929a7b92eda6aa 6bbfc14dab3344488b82958bc2f0d271 - - 097cc864fbec4606af5c06269d561f72 097cc864fbec4606af5c06269d561f72] 199.204.45.53 "GET /allocations/7e27c120-4d5d-45c3-9284-ab74c7025fd2" status: 200 len: 243 microversion: 1.28 [pid: 7|app: 0|req: 318/637] 199.204.45.53 () {34 vars in 862 bytes} [Thu May 28 15:02:14 2026] GET /allocations/7e27c120-4d5d-45c3-9284-ab74c7025fd2 => generated 243 bytes in 12 msecs (HTTP/1.1 200) 8 headers in 296 bytes (1 switches on core 0)
2026-05-28 15:02:14.458 8 INFO placement.requestlog [req-023a8484-3a77-482a-af1c-f082f80b7192 req-31ec6394-4261-42c5-b321-006353928b86 dd55ff9da36f4cb5a6929a7b92eda6aa 6bbfc14dab3344488b82958bc2f0d271 - - 097cc864fbec4606af5c06269d561f72 097cc864fbec4606af5c06269d561f72] 199.204.45.53 "GET /allocations/4fcd314a-41fb-42ab-8a0f-461d47a25488" status: 200 len: 257 microversion: 1.28 [pid: 8|app: 0|req: 320/638] 199.204.45.53 () {34 vars in 862 bytes} [Thu May 28 15:02:14 2026] GET /allocations/4fcd314a-41fb-42ab-8a0f-461d47a25488 => generated 257 bytes in 12 msecs (HTTP/1.1 200) 8 headers in 296 bytes (1 switches on core 0)
2026-05-28 15:02:24.289 7 INFO placement.requestlog [None req-c4495ec7-18d4-447a-bce0-09f83ae8063b - - - - - -] 10.0.0.222 "GET /" status: 200 len: 136 microversion: 1.0
2026-05-28 15:02:24.290 8 INFO placement.requestlog [None req-f3206a7c-ab59-4f9f-bd7e-091b037b37c9 - - - - - -] 10.0.0.222 "GET /" status: 200 len: 136 microversion: 1.0
2026-05-28 15:02:25.045 7 INFO placement.requestlog [None req-bb3196fa-5d2b-48f5-b428-e8dc08012f07 bd8d1270222d403e966327bb1f3d3164 6bbfc14dab3344488b82958bc2f0d271 - - 097cc864fbec4606af5c06269d561f72 097cc864fbec4606af5c06269d561f72] 10.0.0.217 "GET /resource_providers/47379589-c42c-4f70-b455-9b4cd714d839/aggregates" status: 404 len: 235 microversion: 1.1 [pid: 7|app: 0|req: 320/641] 10.0.0.217 () {32 vars in 816 bytes} [Thu May 28 15:02:25 2026] GET /resource_providers/47379589-c42c-4f70-b455-9b4cd714d839/aggregates => generated 235 bytes in 10 msecs (HTTP/1.1 404) 5 headers in 202 bytes (1 switches on core 0)
2026-05-28 15:02:25.050 8 INFO placement.requestlog [None req-50ab6423-e527-4738-a74d-a435e9bc16d9 bd8d1270222d403e966327bb1f3d3164 6bbfc14dab3344488b82958bc2f0d271 - - 097cc864fbec4606af5c06269d561f72 097cc864fbec4606af5c06269d561f72] 10.0.0.217 "GET /resource_providers/47379589-c42c-4f70-b455-9b4cd714d839/aggregates" status: 404 len: 235 microversion: 1.1 [pid: 8|app: 0|req: 322/642] 10.0.0.217 () {32 vars in 816 bytes} [Thu May 28 15:02:25 2026] GET /resource_providers/47379589-c42c-4f70-b455-9b4cd714d839/aggregates => generated 235 bytes in 12 msecs (HTTP/1.1 404) 5 headers in 202 bytes (1 switches on core 0)
2026-05-28 15:02:25.070 7 INFO placement.requestlog [None req-8252c76c-1843-4680-9cd4-97eb0b590b17 bd8d1270222d403e966327bb1f3d3164 6bbfc14dab3344488b82958bc2f0d271 - - 097cc864fbec4606af5c06269d561f72 097cc864fbec4606af5c06269d561f72] 10.0.0.217 "DELETE /resource_providers/47379589-c42c-4f70-b455-9b4cd714d839" status: 404 len: 246 microversion: 1.1 [pid: 7|app: 0|req: 321/643] 10.0.0.217 () {34 vars in 816 bytes} [Thu May 28 15:02:25 2026] DELETE /resource_providers/47379589-c42c-4f70-b455-9b4cd714d839 => generated 246 bytes in 11 msecs (HTTP/1.1 404) 6 headers in 231 bytes (1 switches on core 0)
2026-05-28 15:02:25.073 8 INFO placement.requestlog [None req-967111f5-e999-4479-91fc-02151ad90775 bd8d1270222d403e966327bb1f3d3164 6bbfc14dab3344488b82958bc2f0d271 - - 097cc864fbec4606af5c06269d561f72 097cc864fbec4606af5c06269d561f72] 10.0.0.217 "DELETE /resource_providers/47379589-c42c-4f70-b455-9b4cd714d839" status: 404 len: 246 microversion: 1.1 [pid: 8|app: 0|req: 323/644] 10.0.0.217 () {34 vars in 816 bytes} [Thu May 28 15:02:25 2026] DELETE /resource_providers/47379589-c42c-4f70-b455-9b4cd714d839 => generated 246 bytes in 12 msecs (HTTP/1.1 404) 6 headers in 231 bytes (1 switches on core 0)
2026-05-28 15:02:31.487 7 INFO placement.requestlog [None req-0ba359d5-693b-4a18-9ba3-52f3c980848e bd8d1270222d403e966327bb1f3d3164 6bbfc14dab3344488b82958bc2f0d271 - - 097cc864fbec4606af5c06269d561f72 097cc864fbec4606af5c06269d561f72] 10.0.0.217 "GET /resource_providers/d15ab686-c326-42c3-8e76-20bda10b20a6/aggregates" status: 404 len: 235 microversion: 1.1 [pid: 7|app: 0|req: 322/645] 10.0.0.217 () {32 vars in 816 bytes} [Thu May 28 15:02:31 2026] GET /resource_providers/d15ab686-c326-42c3-8e76-20bda10b20a6/aggregates => generated 235 bytes in 10 msecs (HTTP/1.1 404) 5 headers in 202 bytes (1 switches on core 0)
2026-05-28 15:02:31.489 8 INFO placement.requestlog [None req-593d2370-573c-4fda-91bf-7db4c18596f9 bd8d1270222d403e966327bb1f3d3164 6bbfc14dab3344488b82958bc2f0d271 - - 097cc864fbec4606af5c06269d561f72 097cc864fbec4606af5c06269d561f72] 10.0.0.217 "GET /resource_providers/d15ab686-c326-42c3-8e76-20bda10b20a6/aggregates" status: 404 len: 235 microversion: 1.1 [pid: 8|app: 0|req: 324/646] 10.0.0.217 () {32 vars in 816 bytes} [Thu May 28 15:02:31 2026] GET /resource_providers/d15ab686-c326-42c3-8e76-20bda10b20a6/aggregates => generated 235 bytes in 12 msecs (HTTP/1.1 404) 5 headers in 202 bytes (1 switches on core 0)
2026-05-28 15:02:31.518 7 INFO placement.requestlog [None req-6e8f901c-3c72-4c0c-b083-1eb6eaf96761 bd8d1270222d403e966327bb1f3d3164 6bbfc14dab3344488b82958bc2f0d271 - - 097cc864fbec4606af5c06269d561f72 097cc864fbec4606af5c06269d561f72] 10.0.0.217 "DELETE /resource_providers/d15ab686-c326-42c3-8e76-20bda10b20a6" status: 404 len: 246 microversion: 1.1 [pid: 7|app: 0|req: 323/647] 10.0.0.217 () {34 vars in 816 bytes} [Thu May 28 15:02:31 2026] DELETE /resource_providers/d15ab686-c326-42c3-8e76-20bda10b20a6 => generated 246 bytes in 9 msecs (HTTP/1.1 404) 6 headers in 231 bytes (1 switches on core 0)
2026-05-28 15:02:31.537 8 INFO placement.requestlog [None req-76f7e859-73ff-49f8-bbc8-180b04581292 bd8d1270222d403e966327bb1f3d3164 6bbfc14dab3344488b82958bc2f0d271 - - 097cc864fbec4606af5c06269d561f72 097cc864fbec4606af5c06269d561f72] 10.0.0.217 "DELETE /resource_providers/d15ab686-c326-42c3-8e76-20bda10b20a6" status: 404 len: 246 microversion: 1.1 [pid: 8|app: 0|req: 325/648] 10.0.0.217 () {34 vars in 816 bytes} [Thu May 28 15:02:31 2026] DELETE /resource_providers/d15ab686-c326-42c3-8e76-20bda10b20a6 => generated 246 bytes in 10 msecs (HTTP/1.1 404) 6 headers in 231 bytes (1 switches on core 0)
2026-05-28 15:02:33.986 7 INFO placement.requestlog [None req-9d5ac7b8-0949-4436-858f-302fb7933c5b bd8d1270222d403e966327bb1f3d3164 6bbfc14dab3344488b82958bc2f0d271 - - 097cc864fbec4606af5c06269d561f72 097cc864fbec4606af5c06269d561f72] 10.0.0.217 "GET /resource_providers/9a39332b-e046-4193-83e1-459e28745950/aggregates" status: 404 len: 235 microversion: 1.1 [pid: 7|app: 0|req: 324/649] 10.0.0.217 () {32 vars in 816 bytes} [Thu May 28 15:02:33 2026] GET /resource_providers/9a39332b-e046-4193-83e1-459e28745950/aggregates => generated 235 bytes in 8 msecs (HTTP/1.1 404) 5 headers in 202 bytes (1 switches on core 0)
2026-05-28 15:02:33.996 8 INFO placement.requestlog [None req-b39680b3-b1b7-4f4e-aab1-ecde8a5c6917 bd8d1270222d403e966327bb1f3d3164 6bbfc14dab3344488b82958bc2f0d271 - - 097cc864fbec4606af5c06269d561f72 097cc864fbec4606af5c06269d561f72] 10.0.0.217 "GET /resource_providers/9a39332b-e046-4193-83e1-459e28745950/aggregates" status: 404 len: 235 microversion: 1.1 [pid: 8|app: 0|req: 326/650] 10.0.0.217 () {32 vars in 816 bytes} [Thu May 28 15:02:33 2026] GET /resource_providers/9a39332b-e046-4193-83e1-459e28745950/aggregates => generated 235 bytes in 12 msecs (HTTP/1.1 404) 5 headers in 202 bytes (1 switches on core 0)
2026-05-28 15:02:34.011 7 INFO placement.requestlog [None req-045d1e00-e245-4cd8-9210-7895510bc020 bd8d1270222d403e966327bb1f3d3164 6bbfc14dab3344488b82958bc2f0d271 - - 097cc864fbec4606af5c06269d561f72 097cc864fbec4606af5c06269d561f72] 10.0.0.217 "DELETE /resource_providers/9a39332b-e046-4193-83e1-459e28745950" status: 404 len: 246 microversion: 1.1 [pid: 7|app: 0|req: 325/651] 10.0.0.217 () {34 vars in 816 bytes} [Thu May 28 15:02:34 2026] DELETE /resource_providers/9a39332b-e046-4193-83e1-459e28745950 => generated 246 bytes in 9 msecs (HTTP/1.1 404) 6 headers in 231 bytes (1 switches on core 0)
2026-05-28 15:02:34.015 8 INFO placement.requestlog [None req-075935c3-879a-4004-aa4a-5ccfa5051a5d bd8d1270222d403e966327bb1f3d3164 6bbfc14dab3344488b82958bc2f0d271 - - 097cc864fbec4606af5c06269d561f72 097cc864fbec4606af5c06269d561f72] 10.0.0.217 "DELETE /resource_providers/9a39332b-e046-4193-83e1-459e28745950" status: 404 len: 246 microversion: 1.1 [pid: 8|app: 0|req: 327/652] 10.0.0.217 () {34 vars in 816 bytes} [Thu May 28 15:02:34 2026] DELETE /resource_providers/9a39332b-e046-4193-83e1-459e28745950 => generated 246 bytes in 11 msecs (HTTP/1.1 404) 6 headers in 231 bytes (1 switches on core 0)
2026-05-28 15:02:34.293 8 INFO placement.requestlog [None req-ed6340a4-b619-4399-b6ee-a31b20dd89d8 - - - - - -] 10.0.0.222 "GET /" status: 200 len: 136 microversion: 1.0
2026-05-28 15:02:34.295 7 INFO placement.requestlog [None req-500b2f23-dcf0-49db-ba91-e96b7723cb97 - - - - - -] 10.0.0.222 "GET /" status: 200 len: 136 microversion: 1.0
2026-05-28 15:02:37.883 8 INFO placement.requestlog [req-1047f726-6c51-4359-91c0-f7c6f7b0bac0 req-515fb137-239a-47ca-96f7-e7fae4ae53e4 dd55ff9da36f4cb5a6929a7b92eda6aa 6bbfc14dab3344488b82958bc2f0d271 - - 097cc864fbec4606af5c06269d561f72 097cc864fbec4606af5c06269d561f72] 199.204.45.53 "GET /resource_providers/04348710-94d1-4244-ad87-377422011108/allocations" status: 200 len: 338 microversion: 1.0 [pid: 8|app: 0|req: 329/655] 199.204.45.53 () {32 vars in 856 bytes} [Thu May 28 15:02:37 2026] GET /resource_providers/04348710-94d1-4244-ad87-377422011108/allocations => generated 338 bytes in 19 msecs (HTTP/1.1 200) 6 headers in 224 bytes (1 switches on core 0)
2026-05-28 15:02:37.911 7 INFO placement.requestlog [req-1047f726-6c51-4359-91c0-f7c6f7b0bac0 req-111230df-7ec8-40e3-9329-6c7a58ea30b2 dd55ff9da36f4cb5a6929a7b92eda6aa 6bbfc14dab3344488b82958bc2f0d271 - - 097cc864fbec4606af5c06269d561f72 097cc864fbec4606af5c06269d561f72] 199.204.45.53 "GET /allocations/97495780-ca63-4490-9687-2c58b719f9bd" status: 200 len: 257 microversion: 1.28 [pid: 7|app: 0|req: 327/656] 199.204.45.53 () {34 vars in 862 bytes} [Thu May 28 15:02:37 2026] GET /allocations/97495780-ca63-4490-9687-2c58b719f9bd => generated 257 bytes in 22 msecs (HTTP/1.1 200) 8 headers in 296 bytes (1 switches on core 0)
2026-05-28 15:02:37.926 8 INFO placement.requestlog [req-1047f726-6c51-4359-91c0-f7c6f7b0bac0 req-d6000298-1a38-48c5-9071-b8edcd45fb8f dd55ff9da36f4cb5a6929a7b92eda6aa 6bbfc14dab3344488b82958bc2f0d271 - - 097cc864fbec4606af5c06269d561f72 097cc864fbec4606af5c06269d561f72] 199.204.45.53 "GET /allocations/7e27c120-4d5d-45c3-9284-ab74c7025fd2" status: 200 len: 243 microversion: 1.28 [pid: 8|app: 0|req: 330/657] 199.204.45.53 () {34 vars in 862 bytes} [Thu May 28 15:02:37 2026] GET /allocations/7e27c120-4d5d-45c3-9284-ab74c7025fd2 => generated 243 bytes in 10 msecs (HTTP/1.1 200) 8 headers in 296 bytes (1 switches on core 0)
2026-05-28 15:02:37.948 7 INFO placement.requestlog [req-1047f726-6c51-4359-91c0-f7c6f7b0bac0 req-1fd01c43-f78c-43d4-8b5e-279cc69f2a82 dd55ff9da36f4cb5a6929a7b92eda6aa 6bbfc14dab3344488b82958bc2f0d271 - - 097cc864fbec4606af5c06269d561f72 097cc864fbec4606af5c06269d561f72] 199.204.45.53 "GET /allocations/4fcd314a-41fb-42ab-8a0f-461d47a25488" status: 200 len: 257 microversion: 1.28 [pid: 7|app: 0|req: 328/658] 199.204.45.53 () {34 vars in 862 bytes} [Thu May 28 15:02:37 2026] GET /allocations/4fcd314a-41fb-42ab-8a0f-461d47a25488 => generated 257 bytes in 14 msecs (HTTP/1.1 200) 8 headers in 296 bytes (1 switches on core 0)
2026-05-28 15:02:39.008 8 INFO placement.requestlog [req-1047f726-6c51-4359-91c0-f7c6f7b0bac0 req-d8f74cbb-4cf4-4724-a191-60da542a9522 dd55ff9da36f4cb5a6929a7b92eda6aa 6bbfc14dab3344488b82958bc2f0d271 - - 097cc864fbec4606af5c06269d561f72 097cc864fbec4606af5c06269d561f72] 199.204.45.53 "DELETE /allocations/4fcd314a-41fb-42ab-8a0f-461d47a25488" status: 204 len: 0 microversion: 1.0 [pid: 8|app: 0|req: 331/659] 199.204.45.53 () {34 vars in 840 bytes} [Thu May 28 15:02:38 2026] DELETE /allocations/4fcd314a-41fb-42ab-8a0f-461d47a25488 => generated 0 bytes in 31 msecs (HTTP/1.1 204) 5 headers in 198 bytes (1 switches on core 0)
2026-05-28 15:02:39.203 7 INFO placement.requestlog [req-29cd0652-be20-4a1e-a09a-bff38ceee472 req-1476125f-3aec-47b5-80f8-d59e560f2c17 dd55ff9da36f4cb5a6929a7b92eda6aa 6bbfc14dab3344488b82958bc2f0d271 - - 097cc864fbec4606af5c06269d561f72 097cc864fbec4606af5c06269d561f72] 199.204.45.53 "GET /resource_providers/04348710-94d1-4244-ad87-377422011108/allocations" status: 200 len: 238 microversion: 1.0 [pid: 7|app: 0|req: 329/660] 199.204.45.53 () {32 vars in 856 bytes} [Thu May 28 15:02:39 2026] GET /resource_providers/04348710-94d1-4244-ad87-377422011108/allocations => generated 238 bytes in 14 msecs (HTTP/1.1 200) 6 headers in 224 bytes (1 switches on core 0)
2026-05-28 15:02:39.218 8 INFO placement.requestlog [req-29cd0652-be20-4a1e-a09a-bff38ceee472 req-bacae1e0-db07-4b4e-b689-de096bb9f1ff dd55ff9da36f4cb5a6929a7b92eda6aa 6bbfc14dab3344488b82958bc2f0d271 - - 097cc864fbec4606af5c06269d561f72 097cc864fbec4606af5c06269d561f72] 199.204.45.53 "GET /allocations/97495780-ca63-4490-9687-2c58b719f9bd" status: 200 len: 257 microversion: 1.28 [pid: 8|app: 0|req: 332/661] 199.204.45.53 () {34 vars in 862 bytes} [Thu May 28 15:02:39 2026] GET /allocations/97495780-ca63-4490-9687-2c58b719f9bd => generated 257 bytes in 12 msecs (HTTP/1.1 200) 8 headers in 296 bytes (1 switches on core 0)
2026-05-28 15:02:39.237 7 INFO placement.requestlog [req-29cd0652-be20-4a1e-a09a-bff38ceee472 req-ddbe6a49-968f-461d-afda-983ce46a091c dd55ff9da36f4cb5a6929a7b92eda6aa 6bbfc14dab3344488b82958bc2f0d271 - - 097cc864fbec4606af5c06269d561f72 097cc864fbec4606af5c06269d561f72] 199.204.45.53 "GET /allocations/7e27c120-4d5d-45c3-9284-ab74c7025fd2" status: 200 len: 243 microversion: 1.28 [pid: 7|app: 0|req: 330/662] 199.204.45.53 () {34 vars in 862 bytes} [Thu May 28 15:02:39 2026] GET /allocations/7e27c120-4d5d-45c3-9284-ab74c7025fd2 => generated 243 bytes in 12 msecs (HTTP/1.1 200) 8 headers in 296 bytes (1 switches on core 0)
2026-05-28 15:02:40.284 8 INFO placement.requestlog [req-29cd0652-be20-4a1e-a09a-bff38ceee472 req-c57c5e1b-44bc-4bdb-a81d-432facc9cafd dd55ff9da36f4cb5a6929a7b92eda6aa 6bbfc14dab3344488b82958bc2f0d271 - - 097cc864fbec4606af5c06269d561f72 097cc864fbec4606af5c06269d561f72] 199.204.45.53 "DELETE /allocations/7e27c120-4d5d-45c3-9284-ab74c7025fd2" status: 204 len: 0 microversion: 1.0 [pid: 8|app: 0|req: 333/663] 199.204.45.53 () {34 vars in 840 bytes} [Thu May 28 15:02:40 2026] DELETE /allocations/7e27c120-4d5d-45c3-9284-ab74c7025fd2 => generated 0 bytes in 24 msecs (HTTP/1.1 204) 5 headers in 198 bytes (1 switches on core 0)
2026-05-28 15:02:40.289 7 INFO placement.requestlog [None req-bd5063a2-e7db-46a3-81e0-083cd52b788c bd8d1270222d403e966327bb1f3d3164 6bbfc14dab3344488b82958bc2f0d271 - - 097cc864fbec4606af5c06269d561f72 097cc864fbec4606af5c06269d561f72] 10.0.0.217 "GET /resource_providers/0ddfbf02-2d90-49b6-9179-6dd73f59e87e/aggregates" status: 404 len: 235 microversion: 1.1 [pid: 7|app: 0|req: 331/664] 10.0.0.217 () {32 vars in 816 bytes} [Thu May 28 15:02:40 2026] GET /resource_providers/0ddfbf02-2d90-49b6-9179-6dd73f59e87e/aggregates => generated 235 bytes in 13 msecs (HTTP/1.1 404) 5 headers in 202 bytes (1 switches on core 0)
2026-05-28 15:02:40.294 8 INFO placement.requestlog [None req-5f189aa8-2102-4c08-ac1b-9cff6cb61a3f bd8d1270222d403e966327bb1f3d3164 6bbfc14dab3344488b82958bc2f0d271 - - 097cc864fbec4606af5c06269d561f72 097cc864fbec4606af5c06269d561f72] 10.0.0.217 "GET /resource_providers/0ddfbf02-2d90-49b6-9179-6dd73f59e87e/aggregates" status: 404 len: 235 microversion: 1.1 [pid: 8|app: 0|req: 334/665] 10.0.0.217 () {32 vars in 816 bytes} [Thu May 28 15:02:40 2026] GET /resource_providers/0ddfbf02-2d90-49b6-9179-6dd73f59e87e/aggregates => generated 235 bytes in 9 msecs (HTTP/1.1 404) 5 headers in 202 bytes (1 switches on core 0)
2026-05-28 15:02:40.302 7 INFO placement.requestlog [None req-431c7ace-c1c4-43a9-96c0-6a3e8c48e256 bd8d1270222d403e966327bb1f3d3164 6bbfc14dab3344488b82958bc2f0d271 - - 097cc864fbec4606af5c06269d561f72 097cc864fbec4606af5c06269d561f72] 10.0.0.217 "DELETE /resource_providers/0ddfbf02-2d90-49b6-9179-6dd73f59e87e" status: 404 len: 246 microversion: 1.1 [pid: 7|app: 0|req: 332/666] 10.0.0.217 () {34 vars in 816 bytes} [Thu May 28 15:02:40 2026] DELETE /resource_providers/0ddfbf02-2d90-49b6-9179-6dd73f59e87e => generated 246 bytes in 8 msecs (HTTP/1.1 404) 6 headers in 231 bytes (1 switches on core 0)
2026-05-28 15:02:40.311 8 INFO placement.requestlog [None req-acccba67-f0a2-4f83-8364-f5abce08fa5d bd8d1270222d403e966327bb1f3d3164 6bbfc14dab3344488b82958bc2f0d271 - - 097cc864fbec4606af5c06269d561f72 097cc864fbec4606af5c06269d561f72] 10.0.0.217 "DELETE /resource_providers/0ddfbf02-2d90-49b6-9179-6dd73f59e87e" status: 404 len: 246 microversion: 1.1 [pid: 8|app: 0|req: 335/667] 10.0.0.217 () {34 vars in 816 bytes} [Thu May 28 15:02:40 2026] DELETE /resource_providers/0ddfbf02-2d90-49b6-9179-6dd73f59e87e => generated 246 bytes in 10 msecs (HTTP/1.1 404) 6 headers in 231 bytes (1 switches on core 0)
2026-05-28 15:02:43.633 7 INFO placement.requestlog [None req-4dd0867a-ba10-46b6-996b-6628a48afdfe bd8d1270222d403e966327bb1f3d3164 6bbfc14dab3344488b82958bc2f0d271 - - 097cc864fbec4606af5c06269d561f72 097cc864fbec4606af5c06269d561f72] 10.0.0.217 "GET /resource_providers/5d259263-03af-4c6b-9640-8799ff511420/aggregates" status: 404 len: 235 microversion: 1.1 [pid: 7|app: 0|req: 333/668] 10.0.0.217 () {32 vars in 816 bytes} [Thu May 28 15:02:43 2026] GET /resource_providers/5d259263-03af-4c6b-9640-8799ff511420/aggregates => generated 235 bytes in 10 msecs (HTTP/1.1 404) 5 headers in 202 bytes (1 switches on core 0)
2026-05-28 15:02:43.634 8 INFO placement.requestlog [None req-1f4a76c3-97ce-4660-bc34-7f1a2b0b10ae bd8d1270222d403e966327bb1f3d3164 6bbfc14dab3344488b82958bc2f0d271 - - 097cc864fbec4606af5c06269d561f72 097cc864fbec4606af5c06269d561f72] 10.0.0.217 "GET /resource_providers/5d259263-03af-4c6b-9640-8799ff511420/aggregates" status: 404 len: 235 microversion: 1.1 [pid: 8|app: 0|req: 336/669] 10.0.0.217 () {32 vars in 816 bytes} [Thu May 28 15:02:43 2026] GET /resource_providers/5d259263-03af-4c6b-9640-8799ff511420/aggregates => generated 235 bytes in 11 msecs (HTTP/1.1 404) 5 headers in 202 bytes (1 switches on core 0)
2026-05-28 15:02:43.655 8 INFO placement.requestlog [None req-7ae6d33b-e50b-4dfd-95a2-58dd9e7b7386 bd8d1270222d403e966327bb1f3d3164 6bbfc14dab3344488b82958bc2f0d271 - - 097cc864fbec4606af5c06269d561f72 097cc864fbec4606af5c06269d561f72] 10.0.0.217 "DELETE /resource_providers/5d259263-03af-4c6b-9640-8799ff511420" status: 404 len: 246 microversion: 1.1 [pid: 8|app: 0|req: 337/670] 10.0.0.217 () {34 vars in 816 bytes} [Thu May 28 15:02:43 2026] DELETE /resource_providers/5d259263-03af-4c6b-9640-8799ff511420 => generated 246 bytes in 8 msecs (HTTP/1.1 404) 6 headers in 231 bytes (1 switches on core 0)
2026-05-28 15:02:43.656 7 INFO placement.requestlog [None req-16f9f787-b022-41fc-b328-c033deb71295 bd8d1270222d403e966327bb1f3d3164 6bbfc14dab3344488b82958bc2f0d271 - - 097cc864fbec4606af5c06269d561f72 097cc864fbec4606af5c06269d561f72] 10.0.0.217 "DELETE /resource_providers/5d259263-03af-4c6b-9640-8799ff511420" status: 404 len: 246 microversion: 1.1 [pid: 7|app: 0|req: 334/671] 10.0.0.217 () {34 vars in 816 bytes} [Thu May 28 15:02:43 2026] DELETE /resource_providers/5d259263-03af-4c6b-9640-8799ff511420 => generated 246 bytes in 10 msecs (HTTP/1.1 404) 6 headers in 231 bytes (1 switches on core 0)
2026-05-28 15:02:44.290 8 INFO placement.requestlog [None req-de20fb85-cbf6-4c74-943d-002dc26cc03f - - - - - -] 10.0.0.222 "GET /" status: 200 len: 136 microversion: 1.0
2026-05-28 15:02:44.290 7 INFO placement.requestlog [None req-357480cc-2e60-45ae-8bd1-affac421b5de - - - - - -] 10.0.0.222 "GET /" status: 200 len: 136 microversion: 1.0
2026-05-28 15:02:45.683 7 INFO placement.requestlog [None req-06c69580-41fd-4210-a05c-f8e67e4e1577 bd8d1270222d403e966327bb1f3d3164 6bbfc14dab3344488b82958bc2f0d271 - - 097cc864fbec4606af5c06269d561f72 097cc864fbec4606af5c06269d561f72] 10.0.0.217 "GET /resource_providers/541494b6-14e5-4fed-9652-446b674cf9a9/aggregates" status: 404 len: 235 microversion: 1.1 [pid: 7|app: 0|req: 336/674] 10.0.0.217 () {32 vars in 816 bytes} [Thu May 28 15:02:45 2026] GET /resource_providers/541494b6-14e5-4fed-9652-446b674cf9a9/aggregates => generated 235 bytes in 11 msecs (HTTP/1.1 404) 5 headers in 202 bytes (1 switches on core 0)
2026-05-28 15:02:45.683 8 INFO placement.requestlog [None req-ca38edca-d269-4882-a4b4-dcaa8d3503a7 bd8d1270222d403e966327bb1f3d3164 6bbfc14dab3344488b82958bc2f0d271 - - 097cc864fbec4606af5c06269d561f72 097cc864fbec4606af5c06269d561f72] 10.0.0.217 "GET /resource_providers/541494b6-14e5-4fed-9652-446b674cf9a9/aggregates" status: 404 len: 235 microversion: 1.1 [pid: 8|app: 0|req: 339/675] 10.0.0.217 () {32 vars in 816 bytes} [Thu May 28 15:02:45 2026] GET /resource_providers/541494b6-14e5-4fed-9652-446b674cf9a9/aggregates => generated 235 bytes in 12 msecs (HTTP/1.1 404) 5 headers in 202 bytes (1 switches on core 0)
2026-05-28 15:02:45.706 7 INFO placement.requestlog [None req-8e34bef1-b98b-435c-888c-f29af71ebe68 bd8d1270222d403e966327bb1f3d3164 6bbfc14dab3344488b82958bc2f0d271 - - 097cc864fbec4606af5c06269d561f72 097cc864fbec4606af5c06269d561f72] 10.0.0.217 "DELETE /resource_providers/541494b6-14e5-4fed-9652-446b674cf9a9" status: 404 len: 246 microversion: 1.1 [pid: 7|app: 0|req: 337/676] 10.0.0.217 () {34 vars in 816 bytes} [Thu May 28 15:02:45 2026] DELETE /resource_providers/541494b6-14e5-4fed-9652-446b674cf9a9 => generated 246 bytes in 13 msecs (HTTP/1.1 404) 6 headers in 231 bytes (1 switches on core 0)
