2026-05-28 15:06:14.702 7 INFO neutron.db.ovn_revision_numbers_db [None req-8335d0e4-dfa1-4b84-91fb-1f0f150d0e9d ab6a3cc5e4f54145b631903a7938850c 79e09482e2c446bc8eba0c00308b1b21 - - default default] Successfully bumped revision number for resource e54f3fb0-7ae6-4e9b-9c2a-cf356a292595 (type: security_group_rules) to 0 [pid: 7|app: 0|req: 1187/2531] 10.0.0.120 () {32 vars in 774 bytes} [Thu May 28 15:06:14 2026] GET /v2.0/security-groups?tenant_id=1b049108c26e42cdb5916e1506a9eff4&name=default => generated 2925 bytes in 383 msecs (HTTP/1.1 200) 4 headers in 158 bytes (1 switches on core 0) [pid: 7|app: 0|req: 1188/2532] 10.0.0.120 () {32 vars in 774 bytes} [Thu May 28 15:06:14 2026] GET /v2.0/security-groups?tenant_id=b6c587f03c4c4a3e8377a987d22ff9dc&name=default => generated 2925 bytes in 28 msecs (HTTP/1.1 200) 4 headers in 158 bytes (1 switches on core 0) [pid: 8|app: 0|req: 1345/2533] 10.0.0.120 () {32 vars in 740 bytes} [Thu May 28 15:06:14 2026] DELETE /v2.0/security-groups/1fc4a4cb-4ef5-446e-91ef-84700f24689e => generated 0 bytes in 269 msecs (HTTP/1.1 204) 2 headers in 112 bytes (1 switches on core 0) [pid: 8|app: 0|req: 1346/2534] 199.204.45.53 () {34 vars in 993 bytes} [Thu May 28 15:06:15 2026] GET /v2.0/ports?device_id=99a2662b-1c59-4484-b70e-1d92b61e6dcc => generated 969 bytes in 43 msecs (HTTP/1.1 200) 4 headers in 157 bytes (1 switches on core 0) [pid: 7|app: 0|req: 1189/2535] 10.0.0.120 () {32 vars in 740 bytes} [Thu May 28 15:06:14 2026] DELETE /v2.0/security-groups/5b44867f-c405-4408-8b2c-f8169d55db30 => generated 0 bytes in 309 msecs (HTTP/1.1 204) 2 headers in 112 bytes (1 switches on core 0)
2026-05-28 15:06:15.248 8 INFO neutron_taas.services.taas.taas_plugin [req-65671d20-eae8-4c0d-a3fc-c5d5bbdeb123 req-23c0f16d-cccb-4291-b7a9-0e9cdd087a11 2ed0b21d505b49d497547a7393092cbc dba2ea464fda448788add777c9c0b505 - - default default] TaaS: Handle Delete Port: 9ddd287b-3de5-47c2-b699-805f8cb56158
2026-05-28 15:06:15.261 8 INFO neutron_taas.services.taas.tap_mirror_plugin [req-65671d20-eae8-4c0d-a3fc-c5d5bbdeb123 req-23c0f16d-cccb-4291-b7a9-0e9cdd087a11 2ed0b21d505b49d497547a7393092cbc dba2ea464fda448788add777c9c0b505 - - default default] Tap Mirror: Handle Delete Port: 9ddd287b-3de5-47c2-b699-805f8cb56158 [pid: 7|app: 0|req: 1190/2536] 10.0.0.19 () {34 vars in 989 bytes} [Thu May 28 15:06:15 2026] GET /v2.0/ports?device_id=99a2662b-1c59-4484-b70e-1d92b61e6dcc => generated 969 bytes in 100 msecs (HTTP/1.1 200) 4 headers in 157 bytes (1 switches on core 0) [pid: 7|app: 0|req: 1191/2537] 10.0.0.19 () {34 vars in 1039 bytes} [Thu May 28 15:06:15 2026] GET /v2.0/security-groups?id=51edd8cf-63fe-4444-af95-67cda7cf0f3c&fields=id&fields=name => generated 88 bytes in 66 msecs (HTTP/1.1 200) 4 headers in 156 bytes (1 switches on core 0) [pid: 8|app: 0|req: 1347/2538] 199.204.45.53 () {36 vars in 996 bytes} [Thu May 28 15:06:15 2026] DELETE /v2.0/ports/9ddd287b-3de5-47c2-b699-805f8cb56158 => generated 0 bytes in 373 msecs (HTTP/1.1 204) 3 headers in 131 bytes (1 switches on core 0)
2026-05-28 15:06:15.504 8 INFO neutron.notifiers.nova [-] Nova event matching ['req-54069ed6-a45d-4f3f-adf5-6fb5730ae450'] response: {'server_uuid': '99a2662b-1c59-4484-b70e-1d92b61e6dcc', 'name': 'network-vif-deleted', 'tag': '9ddd287b-3de5-47c2-b699-805f8cb56158', 'status': 'completed', 'code': 200}
2026-05-28 15:06:16.175 7 INFO neutron.notifiers.nova [-] Nova event matching ['req-aa63bbfd-13b0-4937-95ff-1d40a1d65433'] response: {'server_uuid': '99a2662b-1c59-4484-b70e-1d92b61e6dcc', 'name': 'network-vif-unplugged', 'status': 'completed', 'tag': '9ddd287b-3de5-47c2-b699-805f8cb56158', 'code': 200} [pid: 7|app: 0|req: 1192/2539] 10.0.0.19 () {34 vars in 989 bytes} [Thu May 28 15:06:16 2026] GET /v2.0/ports?device_id=99a2662b-1c59-4484-b70e-1d92b61e6dcc => generated 12 bytes in 20 msecs (HTTP/1.1 200) 4 headers in 156 bytes (1 switches on core 0) [pid: 8|app: 0|req: 1348/2540] 10.0.0.19 () {34 vars in 989 bytes} [Thu May 28 15:06:17 2026] GET /v2.0/ports?device_id=99a2662b-1c59-4484-b70e-1d92b61e6dcc => generated 12 bytes in 16 msecs (HTTP/1.1 200) 4 headers in 156 bytes (1 switches on core 0)
2026-05-28 15:06:20.087 7 INFO neutron_taas.services.taas.taas_plugin [None req-57f491eb-3624-4156-bb45-2c5da1de72b2 ab6a3cc5e4f54145b631903a7938850c 79e09482e2c446bc8eba0c00308b1b21 - - default default] TaaS: Handle Delete Port: 83f48a76-f875-4228-b589-3ba4cb47ddd5
2026-05-28 15:06:20.091 7 INFO neutron_taas.services.taas.tap_mirror_plugin [None req-57f491eb-3624-4156-bb45-2c5da1de72b2 ab6a3cc5e4f54145b631903a7938850c 79e09482e2c446bc8eba0c00308b1b21 - - default default] Tap Mirror: Handle Delete Port: 83f48a76-f875-4228-b589-3ba4cb47ddd5 [pid: 7|app: 0|req: 1193/2541] 10.0.0.120 () {34 vars in 789 bytes} [Thu May 28 15:06:19 2026] PUT /v2.0/routers/26a1ad99-98f5-428c-ab72-7207cc2c3b1a/remove_router_interface => generated 309 bytes in 922 msecs (HTTP/1.1 200) 4 headers in 157 bytes (1 switches on core 0)
2026-05-28 15:06:21.024 8 INFO neutron_taas.services.taas.taas_plugin [None req-e85d6ea4-469a-43b2-8eff-469dcc79a347 ab6a3cc5e4f54145b631903a7938850c 79e09482e2c446bc8eba0c00308b1b21 - - default default] TaaS: Handle Delete Port: e0294ac9-4e76-44fd-b475-28d5f1c07877
2026-05-28 15:06:21.027 8 INFO neutron_taas.services.taas.tap_mirror_plugin [None req-e85d6ea4-469a-43b2-8eff-469dcc79a347 ab6a3cc5e4f54145b631903a7938850c 79e09482e2c446bc8eba0c00308b1b21 - - default default] Tap Mirror: Handle Delete Port: e0294ac9-4e76-44fd-b475-28d5f1c07877 [pid: 8|app: 0|req: 1349/2542] 10.0.0.120 () {32 vars in 724 bytes} [Thu May 28 15:06:20 2026] DELETE /v2.0/routers/26a1ad99-98f5-428c-ab72-7207cc2c3b1a => generated 0 bytes in 715 msecs (HTTP/1.1 204) 2 headers in 112 bytes (1 switches on core 0) /var/lib/openstack/lib/python3.12/site-packages/pycadf/identifier.py:70: UserWarning: Invalid uuid: neutron. To ensure interoperability, identifiers should be a valid uuid. warnings.warn(('Invalid uuid: %s. To ensure interoperability, ' [pid: 7|app: 0|req: 1194/2543] 10.0.0.120 () {32 vars in 724 bytes} [Thu May 28 15:06:21 2026] DELETE /v2.0/subnets/d15a4df2-e917-4ebe-a851-4a61b0f3472c => generated 0 bytes in 144 msecs (HTTP/1.1 204) 3 headers in 131 bytes (1 switches on core 0)
2026-05-28 15:06:21.771 8 INFO neutron_taas.services.taas.taas_plugin [None req-a3ea35a0-f7d7-4e88-b453-a0a92ff9589e ab6a3cc5e4f54145b631903a7938850c 79e09482e2c446bc8eba0c00308b1b21 - - default default] TaaS: Handle Delete Port: 2d91ebe6-c384-48cd-aca5-530cc638114b
2026-05-28 15:06:21.776 8 INFO neutron_taas.services.taas.tap_mirror_plugin [None req-a3ea35a0-f7d7-4e88-b453-a0a92ff9589e ab6a3cc5e4f54145b631903a7938850c 79e09482e2c446bc8eba0c00308b1b21 - - default default] Tap Mirror: Handle Delete Port: 2d91ebe6-c384-48cd-aca5-530cc638114b
2026-05-28 15:06:21.986 8 INFO neutron.services.segments.plugin [-] Segment 8c3491ce-92fd-42ab-bcf4-64f40c0b5ff1 resource provider aggregate not found
2026-05-28 15:06:21.992 8 INFO neutron.services.segments.plugin [-] Segment 8c3491ce-92fd-42ab-bcf4-64f40c0b5ff1 resource provider aggregate not found
2026-05-28 15:06:22.011 8 INFO neutron.services.segments.plugin [-] Segment 8c3491ce-92fd-42ab-bcf4-64f40c0b5ff1 resource provider not found; error: Placement Client Error (4xx): {"errors": [{"status": 404, "title": "Not Found", "detail": "The resource could not be found.\n\n No resource provider with uuid 8c3491ce-92fd-42ab-bcf4-64f40c0b5ff1 found for delete ", "request_id": "req-be1fdbc7-d4f9-4bfa-bc12-5673acb64dd4"}]}
2026-05-28 15:06:22.012 8 INFO neutron.services.segments.plugin [-] Segment 8c3491ce-92fd-42ab-bcf4-64f40c0b5ff1 resource provider not found; error: Placement Client Error (4xx): {"errors": [{"status": 404, "title": "Not Found", "detail": "The resource could not be found.\n\n No resource provider with uuid 8c3491ce-92fd-42ab-bcf4-64f40c0b5ff1 found for delete ", "request_id": "req-dadbf01d-7968-46c4-8843-ba46cd5389bb"}]} [pid: 8|app: 0|req: 1350/2544] 10.0.0.120 () {32 vars in 726 bytes} [Thu May 28 15:06:21 2026] DELETE /v2.0/networks/022bdb2b-1264-4ab5-b902-e2cd48a83234 => generated 0 bytes in 435 msecs (HTTP/1.1 204) 3 headers in 131 bytes (1 switches on core 0) [pid: 7|app: 0|req: 1195/2545] 10.0.0.120 () {32 vars in 774 bytes} [Thu May 28 15:06:22 2026] GET /v2.0/security-groups?tenant_id=dba2ea464fda448788add777c9c0b505&name=default => generated 2925 bytes in 34 msecs (HTTP/1.1 200) 4 headers in 158 bytes (1 switches on core 0) [pid: 8|app: 0|req: 1351/2546] 10.0.0.120 () {32 vars in 740 bytes} [Thu May 28 15:06:22 2026] DELETE /v2.0/security-groups/51edd8cf-63fe-4444-af95-67cda7cf0f3c => generated 0 bytes in 271 msecs (HTTP/1.1 204) 2 headers in 112 bytes (1 switches on core 0)
2026-05-28 15:06:28.297 7 INFO neutron.db.ovn_revision_numbers_db [None req-3d68b321-f746-41ef-b79f-0251ad95ae99 ab6a3cc5e4f54145b631903a7938850c 79e09482e2c446bc8eba0c00308b1b21 - - default default] Successfully bumped revision number for resource 1279973b-aa82-41be-9f7a-0ee59788ae85 (type: security_groups) to 1
2026-05-28 15:06:28.309 7 INFO neutron.db.ovn_revision_numbers_db [None req-3d68b321-f746-41ef-b79f-0251ad95ae99 ab6a3cc5e4f54145b631903a7938850c 79e09482e2c446bc8eba0c00308b1b21 - - default default] Successfully bumped revision number for resource 7560576c-615c-40a1-9b6b-e974b2ea4a9a (type: security_group_rules) to 0
2026-05-28 15:06:28.322 7 INFO neutron.db.ovn_revision_numbers_db [None req-3d68b321-f746-41ef-b79f-0251ad95ae99 ab6a3cc5e4f54145b631903a7938850c 79e09482e2c446bc8eba0c00308b1b21 - - default default] Successfully bumped revision number for resource b4c080f6-eabe-41eb-89b6-e6b0c39fbc9e (type: security_group_rules) to 0
2026-05-28 15:06:28.336 7 INFO neutron.db.ovn_revision_numbers_db [None req-3d68b321-f746-41ef-b79f-0251ad95ae99 ab6a3cc5e4f54145b631903a7938850c 79e09482e2c446bc8eba0c00308b1b21 - - default default] Successfully bumped revision number for resource c8d4525c-9cfa-4780-8d7c-d0f6655ad5cf (type: security_group_rules) to 0
2026-05-28 15:06:28.354 7 INFO neutron.db.ovn_revision_numbers_db [None req-3d68b321-f746-41ef-b79f-0251ad95ae99 ab6a3cc5e4f54145b631903a7938850c 79e09482e2c446bc8eba0c00308b1b21 - - default default] Successfully bumped revision number for resource e2fec765-c907-442c-9512-e67f4fcfd8b9 (type: security_group_rules) to 0 [pid: 7|app: 0|req: 1197/2549] 10.0.0.120 () {32 vars in 774 bytes} [Thu May 28 15:06:27 2026] GET /v2.0/security-groups?tenant_id=fd12965ac2414c9ab43b864d5c8f3960&name=default => generated 2925 bytes in 439 msecs (HTTP/1.1 200) 4 headers in 158 bytes (1 switches on core 0) [pid: 8|app: 0|req: 1353/2550] 10.0.0.120 () {32 vars in 740 bytes} [Thu May 28 15:06:28 2026] DELETE /v2.0/security-groups/1279973b-aa82-41be-9f7a-0ee59788ae85 => generated 0 bytes in 273 msecs (HTTP/1.1 204) 2 headers in 112 bytes (1 switches on core 0)
2026-05-28 15:06:32.677 7 INFO neutron.db.ovn_revision_numbers_db [None req-c1e6eb5b-2281-4dd5-ac81-cf9d045a43bf ab6a3cc5e4f54145b631903a7938850c 79e09482e2c446bc8eba0c00308b1b21 - - default default] Successfully bumped revision number for resource 6f2297f9-188c-488a-9a77-9459fab7b227 (type: security_groups) to 1
2026-05-28 15:06:32.688 7 INFO neutron.db.ovn_revision_numbers_db [None req-c1e6eb5b-2281-4dd5-ac81-cf9d045a43bf ab6a3cc5e4f54145b631903a7938850c 79e09482e2c446bc8eba0c00308b1b21 - - default default] Successfully bumped revision number for resource 9e3ce3ef-3bea-4f64-b8f0-153af67cccd5 (type: security_group_rules) to 0
2026-05-28 15:06:32.699 7 INFO neutron.db.ovn_revision_numbers_db [None req-c1e6eb5b-2281-4dd5-ac81-cf9d045a43bf ab6a3cc5e4f54145b631903a7938850c 79e09482e2c446bc8eba0c00308b1b21 - - default default] Successfully bumped revision number for resource d84bd7f4-e188-438e-9fba-bfdf26beaa22 (type: security_group_rules) to 0
2026-05-28 15:06:32.710 7 INFO neutron.db.ovn_revision_numbers_db [None req-c1e6eb5b-2281-4dd5-ac81-cf9d045a43bf ab6a3cc5e4f54145b631903a7938850c 79e09482e2c446bc8eba0c00308b1b21 - - default default] Successfully bumped revision number for resource ec7feaae-bb3e-4ea7-89d1-e383c7aa76a9 (type: security_group_rules) to 0
2026-05-28 15:06:32.722 7 INFO neutron.db.ovn_revision_numbers_db [None req-c1e6eb5b-2281-4dd5-ac81-cf9d045a43bf ab6a3cc5e4f54145b631903a7938850c 79e09482e2c446bc8eba0c00308b1b21 - - default default] Successfully bumped revision number for resource f71a7fdd-7ca3-44f9-af6e-0e3903353321 (type: security_group_rules) to 0 [pid: 7|app: 0|req: 1198/2551] 10.0.0.120 () {32 vars in 774 bytes} [Thu May 28 15:06:32 2026] GET /v2.0/security-groups?tenant_id=eb8a7627b5d041f296a2481e83a32e49&name=default => generated 2925 bytes in 399 msecs (HTTP/1.1 200) 4 headers in 158 bytes (1 switches on core 0) [pid: 8|app: 0|req: 1354/2552] 10.0.0.120 () {32 vars in 740 bytes} [Thu May 28 15:06:32 2026] DELETE /v2.0/security-groups/6f2297f9-188c-488a-9a77-9459fab7b227 => generated 0 bytes in 277 msecs (HTTP/1.1 204) 2 headers in 112 bytes (1 switches on core 0)
2026-05-28 15:06:36.082 7 INFO neutron.db.ovn_revision_numbers_db [None req-6c37b2cf-7bbe-4c93-9163-a809ed2306df 4ae57d7e424b4c5e92e5296baac4d104 4624efb40e314739abea867ac0b78bb0 - - default default] Successfully bumped revision number for resource 64e6209b-601c-4764-b4a5-2759526e759b (type: security_groups) to 1
2026-05-28 15:06:36.096 7 INFO neutron.db.ovn_revision_numbers_db [None req-6c37b2cf-7bbe-4c93-9163-a809ed2306df 4ae57d7e424b4c5e92e5296baac4d104 4624efb40e314739abea867ac0b78bb0 - - default default] Successfully bumped revision number for resource 12a40050-c328-414b-88b3-b77af15e2a92 (type: security_group_rules) to 0
2026-05-28 15:06:36.111 7 INFO neutron.db.ovn_revision_numbers_db [None req-6c37b2cf-7bbe-4c93-9163-a809ed2306df 4ae57d7e424b4c5e92e5296baac4d104 4624efb40e314739abea867ac0b78bb0 - - default default] Successfully bumped revision number for resource 441eefdb-ca19-4182-bfac-922b4fb2cb78 (type: security_group_rules) to 0
2026-05-28 15:06:36.122 7 INFO neutron.db.ovn_revision_numbers_db [None req-6c37b2cf-7bbe-4c93-9163-a809ed2306df 4ae57d7e424b4c5e92e5296baac4d104 4624efb40e314739abea867ac0b78bb0 - - default default] Successfully bumped revision number for resource ab16a647-0c47-49f7-8f59-246caf3e9ff1 (type: security_group_rules) to 0
2026-05-28 15:06:36.133 7 INFO neutron.db.ovn_revision_numbers_db [None req-6c37b2cf-7bbe-4c93-9163-a809ed2306df 4ae57d7e424b4c5e92e5296baac4d104 4624efb40e314739abea867ac0b78bb0 - - default default] Successfully bumped revision number for resource efb09bbc-8941-4461-9f4d-87143e0d9b47 (type: security_group_rules) to 0
2026-05-28 15:06:36.214 7 INFO neutron.db.segments_db [None req-6c37b2cf-7bbe-4c93-9163-a809ed2306df 4ae57d7e424b4c5e92e5296baac4d104 4624efb40e314739abea867ac0b78bb0 - - default default] Added segment 4fd4ba22-ea0a-44d4-ae05-df14b7e9acdb of type geneve for network 169f5654-b6e1-44ae-8d4d-a429aca8524c
2026-05-28 15:06:36.332 7 INFO neutron.db.ovn_revision_numbers_db [None req-6c37b2cf-7bbe-4c93-9163-a809ed2306df 4ae57d7e424b4c5e92e5296baac4d104 4624efb40e314739abea867ac0b78bb0 - - default default] Successfully bumped revision number for resource 169f5654-b6e1-44ae-8d4d-a429aca8524c (type: networks) to 1
2026-05-28 15:06:36.514 7 WARNING neutron.scheduler.dhcp_agent_scheduler [None req-6c37b2cf-7bbe-4c93-9163-a809ed2306df 4ae57d7e424b4c5e92e5296baac4d104 4624efb40e314739abea867ac0b78bb0 - - default default] No more DHCP agents
2026-05-28 15:06:36.516 7 WARNING neutron.api.rpc.agentnotifiers.dhcp_rpc_agent_api [None req-6c37b2cf-7bbe-4c93-9163-a809ed2306df 4ae57d7e424b4c5e92e5296baac4d104 4624efb40e314739abea867ac0b78bb0 - - default default] Unable to schedule network 169f5654-b6e1-44ae-8d4d-a429aca8524c: no agents available; will retry on subsequent port and subnet creation events.
2026-05-28 15:06:36.586 7 INFO neutron.plugins.ml2.drivers.ovn.mech_driver.mech_driver [None req-2ba2db3e-9325-4fad-a9c3-8a1929003948 - - - - - -] OVN reports status down for port: 89b16eb9-4f60-4e2f-a3b7-168f599d3e5c
2026-05-28 15:06:36.650 7 INFO neutron.db.ovn_revision_numbers_db [None req-6c37b2cf-7bbe-4c93-9163-a809ed2306df 4ae57d7e424b4c5e92e5296baac4d104 4624efb40e314739abea867ac0b78bb0 - - default default] Successfully bumped revision number for resource 89b16eb9-4f60-4e2f-a3b7-168f599d3e5c (type: ports) to 1 [pid: 7|app: 0|req: 1199/2553] 10.0.0.120 () {34 vars in 671 bytes} [Thu May 28 15:06:35 2026] POST /v2.0/networks => generated 671 bytes in 997 msecs (HTTP/1.1 201) 4 headers in 162 bytes (1 switches on core 0)
2026-05-28 15:06:37.385 7 INFO neutron.db.ovn_revision_numbers_db [None req-e8f5c82f-33b9-47e4-9a38-6b880b94b808 fa80f7fa471c44e09df7a2efa7fccd31 763a6a999e704113909c3be9b8ea5772 - - default default] Successfully bumped revision number for resource 803c38f5-29e4-4dd1-b936-eb0ebf2d74f8 (type: security_groups) to 1
2026-05-28 15:06:37.397 7 INFO neutron.db.ovn_revision_numbers_db [None req-e8f5c82f-33b9-47e4-9a38-6b880b94b808 fa80f7fa471c44e09df7a2efa7fccd31 763a6a999e704113909c3be9b8ea5772 - - default default] Successfully bumped revision number for resource 093aaf76-78b4-474b-8299-cb6f983628a9 (type: security_group_rules) to 0
2026-05-28 15:06:37.409 7 INFO neutron.db.ovn_revision_numbers_db [None req-e8f5c82f-33b9-47e4-9a38-6b880b94b808 fa80f7fa471c44e09df7a2efa7fccd31 763a6a999e704113909c3be9b8ea5772 - - default default] Successfully bumped revision number for resource 3fe21856-b132-4703-93cf-a1d8697def61 (type: security_group_rules) to 0
2026-05-28 15:06:37.419 7 INFO neutron.db.ovn_revision_numbers_db [None req-e8f5c82f-33b9-47e4-9a38-6b880b94b808 fa80f7fa471c44e09df7a2efa7fccd31 763a6a999e704113909c3be9b8ea5772 - - default default] Successfully bumped revision number for resource 8f1c92a3-e105-4a99-8af8-4fb495013231 (type: security_group_rules) to 0
2026-05-28 15:06:37.430 7 INFO neutron.db.ovn_revision_numbers_db [None req-e8f5c82f-33b9-47e4-9a38-6b880b94b808 fa80f7fa471c44e09df7a2efa7fccd31 763a6a999e704113909c3be9b8ea5772 - - default default] Successfully bumped revision number for resource d6568946-b4d5-479f-acb4-e4a00a70878d (type: security_group_rules) to 0
2026-05-28 15:06:37.503 7 INFO neutron.db.segments_db [None req-e8f5c82f-33b9-47e4-9a38-6b880b94b808 fa80f7fa471c44e09df7a2efa7fccd31 763a6a999e704113909c3be9b8ea5772 - - default default] Added segment 1d595aeb-0f45-4bf9-ad8c-9fe3820b8ebd of type geneve for network e0f5f8f1-9140-4492-a326-b76da589a49d
2026-05-28 15:06:37.551 8 WARNING neutron.scheduler.dhcp_agent_scheduler [None req-2d103724-48ee-4f37-81dc-a365b803469b 4ae57d7e424b4c5e92e5296baac4d104 4624efb40e314739abea867ac0b78bb0 - - default default] No more DHCP agents
2026-05-28 15:06:37.552 8 WARNING neutron.api.rpc.agentnotifiers.dhcp_rpc_agent_api [None req-2d103724-48ee-4f37-81dc-a365b803469b 4ae57d7e424b4c5e92e5296baac4d104 4624efb40e314739abea867ac0b78bb0 - - default default] Unable to schedule network ec17941c-b35c-405e-ada7-bf20fbb85c22: no agents available; will retry on subsequent port and subnet creation events.
2026-05-28 15:06:37.605 7 INFO neutron.db.ovn_revision_numbers_db [None req-e8f5c82f-33b9-47e4-9a38-6b880b94b808 fa80f7fa471c44e09df7a2efa7fccd31 763a6a999e704113909c3be9b8ea5772 - - default default] Successfully bumped revision number for resource e0f5f8f1-9140-4492-a326-b76da589a49d (type: networks) to 1
2026-05-28 15:06:37.711 7 INFO neutron.plugins.ml2.drivers.ovn.mech_driver.mech_driver [None req-2ba2db3e-9325-4fad-a9c3-8a1929003948 - - - - - -] OVN reports status down for port: 432122c3-5910-441e-bf56-96deb50756b8
2026-05-28 15:06:37.729 8 INFO neutron.db.ovn_revision_numbers_db [None req-2d103724-48ee-4f37-81dc-a365b803469b 4ae57d7e424b4c5e92e5296baac4d104 4624efb40e314739abea867ac0b78bb0 - - default default] Successfully bumped revision number for resource 432122c3-5910-441e-bf56-96deb50756b8 (type: ports) to 1
2026-05-28 15:06:37.859 7 WARNING neutron.scheduler.dhcp_agent_scheduler [None req-e8f5c82f-33b9-47e4-9a38-6b880b94b808 fa80f7fa471c44e09df7a2efa7fccd31 763a6a999e704113909c3be9b8ea5772 - - default default] No more DHCP agents
2026-05-28 15:06:37.860 7 WARNING neutron.api.rpc.agentnotifiers.dhcp_rpc_agent_api [None req-e8f5c82f-33b9-47e4-9a38-6b880b94b808 fa80f7fa471c44e09df7a2efa7fccd31 763a6a999e704113909c3be9b8ea5772 - - default default] Unable to schedule network e0f5f8f1-9140-4492-a326-b76da589a49d: no agents available; will retry on subsequent port and subnet creation events.
2026-05-28 15:06:37.934 7 INFO neutron.plugins.ml2.drivers.ovn.mech_driver.mech_driver [None req-2ba2db3e-9325-4fad-a9c3-8a1929003948 - - - - - -] OVN reports status down for port: ab8ee767-a037-4d72-92a4-b14766181418
2026-05-28 15:06:37.996 7 INFO neutron.db.ovn_revision_numbers_db [None req-e8f5c82f-33b9-47e4-9a38-6b880b94b808 fa80f7fa471c44e09df7a2efa7fccd31 763a6a999e704113909c3be9b8ea5772 - - default default] Successfully bumped revision number for resource ab8ee767-a037-4d72-92a4-b14766181418 (type: ports) to 1 [pid: 7|app: 0|req: 1200/2554] 10.0.0.120 () {34 vars in 670 bytes} [Thu May 28 15:06:37 2026] POST /v2.0/networks => generated 677 bytes in 960 msecs (HTTP/1.1 201) 4 headers in 162 bytes (1 switches on core 0)
2026-05-28 15:06:38.212 7 WARNING neutron.scheduler.dhcp_agent_scheduler [None req-89d8a313-5241-467f-b487-921f87f1c49f fa80f7fa471c44e09df7a2efa7fccd31 763a6a999e704113909c3be9b8ea5772 - - default default] No more DHCP agents
2026-05-28 15:06:38.214 7 WARNING neutron.api.rpc.agentnotifiers.dhcp_rpc_agent_api [None req-89d8a313-5241-467f-b487-921f87f1c49f fa80f7fa471c44e09df7a2efa7fccd31 763a6a999e704113909c3be9b8ea5772 - - default default] Unable to schedule network e0f5f8f1-9140-4492-a326-b76da589a49d: no agents available; will retry on subsequent port and subnet creation events.
2026-05-28 15:06:38.318 8 INFO neutron.plugins.ml2.drivers.ovn.mech_driver.ovsdb.commands [-] Schedule LRP lrp-432122c3-5910-441e-bf56-96deb50756b8 on gateway fea8fcfb-c1a4-4e02-9b6b-3149529a22a1 with priority 1
2026-05-28 15:06:38.469 8 INFO neutron.db.ovn_revision_numbers_db [None req-2d103724-48ee-4f37-81dc-a365b803469b 4ae57d7e424b4c5e92e5296baac4d104 4624efb40e314739abea867ac0b78bb0 - - default default] Successfully bumped revision number for resource 432122c3-5910-441e-bf56-96deb50756b8 (type: router_ports) to 1
2026-05-28 15:06:38.503 7 INFO neutron.plugins.ml2.drivers.ovn.mech_driver.ovsdb.ovsdb_monitor [None req-aafa305b-ebdb-428a-8a2a-2d5653c7237f - - - - - -] Router 4fa5383b-094f-46e5-964c-41c9666773ea is bound to host instance
2026-05-28 15:06:38.516 7 INFO neutron.plugins.ml2.drivers.ovn.mech_driver.mech_driver [None req-2ba2db3e-9325-4fad-a9c3-8a1929003948 - - - - - -] OVN reports status up for port: 432122c3-5910-441e-bf56-96deb50756b8
2026-05-28 15:06:38.534 8 INFO neutron.db.ovn_revision_numbers_db [None req-2d103724-48ee-4f37-81dc-a365b803469b 4ae57d7e424b4c5e92e5296baac4d104 4624efb40e314739abea867ac0b78bb0 - - default default] Successfully bumped revision number for resource 4fa5383b-094f-46e5-964c-41c9666773ea (type: routers) to 2 [pid: 8|app: 0|req: 1355/2555] 10.0.0.120 () {34 vars in 669 bytes} [Thu May 28 15:06:36 2026] POST /v2.0/routers => generated 954 bytes in 1835 msecs (HTTP/1.1 201) 4 headers in 162 bytes (1 switches on core 0)
2026-05-28 15:06:38.595 7 INFO neutron.plugins.ml2.plugin [None req-2ba2db3e-9325-4fad-a9c3-8a1929003948 - - - - - -] Attempt 1 to provision port 432122c3-5910-441e-bf56-96deb50756b8 [pid: 8|app: 0|req: 1356/2556] 10.0.0.120 () {32 vars in 776 bytes} [Thu May 28 15:06:38 2026] GET /v2.0/subnets?project_id=4624efb40e314739abea867ac0b78bb0&cidr=10.100.0.0%2F28 => generated 14 bytes in 108 msecs (HTTP/1.1 200) 4 headers in 156 bytes (1 switches on core 0) [pid: 8|app: 0|req: 1357/2557] 10.0.0.120 () {32 vars in 694 bytes} [Thu May 28 15:06:38 2026] GET /v2.0/networks?router%3Aexternal=True => generated 791 bytes in 50 msecs (HTTP/1.1 200) 4 headers in 157 bytes (1 switches on core 0) [pid: 8|app: 0|req: 1358/2558] 10.0.0.120 () {32 vars in 784 bytes} [Thu May 28 15:06:38 2026] GET /v2.0/subnets?network_id=ec17941c-b35c-405e-ada7-bf20fbb85c22&cidr=10.100.0.0%2F28 => generated 14 bytes in 21 msecs (HTTP/1.1 200) 4 headers in 156 bytes (1 switches on core 0)
2026-05-28 15:06:38.922 8 WARNING neutron.scheduler.dhcp_agent_scheduler [None req-88c15236-a5c2-4a74-be8b-476e9e69170c 4ae57d7e424b4c5e92e5296baac4d104 4624efb40e314739abea867ac0b78bb0 - - default default] No more DHCP agents
2026-05-28 15:06:38.923 8 WARNING neutron.api.rpc.agentnotifiers.dhcp_rpc_agent_api [None req-88c15236-a5c2-4a74-be8b-476e9e69170c 4ae57d7e424b4c5e92e5296baac4d104 4624efb40e314739abea867ac0b78bb0 - - default default] Unable to schedule network 169f5654-b6e1-44ae-8d4d-a429aca8524c: no agents available; will retry on subsequent port and subnet creation events.
2026-05-28 15:06:39.107 7 INFO neutron.db.ovn_revision_numbers_db [None req-fe6d54cd-74aa-4f96-a95f-b218d05ef18c - - - - - -] Successfully bumped revision number for resource ab8ee767-a037-4d72-92a4-b14766181418 (type: ports) to 2
2026-05-28 15:06:39.170 7 INFO neutron.db.ovn_revision_numbers_db [None req-fe6d54cd-74aa-4f96-a95f-b218d05ef18c - - - - - -] Successfully bumped revision number for resource b06a6872-4823-476b-87dd-0b9336a04abe (type: subnets) to 0 [pid: 7|app: 0|req: 1201/2559] 10.0.0.120 () {34 vars in 669 bytes} [Thu May 28 15:06:38 2026] POST /v2.0/subnets => generated 656 bytes in 1161 msecs (HTTP/1.1 201) 4 headers in 162 bytes (1 switches on core 0) [pid: 7|app: 0|req: 1204/2562] 10.0.0.120 () {32 vars in 722 bytes} [Thu May 28 15:06:39 2026] GET /v2.0/subnetpools?name=shared-default-subnetpool-v6 => generated 19 bytes in 47 msecs (HTTP/1.1 200) 4 headers in 156 bytes (1 switches on core 0)
2026-05-28 15:06:39.389 8 INFO neutron.db.ovn_revision_numbers_db [None req-e04298fb-1de1-4c8e-adc1-5f33b139a5af - - - - - -] Successfully bumped revision number for resource 89b16eb9-4f60-4e2f-a3b7-168f599d3e5c (type: ports) to 2
2026-05-28 15:06:39.420 8 INFO neutron.db.ovn_revision_numbers_db [None req-e04298fb-1de1-4c8e-adc1-5f33b139a5af - - - - - -] Successfully bumped revision number for resource a3f1f74e-bc97-46af-81ab-6a0ab3a72751 (type: subnets) to 0 [pid: 8|app: 0|req: 1359/2563] 10.0.0.120 () {34 vars in 669 bytes} [Thu May 28 15:06:38 2026] POST /v2.0/subnets => generated 656 bytes in 680 msecs (HTTP/1.1 201) 4 headers in 162 bytes (1 switches on core 0)
2026-05-28 15:06:39.662 7 WARNING neutron.scheduler.dhcp_agent_scheduler [None req-b5a467a6-5264-45a7-a1fe-ae6e13b66512 fa80f7fa471c44e09df7a2efa7fccd31 763a6a999e704113909c3be9b8ea5772 - - default default] No more DHCP agents
2026-05-28 15:06:39.664 7 WARNING neutron.api.rpc.agentnotifiers.dhcp_rpc_agent_api [None req-b5a467a6-5264-45a7-a1fe-ae6e13b66512 fa80f7fa471c44e09df7a2efa7fccd31 763a6a999e704113909c3be9b8ea5772 - - default default] Unable to schedule network e0f5f8f1-9140-4492-a326-b76da589a49d: no agents available; will retry on subsequent port and subnet creation events.
2026-05-28 15:06:39.730 7 INFO neutron.db.ovn_revision_numbers_db [None req-b5a467a6-5264-45a7-a1fe-ae6e13b66512 fa80f7fa471c44e09df7a2efa7fccd31 763a6a999e704113909c3be9b8ea5772 - - default default] Successfully bumped revision number for resource 4ba270ad-775d-481b-8e3c-498f15020472 (type: subnets) to 0 [pid: 7|app: 0|req: 1205/2564] 10.0.0.120 () {34 vars in 669 bytes} [Thu May 28 15:06:39 2026] POST /v2.0/subnets => generated 732 bytes in 494 msecs (HTTP/1.1 201) 4 headers in 162 bytes (1 switches on core 0)
2026-05-28 15:06:39.887 7 INFO neutron.db.segments_db [None req-ed18db36-258f-403b-bd04-92b4cc2f0d3f fa80f7fa471c44e09df7a2efa7fccd31 763a6a999e704113909c3be9b8ea5772 - - default default] Added segment ac4995e7-305a-4ef1-a3fa-b627f4c1bebc of type geneve for network eefb70e1-3d8b-4861-bf11-4cb9af14de00
2026-05-28 15:06:39.931 8 WARNING neutron.scheduler.dhcp_agent_scheduler [None req-d4c83279-b88a-49a8-8b1c-44add2d8611b 4ae57d7e424b4c5e92e5296baac4d104 4624efb40e314739abea867ac0b78bb0 - - default default] No more DHCP agents
2026-05-28 15:06:39.934 8 WARNING neutron.api.rpc.agentnotifiers.dhcp_rpc_agent_api [None req-d4c83279-b88a-49a8-8b1c-44add2d8611b 4ae57d7e424b4c5e92e5296baac4d104 4624efb40e314739abea867ac0b78bb0 - - default default] Unable to schedule network 169f5654-b6e1-44ae-8d4d-a429aca8524c: no agents available; will retry on subsequent port and subnet creation events.
2026-05-28 15:06:39.947 7 INFO neutron.db.ovn_revision_numbers_db [None req-d5b28ac3-7335-4678-aa31-e0ae76461988 - - - - - -] Successfully bumped revision number for resource 432122c3-5910-441e-bf56-96deb50756b8 (type: ports) to 4
2026-05-28 15:06:40.100 8 INFO neutron.db.ovn_revision_numbers_db [None req-d4c83279-b88a-49a8-8b1c-44add2d8611b 4ae57d7e424b4c5e92e5296baac4d104 4624efb40e314739abea867ac0b78bb0 - - default default] Successfully bumped revision number for resource 578f0494-6114-4138-a25c-d9da9be5bc15 (type: ports) to 1
2026-05-28 15:06:40.202 7 INFO neutron.db.ovn_revision_numbers_db [None req-ed18db36-258f-403b-bd04-92b4cc2f0d3f fa80f7fa471c44e09df7a2efa7fccd31 763a6a999e704113909c3be9b8ea5772 - - default default] Successfully bumped revision number for resource eefb70e1-3d8b-4861-bf11-4cb9af14de00 (type: networks) to 1
2026-05-28 15:06:40.496 7 WARNING neutron.scheduler.dhcp_agent_scheduler [None req-ed18db36-258f-403b-bd04-92b4cc2f0d3f fa80f7fa471c44e09df7a2efa7fccd31 763a6a999e704113909c3be9b8ea5772 - - default default] No more DHCP agents
2026-05-28 15:06:40.499 7 WARNING neutron.api.rpc.agentnotifiers.dhcp_rpc_agent_api [None req-ed18db36-258f-403b-bd04-92b4cc2f0d3f fa80f7fa471c44e09df7a2efa7fccd31 763a6a999e704113909c3be9b8ea5772 - - default default] Unable to schedule network eefb70e1-3d8b-4861-bf11-4cb9af14de00: no agents available; will retry on subsequent port and subnet creation events.
2026-05-28 15:06:40.506 7 INFO neutron.db.ovn_revision_numbers_db [None req-d5b28ac3-7335-4678-aa31-e0ae76461988 - - - - - -] Successfully bumped revision number for resource 432122c3-5910-441e-bf56-96deb50756b8 (type: ports) to 5
2026-05-28 15:06:40.659 7 INFO neutron.db.ovn_revision_numbers_db [None req-ed18db36-258f-403b-bd04-92b4cc2f0d3f fa80f7fa471c44e09df7a2efa7fccd31 763a6a999e704113909c3be9b8ea5772 - - default default] Successfully bumped revision number for resource 17b5d15a-9de2-41ec-a3f2-94bf808dc768 (type: ports) to 1 [pid: 7|app: 0|req: 1206/2565] 10.0.0.120 () {34 vars in 670 bytes} [Thu May 28 15:06:39 2026] POST /v2.0/networks => generated 675 bytes in 919 msecs (HTTP/1.1 201) 4 headers in 162 bytes (1 switches on core 0)
2026-05-28 15:06:40.861 8 WARNING neutron.scheduler.dhcp_agent_scheduler [None req-d4c83279-b88a-49a8-8b1c-44add2d8611b 4ae57d7e424b4c5e92e5296baac4d104 4624efb40e314739abea867ac0b78bb0 - - default default] No more DHCP agents
2026-05-28 15:06:40.862 8 WARNING neutron.api.rpc.agentnotifiers.dhcp_rpc_agent_api [None req-d4c83279-b88a-49a8-8b1c-44add2d8611b 4ae57d7e424b4c5e92e5296baac4d104 4624efb40e314739abea867ac0b78bb0 - - default default] Unable to schedule network 169f5654-b6e1-44ae-8d4d-a429aca8524c: no agents available; will retry on subsequent port and subnet creation events.
2026-05-28 15:06:40.915 7 WARNING neutron.scheduler.dhcp_agent_scheduler [None req-0c0fc1b6-ed08-4bab-98b7-ee6e441a88f2 fa80f7fa471c44e09df7a2efa7fccd31 763a6a999e704113909c3be9b8ea5772 - - default default] No more DHCP agents
2026-05-28 15:06:40.917 7 WARNING neutron.api.rpc.agentnotifiers.dhcp_rpc_agent_api [None req-0c0fc1b6-ed08-4bab-98b7-ee6e441a88f2 fa80f7fa471c44e09df7a2efa7fccd31 763a6a999e704113909c3be9b8ea5772 - - default default] Unable to schedule network eefb70e1-3d8b-4861-bf11-4cb9af14de00: no agents available; will retry on subsequent port and subnet creation events.
2026-05-28 15:06:41.220 8 INFO neutron.db.ovn_revision_numbers_db [None req-d4c83279-b88a-49a8-8b1c-44add2d8611b 4ae57d7e424b4c5e92e5296baac4d104 4624efb40e314739abea867ac0b78bb0 - - default default] Successfully bumped revision number for resource 578f0494-6114-4138-a25c-d9da9be5bc15 (type: router_ports) to 1 [pid: 8|app: 0|req: 1360/2566] 10.0.0.120 () {34 vars in 783 bytes} [Thu May 28 15:06:39 2026] PUT /v2.0/routers/4fa5383b-094f-46e5-964c-41c9666773ea/add_router_interface => generated 309 bytes in 1784 msecs (HTTP/1.1 200) 4 headers in 157 bytes (1 switches on core 0) [pid: 8|app: 0|req: 1361/2567] 10.0.0.120 () {32 vars in 649 bytes} [Thu May 28 15:06:41 2026] GET /v2.0/networks => generated 4687 bytes in 57 msecs (HTTP/1.1 200) 4 headers in 158 bytes (1 switches on core 0)
2026-05-28 15:06:41.325 7 INFO neutron.plugins.ml2.drivers.ovn.mech_driver.mech_driver [None req-2ba2db3e-9325-4fad-a9c3-8a1929003948 - - - - - -] OVN reports status down for port: 578f0494-6114-4138-a25c-d9da9be5bc15 [pid: 8|app: 0|req: 1362/2568] 10.0.0.120 () {32 vars in 647 bytes} [Thu May 28 15:06:41 2026] GET /v2.0/subnets => generated 4040 bytes in 47 msecs (HTTP/1.1 200) 4 headers in 158 bytes (1 switches on core 0) [pid: 8|app: 0|req: 1363/2569] 10.0.0.120 () {32 vars in 647 bytes} [Thu May 28 15:06:41 2026] GET /v2.0/routers => generated 975 bytes in 55 msecs (HTTP/1.1 200) 4 headers in 157 bytes (1 switches on core 0)
2026-05-28 15:06:41.433 7 WARNING neutron.plugins.ml2.drivers.ovn.mech_driver.ovsdb.ovn_client [None req-2ba2db3e-9325-4fad-a9c3-8a1929003948 - - - - - -] Logical_Switch_Port 578f0494-6114-4138-a25c-d9da9be5bc15 host information not removed, the port state is up
2026-05-28 15:06:41.433 7 INFO neutron.plugins.ml2.drivers.ovn.mech_driver.mech_driver [None req-2ba2db3e-9325-4fad-a9c3-8a1929003948 - - - - - -] OVN reports status down for port: 17b5d15a-9de2-41ec-a3f2-94bf808dc768
2026-05-28 15:06:41.551 7 INFO neutron.plugins.ml2.drivers.ovn.mech_driver.mech_driver [None req-2ba2db3e-9325-4fad-a9c3-8a1929003948 - - - - - -] OVN reports status up for port: 578f0494-6114-4138-a25c-d9da9be5bc15
2026-05-28 15:06:41.586 7 INFO neutron.plugins.ml2.plugin [None req-2ba2db3e-9325-4fad-a9c3-8a1929003948 - - - - - -] Attempt 1 to provision port 578f0494-6114-4138-a25c-d9da9be5bc15
2026-05-28 15:06:41.608 8 INFO neutron.db.ovn_revision_numbers_db [None req-323ef1aa-fa84-4e34-bb72-154da11947ee 4ae57d7e424b4c5e92e5296baac4d104 4624efb40e314739abea867ac0b78bb0 - - default default] Successfully bumped revision number for resource 263576f9-b36d-474e-8c67-db418abb23ec (type: security_groups) to 1
2026-05-28 15:06:41.611 7 INFO neutron.db.ovn_revision_numbers_db [None req-eeb8010f-5947-401f-b2e2-31056145a1bf - - - - - -] Successfully bumped revision number for resource 17b5d15a-9de2-41ec-a3f2-94bf808dc768 (type: ports) to 2
2026-05-28 15:06:41.617 8 INFO neutron.db.ovn_revision_numbers_db [None req-323ef1aa-fa84-4e34-bb72-154da11947ee 4ae57d7e424b4c5e92e5296baac4d104 4624efb40e314739abea867ac0b78bb0 - - default default] Successfully bumped revision number for resource 6dd88385-bb19-41c4-8c38-0986161f6eb9 (type: security_group_rules) to 0
2026-05-28 15:06:41.628 8 INFO neutron.db.ovn_revision_numbers_db [None req-323ef1aa-fa84-4e34-bb72-154da11947ee 4ae57d7e424b4c5e92e5296baac4d104 4624efb40e314739abea867ac0b78bb0 - - default default] Successfully bumped revision number for resource 817ac489-4815-491c-801f-b103b0881b3d (type: security_group_rules) to 0 [pid: 8|app: 0|req: 1364/2570] 10.0.0.120 () {34 vars in 685 bytes} [Thu May 28 15:06:41 2026] POST /v2.0/security-groups => generated 1675 bytes in 213 msecs (HTTP/1.1 201) 4 headers in 163 bytes (1 switches on core 0)
2026-05-28 15:06:41.704 7 INFO neutron.db.ovn_revision_numbers_db [None req-eeb8010f-5947-401f-b2e2-31056145a1bf - - - - - -] Successfully bumped revision number for resource 57547185-7037-4663-b2aa-7a5e31e80f04 (type: subnets) to 0 [pid: 7|app: 0|req: 1207/2571] 10.0.0.120 () {34 vars in 669 bytes} [Thu May 28 15:06:40 2026] POST /v2.0/subnets => generated 656 bytes in 1044 msecs (HTTP/1.1 201) 4 headers in 162 bytes (1 switches on core 0)
2026-05-28 15:06:41.812 8 INFO neutron.db.ovn_revision_numbers_db [None req-0350d1a2-53a9-4447-9380-7910bda25ed6 4ae57d7e424b4c5e92e5296baac4d104 4624efb40e314739abea867ac0b78bb0 - - default default] Successfully bumped revision number for resource 9cbd6b14-97ad-4dd5-a09c-c0da5cff4395 (type: security_group_rules) to 0 [pid: 8|app: 0|req: 1365/2572] 10.0.0.120 () {34 vars in 695 bytes} [Thu May 28 15:06:41 2026] POST /v2.0/security-group-rules => generated 597 bytes in 174 msecs (HTTP/1.1 201) 4 headers in 162 bytes (1 switches on core 0)
2026-05-28 15:06:42.053 8 INFO neutron.db.ovn_revision_numbers_db [None req-1504bf52-9abd-4329-ad17-dd7239d0704a 4ae57d7e424b4c5e92e5296baac4d104 4624efb40e314739abea867ac0b78bb0 - - default default] Successfully bumped revision number for resource 645b946b-7683-4e90-a0fd-cdccbf668639 (type: security_group_rules) to 0 [pid: 8|app: 0|req: 1366/2573] 10.0.0.120 () {34 vars in 695 bytes} [Thu May 28 15:06:41 2026] POST /v2.0/security-group-rules => generated 596 bytes in 233 msecs (HTTP/1.1 201) 4 headers in 162 bytes (1 switches on core 0)
2026-05-28 15:06:42.196 7 WARNING neutron.scheduler.dhcp_agent_scheduler [None req-5e8aaf5b-0def-47fe-a55e-3d37d1108af7 fa80f7fa471c44e09df7a2efa7fccd31 763a6a999e704113909c3be9b8ea5772 - - default default] No more DHCP agents
2026-05-28 15:06:42.202 7 WARNING neutron.api.rpc.agentnotifiers.dhcp_rpc_agent_api [None req-5e8aaf5b-0def-47fe-a55e-3d37d1108af7 fa80f7fa471c44e09df7a2efa7fccd31 763a6a999e704113909c3be9b8ea5772 - - default default] Unable to schedule network eefb70e1-3d8b-4861-bf11-4cb9af14de00: no agents available; will retry on subsequent port and subnet creation events.
2026-05-28 15:06:42.222 8 INFO neutron.db.ovn_revision_numbers_db [None req-a969097e-bf53-4a26-b895-5401a1ec9520 4ae57d7e424b4c5e92e5296baac4d104 4624efb40e314739abea867ac0b78bb0 - - default default] Successfully bumped revision number for resource 0e0813be-ee6d-4030-9636-bca85729604b (type: security_group_rules) to 0 [pid: 8|app: 0|req: 1367/2574] 10.0.0.120 () {34 vars in 695 bytes} [Thu May 28 15:06:42 2026] POST /v2.0/security-group-rules => generated 602 bytes in 194 msecs (HTTP/1.1 201) 4 headers in 162 bytes (1 switches on core 0)
2026-05-28 15:06:42.289 7 INFO neutron.db.ovn_revision_numbers_db [None req-5e8aaf5b-0def-47fe-a55e-3d37d1108af7 fa80f7fa471c44e09df7a2efa7fccd31 763a6a999e704113909c3be9b8ea5772 - - default default] Successfully bumped revision number for resource 12ba387e-1b92-4df3-b2fe-f6ee30fbb408 (type: subnets) to 0 [pid: 7|app: 0|req: 1208/2575] 10.0.0.120 () {34 vars in 669 bytes} [Thu May 28 15:06:41 2026] POST /v2.0/subnets => generated 726 bytes in 590 msecs (HTTP/1.1 201) 4 headers in 162 bytes (1 switches on core 0)
2026-05-28 15:06:42.407 7 INFO neutron.db.ovn_revision_numbers_db [None req-2ba2db3e-9325-4fad-a9c3-8a1929003948 - - - - - -] Successfully bumped revision number for resource 578f0494-6114-4138-a25c-d9da9be5bc15 (type: ports) to 2
2026-05-28 15:06:42.427 8 INFO neutron.db.ovn_revision_numbers_db [None req-00a130c2-a58a-4cc4-883a-75678f996e06 4ae57d7e424b4c5e92e5296baac4d104 4624efb40e314739abea867ac0b78bb0 - - default default] Successfully bumped revision number for resource 91a0786e-24ff-42fe-90f4-5d7c794022c2 (type: security_group_rules) to 0
2026-05-28 15:06:42.450 7 INFO neutron.db.segments_db [None req-dac860bc-a8e9-441f-8f26-bce7b46dfe98 fa80f7fa471c44e09df7a2efa7fccd31 763a6a999e704113909c3be9b8ea5772 - - default default] Added segment 9c6f0e90-ec6c-42ba-8259-95a092777506 of type geneve for network bb330e08-2e1f-40a6-a240-874fb27c54c3 [pid: 8|app: 0|req: 1368/2576] 10.0.0.120 () {34 vars in 695 bytes} [Thu May 28 15:06:42 2026] POST /v2.0/security-group-rules => generated 601 bytes in 173 msecs (HTTP/1.1 201) 4 headers in 162 bytes (1 switches on core 0)
2026-05-28 15:06:42.493 8 INFO neutron.db.securitygroups_db [None req-7dfbe108-25f4-4c0b-b6d4-1a075a230082 4ae57d7e424b4c5e92e5296baac4d104 4624efb40e314739abea867ac0b78bb0 - - default default] Project 4624efb40e314739abea867ac0b78bb0 added a security group rule with legacy IPv6 ICMP protocol name icmp, ipv6-icmp should be used instead. It was automatically converted.
2026-05-28 15:06:42.606 8 INFO neutron.db.ovn_revision_numbers_db [None req-7dfbe108-25f4-4c0b-b6d4-1a075a230082 4ae57d7e424b4c5e92e5296baac4d104 4624efb40e314739abea867ac0b78bb0 - - default default] Successfully bumped revision number for resource 815c1e01-9810-4577-9068-c188f7ace83b (type: security_group_rules) to 0
2026-05-28 15:06:42.623 7 INFO neutron.db.ovn_revision_numbers_db [None req-dac860bc-a8e9-441f-8f26-bce7b46dfe98 fa80f7fa471c44e09df7a2efa7fccd31 763a6a999e704113909c3be9b8ea5772 - - default default] Successfully bumped revision number for resource bb330e08-2e1f-40a6-a240-874fb27c54c3 (type: networks) to 1 [pid: 8|app: 0|req: 1369/2577] 10.0.0.120 () {34 vars in 695 bytes} [Thu May 28 15:06:42 2026] POST /v2.0/security-group-rules => generated 607 bytes in 170 msecs (HTTP/1.1 201) 4 headers in 162 bytes (1 switches on core 0)
2026-05-28 15:06:42.672 8 INFO neutron.db.securitygroups_db [None req-8ed1d71e-c3a2-45bd-94d9-373c28a8ad8a 4ae57d7e424b4c5e92e5296baac4d104 4624efb40e314739abea867ac0b78bb0 - - default default] Project 4624efb40e314739abea867ac0b78bb0 added a security group rule with legacy IPv6 ICMP protocol name icmp, ipv6-icmp should be used instead. It was automatically converted.
2026-05-28 15:06:42.774 7 WARNING neutron.scheduler.dhcp_agent_scheduler [None req-dac860bc-a8e9-441f-8f26-bce7b46dfe98 fa80f7fa471c44e09df7a2efa7fccd31 763a6a999e704113909c3be9b8ea5772 - - default default] No more DHCP agents
2026-05-28 15:06:42.776 7 WARNING neutron.api.rpc.agentnotifiers.dhcp_rpc_agent_api [None req-dac860bc-a8e9-441f-8f26-bce7b46dfe98 fa80f7fa471c44e09df7a2efa7fccd31 763a6a999e704113909c3be9b8ea5772 - - default default] Unable to schedule network bb330e08-2e1f-40a6-a240-874fb27c54c3: no agents available; will retry on subsequent port and subnet creation events.
2026-05-28 15:06:42.807 8 INFO neutron.db.ovn_revision_numbers_db [None req-8ed1d71e-c3a2-45bd-94d9-373c28a8ad8a 4ae57d7e424b4c5e92e5296baac4d104 4624efb40e314739abea867ac0b78bb0 - - default default] Successfully bumped revision number for resource d3ed8246-17f5-4c63-895b-3b642f566e62 (type: security_group_rules) to 0 [pid: 8|app: 0|req: 1370/2578] 10.0.0.120 () {34 vars in 695 bytes} [Thu May 28 15:06:42 2026] POST /v2.0/security-group-rules => generated 606 bytes in 210 msecs (HTTP/1.1 201) 4 headers in 162 bytes (1 switches on core 0)
2026-05-28 15:06:42.904 7 INFO neutron.db.ovn_revision_numbers_db [None req-dac860bc-a8e9-441f-8f26-bce7b46dfe98 fa80f7fa471c44e09df7a2efa7fccd31 763a6a999e704113909c3be9b8ea5772 - - default default] Successfully bumped revision number for resource 75d88d87-b7be-4515-9012-d72edd7c5955 (type: ports) to 1 [pid: 7|app: 0|req: 1209/2579] 10.0.0.120 () {34 vars in 670 bytes} [Thu May 28 15:06:42 2026] POST /v2.0/networks => generated 676 bytes in 598 msecs (HTTP/1.1 201) 4 headers in 162 bytes (1 switches on core 0)
2026-05-28 15:06:43.099 8 WARNING neutron.scheduler.dhcp_agent_scheduler [None req-9bd942d5-8683-40e3-afde-a0ca88f82689 fa80f7fa471c44e09df7a2efa7fccd31 763a6a999e704113909c3be9b8ea5772 - - default default] No more DHCP agents
2026-05-28 15:06:43.100 8 WARNING neutron.api.rpc.agentnotifiers.dhcp_rpc_agent_api [None req-9bd942d5-8683-40e3-afde-a0ca88f82689 fa80f7fa471c44e09df7a2efa7fccd31 763a6a999e704113909c3be9b8ea5772 - - default default] Unable to schedule network bb330e08-2e1f-40a6-a240-874fb27c54c3: no agents available; will retry on subsequent port and subnet creation events. [pid: 7|app: 0|req: 1210/2580] 10.0.0.120 () {32 vars in 649 bytes} [Thu May 28 15:06:43 2026] GET /v2.0/networks => generated 1374 bytes in 74 msecs (HTTP/1.1 200) 4 headers in 158 bytes (1 switches on core 0) [pid: 7|app: 0|req: 1211/2581] 10.0.0.19 () {34 vars in 1099 bytes} [Thu May 28 15:06:43 2026] GET /v2.0/security-groups?name=tempest-secgroup-smoke-1043013753&fields=id&tenant_id=4624efb40e314739abea867ac0b78bb0 => generated 69 bytes in 29 msecs (HTTP/1.1 200) 4 headers in 156 bytes (1 switches on core 0) [pid: 7|app: 0|req: 1212/2582] 10.0.0.19 () {34 vars in 981 bytes} [Thu May 28 15:06:43 2026] GET /v2.0/networks?id=169f5654-b6e1-44ae-8d4d-a429aca8524c => generated 699 bytes in 48 msecs (HTTP/1.1 200) 4 headers in 157 bytes (1 switches on core 0) [pid: 7|app: 0|req: 1213/2583] 10.0.0.19 () {34 vars in 964 bytes} [Thu May 28 15:06:43 2026] GET /v2.0/quotas/4624efb40e314739abea867ac0b78bb0 => generated 292 bytes in 27 msecs (HTTP/1.1 200) 4 headers in 157 bytes (1 switches on core 0)
2026-05-28 15:06:43.506 8 INFO neutron.db.ovn_revision_numbers_db [None req-a80a9473-1eea-45bd-9a23-989b70dbb887 - - - - - -] Successfully bumped revision number for resource 75d88d87-b7be-4515-9012-d72edd7c5955 (type: ports) to 2
2026-05-28 15:06:43.546 8 INFO neutron.db.ovn_revision_numbers_db [None req-a80a9473-1eea-45bd-9a23-989b70dbb887 - - - - - -] Successfully bumped revision number for resource 8f0ac6ee-4a7c-4422-979a-027bc2d9259f (type: subnets) to 0 [pid: 7|app: 0|req: 1214/2584] 10.0.0.19 () {34 vars in 1001 bytes} [Thu May 28 15:06:43 2026] GET /v2.0/ports?tenant_id=4624efb40e314739abea867ac0b78bb0&fields=id => generated 103 bytes in 74 msecs (HTTP/1.1 200) 4 headers in 157 bytes (1 switches on core 0) [pid: 8|app: 0|req: 1371/2585] 10.0.0.120 () {34 vars in 669 bytes} [Thu May 28 15:06:42 2026] POST /v2.0/subnets => generated 656 bytes in 634 msecs (HTTP/1.1 201) 4 headers in 162 bytes (1 switches on core 0) [pid: 8|app: 0|req: 1372/2586] 10.0.0.19 () {34 vars in 1007 bytes} [Thu May 28 15:06:43 2026] GET /v2.0/networks/169f5654-b6e1-44ae-8d4d-a429aca8524c?fields=segments => generated 14 bytes in 37 msecs (HTTP/1.1 200) 4 headers in 156 bytes (1 switches on core 0) [pid: 8|app: 0|req: 1373/2587] 10.0.0.19 () {34 vars in 1107 bytes} [Thu May 28 15:06:43 2026] GET /v2.0/networks/169f5654-b6e1-44ae-8d4d-a429aca8524c?fields=provider%3Aphysical_network&fields=provider%3Anetwork_type => generated 79 bytes in 39 msecs (HTTP/1.1 200) 4 headers in 156 bytes (1 switches on core 0) [pid: 8|app: 0|req: 1374/2588] 10.0.0.19 () {34 vars in 989 bytes} [Thu May 28 15:06:43 2026] GET /v2.0/ports?device_id=e4ec3b97-16c2-4e2c-a5e0-55689655aa0f => generated 12 bytes in 19 msecs (HTTP/1.1 200) 4 headers in 156 bytes (1 switches on core 0)
2026-05-28 15:06:43.867 7 WARNING neutron.scheduler.dhcp_agent_scheduler [None req-cc65a83b-6d75-4093-944b-9e5a75f813f1 fa80f7fa471c44e09df7a2efa7fccd31 763a6a999e704113909c3be9b8ea5772 - - default default] No more DHCP agents
2026-05-28 15:06:43.868 7 WARNING neutron.api.rpc.agentnotifiers.dhcp_rpc_agent_api [None req-cc65a83b-6d75-4093-944b-9e5a75f813f1 fa80f7fa471c44e09df7a2efa7fccd31 763a6a999e704113909c3be9b8ea5772 - - default default] Unable to schedule network bb330e08-2e1f-40a6-a240-874fb27c54c3: no agents available; will retry on subsequent port and subnet creation events.
2026-05-28 15:06:43.905 7 INFO neutron.db.ovn_revision_numbers_db [None req-cc65a83b-6d75-4093-944b-9e5a75f813f1 fa80f7fa471c44e09df7a2efa7fccd31 763a6a999e704113909c3be9b8ea5772 - - default default] Successfully bumped revision number for resource 44f16858-38e0-4388-8820-8afc5229977f (type: subnets) to 0 [pid: 7|app: 0|req: 1215/2589] 10.0.0.120 () {34 vars in 669 bytes} [Thu May 28 15:06:43 2026] POST /v2.0/subnets => generated 729 bytes in 354 msecs (HTTP/1.1 201) 4 headers in 162 bytes (1 switches on core 0)
2026-05-28 15:06:44.277 8 WARNING neutron.scheduler.dhcp_agent_scheduler [None req-60a0fb30-c1f6-48a0-82e7-df94875f0bac fa80f7fa471c44e09df7a2efa7fccd31 763a6a999e704113909c3be9b8ea5772 - - default default] No more DHCP agents
2026-05-28 15:06:44.279 8 WARNING neutron.api.rpc.agentnotifiers.dhcp_rpc_agent_api [None req-60a0fb30-c1f6-48a0-82e7-df94875f0bac fa80f7fa471c44e09df7a2efa7fccd31 763a6a999e704113909c3be9b8ea5772 - - default default] Unable to schedule network ec17941c-b35c-405e-ada7-bf20fbb85c22: no agents available; will retry on subsequent port and subnet creation events.
2026-05-28 15:06:44.468 8 INFO neutron.db.ovn_revision_numbers_db [None req-60a0fb30-c1f6-48a0-82e7-df94875f0bac fa80f7fa471c44e09df7a2efa7fccd31 763a6a999e704113909c3be9b8ea5772 - - default default] Successfully bumped revision number for resource 1d867444-0b1c-4a6c-98e4-a10b289e7396 (type: ports) to 1 [pid: 7|app: 0|req: 1216/2590] 10.0.0.19 () {34 vars in 989 bytes} [Thu May 28 15:06:44 2026] GET /v2.0/ports?device_id=e4ec3b97-16c2-4e2c-a5e0-55689655aa0f => generated 12 bytes in 21 msecs (HTTP/1.1 200) 4 headers in 156 bytes (1 switches on core 0)
2026-05-28 15:06:45.044 8 INFO neutron.plugins.ml2.drivers.ovn.mech_driver.ovsdb.commands [-] Schedule LRP lrp-1d867444-0b1c-4a6c-98e4-a10b289e7396 on gateway fea8fcfb-c1a4-4e02-9b6b-3149529a22a1 with priority 1
2026-05-28 15:06:45.200 8 INFO neutron.db.ovn_revision_numbers_db [None req-60a0fb30-c1f6-48a0-82e7-df94875f0bac fa80f7fa471c44e09df7a2efa7fccd31 763a6a999e704113909c3be9b8ea5772 - - default default] Successfully bumped revision number for resource 1d867444-0b1c-4a6c-98e4-a10b289e7396 (type: router_ports) to 1
2026-05-28 15:06:45.205 7 INFO neutron.plugins.ml2.drivers.ovn.mech_driver.ovsdb.ovsdb_monitor [None req-d5b28ac3-7335-4678-aa31-e0ae76461988 - - - - - -] Router 0f08a787-ebb3-446f-a43e-cc6d4b61b089 is bound to host instance
