2026-05-28 15:03:17.647 7 WARNING neutron.api.rpc.agentnotifiers.dhcp_rpc_agent_api [None req-5d81b761-6699-40fe-ab19-cea3669c7a6a ab6a3cc5e4f54145b631903a7938850c 79e09482e2c446bc8eba0c00308b1b21 - - default default] Unable to schedule network 510106b9-3aaf-4e47-8534-3eb2d015c719: no agents available; will retry on subsequent port and subnet creation events.
2026-05-28 15:03:17.658 8 INFO neutron.db.ovn_revision_numbers_db [None req-26492fe7-61fd-48ab-9fd4-7ea52db99fd9 ab6a3cc5e4f54145b631903a7938850c 79e09482e2c446bc8eba0c00308b1b21 - - default default] Successfully bumped revision number for resource 6e0382b9-6c47-4288-9df2-356c94ea2585 (type: security_group_rules) to 0
2026-05-28 15:03:17.671 8 INFO neutron.db.ovn_revision_numbers_db [None req-26492fe7-61fd-48ab-9fd4-7ea52db99fd9 ab6a3cc5e4f54145b631903a7938850c 79e09482e2c446bc8eba0c00308b1b21 - - default default] Successfully bumped revision number for resource b17b46fc-8dfd-4646-9281-41e0f71d1eea (type: security_group_rules) to 0
2026-05-28 15:03:17.683 8 INFO neutron.db.ovn_revision_numbers_db [None req-26492fe7-61fd-48ab-9fd4-7ea52db99fd9 ab6a3cc5e4f54145b631903a7938850c 79e09482e2c446bc8eba0c00308b1b21 - - default default] Successfully bumped revision number for resource b97f0a91-316c-4f54-ac44-438a3ed38c1b (type: security_group_rules) to 0
2026-05-28 15:03:17.694 8 INFO neutron.db.ovn_revision_numbers_db [None req-26492fe7-61fd-48ab-9fd4-7ea52db99fd9 ab6a3cc5e4f54145b631903a7938850c 79e09482e2c446bc8eba0c00308b1b21 - - default default] Successfully bumped revision number for resource d0135563-321c-4992-9e01-d495fe2a4d10 (type: security_group_rules) to 0 [pid: 8|app: 0|req: 678/1290] 10.0.0.120 () {32 vars in 774 bytes} [Thu May 28 15:03:17 2026] GET /v2.0/security-groups?tenant_id=1f9a10ac5b9e4a56bf23a645ff26242b&name=default => generated 2925 bytes in 330 msecs (HTTP/1.1 200) 4 headers in 158 bytes (1 switches on core 0)
2026-05-28 15:03:17.772 7 INFO neutron.db.ovn_revision_numbers_db [None req-aa5f3cf8-7f44-4861-a2f7-69f806ac167b - - - - - -] Successfully bumped revision number for resource bdfd2ddb-46e6-4c9f-8a9d-bec262f8fd5f (type: ports) to 4
2026-05-28 15:03:17.898 7 INFO neutron.db.ovn_revision_numbers_db [None req-5d81b761-6699-40fe-ab19-cea3669c7a6a ab6a3cc5e4f54145b631903a7938850c 79e09482e2c446bc8eba0c00308b1b21 - - default default] Successfully bumped revision number for resource db5b9137-4878-4e49-9b13-219cdaa3dc31 (type: ports) to 1 [pid: 8|app: 0|req: 679/1291] 10.0.0.120 () {32 vars in 740 bytes} [Thu May 28 15:03:17 2026] DELETE /v2.0/security-groups/14df7b4f-3a03-444a-9981-2f486caa09f9 => generated 0 bytes in 208 msecs (HTTP/1.1 204) 2 headers in 112 bytes (1 switches on core 0) [pid: 8|app: 0|req: 680/1292] 10.0.0.120 () {32 vars in 643 bytes} [Thu May 28 15:03:17 2026] GET /v2.0/ports => generated 3017 bytes in 77 msecs (HTTP/1.1 200) 4 headers in 158 bytes (1 switches on core 0) [pid: 8|app: 0|req: 681/1293] 10.0.0.120 () {32 vars in 740 bytes} [Thu May 28 15:03:18 2026] DELETE /v2.0/security-groups/d0e1255a-83b9-4de4-961a-58c99e639574 => generated 0 bytes in 248 msecs (HTTP/1.1 204) 2 headers in 112 bytes (1 switches on core 0)
2026-05-28 15:03:18.271 8 INFO neutron.api.v2.resource [None req-472c1678-813b-4a62-951a-f8a03618a033 4c054947ed194df4b97cb56f5f00ef25 981b488754044beb9441fdfa9afb8cf7 - - default default] show failed (client error): The resource could not be found. [pid: 8|app: 0|req: 682/1294] 10.0.0.120 () {32 vars in 737 bytes} [Thu May 28 15:03:18 2026] GET /v2.0/security-groups/14df7b4f-3a03-444a-9981-2f486caa09f9 => generated 146 bytes in 12 msecs (HTTP/1.1 404) 4 headers in 164 bytes (1 switches on core 0)
2026-05-28 15:03:18.382 8 INFO neutron_taas.services.taas.taas_plugin [None req-a70f8792-fbf2-49ee-b580-ce057f4dab9c e0035c88849541bc877bf27b6a4f25ec 0fd42f1a61614486a637637370a0abf6 - - default default] TaaS: Handle Delete Port: 721e2be1-f310-4c0e-bb1e-96d463674d43
2026-05-28 15:03:18.385 8 INFO neutron_taas.services.taas.tap_mirror_plugin [None req-a70f8792-fbf2-49ee-b580-ce057f4dab9c e0035c88849541bc877bf27b6a4f25ec 0fd42f1a61614486a637637370a0abf6 - - default default] Tap Mirror: Handle Delete Port: 721e2be1-f310-4c0e-bb1e-96d463674d43 [pid: 8|app: 0|req: 683/1295] 10.0.0.120 () {32 vars in 720 bytes} [Thu May 28 15:03:18 2026] DELETE /v2.0/ports/721e2be1-f310-4c0e-bb1e-96d463674d43 => generated 0 bytes in 257 msecs (HTTP/1.1 204) 3 headers in 131 bytes (1 switches on core 0)
2026-05-28 15:03:18.667 8 INFO neutron_taas.services.taas.taas_plugin [None req-989812e1-411e-405d-bb65-cdb883ef2655 4c054947ed194df4b97cb56f5f00ef25 981b488754044beb9441fdfa9afb8cf7 - - default default] TaaS: Handle Delete Port: 1dd7a111-af94-459b-a8a9-f46f562b54f4
2026-05-28 15:03:18.669 8 INFO neutron_taas.services.taas.tap_mirror_plugin [None req-989812e1-411e-405d-bb65-cdb883ef2655 4c054947ed194df4b97cb56f5f00ef25 981b488754044beb9441fdfa9afb8cf7 - - default default] Tap Mirror: Handle Delete Port: 1dd7a111-af94-459b-a8a9-f46f562b54f4
2026-05-28 15:03:18.711 7 INFO neutron.db.ovn_revision_numbers_db [None req-aa5f3cf8-7f44-4861-a2f7-69f806ac167b - - - - - -] Successfully bumped revision number for resource bdfd2ddb-46e6-4c9f-8a9d-bec262f8fd5f (type: ports) to 5 [pid: 8|app: 0|req: 684/1296] 10.0.0.120 () {32 vars in 732 bytes} [Thu May 28 15:03:18 2026] DELETE /v2.0/floatingips/e7dc86fa-8b7c-4cc7-b372-cf33f865b7f3 => generated 0 bytes in 281 msecs (HTTP/1.1 204) 2 headers in 112 bytes (1 switches on core 0)
2026-05-28 15:03:18.890 7 INFO neutron.plugins.ml2.drivers.ovn.mech_driver.mech_driver [None req-beeb4c14-a5df-44ef-bc63-fa4ae5b26376 - - - - - -] OVN reports status down for port: 50c37d29-fe87-4013-bc5f-b19bb9d9d9d5
2026-05-28 15:03:18.947 8 INFO neutron_taas.services.taas.taas_plugin [None req-94272b33-85b0-46af-a635-ef5a823eebe2 e0035c88849541bc877bf27b6a4f25ec 0fd42f1a61614486a637637370a0abf6 - - default default] TaaS: Handle Delete Port: 85d2927f-6605-4a3c-9d44-2a670aca6ad4
2026-05-28 15:03:18.950 8 INFO neutron_taas.services.taas.tap_mirror_plugin [None req-94272b33-85b0-46af-a635-ef5a823eebe2 e0035c88849541bc877bf27b6a4f25ec 0fd42f1a61614486a637637370a0abf6 - - default default] Tap Mirror: Handle Delete Port: 85d2927f-6605-4a3c-9d44-2a670aca6ad4
2026-05-28 15:03:18.991 7 INFO neutron.plugins.ml2.drivers.ovn.mech_driver.mech_driver [None req-beeb4c14-a5df-44ef-bc63-fa4ae5b26376 - - - - - -] OVN reports status down for port: 3845cc77-fb0a-47d8-8740-b8515c927529
2026-05-28 15:03:19.045 7 WARNING neutron.scheduler.dhcp_agent_scheduler [None req-5d81b761-6699-40fe-ab19-cea3669c7a6a ab6a3cc5e4f54145b631903a7938850c 79e09482e2c446bc8eba0c00308b1b21 - - default default] No more DHCP agents
2026-05-28 15:03:19.047 7 WARNING neutron.api.rpc.agentnotifiers.dhcp_rpc_agent_api [None req-5d81b761-6699-40fe-ab19-cea3669c7a6a ab6a3cc5e4f54145b631903a7938850c 79e09482e2c446bc8eba0c00308b1b21 - - default default] Unable to schedule network 510106b9-3aaf-4e47-8534-3eb2d015c719: no agents available; will retry on subsequent port and subnet creation events. [pid: 8|app: 0|req: 685/1297] 10.0.0.120 () {32 vars in 720 bytes} [Thu May 28 15:03:18 2026] DELETE /v2.0/ports/85d2927f-6605-4a3c-9d44-2a670aca6ad4 => generated 0 bytes in 310 msecs (HTTP/1.1 204) 3 headers in 131 bytes (1 switches on core 0)
2026-05-28 15:03:19.196 7 INFO neutron.plugins.ml2.drivers.ovn.mech_driver.mech_driver [None req-beeb4c14-a5df-44ef-bc63-fa4ae5b26376 - - - - - -] OVN reports status down for port: 721e2be1-f310-4c0e-bb1e-96d463674d43
2026-05-28 15:03:19.208 7 INFO neutron.plugins.ml2.drivers.ovn.mech_driver.mech_driver [None req-beeb4c14-a5df-44ef-bc63-fa4ae5b26376 - - - - - -] OVN reports status down for port: 85d2927f-6605-4a3c-9d44-2a670aca6ad4
2026-05-28 15:03:19.219 7 INFO neutron.plugins.ml2.drivers.ovn.mech_driver.mech_driver [None req-beeb4c14-a5df-44ef-bc63-fa4ae5b26376 - - - - - -] OVN reports status down for port: db5b9137-4878-4e49-9b13-219cdaa3dc31
2026-05-28 15:03:19.314 7 WARNING neutron.plugins.ml2.drivers.ovn.mech_driver.ovsdb.ovn_client [None req-beeb4c14-a5df-44ef-bc63-fa4ae5b26376 - - - - - -] Logical_Switch_Port db5b9137-4878-4e49-9b13-219cdaa3dc31 host information not removed, the port state is up
2026-05-28 15:03:19.315 7 INFO neutron.plugins.ml2.drivers.ovn.mech_driver.mech_driver [None req-beeb4c14-a5df-44ef-bc63-fa4ae5b26376 - - - - - -] OVN reports status up for port: db5b9137-4878-4e49-9b13-219cdaa3dc31
2026-05-28 15:03:19.337 7 INFO neutron.plugins.ml2.plugin [None req-beeb4c14-a5df-44ef-bc63-fa4ae5b26376 - - - - - -] Attempt 1 to provision port db5b9137-4878-4e49-9b13-219cdaa3dc31
2026-05-28 15:03:19.360 8 INFO neutron_taas.services.taas.taas_plugin [None req-cbb776b7-e50c-4d5c-a790-53065d438a90 ab6a3cc5e4f54145b631903a7938850c 79e09482e2c446bc8eba0c00308b1b21 - - default default] TaaS: Handle Delete Port: 8cf44093-87d2-4eee-96e7-02f86c05dcfc
2026-05-28 15:03:19.364 8 INFO neutron_taas.services.taas.tap_mirror_plugin [None req-cbb776b7-e50c-4d5c-a790-53065d438a90 ab6a3cc5e4f54145b631903a7938850c 79e09482e2c446bc8eba0c00308b1b21 - - default default] Tap Mirror: Handle Delete Port: 8cf44093-87d2-4eee-96e7-02f86c05dcfc
2026-05-28 15:03:19.965 7 INFO neutron.db.ovn_revision_numbers_db [None req-5d81b761-6699-40fe-ab19-cea3669c7a6a ab6a3cc5e4f54145b631903a7938850c 79e09482e2c446bc8eba0c00308b1b21 - - default default] Successfully bumped revision number for resource db5b9137-4878-4e49-9b13-219cdaa3dc31 (type: router_ports) to 1 [pid: 7|app: 0|req: 613/1298] 10.0.0.120 () {34 vars in 783 bytes} [Thu May 28 15:03:16 2026] PUT /v2.0/routers/ab9580fa-2e80-4e64-970f-2e23a1daa09c/add_router_interface => generated 309 bytes in 3381 msecs (HTTP/1.1 200) 4 headers in 157 bytes (1 switches on core 0) [pid: 8|app: 0|req: 686/1299] 10.0.0.120 () {34 vars in 789 bytes} [Thu May 28 15:03:19 2026] PUT /v2.0/routers/3f5231db-be67-41f6-9d18-f5323847faba/remove_router_interface => generated 309 bytes in 920 msecs (HTTP/1.1 200) 4 headers in 157 bytes (1 switches on core 0) /var/lib/openstack/lib/python3.12/site-packages/pycadf/identifier.py:70: UserWarning: Invalid uuid: neutron. To ensure interoperability, identifiers should be a valid uuid. warnings.warn(('Invalid uuid: %s. To ensure interoperability, ' [pid: 7|app: 0|req: 614/1300] 10.0.0.120 () {32 vars in 643 bytes} [Thu May 28 15:03:19 2026] GET /v2.0/ports => generated 1523 bytes in 303 msecs (HTTP/1.1 200) 4 headers in 158 bytes (1 switches on core 0)
2026-05-28 15:03:20.304 7 INFO neutron.db.ovn_revision_numbers_db [None req-beeb4c14-a5df-44ef-bc63-fa4ae5b26376 - - - - - -] Successfully bumped revision number for resource db5b9137-4878-4e49-9b13-219cdaa3dc31 (type: ports) to 2
2026-05-28 15:03:20.397 8 INFO neutron_taas.services.taas.taas_plugin [None req-e06449bf-8f1a-4cab-8ea4-5c849ef6eb84 ab6a3cc5e4f54145b631903a7938850c 79e09482e2c446bc8eba0c00308b1b21 - - default default] TaaS: Handle Delete Port: 8d266e2a-d578-4821-90a7-77a8d7cf35ad
2026-05-28 15:03:20.401 8 INFO neutron_taas.services.taas.tap_mirror_plugin [None req-e06449bf-8f1a-4cab-8ea4-5c849ef6eb84 ab6a3cc5e4f54145b631903a7938850c 79e09482e2c446bc8eba0c00308b1b21 - - default default] Tap Mirror: Handle Delete Port: 8d266e2a-d578-4821-90a7-77a8d7cf35ad
2026-05-28 15:03:20.409 7 INFO neutron.db.segments_db [None req-3917cac6-da83-4170-8a29-03591ca6ddfe e0035c88849541bc877bf27b6a4f25ec 0fd42f1a61614486a637637370a0abf6 - - default default] Added segment d06a3955-ebd9-4c8d-a5f5-5db9e47b2376 of type geneve for network f327f116-4117-4bff-bed8-157c763a6210
2026-05-28 15:03:20.554 7 INFO neutron.db.ovn_revision_numbers_db [None req-3917cac6-da83-4170-8a29-03591ca6ddfe e0035c88849541bc877bf27b6a4f25ec 0fd42f1a61614486a637637370a0abf6 - - default default] Successfully bumped revision number for resource f327f116-4117-4bff-bed8-157c763a6210 (type: networks) to 1
2026-05-28 15:03:20.728 7 WARNING neutron.scheduler.dhcp_agent_scheduler [None req-3917cac6-da83-4170-8a29-03591ca6ddfe e0035c88849541bc877bf27b6a4f25ec 0fd42f1a61614486a637637370a0abf6 - - default default] No more DHCP agents
2026-05-28 15:03:20.729 7 WARNING neutron.api.rpc.agentnotifiers.dhcp_rpc_agent_api [None req-3917cac6-da83-4170-8a29-03591ca6ddfe e0035c88849541bc877bf27b6a4f25ec 0fd42f1a61614486a637637370a0abf6 - - default default] Unable to schedule network f327f116-4117-4bff-bed8-157c763a6210: no agents available; will retry on subsequent port and subnet creation events.
2026-05-28 15:03:20.846 7 INFO neutron.db.ovn_revision_numbers_db [None req-3917cac6-da83-4170-8a29-03591ca6ddfe e0035c88849541bc877bf27b6a4f25ec 0fd42f1a61614486a637637370a0abf6 - - default default] Successfully bumped revision number for resource ec2d1f35-4f2f-465d-a378-7f0f45671f06 (type: ports) to 1 [pid: 8|app: 0|req: 687/1301] 10.0.0.120 () {32 vars in 724 bytes} [Thu May 28 15:03:20 2026] DELETE /v2.0/routers/3f5231db-be67-41f6-9d18-f5323847faba => generated 0 bytes in 850 msecs (HTTP/1.1 204) 2 headers in 112 bytes (1 switches on core 0) [pid: 7|app: 0|req: 615/1302] 10.0.0.120 () {34 vars in 670 bytes} [Thu May 28 15:03:20 2026] POST /v2.0/networks => generated 691 bytes in 612 msecs (HTTP/1.1 201) 4 headers in 162 bytes (1 switches on core 0)
2026-05-28 15:03:21.005 7 INFO neutron.db.segments_db [None req-61e3f048-2691-44fc-8183-64614687a37f e0035c88849541bc877bf27b6a4f25ec 0fd42f1a61614486a637637370a0abf6 - - default default] Added segment c316b014-419b-4455-ab88-252cdaa2f5d6 of type geneve for network e224913f-0b90-469c-8247-fc8c124d074a [pid: 8|app: 0|req: 688/1303] 10.0.0.120 () {32 vars in 724 bytes} [Thu May 28 15:03:20 2026] DELETE /v2.0/subnets/9159afbf-609b-4987-94c6-8d1146bcac95 => generated 0 bytes in 198 msecs (HTTP/1.1 204) 3 headers in 131 bytes (1 switches on core 0)
2026-05-28 15:03:21.118 7 INFO neutron.db.ovn_revision_numbers_db [None req-61e3f048-2691-44fc-8183-64614687a37f e0035c88849541bc877bf27b6a4f25ec 0fd42f1a61614486a637637370a0abf6 - - default default] Successfully bumped revision number for resource e224913f-0b90-469c-8247-fc8c124d074a (type: networks) to 1 [pid: 8|app: 0|req: 689/1304] 10.0.0.19 () {34 vars in 981 bytes} [Thu May 28 15:03:21 2026] GET /v2.0/networks?id=510106b9-3aaf-4e47-8534-3eb2d015c719 => generated 715 bytes in 55 msecs (HTTP/1.1 200) 4 headers in 157 bytes (1 switches on core 0)
2026-05-28 15:03:21.249 7 WARNING neutron.scheduler.dhcp_agent_scheduler [None req-61e3f048-2691-44fc-8183-64614687a37f e0035c88849541bc877bf27b6a4f25ec 0fd42f1a61614486a637637370a0abf6 - - default default] No more DHCP agents
2026-05-28 15:03:21.250 7 WARNING neutron.api.rpc.agentnotifiers.dhcp_rpc_agent_api [None req-61e3f048-2691-44fc-8183-64614687a37f e0035c88849541bc877bf27b6a4f25ec 0fd42f1a61614486a637637370a0abf6 - - default default] Unable to schedule network e224913f-0b90-469c-8247-fc8c124d074a: no agents available; will retry on subsequent port and subnet creation events.
2026-05-28 15:03:21.261 8 INFO neutron_taas.services.taas.taas_plugin [None req-6cd520eb-8d9d-413e-8301-4f481d87cb3a ab6a3cc5e4f54145b631903a7938850c 79e09482e2c446bc8eba0c00308b1b21 - - default default] TaaS: Handle Delete Port: 6c75edc8-8ef4-4c41-9d66-9eb6837235ea
2026-05-28 15:03:21.263 8 INFO neutron_taas.services.taas.tap_mirror_plugin [None req-6cd520eb-8d9d-413e-8301-4f481d87cb3a ab6a3cc5e4f54145b631903a7938850c 79e09482e2c446bc8eba0c00308b1b21 - - default default] Tap Mirror: Handle Delete Port: 6c75edc8-8ef4-4c41-9d66-9eb6837235ea
2026-05-28 15:03:21.357 7 INFO neutron.db.ovn_revision_numbers_db [None req-61e3f048-2691-44fc-8183-64614687a37f e0035c88849541bc877bf27b6a4f25ec 0fd42f1a61614486a637637370a0abf6 - - default default] Successfully bumped revision number for resource 12cd64a3-052f-4f0d-9d67-15156674ea26 (type: ports) to 1 [pid: 7|app: 0|req: 616/1305] 10.0.0.120 () {34 vars in 670 bytes} [Thu May 28 15:03:20 2026] POST /v2.0/networks => generated 691 bytes in 483 msecs (HTTP/1.1 201) 4 headers in 162 bytes (1 switches on core 0) [pid: 7|app: 0|req: 617/1306] 10.0.0.19 () {34 vars in 964 bytes} [Thu May 28 15:03:21 2026] GET /v2.0/quotas/5094dd9e2bca4e70b81a5dc7da87524b => generated 292 bytes in 19 msecs (HTTP/1.1 200) 4 headers in 157 bytes (1 switches on core 0) [pid: 7|app: 0|req: 618/1307] 10.0.0.19 () {34 vars in 1001 bytes} [Thu May 28 15:03:21 2026] GET /v2.0/ports?tenant_id=5094dd9e2bca4e70b81a5dc7da87524b&fields=id => generated 103 bytes in 76 msecs (HTTP/1.1 200) 4 headers in 157 bytes (1 switches on core 0)
2026-05-28 15:03:21.487 8 INFO neutron.services.segments.plugin [-] Segment b0e92cb0-a0cf-4203-a6bb-a3d7989399ff resource provider aggregate not found
2026-05-28 15:03:21.491 8 INFO neutron.services.segments.plugin [-] Segment b0e92cb0-a0cf-4203-a6bb-a3d7989399ff resource provider aggregate not found
2026-05-28 15:03:21.511 8 INFO neutron.services.segments.plugin [-] Segment b0e92cb0-a0cf-4203-a6bb-a3d7989399ff resource provider not found; error: Placement Client Error (4xx): {"errors": [{"status": 404, "title": "Not Found", "detail": "The resource could not be found.\n\n No resource provider with uuid b0e92cb0-a0cf-4203-a6bb-a3d7989399ff found for delete ", "request_id": "req-64be274b-a477-4772-9b42-b490040eb2a0"}]}
2026-05-28 15:03:21.512 8 INFO neutron.services.segments.plugin [-] Segment b0e92cb0-a0cf-4203-a6bb-a3d7989399ff resource provider not found; error: Placement Client Error (4xx): {"errors": [{"status": 404, "title": "Not Found", "detail": "The resource could not be found.\n\n No resource provider with uuid b0e92cb0-a0cf-4203-a6bb-a3d7989399ff found for delete ", "request_id": "req-65f15933-7d46-4f46-bda9-0e8f2c811283"}]} [pid: 8|app: 0|req: 690/1308] 10.0.0.120 () {32 vars in 726 bytes} [Thu May 28 15:03:21 2026] DELETE /v2.0/networks/1d84877c-9cd3-4eef-9e82-25f41f4cf06e => generated 0 bytes in 389 msecs (HTTP/1.1 204) 3 headers in 131 bytes (1 switches on core 0) [pid: 7|app: 0|req: 619/1309] 10.0.0.19 () {34 vars in 1007 bytes} [Thu May 28 15:03:21 2026] GET /v2.0/networks/510106b9-3aaf-4e47-8534-3eb2d015c719?fields=segments => generated 14 bytes in 70 msecs (HTTP/1.1 200) 4 headers in 156 bytes (1 switches on core 0) [pid: 8|app: 0|req: 691/1310] 10.0.0.19 () {34 vars in 1107 bytes} [Thu May 28 15:03:21 2026] GET /v2.0/networks/510106b9-3aaf-4e47-8534-3eb2d015c719?fields=provider%3Aphysical_network&fields=provider%3Anetwork_type => generated 79 bytes in 45 msecs (HTTP/1.1 200) 4 headers in 156 bytes (1 switches on core 0) [pid: 7|app: 0|req: 620/1311] 10.0.0.120 () {32 vars in 774 bytes} [Thu May 28 15:03:21 2026] GET /v2.0/security-groups?tenant_id=981b488754044beb9441fdfa9afb8cf7&name=default => generated 2925 bytes in 34 msecs (HTTP/1.1 200) 4 headers in 158 bytes (1 switches on core 0) [pid: 7|app: 0|req: 621/1312] 10.0.0.19 () {34 vars in 989 bytes} [Thu May 28 15:03:21 2026] GET /v2.0/ports?device_id=dd099c8e-e9e3-41b8-9867-2093e0da4ea3 => generated 12 bytes in 26 msecs (HTTP/1.1 200) 4 headers in 156 bytes (1 switches on core 0) [pid: 8|app: 0|req: 692/1313] 10.0.0.120 () {32 vars in 740 bytes} [Thu May 28 15:03:21 2026] DELETE /v2.0/security-groups/875c4d79-a423-42eb-903d-7a5dc9e9fa3f => generated 0 bytes in 260 msecs (HTTP/1.1 204) 2 headers in 112 bytes (1 switches on core 0)
2026-05-28 15:03:22.234 7 WARNING neutron.scheduler.dhcp_agent_scheduler [None req-b6fdb4a6-ba87-4286-86a5-5271878a4598 e0035c88849541bc877bf27b6a4f25ec 0fd42f1a61614486a637637370a0abf6 - - default default] No more DHCP agents
2026-05-28 15:03:22.236 7 WARNING neutron.api.rpc.agentnotifiers.dhcp_rpc_agent_api [None req-b6fdb4a6-ba87-4286-86a5-5271878a4598 e0035c88849541bc877bf27b6a4f25ec 0fd42f1a61614486a637637370a0abf6 - - default default] Unable to schedule network f327f116-4117-4bff-bed8-157c763a6210: no agents available; will retry on subsequent port and subnet creation events.
2026-05-28 15:03:22.299 7 INFO neutron.db.ovn_revision_numbers_db [None req-b6fdb4a6-ba87-4286-86a5-5271878a4598 e0035c88849541bc877bf27b6a4f25ec 0fd42f1a61614486a637637370a0abf6 - - default default] Successfully bumped revision number for resource c27d08c9-f6a6-4a32-abb4-3b1cc84c1879 (type: subnets) to 0
2026-05-28 15:03:22.327 7 WARNING neutron.scheduler.dhcp_agent_scheduler [None req-b6fdb4a6-ba87-4286-86a5-5271878a4598 e0035c88849541bc877bf27b6a4f25ec 0fd42f1a61614486a637637370a0abf6 - - default default] No more DHCP agents
2026-05-28 15:03:22.328 7 WARNING neutron.api.rpc.agentnotifiers.dhcp_rpc_agent_api [None req-b6fdb4a6-ba87-4286-86a5-5271878a4598 e0035c88849541bc877bf27b6a4f25ec 0fd42f1a61614486a637637370a0abf6 - - default default] Unable to schedule network e224913f-0b90-469c-8247-fc8c124d074a: no agents available; will retry on subsequent port and subnet creation events.
2026-05-28 15:03:22.379 7 INFO neutron.db.ovn_revision_numbers_db [None req-b6fdb4a6-ba87-4286-86a5-5271878a4598 e0035c88849541bc877bf27b6a4f25ec 0fd42f1a61614486a637637370a0abf6 - - default default] Successfully bumped revision number for resource 74a8a869-bb84-489f-8354-f7142ffbf186 (type: subnets) to 0 [pid: 7|app: 0|req: 622/1314] 10.0.0.120 () {34 vars in 669 bytes} [Thu May 28 15:03:21 2026] POST /v2.0/subnets => generated 1323 bytes in 539 msecs (HTTP/1.1 201) 4 headers in 163 bytes (1 switches on core 0) [pid: 8|app: 0|req: 693/1315] 10.0.0.120 () {32 vars in 647 bytes} [Thu May 28 15:03:22 2026] GET /v2.0/subnets => generated 1959 bytes in 47 msecs (HTTP/1.1 200) 4 headers in 158 bytes (1 switches on core 0) [pid: 7|app: 0|req: 623/1316] 10.0.0.120 () {32 vars in 724 bytes} [Thu May 28 15:03:22 2026] DELETE /v2.0/subnets/c27d08c9-f6a6-4a32-abb4-3b1cc84c1879 => generated 0 bytes in 154 msecs (HTTP/1.1 204) 3 headers in 131 bytes (1 switches on core 0) [pid: 8|app: 0|req: 694/1317] 10.0.0.120 () {32 vars in 724 bytes} [Thu May 28 15:03:22 2026] DELETE /v2.0/subnets/74a8a869-bb84-489f-8354-f7142ffbf186 => generated 0 bytes in 131 msecs (HTTP/1.1 204) 3 headers in 131 bytes (1 switches on core 0) [pid: 7|app: 0|req: 624/1318] 10.0.0.120 () {32 vars in 647 bytes} [Thu May 28 15:03:22 2026] GET /v2.0/subnets => generated 649 bytes in 24 msecs (HTTP/1.1 200) 4 headers in 157 bytes (1 switches on core 0) [pid: 7|app: 0|req: 625/1319] 10.0.0.19 () {34 vars in 989 bytes} [Thu May 28 15:03:22 2026] GET /v2.0/ports?device_id=dd099c8e-e9e3-41b8-9867-2093e0da4ea3 => generated 12 bytes in 28 msecs (HTTP/1.1 200) 4 headers in 156 bytes (1 switches on core 0)
2026-05-28 15:03:23.355 8 INFO neutron_taas.services.taas.taas_plugin [None req-31b31db3-a4a4-4cdd-acd6-ec25bc0fff46 e0035c88849541bc877bf27b6a4f25ec 0fd42f1a61614486a637637370a0abf6 - - default default] TaaS: Handle Delete Port: 12cd64a3-052f-4f0d-9d67-15156674ea26
2026-05-28 15:03:23.358 7 INFO neutron.db.ovn_revision_numbers_db [None req-ac4f3f7a-00fb-4d16-ade8-ac718412b0f5 ab6a3cc5e4f54145b631903a7938850c 79e09482e2c446bc8eba0c00308b1b21 - - default default] Successfully bumped revision number for resource 2c4e2652-ff25-4b5c-916b-1e50b7f76260 (type: security_groups) to 1
2026-05-28 15:03:23.358 8 INFO neutron_taas.services.taas.tap_mirror_plugin [None req-31b31db3-a4a4-4cdd-acd6-ec25bc0fff46 e0035c88849541bc877bf27b6a4f25ec 0fd42f1a61614486a637637370a0abf6 - - default default] Tap Mirror: Handle Delete Port: 12cd64a3-052f-4f0d-9d67-15156674ea26
2026-05-28 15:03:23.368 7 INFO neutron.db.ovn_revision_numbers_db [None req-ac4f3f7a-00fb-4d16-ade8-ac718412b0f5 ab6a3cc5e4f54145b631903a7938850c 79e09482e2c446bc8eba0c00308b1b21 - - default default] Successfully bumped revision number for resource 259d46f9-ba7e-40ce-a07a-a34911b2d06b (type: security_group_rules) to 0
2026-05-28 15:03:23.381 7 INFO neutron.db.ovn_revision_numbers_db [None req-ac4f3f7a-00fb-4d16-ade8-ac718412b0f5 ab6a3cc5e4f54145b631903a7938850c 79e09482e2c446bc8eba0c00308b1b21 - - default default] Successfully bumped revision number for resource 58462d91-c1e5-4fbd-9df8-defeede6787f (type: security_group_rules) to 0
2026-05-28 15:03:23.394 7 INFO neutron.db.ovn_revision_numbers_db [None req-ac4f3f7a-00fb-4d16-ade8-ac718412b0f5 ab6a3cc5e4f54145b631903a7938850c 79e09482e2c446bc8eba0c00308b1b21 - - default default] Successfully bumped revision number for resource ccea461e-c3c6-48ff-9a2a-479b85863c9f (type: security_group_rules) to 0
2026-05-28 15:03:23.407 7 INFO neutron.db.ovn_revision_numbers_db [None req-ac4f3f7a-00fb-4d16-ade8-ac718412b0f5 ab6a3cc5e4f54145b631903a7938850c 79e09482e2c446bc8eba0c00308b1b21 - - default default] Successfully bumped revision number for resource e9ec0ddb-0225-4f8f-af78-db970cc7b60a (type: security_group_rules) to 0 [pid: 7|app: 0|req: 626/1320] 10.0.0.120 () {32 vars in 774 bytes} [Thu May 28 15:03:23 2026] GET /v2.0/security-groups?tenant_id=ddffd3aa2d914afb811e54bbc1cd02c0&name=default => generated 2925 bytes in 432 msecs (HTTP/1.1 200) 4 headers in 158 bytes (1 switches on core 0)
2026-05-28 15:03:23.559 8 INFO neutron.services.segments.plugin [-] Segment c316b014-419b-4455-ab88-252cdaa2f5d6 resource provider aggregate not found
2026-05-28 15:03:23.563 8 INFO neutron.services.segments.plugin [-] Segment c316b014-419b-4455-ab88-252cdaa2f5d6 resource provider aggregate not found
2026-05-28 15:03:23.578 8 INFO neutron.services.segments.plugin [-] Segment c316b014-419b-4455-ab88-252cdaa2f5d6 resource provider not found; error: Placement Client Error (4xx): {"errors": [{"status": 404, "title": "Not Found", "detail": "The resource could not be found.\n\n No resource provider with uuid c316b014-419b-4455-ab88-252cdaa2f5d6 found for delete ", "request_id": "req-def018be-d1d8-481e-99fa-586eb1ee4ae2"}]}
2026-05-28 15:03:23.579 8 INFO neutron.services.segments.plugin [-] Segment c316b014-419b-4455-ab88-252cdaa2f5d6 resource provider not found; error: Placement Client Error (4xx): {"errors": [{"status": 404, "title": "Not Found", "detail": "The resource could not be found.\n\n No resource provider with uuid c316b014-419b-4455-ab88-252cdaa2f5d6 found for delete ", "request_id": "req-a6a0086c-740b-46db-a0f6-35b2b6590aae"}]} [pid: 8|app: 0|req: 695/1321] 10.0.0.120 () {32 vars in 726 bytes} [Thu May 28 15:03:22 2026] DELETE /v2.0/networks/e224913f-0b90-469c-8247-fc8c124d074a => generated 0 bytes in 851 msecs (HTTP/1.1 204) 3 headers in 131 bytes (1 switches on core 0) [pid: 7|app: 0|req: 627/1322] 10.0.0.120 () {32 vars in 740 bytes} [Thu May 28 15:03:23 2026] DELETE /v2.0/security-groups/2c4e2652-ff25-4b5c-916b-1e50b7f76260 => generated 0 bytes in 313 msecs (HTTP/1.1 204) 2 headers in 112 bytes (1 switches on core 0)
2026-05-28 15:03:23.802 8 INFO neutron_taas.services.taas.taas_plugin [None req-c3b93fcb-7d6b-46d7-b65a-06a001543eeb e0035c88849541bc877bf27b6a4f25ec 0fd42f1a61614486a637637370a0abf6 - - default default] TaaS: Handle Delete Port: ec2d1f35-4f2f-465d-a378-7f0f45671f06
2026-05-28 15:03:23.804 8 INFO neutron_taas.services.taas.tap_mirror_plugin [None req-c3b93fcb-7d6b-46d7-b65a-06a001543eeb e0035c88849541bc877bf27b6a4f25ec 0fd42f1a61614486a637637370a0abf6 - - default default] Tap Mirror: Handle Delete Port: ec2d1f35-4f2f-465d-a378-7f0f45671f06 [pid: 8|app: 0|req: 696/1323] 10.0.0.120 () {32 vars in 726 bytes} [Thu May 28 15:03:23 2026] DELETE /v2.0/networks/f327f116-4117-4bff-bed8-157c763a6210 => generated 0 bytes in 400 msecs (HTTP/1.1 204) 3 headers in 131 bytes (1 switches on core 0)
2026-05-28 15:03:24.092 7 INFO neutron.db.ovn_revision_numbers_db [None req-a4d647ab-2bb1-4584-8fd5-1e85a106778c ab6a3cc5e4f54145b631903a7938850c 79e09482e2c446bc8eba0c00308b1b21 - - default default] Successfully bumped revision number for resource f871cd99-ab84-4d2a-92ac-6e49201b9e81 (type: security_groups) to 1
2026-05-28 15:03:24.105 7 INFO neutron.db.ovn_revision_numbers_db [None req-a4d647ab-2bb1-4584-8fd5-1e85a106778c ab6a3cc5e4f54145b631903a7938850c 79e09482e2c446bc8eba0c00308b1b21 - - default default] Successfully bumped revision number for resource 1d489e09-e00d-4190-97d9-7e1fc25a9cb5 (type: security_group_rules) to 0
2026-05-28 15:03:24.119 7 INFO neutron.db.ovn_revision_numbers_db [None req-a4d647ab-2bb1-4584-8fd5-1e85a106778c ab6a3cc5e4f54145b631903a7938850c 79e09482e2c446bc8eba0c00308b1b21 - - default default] Successfully bumped revision number for resource 583feee2-2016-4e77-b5fc-c7f4688e5b6d (type: security_group_rules) to 0
2026-05-28 15:03:24.131 7 INFO neutron.db.ovn_revision_numbers_db [None req-a4d647ab-2bb1-4584-8fd5-1e85a106778c ab6a3cc5e4f54145b631903a7938850c 79e09482e2c446bc8eba0c00308b1b21 - - default default] Successfully bumped revision number for resource c2d149ba-d6cd-4341-b72a-440e6f2bd4e2 (type: security_group_rules) to 0
2026-05-28 15:03:24.143 7 INFO neutron.db.ovn_revision_numbers_db [None req-a4d647ab-2bb1-4584-8fd5-1e85a106778c ab6a3cc5e4f54145b631903a7938850c 79e09482e2c446bc8eba0c00308b1b21 - - default default] Successfully bumped revision number for resource dbe72ff9-77be-4167-8864-86f9b66ac9fe (type: security_group_rules) to 0
2026-05-28 15:03:24.215 8 INFO neutron.db.ovn_revision_numbers_db [None req-eeea9358-cbe6-42e2-8f8f-ef9cedaee1a5 ab6a3cc5e4f54145b631903a7938850c 79e09482e2c446bc8eba0c00308b1b21 - - default default] Successfully bumped revision number for resource a6a87f95-470b-4602-b483-cdbee08c9293 (type: security_groups) to 1
2026-05-28 15:03:24.227 8 INFO neutron.db.ovn_revision_numbers_db [None req-eeea9358-cbe6-42e2-8f8f-ef9cedaee1a5 ab6a3cc5e4f54145b631903a7938850c 79e09482e2c446bc8eba0c00308b1b21 - - default default] Successfully bumped revision number for resource 9ade67c4-ee9e-48d4-ad52-ab269dc75b59 (type: security_group_rules) to 0
2026-05-28 15:03:24.232 7 INFO neutron.db.segments_db [None req-a4d647ab-2bb1-4584-8fd5-1e85a106778c ab6a3cc5e4f54145b631903a7938850c 79e09482e2c446bc8eba0c00308b1b21 - - default default] Added segment b8ba875a-1e8f-4ed3-b5ac-5023e96992c4 of type geneve for network 84fba6c4-7ffe-45e8-993f-62e072cf53d7
2026-05-28 15:03:24.239 8 INFO neutron.db.ovn_revision_numbers_db [None req-eeea9358-cbe6-42e2-8f8f-ef9cedaee1a5 ab6a3cc5e4f54145b631903a7938850c 79e09482e2c446bc8eba0c00308b1b21 - - default default] Successfully bumped revision number for resource 9faa5323-c9f3-4649-aabd-adc35e91683c (type: security_group_rules) to 0
2026-05-28 15:03:24.250 8 INFO neutron.db.ovn_revision_numbers_db [None req-eeea9358-cbe6-42e2-8f8f-ef9cedaee1a5 ab6a3cc5e4f54145b631903a7938850c 79e09482e2c446bc8eba0c00308b1b21 - - default default] Successfully bumped revision number for resource ac79fd40-3c54-497b-b275-b4ce4d05877d (type: security_group_rules) to 0
2026-05-28 15:03:24.261 8 INFO neutron.db.ovn_revision_numbers_db [None req-eeea9358-cbe6-42e2-8f8f-ef9cedaee1a5 ab6a3cc5e4f54145b631903a7938850c 79e09482e2c446bc8eba0c00308b1b21 - - default default] Successfully bumped revision number for resource bbb216ae-9c98-4b0a-9b68-7347f478444e (type: security_group_rules) to 0 [pid: 8|app: 0|req: 697/1324] 10.0.0.120 () {32 vars in 774 bytes} [Thu May 28 15:03:24 2026] GET /v2.0/security-groups?tenant_id=097aeaa7f76244a7be819024bef651a3&name=default => generated 2925 bytes in 255 msecs (HTTP/1.1 200) 4 headers in 158 bytes (1 switches on core 0) [pid: 8|app: 0|req: 700/1327] 10.0.0.19 () {34 vars in 989 bytes} [Thu May 28 15:03:24 2026] GET /v2.0/ports?device_id=dd099c8e-e9e3-41b8-9867-2093e0da4ea3 => generated 12 bytes in 16 msecs (HTTP/1.1 200) 4 headers in 156 bytes (1 switches on core 0)
2026-05-28 15:03:24.383 7 INFO neutron.db.ovn_revision_numbers_db [None req-a4d647ab-2bb1-4584-8fd5-1e85a106778c ab6a3cc5e4f54145b631903a7938850c 79e09482e2c446bc8eba0c00308b1b21 - - default default] Successfully bumped revision number for resource 84fba6c4-7ffe-45e8-993f-62e072cf53d7 (type: networks) to 1
2026-05-28 15:03:24.467 8 INFO neutron_taas.services.taas.taas_plugin [None req-8fbddca8-35b2-4f3b-ae91-520381afcb17 e0035c88849541bc877bf27b6a4f25ec 0fd42f1a61614486a637637370a0abf6 - - default default] TaaS: Handle Delete Port: 3845cc77-fb0a-47d8-8740-b8515c927529
2026-05-28 15:03:24.470 8 INFO neutron_taas.services.taas.tap_mirror_plugin [None req-8fbddca8-35b2-4f3b-ae91-520381afcb17 e0035c88849541bc877bf27b6a4f25ec 0fd42f1a61614486a637637370a0abf6 - - default default] Tap Mirror: Handle Delete Port: 3845cc77-fb0a-47d8-8740-b8515c927529
2026-05-28 15:03:24.572 7 WARNING neutron.scheduler.dhcp_agent_scheduler [None req-a4d647ab-2bb1-4584-8fd5-1e85a106778c ab6a3cc5e4f54145b631903a7938850c 79e09482e2c446bc8eba0c00308b1b21 - - default default] No more DHCP agents
2026-05-28 15:03:24.580 7 WARNING neutron.api.rpc.agentnotifiers.dhcp_rpc_agent_api [None req-a4d647ab-2bb1-4584-8fd5-1e85a106778c ab6a3cc5e4f54145b631903a7938850c 79e09482e2c446bc8eba0c00308b1b21 - - default default] Unable to schedule network 84fba6c4-7ffe-45e8-993f-62e072cf53d7: no agents available; will retry on subsequent port and subnet creation events.
2026-05-28 15:03:24.686 7 INFO neutron.db.ovn_revision_numbers_db [None req-a4d647ab-2bb1-4584-8fd5-1e85a106778c ab6a3cc5e4f54145b631903a7938850c 79e09482e2c446bc8eba0c00308b1b21 - - default default] Successfully bumped revision number for resource 31b0555b-cd82-4ed3-be9c-e36f56263ba1 (type: ports) to 1 [pid: 8|app: 0|req: 701/1328] 10.0.0.120 () {32 vars in 726 bytes} [Thu May 28 15:03:24 2026] DELETE /v2.0/networks/64416b2a-a4c2-464b-b3a2-5de17f7fae7e => generated 0 bytes in 413 msecs (HTTP/1.1 204) 3 headers in 131 bytes (1 switches on core 0) [pid: 7|app: 0|req: 628/1329] 10.0.0.120 () {34 vars in 671 bytes} [Thu May 28 15:03:23 2026] POST /v2.0/networks => generated 785 bytes in 952 msecs (HTTP/1.1 201) 4 headers in 162 bytes (1 switches on core 0)
2026-05-28 15:03:24.861 7 INFO neutron_taas.services.taas.taas_plugin [None req-e543f085-f0f8-44ba-8386-a5498d5bab2e e0035c88849541bc877bf27b6a4f25ec 0fd42f1a61614486a637637370a0abf6 - - default default] TaaS: Handle Delete Port: 50c37d29-fe87-4013-bc5f-b19bb9d9d9d5
2026-05-28 15:03:24.864 7 INFO neutron_taas.services.taas.tap_mirror_plugin [None req-e543f085-f0f8-44ba-8386-a5498d5bab2e e0035c88849541bc877bf27b6a4f25ec 0fd42f1a61614486a637637370a0abf6 - - default default] Tap Mirror: Handle Delete Port: 50c37d29-fe87-4013-bc5f-b19bb9d9d9d5 [pid: 8|app: 0|req: 702/1330] 10.0.0.120 () {32 vars in 740 bytes} [Thu May 28 15:03:24 2026] DELETE /v2.0/security-groups/a6a87f95-470b-4602-b483-cdbee08c9293 => generated 0 bytes in 263 msecs (HTTP/1.1 204) 2 headers in 112 bytes (1 switches on core 0)
2026-05-28 15:03:25.097 7 INFO neutron.services.segments.plugin [-] Segment 4a183ced-b59d-4c39-8510-74d0534f748c resource provider aggregate not found
2026-05-28 15:03:25.102 7 INFO neutron.services.segments.plugin [-] Segment 4a183ced-b59d-4c39-8510-74d0534f748c resource provider aggregate not found
2026-05-28 15:03:25.113 7 INFO neutron.services.segments.plugin [-] Segment 4a183ced-b59d-4c39-8510-74d0534f748c resource provider not found; error: Placement Client Error (4xx): {"errors": [{"status": 404, "title": "Not Found", "detail": "The resource could not be found.\n\n No resource provider with uuid 4a183ced-b59d-4c39-8510-74d0534f748c found for delete ", "request_id": "req-594ffa30-dd71-46e1-b1c4-45d08fb00642"}]}
2026-05-28 15:03:25.118 7 INFO neutron.services.segments.plugin [-] Segment 4a183ced-b59d-4c39-8510-74d0534f748c resource provider not found; error: Placement Client Error (4xx): {"errors": [{"status": 404, "title": "Not Found", "detail": "The resource could not be found.\n\n No resource provider with uuid 4a183ced-b59d-4c39-8510-74d0534f748c found for delete ", "request_id": "req-c4175e8b-39c1-43a0-a843-bba95a3882d4"}]}
2026-05-28 15:03:25.151 8 WARNING neutron.scheduler.dhcp_agent_scheduler [None req-7a7b1450-99e3-4b5b-a0b4-b568c592e120 ab6a3cc5e4f54145b631903a7938850c 79e09482e2c446bc8eba0c00308b1b21 - - default default] No more DHCP agents
2026-05-28 15:03:25.153 8 WARNING neutron.api.rpc.agentnotifiers.dhcp_rpc_agent_api [None req-7a7b1450-99e3-4b5b-a0b4-b568c592e120 ab6a3cc5e4f54145b631903a7938850c 79e09482e2c446bc8eba0c00308b1b21 - - default default] Unable to schedule network 84fba6c4-7ffe-45e8-993f-62e072cf53d7: no agents available; will retry on subsequent port and subnet creation events. [pid: 7|app: 0|req: 629/1331] 10.0.0.120 () {32 vars in 726 bytes} [Thu May 28 15:03:24 2026] DELETE /v2.0/networks/a66f84d4-242e-40f0-b5f2-111476472b8d => generated 0 bytes in 430 msecs (HTTP/1.1 204) 3 headers in 131 bytes (1 switches on core 0)
2026-05-28 15:03:25.244 7 WARNING neutron.plugins.ml2.drivers.ovn.mech_driver.ovsdb.ovn_client [None req-42accba1-efa9-4bbf-a3ee-dd59c225fc78 - - - - - -] No hosting information found for port db5b9137-4878-4e49-9b13-219cdaa3dc31: RuntimeError: No hosting information found for port db5b9137-4878-4e49-9b13-219cdaa3dc31 [pid: 7|app: 0|req: 630/1332] 10.0.0.19 () {34 vars in 989 bytes} [Thu May 28 15:03:25 2026] GET /v2.0/ports?device_id=dd099c8e-e9e3-41b8-9867-2093e0da4ea3 => generated 12 bytes in 35 msecs (HTTP/1.1 200) 4 headers in 156 bytes (1 switches on core 0)
2026-05-28 15:03:25.413 7 INFO neutron.db.ovn_revision_numbers_db [None req-42accba1-efa9-4bbf-a3ee-dd59c225fc78 - - - - - -] Successfully bumped revision number for resource db5b9137-4878-4e49-9b13-219cdaa3dc31 (type: router_ports) to 2
2026-05-28 15:03:25.458 7 INFO neutron.plugins.ml2.drivers.ovn.mech_driver.mech_driver [None req-42accba1-efa9-4bbf-a3ee-dd59c225fc78 - - - - - -] OVN reports status down for port: ec2d1f35-4f2f-465d-a378-7f0f45671f06
2026-05-28 15:03:25.470 7 INFO neutron.plugins.ml2.drivers.ovn.mech_driver.mech_driver [None req-42accba1-efa9-4bbf-a3ee-dd59c225fc78 - - - - - -] OVN reports status down for port: 12cd64a3-052f-4f0d-9d67-15156674ea26
2026-05-28 15:03:25.483 7 INFO neutron.plugins.ml2.drivers.ovn.mech_driver.mech_driver [None req-42accba1-efa9-4bbf-a3ee-dd59c225fc78 - - - - - -] OVN reports status down for port: 31b0555b-cd82-4ed3-be9c-e36f56263ba1
2026-05-28 15:03:25.601 8 INFO neutron.services.segments.plugin [-] Segment d06a3955-ebd9-4c8d-a5f5-5db9e47b2376 resource provider aggregate not found
2026-05-28 15:03:25.605 8 INFO neutron.services.segments.plugin [-] Segment d06a3955-ebd9-4c8d-a5f5-5db9e47b2376 resource provider aggregate not found
2026-05-28 15:03:25.617 8 INFO neutron.services.segments.plugin [-] Segment d06a3955-ebd9-4c8d-a5f5-5db9e47b2376 resource provider not found; error: Placement Client Error (4xx): {"errors": [{"status": 404, "title": "Not Found", "detail": "The resource could not be found.\n\n No resource provider with uuid d06a3955-ebd9-4c8d-a5f5-5db9e47b2376 found for delete ", "request_id": "req-90196d07-d0fa-47ad-8b9d-d6f3ff8ffcdf"}]}
2026-05-28 15:03:25.630 8 INFO neutron.services.segments.plugin [-] Segment ad8a72aa-accb-4ffd-8553-f8d32829ca10 resource provider aggregate not found
2026-05-28 15:03:25.632 8 INFO neutron.services.segments.plugin [-] Segment d06a3955-ebd9-4c8d-a5f5-5db9e47b2376 resource provider not found; error: Placement Client Error (4xx): {"errors": [{"status": 404, "title": "Not Found", "detail": "The resource could not be found.\n\n No resource provider with uuid d06a3955-ebd9-4c8d-a5f5-5db9e47b2376 found for delete ", "request_id": "req-b63a4091-0b65-40e4-bee4-bd02392bd74a"}]}
2026-05-28 15:03:25.647 8 INFO neutron.db.ovn_revision_numbers_db [None req-76e0ca76-fefd-4d2d-937a-7d514acef77f - - - - - -] Successfully bumped revision number for resource 31b0555b-cd82-4ed3-be9c-e36f56263ba1 (type: ports) to 2
2026-05-28 15:03:25.650 8 INFO neutron.services.segments.plugin [-] Segment ad8a72aa-accb-4ffd-8553-f8d32829ca10 resource provider not found; error: Placement Client Error (4xx): {"errors": [{"status": 404, "title": "Not Found", "detail": "The resource could not be found.\n\n No resource provider with uuid ad8a72aa-accb-4ffd-8553-f8d32829ca10 found for delete ", "request_id": "req-9775e600-dfc3-4e2b-93e9-69792b4230b6"}]}
2026-05-28 15:03:25.654 8 INFO neutron.services.segments.plugin [-] Segment ad8a72aa-accb-4ffd-8553-f8d32829ca10 resource provider aggregate not found
2026-05-28 15:03:25.671 8 INFO neutron.services.segments.plugin [-] Segment ad8a72aa-accb-4ffd-8553-f8d32829ca10 resource provider not found; error: Placement Client Error (4xx): {"errors": [{"status": 404, "title": "Not Found", "detail": "The resource could not be found.\n\n No resource provider with uuid ad8a72aa-accb-4ffd-8553-f8d32829ca10 found for delete ", "request_id": "req-46756a12-6b36-4489-8368-c9678ec9ad63"}]}
2026-05-28 15:03:25.690 8 INFO neutron.db.ovn_revision_numbers_db [None req-76e0ca76-fefd-4d2d-937a-7d514acef77f - - - - - -] Successfully bumped revision number for resource 263a13b8-15e5-4402-8b43-c7baa8e42f25 (type: subnets) to 0 [pid: 8|app: 0|req: 703/1333] 10.0.0.120 () {34 vars in 669 bytes} [Thu May 28 15:03:24 2026] POST /v2.0/subnets => generated 691 bytes in 709 msecs (HTTP/1.1 201) 4 headers in 162 bytes (1 switches on core 0) [pid: 7|app: 0|req: 631/1334] 10.0.0.120 () {32 vars in 774 bytes} [Thu May 28 15:03:25 2026] GET /v2.0/security-groups?tenant_id=0fd42f1a61614486a637637370a0abf6&name=default => generated 2925 bytes in 119 msecs (HTTP/1.1 200) 4 headers in 158 bytes (1 switches on core 0) [pid: 7|app: 0|req: 632/1335] 10.0.0.120 () {32 vars in 740 bytes} [Thu May 28 15:03:25 2026] DELETE /v2.0/security-groups/f2ce6ed5-fe3e-482c-9211-2b847ea3c9e0 => generated 0 bytes in 316 msecs (HTTP/1.1 204) 2 headers in 112 bytes (1 switches on core 0) [pid: 7|app: 0|req: 633/1336] 199.204.45.53 () {34 vars in 985 bytes} [Thu May 28 15:03:26 2026] GET /v2.0/networks?id=510106b9-3aaf-4e47-8534-3eb2d015c719 => generated 715 bytes in 45 msecs (HTTP/1.1 200) 4 headers in 157 bytes (1 switches on core 0)
2026-05-28 15:03:26.156 8 WARNING neutron.scheduler.dhcp_agent_scheduler [None req-e02b6855-d829-4880-b7b8-b78c6afe8e4a ab6a3cc5e4f54145b631903a7938850c 79e09482e2c446bc8eba0c00308b1b21 - - default default] No more DHCP agents
2026-05-28 15:03:26.162 8 WARNING neutron.api.rpc.agentnotifiers.dhcp_rpc_agent_api [None req-e02b6855-d829-4880-b7b8-b78c6afe8e4a ab6a3cc5e4f54145b631903a7938850c 79e09482e2c446bc8eba0c00308b1b21 - - default default] Unable to schedule network ec17941c-b35c-405e-ada7-bf20fbb85c22: no agents available; will retry on subsequent port and subnet creation events.
2026-05-28 15:03:26.295 8 INFO neutron.db.ovn_revision_numbers_db [None req-e02b6855-d829-4880-b7b8-b78c6afe8e4a ab6a3cc5e4f54145b631903a7938850c 79e09482e2c446bc8eba0c00308b1b21 - - default default] Successfully bumped revision number for resource ad32c142-da82-4d61-9c50-7fe25aaab75b (type: ports) to 1
2026-05-28 15:03:26.323 7 INFO neutron.plugins.ml2.drivers.ovn.mech_driver.mech_driver [None req-42accba1-efa9-4bbf-a3ee-dd59c225fc78 - - - - - -] OVN reports status down for port: ad32c142-da82-4d61-9c50-7fe25aaab75b
2026-05-28 15:03:26.484 7 WARNING neutron.scheduler.dhcp_agent_scheduler [req-4e77d6c2-23b8-4a96-9aa2-b55605171ccd req-d31f1c45-ad57-4dad-9060-7ceb8426bdf8 1070f6a5224046308710b3715901bf8d 5094dd9e2bca4e70b81a5dc7da87524b - - default default] No more DHCP agents
2026-05-28 15:03:26.487 7 WARNING neutron.api.rpc.agentnotifiers.dhcp_rpc_agent_api [req-4e77d6c2-23b8-4a96-9aa2-b55605171ccd req-d31f1c45-ad57-4dad-9060-7ceb8426bdf8 1070f6a5224046308710b3715901bf8d 5094dd9e2bca4e70b81a5dc7da87524b - - default default] Unable to schedule network 510106b9-3aaf-4e47-8534-3eb2d015c719: no agents available; will retry on subsequent port and subnet creation events.
2026-05-28 15:03:26.618 7 INFO neutron.plugins.ml2.drivers.ovn.mech_driver.mech_driver [None req-42accba1-efa9-4bbf-a3ee-dd59c225fc78 - - - - - -] OVN reports status down for port: 8fa97644-3251-4512-a0bc-b60d33152ec5
2026-05-28 15:03:26.687 7 INFO neutron.db.ovn_revision_numbers_db [req-4e77d6c2-23b8-4a96-9aa2-b55605171ccd req-d31f1c45-ad57-4dad-9060-7ceb8426bdf8 1070f6a5224046308710b3715901bf8d 5094dd9e2bca4e70b81a5dc7da87524b - - default default] Successfully bumped revision number for resource 8fa97644-3251-4512-a0bc-b60d33152ec5 (type: ports) to 1 [pid: 7|app: 0|req: 634/1337] 199.204.45.53 () {38 vars in 954 bytes} [Thu May 28 15:03:26 2026] POST /v2.0/ports => generated 954 bytes in 628 msecs (HTTP/1.1 201) 4 headers in 162 bytes (1 switches on core 0) /var/lib/openstack/lib/python3.12/site-packages/pycadf/identifier.py:70: UserWarning: Invalid uuid: neutron. To ensure interoperability, identifiers should be a valid uuid. warnings.warn(('Invalid uuid: %s. To ensure interoperability, ' [pid: 7|app: 0|req: 635/1338] 10.0.0.19 () {34 vars in 989 bytes} [Thu May 28 15:03:26 2026] GET /v2.0/ports?device_id=dd099c8e-e9e3-41b8-9867-2093e0da4ea3 => generated 957 bytes in 40 msecs (HTTP/1.1 200) 4 headers in 157 bytes (1 switches on core 0)
2026-05-28 15:03:26.932 8 INFO neutron.plugins.ml2.drivers.ovn.mech_driver.ovsdb.commands [-] Schedule LRP lrp-ad32c142-da82-4d61-9c50-7fe25aaab75b on gateway fea8fcfb-c1a4-4e02-9b6b-3149529a22a1 with priority 1
2026-05-28 15:03:27.065 7 INFO neutron.plugins.ml2.drivers.ovn.mech_driver.ovsdb.ovsdb_monitor [None req-aa5f3cf8-7f44-4861-a2f7-69f806ac167b - - - - - -] Router 8212387a-68c3-434c-9b7f-e628e73831d9 is bound to host instance
2026-05-28 15:03:27.091 8 INFO neutron.db.ovn_revision_numbers_db [None req-e02b6855-d829-4880-b7b8-b78c6afe8e4a ab6a3cc5e4f54145b631903a7938850c 79e09482e2c446bc8eba0c00308b1b21 - - default default] Successfully bumped revision number for resource ad32c142-da82-4d61-9c50-7fe25aaab75b (type: router_ports) to 1
2026-05-28 15:03:27.113 7 INFO neutron.plugins.ml2.drivers.ovn.mech_driver.mech_driver [None req-42accba1-efa9-4bbf-a3ee-dd59c225fc78 - - - - - -] OVN reports status up for port: ad32c142-da82-4d61-9c50-7fe25aaab75b
2026-05-28 15:03:27.161 8 INFO neutron.db.ovn_revision_numbers_db [None req-e02b6855-d829-4880-b7b8-b78c6afe8e4a ab6a3cc5e4f54145b631903a7938850c 79e09482e2c446bc8eba0c00308b1b21 - - default default] Successfully bumped revision number for resource 8212387a-68c3-434c-9b7f-e628e73831d9 (type: routers) to 2 [pid: 8|app: 0|req: 704/1339] 10.0.0.120 () {34 vars in 669 bytes} [Thu May 28 15:03:25 2026] POST /v2.0/routers => generated 969 bytes in 1475 msecs (HTTP/1.1 201) 4 headers in 162 bytes (1 switches on core 0)
2026-05-28 15:03:27.188 7 INFO neutron.plugins.ml2.plugin [None req-42accba1-efa9-4bbf-a3ee-dd59c225fc78 - - - - - -] Attempt 1 to provision port ad32c142-da82-4d61-9c50-7fe25aaab75b [pid: 8|app: 0|req: 705/1340] 10.0.0.19 () {34 vars in 1039 bytes} [Thu May 28 15:03:27 2026] GET /v2.0/security-groups?id=2d87caec-e2fc-4199-a64d-8a7c32c1f861&fields=id&fields=name => generated 88 bytes in 29 msecs (HTTP/1.1 200) 4 headers in 156 bytes (1 switches on core 0)
2026-05-28 15:03:27.577 7 INFO neutron.db.ovn_revision_numbers_db [req-4e77d6c2-23b8-4a96-9aa2-b55605171ccd req-b13aa36d-0b9b-4a25-9430-cfc4f6ce8376 bd8d1270222d403e966327bb1f3d3164 6bbfc14dab3344488b82958bc2f0d271 - - 097cc864fbec4606af5c06269d561f72 097cc864fbec4606af5c06269d561f72] Successfully bumped revision number for resource 8fa97644-3251-4512-a0bc-b60d33152ec5 (type: ports) to 2
2026-05-28 15:03:27.686 8 WARNING neutron.scheduler.dhcp_agent_scheduler [None req-fe3fb74c-1050-4e24-a754-971551dd2fb5 ab6a3cc5e4f54145b631903a7938850c 79e09482e2c446bc8eba0c00308b1b21 - - default default] No more DHCP agents
2026-05-28 15:03:27.687 8 WARNING neutron.api.rpc.agentnotifiers.dhcp_rpc_agent_api [None req-fe3fb74c-1050-4e24-a754-971551dd2fb5 ab6a3cc5e4f54145b631903a7938850c 79e09482e2c446bc8eba0c00308b1b21 - - default default] Unable to schedule network 84fba6c4-7ffe-45e8-993f-62e072cf53d7: no agents available; will retry on subsequent port and subnet creation events.
2026-05-28 15:03:27.881 8 INFO neutron.db.ovn_revision_numbers_db [None req-fe3fb74c-1050-4e24-a754-971551dd2fb5 ab6a3cc5e4f54145b631903a7938850c 79e09482e2c446bc8eba0c00308b1b21 - - default default] Successfully bumped revision number for resource a5d48d2a-e20c-4780-ad4d-43e965e208a6 (type: ports) to 1
2026-05-28 15:03:28.062 7 INFO neutron.db.ovn_revision_numbers_db [req-4e77d6c2-23b8-4a96-9aa2-b55605171ccd req-b13aa36d-0b9b-4a25-9430-cfc4f6ce8376 bd8d1270222d403e966327bb1f3d3164 6bbfc14dab3344488b82958bc2f0d271 - - 097cc864fbec4606af5c06269d561f72 097cc864fbec4606af5c06269d561f72] Successfully bumped revision number for resource 8fa97644-3251-4512-a0bc-b60d33152ec5 (type: ports) to 4 [pid: 7|app: 0|req: 636/1341] 199.204.45.53 () {38 vars in 1027 bytes} [Thu May 28 15:03:26 2026] PUT /v2.0/ports/8fa97644-3251-4512-a0bc-b60d33152ec5 => generated 1204 bytes in 1296 msecs (HTTP/1.1 200) 4 headers in 158 bytes (1 switches on core 0)
2026-05-28 15:03:28.142 7 INFO neutron.notifiers.nova [-] Nova event matching ['req-5d6243df-bcaf-45d9-8b46-31b5c0c1f898'] response: {'name': 'network-changed', 'server_uuid': 'dd099c8e-e9e3-41b8-9867-2093e0da4ea3', 'tag': '8fa97644-3251-4512-a0bc-b60d33152ec5', 'status': 'completed', 'code': 200} /var/lib/openstack/lib/python3.12/site-packages/pycadf/identifier.py:70: UserWarning: Invalid uuid: neutron. To ensure interoperability, identifiers should be a valid uuid. warnings.warn(('Invalid uuid: %s. To ensure interoperability, '
2026-05-28 15:03:28.531 8 WARNING neutron.scheduler.dhcp_agent_scheduler [None req-fe3fb74c-1050-4e24-a754-971551dd2fb5 ab6a3cc5e4f54145b631903a7938850c 79e09482e2c446bc8eba0c00308b1b21 - - default default] No more DHCP agents
2026-05-28 15:03:28.532 8 WARNING neutron.api.rpc.agentnotifiers.dhcp_rpc_agent_api [None req-fe3fb74c-1050-4e24-a754-971551dd2fb5 ab6a3cc5e4f54145b631903a7938850c 79e09482e2c446bc8eba0c00308b1b21 - - default default] Unable to schedule network 84fba6c4-7ffe-45e8-993f-62e072cf53d7: no agents available; will retry on subsequent port and subnet creation events.
2026-05-28 15:03:28.713 7 INFO neutron.db.ovn_revision_numbers_db [None req-595c6e23-d1a2-4577-a028-5aceb7a4d2ef 42ec892116eb447eb9bee9e739c445c8 4ee8b2c0aee64583b9b66b2a83c44b93 - - default default] Successfully bumped revision number for resource 3eb77650-10ce-42a0-b6ce-6a98a1c781e1 (type: security_groups) to 1
