2026-05-28 15:04:35.050 8 INFO neutron.db.ovn_revision_numbers_db [None req-15bd0483-d66b-4f75-aa43-4e6f15bbdce7 0b74faf6257447cfa1957e7d4a51fb08 03945bb1bce74407b0f559e9cdb7e4a7 - - default default] Successfully bumped revision number for resource e9743d30-8fb3-4665-9c12-52b2933a6cd1 (type: routers) to 1 [pid: 8|app: 0|req: 974/1854] 10.0.0.120 () {34 vars in 669 bytes} [Thu May 28 15:04:34 2026] POST /v2.0/routers => generated 602 bytes in 126 msecs (HTTP/1.1 201) 4 headers in 162 bytes (1 switches on core 0)
2026-05-28 15:04:35.165 8 INFO neutron.db.segments_db [None req-fe68c4fa-33b8-4c90-904d-0dbe4b691fc7 822d7e456b514d3a9d10fc05dbacc680 937924b60be14441ab169d9975f8a071 - - default default] Added segment 634dd508-23bc-460b-a316-ea87c1ba5208 of type geneve for network b8138116-076a-4b66-b306-60c245f2d9f6
2026-05-28 15:04:35.206 7 INFO neutron.services.segments.plugin [-] Segment 5a997a53-cb5b-40a2-bc85-d08f1f514289 resource provider aggregate not found
2026-05-28 15:04:35.215 7 INFO neutron.services.segments.plugin [-] Segment 5a997a53-cb5b-40a2-bc85-d08f1f514289 resource provider aggregate not found
2026-05-28 15:04:35.220 7 INFO neutron.services.segments.plugin [-] Segment 5a997a53-cb5b-40a2-bc85-d08f1f514289 resource provider not found; error: Placement Client Error (4xx): {"errors": [{"status": 404, "title": "Not Found", "detail": "The resource could not be found.\n\n No resource provider with uuid 5a997a53-cb5b-40a2-bc85-d08f1f514289 found for delete ", "request_id": "req-747317cc-018c-4b4e-86a5-3a267fa7054b"}]}
2026-05-28 15:04:35.234 7 INFO neutron.services.segments.plugin [-] Segment 5a997a53-cb5b-40a2-bc85-d08f1f514289 resource provider not found; error: Placement Client Error (4xx): {"errors": [{"status": 404, "title": "Not Found", "detail": "The resource could not be found.\n\n No resource provider with uuid 5a997a53-cb5b-40a2-bc85-d08f1f514289 found for delete ", "request_id": "req-c2764ffd-569c-4e4e-a7b3-449098540a78"}]} [pid: 7|app: 0|req: 881/1855] 10.0.0.120 () {32 vars in 726 bytes} [Thu May 28 15:04:34 2026] DELETE /v2.0/networks/dc55236a-8bf1-4c14-805e-d20368cd5e1d => generated 0 bytes in 385 msecs (HTTP/1.1 204) 3 headers in 131 bytes (1 switches on core 0)
2026-05-28 15:04:35.300 8 INFO neutron.db.ovn_revision_numbers_db [None req-fe68c4fa-33b8-4c90-904d-0dbe4b691fc7 822d7e456b514d3a9d10fc05dbacc680 937924b60be14441ab169d9975f8a071 - - default default] Successfully bumped revision number for resource b8138116-076a-4b66-b306-60c245f2d9f6 (type: networks) to 1
2026-05-28 15:04:35.439 8 WARNING neutron.scheduler.dhcp_agent_scheduler [None req-fe68c4fa-33b8-4c90-904d-0dbe4b691fc7 822d7e456b514d3a9d10fc05dbacc680 937924b60be14441ab169d9975f8a071 - - default default] No more DHCP agents
2026-05-28 15:04:35.440 8 WARNING neutron.api.rpc.agentnotifiers.dhcp_rpc_agent_api [None req-fe68c4fa-33b8-4c90-904d-0dbe4b691fc7 822d7e456b514d3a9d10fc05dbacc680 937924b60be14441ab169d9975f8a071 - - default default] Unable to schedule network b8138116-076a-4b66-b306-60c245f2d9f6: no agents available; will retry on subsequent port and subnet creation events.
2026-05-28 15:04:35.542 8 INFO neutron.db.ovn_revision_numbers_db [None req-fe68c4fa-33b8-4c90-904d-0dbe4b691fc7 822d7e456b514d3a9d10fc05dbacc680 937924b60be14441ab169d9975f8a071 - - default default] Successfully bumped revision number for resource ec1c54a8-01c9-4e63-ba18-3e9c43a62fcb (type: ports) to 1
2026-05-28 15:04:35.548 7 INFO neutron.plugins.ml2.drivers.ovn.mech_driver.mech_driver [None req-1738be53-749f-4fe6-99bd-84e0df0ae2e9 - - - - - -] OVN reports status down for port: ec1c54a8-01c9-4e63-ba18-3e9c43a62fcb [pid: 8|app: 0|req: 975/1856] 10.0.0.120 () {34 vars in 670 bytes} [Thu May 28 15:04:35 2026] POST /v2.0/networks => generated 669 bytes in 497 msecs (HTTP/1.1 201) 4 headers in 162 bytes (1 switches on core 0) [pid: 8|app: 0|req: 976/1857] 10.0.0.120 () {32 vars in 774 bytes} [Thu May 28 15:04:35 2026] GET /v2.0/security-groups?tenant_id=1061ae7afd4a441caf8b5fe8dd02a3a6&name=default => generated 2925 bytes in 26 msecs (HTTP/1.1 200) 4 headers in 158 bytes (1 switches on core 0)
2026-05-28 15:04:35.714 7 WARNING neutron.scheduler.dhcp_agent_scheduler [None req-5d033d43-c1c5-4cdc-b74b-bdfe9583d10d 0b74faf6257447cfa1957e7d4a51fb08 03945bb1bce74407b0f559e9cdb7e4a7 - - default default] No more DHCP agents
2026-05-28 15:04:35.715 7 WARNING neutron.api.rpc.agentnotifiers.dhcp_rpc_agent_api [None req-5d033d43-c1c5-4cdc-b74b-bdfe9583d10d 0b74faf6257447cfa1957e7d4a51fb08 03945bb1bce74407b0f559e9cdb7e4a7 - - default default] Unable to schedule network 38493a52-0418-41af-9d1b-34551d7e03be: no agents available; will retry on subsequent port and subnet creation events.
2026-05-28 15:04:35.740 8 WARNING neutron.scheduler.dhcp_agent_scheduler [None req-ed0d2213-d856-4073-ae07-037ce5637b0b 822d7e456b514d3a9d10fc05dbacc680 937924b60be14441ab169d9975f8a071 - - default default] No more DHCP agents
2026-05-28 15:04:35.742 8 WARNING neutron.api.rpc.agentnotifiers.dhcp_rpc_agent_api [None req-ed0d2213-d856-4073-ae07-037ce5637b0b 822d7e456b514d3a9d10fc05dbacc680 937924b60be14441ab169d9975f8a071 - - default default] Unable to schedule network b8138116-076a-4b66-b306-60c245f2d9f6: no agents available; will retry on subsequent port and subnet creation events.
2026-05-28 15:04:35.842 7 INFO neutron.plugins.ml2.drivers.ovn.mech_driver.mech_driver [None req-1738be53-749f-4fe6-99bd-84e0df0ae2e9 - - - - - -] OVN reports status down for port: 1c62d59b-0ac1-435e-8007-8f2b91c9f53c
2026-05-28 15:04:35.904 7 INFO neutron.db.ovn_revision_numbers_db [None req-5d033d43-c1c5-4cdc-b74b-bdfe9583d10d 0b74faf6257447cfa1957e7d4a51fb08 03945bb1bce74407b0f559e9cdb7e4a7 - - default default] Successfully bumped revision number for resource 1c62d59b-0ac1-435e-8007-8f2b91c9f53c (type: ports) to 1
2026-05-28 15:04:36.221 8 INFO neutron.db.ovn_revision_numbers_db [None req-27a3fa41-24cf-4d1e-b7e0-8742feeff95a - - - - - -] Successfully bumped revision number for resource ec1c54a8-01c9-4e63-ba18-3e9c43a62fcb (type: ports) to 2
2026-05-28 15:04:36.250 8 INFO neutron.db.ovn_revision_numbers_db [None req-27a3fa41-24cf-4d1e-b7e0-8742feeff95a - - - - - -] Successfully bumped revision number for resource 55b560a2-e0af-4e31-8d12-5fe87cddfb01 (type: subnets) to 0 [pid: 8|app: 0|req: 977/1858] 10.0.0.120 () {34 vars in 669 bytes} [Thu May 28 15:04:35 2026] POST /v2.0/subnets => generated 629 bytes in 675 msecs (HTTP/1.1 201) 4 headers in 162 bytes (1 switches on core 0)
2026-05-28 15:04:36.538 7 INFO neutron.plugins.ml2.drivers.ovn.mech_driver.mech_driver [None req-1738be53-749f-4fe6-99bd-84e0df0ae2e9 - - - - - -] OVN reports status up for port: 1c62d59b-0ac1-435e-8007-8f2b91c9f53c [pid: 8|app: 0|req: 978/1859] 10.0.0.120 () {32 vars in 740 bytes} [Thu May 28 15:04:36 2026] DELETE /v2.0/security-groups/d0dfa2a1-b6b5-457f-a988-5d6f2c1565fb => generated 0 bytes in 281 msecs (HTTP/1.1 204) 2 headers in 112 bytes (1 switches on core 0)
2026-05-28 15:04:36.569 7 INFO neutron.plugins.ml2.plugin [None req-1738be53-749f-4fe6-99bd-84e0df0ae2e9 - - - - - -] Attempt 1 to provision port 1c62d59b-0ac1-435e-8007-8f2b91c9f53c
2026-05-28 15:04:36.649 8 INFO neutron.db.segments_db [None req-55a4e0ff-727d-4012-a1af-2bbb85134102 822d7e456b514d3a9d10fc05dbacc680 937924b60be14441ab169d9975f8a071 - - default default] Added segment 05bca6ac-eae7-4bbd-9cae-979bf4148d94 of type geneve for network d90a8d88-c57b-406d-8880-a2bc0815a795
2026-05-28 15:04:36.679 7 WARNING neutron.scheduler.dhcp_agent_scheduler [None req-5d033d43-c1c5-4cdc-b74b-bdfe9583d10d 0b74faf6257447cfa1957e7d4a51fb08 03945bb1bce74407b0f559e9cdb7e4a7 - - default default] No more DHCP agents
2026-05-28 15:04:36.681 7 WARNING neutron.api.rpc.agentnotifiers.dhcp_rpc_agent_api [None req-5d033d43-c1c5-4cdc-b74b-bdfe9583d10d 0b74faf6257447cfa1957e7d4a51fb08 03945bb1bce74407b0f559e9cdb7e4a7 - - default default] Unable to schedule network 38493a52-0418-41af-9d1b-34551d7e03be: no agents available; will retry on subsequent port and subnet creation events.
2026-05-28 15:04:36.766 8 INFO neutron.db.ovn_revision_numbers_db [None req-55a4e0ff-727d-4012-a1af-2bbb85134102 822d7e456b514d3a9d10fc05dbacc680 937924b60be14441ab169d9975f8a071 - - default default] Successfully bumped revision number for resource d90a8d88-c57b-406d-8880-a2bc0815a795 (type: networks) to 1
2026-05-28 15:04:36.945 8 WARNING neutron.scheduler.dhcp_agent_scheduler [None req-55a4e0ff-727d-4012-a1af-2bbb85134102 822d7e456b514d3a9d10fc05dbacc680 937924b60be14441ab169d9975f8a071 - - default default] No more DHCP agents
2026-05-28 15:04:36.947 8 WARNING neutron.api.rpc.agentnotifiers.dhcp_rpc_agent_api [None req-55a4e0ff-727d-4012-a1af-2bbb85134102 822d7e456b514d3a9d10fc05dbacc680 937924b60be14441ab169d9975f8a071 - - default default] Unable to schedule network d90a8d88-c57b-406d-8880-a2bc0815a795: no agents available; will retry on subsequent port and subnet creation events.
2026-05-28 15:04:37.061 8 INFO neutron.db.ovn_revision_numbers_db [None req-55a4e0ff-727d-4012-a1af-2bbb85134102 822d7e456b514d3a9d10fc05dbacc680 937924b60be14441ab169d9975f8a071 - - default default] Successfully bumped revision number for resource 4121856b-3391-4a54-a771-54ee80d19e8f (type: ports) to 1 [pid: 8|app: 0|req: 979/1860] 10.0.0.120 () {34 vars in 670 bytes} [Thu May 28 15:04:36 2026] POST /v2.0/networks => generated 669 bytes in 565 msecs (HTTP/1.1 201) 4 headers in 162 bytes (1 switches on core 0) [pid: 8|app: 0|req: 980/1861] 10.0.0.120 () {32 vars in 774 bytes} [Thu May 28 15:04:37 2026] GET /v2.0/security-groups?tenant_id=45571002859d47f9a80202ab04d2540a&name=default => generated 2925 bytes in 37 msecs (HTTP/1.1 200) 4 headers in 158 bytes (1 switches on core 0)
2026-05-28 15:04:37.231 7 INFO neutron.db.ovn_revision_numbers_db [None req-5d033d43-c1c5-4cdc-b74b-bdfe9583d10d 0b74faf6257447cfa1957e7d4a51fb08 03945bb1bce74407b0f559e9cdb7e4a7 - - default default] Successfully bumped revision number for resource 1c62d59b-0ac1-435e-8007-8f2b91c9f53c (type: router_ports) to 1 [pid: 7|app: 0|req: 882/1862] 10.0.0.120 () {34 vars in 783 bytes} [Thu May 28 15:04:35 2026] PUT /v2.0/routers/e9743d30-8fb3-4665-9c12-52b2933a6cd1/add_router_interface => generated 309 bytes in 1974 msecs (HTTP/1.1 200) 4 headers in 157 bytes (1 switches on core 0)
2026-05-28 15:04:37.346 8 WARNING neutron.scheduler.dhcp_agent_scheduler [None req-79522225-a297-4e69-822c-aa07672be894 822d7e456b514d3a9d10fc05dbacc680 937924b60be14441ab169d9975f8a071 - - default default] No more DHCP agents
2026-05-28 15:04:37.348 8 WARNING neutron.api.rpc.agentnotifiers.dhcp_rpc_agent_api [None req-79522225-a297-4e69-822c-aa07672be894 822d7e456b514d3a9d10fc05dbacc680 937924b60be14441ab169d9975f8a071 - - default default] Unable to schedule network d90a8d88-c57b-406d-8880-a2bc0815a795: no agents available; will retry on subsequent port and subnet creation events.
2026-05-28 15:04:37.422 7 INFO neutron.db.ovn_revision_numbers_db [None req-1738be53-749f-4fe6-99bd-84e0df0ae2e9 - - - - - -] Successfully bumped revision number for resource 1c62d59b-0ac1-435e-8007-8f2b91c9f53c (type: ports) to 2 [pid: 7|app: 0|req: 883/1863] 10.0.0.120 () {32 vars in 740 bytes} [Thu May 28 15:04:37 2026] DELETE /v2.0/security-groups/66811d3d-35b7-4ff9-b2ec-d9dc5edb5898 => generated 0 bytes in 426 msecs (HTTP/1.1 204) 2 headers in 112 bytes (1 switches on core 0) [pid: 7|app: 0|req: 884/1864] 10.0.0.120 () {32 vars in 717 bytes} [Thu May 28 15:04:37 2026] GET /v2.0/ports/1c62d59b-0ac1-435e-8007-8f2b91c9f53c => generated 943 bytes in 62 msecs (HTTP/1.1 200) 4 headers in 157 bytes (1 switches on core 0)
2026-05-28 15:04:37.822 8 INFO neutron.db.ovn_revision_numbers_db [None req-647fc635-0dad-40b9-b441-11295beff961 - - - - - -] Successfully bumped revision number for resource 4121856b-3391-4a54-a771-54ee80d19e8f (type: ports) to 2 [pid: 7|app: 0|req: 885/1865] 10.0.0.19 () {34 vars in 989 bytes} [Thu May 28 15:04:37 2026] GET /v2.0/ports?device_id=389ecc8c-cfb0-44e8-98b7-d94c03b0cb12 => generated 975 bytes in 109 msecs (HTTP/1.1 200) 4 headers in 157 bytes (1 switches on core 0)
2026-05-28 15:04:37.846 8 INFO neutron.db.ovn_revision_numbers_db [None req-647fc635-0dad-40b9-b441-11295beff961 - - - - - -] Successfully bumped revision number for resource ab11f62d-5c1a-4068-b109-d7aeaf5474a7 (type: subnets) to 0 [pid: 8|app: 0|req: 981/1866] 10.0.0.120 () {34 vars in 669 bytes} [Thu May 28 15:04:37 2026] POST /v2.0/subnets => generated 629 bytes in 711 msecs (HTTP/1.1 201) 4 headers in 162 bytes (1 switches on core 0) [pid: 8|app: 0|req: 982/1867] 10.0.0.19 () {34 vars in 1039 bytes} [Thu May 28 15:04:37 2026] GET /v2.0/security-groups?id=21a8a444-51c5-499b-a435-5f71532cea1d&fields=id&fields=name => generated 114 bytes in 27 msecs (HTTP/1.1 200) 4 headers in 157 bytes (1 switches on core 0)
2026-05-28 15:04:37.970 8 INFO neutron.db.segments_db [None req-97fc94ef-11fc-4399-84f7-ec7fd44916fd 822d7e456b514d3a9d10fc05dbacc680 937924b60be14441ab169d9975f8a071 - - default default] Added segment 4f92da97-735f-4e3e-ba86-5214b4a66e8d of type geneve for network 854f54e3-1898-4c2e-9afd-1e072aac8d91
2026-05-28 15:04:38.104 8 INFO neutron.db.ovn_revision_numbers_db [None req-97fc94ef-11fc-4399-84f7-ec7fd44916fd 822d7e456b514d3a9d10fc05dbacc680 937924b60be14441ab169d9975f8a071 - - default default] Successfully bumped revision number for resource 854f54e3-1898-4c2e-9afd-1e072aac8d91 (type: networks) to 1
2026-05-28 15:04:38.234 7 WARNING neutron.scheduler.dhcp_agent_scheduler [None req-36ee6f9d-4a04-45de-9284-81be6fcbc066 0b74faf6257447cfa1957e7d4a51fb08 03945bb1bce74407b0f559e9cdb7e4a7 - - default default] No more DHCP agents
2026-05-28 15:04:38.235 7 WARNING neutron.api.rpc.agentnotifiers.dhcp_rpc_agent_api [None req-36ee6f9d-4a04-45de-9284-81be6fcbc066 0b74faf6257447cfa1957e7d4a51fb08 03945bb1bce74407b0f559e9cdb7e4a7 - - default default] Unable to schedule network 62d27e9e-53e3-49d6-8ca7-95d5677d1e3f: no agents available; will retry on subsequent port and subnet creation events.
2026-05-28 15:04:38.263 8 WARNING neutron.scheduler.dhcp_agent_scheduler [None req-97fc94ef-11fc-4399-84f7-ec7fd44916fd 822d7e456b514d3a9d10fc05dbacc680 937924b60be14441ab169d9975f8a071 - - default default] No more DHCP agents
2026-05-28 15:04:38.265 8 WARNING neutron.api.rpc.agentnotifiers.dhcp_rpc_agent_api [None req-97fc94ef-11fc-4399-84f7-ec7fd44916fd 822d7e456b514d3a9d10fc05dbacc680 937924b60be14441ab169d9975f8a071 - - default default] Unable to schedule network 854f54e3-1898-4c2e-9afd-1e072aac8d91: no agents available; will retry on subsequent port and subnet creation events.
2026-05-28 15:04:38.369 8 INFO neutron.db.ovn_revision_numbers_db [None req-97fc94ef-11fc-4399-84f7-ec7fd44916fd 822d7e456b514d3a9d10fc05dbacc680 937924b60be14441ab169d9975f8a071 - - default default] Successfully bumped revision number for resource 50db0323-b08e-478f-81da-00e864866283 (type: ports) to 1 [pid: 8|app: 0|req: 983/1868] 10.0.0.120 () {34 vars in 670 bytes} [Thu May 28 15:04:37 2026] POST /v2.0/networks => generated 669 bytes in 500 msecs (HTTP/1.1 201) 4 headers in 162 bytes (1 switches on core 0)
2026-05-28 15:04:38.476 7 INFO neutron.db.ovn_revision_numbers_db [None req-36ee6f9d-4a04-45de-9284-81be6fcbc066 0b74faf6257447cfa1957e7d4a51fb08 03945bb1bce74407b0f559e9cdb7e4a7 - - default default] Successfully bumped revision number for resource 5a9b69b4-4908-4708-8a46-f5efa568cfb2 (type: ports) to 1 [pid: 8|app: 0|req: 984/1869] 10.0.0.19 () {34 vars in 989 bytes} [Thu May 28 15:04:38 2026] GET /v2.0/ports?device_id=389ecc8c-cfb0-44e8-98b7-d94c03b0cb12 => generated 975 bytes in 118 msecs (HTTP/1.1 200) 4 headers in 157 bytes (1 switches on core 0)
2026-05-28 15:04:38.671 8 WARNING neutron.scheduler.dhcp_agent_scheduler [None req-8a3fcaeb-8a54-48a9-b59e-cf40f346eb62 822d7e456b514d3a9d10fc05dbacc680 937924b60be14441ab169d9975f8a071 - - default default] No more DHCP agents
2026-05-28 15:04:38.672 8 WARNING neutron.api.rpc.agentnotifiers.dhcp_rpc_agent_api [None req-8a3fcaeb-8a54-48a9-b59e-cf40f346eb62 822d7e456b514d3a9d10fc05dbacc680 937924b60be14441ab169d9975f8a071 - - default default] Unable to schedule network 854f54e3-1898-4c2e-9afd-1e072aac8d91: no agents available; will retry on subsequent port and subnet creation events.
2026-05-28 15:04:39.193 8 INFO neutron.db.ovn_revision_numbers_db [None req-fcd17e06-5963-49f6-9662-e2f9e70b205b - - - - - -] Successfully bumped revision number for resource 50db0323-b08e-478f-81da-00e864866283 (type: ports) to 2
2026-05-28 15:04:39.217 7 WARNING neutron.scheduler.dhcp_agent_scheduler [None req-36ee6f9d-4a04-45de-9284-81be6fcbc066 0b74faf6257447cfa1957e7d4a51fb08 03945bb1bce74407b0f559e9cdb7e4a7 - - default default] No more DHCP agents
2026-05-28 15:04:39.221 7 WARNING neutron.api.rpc.agentnotifiers.dhcp_rpc_agent_api [None req-36ee6f9d-4a04-45de-9284-81be6fcbc066 0b74faf6257447cfa1957e7d4a51fb08 03945bb1bce74407b0f559e9cdb7e4a7 - - default default] Unable to schedule network 62d27e9e-53e3-49d6-8ca7-95d5677d1e3f: no agents available; will retry on subsequent port and subnet creation events.
2026-05-28 15:04:39.227 8 INFO neutron.db.ovn_revision_numbers_db [None req-fcd17e06-5963-49f6-9662-e2f9e70b205b - - - - - -] Successfully bumped revision number for resource beeedf73-e095-4399-af60-1e852fe16051 (type: subnets) to 0 [pid: 8|app: 0|req: 985/1870] 10.0.0.120 () {34 vars in 669 bytes} [Thu May 28 15:04:38 2026] POST /v2.0/subnets => generated 629 bytes in 737 msecs (HTTP/1.1 201) 4 headers in 162 bytes (1 switches on core 0) [pid: 8|app: 0|req: 986/1871] 10.0.0.19 () {34 vars in 1039 bytes} [Thu May 28 15:04:39 2026] GET /v2.0/security-groups?id=21a8a444-51c5-499b-a435-5f71532cea1d&fields=id&fields=name => generated 114 bytes in 26 msecs (HTTP/1.1 200) 4 headers in 157 bytes (1 switches on core 0)
2026-05-28 15:04:39.353 8 INFO neutron.db.segments_db [None req-1a3482fb-b70c-4a73-8e08-ebfd72a5aa56 822d7e456b514d3a9d10fc05dbacc680 937924b60be14441ab169d9975f8a071 - - default default] Added segment 12fda90a-0444-43f6-81b5-5527fd6507a3 of type geneve for network bce37558-f064-450a-8c84-3a2f8016c611
2026-05-28 15:04:39.477 7 INFO neutron.db.ovn_revision_numbers_db [None req-36ee6f9d-4a04-45de-9284-81be6fcbc066 0b74faf6257447cfa1957e7d4a51fb08 03945bb1bce74407b0f559e9cdb7e4a7 - - default default] Successfully bumped revision number for resource 5a9b69b4-4908-4708-8a46-f5efa568cfb2 (type: router_ports) to 1 [pid: 7|app: 0|req: 886/1874] 10.0.0.120 () {34 vars in 783 bytes} [Thu May 28 15:04:37 2026] PUT /v2.0/routers/e9743d30-8fb3-4665-9c12-52b2933a6cd1/add_router_interface => generated 309 bytes in 1648 msecs (HTTP/1.1 200) 4 headers in 157 bytes (1 switches on core 0)
2026-05-28 15:04:39.518 8 INFO neutron.db.ovn_revision_numbers_db [None req-1a3482fb-b70c-4a73-8e08-ebfd72a5aa56 822d7e456b514d3a9d10fc05dbacc680 937924b60be14441ab169d9975f8a071 - - default default] Successfully bumped revision number for resource bce37558-f064-450a-8c84-3a2f8016c611 (type: networks) to 1 [pid: 7|app: 0|req: 887/1875] 10.0.0.120 () {32 vars in 717 bytes} [Thu May 28 15:04:39 2026] GET /v2.0/ports/5a9b69b4-4908-4708-8a46-f5efa568cfb2 => generated 941 bytes in 69 msecs (HTTP/1.1 200) 4 headers in 157 bytes (1 switches on core 0) [pid: 7|app: 0|req: 888/1876] 10.0.0.120 () {32 vars in 717 bytes} [Thu May 28 15:04:39 2026] GET /v2.0/ports/5a9b69b4-4908-4708-8a46-f5efa568cfb2 => generated 941 bytes in 30 msecs (HTTP/1.1 200) 4 headers in 157 bytes (1 switches on core 0)
2026-05-28 15:04:39.676 8 WARNING neutron.scheduler.dhcp_agent_scheduler [None req-1a3482fb-b70c-4a73-8e08-ebfd72a5aa56 822d7e456b514d3a9d10fc05dbacc680 937924b60be14441ab169d9975f8a071 - - default default] No more DHCP agents
2026-05-28 15:04:39.678 8 WARNING neutron.api.rpc.agentnotifiers.dhcp_rpc_agent_api [None req-1a3482fb-b70c-4a73-8e08-ebfd72a5aa56 822d7e456b514d3a9d10fc05dbacc680 937924b60be14441ab169d9975f8a071 - - default default] Unable to schedule network bce37558-f064-450a-8c84-3a2f8016c611: no agents available; will retry on subsequent port and subnet creation events.
2026-05-28 15:04:39.785 8 INFO neutron.db.ovn_revision_numbers_db [None req-1a3482fb-b70c-4a73-8e08-ebfd72a5aa56 822d7e456b514d3a9d10fc05dbacc680 937924b60be14441ab169d9975f8a071 - - default default] Successfully bumped revision number for resource 70ac8d12-0bc4-48b3-9c71-8ff769ee2345 (type: ports) to 1 [pid: 8|app: 0|req: 989/1877] 10.0.0.120 () {34 vars in 670 bytes} [Thu May 28 15:04:39 2026] POST /v2.0/networks => generated 670 bytes in 531 msecs (HTTP/1.1 201) 4 headers in 162 bytes (1 switches on core 0)
2026-05-28 15:04:40.009 7 WARNING neutron.scheduler.dhcp_agent_scheduler [None req-cda2f17b-728b-4f21-a6c6-08daeac59927 822d7e456b514d3a9d10fc05dbacc680 937924b60be14441ab169d9975f8a071 - - default default] No more DHCP agents
2026-05-28 15:04:40.011 7 WARNING neutron.api.rpc.agentnotifiers.dhcp_rpc_agent_api [None req-cda2f17b-728b-4f21-a6c6-08daeac59927 822d7e456b514d3a9d10fc05dbacc680 937924b60be14441ab169d9975f8a071 - - default default] Unable to schedule network bce37558-f064-450a-8c84-3a2f8016c611: no agents available; will retry on subsequent port and subnet creation events. [pid: 8|app: 0|req: 990/1878] 199.204.45.53 () {34 vars in 993 bytes} [Thu May 28 15:04:40 2026] GET /v2.0/ports?device_id=389ecc8c-cfb0-44e8-98b7-d94c03b0cb12 => generated 975 bytes in 40 msecs (HTTP/1.1 200) 4 headers in 157 bytes (1 switches on core 0)
2026-05-28 15:04:40.465 7 INFO neutron.db.ovn_revision_numbers_db [None req-e1b77f2f-9149-44cf-8a7e-0ca9ce37d13e - - - - - -] Successfully bumped revision number for resource 70ac8d12-0bc4-48b3-9c71-8ff769ee2345 (type: ports) to 2
2026-05-28 15:04:40.487 7 INFO neutron.db.ovn_revision_numbers_db [None req-e1b77f2f-9149-44cf-8a7e-0ca9ce37d13e - - - - - -] Successfully bumped revision number for resource 10db17a1-c744-4cba-8623-01203299f881 (type: subnets) to 0 [pid: 7|app: 0|req: 889/1879] 10.0.0.120 () {34 vars in 669 bytes} [Thu May 28 15:04:39 2026] POST /v2.0/subnets => generated 629 bytes in 688 msecs (HTTP/1.1 201) 4 headers in 162 bytes (1 switches on core 0)
2026-05-28 15:04:40.509 8 INFO neutron_taas.services.taas.taas_plugin [req-2a2bf5b9-8da4-44b6-994a-14020837d16c req-7aff875d-b3ef-4099-a1e3-5efb14c4b78b 9d9f9e8162d14ed3bc962927fc28f631 cf0d0cfc07d440e8b9f9f52baac619bf - - default default] TaaS: Handle Delete Port: 5dbfde3b-1442-4cdb-ba49-e1982672d09c
2026-05-28 15:04:40.517 8 INFO neutron_taas.services.taas.tap_mirror_plugin [req-2a2bf5b9-8da4-44b6-994a-14020837d16c req-7aff875d-b3ef-4099-a1e3-5efb14c4b78b 9d9f9e8162d14ed3bc962927fc28f631 cf0d0cfc07d440e8b9f9f52baac619bf - - default default] Tap Mirror: Handle Delete Port: 5dbfde3b-1442-4cdb-ba49-e1982672d09c [pid: 7|app: 0|req: 890/1880] 10.0.0.19 () {34 vars in 989 bytes} [Thu May 28 15:04:40 2026] GET /v2.0/ports?device_id=389ecc8c-cfb0-44e8-98b7-d94c03b0cb12 => generated 975 bytes in 31 msecs (HTTP/1.1 200) 4 headers in 157 bytes (1 switches on core 0) [pid: 7|app: 0|req: 891/1881] 10.0.0.120 () {34 vars in 751 bytes} [Thu May 28 15:04:40 2026] PUT /v2.0/subnets/6c8dffb4-3a6c-4f67-89ee-5209bfe39a7b/tags => generated 17 bytes in 53 msecs (HTTP/1.1 200) 4 headers in 156 bytes (1 switches on core 0) [pid: 7|app: 0|req: 892/1882] 10.0.0.19 () {34 vars in 1039 bytes} [Thu May 28 15:04:40 2026] GET /v2.0/security-groups?id=21a8a444-51c5-499b-a435-5f71532cea1d&fields=id&fields=name => generated 114 bytes in 23 msecs (HTTP/1.1 200) 4 headers in 157 bytes (1 switches on core 0) [pid: 7|app: 0|req: 893/1883] 10.0.0.120 () {34 vars in 751 bytes} [Thu May 28 15:04:40 2026] PUT /v2.0/subnets/55b560a2-e0af-4e31-8d12-5fe87cddfb01/tags => generated 25 bytes in 63 msecs (HTTP/1.1 200) 4 headers in 156 bytes (1 switches on core 0)
2026-05-28 15:04:40.696 8 INFO neutron.db.l3_db [req-2a2bf5b9-8da4-44b6-994a-14020837d16c req-7aff875d-b3ef-4099-a1e3-5efb14c4b78b 9d9f9e8162d14ed3bc962927fc28f631 cf0d0cfc07d440e8b9f9f52baac619bf - - default default] Floating IP a3ceb282-2ccc-4ba2-862a-e070f4bf78ff disassociated. External IP: 10.96.250.212, port: 5dbfde3b-1442-4cdb-ba49-e1982672d09c. [pid: 7|app: 0|req: 894/1884] 10.0.0.120 () {32 vars in 717 bytes} [Thu May 28 15:04:40 2026] GET /v2.0/ports/5a9b69b4-4908-4708-8a46-f5efa568cfb2 => generated 941 bytes in 34 msecs (HTTP/1.1 200) 4 headers in 157 bytes (1 switches on core 0) [pid: 7|app: 0|req: 895/1885] 10.0.0.120 () {34 vars in 751 bytes} [Thu May 28 15:04:40 2026] PUT /v2.0/subnets/ab11f62d-5c1a-4068-b109-d7aeaf5474a7/tags => generated 34 bytes in 49 msecs (HTTP/1.1 200) 4 headers in 156 bytes (1 switches on core 0) [pid: 7|app: 0|req: 896/1886] 10.0.0.120 () {34 vars in 751 bytes} [Thu May 28 15:04:40 2026] PUT /v2.0/subnets/beeedf73-e095-4399-af60-1e852fe16051/tags => generated 19 bytes in 79 msecs (HTTP/1.1 200) 4 headers in 156 bytes (1 switches on core 0) [pid: 8|app: 0|req: 991/1887] 199.204.45.53 () {36 vars in 996 bytes} [Thu May 28 15:04:40 2026] DELETE /v2.0/ports/5dbfde3b-1442-4cdb-ba49-e1982672d09c => generated 0 bytes in 517 msecs (HTTP/1.1 204) 3 headers in 131 bytes (1 switches on core 0)
2026-05-28 15:04:40.885 8 INFO neutron.notifiers.nova [-] Nova event matching ['req-71bbd2c9-4474-4bd9-bb22-ca8361190ee2'] response: {'server_uuid': '389ecc8c-cfb0-44e8-98b7-d94c03b0cb12', 'name': 'network-vif-deleted', 'tag': '5dbfde3b-1442-4cdb-ba49-e1982672d09c', 'status': 'completed', 'code': 200} [pid: 7|app: 0|req: 897/1888] 10.0.0.120 () {32 vars in 664 bytes} [Thu May 28 15:04:40 2026] GET /v2.0/subnets?tags=red => generated 1904 bytes in 47 msecs (HTTP/1.1 200) 4 headers in 158 bytes (1 switches on core 0) [pid: 8|app: 0|req: 992/1889] 10.0.0.120 () {32 vars in 678 bytes} [Thu May 28 15:04:40 2026] GET /v2.0/subnets?tags=red%2Cblue => generated 1283 bytes in 48 msecs (HTTP/1.1 200) 4 headers in 158 bytes (1 switches on core 0) [pid: 7|app: 0|req: 898/1890] 10.0.0.120 () {32 vars in 674 bytes} [Thu May 28 15:04:40 2026] GET /v2.0/subnets?tags-any=blue => generated 1283 bytes in 44 msecs (HTTP/1.1 200) 4 headers in 158 bytes (1 switches on core 0) [pid: 8|app: 0|req: 993/1891] 10.0.0.120 () {32 vars in 686 bytes} [Thu May 28 15:04:40 2026] GET /v2.0/subnets?tags-any=red%2Cblue => generated 1904 bytes in 48 msecs (HTTP/1.1 200) 4 headers in 158 bytes (1 switches on core 0) [pid: 7|app: 0|req: 899/1892] 10.0.0.120 () {32 vars in 672 bytes} [Thu May 28 15:04:41 2026] GET /v2.0/subnets?not-tags=red => generated 1894 bytes in 48 msecs (HTTP/1.1 200) 4 headers in 158 bytes (1 switches on core 0) [pid: 8|app: 0|req: 994/1893] 10.0.0.120 () {32 vars in 686 bytes} [Thu May 28 15:04:41 2026] GET /v2.0/subnets?not-tags=red%2Cblue => generated 2515 bytes in 59 msecs (HTTP/1.1 200) 4 headers in 158 bytes (1 switches on core 0) [pid: 7|app: 0|req: 900/1894] 10.0.0.120 () {32 vars in 682 bytes} [Thu May 28 15:04:41 2026] GET /v2.0/subnets?not-tags-any=blue => generated 2515 bytes in 48 msecs (HTTP/1.1 200) 4 headers in 158 bytes (1 switches on core 0) [pid: 8|app: 0|req: 995/1895] 10.0.0.120 () {32 vars in 694 bytes} [Thu May 28 15:04:41 2026] GET /v2.0/subnets?not-tags-any=red%2Cblue => generated 1894 bytes in 42 msecs (HTTP/1.1 200) 4 headers in 158 bytes (1 switches on core 0) [pid: 7|app: 0|req: 901/1896] 10.0.0.120 () {32 vars in 724 bytes} [Thu May 28 15:04:41 2026] DELETE /v2.0/subnets/6c8dffb4-3a6c-4f67-89ee-5209bfe39a7b => generated 0 bytes in 163 msecs (HTTP/1.1 204) 3 headers in 131 bytes (1 switches on core 0) [pid: 8|app: 0|req: 996/1897] 10.0.0.120 () {32 vars in 724 bytes} [Thu May 28 15:04:41 2026] DELETE /v2.0/subnets/55b560a2-e0af-4e31-8d12-5fe87cddfb01 => generated 0 bytes in 154 msecs (HTTP/1.1 204) 3 headers in 131 bytes (1 switches on core 0)
2026-05-28 15:04:41.805 7 INFO neutron.db.ovn_revision_numbers_db [None req-9080ff5a-35af-4b37-89c9-030056ce7f8f ea2ae751a45648bd839316fb65450f6c 519ca50c8109478ab0e2a3d5472f345b - - default default] Successfully bumped revision number for resource a73d7a36-fced-48a6-8796-d478a7adecb5 (type: security_groups) to 1 [pid: 8|app: 0|req: 997/1898] 10.0.0.120 () {32 vars in 724 bytes} [Thu May 28 15:04:41 2026] DELETE /v2.0/subnets/ab11f62d-5c1a-4068-b109-d7aeaf5474a7 => generated 0 bytes in 221 msecs (HTTP/1.1 204) 3 headers in 131 bytes (1 switches on core 0)
2026-05-28 15:04:41.820 7 INFO neutron.db.ovn_revision_numbers_db [None req-9080ff5a-35af-4b37-89c9-030056ce7f8f ea2ae751a45648bd839316fb65450f6c 519ca50c8109478ab0e2a3d5472f345b - - default default] Successfully bumped revision number for resource 1713538c-0b7d-45ae-80b5-800ab0b931a6 (type: security_group_rules) to 0 [pid: 8|app: 0|req: 998/1899] 10.0.0.19 () {34 vars in 989 bytes} [Thu May 28 15:04:41 2026] GET /v2.0/ports?device_id=389ecc8c-cfb0-44e8-98b7-d94c03b0cb12 => generated 12 bytes in 36 msecs (HTTP/1.1 200) 4 headers in 156 bytes (1 switches on core 0)
2026-05-28 15:04:41.864 7 INFO neutron.db.ovn_revision_numbers_db [None req-9080ff5a-35af-4b37-89c9-030056ce7f8f ea2ae751a45648bd839316fb65450f6c 519ca50c8109478ab0e2a3d5472f345b - - default default] Successfully bumped revision number for resource 5109b869-f6ea-40a1-a90a-c2e58379ef7b (type: security_group_rules) to 0
2026-05-28 15:04:41.944 7 INFO neutron.db.ovn_revision_numbers_db [None req-9080ff5a-35af-4b37-89c9-030056ce7f8f ea2ae751a45648bd839316fb65450f6c 519ca50c8109478ab0e2a3d5472f345b - - default default] Successfully bumped revision number for resource 7b636c32-044f-4855-af1f-264dc17e0ba2 (type: security_group_rules) to 0
2026-05-28 15:04:41.961 7 INFO neutron.db.ovn_revision_numbers_db [None req-9080ff5a-35af-4b37-89c9-030056ce7f8f ea2ae751a45648bd839316fb65450f6c 519ca50c8109478ab0e2a3d5472f345b - - default default] Successfully bumped revision number for resource dc58a1d7-7a82-4b1b-8daa-af5808e729f5 (type: security_group_rules) to 0 [pid: 8|app: 0|req: 999/1900] 10.0.0.120 () {32 vars in 717 bytes} [Thu May 28 15:04:41 2026] GET /v2.0/ports/5a9b69b4-4908-4708-8a46-f5efa568cfb2 => generated 941 bytes in 161 msecs (HTTP/1.1 200) 4 headers in 157 bytes (1 switches on core 0)
2026-05-28 15:04:42.086 7 INFO neutron.db.segments_db [None req-9080ff5a-35af-4b37-89c9-030056ce7f8f ea2ae751a45648bd839316fb65450f6c 519ca50c8109478ab0e2a3d5472f345b - - default default] Added segment 14cf51b1-b8b1-46dd-8418-42fb08068c1d of type geneve for network 2810509c-6d8a-4917-820f-8ab6670ae9b8
2026-05-28 15:04:42.189 7 INFO neutron.db.ovn_revision_numbers_db [None req-9080ff5a-35af-4b37-89c9-030056ce7f8f ea2ae751a45648bd839316fb65450f6c 519ca50c8109478ab0e2a3d5472f345b - - default default] Successfully bumped revision number for resource 2810509c-6d8a-4917-820f-8ab6670ae9b8 (type: networks) to 1 [pid: 8|app: 0|req: 1000/1901] 10.0.0.120 () {32 vars in 724 bytes} [Thu May 28 15:04:42 2026] DELETE /v2.0/subnets/beeedf73-e095-4399-af60-1e852fe16051 => generated 0 bytes in 209 msecs (HTTP/1.1 204) 3 headers in 131 bytes (1 switches on core 0) [pid: 8|app: 0|req: 1001/1902] 10.0.0.120 () {32 vars in 724 bytes} [Thu May 28 15:04:42 2026] DELETE /v2.0/subnets/10db17a1-c744-4cba-8623-01203299f881 => generated 0 bytes in 133 msecs (HTTP/1.1 204) 3 headers in 131 bytes (1 switches on core 0)
2026-05-28 15:04:42.372 7 WARNING neutron.scheduler.dhcp_agent_scheduler [None req-9080ff5a-35af-4b37-89c9-030056ce7f8f ea2ae751a45648bd839316fb65450f6c 519ca50c8109478ab0e2a3d5472f345b - - default default] No more DHCP agents
2026-05-28 15:04:42.374 7 WARNING neutron.api.rpc.agentnotifiers.dhcp_rpc_agent_api [None req-9080ff5a-35af-4b37-89c9-030056ce7f8f ea2ae751a45648bd839316fb65450f6c 519ca50c8109478ab0e2a3d5472f345b - - default default] Unable to schedule network 2810509c-6d8a-4917-820f-8ab6670ae9b8: no agents available; will retry on subsequent port and subnet creation events.
2026-05-28 15:04:42.482 7 INFO neutron.db.ovn_revision_numbers_db [None req-9080ff5a-35af-4b37-89c9-030056ce7f8f ea2ae751a45648bd839316fb65450f6c 519ca50c8109478ab0e2a3d5472f345b - - default default] Successfully bumped revision number for resource 33266454-640f-4acd-ac40-f0e3a5ffd1ae (type: ports) to 1 [pid: 7|app: 0|req: 902/1903] 10.0.0.120 () {34 vars in 670 bytes} [Thu May 28 15:04:41 2026] POST /v2.0/networks => generated 669 bytes in 1051 msecs (HTTP/1.1 201) 4 headers in 162 bytes (1 switches on core 0)
2026-05-28 15:04:42.528 8 INFO neutron_taas.services.taas.taas_plugin [None req-99915e91-4024-4ac7-836a-6fc70a1c5647 822d7e456b514d3a9d10fc05dbacc680 937924b60be14441ab169d9975f8a071 - - default default] TaaS: Handle Delete Port: 504101f3-00a8-4641-90fd-fdb53e4c3753
2026-05-28 15:04:42.531 8 INFO neutron_taas.services.taas.tap_mirror_plugin [None req-99915e91-4024-4ac7-836a-6fc70a1c5647 822d7e456b514d3a9d10fc05dbacc680 937924b60be14441ab169d9975f8a071 - - default default] Tap Mirror: Handle Delete Port: 504101f3-00a8-4641-90fd-fdb53e4c3753
2026-05-28 15:04:42.621 7 INFO neutron.db.segments_db [None req-455c83ac-df6a-4e1c-969d-4f7087cc5c65 ea2ae751a45648bd839316fb65450f6c 519ca50c8109478ab0e2a3d5472f345b - - default default] Added segment b84c88c2-ad16-4541-b53a-85798930e25b of type geneve for network 0c68d080-abcc-4159-a975-1cf9fea9496f
2026-05-28 15:04:42.698 8 INFO neutron.services.segments.plugin [-] Segment 6520af2e-f03d-4037-8b1b-f682c6e69b78 resource provider aggregate not found
2026-05-28 15:04:42.703 8 INFO neutron.services.segments.plugin [-] Segment 6520af2e-f03d-4037-8b1b-f682c6e69b78 resource provider aggregate not found
2026-05-28 15:04:42.717 8 INFO neutron.services.segments.plugin [-] Segment 6520af2e-f03d-4037-8b1b-f682c6e69b78 resource provider not found; error: Placement Client Error (4xx): {"errors": [{"status": 404, "title": "Not Found", "detail": "The resource could not be found.\n\n No resource provider with uuid 6520af2e-f03d-4037-8b1b-f682c6e69b78 found for delete ", "request_id": "req-50b4e92a-0d46-4d04-9719-9a35e137e336"}]}
2026-05-28 15:04:42.721 8 INFO neutron.services.segments.plugin [-] Segment 6520af2e-f03d-4037-8b1b-f682c6e69b78 resource provider not found; error: Placement Client Error (4xx): {"errors": [{"status": 404, "title": "Not Found", "detail": "The resource could not be found.\n\n No resource provider with uuid 6520af2e-f03d-4037-8b1b-f682c6e69b78 found for delete ", "request_id": "req-d3f430bf-16aa-44cf-9f98-23317cbc495d"}]} [pid: 8|app: 0|req: 1002/1904] 10.0.0.120 () {32 vars in 726 bytes} [Thu May 28 15:04:42 2026] DELETE /v2.0/networks/6fb1541f-7e1b-4ee6-a284-3573f586e9cf => generated 0 bytes in 401 msecs (HTTP/1.1 204) 3 headers in 131 bytes (1 switches on core 0)
2026-05-28 15:04:42.771 7 INFO neutron.db.ovn_revision_numbers_db [None req-455c83ac-df6a-4e1c-969d-4f7087cc5c65 ea2ae751a45648bd839316fb65450f6c 519ca50c8109478ab0e2a3d5472f345b - - default default] Successfully bumped revision number for resource 0c68d080-abcc-4159-a975-1cf9fea9496f (type: networks) to 1
2026-05-28 15:04:42.886 8 INFO neutron_taas.services.taas.taas_plugin [None req-7bd33831-ae7c-4887-b94e-a85bc28c94a3 822d7e456b514d3a9d10fc05dbacc680 937924b60be14441ab169d9975f8a071 - - default default] TaaS: Handle Delete Port: ec1c54a8-01c9-4e63-ba18-3e9c43a62fcb
2026-05-28 15:04:42.889 8 INFO neutron_taas.services.taas.tap_mirror_plugin [None req-7bd33831-ae7c-4887-b94e-a85bc28c94a3 822d7e456b514d3a9d10fc05dbacc680 937924b60be14441ab169d9975f8a071 - - default default] Tap Mirror: Handle Delete Port: ec1c54a8-01c9-4e63-ba18-3e9c43a62fcb
2026-05-28 15:04:42.916 7 WARNING neutron.scheduler.dhcp_agent_scheduler [None req-455c83ac-df6a-4e1c-969d-4f7087cc5c65 ea2ae751a45648bd839316fb65450f6c 519ca50c8109478ab0e2a3d5472f345b - - default default] No more DHCP agents
2026-05-28 15:04:42.917 7 WARNING neutron.api.rpc.agentnotifiers.dhcp_rpc_agent_api [None req-455c83ac-df6a-4e1c-969d-4f7087cc5c65 ea2ae751a45648bd839316fb65450f6c 519ca50c8109478ab0e2a3d5472f345b - - default default] Unable to schedule network 0c68d080-abcc-4159-a975-1cf9fea9496f: no agents available; will retry on subsequent port and subnet creation events.
2026-05-28 15:04:43.023 7 WARNING neutron.plugins.ml2.drivers.ovn.mech_driver.ovsdb.ovn_client [None req-c96d6467-9c2e-437d-90f8-5cb6ba24a523 - - - - - -] No hosting information found for port 1c62d59b-0ac1-435e-8007-8f2b91c9f53c: RuntimeError: No hosting information found for port 1c62d59b-0ac1-435e-8007-8f2b91c9f53c
2026-05-28 15:04:43.023 7 INFO neutron.plugins.ml2.drivers.ovn.mech_driver.mech_driver [None req-c96d6467-9c2e-437d-90f8-5cb6ba24a523 - - - - - -] OVN reports status down for port: 4121856b-3391-4a54-a771-54ee80d19e8f
2026-05-28 15:04:43.115 7 INFO neutron.db.ovn_revision_numbers_db [None req-455c83ac-df6a-4e1c-969d-4f7087cc5c65 ea2ae751a45648bd839316fb65450f6c 519ca50c8109478ab0e2a3d5472f345b - - default default] Successfully bumped revision number for resource 54948d24-9ac0-46ed-9299-fb994476c9d9 (type: ports) to 1 [pid: 7|app: 0|req: 903/1905] 10.0.0.120 () {34 vars in 670 bytes} [Thu May 28 15:04:42 2026] POST /v2.0/networks => generated 670 bytes in 667 msecs (HTTP/1.1 201) 4 headers in 162 bytes (1 switches on core 0) [pid: 8|app: 0|req: 1003/1906] 10.0.0.120 () {32 vars in 726 bytes} [Thu May 28 15:04:42 2026] DELETE /v2.0/networks/b8138116-076a-4b66-b306-60c245f2d9f6 => generated 0 bytes in 403 msecs (HTTP/1.1 204) 3 headers in 131 bytes (1 switches on core 0) [pid: 8|app: 0|req: 1004/1907] 10.0.0.120 () {32 vars in 717 bytes} [Thu May 28 15:04:43 2026] GET /v2.0/ports/5a9b69b4-4908-4708-8a46-f5efa568cfb2 => generated 941 bytes in 30 msecs (HTTP/1.1 200) 4 headers in 157 bytes (1 switches on core 0) [pid: 7|app: 0|req: 904/1908] 10.0.0.19 () {34 vars in 989 bytes} [Thu May 28 15:04:43 2026] GET /v2.0/ports?device_id=389ecc8c-cfb0-44e8-98b7-d94c03b0cb12 => generated 12 bytes in 35 msecs (HTTP/1.1 200) 4 headers in 156 bytes (1 switches on core 0)
2026-05-28 15:04:43.299 8 INFO neutron.db.segments_db [None req-77e5ac53-efe0-4d87-b4e8-ac7370875986 ea2ae751a45648bd839316fb65450f6c 519ca50c8109478ab0e2a3d5472f345b - - default default] Added segment 0aab7bdf-e845-4a59-9f5e-9e116212aa3d of type geneve for network 9d4953e7-7b65-4bd2-b8eb-40676a319dac
2026-05-28 15:04:43.334 7 INFO neutron.db.ovn_revision_numbers_db [None req-c96d6467-9c2e-437d-90f8-5cb6ba24a523 - - - - - -] Successfully bumped revision number for resource 1c62d59b-0ac1-435e-8007-8f2b91c9f53c (type: router_ports) to 2
2026-05-28 15:04:43.410 8 INFO neutron.db.ovn_revision_numbers_db [None req-77e5ac53-efe0-4d87-b4e8-ac7370875986 ea2ae751a45648bd839316fb65450f6c 519ca50c8109478ab0e2a3d5472f345b - - default default] Successfully bumped revision number for resource 9d4953e7-7b65-4bd2-b8eb-40676a319dac (type: networks) to 1
2026-05-28 15:04:43.442 7 INFO neutron_taas.services.taas.taas_plugin [None req-67119ecc-4b78-4897-9351-e85e66079e76 822d7e456b514d3a9d10fc05dbacc680 937924b60be14441ab169d9975f8a071 - - default default] TaaS: Handle Delete Port: 4121856b-3391-4a54-a771-54ee80d19e8f
2026-05-28 15:04:43.443 7 INFO neutron.plugins.ml2.drivers.ovn.mech_driver.mech_driver [None req-c96d6467-9c2e-437d-90f8-5cb6ba24a523 - - - - - -] OVN reports status down for port: 50db0323-b08e-478f-81da-00e864866283
2026-05-28 15:04:43.447 7 INFO neutron_taas.services.taas.tap_mirror_plugin [None req-67119ecc-4b78-4897-9351-e85e66079e76 822d7e456b514d3a9d10fc05dbacc680 937924b60be14441ab169d9975f8a071 - - default default] Tap Mirror: Handle Delete Port: 4121856b-3391-4a54-a771-54ee80d19e8f
2026-05-28 15:04:43.544 7 INFO neutron.plugins.ml2.drivers.ovn.mech_driver.mech_driver [None req-c96d6467-9c2e-437d-90f8-5cb6ba24a523 - - - - - -] OVN reports status down for port: 5a9b69b4-4908-4708-8a46-f5efa568cfb2
2026-05-28 15:04:43.549 8 WARNING neutron.scheduler.dhcp_agent_scheduler [None req-77e5ac53-efe0-4d87-b4e8-ac7370875986 ea2ae751a45648bd839316fb65450f6c 519ca50c8109478ab0e2a3d5472f345b - - default default] No more DHCP agents
2026-05-28 15:04:43.551 8 WARNING neutron.api.rpc.agentnotifiers.dhcp_rpc_agent_api [None req-77e5ac53-efe0-4d87-b4e8-ac7370875986 ea2ae751a45648bd839316fb65450f6c 519ca50c8109478ab0e2a3d5472f345b - - default default] Unable to schedule network 9d4953e7-7b65-4bd2-b8eb-40676a319dac: no agents available; will retry on subsequent port and subnet creation events.
2026-05-28 15:04:43.686 7 WARNING neutron.plugins.ml2.drivers.ovn.mech_driver.ovsdb.ovn_client [None req-c96d6467-9c2e-437d-90f8-5cb6ba24a523 - - - - - -] Logical_Switch_Port 5a9b69b4-4908-4708-8a46-f5efa568cfb2 host information not removed, the port state is up
2026-05-28 15:04:43.688 7 INFO neutron.plugins.ml2.drivers.ovn.mech_driver.mech_driver [None req-c96d6467-9c2e-437d-90f8-5cb6ba24a523 - - - - - -] OVN reports status up for port: 5a9b69b4-4908-4708-8a46-f5efa568cfb2
2026-05-28 15:04:43.703 7 INFO neutron.plugins.ml2.plugin [None req-c96d6467-9c2e-437d-90f8-5cb6ba24a523 - - - - - -] Attempt 1 to provision port 5a9b69b4-4908-4708-8a46-f5efa568cfb2
2026-05-28 15:04:43.705 8 INFO neutron.db.ovn_revision_numbers_db [None req-77e5ac53-efe0-4d87-b4e8-ac7370875986 ea2ae751a45648bd839316fb65450f6c 519ca50c8109478ab0e2a3d5472f345b - - default default] Successfully bumped revision number for resource 76d4dd32-93f5-4996-8248-085d5c6883a6 (type: ports) to 1 [pid: 8|app: 0|req: 1005/1909] 10.0.0.120 () {34 vars in 670 bytes} [Thu May 28 15:04:43 2026] POST /v2.0/networks => generated 669 bytes in 513 msecs (HTTP/1.1 201) 4 headers in 162 bytes (1 switches on core 0)
2026-05-28 15:04:43.814 8 INFO neutron.db.segments_db [None req-bf187489-17a0-4604-b4d9-9f93bd25fa82 ea2ae751a45648bd839316fb65450f6c 519ca50c8109478ab0e2a3d5472f345b - - default default] Added segment ae087aa1-34fa-4d9b-bf88-e4d8581ca409 of type geneve for network 6d5f2586-da55-4ae6-9499-1c077eb06a9b
2026-05-28 15:04:43.830 7 INFO neutron.services.segments.plugin [-] Segment 05bca6ac-eae7-4bbd-9cae-979bf4148d94 resource provider aggregate not found
2026-05-28 15:04:43.834 7 INFO neutron.services.segments.plugin [-] Segment 05bca6ac-eae7-4bbd-9cae-979bf4148d94 resource provider aggregate not found
2026-05-28 15:04:43.857 7 INFO neutron.services.segments.plugin [-] Segment 05bca6ac-eae7-4bbd-9cae-979bf4148d94 resource provider not found; error: Placement Client Error (4xx): {"errors": [{"status": 404, "title": "Not Found", "detail": "The resource could not be found.\n\n No resource provider with uuid 05bca6ac-eae7-4bbd-9cae-979bf4148d94 found for delete ", "request_id": "req-1f0375d6-2d7d-4e5c-b613-6622b76b7695"}]}
2026-05-28 15:04:43.858 7 INFO neutron.services.segments.plugin [-] Segment 05bca6ac-eae7-4bbd-9cae-979bf4148d94 resource provider not found; error: Placement Client Error (4xx): {"errors": [{"status": 404, "title": "Not Found", "detail": "The resource could not be found.\n\n No resource provider with uuid 05bca6ac-eae7-4bbd-9cae-979bf4148d94 found for delete ", "request_id": "req-a611cc90-7bbd-42e0-956e-9734803d4a45"}]}
2026-05-28 15:04:43.955 8 INFO neutron.db.ovn_revision_numbers_db [None req-bf187489-17a0-4604-b4d9-9f93bd25fa82 ea2ae751a45648bd839316fb65450f6c 519ca50c8109478ab0e2a3d5472f345b - - default default] Successfully bumped revision number for resource 6d5f2586-da55-4ae6-9499-1c077eb06a9b (type: networks) to 1 [pid: 7|app: 0|req: 905/1910] 10.0.0.120 () {32 vars in 726 bytes} [Thu May 28 15:04:43 2026] DELETE /v2.0/networks/d90a8d88-c57b-406d-8880-a2bc0815a795 => generated 0 bytes in 794 msecs (HTTP/1.1 204) 3 headers in 131 bytes (1 switches on core 0)
2026-05-28 15:04:44.125 8 WARNING neutron.scheduler.dhcp_agent_scheduler [None req-bf187489-17a0-4604-b4d9-9f93bd25fa82 ea2ae751a45648bd839316fb65450f6c 519ca50c8109478ab0e2a3d5472f345b - - default default] No more DHCP agents
2026-05-28 15:04:44.126 8 WARNING neutron.api.rpc.agentnotifiers.dhcp_rpc_agent_api [None req-bf187489-17a0-4604-b4d9-9f93bd25fa82 ea2ae751a45648bd839316fb65450f6c 519ca50c8109478ab0e2a3d5472f345b - - default default] Unable to schedule network 6d5f2586-da55-4ae6-9499-1c077eb06a9b: no agents available; will retry on subsequent port and subnet creation events.
2026-05-28 15:04:44.231 8 INFO neutron.db.ovn_revision_numbers_db [None req-bf187489-17a0-4604-b4d9-9f93bd25fa82 ea2ae751a45648bd839316fb65450f6c 519ca50c8109478ab0e2a3d5472f345b - - default default] Successfully bumped revision number for resource 7df68d5b-a1d4-4b3d-bd39-be7085abd887 (type: ports) to 1 [pid: 8|app: 0|req: 1006/1911] 10.0.0.120 () {34 vars in 670 bytes} [Thu May 28 15:04:43 2026] POST /v2.0/networks => generated 670 bytes in 525 msecs (HTTP/1.1 201) 4 headers in 162 bytes (1 switches on core 0)
2026-05-28 15:04:44.276 7 INFO neutron_taas.services.taas.taas_plugin [None req-de60f41e-8503-4005-adf1-006b660b0e73 822d7e456b514d3a9d10fc05dbacc680 937924b60be14441ab169d9975f8a071 - - default default] TaaS: Handle Delete Port: 50db0323-b08e-478f-81da-00e864866283
2026-05-28 15:04:44.281 7 INFO neutron_taas.services.taas.tap_mirror_plugin [None req-de60f41e-8503-4005-adf1-006b660b0e73 822d7e456b514d3a9d10fc05dbacc680 937924b60be14441ab169d9975f8a071 - - default default] Tap Mirror: Handle Delete Port: 50db0323-b08e-478f-81da-00e864866283 [pid: 8|app: 0|req: 1007/1912] 10.0.0.120 () {32 vars in 717 bytes} [Thu May 28 15:04:44 2026] GET /v2.0/ports/5a9b69b4-4908-4708-8a46-f5efa568cfb2 => generated 943 bytes in 62 msecs (HTTP/1.1 200) 4 headers in 157 bytes (1 switches on core 0)
2026-05-28 15:04:44.408 8 INFO neutron.db.segments_db [None req-68cb2688-3fb7-4639-ac2d-545a0678081b ea2ae751a45648bd839316fb65450f6c 519ca50c8109478ab0e2a3d5472f345b - - default default] Added segment d94bfd86-8d18-4f41-a770-00b2cd46094b of type geneve for network cfbd1f77-c7df-4408-9d60-7b8333bdd7e5
2026-05-28 15:04:44.421 7 INFO neutron.db.ovn_revision_numbers_db [None req-c96d6467-9c2e-437d-90f8-5cb6ba24a523 - - - - - -] Successfully bumped revision number for resource 5a9b69b4-4908-4708-8a46-f5efa568cfb2 (type: ports) to 2
2026-05-28 15:04:44.584 8 INFO neutron.db.ovn_revision_numbers_db [None req-68cb2688-3fb7-4639-ac2d-545a0678081b ea2ae751a45648bd839316fb65450f6c 519ca50c8109478ab0e2a3d5472f345b - - default default] Successfully bumped revision number for resource cfbd1f77-c7df-4408-9d60-7b8333bdd7e5 (type: networks) to 1 [pid: 7|app: 0|req: 906/1913] 10.0.0.120 () {32 vars in 726 bytes} [Thu May 28 15:04:44 2026] DELETE /v2.0/networks/854f54e3-1898-4c2e-9afd-1e072aac8d91 => generated 0 bytes in 670 msecs (HTTP/1.1 204) 3 headers in 131 bytes (1 switches on core 0)
2026-05-28 15:04:44.744 8 INFO neutron.services.segments.plugin [-] Segment 634dd508-23bc-460b-a316-ea87c1ba5208 resource provider aggregate not found
2026-05-28 15:04:44.746 8 INFO neutron.services.segments.plugin [-] Segment 634dd508-23bc-460b-a316-ea87c1ba5208 resource provider aggregate not found
2026-05-28 15:04:44.770 8 INFO neutron.services.segments.plugin [-] Segment 634dd508-23bc-460b-a316-ea87c1ba5208 resource provider not found; error: Placement Client Error (4xx): {"errors": [{"status": 404, "title": "Not Found", "detail": "The resource could not be found.\n\n No resource provider with uuid 634dd508-23bc-460b-a316-ea87c1ba5208 found for delete ", "request_id": "req-c1d698db-3c4b-4495-bd95-8507920e87d3"}]}
2026-05-28 15:04:44.771 8 INFO neutron.services.segments.plugin [-] Segment 634dd508-23bc-460b-a316-ea87c1ba5208 resource provider not found; error: Placement Client Error (4xx): {"errors": [{"status": 404, "title": "Not Found", "detail": "The resource could not be found.\n\n No resource provider with uuid 634dd508-23bc-460b-a316-ea87c1ba5208 found for delete ", "request_id": "req-5f4d064c-7dfc-47e8-bdd2-cbcd85673098"}]}
2026-05-28 15:04:44.773 8 WARNING neutron.scheduler.dhcp_agent_scheduler [None req-68cb2688-3fb7-4639-ac2d-545a0678081b ea2ae751a45648bd839316fb65450f6c 519ca50c8109478ab0e2a3d5472f345b - - default default] No more DHCP agents
2026-05-28 15:04:44.777 8 WARNING neutron.api.rpc.agentnotifiers.dhcp_rpc_agent_api [None req-68cb2688-3fb7-4639-ac2d-545a0678081b ea2ae751a45648bd839316fb65450f6c 519ca50c8109478ab0e2a3d5472f345b - - default default] Unable to schedule network cfbd1f77-c7df-4408-9d60-7b8333bdd7e5: no agents available; will retry on subsequent port and subnet creation events. [pid: 7|app: 0|req: 907/1914] 10.0.0.120 () {32 vars in 740 bytes} [Thu May 28 15:04:44 2026] DELETE /v2.0/security-groups/21a8a444-51c5-499b-a435-5f71532cea1d => generated 0 bytes in 149 msecs (HTTP/1.1 204) 2 headers in 112 bytes (1 switches on core 0)
2026-05-28 15:04:44.912 8 INFO neutron.db.ovn_revision_numbers_db [None req-68cb2688-3fb7-4639-ac2d-545a0678081b ea2ae751a45648bd839316fb65450f6c 519ca50c8109478ab0e2a3d5472f345b - - default default] Successfully bumped revision number for resource ac912a3f-1058-4459-9a6c-b92d0612f9f5 (type: ports) to 1 [pid: 8|app: 0|req: 1008/1915] 10.0.0.120 () {34 vars in 670 bytes} [Thu May 28 15:04:44 2026] POST /v2.0/networks => generated 670 bytes in 615 msecs (HTTP/1.1 201) 4 headers in 162 bytes (1 switches on core 0)
2026-05-28 15:04:45.046 8 INFO neutron_taas.services.taas.taas_plugin [None req-c15726f0-65f2-4143-b462-7c9eb2fb4745 822d7e456b514d3a9d10fc05dbacc680 937924b60be14441ab169d9975f8a071 - - default default] TaaS: Handle Delete Port: 70ac8d12-0bc4-48b3-9c71-8ff769ee2345
2026-05-28 15:04:45.049 8 INFO neutron_taas.services.taas.tap_mirror_plugin [None req-c15726f0-65f2-4143-b462-7c9eb2fb4745 822d7e456b514d3a9d10fc05dbacc680 937924b60be14441ab169d9975f8a071 - - default default] Tap Mirror: Handle Delete Port: 70ac8d12-0bc4-48b3-9c71-8ff769ee2345
2026-05-28 15:04:45.105 7 INFO neutron_taas.services.taas.taas_plugin [None req-c8fe7f5f-aa88-4a9f-bbdf-76afe044c719 0b74faf6257447cfa1957e7d4a51fb08 03945bb1bce74407b0f559e9cdb7e4a7 - - default default] TaaS: Handle Delete Port: 5a9b69b4-4908-4708-8a46-f5efa568cfb2
