May 12 19:06:15.803819 np0000173800 devstack@neutron-api.service[102882]: DEBUG neutron.api.extensions [None req-1a796516-72a9-4010-9ab9-cd7057517f92 None None] Ext name="Network MTU (writable)" alias="net-mtu-writable" description="Provides a writable MTU attribute for a network resource." updated="2017-07-12T00:00:00-00:00" {{(pid=102882) _check_extension /opt/stack/neutron/neutron/api/extensions.py:415}}
May 12 19:06:15.803984 np0000173800 devstack@neutron-api.service[102882]: INFO neutron.api.extensions [None req-1a796516-72a9-4010-9ab9-cd7057517f92 None None] Loaded extension: net-mtu-writable
May 12 19:06:15.804077 np0000173800 devstack@neutron-api.service[102882]: DEBUG neutron.api.extensions [None req-1a796516-72a9-4010-9ab9-cd7057517f92 None None] Loading extension file: network_availability_zone.py {{(pid=102882) _load_all_extensions_from_path /opt/stack/neutron/neutron/api/extensions.py:449}}
May 12 19:06:15.804367 np0000173800 devstack@neutron-api.service[102882]: DEBUG neutron.api.extensions [None req-1a796516-72a9-4010-9ab9-cd7057517f92 None None] Ext name="Network Availability Zone" alias="network_availability_zone" description="Availability zone support for network." updated="2015-01-01T10:00:00-00:00" {{(pid=102882) _check_extension /opt/stack/neutron/neutron/api/extensions.py:415}}
May 12 19:06:15.804617 np0000173800 devstack@neutron-api.service[102882]: INFO neutron.api.extensions [None req-1a796516-72a9-4010-9ab9-cd7057517f92 None None] Loaded extension: network_availability_zone
May 12 19:06:15.804617 np0000173800 devstack@neutron-api.service[102882]: DEBUG neutron.api.extensions [None req-1a796516-72a9-4010-9ab9-cd7057517f92 None None] Loading extension file: network_ha.py {{(pid=102882) _load_all_extensions_from_path /opt/stack/neutron/neutron/api/extensions.py:449}}
May 12 19:06:15.804910 np0000173800 devstack@neutron-api.service[102882]: DEBUG neutron.api.extensions [None req-1a796516-72a9-4010-9ab9-cd7057517f92 None None] Ext name="Network HA creation flag" alias="network_ha" description="Network high availability creation flag." updated="2023-04-27T10:00:00-00:00" {{(pid=102882) _check_extension /opt/stack/neutron/neutron/api/extensions.py:415}}
May 12 19:06:15.805088 np0000173800 devstack@neutron-api.service[102882]: INFO neutron.api.extensions [None req-1a796516-72a9-4010-9ab9-cd7057517f92 None None] Extension network_ha not supported by any of loaded plugins
May 12 19:06:15.805192 np0000173800 devstack@neutron-api.service[102882]: DEBUG neutron.api.extensions [None req-1a796516-72a9-4010-9ab9-cd7057517f92 None None] Loading extension file: network_ip_availability.py {{(pid=102882) _load_all_extensions_from_path /opt/stack/neutron/neutron/api/extensions.py:449}}
May 12 19:06:15.805500 np0000173800 devstack@neutron-api.service[102882]: DEBUG neutron.api.extensions [None req-1a796516-72a9-4010-9ab9-cd7057517f92 None None] Ext name="Network IP Availability" alias="network-ip-availability" description="Provides IP availability data for each network and subnet." updated="2015-09-24T00:00:00-00:00" {{(pid=102882) _check_extension /opt/stack/neutron/neutron/api/extensions.py:415}}
May 12 19:06:15.805733 np0000173800 devstack@neutron-api.service[102882]: INFO neutron.api.extensions [None req-1a796516-72a9-4010-9ab9-cd7057517f92 None None] Loaded extension: network-ip-availability
May 12 19:06:15.805832 np0000173800 devstack@neutron-api.service[102882]: DEBUG neutron.api.extensions [None req-1a796516-72a9-4010-9ab9-cd7057517f92 None None] Loading extension file: network_ip_availability_details.py {{(pid=102882) _load_all_extensions_from_path /opt/stack/neutron/neutron/api/extensions.py:449}}
May 12 19:06:15.806090 np0000173800 devstack@neutron-api.service[102882]: DEBUG neutron.api.extensions [None req-1a796516-72a9-4010-9ab9-cd7057517f92 None None] Ext name="Network IP Availability Details Extension" alias="network-ip-availability-details" description="Add ip_availability_details attribute to network-ip-availabilities resource." updated="2025-10-31T00:00:00-00:00" {{(pid=102882) _check_extension /opt/stack/neutron/neutron/api/extensions.py:415}}
May 12 19:06:15.806268 np0000173800 devstack@neutron-api.service[102882]: INFO neutron.api.extensions [None req-1a796516-72a9-4010-9ab9-cd7057517f92 None None] Loaded extension: network-ip-availability-details
May 12 19:06:15.806399 np0000173800 devstack@neutron-api.service[102882]: DEBUG neutron.api.extensions [None req-1a796516-72a9-4010-9ab9-cd7057517f92 None None] Loading extension file: network_segment_range.py {{(pid=102882) _load_all_extensions_from_path /opt/stack/neutron/neutron/api/extensions.py:449}}
May 12 19:06:15.806825 np0000173800 devstack@neutron-api.service[102882]: DEBUG neutron.api.extensions [None req-1a796516-72a9-4010-9ab9-cd7057517f92 None None] Ext name="Neutron Network Segment Range" alias="network-segment-range" description="Provides support for the network segment range management" updated="2018-11-29T00:00:00-00:00" {{(pid=102882) _check_extension /opt/stack/neutron/neutron/api/extensions.py:415}}
May 12 19:06:15.807039 np0000173800 devstack@neutron-api.service[102883]: INFO neutron.plugins.ml2.drivers.type_vlan [None req-58ecc2ae-0f50-47a7-8416-8dd589050327 None None] VlanTypeDriver initialization complete
May 12 19:06:15.807436 np0000173800 devstack@neutron-api.service[102882]: INFO neutron.api.extensions [None req-1a796516-72a9-4010-9ab9-cd7057517f92 None None] Extension network-segment-range not supported by any of loaded plugins
May 12 19:06:15.807436 np0000173800 devstack@neutron-api.service[102882]: DEBUG neutron.api.extensions [None req-1a796516-72a9-4010-9ab9-cd7057517f92 None None] Loading extension file: pagination.py {{(pid=102882) _load_all_extensions_from_path /opt/stack/neutron/neutron/api/extensions.py:449}}
May 12 19:06:15.807514 np0000173800 devstack@neutron-api.service[102883]: INFO neutron.plugins.ml2.managers [None req-58ecc2ae-0f50-47a7-8416-8dd589050327 None None] Initializing extension driver 'port_security'
May 12 19:06:15.807514 np0000173800 devstack@neutron-api.service[102883]: INFO neutron.plugins.ml2.extensions.port_security [None req-58ecc2ae-0f50-47a7-8416-8dd589050327 None None] PortSecurityExtensionDriver initialization complete
May 12 19:06:15.807514 np0000173800 devstack@neutron-api.service[102883]: INFO neutron.plugins.ml2.managers [None req-58ecc2ae-0f50-47a7-8416-8dd589050327 None None] Initializing extension driver 'qos'
May 12 19:06:15.807620 np0000173800 devstack@neutron-api.service[102882]: DEBUG neutron.api.extensions [None req-1a796516-72a9-4010-9ab9-cd7057517f92 None None] Ext name="Pagination support" alias="pagination" description="Extension that indicates that pagination is enabled." updated="2016-06-12T00:00:00-00:00" {{(pid=102882) _check_extension /opt/stack/neutron/neutron/api/extensions.py:415}}
May 12 19:06:15.807660 np0000173800 devstack@neutron-api.service[102883]: DEBUG neutron.plugins.ml2.extensions.qos [None req-58ecc2ae-0f50-47a7-8416-8dd589050327 None None] QosExtensionDriver initialization complete {{(pid=102883) initialize /opt/stack/neutron/neutron/plugins/ml2/extensions/qos.py:31}}
May 12 19:06:15.807660 np0000173800 devstack@neutron-api.service[102883]: INFO neutron.plugins.ml2.managers [None req-58ecc2ae-0f50-47a7-8416-8dd589050327 None None] Initializing mechanism driver 'ovn'
May 12 19:06:15.807781 np0000173800 devstack@neutron-api.service[102882]: INFO neutron.api.extensions [None req-1a796516-72a9-4010-9ab9-cd7057517f92 None None] Loaded extension: pagination
May 12 19:06:15.807835 np0000173800 devstack@neutron-api.service[102883]: INFO neutron.plugins.ml2.drivers.ovn.mech_driver.mech_driver [None req-58ecc2ae-0f50-47a7-8416-8dd589050327 None None] Starting OVNMechanismDriver
May 12 19:06:15.807872 np0000173800 devstack@neutron-api.service[102882]: DEBUG neutron.api.extensions [None req-1a796516-72a9-4010-9ab9-cd7057517f92 None None] Loading extension file: port_device_profile.py {{(pid=102882) _load_all_extensions_from_path /opt/stack/neutron/neutron/api/extensions.py:449}}
May 12 19:06:15.808024 np0000173800 devstack@neutron-api.service[102882]: DEBUG neutron.api.extensions [None req-1a796516-72a9-4010-9ab9-cd7057517f92 None None] Ext name="Port device profile" alias="port-device-profile" description="Expose the port device profile (Cyborg)" updated="2020-12-17T10:00:00-00:00" {{(pid=102882) _check_extension /opt/stack/neutron/neutron/api/extensions.py:415}}
May 12 19:06:15.808278 np0000173800 devstack@neutron-api.service[102882]: INFO neutron.api.extensions [None req-1a796516-72a9-4010-9ab9-cd7057517f92 None None] Loaded extension: port-device-profile
May 12 19:06:15.808419 np0000173800 devstack@neutron-api.service[102882]: DEBUG neutron.api.extensions [None req-1a796516-72a9-4010-9ab9-cd7057517f92 None None] Loading extension file: port_hardware_offload_type.py {{(pid=102882) _load_all_extensions_from_path /opt/stack/neutron/neutron/api/extensions.py:449}}
May 12 19:06:15.808737 np0000173800 devstack@neutron-api.service[102882]: DEBUG neutron.api.extensions [None req-1a796516-72a9-4010-9ab9-cd7057517f92 None None] Ext name="Port hardware offload" alias="port-hardware-offload-type" description="Expose port hardware offload extension" updated="2023-05-09T10:00:00-00:00" {{(pid=102882) _check_extension /opt/stack/neutron/neutron/api/extensions.py:415}}
May 12 19:06:15.809026 np0000173800 devstack@neutron-api.service[102882]: INFO neutron.api.extensions [None req-1a796516-72a9-4010-9ab9-cd7057517f92 None None] Extension port-hardware-offload-type not supported by any of loaded plugins
May 12 19:06:15.809153 np0000173800 devstack@neutron-api.service[102882]: DEBUG neutron.api.extensions [None req-1a796516-72a9-4010-9ab9-cd7057517f92 None None] Loading extension file: port_hint_ovs_tx_steering.py {{(pid=102882) _load_all_extensions_from_path /opt/stack/neutron/neutron/api/extensions.py:449}}
May 12 19:06:15.809221 np0000173800 devstack@neutron-api.service[102883]: DEBUG neutron_lib.callbacks.manager [None req-58ecc2ae-0f50-47a7-8416-8dd589050327 None None] Subscribe: > process before_spawn 55550000, False {{(pid=102883) subscribe /opt/stack/data/venv/lib/python3.12/site-packages/neutron_lib/callbacks/manager.py:52}}
May 12 19:06:15.809379 np0000173800 devstack@neutron-api.service[102883]: DEBUG neutron_lib.callbacks.manager [None req-58ecc2ae-0f50-47a7-8416-8dd589050327 None None] Subscribe: > process after_init 55550000, True {{(pid=102883) subscribe /opt/stack/data/venv/lib/python3.12/site-packages/neutron_lib/callbacks/manager.py:52}}
May 12 19:06:15.809467 np0000173800 devstack@neutron-api.service[102882]: DEBUG neutron.api.extensions [None req-1a796516-72a9-4010-9ab9-cd7057517f92 None None] Ext name="Port hint: Open vSwitch Tx steering" alias="port-hint-ovs-tx-steering" description="Enable Port hint: Open vSwitch Tx steering" updated="2023-01-01T00:00:00-00:00" {{(pid=102882) _check_extension /opt/stack/neutron/neutron/api/extensions.py:415}}
May 12 19:06:15.809537 np0000173800 devstack@neutron-api.service[102883]: DEBUG neutron_lib.callbacks.manager [None req-58ecc2ae-0f50-47a7-8416-8dd589050327 None None] Subscribe: > segment after_create 55550000, False {{(pid=102883) subscribe /opt/stack/data/venv/lib/python3.12/site-packages/neutron_lib/callbacks/manager.py:52}}
May 12 19:06:15.809591 np0000173800 devstack@neutron-api.service[102883]: DEBUG neutron_lib.callbacks.manager [None req-58ecc2ae-0f50-47a7-8416-8dd589050327 None None] Subscribe: > segment after_create 55550000, False {{(pid=102883) subscribe /opt/stack/data/venv/lib/python3.12/site-packages/neutron_lib/callbacks/manager.py:52}}
May 12 19:06:15.809693 np0000173800 devstack@neutron-api.service[102883]: DEBUG neutron_lib.callbacks.manager [None req-58ecc2ae-0f50-47a7-8416-8dd589050327 None None] Subscribe: > segment after_delete 55550000, False {{(pid=102883) subscribe /opt/stack/data/venv/lib/python3.12/site-packages/neutron_lib/callbacks/manager.py:52}}
May 12 19:06:15.809763 np0000173800 devstack@neutron-api.service[102882]: INFO neutron.api.extensions [None req-1a796516-72a9-4010-9ab9-cd7057517f92 None None] Extension port-hint-ovs-tx-steering not supported by any of loaded plugins
May 12 19:06:15.809819 np0000173800 devstack@neutron-api.service[102883]: DEBUG neutron_lib.callbacks.manager [None req-58ecc2ae-0f50-47a7-8416-8dd589050327 None None] Subscribe: > allowed_address_pair before_create 55550000, False {{(pid=102883) subscribe /opt/stack/data/venv/lib/python3.12/site-packages/neutron_lib/callbacks/manager.py:52}}
May 12 19:06:15.809880 np0000173800 devstack@neutron-api.service[102882]: DEBUG neutron.api.extensions [None req-1a796516-72a9-4010-9ab9-cd7057517f92 None None] Loading extension file: port_hints.py {{(pid=102882) _load_all_extensions_from_path /opt/stack/neutron/neutron/api/extensions.py:449}}
May 12 19:06:15.809923 np0000173800 devstack@neutron-api.service[102883]: DEBUG neutron_lib.callbacks.manager [None req-58ecc2ae-0f50-47a7-8416-8dd589050327 None None] Subscribe: > security_group precommit_create 55550000, False {{(pid=102883) subscribe /opt/stack/data/venv/lib/python3.12/site-packages/neutron_lib/callbacks/manager.py:52}}
May 12 19:06:15.809997 np0000173800 devstack@neutron-api.service[102883]: DEBUG neutron_lib.callbacks.manager [None req-58ecc2ae-0f50-47a7-8416-8dd589050327 None None] Subscribe: > security_group after_update 55550000, False {{(pid=102883) subscribe /opt/stack/data/venv/lib/python3.12/site-packages/neutron_lib/callbacks/manager.py:52}}
May 12 19:06:15.810100 np0000173800 devstack@neutron-api.service[102883]: DEBUG neutron_lib.callbacks.manager [None req-58ecc2ae-0f50-47a7-8416-8dd589050327 None None] Subscribe: > security_group after_create 55550000, False {{(pid=102883) subscribe /opt/stack/data/venv/lib/python3.12/site-packages/neutron_lib/callbacks/manager.py:52}}
May 12 19:06:15.810143 np0000173800 devstack@neutron-api.service[102882]: DEBUG neutron.api.extensions [None req-1a796516-72a9-4010-9ab9-cd7057517f92 None None] Ext name="Port hints" alias="port-hints" description="Backend specific port hints to allow backend specific tuning" updated="2023-01-01T00:00:00-00:00" {{(pid=102882) _check_extension /opt/stack/neutron/neutron/api/extensions.py:415}}
May 12 19:06:15.810200 np0000173800 devstack@neutron-api.service[102883]: DEBUG neutron_lib.callbacks.manager [None req-58ecc2ae-0f50-47a7-8416-8dd589050327 None None] Subscribe: > security_group precommit_delete 55550000, False {{(pid=102883) subscribe /opt/stack/data/venv/lib/python3.12/site-packages/neutron_lib/callbacks/manager.py:52}}
May 12 19:06:15.810323 np0000173800 devstack@neutron-api.service[102883]: DEBUG neutron_lib.callbacks.manager [None req-58ecc2ae-0f50-47a7-8416-8dd589050327 None None] Subscribe: > security_group after_delete 55550000, False {{(pid=102883) subscribe /opt/stack/data/venv/lib/python3.12/site-packages/neutron_lib/callbacks/manager.py:52}}
May 12 19:06:15.810393 np0000173800 devstack@neutron-api.service[102882]: INFO neutron.api.extensions [None req-1a796516-72a9-4010-9ab9-cd7057517f92 None None] Extension port-hints not supported by any of loaded plugins
May 12 19:06:15.810449 np0000173800 devstack@neutron-api.service[102883]: DEBUG neutron_lib.callbacks.manager [None req-58ecc2ae-0f50-47a7-8416-8dd589050327 None None] Subscribe: > security_group_rule precommit_create 55550000, False {{(pid=102883) subscribe /opt/stack/data/venv/lib/python3.12/site-packages/neutron_lib/callbacks/manager.py:52}}
May 12 19:06:15.810496 np0000173800 devstack@neutron-api.service[102882]: DEBUG neutron.api.extensions [None req-1a796516-72a9-4010-9ab9-cd7057517f92 None None] Loading extension file: port_mac_address_override.py {{(pid=102882) _load_all_extensions_from_path /opt/stack/neutron/neutron/api/extensions.py:449}}
May 12 19:06:15.810539 np0000173800 devstack@neutron-api.service[102883]: DEBUG neutron_lib.callbacks.manager [None req-58ecc2ae-0f50-47a7-8416-8dd589050327 None None] Subscribe: > security_group_rule after_create 55550000, False {{(pid=102883) subscribe /opt/stack/data/venv/lib/python3.12/site-packages/neutron_lib/callbacks/manager.py:52}}
May 12 19:06:15.810627 np0000173800 devstack@neutron-api.service[102883]: DEBUG neutron_lib.callbacks.manager [None req-58ecc2ae-0f50-47a7-8416-8dd589050327 None None] Subscribe: > security_group_rule before_delete 55550000, False {{(pid=102883) subscribe /opt/stack/data/venv/lib/python3.12/site-packages/neutron_lib/callbacks/manager.py:52}}
May 12 19:06:15.810737 np0000173800 devstack@neutron-api.service[102883]: DEBUG neutron_lib.callbacks.manager [None req-58ecc2ae-0f50-47a7-8416-8dd589050327 None None] Subscribe: > address_group after_create 55550000, False {{(pid=102883) subscribe /opt/stack/data/venv/lib/python3.12/site-packages/neutron_lib/callbacks/manager.py:52}}
May 12 19:06:15.810779 np0000173800 devstack@neutron-api.service[102882]: DEBUG neutron.api.extensions [None req-1a796516-72a9-4010-9ab9-cd7057517f92 None None] Ext name="Neutron Port MAC address override" alias="port-mac-override" description="Allow overriding the MAC address of a direct-physical Port via the active binding profile" updated="2022-03-18T10:00:00-00:00" {{(pid=102882) _check_extension /opt/stack/neutron/neutron/api/extensions.py:415}}
May 12 19:06:15.810827 np0000173800 devstack@neutron-api.service[102883]: DEBUG neutron_lib.callbacks.manager [None req-58ecc2ae-0f50-47a7-8416-8dd589050327 None None] Subscribe: > address_group after_update 55550000, False {{(pid=102883) subscribe /opt/stack/data/venv/lib/python3.12/site-packages/neutron_lib/callbacks/manager.py:52}}
May 12 19:06:15.810928 np0000173800 devstack@neutron-api.service[102883]: DEBUG neutron_lib.callbacks.manager [None req-58ecc2ae-0f50-47a7-8416-8dd589050327 None None] Subscribe: > address_group after_delete 55550000, False {{(pid=102883) subscribe /opt/stack/data/venv/lib/python3.12/site-packages/neutron_lib/callbacks/manager.py:52}}
May 12 19:06:15.811012 np0000173800 devstack@neutron-api.service[102882]: INFO neutron.api.extensions [None req-1a796516-72a9-4010-9ab9-cd7057517f92 None None] Extension port-mac-override not supported by any of loaded plugins
May 12 19:06:15.811119 np0000173800 devstack@neutron-api.service[102883]: DEBUG neutron_lib.callbacks.manager [None req-58ecc2ae-0f50-47a7-8416-8dd589050327 None None] Subscribe: > qos_plugin after_init 55550000, False {{(pid=102883) subscribe /opt/stack/data/venv/lib/python3.12/site-packages/neutron_lib/callbacks/manager.py:52}}
May 12 19:06:15.811198 np0000173800 devstack@neutron-api.service[102882]: DEBUG neutron.api.extensions [None req-1a796516-72a9-4010-9ab9-cd7057517f92 None None] Loading extension file: port_mac_address_regenerate.py {{(pid=102882) _load_all_extensions_from_path /opt/stack/neutron/neutron/api/extensions.py:449}}
May 12 19:06:15.811317 np0000173800 devstack@neutron-api.service[102883]: DEBUG neutron_lib.callbacks.manager [None req-58ecc2ae-0f50-47a7-8416-8dd589050327 None None] Subscribe: > trunk_plugin after_init 55550000, False {{(pid=102883) subscribe /opt/stack/data/venv/lib/python3.12/site-packages/neutron_lib/callbacks/manager.py:52}}
May 12 19:06:15.811472 np0000173800 devstack@neutron-api.service[102882]: DEBUG neutron.api.extensions [None req-1a796516-72a9-4010-9ab9-cd7057517f92 None None] Ext name="Neutron Port MAC address regenerate" alias="port-mac-address-regenerate" description="Network port MAC address regenerate" updated="2018-05-03T10:00:00-00:00" {{(pid=102882) _check_extension /opt/stack/neutron/neutron/api/extensions.py:415}}
May 12 19:06:15.811665 np0000173800 devstack@neutron-api.service[102883]: DEBUG neutron_lib.callbacks.manager [None req-58ecc2ae-0f50-47a7-8416-8dd589050327 None None] Subscribe: > logging-plugin after_init 55550000, False {{(pid=102883) subscribe /opt/stack/data/venv/lib/python3.12/site-packages/neutron_lib/callbacks/manager.py:52}}
May 12 19:06:15.812256 np0000173800 devstack@neutron-api.service[102882]: INFO neutron.api.extensions [None req-1a796516-72a9-4010-9ab9-cd7057517f92 None None] Loaded extension: port-mac-address-regenerate
May 12 19:06:15.812256 np0000173800 devstack@neutron-api.service[102882]: DEBUG neutron.api.extensions [None req-1a796516-72a9-4010-9ab9-cd7057517f92 None None] Loading extension file: port_numa_affinity_policy.py {{(pid=102882) _load_all_extensions_from_path /opt/stack/neutron/neutron/api/extensions.py:449}}
May 12 19:06:15.812642 np0000173800 devstack@neutron-api.service[102883]: INFO neutron.services.logapi.drivers.ovn.driver [None req-58ecc2ae-0f50-47a7-8416-8dd589050327 None None] OVN logging driver registered
May 12 19:06:15.812757 np0000173800 devstack@neutron-api.service[102882]: DEBUG neutron.api.extensions [None req-1a796516-72a9-4010-9ab9-cd7057517f92 None None] Ext name="Port NUMA affinity policy" alias="port-numa-affinity-policy" description="Expose the port NUMA affinity policy" updated="2020-07-08T10:00:00-00:00" {{(pid=102882) _check_extension /opt/stack/neutron/neutron/api/extensions.py:415}}
May 12 19:06:15.812757 np0000173800 devstack@neutron-api.service[102882]: INFO neutron.api.extensions [None req-1a796516-72a9-4010-9ab9-cd7057517f92 None None] Loaded extension: port-numa-affinity-policy
May 12 19:06:15.812757 np0000173800 devstack@neutron-api.service[102882]: DEBUG neutron.api.extensions [None req-1a796516-72a9-4010-9ab9-cd7057517f92 None None] Loading extension file: port_numa_affinity_policy_socket.py {{(pid=102882) _load_all_extensions_from_path /opt/stack/neutron/neutron/api/extensions.py:449}}
May 12 19:06:15.813045 np0000173800 devstack@neutron-api.service[102882]: DEBUG neutron.api.extensions [None req-1a796516-72a9-4010-9ab9-cd7057517f92 None None] Ext name="Port NUMA affinity policy "socket"" alias="port-numa-affinity-policy-socket" description="Adds "socket" to the supported port NUMA affinity policies" updated="2024-02-09T10:00:00-00:00" {{(pid=102882) _check_extension /opt/stack/neutron/neutron/api/extensions.py:415}}
May 12 19:06:15.813259 np0000173800 devstack@neutron-api.service[102882]: INFO neutron.api.extensions [None req-1a796516-72a9-4010-9ab9-cd7057517f92 None None] Loaded extension: port-numa-affinity-policy-socket
May 12 19:06:15.813418 np0000173800 devstack@neutron-api.service[102883]: DEBUG neutron.plugins.ml2.plugin [None req-58ecc2ae-0f50-47a7-8416-8dd589050327 None None] neutron.plugins.ml2.plugin.Ml2Plugin method _start_rpc_notifiers called with arguments () {} {{(pid=102883) wrapper /opt/stack/data/venv/lib/python3.12/site-packages/oslo_log/helpers.py:77}}
May 12 19:06:15.813548 np0000173800 devstack@neutron-api.service[102882]: DEBUG neutron.api.extensions [None req-1a796516-72a9-4010-9ab9-cd7057517f92 None None] Loading extension file: port_resource_request.py {{(pid=102882) _load_all_extensions_from_path /opt/stack/neutron/neutron/api/extensions.py:449}}
May 12 19:06:15.813670 np0000173800 devstack@neutron-api.service[102883]: DEBUG neutron_lib.callbacks.manager [None req-58ecc2ae-0f50-47a7-8416-8dd589050327 None None] Subscribe: > port after_create 55550000, False {{(pid=102883) subscribe /opt/stack/data/venv/lib/python3.12/site-packages/neutron_lib/callbacks/manager.py:52}}
May 12 19:06:15.813842 np0000173800 devstack@neutron-api.service[102882]: DEBUG neutron.api.extensions [None req-1a796516-72a9-4010-9ab9-cd7057517f92 None None] Ext name="Port Resource Request" alias="port-resource-request" description="Expose resource request to Port" updated="2018-05-08T10:00:00-00:00" {{(pid=102882) _check_extension /opt/stack/neutron/neutron/api/extensions.py:415}}
May 12 19:06:15.813896 np0000173800 devstack@neutron-api.service[102883]: DEBUG neutron_lib.callbacks.manager [None req-58ecc2ae-0f50-47a7-8416-8dd589050327 None None] Subscribe: > port after_update 55550000, False {{(pid=102883) subscribe /opt/stack/data/venv/lib/python3.12/site-packages/neutron_lib/callbacks/manager.py:52}}
May 12 19:06:15.813896 np0000173800 devstack@neutron-api.service[102883]: DEBUG neutron_lib.callbacks.manager [None req-58ecc2ae-0f50-47a7-8416-8dd589050327 None None] Subscribe: > port after_delete 55550000, False {{(pid=102883) subscribe /opt/stack/data/venv/lib/python3.12/site-packages/neutron_lib/callbacks/manager.py:52}}
May 12 19:06:15.814024 np0000173800 devstack@neutron-api.service[102883]: DEBUG neutron_lib.callbacks.manager [None req-58ecc2ae-0f50-47a7-8416-8dd589050327 None None] Subscribe: > subnet after_create 55550000, False {{(pid=102883) subscribe /opt/stack/data/venv/lib/python3.12/site-packages/neutron_lib/callbacks/manager.py:52}}
May 12 19:06:15.814067 np0000173800 devstack@neutron-api.service[102882]: INFO neutron.api.extensions [None req-1a796516-72a9-4010-9ab9-cd7057517f92 None None] Extension port-resource-request not supported by any of loaded plugins
May 12 19:06:15.814142 np0000173800 devstack@neutron-api.service[102883]: DEBUG neutron_lib.callbacks.manager [None req-58ecc2ae-0f50-47a7-8416-8dd589050327 None None] Subscribe: > subnet after_update 55550000, False {{(pid=102883) subscribe /opt/stack/data/venv/lib/python3.12/site-packages/neutron_lib/callbacks/manager.py:52}}
May 12 19:06:15.814182 np0000173800 devstack@neutron-api.service[102882]: DEBUG neutron.api.extensions [None req-1a796516-72a9-4010-9ab9-cd7057517f92 None None] Loading extension file: port_resource_request_groups.py {{(pid=102882) _load_all_extensions_from_path /opt/stack/neutron/neutron/api/extensions.py:449}}
May 12 19:06:15.814262 np0000173800 devstack@neutron-api.service[102883]: DEBUG neutron_lib.callbacks.manager [None req-58ecc2ae-0f50-47a7-8416-8dd589050327 None None] Subscribe: > subnet after_delete 55550000, False {{(pid=102883) subscribe /opt/stack/data/venv/lib/python3.12/site-packages/neutron_lib/callbacks/manager.py:52}}
May 12 19:06:15.814262 np0000173800 devstack@neutron-api.service[102883]: DEBUG neutron_lib.callbacks.manager [None req-58ecc2ae-0f50-47a7-8416-8dd589050327 None None] Subscribe: > network after_create 55550000, False {{(pid=102883) subscribe /opt/stack/data/venv/lib/python3.12/site-packages/neutron_lib/callbacks/manager.py:52}}
May 12 19:06:15.814409 np0000173800 devstack@neutron-api.service[102883]: DEBUG neutron_lib.callbacks.manager [None req-58ecc2ae-0f50-47a7-8416-8dd589050327 None None] Subscribe: > network after_update 55550000, False {{(pid=102883) subscribe /opt/stack/data/venv/lib/python3.12/site-packages/neutron_lib/callbacks/manager.py:52}}
May 12 19:06:15.814485 np0000173800 devstack@neutron-api.service[102883]: DEBUG neutron_lib.callbacks.manager [None req-58ecc2ae-0f50-47a7-8416-8dd589050327 None None] Subscribe: > network after_delete 55550000, False {{(pid=102883) subscribe /opt/stack/data/venv/lib/python3.12/site-packages/neutron_lib/callbacks/manager.py:52}}
May 12 19:06:15.814541 np0000173800 devstack@neutron-api.service[102882]: DEBUG neutron.api.extensions [None req-1a796516-72a9-4010-9ab9-cd7057517f92 None None] Ext name="Port Resource Request Groups" alias="port-resource-request-groups" description="Support requesting multiple groups of resources and traits from the same RP subtree in resource_request" updated="2021-08-02T10:00:00-00:00" {{(pid=102882) _check_extension /opt/stack/neutron/neutron/api/extensions.py:415}}
May 12 19:06:15.814660 np0000173800 devstack@neutron-api.service[102883]: DEBUG neutron_lib.callbacks.manager [None req-58ecc2ae-0f50-47a7-8416-8dd589050327 None None] Subscribe: > security_group after_create 55550000, False {{(pid=102883) subscribe /opt/stack/data/venv/lib/python3.12/site-packages/neutron_lib/callbacks/manager.py:52}}
May 12 19:06:15.814660 np0000173800 devstack@neutron-api.service[102883]: DEBUG neutron_lib.callbacks.manager [None req-58ecc2ae-0f50-47a7-8416-8dd589050327 None None] Subscribe: > security_group after_update 55550000, False {{(pid=102883) subscribe /opt/stack/data/venv/lib/python3.12/site-packages/neutron_lib/callbacks/manager.py:52}}
May 12 19:06:15.814788 np0000173800 devstack@neutron-api.service[102883]: DEBUG neutron_lib.callbacks.manager [None req-58ecc2ae-0f50-47a7-8416-8dd589050327 None None] Subscribe: > security_group after_delete 55550000, False {{(pid=102883) subscribe /opt/stack/data/venv/lib/python3.12/site-packages/neutron_lib/callbacks/manager.py:52}}
May 12 19:06:15.814825 np0000173800 devstack@neutron-api.service[102882]: INFO neutron.api.extensions [None req-1a796516-72a9-4010-9ab9-cd7057517f92 None None] Extension port-resource-request-groups not supported by any of loaded plugins
May 12 19:06:15.814909 np0000173800 devstack@neutron-api.service[102883]: DEBUG neutron_lib.callbacks.manager [None req-58ecc2ae-0f50-47a7-8416-8dd589050327 None None] Subscribe: > security_group_rule after_create 55550000, False {{(pid=102883) subscribe /opt/stack/data/venv/lib/python3.12/site-packages/neutron_lib/callbacks/manager.py:52}}
May 12 19:06:15.814951 np0000173800 devstack@neutron-api.service[102882]: DEBUG neutron.api.extensions [None req-1a796516-72a9-4010-9ab9-cd7057517f92 None None] Loading extension file: port_trusted_vif.py {{(pid=102882) _load_all_extensions_from_path /opt/stack/neutron/neutron/api/extensions.py:449}}
May 12 19:06:15.815038 np0000173800 devstack@neutron-api.service[102883]: DEBUG neutron_lib.callbacks.manager [None req-58ecc2ae-0f50-47a7-8416-8dd589050327 None None] Subscribe: > security_group_rule after_update 55550000, False {{(pid=102883) subscribe /opt/stack/data/venv/lib/python3.12/site-packages/neutron_lib/callbacks/manager.py:52}}
May 12 19:06:15.815038 np0000173800 devstack@neutron-api.service[102883]: DEBUG neutron_lib.callbacks.manager [None req-58ecc2ae-0f50-47a7-8416-8dd589050327 None None] Subscribe: > security_group_rule after_delete 55550000, False {{(pid=102883) subscribe /opt/stack/data/venv/lib/python3.12/site-packages/neutron_lib/callbacks/manager.py:52}}
May 12 19:06:15.815152 np0000173800 devstack@neutron-api.service[102883]: DEBUG neutron_lib.callbacks.manager [None req-58ecc2ae-0f50-47a7-8416-8dd589050327 None None] Subscribe: > address_group after_create 55550000, False {{(pid=102883) subscribe /opt/stack/data/venv/lib/python3.12/site-packages/neutron_lib/callbacks/manager.py:52}}
May 12 19:06:15.815236 np0000173800 devstack@neutron-api.service[102883]: DEBUG neutron_lib.callbacks.manager [None req-58ecc2ae-0f50-47a7-8416-8dd589050327 None None] Subscribe: > address_group after_update 55550000, False {{(pid=102883) subscribe /opt/stack/data/venv/lib/python3.12/site-packages/neutron_lib/callbacks/manager.py:52}}
May 12 19:06:15.815390 np0000173800 devstack@neutron-api.service[102882]: DEBUG neutron.api.extensions [None req-1a796516-72a9-4010-9ab9-cd7057517f92 None None] Ext name="Port trusted vif" alias="port-trusted-vif" description="Expose port 'trusted' attribute in the API" updated="2024-07-10T10:00:00-00:00" {{(pid=102882) _check_extension /opt/stack/neutron/neutron/api/extensions.py:415}}
May 12 19:06:15.815458 np0000173800 devstack@neutron-api.service[102883]: DEBUG neutron_lib.callbacks.manager [None req-58ecc2ae-0f50-47a7-8416-8dd589050327 None None] Subscribe: > address_group after_delete 55550000, False {{(pid=102883) subscribe /opt/stack/data/venv/lib/python3.12/site-packages/neutron_lib/callbacks/manager.py:52}}
May 12 19:06:15.815458 np0000173800 devstack@neutron-api.service[102883]: DEBUG neutron.plugins.ml2.ovo_rpc [None req-58ecc2ae-0f50-47a7-8416-8dd589050327 None None] ML2 OVO RPC backend initialized. {{(pid=102883) __init__ /opt/stack/neutron/neutron/plugins/ml2/ovo_rpc.py:117}}
May 12 19:06:15.815662 np0000173800 devstack@neutron-api.service[102882]: INFO neutron.api.extensions [None req-1a796516-72a9-4010-9ab9-cd7057517f92 None None] Extension port-trusted-vif not supported by any of loaded plugins
May 12 19:06:15.815705 np0000173800 devstack@neutron-api.service[102882]: DEBUG neutron.api.extensions [None req-1a796516-72a9-4010-9ab9-cd7057517f92 None None] Loading extension file: portbindings.py {{(pid=102882) _load_all_extensions_from_path /opt/stack/neutron/neutron/api/extensions.py:449}}
May 12 19:06:15.816076 np0000173800 devstack@neutron-api.service[102882]: DEBUG neutron.api.extensions [None req-1a796516-72a9-4010-9ab9-cd7057517f92 None None] Ext name="Port Binding" alias="binding" description="Expose port bindings of a virtual port to external application" updated="2014-02-03T10:00:00-00:00" {{(pid=102882) _check_extension /opt/stack/neutron/neutron/api/extensions.py:415}}
May 12 19:06:15.816338 np0000173800 devstack@neutron-api.service[102882]: INFO neutron.api.extensions [None req-1a796516-72a9-4010-9ab9-cd7057517f92 None None] Loaded extension: binding
May 12 19:06:15.816441 np0000173800 devstack@neutron-api.service[102883]: INFO neutron.quota [None req-58ecc2ae-0f50-47a7-8416-8dd589050327 None None] Loaded quota_driver: .
May 12 19:06:15.816484 np0000173800 devstack@neutron-api.service[102882]: DEBUG neutron.api.extensions [None req-1a796516-72a9-4010-9ab9-cd7057517f92 None None] Loading extension file: portbindings_extended.py {{(pid=102882) _load_all_extensions_from_path /opt/stack/neutron/neutron/api/extensions.py:449}}
May 12 19:06:15.816635 np0000173800 devstack@neutron-api.service[102883]: INFO neutron.plugins.ml2.plugin [None req-58ecc2ae-0f50-47a7-8416-8dd589050327 None None] Modular L2 Plugin initialization complete
May 12 19:06:15.816894 np0000173800 devstack@neutron-api.service[102883]: DEBUG neutron.manager [None req-58ecc2ae-0f50-47a7-8416-8dd589050327 None None] Loading services supported by the core plugin {{(pid=102883) _load_services_from_core_plugin /opt/stack/neutron/neutron/manager.py:170}}
May 12 19:06:15.816965 np0000173800 devstack@neutron-api.service[102882]: DEBUG neutron.api.extensions [None req-1a796516-72a9-4010-9ab9-cd7057517f92 None None] Ext name="Port Bindings Extended" alias="binding-extended" description="Expose port bindings of a virtual port to external application" updated="2017-07-17T10:00:00-00:00" {{(pid=102882) _check_extension /opt/stack/neutron/neutron/api/extensions.py:415}}
May 12 19:06:15.817011 np0000173800 devstack@neutron-api.service[102883]: INFO neutron.plugins.ml2.managers [None req-58ecc2ae-0f50-47a7-8416-8dd589050327 None None] Got port-security extension from driver 'port_security'
May 12 19:06:15.817183 np0000173800 devstack@neutron-api.service[102882]: INFO neutron.api.extensions [None req-1a796516-72a9-4010-9ab9-cd7057517f92 None None] Loaded extension: binding-extended
May 12 19:06:15.817222 np0000173800 devstack@neutron-api.service[102883]: DEBUG neutron.manager [None req-58ecc2ae-0f50-47a7-8416-8dd589050327 None None] Loading service plugins: ['ovn-router', 'auto_allocate', 'tag', 'timestamp', 'network_ip_availability', 'flavors', 'revisions'] {{(pid=102883) _load_service_plugins /opt/stack/neutron/neutron/manager.py:195}}
May 12 19:06:15.817338 np0000173800 devstack@neutron-api.service[102882]: DEBUG neutron.api.extensions [None req-1a796516-72a9-4010-9ab9-cd7057517f92 None None] Loading extension file: portsecurity.py {{(pid=102882) _load_all_extensions_from_path /opt/stack/neutron/neutron/api/extensions.py:449}}
May 12 19:06:15.817381 np0000173800 devstack@neutron-api.service[102883]: INFO neutron.manager [None req-58ecc2ae-0f50-47a7-8416-8dd589050327 None None] Loading Plugin: ovn-router
May 12 19:06:15.817651 np0000173800 devstack@neutron-api.service[102882]: DEBUG neutron.api.extensions [None req-1a796516-72a9-4010-9ab9-cd7057517f92 None None] Ext name="Port Security" alias="port-security" description="Provides port security" updated="2012-07-23T10:00:00-00:00" {{(pid=102882) _check_extension /opt/stack/neutron/neutron/api/extensions.py:415}}
May 12 19:06:15.817910 np0000173800 devstack@neutron-api.service[102882]: INFO neutron.api.extensions [None req-1a796516-72a9-4010-9ab9-cd7057517f92 None None] Loaded extension: port-security
May 12 19:06:15.818061 np0000173800 devstack@neutron-api.service[102882]: DEBUG neutron.api.extensions [None req-1a796516-72a9-4010-9ab9-cd7057517f92 None None] Loading extension file: project_id.py {{(pid=102882) _load_all_extensions_from_path /opt/stack/neutron/neutron/api/extensions.py:449}}
May 12 19:06:15.818454 np0000173800 devstack@neutron-api.service[102882]: DEBUG neutron.api.extensions [None req-1a796516-72a9-4010-9ab9-cd7057517f92 None None] Ext name="project_id field enabled" alias="project-id" description="Extension that indicates that project_id field is enabled." updated="2016-09-09T09:09:09-09:09" {{(pid=102882) _check_extension /opt/stack/neutron/neutron/api/extensions.py:415}}
May 12 19:06:15.818562 np0000173800 devstack@neutron-api.service[102882]: INFO neutron.api.extensions [None req-1a796516-72a9-4010-9ab9-cd7057517f92 None None] Loaded extension: project-id
May 12 19:06:15.818719 np0000173800 devstack@neutron-api.service[102882]: DEBUG neutron.api.extensions [None req-1a796516-72a9-4010-9ab9-cd7057517f92 None None] Loading extension file: providernet.py {{(pid=102882) _load_all_extensions_from_path /opt/stack/neutron/neutron/api/extensions.py:449}}
May 12 19:06:15.819064 np0000173800 devstack@neutron-api.service[102882]: DEBUG neutron.api.extensions [None req-1a796516-72a9-4010-9ab9-cd7057517f92 None None] Ext name="Provider Network" alias="provider" description="Expose mapping of virtual networks to physical networks" updated="2012-09-07T10:00:00-00:00" {{(pid=102882) _check_extension /opt/stack/neutron/neutron/api/extensions.py:415}}
May 12 19:06:15.819365 np0000173800 devstack@neutron-api.service[102882]: INFO neutron.api.extensions [None req-1a796516-72a9-4010-9ab9-cd7057517f92 None None] Loaded extension: provider
May 12 19:06:15.819521 np0000173800 devstack@neutron-api.service[102882]: DEBUG neutron.api.extensions [None req-1a796516-72a9-4010-9ab9-cd7057517f92 None None] Loading extension file: qinq.py {{(pid=102882) _load_all_extensions_from_path /opt/stack/neutron/neutron/api/extensions.py:449}}
May 12 19:06:15.819942 np0000173800 devstack@neutron-api.service[102882]: DEBUG neutron.api.extensions [None req-1a796516-72a9-4010-9ab9-cd7057517f92 None None] Ext name="QinQ networks" alias="qinq" description="Expose network 'qinq' attribute in the API. This allows to configure network to allow vlan in vlan configuration using 0x8a88 ethertype (QinQ)." updated="2024-12-02T10:00:00-00:00" {{(pid=102882) _check_extension /opt/stack/neutron/neutron/api/extensions.py:415}}
May 12 19:06:15.820190 np0000173800 devstack@neutron-api.service[102882]: INFO neutron.api.extensions [None req-1a796516-72a9-4010-9ab9-cd7057517f92 None None] Loaded extension: qinq
May 12 19:06:15.820361 np0000173800 devstack@neutron-api.service[102882]: DEBUG neutron.api.extensions [None req-1a796516-72a9-4010-9ab9-cd7057517f92 None None] Loading extension file: qos.py {{(pid=102882) _load_all_extensions_from_path /opt/stack/neutron/neutron/api/extensions.py:449}}
May 12 19:06:15.821695 np0000173800 devstack@neutron-api.service[102882]: DEBUG neutron.api.extensions [None req-1a796516-72a9-4010-9ab9-cd7057517f92 None None] Ext name="Quality of Service" alias="qos" description="The Quality of Service extension." updated="2015-06-08T10:00:00-00:00" {{(pid=102882) _check_extension /opt/stack/neutron/neutron/api/extensions.py:415}}
May 12 19:06:15.821981 np0000173800 devstack@neutron-api.service[102882]: INFO neutron.api.extensions [None req-1a796516-72a9-4010-9ab9-cd7057517f92 None None] Extension qos not supported by any of loaded plugins
May 12 19:06:15.822134 np0000173800 devstack@neutron-api.service[102882]: DEBUG neutron.api.extensions [None req-1a796516-72a9-4010-9ab9-cd7057517f92 None None] Loading extension file: qos_bw_limit_direction.py {{(pid=102882) _load_all_extensions_from_path /opt/stack/neutron/neutron/api/extensions.py:449}}
May 12 19:06:15.822535 np0000173800 devstack@neutron-api.service[102882]: DEBUG neutron.api.extensions [None req-1a796516-72a9-4010-9ab9-cd7057517f92 None None] Ext name="Direction for QoS bandwidth limit rule" alias="qos-bw-limit-direction" description="Allow to configure QoS bandwidth limit rule with specific direction: ingress or egress" updated="2017-04-10T10:00:00-00:00" {{(pid=102882) _check_extension /opt/stack/neutron/neutron/api/extensions.py:415}}
May 12 19:06:15.822760 np0000173800 devstack@neutron-api.service[102882]: INFO neutron.api.extensions [None req-1a796516-72a9-4010-9ab9-cd7057517f92 None None] Extension qos-bw-limit-direction not supported by any of loaded plugins
May 12 19:06:15.822884 np0000173800 devstack@neutron-api.service[102882]: DEBUG neutron.api.extensions [None req-1a796516-72a9-4010-9ab9-cd7057517f92 None None] Loading extension file: qos_bw_minimum_ingress.py {{(pid=102882) _load_all_extensions_from_path /opt/stack/neutron/neutron/api/extensions.py:449}}
May 12 19:06:15.823172 np0000173800 devstack@neutron-api.service[102882]: DEBUG neutron.api.extensions [None req-1a796516-72a9-4010-9ab9-cd7057517f92 None None] Ext name="Ingress direction for QoS minimum bandwidth rule" alias="qos-bw-minimum-ingress" description="Allow to configure QoS minumum bandwidth rule with ingress direction." updated="2018-07-09T10:00:00-00:00" {{(pid=102882) _check_extension /opt/stack/neutron/neutron/api/extensions.py:415}}
May 12 19:06:15.823415 np0000173800 devstack@neutron-api.service[102882]: INFO neutron.api.extensions [None req-1a796516-72a9-4010-9ab9-cd7057517f92 None None] Extension qos-bw-minimum-ingress not supported by any of loaded plugins
May 12 19:06:15.823539 np0000173800 devstack@neutron-api.service[102882]: DEBUG neutron.api.extensions [None req-1a796516-72a9-4010-9ab9-cd7057517f92 None None] Loading extension file: qos_default.py {{(pid=102882) _load_all_extensions_from_path /opt/stack/neutron/neutron/api/extensions.py:449}}
May 12 19:06:15.823849 np0000173800 devstack@neutron-api.service[102882]: DEBUG neutron.api.extensions [None req-1a796516-72a9-4010-9ab9-cd7057517f92 None None] Ext name="QoS default policy" alias="qos-default" description="Expose the QoS default policy per project" updated="2017-041-06T10:00:00-00:00" {{(pid=102882) _check_extension /opt/stack/neutron/neutron/api/extensions.py:415}}
May 12 19:06:15.824121 np0000173800 devstack@neutron-api.service[102882]: INFO neutron.api.extensions [None req-1a796516-72a9-4010-9ab9-cd7057517f92 None None] Extension qos-default not supported by any of loaded plugins
May 12 19:06:15.824268 np0000173800 devstack@neutron-api.service[102882]: DEBUG neutron.api.extensions [None req-1a796516-72a9-4010-9ab9-cd7057517f92 None None] Loading extension file: qos_fip.py {{(pid=102882) _load_all_extensions_from_path /opt/stack/neutron/neutron/api/extensions.py:449}}
May 12 19:06:15.824627 np0000173800 devstack@neutron-api.service[102882]: DEBUG neutron.api.extensions [None req-1a796516-72a9-4010-9ab9-cd7057517f92 None None] Ext name="Floating IP QoS" alias="qos-fip" description="The floating IP Quality of Service extension" updated="2017-07-20T00:00:00-00:00" {{(pid=102882) _check_extension /opt/stack/neutron/neutron/api/extensions.py:415}}
May 12 19:06:15.824977 np0000173800 devstack@neutron-api.service[102882]: INFO neutron.api.extensions [None req-1a796516-72a9-4010-9ab9-cd7057517f92 None None] Extension qos-fip not supported by any of loaded plugins
May 12 19:06:15.825080 np0000173800 devstack@neutron-api.service[102882]: DEBUG neutron.api.extensions [None req-1a796516-72a9-4010-9ab9-cd7057517f92 None None] Loading extension file: qos_fip_network_policy.py {{(pid=102882) _load_all_extensions_from_path /opt/stack/neutron/neutron/api/extensions.py:449}}
May 12 19:06:15.825444 np0000173800 devstack@neutron-api.service[102882]: DEBUG neutron.api.extensions [None req-1a796516-72a9-4010-9ab9-cd7057517f92 None None] Ext name="QoS floating IP network policy ID" alias="qos-fip-network-policy" description="Adds a the QoS network ID to the floating IP definition" updated="2021-11-15T10:00:00-00:00" {{(pid=102882) _check_extension /opt/stack/neutron/neutron/api/extensions.py:415}}
May 12 19:06:15.825702 np0000173800 devstack@neutron-api.service[102882]: INFO neutron.api.extensions [None req-1a796516-72a9-4010-9ab9-cd7057517f92 None None] Extension qos-fip-network-policy not supported by any of loaded plugins
May 12 19:06:15.825863 np0000173800 devstack@neutron-api.service[102882]: DEBUG neutron.api.extensions [None req-1a796516-72a9-4010-9ab9-cd7057517f92 None None] Loading extension file: qos_gateway_ip.py {{(pid=102882) _load_all_extensions_from_path /opt/stack/neutron/neutron/api/extensions.py:449}}
May 12 19:06:15.826212 np0000173800 devstack@neutron-api.service[102882]: DEBUG neutron.api.extensions [None req-1a796516-72a9-4010-9ab9-cd7057517f92 None None] Ext name="Router gateway IP QoS" alias="qos-gateway-ip" description="The Router gateway IP Quality of Service extension" updated="2018-02-24T00:00:00-00:00" {{(pid=102882) _check_extension /opt/stack/neutron/neutron/api/extensions.py:415}}
May 12 19:06:15.826480 np0000173800 devstack@neutron-api.service[102882]: INFO neutron.api.extensions [None req-1a796516-72a9-4010-9ab9-cd7057517f92 None None] Extension qos-gateway-ip not supported by any of loaded plugins
May 12 19:06:15.826661 np0000173800 devstack@neutron-api.service[102882]: DEBUG neutron.api.extensions [None req-1a796516-72a9-4010-9ab9-cd7057517f92 None None] Loading extension file: qos_port_network_policy.py {{(pid=102882) _load_all_extensions_from_path /opt/stack/neutron/neutron/api/extensions.py:449}}
May 12 19:06:15.826995 np0000173800 devstack@neutron-api.service[102882]: DEBUG neutron.api.extensions [None req-1a796516-72a9-4010-9ab9-cd7057517f92 None None] Ext name="QoS port network policy ID" alias="qos-port-network-policy" description="Adds a the QoS network ID to the port definition" updated="2019-11-01T10:00:00-00:00" {{(pid=102882) _check_extension /opt/stack/neutron/neutron/api/extensions.py:415}}
May 12 19:06:15.827234 np0000173800 devstack@neutron-api.service[102882]: INFO neutron.api.extensions [None req-1a796516-72a9-4010-9ab9-cd7057517f92 None None] Extension qos-port-network-policy not supported by any of loaded plugins
May 12 19:06:15.827407 np0000173800 devstack@neutron-api.service[102882]: DEBUG neutron.api.extensions [None req-1a796516-72a9-4010-9ab9-cd7057517f92 None None] Loading extension file: qos_pps_minimum_rule.py {{(pid=102882) _load_all_extensions_from_path /opt/stack/neutron/neutron/api/extensions.py:449}}
May 12 19:06:15.827762 np0000173800 devstack@neutron-api.service[102882]: DEBUG neutron.api.extensions [None req-1a796516-72a9-4010-9ab9-cd7057517f92 None None] Ext name="QoS minimum packet rate rule" alias="qos-pps-minimum" description="Allow to configure QoS minimum packet rate rule." updated="2021-07-14T10:00:00-00:00" {{(pid=102882) _check_extension /opt/stack/neutron/neutron/api/extensions.py:415}}
May 12 19:06:15.827993 np0000173800 devstack@neutron-api.service[102882]: INFO neutron.api.extensions [None req-1a796516-72a9-4010-9ab9-cd7057517f92 None None] Extension qos-pps-minimum not supported by any of loaded plugins
May 12 19:06:15.828114 np0000173800 devstack@neutron-api.service[102882]: DEBUG neutron.api.extensions [None req-1a796516-72a9-4010-9ab9-cd7057517f92 None None] Loading extension file: qos_pps_minimum_rule_alias.py {{(pid=102882) _load_all_extensions_from_path /opt/stack/neutron/neutron/api/extensions.py:449}}
May 12 19:06:15.828425 np0000173800 devstack@neutron-api.service[102882]: DEBUG neutron.api.extensions [None req-1a796516-72a9-4010-9ab9-cd7057517f92 None None] Ext name="QoS minimum packet rate rule alias" alias="qos-pps-minimum-rule-alias" description="API to enable GET, PUT and DELETE operations on QoS minimum packet rate rule without specifying policy ID" updated="2021-10-22T10:00:00-00:00" {{(pid=102882) _check_extension /opt/stack/neutron/neutron/api/extensions.py:415}}
May 12 19:06:15.828650 np0000173800 devstack@neutron-api.service[102882]: INFO neutron.api.extensions [None req-1a796516-72a9-4010-9ab9-cd7057517f92 None None] Extension qos-pps-minimum-rule-alias not supported by any of loaded plugins
May 12 19:06:15.828771 np0000173800 devstack@neutron-api.service[102882]: DEBUG neutron.api.extensions [None req-1a796516-72a9-4010-9ab9-cd7057517f92 None None] Loading extension file: qos_pps_rule.py {{(pid=102882) _load_all_extensions_from_path /opt/stack/neutron/neutron/api/extensions.py:449}}
May 12 19:06:15.829188 np0000173800 devstack@neutron-api.service[102882]: DEBUG neutron.api.extensions [None req-1a796516-72a9-4010-9ab9-cd7057517f92 None None] Ext name="QoS Rule Type Packet per Second Extension" alias="qos-pps" description="Add QoS Rule Type Packet per Second" updated="2021-05-12T10:00:00-00:00" {{(pid=102882) _check_extension /opt/stack/neutron/neutron/api/extensions.py:415}}
May 12 19:06:15.829395 np0000173800 devstack@neutron-api.service[102882]: INFO neutron.api.extensions [None req-1a796516-72a9-4010-9ab9-cd7057517f92 None None] Extension qos-pps not supported by any of loaded plugins
May 12 19:06:15.829492 np0000173800 devstack@neutron-api.service[102882]: DEBUG neutron.api.extensions [None req-1a796516-72a9-4010-9ab9-cd7057517f92 None None] Loading extension file: qos_rule_type_details.py {{(pid=102882) _load_all_extensions_from_path /opt/stack/neutron/neutron/api/extensions.py:449}}
May 12 19:06:15.829726 np0000173800 devstack@neutron-api.service[102882]: DEBUG neutron.api.extensions [None req-1a796516-72a9-4010-9ab9-cd7057517f92 None None] Ext name="Details of QoS rule types" alias="qos-rule-type-details" description="Expose details about QoS rule types supported by loaded backend drivers" updated="2017-06-22T10:00:00-00:00" {{(pid=102882) _check_extension /opt/stack/neutron/neutron/api/extensions.py:415}}
May 12 19:06:15.829919 np0000173800 devstack@neutron-api.service[102882]: INFO neutron.api.extensions [None req-1a796516-72a9-4010-9ab9-cd7057517f92 None None] Extension qos-rule-type-details not supported by any of loaded plugins
