Apr 20 17:05:45.751451 np0000168361 devstack@neutron-api.service[104043]: DEBUG neutron_lib.callbacks.manager [None req-68421b80-b4f6-49c3-aef8-5b23c26ddc52 None None] Subscribe: > port_forwarding_plugin after_init 55550000, False {{(pid=104043) subscribe /opt/stack/data/venv/lib/python3.12/site-packages/neutron_lib/callbacks/manager.py:52}}
Apr 20 17:05:45.751973 np0000168361 devstack@neutron-api.service[104043]: DEBUG neutron_lib.callbacks.manager [None req-68421b80-b4f6-49c3-aef8-5b23c26ddc52 None None] Subscribe: > router before_create 55550100, False {{(pid=104043) subscribe /opt/stack/data/venv/lib/python3.12/site-packages/neutron_lib/callbacks/manager.py:52}}
Apr 20 17:05:45.751973 np0000168361 devstack@neutron-api.service[104043]: DEBUG neutron_lib.callbacks.manager [None req-68421b80-b4f6-49c3-aef8-5b23c26ddc52 None None] Subscribe: > router precommit_delete 55550100, False {{(pid=104043) subscribe /opt/stack/data/venv/lib/python3.12/site-packages/neutron_lib/callbacks/manager.py:52}}
Apr 20 17:05:45.751973 np0000168361 devstack@neutron-api.service[104043]: DEBUG neutron_lib.callbacks.manager [None req-68421b80-b4f6-49c3-aef8-5b23c26ddc52 None None] Subscribe: > router precommit_create 55550100, False {{(pid=104043) subscribe /opt/stack/data/venv/lib/python3.12/site-packages/neutron_lib/callbacks/manager.py:52}}
Apr 20 17:05:45.751973 np0000168361 devstack@neutron-api.service[104043]: DEBUG neutron_lib.callbacks.manager [None req-68421b80-b4f6-49c3-aef8-5b23c26ddc52 None None] Subscribe: > router precommit_update 55550100, False {{(pid=104043) subscribe /opt/stack/data/venv/lib/python3.12/site-packages/neutron_lib/callbacks/manager.py:52}}
Apr 20 17:05:45.752293 np0000168361 devstack@neutron-api.service[104046]: DEBUG neutron.plugins.ml2.plugin [None req-822e971d-4484-48f4-8ebe-98684af09562 None None] neutron.plugins.ml2.plugin.Ml2Plugin method _start_rpc_notifiers called with arguments () {} {{(pid=104046) wrapper /opt/stack/data/venv/lib/python3.12/site-packages/oslo_log/helpers.py:77}}
Apr 20 17:05:45.752816 np0000168361 devstack@neutron-api.service[104046]: DEBUG neutron_lib.callbacks.manager [None req-822e971d-4484-48f4-8ebe-98684af09562 None None] Subscribe: > port after_create 55550000, False {{(pid=104046) subscribe /opt/stack/data/venv/lib/python3.12/site-packages/neutron_lib/callbacks/manager.py:52}}
Apr 20 17:05:45.752987 np0000168361 devstack@neutron-api.service[104046]: DEBUG neutron_lib.callbacks.manager [None req-822e971d-4484-48f4-8ebe-98684af09562 None None] Subscribe: > port after_update 55550000, False {{(pid=104046) subscribe /opt/stack/data/venv/lib/python3.12/site-packages/neutron_lib/callbacks/manager.py:52}}
Apr 20 17:05:45.753117 np0000168361 devstack@neutron-api.service[104046]: DEBUG neutron_lib.callbacks.manager [None req-822e971d-4484-48f4-8ebe-98684af09562 None None] Subscribe: > port after_delete 55550000, False {{(pid=104046) subscribe /opt/stack/data/venv/lib/python3.12/site-packages/neutron_lib/callbacks/manager.py:52}}
Apr 20 17:05:45.753359 np0000168361 devstack@neutron-api.service[104046]: DEBUG neutron_lib.callbacks.manager [None req-822e971d-4484-48f4-8ebe-98684af09562 None None] Subscribe: > subnet after_create 55550000, False {{(pid=104046) subscribe /opt/stack/data/venv/lib/python3.12/site-packages/neutron_lib/callbacks/manager.py:52}}
Apr 20 17:05:45.753554 np0000168361 devstack@neutron-api.service[104046]: DEBUG neutron_lib.callbacks.manager [None req-822e971d-4484-48f4-8ebe-98684af09562 None None] Subscribe: > subnet after_update 55550000, False {{(pid=104046) subscribe /opt/stack/data/venv/lib/python3.12/site-packages/neutron_lib/callbacks/manager.py:52}}
Apr 20 17:05:45.753667 np0000168361 devstack@neutron-api.service[104046]: DEBUG neutron_lib.callbacks.manager [None req-822e971d-4484-48f4-8ebe-98684af09562 None None] Subscribe: > subnet after_delete 55550000, False {{(pid=104046) subscribe /opt/stack/data/venv/lib/python3.12/site-packages/neutron_lib/callbacks/manager.py:52}}
Apr 20 17:05:45.753826 np0000168361 devstack@neutron-api.service[104046]: DEBUG neutron_lib.callbacks.manager [None req-822e971d-4484-48f4-8ebe-98684af09562 None None] Subscribe: > network after_create 55550000, False {{(pid=104046) subscribe /opt/stack/data/venv/lib/python3.12/site-packages/neutron_lib/callbacks/manager.py:52}}
Apr 20 17:05:45.754030 np0000168361 devstack@neutron-api.service[104046]: DEBUG neutron_lib.callbacks.manager [None req-822e971d-4484-48f4-8ebe-98684af09562 None None] Subscribe: > network after_update 55550000, False {{(pid=104046) subscribe /opt/stack/data/venv/lib/python3.12/site-packages/neutron_lib/callbacks/manager.py:52}}
Apr 20 17:05:45.754174 np0000168361 devstack@neutron-api.service[104046]: DEBUG neutron_lib.callbacks.manager [None req-822e971d-4484-48f4-8ebe-98684af09562 None None] Subscribe: > network after_delete 55550000, False {{(pid=104046) subscribe /opt/stack/data/venv/lib/python3.12/site-packages/neutron_lib/callbacks/manager.py:52}}
Apr 20 17:05:45.754280 np0000168361 devstack@neutron-api.service[104046]: DEBUG neutron_lib.callbacks.manager [None req-822e971d-4484-48f4-8ebe-98684af09562 None None] Subscribe: > security_group after_create 55550000, False {{(pid=104046) subscribe /opt/stack/data/venv/lib/python3.12/site-packages/neutron_lib/callbacks/manager.py:52}}
Apr 20 17:05:45.754414 np0000168361 devstack@neutron-api.service[104046]: DEBUG neutron_lib.callbacks.manager [None req-822e971d-4484-48f4-8ebe-98684af09562 None None] Subscribe: > security_group after_update 55550000, False {{(pid=104046) subscribe /opt/stack/data/venv/lib/python3.12/site-packages/neutron_lib/callbacks/manager.py:52}}
Apr 20 17:05:45.754477 np0000168361 devstack@neutron-api.service[104046]: DEBUG neutron_lib.callbacks.manager [None req-822e971d-4484-48f4-8ebe-98684af09562 None None] Subscribe: > security_group after_delete 55550000, False {{(pid=104046) subscribe /opt/stack/data/venv/lib/python3.12/site-packages/neutron_lib/callbacks/manager.py:52}}
Apr 20 17:05:45.754603 np0000168361 devstack@neutron-api.service[104046]: DEBUG neutron_lib.callbacks.manager [None req-822e971d-4484-48f4-8ebe-98684af09562 None None] Subscribe: > security_group_rule after_create 55550000, False {{(pid=104046) subscribe /opt/stack/data/venv/lib/python3.12/site-packages/neutron_lib/callbacks/manager.py:52}}
Apr 20 17:05:45.754673 np0000168361 devstack@neutron-api.service[104046]: DEBUG neutron_lib.callbacks.manager [None req-822e971d-4484-48f4-8ebe-98684af09562 None None] Subscribe: > security_group_rule after_update 55550000, False {{(pid=104046) subscribe /opt/stack/data/venv/lib/python3.12/site-packages/neutron_lib/callbacks/manager.py:52}}
Apr 20 17:05:45.754786 np0000168361 devstack@neutron-api.service[104046]: DEBUG neutron_lib.callbacks.manager [None req-822e971d-4484-48f4-8ebe-98684af09562 None None] Subscribe: > security_group_rule after_delete 55550000, False {{(pid=104046) subscribe /opt/stack/data/venv/lib/python3.12/site-packages/neutron_lib/callbacks/manager.py:52}}
Apr 20 17:05:45.754880 np0000168361 devstack@neutron-api.service[104046]: DEBUG neutron_lib.callbacks.manager [None req-822e971d-4484-48f4-8ebe-98684af09562 None None] Subscribe: > address_group after_create 55550000, False {{(pid=104046) subscribe /opt/stack/data/venv/lib/python3.12/site-packages/neutron_lib/callbacks/manager.py:52}}
Apr 20 17:05:45.755055 np0000168361 devstack@neutron-api.service[104046]: DEBUG neutron_lib.callbacks.manager [None req-822e971d-4484-48f4-8ebe-98684af09562 None None] Subscribe: > address_group after_update 55550000, False {{(pid=104046) subscribe /opt/stack/data/venv/lib/python3.12/site-packages/neutron_lib/callbacks/manager.py:52}}
Apr 20 17:05:45.755220 np0000168361 devstack@neutron-api.service[104046]: DEBUG neutron_lib.callbacks.manager [None req-822e971d-4484-48f4-8ebe-98684af09562 None None] Subscribe: > address_group after_delete 55550000, False {{(pid=104046) subscribe /opt/stack/data/venv/lib/python3.12/site-packages/neutron_lib/callbacks/manager.py:52}}
Apr 20 17:05:45.755385 np0000168361 devstack@neutron-api.service[104046]: DEBUG neutron.plugins.ml2.ovo_rpc [None req-822e971d-4484-48f4-8ebe-98684af09562 None None] ML2 OVO RPC backend initialized. {{(pid=104046) __init__ /opt/stack/neutron/neutron/plugins/ml2/ovo_rpc.py:117}}
Apr 20 17:05:45.755471 np0000168361 devstack@neutron-api.service[104043]: DEBUG neutron.services.provider_configuration [None req-68421b80-b4f6-49c3-aef8-5b23c26ddc52 None None] Service providers = [] {{(pid=104043) parse_service_provider_opt /opt/stack/neutron/neutron/services/provider_configuration.py:170}}
Apr 20 17:05:45.755579 np0000168361 devstack@neutron-api.service[104043]: DEBUG neutron.db.servicetype_db [None req-68421b80-b4f6-49c3-aef8-5b23c26ddc52 None None] Adding provider configuration for service L3_ROUTER_NAT {{(pid=104043) add_provider_configuration /opt/stack/neutron/neutron/db/servicetype_db.py:42}}
Apr 20 17:05:45.756257 np0000168361 devstack@neutron-api.service[104046]: INFO neutron.quota [None req-822e971d-4484-48f4-8ebe-98684af09562 None None] Loaded quota_driver: .
Apr 20 17:05:45.756409 np0000168361 devstack@neutron-api.service[104046]: INFO neutron.plugins.ml2.plugin [None req-822e971d-4484-48f4-8ebe-98684af09562 None None] Modular L2 Plugin initialization complete
Apr 20 17:05:45.756550 np0000168361 devstack@neutron-api.service[104046]: DEBUG neutron.manager [None req-822e971d-4484-48f4-8ebe-98684af09562 None None] Loading services supported by the core plugin {{(pid=104046) _load_services_from_core_plugin /opt/stack/neutron/neutron/manager.py:170}}
Apr 20 17:05:45.756665 np0000168361 devstack@neutron-api.service[104046]: INFO neutron.plugins.ml2.managers [None req-822e971d-4484-48f4-8ebe-98684af09562 None None] Got port-security extension from driver 'port_security'
Apr 20 17:05:45.756985 np0000168361 devstack@neutron-api.service[104046]: DEBUG neutron.manager [None req-822e971d-4484-48f4-8ebe-98684af09562 None None] Loading service plugins: ['ovn-router', 'auto_allocate', 'tag', 'timestamp', 'network_ip_availability', 'flavors', 'revisions'] {{(pid=104046) _load_service_plugins /opt/stack/neutron/neutron/manager.py:195}}
Apr 20 17:05:45.757026 np0000168361 devstack@neutron-api.service[104043]: DEBUG neutron_lib.callbacks.manager [None req-68421b80-b4f6-49c3-aef8-5b23c26ddc52 None None] Subscribe: > router precommit_create 55549900, False {{(pid=104043) subscribe /opt/stack/data/venv/lib/python3.12/site-packages/neutron_lib/callbacks/manager.py:52}}
Apr 20 17:05:45.757093 np0000168361 devstack@neutron-api.service[104046]: INFO neutron.manager [None req-822e971d-4484-48f4-8ebe-98684af09562 None None] Loading Plugin: ovn-router
Apr 20 17:05:45.757122 np0000168361 devstack@neutron-api.service[104043]: DEBUG neutron_lib.callbacks.manager [None req-68421b80-b4f6-49c3-aef8-5b23c26ddc52 None None] Subscribe: > router_interface after_create 55550000, False {{(pid=104043) subscribe /opt/stack/data/venv/lib/python3.12/site-packages/neutron_lib/callbacks/manager.py:52}}
Apr 20 17:05:45.757227 np0000168361 devstack@neutron-api.service[104043]: DEBUG neutron_lib.callbacks.manager [None req-68421b80-b4f6-49c3-aef8-5b23c26ddc52 None None] Subscribe: > floatingip after_create 55550000, False {{(pid=104043) subscribe /opt/stack/data/venv/lib/python3.12/site-packages/neutron_lib/callbacks/manager.py:52}}
Apr 20 17:05:45.757332 np0000168361 devstack@neutron-api.service[104043]: DEBUG neutron_lib.callbacks.manager [None req-68421b80-b4f6-49c3-aef8-5b23c26ddc52 None None] Subscribe: > floatingip precommit_create 55550000, False {{(pid=104043) subscribe /opt/stack/data/venv/lib/python3.12/site-packages/neutron_lib/callbacks/manager.py:52}}
Apr 20 17:05:45.757477 np0000168361 devstack@neutron-api.service[104043]: DEBUG neutron_lib.callbacks.manager [None req-68421b80-b4f6-49c3-aef8-5b23c26ddc52 None None] Subscribe: > floatingip precommit_update 55550000, False {{(pid=104043) subscribe /opt/stack/data/venv/lib/python3.12/site-packages/neutron_lib/callbacks/manager.py:52}}
Apr 20 17:05:45.757537 np0000168361 devstack@neutron-api.service[104043]: DEBUG neutron_lib.callbacks.manager [None req-68421b80-b4f6-49c3-aef8-5b23c26ddc52 None None] Subscribe: > floatingip after_delete 55550000, False {{(pid=104043) subscribe /opt/stack/data/venv/lib/python3.12/site-packages/neutron_lib/callbacks/manager.py:52}}
Apr 20 17:05:45.757652 np0000168361 devstack@neutron-api.service[104043]: DEBUG neutron_lib.callbacks.manager [None req-68421b80-b4f6-49c3-aef8-5b23c26ddc52 None None] Subscribe: > floatingip after_status_update 55550000, False {{(pid=104043) subscribe /opt/stack/data/venv/lib/python3.12/site-packages/neutron_lib/callbacks/manager.py:52}}
Apr 20 17:05:45.757742 np0000168361 devstack@neutron-api.service[104043]: DEBUG neutron_lib.callbacks.manager [None req-68421b80-b4f6-49c3-aef8-5b23c26ddc52 None None] Subscribe: > floatingip after_update 55550000, False {{(pid=104043) subscribe /opt/stack/data/venv/lib/python3.12/site-packages/neutron_lib/callbacks/manager.py:52}}
Apr 20 17:05:45.757847 np0000168361 devstack@neutron-api.service[104043]: DEBUG neutron_lib.callbacks.manager [None req-68421b80-b4f6-49c3-aef8-5b23c26ddc52 None None] Subscribe: > port_forwarding after_create 55550000, False {{(pid=104043) subscribe /opt/stack/data/venv/lib/python3.12/site-packages/neutron_lib/callbacks/manager.py:52}}
Apr 20 17:05:45.757990 np0000168361 devstack@neutron-api.service[104043]: DEBUG neutron_lib.callbacks.manager [None req-68421b80-b4f6-49c3-aef8-5b23c26ddc52 None None] Subscribe: > router_interface after_delete 55550000, False {{(pid=104043) subscribe /opt/stack/data/venv/lib/python3.12/site-packages/neutron_lib/callbacks/manager.py:52}}
Apr 20 17:05:45.758100 np0000168361 devstack@neutron-api.service[104043]: DEBUG neutron_lib.callbacks.manager [None req-68421b80-b4f6-49c3-aef8-5b23c26ddc52 None None] Subscribe: > router after_create 55550000, False {{(pid=104043) subscribe /opt/stack/data/venv/lib/python3.12/site-packages/neutron_lib/callbacks/manager.py:52}}
Apr 20 17:05:45.758235 np0000168361 devstack@neutron-api.service[104043]: DEBUG neutron_lib.callbacks.manager [None req-68421b80-b4f6-49c3-aef8-5b23c26ddc52 None None] Subscribe: > router precommit_create 55550000, False {{(pid=104043) subscribe /opt/stack/data/venv/lib/python3.12/site-packages/neutron_lib/callbacks/manager.py:52}}
Apr 20 17:05:45.758309 np0000168361 devstack@neutron-api.service[104043]: DEBUG neutron_lib.callbacks.manager [None req-68421b80-b4f6-49c3-aef8-5b23c26ddc52 None None] Subscribe: > router after_delete 55550000, False {{(pid=104043) subscribe /opt/stack/data/venv/lib/python3.12/site-packages/neutron_lib/callbacks/manager.py:52}}
Apr 20 17:05:45.758416 np0000168361 devstack@neutron-api.service[104043]: DEBUG neutron_lib.callbacks.manager [None req-68421b80-b4f6-49c3-aef8-5b23c26ddc52 None None] Subscribe: > router after_update 55550000, False {{(pid=104043) subscribe /opt/stack/data/venv/lib/python3.12/site-packages/neutron_lib/callbacks/manager.py:52}}
Apr 20 17:05:45.758529 np0000168361 devstack@neutron-api.service[104043]: DEBUG neutron.services.service_base [None req-68421b80-b4f6-49c3-aef8-5b23c26ddc52 None None] Loaded 'neutron.services.ovn_l3.service_providers.ovn.OvnDriver' provider for service L3_ROUTER_NAT {{(pid=104043) load_drivers /opt/stack/neutron/neutron/services/service_base.py:49}}
Apr 20 17:05:45.758642 np0000168361 devstack@neutron-api.service[104043]: DEBUG neutron_lib.callbacks.manager [None req-68421b80-b4f6-49c3-aef8-5b23c26ddc52 None None] Subscribe: > process after_init 55550001, True {{(pid=104043) subscribe /opt/stack/data/venv/lib/python3.12/site-packages/neutron_lib/callbacks/manager.py:52}}
Apr 20 17:05:45.758794 np0000168361 devstack@neutron-api.service[104043]: DEBUG neutron.manager [None req-68421b80-b4f6-49c3-aef8-5b23c26ddc52 None None] Successfully loaded L3_ROUTER_NAT plugin. Description: L3 Router Service Plugin for basic L3 forwarding using OVN {{(pid=104043) _create_and_add_service_plugin /opt/stack/neutron/neutron/manager.py:239}}
Apr 20 17:05:45.758873 np0000168361 devstack@neutron-api.service[104043]: INFO neutron.manager [None req-68421b80-b4f6-49c3-aef8-5b23c26ddc52 None None] Loading Plugin: auto_allocate
Apr 20 17:05:45.759813 np0000168361 devstack@neutron-api.service[104043]: DEBUG neutron_lib.callbacks.manager [None req-68421b80-b4f6-49c3-aef8-5b23c26ddc52 None None] Subscribe: network precommit_update 55550000, False {{(pid=104043) subscribe /opt/stack/data/venv/lib/python3.12/site-packages/neutron_lib/callbacks/manager.py:52}}
Apr 20 17:05:45.759966 np0000168361 devstack@neutron-api.service[104043]: DEBUG neutron_lib.callbacks.manager [None req-68421b80-b4f6-49c3-aef8-5b23c26ddc52 None None] Subscribe: network precommit_create 55550000, False {{(pid=104043) subscribe /opt/stack/data/venv/lib/python3.12/site-packages/neutron_lib/callbacks/manager.py:52}}
Apr 20 17:05:45.760191 np0000168361 devstack@neutron-api.service[104043]: DEBUG neutron.manager [None req-68421b80-b4f6-49c3-aef8-5b23c26ddc52 None None] Successfully loaded auto-allocated-topology plugin. Description: Auto Allocated Topology - aka get me a network. {{(pid=104043) _create_and_add_service_plugin /opt/stack/neutron/neutron/manager.py:239}}
Apr 20 17:05:45.760304 np0000168361 devstack@neutron-api.service[104043]: INFO neutron.manager [None req-68421b80-b4f6-49c3-aef8-5b23c26ddc52 None None] Loading Plugin: tag
Apr 20 17:05:45.763089 np0000168361 devstack@neutron-api.service[104043]: DEBUG neutron.manager [None req-68421b80-b4f6-49c3-aef8-5b23c26ddc52 None None] Successfully loaded TAG plugin. Description: Tag support {{(pid=104043) _create_and_add_service_plugin /opt/stack/neutron/neutron/manager.py:239}}
Apr 20 17:05:45.763186 np0000168361 devstack@neutron-api.service[104043]: INFO neutron.manager [None req-68421b80-b4f6-49c3-aef8-5b23c26ddc52 None None] Loading Plugin: timestamp
Apr 20 17:05:45.764476 np0000168361 devstack@neutron-api.service[104043]: DEBUG neutron.manager [None req-68421b80-b4f6-49c3-aef8-5b23c26ddc52 None None] Successfully loaded timestamp plugin. Description: Adds timestamps to Neutron resources with standard attributes {{(pid=104043) _create_and_add_service_plugin /opt/stack/neutron/neutron/manager.py:239}}
Apr 20 17:05:45.764593 np0000168361 devstack@neutron-api.service[104043]: INFO neutron.manager [None req-68421b80-b4f6-49c3-aef8-5b23c26ddc52 None None] Loading Plugin: network_ip_availability
Apr 20 17:05:45.766012 np0000168361 devstack@neutron-api.service[104046]: DEBUG neutron_lib.callbacks.manager [None req-822e971d-4484-48f4-8ebe-98684af09562 None None] Subscribe: > router before_delete 55550000, False {{(pid=104046) subscribe /opt/stack/data/venv/lib/python3.12/site-packages/neutron_lib/callbacks/manager.py:52}}
Apr 20 17:05:45.766247 np0000168361 devstack@neutron-api.service[104043]: DEBUG neutron.manager [None req-68421b80-b4f6-49c3-aef8-5b23c26ddc52 None None] Successfully loaded network-ip-availability plugin. Description: Provides IP availability data for each network and subnet. {{(pid=104043) _create_and_add_service_plugin /opt/stack/neutron/neutron/manager.py:239}}
Apr 20 17:05:45.766247 np0000168361 devstack@neutron-api.service[104043]: INFO neutron.manager [None req-68421b80-b4f6-49c3-aef8-5b23c26ddc52 None None] Loading Plugin: flavors
Apr 20 17:05:45.766414 np0000168361 devstack@neutron-api.service[104046]: DEBUG neutron_lib.callbacks.manager [None req-822e971d-4484-48f4-8ebe-98684af09562 None None] Subscribe: port after_update 55550000, False {{(pid=104046) subscribe /opt/stack/data/venv/lib/python3.12/site-packages/neutron_lib/callbacks/manager.py:52}}
Apr 20 17:05:45.766414 np0000168361 devstack@neutron-api.service[104046]: DEBUG neutron_lib.callbacks.manager [None req-822e971d-4484-48f4-8ebe-98684af09562 None None] Subscribe: port after_delete 55550000, False {{(pid=104046) subscribe /opt/stack/data/venv/lib/python3.12/site-packages/neutron_lib/callbacks/manager.py:52}}
Apr 20 17:05:45.766414 np0000168361 devstack@neutron-api.service[104046]: DEBUG neutron_lib.callbacks.manager [None req-822e971d-4484-48f4-8ebe-98684af09562 None None] Subscribe: subnet after_update 55550000, False {{(pid=104046) subscribe /opt/stack/data/venv/lib/python3.12/site-packages/neutron_lib/callbacks/manager.py:52}}
Apr 20 17:05:45.766524 np0000168361 devstack@neutron-api.service[104046]: DEBUG neutron_lib.callbacks.manager [None req-822e971d-4484-48f4-8ebe-98684af09562 None None] Subscribe: subnetpool_address_scope after_update 55550000, False {{(pid=104046) subscribe /opt/stack/data/venv/lib/python3.12/site-packages/neutron_lib/callbacks/manager.py:52}}
Apr 20 17:05:45.766632 np0000168361 devstack@neutron-api.service[104046]: DEBUG neutron_lib.callbacks.manager [None req-822e971d-4484-48f4-8ebe-98684af09562 None None] Subscribe: port before_update 55550000, False {{(pid=104046) subscribe /opt/stack/data/venv/lib/python3.12/site-packages/neutron_lib/callbacks/manager.py:52}}
Apr 20 17:05:45.766730 np0000168361 devstack@neutron-api.service[104046]: DEBUG neutron_lib.callbacks.manager [None req-822e971d-4484-48f4-8ebe-98684af09562 None None] Subscribe: port after_update 55550000, False {{(pid=104046) subscribe /opt/stack/data/venv/lib/python3.12/site-packages/neutron_lib/callbacks/manager.py:52}}
Apr 20 17:05:45.766770 np0000168361 devstack@neutron-api.service[104046]: DEBUG neutron_lib.callbacks.manager [None req-822e971d-4484-48f4-8ebe-98684af09562 None None] Subscribe: > port precommit_delete 55550000, False {{(pid=104046) subscribe /opt/stack/data/venv/lib/python3.12/site-packages/neutron_lib/callbacks/manager.py:52}}
Apr 20 17:05:45.766852 np0000168361 devstack@neutron-api.service[104046]: DEBUG neutron_lib.callbacks.manager [None req-822e971d-4484-48f4-8ebe-98684af09562 None None] Subscribe: port before_update 55550000, False {{(pid=104046) subscribe /opt/stack/data/venv/lib/python3.12/site-packages/neutron_lib/callbacks/manager.py:52}}
Apr 20 17:05:45.766971 np0000168361 devstack@neutron-api.service[104046]: DEBUG neutron_lib.callbacks.manager [None req-822e971d-4484-48f4-8ebe-98684af09562 None None] Subscribe: port before_delete 55550000, False {{(pid=104046) subscribe /opt/stack/data/venv/lib/python3.12/site-packages/neutron_lib/callbacks/manager.py:52}}
Apr 20 17:05:45.767052 np0000168361 devstack@neutron-api.service[104043]: DEBUG neutron.manager [None req-68421b80-b4f6-49c3-aef8-5b23c26ddc52 None None] Successfully loaded FLAVORS plugin. Description: Neutron Flavors and Service Profiles manager plugin {{(pid=104043) _create_and_add_service_plugin /opt/stack/neutron/neutron/manager.py:239}}
Apr 20 17:05:45.767139 np0000168361 devstack@neutron-api.service[104046]: DEBUG neutron_lib.callbacks.manager [None req-822e971d-4484-48f4-8ebe-98684af09562 None None] Subscribe: > router precommit_create 55550000, False {{(pid=104046) subscribe /opt/stack/data/venv/lib/python3.12/site-packages/neutron_lib/callbacks/manager.py:52}}
Apr 20 17:05:45.767179 np0000168361 devstack@neutron-api.service[104043]: INFO neutron.manager [None req-68421b80-b4f6-49c3-aef8-5b23c26ddc52 None None] Loading Plugin: revisions
Apr 20 17:05:45.767217 np0000168361 devstack@neutron-api.service[104046]: DEBUG neutron_lib.callbacks.manager [None req-822e971d-4484-48f4-8ebe-98684af09562 None None] Subscribe: > router precommit_create 55550000, False {{(pid=104046) subscribe /opt/stack/data/venv/lib/python3.12/site-packages/neutron_lib/callbacks/manager.py:52}}
Apr 20 17:05:45.767256 np0000168361 devstack@neutron-api.service[104046]: DEBUG neutron_lib.callbacks.manager [None req-822e971d-4484-48f4-8ebe-98684af09562 None None] Subscribe: > router precommit_update 55550000, False {{(pid=104046) subscribe /opt/stack/data/venv/lib/python3.12/site-packages/neutron_lib/callbacks/manager.py:52}}
Apr 20 17:05:45.767377 np0000168361 devstack@neutron-api.service[104046]: DEBUG neutron_lib.callbacks.manager [None req-822e971d-4484-48f4-8ebe-98684af09562 None None] Subscribe: subnet after_update 55550000, False {{(pid=104046) subscribe /opt/stack/data/venv/lib/python3.12/site-packages/neutron_lib/callbacks/manager.py:52}}
Apr 20 17:05:45.768107 np0000168361 devstack@neutron-api.service[104043]: DEBUG neutron.manager [None req-68421b80-b4f6-49c3-aef8-5b23c26ddc52 None None] Successfully loaded revision_plugin plugin. Description: Adds revision numbers to resources. {{(pid=104043) _create_and_add_service_plugin /opt/stack/neutron/neutron/manager.py:239}}
Apr 20 17:05:45.768147 np0000168361 devstack@neutron-api.service[104046]: DEBUG neutron.quota.resource_registry [None req-822e971d-4484-48f4-8ebe-98684af09562 None None] Tracking information for resource: router configured {{(pid=104046) set_tracked_resource /opt/stack/neutron/neutron/quota/resource_registry.py:203}}
Apr 20 17:05:45.768196 np0000168361 devstack@neutron-api.service[104043]: DEBUG oslo_concurrency.lockutils [None req-68421b80-b4f6-49c3-aef8-5b23c26ddc52 None None] Lock "manager" "released" by "neutron.manager.NeutronManager._create_instance" :: held 4.503s {{(pid=104043) inner /opt/stack/data/venv/lib/python3.12/site-packages/oslo_concurrency/lockutils.py:538}}
Apr 20 17:05:45.768311 np0000168361 devstack@neutron-api.service[104046]: DEBUG neutron.quota.resource_registry [None req-822e971d-4484-48f4-8ebe-98684af09562 None None] Tracking information for resource: floatingip configured {{(pid=104046) set_tracked_resource /opt/stack/neutron/neutron/quota/resource_registry.py:203}}
Apr 20 17:05:45.768373 np0000168361 devstack@neutron-api.service[104046]: INFO neutron.services.ovn_l3.plugin [None req-822e971d-4484-48f4-8ebe-98684af09562 None None] Starting OVNL3RouterPlugin
Apr 20 17:05:45.768409 np0000168361 devstack@neutron-api.service[104043]: DEBUG neutron.api.extensions [None req-68421b80-b4f6-49c3-aef8-5b23c26ddc52 None None] get_extension_paths = OrderedDict({'/opt/stack/neutron/neutron/extensions': 1}) {{(pid=104043) get_extensions_path /opt/stack/neutron/neutron/api/extensions.py:640}}
Apr 20 17:05:45.768513 np0000168361 devstack@neutron-api.service[104043]: INFO neutron.api.extensions [None req-68421b80-b4f6-49c3-aef8-5b23c26ddc52 None None] Initializing extension manager.
Apr 20 17:05:45.768618 np0000168361 devstack@neutron-api.service[104046]: DEBUG neutron_lib.callbacks.manager [None req-822e971d-4484-48f4-8ebe-98684af09562 None None] Subscribe: > port_forwarding_plugin after_init 55550000, False {{(pid=104046) subscribe /opt/stack/data/venv/lib/python3.12/site-packages/neutron_lib/callbacks/manager.py:52}}
Apr 20 17:05:45.768722 np0000168361 devstack@neutron-api.service[104044]: INFO neutron.plugins.ml2.drivers.type_vlan [None req-433b90b9-104f-4ffa-9e9c-1746f97067f4 None None] VlanTypeDriver initialization complete
Apr 20 17:05:45.768987 np0000168361 devstack@neutron-api.service[104043]: DEBUG neutron.api.extensions [None req-68421b80-b4f6-49c3-aef8-5b23c26ddc52 None None] Loading extension file: __init__.py {{(pid=104043) _load_all_extensions_from_path /opt/stack/neutron/neutron/api/extensions.py:449}}
Apr 20 17:05:45.769127 np0000168361 devstack@neutron-api.service[104044]: INFO neutron.plugins.ml2.managers [None req-433b90b9-104f-4ffa-9e9c-1746f97067f4 None None] Initializing extension driver 'port_security'
Apr 20 17:05:45.769166 np0000168361 devstack@neutron-api.service[104046]: DEBUG neutron_lib.callbacks.manager [None req-822e971d-4484-48f4-8ebe-98684af09562 None None] Subscribe: > router before_create 55550100, False {{(pid=104046) subscribe /opt/stack/data/venv/lib/python3.12/site-packages/neutron_lib/callbacks/manager.py:52}}
Apr 20 17:05:45.769292 np0000168361 devstack@neutron-api.service[104043]: DEBUG neutron.api.extensions [None req-68421b80-b4f6-49c3-aef8-5b23c26ddc52 None None] Loading extension file: __pycache__ {{(pid=104043) _load_all_extensions_from_path /opt/stack/neutron/neutron/api/extensions.py:449}}
Apr 20 17:05:45.769331 np0000168361 devstack@neutron-api.service[104044]: INFO neutron.plugins.ml2.extensions.port_security [None req-433b90b9-104f-4ffa-9e9c-1746f97067f4 None None] PortSecurityExtensionDriver initialization complete
Apr 20 17:05:45.769364 np0000168361 devstack@neutron-api.service[104043]: DEBUG neutron.api.extensions [None req-68421b80-b4f6-49c3-aef8-5b23c26ddc52 None None] Loading extension file: address_group.py {{(pid=104043) _load_all_extensions_from_path /opt/stack/neutron/neutron/api/extensions.py:449}}
Apr 20 17:05:45.769398 np0000168361 devstack@neutron-api.service[104046]: DEBUG neutron_lib.callbacks.manager [None req-822e971d-4484-48f4-8ebe-98684af09562 None None] Subscribe: > router precommit_delete 55550100, False {{(pid=104046) subscribe /opt/stack/data/venv/lib/python3.12/site-packages/neutron_lib/callbacks/manager.py:52}}
Apr 20 17:05:45.769475 np0000168361 devstack@neutron-api.service[104044]: INFO neutron.plugins.ml2.managers [None req-433b90b9-104f-4ffa-9e9c-1746f97067f4 None None] Initializing extension driver 'qos'
Apr 20 17:05:45.769511 np0000168361 devstack@neutron-api.service[104046]: DEBUG neutron_lib.callbacks.manager [None req-822e971d-4484-48f4-8ebe-98684af09562 None None] Subscribe: > router precommit_create 55550100, False {{(pid=104046) subscribe /opt/stack/data/venv/lib/python3.12/site-packages/neutron_lib/callbacks/manager.py:52}}
Apr 20 17:05:45.769554 np0000168361 devstack@neutron-api.service[104044]: DEBUG neutron.plugins.ml2.extensions.qos [None req-433b90b9-104f-4ffa-9e9c-1746f97067f4 None None] QosExtensionDriver initialization complete {{(pid=104044) initialize /opt/stack/neutron/neutron/plugins/ml2/extensions/qos.py:31}}
Apr 20 17:05:45.769663 np0000168361 devstack@neutron-api.service[104046]: DEBUG neutron_lib.callbacks.manager [None req-822e971d-4484-48f4-8ebe-98684af09562 None None] Subscribe: > router precommit_update 55550100, False {{(pid=104046) subscribe /opt/stack/data/venv/lib/python3.12/site-packages/neutron_lib/callbacks/manager.py:52}}
Apr 20 17:05:45.769695 np0000168361 devstack@neutron-api.service[104044]: INFO neutron.plugins.ml2.managers [None req-433b90b9-104f-4ffa-9e9c-1746f97067f4 None None] Initializing mechanism driver 'ovn'
Apr 20 17:05:45.769724 np0000168361 devstack@neutron-api.service[104043]: DEBUG neutron.api.extensions [None req-68421b80-b4f6-49c3-aef8-5b23c26ddc52 None None] Ext name="Address group" alias="address-group" description="Support address group" updated="2020-07-15T10:00:00-00:00" {{(pid=104043) _check_extension /opt/stack/neutron/neutron/api/extensions.py:415}}
Apr 20 17:05:45.769757 np0000168361 devstack@neutron-api.service[104044]: INFO neutron.plugins.ml2.drivers.ovn.mech_driver.mech_driver [None req-433b90b9-104f-4ffa-9e9c-1746f97067f4 None None] Starting OVNMechanismDriver
Apr 20 17:05:45.769783 np0000168361 devstack@neutron-api.service[104043]: INFO neutron.api.extensions [None req-68421b80-b4f6-49c3-aef8-5b23c26ddc52 None None] Loaded extension: address-group
Apr 20 17:05:45.769783 np0000168361 devstack@neutron-api.service[104043]: DEBUG neutron.api.extensions [None req-68421b80-b4f6-49c3-aef8-5b23c26ddc52 None None] Loading extension file: address_scope.py {{(pid=104043) _load_all_extensions_from_path /opt/stack/neutron/neutron/api/extensions.py:449}}
Apr 20 17:05:45.769964 np0000168361 devstack@neutron-api.service[104043]: DEBUG neutron.api.extensions [None req-68421b80-b4f6-49c3-aef8-5b23c26ddc52 None None] Ext name="Address scope" alias="address-scope" description="Address scopes extension." updated="2015-07-26T10:00:00-00:00" {{(pid=104043) _check_extension /opt/stack/neutron/neutron/api/extensions.py:415}}
Apr 20 17:05:45.770124 np0000168361 devstack@neutron-api.service[104043]: INFO neutron.api.extensions [None req-68421b80-b4f6-49c3-aef8-5b23c26ddc52 None None] Loaded extension: address-scope
Apr 20 17:05:45.770215 np0000168361 devstack@neutron-api.service[104043]: DEBUG neutron.api.extensions [None req-68421b80-b4f6-49c3-aef8-5b23c26ddc52 None None] Loading extension file: admin_state_down_before_update.py {{(pid=104043) _load_all_extensions_from_path /opt/stack/neutron/neutron/api/extensions.py:449}}
Apr 20 17:05:45.770447 np0000168361 devstack@neutron-api.service[104043]: DEBUG neutron.api.extensions [None req-68421b80-b4f6-49c3-aef8-5b23c26ddc52 None None] Ext name="Enforce Router's Admin State Down Before Update Extension" alias="router-admin-state-down-before-update" description="Ensure that the admin state of a router is DOWN (admin_state_up=False) before updating the distributed attribute" updated="2019-07-02T15:56:00" {{(pid=104043) _check_extension /opt/stack/neutron/neutron/api/extensions.py:415}}
Apr 20 17:05:45.770624 np0000168361 devstack@neutron-api.service[104043]: INFO neutron.api.extensions [None req-68421b80-b4f6-49c3-aef8-5b23c26ddc52 None None] Extension router-admin-state-down-before-update not supported by any of loaded plugins
Apr 20 17:05:45.770733 np0000168361 devstack@neutron-api.service[104043]: DEBUG neutron.api.extensions [None req-68421b80-b4f6-49c3-aef8-5b23c26ddc52 None None] Loading extension file: agent.py {{(pid=104043) _load_all_extensions_from_path /opt/stack/neutron/neutron/api/extensions.py:449}}
Apr 20 17:05:45.771026 np0000168361 devstack@neutron-api.service[104043]: DEBUG neutron.api.extensions [None req-68421b80-b4f6-49c3-aef8-5b23c26ddc52 None None] Ext name="agent" alias="agent" description="The agent management extension." updated="2013-02-03T10:00:00-00:00" {{(pid=104043) _check_extension /opt/stack/neutron/neutron/api/extensions.py:415}}
Apr 20 17:05:45.771094 np0000168361 devstack@neutron-api.service[104044]: DEBUG neutron_lib.callbacks.manager [None req-433b90b9-104f-4ffa-9e9c-1746f97067f4 None None] Subscribe: > process before_spawn 55550000, False {{(pid=104044) subscribe /opt/stack/data/venv/lib/python3.12/site-packages/neutron_lib/callbacks/manager.py:52}}
Apr 20 17:05:45.771204 np0000168361 devstack@neutron-api.service[104043]: INFO neutron.api.extensions [None req-68421b80-b4f6-49c3-aef8-5b23c26ddc52 None None] Loaded extension: agent
Apr 20 17:05:45.771235 np0000168361 devstack@neutron-api.service[104044]: DEBUG neutron_lib.callbacks.manager [None req-433b90b9-104f-4ffa-9e9c-1746f97067f4 None None] Subscribe: > process after_init 55550000, True {{(pid=104044) subscribe /opt/stack/data/venv/lib/python3.12/site-packages/neutron_lib/callbacks/manager.py:52}}
Apr 20 17:05:45.771295 np0000168361 devstack@neutron-api.service[104043]: DEBUG neutron.api.extensions [None req-68421b80-b4f6-49c3-aef8-5b23c26ddc52 None None] Loading extension file: agent_resources_synced.py {{(pid=104043) _load_all_extensions_from_path /opt/stack/neutron/neutron/api/extensions.py:449}}
Apr 20 17:05:45.771345 np0000168361 devstack@neutron-api.service[104044]: DEBUG neutron_lib.callbacks.manager [None req-433b90b9-104f-4ffa-9e9c-1746f97067f4 None None] Subscribe: > segment after_create 55550000, False {{(pid=104044) subscribe /opt/stack/data/venv/lib/python3.12/site-packages/neutron_lib/callbacks/manager.py:52}}
Apr 20 17:05:45.771455 np0000168361 devstack@neutron-api.service[104044]: DEBUG neutron_lib.callbacks.manager [None req-433b90b9-104f-4ffa-9e9c-1746f97067f4 None None] Subscribe: > segment after_create 55550000, False {{(pid=104044) subscribe /opt/stack/data/venv/lib/python3.12/site-packages/neutron_lib/callbacks/manager.py:52}}
Apr 20 17:05:45.771526 np0000168361 devstack@neutron-api.service[104043]: DEBUG neutron.api.extensions [None req-68421b80-b4f6-49c3-aef8-5b23c26ddc52 None None] Ext name="Agent's Resource View Synced to Placement" alias="agent-resources-synced" description="Stores success/failure of last sync to Placement" updated="2018-12-19T00:00:00-00:00" {{(pid=104043) _check_extension /opt/stack/neutron/neutron/api/extensions.py:415}}
Apr 20 17:05:45.771562 np0000168361 devstack@neutron-api.service[104044]: DEBUG neutron_lib.callbacks.manager [None req-433b90b9-104f-4ffa-9e9c-1746f97067f4 None None] Subscribe: > segment after_delete 55550000, False {{(pid=104044) subscribe /opt/stack/data/venv/lib/python3.12/site-packages/neutron_lib/callbacks/manager.py:52}}
Apr 20 17:05:45.771659 np0000168361 devstack@neutron-api.service[104044]: DEBUG neutron_lib.callbacks.manager [None req-433b90b9-104f-4ffa-9e9c-1746f97067f4 None None] Subscribe: > allowed_address_pair before_create 55550000, False {{(pid=104044) subscribe /opt/stack/data/venv/lib/python3.12/site-packages/neutron_lib/callbacks/manager.py:52}}
Apr 20 17:05:45.771694 np0000168361 devstack@neutron-api.service[104043]: INFO neutron.api.extensions [None req-68421b80-b4f6-49c3-aef8-5b23c26ddc52 None None] Extension agent-resources-synced not supported by any of loaded plugins
Apr 20 17:05:45.771766 np0000168361 devstack@neutron-api.service[104044]: DEBUG neutron_lib.callbacks.manager [None req-433b90b9-104f-4ffa-9e9c-1746f97067f4 None None] Subscribe: > security_group precommit_create 55550000, False {{(pid=104044) subscribe /opt/stack/data/venv/lib/python3.12/site-packages/neutron_lib/callbacks/manager.py:52}}
Apr 20 17:05:45.771804 np0000168361 devstack@neutron-api.service[104043]: DEBUG neutron.api.extensions [None req-68421b80-b4f6-49c3-aef8-5b23c26ddc52 None None] Loading extension file: allowedaddresspairs.py {{(pid=104043) _load_all_extensions_from_path /opt/stack/neutron/neutron/api/extensions.py:449}}
Apr 20 17:05:45.771893 np0000168361 devstack@neutron-api.service[104044]: DEBUG neutron_lib.callbacks.manager [None req-433b90b9-104f-4ffa-9e9c-1746f97067f4 None None] Subscribe: > security_group after_update 55550000, False {{(pid=104044) subscribe /opt/stack/data/venv/lib/python3.12/site-packages/neutron_lib/callbacks/manager.py:52}}
Apr 20 17:05:45.772003 np0000168361 devstack@neutron-api.service[104044]: DEBUG neutron_lib.callbacks.manager [None req-433b90b9-104f-4ffa-9e9c-1746f97067f4 None None] Subscribe: > security_group after_create 55550000, False {{(pid=104044) subscribe /opt/stack/data/venv/lib/python3.12/site-packages/neutron_lib/callbacks/manager.py:52}}
Apr 20 17:05:45.772145 np0000168361 devstack@neutron-api.service[104044]: DEBUG neutron_lib.callbacks.manager [None req-433b90b9-104f-4ffa-9e9c-1746f97067f4 None None] Subscribe: > security_group precommit_delete 55550000, False {{(pid=104044) subscribe /opt/stack/data/venv/lib/python3.12/site-packages/neutron_lib/callbacks/manager.py:52}}
Apr 20 17:05:45.772216 np0000168361 devstack@neutron-api.service[104044]: DEBUG neutron_lib.callbacks.manager [None req-433b90b9-104f-4ffa-9e9c-1746f97067f4 None None] Subscribe: > security_group after_delete 55550000, False {{(pid=104044) subscribe /opt/stack/data/venv/lib/python3.12/site-packages/neutron_lib/callbacks/manager.py:52}}
Apr 20 17:05:45.772367 np0000168361 devstack@neutron-api.service[104044]: DEBUG neutron_lib.callbacks.manager [None req-433b90b9-104f-4ffa-9e9c-1746f97067f4 None None] Subscribe: > security_group_rule precommit_create 55550000, False {{(pid=104044) subscribe /opt/stack/data/venv/lib/python3.12/site-packages/neutron_lib/callbacks/manager.py:52}}
Apr 20 17:05:45.772466 np0000168361 devstack@neutron-api.service[104044]: DEBUG neutron_lib.callbacks.manager [None req-433b90b9-104f-4ffa-9e9c-1746f97067f4 None None] Subscribe: > security_group_rule after_create 55550000, False {{(pid=104044) subscribe /opt/stack/data/venv/lib/python3.12/site-packages/neutron_lib/callbacks/manager.py:52}}
Apr 20 17:05:45.772499 np0000168361 devstack@neutron-api.service[104043]: DEBUG neutron.api.extensions [None req-68421b80-b4f6-49c3-aef8-5b23c26ddc52 None None] Ext name="Allowed Address Pairs" alias="allowed-address-pairs" description="Provides allowed address pairs" updated="2013-07-23T10:00:00-00:00" {{(pid=104043) _check_extension /opt/stack/neutron/neutron/api/extensions.py:415}}
Apr 20 17:05:45.772573 np0000168361 devstack@neutron-api.service[104044]: DEBUG neutron_lib.callbacks.manager [None req-433b90b9-104f-4ffa-9e9c-1746f97067f4 None None] Subscribe: > security_group_rule before_delete 55550000, False {{(pid=104044) subscribe /opt/stack/data/venv/lib/python3.12/site-packages/neutron_lib/callbacks/manager.py:52}}
Apr 20 17:05:45.772641 np0000168361 devstack@neutron-api.service[104046]: DEBUG neutron.services.provider_configuration [None req-822e971d-4484-48f4-8ebe-98684af09562 None None] Service providers = [] {{(pid=104046) parse_service_provider_opt /opt/stack/neutron/neutron/services/provider_configuration.py:170}}
Apr 20 17:05:45.772671 np0000168361 devstack@neutron-api.service[104043]: INFO neutron.api.extensions [None req-68421b80-b4f6-49c3-aef8-5b23c26ddc52 None None] Loaded extension: allowed-address-pairs
Apr 20 17:05:45.772698 np0000168361 devstack@neutron-api.service[104044]: DEBUG neutron_lib.callbacks.manager [None req-433b90b9-104f-4ffa-9e9c-1746f97067f4 None None] Subscribe: > address_group after_create 55550000, False {{(pid=104044) subscribe /opt/stack/data/venv/lib/python3.12/site-packages/neutron_lib/callbacks/manager.py:52}}
Apr 20 17:05:45.772727 np0000168361 devstack@neutron-api.service[104046]: DEBUG neutron.db.servicetype_db [None req-822e971d-4484-48f4-8ebe-98684af09562 None None] Adding provider configuration for service L3_ROUTER_NAT {{(pid=104046) add_provider_configuration /opt/stack/neutron/neutron/db/servicetype_db.py:42}}
Apr 20 17:05:45.772781 np0000168361 devstack@neutron-api.service[104043]: DEBUG neutron.api.extensions [None req-68421b80-b4f6-49c3-aef8-5b23c26ddc52 None None] Loading extension file: auto_allocated_topology.py {{(pid=104043) _load_all_extensions_from_path /opt/stack/neutron/neutron/api/extensions.py:449}}
Apr 20 17:05:45.772837 np0000168361 devstack@neutron-api.service[104044]: DEBUG neutron_lib.callbacks.manager [None req-433b90b9-104f-4ffa-9e9c-1746f97067f4 None None] Subscribe: > address_group after_update 55550000, False {{(pid=104044) subscribe /opt/stack/data/venv/lib/python3.12/site-packages/neutron_lib/callbacks/manager.py:52}}
Apr 20 17:05:45.772882 np0000168361 devstack@neutron-api.service[104044]: DEBUG neutron_lib.callbacks.manager [None req-433b90b9-104f-4ffa-9e9c-1746f97067f4 None None] Subscribe: > address_group after_delete 55550000, False {{(pid=104044) subscribe /opt/stack/data/venv/lib/python3.12/site-packages/neutron_lib/callbacks/manager.py:52}}
Apr 20 17:05:45.773011 np0000168361 devstack@neutron-api.service[104043]: DEBUG neutron.api.extensions [None req-68421b80-b4f6-49c3-aef8-5b23c26ddc52 None None] Ext name="Auto Allocated Topology Services" alias="auto-allocated-topology" description="Auto Allocated Topology Services." updated="2016-01-01T00:00:00-00:00" {{(pid=104043) _check_extension /opt/stack/neutron/neutron/api/extensions.py:415}}
Apr 20 17:05:45.773079 np0000168361 devstack@neutron-api.service[104044]: DEBUG neutron_lib.callbacks.manager [None req-433b90b9-104f-4ffa-9e9c-1746f97067f4 None None] Subscribe: > qos_plugin after_init 55550000, False {{(pid=104044) subscribe /opt/stack/data/venv/lib/python3.12/site-packages/neutron_lib/callbacks/manager.py:52}}
Apr 20 17:05:45.773185 np0000168361 devstack@neutron-api.service[104043]: INFO neutron.api.extensions [None req-68421b80-b4f6-49c3-aef8-5b23c26ddc52 None None] Loaded extension: auto-allocated-topology
Apr 20 17:05:45.773269 np0000168361 devstack@neutron-api.service[104044]: DEBUG neutron_lib.callbacks.manager [None req-433b90b9-104f-4ffa-9e9c-1746f97067f4 None None] Subscribe: > trunk_plugin after_init 55550000, False {{(pid=104044) subscribe /opt/stack/data/venv/lib/python3.12/site-packages/neutron_lib/callbacks/manager.py:52}}
Apr 20 17:05:45.773301 np0000168361 devstack@neutron-api.service[104043]: DEBUG neutron.api.extensions [None req-68421b80-b4f6-49c3-aef8-5b23c26ddc52 None None] Loading extension file: availability_zone.py {{(pid=104043) _load_all_extensions_from_path /opt/stack/neutron/neutron/api/extensions.py:449}}
Apr 20 17:05:45.773494 np0000168361 devstack@neutron-api.service[104044]: DEBUG neutron_lib.callbacks.manager [None req-433b90b9-104f-4ffa-9e9c-1746f97067f4 None None] Subscribe: > logging-plugin after_init 55550000, False {{(pid=104044) subscribe /opt/stack/data/venv/lib/python3.12/site-packages/neutron_lib/callbacks/manager.py:52}}
Apr 20 17:05:45.773559 np0000168361 devstack@neutron-api.service[104043]: DEBUG neutron.api.extensions [None req-68421b80-b4f6-49c3-aef8-5b23c26ddc52 None None] Ext name="Availability Zone" alias="availability_zone" description="The availability zone extension." updated="2015-01-01T10:00:00-00:00" {{(pid=104043) _check_extension /opt/stack/neutron/neutron/api/extensions.py:415}}
Apr 20 17:05:45.773716 np0000168361 devstack@neutron-api.service[104043]: INFO neutron.api.extensions [None req-68421b80-b4f6-49c3-aef8-5b23c26ddc52 None None] Loaded extension: availability_zone
Apr 20 17:05:45.773800 np0000168361 devstack@neutron-api.service[104043]: DEBUG neutron.api.extensions [None req-68421b80-b4f6-49c3-aef8-5b23c26ddc52 None None] Loading extension file: availability_zone_filter.py {{(pid=104043) _load_all_extensions_from_path /opt/stack/neutron/neutron/api/extensions.py:449}}
Apr 20 17:05:45.774001 np0000168361 devstack@neutron-api.service[104046]: DEBUG neutron_lib.callbacks.manager [None req-822e971d-4484-48f4-8ebe-98684af09562 None None] Subscribe: > router precommit_create 55549900, False {{(pid=104046) subscribe /opt/stack/data/venv/lib/python3.12/site-packages/neutron_lib/callbacks/manager.py:52}}
Apr 20 17:05:45.774033 np0000168361 devstack@neutron-api.service[104044]: INFO neutron.services.logapi.drivers.ovn.driver [None req-433b90b9-104f-4ffa-9e9c-1746f97067f4 None None] OVN logging driver registered
Apr 20 17:05:45.774062 np0000168361 devstack@neutron-api.service[104043]: DEBUG neutron.api.extensions [None req-68421b80-b4f6-49c3-aef8-5b23c26ddc52 None None] Ext name="Availability Zone Filter Extension" alias="availability_zone_filter" description="Add filter parameters to AvailabilityZone resource" updated="2018-06-22T10:00:00-00:00" {{(pid=104043) _check_extension /opt/stack/neutron/neutron/api/extensions.py:415}}
Apr 20 17:05:45.774128 np0000168361 devstack@neutron-api.service[104046]: DEBUG neutron_lib.callbacks.manager [None req-822e971d-4484-48f4-8ebe-98684af09562 None None] Subscribe: > router_interface after_create 55550000, False {{(pid=104046) subscribe /opt/stack/data/venv/lib/python3.12/site-packages/neutron_lib/callbacks/manager.py:52}}
Apr 20 17:05:45.774217 np0000168361 devstack@neutron-api.service[104043]: INFO neutron.api.extensions [None req-68421b80-b4f6-49c3-aef8-5b23c26ddc52 None None] Extension availability_zone_filter not supported by any of loaded plugins
Apr 20 17:05:45.774248 np0000168361 devstack@neutron-api.service[104046]: DEBUG neutron_lib.callbacks.manager [None req-822e971d-4484-48f4-8ebe-98684af09562 None None] Subscribe: > floatingip after_create 55550000, False {{(pid=104046) subscribe /opt/stack/data/venv/lib/python3.12/site-packages/neutron_lib/callbacks/manager.py:52}}
Apr 20 17:05:45.774333 np0000168361 devstack@neutron-api.service[104043]: DEBUG neutron.api.extensions [None req-68421b80-b4f6-49c3-aef8-5b23c26ddc52 None None] Loading extension file: data_plane_status.py {{(pid=104043) _load_all_extensions_from_path /opt/stack/neutron/neutron/api/extensions.py:449}}
Apr 20 17:05:45.774361 np0000168361 devstack@neutron-api.service[104046]: DEBUG neutron_lib.callbacks.manager [None req-822e971d-4484-48f4-8ebe-98684af09562 None None] Subscribe: > floatingip precommit_create 55550000, False {{(pid=104046) subscribe /opt/stack/data/venv/lib/python3.12/site-packages/neutron_lib/callbacks/manager.py:52}}
Apr 20 17:05:45.774418 np0000168361 devstack@neutron-api.service[104046]: DEBUG neutron_lib.callbacks.manager [None req-822e971d-4484-48f4-8ebe-98684af09562 None None] Subscribe: > floatingip precommit_update 55550000, False {{(pid=104046) subscribe /opt/stack/data/venv/lib/python3.12/site-packages/neutron_lib/callbacks/manager.py:52}}
Apr 20 17:05:45.774522 np0000168361 devstack@neutron-api.service[104046]: DEBUG neutron_lib.callbacks.manager [None req-822e971d-4484-48f4-8ebe-98684af09562 None None] Subscribe: > floatingip after_delete 55550000, False {{(pid=104046) subscribe /opt/stack/data/venv/lib/python3.12/site-packages/neutron_lib/callbacks/manager.py:52}}
Apr 20 17:05:45.774551 np0000168361 devstack@neutron-api.service[104043]: DEBUG neutron.api.extensions [None req-68421b80-b4f6-49c3-aef8-5b23c26ddc52 None None] Ext name="Port data plane status extension" alias="data-plane-status" description="Expose status of underlying data plane" updated="2017-01-24T10:00:00-00:00" {{(pid=104043) _check_extension /opt/stack/neutron/neutron/api/extensions.py:415}}
Apr 20 17:05:45.774618 np0000168361 devstack@neutron-api.service[104046]: DEBUG neutron_lib.callbacks.manager [None req-822e971d-4484-48f4-8ebe-98684af09562 None None] Subscribe: > floatingip after_status_update 55550000, False {{(pid=104046) subscribe /opt/stack/data/venv/lib/python3.12/site-packages/neutron_lib/callbacks/manager.py:52}}
Apr 20 17:05:45.774683 np0000168361 devstack@neutron-api.service[104043]: INFO neutron.api.extensions [None req-68421b80-b4f6-49c3-aef8-5b23c26ddc52 None None] Extension data-plane-status not supported by any of loaded plugins
Apr 20 17:05:45.774711 np0000168361 devstack@neutron-api.service[104046]: DEBUG neutron_lib.callbacks.manager [None req-822e971d-4484-48f4-8ebe-98684af09562 None None] Subscribe: > floatingip after_update 55550000, False {{(pid=104046) subscribe /opt/stack/data/venv/lib/python3.12/site-packages/neutron_lib/callbacks/manager.py:52}}
Apr 20 17:05:45.774767 np0000168361 devstack@neutron-api.service[104043]: DEBUG neutron.api.extensions [None req-68421b80-b4f6-49c3-aef8-5b23c26ddc52 None None] Loading extension file: default_subnetpools.py {{(pid=104043) _load_all_extensions_from_path /opt/stack/neutron/neutron/api/extensions.py:449}}
