2026-06-28 21:01:52.115 9 INFO neutron.db.ovn_revision_numbers_db [None req-43bbd552-20c9-4f9f-b318-6044983b7454 6817e45e69d844eda139e62656a6496e 1ef8279ab05843eead4324f246f55fd1 - - default default] Successfully bumped revision number for resource 077dc5b2-7a16-4d35-9677-5f91326a072c (type: security_group_rules) to 0
2026-06-28 21:01:52.153 9 INFO neutron.wsgi [None req-43bbd552-20c9-4f9f-b318-6044983b7454 6817e45e69d844eda139e62656a6496e 1ef8279ab05843eead4324f246f55fd1 - - default default] 10.0.0.226 "POST /v2.0/security-group-rules HTTP/1.1" status: 201 len: 764 time: 0.2204292
2026-06-28 21:01:52.162 9 WARNING neutron_lib.context [None req-47d299b0-335b-43fd-a176-b5459dae24cc 6817e45e69d844eda139e62656a6496e 1ef8279ab05843eead4324f246f55fd1 - - default default] Method 'is_advsvc' is deprecated since 2023.2 release (neutron-lib 3.8.0) and will be removed once support for the old RBAC API policies will be removed from Neutron. Please use method 'is_service_role' instead.
2026-06-28 21:01:52.165 10 INFO neutron.db.ovn_revision_numbers_db [None req-6780a589-b035-40c3-ba27-903bf3bdde07 - - - - - -] Successfully bumped revision number for resource 2894e942-537f-43ab-9a10-57874c35cb81 (type: ports) to 2 /var/lib/openstack/lib/python3.10/site-packages/pycadf/identifier.py:71: UserWarning: Invalid uuid: neutron. To ensure interoperability, identifiers should be a valid uuid. warnings.warn(('Invalid uuid: %s. To ensure interoperability, '
2026-06-28 21:01:52.250 10 INFO neutron.db.ovn_revision_numbers_db [None req-6780a589-b035-40c3-ba27-903bf3bdde07 - - - - - -] Successfully bumped revision number for resource 2894e942-537f-43ab-9a10-57874c35cb81 (type: router_ports) to 2
2026-06-28 21:01:52.283 9 INFO neutron.db.ovn_revision_numbers_db [None req-47d299b0-335b-43fd-a176-b5459dae24cc 6817e45e69d844eda139e62656a6496e 1ef8279ab05843eead4324f246f55fd1 - - default default] Successfully bumped revision number for resource 99479f1b-48c6-4cc4-b425-16b0bdb07525 (type: security_group_rules) to 0
2026-06-28 21:01:52.310 9 INFO neutron.wsgi [None req-47d299b0-335b-43fd-a176-b5459dae24cc 6817e45e69d844eda139e62656a6496e 1ef8279ab05843eead4324f246f55fd1 - - default default] 10.0.0.226 "POST /v2.0/security-group-rules HTTP/1.1" status: 201 len: 769 time: 0.1525230
2026-06-28 21:01:52.320 9 WARNING neutron_lib.context [None req-5e7041f0-3d7d-4940-bc92-9808852c75ed 6817e45e69d844eda139e62656a6496e 1ef8279ab05843eead4324f246f55fd1 - - default default] Method 'is_advsvc' is deprecated since 2023.2 release (neutron-lib 3.8.0) and will be removed once support for the old RBAC API policies will be removed from Neutron. Please use method 'is_service_role' instead.
2026-06-28 21:01:52.367 10 INFO neutron.db.ovn_revision_numbers_db [None req-69bf25d1-9f8e-4e3e-8ac7-45794260f721 dee7710eebe641e998a3146c11aaf224 0252989593b642ec99ca19ce4267a2c0 - - default default] Successfully bumped revision number for resource 29a0cf42-db9a-4594-95e9-0721752857ad (type: security_groups) to 1
2026-06-28 21:01:52.381 10 INFO neutron.db.ovn_revision_numbers_db [None req-69bf25d1-9f8e-4e3e-8ac7-45794260f721 dee7710eebe641e998a3146c11aaf224 0252989593b642ec99ca19ce4267a2c0 - - default default] Successfully bumped revision number for resource 0da2e4e7-901b-4893-961b-accc36cc29ea (type: security_group_rules) to 0
2026-06-28 21:01:52.399 9 INFO neutron.wsgi [req-d420eff2-101d-4017-b05e-26c6dd2163f6 req-3a058e80-f470-4e67-9d55-5c28aa5b1f4c 57872ae9e8fd4a088998ac6796aed47e ca5aa5260ea943ada17dbe2a476dc898 - - default default] 10.0.0.16 "GET /v2.0/ports?device_id=f5c58cdd-779e-4ec3-9806-d196c227bf37 HTTP/1.1" status: 200 len: 1170 time: 0.0519805
2026-06-28 21:01:52.400 10 INFO neutron.db.ovn_revision_numbers_db [None req-69bf25d1-9f8e-4e3e-8ac7-45794260f721 dee7710eebe641e998a3146c11aaf224 0252989593b642ec99ca19ce4267a2c0 - - default default] Successfully bumped revision number for resource 575e473c-ba23-4ca7-b18d-c4b1acb8e634 (type: security_group_rules) to 0
2026-06-28 21:01:52.439 10 INFO neutron.db.ovn_revision_numbers_db [None req-69bf25d1-9f8e-4e3e-8ac7-45794260f721 dee7710eebe641e998a3146c11aaf224 0252989593b642ec99ca19ce4267a2c0 - - default default] Successfully bumped revision number for resource 8ad0d51e-71a2-4d88-930e-54f41cdb0f99 (type: security_group_rules) to 0
2026-06-28 21:01:52.455 10 INFO neutron.db.ovn_revision_numbers_db [None req-69bf25d1-9f8e-4e3e-8ac7-45794260f721 dee7710eebe641e998a3146c11aaf224 0252989593b642ec99ca19ce4267a2c0 - - default default] Successfully bumped revision number for resource 9dd1aadc-5691-4481-a848-56b7a0594bb2 (type: security_group_rules) to 0
2026-06-28 21:01:52.474 9 INFO neutron.wsgi [req-d420eff2-101d-4017-b05e-26c6dd2163f6 req-618923d4-47ca-4f97-87d1-7b9b9638cd32 57872ae9e8fd4a088998ac6796aed47e ca5aa5260ea943ada17dbe2a476dc898 - - default default] 10.0.0.16 "GET /v2.0/security-groups?id=32bcccd9-69fc-46af-958e-d683e446f525&fields=id&fields=name HTTP/1.1" status: 200 len: 313 time: 0.0501692
2026-06-28 21:01:52.479 10 INFO neutron.wsgi [None req-69bf25d1-9f8e-4e3e-8ac7-45794260f721 dee7710eebe641e998a3146c11aaf224 0252989593b642ec99ca19ce4267a2c0 - - default default] 10.0.0.226 "GET /v2.0/security-groups?tenant_id=d96aae5faa5042deae125031a82839cf&name=default HTTP/1.1" status: 200 len: 2996 time: 0.2628586
2026-06-28 21:01:52.587 9 INFO neutron.wsgi [req-05330769-6f07-433f-9690-c5d86229bbfe req-b591347e-27e4-4ea4-bda8-615abe8a2c06 57872ae9e8fd4a088998ac6796aed47e ca5aa5260ea943ada17dbe2a476dc898 - - default default] 10.0.0.16 "GET /v2.0/ports?device_id=f5c58cdd-779e-4ec3-9806-d196c227bf37 HTTP/1.1" status: 200 len: 1170 time: 0.0499570
2026-06-28 21:01:52.703 10 INFO neutron.wsgi [None req-1e85de46-fe7b-4407-8b06-65428e59a497 dee7710eebe641e998a3146c11aaf224 0252989593b642ec99ca19ce4267a2c0 - - default default] 10.0.0.226 "DELETE /v2.0/security-groups/29a0cf42-db9a-4594-95e9-0721752857ad HTTP/1.1" status: 204 len: 168 time: 0.2192166
2026-06-28 21:01:52.730 9 WARNING neutron.scheduler.dhcp_agent_scheduler [None req-5e7041f0-3d7d-4940-bc92-9808852c75ed 6817e45e69d844eda139e62656a6496e 1ef8279ab05843eead4324f246f55fd1 - - default default] No more DHCP agents
2026-06-28 21:01:52.733 9 WARNING neutron.api.rpc.agentnotifiers.dhcp_rpc_agent_api [None req-5e7041f0-3d7d-4940-bc92-9808852c75ed 6817e45e69d844eda139e62656a6496e 1ef8279ab05843eead4324f246f55fd1 - - default default] Unable to schedule network 4ea9bd8f-e56b-4845-914f-cd1f40212904: no agents available; will retry on subsequent port and subnet creation events.
2026-06-28 21:01:52.881 9 INFO neutron.db.l3_db [None req-3a5dbd30-137a-42b8-85d3-67b04e8b8434 57872ae9e8fd4a088998ac6796aed47e ca5aa5260ea943ada17dbe2a476dc898 - - default default] Floating IP ebbbea4d-336e-48e7-8a48-101a93daadb7 associated. External IP: 10.96.250.209, port: 4d4c45d5-8715-4147-8d11-eb6747692cb7.
2026-06-28 21:01:53.164 9 INFO neutron.db.ovn_revision_numbers_db [None req-3a5dbd30-137a-42b8-85d3-67b04e8b8434 57872ae9e8fd4a088998ac6796aed47e ca5aa5260ea943ada17dbe2a476dc898 - - default default] Successfully bumped revision number for resource ebbbea4d-336e-48e7-8a48-101a93daadb7 (type: floatingips) to 1
2026-06-28 21:01:53.176 9 INFO neutron.db.ovn_revision_numbers_db [None req-5e7041f0-3d7d-4940-bc92-9808852c75ed 6817e45e69d844eda139e62656a6496e 1ef8279ab05843eead4324f246f55fd1 - - default default] Successfully bumped revision number for resource 43e434a8-4e29-4637-b0e7-9ec14b0e9948 (type: floatingips) to 0
2026-06-28 21:01:53.190 9 INFO neutron.wsgi [None req-5e7041f0-3d7d-4940-bc92-9808852c75ed 6817e45e69d844eda139e62656a6496e 1ef8279ab05843eead4324f246f55fd1 - - default default] 10.0.0.226 "POST /v2.0/floatingips HTTP/1.1" status: 201 len: 751 time: 0.8753507
2026-06-28 21:01:53.468 9 INFO neutron.db.ovn_revision_numbers_db [None req-3a5dbd30-137a-42b8-85d3-67b04e8b8434 57872ae9e8fd4a088998ac6796aed47e ca5aa5260ea943ada17dbe2a476dc898 - - default default] Successfully bumped revision number for resource ebbbea4d-336e-48e7-8a48-101a93daadb7 (type: floatingips) to 2
2026-06-28 21:01:53.501 9 INFO neutron.wsgi [None req-3a5dbd30-137a-42b8-85d3-67b04e8b8434 57872ae9e8fd4a088998ac6796aed47e ca5aa5260ea943ada17dbe2a476dc898 - - default default] 10.0.0.226 "PUT /v2.0/floatingips/ebbbea4d-336e-48e7-8a48-101a93daadb7 HTTP/1.1" status: 200 len: 1049 time: 0.9044411
2026-06-28 21:01:53.547 9 INFO neutron.notifiers.nova [-] Nova event matching ['req-20e5f307-5b24-4863-a25a-64d108b5a68b'] response: {'name': 'network-changed', 'server_uuid': 'f5c58cdd-779e-4ec3-9806-d196c227bf37', 'tag': '4d4c45d5-8715-4147-8d11-eb6747692cb7', 'status': 'completed', 'code': 200} /var/lib/openstack/lib/python3.10/site-packages/pycadf/identifier.py:71: UserWarning: Invalid uuid: neutron. To ensure interoperability, identifiers should be a valid uuid. warnings.warn(('Invalid uuid: %s. To ensure interoperability, '
2026-06-28 21:01:53.600 9 INFO neutron.wsgi [req-b1ce71f9-5f7d-45d6-addf-fddff9ef70fc req-62790418-1f7f-4c62-a318-5d0e2dd52204 57872ae9e8fd4a088998ac6796aed47e ca5aa5260ea943ada17dbe2a476dc898 - - default default] 10.0.0.16 "GET /v2.0/ports?device_id=f5c58cdd-779e-4ec3-9806-d196c227bf37 HTTP/1.1" status: 200 len: 1170 time: 0.0516994
2026-06-28 21:01:53.605 9 INFO neutron.wsgi [req-f69d126c-f1d9-47c3-b4e4-cb7f524d6e2e req-06d67dca-9a2a-44ba-b072-bd5684c2cc93 ccaad008b0aa47239794adec87be5637 20f2cfd0977b45158f66d4824ebf86d0 - - 44e706304a8e4e5b82af10eac2ac5573 44e706304a8e4e5b82af10eac2ac5573] 199.204.45.38 "GET /v2.0/ports?tenant_id=ca5aa5260ea943ada17dbe2a476dc898&device_id=f5c58cdd-779e-4ec3-9806-d196c227bf37 HTTP/1.1" status: 200 len: 1409 time: 0.0432727
2026-06-28 21:01:53.670 9 INFO neutron.wsgi [req-b1ce71f9-5f7d-45d6-addf-fddff9ef70fc req-fbcb4049-5cba-42f6-822e-66a5fd5ae0a1 57872ae9e8fd4a088998ac6796aed47e ca5aa5260ea943ada17dbe2a476dc898 - - default default] 10.0.0.16 "GET /v2.0/security-groups?id=32bcccd9-69fc-46af-958e-d683e446f525&fields=id&fields=name HTTP/1.1" status: 200 len: 313 time: 0.0608861
2026-06-28 21:01:53.688 9 INFO neutron.wsgi [req-301fac2c-23cb-4d07-be5e-15e5d8ef2722 req-1bb88a85-2084-49a3-b10c-e179f166a608 6817e45e69d844eda139e62656a6496e 1ef8279ab05843eead4324f246f55fd1 - - default default] 10.0.0.16 "GET /v2.0/security-groups?name=tempest-securitygroup--1107017674&fields=id&tenant_id=1ef8279ab05843eead4324f246f55fd1 HTTP/1.1" status: 200 len: 267 time: 0.0489659
2026-06-28 21:01:53.696 9 INFO neutron.wsgi [req-f69d126c-f1d9-47c3-b4e4-cb7f524d6e2e req-2b652517-38b4-4e65-85a6-f44725e2dcbc ccaad008b0aa47239794adec87be5637 20f2cfd0977b45158f66d4824ebf86d0 - - 44e706304a8e4e5b82af10eac2ac5573 44e706304a8e4e5b82af10eac2ac5573] 199.204.45.38 "GET /v2.0/networks?id=53b2a5a4-6cd1-4a97-9eea-24b17831f7cb HTTP/1.1" status: 200 len: 977 time: 0.0864460
2026-06-28 21:01:53.754 9 INFO neutron.wsgi [req-f69d126c-f1d9-47c3-b4e4-cb7f524d6e2e req-5535bb95-37ae-4f69-8bb2-ad5d82f0311e ccaad008b0aa47239794adec87be5637 20f2cfd0977b45158f66d4824ebf86d0 - - 44e706304a8e4e5b82af10eac2ac5573 44e706304a8e4e5b82af10eac2ac5573] 199.204.45.38 "GET /v2.0/floatingips?fixed_ip_address=10.100.0.5&port_id=4d4c45d5-8715-4147-8d11-eb6747692cb7 HTTP/1.1" status: 200 len: 1059 time: 0.0548282
2026-06-28 21:01:53.781 9 INFO neutron.wsgi [req-301fac2c-23cb-4d07-be5e-15e5d8ef2722 req-69b9998f-b7ce-4b34-8ad7-1fbbb7969b69 6817e45e69d844eda139e62656a6496e 1ef8279ab05843eead4324f246f55fd1 - - default default] 10.0.0.16 "GET /v2.0/networks?id=a8b0360d-a9ee-42de-9cee-405ff62a82f1 HTTP/1.1" status: 200 len: 873 time: 0.0844793
2026-06-28 21:01:53.793 9 INFO neutron.wsgi [req-f69d126c-f1d9-47c3-b4e4-cb7f524d6e2e req-93536e93-342c-4a9e-8cd4-85bf86b0f628 ccaad008b0aa47239794adec87be5637 20f2cfd0977b45158f66d4824ebf86d0 - - 44e706304a8e4e5b82af10eac2ac5573 44e706304a8e4e5b82af10eac2ac5573] 199.204.45.38 "GET /v2.0/subnets?id=d713a340-ff9c-468a-bec7-b904a81160b3 HTTP/1.1" status: 200 len: 872 time: 0.0350859
2026-06-28 21:01:53.802 9 INFO neutron.wsgi [req-301fac2c-23cb-4d07-be5e-15e5d8ef2722 req-489e2aa9-53d7-429d-9109-9419c2710788 6817e45e69d844eda139e62656a6496e 1ef8279ab05843eead4324f246f55fd1 - - default default] 10.0.0.16 "GET /v2.0/quotas/1ef8279ab05843eead4324f246f55fd1 HTTP/1.1" status: 200 len: 386 time: 0.0131485
2026-06-28 21:01:53.845 9 INFO neutron.wsgi [req-f69d126c-f1d9-47c3-b4e4-cb7f524d6e2e req-b1031aba-9266-4c82-961b-02214a69fcf2 ccaad008b0aa47239794adec87be5637 20f2cfd0977b45158f66d4824ebf86d0 - - 44e706304a8e4e5b82af10eac2ac5573 44e706304a8e4e5b82af10eac2ac5573] 199.204.45.38 "GET /v2.0/ports?network_id=53b2a5a4-6cd1-4a97-9eea-24b17831f7cb&device_owner=network%3Adhcp HTTP/1.1" status: 200 len: 210 time: 0.0445943
2026-06-28 21:01:53.920 9 INFO neutron.wsgi [req-301fac2c-23cb-4d07-be5e-15e5d8ef2722 req-15f2d2ff-9027-4506-b237-a9de29cd2d65 6817e45e69d844eda139e62656a6496e 1ef8279ab05843eead4324f246f55fd1 - - default default] 10.0.0.16 "GET /v2.0/ports?tenant_id=1ef8279ab05843eead4324f246f55fd1&fields=id HTTP/1.1" status: 200 len: 302 time: 0.1096401
2026-06-28 21:01:53.922 9 INFO neutron.wsgi [req-f69d126c-f1d9-47c3-b4e4-cb7f524d6e2e req-d3646970-764f-4e41-98be-1cc3cf06ef5b ccaad008b0aa47239794adec87be5637 20f2cfd0977b45158f66d4824ebf86d0 - - 44e706304a8e4e5b82af10eac2ac5573 44e706304a8e4e5b82af10eac2ac5573] 199.204.45.38 "GET /v2.0/networks/53b2a5a4-6cd1-4a97-9eea-24b17831f7cb?fields=segments HTTP/1.1" status: 200 len: 212 time: 0.0745533
2026-06-28 21:01:54.013 9 INFO neutron.wsgi [req-f69d126c-f1d9-47c3-b4e4-cb7f524d6e2e req-c62a292a-cb62-4dd7-85ca-aa7b0d638b74 ccaad008b0aa47239794adec87be5637 20f2cfd0977b45158f66d4824ebf86d0 - - 44e706304a8e4e5b82af10eac2ac5573 44e706304a8e4e5b82af10eac2ac5573] 199.204.45.38 "GET /v2.0/networks/53b2a5a4-6cd1-4a97-9eea-24b17831f7cb?fields=provider%3Aphysical_network&fields=provider%3Anetwork_type HTTP/1.1" status: 200 len: 277 time: 0.0859196
2026-06-28 21:01:54.032 9 INFO neutron.wsgi [req-2a648250-fb61-4429-9877-b7dba8444cbf req-032b80cb-d4cb-4a76-8ca2-1178009a3a69 57872ae9e8fd4a088998ac6796aed47e ca5aa5260ea943ada17dbe2a476dc898 - - default default] 10.0.0.16 "GET /v2.0/ports?device_id=f5c58cdd-779e-4ec3-9806-d196c227bf37 HTTP/1.1" status: 200 len: 1170 time: 0.0439277
2026-06-28 21:01:54.037 9 INFO neutron.wsgi [req-301fac2c-23cb-4d07-be5e-15e5d8ef2722 req-2f3448c9-1741-4387-8e33-3dde33aae683 ccaad008b0aa47239794adec87be5637 20f2cfd0977b45158f66d4824ebf86d0 - - 44e706304a8e4e5b82af10eac2ac5573 44e706304a8e4e5b82af10eac2ac5573] 10.0.0.16 "GET /v2.0/networks/a8b0360d-a9ee-42de-9cee-405ff62a82f1?fields=segments HTTP/1.1" status: 200 len: 212 time: 0.0991261
2026-06-28 21:01:54.100 9 INFO neutron.wsgi [req-2a648250-fb61-4429-9877-b7dba8444cbf req-70ca2637-1079-444e-b1e7-3752a0fee9af 57872ae9e8fd4a088998ac6796aed47e ca5aa5260ea943ada17dbe2a476dc898 - - default default] 10.0.0.16 "GET /v2.0/security-groups?id=32bcccd9-69fc-46af-958e-d683e446f525&fields=id&fields=name HTTP/1.1" status: 200 len: 313 time: 0.0572734
2026-06-28 21:01:54.104 9 INFO neutron.wsgi [-] 10.0.0.133 "GET / HTTP/1.1" status: 200 len: 247 time: 0.0012164
2026-06-28 21:01:54.104 10 INFO neutron.wsgi [-] 10.0.0.133 "GET / HTTP/1.1" status: 200 len: 247 time: 0.0021346
2026-06-28 21:01:54.136 9 INFO neutron.wsgi [req-301fac2c-23cb-4d07-be5e-15e5d8ef2722 req-d733534a-c7e8-4a55-8028-faa244c55847 ccaad008b0aa47239794adec87be5637 20f2cfd0977b45158f66d4824ebf86d0 - - 44e706304a8e4e5b82af10eac2ac5573 44e706304a8e4e5b82af10eac2ac5573] 10.0.0.16 "GET /v2.0/networks/a8b0360d-a9ee-42de-9cee-405ff62a82f1?fields=provider%3Aphysical_network&fields=provider%3Anetwork_type HTTP/1.1" status: 200 len: 277 time: 0.0930836
2026-06-28 21:01:54.138 10 INFO neutron.notifiers.nova [-] Nova event matching ['req-a07a1ea9-4d7c-4692-b743-d7e5f7182fd1'] response: {'server_uuid': 'f5c58cdd-779e-4ec3-9806-d196c227bf37', 'name': 'network-vif-plugged', 'status': 'completed', 'tag': '4d4c45d5-8715-4147-8d11-eb6747692cb7', 'code': 200}
2026-06-28 21:01:54.149 9 INFO neutron.wsgi [req-36888486-34b5-408d-aefa-7191c4b8ced5 req-f89765ec-a29b-4b0e-8d69-7cf8a5768035 ccaad008b0aa47239794adec87be5637 20f2cfd0977b45158f66d4824ebf86d0 - - 44e706304a8e4e5b82af10eac2ac5573 44e706304a8e4e5b82af10eac2ac5573] 10.0.0.240 "GET /v2.0/ports?device_id=b0c9d18a-1995-4aeb-aa01-40265f8b5a5a HTTP/1.1" status: 200 len: 1409 time: 0.2348087
2026-06-28 21:01:54.195 9 INFO neutron.wsgi [req-36888486-34b5-408d-aefa-7191c4b8ced5 req-5e8229b1-3357-423b-84dd-e41f9e7f3ff7 ccaad008b0aa47239794adec87be5637 20f2cfd0977b45158f66d4824ebf86d0 - - 44e706304a8e4e5b82af10eac2ac5573 44e706304a8e4e5b82af10eac2ac5573] 10.0.0.240 "GET /v2.0/security-groups?id=3bb5dfe6-3b35-4e1e-ba76-c7c3ff816505&fields=id&fields=name HTTP/1.1" status: 200 len: 312 time: 0.0379956
2026-06-28 21:01:54.300 9 INFO neutron.wsgi [req-e8325525-083f-4b77-98f7-a0d043154f64 req-b89911e7-225a-4c97-a010-e22a322c483b 6817e45e69d844eda139e62656a6496e 1ef8279ab05843eead4324f246f55fd1 - - default default] 10.0.0.16 "GET /v2.0/ports?device_id=a89777d4-a889-4f1e-a0df-98ba9f12f57a HTTP/1.1" status: 200 len: 210 time: 0.0179038
2026-06-28 21:01:54.377 9 INFO neutron.wsgi [req-7fac5d15-2be3-4295-8da5-872566ae04fb req-a04552d1-dba2-431e-aa7f-317542f5472e 57872ae9e8fd4a088998ac6796aed47e ca5aa5260ea943ada17dbe2a476dc898 - - default default] 199.204.45.38 "GET /v2.0/ports?device_id=f5c58cdd-779e-4ec3-9806-d196c227bf37 HTTP/1.1" status: 200 len: 1170 time: 0.0395410
2026-06-28 21:01:54.808 9 INFO neutron.db.l3_db [req-7fac5d15-2be3-4295-8da5-872566ae04fb req-6e9769f2-9461-4f7f-b5da-0f3492108263 57872ae9e8fd4a088998ac6796aed47e ca5aa5260ea943ada17dbe2a476dc898 - - default default] Floating IP ebbbea4d-336e-48e7-8a48-101a93daadb7 disassociated. External IP: 10.96.250.209, port: 4d4c45d5-8715-4147-8d11-eb6747692cb7.
2026-06-28 21:01:55.023 9 INFO neutron.wsgi [req-7fac5d15-2be3-4295-8da5-872566ae04fb req-6e9769f2-9461-4f7f-b5da-0f3492108263 57872ae9e8fd4a088998ac6796aed47e ca5aa5260ea943ada17dbe2a476dc898 - - default default] 199.204.45.38 "DELETE /v2.0/ports/4d4c45d5-8715-4147-8d11-eb6747692cb7 HTTP/1.1" status: 204 len: 173 time: 0.6426194 /var/lib/openstack/lib/python3.10/site-packages/pycadf/identifier.py:71: UserWarning: Invalid uuid: neutron. To ensure interoperability, identifiers should be a valid uuid. warnings.warn(('Invalid uuid: %s. To ensure interoperability, '
2026-06-28 21:01:55.144 9 INFO neutron.wsgi [req-301fac2c-23cb-4d07-be5e-15e5d8ef2722 req-79c08af5-8f2a-438e-a086-349a8f850a05 6817e45e69d844eda139e62656a6496e 1ef8279ab05843eead4324f246f55fd1 - - default default] 199.204.45.38 "GET /v2.0/networks?id=a8b0360d-a9ee-42de-9cee-405ff62a82f1 HTTP/1.1" status: 200 len: 873 time: 0.0967708
2026-06-28 21:01:55.185 9 INFO neutron.wsgi [req-d7134040-a644-4db4-8851-f1ddcb5567bf req-6f803396-1d6e-4f41-83ba-cc6af210816e 57872ae9e8fd4a088998ac6796aed47e ca5aa5260ea943ada17dbe2a476dc898 - - default default] 10.0.0.16 "GET /v2.0/ports?device_id=f5c58cdd-779e-4ec3-9806-d196c227bf37 HTTP/1.1" status: 200 len: 210 time: 0.0213873
2026-06-28 21:01:55.209 9 INFO neutron.wsgi [req-301fac2c-23cb-4d07-be5e-15e5d8ef2722 req-712e84d0-0175-4c53-8e73-ca0f3638a74c 6817e45e69d844eda139e62656a6496e 1ef8279ab05843eead4324f246f55fd1 - - default default] 199.204.45.38 "GET /v2.0/security-groups?fields=id&fields=name&tenant_id=1ef8279ab05843eead4324f246f55fd1 HTTP/1.1" status: 200 len: 380 time: 0.0525355
2026-06-28 21:01:55.238 9 WARNING neutron_lib.context [req-301fac2c-23cb-4d07-be5e-15e5d8ef2722 req-d46dad71-fb8d-41b1-abce-492f75bd71e4 6817e45e69d844eda139e62656a6496e 1ef8279ab05843eead4324f246f55fd1 - - default default] Method 'is_advsvc' is deprecated since 2023.2 release (neutron-lib 3.8.0) and will be removed once support for the old RBAC API policies will be removed from Neutron. Please use method 'is_service_role' instead.
2026-06-28 21:01:55.377 9 INFO neutron.wsgi [req-565dd7c4-3bb1-420b-ac5d-8d30590c6a11 req-29416ac6-68a3-4fa5-88f7-09037dc0a376 6817e45e69d844eda139e62656a6496e 1ef8279ab05843eead4324f246f55fd1 - - default default] 10.0.0.16 "GET /v2.0/ports?device_id=a89777d4-a889-4f1e-a0df-98ba9f12f57a HTTP/1.1" status: 200 len: 210 time: 0.0208819
2026-06-28 21:01:55.593 9 INFO neutron.notifiers.nova [-] Nova event matching ['req-75f19680-04c5-4dd3-b3f4-4c76d7bef715'] response: {'server_uuid': 'f5c58cdd-779e-4ec3-9806-d196c227bf37', 'name': 'network-vif-deleted', 'tag': '4d4c45d5-8715-4147-8d11-eb6747692cb7', 'status': 'completed', 'code': 200}
2026-06-28 21:01:55.602 9 WARNING neutron.scheduler.dhcp_agent_scheduler [req-301fac2c-23cb-4d07-be5e-15e5d8ef2722 req-d46dad71-fb8d-41b1-abce-492f75bd71e4 6817e45e69d844eda139e62656a6496e 1ef8279ab05843eead4324f246f55fd1 - - default default] No more DHCP agents
2026-06-28 21:01:55.604 9 WARNING neutron.api.rpc.agentnotifiers.dhcp_rpc_agent_api [req-301fac2c-23cb-4d07-be5e-15e5d8ef2722 req-d46dad71-fb8d-41b1-abce-492f75bd71e4 6817e45e69d844eda139e62656a6496e 1ef8279ab05843eead4324f246f55fd1 - - default default] Unable to schedule network a8b0360d-a9ee-42de-9cee-405ff62a82f1: no agents available; will retry on subsequent port and subnet creation events.
2026-06-28 21:01:55.772 9 INFO neutron.db.ovn_revision_numbers_db [req-301fac2c-23cb-4d07-be5e-15e5d8ef2722 req-d46dad71-fb8d-41b1-abce-492f75bd71e4 6817e45e69d844eda139e62656a6496e 1ef8279ab05843eead4324f246f55fd1 - - default default] Successfully bumped revision number for resource b4259e4c-3e72-435e-9997-8727b2f95bc1 (type: ports) to 1
2026-06-28 21:01:55.795 9 INFO neutron.wsgi [req-301fac2c-23cb-4d07-be5e-15e5d8ef2722 req-d46dad71-fb8d-41b1-abce-492f75bd71e4 6817e45e69d844eda139e62656a6496e 1ef8279ab05843eead4324f246f55fd1 - - default default] 199.204.45.38 "POST /v2.0/ports HTTP/1.1" status: 201 len: 1162 time: 0.5630472 /var/lib/openstack/lib/python3.10/site-packages/pycadf/identifier.py:71: UserWarning: Invalid uuid: neutron. To ensure interoperability, identifiers should be a valid uuid. warnings.warn(('Invalid uuid: %s. To ensure interoperability, '
2026-06-28 21:01:56.206 9 INFO neutron.db.ovn_revision_numbers_db [req-301fac2c-23cb-4d07-be5e-15e5d8ef2722 req-93a12e0f-cc1e-491d-a068-f2d023f7c673 ccaad008b0aa47239794adec87be5637 20f2cfd0977b45158f66d4824ebf86d0 - - 44e706304a8e4e5b82af10eac2ac5573 44e706304a8e4e5b82af10eac2ac5573] Successfully bumped revision number for resource b4259e4c-3e72-435e-9997-8727b2f95bc1 (type: ports) to 2
2026-06-28 21:01:56.399 10 INFO neutron.wsgi [None req-ff31fea0-8071-450e-adf5-82fbc2879cff 57872ae9e8fd4a088998ac6796aed47e ca5aa5260ea943ada17dbe2a476dc898 - - default default] 10.0.0.226 "DELETE /v2.0/security-groups/32bcccd9-69fc-46af-958e-d683e446f525 HTTP/1.1" status: 204 len: 168 time: 0.1190147
2026-06-28 21:01:56.403 9 INFO neutron.db.ovn_revision_numbers_db [req-301fac2c-23cb-4d07-be5e-15e5d8ef2722 req-93a12e0f-cc1e-491d-a068-f2d023f7c673 ccaad008b0aa47239794adec87be5637 20f2cfd0977b45158f66d4824ebf86d0 - - 44e706304a8e4e5b82af10eac2ac5573 44e706304a8e4e5b82af10eac2ac5573] Successfully bumped revision number for resource b4259e4c-3e72-435e-9997-8727b2f95bc1 (type: ports) to 2
2026-06-28 21:01:56.416 10 INFO neutron.api.v2.resource [None req-f778dff6-6b9c-4388-9c30-bffc6af7934c 57872ae9e8fd4a088998ac6796aed47e ca5aa5260ea943ada17dbe2a476dc898 - - default default] show failed (client error): The resource could not be found.
2026-06-28 21:01:56.418 10 INFO neutron.wsgi [None req-f778dff6-6b9c-4388-9c30-bffc6af7934c 57872ae9e8fd4a088998ac6796aed47e ca5aa5260ea943ada17dbe2a476dc898 - - default default] 10.0.0.226 "GET /v2.0/security-groups/32bcccd9-69fc-46af-958e-d683e446f525 HTTP/1.1" status: 404 len: 347 time: 0.0120747
2026-06-28 21:01:56.419 9 INFO neutron.wsgi [req-301fac2c-23cb-4d07-be5e-15e5d8ef2722 req-93a12e0f-cc1e-491d-a068-f2d023f7c673 ccaad008b0aa47239794adec87be5637 20f2cfd0977b45158f66d4824ebf86d0 - - 44e706304a8e4e5b82af10eac2ac5573 44e706304a8e4e5b82af10eac2ac5573] 199.204.45.38 "PUT /v2.0/ports/b4259e4c-3e72-435e-9997-8727b2f95bc1 HTTP/1.1" status: 200 len: 1380 time: 0.6152775 /var/lib/openstack/lib/python3.10/site-packages/pycadf/identifier.py:71: UserWarning: Invalid uuid: neutron. To ensure interoperability, identifiers should be a valid uuid. warnings.warn(('Invalid uuid: %s. To ensure interoperability, '
2026-06-28 21:01:56.500 9 INFO neutron.wsgi [req-c31b5637-9f01-4a8e-adf9-7ed0d59b7e1b req-911bfc09-5cbf-48e9-abe4-229783889acc 6817e45e69d844eda139e62656a6496e 1ef8279ab05843eead4324f246f55fd1 - - default default] 10.0.0.16 "GET /v2.0/ports?device_id=a89777d4-a889-4f1e-a0df-98ba9f12f57a HTTP/1.1" status: 200 len: 1172 time: 0.0522754
2026-06-28 21:01:56.519 9 INFO neutron.wsgi [req-301fac2c-23cb-4d07-be5e-15e5d8ef2722 req-cd51e29f-c257-4159-9044-3ff9d0298f87 ccaad008b0aa47239794adec87be5637 20f2cfd0977b45158f66d4824ebf86d0 - - 44e706304a8e4e5b82af10eac2ac5573 44e706304a8e4e5b82af10eac2ac5573] 199.204.45.38 "GET /v2.0/ports?tenant_id=1ef8279ab05843eead4324f246f55fd1&device_id=a89777d4-a889-4f1e-a0df-98ba9f12f57a HTTP/1.1" status: 200 len: 1411 time: 0.0484395
2026-06-28 21:01:56.549 9 INFO neutron.wsgi [req-301fac2c-23cb-4d07-be5e-15e5d8ef2722 req-b7b62bc5-cb3c-4df8-98b0-33b2f9a29d21 ccaad008b0aa47239794adec87be5637 20f2cfd0977b45158f66d4824ebf86d0 - - 44e706304a8e4e5b82af10eac2ac5573 44e706304a8e4e5b82af10eac2ac5573] 199.204.45.38 "GET /v2.0/floatingips?fixed_ip_address=10.100.0.14&port_id=b4259e4c-3e72-435e-9997-8727b2f95bc1 HTTP/1.1" status: 200 len: 217 time: 0.0220377
2026-06-28 21:01:56.577 9 INFO neutron.wsgi [req-c31b5637-9f01-4a8e-adf9-7ed0d59b7e1b req-8631585a-718b-4139-b8d0-dd350d3a8698 6817e45e69d844eda139e62656a6496e 1ef8279ab05843eead4324f246f55fd1 - - default default] 10.0.0.16 "GET /v2.0/security-groups?id=a284d21a-24dc-4a76-b248-c75a816ead21&fields=id&fields=name HTTP/1.1" status: 200 len: 313 time: 0.0701990
2026-06-28 21:01:56.586 9 INFO neutron.wsgi [req-301fac2c-23cb-4d07-be5e-15e5d8ef2722 req-f934d8f2-13e4-423e-b570-16f23e6a9d4d ccaad008b0aa47239794adec87be5637 20f2cfd0977b45158f66d4824ebf86d0 - - 44e706304a8e4e5b82af10eac2ac5573 44e706304a8e4e5b82af10eac2ac5573] 199.204.45.38 "GET /v2.0/subnets?id=c5b24b0e-8007-41d8-a6c1-eda7925a9740 HTTP/1.1" status: 200 len: 867 time: 0.0329828
2026-06-28 21:01:56.615 9 INFO neutron.wsgi [req-301fac2c-23cb-4d07-be5e-15e5d8ef2722 req-5c661c5f-75b3-4300-afc7-71edd567c0fa ccaad008b0aa47239794adec87be5637 20f2cfd0977b45158f66d4824ebf86d0 - - 44e706304a8e4e5b82af10eac2ac5573 44e706304a8e4e5b82af10eac2ac5573] 199.204.45.38 "GET /v2.0/ports?network_id=a8b0360d-a9ee-42de-9cee-405ff62a82f1&device_owner=network%3Adhcp HTTP/1.1" status: 200 len: 210 time: 0.0176077
2026-06-28 21:01:56.795 10 INFO neutron.wsgi [None req-c45e9eda-f91a-4838-8927-8c58e85e1f08 57872ae9e8fd4a088998ac6796aed47e ca5aa5260ea943ada17dbe2a476dc898 - - default default] 10.0.0.226 "DELETE /v2.0/floatingips/ebbbea4d-336e-48e7-8a48-101a93daadb7 HTTP/1.1" status: 204 len: 168 time: 0.3723884
2026-06-28 21:01:56.865 9 INFO neutron.wsgi [req-301fac2c-23cb-4d07-be5e-15e5d8ef2722 req-4c8b2440-efb1-4041-8aa4-ce6366a91e4d ccaad008b0aa47239794adec87be5637 20f2cfd0977b45158f66d4824ebf86d0 - - 44e706304a8e4e5b82af10eac2ac5573 44e706304a8e4e5b82af10eac2ac5573] 199.204.45.38 "GET /v2.0/networks/a8b0360d-a9ee-42de-9cee-405ff62a82f1?fields=segments HTTP/1.1" status: 200 len: 212 time: 0.2438579
2026-06-28 21:01:56.918 9 INFO neutron.wsgi [req-301fac2c-23cb-4d07-be5e-15e5d8ef2722 req-6fd3cb43-557e-4a41-a525-acdb4f498ad9 ccaad008b0aa47239794adec87be5637 20f2cfd0977b45158f66d4824ebf86d0 - - 44e706304a8e4e5b82af10eac2ac5573 44e706304a8e4e5b82af10eac2ac5573] 199.204.45.38 "GET /v2.0/networks/a8b0360d-a9ee-42de-9cee-405ff62a82f1?fields=provider%3Aphysical_network&fields=provider%3Anetwork_type HTTP/1.1" status: 200 len: 277 time: 0.0455766
2026-06-28 21:01:57.072 10 INFO neutron.db.ovn_revision_numbers_db [None req-4548ab87-0d29-4854-a88f-e286b50fd819 dee7710eebe641e998a3146c11aaf224 0252989593b642ec99ca19ce4267a2c0 - - default default] Successfully bumped revision number for resource 36e64644-57ff-419a-a622-8ab00023ad60 (type: security_groups) to 1
2026-06-28 21:01:57.095 10 INFO neutron.db.ovn_revision_numbers_db [None req-4548ab87-0d29-4854-a88f-e286b50fd819 dee7710eebe641e998a3146c11aaf224 0252989593b642ec99ca19ce4267a2c0 - - default default] Successfully bumped revision number for resource 81f289bb-405c-493d-b5c6-ee88587b07dd (type: security_group_rules) to 0
2026-06-28 21:01:57.130 10 INFO neutron.db.ovn_revision_numbers_db [None req-4548ab87-0d29-4854-a88f-e286b50fd819 dee7710eebe641e998a3146c11aaf224 0252989593b642ec99ca19ce4267a2c0 - - default default] Successfully bumped revision number for resource 9ef0a6d9-7b4f-4e7e-b602-fbb169dbe447 (type: security_group_rules) to 0
2026-06-28 21:01:57.141 10 WARNING neutron.plugins.ml2.drivers.ovn.mech_driver.ovsdb.ovn_client [None req-6780a589-b035-40c3-ba27-903bf3bdde07 - - - - - -] No hosting information found for port 2894e942-537f-43ab-9a10-57874c35cb81: RuntimeError: No hosting information found for port 2894e942-537f-43ab-9a10-57874c35cb81
2026-06-28 21:01:57.141 10 INFO neutron.plugins.ml2.drivers.ovn.mech_driver.mech_driver [None req-6780a589-b035-40c3-ba27-903bf3bdde07 - - - - - -] OVN reports status down for port: 4d4c45d5-8715-4147-8d11-eb6747692cb7
2026-06-28 21:01:57.157 10 INFO neutron.plugins.ml2.drivers.ovn.mech_driver.mech_driver [None req-6780a589-b035-40c3-ba27-903bf3bdde07 - - - - - -] OVN reports status up for port: b4259e4c-3e72-435e-9997-8727b2f95bc1
2026-06-28 21:01:57.161 10 INFO neutron.db.ovn_revision_numbers_db [None req-4548ab87-0d29-4854-a88f-e286b50fd819 dee7710eebe641e998a3146c11aaf224 0252989593b642ec99ca19ce4267a2c0 - - default default] Successfully bumped revision number for resource b550faf4-f9ee-4088-9028-a3a96e144d2f (type: security_group_rules) to 0
2026-06-28 21:01:57.181 10 INFO neutron.plugins.ml2.plugin [None req-6780a589-b035-40c3-ba27-903bf3bdde07 - - - - - -] Attempt 1 to provision port b4259e4c-3e72-435e-9997-8727b2f95bc1
2026-06-28 21:01:57.196 10 INFO neutron.db.ovn_revision_numbers_db [None req-4548ab87-0d29-4854-a88f-e286b50fd819 dee7710eebe641e998a3146c11aaf224 0252989593b642ec99ca19ce4267a2c0 - - default default] Successfully bumped revision number for resource c9459859-891e-4eaf-90a9-6d933462b055 (type: security_group_rules) to 0
2026-06-28 21:01:57.236 10 INFO neutron.wsgi [None req-4548ab87-0d29-4854-a88f-e286b50fd819 dee7710eebe641e998a3146c11aaf224 0252989593b642ec99ca19ce4267a2c0 - - default default] 10.0.0.226 "GET /v2.0/security-groups?tenant_id=865e81809a164c3bb0733e2d910264d6&name=default HTTP/1.1" status: 200 len: 2996 time: 0.5624435
2026-06-28 21:01:57.502 10 INFO neutron.notifiers.nova [-] Nova event matching ['req-a8a910d1-1318-426f-a000-10f48e299ef4'] response: {'server_uuid': 'a89777d4-a889-4f1e-a0df-98ba9f12f57a', 'name': 'network-vif-plugged', 'status': 'completed', 'tag': 'b4259e4c-3e72-435e-9997-8727b2f95bc1', 'code': 200}
2026-06-28 21:01:57.502 9 INFO neutron.wsgi [None req-3f375d92-de74-4c4d-87e4-01c63a005dfa dee7710eebe641e998a3146c11aaf224 0252989593b642ec99ca19ce4267a2c0 - - default default] 10.0.0.226 "DELETE /v2.0/security-groups/36e64644-57ff-419a-a622-8ab00023ad60 HTTP/1.1" status: 204 len: 168 time: 0.2602406
2026-06-28 21:01:57.647 9 INFO neutron.notifiers.nova [-] Nova event matching ['req-afd389e6-1ef1-4ccc-a6ce-10fd36658693'] response: {'name': 'network-changed', 'server_uuid': 'a89777d4-a889-4f1e-a0df-98ba9f12f57a', 'tag': 'b4259e4c-3e72-435e-9997-8727b2f95bc1', 'status': 'completed', 'code': 200}
2026-06-28 21:01:57.697 10 INFO neutron.db.ovn_revision_numbers_db [None req-6780a589-b035-40c3-ba27-903bf3bdde07 - - - - - -] Successfully bumped revision number for resource b4259e4c-3e72-435e-9997-8727b2f95bc1 (type: ports) to 4
2026-06-28 21:01:57.714 9 INFO neutron.wsgi [req-e834b777-543a-4814-baef-6477013f75fb req-867c14e0-d9df-4b9b-a4f3-bbbbd980fd59 6817e45e69d844eda139e62656a6496e 1ef8279ab05843eead4324f246f55fd1 - - default default] 10.0.0.16 "GET /v2.0/ports?device_id=a89777d4-a889-4f1e-a0df-98ba9f12f57a HTTP/1.1" status: 200 len: 1174 time: 0.0583692
2026-06-28 21:01:57.718 9 INFO neutron.wsgi [req-9ce2ba0d-b335-4e9e-ae7b-3ee5c289182f req-00cf2027-53c0-43c5-9775-8e45615be7d3 ccaad008b0aa47239794adec87be5637 20f2cfd0977b45158f66d4824ebf86d0 - - 44e706304a8e4e5b82af10eac2ac5573 44e706304a8e4e5b82af10eac2ac5573] 199.204.45.38 "GET /v2.0/ports?tenant_id=1ef8279ab05843eead4324f246f55fd1&device_id=a89777d4-a889-4f1e-a0df-98ba9f12f57a HTTP/1.1" status: 200 len: 1413 time: 0.0430312
2026-06-28 21:01:57.758 9 INFO neutron.db.ovn_revision_numbers_db [None req-c60a4a8f-d05a-43fc-8d8c-1344438334ef dee7710eebe641e998a3146c11aaf224 0252989593b642ec99ca19ce4267a2c0 - - default default] Successfully bumped revision number for resource 415f9f64-dd16-4572-be6b-010aa856bec8 (type: security_groups) to 1
2026-06-28 21:01:57.780 9 INFO neutron.wsgi [req-e834b777-543a-4814-baef-6477013f75fb req-417fd161-13d5-4397-9dcd-59657ee936e6 6817e45e69d844eda139e62656a6496e 1ef8279ab05843eead4324f246f55fd1 - - default default] 10.0.0.16 "GET /v2.0/security-groups?id=a284d21a-24dc-4a76-b248-c75a816ead21&fields=id&fields=name HTTP/1.1" status: 200 len: 313 time: 0.0601678
2026-06-28 21:01:57.791 9 INFO neutron.db.ovn_revision_numbers_db [None req-c60a4a8f-d05a-43fc-8d8c-1344438334ef dee7710eebe641e998a3146c11aaf224 0252989593b642ec99ca19ce4267a2c0 - - default default] Successfully bumped revision number for resource 1d1829ff-a0b7-49e9-8058-c8d669400fb4 (type: security_group_rules) to 0
2026-06-28 21:01:57.808 9 INFO neutron.wsgi [req-9ce2ba0d-b335-4e9e-ae7b-3ee5c289182f req-f9a65397-86b7-4c7e-9bf0-8988919cc24b ccaad008b0aa47239794adec87be5637 20f2cfd0977b45158f66d4824ebf86d0 - - 44e706304a8e4e5b82af10eac2ac5573 44e706304a8e4e5b82af10eac2ac5573] 199.204.45.38 "GET /v2.0/networks?id=a8b0360d-a9ee-42de-9cee-405ff62a82f1 HTTP/1.1" status: 200 len: 972 time: 0.0812304
2026-06-28 21:01:57.808 9 INFO neutron.db.ovn_revision_numbers_db [None req-c60a4a8f-d05a-43fc-8d8c-1344438334ef dee7710eebe641e998a3146c11aaf224 0252989593b642ec99ca19ce4267a2c0 - - default default] Successfully bumped revision number for resource 66ca3897-f06b-4e08-a924-3030f3998c4d (type: security_group_rules) to 0
2026-06-28 21:01:57.834 9 INFO neutron.db.ovn_revision_numbers_db [None req-c60a4a8f-d05a-43fc-8d8c-1344438334ef dee7710eebe641e998a3146c11aaf224 0252989593b642ec99ca19ce4267a2c0 - - default default] Successfully bumped revision number for resource 68f7d4d5-a14b-4196-a368-23c07f261c8d (type: security_group_rules) to 0
2026-06-28 21:01:57.835 9 INFO neutron.wsgi [req-9ce2ba0d-b335-4e9e-ae7b-3ee5c289182f req-1ac3f140-29f9-40e8-857e-e343fc95bc08 ccaad008b0aa47239794adec87be5637 20f2cfd0977b45158f66d4824ebf86d0 - - 44e706304a8e4e5b82af10eac2ac5573 44e706304a8e4e5b82af10eac2ac5573] 199.204.45.38 "GET /v2.0/floatingips?fixed_ip_address=10.100.0.14&port_id=b4259e4c-3e72-435e-9997-8727b2f95bc1 HTTP/1.1" status: 200 len: 217 time: 0.0210238
2026-06-28 21:01:57.856 9 INFO neutron.db.ovn_revision_numbers_db [None req-c60a4a8f-d05a-43fc-8d8c-1344438334ef dee7710eebe641e998a3146c11aaf224 0252989593b642ec99ca19ce4267a2c0 - - default default] Successfully bumped revision number for resource 9a79ab31-cf83-490e-85f8-26912f745420 (type: security_group_rules) to 0
2026-06-28 21:01:57.884 9 INFO neutron.wsgi [req-9ce2ba0d-b335-4e9e-ae7b-3ee5c289182f req-29e7da8d-918e-4134-9da9-16fffa4cb949 ccaad008b0aa47239794adec87be5637 20f2cfd0977b45158f66d4824ebf86d0 - - 44e706304a8e4e5b82af10eac2ac5573 44e706304a8e4e5b82af10eac2ac5573] 199.204.45.38 "GET /v2.0/subnets?id=c5b24b0e-8007-41d8-a6c1-eda7925a9740 HTTP/1.1" status: 200 len: 867 time: 0.0419490
2026-06-28 21:01:57.886 9 INFO neutron.wsgi [None req-c60a4a8f-d05a-43fc-8d8c-1344438334ef dee7710eebe641e998a3146c11aaf224 0252989593b642ec99ca19ce4267a2c0 - - default default] 10.0.0.226 "GET /v2.0/security-groups?tenant_id=1c89f20e5d3940debf678ffb3a06109b&name=default HTTP/1.1" status: 200 len: 2996 time: 0.3062584
2026-06-28 21:01:57.920 9 INFO neutron.wsgi [req-9ce2ba0d-b335-4e9e-ae7b-3ee5c289182f req-4e4cea58-e46a-469c-b218-f6652bda2dc3 ccaad008b0aa47239794adec87be5637 20f2cfd0977b45158f66d4824ebf86d0 - - 44e706304a8e4e5b82af10eac2ac5573 44e706304a8e4e5b82af10eac2ac5573] 199.204.45.38 "GET /v2.0/ports?network_id=a8b0360d-a9ee-42de-9cee-405ff62a82f1&device_owner=network%3Adhcp HTTP/1.1" status: 200 len: 210 time: 0.0296991
2026-06-28 21:01:57.996 9 INFO neutron.wsgi [req-9ce2ba0d-b335-4e9e-ae7b-3ee5c289182f req-c5514c86-0b58-4bb1-81cc-a639436cbf83 ccaad008b0aa47239794adec87be5637 20f2cfd0977b45158f66d4824ebf86d0 - - 44e706304a8e4e5b82af10eac2ac5573 44e706304a8e4e5b82af10eac2ac5573] 199.204.45.38 "GET /v2.0/networks/a8b0360d-a9ee-42de-9cee-405ff62a82f1?fields=segments HTTP/1.1" status: 200 len: 212 time: 0.0656517
2026-06-28 21:01:58.071 9 INFO neutron.wsgi [req-9ce2ba0d-b335-4e9e-ae7b-3ee5c289182f req-4e52df79-7315-4a04-9528-0686ab92110b ccaad008b0aa47239794adec87be5637 20f2cfd0977b45158f66d4824ebf86d0 - - 44e706304a8e4e5b82af10eac2ac5573 44e706304a8e4e5b82af10eac2ac5573] 199.204.45.38 "GET /v2.0/networks/a8b0360d-a9ee-42de-9cee-405ff62a82f1?fields=provider%3Aphysical_network&fields=provider%3Anetwork_type HTTP/1.1" status: 200 len: 277 time: 0.0685968
2026-06-28 21:01:58.146 9 INFO neutron.wsgi [None req-49cec0b4-7af0-40f4-ad08-8f38f426f0bc dee7710eebe641e998a3146c11aaf224 0252989593b642ec99ca19ce4267a2c0 - - default default] 10.0.0.226 "DELETE /v2.0/security-groups/415f9f64-dd16-4572-be6b-010aa856bec8 HTTP/1.1" status: 204 len: 168 time: 0.2542334
2026-06-28 21:01:58.323 10 INFO neutron.wsgi [None req-27308413-7e61-4c62-802d-d95bc7c76143 dee7710eebe641e998a3146c11aaf224 0252989593b642ec99ca19ce4267a2c0 - - default default] 10.0.0.226 "PUT /v2.0/routers/d15326ff-1854-42ce-90bf-bef8250e95ec/remove_router_interface HTTP/1.1" status: 200 len: 503 time: 1.5224297 /var/lib/openstack/lib/python3.10/site-packages/pycadf/identifier.py:71: UserWarning: Invalid uuid: neutron. To ensure interoperability, identifiers should be a valid uuid. warnings.warn(('Invalid uuid: %s. To ensure interoperability, '
2026-06-28 21:01:58.896 9 INFO neutron.wsgi [req-9b7ac291-3bda-47b7-92dc-9e4bef7b0003 req-e65c3678-72d3-40ec-8e2e-ea1dcb62d4c2 6817e45e69d844eda139e62656a6496e 1ef8279ab05843eead4324f246f55fd1 - - default default] 10.0.0.16 "GET /v2.0/ports?device_id=a89777d4-a889-4f1e-a0df-98ba9f12f57a HTTP/1.1" status: 200 len: 1174 time: 0.0482154
2026-06-28 21:01:58.935 9 INFO neutron.wsgi [req-9b7ac291-3bda-47b7-92dc-9e4bef7b0003 req-30e211c0-c38d-4070-8b8c-a4df2c6e5062 6817e45e69d844eda139e62656a6496e 1ef8279ab05843eead4324f246f55fd1 - - default default] 10.0.0.16 "GET /v2.0/security-groups?id=a284d21a-24dc-4a76-b248-c75a816ead21&fields=id&fields=name HTTP/1.1" status: 200 len: 313 time: 0.0353861
2026-06-28 21:01:59.111 9 INFO neutron.wsgi [req-044e3112-d1f5-4625-b677-726bd293090a req-16feab91-74ef-4591-a10f-645268e722d6 6817e45e69d844eda139e62656a6496e 1ef8279ab05843eead4324f246f55fd1 - - default default] 10.0.0.16 "GET /v2.0/ports?device_id=a89777d4-a889-4f1e-a0df-98ba9f12f57a HTTP/1.1" status: 200 len: 1174 time: 0.0868139
2026-06-28 21:01:59.216 10 INFO neutron.wsgi [None req-2d37ef34-754b-4836-9f26-5e8eb90bb4fe dee7710eebe641e998a3146c11aaf224 0252989593b642ec99ca19ce4267a2c0 - - default default] 10.0.0.226 "DELETE /v2.0/routers/d15326ff-1854-42ce-90bf-bef8250e95ec HTTP/1.1" status: 204 len: 168 time: 0.8845286
2026-06-28 21:01:59.363 9 INFO neutron.wsgi [req-a123f574-8deb-409c-ae4b-369f5e272f0e req-83f29573-5027-476b-be12-2511885b45ca 9a46bf41da4a402a8a92edfa8b9fb532 54c20b9c43c145d1bcf2973b1f9d00a1 - - default default] 10.0.0.16 "GET /v2.0/ports?device_id=b0c9d18a-1995-4aeb-aa01-40265f8b5a5a HTTP/1.1" status: 200 len: 1170 time: 0.1278355
2026-06-28 21:01:59.383 9 INFO neutron.db.l3_db [None req-04cb085c-9cbb-48d9-a30d-3ca1e994efba 6817e45e69d844eda139e62656a6496e 1ef8279ab05843eead4324f246f55fd1 - - default default] Floating IP 43e434a8-4e29-4637-b0e7-9ec14b0e9948 associated. External IP: 10.96.250.220, port: b4259e4c-3e72-435e-9997-8727b2f95bc1.
2026-06-28 21:01:59.443 10 INFO neutron.wsgi [None req-5bf078ba-65bb-4673-be33-953ecc641c4f dee7710eebe641e998a3146c11aaf224 0252989593b642ec99ca19ce4267a2c0 - - default default] 10.0.0.226 "DELETE /v2.0/subnets/d713a340-ff9c-468a-bec7-b904a81160b3 HTTP/1.1" status: 204 len: 168 time: 0.2114041
2026-06-28 21:01:59.464 9 INFO neutron.wsgi [req-8cc42b9c-617c-420f-99c5-0278db1d9940 req-982a510d-54a9-4bda-ac8d-cf33898ac3e2 9a46bf41da4a402a8a92edfa8b9fb532 54c20b9c43c145d1bcf2973b1f9d00a1 - - default default] 10.0.0.16 "GET /v2.0/ports/12c80ae1-d599-4d28-bbd5-619d8550f756 HTTP/1.1" status: 200 len: 1167 time: 0.0585303
2026-06-28 21:01:59.549 10 INFO neutron.notifiers.nova [-] Nova event matching ['req-f22688ac-d18a-4703-9496-ad375e8592a5'] response: {'server_uuid': 'a89777d4-a889-4f1e-a0df-98ba9f12f57a', 'name': 'network-vif-plugged', 'status': 'completed', 'tag': 'b4259e4c-3e72-435e-9997-8727b2f95bc1', 'code': 200} /var/lib/openstack/lib/python3.10/site-packages/pycadf/identifier.py:71: UserWarning: Invalid uuid: neutron. To ensure interoperability, identifiers should be a valid uuid. warnings.warn(('Invalid uuid: %s. To ensure interoperability, '
2026-06-28 21:01:59.727 9 INFO neutron.wsgi [req-8bc1e3e7-f473-4460-824b-45eb59d03716 req-1b332390-b68f-4565-8e72-c2504bc88c00 9a46bf41da4a402a8a92edfa8b9fb532 54c20b9c43c145d1bcf2973b1f9d00a1 - - default default] 199.204.45.38 "GET /v2.0/subnets?network_id=4c4e0f00-52b2-48a8-aa58-0516b6b8ed14 HTTP/1.1" status: 200 len: 859 time: 0.0916593
2026-06-28 21:01:59.757 9 INFO neutron.db.ovn_revision_numbers_db [None req-04cb085c-9cbb-48d9-a30d-3ca1e994efba 6817e45e69d844eda139e62656a6496e 1ef8279ab05843eead4324f246f55fd1 - - default default] Successfully bumped revision number for resource 43e434a8-4e29-4637-b0e7-9ec14b0e9948 (type: floatingips) to 1
2026-06-28 21:01:59.841 9 INFO neutron.wsgi [req-8bc1e3e7-f473-4460-824b-45eb59d03716 req-08e39c96-9d73-4d14-b5b8-a768a29ba418 9a46bf41da4a402a8a92edfa8b9fb532 54c20b9c43c145d1bcf2973b1f9d00a1 - - default default] 199.204.45.38 "GET /v2.0/ports?device_id=b0c9d18a-1995-4aeb-aa01-40265f8b5a5a&device_owner=compute%3Anova&network_id=4c4e0f00-52b2-48a8-aa58-0516b6b8ed14 HTTP/1.1" status: 200 len: 1170 time: 0.0955782
2026-06-28 21:01:59.964 9 INFO neutron.db.ovn_revision_numbers_db [None req-04cb085c-9cbb-48d9-a30d-3ca1e994efba 6817e45e69d844eda139e62656a6496e 1ef8279ab05843eead4324f246f55fd1 - - default default] Successfully bumped revision number for resource 43e434a8-4e29-4637-b0e7-9ec14b0e9948 (type: floatingips) to 2
2026-06-28 21:02:00.013 9 INFO neutron.wsgi [None req-04cb085c-9cbb-48d9-a30d-3ca1e994efba 6817e45e69d844eda139e62656a6496e 1ef8279ab05843eead4324f246f55fd1 - - default default] 10.0.0.226 "PUT /v2.0/floatingips/43e434a8-4e29-4637-b0e7-9ec14b0e9948 HTTP/1.1" status: 200 len: 1050 time: 0.8910291
2026-06-28 21:02:00.062 9 INFO neutron.notifiers.nova [-] Nova event matching ['req-24910076-e1ad-4ab0-9c1d-4a588d0a3c4e'] response: {'name': 'network-changed', 'server_uuid': 'a89777d4-a889-4f1e-a0df-98ba9f12f57a', 'tag': 'b4259e4c-3e72-435e-9997-8727b2f95bc1', 'status': 'completed', 'code': 200}
2026-06-28 21:02:00.119 9 INFO neutron.services.segments.plugin [-] Segment 5a806a5f-2c2e-460a-bd54-5e851aac87be resource provider aggregate not found
2026-06-28 21:02:00.128 9 INFO neutron.services.segments.plugin [-] Segment 5a806a5f-2c2e-460a-bd54-5e851aac87be resource provider aggregate not found
2026-06-28 21:02:00.145 9 INFO neutron.wsgi [req-af98b823-35db-4538-b5a5-5e5321218635 req-33a0bea3-1709-42c9-b3e7-41ba1328a389 6817e45e69d844eda139e62656a6496e 1ef8279ab05843eead4324f246f55fd1 - - default default] 10.0.0.16 "GET /v2.0/ports?device_id=a89777d4-a889-4f1e-a0df-98ba9f12f57a HTTP/1.1" status: 200 len: 1174 time: 0.0883303
2026-06-28 21:02:00.146 9 INFO neutron.services.segments.plugin [-] Segment 5a806a5f-2c2e-460a-bd54-5e851aac87be resource provider not found; error: Placement Client Error (4xx): {"errors": [{"status": 404, "title": "Not Found", "detail": "The resource could not be found.\n\n No resource provider with uuid 5a806a5f-2c2e-460a-bd54-5e851aac87be found for delete ", "request_id": "req-8ebedb8c-a0db-4cfe-8661-7e297609855b"}]}
2026-06-28 21:02:00.148 10 INFO neutron.wsgi [req-b6e70ada-1e10-46ea-9bf6-c055d172ce0a req-70b53914-91b8-4a07-b2a0-f0bafcc03303 ccaad008b0aa47239794adec87be5637 20f2cfd0977b45158f66d4824ebf86d0 - - 44e706304a8e4e5b82af10eac2ac5573 44e706304a8e4e5b82af10eac2ac5573] 199.204.45.38 "GET /v2.0/ports?tenant_id=1ef8279ab05843eead4324f246f55fd1&device_id=a89777d4-a889-4f1e-a0df-98ba9f12f57a HTTP/1.1" status: 200 len: 1413 time: 0.0605104
2026-06-28 21:02:00.150 9 INFO neutron.services.segments.plugin [-] Segment 5a806a5f-2c2e-460a-bd54-5e851aac87be resource provider not found; error: Placement Client Error (4xx): {"errors": [{"status": 404, "title": "Not Found", "detail": "The resource could not be found.\n\n No resource provider with uuid 5a806a5f-2c2e-460a-bd54-5e851aac87be found for delete ", "request_id": "req-b82c5957-6f61-4a5a-a3ed-cda9b0efba51"}]}
2026-06-28 21:02:00.218 10 INFO neutron.wsgi [req-b6e70ada-1e10-46ea-9bf6-c055d172ce0a req-bafdf97b-fa30-4d64-9b42-6c88da8d0571 ccaad008b0aa47239794adec87be5637 20f2cfd0977b45158f66d4824ebf86d0 - - 44e706304a8e4e5b82af10eac2ac5573 44e706304a8e4e5b82af10eac2ac5573] 199.204.45.38 "GET /v2.0/networks?id=a8b0360d-a9ee-42de-9cee-405ff62a82f1 HTTP/1.1" status: 200 len: 972 time: 0.0636706
2026-06-28 21:02:00.226 9 INFO neutron.wsgi [None req-91930ad2-f533-4312-adac-6e28d9033b12 dee7710eebe641e998a3146c11aaf224 0252989593b642ec99ca19ce4267a2c0 - - default default] 10.0.0.226 "DELETE /v2.0/networks/53b2a5a4-6cd1-4a97-9eea-24b17831f7cb HTTP/1.1" status: 204 len: 168 time: 0.7769201
2026-06-28 21:02:00.250 9 INFO neutron.wsgi [req-af98b823-35db-4538-b5a5-5e5321218635 req-cffe29d1-1982-43ab-9ebc-7f352f7da680 6817e45e69d844eda139e62656a6496e 1ef8279ab05843eead4324f246f55fd1 - - default default] 10.0.0.16 "GET /v2.0/security-groups?id=a284d21a-24dc-4a76-b248-c75a816ead21&fields=id&fields=name HTTP/1.1" status: 200 len: 313 time: 0.0951533
2026-06-28 21:02:00.446 10 INFO neutron.wsgi [None req-05a11811-5019-479d-ba40-9797316b38b6 dee7710eebe641e998a3146c11aaf224 0252989593b642ec99ca19ce4267a2c0 - - default default] 10.0.0.226 "GET /v2.0/security-groups?tenant_id=ca5aa5260ea943ada17dbe2a476dc898&name=default HTTP/1.1" status: 200 len: 2992 time: 0.0469429
2026-06-28 21:02:00.455 10 INFO neutron.wsgi [req-b6e70ada-1e10-46ea-9bf6-c055d172ce0a req-ae8c3694-c34a-4983-8b7f-076cd128ee07 ccaad008b0aa47239794adec87be5637 20f2cfd0977b45158f66d4824ebf86d0 - - 44e706304a8e4e5b82af10eac2ac5573 44e706304a8e4e5b82af10eac2ac5573] 199.204.45.38 "GET /v2.0/floatingips?fixed_ip_address=10.100.0.14&port_id=b4259e4c-3e72-435e-9997-8727b2f95bc1 HTTP/1.1" status: 200 len: 1060 time: 0.2291627
2026-06-28 21:02:00.514 10 INFO neutron.wsgi [req-b6e70ada-1e10-46ea-9bf6-c055d172ce0a req-c19b2cd2-6efd-419f-bfad-be79eec7b694 ccaad008b0aa47239794adec87be5637 20f2cfd0977b45158f66d4824ebf86d0 - - 44e706304a8e4e5b82af10eac2ac5573 44e706304a8e4e5b82af10eac2ac5573] 199.204.45.38 "GET /v2.0/subnets?id=c5b24b0e-8007-41d8-a6c1-eda7925a9740 HTTP/1.1" status: 200 len: 867 time: 0.0481858
2026-06-28 21:02:00.524 9 INFO neutron.db.ovn_revision_numbers_db [req-8bc1e3e7-f473-4460-824b-45eb59d03716 req-9dba5e8d-afc0-4ebd-998e-d71c9fd8fb06 9a46bf41da4a402a8a92edfa8b9fb532 54c20b9c43c145d1bcf2973b1f9d00a1 - - default default] Successfully bumped revision number for resource 12c80ae1-d599-4d28-bbd5-619d8550f756 (type: ports) to 5
2026-06-28 21:02:00.542 9 INFO neutron.wsgi [req-8bc1e3e7-f473-4460-824b-45eb59d03716 req-9dba5e8d-afc0-4ebd-998e-d71c9fd8fb06 9a46bf41da4a402a8a92edfa8b9fb532 54c20b9c43c145d1bcf2973b1f9d00a1 - - default default] 199.204.45.38 "PUT /v2.0/ports/12c80ae1-d599-4d28-bbd5-619d8550f756 HTTP/1.1" status: 200 len: 1349 time: 0.6959169
2026-06-28 21:02:00.565 10 INFO neutron.wsgi [req-b6e70ada-1e10-46ea-9bf6-c055d172ce0a req-c2c56a0f-e0f9-40d5-b9f3-a4b366cf2e3e ccaad008b0aa47239794adec87be5637 20f2cfd0977b45158f66d4824ebf86d0 - - 44e706304a8e4e5b82af10eac2ac5573 44e706304a8e4e5b82af10eac2ac5573] 199.204.45.38 "GET /v2.0/ports?network_id=a8b0360d-a9ee-42de-9cee-405ff62a82f1&device_owner=network%3Adhcp HTTP/1.1" status: 200 len: 210 time: 0.0455406 /var/lib/openstack/lib/python3.10/site-packages/pycadf/identifier.py:71: UserWarning: Invalid uuid: neutron. To ensure interoperability, identifiers should be a valid uuid. warnings.warn(('Invalid uuid: %s. To ensure interoperability, '
2026-06-28 21:02:00.618 9 INFO neutron.wsgi [req-8bc1e3e7-f473-4460-824b-45eb59d03716 req-44ce61f7-409c-42a0-bfaf-07f28d6a3790 ccaad008b0aa47239794adec87be5637 20f2cfd0977b45158f66d4824ebf86d0 - - 44e706304a8e4e5b82af10eac2ac5573 44e706304a8e4e5b82af10eac2ac5573] 199.204.45.38 "GET /v2.0/ports?tenant_id=54c20b9c43c145d1bcf2973b1f9d00a1&device_id=b0c9d18a-1995-4aeb-aa01-40265f8b5a5a HTTP/1.1" status: 200 len: 1590 time: 0.0536959
2026-06-28 21:02:00.642 10 INFO neutron.wsgi [req-b6e70ada-1e10-46ea-9bf6-c055d172ce0a req-0af9f26a-c9ad-4c6d-924e-f72619a21d30 ccaad008b0aa47239794adec87be5637 20f2cfd0977b45158f66d4824ebf86d0 - - 44e706304a8e4e5b82af10eac2ac5573 44e706304a8e4e5b82af10eac2ac5573] 199.204.45.38 "GET /v2.0/networks/a8b0360d-a9ee-42de-9cee-405ff62a82f1?fields=segments HTTP/1.1" status: 200 len: 212 time: 0.0717728
2026-06-28 21:02:00.689 10 INFO neutron.plugins.ml2.drivers.ovn.mech_driver.mech_driver [None req-6780a589-b035-40c3-ba27-903bf3bdde07 - - - - - -] OVN reports status down for port: b4259e4c-3e72-435e-9997-8727b2f95bc1
