2026-06-28 21:03:48.213 9 INFO neutron.db.ovn_revision_numbers_db [None req-111a6d64-347d-44e4-8af0-b4dc44b7ba91 c096f40a6beb484aa2698792f64fbd26 044ac4db5f8b4811ae7f6de12dd66215 - - default default] Successfully bumped revision number for resource 21e1cfc3-de66-448a-a278-0f955003f1e0 (type: subnets) to 0
2026-06-28 21:03:48.226 9 INFO neutron.wsgi [None req-111a6d64-347d-44e4-8af0-b4dc44b7ba91 c096f40a6beb484aa2698792f64fbd26 044ac4db5f8b4811ae7f6de12dd66215 - - default default] 10.0.0.226 "POST /v2.0/subnets HTTP/1.1" status: 201 len: 819 time: 0.9915948
2026-06-28 21:03:48.236 9 WARNING neutron.api.v2.base [None req-193e60dd-d0d2-4efa-991e-3d731daafba7 c096f40a6beb484aa2698792f64fbd26 044ac4db5f8b4811ae7f6de12dd66215 - - default default] An exception happened while processing the request body. The exception message is [Invalid input for target_tenant. Reason: 'None' is not a valid string.].: webob.exc.HTTPBadRequest: Invalid input for target_tenant. Reason: 'None' is not a valid string.
2026-06-28 21:03:48.237 9 INFO neutron.api.v2.resource [None req-193e60dd-d0d2-4efa-991e-3d731daafba7 c096f40a6beb484aa2698792f64fbd26 044ac4db5f8b4811ae7f6de12dd66215 - - default default] create failed (client error): Invalid input for target_tenant. Reason: 'None' is not a valid string.
2026-06-28 21:03:48.237 9 INFO neutron.wsgi [None req-193e60dd-d0d2-4efa-991e-3d731daafba7 c096f40a6beb484aa2698792f64fbd26 044ac4db5f8b4811ae7f6de12dd66215 - - default default] 10.0.0.226 "POST /v2.0/rbac-policies HTTP/1.1" status: 400 len: 346 time: 0.0058033
2026-06-28 21:03:48.276 9 INFO neutron.wsgi [None req-bebd2412-60cd-476b-a790-a497f1bcd456 32242ac632f84f82a89c164b11c01ea2 2796555b92f944828a6fb03a79f3e6d2 - - default default] 10.0.0.226 "DELETE /v2.0/subnets/18695ca3-8f28-4a61-9b5f-f8dd5efa527d HTTP/1.1" status: 204 len: 168 time: 0.2121210
2026-06-28 21:03:48.583 10 INFO neutron.db.ovn_revision_numbers_db [None req-daa8cc24-052d-4c42-aa75-e8fd63d6358f 0f0d24f97fa347d090005439bfafe7cb 453e8b2f9ea14108b29b8f34b9f3a690 - - default default] Successfully bumped revision number for resource f5ab8f95-9097-477d-be69-08b6c8ae9996 (type: ports) to 3
2026-06-28 21:03:48.673 10 WARNING neutron.scheduler.dhcp_agent_scheduler [None req-daa8cc24-052d-4c42-aa75-e8fd63d6358f 0f0d24f97fa347d090005439bfafe7cb 453e8b2f9ea14108b29b8f34b9f3a690 - - default default] No more DHCP agents
2026-06-28 21:03:48.675 10 WARNING neutron.api.rpc.agentnotifiers.dhcp_rpc_agent_api [None req-daa8cc24-052d-4c42-aa75-e8fd63d6358f 0f0d24f97fa347d090005439bfafe7cb 453e8b2f9ea14108b29b8f34b9f3a690 - - default default] Unable to schedule network b2d88ca1-fb43-4e4e-9ae7-cc6a206482da: no agents available; will retry on subsequent port and subnet creation events.
2026-06-28 21:03:48.703 10 INFO neutron.services.segments.plugin [-] Segment 723e567e-4769-4ed3-bfd8-51d4095bae5d resource provider aggregate not found
2026-06-28 21:03:48.707 10 INFO neutron.services.segments.plugin [-] Segment 723e567e-4769-4ed3-bfd8-51d4095bae5d resource provider aggregate not found
2026-06-28 21:03:48.714 9 INFO neutron.services.segments.plugin [-] Segment b418d2c5-1ed6-45e6-b2ad-d6b908c24de7 resource provider aggregate not found
2026-06-28 21:03:48.719 9 INFO neutron.services.segments.plugin [-] Segment b418d2c5-1ed6-45e6-b2ad-d6b908c24de7 resource provider aggregate not found
2026-06-28 21:03:48.733 10 INFO neutron.services.segments.plugin [-] Segment 723e567e-4769-4ed3-bfd8-51d4095bae5d resource provider not found; error: Placement Client Error (4xx): {"errors": [{"status": 404, "title": "Not Found", "detail": "The resource could not be found.\n\n No resource provider with uuid 723e567e-4769-4ed3-bfd8-51d4095bae5d found for delete ", "request_id": "req-883f799c-d2c9-42af-b657-5335bc0d0cc0"}]}
2026-06-28 21:03:48.736 10 INFO neutron.services.segments.plugin [-] Segment 723e567e-4769-4ed3-bfd8-51d4095bae5d resource provider not found; error: Placement Client Error (4xx): {"errors": [{"status": 404, "title": "Not Found", "detail": "The resource could not be found.\n\n No resource provider with uuid 723e567e-4769-4ed3-bfd8-51d4095bae5d found for delete ", "request_id": "req-09a52f60-e424-43d1-b53b-e3238a16fdf2"}]}
2026-06-28 21:03:48.740 9 INFO neutron.services.segments.plugin [-] Segment b418d2c5-1ed6-45e6-b2ad-d6b908c24de7 resource provider not found; error: Placement Client Error (4xx): {"errors": [{"status": 404, "title": "Not Found", "detail": "The resource could not be found.\n\n No resource provider with uuid b418d2c5-1ed6-45e6-b2ad-d6b908c24de7 found for delete ", "request_id": "req-a8869ff7-8b24-4a17-99d2-a6dab209ea2a"}]}
2026-06-28 21:03:48.751 9 INFO neutron.services.segments.plugin [-] Segment b418d2c5-1ed6-45e6-b2ad-d6b908c24de7 resource provider not found; error: Placement Client Error (4xx): {"errors": [{"status": 404, "title": "Not Found", "detail": "The resource could not be found.\n\n No resource provider with uuid b418d2c5-1ed6-45e6-b2ad-d6b908c24de7 found for delete ", "request_id": "req-1a7267bf-38c5-4e9b-927c-a11b02d0379d"}]}
2026-06-28 21:03:48.771 9 INFO neutron.wsgi [None req-28043379-1b37-4990-b240-fb9c830e6417 32242ac632f84f82a89c164b11c01ea2 2796555b92f944828a6fb03a79f3e6d2 - - default default] 10.0.0.226 "DELETE /v2.0/networks/a22463c9-ba92-405a-b372-3b2307ec418a HTTP/1.1" status: 204 len: 168 time: 0.4861302
2026-06-28 21:03:48.774 10 INFO neutron.wsgi [None req-f1189fd2-93ec-48c2-9183-03b2b5772bc4 7157fa57b1534b5c937749074a600f85 09d5e1fb5dfb4f89ae550832f03b5318 - - default default] 10.0.0.226 "DELETE /v2.0/networks/c0a70791-6678-4e1f-b1a4-85ca6ef84852 HTTP/1.1" status: 204 len: 168 time: 0.7088997 /var/lib/openstack/lib/python3.10/site-packages/pycadf/identifier.py:71: UserWarning: Invalid uuid: neutron. To ensure interoperability, identifiers should be a valid uuid. warnings.warn(('Invalid uuid: %s. To ensure interoperability, '
2026-06-28 21:03:48.787 9 WARNING neutron_lib.context [None req-39755017-b73f-4724-a007-38e193517a8e 32242ac632f84f82a89c164b11c01ea2 2796555b92f944828a6fb03a79f3e6d2 - - default default] Method 'is_advsvc' is deprecated since 2023.2 release (neutron-lib 3.8.0) and will be removed once support for the old RBAC API policies will be removed from Neutron. Please use method 'is_service_role' instead.
2026-06-28 21:03:48.788 10 WARNING neutron_lib.context [None req-20afc54b-a4ad-4a2d-b2d4-8b46f09cd812 7157fa57b1534b5c937749074a600f85 09d5e1fb5dfb4f89ae550832f03b5318 - - default default] Method 'is_advsvc' is deprecated since 2023.2 release (neutron-lib 3.8.0) and will be removed once support for the old RBAC API policies will be removed from Neutron. Please use method 'is_service_role' instead.
2026-06-28 21:03:48.859 10 INFO neutron.db.ovn_revision_numbers_db [None req-daa8cc24-052d-4c42-aa75-e8fd63d6358f 0f0d24f97fa347d090005439bfafe7cb 453e8b2f9ea14108b29b8f34b9f3a690 - - default default] Successfully bumped revision number for resource f5ab8f95-9097-477d-be69-08b6c8ae9996 (type: router_ports) to 3
2026-06-28 21:03:48.861 10 INFO neutron.wsgi [None req-daa8cc24-052d-4c42-aa75-e8fd63d6358f 0f0d24f97fa347d090005439bfafe7cb 453e8b2f9ea14108b29b8f34b9f3a690 - - default default] 10.0.0.226 "PUT /v2.0/routers/f37f6953-4977-4f89-bbba-49b535e0794c/add_router_interface HTTP/1.1" status: 200 len: 503 time: 2.4608958
2026-06-28 21:03:48.964 10 INFO neutron.wsgi [None req-69ea4d1b-a1a1-48f2-bdc4-6d7c5e6f3971 0f0d24f97fa347d090005439bfafe7cb 453e8b2f9ea14108b29b8f34b9f3a690 - - default default] 10.0.0.226 "GET /v2.0/ports/f5ab8f95-9097-477d-be69-08b6c8ae9996 HTTP/1.1" status: 200 len: 1206 time: 0.0964072
2026-06-28 21:03:49.051 10 WARNING neutron.scheduler.dhcp_agent_scheduler [None req-20afc54b-a4ad-4a2d-b2d4-8b46f09cd812 7157fa57b1534b5c937749074a600f85 09d5e1fb5dfb4f89ae550832f03b5318 - - default default] No more DHCP agents
2026-06-28 21:03:49.053 10 WARNING neutron.api.rpc.agentnotifiers.dhcp_rpc_agent_api [None req-20afc54b-a4ad-4a2d-b2d4-8b46f09cd812 7157fa57b1534b5c937749074a600f85 09d5e1fb5dfb4f89ae550832f03b5318 - - default default] Unable to schedule network 51f4e92d-d90b-42b6-a4af-7303609c114b: no agents available; will retry on subsequent port and subnet creation events.
2026-06-28 21:03:49.065 9 INFO neutron.wsgi [None req-75779959-2b8f-4b82-a9b4-64473c839a87 c096f40a6beb484aa2698792f64fbd26 044ac4db5f8b4811ae7f6de12dd66215 - - default default] 10.0.0.226 "DELETE /v2.0/networks/7adf78de-cd41-425c-90e2-0e07e3cb8264 HTTP/1.1" status: 204 len: 168 time: 0.8242319 /var/lib/openstack/lib/python3.10/site-packages/pycadf/identifier.py:71: UserWarning: Invalid uuid: neutron. To ensure interoperability, identifiers should be a valid uuid. warnings.warn(('Invalid uuid: %s. To ensure interoperability, '
2026-06-28 21:03:49.151 10 INFO neutron.db.ovn_revision_numbers_db [None req-20afc54b-a4ad-4a2d-b2d4-8b46f09cd812 7157fa57b1534b5c937749074a600f85 09d5e1fb5dfb4f89ae550832f03b5318 - - default default] Successfully bumped revision number for resource f5cbc19e-0345-4b0f-9aca-e5b9aa1870a5 (type: ports) to 1
2026-06-28 21:03:49.175 10 INFO neutron.wsgi [None req-20afc54b-a4ad-4a2d-b2d4-8b46f09cd812 7157fa57b1534b5c937749074a600f85 09d5e1fb5dfb4f89ae550832f03b5318 - - default default] 10.0.0.226 "POST /v2.0/ports HTTP/1.1" status: 201 len: 973 time: 0.3935678
2026-06-28 21:03:49.178 10 INFO neutron.db.segments_db [None req-ca42b9e0-c90e-4037-b948-cd76023328d8 c096f40a6beb484aa2698792f64fbd26 044ac4db5f8b4811ae7f6de12dd66215 - - default default] Added segment a4d723d8-d69f-447b-ae37-68387e105213 of type geneve for network e5a65e5c-39c2-4429-9a78-fd20c08dd104
2026-06-28 21:03:49.362 10 INFO neutron.db.ovn_revision_numbers_db [None req-ca42b9e0-c90e-4037-b948-cd76023328d8 c096f40a6beb484aa2698792f64fbd26 044ac4db5f8b4811ae7f6de12dd66215 - - default default] Successfully bumped revision number for resource e5a65e5c-39c2-4429-9a78-fd20c08dd104 (type: networks) to 1
2026-06-28 21:03:49.364 9 WARNING neutron.scheduler.dhcp_agent_scheduler [None req-39755017-b73f-4724-a007-38e193517a8e 32242ac632f84f82a89c164b11c01ea2 2796555b92f944828a6fb03a79f3e6d2 - - default default] No more DHCP agents
2026-06-28 21:03:49.367 9 WARNING neutron.api.rpc.agentnotifiers.dhcp_rpc_agent_api [None req-39755017-b73f-4724-a007-38e193517a8e 32242ac632f84f82a89c164b11c01ea2 2796555b92f944828a6fb03a79f3e6d2 - - default default] Unable to schedule network 4ea9bd8f-e56b-4845-914f-cd1f40212904: no agents available; will retry on subsequent port and subnet creation events.
2026-06-28 21:03:49.572 10 INFO neutron.db.ovn_revision_numbers_db [None req-32c9d129-1d5d-4904-9349-a3cb9b1c7ec5 7157fa57b1534b5c937749074a600f85 09d5e1fb5dfb4f89ae550832f03b5318 - - default default] Successfully bumped revision number for resource f5cbc19e-0345-4b0f-9aca-e5b9aa1870a5 (type: ports) to 2
2026-06-28 21:03:49.584 10 INFO neutron.wsgi [None req-32c9d129-1d5d-4904-9349-a3cb9b1c7ec5 7157fa57b1534b5c937749074a600f85 09d5e1fb5dfb4f89ae550832f03b5318 - - default default] 10.0.0.226 "PUT /v2.0/ports/f5cbc19e-0345-4b0f-9aca-e5b9aa1870a5 HTTP/1.1" status: 200 len: 946 time: 0.4020832 /var/lib/openstack/lib/python3.10/site-packages/pycadf/identifier.py:71: UserWarning: Invalid uuid: neutron. To ensure interoperability, identifiers should be a valid uuid. warnings.warn(('Invalid uuid: %s. To ensure interoperability, '
2026-06-28 21:03:49.641 10 WARNING neutron.scheduler.dhcp_agent_scheduler [None req-ca42b9e0-c90e-4037-b948-cd76023328d8 c096f40a6beb484aa2698792f64fbd26 044ac4db5f8b4811ae7f6de12dd66215 - - default default] No more DHCP agents
2026-06-28 21:03:49.646 10 WARNING neutron.api.rpc.agentnotifiers.dhcp_rpc_agent_api [None req-ca42b9e0-c90e-4037-b948-cd76023328d8 c096f40a6beb484aa2698792f64fbd26 044ac4db5f8b4811ae7f6de12dd66215 - - default default] Unable to schedule network e5a65e5c-39c2-4429-9a78-fd20c08dd104: no agents available; will retry on subsequent port and subnet creation events.
2026-06-28 21:03:49.650 9 INFO neutron.db.ovn_revision_numbers_db [None req-39755017-b73f-4724-a007-38e193517a8e 32242ac632f84f82a89c164b11c01ea2 2796555b92f944828a6fb03a79f3e6d2 - - default default] Successfully bumped revision number for resource 034558fa-eb5c-4998-8306-0cf62f088d11 (type: ports) to 1
2026-06-28 21:03:49.768 10 INFO neutron.db.ovn_revision_numbers_db [None req-ca42b9e0-c90e-4037-b948-cd76023328d8 c096f40a6beb484aa2698792f64fbd26 044ac4db5f8b4811ae7f6de12dd66215 - - default default] Successfully bumped revision number for resource 8f6fae02-611f-41f9-b74f-7cacf7667b75 (type: ports) to 1
2026-06-28 21:03:49.818 10 INFO neutron.wsgi [None req-ca42b9e0-c90e-4037-b948-cd76023328d8 c096f40a6beb484aa2698792f64fbd26 044ac4db5f8b4811ae7f6de12dd66215 - - default default] 10.0.0.226 "POST /v2.0/networks HTTP/1.1" status: 201 len: 929 time: 0.7427580
2026-06-28 21:03:49.876 10 INFO neutron.wsgi [None req-d28901b0-9a55-45b2-b273-14f07f42160d 7157fa57b1534b5c937749074a600f85 09d5e1fb5dfb4f89ae550832f03b5318 - - default default] 10.0.0.226 "DELETE /v2.0/ports/f5cbc19e-0345-4b0f-9aca-e5b9aa1870a5 HTTP/1.1" status: 204 len: 168 time: 0.2853737
2026-06-28 21:03:49.985 10 INFO neutron.wsgi [None req-d19e44d1-ee37-43fd-a9d4-402aeda5ea5b 7157fa57b1534b5c937749074a600f85 09d5e1fb5dfb4f89ae550832f03b5318 - - default default] 10.0.0.226 "GET /v2.0/ports HTTP/1.1" status: 200 len: 1729 time: 0.1027987
2026-06-28 21:03:50.015 10 INFO neutron.pecan_wsgi.hooks.translation [None req-6e4153b3-e896-4e06-93f0-b995fb4ab823 7157fa57b1534b5c937749074a600f85 09d5e1fb5dfb4f89ae550832f03b5318 - - default default] GET failed (client error): The resource could not be found.
2026-06-28 21:03:50.016 10 INFO neutron.wsgi [None req-6e4153b3-e896-4e06-93f0-b995fb4ab823 7157fa57b1534b5c937749074a600f85 09d5e1fb5dfb4f89ae550832f03b5318 - - default default] 10.0.0.226 "GET /v2.0/ports/f5cbc19e-0345-4b0f-9aca-e5b9aa1870a5 HTTP/1.1" status: 404 len: 333 time: 0.0258048
2026-06-28 21:03:50.078 10 INFO neutron.wsgi [None req-d350509f-f470-43f1-9b44-4ff34abac3df 7157fa57b1534b5c937749074a600f85 09d5e1fb5dfb4f89ae550832f03b5318 - - default default] 10.0.0.226 "GET /v2.0/ports HTTP/1.1" status: 200 len: 1729 time: 0.0537484
2026-06-28 21:03:50.083 10 WARNING neutron.scheduler.dhcp_agent_scheduler [None req-3716c199-08ae-4409-97b2-646853584321 c096f40a6beb484aa2698792f64fbd26 044ac4db5f8b4811ae7f6de12dd66215 - - default default] No more DHCP agents
2026-06-28 21:03:50.087 10 WARNING neutron.api.rpc.agentnotifiers.dhcp_rpc_agent_api [None req-3716c199-08ae-4409-97b2-646853584321 c096f40a6beb484aa2698792f64fbd26 044ac4db5f8b4811ae7f6de12dd66215 - - default default] Unable to schedule network e5a65e5c-39c2-4429-9a78-fd20c08dd104: no agents available; will retry on subsequent port and subnet creation events.
2026-06-28 21:03:50.132 10 INFO neutron.wsgi [None req-141e0649-1b80-4651-8ae5-13c2723f8694 7157fa57b1534b5c937749074a600f85 09d5e1fb5dfb4f89ae550832f03b5318 - - default default] 10.0.0.226 "GET /v2.0/ports/02e12875-9cee-48e0-83ba-786ab1129379 HTTP/1.1" status: 200 len: 969 time: 0.0462756
2026-06-28 21:03:50.155 9 INFO neutron.wsgi [None req-7ff42462-026f-4681-8222-0ba6c6125a27 0f0d24f97fa347d090005439bfafe7cb 453e8b2f9ea14108b29b8f34b9f3a690 - - default default] 10.0.0.226 "PUT /v2.0/routers/f37f6953-4977-4f89-bbba-49b535e0794c/remove_router_interface HTTP/1.1" status: 200 len: 503 time: 1.1820703
2026-06-28 21:03:50.160 10 INFO neutron.pecan_wsgi.hooks.translation [None req-31ec8328-8bcb-4cb1-8dc7-eda29b90be7b 7157fa57b1534b5c937749074a600f85 09d5e1fb5dfb4f89ae550832f03b5318 - - default default] DELETE failed (client error): The resource could not be found.
2026-06-28 21:03:50.162 10 INFO neutron.wsgi [None req-31ec8328-8bcb-4cb1-8dc7-eda29b90be7b 7157fa57b1534b5c937749074a600f85 09d5e1fb5dfb4f89ae550832f03b5318 - - default default] 10.0.0.226 "DELETE /v2.0/ports/bd6e5067-21bc-4a2d-b12b-1fc819d1c041 HTTP/1.1" status: 404 len: 333 time: 0.0207882
2026-06-28 21:03:50.197 10 INFO neutron.pecan_wsgi.hooks.translation [None req-fc036dc0-982a-4e0f-a059-03cde55ef493 7157fa57b1534b5c937749074a600f85 09d5e1fb5dfb4f89ae550832f03b5318 - - default default] DELETE failed (client error): The resource could not be found.
2026-06-28 21:03:50.199 10 INFO neutron.wsgi [None req-fc036dc0-982a-4e0f-a059-03cde55ef493 7157fa57b1534b5c937749074a600f85 09d5e1fb5dfb4f89ae550832f03b5318 - - default default] 10.0.0.226 "DELETE /v2.0/subnets/a84b63c0-7ab6-4a2d-b86d-de830c4c9e7f HTTP/1.1" status: 404 len: 337 time: 0.0304327 /var/lib/openstack/lib/python3.10/site-packages/pycadf/identifier.py:71: UserWarning: Invalid uuid: neutron. To ensure interoperability, identifiers should be a valid uuid. warnings.warn(('Invalid uuid: %s. To ensure interoperability, '
2026-06-28 21:03:50.224 9 INFO neutron.pecan_wsgi.hooks.translation [None req-1887974e-d488-428b-8cf4-d0738e472aa3 7157fa57b1534b5c937749074a600f85 09d5e1fb5dfb4f89ae550832f03b5318 - - default default] DELETE failed (client error): The resource could not be found.
2026-06-28 21:03:50.226 9 INFO neutron.wsgi [None req-1887974e-d488-428b-8cf4-d0738e472aa3 7157fa57b1534b5c937749074a600f85 09d5e1fb5dfb4f89ae550832f03b5318 - - default default] 10.0.0.226 "DELETE /v2.0/subnets/51ef4fa6-2a6c-42d6-8156-1a8e634d70b5 HTTP/1.1" status: 404 len: 337 time: 0.0222933
2026-06-28 21:03:50.253 10 INFO neutron.api.v2.resource [None req-d8b5fba1-923b-4d72-9632-ccbc94deab4b 0f0d24f97fa347d090005439bfafe7cb 453e8b2f9ea14108b29b8f34b9f3a690 - - default default] remove_router_interface failed (client error): The resource could not be found.
2026-06-28 21:03:50.254 10 INFO neutron.wsgi [None req-d8b5fba1-923b-4d72-9632-ccbc94deab4b 0f0d24f97fa347d090005439bfafe7cb 453e8b2f9ea14108b29b8f34b9f3a690 - - default default] 10.0.0.226 "PUT /v2.0/routers/f37f6953-4977-4f89-bbba-49b535e0794c/remove_router_interface HTTP/1.1" status: 404 len: 398 time: 0.0900850
2026-06-28 21:03:50.285 10 INFO neutron.wsgi [None req-84694c45-7be7-4419-b0e9-5490bc5a5e5a 0f0d24f97fa347d090005439bfafe7cb 453e8b2f9ea14108b29b8f34b9f3a690 - - default default] 10.0.0.226 "GET /v2.0/ports?device_id=f37f6953-4977-4f89-bbba-49b535e0794c HTTP/1.1" status: 200 len: 205 time: 0.0252831
2026-06-28 21:03:50.549 9 INFO neutron.wsgi [None req-a7dae9db-8924-4043-bb52-405cf16e06f8 7157fa57b1534b5c937749074a600f85 09d5e1fb5dfb4f89ae550832f03b5318 - - default default] 10.0.0.226 "DELETE /v2.0/ports/02e12875-9cee-48e0-83ba-786ab1129379 HTTP/1.1" status: 204 len: 168 time: 0.3172903
2026-06-28 21:03:50.761 9 INFO neutron.services.segments.plugin [-] Segment 5495fbeb-c1f1-472e-b8be-be43ae3e1985 resource provider aggregate not found
2026-06-28 21:03:50.776 9 INFO neutron.services.segments.plugin [-] Segment 5495fbeb-c1f1-472e-b8be-be43ae3e1985 resource provider aggregate not found
2026-06-28 21:03:50.780 9 INFO neutron.services.segments.plugin [-] Segment 5495fbeb-c1f1-472e-b8be-be43ae3e1985 resource provider not found; error: Placement Client Error (4xx): {"errors": [{"status": 404, "title": "Not Found", "detail": "The resource could not be found.\n\n No resource provider with uuid 5495fbeb-c1f1-472e-b8be-be43ae3e1985 found for delete ", "request_id": "req-07918e4b-b925-4373-a2ba-1f446dcd8ecd"}]}
2026-06-28 21:03:50.796 10 INFO neutron.wsgi [None req-823e4ba9-4cf7-446e-8497-cbd5e718a525 0f0d24f97fa347d090005439bfafe7cb 453e8b2f9ea14108b29b8f34b9f3a690 - - default default] 10.0.0.226 "DELETE /v2.0/routers/f37f6953-4977-4f89-bbba-49b535e0794c HTTP/1.1" status: 204 len: 168 time: 0.5051408
2026-06-28 21:03:50.797 9 INFO neutron.services.segments.plugin [-] Segment 5495fbeb-c1f1-472e-b8be-be43ae3e1985 resource provider not found; error: Placement Client Error (4xx): {"errors": [{"status": 404, "title": "Not Found", "detail": "The resource could not be found.\n\n No resource provider with uuid 5495fbeb-c1f1-472e-b8be-be43ae3e1985 found for delete ", "request_id": "req-da3f489a-c257-4d4a-9696-b39430e70b44"}]}
2026-06-28 21:03:50.800 9 INFO neutron.db.ovn_revision_numbers_db [None req-39755017-b73f-4724-a007-38e193517a8e 32242ac632f84f82a89c164b11c01ea2 2796555b92f944828a6fb03a79f3e6d2 - - default default] Successfully bumped revision number for resource 034558fa-eb5c-4998-8306-0cf62f088d11 (type: router_ports) to 1
2026-06-28 21:03:50.914 9 INFO neutron.db.ovn_revision_numbers_db [None req-39755017-b73f-4724-a007-38e193517a8e 32242ac632f84f82a89c164b11c01ea2 2796555b92f944828a6fb03a79f3e6d2 - - default default] Successfully bumped revision number for resource 30a92b3e-bdc2-48e2-bb95-611d6e13ab1f (type: routers) to 2
2026-06-28 21:03:50.944 9 INFO neutron.wsgi [None req-39755017-b73f-4724-a007-38e193517a8e 32242ac632f84f82a89c164b11c01ea2 2796555b92f944828a6fb03a79f3e6d2 - - default default] 10.0.0.226 "POST /v2.0/routers HTTP/1.1" status: 201 len: 872 time: 2.1649778
2026-06-28 21:03:51.035 10 INFO neutron.wsgi [None req-2e5f2714-0e0a-4043-9ba9-603a46c88cc8 32242ac632f84f82a89c164b11c01ea2 2796555b92f944828a6fb03a79f3e6d2 - - default default] 10.0.0.226 "GET /v2.0/routers/30a92b3e-bdc2-48e2-bb95-611d6e13ab1f HTTP/1.1" status: 200 len: 873 time: 0.0840104
2026-06-28 21:03:51.037 10 INFO neutron.db.ovn_revision_numbers_db [None req-3716c199-08ae-4409-97b2-646853584321 c096f40a6beb484aa2698792f64fbd26 044ac4db5f8b4811ae7f6de12dd66215 - - default default] Successfully bumped revision number for resource 8f6fae02-611f-41f9-b74f-7cacf7667b75 (type: ports) to 2
2026-06-28 21:03:51.069 10 INFO neutron.db.ovn_revision_numbers_db [None req-3716c199-08ae-4409-97b2-646853584321 c096f40a6beb484aa2698792f64fbd26 044ac4db5f8b4811ae7f6de12dd66215 - - default default] Successfully bumped revision number for resource 739e35aa-c89d-465a-96bc-fb534b02e365 (type: subnets) to 0
2026-06-28 21:03:51.085 10 INFO neutron.wsgi [None req-3716c199-08ae-4409-97b2-646853584321 c096f40a6beb484aa2698792f64fbd26 044ac4db5f8b4811ae7f6de12dd66215 - - default default] 10.0.0.226 "POST /v2.0/subnets HTTP/1.1" status: 201 len: 822 time: 1.2618089
2026-06-28 21:03:51.095 10 WARNING neutron.api.v2.base [None req-53797da8-6822-47b7-8aad-591a27f391f1 c096f40a6beb484aa2698792f64fbd26 044ac4db5f8b4811ae7f6de12dd66215 - - default default] An exception happened while processing the request body. The exception message is [Invalid input for target_tenant. Reason: '1234123412341234123412341234123412341234123412341234123412341234123412341234123412341234123412341234123412341234123412341234123412341234123412341234123412341234123412341234123412341234123412341234123412341234123412341234123412341234123412341234123412341234123412341234123412341234123412341234123412341234123412341234123412341234123412341234123412341234123412341234123412341234123412341234123412341234' exceeds maximum length of 255.].: webob.exc.HTTPBadRequest: Invalid input for target_tenant. Reason: '1234123412341234123412341234123412341234123412341234123412341234123412341234123412341234123412341234123412341234123412341234123412341234123412341234123412341234123412341234123412341234123412341234123412341234123412341234123412341234123412341234123412341234123412341234123412341234123412341234123412341234123412341234123412341234123412341234123412341234123412341234123412341234123412341234123412341234' exceeds maximum length of 255.
2026-06-28 21:03:51.096 10 INFO neutron.api.v2.resource [None req-53797da8-6822-47b7-8aad-591a27f391f1 c096f40a6beb484aa2698792f64fbd26 044ac4db5f8b4811ae7f6de12dd66215 - - default default] create failed (client error): Invalid input for target_tenant. Reason: '1234123412341234123412341234123412341234123412341234123412341234123412341234123412341234123412341234123412341234123412341234123412341234123412341234123412341234123412341234123412341234123412341234123412341234123412341234123412341234123412341234123412341234123412341234123412341234123412341234123412341234123412341234123412341234123412341234123412341234123412341234123412341234123412341234123412341234' exceeds maximum length of 255.
2026-06-28 21:03:51.097 10 INFO neutron.wsgi [None req-53797da8-6822-47b7-8aad-591a27f391f1 c096f40a6beb484aa2698792f64fbd26 044ac4db5f8b4811ae7f6de12dd66215 - - default default] 10.0.0.226 "POST /v2.0/rbac-policies HTTP/1.1" status: 400 len: 750 time: 0.0068126
2026-06-28 21:03:51.123 9 INFO neutron.wsgi [None req-8938fa61-c582-4d60-8b44-a1fe486b0970 0f0d24f97fa347d090005439bfafe7cb 453e8b2f9ea14108b29b8f34b9f3a690 - - default default] 10.0.0.226 "DELETE /v2.0/subnets/a7e1883c-8c0b-49a2-8ace-e29eaa7279c9 HTTP/1.1" status: 204 len: 168 time: 0.3210328
2026-06-28 21:03:51.175 9 INFO neutron.wsgi [None req-3d0fb753-64dc-4c0d-b944-ee9bd13a1264 32242ac632f84f82a89c164b11c01ea2 2796555b92f944828a6fb03a79f3e6d2 - - default default] 10.0.0.226 "GET /v2.0/routers HTTP/1.1" status: 200 len: 876 time: 0.1347947
2026-06-28 21:03:51.185 9 INFO neutron.wsgi [None req-4c68d90f-e319-4c32-ba64-6f6b01be05e2 7157fa57b1534b5c937749074a600f85 09d5e1fb5dfb4f89ae550832f03b5318 - - default default] 10.0.0.226 "DELETE /v2.0/networks/51f4e92d-d90b-42b6-a4af-7303609c114b HTTP/1.1" status: 204 len: 168 time: 0.6309023
2026-06-28 21:03:51.902 9 INFO neutron.wsgi [None req-608e6de3-15fb-456c-b76e-caffaef3bf7c dee7710eebe641e998a3146c11aaf224 0252989593b642ec99ca19ce4267a2c0 - - default default] 10.0.0.226 "GET /v2.0/security-groups?tenant_id=09d5e1fb5dfb4f89ae550832f03b5318&name=default HTTP/1.1" status: 200 len: 2996 time: 0.1538401
2026-06-28 21:03:52.037 9 WARNING neutron.plugins.ml2.drivers.ovn.mech_driver.ovsdb.ovn_client [None req-d5baf527-9d9a-4ad5-9da9-7954e8601227 - - - - - -] No port found with ID 9c6610b5-bdcf-49c1-acc9-dcba6c83d1b7: RuntimeError: No port found with ID 9c6610b5-bdcf-49c1-acc9-dcba6c83d1b7
2026-06-28 21:03:52.037 9 INFO neutron.plugins.ml2.drivers.ovn.mech_driver.mech_driver [None req-d5baf527-9d9a-4ad5-9da9-7954e8601227 - - - - - -] OVN reports status up for port: 034558fa-eb5c-4998-8306-0cf62f088d11
2026-06-28 21:03:52.047 9 INFO neutron.plugins.ml2.plugin [None req-d5baf527-9d9a-4ad5-9da9-7954e8601227 - - - - - -] Attempt 1 to provision port 034558fa-eb5c-4998-8306-0cf62f088d11
2026-06-28 21:03:52.116 10 WARNING neutron.plugins.ml2.drivers.ovn.mech_driver.ovsdb.ovn_client [None req-6780a589-b035-40c3-ba27-903bf3bdde07 - - - - - -] No port found with ID f5ab8f95-9097-477d-be69-08b6c8ae9996: RuntimeError: No port found with ID f5ab8f95-9097-477d-be69-08b6c8ae9996
2026-06-28 21:03:52.116 10 INFO neutron.plugins.ml2.drivers.ovn.mech_driver.mech_driver [None req-6780a589-b035-40c3-ba27-903bf3bdde07 - - - - - -] OVN reports status down for port: f5cbc19e-0345-4b0f-9aca-e5b9aa1870a5
2026-06-28 21:03:52.122 10 INFO neutron.services.segments.plugin [-] Segment 57cc1786-f443-4f49-8637-88b54ebdbe25 resource provider aggregate not found
2026-06-28 21:03:52.139 9 INFO neutron.wsgi [None req-b0dcc4fd-80ad-427d-a05a-ddca64263195 dee7710eebe641e998a3146c11aaf224 0252989593b642ec99ca19ce4267a2c0 - - default default] 10.0.0.226 "DELETE /v2.0/security-groups/a04d1595-e870-4c73-bbf7-67bd2a3c685c HTTP/1.1" status: 204 len: 168 time: 0.2318201
2026-06-28 21:03:52.139 10 INFO neutron.services.segments.plugin [-] Segment 57cc1786-f443-4f49-8637-88b54ebdbe25 resource provider aggregate not found
2026-06-28 21:03:52.157 10 INFO neutron.services.segments.plugin [-] Segment 57cc1786-f443-4f49-8637-88b54ebdbe25 resource provider not found; error: Placement Client Error (4xx): {"errors": [{"status": 404, "title": "Not Found", "detail": "The resource could not be found.\n\n No resource provider with uuid 57cc1786-f443-4f49-8637-88b54ebdbe25 found for delete ", "request_id": "req-b15213cd-2f5c-4229-981e-d3694beaff58"}]}
2026-06-28 21:03:52.161 10 INFO neutron.services.segments.plugin [-] Segment 57cc1786-f443-4f49-8637-88b54ebdbe25 resource provider not found; error: Placement Client Error (4xx): {"errors": [{"status": 404, "title": "Not Found", "detail": "The resource could not be found.\n\n No resource provider with uuid 57cc1786-f443-4f49-8637-88b54ebdbe25 found for delete ", "request_id": "req-a5fe69c6-746f-49db-acdb-106ab60d2108"}]}
2026-06-28 21:03:52.229 10 INFO neutron.wsgi [None req-134370a1-4fe1-48f1-bc2e-ad695a71494b 0f0d24f97fa347d090005439bfafe7cb 453e8b2f9ea14108b29b8f34b9f3a690 - - default default] 10.0.0.226 "DELETE /v2.0/networks/b2d88ca1-fb43-4e4e-9ae7-cc6a206482da HTTP/1.1" status: 204 len: 168 time: 1.1002531
2026-06-28 21:03:52.242 9 WARNING neutron_lib.context [None req-1949c857-d804-42c0-b650-3bd5d64c962b 0f0d24f97fa347d090005439bfafe7cb 453e8b2f9ea14108b29b8f34b9f3a690 - - default default] Method 'is_advsvc' is deprecated since 2023.2 release (neutron-lib 3.8.0) and will be removed once support for the old RBAC API policies will be removed from Neutron. Please use method 'is_service_role' instead.
2026-06-28 21:03:52.316 9 INFO neutron.db.segments_db [None req-1949c857-d804-42c0-b650-3bd5d64c962b 0f0d24f97fa347d090005439bfafe7cb 453e8b2f9ea14108b29b8f34b9f3a690 - - default default] Added segment 090d7c58-df9f-4e61-90b8-f9fd43581451 of type geneve for network 489f672b-34ef-46b7-9d6b-0773c038e0b8
2026-06-28 21:03:52.321 10 INFO neutron.db.ovn_revision_numbers_db [None req-9ae3cfd4-8a04-4e8d-9397-3ef356d2b676 32242ac632f84f82a89c164b11c01ea2 2796555b92f944828a6fb03a79f3e6d2 - - default default] Successfully bumped revision number for resource 30a92b3e-bdc2-48e2-bb95-611d6e13ab1f (type: routers) to 3
2026-06-28 21:03:52.325 10 INFO neutron.wsgi [None req-9ae3cfd4-8a04-4e8d-9397-3ef356d2b676 32242ac632f84f82a89c164b11c01ea2 2796555b92f944828a6fb03a79f3e6d2 - - default default] 10.0.0.226 "PUT /v2.0/routers/30a92b3e-bdc2-48e2-bb95-611d6e13ab1f HTTP/1.1" status: 200 len: 880 time: 1.1446414
2026-06-28 21:03:52.445 10 INFO neutron.wsgi [None req-dd955c7e-e006-4509-8f09-00d3eaab7fa1 32242ac632f84f82a89c164b11c01ea2 2796555b92f944828a6fb03a79f3e6d2 - - default default] 10.0.0.226 "GET /v2.0/routers/30a92b3e-bdc2-48e2-bb95-611d6e13ab1f HTTP/1.1" status: 200 len: 880 time: 0.1033745
2026-06-28 21:03:52.479 9 INFO neutron.db.ovn_revision_numbers_db [None req-1949c857-d804-42c0-b650-3bd5d64c962b 0f0d24f97fa347d090005439bfafe7cb 453e8b2f9ea14108b29b8f34b9f3a690 - - default default] Successfully bumped revision number for resource 489f672b-34ef-46b7-9d6b-0773c038e0b8 (type: networks) to 1
2026-06-28 21:03:52.482 9 INFO neutron.wsgi [None req-ce452ad4-f886-4b0f-a24c-09f32dddd398 32242ac632f84f82a89c164b11c01ea2 2796555b92f944828a6fb03a79f3e6d2 - - default default] 10.0.0.226 "GET /v2.0/ports?device_id=30a92b3e-bdc2-48e2-bb95-611d6e13ab1f HTTP/1.1" status: 200 len: 205 time: 0.0285451
2026-06-28 21:03:52.539 10 INFO neutron.wsgi [None req-f163f877-dc45-43cd-9aca-3ce3dc6299c4 c096f40a6beb484aa2698792f64fbd26 044ac4db5f8b4811ae7f6de12dd66215 - - default default] 10.0.0.226 "DELETE /v2.0/networks/e5a65e5c-39c2-4429-9a78-fd20c08dd104 HTTP/1.1" status: 204 len: 168 time: 1.4376645
2026-06-28 21:03:52.652 9 INFO neutron.db.segments_db [None req-4e5a45dd-25d1-4423-b252-6a70abc35f5e c096f40a6beb484aa2698792f64fbd26 044ac4db5f8b4811ae7f6de12dd66215 - - default default] Added segment 717b235c-c4e9-47a4-ad41-901ec9571011 of type geneve for network d4d29711-c72e-46e0-94b9-8204a00d8143
2026-06-28 21:03:52.673 9 WARNING neutron.scheduler.dhcp_agent_scheduler [None req-1949c857-d804-42c0-b650-3bd5d64c962b 0f0d24f97fa347d090005439bfafe7cb 453e8b2f9ea14108b29b8f34b9f3a690 - - default default] No more DHCP agents
2026-06-28 21:03:52.676 9 WARNING neutron.api.rpc.agentnotifiers.dhcp_rpc_agent_api [None req-1949c857-d804-42c0-b650-3bd5d64c962b 0f0d24f97fa347d090005439bfafe7cb 453e8b2f9ea14108b29b8f34b9f3a690 - - default default] Unable to schedule network 489f672b-34ef-46b7-9d6b-0773c038e0b8: no agents available; will retry on subsequent port and subnet creation events.
2026-06-28 21:03:53.032 9 INFO neutron.services.segments.plugin [-] Segment 26b29622-e688-41d6-ad64-64a716d2410b resource provider aggregate not found
2026-06-28 21:03:53.036 9 INFO neutron.services.segments.plugin [-] Segment 26b29622-e688-41d6-ad64-64a716d2410b resource provider aggregate not found
2026-06-28 21:03:53.055 9 INFO neutron.services.segments.plugin [-] Segment 26b29622-e688-41d6-ad64-64a716d2410b resource provider not found; error: Placement Client Error (4xx): {"errors": [{"status": 404, "title": "Not Found", "detail": "The resource could not be found.\n\n No resource provider with uuid 26b29622-e688-41d6-ad64-64a716d2410b found for delete ", "request_id": "req-3968d780-19f4-46e6-8ab5-02c1c65808fa"}]}
2026-06-28 21:03:53.056 9 INFO neutron.services.segments.plugin [-] Segment 26b29622-e688-41d6-ad64-64a716d2410b resource provider not found; error: Placement Client Error (4xx): {"errors": [{"status": 404, "title": "Not Found", "detail": "The resource could not be found.\n\n No resource provider with uuid 26b29622-e688-41d6-ad64-64a716d2410b found for delete ", "request_id": "req-25019e96-528c-4e5b-8853-6b5b4f6a7673"}]}
2026-06-28 21:03:53.073 9 INFO neutron.db.ovn_revision_numbers_db [None req-1949c857-d804-42c0-b650-3bd5d64c962b 0f0d24f97fa347d090005439bfafe7cb 453e8b2f9ea14108b29b8f34b9f3a690 - - default default] Successfully bumped revision number for resource cf175c93-f905-4e74-a4a9-7e317112989f (type: ports) to 1
2026-06-28 21:03:53.105 9 INFO neutron.wsgi [None req-1949c857-d804-42c0-b650-3bd5d64c962b 0f0d24f97fa347d090005439bfafe7cb 453e8b2f9ea14108b29b8f34b9f3a690 - - default default] 10.0.0.226 "POST /v2.0/networks HTTP/1.1" status: 201 len: 829 time: 0.8690290
2026-06-28 21:03:53.108 9 INFO neutron.db.ovn_revision_numbers_db [None req-4e5a45dd-25d1-4423-b252-6a70abc35f5e c096f40a6beb484aa2698792f64fbd26 044ac4db5f8b4811ae7f6de12dd66215 - - default default] Successfully bumped revision number for resource d4d29711-c72e-46e0-94b9-8204a00d8143 (type: networks) to 1
2026-06-28 21:03:53.117 10 WARNING neutron_lib.context [None req-ac9ba683-89ff-4fb9-86a9-9fc1a84c20ab 0f0d24f97fa347d090005439bfafe7cb 453e8b2f9ea14108b29b8f34b9f3a690 - - default default] Method 'is_advsvc' is deprecated since 2023.2 release (neutron-lib 3.8.0) and will be removed once support for the old RBAC API policies will be removed from Neutron. Please use method 'is_service_role' instead.
2026-06-28 21:03:53.261 9 WARNING neutron.scheduler.dhcp_agent_scheduler [None req-4e5a45dd-25d1-4423-b252-6a70abc35f5e c096f40a6beb484aa2698792f64fbd26 044ac4db5f8b4811ae7f6de12dd66215 - - default default] No more DHCP agents
2026-06-28 21:03:53.264 9 WARNING neutron.api.rpc.agentnotifiers.dhcp_rpc_agent_api [None req-4e5a45dd-25d1-4423-b252-6a70abc35f5e c096f40a6beb484aa2698792f64fbd26 044ac4db5f8b4811ae7f6de12dd66215 - - default default] Unable to schedule network d4d29711-c72e-46e0-94b9-8204a00d8143: no agents available; will retry on subsequent port and subnet creation events.
2026-06-28 21:03:53.346 9 INFO neutron.db.ovn_revision_numbers_db [None req-4e5a45dd-25d1-4423-b252-6a70abc35f5e c096f40a6beb484aa2698792f64fbd26 044ac4db5f8b4811ae7f6de12dd66215 - - default default] Successfully bumped revision number for resource 56ff4436-f7de-428b-832c-9bf2d7c5a68d (type: ports) to 1
2026-06-28 21:03:53.358 10 INFO neutron.wsgi [None req-f76cb1f1-f5fc-4803-84f0-21e95e243866 32242ac632f84f82a89c164b11c01ea2 2796555b92f944828a6fb03a79f3e6d2 - - default default] 10.0.0.226 "DELETE /v2.0/routers/30a92b3e-bdc2-48e2-bb95-611d6e13ab1f HTTP/1.1" status: 204 len: 168 time: 0.8659422
2026-06-28 21:03:53.368 9 INFO neutron.wsgi [None req-4e5a45dd-25d1-4423-b252-6a70abc35f5e c096f40a6beb484aa2698792f64fbd26 044ac4db5f8b4811ae7f6de12dd66215 - - default default] 10.0.0.226 "POST /v2.0/networks HTTP/1.1" status: 201 len: 928 time: 0.8216298
2026-06-28 21:03:53.382 10 INFO neutron.wsgi [None req-464ff117-39d4-4a13-93f7-6c7eb6cabd4b 32242ac632f84f82a89c164b11c01ea2 2796555b92f944828a6fb03a79f3e6d2 - - default default] 10.0.0.226 "GET /v2.0/ports?device_id=30a92b3e-bdc2-48e2-bb95-611d6e13ab1f HTTP/1.1" status: 200 len: 205 time: 0.0171707
2026-06-28 21:03:53.411 10 INFO neutron.api.v2.resource [None req-1084814f-7dee-4efc-bcc8-f59d0f15c2c2 32242ac632f84f82a89c164b11c01ea2 2796555b92f944828a6fb03a79f3e6d2 - - default default] delete failed (client error): The resource could not be found.
2026-06-28 21:03:53.412 10 INFO neutron.wsgi [None req-1084814f-7dee-4efc-bcc8-f59d0f15c2c2 32242ac632f84f82a89c164b11c01ea2 2796555b92f944828a6fb03a79f3e6d2 - - default default] 10.0.0.226 "DELETE /v2.0/routers/30a92b3e-bdc2-48e2-bb95-611d6e13ab1f HTTP/1.1" status: 404 len: 336 time: 0.0243797
2026-06-28 21:03:53.444 10 INFO neutron.wsgi [None req-e139f77b-a1ee-419e-a4d4-fcb564c4173b 32242ac632f84f82a89c164b11c01ea2 2796555b92f944828a6fb03a79f3e6d2 - - default default] 10.0.0.226 "GET /v2.0/ports?device_id=455d01cd-a724-4332-86eb-9c6b73eaadf9 HTTP/1.1" status: 200 len: 205 time: 0.0250127
2026-06-28 21:03:53.469 10 INFO neutron.api.v2.resource [None req-6a230d7f-7654-446f-b45e-90a29a971e84 32242ac632f84f82a89c164b11c01ea2 2796555b92f944828a6fb03a79f3e6d2 - - default default] delete failed (client error): The resource could not be found.
2026-06-28 21:03:53.470 10 INFO neutron.wsgi [None req-6a230d7f-7654-446f-b45e-90a29a971e84 32242ac632f84f82a89c164b11c01ea2 2796555b92f944828a6fb03a79f3e6d2 - - default default] 10.0.0.226 "DELETE /v2.0/routers/455d01cd-a724-4332-86eb-9c6b73eaadf9 HTTP/1.1" status: 404 len: 336 time: 0.0231872
2026-06-28 21:03:53.491 10 INFO neutron.pecan_wsgi.hooks.translation [None req-ece8cfde-4ee8-4c6a-a4ae-4fde014abd2f 32242ac632f84f82a89c164b11c01ea2 2796555b92f944828a6fb03a79f3e6d2 - - default default] DELETE failed (client error): The resource could not be found.
2026-06-28 21:03:53.493 10 INFO neutron.wsgi [None req-ece8cfde-4ee8-4c6a-a4ae-4fde014abd2f 32242ac632f84f82a89c164b11c01ea2 2796555b92f944828a6fb03a79f3e6d2 - - default default] 10.0.0.226 "DELETE /v2.0/subnets/18695ca3-8f28-4a61-9b5f-f8dd5efa527d HTTP/1.1" status: 404 len: 337 time: 0.0172093
2026-06-28 21:03:53.512 10 WARNING neutron.scheduler.dhcp_agent_scheduler [None req-ac9ba683-89ff-4fb9-86a9-9fc1a84c20ab 0f0d24f97fa347d090005439bfafe7cb 453e8b2f9ea14108b29b8f34b9f3a690 - - default default] No more DHCP agents
2026-06-28 21:03:53.514 10 WARNING neutron.api.rpc.agentnotifiers.dhcp_rpc_agent_api [None req-ac9ba683-89ff-4fb9-86a9-9fc1a84c20ab 0f0d24f97fa347d090005439bfafe7cb 453e8b2f9ea14108b29b8f34b9f3a690 - - default default] Unable to schedule network 489f672b-34ef-46b7-9d6b-0773c038e0b8: no agents available; will retry on subsequent port and subnet creation events.
2026-06-28 21:03:53.518 9 INFO neutron.wsgi [None req-6d2200c4-8779-40d1-b941-f6ba99fdb6d7 32242ac632f84f82a89c164b11c01ea2 2796555b92f944828a6fb03a79f3e6d2 - - default default] 10.0.0.226 "GET /v2.0/ports?device_id=232b4f65-2725-499a-ae6e-43129081ffa5 HTTP/1.1" status: 200 len: 205 time: 0.0193691
2026-06-28 21:03:53.548 9 INFO neutron.api.v2.resource [None req-5c5839b9-a0f0-4cd9-8520-76a6712b92aa 32242ac632f84f82a89c164b11c01ea2 2796555b92f944828a6fb03a79f3e6d2 - - default default] delete failed (client error): The resource could not be found.
2026-06-28 21:03:53.550 9 INFO neutron.wsgi [None req-5c5839b9-a0f0-4cd9-8520-76a6712b92aa 32242ac632f84f82a89c164b11c01ea2 2796555b92f944828a6fb03a79f3e6d2 - - default default] 10.0.0.226 "DELETE /v2.0/routers/232b4f65-2725-499a-ae6e-43129081ffa5 HTTP/1.1" status: 404 len: 336 time: 0.0273991
2026-06-28 21:03:53.563 9 WARNING neutron.scheduler.dhcp_agent_scheduler [None req-c26aaa14-8de3-4bc8-9ad1-610566d325fc c096f40a6beb484aa2698792f64fbd26 044ac4db5f8b4811ae7f6de12dd66215 - - default default] No more DHCP agents
2026-06-28 21:03:53.565 9 WARNING neutron.api.rpc.agentnotifiers.dhcp_rpc_agent_api [None req-c26aaa14-8de3-4bc8-9ad1-610566d325fc c096f40a6beb484aa2698792f64fbd26 044ac4db5f8b4811ae7f6de12dd66215 - - default default] Unable to schedule network d4d29711-c72e-46e0-94b9-8204a00d8143: no agents available; will retry on subsequent port and subnet creation events.
2026-06-28 21:03:53.574 10 INFO neutron.pecan_wsgi.hooks.translation [None req-34080eb2-29a6-4597-b9f4-729b24df2638 32242ac632f84f82a89c164b11c01ea2 2796555b92f944828a6fb03a79f3e6d2 - - default default] DELETE failed (client error): The resource could not be found.
2026-06-28 21:03:53.576 10 INFO neutron.wsgi [None req-34080eb2-29a6-4597-b9f4-729b24df2638 32242ac632f84f82a89c164b11c01ea2 2796555b92f944828a6fb03a79f3e6d2 - - default default] 10.0.0.226 "DELETE /v2.0/subnets/df890176-3b52-4abd-8c79-6d3cca340bf5 HTTP/1.1" status: 404 len: 337 time: 0.0183520
2026-06-28 21:03:53.603 9 INFO neutron.wsgi [None req-5fb0271b-8aec-4c9e-af1e-294b11f51fda 32242ac632f84f82a89c164b11c01ea2 2796555b92f944828a6fb03a79f3e6d2 - - default default] 10.0.0.226 "GET /v2.0/ports?device_id=d98b0f86-6f49-43e8-8e69-837442ae28f4 HTTP/1.1" status: 200 len: 205 time: 0.0202668
2026-06-28 21:03:53.638 10 INFO neutron.api.v2.resource [None req-49b66e00-2188-430a-8991-7d7eefb12c39 32242ac632f84f82a89c164b11c01ea2 2796555b92f944828a6fb03a79f3e6d2 - - default default] delete failed (client error): The resource could not be found.
2026-06-28 21:03:53.639 10 INFO neutron.wsgi [None req-49b66e00-2188-430a-8991-7d7eefb12c39 32242ac632f84f82a89c164b11c01ea2 2796555b92f944828a6fb03a79f3e6d2 - - default default] 10.0.0.226 "DELETE /v2.0/routers/d98b0f86-6f49-43e8-8e69-837442ae28f4 HTTP/1.1" status: 404 len: 336 time: 0.0274837
2026-06-28 21:03:53.664 9 INFO neutron.pecan_wsgi.hooks.translation [None req-3570ccba-4958-49b0-9914-a09e611e2bb0 32242ac632f84f82a89c164b11c01ea2 2796555b92f944828a6fb03a79f3e6d2 - - default default] DELETE failed (client error): The resource could not be found.
2026-06-28 21:03:53.666 9 INFO neutron.wsgi [None req-3570ccba-4958-49b0-9914-a09e611e2bb0 32242ac632f84f82a89c164b11c01ea2 2796555b92f944828a6fb03a79f3e6d2 - - default default] 10.0.0.226 "DELETE /v2.0/subnets/c1dc6831-9484-4c69-86b2-2a7832dfc804 HTTP/1.1" status: 404 len: 337 time: 0.0214086
2026-06-28 21:03:53.693 10 INFO neutron.pecan_wsgi.hooks.translation [None req-a618f244-31b9-4ed8-9631-a9add2e4866e 32242ac632f84f82a89c164b11c01ea2 2796555b92f944828a6fb03a79f3e6d2 - - default default] DELETE failed (client error): The resource could not be found.
2026-06-28 21:03:53.695 10 INFO neutron.wsgi [None req-a618f244-31b9-4ed8-9631-a9add2e4866e 32242ac632f84f82a89c164b11c01ea2 2796555b92f944828a6fb03a79f3e6d2 - - default default] 10.0.0.226 "DELETE /v2.0/subnets/0c5963cd-0c97-453b-bb86-4cc3b34b2393 HTTP/1.1" status: 404 len: 337 time: 0.0230806
2026-06-28 21:03:54.002 9 INFO neutron.db.ovn_revision_numbers_db [None req-c26aaa14-8de3-4bc8-9ad1-610566d325fc c096f40a6beb484aa2698792f64fbd26 044ac4db5f8b4811ae7f6de12dd66215 - - default default] Successfully bumped revision number for resource 56ff4436-f7de-428b-832c-9bf2d7c5a68d (type: ports) to 2
2026-06-28 21:03:54.009 10 INFO neutron.db.ovn_revision_numbers_db [None req-ac9ba683-89ff-4fb9-86a9-9fc1a84c20ab 0f0d24f97fa347d090005439bfafe7cb 453e8b2f9ea14108b29b8f34b9f3a690 - - default default] Successfully bumped revision number for resource cf175c93-f905-4e74-a4a9-7e317112989f (type: ports) to 2
2026-06-28 21:03:54.036 9 INFO neutron.db.ovn_revision_numbers_db [None req-c26aaa14-8de3-4bc8-9ad1-610566d325fc c096f40a6beb484aa2698792f64fbd26 044ac4db5f8b4811ae7f6de12dd66215 - - default default] Successfully bumped revision number for resource 037dd7b5-a609-4f5d-91b1-4440161765ea (type: subnets) to 0
2026-06-28 21:03:54.042 10 INFO neutron.db.ovn_revision_numbers_db [None req-ac9ba683-89ff-4fb9-86a9-9fc1a84c20ab 0f0d24f97fa347d090005439bfafe7cb 453e8b2f9ea14108b29b8f34b9f3a690 - - default default] Successfully bumped revision number for resource 8be2a430-c3e3-438c-8307-a6d6caac243d (type: subnets) to 0
2026-06-28 21:03:54.051 9 INFO neutron.wsgi [None req-c26aaa14-8de3-4bc8-9ad1-610566d325fc c096f40a6beb484aa2698792f64fbd26 044ac4db5f8b4811ae7f6de12dd66215 - - default default] 10.0.0.226 "POST /v2.0/subnets HTTP/1.1" status: 201 len: 822 time: 0.6789689
2026-06-28 21:03:54.061 10 INFO neutron.wsgi [None req-ac9ba683-89ff-4fb9-86a9-9fc1a84c20ab 0f0d24f97fa347d090005439bfafe7cb 453e8b2f9ea14108b29b8f34b9f3a690 - - default default] 10.0.0.226 "POST /v2.0/subnets HTTP/1.1" status: 201 len: 801 time: 0.9474707
2026-06-28 21:03:54.071 10 WARNING neutron_lib.context [None req-6fc4ba9d-a709-474a-9ff0-3cb5a569c86f 0f0d24f97fa347d090005439bfafe7cb 453e8b2f9ea14108b29b8f34b9f3a690 - - default default] Method 'is_advsvc' is deprecated since 2023.2 release (neutron-lib 3.8.0) and will be removed once support for the old RBAC API policies will be removed from Neutron. Please use method 'is_service_role' instead.
2026-06-28 21:03:54.103 10 INFO neutron.wsgi [-] 10.0.0.133 "GET / HTTP/1.1" status: 200 len: 247 time: 0.0016978
2026-06-28 21:03:54.109 10 INFO neutron.wsgi [-] 10.0.0.133 "GET / HTTP/1.1" status: 200 len: 247 time: 0.0044978
2026-06-28 21:03:54.181 10 INFO neutron.services.segments.plugin [-] Segment a4d723d8-d69f-447b-ae37-68387e105213 resource provider aggregate not found
2026-06-28 21:03:54.188 10 INFO neutron.services.segments.plugin [-] Segment a4d723d8-d69f-447b-ae37-68387e105213 resource provider aggregate not found
2026-06-28 21:03:54.220 10 INFO neutron.services.segments.plugin [-] Segment a4d723d8-d69f-447b-ae37-68387e105213 resource provider not found; error: Placement Client Error (4xx): {"errors": [{"status": 404, "title": "Not Found", "detail": "The resource could not be found.\n\n No resource provider with uuid a4d723d8-d69f-447b-ae37-68387e105213 found for delete ", "request_id": "req-30318d80-96ab-4210-936b-3fd7b2086870"}]}
2026-06-28 21:03:54.221 10 INFO neutron.services.segments.plugin [-] Segment a4d723d8-d69f-447b-ae37-68387e105213 resource provider not found; error: Placement Client Error (4xx): {"errors": [{"status": 404, "title": "Not Found", "detail": "The resource could not be found.\n\n No resource provider with uuid a4d723d8-d69f-447b-ae37-68387e105213 found for delete ", "request_id": "req-7a48515c-1108-4842-bda2-69d55289208f"}]}
2026-06-28 21:03:54.247 10 INFO neutron.db.ovn_revision_numbers_db [None req-6fc4ba9d-a709-474a-9ff0-3cb5a569c86f 0f0d24f97fa347d090005439bfafe7cb 453e8b2f9ea14108b29b8f34b9f3a690 - - default default] Successfully bumped revision number for resource 2ad8200c-25e1-44f7-8321-d9959837bee8 (type: routers) to 1
2026-06-28 21:03:54.262 10 INFO neutron.wsgi [None req-6fc4ba9d-a709-474a-9ff0-3cb5a569c86f 0f0d24f97fa347d090005439bfafe7cb 453e8b2f9ea14108b29b8f34b9f3a690 - - default default] 10.0.0.226 "POST /v2.0/routers HTTP/1.1" status: 201 len: 687 time: 0.1977499
2026-06-28 21:03:54.298 9 INFO neutron.wsgi [None req-e473fe2d-460d-4417-a57c-bbab4ec7eb08 dee7710eebe641e998a3146c11aaf224 0252989593b642ec99ca19ce4267a2c0 - - default default] 10.0.0.226 "GET /v2.0/security-groups?tenant_id=2796555b92f944828a6fb03a79f3e6d2&name=default HTTP/1.1" status: 200 len: 2996 time: 0.1565094
2026-06-28 21:03:54.318 9 INFO neutron.db.ovn_revision_numbers_db [None req-89f0646f-5653-440c-9a83-e581014b354d dee7710eebe641e998a3146c11aaf224 0252989593b642ec99ca19ce4267a2c0 - - default default] Successfully bumped revision number for resource 065ab493-a36a-4085-bb76-2264f31d1b46 (type: security_groups) to 1
2026-06-28 21:03:54.350 9 INFO neutron.db.ovn_revision_numbers_db [None req-89f0646f-5653-440c-9a83-e581014b354d dee7710eebe641e998a3146c11aaf224 0252989593b642ec99ca19ce4267a2c0 - - default default] Successfully bumped revision number for resource 4664f85a-8126-454b-8e0b-c0bae80260de (type: security_group_rules) to 0
2026-06-28 21:03:54.398 9 INFO neutron.db.ovn_revision_numbers_db [None req-89f0646f-5653-440c-9a83-e581014b354d dee7710eebe641e998a3146c11aaf224 0252989593b642ec99ca19ce4267a2c0 - - default default] Successfully bumped revision number for resource 46e087b2-11f3-4a9f-869f-63b2ff05ffaa (type: security_group_rules) to 0
2026-06-28 21:03:54.419 9 INFO neutron.db.ovn_revision_numbers_db [None req-89f0646f-5653-440c-9a83-e581014b354d dee7710eebe641e998a3146c11aaf224 0252989593b642ec99ca19ce4267a2c0 - - default default] Successfully bumped revision number for resource 4f6e392e-12ea-4773-b949-0ab4a71f36e5 (type: security_group_rules) to 0
2026-06-28 21:03:54.424 9 INFO neutron.wsgi [None req-b1f647a9-1dc4-46a0-8f37-d7ccebf5d23a c096f40a6beb484aa2698792f64fbd26 044ac4db5f8b4811ae7f6de12dd66215 - - default default] 10.0.0.226 "POST /v2.0/rbac-policies HTTP/1.1" status: 201 len: 523 time: 0.3681347
2026-06-28 21:03:54.447 9 INFO neutron.db.ovn_revision_numbers_db [None req-89f0646f-5653-440c-9a83-e581014b354d dee7710eebe641e998a3146c11aaf224 0252989593b642ec99ca19ce4267a2c0 - - default default] Successfully bumped revision number for resource f238d967-68c2-409b-ae7a-2ff3a2bfcc6f (type: security_group_rules) to 0
2026-06-28 21:03:54.501 9 INFO neutron.db.segments_db [None req-89f0646f-5653-440c-9a83-e581014b354d dee7710eebe641e998a3146c11aaf224 0252989593b642ec99ca19ce4267a2c0 - - default default] Added segment 1c4da97f-4ed4-4722-8f67-f1c02747de98 of type geneve for network 2c6fd478-c22e-439f-ac00-38e4dfb6c32d
2026-06-28 21:03:54.577 9 INFO neutron.wsgi [None req-bfa8bab6-ec00-426d-98c3-ddff04c001be dee7710eebe641e998a3146c11aaf224 0252989593b642ec99ca19ce4267a2c0 - - default default] 10.0.0.226 "DELETE /v2.0/security-groups/2f864045-dce5-4d36-b682-cbea6dc2f69d HTTP/1.1" status: 204 len: 168 time: 0.2734084
2026-06-28 21:03:54.639 9 INFO neutron.db.ovn_revision_numbers_db [None req-89f0646f-5653-440c-9a83-e581014b354d dee7710eebe641e998a3146c11aaf224 0252989593b642ec99ca19ce4267a2c0 - - default default] Successfully bumped revision number for resource 2c6fd478-c22e-439f-ac00-38e4dfb6c32d (type: networks) to 1
2026-06-28 21:03:54.792 9 WARNING neutron.scheduler.dhcp_agent_scheduler [None req-89f0646f-5653-440c-9a83-e581014b354d dee7710eebe641e998a3146c11aaf224 0252989593b642ec99ca19ce4267a2c0 - - default default] No more DHCP agents
