2026-06-28 21:03:10.959 9 INFO neutron.wsgi [req-8e9fb64f-1d91-4d15-8a8c-371d9dd69cd9 req-7ae611a8-12b0-4a83-b1c7-9ef45e8f1c68 ccaad008b0aa47239794adec87be5637 20f2cfd0977b45158f66d4824ebf86d0 - - 44e706304a8e4e5b82af10eac2ac5573 44e706304a8e4e5b82af10eac2ac5573] 199.204.45.38 "GET /v2.0/networks/6747f24c-2cf2-457c-8b05-2af8fb7fa6cb?fields=provider%3Aphysical_network&fields=provider%3Anetwork_type HTTP/1.1" status: 200 len: 277 time: 0.0654330
2026-06-28 21:03:11.123 9 WARNING neutron_lib.context [None req-0d027e06-9051-4a3c-a02b-dc9bdcb1170c 5a6441ea401e4df18c805411ed18da91 fd8a3bc69c4842579d709b00a912b8b3 - - default default] Method 'is_advsvc' is deprecated since 2023.2 release (neutron-lib 3.8.0) and will be removed once support for the old RBAC API policies will be removed from Neutron. Please use method 'is_service_role' instead.
2026-06-28 21:03:11.165 10 INFO neutron.wsgi [None req-1c732b2d-9fd6-445d-9561-b4963c3b81f8 6ff37c3c6cde4109b20385e8a5d8fa72 1db536a1f08749a4bf3c523c70ec087e - - default default] 10.0.0.226 "DELETE /v2.0/subnets/a5262450-6239-4862-83e8-d99761327501 HTTP/1.1" status: 204 len: 168 time: 0.2101772
2026-06-28 21:03:11.207 10 INFO neutron.wsgi [None req-34cc72ab-8373-4a94-abda-30154c15a9be 6ff37c3c6cde4109b20385e8a5d8fa72 1db536a1f08749a4bf3c523c70ec087e - - default default] 10.0.0.226 "GET /v2.0/subnets HTTP/1.1" status: 200 len: 820 time: 0.0376759
2026-06-28 21:03:11.269 9 INFO neutron.db.ovn_revision_numbers_db [None req-0d027e06-9051-4a3c-a02b-dc9bdcb1170c 5a6441ea401e4df18c805411ed18da91 fd8a3bc69c4842579d709b00a912b8b3 - - default default] Successfully bumped revision number for resource b7bfbd4e-4540-4c4b-98a5-a67ae02e14e2 (type: security_groups) to 1
2026-06-28 21:03:11.292 9 INFO neutron.db.ovn_revision_numbers_db [None req-0d027e06-9051-4a3c-a02b-dc9bdcb1170c 5a6441ea401e4df18c805411ed18da91 fd8a3bc69c4842579d709b00a912b8b3 - - default default] Successfully bumped revision number for resource 1aa46abb-c573-4f86-bc39-9789bdd65756 (type: security_group_rules) to 0
2026-06-28 21:03:11.306 9 INFO neutron.db.ovn_revision_numbers_db [None req-0d027e06-9051-4a3c-a02b-dc9bdcb1170c 5a6441ea401e4df18c805411ed18da91 fd8a3bc69c4842579d709b00a912b8b3 - - default default] Successfully bumped revision number for resource 2948e666-04fc-40c4-95cb-25c3c9ff5630 (type: security_group_rules) to 0
2026-06-28 21:03:11.321 9 INFO neutron.db.ovn_revision_numbers_db [None req-0d027e06-9051-4a3c-a02b-dc9bdcb1170c 5a6441ea401e4df18c805411ed18da91 fd8a3bc69c4842579d709b00a912b8b3 - - default default] Successfully bumped revision number for resource bf52abd9-d905-4c59-80b2-03c362d24c7d (type: security_group_rules) to 0
2026-06-28 21:03:11.345 9 INFO neutron.db.ovn_revision_numbers_db [None req-0d027e06-9051-4a3c-a02b-dc9bdcb1170c 5a6441ea401e4df18c805411ed18da91 fd8a3bc69c4842579d709b00a912b8b3 - - default default] Successfully bumped revision number for resource e61db976-91cc-4d2b-ab43-b35c472a6cc7 (type: security_group_rules) to 0
2026-06-28 21:03:11.595 10 WARNING neutron_lib.context [None req-95ee380f-c8fd-460c-bada-fb49a5298204 4553f759b7434184967a7d68d689107d a2420f8785a447ae871d292b1273ec48 - - default default] Method 'is_advsvc' is deprecated since 2023.2 release (neutron-lib 3.8.0) and will be removed once support for the old RBAC API policies will be removed from Neutron. Please use method 'is_service_role' instead.
2026-06-28 21:03:11.612 9 INFO neutron.db.segments_db [None req-0d027e06-9051-4a3c-a02b-dc9bdcb1170c 5a6441ea401e4df18c805411ed18da91 fd8a3bc69c4842579d709b00a912b8b3 - - default default] Added segment a36e2644-4cba-4d2f-9013-579a5413608b of type geneve for network 49a807f6-fa6b-4a91-9d14-390c3427a749
2026-06-28 21:03:11.732 10 INFO neutron.db.ovn_revision_numbers_db [None req-95ee380f-c8fd-460c-bada-fb49a5298204 4553f759b7434184967a7d68d689107d a2420f8785a447ae871d292b1273ec48 - - default default] Successfully bumped revision number for resource 528257ce-5d24-42f7-8474-ac2ae31b7513 (type: security_groups) to 1
2026-06-28 21:03:11.757 10 INFO neutron.db.ovn_revision_numbers_db [None req-95ee380f-c8fd-460c-bada-fb49a5298204 4553f759b7434184967a7d68d689107d a2420f8785a447ae871d292b1273ec48 - - default default] Successfully bumped revision number for resource cf1bd5e2-0b1e-4740-a6de-059d78b30825 (type: security_group_rules) to 0
2026-06-28 21:03:11.778 10 INFO neutron.db.ovn_revision_numbers_db [None req-95ee380f-c8fd-460c-bada-fb49a5298204 4553f759b7434184967a7d68d689107d a2420f8785a447ae871d292b1273ec48 - - default default] Successfully bumped revision number for resource f88a9903-bbe0-4d46-919e-1703cc374ff4 (type: security_group_rules) to 0
2026-06-28 21:03:11.802 10 INFO neutron.wsgi [None req-95ee380f-c8fd-460c-bada-fb49a5298204 4553f759b7434184967a7d68d689107d a2420f8785a447ae871d292b1273ec48 - - default default] 10.0.0.226 "POST /v2.0/security-groups HTTP/1.1" status: 201 len: 1809 time: 0.2148333
2026-06-28 21:03:11.816 10 WARNING neutron_lib.context [None req-21ac49aa-4051-4bc5-9f3b-37237de20a3e 4553f759b7434184967a7d68d689107d a2420f8785a447ae871d292b1273ec48 - - default default] Method 'is_advsvc' is deprecated since 2023.2 release (neutron-lib 3.8.0) and will be removed once support for the old RBAC API policies will be removed from Neutron. Please use method 'is_service_role' instead.
2026-06-28 21:03:11.819 9 INFO neutron.db.ovn_revision_numbers_db [None req-0d027e06-9051-4a3c-a02b-dc9bdcb1170c 5a6441ea401e4df18c805411ed18da91 fd8a3bc69c4842579d709b00a912b8b3 - - default default] Successfully bumped revision number for resource 49a807f6-fa6b-4a91-9d14-390c3427a749 (type: networks) to 1
2026-06-28 21:03:11.908 9 INFO neutron.services.segments.plugin [-] Segment 759b5b9e-4241-4fb6-b8cc-5761526c8ffe resource provider aggregate not found
2026-06-28 21:03:11.914 9 INFO neutron.services.segments.plugin [-] Segment 759b5b9e-4241-4fb6-b8cc-5761526c8ffe resource provider aggregate not found
2026-06-28 21:03:11.935 9 INFO neutron.services.segments.plugin [-] Segment 759b5b9e-4241-4fb6-b8cc-5761526c8ffe resource provider not found; error: Placement Client Error (4xx): {"errors": [{"status": 404, "title": "Not Found", "detail": "The resource could not be found.\n\n No resource provider with uuid 759b5b9e-4241-4fb6-b8cc-5761526c8ffe found for delete ", "request_id": "req-b890689c-ccb7-4aa2-879c-922cbadaca54"}]}
2026-06-28 21:03:11.938 9 INFO neutron.services.segments.plugin [-] Segment 759b5b9e-4241-4fb6-b8cc-5761526c8ffe resource provider not found; error: Placement Client Error (4xx): {"errors": [{"status": 404, "title": "Not Found", "detail": "The resource could not be found.\n\n No resource provider with uuid 759b5b9e-4241-4fb6-b8cc-5761526c8ffe found for delete ", "request_id": "req-3502001c-dc2e-486a-aba0-cfe0d8fbf3c2"}]}
2026-06-28 21:03:11.981 10 INFO neutron.db.ovn_revision_numbers_db [None req-21ac49aa-4051-4bc5-9f3b-37237de20a3e 4553f759b7434184967a7d68d689107d a2420f8785a447ae871d292b1273ec48 - - default default] Successfully bumped revision number for resource 462a45b1-b52d-443a-ad5e-8d377af30f4e (type: security_group_rules) to 0
2026-06-28 21:03:11.988 9 INFO neutron.wsgi [None req-a6155f57-b452-4566-8505-73b1081afa6f 6ff37c3c6cde4109b20385e8a5d8fa72 1db536a1f08749a4bf3c523c70ec087e - - default default] 10.0.0.226 "DELETE /v2.0/networks/5246ea5c-4556-4366-8534-51dfd3230c58 HTTP/1.1" status: 204 len: 168 time: 0.7752333
2026-06-28 21:03:12.030 10 INFO neutron.wsgi [None req-21ac49aa-4051-4bc5-9f3b-37237de20a3e 4553f759b7434184967a7d68d689107d a2420f8785a447ae871d292b1273ec48 - - default default] 10.0.0.226 "POST /v2.0/security-group-rules HTTP/1.1" status: 201 len: 764 time: 0.2207768
2026-06-28 21:03:12.044 9 WARNING neutron_lib.context [None req-ca906f10-7965-45c1-858e-f80d45b4a5cb 4553f759b7434184967a7d68d689107d a2420f8785a447ae871d292b1273ec48 - - default default] Method 'is_advsvc' is deprecated since 2023.2 release (neutron-lib 3.8.0) and will be removed once support for the old RBAC API policies will be removed from Neutron. Please use method 'is_service_role' instead.
2026-06-28 21:03:12.081 9 WARNING neutron.scheduler.dhcp_agent_scheduler [None req-0d027e06-9051-4a3c-a02b-dc9bdcb1170c 5a6441ea401e4df18c805411ed18da91 fd8a3bc69c4842579d709b00a912b8b3 - - default default] No more DHCP agents
2026-06-28 21:03:12.085 9 WARNING neutron.api.rpc.agentnotifiers.dhcp_rpc_agent_api [None req-0d027e06-9051-4a3c-a02b-dc9bdcb1170c 5a6441ea401e4df18c805411ed18da91 fd8a3bc69c4842579d709b00a912b8b3 - - default default] Unable to schedule network 49a807f6-fa6b-4a91-9d14-390c3427a749: no agents available; will retry on subsequent port and subnet creation events.
2026-06-28 21:03:12.192 9 INFO neutron.db.ovn_revision_numbers_db [None req-0d027e06-9051-4a3c-a02b-dc9bdcb1170c 5a6441ea401e4df18c805411ed18da91 fd8a3bc69c4842579d709b00a912b8b3 - - default default] Successfully bumped revision number for resource 3292494f-e636-4bb6-8416-91afd1cf0653 (type: ports) to 1
2026-06-28 21:03:12.218 9 INFO neutron.wsgi [None req-0d027e06-9051-4a3c-a02b-dc9bdcb1170c 5a6441ea401e4df18c805411ed18da91 fd8a3bc69c4842579d709b00a912b8b3 - - default default] 10.0.0.226 "POST /v2.0/networks HTTP/1.1" status: 201 len: 848 time: 1.3097274
2026-06-28 21:03:12.234 9 WARNING neutron_lib.context [None req-05dae284-555d-4e6c-9014-9e073e74631e 5a6441ea401e4df18c805411ed18da91 fd8a3bc69c4842579d709b00a912b8b3 - - default default] Method 'is_advsvc' is deprecated since 2023.2 release (neutron-lib 3.8.0) and will be removed once support for the old RBAC API policies will be removed from Neutron. Please use method 'is_service_role' instead.
2026-06-28 21:03:12.237 9 INFO neutron.db.ovn_revision_numbers_db [None req-ca906f10-7965-45c1-858e-f80d45b4a5cb 4553f759b7434184967a7d68d689107d a2420f8785a447ae871d292b1273ec48 - - default default] Successfully bumped revision number for resource 99968306-b0dd-429b-bf7c-cbf7e90c0416 (type: security_group_rules) to 0
2026-06-28 21:03:12.286 9 INFO neutron.wsgi [None req-ca906f10-7965-45c1-858e-f80d45b4a5cb 4553f759b7434184967a7d68d689107d a2420f8785a447ae871d292b1273ec48 - - default default] 10.0.0.226 "POST /v2.0/security-group-rules HTTP/1.1" status: 201 len: 763 time: 0.2491035
2026-06-28 21:03:12.297 9 WARNING neutron_lib.context [None req-7216417c-ed3d-4955-867a-d2ca30b318a3 4553f759b7434184967a7d68d689107d a2420f8785a447ae871d292b1273ec48 - - default default] Method 'is_advsvc' is deprecated since 2023.2 release (neutron-lib 3.8.0) and will be removed once support for the old RBAC API policies will be removed from Neutron. Please use method 'is_service_role' instead.
2026-06-28 21:03:12.421 10 INFO neutron.services.segments.plugin [-] Segment ff1fc193-1186-43f7-b718-d3d77e8c1a05 resource provider aggregate not found
2026-06-28 21:03:12.425 10 INFO neutron.services.segments.plugin [-] Segment ff1fc193-1186-43f7-b718-d3d77e8c1a05 resource provider aggregate not found
2026-06-28 21:03:12.442 10 INFO neutron.services.segments.plugin [-] Segment ff1fc193-1186-43f7-b718-d3d77e8c1a05 resource provider not found; error: Placement Client Error (4xx): {"errors": [{"status": 404, "title": "Not Found", "detail": "The resource could not be found.\n\n No resource provider with uuid ff1fc193-1186-43f7-b718-d3d77e8c1a05 found for delete ", "request_id": "req-d2303b2d-5ebf-4dea-8626-fefe3e046ce9"}]}
2026-06-28 21:03:12.446 10 INFO neutron.services.segments.plugin [-] Segment ff1fc193-1186-43f7-b718-d3d77e8c1a05 resource provider not found; error: Placement Client Error (4xx): {"errors": [{"status": 404, "title": "Not Found", "detail": "The resource could not be found.\n\n No resource provider with uuid ff1fc193-1186-43f7-b718-d3d77e8c1a05 found for delete ", "request_id": "req-e91dfb8e-759a-4bc2-afb6-8e6b75678883"}]}
2026-06-28 21:03:12.465 9 INFO neutron.db.ovn_revision_numbers_db [None req-7216417c-ed3d-4955-867a-d2ca30b318a3 4553f759b7434184967a7d68d689107d a2420f8785a447ae871d292b1273ec48 - - default default] Successfully bumped revision number for resource 2159b02a-94b9-4c56-a4fa-bb9a4e7ad6ea (type: security_group_rules) to 0
2026-06-28 21:03:12.485 10 INFO neutron.wsgi [None req-769239a4-ef56-45bc-b46f-676afb5a0f86 6ff37c3c6cde4109b20385e8a5d8fa72 1db536a1f08749a4bf3c523c70ec087e - - default default] 10.0.0.226 "DELETE /v2.0/networks/dd3dec48-8d48-4243-81c7-432284a96f13 HTTP/1.1" status: 204 len: 168 time: 0.4912553
2026-06-28 21:03:12.500 9 INFO neutron.wsgi [None req-7216417c-ed3d-4955-867a-d2ca30b318a3 4553f759b7434184967a7d68d689107d a2420f8785a447ae871d292b1273ec48 - - default default] 10.0.0.226 "POST /v2.0/security-group-rules HTTP/1.1" status: 201 len: 769 time: 0.2067580 /var/lib/openstack/lib/python3.10/site-packages/pycadf/identifier.py:71: UserWarning: Invalid uuid: neutron. To ensure interoperability, identifiers should be a valid uuid. warnings.warn(('Invalid uuid: %s. To ensure interoperability, '
2026-06-28 21:03:12.513 9 WARNING neutron_lib.context [None req-594ba886-4a7f-4958-8013-75cdcb9e4478 4553f759b7434184967a7d68d689107d a2420f8785a447ae871d292b1273ec48 - - default default] Method 'is_advsvc' is deprecated since 2023.2 release (neutron-lib 3.8.0) and will be removed once support for the old RBAC API policies will be removed from Neutron. Please use method 'is_service_role' instead.
2026-06-28 21:03:12.524 9 WARNING neutron.scheduler.dhcp_agent_scheduler [None req-05dae284-555d-4e6c-9014-9e073e74631e 5a6441ea401e4df18c805411ed18da91 fd8a3bc69c4842579d709b00a912b8b3 - - default default] No more DHCP agents
2026-06-28 21:03:12.527 9 WARNING neutron.api.rpc.agentnotifiers.dhcp_rpc_agent_api [None req-05dae284-555d-4e6c-9014-9e073e74631e 5a6441ea401e4df18c805411ed18da91 fd8a3bc69c4842579d709b00a912b8b3 - - default default] Unable to schedule network 49a807f6-fa6b-4a91-9d14-390c3427a749: no agents available; will retry on subsequent port and subnet creation events.
2026-06-28 21:03:12.628 9 INFO neutron.db.ovn_revision_numbers_db [None req-05dae284-555d-4e6c-9014-9e073e74631e 5a6441ea401e4df18c805411ed18da91 fd8a3bc69c4842579d709b00a912b8b3 - - default default] Successfully bumped revision number for resource f9573e0c-1c34-43ff-975a-c176752287a6 (type: ports) to 1
2026-06-28 21:03:12.651 9 INFO neutron.wsgi [None req-05dae284-555d-4e6c-9014-9e073e74631e 5a6441ea401e4df18c805411ed18da91 fd8a3bc69c4842579d709b00a912b8b3 - - default default] 10.0.0.226 "POST /v2.0/ports HTTP/1.1" status: 201 len: 978 time: 0.4221656
2026-06-28 21:03:12.663 10 WARNING neutron_lib.context [None req-6b55369e-96aa-4fda-8694-c5269592aea1 5a6441ea401e4df18c805411ed18da91 fd8a3bc69c4842579d709b00a912b8b3 - - default default] Method 'is_advsvc' is deprecated since 2023.2 release (neutron-lib 3.8.0) and will be removed once support for the old RBAC API policies will be removed from Neutron. Please use method 'is_service_role' instead.
2026-06-28 21:03:12.679 9 INFO neutron.db.ovn_revision_numbers_db [None req-594ba886-4a7f-4958-8013-75cdcb9e4478 4553f759b7434184967a7d68d689107d a2420f8785a447ae871d292b1273ec48 - - default default] Successfully bumped revision number for resource a9fc7821-a0f7-449e-a68d-f1588ae218aa (type: security_group_rules) to 0
2026-06-28 21:03:12.700 9 INFO neutron.wsgi [None req-594ba886-4a7f-4958-8013-75cdcb9e4478 4553f759b7434184967a7d68d689107d a2420f8785a447ae871d292b1273ec48 - - default default] 10.0.0.226 "POST /v2.0/security-group-rules HTTP/1.1" status: 201 len: 768 time: 0.1912599 /var/lib/openstack/lib/python3.10/site-packages/pycadf/identifier.py:71: UserWarning: Invalid uuid: neutron. To ensure interoperability, identifiers should be a valid uuid. warnings.warn(('Invalid uuid: %s. To ensure interoperability, '
2026-06-28 21:03:12.709 9 WARNING neutron_lib.context [None req-0a3f65c0-4fbb-4de2-92e6-c4a7c792cd72 4553f759b7434184967a7d68d689107d a2420f8785a447ae871d292b1273ec48 - - default default] Method 'is_advsvc' is deprecated since 2023.2 release (neutron-lib 3.8.0) and will be removed once support for the old RBAC API policies will be removed from Neutron. Please use method 'is_service_role' instead.
2026-06-28 21:03:12.727 9 INFO neutron.db.securitygroups_db [None req-0a3f65c0-4fbb-4de2-92e6-c4a7c792cd72 4553f759b7434184967a7d68d689107d a2420f8785a447ae871d292b1273ec48 - - default default] Project a2420f8785a447ae871d292b1273ec48 added a security group rule with legacy IPv6 ICMP protocol name icmp, ipv6-icmp should be used instead. It was automatically converted.
2026-06-28 21:03:12.758 10 INFO neutron.db.segments_db [None req-6b55369e-96aa-4fda-8694-c5269592aea1 5a6441ea401e4df18c805411ed18da91 fd8a3bc69c4842579d709b00a912b8b3 - - default default] Added segment 52b53033-0981-4d05-a962-9e07083b7161 of type geneve for network cf9ca699-a748-4560-a951-df1854719f7a
2026-06-28 21:03:12.832 9 INFO neutron.db.ovn_revision_numbers_db [None req-0a3f65c0-4fbb-4de2-92e6-c4a7c792cd72 4553f759b7434184967a7d68d689107d a2420f8785a447ae871d292b1273ec48 - - default default] Successfully bumped revision number for resource c34cc718-999e-4da6-aff2-81d675f9b024 (type: security_group_rules) to 0
2026-06-28 21:03:12.860 9 INFO neutron.wsgi [None req-0a3f65c0-4fbb-4de2-92e6-c4a7c792cd72 4553f759b7434184967a7d68d689107d a2420f8785a447ae871d292b1273ec48 - - default default] 10.0.0.226 "POST /v2.0/security-group-rules HTTP/1.1" status: 201 len: 774 time: 0.1557395
2026-06-28 21:03:12.872 9 WARNING neutron_lib.context [None req-5114ed0e-2bf2-485e-9632-03393969733e 4553f759b7434184967a7d68d689107d a2420f8785a447ae871d292b1273ec48 - - default default] Method 'is_advsvc' is deprecated since 2023.2 release (neutron-lib 3.8.0) and will be removed once support for the old RBAC API policies will be removed from Neutron. Please use method 'is_service_role' instead.
2026-06-28 21:03:12.891 9 INFO neutron.db.securitygroups_db [None req-5114ed0e-2bf2-485e-9632-03393969733e 4553f759b7434184967a7d68d689107d a2420f8785a447ae871d292b1273ec48 - - default default] Project a2420f8785a447ae871d292b1273ec48 added a security group rule with legacy IPv6 ICMP protocol name icmp, ipv6-icmp should be used instead. It was automatically converted.
2026-06-28 21:03:12.935 10 INFO neutron.db.ovn_revision_numbers_db [None req-6b55369e-96aa-4fda-8694-c5269592aea1 5a6441ea401e4df18c805411ed18da91 fd8a3bc69c4842579d709b00a912b8b3 - - default default] Successfully bumped revision number for resource cf9ca699-a748-4560-a951-df1854719f7a (type: networks) to 1
2026-06-28 21:03:12.964 10 INFO neutron.wsgi [None req-8e8b989c-0ec3-43b5-80e3-12781909ed9e 6ff37c3c6cde4109b20385e8a5d8fa72 1db536a1f08749a4bf3c523c70ec087e - - default default] 10.0.0.226 "DELETE /v2.0/networks/c9ce99da-3f3c-4500-8a49-0eda7326a991 HTTP/1.1" status: 204 len: 168 time: 0.4707520
2026-06-28 21:03:13.033 9 INFO neutron.db.ovn_revision_numbers_db [None req-5114ed0e-2bf2-485e-9632-03393969733e 4553f759b7434184967a7d68d689107d a2420f8785a447ae871d292b1273ec48 - - default default] Successfully bumped revision number for resource 64e2f0b0-e20c-4d4f-84cd-e961dfa6d7ca (type: security_group_rules) to 0
2026-06-28 21:03:13.068 9 INFO neutron.wsgi [None req-5114ed0e-2bf2-485e-9632-03393969733e 4553f759b7434184967a7d68d689107d a2420f8785a447ae871d292b1273ec48 - - default default] 10.0.0.226 "POST /v2.0/security-group-rules HTTP/1.1" status: 201 len: 773 time: 0.2021964
2026-06-28 21:03:13.125 10 WARNING neutron.scheduler.dhcp_agent_scheduler [None req-6b55369e-96aa-4fda-8694-c5269592aea1 5a6441ea401e4df18c805411ed18da91 fd8a3bc69c4842579d709b00a912b8b3 - - default default] No more DHCP agents
2026-06-28 21:03:13.130 10 WARNING neutron.api.rpc.agentnotifiers.dhcp_rpc_agent_api [None req-6b55369e-96aa-4fda-8694-c5269592aea1 5a6441ea401e4df18c805411ed18da91 fd8a3bc69c4842579d709b00a912b8b3 - - default default] Unable to schedule network cf9ca699-a748-4560-a951-df1854719f7a: no agents available; will retry on subsequent port and subnet creation events.
2026-06-28 21:03:13.221 10 INFO neutron.db.ovn_revision_numbers_db [None req-6b55369e-96aa-4fda-8694-c5269592aea1 5a6441ea401e4df18c805411ed18da91 fd8a3bc69c4842579d709b00a912b8b3 - - default default] Successfully bumped revision number for resource e7ece8da-85f8-4d71-b4e6-f807cdc3aafa (type: ports) to 1
2026-06-28 21:03:13.247 10 INFO neutron.wsgi [None req-6b55369e-96aa-4fda-8694-c5269592aea1 5a6441ea401e4df18c805411ed18da91 fd8a3bc69c4842579d709b00a912b8b3 - - default default] 10.0.0.226 "POST /v2.0/networks HTTP/1.1" status: 201 len: 835 time: 0.5887930
2026-06-28 21:03:13.258 10 WARNING neutron_lib.context [None req-c736a058-d92c-4816-95cd-9d6b71ae29f6 5a6441ea401e4df18c805411ed18da91 fd8a3bc69c4842579d709b00a912b8b3 - - default default] Method 'is_advsvc' is deprecated since 2023.2 release (neutron-lib 3.8.0) and will be removed once support for the old RBAC API policies will be removed from Neutron. Please use method 'is_service_role' instead.
2026-06-28 21:03:13.310 9 INFO neutron.wsgi [None req-cab03532-20c9-4ada-8582-442d51a7bae5 6ff37c3c6cde4109b20385e8a5d8fa72 1db536a1f08749a4bf3c523c70ec087e - - default default] 10.0.0.226 "DELETE /v2.0/networks/7459b2f3-52c8-4214-9e0b-8d20013a0d1b HTTP/1.1" status: 204 len: 168 time: 0.3407934
2026-06-28 21:03:13.481 10 WARNING neutron.scheduler.dhcp_agent_scheduler [None req-c736a058-d92c-4816-95cd-9d6b71ae29f6 5a6441ea401e4df18c805411ed18da91 fd8a3bc69c4842579d709b00a912b8b3 - - default default] No more DHCP agents
2026-06-28 21:03:13.484 10 WARNING neutron.api.rpc.agentnotifiers.dhcp_rpc_agent_api [None req-c736a058-d92c-4816-95cd-9d6b71ae29f6 5a6441ea401e4df18c805411ed18da91 fd8a3bc69c4842579d709b00a912b8b3 - - default default] Unable to schedule network cf9ca699-a748-4560-a951-df1854719f7a: no agents available; will retry on subsequent port and subnet creation events.
2026-06-28 21:03:13.524 10 INFO neutron.db.ovn_revision_numbers_db [None req-c736a058-d92c-4816-95cd-9d6b71ae29f6 5a6441ea401e4df18c805411ed18da91 fd8a3bc69c4842579d709b00a912b8b3 - - default default] Successfully bumped revision number for resource ad311f3e-e165-4eea-8e9f-d615ba61c24b (type: subnets) to 0
2026-06-28 21:03:13.547 10 INFO neutron.wsgi [None req-c736a058-d92c-4816-95cd-9d6b71ae29f6 5a6441ea401e4df18c805411ed18da91 fd8a3bc69c4842579d709b00a912b8b3 - - default default] 10.0.0.226 "POST /v2.0/subnets HTTP/1.1" status: 201 len: 821 time: 0.2937438
2026-06-28 21:03:13.555 10 WARNING neutron_lib.context [None req-7de53d4e-7e74-4218-8e80-e0495ad20016 5a6441ea401e4df18c805411ed18da91 fd8a3bc69c4842579d709b00a912b8b3 - - default default] Method 'is_advsvc' is deprecated since 2023.2 release (neutron-lib 3.8.0) and will be removed once support for the old RBAC API policies will be removed from Neutron. Please use method 'is_service_role' instead.
2026-06-28 21:03:13.906 9 INFO neutron.wsgi [None req-a933a5e4-ab87-4126-b2d1-8f1943e72a36 4553f759b7434184967a7d68d689107d a2420f8785a447ae871d292b1273ec48 - - default default] 10.0.0.226 "GET /v2.0/networks HTTP/1.1" status: 200 len: 1492 time: 0.4421854
2026-06-28 21:03:13.923 10 WARNING neutron.scheduler.dhcp_agent_scheduler [None req-7de53d4e-7e74-4218-8e80-e0495ad20016 5a6441ea401e4df18c805411ed18da91 fd8a3bc69c4842579d709b00a912b8b3 - - default default] No more DHCP agents
2026-06-28 21:03:13.924 10 WARNING neutron.api.rpc.agentnotifiers.dhcp_rpc_agent_api [None req-7de53d4e-7e74-4218-8e80-e0495ad20016 5a6441ea401e4df18c805411ed18da91 fd8a3bc69c4842579d709b00a912b8b3 - - default default] Unable to schedule network cf9ca699-a748-4560-a951-df1854719f7a: no agents available; will retry on subsequent port and subnet creation events.
2026-06-28 21:03:13.960 9 INFO neutron.services.segments.plugin [-] Segment 66e67de7-911c-4313-8f6e-3eceb8d5f97f resource provider aggregate not found
2026-06-28 21:03:13.964 9 INFO neutron.services.segments.plugin [-] Segment 66e67de7-911c-4313-8f6e-3eceb8d5f97f resource provider aggregate not found
2026-06-28 21:03:13.980 9 INFO neutron.services.segments.plugin [-] Segment 66e67de7-911c-4313-8f6e-3eceb8d5f97f resource provider not found; error: Placement Client Error (4xx): {"errors": [{"status": 404, "title": "Not Found", "detail": "The resource could not be found.\n\n No resource provider with uuid 66e67de7-911c-4313-8f6e-3eceb8d5f97f found for delete ", "request_id": "req-5b5a9cc6-5817-4527-9028-b98deaad5f95"}]}
2026-06-28 21:03:13.982 9 INFO neutron.services.segments.plugin [-] Segment 66e67de7-911c-4313-8f6e-3eceb8d5f97f resource provider not found; error: Placement Client Error (4xx): {"errors": [{"status": 404, "title": "Not Found", "detail": "The resource could not be found.\n\n No resource provider with uuid 66e67de7-911c-4313-8f6e-3eceb8d5f97f found for delete ", "request_id": "req-c04bda7b-efd6-48e1-abfa-4cb8b7c4487e"}]} /var/lib/openstack/lib/python3.10/site-packages/pycadf/identifier.py:71: UserWarning: Invalid uuid: neutron. To ensure interoperability, identifiers should be a valid uuid. warnings.warn(('Invalid uuid: %s. To ensure interoperability, '
2026-06-28 21:03:14.016 9 INFO neutron.wsgi [req-b9152dc6-f7ae-4681-bc37-b2b5d2e17f87 req-7916fee3-cf2d-45a7-9bfa-a76aef4bcfa4 4553f759b7434184967a7d68d689107d a2420f8785a447ae871d292b1273ec48 - - default default] 10.0.0.16 "GET /v2.0/security-groups?name=tempest-secgroup-smoke-428423107&fields=id&tenant_id=a2420f8785a447ae871d292b1273ec48 HTTP/1.1" status: 200 len: 267 time: 0.0440476
2026-06-28 21:03:14.039 10 INFO neutron.db.ovn_revision_numbers_db [None req-7de53d4e-7e74-4218-8e80-e0495ad20016 5a6441ea401e4df18c805411ed18da91 fd8a3bc69c4842579d709b00a912b8b3 - - default default] Successfully bumped revision number for resource 38db2e98-485e-447d-9d55-4c4a37ba6cc8 (type: ports) to 1
2026-06-28 21:03:14.054 10 INFO neutron.wsgi [None req-c8fccd69-6776-45f2-b92a-f5cae03ddea8 dee7710eebe641e998a3146c11aaf224 0252989593b642ec99ca19ce4267a2c0 - - default default] 10.0.0.226 "GET /v2.0/security-groups?tenant_id=1db536a1f08749a4bf3c523c70ec087e&name=default HTTP/1.1" status: 200 len: 2996 time: 0.1455293
2026-06-28 21:03:14.076 10 INFO neutron.wsgi [None req-7de53d4e-7e74-4218-8e80-e0495ad20016 5a6441ea401e4df18c805411ed18da91 fd8a3bc69c4842579d709b00a912b8b3 - - default default] 10.0.0.226 "POST /v2.0/ports HTTP/1.1" status: 201 len: 1165 time: 0.5248775
2026-06-28 21:03:14.091 9 INFO neutron.wsgi [req-b9152dc6-f7ae-4681-bc37-b2b5d2e17f87 req-ad9798c7-2ada-4cf8-bb14-389ff2c35f21 4553f759b7434184967a7d68d689107d a2420f8785a447ae871d292b1273ec48 - - default default] 10.0.0.16 "GET /v2.0/networks?id=6747f24c-2cf2-457c-8b05-2af8fb7fa6cb HTTP/1.1" status: 200 len: 859 time: 0.0660417
2026-06-28 21:03:14.108 9 INFO neutron.wsgi [req-b9152dc6-f7ae-4681-bc37-b2b5d2e17f87 req-30a3d16b-58db-4e4b-9633-0bdeef265267 4553f759b7434184967a7d68d689107d a2420f8785a447ae871d292b1273ec48 - - default default] 10.0.0.16 "GET /v2.0/quotas/a2420f8785a447ae871d292b1273ec48 HTTP/1.1" status: 200 len: 386 time: 0.0102804
2026-06-28 21:03:14.198 9 INFO neutron.wsgi [req-b9152dc6-f7ae-4681-bc37-b2b5d2e17f87 req-3e159c5e-0620-492b-ad58-66c71b5c09b5 4553f759b7434184967a7d68d689107d a2420f8785a447ae871d292b1273ec48 - - default default] 10.0.0.16 "GET /v2.0/ports?tenant_id=a2420f8785a447ae871d292b1273ec48&fields=id HTTP/1.1" status: 200 len: 348 time: 0.0822775
2026-06-28 21:03:14.266 9 INFO neutron.wsgi [req-b9152dc6-f7ae-4681-bc37-b2b5d2e17f87 req-58e8711e-f918-4a5c-a490-352c7e4ee4bf ccaad008b0aa47239794adec87be5637 20f2cfd0977b45158f66d4824ebf86d0 - - 44e706304a8e4e5b82af10eac2ac5573 44e706304a8e4e5b82af10eac2ac5573] 10.0.0.16 "GET /v2.0/networks/6747f24c-2cf2-457c-8b05-2af8fb7fa6cb?fields=segments HTTP/1.1" status: 200 len: 212 time: 0.0559392
2026-06-28 21:03:14.334 9 INFO neutron.wsgi [req-b9152dc6-f7ae-4681-bc37-b2b5d2e17f87 req-e967d8b7-4472-49e3-8f96-0f982f85ce7e ccaad008b0aa47239794adec87be5637 20f2cfd0977b45158f66d4824ebf86d0 - - 44e706304a8e4e5b82af10eac2ac5573 44e706304a8e4e5b82af10eac2ac5573] 10.0.0.16 "GET /v2.0/networks/6747f24c-2cf2-457c-8b05-2af8fb7fa6cb?fields=provider%3Aphysical_network&fields=provider%3Anetwork_type HTTP/1.1" status: 200 len: 277 time: 0.0595446
2026-06-28 21:03:14.368 10 INFO neutron.db.ovn_revision_numbers_db [None req-34fbb131-c74f-4579-bfbe-1500543dafca dee7710eebe641e998a3146c11aaf224 0252989593b642ec99ca19ce4267a2c0 - - default default] Successfully bumped revision number for resource db204c73-42c2-42d7-a2df-bb4e0878e753 (type: security_groups) to 1
2026-06-28 21:03:14.375 10 INFO neutron.wsgi [None req-ef431503-dc7b-4561-8087-4c5f6a4f52d8 dee7710eebe641e998a3146c11aaf224 0252989593b642ec99ca19ce4267a2c0 - - default default] 10.0.0.226 "DELETE /v2.0/security-groups/68318264-a779-4634-aab6-3204c5d3eec3 HTTP/1.1" status: 204 len: 168 time: 0.3156016
2026-06-28 21:03:14.389 10 INFO neutron.db.ovn_revision_numbers_db [None req-34fbb131-c74f-4579-bfbe-1500543dafca dee7710eebe641e998a3146c11aaf224 0252989593b642ec99ca19ce4267a2c0 - - default default] Successfully bumped revision number for resource 3882cf87-4509-4f79-97e1-a18826621d57 (type: security_group_rules) to 0
2026-06-28 21:03:14.410 10 INFO neutron.db.ovn_revision_numbers_db [None req-34fbb131-c74f-4579-bfbe-1500543dafca dee7710eebe641e998a3146c11aaf224 0252989593b642ec99ca19ce4267a2c0 - - default default] Successfully bumped revision number for resource 7fd1e0af-a44a-4e3e-bfd6-3d677b321918 (type: security_group_rules) to 0
2026-06-28 21:03:14.426 10 INFO neutron.wsgi [None req-b043a205-8342-4fe1-af05-3502b7e15403 5a6441ea401e4df18c805411ed18da91 fd8a3bc69c4842579d709b00a912b8b3 - - default default] 10.0.0.226 "DELETE /v2.0/ports/38db2e98-485e-447d-9d55-4c4a37ba6cc8 HTTP/1.1" status: 204 len: 168 time: 0.3439150
2026-06-28 21:03:14.428 10 INFO neutron.db.ovn_revision_numbers_db [None req-34fbb131-c74f-4579-bfbe-1500543dafca dee7710eebe641e998a3146c11aaf224 0252989593b642ec99ca19ce4267a2c0 - - default default] Successfully bumped revision number for resource 89a1cddf-472a-4bec-8c44-1018165e7a4d (type: security_group_rules) to 0
2026-06-28 21:03:14.441 10 INFO neutron.db.ovn_revision_numbers_db [None req-34fbb131-c74f-4579-bfbe-1500543dafca dee7710eebe641e998a3146c11aaf224 0252989593b642ec99ca19ce4267a2c0 - - default default] Successfully bumped revision number for resource fde1d871-de45-4148-b5fe-fa01ea97de8a (type: security_group_rules) to 0
2026-06-28 21:03:14.456 9 INFO neutron.pecan_wsgi.hooks.translation [None req-e9014472-6367-4dad-bc05-663e5c9a4f4c 5a6441ea401e4df18c805411ed18da91 fd8a3bc69c4842579d709b00a912b8b3 - - default default] DELETE failed (client error): The resource could not be found.
2026-06-28 21:03:14.460 9 INFO neutron.wsgi [None req-e9014472-6367-4dad-bc05-663e5c9a4f4c 5a6441ea401e4df18c805411ed18da91 fd8a3bc69c4842579d709b00a912b8b3 - - default default] 10.0.0.226 "DELETE /v2.0/ports/38db2e98-485e-447d-9d55-4c4a37ba6cc8 HTTP/1.1" status: 404 len: 333 time: 0.0263245
2026-06-28 21:03:14.469 10 INFO neutron.services.segments.plugin [-] Segment 2cba6d7e-768d-43a8-bd88-f4868f62d6c9 resource provider aggregate not found
2026-06-28 21:03:14.481 10 INFO neutron.services.segments.plugin [-] Segment 2cba6d7e-768d-43a8-bd88-f4868f62d6c9 resource provider aggregate not found
2026-06-28 21:03:14.488 10 INFO neutron.services.segments.plugin [-] Segment 2cba6d7e-768d-43a8-bd88-f4868f62d6c9 resource provider not found; error: Placement Client Error (4xx): {"errors": [{"status": 404, "title": "Not Found", "detail": "The resource could not be found.\n\n No resource provider with uuid 2cba6d7e-768d-43a8-bd88-f4868f62d6c9 found for delete ", "request_id": "req-489b2717-1301-4da7-8875-6c33e795e302"}]}
2026-06-28 21:03:14.496 10 INFO neutron.services.segments.plugin [-] Segment 2cba6d7e-768d-43a8-bd88-f4868f62d6c9 resource provider not found; error: Placement Client Error (4xx): {"errors": [{"status": 404, "title": "Not Found", "detail": "The resource could not be found.\n\n No resource provider with uuid 2cba6d7e-768d-43a8-bd88-f4868f62d6c9 found for delete ", "request_id": "req-9294ce58-d960-4c8c-8ec8-6c352e8cf9ca"}]}
2026-06-28 21:03:14.501 10 INFO neutron.wsgi [None req-34fbb131-c74f-4579-bfbe-1500543dafca dee7710eebe641e998a3146c11aaf224 0252989593b642ec99ca19ce4267a2c0 - - default default] 10.0.0.226 "GET /v2.0/security-groups?tenant_id=98e2f76beeaa44edaa94e43f50c3ae7e&name=default HTTP/1.1" status: 200 len: 2996 time: 0.3598115
2026-06-28 21:03:14.508 9 INFO neutron.pecan_wsgi.hooks.translation [None req-dfdf6ff7-07d7-44fa-b8fa-7ba10617305e 5a6441ea401e4df18c805411ed18da91 fd8a3bc69c4842579d709b00a912b8b3 - - default default] GET failed (client error): The resource could not be found.
2026-06-28 21:03:14.511 9 INFO neutron.wsgi [None req-dfdf6ff7-07d7-44fa-b8fa-7ba10617305e 5a6441ea401e4df18c805411ed18da91 fd8a3bc69c4842579d709b00a912b8b3 - - default default] 10.0.0.226 "GET /v2.0/ports/38db2e98-485e-447d-9d55-4c4a37ba6cc8 HTTP/1.1" status: 404 len: 333 time: 0.0459955
2026-06-28 21:03:14.522 9 INFO neutron.wsgi [req-e4d85085-ae03-4221-b791-02b9e4c8965d req-754047d1-766e-4b1f-82fa-dc23bd2ee665 4553f759b7434184967a7d68d689107d a2420f8785a447ae871d292b1273ec48 - - default default] 10.0.0.16 "GET /v2.0/ports?device_id=5550efbd-67a7-4d5f-b55f-e65c8eb742c2 HTTP/1.1" status: 200 len: 210 time: 0.0566232
2026-06-28 21:03:14.702 10 INFO neutron.wsgi [None req-7e2328c4-5612-4e75-b3db-44d1bdd2c7e7 5a6441ea401e4df18c805411ed18da91 fd8a3bc69c4842579d709b00a912b8b3 - - default default] 10.0.0.226 "DELETE /v2.0/subnets/ad311f3e-e165-4eea-8e9f-d615ba61c24b HTTP/1.1" status: 204 len: 168 time: 0.1851780
2026-06-28 21:03:14.764 10 INFO neutron.wsgi [None req-c85610c3-1e20-4505-b2fe-364cabd7d9c5 dee7710eebe641e998a3146c11aaf224 0252989593b642ec99ca19ce4267a2c0 - - default default] 10.0.0.226 "DELETE /v2.0/security-groups/db204c73-42c2-42d7-a2df-bb4e0878e753 HTTP/1.1" status: 204 len: 168 time: 0.2583785
2026-06-28 21:03:15.081 9 INFO neutron.db.ovn_revision_numbers_db [None req-3816059f-1cb9-42bd-aaad-17d43e37df0f dee7710eebe641e998a3146c11aaf224 0252989593b642ec99ca19ce4267a2c0 - - default default] Successfully bumped revision number for resource 1119c1b0-b7a4-4837-8a26-ea7a769676ff (type: security_groups) to 1
2026-06-28 21:03:15.100 9 INFO neutron.db.ovn_revision_numbers_db [None req-3816059f-1cb9-42bd-aaad-17d43e37df0f dee7710eebe641e998a3146c11aaf224 0252989593b642ec99ca19ce4267a2c0 - - default default] Successfully bumped revision number for resource 5be6fda0-5c3f-4f9d-90d5-ed9ce6582236 (type: security_group_rules) to 0
2026-06-28 21:03:15.120 9 INFO neutron.db.ovn_revision_numbers_db [None req-3816059f-1cb9-42bd-aaad-17d43e37df0f dee7710eebe641e998a3146c11aaf224 0252989593b642ec99ca19ce4267a2c0 - - default default] Successfully bumped revision number for resource 70789952-b7b5-4584-a044-6910971fbf3e (type: security_group_rules) to 0
2026-06-28 21:03:15.130 9 INFO neutron.wsgi [None req-21c7600e-8816-443a-a561-3cc1174883a3 5a6441ea401e4df18c805411ed18da91 fd8a3bc69c4842579d709b00a912b8b3 - - default default] 10.0.0.226 "DELETE /v2.0/networks/cf9ca699-a748-4560-a951-df1854719f7a HTTP/1.1" status: 204 len: 168 time: 0.4219437
2026-06-28 21:03:15.145 10 WARNING neutron_lib.context [None req-7b60568a-cf92-4eb0-9b0c-40a108b1d042 5a6441ea401e4df18c805411ed18da91 fd8a3bc69c4842579d709b00a912b8b3 - - default default] Method 'is_advsvc' is deprecated since 2023.2 release (neutron-lib 3.8.0) and will be removed once support for the old RBAC API policies will be removed from Neutron. Please use method 'is_service_role' instead.
2026-06-28 21:03:15.152 9 INFO neutron.db.ovn_revision_numbers_db [None req-3816059f-1cb9-42bd-aaad-17d43e37df0f dee7710eebe641e998a3146c11aaf224 0252989593b642ec99ca19ce4267a2c0 - - default default] Successfully bumped revision number for resource 94474649-3191-4ed1-979b-645867d0b784 (type: security_group_rules) to 0
2026-06-28 21:03:15.184 9 INFO neutron.db.ovn_revision_numbers_db [None req-3816059f-1cb9-42bd-aaad-17d43e37df0f dee7710eebe641e998a3146c11aaf224 0252989593b642ec99ca19ce4267a2c0 - - default default] Successfully bumped revision number for resource a9e33cf7-ca81-43fb-b600-11d37df1572e (type: security_group_rules) to 0
2026-06-28 21:03:15.220 9 INFO neutron.wsgi [None req-3816059f-1cb9-42bd-aaad-17d43e37df0f dee7710eebe641e998a3146c11aaf224 0252989593b642ec99ca19ce4267a2c0 - - default default] 10.0.0.226 "GET /v2.0/security-groups?tenant_id=acaa9e6039f342c49743ba317cc7f271&name=default HTTP/1.1" status: 200 len: 2996 time: 0.2964330
2026-06-28 21:03:15.236 10 INFO neutron.db.segments_db [None req-7b60568a-cf92-4eb0-9b0c-40a108b1d042 5a6441ea401e4df18c805411ed18da91 fd8a3bc69c4842579d709b00a912b8b3 - - default default] Added segment 91c83985-8fce-453b-b863-48f77a9ad515 of type geneve for network 4f834ebf-02a3-41e0-bbbc-01e3aad0e4c6
2026-06-28 21:03:15.247 9 INFO neutron.wsgi [req-b9152dc6-f7ae-4681-bc37-b2b5d2e17f87 req-be6e7727-5ba8-4463-b62f-e21682816bc4 4553f759b7434184967a7d68d689107d a2420f8785a447ae871d292b1273ec48 - - default default] 199.204.45.38 "GET /v2.0/networks?id=6747f24c-2cf2-457c-8b05-2af8fb7fa6cb HTTP/1.1" status: 200 len: 859 time: 0.1055982
2026-06-28 21:03:15.308 9 INFO neutron.wsgi [req-b9152dc6-f7ae-4681-bc37-b2b5d2e17f87 req-33c6d34f-add8-4230-9416-871268ddcb19 4553f759b7434184967a7d68d689107d a2420f8785a447ae871d292b1273ec48 - - default default] 199.204.45.38 "GET /v2.0/security-groups?fields=id&fields=name&tenant_id=a2420f8785a447ae871d292b1273ec48 HTTP/1.1" status: 200 len: 471 time: 0.0527830
2026-06-28 21:03:15.324 9 WARNING neutron_lib.context [req-b9152dc6-f7ae-4681-bc37-b2b5d2e17f87 req-dc3ff1b8-7afc-433f-959c-e6badc2cc9b9 4553f759b7434184967a7d68d689107d a2420f8785a447ae871d292b1273ec48 - - default default] Method 'is_advsvc' is deprecated since 2023.2 release (neutron-lib 3.8.0) and will be removed once support for the old RBAC API policies will be removed from Neutron. Please use method 'is_service_role' instead.
2026-06-28 21:03:15.391 10 INFO neutron.db.ovn_revision_numbers_db [None req-7b60568a-cf92-4eb0-9b0c-40a108b1d042 5a6441ea401e4df18c805411ed18da91 fd8a3bc69c4842579d709b00a912b8b3 - - default default] Successfully bumped revision number for resource 4f834ebf-02a3-41e0-bbbc-01e3aad0e4c6 (type: networks) to 1
2026-06-28 21:03:15.551 10 INFO neutron.wsgi [None req-4ee8357f-f456-426d-9409-ce994fafa225 dee7710eebe641e998a3146c11aaf224 0252989593b642ec99ca19ce4267a2c0 - - default default] 10.0.0.226 "DELETE /v2.0/security-groups/1119c1b0-b7a4-4837-8a26-ea7a769676ff HTTP/1.1" status: 204 len: 168 time: 0.3268781
2026-06-28 21:03:15.580 10 WARNING neutron.scheduler.dhcp_agent_scheduler [None req-7b60568a-cf92-4eb0-9b0c-40a108b1d042 5a6441ea401e4df18c805411ed18da91 fd8a3bc69c4842579d709b00a912b8b3 - - default default] No more DHCP agents
2026-06-28 21:03:15.582 10 WARNING neutron.api.rpc.agentnotifiers.dhcp_rpc_agent_api [None req-7b60568a-cf92-4eb0-9b0c-40a108b1d042 5a6441ea401e4df18c805411ed18da91 fd8a3bc69c4842579d709b00a912b8b3 - - default default] Unable to schedule network 4f834ebf-02a3-41e0-bbbc-01e3aad0e4c6: no agents available; will retry on subsequent port and subnet creation events.
2026-06-28 21:03:15.622 9 INFO neutron.wsgi [req-b57b2914-e4d1-4bc8-ab7c-964ca56a10a8 req-04b0b16b-4cbf-4539-8b3b-d717b5f4825d 4553f759b7434184967a7d68d689107d a2420f8785a447ae871d292b1273ec48 - - default default] 10.0.0.16 "GET /v2.0/ports?device_id=5550efbd-67a7-4d5f-b55f-e65c8eb742c2 HTTP/1.1" status: 200 len: 210 time: 0.0365801
2026-06-28 21:03:15.660 10 INFO neutron.db.ovn_revision_numbers_db [None req-7b60568a-cf92-4eb0-9b0c-40a108b1d042 5a6441ea401e4df18c805411ed18da91 fd8a3bc69c4842579d709b00a912b8b3 - - default default] Successfully bumped revision number for resource 1ac63e48-99f5-4d70-9528-15420dd52d5c (type: ports) to 1
2026-06-28 21:03:15.678 10 INFO neutron.wsgi [None req-7b60568a-cf92-4eb0-9b0c-40a108b1d042 5a6441ea401e4df18c805411ed18da91 fd8a3bc69c4842579d709b00a912b8b3 - - default default] 10.0.0.226 "POST /v2.0/networks HTTP/1.1" status: 201 len: 833 time: 0.5396359
2026-06-28 21:03:15.700 10 WARNING neutron_lib.context [None req-f3fc6bb9-a5d3-44d0-8ee8-a1b109ab2cbd 5a6441ea401e4df18c805411ed18da91 fd8a3bc69c4842579d709b00a912b8b3 - - default default] Method 'is_advsvc' is deprecated since 2023.2 release (neutron-lib 3.8.0) and will be removed once support for the old RBAC API policies will be removed from Neutron. Please use method 'is_service_role' instead.
2026-06-28 21:03:15.778 9 WARNING neutron.scheduler.dhcp_agent_scheduler [req-b9152dc6-f7ae-4681-bc37-b2b5d2e17f87 req-dc3ff1b8-7afc-433f-959c-e6badc2cc9b9 4553f759b7434184967a7d68d689107d a2420f8785a447ae871d292b1273ec48 - - default default] No more DHCP agents
2026-06-28 21:03:15.781 9 WARNING neutron.api.rpc.agentnotifiers.dhcp_rpc_agent_api [req-b9152dc6-f7ae-4681-bc37-b2b5d2e17f87 req-dc3ff1b8-7afc-433f-959c-e6badc2cc9b9 4553f759b7434184967a7d68d689107d a2420f8785a447ae871d292b1273ec48 - - default default] Unable to schedule network 6747f24c-2cf2-457c-8b05-2af8fb7fa6cb: no agents available; will retry on subsequent port and subnet creation events.
2026-06-28 21:03:15.925 9 INFO neutron.db.ovn_revision_numbers_db [req-b9152dc6-f7ae-4681-bc37-b2b5d2e17f87 req-dc3ff1b8-7afc-433f-959c-e6badc2cc9b9 4553f759b7434184967a7d68d689107d a2420f8785a447ae871d292b1273ec48 - - default default] Successfully bumped revision number for resource b950e5c8-22be-43d8-b5b2-5b0706f8d662 (type: ports) to 1
2026-06-28 21:03:15.944 9 INFO neutron.wsgi [req-b9152dc6-f7ae-4681-bc37-b2b5d2e17f87 req-dc3ff1b8-7afc-433f-959c-e6badc2cc9b9 4553f759b7434184967a7d68d689107d a2420f8785a447ae871d292b1273ec48 - - default default] 199.204.45.38 "POST /v2.0/ports HTTP/1.1" status: 201 len: 1158 time: 0.6275735 /var/lib/openstack/lib/python3.10/site-packages/pycadf/identifier.py:71: UserWarning: Invalid uuid: neutron. To ensure interoperability, identifiers should be a valid uuid. warnings.warn(('Invalid uuid: %s. To ensure interoperability, '
2026-06-28 21:03:16.001 9 INFO neutron.services.segments.plugin [-] Segment 52b53033-0981-4d05-a962-9e07083b7161 resource provider aggregate not found
2026-06-28 21:03:16.007 9 INFO neutron.services.segments.plugin [-] Segment 52b53033-0981-4d05-a962-9e07083b7161 resource provider aggregate not found
2026-06-28 21:03:16.017 9 INFO neutron.services.segments.plugin [-] Segment 52b53033-0981-4d05-a962-9e07083b7161 resource provider not found; error: Placement Client Error (4xx): {"errors": [{"status": 404, "title": "Not Found", "detail": "The resource could not be found.\n\n No resource provider with uuid 52b53033-0981-4d05-a962-9e07083b7161 found for delete ", "request_id": "req-666732d4-a5cf-44ae-a464-3d704b23fac5"}]}
2026-06-28 21:03:16.020 9 INFO neutron.services.segments.plugin [-] Segment 52b53033-0981-4d05-a962-9e07083b7161 resource provider not found; error: Placement Client Error (4xx): {"errors": [{"status": 404, "title": "Not Found", "detail": "The resource could not be found.\n\n No resource provider with uuid 52b53033-0981-4d05-a962-9e07083b7161 found for delete ", "request_id": "req-d75b4aa0-545f-4bca-8b56-be786a77cdcb"}]}
2026-06-28 21:03:16.149 10 WARNING neutron.scheduler.dhcp_agent_scheduler [None req-f3fc6bb9-a5d3-44d0-8ee8-a1b109ab2cbd 5a6441ea401e4df18c805411ed18da91 fd8a3bc69c4842579d709b00a912b8b3 - - default default] No more DHCP agents
2026-06-28 21:03:16.151 10 WARNING neutron.api.rpc.agentnotifiers.dhcp_rpc_agent_api [None req-f3fc6bb9-a5d3-44d0-8ee8-a1b109ab2cbd 5a6441ea401e4df18c805411ed18da91 fd8a3bc69c4842579d709b00a912b8b3 - - default default] Unable to schedule network 4f834ebf-02a3-41e0-bbbc-01e3aad0e4c6: no agents available; will retry on subsequent port and subnet creation events.
2026-06-28 21:03:16.184 10 INFO neutron.db.ovn_revision_numbers_db [None req-f3fc6bb9-a5d3-44d0-8ee8-a1b109ab2cbd 5a6441ea401e4df18c805411ed18da91 fd8a3bc69c4842579d709b00a912b8b3 - - default default] Successfully bumped revision number for resource 27397dea-60b1-45d3-90de-6fd9b9d47d29 (type: subnets) to 0
2026-06-28 21:03:16.213 10 INFO neutron.wsgi [None req-f3fc6bb9-a5d3-44d0-8ee8-a1b109ab2cbd 5a6441ea401e4df18c805411ed18da91 fd8a3bc69c4842579d709b00a912b8b3 - - default default] 10.0.0.226 "POST /v2.0/subnets HTTP/1.1" status: 201 len: 821 time: 0.5196617
2026-06-28 21:03:16.224 10 WARNING neutron_lib.context [None req-173e4516-a2c5-4b83-aacd-19a7a38dc36e 5a6441ea401e4df18c805411ed18da91 fd8a3bc69c4842579d709b00a912b8b3 - - default default] Method 'is_advsvc' is deprecated since 2023.2 release (neutron-lib 3.8.0) and will be removed once support for the old RBAC API policies will be removed from Neutron. Please use method 'is_service_role' instead.
2026-06-28 21:03:16.390 9 INFO neutron.db.ovn_revision_numbers_db [req-b9152dc6-f7ae-4681-bc37-b2b5d2e17f87 req-e8440362-3a25-439f-999e-21b57d97e2fb ccaad008b0aa47239794adec87be5637 20f2cfd0977b45158f66d4824ebf86d0 - - 44e706304a8e4e5b82af10eac2ac5573 44e706304a8e4e5b82af10eac2ac5573] Successfully bumped revision number for resource b950e5c8-22be-43d8-b5b2-5b0706f8d662 (type: ports) to 2
2026-06-28 21:03:16.540 10 WARNING neutron.scheduler.dhcp_agent_scheduler [None req-173e4516-a2c5-4b83-aacd-19a7a38dc36e 5a6441ea401e4df18c805411ed18da91 fd8a3bc69c4842579d709b00a912b8b3 - - default default] No more DHCP agents
2026-06-28 21:03:16.541 10 WARNING neutron.api.rpc.agentnotifiers.dhcp_rpc_agent_api [None req-173e4516-a2c5-4b83-aacd-19a7a38dc36e 5a6441ea401e4df18c805411ed18da91 fd8a3bc69c4842579d709b00a912b8b3 - - default default] Unable to schedule network 4f834ebf-02a3-41e0-bbbc-01e3aad0e4c6: no agents available; will retry on subsequent port and subnet creation events.
2026-06-28 21:03:16.621 9 INFO neutron.db.ovn_revision_numbers_db [req-b9152dc6-f7ae-4681-bc37-b2b5d2e17f87 req-e8440362-3a25-439f-999e-21b57d97e2fb ccaad008b0aa47239794adec87be5637 20f2cfd0977b45158f66d4824ebf86d0 - - 44e706304a8e4e5b82af10eac2ac5573 44e706304a8e4e5b82af10eac2ac5573] Successfully bumped revision number for resource b950e5c8-22be-43d8-b5b2-5b0706f8d662 (type: ports) to 2
2026-06-28 21:03:16.639 9 INFO neutron.wsgi [req-b9152dc6-f7ae-4681-bc37-b2b5d2e17f87 req-e8440362-3a25-439f-999e-21b57d97e2fb ccaad008b0aa47239794adec87be5637 20f2cfd0977b45158f66d4824ebf86d0 - - 44e706304a8e4e5b82af10eac2ac5573 44e706304a8e4e5b82af10eac2ac5573] 199.204.45.38 "PUT /v2.0/ports/b950e5c8-22be-43d8-b5b2-5b0706f8d662 HTTP/1.1" status: 200 len: 1376 time: 0.6853697
2026-06-28 21:03:16.655 10 INFO neutron.db.ovn_revision_numbers_db [None req-173e4516-a2c5-4b83-aacd-19a7a38dc36e 5a6441ea401e4df18c805411ed18da91 fd8a3bc69c4842579d709b00a912b8b3 - - default default] Successfully bumped revision number for resource 9fcf14a0-6b58-48b4-9933-ac422886a0b0 (type: ports) to 1
2026-06-28 21:03:16.681 10 INFO neutron.wsgi [None req-173e4516-a2c5-4b83-aacd-19a7a38dc36e 5a6441ea401e4df18c805411ed18da91 fd8a3bc69c4842579d709b00a912b8b3 - - default default] 10.0.0.226 "POST /v2.0/ports HTTP/1.1" status: 201 len: 1127 time: 0.4629433
2026-06-28 21:03:16.681 9 INFO neutron.notifiers.nova [-] Nova event matching ['req-090aaacd-d4cb-40d8-9204-0c604d91b9df'] response: {'name': 'network-changed', 'server_uuid': '5550efbd-67a7-4d5f-b55f-e65c8eb742c2', 'tag': 'b950e5c8-22be-43d8-b5b2-5b0706f8d662', 'status': 'completed', 'code': 200} /var/lib/openstack/lib/python3.10/site-packages/pycadf/identifier.py:71: UserWarning: Invalid uuid: neutron. To ensure interoperability, identifiers should be a valid uuid. warnings.warn(('Invalid uuid: %s. To ensure interoperability, '
2026-06-28 21:03:16.721 9 WARNING neutron_lib.context [None req-3abafe22-9154-4ff9-99d9-dcce9bc248c6 cfc77d41514a4770934c90118659ba41 2461b0943a774253a157d6d8131d422b - - default default] Method 'is_advsvc' is deprecated since 2023.2 release (neutron-lib 3.8.0) and will be removed once support for the old RBAC API policies will be removed from Neutron. Please use method 'is_service_role' instead.
2026-06-28 21:03:16.768 9 INFO neutron.wsgi [req-48b316e2-3e15-4296-834f-eb92d426d999 req-5734d2a3-11fa-4991-8934-79bb556b3b3c 4553f759b7434184967a7d68d689107d a2420f8785a447ae871d292b1273ec48 - - default default] 10.0.0.16 "GET /v2.0/ports?device_id=5550efbd-67a7-4d5f-b55f-e65c8eb742c2 HTTP/1.1" status: 200 len: 1168 time: 0.0716999
2026-06-28 21:03:16.777 9 INFO neutron.wsgi [req-b9152dc6-f7ae-4681-bc37-b2b5d2e17f87 req-e2544fb3-c39a-4f27-89fd-737ffcbb0347 ccaad008b0aa47239794adec87be5637 20f2cfd0977b45158f66d4824ebf86d0 - - 44e706304a8e4e5b82af10eac2ac5573 44e706304a8e4e5b82af10eac2ac5573] 199.204.45.38 "GET /v2.0/ports?tenant_id=a2420f8785a447ae871d292b1273ec48&device_id=5550efbd-67a7-4d5f-b55f-e65c8eb742c2 HTTP/1.1" status: 200 len: 1407 time: 0.0809739
2026-06-28 21:03:16.823 9 INFO neutron.wsgi [req-b9152dc6-f7ae-4681-bc37-b2b5d2e17f87 req-dd5a0032-a7e9-47e1-9975-e948801fa1e4 ccaad008b0aa47239794adec87be5637 20f2cfd0977b45158f66d4824ebf86d0 - - 44e706304a8e4e5b82af10eac2ac5573 44e706304a8e4e5b82af10eac2ac5573] 199.204.45.38 "GET /v2.0/floatingips?fixed_ip_address=10.100.0.7&port_id=b950e5c8-22be-43d8-b5b2-5b0706f8d662 HTTP/1.1" status: 200 len: 217 time: 0.0292192
2026-06-28 21:03:16.856 9 INFO neutron.wsgi [req-48b316e2-3e15-4296-834f-eb92d426d999 req-7182190f-e324-4cf5-ade6-2a90019f654e 4553f759b7434184967a7d68d689107d a2420f8785a447ae871d292b1273ec48 - - default default] 10.0.0.16 "GET /v2.0/security-groups?id=528257ce-5d24-42f7-8474-ac2ae31b7513&fields=id&fields=name HTTP/1.1" status: 200 len: 312 time: 0.0782135
2026-06-28 21:03:16.881 9 INFO neutron.wsgi [req-b9152dc6-f7ae-4681-bc37-b2b5d2e17f87 req-a7a3cfb9-44b9-4a3c-a48f-aaf04a620f2d ccaad008b0aa47239794adec87be5637 20f2cfd0977b45158f66d4824ebf86d0 - - 44e706304a8e4e5b82af10eac2ac5573 44e706304a8e4e5b82af10eac2ac5573] 199.204.45.38 "GET /v2.0/subnets?id=50e3e5c5-501b-41f4-854e-17df93bb5b09 HTTP/1.1" status: 200 len: 853 time: 0.0535557
