2026-06-28 21:07:44.995 10 INFO neutron.wsgi [None req-b5ee2750-dcbd-465b-aeca-33090bf20c15 dee7710eebe641e998a3146c11aaf224 0252989593b642ec99ca19ce4267a2c0 - - default default] 199.204.45.38 "GET /v2.0/ports/6702139f-c8a6-4749-b903-716c6b8eb5be HTTP/1.1" status: 200 len: 1340 time: 0.0365746
2026-06-28 21:07:45.044 10 INFO neutron.wsgi [None req-d309e79f-22f3-4e20-8500-24e38c069729 dee7710eebe641e998a3146c11aaf224 0252989593b642ec99ca19ce4267a2c0 - - default default] 199.204.45.38 "GET /v2.0/ports/c1be3410-7473-49d4-9b76-b61ee55c8c54 HTTP/1.1" status: 200 len: 1515 time: 0.0405104
2026-06-28 21:07:45.088 10 INFO neutron.wsgi [None req-53b4bf59-acba-49b1-aa73-46888b158e7f dee7710eebe641e998a3146c11aaf224 0252989593b642ec99ca19ce4267a2c0 - - default default] 199.204.45.38 "GET /v2.0/subnets/31bbd326-7236-497e-93db-7c19d6101365 HTTP/1.1" status: 200 len: 850 time: 0.0355046
2026-06-28 21:07:45.149 10 INFO neutron.wsgi [None req-e175cf21-49ca-4752-839d-b9916270370e dee7710eebe641e998a3146c11aaf224 0252989593b642ec99ca19ce4267a2c0 - - default default] 199.204.45.38 "GET /v2.0/networks/329b5130-8753-4348-bab6-af0651b17c58 HTTP/1.1" status: 200 len: 1002 time: 0.0530705
2026-06-28 21:07:45.196 10 INFO neutron.wsgi [None req-8c5f310f-eedd-43ea-88e2-d1b7257c7c13 dee7710eebe641e998a3146c11aaf224 0252989593b642ec99ca19ce4267a2c0 - - default default] 199.204.45.38 "GET /v2.0/ports/6702139f-c8a6-4749-b903-716c6b8eb5be HTTP/1.1" status: 200 len: 1340 time: 0.0385790
2026-06-28 21:07:45.237 10 INFO neutron.wsgi [None req-5ec87c82-a245-4cbd-8f81-ad065da8692a dee7710eebe641e998a3146c11aaf224 0252989593b642ec99ca19ce4267a2c0 - - default default] 199.204.45.38 "GET /v2.0/subnets/31bbd326-7236-497e-93db-7c19d6101365 HTTP/1.1" status: 200 len: 850 time: 0.0333872
2026-06-28 21:07:45.374 9 INFO neutron.wsgi [req-9244f328-fda2-4569-b633-ac4e8b67361e req-0f0ea69d-82b3-421e-99bf-b1061b7f19f3 ccaad008b0aa47239794adec87be5637 20f2cfd0977b45158f66d4824ebf86d0 - - 44e706304a8e4e5b82af10eac2ac5573 44e706304a8e4e5b82af10eac2ac5573] 199.204.45.38 "GET /v2.0/ports?device_id=f0298c00-d297-483a-b78b-e99b0c94f8a8&fields=binding%3Ahost_id&fields=binding%3Avif_type HTTP/1.1" status: 200 len: 265 time: 0.0462039
2026-06-28 21:07:45.448 9 INFO neutron.wsgi [req-9244f328-fda2-4569-b633-ac4e8b67361e req-2c1483f4-4afc-41db-9bba-1da4c380aaa4 ccaad008b0aa47239794adec87be5637 20f2cfd0977b45158f66d4824ebf86d0 - - 44e706304a8e4e5b82af10eac2ac5573 44e706304a8e4e5b82af10eac2ac5573] 199.204.45.38 "GET /v2.0/ports?tenant_id=08296a20bdc04ad0a40878a5e5404508&device_id=f0298c00-d297-483a-b78b-e99b0c94f8a8 HTTP/1.1" status: 200 len: 1634 time: 0.0488222
2026-06-28 21:07:45.576 9 INFO neutron.wsgi [req-9244f328-fda2-4569-b633-ac4e8b67361e req-31401f24-6e3a-48f4-b043-f57125a60eb7 ccaad008b0aa47239794adec87be5637 20f2cfd0977b45158f66d4824ebf86d0 - - 44e706304a8e4e5b82af10eac2ac5573 44e706304a8e4e5b82af10eac2ac5573] 199.204.45.38 "GET /v2.0/networks?id=bc39ff1a-1a9c-4220-81b8-9f77df20cb75 HTTP/1.1" status: 200 len: 1002 time: 0.1038415
2026-06-28 21:07:45.632 9 INFO neutron.wsgi [req-9244f328-fda2-4569-b633-ac4e8b67361e req-18de551f-a962-4fa9-a808-72a0dfd636d5 ccaad008b0aa47239794adec87be5637 20f2cfd0977b45158f66d4824ebf86d0 - - 44e706304a8e4e5b82af10eac2ac5573 44e706304a8e4e5b82af10eac2ac5573] 199.204.45.38 "GET /v2.0/floatingips?fixed_ip_address=10.2.2.69&port_id=233e2045-93b2-48eb-b762-9ee9ed209a8e HTTP/1.1" status: 200 len: 1058 time: 0.0507810
2026-06-28 21:07:45.664 9 INFO neutron.wsgi [req-9244f328-fda2-4569-b633-ac4e8b67361e req-27de87ed-52ac-49e9-bdad-526e8758bf59 ccaad008b0aa47239794adec87be5637 20f2cfd0977b45158f66d4824ebf86d0 - - 44e706304a8e4e5b82af10eac2ac5573 44e706304a8e4e5b82af10eac2ac5573] 199.204.45.38 "GET /v2.0/floatingips?fixed_ip_address=fd77%3A1457%3A4cf0%3A26a8%3A%3A2b&port_id=233e2045-93b2-48eb-b762-9ee9ed209a8e HTTP/1.1" status: 200 len: 217 time: 0.0267606
2026-06-28 21:07:45.710 9 INFO neutron.wsgi [req-9244f328-fda2-4569-b633-ac4e8b67361e req-0aa74887-128b-4abb-9703-e1025fbd1e5f ccaad008b0aa47239794adec87be5637 20f2cfd0977b45158f66d4824ebf86d0 - - 44e706304a8e4e5b82af10eac2ac5573 44e706304a8e4e5b82af10eac2ac5573] 199.204.45.38 "GET /v2.0/subnets?id=a46c9f0a-fc55-4a5c-a9b4-578517f9a8ad&id=70ad66e5-146e-41ac-aeb3-8a4d7637eaf8 HTTP/1.1" status: 200 len: 1566 time: 0.0393243
2026-06-28 21:07:45.744 9 INFO neutron.wsgi [req-9244f328-fda2-4569-b633-ac4e8b67361e req-c53fa637-64dc-418e-9233-fe3e9c2d8019 ccaad008b0aa47239794adec87be5637 20f2cfd0977b45158f66d4824ebf86d0 - - 44e706304a8e4e5b82af10eac2ac5573 44e706304a8e4e5b82af10eac2ac5573] 199.204.45.38 "GET /v2.0/ports?network_id=bc39ff1a-1a9c-4220-81b8-9f77df20cb75&device_owner=network%3Adhcp HTTP/1.1" status: 200 len: 210 time: 0.0276442
2026-06-28 21:07:45.771 9 INFO neutron.wsgi [req-9244f328-fda2-4569-b633-ac4e8b67361e req-938ee20c-39b8-4682-aaa3-385aa8e73334 ccaad008b0aa47239794adec87be5637 20f2cfd0977b45158f66d4824ebf86d0 - - 44e706304a8e4e5b82af10eac2ac5573 44e706304a8e4e5b82af10eac2ac5573] 199.204.45.38 "GET /v2.0/ports?network_id=bc39ff1a-1a9c-4220-81b8-9f77df20cb75&device_owner=network%3Adhcp HTTP/1.1" status: 200 len: 210 time: 0.0198650
2026-06-28 21:07:45.836 9 INFO neutron.wsgi [req-9244f328-fda2-4569-b633-ac4e8b67361e req-aba357cf-f32d-462a-9170-f9c97653cb93 ccaad008b0aa47239794adec87be5637 20f2cfd0977b45158f66d4824ebf86d0 - - 44e706304a8e4e5b82af10eac2ac5573 44e706304a8e4e5b82af10eac2ac5573] 199.204.45.38 "GET /v2.0/networks/bc39ff1a-1a9c-4220-81b8-9f77df20cb75?fields=segments HTTP/1.1" status: 200 len: 212 time: 0.0581133
2026-06-28 21:07:45.902 9 INFO neutron.wsgi [req-9244f328-fda2-4569-b633-ac4e8b67361e req-f0517578-144f-46b6-b170-b5aa9c179f25 ccaad008b0aa47239794adec87be5637 20f2cfd0977b45158f66d4824ebf86d0 - - 44e706304a8e4e5b82af10eac2ac5573 44e706304a8e4e5b82af10eac2ac5573] 199.204.45.38 "GET /v2.0/networks/bc39ff1a-1a9c-4220-81b8-9f77df20cb75?fields=provider%3Aphysical_network&fields=provider%3Anetwork_type HTTP/1.1" status: 200 len: 277 time: 0.0618250
2026-06-28 21:07:45.973 10 INFO neutron.notifiers.nova [-] Nova event matching ['req-77ff5159-2d16-4a65-969a-a219268d6cce'] response: {'server_uuid': 'db6a9671-395f-4976-af2b-a8c0d7ee8e67', 'name': 'network-vif-plugged', 'status': 'completed', 'tag': '765c79ed-9194-4170-958d-534f9d27d13f', 'code': 200}
2026-06-28 21:07:45.974 10 INFO neutron.notifiers.nova [-] Nova event matching ['req-77ff5159-2d16-4a65-969a-a219268d6cce'] response: {'name': 'network-changed', 'server_uuid': 'db6a9671-395f-4976-af2b-a8c0d7ee8e67', 'tag': '765c79ed-9194-4170-958d-534f9d27d13f', 'status': 'completed', 'code': 200}
2026-06-28 21:07:46.068 9 INFO neutron.wsgi [req-73a83ee5-1478-4532-96ef-152a5e8902f4 req-f5f0ce7a-be62-4b1d-b4b0-d74f90881c1d ccaad008b0aa47239794adec87be5637 20f2cfd0977b45158f66d4824ebf86d0 - - 44e706304a8e4e5b82af10eac2ac5573 44e706304a8e4e5b82af10eac2ac5573] 199.204.45.38 "GET /v2.0/ports?tenant_id=0252989593b642ec99ca19ce4267a2c0&device_id=db6a9671-395f-4976-af2b-a8c0d7ee8e67 HTTP/1.1" status: 200 len: 5116 time: 0.0694900
2026-06-28 21:07:46.134 9 INFO neutron.wsgi [req-73a83ee5-1478-4532-96ef-152a5e8902f4 req-fe4067a9-9498-4ed6-9b0b-cac0b68afe70 ccaad008b0aa47239794adec87be5637 20f2cfd0977b45158f66d4824ebf86d0 - - 44e706304a8e4e5b82af10eac2ac5573 44e706304a8e4e5b82af10eac2ac5573] 199.204.45.38 "GET /v2.0/networks?id=bc39ff1a-1a9c-4220-81b8-9f77df20cb75 HTTP/1.1" status: 200 len: 1002 time: 0.0601737
2026-06-28 21:07:46.174 9 INFO neutron.wsgi [req-73a83ee5-1478-4532-96ef-152a5e8902f4 req-b2352049-110f-43a4-bbf1-e96b7bfca502 ccaad008b0aa47239794adec87be5637 20f2cfd0977b45158f66d4824ebf86d0 - - 44e706304a8e4e5b82af10eac2ac5573 44e706304a8e4e5b82af10eac2ac5573] 199.204.45.38 "GET /v2.0/floatingips?fixed_ip_address=10.2.2.15&port_id=765c79ed-9194-4170-958d-534f9d27d13f HTTP/1.1" status: 200 len: 217 time: 0.0330687
2026-06-28 21:07:46.210 9 INFO neutron.wsgi [req-73a83ee5-1478-4532-96ef-152a5e8902f4 req-50ba3616-2cc2-46b1-accc-3f3dfd5cd2fd ccaad008b0aa47239794adec87be5637 20f2cfd0977b45158f66d4824ebf86d0 - - 44e706304a8e4e5b82af10eac2ac5573 44e706304a8e4e5b82af10eac2ac5573] 199.204.45.38 "GET /v2.0/subnets?id=a46c9f0a-fc55-4a5c-a9b4-578517f9a8ad HTTP/1.1" status: 200 len: 852 time: 0.0325253
2026-06-28 21:07:46.242 9 INFO neutron.wsgi [req-73a83ee5-1478-4532-96ef-152a5e8902f4 req-af4342b6-0f51-49f3-ba3c-14ed3e80eb93 ccaad008b0aa47239794adec87be5637 20f2cfd0977b45158f66d4824ebf86d0 - - 44e706304a8e4e5b82af10eac2ac5573 44e706304a8e4e5b82af10eac2ac5573] 199.204.45.38 "GET /v2.0/ports?network_id=bc39ff1a-1a9c-4220-81b8-9f77df20cb75&device_owner=network%3Adhcp HTTP/1.1" status: 200 len: 210 time: 0.0243273
2026-06-28 21:07:46.311 9 INFO neutron.wsgi [req-73a83ee5-1478-4532-96ef-152a5e8902f4 req-23c4c405-b23d-4264-b7ab-8331e3d83b9e ccaad008b0aa47239794adec87be5637 20f2cfd0977b45158f66d4824ebf86d0 - - 44e706304a8e4e5b82af10eac2ac5573 44e706304a8e4e5b82af10eac2ac5573] 199.204.45.38 "GET /v2.0/networks/bc39ff1a-1a9c-4220-81b8-9f77df20cb75?fields=segments HTTP/1.1" status: 200 len: 212 time: 0.0631864
2026-06-28 21:07:46.397 9 INFO neutron.wsgi [req-73a83ee5-1478-4532-96ef-152a5e8902f4 req-7440388e-d6c1-4be5-837b-b2d399deae7c ccaad008b0aa47239794adec87be5637 20f2cfd0977b45158f66d4824ebf86d0 - - 44e706304a8e4e5b82af10eac2ac5573 44e706304a8e4e5b82af10eac2ac5573] 199.204.45.38 "GET /v2.0/networks/bc39ff1a-1a9c-4220-81b8-9f77df20cb75?fields=provider%3Aphysical_network&fields=provider%3Anetwork_type HTTP/1.1" status: 200 len: 277 time: 0.0782721
2026-06-28 21:07:53.914 9 INFO neutron.wsgi [None req-28ed7dcb-c627-4350-b20a-b6e95caceac2 dee7710eebe641e998a3146c11aaf224 0252989593b642ec99ca19ce4267a2c0 - - default default] 199.204.45.38 "GET /v2.0/extensions/security-group HTTP/1.1" status: 200 len: 369 time: 0.0095217
2026-06-28 21:07:53.926 9 INFO neutron.wsgi [None req-85415a0b-a713-40b5-acca-70d24c70db2a dee7710eebe641e998a3146c11aaf224 0252989593b642ec99ca19ce4267a2c0 - - default default] 199.204.45.38 "GET /v2.0/extensions/dns-integration HTTP/1.1" status: 200 len: 371 time: 0.0042758
2026-06-28 21:07:53.937 9 INFO neutron.wsgi [None req-9c89008b-21d8-4323-9398-893519b18cf7 dee7710eebe641e998a3146c11aaf224 0252989593b642ec99ca19ce4267a2c0 - - default default] 199.204.45.38 "GET /v2.0/extensions/qos HTTP/1.1" status: 200 len: 365 time: 0.0073271
2026-06-28 21:07:53.945 9 INFO neutron.wsgi [None req-f14fa24b-9cda-4fed-97f5-9136e8a5b2b5 dee7710eebe641e998a3146c11aaf224 0252989593b642ec99ca19ce4267a2c0 - - default default] 199.204.45.38 "GET /v2.0/extensions/allowed-address-pairs HTTP/1.1" status: 200 len: 383 time: 0.0047145
2026-06-28 21:07:53.989 9 INFO neutron.wsgi [None req-c5b3dc02-1f02-4694-8675-00d55fa09c41 dee7710eebe641e998a3146c11aaf224 0252989593b642ec99ca19ce4267a2c0 - - default default] 199.204.45.38 "GET /v2.0/subnets/03ad74e9-50db-4475-9d72-b37fecefa0bc HTTP/1.1" status: 200 len: 849 time: 0.0392792
2026-06-28 21:07:54.072 9 INFO neutron.wsgi [None req-c0592bb8-7bbb-4738-85a2-52efc339115a dee7710eebe641e998a3146c11aaf224 0252989593b642ec99ca19ce4267a2c0 - - default default] 199.204.45.38 "GET /v2.0/ports?device_id=db6a9671-395f-4976-af2b-a8c0d7ee8e67 HTTP/1.1" status: 200 len: 5116 time: 0.0759416
2026-06-28 21:07:54.103 9 INFO neutron.wsgi [-] 10.0.0.133 "GET / HTTP/1.1" status: 200 len: 247 time: 0.0022569
2026-06-28 21:07:54.104 10 INFO neutron.wsgi [-] 10.0.0.133 "GET / HTTP/1.1" status: 200 len: 247 time: 0.0031531
2026-06-28 21:07:54.242 9 INFO neutron.wsgi [None req-4c38af2c-3787-4f7d-94c5-93e04cb94be7 dee7710eebe641e998a3146c11aaf224 0252989593b642ec99ca19ce4267a2c0 - - default default] 199.204.45.38 "GET /v2.0/extensions/security-group HTTP/1.1" status: 200 len: 369 time: 0.0079784
2026-06-28 21:07:54.249 9 INFO neutron.wsgi [None req-64d99440-891a-421f-9e6c-c0b7de187cf5 dee7710eebe641e998a3146c11aaf224 0252989593b642ec99ca19ce4267a2c0 - - default default] 199.204.45.38 "GET /v2.0/extensions/dns-integration HTTP/1.1" status: 200 len: 371 time: 0.0036566
2026-06-28 21:07:54.258 9 INFO neutron.wsgi [None req-f3e843bf-6980-4d7b-af11-6bde2e4348a8 dee7710eebe641e998a3146c11aaf224 0252989593b642ec99ca19ce4267a2c0 - - default default] 199.204.45.38 "GET /v2.0/extensions/qos HTTP/1.1" status: 200 len: 365 time: 0.0050349
2026-06-28 21:07:54.268 9 INFO neutron.wsgi [None req-980359ae-a73e-4ebc-bc7b-27fffa858043 dee7710eebe641e998a3146c11aaf224 0252989593b642ec99ca19ce4267a2c0 - - default default] 199.204.45.38 "GET /v2.0/extensions/allowed-address-pairs HTTP/1.1" status: 200 len: 383 time: 0.0048020
2026-06-28 21:07:54.304 9 INFO neutron.wsgi [None req-0b37c538-36ef-43bb-8259-6b8e4eb6933d dee7710eebe641e998a3146c11aaf224 0252989593b642ec99ca19ce4267a2c0 - - default default] 199.204.45.38 "GET /v2.0/ports/765c79ed-9194-4170-958d-534f9d27d13f HTTP/1.1" status: 200 len: 1402 time: 0.0311439
2026-06-28 21:07:54.809 9 INFO neutron.db.ovn_revision_numbers_db [None req-8891dcff-48c3-4288-9fde-5d78b6bc5a0a dee7710eebe641e998a3146c11aaf224 0252989593b642ec99ca19ce4267a2c0 - - default default] Successfully bumped revision number for resource 765c79ed-9194-4170-958d-534f9d27d13f (type: ports) to 6
2026-06-28 21:07:54.820 9 INFO neutron.wsgi [None req-8891dcff-48c3-4288-9fde-5d78b6bc5a0a dee7710eebe641e998a3146c11aaf224 0252989593b642ec99ca19ce4267a2c0 - - default default] 199.204.45.38 "PUT /v2.0/ports/765c79ed-9194-4170-958d-534f9d27d13f HTTP/1.1" status: 200 len: 1203 time: 0.5073378 /var/lib/openstack/lib/python3.10/site-packages/pycadf/identifier.py:71: UserWarning: Invalid uuid: neutron. To ensure interoperability, identifiers should be a valid uuid. warnings.warn(('Invalid uuid: %s. To ensure interoperability, '
2026-06-28 21:07:54.866 9 INFO neutron.notifiers.nova [-] Nova event matching ['req-d552fae0-57a8-4a9a-aef3-2975a3cc07d2'] response: {'name': 'network-changed', 'server_uuid': 'db6a9671-395f-4976-af2b-a8c0d7ee8e67', 'tag': '765c79ed-9194-4170-958d-534f9d27d13f', 'status': 'completed', 'code': 200}
2026-06-28 21:07:54.917 9 INFO neutron.wsgi [None req-4824b084-3453-4cff-9e47-6eac3d89bfb8 dee7710eebe641e998a3146c11aaf224 0252989593b642ec99ca19ce4267a2c0 - - default default] 199.204.45.38 "GET /v2.0/networks/bc39ff1a-1a9c-4220-81b8-9f77df20cb75 HTTP/1.1" status: 200 len: 999 time: 0.0891552
2026-06-28 21:07:54.944 9 INFO neutron.wsgi [req-66eb98b2-674d-4b86-998a-bfd738148816 req-36da3374-613f-4d95-9bbe-8bc7fc2edcba ccaad008b0aa47239794adec87be5637 20f2cfd0977b45158f66d4824ebf86d0 - - 44e706304a8e4e5b82af10eac2ac5573 44e706304a8e4e5b82af10eac2ac5573] 199.204.45.38 "GET /v2.0/ports?tenant_id=0252989593b642ec99ca19ce4267a2c0&device_id=db6a9671-395f-4976-af2b-a8c0d7ee8e67 HTTP/1.1" status: 200 len: 4945 time: 0.0666656
2026-06-28 21:07:54.997 9 INFO neutron.wsgi [None req-658410ad-a909-4882-b3cc-66243dcac328 dee7710eebe641e998a3146c11aaf224 0252989593b642ec99ca19ce4267a2c0 - - default default] 199.204.45.38 "GET /v2.0/ports?device_id=db6a9671-395f-4976-af2b-a8c0d7ee8e67 HTTP/1.1" status: 200 len: 4945 time: 0.0749393
2026-06-28 21:07:55.038 9 INFO neutron.wsgi [req-66eb98b2-674d-4b86-998a-bfd738148816 req-fe30da61-ee8a-4046-90f7-f450409c3801 ccaad008b0aa47239794adec87be5637 20f2cfd0977b45158f66d4824ebf86d0 - - 44e706304a8e4e5b82af10eac2ac5573 44e706304a8e4e5b82af10eac2ac5573] 199.204.45.38 "GET /v2.0/networks?id=bc39ff1a-1a9c-4220-81b8-9f77df20cb75 HTTP/1.1" status: 200 len: 1002 time: 0.0777199
2026-06-28 21:07:55.123 9 INFO neutron.wsgi [req-66eb98b2-674d-4b86-998a-bfd738148816 req-81c76645-ee0f-45c5-b38b-b1e819c1943d ccaad008b0aa47239794adec87be5637 20f2cfd0977b45158f66d4824ebf86d0 - - 44e706304a8e4e5b82af10eac2ac5573 44e706304a8e4e5b82af10eac2ac5573] 199.204.45.38 "GET /v2.0/networks/bc39ff1a-1a9c-4220-81b8-9f77df20cb75?fields=segments HTTP/1.1" status: 200 len: 212 time: 0.0795796
2026-06-28 21:07:55.148 9 INFO neutron.wsgi [None req-8f85188f-ccd8-4043-8233-02b9db60abc0 dee7710eebe641e998a3146c11aaf224 0252989593b642ec99ca19ce4267a2c0 - - default default] 199.204.45.38 "GET /v2.0/ports?device_id=db6a9671-395f-4976-af2b-a8c0d7ee8e67 HTTP/1.1" status: 200 len: 4945 time: 0.0684602
2026-06-28 21:07:55.201 9 INFO neutron.wsgi [req-66eb98b2-674d-4b86-998a-bfd738148816 req-35cf2137-ac94-4c7e-9917-c9d7e404426d ccaad008b0aa47239794adec87be5637 20f2cfd0977b45158f66d4824ebf86d0 - - 44e706304a8e4e5b82af10eac2ac5573 44e706304a8e4e5b82af10eac2ac5573] 199.204.45.38 "GET /v2.0/networks/bc39ff1a-1a9c-4220-81b8-9f77df20cb75?fields=provider%3Aphysical_network&fields=provider%3Anetwork_type HTTP/1.1" status: 200 len: 277 time: 0.0711937
2026-06-28 21:07:55.399 10 INFO neutron.plugins.ml2.drivers.ovn.mech_driver.mech_driver [None req-6780a589-b035-40c3-ba27-903bf3bdde07 - - - - - -] OVN reports status down for port: 765c79ed-9194-4170-958d-534f9d27d13f
2026-06-28 21:07:55.507 9 INFO neutron.wsgi [req-d268895e-1540-46cc-a95f-0b9405746138 req-d0507edb-4c44-40fc-8d50-85cffd7a1726 ccaad008b0aa47239794adec87be5637 20f2cfd0977b45158f66d4824ebf86d0 - - 44e706304a8e4e5b82af10eac2ac5573 44e706304a8e4e5b82af10eac2ac5573] 199.204.45.38 "GET /v2.0/ports/765c79ed-9194-4170-958d-534f9d27d13f HTTP/1.1" status: 200 len: 1231 time: 0.0506845
2026-06-28 21:07:55.597 10 INFO neutron.notifiers.nova [-] Nova event matching ['req-22de2750-f653-489c-8c6b-de6eec3c80ea'] response: {'server_uuid': 'db6a9671-395f-4976-af2b-a8c0d7ee8e67', 'name': 'network-vif-unplugged', 'status': 'completed', 'tag': '765c79ed-9194-4170-958d-534f9d27d13f', 'code': 200}
2026-06-28 21:07:55.721 10 INFO neutron.db.ovn_revision_numbers_db [None req-6780a589-b035-40c3-ba27-903bf3bdde07 - - - - - -] Successfully bumped revision number for resource 765c79ed-9194-4170-958d-534f9d27d13f (type: ports) to 7
2026-06-28 21:07:55.812 9 INFO neutron.wsgi [req-d268895e-1540-46cc-a95f-0b9405746138 req-f095f589-c1ca-49d2-836b-1442a288fb52 dee7710eebe641e998a3146c11aaf224 0252989593b642ec99ca19ce4267a2c0 - - default default] 199.204.45.38 "DELETE /v2.0/ports/765c79ed-9194-4170-958d-534f9d27d13f HTTP/1.1" status: 204 len: 173 time: 0.2980452
2026-06-28 21:07:55.934 9 INFO neutron.wsgi [req-d268895e-1540-46cc-a95f-0b9405746138 req-8560d263-50b9-49c8-b45c-1cea087c2c9d ccaad008b0aa47239794adec87be5637 20f2cfd0977b45158f66d4824ebf86d0 - - 44e706304a8e4e5b82af10eac2ac5573 44e706304a8e4e5b82af10eac2ac5573] 199.204.45.38 "GET /v2.0/ports?tenant_id=0252989593b642ec99ca19ce4267a2c0&device_id=db6a9671-395f-4976-af2b-a8c0d7ee8e67 HTTP/1.1" status: 200 len: 3922 time: 0.0689609
2026-06-28 21:07:56.034 9 INFO neutron.wsgi [req-d268895e-1540-46cc-a95f-0b9405746138 req-cc6ec119-3025-4e3c-b257-a5b68303f8aa ccaad008b0aa47239794adec87be5637 20f2cfd0977b45158f66d4824ebf86d0 - - 44e706304a8e4e5b82af10eac2ac5573 44e706304a8e4e5b82af10eac2ac5573] 199.204.45.38 "GET /v2.0/networks?id=43c46820-a855-48c4-b321-b1c54bf37c72&id=329b5130-8753-4348-bab6-af0651b17c58&id=539f0d1d-ffd4-4b0b-bf7f-e54e5703b7d8&id=bc39ff1a-1a9c-4220-81b8-9f77df20cb75 HTTP/1.1" status: 200 len: 3308 time: 0.0950522
2026-06-28 21:07:56.066 9 INFO neutron.wsgi [req-d268895e-1540-46cc-a95f-0b9405746138 req-5200c394-d2de-4517-9959-937835637322 ccaad008b0aa47239794adec87be5637 20f2cfd0977b45158f66d4824ebf86d0 - - 44e706304a8e4e5b82af10eac2ac5573 44e706304a8e4e5b82af10eac2ac5573] 199.204.45.38 "GET /v2.0/floatingips?fixed_ip_address=172.24.0.179&port_id=24e35700-5ab2-49a2-97f7-51e515dc0f9a HTTP/1.1" status: 200 len: 217 time: 0.0238686
2026-06-28 21:07:56.115 9 INFO neutron.wsgi [req-d268895e-1540-46cc-a95f-0b9405746138 req-e2d28807-35b8-4c4a-b7bb-aeb9104e2cc1 ccaad008b0aa47239794adec87be5637 20f2cfd0977b45158f66d4824ebf86d0 - - 44e706304a8e4e5b82af10eac2ac5573 44e706304a8e4e5b82af10eac2ac5573] 199.204.45.38 "GET /v2.0/subnets?id=759811a7-5cef-4513-9ab2-b12dcfde83f3 HTTP/1.1" status: 200 len: 829 time: 0.0414042
2026-06-28 21:07:56.144 9 INFO neutron.wsgi [req-d268895e-1540-46cc-a95f-0b9405746138 req-f95e179d-b7b9-4200-a126-8378eac4c105 ccaad008b0aa47239794adec87be5637 20f2cfd0977b45158f66d4824ebf86d0 - - 44e706304a8e4e5b82af10eac2ac5573 44e706304a8e4e5b82af10eac2ac5573] 199.204.45.38 "GET /v2.0/ports?network_id=43c46820-a855-48c4-b321-b1c54bf37c72&device_owner=network%3Adhcp HTTP/1.1" status: 200 len: 210 time: 0.0227408
2026-06-28 21:07:56.409 9 INFO neutron.wsgi [None req-84907ba2-643b-45d1-b5d8-7ce1db596126 dee7710eebe641e998a3146c11aaf224 0252989593b642ec99ca19ce4267a2c0 - - default default] 199.204.45.38 "GET /v2.0/ports?device_id=db6a9671-395f-4976-af2b-a8c0d7ee8e67 HTTP/1.1" status: 200 len: 3922 time: 0.2441010
2026-06-28 21:07:56.433 9 INFO neutron.wsgi [req-d268895e-1540-46cc-a95f-0b9405746138 req-2ff92222-1378-4381-b07c-639b94ef94f7 ccaad008b0aa47239794adec87be5637 20f2cfd0977b45158f66d4824ebf86d0 - - 44e706304a8e4e5b82af10eac2ac5573 44e706304a8e4e5b82af10eac2ac5573] 199.204.45.38 "GET /v2.0/networks/43c46820-a855-48c4-b321-b1c54bf37c72?fields=segments HTTP/1.1" status: 200 len: 212 time: 0.2809596
2026-06-28 21:07:56.441 9 INFO neutron.pecan_wsgi.hooks.translation [None req-c6f52a48-cf04-475c-a848-03032fe5ce0c dee7710eebe641e998a3146c11aaf224 0252989593b642ec99ca19ce4267a2c0 - - default default] DELETE failed (client error): The resource could not be found.
2026-06-28 21:07:56.447 9 INFO neutron.wsgi [None req-c6f52a48-cf04-475c-a848-03032fe5ce0c dee7710eebe641e998a3146c11aaf224 0252989593b642ec99ca19ce4267a2c0 - - default default] 199.204.45.38 "DELETE /v2.0/ports/765c79ed-9194-4170-958d-534f9d27d13f HTTP/1.1" status: 404 len: 338 time: 0.0260787
2026-06-28 21:07:56.521 9 INFO neutron.wsgi [req-d268895e-1540-46cc-a95f-0b9405746138 req-9d7fd57d-9f82-421f-8444-ef5dd339225d ccaad008b0aa47239794adec87be5637 20f2cfd0977b45158f66d4824ebf86d0 - - 44e706304a8e4e5b82af10eac2ac5573 44e706304a8e4e5b82af10eac2ac5573] 199.204.45.38 "GET /v2.0/networks/43c46820-a855-48c4-b321-b1c54bf37c72?fields=provider%3Aphysical_network&fields=provider%3Anetwork_type HTTP/1.1" status: 200 len: 277 time: 0.0730269
2026-06-28 21:07:56.558 9 INFO neutron.wsgi [req-d268895e-1540-46cc-a95f-0b9405746138 req-69fb49a4-6e44-48b6-adc6-10df8058974c ccaad008b0aa47239794adec87be5637 20f2cfd0977b45158f66d4824ebf86d0 - - 44e706304a8e4e5b82af10eac2ac5573 44e706304a8e4e5b82af10eac2ac5573] 199.204.45.38 "GET /v2.0/floatingips?fixed_ip_address=10.1.1.83&port_id=c1be3410-7473-49d4-9b76-b61ee55c8c54 HTTP/1.1" status: 200 len: 217 time: 0.0276265
2026-06-28 21:07:56.581 9 INFO neutron.wsgi [None req-dfb5cd68-32b3-438c-a574-9cef17c82bc6 dee7710eebe641e998a3146c11aaf224 0252989593b642ec99ca19ce4267a2c0 - - default default] 199.204.45.38 "GET /v2.0/extensions/security-group HTTP/1.1" status: 200 len: 369 time: 0.0061495
2026-06-28 21:07:56.593 9 INFO neutron.wsgi [None req-d975f7ed-67dc-43f5-be94-ee36034669fc dee7710eebe641e998a3146c11aaf224 0252989593b642ec99ca19ce4267a2c0 - - default default] 199.204.45.38 "GET /v2.0/extensions/dns-integration HTTP/1.1" status: 200 len: 371 time: 0.0037332
2026-06-28 21:07:56.601 9 INFO neutron.wsgi [None req-27fdd8c1-c40d-4c73-bbec-b61849891f2f dee7710eebe641e998a3146c11aaf224 0252989593b642ec99ca19ce4267a2c0 - - default default] 199.204.45.38 "GET /v2.0/extensions/qos HTTP/1.1" status: 200 len: 365 time: 0.0040913
2026-06-28 21:07:56.609 9 INFO neutron.wsgi [None req-a96a929e-00b7-49e5-8ccd-f7de5f55efaf dee7710eebe641e998a3146c11aaf224 0252989593b642ec99ca19ce4267a2c0 - - default default] 199.204.45.38 "GET /v2.0/extensions/allowed-address-pairs HTTP/1.1" status: 200 len: 383 time: 0.0030119
2026-06-28 21:07:56.616 9 INFO neutron.wsgi [req-d268895e-1540-46cc-a95f-0b9405746138 req-ed93ed15-5218-4827-bf7e-bed1925c3c6e ccaad008b0aa47239794adec87be5637 20f2cfd0977b45158f66d4824ebf86d0 - - 44e706304a8e4e5b82af10eac2ac5573 44e706304a8e4e5b82af10eac2ac5573] 199.204.45.38 "GET /v2.0/subnets?id=31bbd326-7236-497e-93db-7c19d6101365 HTTP/1.1" status: 200 len: 853 time: 0.0548677
2026-06-28 21:07:56.647 9 INFO neutron.wsgi [req-d268895e-1540-46cc-a95f-0b9405746138 req-fe6fadba-d369-4f92-a258-f3baa292b4db ccaad008b0aa47239794adec87be5637 20f2cfd0977b45158f66d4824ebf86d0 - - 44e706304a8e4e5b82af10eac2ac5573 44e706304a8e4e5b82af10eac2ac5573] 199.204.45.38 "GET /v2.0/ports?network_id=329b5130-8753-4348-bab6-af0651b17c58&device_owner=network%3Adhcp HTTP/1.1" status: 200 len: 210 time: 0.0229857
2026-06-28 21:07:56.656 9 INFO neutron.wsgi [None req-6f5bb2b2-2393-4a14-993c-768fc3ca6a64 dee7710eebe641e998a3146c11aaf224 0252989593b642ec99ca19ce4267a2c0 - - default default] 199.204.45.38 "GET /v2.0/subnets/31bbd326-7236-497e-93db-7c19d6101365 HTTP/1.1" status: 200 len: 850 time: 0.0397668
2026-06-28 21:07:56.703 9 INFO neutron.wsgi [None req-168448b4-60b2-41e1-8882-74725b627e92 dee7710eebe641e998a3146c11aaf224 0252989593b642ec99ca19ce4267a2c0 - - default default] 199.204.45.38 "GET /v2.0/ports/6702139f-c8a6-4749-b903-716c6b8eb5be HTTP/1.1" status: 200 len: 1340 time: 0.0388279
2026-06-28 21:07:56.734 9 INFO neutron.wsgi [req-d268895e-1540-46cc-a95f-0b9405746138 req-459185ff-2d75-4756-b94f-615832030313 ccaad008b0aa47239794adec87be5637 20f2cfd0977b45158f66d4824ebf86d0 - - 44e706304a8e4e5b82af10eac2ac5573 44e706304a8e4e5b82af10eac2ac5573] 199.204.45.38 "GET /v2.0/networks/329b5130-8753-4348-bab6-af0651b17c58?fields=segments HTTP/1.1" status: 200 len: 212 time: 0.0766208
2026-06-28 21:07:56.750 9 INFO neutron.wsgi [None req-9bc812d2-dc5f-4307-8722-3d1dc0b2eff1 dee7710eebe641e998a3146c11aaf224 0252989593b642ec99ca19ce4267a2c0 - - default default] 199.204.45.38 "GET /v2.0/ports/c1be3410-7473-49d4-9b76-b61ee55c8c54 HTTP/1.1" status: 200 len: 1515 time: 0.0365715
2026-06-28 21:07:56.798 9 INFO neutron.wsgi [None req-7574f2f7-0e37-4cf6-be2d-d064d6f6b930 dee7710eebe641e998a3146c11aaf224 0252989593b642ec99ca19ce4267a2c0 - - default default] 199.204.45.38 "GET /v2.0/subnets/31bbd326-7236-497e-93db-7c19d6101365 HTTP/1.1" status: 200 len: 850 time: 0.0397019
2026-06-28 21:07:56.806 9 INFO neutron.wsgi [req-d268895e-1540-46cc-a95f-0b9405746138 req-80aaa496-a671-4735-a07d-0632300b03e0 ccaad008b0aa47239794adec87be5637 20f2cfd0977b45158f66d4824ebf86d0 - - 44e706304a8e4e5b82af10eac2ac5573 44e706304a8e4e5b82af10eac2ac5573] 199.204.45.38 "GET /v2.0/networks/329b5130-8753-4348-bab6-af0651b17c58?fields=provider%3Aphysical_network&fields=provider%3Anetwork_type HTTP/1.1" status: 200 len: 277 time: 0.0653248
2026-06-28 21:07:56.836 9 INFO neutron.wsgi [req-d268895e-1540-46cc-a95f-0b9405746138 req-b74fa762-6099-4f10-8779-c15c5f09b847 ccaad008b0aa47239794adec87be5637 20f2cfd0977b45158f66d4824ebf86d0 - - 44e706304a8e4e5b82af10eac2ac5573 44e706304a8e4e5b82af10eac2ac5573] 199.204.45.38 "GET /v2.0/floatingips?fixed_ip_address=10.2.1.107&port_id=f7854586-92fb-4886-ba97-a54f69f5d9e7 HTTP/1.1" status: 200 len: 217 time: 0.0236282
2026-06-28 21:07:56.885 9 INFO neutron.wsgi [req-d268895e-1540-46cc-a95f-0b9405746138 req-c970421c-f517-435c-a553-4f6aaa2ee1a4 ccaad008b0aa47239794adec87be5637 20f2cfd0977b45158f66d4824ebf86d0 - - 44e706304a8e4e5b82af10eac2ac5573 44e706304a8e4e5b82af10eac2ac5573] 199.204.45.38 "GET /v2.0/subnets?id=03ad74e9-50db-4475-9d72-b37fecefa0bc HTTP/1.1" status: 200 len: 852 time: 0.0400543
2026-06-28 21:07:56.891 9 INFO neutron.wsgi [None req-71c72923-38e9-410c-9b51-76b6bcb5474c dee7710eebe641e998a3146c11aaf224 0252989593b642ec99ca19ce4267a2c0 - - default default] 199.204.45.38 "GET /v2.0/networks/329b5130-8753-4348-bab6-af0651b17c58 HTTP/1.1" status: 200 len: 1002 time: 0.0847137
2026-06-28 21:07:56.910 9 INFO neutron.notifiers.nova [-] Nova event matching ['req-36f1846c-35dd-4e76-9f81-5113e52be671'] response: {'server_uuid': 'db6a9671-395f-4976-af2b-a8c0d7ee8e67', 'name': 'network-vif-deleted', 'tag': '765c79ed-9194-4170-958d-534f9d27d13f', 'status': 'completed', 'code': 200}
2026-06-28 21:07:56.912 9 INFO neutron.wsgi [req-d268895e-1540-46cc-a95f-0b9405746138 req-0c53b522-af5c-4b2a-889c-19381f198afb ccaad008b0aa47239794adec87be5637 20f2cfd0977b45158f66d4824ebf86d0 - - 44e706304a8e4e5b82af10eac2ac5573 44e706304a8e4e5b82af10eac2ac5573] 199.204.45.38 "GET /v2.0/ports?network_id=539f0d1d-ffd4-4b0b-bf7f-e54e5703b7d8&device_owner=network%3Adhcp HTTP/1.1" status: 200 len: 210 time: 0.0202701
2026-06-28 21:07:56.943 9 INFO neutron.wsgi [None req-2603bb67-ef53-4f63-9c9f-f1bf69133f67 dee7710eebe641e998a3146c11aaf224 0252989593b642ec99ca19ce4267a2c0 - - default default] 199.204.45.38 "GET /v2.0/ports/6702139f-c8a6-4749-b903-716c6b8eb5be HTTP/1.1" status: 200 len: 1340 time: 0.0446792
2026-06-28 21:07:56.984 9 INFO neutron.wsgi [None req-d3052d01-cc1d-4191-af6b-ad4e7c5e1206 dee7710eebe641e998a3146c11aaf224 0252989593b642ec99ca19ce4267a2c0 - - default default] 199.204.45.38 "GET /v2.0/subnets/31bbd326-7236-497e-93db-7c19d6101365 HTTP/1.1" status: 200 len: 850 time: 0.0323012
2026-06-28 21:07:56.990 9 INFO neutron.wsgi [req-d268895e-1540-46cc-a95f-0b9405746138 req-8ae4b9f2-efdd-4a2e-a106-b0b3b3a2c3b4 ccaad008b0aa47239794adec87be5637 20f2cfd0977b45158f66d4824ebf86d0 - - 44e706304a8e4e5b82af10eac2ac5573 44e706304a8e4e5b82af10eac2ac5573] 199.204.45.38 "GET /v2.0/networks/539f0d1d-ffd4-4b0b-bf7f-e54e5703b7d8?fields=segments HTTP/1.1" status: 200 len: 212 time: 0.0693984
2026-06-28 21:07:57.080 9 INFO neutron.wsgi [req-d268895e-1540-46cc-a95f-0b9405746138 req-524d69e7-00ae-4671-b037-e628413864f6 ccaad008b0aa47239794adec87be5637 20f2cfd0977b45158f66d4824ebf86d0 - - 44e706304a8e4e5b82af10eac2ac5573 44e706304a8e4e5b82af10eac2ac5573] 199.204.45.38 "GET /v2.0/networks/539f0d1d-ffd4-4b0b-bf7f-e54e5703b7d8?fields=provider%3Aphysical_network&fields=provider%3Anetwork_type HTTP/1.1" status: 200 len: 277 time: 0.0775723
2026-06-28 21:07:57.649 10 INFO neutron.notifiers.nova [-] Nova event matching ['req-f52e30f6-7110-4d8e-8363-dd346e5bda2b'] response: {'server_uuid': 'db6a9671-395f-4976-af2b-a8c0d7ee8e67', 'name': 'network-vif-plugged', 'status': 'completed', 'tag': '765c79ed-9194-4170-958d-534f9d27d13f', 'code': 200} /var/lib/openstack/lib/python3.10/site-packages/pycadf/identifier.py:71: UserWarning: Invalid uuid: neutron. To ensure interoperability, identifiers should be a valid uuid. warnings.warn(('Invalid uuid: %s. To ensure interoperability, '
2026-06-28 21:07:59.499 10 INFO neutron.wsgi [None req-3317e4fa-45d6-43cc-97be-a75203fecc01 dee7710eebe641e998a3146c11aaf224 0252989593b642ec99ca19ce4267a2c0 - - default default] 199.204.45.38 "GET /v2.0/extensions/security-group HTTP/1.1" status: 200 len: 369 time: 0.0049198
2026-06-28 21:07:59.510 10 INFO neutron.wsgi [None req-431eedfe-17c1-438a-a19c-6b8305b12455 dee7710eebe641e998a3146c11aaf224 0252989593b642ec99ca19ce4267a2c0 - - default default] 199.204.45.38 "GET /v2.0/extensions/dns-integration HTTP/1.1" status: 200 len: 371 time: 0.0076249
2026-06-28 21:07:59.517 10 INFO neutron.wsgi [None req-2446e59a-7cc7-496c-bf18-45adabbbc32f dee7710eebe641e998a3146c11aaf224 0252989593b642ec99ca19ce4267a2c0 - - default default] 199.204.45.38 "GET /v2.0/extensions/qos HTTP/1.1" status: 200 len: 365 time: 0.0034070
2026-06-28 21:07:59.528 10 INFO neutron.wsgi [None req-e7602ca6-fbcc-4281-975c-376f1ca2c6c4 dee7710eebe641e998a3146c11aaf224 0252989593b642ec99ca19ce4267a2c0 - - default default] 199.204.45.38 "GET /v2.0/extensions/allowed-address-pairs HTTP/1.1" status: 200 len: 383 time: 0.0077255
2026-06-28 21:07:59.583 10 INFO neutron.wsgi [None req-cd2aadc2-b53b-46e0-a470-bcc38491d0de dee7710eebe641e998a3146c11aaf224 0252989593b642ec99ca19ce4267a2c0 - - default default] 199.204.45.38 "GET /v2.0/ports?device_id=db6a9671-395f-4976-af2b-a8c0d7ee8e67 HTTP/1.1" status: 200 len: 3922 time: 0.0495160
2026-06-28 21:07:59.740 10 INFO neutron.wsgi [None req-7263e15d-f638-4954-afd5-a1e34d9bd036 dee7710eebe641e998a3146c11aaf224 0252989593b642ec99ca19ce4267a2c0 - - default default] 199.204.45.38 "GET /v2.0/extensions/security-group HTTP/1.1" status: 200 len: 369 time: 0.0048780
2026-06-28 21:07:59.747 10 INFO neutron.wsgi [None req-1a7df9c7-d469-4cfc-81d1-6813069f9739 dee7710eebe641e998a3146c11aaf224 0252989593b642ec99ca19ce4267a2c0 - - default default] 199.204.45.38 "GET /v2.0/extensions/dns-integration HTTP/1.1" status: 200 len: 371 time: 0.0032763
2026-06-28 21:07:59.754 10 INFO neutron.wsgi [None req-1f8aec94-755a-44c9-b62c-a9f7ce21bbe3 dee7710eebe641e998a3146c11aaf224 0252989593b642ec99ca19ce4267a2c0 - - default default] 199.204.45.38 "GET /v2.0/extensions/qos HTTP/1.1" status: 200 len: 365 time: 0.0031285
2026-06-28 21:07:59.761 10 INFO neutron.wsgi [None req-8727ebb5-9018-4282-8c62-9beb2d1e6396 dee7710eebe641e998a3146c11aaf224 0252989593b642ec99ca19ce4267a2c0 - - default default] 199.204.45.38 "GET /v2.0/extensions/allowed-address-pairs HTTP/1.1" status: 200 len: 383 time: 0.0039186
2026-06-28 21:07:59.794 10 INFO neutron.wsgi [None req-1c0b00f8-5f18-4f87-8578-8328fb28e510 dee7710eebe641e998a3146c11aaf224 0252989593b642ec99ca19ce4267a2c0 - - default default] 199.204.45.38 "GET /v2.0/ports/f7854586-92fb-4886-ba97-a54f69f5d9e7 HTTP/1.1" status: 200 len: 1406 time: 0.0281444
2026-06-28 21:08:00.223 10 INFO neutron.db.ovn_revision_numbers_db [None req-7c739e8b-423e-4691-be68-22d01bd88058 dee7710eebe641e998a3146c11aaf224 0252989593b642ec99ca19ce4267a2c0 - - default default] Successfully bumped revision number for resource f7854586-92fb-4886-ba97-a54f69f5d9e7 (type: ports) to 6
2026-06-28 21:08:00.236 10 INFO neutron.wsgi [None req-7c739e8b-423e-4691-be68-22d01bd88058 dee7710eebe641e998a3146c11aaf224 0252989593b642ec99ca19ce4267a2c0 - - default default] 199.204.45.38 "PUT /v2.0/ports/f7854586-92fb-4886-ba97-a54f69f5d9e7 HTTP/1.1" status: 200 len: 1203 time: 0.4363914 /var/lib/openstack/lib/python3.10/site-packages/pycadf/identifier.py:71: UserWarning: Invalid uuid: neutron. To ensure interoperability, identifiers should be a valid uuid. warnings.warn(('Invalid uuid: %s. To ensure interoperability, '
2026-06-28 21:08:00.278 10 INFO neutron.notifiers.nova [-] Nova event matching ['req-3d35f071-314d-46e4-afc8-74a3562e7e8a'] response: {'name': 'network-changed', 'server_uuid': 'db6a9671-395f-4976-af2b-a8c0d7ee8e67', 'tag': 'f7854586-92fb-4886-ba97-a54f69f5d9e7', 'status': 'completed', 'code': 200}
2026-06-28 21:08:00.324 10 INFO neutron.wsgi [None req-0e905bc6-a77f-4acf-8e82-9f4183b97d4c dee7710eebe641e998a3146c11aaf224 0252989593b642ec99ca19ce4267a2c0 - - default default] 199.204.45.38 "GET /v2.0/networks/539f0d1d-ffd4-4b0b-bf7f-e54e5703b7d8 HTTP/1.1" status: 200 len: 999 time: 0.0803738
2026-06-28 21:08:00.355 9 INFO neutron.wsgi [req-a42b24bb-4b91-4bb6-8ad5-28d0f855ea54 req-d734430e-7591-4e3a-8ac7-c45df7452bdf ccaad008b0aa47239794adec87be5637 20f2cfd0977b45158f66d4824ebf86d0 - - 44e706304a8e4e5b82af10eac2ac5573 44e706304a8e4e5b82af10eac2ac5573] 199.204.45.38 "GET /v2.0/ports?tenant_id=0252989593b642ec99ca19ce4267a2c0&device_id=db6a9671-395f-4976-af2b-a8c0d7ee8e67 HTTP/1.1" status: 200 len: 3747 time: 0.0512028
2026-06-28 21:08:00.375 10 INFO neutron.wsgi [None req-ad852589-47db-45b3-8a6c-6ddce8c5caed dee7710eebe641e998a3146c11aaf224 0252989593b642ec99ca19ce4267a2c0 - - default default] 199.204.45.38 "GET /v2.0/ports?device_id=db6a9671-395f-4976-af2b-a8c0d7ee8e67 HTTP/1.1" status: 200 len: 3747 time: 0.0453849
2026-06-28 21:08:00.445 9 INFO neutron.wsgi [req-a42b24bb-4b91-4bb6-8ad5-28d0f855ea54 req-2a31d377-0b55-4fcd-998e-cee5d86135fc ccaad008b0aa47239794adec87be5637 20f2cfd0977b45158f66d4824ebf86d0 - - 44e706304a8e4e5b82af10eac2ac5573 44e706304a8e4e5b82af10eac2ac5573] 199.204.45.38 "GET /v2.0/networks?id=539f0d1d-ffd4-4b0b-bf7f-e54e5703b7d8 HTTP/1.1" status: 200 len: 1002 time: 0.0824385
2026-06-28 21:08:00.525 9 INFO neutron.wsgi [req-a42b24bb-4b91-4bb6-8ad5-28d0f855ea54 req-f4713ad9-e9d2-474b-a6c7-6488171f33c8 ccaad008b0aa47239794adec87be5637 20f2cfd0977b45158f66d4824ebf86d0 - - 44e706304a8e4e5b82af10eac2ac5573 44e706304a8e4e5b82af10eac2ac5573] 199.204.45.38 "GET /v2.0/networks/539f0d1d-ffd4-4b0b-bf7f-e54e5703b7d8?fields=segments HTTP/1.1" status: 200 len: 212 time: 0.0750420
2026-06-28 21:08:00.560 10 INFO neutron.wsgi [None req-c0fbf62c-4df2-4037-aea3-116cd4ad01bf dee7710eebe641e998a3146c11aaf224 0252989593b642ec99ca19ce4267a2c0 - - default default] 199.204.45.38 "GET /v2.0/ports?device_id=db6a9671-395f-4976-af2b-a8c0d7ee8e67 HTTP/1.1" status: 200 len: 3747 time: 0.0605166
2026-06-28 21:08:00.617 9 INFO neutron.wsgi [req-a42b24bb-4b91-4bb6-8ad5-28d0f855ea54 req-8cdca58e-3f6e-4862-82de-34a1f4f83df6 ccaad008b0aa47239794adec87be5637 20f2cfd0977b45158f66d4824ebf86d0 - - 44e706304a8e4e5b82af10eac2ac5573 44e706304a8e4e5b82af10eac2ac5573] 199.204.45.38 "GET /v2.0/networks/539f0d1d-ffd4-4b0b-bf7f-e54e5703b7d8?fields=provider%3Aphysical_network&fields=provider%3Anetwork_type HTTP/1.1" status: 200 len: 277 time: 0.0861936
2026-06-28 21:08:00.808 10 INFO neutron.plugins.ml2.drivers.ovn.mech_driver.mech_driver [None req-6780a589-b035-40c3-ba27-903bf3bdde07 - - - - - -] OVN reports status down for port: f7854586-92fb-4886-ba97-a54f69f5d9e7
2026-06-28 21:08:00.896 9 INFO neutron.wsgi [req-3f1680a7-905a-4803-afa6-40629334e2f4 req-be6828f8-80a3-454e-8156-374b64321b67 ccaad008b0aa47239794adec87be5637 20f2cfd0977b45158f66d4824ebf86d0 - - 44e706304a8e4e5b82af10eac2ac5573 44e706304a8e4e5b82af10eac2ac5573] 199.204.45.38 "GET /v2.0/ports/f7854586-92fb-4886-ba97-a54f69f5d9e7 HTTP/1.1" status: 200 len: 1231 time: 0.0602548
2026-06-28 21:08:01.067 10 INFO neutron.db.ovn_revision_numbers_db [None req-6780a589-b035-40c3-ba27-903bf3bdde07 - - - - - -] Successfully bumped revision number for resource f7854586-92fb-4886-ba97-a54f69f5d9e7 (type: ports) to 7
2026-06-28 21:08:01.137 9 INFO neutron.wsgi [req-3f1680a7-905a-4803-afa6-40629334e2f4 req-e1c7ad4d-28a0-4156-a7c5-0c4df2cfc729 dee7710eebe641e998a3146c11aaf224 0252989593b642ec99ca19ce4267a2c0 - - default default] 199.204.45.38 "DELETE /v2.0/ports/f7854586-92fb-4886-ba97-a54f69f5d9e7 HTTP/1.1" status: 204 len: 173 time: 0.2354028
2026-06-28 21:08:01.178 9 INFO neutron.notifiers.nova [-] Nova event matching ['req-61944670-b3c6-473d-bfcf-eef26c18ca27'] response: {'server_uuid': 'db6a9671-395f-4976-af2b-a8c0d7ee8e67', 'name': 'network-vif-deleted', 'tag': 'f7854586-92fb-4886-ba97-a54f69f5d9e7', 'status': 'completed', 'code': 200}
2026-06-28 21:08:01.232 9 INFO neutron.wsgi [req-3f1680a7-905a-4803-afa6-40629334e2f4 req-6c4a3192-c40d-4a0d-abc1-e80005c453e6 ccaad008b0aa47239794adec87be5637 20f2cfd0977b45158f66d4824ebf86d0 - - 44e706304a8e4e5b82af10eac2ac5573 44e706304a8e4e5b82af10eac2ac5573] 199.204.45.38 "GET /v2.0/ports?tenant_id=0252989593b642ec99ca19ce4267a2c0&device_id=db6a9671-395f-4976-af2b-a8c0d7ee8e67 HTTP/1.1" status: 200 len: 2724 time: 0.0479887
2026-06-28 21:08:01.314 9 INFO neutron.wsgi [req-3f1680a7-905a-4803-afa6-40629334e2f4 req-b6fb7ed1-32ab-4f2d-bb1d-25f1e0a7b910 ccaad008b0aa47239794adec87be5637 20f2cfd0977b45158f66d4824ebf86d0 - - 44e706304a8e4e5b82af10eac2ac5573 44e706304a8e4e5b82af10eac2ac5573] 199.204.45.38 "GET /v2.0/networks?id=43c46820-a855-48c4-b321-b1c54bf37c72&id=329b5130-8753-4348-bab6-af0651b17c58&id=539f0d1d-ffd4-4b0b-bf7f-e54e5703b7d8 HTTP/1.1" status: 200 len: 2519 time: 0.0708086
2026-06-28 21:08:01.346 9 INFO neutron.wsgi [req-3f1680a7-905a-4803-afa6-40629334e2f4 req-88acb070-73dd-400a-9e8a-54a0b4418d45 ccaad008b0aa47239794adec87be5637 20f2cfd0977b45158f66d4824ebf86d0 - - 44e706304a8e4e5b82af10eac2ac5573 44e706304a8e4e5b82af10eac2ac5573] 199.204.45.38 "GET /v2.0/floatingips?fixed_ip_address=172.24.0.179&port_id=24e35700-5ab2-49a2-97f7-51e515dc0f9a HTTP/1.1" status: 200 len: 217 time: 0.0245101
2026-06-28 21:08:01.384 9 INFO neutron.wsgi [req-3f1680a7-905a-4803-afa6-40629334e2f4 req-0df35b6a-6338-49d3-9a4f-6e1b1d393081 ccaad008b0aa47239794adec87be5637 20f2cfd0977b45158f66d4824ebf86d0 - - 44e706304a8e4e5b82af10eac2ac5573 44e706304a8e4e5b82af10eac2ac5573] 199.204.45.38 "GET /v2.0/subnets?id=759811a7-5cef-4513-9ab2-b12dcfde83f3 HTTP/1.1" status: 200 len: 829 time: 0.0319748
2026-06-28 21:08:01.412 9 INFO neutron.wsgi [req-3f1680a7-905a-4803-afa6-40629334e2f4 req-4c83bb24-41c5-4eb4-93cd-cc6cfc414813 ccaad008b0aa47239794adec87be5637 20f2cfd0977b45158f66d4824ebf86d0 - - 44e706304a8e4e5b82af10eac2ac5573 44e706304a8e4e5b82af10eac2ac5573] 199.204.45.38 "GET /v2.0/ports?network_id=43c46820-a855-48c4-b321-b1c54bf37c72&device_owner=network%3Adhcp HTTP/1.1" status: 200 len: 210 time: 0.0186069
2026-06-28 21:08:01.497 9 INFO neutron.wsgi [req-3f1680a7-905a-4803-afa6-40629334e2f4 req-bca7d89a-6fe6-4280-aa6e-990e63ca4aeb ccaad008b0aa47239794adec87be5637 20f2cfd0977b45158f66d4824ebf86d0 - - 44e706304a8e4e5b82af10eac2ac5573 44e706304a8e4e5b82af10eac2ac5573] 199.204.45.38 "GET /v2.0/networks/43c46820-a855-48c4-b321-b1c54bf37c72?fields=segments HTTP/1.1" status: 200 len: 212 time: 0.0760541 /var/lib/openstack/lib/python3.10/site-packages/pycadf/identifier.py:71: UserWarning: Invalid uuid: neutron. To ensure interoperability, identifiers should be a valid uuid. warnings.warn(('Invalid uuid: %s. To ensure interoperability, '
2026-06-28 21:08:01.582 9 INFO neutron.wsgi [req-3f1680a7-905a-4803-afa6-40629334e2f4 req-61c5c7cb-5ac7-4c30-b651-e439622a44ac ccaad008b0aa47239794adec87be5637 20f2cfd0977b45158f66d4824ebf86d0 - - 44e706304a8e4e5b82af10eac2ac5573 44e706304a8e4e5b82af10eac2ac5573] 199.204.45.38 "GET /v2.0/networks/43c46820-a855-48c4-b321-b1c54bf37c72?fields=provider%3Aphysical_network&fields=provider%3Anetwork_type HTTP/1.1" status: 200 len: 277 time: 0.0768993
2026-06-28 21:08:01.609 9 INFO neutron.wsgi [req-3f1680a7-905a-4803-afa6-40629334e2f4 req-c40f8da4-0489-425d-a7f8-42b4a4809e0a ccaad008b0aa47239794adec87be5637 20f2cfd0977b45158f66d4824ebf86d0 - - 44e706304a8e4e5b82af10eac2ac5573 44e706304a8e4e5b82af10eac2ac5573] 199.204.45.38 "GET /v2.0/floatingips?fixed_ip_address=10.1.1.83&port_id=c1be3410-7473-49d4-9b76-b61ee55c8c54 HTTP/1.1" status: 200 len: 217 time: 0.0224195
2026-06-28 21:08:01.631 10 INFO neutron.wsgi [None req-bcbd9782-4157-4aa7-904d-705bf639de1d dee7710eebe641e998a3146c11aaf224 0252989593b642ec99ca19ce4267a2c0 - - default default] 199.204.45.38 "GET /v2.0/ports?device_id=db6a9671-395f-4976-af2b-a8c0d7ee8e67 HTTP/1.1" status: 200 len: 2724 time: 0.0602729
2026-06-28 21:08:01.657 10 INFO neutron.pecan_wsgi.hooks.translation [None req-49034080-1254-4031-af65-f5d07363c0db dee7710eebe641e998a3146c11aaf224 0252989593b642ec99ca19ce4267a2c0 - - default default] DELETE failed (client error): The resource could not be found.
2026-06-28 21:08:01.660 10 INFO neutron.wsgi [None req-49034080-1254-4031-af65-f5d07363c0db dee7710eebe641e998a3146c11aaf224 0252989593b642ec99ca19ce4267a2c0 - - default default] 199.204.45.38 "DELETE /v2.0/ports/f7854586-92fb-4886-ba97-a54f69f5d9e7 HTTP/1.1" status: 404 len: 338 time: 0.0208302
2026-06-28 21:08:01.666 9 INFO neutron.wsgi [req-3f1680a7-905a-4803-afa6-40629334e2f4 req-7239d78f-b359-4bbc-a8ba-4ba218da5740 ccaad008b0aa47239794adec87be5637 20f2cfd0977b45158f66d4824ebf86d0 - - 44e706304a8e4e5b82af10eac2ac5573 44e706304a8e4e5b82af10eac2ac5573] 199.204.45.38 "GET /v2.0/subnets?id=31bbd326-7236-497e-93db-7c19d6101365 HTTP/1.1" status: 200 len: 853 time: 0.0521216
2026-06-28 21:08:01.693 9 INFO neutron.wsgi [req-3f1680a7-905a-4803-afa6-40629334e2f4 req-f6774361-d62b-4c1b-926b-0aaf4d865bf9 ccaad008b0aa47239794adec87be5637 20f2cfd0977b45158f66d4824ebf86d0 - - 44e706304a8e4e5b82af10eac2ac5573 44e706304a8e4e5b82af10eac2ac5573] 199.204.45.38 "GET /v2.0/ports?network_id=329b5130-8753-4348-bab6-af0651b17c58&device_owner=network%3Adhcp HTTP/1.1" status: 200 len: 210 time: 0.0212908
2026-06-28 21:08:01.765 10 INFO neutron.wsgi [None req-7ddf2c18-44a0-4c83-83a5-42b451998f3c dee7710eebe641e998a3146c11aaf224 0252989593b642ec99ca19ce4267a2c0 - - default default] 199.204.45.38 "GET /v2.0/extensions/security-group HTTP/1.1" status: 200 len: 369 time: 0.0101316
2026-06-28 21:08:01.776 10 INFO neutron.wsgi [None req-4673fa84-8025-409d-9cee-cd5faf2feb52 dee7710eebe641e998a3146c11aaf224 0252989593b642ec99ca19ce4267a2c0 - - default default] 199.204.45.38 "GET /v2.0/extensions/dns-integration HTTP/1.1" status: 200 len: 371 time: 0.0063679
2026-06-28 21:08:01.782 9 INFO neutron.wsgi [req-3f1680a7-905a-4803-afa6-40629334e2f4 req-ceb7d641-8523-4a47-9541-e665ff6a4d9f ccaad008b0aa47239794adec87be5637 20f2cfd0977b45158f66d4824ebf86d0 - - 44e706304a8e4e5b82af10eac2ac5573 44e706304a8e4e5b82af10eac2ac5573] 199.204.45.38 "GET /v2.0/networks/329b5130-8753-4348-bab6-af0651b17c58?fields=segments HTTP/1.1" status: 200 len: 212 time: 0.0837984
2026-06-28 21:08:01.786 10 INFO neutron.wsgi [None req-5b483708-5f23-4ac2-a741-50c53d6f99df dee7710eebe641e998a3146c11aaf224 0252989593b642ec99ca19ce4267a2c0 - - default default] 199.204.45.38 "GET /v2.0/extensions/qos HTTP/1.1" status: 200 len: 365 time: 0.0060453
2026-06-28 21:08:01.796 10 INFO neutron.wsgi [None req-a40cc363-080e-4eb1-b7b2-f7fca395f110 dee7710eebe641e998a3146c11aaf224 0252989593b642ec99ca19ce4267a2c0 - - default default] 199.204.45.38 "GET /v2.0/extensions/allowed-address-pairs HTTP/1.1" status: 200 len: 383 time: 0.0059671
2026-06-28 21:08:01.840 9 INFO neutron.wsgi [req-3f1680a7-905a-4803-afa6-40629334e2f4 req-a0d6cfb8-ea09-478a-8fd9-8740e7b0f390 ccaad008b0aa47239794adec87be5637 20f2cfd0977b45158f66d4824ebf86d0 - - 44e706304a8e4e5b82af10eac2ac5573 44e706304a8e4e5b82af10eac2ac5573] 199.204.45.38 "GET /v2.0/networks/329b5130-8753-4348-bab6-af0651b17c58?fields=provider%3Aphysical_network&fields=provider%3Anetwork_type HTTP/1.1" status: 200 len: 277 time: 0.0530665
2026-06-28 21:08:01.847 10 INFO neutron.wsgi [None req-ba3ad242-ca8d-4ffe-98e0-669830c2b612 dee7710eebe641e998a3146c11aaf224 0252989593b642ec99ca19ce4267a2c0 - - default default] 199.204.45.38 "GET /v2.0/subnets/31bbd326-7236-497e-93db-7c19d6101365 HTTP/1.1" status: 200 len: 850 time: 0.0420349
2026-06-28 21:08:01.896 10 INFO neutron.wsgi [None req-4705a02c-4537-4141-ace3-e5e579944fbf dee7710eebe641e998a3146c11aaf224 0252989593b642ec99ca19ce4267a2c0 - - default default] 199.204.45.38 "GET /v2.0/ports/6702139f-c8a6-4749-b903-716c6b8eb5be HTTP/1.1" status: 200 len: 1340 time: 0.0446172
2026-06-28 21:08:01.936 10 INFO neutron.wsgi [None req-80de30e5-7a18-4bbb-b291-641760ceef12 dee7710eebe641e998a3146c11aaf224 0252989593b642ec99ca19ce4267a2c0 - - default default] 199.204.45.38 "GET /v2.0/ports/c1be3410-7473-49d4-9b76-b61ee55c8c54 HTTP/1.1" status: 200 len: 1515 time: 0.0356615
2026-06-28 21:08:01.988 10 INFO neutron.wsgi [None req-be05a5c2-fa66-4b6c-b3c9-7d4d73760002 dee7710eebe641e998a3146c11aaf224 0252989593b642ec99ca19ce4267a2c0 - - default default] 199.204.45.38 "GET /v2.0/subnets/31bbd326-7236-497e-93db-7c19d6101365 HTTP/1.1" status: 200 len: 850 time: 0.0482104
2026-06-28 21:08:02.052 10 INFO neutron.wsgi [None req-d3d4e6ed-d23b-47f7-b271-d64b7a7f31d0 dee7710eebe641e998a3146c11aaf224 0252989593b642ec99ca19ce4267a2c0 - - default default] 199.204.45.38 "GET /v2.0/networks/329b5130-8753-4348-bab6-af0651b17c58 HTTP/1.1" status: 200 len: 1002 time: 0.0597546
2026-06-28 21:08:02.088 10 INFO neutron.wsgi [None req-a9415200-ca66-4a30-bdb4-5ef08248a814 dee7710eebe641e998a3146c11aaf224 0252989593b642ec99ca19ce4267a2c0 - - default default] 199.204.45.38 "GET /v2.0/ports/6702139f-c8a6-4749-b903-716c6b8eb5be HTTP/1.1" status: 200 len: 1340 time: 0.0315001
2026-06-28 21:08:02.121 10 INFO neutron.wsgi [None req-b3774650-3999-4bb0-a454-3fe8cff78856 dee7710eebe641e998a3146c11aaf224 0252989593b642ec99ca19ce4267a2c0 - - default default] 199.204.45.38 "GET /v2.0/subnets/31bbd326-7236-497e-93db-7c19d6101365 HTTP/1.1" status: 200 len: 850 time: 0.0292177
2026-06-28 21:08:02.316 10 INFO neutron.notifiers.nova [-] Nova event matching ['req-a904d508-5958-400a-becb-e2f92c95617e'] response: {'server_uuid': 'db6a9671-395f-4976-af2b-a8c0d7ee8e67', 'name': 'network-vif-unplugged', 'status': 'completed', 'tag': 'f7854586-92fb-4886-ba97-a54f69f5d9e7', 'code': 200}
2026-06-28 21:08:02.316 10 INFO neutron.notifiers.nova [-] Nova event matching ['req-a904d508-5958-400a-becb-e2f92c95617e'] response: {'server_uuid': 'db6a9671-395f-4976-af2b-a8c0d7ee8e67', 'name': 'network-vif-plugged', 'status': 'completed', 'tag': 'f7854586-92fb-4886-ba97-a54f69f5d9e7', 'code': 200}
2026-06-28 21:08:08.573 9 INFO neutron.wsgi [None req-21758b55-7eec-4000-a063-ad2eeeb498d7 dee7710eebe641e998a3146c11aaf224 0252989593b642ec99ca19ce4267a2c0 - - default default] 10.0.0.123 "GET /v2.0/subnets HTTP/1.1" status: 200 len: 5496 time: 0.1330845
2026-06-28 21:08:08.645 9 INFO neutron.wsgi [None req-67355a85-9938-4b8f-91fc-23086c84f7b4 dee7710eebe641e998a3146c11aaf224 0252989593b642ec99ca19ce4267a2c0 - - default default] 10.0.0.123 "GET /v2.0/networks HTTP/1.1" status: 200 len: 4719 time: 0.0700512
2026-06-28 21:08:08.662 9 INFO neutron.wsgi [None req-91d43f4d-9bff-4433-b250-3cc84cc67f37 dee7710eebe641e998a3146c11aaf224 0252989593b642ec99ca19ce4267a2c0 - - default default] 10.0.0.123 "GET /v2.0/network-ip-availabilities HTTP/1.1" status: 200 len: 3362 time: 0.0132909
2026-06-28 21:08:08.702 9 INFO neutron.wsgi [None req-c71588bd-7ad6-484d-8287-6efed52171cc dee7710eebe641e998a3146c11aaf224 0252989593b642ec99ca19ce4267a2c0 - - default default] 10.0.0.123 "GET /v2.0/subnets HTTP/1.1" status: 200 len: 5496 time: 0.0393624
2026-06-28 21:08:08.716 9 INFO neutron.wsgi [None req-2f2ef93d-83b4-483e-a969-d29330e90cbf dee7710eebe641e998a3146c11aaf224 0252989593b642ec99ca19ce4267a2c0 - - default default] 10.0.0.123 "GET /v2.0/subnetpools HTTP/1.1" status: 200 len: 193 time: 0.0122285
2026-06-28 21:08:08.810 9 INFO neutron.wsgi [None req-d4ed9106-ca98-4a85-9892-2651b8430e24 dee7710eebe641e998a3146c11aaf224 0252989593b642ec99ca19ce4267a2c0 - - default default] 10.0.0.123 "GET /v2.0/ports HTTP/1.1" status: 200 len: 22218 time: 0.0936048
2026-06-28 21:08:08.895 9 INFO neutron.wsgi [None req-cbdd1e0a-8499-4f8f-b251-209a1b74b193 dee7710eebe641e998a3146c11aaf224 0252989593b642ec99ca19ce4267a2c0 - - default default] 10.0.0.123 "GET /v2.0/routers HTTP/1.1" status: 200 len: 849 time: 0.0650623
