2026-06-28 21:03:24.092 10 INFO neutron.services.segments.plugin [-] Segment f6819045-e2a7-480d-b795-bdeecf142db5 resource provider aggregate not found
2026-06-28 21:03:24.103 9 INFO neutron.wsgi [-] 10.0.0.133 "GET / HTTP/1.1" status: 200 len: 247 time: 0.0016725
2026-06-28 21:03:24.105 10 INFO neutron.services.segments.plugin [-] Segment f6819045-e2a7-480d-b795-bdeecf142db5 resource provider aggregate not found
2026-06-28 21:03:24.105 9 INFO neutron.wsgi [-] 10.0.0.133 "GET / HTTP/1.1" status: 200 len: 247 time: 0.0009596
2026-06-28 21:03:24.119 10 INFO neutron.services.segments.plugin [-] Segment f6819045-e2a7-480d-b795-bdeecf142db5 resource provider not found; error: Placement Client Error (4xx): {"errors": [{"status": 404, "title": "Not Found", "detail": "The resource could not be found.\n\n No resource provider with uuid f6819045-e2a7-480d-b795-bdeecf142db5 found for delete ", "request_id": "req-ebd8a7b4-0d40-4a6f-9e22-b74e1ea6459c"}]}
2026-06-28 21:03:24.123 10 INFO neutron.services.segments.plugin [-] Segment f6819045-e2a7-480d-b795-bdeecf142db5 resource provider not found; error: Placement Client Error (4xx): {"errors": [{"status": 404, "title": "Not Found", "detail": "The resource could not be found.\n\n No resource provider with uuid f6819045-e2a7-480d-b795-bdeecf142db5 found for delete ", "request_id": "req-f9817c82-f52c-4578-9f75-d254ef34fb46"}]}
2026-06-28 21:03:24.198 10 WARNING neutron.scheduler.dhcp_agent_scheduler [None req-59cda214-c7f2-4dd7-8b7e-b9ea221cede5 32242ac632f84f82a89c164b11c01ea2 2796555b92f944828a6fb03a79f3e6d2 - - default default] No more DHCP agents
2026-06-28 21:03:24.199 9 INFO neutron.wsgi [None req-dd6050bf-9dfe-4754-a45f-938669ce9808 dee7710eebe641e998a3146c11aaf224 0252989593b642ec99ca19ce4267a2c0 - - default default] 10.0.0.226 "GET /v2.0/security-groups?tenant_id=2461b0943a774253a157d6d8131d422b&name=default HTTP/1.1" status: 200 len: 2996 time: 0.1399636
2026-06-28 21:03:24.200 10 WARNING neutron.api.rpc.agentnotifiers.dhcp_rpc_agent_api [None req-59cda214-c7f2-4dd7-8b7e-b9ea221cede5 32242ac632f84f82a89c164b11c01ea2 2796555b92f944828a6fb03a79f3e6d2 - - default default] Unable to schedule network c8113dc0-cd75-4da9-b70f-4975d8c92879: no agents available; will retry on subsequent port and subnet creation events.
2026-06-28 21:03:24.235 9 INFO neutron.db.segments_db [None req-5e41ca13-1303-4a0c-9770-cafbbb7bfe70 18bd02f61a4f4a818037ef33b594074b 5113afdead5749ef83bb07c02094015c - - default default] Added segment a078b533-9774-461d-a421-cc568ef44f4a of type geneve for network 098ab83a-7785-4026-82a3-65c13a7162f0
2026-06-28 21:03:24.280 10 INFO neutron.db.ovn_revision_numbers_db [None req-59cda214-c7f2-4dd7-8b7e-b9ea221cede5 32242ac632f84f82a89c164b11c01ea2 2796555b92f944828a6fb03a79f3e6d2 - - default default] Successfully bumped revision number for resource cc686219-c1f9-4450-b940-3bbba35d4c70 (type: ports) to 1
2026-06-28 21:03:24.300 10 INFO neutron.wsgi [None req-59cda214-c7f2-4dd7-8b7e-b9ea221cede5 32242ac632f84f82a89c164b11c01ea2 2796555b92f944828a6fb03a79f3e6d2 - - default default] 10.0.0.226 "POST /v2.0/networks HTTP/1.1" status: 201 len: 833 time: 0.9214251
2026-06-28 21:03:24.312 9 WARNING neutron_lib.context [None req-add4b1b8-4900-4877-8403-7d5979c9f26d 32242ac632f84f82a89c164b11c01ea2 2796555b92f944828a6fb03a79f3e6d2 - - default default] Method 'is_advsvc' is deprecated since 2023.2 release (neutron-lib 3.8.0) and will be removed once support for the old RBAC API policies will be removed from Neutron. Please use method 'is_service_role' instead.
2026-06-28 21:03:24.431 9 INFO neutron.db.segments_db [None req-add4b1b8-4900-4877-8403-7d5979c9f26d 32242ac632f84f82a89c164b11c01ea2 2796555b92f944828a6fb03a79f3e6d2 - - default default] Added segment b6825736-8c43-483b-bd57-513ec6fb71bd of type geneve for network 18448c8f-cb75-4c7e-8fab-72e2e1a449b6
2026-06-28 21:03:24.436 9 INFO neutron.db.ovn_revision_numbers_db [None req-5e41ca13-1303-4a0c-9770-cafbbb7bfe70 18bd02f61a4f4a818037ef33b594074b 5113afdead5749ef83bb07c02094015c - - default default] Successfully bumped revision number for resource 113dd8b0-2ac0-48dd-b1d3-1fba13570296 (type: networks) to 1
2026-06-28 21:03:24.615 9 INFO neutron.wsgi [None req-5f2aa579-9650-4b8d-a9f7-095d706d1536 dee7710eebe641e998a3146c11aaf224 0252989593b642ec99ca19ce4267a2c0 - - default default] 10.0.0.226 "DELETE /v2.0/security-groups/ace4a9b7-8342-4c25-b0de-1b142e0505d9 HTTP/1.1" status: 204 len: 168 time: 0.4088910
2026-06-28 21:03:24.653 9 INFO neutron.db.ovn_revision_numbers_db [None req-add4b1b8-4900-4877-8403-7d5979c9f26d 32242ac632f84f82a89c164b11c01ea2 2796555b92f944828a6fb03a79f3e6d2 - - default default] Successfully bumped revision number for resource 18448c8f-cb75-4c7e-8fab-72e2e1a449b6 (type: networks) to 1
2026-06-28 21:03:24.709 9 WARNING neutron.scheduler.dhcp_agent_scheduler [None req-5e41ca13-1303-4a0c-9770-cafbbb7bfe70 18bd02f61a4f4a818037ef33b594074b 5113afdead5749ef83bb07c02094015c - - default default] No more DHCP agents
2026-06-28 21:03:24.712 9 WARNING neutron.api.rpc.agentnotifiers.dhcp_rpc_agent_api [None req-5e41ca13-1303-4a0c-9770-cafbbb7bfe70 18bd02f61a4f4a818037ef33b594074b 5113afdead5749ef83bb07c02094015c - - default default] Unable to schedule network 113dd8b0-2ac0-48dd-b1d3-1fba13570296: no agents available; will retry on subsequent port and subnet creation events.
2026-06-28 21:03:24.842 9 INFO neutron.db.ovn_revision_numbers_db [None req-5e41ca13-1303-4a0c-9770-cafbbb7bfe70 18bd02f61a4f4a818037ef33b594074b 5113afdead5749ef83bb07c02094015c - - default default] Successfully bumped revision number for resource fca15f60-1fae-47b8-ac02-f1f0c8b1899d (type: ports) to 1
2026-06-28 21:03:24.907 9 WARNING neutron.scheduler.dhcp_agent_scheduler [None req-add4b1b8-4900-4877-8403-7d5979c9f26d 32242ac632f84f82a89c164b11c01ea2 2796555b92f944828a6fb03a79f3e6d2 - - default default] No more DHCP agents
2026-06-28 21:03:24.911 9 WARNING neutron.api.rpc.agentnotifiers.dhcp_rpc_agent_api [None req-add4b1b8-4900-4877-8403-7d5979c9f26d 32242ac632f84f82a89c164b11c01ea2 2796555b92f944828a6fb03a79f3e6d2 - - default default] Unable to schedule network 18448c8f-cb75-4c7e-8fab-72e2e1a449b6: no agents available; will retry on subsequent port and subnet creation events.
2026-06-28 21:03:24.953 9 INFO neutron.db.ovn_revision_numbers_db [None req-5e41ca13-1303-4a0c-9770-cafbbb7bfe70 18bd02f61a4f4a818037ef33b594074b 5113afdead5749ef83bb07c02094015c - - default default] Successfully bumped revision number for resource 098ab83a-7785-4026-82a3-65c13a7162f0 (type: networks) to 1
2026-06-28 21:03:25.031 9 INFO neutron.db.ovn_revision_numbers_db [None req-add4b1b8-4900-4877-8403-7d5979c9f26d 32242ac632f84f82a89c164b11c01ea2 2796555b92f944828a6fb03a79f3e6d2 - - default default] Successfully bumped revision number for resource 03bb0a9b-e29e-4793-b773-d6763ccc9aae (type: ports) to 1
2026-06-28 21:03:25.069 9 INFO neutron.wsgi [None req-add4b1b8-4900-4877-8403-7d5979c9f26d 32242ac632f84f82a89c164b11c01ea2 2796555b92f944828a6fb03a79f3e6d2 - - default default] 10.0.0.226 "POST /v2.0/networks HTTP/1.1" status: 201 len: 832 time: 0.7621114
2026-06-28 21:03:25.080 9 WARNING neutron_lib.context [None req-cd84e723-1047-465c-8b0b-d2a8d1816bd6 32242ac632f84f82a89c164b11c01ea2 2796555b92f944828a6fb03a79f3e6d2 - - default default] Method 'is_advsvc' is deprecated since 2023.2 release (neutron-lib 3.8.0) and will be removed once support for the old RBAC API policies will be removed from Neutron. Please use method 'is_service_role' instead.
2026-06-28 21:03:25.164 9 WARNING neutron.scheduler.dhcp_agent_scheduler [None req-5e41ca13-1303-4a0c-9770-cafbbb7bfe70 18bd02f61a4f4a818037ef33b594074b 5113afdead5749ef83bb07c02094015c - - default default] No more DHCP agents
2026-06-28 21:03:25.176 9 WARNING neutron.api.rpc.agentnotifiers.dhcp_rpc_agent_api [None req-5e41ca13-1303-4a0c-9770-cafbbb7bfe70 18bd02f61a4f4a818037ef33b594074b 5113afdead5749ef83bb07c02094015c - - default default] Unable to schedule network 098ab83a-7785-4026-82a3-65c13a7162f0: no agents available; will retry on subsequent port and subnet creation events.
2026-06-28 21:03:25.283 9 INFO neutron.db.ovn_revision_numbers_db [None req-5e41ca13-1303-4a0c-9770-cafbbb7bfe70 18bd02f61a4f4a818037ef33b594074b 5113afdead5749ef83bb07c02094015c - - default default] Successfully bumped revision number for resource 67804a61-11e7-4e85-9dc0-e1c2b3b897bd (type: ports) to 1
2026-06-28 21:03:25.312 9 INFO neutron.wsgi [None req-5e41ca13-1303-4a0c-9770-cafbbb7bfe70 18bd02f61a4f4a818037ef33b594074b 5113afdead5749ef83bb07c02094015c - - default default] 10.0.0.226 "POST /v2.0/networks HTTP/1.1" status: 201 len: 1446 time: 1.6295669
2026-06-28 21:03:25.383 9 WARNING neutron.scheduler.dhcp_agent_scheduler [None req-cd84e723-1047-465c-8b0b-d2a8d1816bd6 32242ac632f84f82a89c164b11c01ea2 2796555b92f944828a6fb03a79f3e6d2 - - default default] No more DHCP agents
2026-06-28 21:03:25.389 9 WARNING neutron.api.rpc.agentnotifiers.dhcp_rpc_agent_api [None req-cd84e723-1047-465c-8b0b-d2a8d1816bd6 32242ac632f84f82a89c164b11c01ea2 2796555b92f944828a6fb03a79f3e6d2 - - default default] Unable to schedule network c8113dc0-cd75-4da9-b70f-4975d8c92879: no agents available; will retry on subsequent port and subnet creation events.
2026-06-28 21:03:25.421 9 INFO neutron.wsgi [None req-4d541041-4c53-4fd1-9e3f-ac32dc1ac340 18bd02f61a4f4a818037ef33b594074b 5113afdead5749ef83bb07c02094015c - - default default] 10.0.0.226 "GET /v2.0/networks HTTP/1.1" status: 200 len: 2052 time: 0.1039114
2026-06-28 21:03:25.434 9 INFO neutron.db.ovn_revision_numbers_db [None req-cd84e723-1047-465c-8b0b-d2a8d1816bd6 32242ac632f84f82a89c164b11c01ea2 2796555b92f944828a6fb03a79f3e6d2 - - default default] Successfully bumped revision number for resource 0c5963cd-0c97-453b-bb86-4cc3b34b2393 (type: subnets) to 0
2026-06-28 21:03:25.450 9 INFO neutron.wsgi [None req-cd84e723-1047-465c-8b0b-d2a8d1816bd6 32242ac632f84f82a89c164b11c01ea2 2796555b92f944828a6fb03a79f3e6d2 - - default default] 10.0.0.226 "POST /v2.0/subnets HTTP/1.1" status: 201 len: 821 time: 0.3742785
2026-06-28 21:03:25.460 9 WARNING neutron_lib.context [None req-76ee09cf-4025-489d-a204-f7f0e9eea1c9 32242ac632f84f82a89c164b11c01ea2 2796555b92f944828a6fb03a79f3e6d2 - - default default] Method 'is_advsvc' is deprecated since 2023.2 release (neutron-lib 3.8.0) and will be removed once support for the old RBAC API policies will be removed from Neutron. Please use method 'is_service_role' instead.
2026-06-28 21:03:25.709 9 WARNING neutron.scheduler.dhcp_agent_scheduler [None req-76ee09cf-4025-489d-a204-f7f0e9eea1c9 32242ac632f84f82a89c164b11c01ea2 2796555b92f944828a6fb03a79f3e6d2 - - default default] No more DHCP agents
2026-06-28 21:03:25.711 9 WARNING neutron.api.rpc.agentnotifiers.dhcp_rpc_agent_api [None req-76ee09cf-4025-489d-a204-f7f0e9eea1c9 32242ac632f84f82a89c164b11c01ea2 2796555b92f944828a6fb03a79f3e6d2 - - default default] Unable to schedule network 18448c8f-cb75-4c7e-8fab-72e2e1a449b6: no agents available; will retry on subsequent port and subnet creation events.
2026-06-28 21:03:25.738 9 INFO neutron.db.ovn_revision_numbers_db [None req-76ee09cf-4025-489d-a204-f7f0e9eea1c9 32242ac632f84f82a89c164b11c01ea2 2796555b92f944828a6fb03a79f3e6d2 - - default default] Successfully bumped revision number for resource c1dc6831-9484-4c69-86b2-2a7832dfc804 (type: subnets) to 0
2026-06-28 21:03:25.753 9 INFO neutron.wsgi [None req-76ee09cf-4025-489d-a204-f7f0e9eea1c9 32242ac632f84f82a89c164b11c01ea2 2796555b92f944828a6fb03a79f3e6d2 - - default default] 10.0.0.226 "POST /v2.0/subnets HTTP/1.1" status: 201 len: 830 time: 0.2981944
2026-06-28 21:03:25.763 9 WARNING neutron_lib.context [None req-e437dfde-4fae-4449-8cb0-b45b7f2024fa 32242ac632f84f82a89c164b11c01ea2 2796555b92f944828a6fb03a79f3e6d2 - - default default] Method 'is_advsvc' is deprecated since 2023.2 release (neutron-lib 3.8.0) and will be removed once support for the old RBAC API policies will be removed from Neutron. Please use method 'is_service_role' instead.
2026-06-28 21:03:25.816 10 INFO neutron.wsgi [None req-d6d61ce3-6577-4dd8-b166-c39e4101cc97 18bd02f61a4f4a818037ef33b594074b 5113afdead5749ef83bb07c02094015c - - default default] 10.0.0.226 "DELETE /v2.0/networks/113dd8b0-2ac0-48dd-b1d3-1fba13570296 HTTP/1.1" status: 204 len: 168 time: 0.3865879
2026-06-28 21:03:25.942 9 INFO neutron.db.ovn_revision_numbers_db [None req-e437dfde-4fae-4449-8cb0-b45b7f2024fa 32242ac632f84f82a89c164b11c01ea2 2796555b92f944828a6fb03a79f3e6d2 - - default default] Successfully bumped revision number for resource d98b0f86-6f49-43e8-8e69-837442ae28f4 (type: routers) to 1
2026-06-28 21:03:25.956 9 INFO neutron.wsgi [None req-e437dfde-4fae-4449-8cb0-b45b7f2024fa 32242ac632f84f82a89c164b11c01ea2 2796555b92f944828a6fb03a79f3e6d2 - - default default] 10.0.0.226 "POST /v2.0/routers HTTP/1.1" status: 201 len: 691 time: 0.1977687
2026-06-28 21:03:26.140 10 INFO neutron.services.segments.plugin [-] Segment 25d9ba23-4ebb-42fc-bc22-45ee759cf2cf resource provider aggregate not found
2026-06-28 21:03:26.151 10 INFO neutron.services.segments.plugin [-] Segment 25d9ba23-4ebb-42fc-bc22-45ee759cf2cf resource provider not found; error: Placement Client Error (4xx): {"errors": [{"status": 404, "title": "Not Found", "detail": "The resource could not be found.\n\n No resource provider with uuid 25d9ba23-4ebb-42fc-bc22-45ee759cf2cf found for delete ", "request_id": "req-85c15345-a0a0-48f0-91cb-fc5ef4d5c63d"}]}
2026-06-28 21:03:26.161 10 INFO neutron.services.segments.plugin [-] Segment 25d9ba23-4ebb-42fc-bc22-45ee759cf2cf resource provider aggregate not found
2026-06-28 21:03:26.177 10 INFO neutron.services.segments.plugin [-] Segment 25d9ba23-4ebb-42fc-bc22-45ee759cf2cf resource provider not found; error: Placement Client Error (4xx): {"errors": [{"status": 404, "title": "Not Found", "detail": "The resource could not be found.\n\n No resource provider with uuid 25d9ba23-4ebb-42fc-bc22-45ee759cf2cf found for delete ", "request_id": "req-a149ccab-8f9b-4532-a540-526440536cee"}]}
2026-06-28 21:03:26.293 10 INFO neutron.wsgi [None req-499f43a3-b0f3-43bc-9b29-e07ce802491b 18bd02f61a4f4a818037ef33b594074b 5113afdead5749ef83bb07c02094015c - - default default] 10.0.0.226 "DELETE /v2.0/networks/098ab83a-7785-4026-82a3-65c13a7162f0 HTTP/1.1" status: 204 len: 168 time: 0.4716518
2026-06-28 21:03:26.372 9 INFO neutron.wsgi [None req-7e68bb03-de6a-49c2-ba2a-bd0af6e37ed6 18bd02f61a4f4a818037ef33b594074b 5113afdead5749ef83bb07c02094015c - - default default] 10.0.0.226 "GET /v2.0/networks HTTP/1.1" status: 200 len: 845 time: 0.0721338
2026-06-28 21:03:26.386 9 WARNING neutron_lib.context [None req-5e8c9e07-7d35-4910-966b-4c32fb339bd4 18bd02f61a4f4a818037ef33b594074b 5113afdead5749ef83bb07c02094015c - - default default] Method 'is_advsvc' is deprecated since 2023.2 release (neutron-lib 3.8.0) and will be removed once support for the old RBAC API policies will be removed from Neutron. Please use method 'is_service_role' instead.
2026-06-28 21:03:26.386 10 WARNING neutron.scheduler.dhcp_agent_scheduler [None req-8f74b5e5-0f88-466c-bb7a-083a7c1afa68 32242ac632f84f82a89c164b11c01ea2 2796555b92f944828a6fb03a79f3e6d2 - - default default] No more DHCP agents
2026-06-28 21:03:26.389 10 WARNING neutron.api.rpc.agentnotifiers.dhcp_rpc_agent_api [None req-8f74b5e5-0f88-466c-bb7a-083a7c1afa68 32242ac632f84f82a89c164b11c01ea2 2796555b92f944828a6fb03a79f3e6d2 - - default default] Unable to schedule network c8113dc0-cd75-4da9-b70f-4975d8c92879: no agents available; will retry on subsequent port and subnet creation events.
2026-06-28 21:03:26.425 9 WARNING neutron_lib.context [None req-03d888cc-112f-4bcd-8504-bfa366daccb6 0f0d24f97fa347d090005439bfafe7cb 453e8b2f9ea14108b29b8f34b9f3a690 - - default default] Method 'is_advsvc' is deprecated since 2023.2 release (neutron-lib 3.8.0) and will be removed once support for the old RBAC API policies will be removed from Neutron. Please use method 'is_service_role' instead.
2026-06-28 21:03:26.501 9 INFO neutron.db.segments_db [None req-5e8c9e07-7d35-4910-966b-4c32fb339bd4 18bd02f61a4f4a818037ef33b594074b 5113afdead5749ef83bb07c02094015c - - default default] Added segment 303e7dea-e280-4ba2-a9e1-0d95093663b6 of type geneve for network eb8fce6f-fcd1-436a-bb7b-b50385fb4233
2026-06-28 21:03:26.527 10 INFO neutron.db.ovn_revision_numbers_db [None req-8f74b5e5-0f88-466c-bb7a-083a7c1afa68 32242ac632f84f82a89c164b11c01ea2 2796555b92f944828a6fb03a79f3e6d2 - - default default] Successfully bumped revision number for resource f600705f-905f-41d8-b7ed-27e710bda9b0 (type: ports) to 1
2026-06-28 21:03:26.883 9 INFO neutron.db.ovn_revision_numbers_db [None req-03d888cc-112f-4bcd-8504-bfa366daccb6 0f0d24f97fa347d090005439bfafe7cb 453e8b2f9ea14108b29b8f34b9f3a690 - - default default] Successfully bumped revision number for resource 053b2ab2-dfda-4477-9cc4-a92c63c92c2d (type: security_groups) to 1
2026-06-28 21:03:26.885 9 INFO neutron.db.ovn_revision_numbers_db [None req-5e8c9e07-7d35-4910-966b-4c32fb339bd4 18bd02f61a4f4a818037ef33b594074b 5113afdead5749ef83bb07c02094015c - - default default] Successfully bumped revision number for resource eb8fce6f-fcd1-436a-bb7b-b50385fb4233 (type: networks) to 1
2026-06-28 21:03:26.903 9 INFO neutron.db.ovn_revision_numbers_db [None req-03d888cc-112f-4bcd-8504-bfa366daccb6 0f0d24f97fa347d090005439bfafe7cb 453e8b2f9ea14108b29b8f34b9f3a690 - - default default] Successfully bumped revision number for resource 2f596a19-39ab-49fb-b698-99f23b259229 (type: security_group_rules) to 0
2026-06-28 21:03:26.922 9 INFO neutron.db.ovn_revision_numbers_db [None req-03d888cc-112f-4bcd-8504-bfa366daccb6 0f0d24f97fa347d090005439bfafe7cb 453e8b2f9ea14108b29b8f34b9f3a690 - - default default] Successfully bumped revision number for resource 56f0494c-0c75-44b6-b8ed-aa7d4794f774 (type: security_group_rules) to 0
2026-06-28 21:03:26.953 9 INFO neutron.db.ovn_revision_numbers_db [None req-03d888cc-112f-4bcd-8504-bfa366daccb6 0f0d24f97fa347d090005439bfafe7cb 453e8b2f9ea14108b29b8f34b9f3a690 - - default default] Successfully bumped revision number for resource 919b4bf0-66e0-4cad-96bd-56336c9c3dc2 (type: security_group_rules) to 0
2026-06-28 21:03:26.975 9 INFO neutron.db.ovn_revision_numbers_db [None req-03d888cc-112f-4bcd-8504-bfa366daccb6 0f0d24f97fa347d090005439bfafe7cb 453e8b2f9ea14108b29b8f34b9f3a690 - - default default] Successfully bumped revision number for resource c614752d-99e7-485a-b51a-13629f55887b (type: security_group_rules) to 0
2026-06-28 21:03:27.023 9 INFO neutron.db.segments_db [None req-03d888cc-112f-4bcd-8504-bfa366daccb6 0f0d24f97fa347d090005439bfafe7cb 453e8b2f9ea14108b29b8f34b9f3a690 - - default default] Added segment 7e30205b-ef15-472a-9348-a4ceb7f83b9b of type geneve for network bedc736c-9319-46c9-9be9-64a4abd2a0ae
2026-06-28 21:03:27.048 9 INFO neutron.plugins.ml2.drivers.ovn.mech_driver.mech_driver [None req-d5baf527-9d9a-4ad5-9da9-7954e8601227 - - - - - -] OVN reports status up for port: f600705f-905f-41d8-b7ed-27e710bda9b0
2026-06-28 21:03:27.058 10 INFO neutron.db.ovn_revision_numbers_db [None req-8f74b5e5-0f88-466c-bb7a-083a7c1afa68 32242ac632f84f82a89c164b11c01ea2 2796555b92f944828a6fb03a79f3e6d2 - - default default] Successfully bumped revision number for resource f600705f-905f-41d8-b7ed-27e710bda9b0 (type: router_ports) to 1
2026-06-28 21:03:27.064 9 INFO neutron.plugins.ml2.plugin [None req-d5baf527-9d9a-4ad5-9da9-7954e8601227 - - - - - -] Attempt 1 to provision port f600705f-905f-41d8-b7ed-27e710bda9b0
2026-06-28 21:03:27.082 9 WARNING neutron.scheduler.dhcp_agent_scheduler [None req-5e8c9e07-7d35-4910-966b-4c32fb339bd4 18bd02f61a4f4a818037ef33b594074b 5113afdead5749ef83bb07c02094015c - - default default] No more DHCP agents
2026-06-28 21:03:27.088 9 WARNING neutron.api.rpc.agentnotifiers.dhcp_rpc_agent_api [None req-5e8c9e07-7d35-4910-966b-4c32fb339bd4 18bd02f61a4f4a818037ef33b594074b 5113afdead5749ef83bb07c02094015c - - default default] Unable to schedule network eb8fce6f-fcd1-436a-bb7b-b50385fb4233: no agents available; will retry on subsequent port and subnet creation events.
2026-06-28 21:03:27.145 10 INFO neutron.db.ovn_revision_numbers_db [None req-8f74b5e5-0f88-466c-bb7a-083a7c1afa68 32242ac632f84f82a89c164b11c01ea2 2796555b92f944828a6fb03a79f3e6d2 - - default default] Successfully bumped revision number for resource f600705f-905f-41d8-b7ed-27e710bda9b0 (type: ports) to 1
2026-06-28 21:03:27.210 10 WARNING neutron.scheduler.dhcp_agent_scheduler [None req-8f74b5e5-0f88-466c-bb7a-083a7c1afa68 32242ac632f84f82a89c164b11c01ea2 2796555b92f944828a6fb03a79f3e6d2 - - default default] No more DHCP agents
2026-06-28 21:03:27.211 10 WARNING neutron.api.rpc.agentnotifiers.dhcp_rpc_agent_api [None req-8f74b5e5-0f88-466c-bb7a-083a7c1afa68 32242ac632f84f82a89c164b11c01ea2 2796555b92f944828a6fb03a79f3e6d2 - - default default] Unable to schedule network c8113dc0-cd75-4da9-b70f-4975d8c92879: no agents available; will retry on subsequent port and subnet creation events.
2026-06-28 21:03:27.258 9 INFO neutron.db.ovn_revision_numbers_db [None req-5e8c9e07-7d35-4910-966b-4c32fb339bd4 18bd02f61a4f4a818037ef33b594074b 5113afdead5749ef83bb07c02094015c - - default default] Successfully bumped revision number for resource 3970e741-f913-43ad-a03e-52d513a1c70f (type: ports) to 1
2026-06-28 21:03:27.261 9 INFO neutron.db.ovn_revision_numbers_db [None req-03d888cc-112f-4bcd-8504-bfa366daccb6 0f0d24f97fa347d090005439bfafe7cb 453e8b2f9ea14108b29b8f34b9f3a690 - - default default] Successfully bumped revision number for resource bedc736c-9319-46c9-9be9-64a4abd2a0ae (type: networks) to 1
2026-06-28 21:03:27.307 9 INFO neutron.wsgi [None req-5e8c9e07-7d35-4910-966b-4c32fb339bd4 18bd02f61a4f4a818037ef33b594074b 5113afdead5749ef83bb07c02094015c - - default default] 10.0.0.226 "POST /v2.0/networks HTTP/1.1" status: 201 len: 848 time: 0.9277947
2026-06-28 21:03:27.318 9 WARNING neutron_lib.context [None req-0c3981ab-1fc0-4e72-bd9d-68035c87dbdc 18bd02f61a4f4a818037ef33b594074b 5113afdead5749ef83bb07c02094015c - - default default] Method 'is_advsvc' is deprecated since 2023.2 release (neutron-lib 3.8.0) and will be removed once support for the old RBAC API policies will be removed from Neutron. Please use method 'is_service_role' instead.
2026-06-28 21:03:27.373 10 INFO neutron.db.ovn_revision_numbers_db [None req-8f74b5e5-0f88-466c-bb7a-083a7c1afa68 32242ac632f84f82a89c164b11c01ea2 2796555b92f944828a6fb03a79f3e6d2 - - default default] Successfully bumped revision number for resource f600705f-905f-41d8-b7ed-27e710bda9b0 (type: router_ports) to 1
2026-06-28 21:03:27.376 10 INFO neutron.wsgi [None req-8f74b5e5-0f88-466c-bb7a-083a7c1afa68 32242ac632f84f82a89c164b11c01ea2 2796555b92f944828a6fb03a79f3e6d2 - - default default] 10.0.0.226 "PUT /v2.0/routers/d98b0f86-6f49-43e8-8e69-837442ae28f4/add_router_interface HTTP/1.1" status: 200 len: 503 time: 1.4144766
2026-06-28 21:03:27.454 9 INFO neutron.db.segments_db [None req-0c3981ab-1fc0-4e72-bd9d-68035c87dbdc 18bd02f61a4f4a818037ef33b594074b 5113afdead5749ef83bb07c02094015c - - default default] Added segment 70c89bdc-c8bc-4a61-bfd0-425b8f97b235 of type geneve for network 96ccb997-5f9d-443e-8227-277ce37211e8
2026-06-28 21:03:27.480 10 INFO neutron.wsgi [None req-00296ef6-b5cd-488d-982c-ecbb56d90881 32242ac632f84f82a89c164b11c01ea2 2796555b92f944828a6fb03a79f3e6d2 - - default default] 10.0.0.226 "GET /v2.0/ports/f600705f-905f-41d8-b7ed-27e710bda9b0 HTTP/1.1" status: 200 len: 1141 time: 0.0969968
2026-06-28 21:03:27.546 9 WARNING neutron.scheduler.dhcp_agent_scheduler [None req-03d888cc-112f-4bcd-8504-bfa366daccb6 0f0d24f97fa347d090005439bfafe7cb 453e8b2f9ea14108b29b8f34b9f3a690 - - default default] No more DHCP agents
2026-06-28 21:03:27.560 9 WARNING neutron.api.rpc.agentnotifiers.dhcp_rpc_agent_api [None req-03d888cc-112f-4bcd-8504-bfa366daccb6 0f0d24f97fa347d090005439bfafe7cb 453e8b2f9ea14108b29b8f34b9f3a690 - - default default] Unable to schedule network bedc736c-9319-46c9-9be9-64a4abd2a0ae: no agents available; will retry on subsequent port and subnet creation events.
2026-06-28 21:03:27.565 9 INFO neutron.db.ovn_revision_numbers_db [None req-d5baf527-9d9a-4ad5-9da9-7954e8601227 - - - - - -] Successfully bumped revision number for resource f600705f-905f-41d8-b7ed-27e710bda9b0 (type: ports) to 2
2026-06-28 21:03:27.701 9 INFO neutron.db.ovn_revision_numbers_db [None req-0c3981ab-1fc0-4e72-bd9d-68035c87dbdc 18bd02f61a4f4a818037ef33b594074b 5113afdead5749ef83bb07c02094015c - - default default] Successfully bumped revision number for resource 96ccb997-5f9d-443e-8227-277ce37211e8 (type: networks) to 1
2026-06-28 21:03:27.721 9 INFO neutron.db.ovn_revision_numbers_db [None req-03d888cc-112f-4bcd-8504-bfa366daccb6 0f0d24f97fa347d090005439bfafe7cb 453e8b2f9ea14108b29b8f34b9f3a690 - - default default] Successfully bumped revision number for resource 28a2e2bf-93d4-4298-a912-5590fb885f21 (type: ports) to 1
2026-06-28 21:03:27.732 9 INFO neutron.db.ovn_revision_numbers_db [None req-d5baf527-9d9a-4ad5-9da9-7954e8601227 - - - - - -] Successfully bumped revision number for resource f600705f-905f-41d8-b7ed-27e710bda9b0 (type: router_ports) to 2
2026-06-28 21:03:27.762 9 INFO neutron.wsgi [None req-03d888cc-112f-4bcd-8504-bfa366daccb6 0f0d24f97fa347d090005439bfafe7cb 453e8b2f9ea14108b29b8f34b9f3a690 - - default default] 10.0.0.226 "POST /v2.0/networks HTTP/1.1" status: 201 len: 828 time: 1.5176804
2026-06-28 21:03:27.773 10 WARNING neutron_lib.context [None req-bec61fe5-ebc6-4570-847b-ee4427ab13e7 0f0d24f97fa347d090005439bfafe7cb 453e8b2f9ea14108b29b8f34b9f3a690 - - default default] Method 'is_advsvc' is deprecated since 2023.2 release (neutron-lib 3.8.0) and will be removed once support for the old RBAC API policies will be removed from Neutron. Please use method 'is_service_role' instead.
2026-06-28 21:03:27.869 10 INFO neutron.db.segments_db [None req-bec61fe5-ebc6-4570-847b-ee4427ab13e7 0f0d24f97fa347d090005439bfafe7cb 453e8b2f9ea14108b29b8f34b9f3a690 - - default default] Added segment f99ba52f-01b6-4dcb-b442-dfaa14fddb4a of type geneve for network e4fc1272-3dc8-4200-84a2-45aee97e3832
2026-06-28 21:03:27.892 9 WARNING neutron.scheduler.dhcp_agent_scheduler [None req-0c3981ab-1fc0-4e72-bd9d-68035c87dbdc 18bd02f61a4f4a818037ef33b594074b 5113afdead5749ef83bb07c02094015c - - default default] No more DHCP agents
2026-06-28 21:03:27.894 9 WARNING neutron.api.rpc.agentnotifiers.dhcp_rpc_agent_api [None req-0c3981ab-1fc0-4e72-bd9d-68035c87dbdc 18bd02f61a4f4a818037ef33b594074b 5113afdead5749ef83bb07c02094015c - - default default] Unable to schedule network 96ccb997-5f9d-443e-8227-277ce37211e8: no agents available; will retry on subsequent port and subnet creation events.
2026-06-28 21:03:27.962 10 WARNING neutron.scheduler.dhcp_agent_scheduler [None req-0b68b15c-9fc4-4552-8c96-dd0a1f681804 32242ac632f84f82a89c164b11c01ea2 2796555b92f944828a6fb03a79f3e6d2 - - default default] No more DHCP agents
2026-06-28 21:03:27.968 10 WARNING neutron.api.rpc.agentnotifiers.dhcp_rpc_agent_api [None req-0b68b15c-9fc4-4552-8c96-dd0a1f681804 32242ac632f84f82a89c164b11c01ea2 2796555b92f944828a6fb03a79f3e6d2 - - default default] Unable to schedule network 18448c8f-cb75-4c7e-8fab-72e2e1a449b6: no agents available; will retry on subsequent port and subnet creation events.
2026-06-28 21:03:27.971 9 INFO neutron.db.ovn_revision_numbers_db [None req-0c3981ab-1fc0-4e72-bd9d-68035c87dbdc 18bd02f61a4f4a818037ef33b594074b 5113afdead5749ef83bb07c02094015c - - default default] Successfully bumped revision number for resource 2c339b5b-2e15-4c11-bd6d-a4de0104f90d (type: ports) to 1
2026-06-28 21:03:27.989 9 INFO neutron.wsgi [None req-0c3981ab-1fc0-4e72-bd9d-68035c87dbdc 18bd02f61a4f4a818037ef33b594074b 5113afdead5749ef83bb07c02094015c - - default default] 10.0.0.226 "POST /v2.0/networks HTTP/1.1" status: 201 len: 848 time: 0.6759260
2026-06-28 21:03:28.002 9 WARNING neutron_lib.context [None req-b2eebbac-d69c-4367-96f0-ff54741a3e1a 18bd02f61a4f4a818037ef33b594074b 5113afdead5749ef83bb07c02094015c - - default default] Method 'is_advsvc' is deprecated since 2023.2 release (neutron-lib 3.8.0) and will be removed once support for the old RBAC API policies will be removed from Neutron. Please use method 'is_service_role' instead.
2026-06-28 21:03:28.039 9 WARNING neutron_lib.context [None req-b2eebbac-d69c-4367-96f0-ff54741a3e1a 18bd02f61a4f4a818037ef33b594074b 5113afdead5749ef83bb07c02094015c - - default default] Method 'is_advsvc' is deprecated since 2023.2 release (neutron-lib 3.8.0) and will be removed once support for the old RBAC API policies will be removed from Neutron. Please use method 'is_service_role' instead.
2026-06-28 21:03:28.059 10 INFO neutron.db.ovn_revision_numbers_db [None req-bec61fe5-ebc6-4570-847b-ee4427ab13e7 0f0d24f97fa347d090005439bfafe7cb 453e8b2f9ea14108b29b8f34b9f3a690 - - default default] Successfully bumped revision number for resource e4fc1272-3dc8-4200-84a2-45aee97e3832 (type: networks) to 1
2026-06-28 21:03:28.141 10 INFO neutron.db.ovn_revision_numbers_db [None req-0b68b15c-9fc4-4552-8c96-dd0a1f681804 32242ac632f84f82a89c164b11c01ea2 2796555b92f944828a6fb03a79f3e6d2 - - default default] Successfully bumped revision number for resource 1d9b47e5-e0d3-49ee-b782-99e490a12dbb (type: ports) to 1
2026-06-28 21:03:28.192 10 INFO neutron.services.segments.plugin [-] Segment a078b533-9774-461d-a421-cc568ef44f4a resource provider aggregate not found
2026-06-28 21:03:28.203 10 INFO neutron.services.segments.plugin [-] Segment a078b533-9774-461d-a421-cc568ef44f4a resource provider aggregate not found
2026-06-28 21:03:28.212 10 INFO neutron.services.segments.plugin [-] Segment a078b533-9774-461d-a421-cc568ef44f4a resource provider not found; error: Placement Client Error (4xx): {"errors": [{"status": 404, "title": "Not Found", "detail": "The resource could not be found.\n\n No resource provider with uuid a078b533-9774-461d-a421-cc568ef44f4a found for delete ", "request_id": "req-93e3ffb6-2505-4aa5-bac8-fced95db630d"}]}
2026-06-28 21:03:28.225 10 INFO neutron.services.segments.plugin [-] Segment a078b533-9774-461d-a421-cc568ef44f4a resource provider not found; error: Placement Client Error (4xx): {"errors": [{"status": 404, "title": "Not Found", "detail": "The resource could not be found.\n\n No resource provider with uuid a078b533-9774-461d-a421-cc568ef44f4a found for delete ", "request_id": "req-1964a34c-27c1-49f6-af61-c2068d39f86a"}]}
2026-06-28 21:03:28.292 10 WARNING neutron.scheduler.dhcp_agent_scheduler [None req-bec61fe5-ebc6-4570-847b-ee4427ab13e7 0f0d24f97fa347d090005439bfafe7cb 453e8b2f9ea14108b29b8f34b9f3a690 - - default default] No more DHCP agents
2026-06-28 21:03:28.293 10 WARNING neutron.api.rpc.agentnotifiers.dhcp_rpc_agent_api [None req-bec61fe5-ebc6-4570-847b-ee4427ab13e7 0f0d24f97fa347d090005439bfafe7cb 453e8b2f9ea14108b29b8f34b9f3a690 - - default default] Unable to schedule network e4fc1272-3dc8-4200-84a2-45aee97e3832: no agents available; will retry on subsequent port and subnet creation events.
2026-06-28 21:03:28.412 10 INFO neutron.db.ovn_revision_numbers_db [None req-bec61fe5-ebc6-4570-847b-ee4427ab13e7 0f0d24f97fa347d090005439bfafe7cb 453e8b2f9ea14108b29b8f34b9f3a690 - - default default] Successfully bumped revision number for resource bb9d7b2d-b426-4746-804f-8673b024148b (type: ports) to 1
2026-06-28 21:03:28.434 9 WARNING neutron.scheduler.dhcp_agent_scheduler [None req-b2eebbac-d69c-4367-96f0-ff54741a3e1a 18bd02f61a4f4a818037ef33b594074b 5113afdead5749ef83bb07c02094015c - - default default] No more DHCP agents
2026-06-28 21:03:28.437 9 WARNING neutron.api.rpc.agentnotifiers.dhcp_rpc_agent_api [None req-b2eebbac-d69c-4367-96f0-ff54741a3e1a 18bd02f61a4f4a818037ef33b594074b 5113afdead5749ef83bb07c02094015c - - default default] Unable to schedule network eb8fce6f-fcd1-436a-bb7b-b50385fb4233: no agents available; will retry on subsequent port and subnet creation events.
2026-06-28 21:03:28.447 10 INFO neutron.wsgi [None req-bec61fe5-ebc6-4570-847b-ee4427ab13e7 0f0d24f97fa347d090005439bfafe7cb 453e8b2f9ea14108b29b8f34b9f3a690 - - default default] 10.0.0.226 "POST /v2.0/networks HTTP/1.1" status: 201 len: 828 time: 0.6812587
2026-06-28 21:03:28.461 10 WARNING neutron_lib.context [None req-9c43e57a-883c-4034-936c-50ad0f91433e 0f0d24f97fa347d090005439bfafe7cb 453e8b2f9ea14108b29b8f34b9f3a690 - - default default] Method 'is_advsvc' is deprecated since 2023.2 release (neutron-lib 3.8.0) and will be removed once support for the old RBAC API policies will be removed from Neutron. Please use method 'is_service_role' instead.
2026-06-28 21:03:28.525 9 INFO neutron.db.ovn_revision_numbers_db [None req-b2eebbac-d69c-4367-96f0-ff54741a3e1a 18bd02f61a4f4a818037ef33b594074b 5113afdead5749ef83bb07c02094015c - - default default] Successfully bumped revision number for resource eb9a21aa-ace5-4bd5-8cd4-b2652011a984 (type: ports) to 1
2026-06-28 21:03:28.555 9 WARNING neutron.scheduler.dhcp_agent_scheduler [None req-b2eebbac-d69c-4367-96f0-ff54741a3e1a 18bd02f61a4f4a818037ef33b594074b 5113afdead5749ef83bb07c02094015c - - default default] No more DHCP agents
2026-06-28 21:03:28.556 9 WARNING neutron.api.rpc.agentnotifiers.dhcp_rpc_agent_api [None req-b2eebbac-d69c-4367-96f0-ff54741a3e1a 18bd02f61a4f4a818037ef33b594074b 5113afdead5749ef83bb07c02094015c - - default default] Unable to schedule network 96ccb997-5f9d-443e-8227-277ce37211e8: no agents available; will retry on subsequent port and subnet creation events.
2026-06-28 21:03:28.636 9 INFO neutron.db.ovn_revision_numbers_db [None req-b2eebbac-d69c-4367-96f0-ff54741a3e1a 18bd02f61a4f4a818037ef33b594074b 5113afdead5749ef83bb07c02094015c - - default default] Successfully bumped revision number for resource 7916852a-8a41-4b86-a9e7-5551cccbcaa6 (type: ports) to 1
2026-06-28 21:03:28.662 9 INFO neutron.wsgi [None req-b2eebbac-d69c-4367-96f0-ff54741a3e1a 18bd02f61a4f4a818037ef33b594074b 5113afdead5749ef83bb07c02094015c - - default default] 10.0.0.226 "POST /v2.0/ports HTTP/1.1" status: 201 len: 1706 time: 0.6655755 /var/lib/openstack/lib/python3.10/site-packages/pycadf/identifier.py:71: UserWarning: Invalid uuid: neutron. To ensure interoperability, identifiers should be a valid uuid. warnings.warn(('Invalid uuid: %s. To ensure interoperability, '
2026-06-28 21:03:28.786 9 INFO neutron.wsgi [req-83032376-3b91-43ce-927c-730f4597771e req-65f596cd-2206-4c21-a063-7c33b85dcf3e ccaad008b0aa47239794adec87be5637 20f2cfd0977b45158f66d4824ebf86d0 - - 44e706304a8e4e5b82af10eac2ac5573 44e706304a8e4e5b82af10eac2ac5573] 10.0.0.240 "GET /v2.0/ports?device_id=5550efbd-67a7-4d5f-b55f-e65c8eb742c2 HTTP/1.1" status: 200 len: 1409 time: 0.0470960
2026-06-28 21:03:28.796 9 INFO neutron.wsgi [None req-61c00ab6-1292-4052-b534-a8cae716708c 18bd02f61a4f4a818037ef33b594074b 5113afdead5749ef83bb07c02094015c - - default default] 10.0.0.226 "GET /v2.0/ports HTTP/1.1" status: 200 len: 3213 time: 0.1280994
2026-06-28 21:03:28.809 10 INFO neutron.db.ovn_revision_numbers_db [None req-0b68b15c-9fc4-4552-8c96-dd0a1f681804 32242ac632f84f82a89c164b11c01ea2 2796555b92f944828a6fb03a79f3e6d2 - - default default] Successfully bumped revision number for resource 1d9b47e5-e0d3-49ee-b782-99e490a12dbb (type: router_ports) to 1
2026-06-28 21:03:28.828 10 WARNING neutron.scheduler.dhcp_agent_scheduler [None req-9c43e57a-883c-4034-936c-50ad0f91433e 0f0d24f97fa347d090005439bfafe7cb 453e8b2f9ea14108b29b8f34b9f3a690 - - default default] No more DHCP agents
2026-06-28 21:03:28.833 10 WARNING neutron.api.rpc.agentnotifiers.dhcp_rpc_agent_api [None req-9c43e57a-883c-4034-936c-50ad0f91433e 0f0d24f97fa347d090005439bfafe7cb 453e8b2f9ea14108b29b8f34b9f3a690 - - default default] Unable to schedule network bedc736c-9319-46c9-9be9-64a4abd2a0ae: no agents available; will retry on subsequent port and subnet creation events.
2026-06-28 21:03:28.842 9 INFO neutron.wsgi [req-83032376-3b91-43ce-927c-730f4597771e req-daa2a90a-196f-47e8-a9a4-7fa7e97d2920 ccaad008b0aa47239794adec87be5637 20f2cfd0977b45158f66d4824ebf86d0 - - 44e706304a8e4e5b82af10eac2ac5573 44e706304a8e4e5b82af10eac2ac5573] 10.0.0.240 "GET /v2.0/security-groups?id=528257ce-5d24-42f7-8474-ac2ae31b7513&fields=id&fields=name HTTP/1.1" status: 200 len: 312 time: 0.0459847
2026-06-28 21:03:28.941 10 INFO neutron.db.ovn_revision_numbers_db [None req-0b68b15c-9fc4-4552-8c96-dd0a1f681804 32242ac632f84f82a89c164b11c01ea2 2796555b92f944828a6fb03a79f3e6d2 - - default default] Successfully bumped revision number for resource 1d9b47e5-e0d3-49ee-b782-99e490a12dbb (type: ports) to 1
2026-06-28 21:03:29.033 9 INFO neutron.wsgi [None req-e29db1fe-dfb4-43f8-a789-46e4d2fc2638 18bd02f61a4f4a818037ef33b594074b 5113afdead5749ef83bb07c02094015c - - default default] 10.0.0.226 "DELETE /v2.0/ports/eb9a21aa-ace5-4bd5-8cd4-b2652011a984 HTTP/1.1" status: 204 len: 168 time: 0.2316158
2026-06-28 21:03:29.056 10 WARNING neutron.scheduler.dhcp_agent_scheduler [None req-0b68b15c-9fc4-4552-8c96-dd0a1f681804 32242ac632f84f82a89c164b11c01ea2 2796555b92f944828a6fb03a79f3e6d2 - - default default] No more DHCP agents
2026-06-28 21:03:29.060 10 WARNING neutron.api.rpc.agentnotifiers.dhcp_rpc_agent_api [None req-0b68b15c-9fc4-4552-8c96-dd0a1f681804 32242ac632f84f82a89c164b11c01ea2 2796555b92f944828a6fb03a79f3e6d2 - - default default] Unable to schedule network 18448c8f-cb75-4c7e-8fab-72e2e1a449b6: no agents available; will retry on subsequent port and subnet creation events.
2026-06-28 21:03:29.334 9 INFO neutron.wsgi [None req-4d566f15-e718-43df-ad07-ffd12b925d52 18bd02f61a4f4a818037ef33b594074b 5113afdead5749ef83bb07c02094015c - - default default] 10.0.0.226 "DELETE /v2.0/ports/7916852a-8a41-4b86-a9e7-5551cccbcaa6 HTTP/1.1" status: 204 len: 168 time: 0.2959402
2026-06-28 21:03:29.388 9 INFO neutron.wsgi [None req-f80b969b-e437-4c41-9d85-92657e51d35d 18bd02f61a4f4a818037ef33b594074b 5113afdead5749ef83bb07c02094015c - - default default] 10.0.0.226 "GET /v2.0/ports HTTP/1.1" status: 200 len: 1718 time: 0.0497680
2026-06-28 21:03:29.404 9 WARNING neutron_lib.context [None req-59af7361-77ab-426d-af02-f2da4d4806bc 18bd02f61a4f4a818037ef33b594074b 5113afdead5749ef83bb07c02094015c - - default default] Method 'is_advsvc' is deprecated since 2023.2 release (neutron-lib 3.8.0) and will be removed once support for the old RBAC API policies will be removed from Neutron. Please use method 'is_service_role' instead.
2026-06-28 21:03:29.455 10 INFO neutron.db.ovn_revision_numbers_db [None req-0b68b15c-9fc4-4552-8c96-dd0a1f681804 32242ac632f84f82a89c164b11c01ea2 2796555b92f944828a6fb03a79f3e6d2 - - default default] Successfully bumped revision number for resource 1d9b47e5-e0d3-49ee-b782-99e490a12dbb (type: router_ports) to 1
2026-06-28 21:03:29.458 10 INFO neutron.wsgi [None req-0b68b15c-9fc4-4552-8c96-dd0a1f681804 32242ac632f84f82a89c164b11c01ea2 2796555b92f944828a6fb03a79f3e6d2 - - default default] 10.0.0.226 "PUT /v2.0/routers/d98b0f86-6f49-43e8-8e69-837442ae28f4/add_router_interface HTTP/1.1" status: 200 len: 503 time: 1.9738698
2026-06-28 21:03:29.504 9 INFO neutron.db.segments_db [None req-59af7361-77ab-426d-af02-f2da4d4806bc 18bd02f61a4f4a818037ef33b594074b 5113afdead5749ef83bb07c02094015c - - default default] Added segment 0d3462a2-ce06-4fe9-8c7f-42e0e085380f of type geneve for network ad45a4d7-5375-43f2-a05b-d2b2a898edf8
2026-06-28 21:03:29.515 9 INFO neutron.wsgi [None req-5b791a73-9a2e-4004-88fa-411e14d2f8b0 32242ac632f84f82a89c164b11c01ea2 2796555b92f944828a6fb03a79f3e6d2 - - default default] 10.0.0.226 "GET /v2.0/ports/1d9b47e5-e0d3-49ee-b782-99e490a12dbb HTTP/1.1" status: 200 len: 1147 time: 0.0529072
2026-06-28 21:03:29.572 9 INFO neutron.wsgi [None req-65c7b33b-54da-4e60-978f-53cf5a306878 32242ac632f84f82a89c164b11c01ea2 2796555b92f944828a6fb03a79f3e6d2 - - default default] 10.0.0.226 "GET /v2.0/ports/1d9b47e5-e0d3-49ee-b782-99e490a12dbb HTTP/1.1" status: 200 len: 1147 time: 0.0505621
2026-06-28 21:03:29.674 10 INFO neutron.db.ovn_revision_numbers_db [None req-9c43e57a-883c-4034-936c-50ad0f91433e 0f0d24f97fa347d090005439bfafe7cb 453e8b2f9ea14108b29b8f34b9f3a690 - - default default] Successfully bumped revision number for resource 28a2e2bf-93d4-4298-a912-5590fb885f21 (type: ports) to 2
2026-06-28 21:03:29.697 9 INFO neutron.db.ovn_revision_numbers_db [None req-59af7361-77ab-426d-af02-f2da4d4806bc 18bd02f61a4f4a818037ef33b594074b 5113afdead5749ef83bb07c02094015c - - default default] Successfully bumped revision number for resource ad45a4d7-5375-43f2-a05b-d2b2a898edf8 (type: networks) to 1
2026-06-28 21:03:29.721 10 INFO neutron.db.ovn_revision_numbers_db [None req-9c43e57a-883c-4034-936c-50ad0f91433e 0f0d24f97fa347d090005439bfafe7cb 453e8b2f9ea14108b29b8f34b9f3a690 - - default default] Successfully bumped revision number for resource 366f064a-19a5-4789-80cc-4cb758d44b60 (type: subnets) to 0
2026-06-28 21:03:29.738 10 INFO neutron.wsgi [None req-9c43e57a-883c-4034-936c-50ad0f91433e 0f0d24f97fa347d090005439bfafe7cb 453e8b2f9ea14108b29b8f34b9f3a690 - - default default] 10.0.0.226 "POST /v2.0/subnets HTTP/1.1" status: 201 len: 801 time: 1.2818885
2026-06-28 21:03:29.754 9 WARNING neutron_lib.context [None req-4089fbfa-0c25-451c-80bd-0edf24c88fdb 0f0d24f97fa347d090005439bfafe7cb 453e8b2f9ea14108b29b8f34b9f3a690 - - default default] Method 'is_advsvc' is deprecated since 2023.2 release (neutron-lib 3.8.0) and will be removed once support for the old RBAC API policies will be removed from Neutron. Please use method 'is_service_role' instead.
2026-06-28 21:03:29.909 9 WARNING neutron.scheduler.dhcp_agent_scheduler [None req-59af7361-77ab-426d-af02-f2da4d4806bc 18bd02f61a4f4a818037ef33b594074b 5113afdead5749ef83bb07c02094015c - - default default] No more DHCP agents
2026-06-28 21:03:29.914 9 WARNING neutron.api.rpc.agentnotifiers.dhcp_rpc_agent_api [None req-59af7361-77ab-426d-af02-f2da4d4806bc 18bd02f61a4f4a818037ef33b594074b 5113afdead5749ef83bb07c02094015c - - default default] Unable to schedule network ad45a4d7-5375-43f2-a05b-d2b2a898edf8: no agents available; will retry on subsequent port and subnet creation events.
2026-06-28 21:03:30.012 9 INFO neutron.db.ovn_revision_numbers_db [None req-59af7361-77ab-426d-af02-f2da4d4806bc 18bd02f61a4f4a818037ef33b594074b 5113afdead5749ef83bb07c02094015c - - default default] Successfully bumped revision number for resource 9ffc3afc-7fc2-4a9c-952f-d86f88ef1dc8 (type: ports) to 1
2026-06-28 21:03:30.044 9 WARNING neutron.scheduler.dhcp_agent_scheduler [None req-4089fbfa-0c25-451c-80bd-0edf24c88fdb 0f0d24f97fa347d090005439bfafe7cb 453e8b2f9ea14108b29b8f34b9f3a690 - - default default] No more DHCP agents
2026-06-28 21:03:30.049 9 INFO neutron.wsgi [None req-59af7361-77ab-426d-af02-f2da4d4806bc 18bd02f61a4f4a818037ef33b594074b 5113afdead5749ef83bb07c02094015c - - default default] 10.0.0.226 "POST /v2.0/networks HTTP/1.1" status: 201 len: 848 time: 0.6496332
2026-06-28 21:03:30.050 9 WARNING neutron.api.rpc.agentnotifiers.dhcp_rpc_agent_api [None req-4089fbfa-0c25-451c-80bd-0edf24c88fdb 0f0d24f97fa347d090005439bfafe7cb 453e8b2f9ea14108b29b8f34b9f3a690 - - default default] Unable to schedule network e4fc1272-3dc8-4200-84a2-45aee97e3832: no agents available; will retry on subsequent port and subnet creation events.
2026-06-28 21:03:30.057 9 WARNING neutron_lib.context [None req-86438697-b1a2-4883-8570-0452f3bd87c8 18bd02f61a4f4a818037ef33b594074b 5113afdead5749ef83bb07c02094015c - - default default] Method 'is_advsvc' is deprecated since 2023.2 release (neutron-lib 3.8.0) and will be removed once support for the old RBAC API policies will be removed from Neutron. Please use method 'is_service_role' instead.
2026-06-28 21:03:30.396 9 INFO neutron.db.segments_db [None req-86438697-b1a2-4883-8570-0452f3bd87c8 18bd02f61a4f4a818037ef33b594074b 5113afdead5749ef83bb07c02094015c - - default default] Added segment 285de55b-0b08-42bd-9dd8-44fdeae4a2b3 of type geneve for network 34f27e2e-ba0d-4d78-b35f-4011bfc0e8f5
2026-06-28 21:03:30.586 9 INFO neutron.db.ovn_revision_numbers_db [None req-86438697-b1a2-4883-8570-0452f3bd87c8 18bd02f61a4f4a818037ef33b594074b 5113afdead5749ef83bb07c02094015c - - default default] Successfully bumped revision number for resource 34f27e2e-ba0d-4d78-b35f-4011bfc0e8f5 (type: networks) to 1
2026-06-28 21:03:30.762 9 INFO neutron.wsgi [None req-e8514527-64cd-42c8-9851-0a929d53a7c4 32242ac632f84f82a89c164b11c01ea2 2796555b92f944828a6fb03a79f3e6d2 - - default default] 10.0.0.226 "GET /v2.0/ports/1d9b47e5-e0d3-49ee-b782-99e490a12dbb HTTP/1.1" status: 200 len: 1147 time: 0.1843667
2026-06-28 21:03:30.843 9 INFO neutron.wsgi [req-e4ae8d81-75b7-437a-aec2-797db29e9d69 req-646dc288-feeb-419f-b50b-6d67ea27bac5 4553f759b7434184967a7d68d689107d a2420f8785a447ae871d292b1273ec48 - - default default] 10.0.0.16 "GET /v2.0/ports?device_id=5550efbd-67a7-4d5f-b55f-e65c8eb742c2 HTTP/1.1" status: 200 len: 1170 time: 0.1838024
2026-06-28 21:03:30.917 9 INFO neutron.wsgi [req-e4ae8d81-75b7-437a-aec2-797db29e9d69 req-a0b02a61-9ba8-4940-b6cc-d48d28541a7d 4553f759b7434184967a7d68d689107d a2420f8785a447ae871d292b1273ec48 - - default default] 10.0.0.16 "GET /v2.0/security-groups?id=528257ce-5d24-42f7-8474-ac2ae31b7513&fields=id&fields=name HTTP/1.1" status: 200 len: 312 time: 0.0604396
2026-06-28 21:03:30.945 9 WARNING neutron.scheduler.dhcp_agent_scheduler [None req-86438697-b1a2-4883-8570-0452f3bd87c8 18bd02f61a4f4a818037ef33b594074b 5113afdead5749ef83bb07c02094015c - - default default] No more DHCP agents
2026-06-28 21:03:30.947 9 WARNING neutron.api.rpc.agentnotifiers.dhcp_rpc_agent_api [None req-86438697-b1a2-4883-8570-0452f3bd87c8 18bd02f61a4f4a818037ef33b594074b 5113afdead5749ef83bb07c02094015c - - default default] Unable to schedule network 34f27e2e-ba0d-4d78-b35f-4011bfc0e8f5: no agents available; will retry on subsequent port and subnet creation events.
2026-06-28 21:03:31.009 9 INFO neutron.wsgi [req-b652f023-5493-4e0a-835b-2098442e7375 req-94800371-ec85-444f-89e3-29d61cc4649d 4553f759b7434184967a7d68d689107d a2420f8785a447ae871d292b1273ec48 - - default default] 199.204.45.38 "GET /v2.0/ports?device_id=5550efbd-67a7-4d5f-b55f-e65c8eb742c2 HTTP/1.1" status: 200 len: 1170 time: 0.0529768
2026-06-28 21:03:31.077 9 INFO neutron.db.ovn_revision_numbers_db [None req-4089fbfa-0c25-451c-80bd-0edf24c88fdb 0f0d24f97fa347d090005439bfafe7cb 453e8b2f9ea14108b29b8f34b9f3a690 - - default default] Successfully bumped revision number for resource bb9d7b2d-b426-4746-804f-8673b024148b (type: ports) to 2
2026-06-28 21:03:31.109 9 INFO neutron.db.ovn_revision_numbers_db [None req-86438697-b1a2-4883-8570-0452f3bd87c8 18bd02f61a4f4a818037ef33b594074b 5113afdead5749ef83bb07c02094015c - - default default] Successfully bumped revision number for resource 95d407ca-abc4-41c9-be4a-e81452634a17 (type: ports) to 1
2026-06-28 21:03:31.127 9 INFO neutron.db.ovn_revision_numbers_db [None req-4089fbfa-0c25-451c-80bd-0edf24c88fdb 0f0d24f97fa347d090005439bfafe7cb 453e8b2f9ea14108b29b8f34b9f3a690 - - default default] Successfully bumped revision number for resource 1bb9e216-b3a0-4931-89bd-369385d0a8c1 (type: subnets) to 0
2026-06-28 21:03:31.135 9 INFO neutron.wsgi [None req-86438697-b1a2-4883-8570-0452f3bd87c8 18bd02f61a4f4a818037ef33b594074b 5113afdead5749ef83bb07c02094015c - - default default] 10.0.0.226 "POST /v2.0/networks HTTP/1.1" status: 201 len: 848 time: 1.0812676
2026-06-28 21:03:31.152 9 INFO neutron.wsgi [None req-4089fbfa-0c25-451c-80bd-0edf24c88fdb 0f0d24f97fa347d090005439bfafe7cb 453e8b2f9ea14108b29b8f34b9f3a690 - - default default] 10.0.0.226 "POST /v2.0/subnets HTTP/1.1" status: 201 len: 801 time: 1.4094110
2026-06-28 21:03:31.164 10 WARNING neutron_lib.context [None req-1fa0fd3c-804d-4518-aab2-1c6b19e4a65c 0f0d24f97fa347d090005439bfafe7cb 453e8b2f9ea14108b29b8f34b9f3a690 - - default default] Method 'is_advsvc' is deprecated since 2023.2 release (neutron-lib 3.8.0) and will be removed once support for the old RBAC API policies will be removed from Neutron. Please use method 'is_service_role' instead.
2026-06-28 21:03:31.173 9 WARNING neutron_lib.context [None req-b14d427a-6a0a-435a-972e-ec3ef6f99b5b 18bd02f61a4f4a818037ef33b594074b 5113afdead5749ef83bb07c02094015c - - default default] Method 'is_advsvc' is deprecated since 2023.2 release (neutron-lib 3.8.0) and will be removed once support for the old RBAC API policies will be removed from Neutron. Please use method 'is_service_role' instead.
2026-06-28 21:03:31.227 9 WARNING neutron_lib.context [None req-b14d427a-6a0a-435a-972e-ec3ef6f99b5b 18bd02f61a4f4a818037ef33b594074b 5113afdead5749ef83bb07c02094015c - - default default] Method 'is_advsvc' is deprecated since 2023.2 release (neutron-lib 3.8.0) and will be removed once support for the old RBAC API policies will be removed from Neutron. Please use method 'is_service_role' instead.
2026-06-28 21:03:31.313 10 INFO neutron.db.ovn_revision_numbers_db [None req-1fa0fd3c-804d-4518-aab2-1c6b19e4a65c 0f0d24f97fa347d090005439bfafe7cb 453e8b2f9ea14108b29b8f34b9f3a690 - - default default] Successfully bumped revision number for resource 04f6f0d9-0b19-425f-9f9f-6ea0b5a5387b (type: routers) to 1
2026-06-28 21:03:31.325 10 INFO neutron.wsgi [None req-1fa0fd3c-804d-4518-aab2-1c6b19e4a65c 0f0d24f97fa347d090005439bfafe7cb 453e8b2f9ea14108b29b8f34b9f3a690 - - default default] 10.0.0.226 "POST /v2.0/routers HTTP/1.1" status: 201 len: 686 time: 0.1667974
2026-06-28 21:03:31.411 9 INFO neutron.db.l3_db [req-b652f023-5493-4e0a-835b-2098442e7375 req-7acc18a5-fe50-4b3d-a735-940f6ebb9509 4553f759b7434184967a7d68d689107d a2420f8785a447ae871d292b1273ec48 - - default default] Floating IP 6c4b75c2-b8f1-4140-8327-873fd61a2f07 disassociated. External IP: 10.96.250.208, port: b950e5c8-22be-43d8-b5b2-5b0706f8d662.
