2026-06-28 21:04:57.811 9 INFO neutron.db.ovn_revision_numbers_db [None req-3d649b1c-1f63-4050-b3bb-604498ab3ff7 3ef7dcfcf2f04bc2b5097aa2acdf682e 3b38a3fd053f42d6834d0c5e407564f7 - - default default] Successfully bumped revision number for resource 56d466fc-368f-4cda-99a9-6dcc6bd14a74 (type: security_groups) to 1
2026-06-28 21:04:57.824 9 INFO neutron.db.ovn_revision_numbers_db [None req-3d649b1c-1f63-4050-b3bb-604498ab3ff7 3ef7dcfcf2f04bc2b5097aa2acdf682e 3b38a3fd053f42d6834d0c5e407564f7 - - default default] Successfully bumped revision number for resource 299b2125-24b2-4529-93d6-0c5ea0ac0525 (type: security_group_rules) to 0
2026-06-28 21:04:57.837 9 INFO neutron.db.ovn_revision_numbers_db [None req-3d649b1c-1f63-4050-b3bb-604498ab3ff7 3ef7dcfcf2f04bc2b5097aa2acdf682e 3b38a3fd053f42d6834d0c5e407564f7 - - default default] Successfully bumped revision number for resource 389913ab-431e-428e-8877-b8e1161e60f3 (type: security_group_rules) to 0
2026-06-28 21:04:57.850 9 INFO neutron.db.ovn_revision_numbers_db [None req-3d649b1c-1f63-4050-b3bb-604498ab3ff7 3ef7dcfcf2f04bc2b5097aa2acdf682e 3b38a3fd053f42d6834d0c5e407564f7 - - default default] Successfully bumped revision number for resource 59334008-8dcd-441a-b3eb-5fa80d6ba39a (type: security_group_rules) to 0
2026-06-28 21:04:57.865 9 INFO neutron.db.ovn_revision_numbers_db [None req-3d649b1c-1f63-4050-b3bb-604498ab3ff7 3ef7dcfcf2f04bc2b5097aa2acdf682e 3b38a3fd053f42d6834d0c5e407564f7 - - default default] Successfully bumped revision number for resource 71855b0e-ec8e-44c2-8a8e-3e6bb2a7b0b2 (type: security_group_rules) to 0
2026-06-28 21:04:57.883 10 WARNING neutron_lib.context [None req-2b595f7b-d600-4463-afdb-99b06c034727 cc9e96147b7444b1b7f7ffb4c8bbe94b 2f98a79d6a36460490b42f75937b03ca - - default default] Method 'is_advsvc' is deprecated since 2023.2 release (neutron-lib 3.8.0) and will be removed once support for the old RBAC API policies will be removed from Neutron. Please use method 'is_service_role' instead.
2026-06-28 21:04:57.920 9 INFO neutron.db.segments_db [None req-3d649b1c-1f63-4050-b3bb-604498ab3ff7 3ef7dcfcf2f04bc2b5097aa2acdf682e 3b38a3fd053f42d6834d0c5e407564f7 - - default default] Added segment 28c99548-a766-4338-9d6d-d5735024f660 of type geneve for network 181c49e0-b4b1-4add-b8d3-402363bc5ff5
2026-06-28 21:04:58.082 9 INFO neutron.db.ovn_revision_numbers_db [None req-3d649b1c-1f63-4050-b3bb-604498ab3ff7 3ef7dcfcf2f04bc2b5097aa2acdf682e 3b38a3fd053f42d6834d0c5e407564f7 - - default default] Successfully bumped revision number for resource 181c49e0-b4b1-4add-b8d3-402363bc5ff5 (type: networks) to 1
2026-06-28 21:04:58.161 10 WARNING neutron.scheduler.dhcp_agent_scheduler [None req-2b595f7b-d600-4463-afdb-99b06c034727 cc9e96147b7444b1b7f7ffb4c8bbe94b 2f98a79d6a36460490b42f75937b03ca - - default default] No more DHCP agents
2026-06-28 21:04:58.164 10 WARNING neutron.api.rpc.agentnotifiers.dhcp_rpc_agent_api [None req-2b595f7b-d600-4463-afdb-99b06c034727 cc9e96147b7444b1b7f7ffb4c8bbe94b 2f98a79d6a36460490b42f75937b03ca - - default default] Unable to schedule network 4ea9bd8f-e56b-4845-914f-cd1f40212904: no agents available; will retry on subsequent port and subnet creation events.
2026-06-28 21:04:58.256 9 WARNING neutron.scheduler.dhcp_agent_scheduler [None req-3d649b1c-1f63-4050-b3bb-604498ab3ff7 3ef7dcfcf2f04bc2b5097aa2acdf682e 3b38a3fd053f42d6834d0c5e407564f7 - - default default] No more DHCP agents
2026-06-28 21:04:58.258 9 WARNING neutron.api.rpc.agentnotifiers.dhcp_rpc_agent_api [None req-3d649b1c-1f63-4050-b3bb-604498ab3ff7 3ef7dcfcf2f04bc2b5097aa2acdf682e 3b38a3fd053f42d6834d0c5e407564f7 - - default default] Unable to schedule network 181c49e0-b4b1-4add-b8d3-402363bc5ff5: no agents available; will retry on subsequent port and subnet creation events.
2026-06-28 21:04:58.337 9 INFO neutron.db.ovn_revision_numbers_db [None req-3d649b1c-1f63-4050-b3bb-604498ab3ff7 3ef7dcfcf2f04bc2b5097aa2acdf682e 3b38a3fd053f42d6834d0c5e407564f7 - - default default] Successfully bumped revision number for resource e0c86d32-c87c-475c-8d91-55b2e58a6f2f (type: ports) to 1
2026-06-28 21:04:58.359 9 INFO neutron.wsgi [None req-3d649b1c-1f63-4050-b3bb-604498ab3ff7 3ef7dcfcf2f04bc2b5097aa2acdf682e 3b38a3fd053f42d6834d0c5e407564f7 - - default default] 10.0.0.226 "POST /v2.0/networks HTTP/1.1" status: 201 len: 831 time: 0.8198268
2026-06-28 21:04:58.370 9 WARNING neutron_lib.context [None req-6ef9f545-58e4-4834-933c-17f1a5172a37 3ef7dcfcf2f04bc2b5097aa2acdf682e 3b38a3fd053f42d6834d0c5e407564f7 - - default default] Method 'is_advsvc' is deprecated since 2023.2 release (neutron-lib 3.8.0) and will be removed once support for the old RBAC API policies will be removed from Neutron. Please use method 'is_service_role' instead.
2026-06-28 21:04:58.495 9 INFO neutron.wsgi [req-8df6aaa5-87bb-4eff-aeb1-03aa80e02472 req-59385aa2-a257-44d4-bf8f-4c670dcbdb43 6fc1ce72f06d4bb58c4fb4a580789059 e72147b873f04025a8fbca04b1c56638 - - default default] 10.0.0.16 "GET /v2.0/ports?device_id=86b7f050-ce74-4cc6-9004-c7143fe272a8 HTTP/1.1" status: 200 len: 1214 time: 0.0536947
2026-06-28 21:04:58.506 10 INFO neutron.plugins.ml2.drivers.ovn.mech_driver.mech_driver [None req-6780a589-b035-40c3-ba27-903bf3bdde07 - - - - - -] OVN reports status down for port: 7f6f0845-4189-4d60-a125-33dadbf1fc1c
2026-06-28 21:04:58.564 10 INFO neutron.db.ovn_revision_numbers_db [None req-2b595f7b-d600-4463-afdb-99b06c034727 cc9e96147b7444b1b7f7ffb4c8bbe94b 2f98a79d6a36460490b42f75937b03ca - - default default] Successfully bumped revision number for resource d9684271-9a0a-4cf4-b5c4-f73776efd71d (type: floatingips) to 0
2026-06-28 21:04:58.579 9 INFO neutron.wsgi [req-8df6aaa5-87bb-4eff-aeb1-03aa80e02472 req-ff8c2590-ba2a-4d9c-b443-d3da98b735b9 6fc1ce72f06d4bb58c4fb4a580789059 e72147b873f04025a8fbca04b1c56638 - - default default] 10.0.0.16 "GET /v2.0/security-groups?id=873f22d7-ce5c-469e-8497-3550809c7646&id=0b979202-727d-4982-9954-7c7fc560f0d2&fields=id&fields=name HTTP/1.1" status: 200 len: 405 time: 0.0744700
2026-06-28 21:04:58.586 10 INFO neutron.wsgi [None req-2b595f7b-d600-4463-afdb-99b06c034727 cc9e96147b7444b1b7f7ffb4c8bbe94b 2f98a79d6a36460490b42f75937b03ca - - default default] 10.0.0.226 "POST /v2.0/floatingips HTTP/1.1" status: 201 len: 751 time: 0.7461212
2026-06-28 21:04:58.648 10 INFO neutron.wsgi [None req-3f4533c8-0843-4f20-a8e5-5fc3bbe20ae3 cc9e96147b7444b1b7f7ffb4c8bbe94b 2f98a79d6a36460490b42f75937b03ca - - default default] 10.0.0.226 "PUT /v2.0/floatingips/d9684271-9a0a-4cf4-b5c4-f73776efd71d/tags HTTP/1.1" status: 200 len: 218 time: 0.0563805
2026-06-28 21:04:58.696 10 INFO neutron.notifiers.nova [-] Nova event matching ['req-ec1fdf5f-43c1-4275-90b5-6e50c05b570f'] response: {'server_uuid': '86b7f050-ce74-4cc6-9004-c7143fe272a8', 'name': 'network-vif-unplugged', 'status': 'completed', 'tag': '7f6f0845-4189-4d60-a125-33dadbf1fc1c', 'code': 200}
2026-06-28 21:04:58.700 10 INFO neutron.wsgi [None req-47500262-773f-4dbc-ba12-1d5e9d1c910a cc9e96147b7444b1b7f7ffb4c8bbe94b 2f98a79d6a36460490b42f75937b03ca - - default default] 10.0.0.226 "GET /v2.0/floatingips/d9684271-9a0a-4cf4-b5c4-f73776efd71d/tags HTTP/1.1" status: 200 len: 218 time: 0.0479841
2026-06-28 21:04:58.701 9 WARNING neutron.scheduler.dhcp_agent_scheduler [None req-6ef9f545-58e4-4834-933c-17f1a5172a37 3ef7dcfcf2f04bc2b5097aa2acdf682e 3b38a3fd053f42d6834d0c5e407564f7 - - default default] No more DHCP agents
2026-06-28 21:04:58.703 9 WARNING neutron.api.rpc.agentnotifiers.dhcp_rpc_agent_api [None req-6ef9f545-58e4-4834-933c-17f1a5172a37 3ef7dcfcf2f04bc2b5097aa2acdf682e 3b38a3fd053f42d6834d0c5e407564f7 - - default default] Unable to schedule network 181c49e0-b4b1-4add-b8d3-402363bc5ff5: no agents available; will retry on subsequent port and subnet creation events.
2026-06-28 21:04:58.764 10 INFO neutron.wsgi [None req-faa20a10-0717-4c88-ac2b-ce68a1793065 cc9e96147b7444b1b7f7ffb4c8bbe94b 2f98a79d6a36460490b42f75937b03ca - - default default] 10.0.0.226 "PUT /v2.0/floatingips/d9684271-9a0a-4cf4-b5c4-f73776efd71d/tags/green HTTP/1.1" status: 201 len: 201 time: 0.0594459 /var/lib/openstack/lib/python3.10/site-packages/pycadf/identifier.py:71: UserWarning: Invalid uuid: neutron. To ensure interoperability, identifiers should be a valid uuid. warnings.warn(('Invalid uuid: %s. To ensure interoperability, '
2026-06-28 21:04:58.788 9 INFO neutron.db.ovn_revision_numbers_db [None req-6ef9f545-58e4-4834-933c-17f1a5172a37 3ef7dcfcf2f04bc2b5097aa2acdf682e 3b38a3fd053f42d6834d0c5e407564f7 - - default default] Successfully bumped revision number for resource 040fddda-3ea6-490d-846c-41a5bbb328d8 (type: ports) to 1
2026-06-28 21:04:58.804 10 INFO neutron.wsgi [None req-5b6a6078-87a8-4212-9f52-f68e4fb9e72c cc9e96147b7444b1b7f7ffb4c8bbe94b 2f98a79d6a36460490b42f75937b03ca - - default default] 10.0.0.226 "GET /v2.0/floatingips/d9684271-9a0a-4cf4-b5c4-f73776efd71d/tags HTTP/1.1" status: 200 len: 227 time: 0.0355699
2026-06-28 21:04:58.819 9 INFO neutron.wsgi [None req-6ef9f545-58e4-4834-933c-17f1a5172a37 3ef7dcfcf2f04bc2b5097aa2acdf682e 3b38a3fd053f42d6834d0c5e407564f7 - - default default] 10.0.0.226 "POST /v2.0/ports HTTP/1.1" status: 201 len: 942 time: 0.4541781
2026-06-28 21:04:58.824 9 INFO neutron.wsgi [req-407384c1-e7cb-45f3-b8bc-37e1519a20f5 req-526b0018-5af1-4a59-80d1-04e42d2a9fa4 6fc1ce72f06d4bb58c4fb4a580789059 e72147b873f04025a8fbca04b1c56638 - - default default] 199.204.45.38 "GET /v2.0/ports?device_id=86b7f050-ce74-4cc6-9004-c7143fe272a8 HTTP/1.1" status: 200 len: 1212 time: 0.0426781
2026-06-28 21:04:59.013 10 WARNING neutron_lib.context [None req-b41bd11b-6f29-4abf-9c25-bf98e4892cc9 3ef7dcfcf2f04bc2b5097aa2acdf682e 3b38a3fd053f42d6834d0c5e407564f7 - - default default] Method 'is_advsvc' is deprecated since 2023.2 release (neutron-lib 3.8.0) and will be removed once support for the old RBAC API policies will be removed from Neutron. Please use method 'is_service_role' instead.
2026-06-28 21:04:59.035 10 INFO neutron.wsgi [None req-4e80a58a-d8e9-4f6d-a52b-c0ef8c0655b1 cc9e96147b7444b1b7f7ffb4c8bbe94b 2f98a79d6a36460490b42f75937b03ca - - default default] 10.0.0.226 "PUT /v2.0/floatingips/d9684271-9a0a-4cf4-b5c4-f73776efd71d/tags/red HTTP/1.1" status: 201 len: 201 time: 0.2271986
2026-06-28 21:04:59.091 10 INFO neutron.wsgi [None req-7e8b8060-170e-4a41-9acc-8ed4a5d9f9f3 cc9e96147b7444b1b7f7ffb4c8bbe94b 2f98a79d6a36460490b42f75937b03ca - - default default] 10.0.0.226 "GET /v2.0/floatingips/d9684271-9a0a-4cf4-b5c4-f73776efd71d/tags HTTP/1.1" status: 200 len: 227 time: 0.0503273
2026-06-28 21:04:59.142 10 INFO neutron.db.ovn_revision_numbers_db [None req-6780a589-b035-40c3-ba27-903bf3bdde07 - - - - - -] Successfully bumped revision number for resource 7f6f0845-4189-4d60-a125-33dadbf1fc1c (type: ports) to 5
2026-06-28 21:04:59.179 9 INFO neutron.wsgi [None req-985009a4-0529-401e-b605-eda29e6ac728 cc9e96147b7444b1b7f7ffb4c8bbe94b 2f98a79d6a36460490b42f75937b03ca - - default default] 10.0.0.226 "PUT /v2.0/floatingips/d9684271-9a0a-4cf4-b5c4-f73776efd71d/tags/black.or.white HTTP/1.1" status: 201 len: 201 time: 0.0792701
2026-06-28 21:04:59.235 9 INFO neutron.wsgi [None req-05627a4a-280b-4b7f-b2b9-00032ea21cdb cc9e96147b7444b1b7f7ffb4c8bbe94b 2f98a79d6a36460490b42f75937b03ca - - default default] 10.0.0.226 "GET /v2.0/floatingips/d9684271-9a0a-4cf4-b5c4-f73776efd71d/tags HTTP/1.1" status: 200 len: 245 time: 0.0504720
2026-06-28 21:04:59.248 9 INFO neutron.db.l3_db [req-407384c1-e7cb-45f3-b8bc-37e1519a20f5 req-a6b6e81b-50dd-4235-9108-01c1812da031 6fc1ce72f06d4bb58c4fb4a580789059 e72147b873f04025a8fbca04b1c56638 - - default default] Floating IP 62640a6d-4153-4949-9b79-0b4e42d6ee34 disassociated. External IP: 10.96.250.216, port: 7f6f0845-4189-4d60-a125-33dadbf1fc1c.
2026-06-28 21:04:59.313 10 INFO neutron.wsgi [None req-b41bd11b-6f29-4abf-9c25-bf98e4892cc9 3ef7dcfcf2f04bc2b5097aa2acdf682e 3b38a3fd053f42d6834d0c5e407564f7 - - default default] 10.0.0.226 "POST /v2.0/trunks HTTP/1.1" status: 201 len: 608 time: 0.4888599 /var/lib/openstack/lib/python3.10/site-packages/pycadf/identifier.py:71: UserWarning: Invalid uuid: neutron. To ensure interoperability, identifiers should be a valid uuid. warnings.warn(('Invalid uuid: %s. To ensure interoperability, '
2026-06-28 21:04:59.323 10 WARNING neutron_lib.context [None req-f4711b8f-f263-4545-8cf4-7e9d45ce0f25 3ef7dcfcf2f04bc2b5097aa2acdf682e 3b38a3fd053f42d6834d0c5e407564f7 - - default default] Method 'is_advsvc' is deprecated since 2023.2 release (neutron-lib 3.8.0) and will be removed once support for the old RBAC API policies will be removed from Neutron. Please use method 'is_service_role' instead.
2026-06-28 21:04:59.342 9 INFO neutron.wsgi [None req-a3a97fe7-cc2f-4de7-bf1b-c4f69691330d cc9e96147b7444b1b7f7ffb4c8bbe94b 2f98a79d6a36460490b42f75937b03ca - - default default] 10.0.0.226 "PUT /v2.0/floatingips/d9684271-9a0a-4cf4-b5c4-f73776efd71d/tags HTTP/1.1" status: 200 len: 230 time: 0.1006629 /var/lib/openstack/lib/python3.10/site-packages/pycadf/identifier.py:71: UserWarning: Invalid uuid: neutron. To ensure interoperability, identifiers should be a valid uuid. warnings.warn(('Invalid uuid: %s. To ensure interoperability, '
2026-06-28 21:04:59.395 9 INFO neutron.wsgi [None req-b5879355-a24a-4063-95f8-2797670b95b7 cc9e96147b7444b1b7f7ffb4c8bbe94b 2f98a79d6a36460490b42f75937b03ca - - default default] 10.0.0.226 "GET /v2.0/floatingips/d9684271-9a0a-4cf4-b5c4-f73776efd71d/tags HTTP/1.1" status: 200 len: 230 time: 0.0482152
2026-06-28 21:04:59.412 10 INFO neutron.db.segments_db [None req-f4711b8f-f263-4545-8cf4-7e9d45ce0f25 3ef7dcfcf2f04bc2b5097aa2acdf682e 3b38a3fd053f42d6834d0c5e407564f7 - - default default] Added segment d6cb8fd8-651f-4f65-bb92-bdfbd4494aa2 of type geneve for network 8bfd6a77-4631-49a7-8ba9-01379fc5f961
2026-06-28 21:04:59.440 9 INFO neutron.wsgi [None req-82da9041-7947-44b0-a16b-42e0c2716bd6 cc9e96147b7444b1b7f7ffb4c8bbe94b 2f98a79d6a36460490b42f75937b03ca - - default default] 10.0.0.226 "GET /v2.0/floatingips/d9684271-9a0a-4cf4-b5c4-f73776efd71d/tags/red HTTP/1.1" status: 204 len: 168 time: 0.0385547
2026-06-28 21:04:59.497 10 INFO neutron.api.v2.resource [None req-c0ff4e71-edbc-4607-8986-ed4fea27542e cc9e96147b7444b1b7f7ffb4c8bbe94b 2f98a79d6a36460490b42f75937b03ca - - default default] show failed (client error): The resource could not be found.
2026-06-28 21:04:59.499 10 INFO neutron.wsgi [None req-c0ff4e71-edbc-4607-8986-ed4fea27542e cc9e96147b7444b1b7f7ffb4c8bbe94b 2f98a79d6a36460490b42f75937b03ca - - default default] 10.0.0.226 "GET /v2.0/floatingips/d9684271-9a0a-4cf4-b5c4-f73776efd71d/tags/green HTTP/1.1" status: 404 len: 299 time: 0.0506408
2026-06-28 21:04:59.569 9 INFO neutron.wsgi [req-407384c1-e7cb-45f3-b8bc-37e1519a20f5 req-a6b6e81b-50dd-4235-9108-01c1812da031 6fc1ce72f06d4bb58c4fb4a580789059 e72147b873f04025a8fbca04b1c56638 - - default default] 199.204.45.38 "DELETE /v2.0/ports/7f6f0845-4189-4d60-a125-33dadbf1fc1c HTTP/1.1" status: 204 len: 173 time: 0.7389889
2026-06-28 21:04:59.603 10 INFO neutron.wsgi [None req-b4e609e0-a92c-4aa5-ab44-68b7d4286ff2 cc9e96147b7444b1b7f7ffb4c8bbe94b 2f98a79d6a36460490b42f75937b03ca - - default default] 10.0.0.226 "DELETE /v2.0/floatingips/d9684271-9a0a-4cf4-b5c4-f73776efd71d/tags/red HTTP/1.1" status: 204 len: 168 time: 0.0984626
2026-06-28 21:04:59.623 9 INFO neutron.notifiers.nova [-] Nova event matching ['req-498f175b-ef44-482b-a15a-46da35b76171'] response: {'server_uuid': '86b7f050-ce74-4cc6-9004-c7143fe272a8', 'name': 'network-vif-deleted', 'tag': '7f6f0845-4189-4d60-a125-33dadbf1fc1c', 'status': 'completed', 'code': 200}
2026-06-28 21:04:59.631 10 INFO neutron.db.ovn_revision_numbers_db [None req-f4711b8f-f263-4545-8cf4-7e9d45ce0f25 3ef7dcfcf2f04bc2b5097aa2acdf682e 3b38a3fd053f42d6834d0c5e407564f7 - - default default] Successfully bumped revision number for resource 8bfd6a77-4631-49a7-8ba9-01379fc5f961 (type: networks) to 1
2026-06-28 21:04:59.662 9 INFO neutron.wsgi [None req-f88970ee-e2ee-430e-82fd-675a73d60daa cc9e96147b7444b1b7f7ffb4c8bbe94b 2f98a79d6a36460490b42f75937b03ca - - default default] 10.0.0.226 "GET /v2.0/floatingips/d9684271-9a0a-4cf4-b5c4-f73776efd71d/tags HTTP/1.1" status: 200 len: 223 time: 0.0539901
2026-06-28 21:04:59.675 9 INFO neutron.wsgi [req-4857965d-f032-433a-99e5-784cb8fe34bc req-a808bfd9-6074-4d00-b643-6c7730ac86b8 6fc1ce72f06d4bb58c4fb4a580789059 e72147b873f04025a8fbca04b1c56638 - - default default] 10.0.0.16 "GET /v2.0/ports?device_id=86b7f050-ce74-4cc6-9004-c7143fe272a8 HTTP/1.1" status: 200 len: 210 time: 0.0236466
2026-06-28 21:04:59.727 10 INFO neutron.api.v2.resource [None req-10aaee76-7ad1-4aee-aec9-933070424fee cc9e96147b7444b1b7f7ffb4c8bbe94b 2f98a79d6a36460490b42f75937b03ca - - default default] delete failed (client error): The resource could not be found.
2026-06-28 21:04:59.728 10 INFO neutron.wsgi [None req-10aaee76-7ad1-4aee-aec9-933070424fee cc9e96147b7444b1b7f7ffb4c8bbe94b 2f98a79d6a36460490b42f75937b03ca - - default default] 10.0.0.226 "DELETE /v2.0/floatingips/d9684271-9a0a-4cf4-b5c4-f73776efd71d/tags/green HTTP/1.1" status: 404 len: 299 time: 0.0606925
2026-06-28 21:04:59.779 9 INFO neutron.wsgi [None req-52c4a247-00c1-477c-99cc-72dcda11853a cc9e96147b7444b1b7f7ffb4c8bbe94b 2f98a79d6a36460490b42f75937b03ca - - default default] 10.0.0.226 "DELETE /v2.0/floatingips/d9684271-9a0a-4cf4-b5c4-f73776efd71d/tags HTTP/1.1" status: 204 len: 168 time: 0.0466001
2026-06-28 21:04:59.814 9 INFO neutron.wsgi [None req-3abbb664-c17f-4175-a932-f7d5cb18f4aa cc9e96147b7444b1b7f7ffb4c8bbe94b 2f98a79d6a36460490b42f75937b03ca - - default default] 10.0.0.226 "GET /v2.0/floatingips/d9684271-9a0a-4cf4-b5c4-f73776efd71d/tags HTTP/1.1" status: 200 len: 205 time: 0.0304129
2026-06-28 21:04:59.821 10 WARNING neutron.scheduler.dhcp_agent_scheduler [None req-f4711b8f-f263-4545-8cf4-7e9d45ce0f25 3ef7dcfcf2f04bc2b5097aa2acdf682e 3b38a3fd053f42d6834d0c5e407564f7 - - default default] No more DHCP agents
2026-06-28 21:04:59.826 10 WARNING neutron.api.rpc.agentnotifiers.dhcp_rpc_agent_api [None req-f4711b8f-f263-4545-8cf4-7e9d45ce0f25 3ef7dcfcf2f04bc2b5097aa2acdf682e 3b38a3fd053f42d6834d0c5e407564f7 - - default default] Unable to schedule network 8bfd6a77-4631-49a7-8ba9-01379fc5f961: no agents available; will retry on subsequent port and subnet creation events.
2026-06-28 21:04:59.903 10 INFO neutron.db.ovn_revision_numbers_db [None req-f4711b8f-f263-4545-8cf4-7e9d45ce0f25 3ef7dcfcf2f04bc2b5097aa2acdf682e 3b38a3fd053f42d6834d0c5e407564f7 - - default default] Successfully bumped revision number for resource a376c0dc-47b0-422c-88b7-a1c5decbcab7 (type: ports) to 1
2026-06-28 21:04:59.922 10 INFO neutron.wsgi [None req-f4711b8f-f263-4545-8cf4-7e9d45ce0f25 3ef7dcfcf2f04bc2b5097aa2acdf682e 3b38a3fd053f42d6834d0c5e407564f7 - - default default] 10.0.0.226 "POST /v2.0/networks HTTP/1.1" status: 201 len: 830 time: 0.6048028
2026-06-28 21:04:59.932 10 WARNING neutron_lib.context [None req-b4dd64ec-b662-4f2e-ab38-2a807e70ee3c 3ef7dcfcf2f04bc2b5097aa2acdf682e 3b38a3fd053f42d6834d0c5e407564f7 - - default default] Method 'is_advsvc' is deprecated since 2023.2 release (neutron-lib 3.8.0) and will be removed once support for the old RBAC API policies will be removed from Neutron. Please use method 'is_service_role' instead.
2026-06-28 21:05:00.208 10 WARNING neutron.scheduler.dhcp_agent_scheduler [None req-b4dd64ec-b662-4f2e-ab38-2a807e70ee3c 3ef7dcfcf2f04bc2b5097aa2acdf682e 3b38a3fd053f42d6834d0c5e407564f7 - - default default] No more DHCP agents
2026-06-28 21:05:00.209 10 WARNING neutron.api.rpc.agentnotifiers.dhcp_rpc_agent_api [None req-b4dd64ec-b662-4f2e-ab38-2a807e70ee3c 3ef7dcfcf2f04bc2b5097aa2acdf682e 3b38a3fd053f42d6834d0c5e407564f7 - - default default] Unable to schedule network 8bfd6a77-4631-49a7-8ba9-01379fc5f961: no agents available; will retry on subsequent port and subnet creation events.
2026-06-28 21:05:00.292 10 INFO neutron.db.ovn_revision_numbers_db [None req-b4dd64ec-b662-4f2e-ab38-2a807e70ee3c 3ef7dcfcf2f04bc2b5097aa2acdf682e 3b38a3fd053f42d6834d0c5e407564f7 - - default default] Successfully bumped revision number for resource 633e885f-cbb9-46b8-a09e-42a483460e57 (type: ports) to 1
2026-06-28 21:05:00.315 10 INFO neutron.wsgi [None req-b4dd64ec-b662-4f2e-ab38-2a807e70ee3c 3ef7dcfcf2f04bc2b5097aa2acdf682e 3b38a3fd053f42d6834d0c5e407564f7 - - default default] 10.0.0.226 "POST /v2.0/ports HTTP/1.1" status: 201 len: 942 time: 0.3877814 /var/lib/openstack/lib/python3.10/site-packages/pycadf/identifier.py:71: UserWarning: Invalid uuid: neutron. To ensure interoperability, identifiers should be a valid uuid. warnings.warn(('Invalid uuid: %s. To ensure interoperability, '
2026-06-28 21:05:00.325 10 WARNING neutron_lib.context [None req-a49b6fea-cb9d-4434-bfc7-96a72638af0b 3ef7dcfcf2f04bc2b5097aa2acdf682e 3b38a3fd053f42d6834d0c5e407564f7 - - default default] Method 'is_advsvc' is deprecated since 2023.2 release (neutron-lib 3.8.0) and will be removed once support for the old RBAC API policies will be removed from Neutron. Please use method 'is_service_role' instead.
2026-06-28 21:05:00.422 9 INFO neutron.wsgi [None req-08e0b31f-e6f1-4612-9874-ed6d4008b12a cc9e96147b7444b1b7f7ffb4c8bbe94b 2f98a79d6a36460490b42f75937b03ca - - default default] 10.0.0.226 "DELETE /v2.0/floatingips/d9684271-9a0a-4cf4-b5c4-f73776efd71d HTTP/1.1" status: 204 len: 168 time: 0.6018751
2026-06-28 21:05:00.558 10 INFO neutron.wsgi [None req-a49b6fea-cb9d-4434-bfc7-96a72638af0b 3ef7dcfcf2f04bc2b5097aa2acdf682e 3b38a3fd053f42d6834d0c5e407564f7 - - default default] 10.0.0.226 "POST /v2.0/trunks HTTP/1.1" status: 201 len: 608 time: 0.2374728
2026-06-28 21:05:00.571 10 WARNING neutron_lib.context [None req-82be3307-7424-45ab-a578-5ada76446bb9 3ef7dcfcf2f04bc2b5097aa2acdf682e 3b38a3fd053f42d6834d0c5e407564f7 - - default default] Method 'is_advsvc' is deprecated since 2023.2 release (neutron-lib 3.8.0) and will be removed once support for the old RBAC API policies will be removed from Neutron. Please use method 'is_service_role' instead.
2026-06-28 21:05:00.668 10 INFO neutron.db.segments_db [None req-82be3307-7424-45ab-a578-5ada76446bb9 3ef7dcfcf2f04bc2b5097aa2acdf682e 3b38a3fd053f42d6834d0c5e407564f7 - - default default] Added segment ef0df67e-ad4c-4ae4-bd39-973f75936c49 of type geneve for network 0d4c681c-2785-4ef6-bcd9-498cb63561dd
2026-06-28 21:05:00.752 10 INFO neutron.notifiers.nova [-] Nova event matching ['req-d31f9e69-25a6-4262-98a6-ef521de841bd'] response: {'server_uuid': '86b7f050-ce74-4cc6-9004-c7143fe272a8', 'name': 'network-vif-plugged', 'status': 'completed', 'tag': '7f6f0845-4189-4d60-a125-33dadbf1fc1c', 'code': 200}
2026-06-28 21:05:00.808 10 INFO neutron.db.ovn_revision_numbers_db [None req-82be3307-7424-45ab-a578-5ada76446bb9 3ef7dcfcf2f04bc2b5097aa2acdf682e 3b38a3fd053f42d6834d0c5e407564f7 - - default default] Successfully bumped revision number for resource 0d4c681c-2785-4ef6-bcd9-498cb63561dd (type: networks) to 1
2026-06-28 21:05:00.949 9 INFO neutron.wsgi [None req-b702bbab-3545-47a1-b510-8bb24697f666 6fc1ce72f06d4bb58c4fb4a580789059 e72147b873f04025a8fbca04b1c56638 - - default default] 10.0.0.226 "DELETE /v2.0/security-groups/0b979202-727d-4982-9954-7c7fc560f0d2 HTTP/1.1" status: 204 len: 168 time: 0.1321831
2026-06-28 21:05:00.965 9 INFO neutron.api.v2.resource [None req-60abde8f-10bf-4f65-946b-72b0a294fb1a 6fc1ce72f06d4bb58c4fb4a580789059 e72147b873f04025a8fbca04b1c56638 - - default default] show failed (client error): The resource could not be found.
2026-06-28 21:05:00.967 9 INFO neutron.wsgi [None req-60abde8f-10bf-4f65-946b-72b0a294fb1a 6fc1ce72f06d4bb58c4fb4a580789059 e72147b873f04025a8fbca04b1c56638 - - default default] 10.0.0.226 "GET /v2.0/security-groups/0b979202-727d-4982-9954-7c7fc560f0d2 HTTP/1.1" status: 404 len: 347 time: 0.0115924
2026-06-28 21:05:00.984 10 WARNING neutron.scheduler.dhcp_agent_scheduler [None req-82be3307-7424-45ab-a578-5ada76446bb9 3ef7dcfcf2f04bc2b5097aa2acdf682e 3b38a3fd053f42d6834d0c5e407564f7 - - default default] No more DHCP agents
2026-06-28 21:05:00.989 10 WARNING neutron.api.rpc.agentnotifiers.dhcp_rpc_agent_api [None req-82be3307-7424-45ab-a578-5ada76446bb9 3ef7dcfcf2f04bc2b5097aa2acdf682e 3b38a3fd053f42d6834d0c5e407564f7 - - default default] Unable to schedule network 0d4c681c-2785-4ef6-bcd9-498cb63561dd: no agents available; will retry on subsequent port and subnet creation events.
2026-06-28 21:05:01.069 10 INFO neutron.db.ovn_revision_numbers_db [None req-82be3307-7424-45ab-a578-5ada76446bb9 3ef7dcfcf2f04bc2b5097aa2acdf682e 3b38a3fd053f42d6834d0c5e407564f7 - - default default] Successfully bumped revision number for resource 2c8af333-18a2-4167-944b-1d5f1c9803bf (type: ports) to 1
2026-06-28 21:05:01.102 10 INFO neutron.wsgi [None req-82be3307-7424-45ab-a578-5ada76446bb9 3ef7dcfcf2f04bc2b5097aa2acdf682e 3b38a3fd053f42d6834d0c5e407564f7 - - default default] 10.0.0.226 "POST /v2.0/networks HTTP/1.1" status: 201 len: 830 time: 0.5380511
2026-06-28 21:05:01.120 9 WARNING neutron_lib.context [None req-be5c159d-6c3a-487c-99c0-d374b35e6515 3ef7dcfcf2f04bc2b5097aa2acdf682e 3b38a3fd053f42d6834d0c5e407564f7 - - default default] Method 'is_advsvc' is deprecated since 2023.2 release (neutron-lib 3.8.0) and will be removed once support for the old RBAC API policies will be removed from Neutron. Please use method 'is_service_role' instead.
2026-06-28 21:05:01.387 9 INFO neutron.wsgi [None req-c562e939-f8eb-4afa-b0d3-feceb3dedafd 6fc1ce72f06d4bb58c4fb4a580789059 e72147b873f04025a8fbca04b1c56638 - - default default] 10.0.0.226 "DELETE /v2.0/floatingips/62640a6d-4153-4949-9b79-0b4e42d6ee34 HTTP/1.1" status: 204 len: 168 time: 0.4157095 /var/lib/openstack/lib/python3.10/site-packages/pycadf/identifier.py:71: UserWarning: Invalid uuid: neutron. To ensure interoperability, identifiers should be a valid uuid. warnings.warn(('Invalid uuid: %s. To ensure interoperability, '
2026-06-28 21:05:01.412 9 WARNING neutron.scheduler.dhcp_agent_scheduler [None req-be5c159d-6c3a-487c-99c0-d374b35e6515 3ef7dcfcf2f04bc2b5097aa2acdf682e 3b38a3fd053f42d6834d0c5e407564f7 - - default default] No more DHCP agents
2026-06-28 21:05:01.416 9 WARNING neutron.api.rpc.agentnotifiers.dhcp_rpc_agent_api [None req-be5c159d-6c3a-487c-99c0-d374b35e6515 3ef7dcfcf2f04bc2b5097aa2acdf682e 3b38a3fd053f42d6834d0c5e407564f7 - - default default] Unable to schedule network 0d4c681c-2785-4ef6-bcd9-498cb63561dd: no agents available; will retry on subsequent port and subnet creation events.
2026-06-28 21:05:01.463 10 INFO neutron.db.ovn_revision_numbers_db [None req-0bdad9a1-893c-41b6-bba2-41490101de90 dee7710eebe641e998a3146c11aaf224 0252989593b642ec99ca19ce4267a2c0 - - default default] Successfully bumped revision number for resource 4cea7dca-d712-4422-9e20-621bcf9728f6 (type: security_groups) to 1
2026-06-28 21:05:01.495 10 INFO neutron.db.ovn_revision_numbers_db [None req-0bdad9a1-893c-41b6-bba2-41490101de90 dee7710eebe641e998a3146c11aaf224 0252989593b642ec99ca19ce4267a2c0 - - default default] Successfully bumped revision number for resource 2d35b319-a37a-41d4-a8f2-8d570327b7b5 (type: security_group_rules) to 0
2026-06-28 21:05:01.514 9 INFO neutron.db.ovn_revision_numbers_db [None req-be5c159d-6c3a-487c-99c0-d374b35e6515 3ef7dcfcf2f04bc2b5097aa2acdf682e 3b38a3fd053f42d6834d0c5e407564f7 - - default default] Successfully bumped revision number for resource dc835a45-4612-449d-b0b8-eb468148d176 (type: ports) to 1
2026-06-28 21:05:01.520 10 INFO neutron.db.ovn_revision_numbers_db [None req-0bdad9a1-893c-41b6-bba2-41490101de90 dee7710eebe641e998a3146c11aaf224 0252989593b642ec99ca19ce4267a2c0 - - default default] Successfully bumped revision number for resource 3fd33d50-2b0c-4887-ad72-00c717134b48 (type: security_group_rules) to 0
2026-06-28 21:05:01.541 10 INFO neutron.db.ovn_revision_numbers_db [None req-0bdad9a1-893c-41b6-bba2-41490101de90 dee7710eebe641e998a3146c11aaf224 0252989593b642ec99ca19ce4267a2c0 - - default default] Successfully bumped revision number for resource 62dc2aa0-9f4f-4ec0-9d38-e09d5cb19c6a (type: security_group_rules) to 0
2026-06-28 21:05:01.556 10 INFO neutron.db.ovn_revision_numbers_db [None req-0bdad9a1-893c-41b6-bba2-41490101de90 dee7710eebe641e998a3146c11aaf224 0252989593b642ec99ca19ce4267a2c0 - - default default] Successfully bumped revision number for resource bcaa4545-5182-451a-a1d5-4b50ca28f875 (type: security_group_rules) to 0
2026-06-28 21:05:01.573 9 INFO neutron.wsgi [None req-be5c159d-6c3a-487c-99c0-d374b35e6515 3ef7dcfcf2f04bc2b5097aa2acdf682e 3b38a3fd053f42d6834d0c5e407564f7 - - default default] 10.0.0.226 "POST /v2.0/ports HTTP/1.1" status: 201 len: 942 time: 0.4670498 /var/lib/openstack/lib/python3.10/site-packages/pycadf/identifier.py:71: UserWarning: Invalid uuid: neutron. To ensure interoperability, identifiers should be a valid uuid. warnings.warn(('Invalid uuid: %s. To ensure interoperability, '
2026-06-28 21:05:01.586 9 WARNING neutron_lib.context [None req-b472697f-6ba9-4fb5-9ad7-eb39886a4743 3ef7dcfcf2f04bc2b5097aa2acdf682e 3b38a3fd053f42d6834d0c5e407564f7 - - default default] Method 'is_advsvc' is deprecated since 2023.2 release (neutron-lib 3.8.0) and will be removed once support for the old RBAC API policies will be removed from Neutron. Please use method 'is_service_role' instead.
2026-06-28 21:05:01.588 10 INFO neutron.wsgi [None req-0bdad9a1-893c-41b6-bba2-41490101de90 dee7710eebe641e998a3146c11aaf224 0252989593b642ec99ca19ce4267a2c0 - - default default] 10.0.0.226 "GET /v2.0/security-groups?tenant_id=2f98a79d6a36460490b42f75937b03ca&name=default HTTP/1.1" status: 200 len: 2996 time: 0.3883502
2026-06-28 21:05:01.600 9 INFO neutron.wsgi [None req-9fb3a22a-aaef-445c-a403-f713b42a909b 6fc1ce72f06d4bb58c4fb4a580789059 e72147b873f04025a8fbca04b1c56638 - - default default] 10.0.0.226 "DELETE /v2.0/security-groups/873f22d7-ce5c-469e-8497-3550809c7646 HTTP/1.1" status: 204 len: 168 time: 0.2060018
2026-06-28 21:05:01.796 10 INFO neutron.wsgi [None req-85fb48b2-5057-4e70-af39-e3071492a204 dee7710eebe641e998a3146c11aaf224 0252989593b642ec99ca19ce4267a2c0 - - default default] 10.0.0.226 "DELETE /v2.0/security-groups/4cea7dca-d712-4422-9e20-621bcf9728f6 HTTP/1.1" status: 204 len: 168 time: 0.2033350
2026-06-28 21:05:01.917 9 INFO neutron.wsgi [None req-b472697f-6ba9-4fb5-9ad7-eb39886a4743 3ef7dcfcf2f04bc2b5097aa2acdf682e 3b38a3fd053f42d6834d0c5e407564f7 - - default default] 10.0.0.226 "POST /v2.0/trunks HTTP/1.1" status: 201 len: 608 time: 0.3392065
2026-06-28 21:05:01.932 9 WARNING neutron_lib.context [None req-1848d58e-e8ea-4125-b7b6-05e0139d34b9 3ef7dcfcf2f04bc2b5097aa2acdf682e 3b38a3fd053f42d6834d0c5e407564f7 - - default default] Method 'is_advsvc' is deprecated since 2023.2 release (neutron-lib 3.8.0) and will be removed once support for the old RBAC API policies will be removed from Neutron. Please use method 'is_service_role' instead.
2026-06-28 21:05:02.028 10 INFO neutron.db.ovn_revision_numbers_db [None req-ebf78850-41fd-40d0-926e-5f5dd1342e07 dee7710eebe641e998a3146c11aaf224 0252989593b642ec99ca19ce4267a2c0 - - default default] Successfully bumped revision number for resource 463f903c-bb26-41e8-8a8e-3330cd6eac17 (type: security_groups) to 1
2026-06-28 21:05:02.035 9 INFO neutron.db.segments_db [None req-1848d58e-e8ea-4125-b7b6-05e0139d34b9 3ef7dcfcf2f04bc2b5097aa2acdf682e 3b38a3fd053f42d6834d0c5e407564f7 - - default default] Added segment da864d93-641b-4675-a2d8-f1b66bb25a9d of type geneve for network ebf2cfd7-20ee-4779-b0f0-7139d23b0f27
2026-06-28 21:05:02.040 10 INFO neutron.db.ovn_revision_numbers_db [None req-ebf78850-41fd-40d0-926e-5f5dd1342e07 dee7710eebe641e998a3146c11aaf224 0252989593b642ec99ca19ce4267a2c0 - - default default] Successfully bumped revision number for resource 47bbaa48-3cce-439f-86dc-d9c9765f7620 (type: security_group_rules) to 0
2026-06-28 21:05:02.053 10 INFO neutron.db.ovn_revision_numbers_db [None req-ebf78850-41fd-40d0-926e-5f5dd1342e07 dee7710eebe641e998a3146c11aaf224 0252989593b642ec99ca19ce4267a2c0 - - default default] Successfully bumped revision number for resource 8bf12012-520b-43df-b604-4e35b1692100 (type: security_group_rules) to 0
2026-06-28 21:05:02.065 10 INFO neutron.db.ovn_revision_numbers_db [None req-ebf78850-41fd-40d0-926e-5f5dd1342e07 dee7710eebe641e998a3146c11aaf224 0252989593b642ec99ca19ce4267a2c0 - - default default] Successfully bumped revision number for resource 90bf03ba-db67-4667-8e62-076fc60c2ab1 (type: security_group_rules) to 0
2026-06-28 21:05:02.077 10 INFO neutron.db.ovn_revision_numbers_db [None req-ebf78850-41fd-40d0-926e-5f5dd1342e07 dee7710eebe641e998a3146c11aaf224 0252989593b642ec99ca19ce4267a2c0 - - default default] Successfully bumped revision number for resource e6db729b-1a6d-419f-8585-a51df6feeb3c (type: security_group_rules) to 0
2026-06-28 21:05:02.102 10 INFO neutron.wsgi [None req-ebf78850-41fd-40d0-926e-5f5dd1342e07 dee7710eebe641e998a3146c11aaf224 0252989593b642ec99ca19ce4267a2c0 - - default default] 10.0.0.226 "GET /v2.0/security-groups?tenant_id=04f6e46dd6a24233a266694f58d86946&name=default HTTP/1.1" status: 200 len: 2996 time: 0.1936545
2026-06-28 21:05:02.205 9 INFO neutron.db.ovn_revision_numbers_db [None req-1848d58e-e8ea-4125-b7b6-05e0139d34b9 3ef7dcfcf2f04bc2b5097aa2acdf682e 3b38a3fd053f42d6834d0c5e407564f7 - - default default] Successfully bumped revision number for resource ebf2cfd7-20ee-4779-b0f0-7139d23b0f27 (type: networks) to 1
2026-06-28 21:05:02.307 10 INFO neutron.wsgi [None req-c809970b-4352-4fa2-b3db-b4f6f8b95e04 dee7710eebe641e998a3146c11aaf224 0252989593b642ec99ca19ce4267a2c0 - - default default] 10.0.0.226 "DELETE /v2.0/security-groups/463f903c-bb26-41e8-8a8e-3330cd6eac17 HTTP/1.1" status: 204 len: 168 time: 0.2019393
2026-06-28 21:05:02.442 9 WARNING neutron.scheduler.dhcp_agent_scheduler [None req-1848d58e-e8ea-4125-b7b6-05e0139d34b9 3ef7dcfcf2f04bc2b5097aa2acdf682e 3b38a3fd053f42d6834d0c5e407564f7 - - default default] No more DHCP agents
2026-06-28 21:05:02.445 9 WARNING neutron.api.rpc.agentnotifiers.dhcp_rpc_agent_api [None req-1848d58e-e8ea-4125-b7b6-05e0139d34b9 3ef7dcfcf2f04bc2b5097aa2acdf682e 3b38a3fd053f42d6834d0c5e407564f7 - - default default] Unable to schedule network ebf2cfd7-20ee-4779-b0f0-7139d23b0f27: no agents available; will retry on subsequent port and subnet creation events.
2026-06-28 21:05:02.547 9 INFO neutron.db.ovn_revision_numbers_db [None req-1848d58e-e8ea-4125-b7b6-05e0139d34b9 3ef7dcfcf2f04bc2b5097aa2acdf682e 3b38a3fd053f42d6834d0c5e407564f7 - - default default] Successfully bumped revision number for resource cad85a56-881e-4110-9f69-5535d36fddd3 (type: ports) to 1
2026-06-28 21:05:02.592 9 INFO neutron.wsgi [None req-1848d58e-e8ea-4125-b7b6-05e0139d34b9 3ef7dcfcf2f04bc2b5097aa2acdf682e 3b38a3fd053f42d6834d0c5e407564f7 - - default default] 10.0.0.226 "POST /v2.0/networks HTTP/1.1" status: 201 len: 831 time: 0.6710443
2026-06-28 21:05:02.603 9 WARNING neutron_lib.context [None req-5737ce93-4b42-41a4-8e19-bd4e7d9e5c84 3ef7dcfcf2f04bc2b5097aa2acdf682e 3b38a3fd053f42d6834d0c5e407564f7 - - default default] Method 'is_advsvc' is deprecated since 2023.2 release (neutron-lib 3.8.0) and will be removed once support for the old RBAC API policies will be removed from Neutron. Please use method 'is_service_role' instead.
2026-06-28 21:05:03.136 9 WARNING neutron.scheduler.dhcp_agent_scheduler [None req-5737ce93-4b42-41a4-8e19-bd4e7d9e5c84 3ef7dcfcf2f04bc2b5097aa2acdf682e 3b38a3fd053f42d6834d0c5e407564f7 - - default default] No more DHCP agents
2026-06-28 21:05:03.140 9 WARNING neutron.api.rpc.agentnotifiers.dhcp_rpc_agent_api [None req-5737ce93-4b42-41a4-8e19-bd4e7d9e5c84 3ef7dcfcf2f04bc2b5097aa2acdf682e 3b38a3fd053f42d6834d0c5e407564f7 - - default default] Unable to schedule network ebf2cfd7-20ee-4779-b0f0-7139d23b0f27: no agents available; will retry on subsequent port and subnet creation events.
2026-06-28 21:05:03.263 9 INFO neutron.db.ovn_revision_numbers_db [None req-5737ce93-4b42-41a4-8e19-bd4e7d9e5c84 3ef7dcfcf2f04bc2b5097aa2acdf682e 3b38a3fd053f42d6834d0c5e407564f7 - - default default] Successfully bumped revision number for resource 36270a23-acbc-4b60-87da-c285a7e4a2bb (type: ports) to 1
2026-06-28 21:05:03.318 9 INFO neutron.wsgi [None req-5737ce93-4b42-41a4-8e19-bd4e7d9e5c84 3ef7dcfcf2f04bc2b5097aa2acdf682e 3b38a3fd053f42d6834d0c5e407564f7 - - default default] 10.0.0.226 "POST /v2.0/ports HTTP/1.1" status: 201 len: 942 time: 0.7198095 /var/lib/openstack/lib/python3.10/site-packages/pycadf/identifier.py:71: UserWarning: Invalid uuid: neutron. To ensure interoperability, identifiers should be a valid uuid. warnings.warn(('Invalid uuid: %s. To ensure interoperability, '
2026-06-28 21:05:03.331 9 WARNING neutron_lib.context [None req-bcbf3abb-4919-4204-ae86-fb457bbe2170 3ef7dcfcf2f04bc2b5097aa2acdf682e 3b38a3fd053f42d6834d0c5e407564f7 - - default default] Method 'is_advsvc' is deprecated since 2023.2 release (neutron-lib 3.8.0) and will be removed once support for the old RBAC API policies will be removed from Neutron. Please use method 'is_service_role' instead.
2026-06-28 21:05:03.339 9 INFO neutron.wsgi [None req-1a317093-344c-43d8-b843-c8327ca0453b dee7710eebe641e998a3146c11aaf224 0252989593b642ec99ca19ce4267a2c0 - - default default] 10.0.0.226 "PUT /v2.0/routers/cbed9f10-0b0f-4bc6-9e97-46b6185a3c72/remove_router_interface HTTP/1.1" status: 200 len: 503 time: 1.6849830
2026-06-28 21:05:03.554 9 INFO neutron.wsgi [None req-bcbf3abb-4919-4204-ae86-fb457bbe2170 3ef7dcfcf2f04bc2b5097aa2acdf682e 3b38a3fd053f42d6834d0c5e407564f7 - - default default] 10.0.0.226 "POST /v2.0/trunks HTTP/1.1" status: 201 len: 608 time: 0.2293465
2026-06-28 21:05:03.565 9 WARNING neutron_lib.context [None req-e07ca84a-556c-462b-8dbd-ff367641ba0d 3ef7dcfcf2f04bc2b5097aa2acdf682e 3b38a3fd053f42d6834d0c5e407564f7 - - default default] Method 'is_advsvc' is deprecated since 2023.2 release (neutron-lib 3.8.0) and will be removed once support for the old RBAC API policies will be removed from Neutron. Please use method 'is_service_role' instead.
2026-06-28 21:05:03.648 9 INFO neutron.db.segments_db [None req-e07ca84a-556c-462b-8dbd-ff367641ba0d 3ef7dcfcf2f04bc2b5097aa2acdf682e 3b38a3fd053f42d6834d0c5e407564f7 - - default default] Added segment 106833dc-67ad-4d1c-b51e-47d6d83e4cca of type geneve for network c03f031c-9324-4a9b-b06e-bcb6359cc831
2026-06-28 21:05:03.794 9 INFO neutron.db.ovn_revision_numbers_db [None req-e07ca84a-556c-462b-8dbd-ff367641ba0d 3ef7dcfcf2f04bc2b5097aa2acdf682e 3b38a3fd053f42d6834d0c5e407564f7 - - default default] Successfully bumped revision number for resource c03f031c-9324-4a9b-b06e-bcb6359cc831 (type: networks) to 1
2026-06-28 21:05:03.992 9 WARNING neutron.scheduler.dhcp_agent_scheduler [None req-e07ca84a-556c-462b-8dbd-ff367641ba0d 3ef7dcfcf2f04bc2b5097aa2acdf682e 3b38a3fd053f42d6834d0c5e407564f7 - - default default] No more DHCP agents
2026-06-28 21:05:03.994 9 WARNING neutron.api.rpc.agentnotifiers.dhcp_rpc_agent_api [None req-e07ca84a-556c-462b-8dbd-ff367641ba0d 3ef7dcfcf2f04bc2b5097aa2acdf682e 3b38a3fd053f42d6834d0c5e407564f7 - - default default] Unable to schedule network c03f031c-9324-4a9b-b06e-bcb6359cc831: no agents available; will retry on subsequent port and subnet creation events.
2026-06-28 21:05:04.109 9 INFO neutron.db.ovn_revision_numbers_db [None req-e07ca84a-556c-462b-8dbd-ff367641ba0d 3ef7dcfcf2f04bc2b5097aa2acdf682e 3b38a3fd053f42d6834d0c5e407564f7 - - default default] Successfully bumped revision number for resource c5510df0-b830-4144-be95-f6931eaf455c (type: ports) to 1
2026-06-28 21:05:04.132 9 INFO neutron.wsgi [None req-e07ca84a-556c-462b-8dbd-ff367641ba0d 3ef7dcfcf2f04bc2b5097aa2acdf682e 3b38a3fd053f42d6834d0c5e407564f7 - - default default] 10.0.0.226 "POST /v2.0/networks HTTP/1.1" status: 201 len: 830 time: 0.5715528
2026-06-28 21:05:04.143 9 WARNING neutron_lib.context [None req-97495d99-e19f-4687-ad90-f3b767d5fd76 3ef7dcfcf2f04bc2b5097aa2acdf682e 3b38a3fd053f42d6834d0c5e407564f7 - - default default] Method 'is_advsvc' is deprecated since 2023.2 release (neutron-lib 3.8.0) and will be removed once support for the old RBAC API policies will be removed from Neutron. Please use method 'is_service_role' instead.
2026-06-28 21:05:04.400 9 WARNING neutron.scheduler.dhcp_agent_scheduler [None req-97495d99-e19f-4687-ad90-f3b767d5fd76 3ef7dcfcf2f04bc2b5097aa2acdf682e 3b38a3fd053f42d6834d0c5e407564f7 - - default default] No more DHCP agents
2026-06-28 21:05:04.402 9 WARNING neutron.api.rpc.agentnotifiers.dhcp_rpc_agent_api [None req-97495d99-e19f-4687-ad90-f3b767d5fd76 3ef7dcfcf2f04bc2b5097aa2acdf682e 3b38a3fd053f42d6834d0c5e407564f7 - - default default] Unable to schedule network c03f031c-9324-4a9b-b06e-bcb6359cc831: no agents available; will retry on subsequent port and subnet creation events.
2026-06-28 21:05:04.419 10 INFO neutron.wsgi [None req-5d9e29b2-b97d-449f-bde7-8579107088ce dee7710eebe641e998a3146c11aaf224 0252989593b642ec99ca19ce4267a2c0 - - default default] 10.0.0.226 "DELETE /v2.0/routers/cbed9f10-0b0f-4bc6-9e97-46b6185a3c72 HTTP/1.1" status: 204 len: 168 time: 1.0742846
2026-06-28 21:05:04.500 9 INFO neutron.db.ovn_revision_numbers_db [None req-97495d99-e19f-4687-ad90-f3b767d5fd76 3ef7dcfcf2f04bc2b5097aa2acdf682e 3b38a3fd053f42d6834d0c5e407564f7 - - default default] Successfully bumped revision number for resource 2d01c2de-2b61-4507-a1a9-e3c30cf49a05 (type: ports) to 1
2026-06-28 21:05:04.528 9 INFO neutron.wsgi [None req-97495d99-e19f-4687-ad90-f3b767d5fd76 3ef7dcfcf2f04bc2b5097aa2acdf682e 3b38a3fd053f42d6834d0c5e407564f7 - - default default] 10.0.0.226 "POST /v2.0/ports HTTP/1.1" status: 201 len: 942 time: 0.3910854 /var/lib/openstack/lib/python3.10/site-packages/pycadf/identifier.py:71: UserWarning: Invalid uuid: neutron. To ensure interoperability, identifiers should be a valid uuid. warnings.warn(('Invalid uuid: %s. To ensure interoperability, '
2026-06-28 21:05:04.541 9 WARNING neutron_lib.context [None req-09978585-5d2f-47e0-9b79-614bb5eb6d4b 3ef7dcfcf2f04bc2b5097aa2acdf682e 3b38a3fd053f42d6834d0c5e407564f7 - - default default] Method 'is_advsvc' is deprecated since 2023.2 release (neutron-lib 3.8.0) and will be removed once support for the old RBAC API policies will be removed from Neutron. Please use method 'is_service_role' instead.
2026-06-28 21:05:04.685 10 INFO neutron.wsgi [None req-2cf029aa-30b3-4009-ba0d-fc1ad3585872 dee7710eebe641e998a3146c11aaf224 0252989593b642ec99ca19ce4267a2c0 - - default default] 10.0.0.226 "DELETE /v2.0/subnets/29e5207b-68dd-49b0-bf39-68fc6cc87acd HTTP/1.1" status: 204 len: 168 time: 0.2548923
2026-06-28 21:05:04.745 9 INFO neutron.wsgi [None req-09978585-5d2f-47e0-9b79-614bb5eb6d4b 3ef7dcfcf2f04bc2b5097aa2acdf682e 3b38a3fd053f42d6834d0c5e407564f7 - - default default] 10.0.0.226 "POST /v2.0/trunks HTTP/1.1" status: 201 len: 608 time: 0.2102051
2026-06-28 21:05:04.804 9 INFO neutron.wsgi [None req-dfaf6c28-f5b8-47ed-8b47-89bff90200ed 3ef7dcfcf2f04bc2b5097aa2acdf682e 3b38a3fd053f42d6834d0c5e407564f7 - - default default] 10.0.0.226 "PUT /v2.0/trunks/830d34af-e126-44bc-b4d3-20087291111f/tags HTTP/1.1" status: 200 len: 210 time: 0.0457802
2026-06-28 21:05:04.841 9 INFO neutron.wsgi [None req-1f74da6a-538f-4bd7-ac71-3759a513a795 3ef7dcfcf2f04bc2b5097aa2acdf682e 3b38a3fd053f42d6834d0c5e407564f7 - - default default] 10.0.0.226 "PUT /v2.0/trunks/2737bd1f-08e2-4297-9247-51dd57ba46f8/tags HTTP/1.1" status: 200 len: 218 time: 0.0277104
2026-06-28 21:05:04.893 9 INFO neutron.wsgi [None req-fa76aecc-6dfa-4d23-8c87-79bfe996bec2 3ef7dcfcf2f04bc2b5097aa2acdf682e 3b38a3fd053f42d6834d0c5e407564f7 - - default default] 10.0.0.226 "PUT /v2.0/trunks/0534b10d-3c30-4539-83ed-da1e60f77ae4/tags HTTP/1.1" status: 200 len: 227 time: 0.0431924
2026-06-28 21:05:04.933 9 INFO neutron.wsgi [None req-4e4877d1-2743-4bee-aa0e-4c8072e860c3 3ef7dcfcf2f04bc2b5097aa2acdf682e 3b38a3fd053f42d6834d0c5e407564f7 - - default default] 10.0.0.226 "PUT /v2.0/trunks/433c4567-be1d-4c60-bf3a-14332513284a/tags HTTP/1.1" status: 200 len: 212 time: 0.0354569
2026-06-28 21:05:04.966 9 INFO neutron.wsgi [None req-e22e347c-0fff-44bb-be0b-a13f5d74b564 3ef7dcfcf2f04bc2b5097aa2acdf682e 3b38a3fd053f42d6834d0c5e407564f7 - - default default] 10.0.0.226 "GET /v2.0/trunks?tags=red HTTP/1.1" status: 200 len: 1447 time: 0.0245192
2026-06-28 21:05:05.017 10 INFO neutron.wsgi [None req-5e2ee0e7-0000-4262-ac17-1ba43fcd11b4 3ef7dcfcf2f04bc2b5097aa2acdf682e 3b38a3fd053f42d6834d0c5e407564f7 - - default default] 10.0.0.226 "GET /v2.0/trunks?tags=red%2Cblue HTTP/1.1" status: 200 len: 1041 time: 0.0459900
2026-06-28 21:05:05.047 10 INFO neutron.wsgi [None req-85b49b7a-22fd-4336-be13-72ccd8b4b691 3ef7dcfcf2f04bc2b5097aa2acdf682e 3b38a3fd053f42d6834d0c5e407564f7 - - default default] 10.0.0.226 "GET /v2.0/trunks?tags-any=blue HTTP/1.1" status: 200 len: 1041 time: 0.0240932
2026-06-28 21:05:05.082 10 INFO neutron.wsgi [None req-1c83cd92-e1bd-4ff1-8c3f-fba5d69a436d 3ef7dcfcf2f04bc2b5097aa2acdf682e 3b38a3fd053f42d6834d0c5e407564f7 - - default default] 10.0.0.226 "GET /v2.0/trunks?tags-any=red%2Cblue HTTP/1.1" status: 200 len: 1447 time: 0.0294051
2026-06-28 21:05:05.113 9 INFO neutron.wsgi [None req-b225bdfc-1951-4c3d-8ec7-524dad567963 3ef7dcfcf2f04bc2b5097aa2acdf682e 3b38a3fd053f42d6834d0c5e407564f7 - - default default] 10.0.0.226 "GET /v2.0/trunks?not-tags=red HTTP/1.1" status: 200 len: 1013 time: 0.0265379
2026-06-28 21:05:05.116 10 INFO neutron.services.segments.plugin [-] Segment cd060f7a-ef3b-4049-b7f1-4a317f8ae50f resource provider aggregate not found
2026-06-28 21:05:05.122 10 INFO neutron.services.segments.plugin [-] Segment cd060f7a-ef3b-4049-b7f1-4a317f8ae50f resource provider aggregate not found
2026-06-28 21:05:05.134 10 INFO neutron.services.segments.plugin [-] Segment cd060f7a-ef3b-4049-b7f1-4a317f8ae50f resource provider not found; error: Placement Client Error (4xx): {"errors": [{"status": 404, "title": "Not Found", "detail": "The resource could not be found.\n\n No resource provider with uuid cd060f7a-ef3b-4049-b7f1-4a317f8ae50f found for delete ", "request_id": "req-160a2bf9-8787-4766-ade7-d5c72e2e041d"}]}
2026-06-28 21:05:05.136 10 INFO neutron.services.segments.plugin [-] Segment cd060f7a-ef3b-4049-b7f1-4a317f8ae50f resource provider not found; error: Placement Client Error (4xx): {"errors": [{"status": 404, "title": "Not Found", "detail": "The resource could not be found.\n\n No resource provider with uuid cd060f7a-ef3b-4049-b7f1-4a317f8ae50f found for delete ", "request_id": "req-e5e80606-05fc-40a6-9b3a-2839337424f0"}]}
2026-06-28 21:05:05.152 9 INFO neutron.wsgi [None req-14010d16-0fe1-4456-b532-6e1f600d82bc 3ef7dcfcf2f04bc2b5097aa2acdf682e 3b38a3fd053f42d6834d0c5e407564f7 - - default default] 10.0.0.226 "GET /v2.0/trunks?not-tags=red%2Cblue HTTP/1.1" status: 200 len: 1419 time: 0.0311298
2026-06-28 21:05:05.157 10 INFO neutron.wsgi [None req-4dc4c090-fda9-45e6-9005-3289683c06bc dee7710eebe641e998a3146c11aaf224 0252989593b642ec99ca19ce4267a2c0 - - default default] 10.0.0.226 "DELETE /v2.0/networks/39b37220-196c-44d6-a551-ab1d06dbcb11 HTTP/1.1" status: 204 len: 168 time: 0.4677513
2026-06-28 21:05:05.186 9 INFO neutron.wsgi [None req-e52d5e87-0ae3-4e55-85ae-df2eac5cfcaa 3ef7dcfcf2f04bc2b5097aa2acdf682e 3b38a3fd053f42d6834d0c5e407564f7 - - default default] 10.0.0.226 "GET /v2.0/trunks?not-tags-any=blue HTTP/1.1" status: 200 len: 1419 time: 0.0253940
2026-06-28 21:05:05.219 10 INFO neutron.wsgi [None req-cce4d6fb-d6e5-474e-a567-30d2f57b9729 3ef7dcfcf2f04bc2b5097aa2acdf682e 3b38a3fd053f42d6834d0c5e407564f7 - - default default] 10.0.0.226 "GET /v2.0/trunks?not-tags-any=red%2Cblue HTTP/1.1" status: 200 len: 1013 time: 0.0286648
2026-06-28 21:05:05.260 9 INFO neutron.wsgi [None req-7ae5270a-a8d6-4753-9d3a-c44c5eb5d3ef 3ef7dcfcf2f04bc2b5097aa2acdf682e 3b38a3fd053f42d6834d0c5e407564f7 - - default default] 10.0.0.226 "GET /v2.0/trunks/830d34af-e126-44bc-b4d3-20087291111f HTTP/1.1" status: 200 len: 608 time: 0.0276701
2026-06-28 21:05:05.357 9 INFO neutron.wsgi [None req-11b8e22a-9de9-4ade-b267-3e2e8f7e3340 3ef7dcfcf2f04bc2b5097aa2acdf682e 3b38a3fd053f42d6834d0c5e407564f7 - - default default] 10.0.0.226 "GET /v2.0/ports/040fddda-3ea6-490d-846c-41a5bbb328d8 HTTP/1.1" status: 200 len: 1020 time: 0.0936136
2026-06-28 21:05:05.442 9 INFO neutron.wsgi [None req-120cb0a8-1ed4-4861-8249-882a53384415 3ef7dcfcf2f04bc2b5097aa2acdf682e 3b38a3fd053f42d6834d0c5e407564f7 - - default default] 10.0.0.226 "DELETE /v2.0/trunks/830d34af-e126-44bc-b4d3-20087291111f HTTP/1.1" status: 204 len: 168 time: 0.0816805
2026-06-28 21:05:05.470 9 INFO neutron.wsgi [None req-425f971d-a11b-4c6e-b902-a4b45a499f7f 3ef7dcfcf2f04bc2b5097aa2acdf682e 3b38a3fd053f42d6834d0c5e407564f7 - - default default] 10.0.0.226 "GET /v2.0/trunks/2737bd1f-08e2-4297-9247-51dd57ba46f8 HTTP/1.1" status: 200 len: 616 time: 0.0216620
2026-06-28 21:05:05.570 9 INFO neutron.wsgi [None req-45185c47-cafd-47d1-99a9-d1a958056dc7 3ef7dcfcf2f04bc2b5097aa2acdf682e 3b38a3fd053f42d6834d0c5e407564f7 - - default default] 10.0.0.226 "GET /v2.0/ports/633e885f-cbb9-46b8-a09e-42a483460e57 HTTP/1.1" status: 200 len: 1020 time: 0.0955653
2026-06-28 21:05:05.651 9 INFO neutron.wsgi [None req-27482161-d70b-44fd-a66c-d4ccc186a623 3ef7dcfcf2f04bc2b5097aa2acdf682e 3b38a3fd053f42d6834d0c5e407564f7 - - default default] 10.0.0.226 "DELETE /v2.0/trunks/2737bd1f-08e2-4297-9247-51dd57ba46f8 HTTP/1.1" status: 204 len: 168 time: 0.0753009
2026-06-28 21:05:05.682 10 INFO neutron.wsgi [None req-4f5aa9d9-e4bb-41df-8dc0-4265d55b4e01 3ef7dcfcf2f04bc2b5097aa2acdf682e 3b38a3fd053f42d6834d0c5e407564f7 - - default default] 10.0.0.226 "GET /v2.0/trunks/0534b10d-3c30-4539-83ed-da1e60f77ae4 HTTP/1.1" status: 200 len: 625 time: 0.0217817
2026-06-28 21:05:05.804 9 INFO neutron.wsgi [None req-97b1b7cd-9589-4346-88cd-ceb814800947 3ef7dcfcf2f04bc2b5097aa2acdf682e 3b38a3fd053f42d6834d0c5e407564f7 - - default default] 10.0.0.226 "GET /v2.0/ports/dc835a45-4612-449d-b0b8-eb468148d176 HTTP/1.1" status: 200 len: 1020 time: 0.1142757
