2026-06-28 21:03:54.794 9 WARNING neutron.api.rpc.agentnotifiers.dhcp_rpc_agent_api [None req-89f0646f-5653-440c-9a83-e581014b354d dee7710eebe641e998a3146c11aaf224 0252989593b642ec99ca19ce4267a2c0 - - default default] Unable to schedule network 2c6fd478-c22e-439f-ac00-38e4dfb6c32d: no agents available; will retry on subsequent port and subnet creation events.
2026-06-28 21:03:54.885 9 INFO neutron.db.ovn_revision_numbers_db [None req-89f0646f-5653-440c-9a83-e581014b354d dee7710eebe641e998a3146c11aaf224 0252989593b642ec99ca19ce4267a2c0 - - default default] Successfully bumped revision number for resource 3ab5bee1-74c9-44d5-82c9-fa0be2b72297 (type: ports) to 1
2026-06-28 21:03:54.890 10 WARNING neutron.scheduler.dhcp_agent_scheduler [None req-c1e8d977-5192-4418-a8be-ba50d876eea6 0f0d24f97fa347d090005439bfafe7cb 453e8b2f9ea14108b29b8f34b9f3a690 - - default default] No more DHCP agents
2026-06-28 21:03:54.894 10 WARNING neutron.api.rpc.agentnotifiers.dhcp_rpc_agent_api [None req-c1e8d977-5192-4418-a8be-ba50d876eea6 0f0d24f97fa347d090005439bfafe7cb 453e8b2f9ea14108b29b8f34b9f3a690 - - default default] Unable to schedule network 489f672b-34ef-46b7-9d6b-0773c038e0b8: no agents available; will retry on subsequent port and subnet creation events.
2026-06-28 21:03:54.902 9 INFO neutron.wsgi [None req-89f0646f-5653-440c-9a83-e581014b354d dee7710eebe641e998a3146c11aaf224 0252989593b642ec99ca19ce4267a2c0 - - default default] 10.0.0.226 "POST /v2.0/networks HTTP/1.1" status: 201 len: 943 time: 1.0912008
2026-06-28 21:03:54.997 9 INFO neutron.wsgi [None req-ee0cf57f-e6a2-4993-b82f-f29a76c8f101 62a0c7c6adac41478c29a34513fdc641 e05a6a0d1dfe45129194d69d196008d1 - - default default] 10.0.0.226 "GET /v2.0/networks/d4d29711-c72e-46e0-94b9-8204a00d8143 HTTP/1.1" status: 200 len: 848 time: 0.1866775
2026-06-28 21:03:55.077 10 INFO neutron.db.ovn_revision_numbers_db [None req-c1e8d977-5192-4418-a8be-ba50d876eea6 0f0d24f97fa347d090005439bfafe7cb 453e8b2f9ea14108b29b8f34b9f3a690 - - default default] Successfully bumped revision number for resource ac1c3b9a-3da5-4336-a12a-63e00734bb34 (type: ports) to 1
2026-06-28 21:03:55.079 9 WARNING neutron.scheduler.dhcp_agent_scheduler [None req-5f427df4-4541-4908-bc86-1601d7feb07b dee7710eebe641e998a3146c11aaf224 0252989593b642ec99ca19ce4267a2c0 - - default default] No more DHCP agents
2026-06-28 21:03:55.082 9 WARNING neutron.api.rpc.agentnotifiers.dhcp_rpc_agent_api [None req-5f427df4-4541-4908-bc86-1601d7feb07b dee7710eebe641e998a3146c11aaf224 0252989593b642ec99ca19ce4267a2c0 - - default default] Unable to schedule network 2c6fd478-c22e-439f-ac00-38e4dfb6c32d: no agents available; will retry on subsequent port and subnet creation events.
2026-06-28 21:03:55.404 10 INFO neutron.pecan_wsgi.hooks.translation [None req-8fe48107-3f68-4a5f-9c2c-f2ad640e1e07 b3681b1db5bc4aab91d60f441b95272a 21a90fa23c394237917a20577e2a771e - - default default] GET failed (client error): The resource could not be found.
2026-06-28 21:03:55.406 10 INFO neutron.wsgi [None req-8fe48107-3f68-4a5f-9c2c-f2ad640e1e07 b3681b1db5bc4aab91d60f441b95272a 21a90fa23c394237917a20577e2a771e - - default default] 10.0.0.226 "GET /v2.0/networks/d4d29711-c72e-46e0-94b9-8204a00d8143 HTTP/1.1" status: 404 len: 339 time: 0.0743489
2026-06-28 21:03:55.453 10 INFO neutron.plugins.ml2.drivers.ovn.mech_driver.mech_driver [None req-6780a589-b035-40c3-ba27-903bf3bdde07 - - - - - -] OVN reports status up for port: ac1c3b9a-3da5-4336-a12a-63e00734bb34
2026-06-28 21:03:55.488 10 INFO neutron.plugins.ml2.plugin [None req-6780a589-b035-40c3-ba27-903bf3bdde07 - - - - - -] Attempt 1 to provision port ac1c3b9a-3da5-4336-a12a-63e00734bb34
2026-06-28 21:03:55.518 10 INFO neutron.db.ovn_revision_numbers_db [None req-c1e8d977-5192-4418-a8be-ba50d876eea6 0f0d24f97fa347d090005439bfafe7cb 453e8b2f9ea14108b29b8f34b9f3a690 - - default default] Successfully bumped revision number for resource ac1c3b9a-3da5-4336-a12a-63e00734bb34 (type: router_ports) to 1
2026-06-28 21:03:55.585 9 INFO neutron.db.ovn_revision_numbers_db [None req-5f427df4-4541-4908-bc86-1601d7feb07b dee7710eebe641e998a3146c11aaf224 0252989593b642ec99ca19ce4267a2c0 - - default default] Successfully bumped revision number for resource 3ab5bee1-74c9-44d5-82c9-fa0be2b72297 (type: ports) to 2
2026-06-28 21:03:55.623 9 INFO neutron.db.ovn_revision_numbers_db [None req-5f427df4-4541-4908-bc86-1601d7feb07b dee7710eebe641e998a3146c11aaf224 0252989593b642ec99ca19ce4267a2c0 - - default default] Successfully bumped revision number for resource be49f2a9-7194-400a-af07-4987ce8bb4bd (type: subnets) to 0
2026-06-28 21:03:55.638 9 INFO neutron.wsgi [None req-5f427df4-4541-4908-bc86-1601d7feb07b dee7710eebe641e998a3146c11aaf224 0252989593b642ec99ca19ce4267a2c0 - - default default] 10.0.0.226 "POST /v2.0/subnets HTTP/1.1" status: 201 len: 863 time: 0.7315273
2026-06-28 21:03:55.810 10 INFO neutron.db.ovn_revision_numbers_db [None req-c1e8d977-5192-4418-a8be-ba50d876eea6 0f0d24f97fa347d090005439bfafe7cb 453e8b2f9ea14108b29b8f34b9f3a690 - - default default] Successfully bumped revision number for resource ac1c3b9a-3da5-4336-a12a-63e00734bb34 (type: ports) to 1
2026-06-28 21:03:55.956 10 WARNING neutron.scheduler.dhcp_agent_scheduler [None req-c1e8d977-5192-4418-a8be-ba50d876eea6 0f0d24f97fa347d090005439bfafe7cb 453e8b2f9ea14108b29b8f34b9f3a690 - - default default] No more DHCP agents
2026-06-28 21:03:55.960 10 WARNING neutron.api.rpc.agentnotifiers.dhcp_rpc_agent_api [None req-c1e8d977-5192-4418-a8be-ba50d876eea6 0f0d24f97fa347d090005439bfafe7cb 453e8b2f9ea14108b29b8f34b9f3a690 - - default default] Unable to schedule network 489f672b-34ef-46b7-9d6b-0773c038e0b8: no agents available; will retry on subsequent port and subnet creation events.
2026-06-28 21:03:55.965 10 INFO neutron.db.ovn_revision_numbers_db [None req-6780a589-b035-40c3-ba27-903bf3bdde07 - - - - - -] Successfully bumped revision number for resource ac1c3b9a-3da5-4336-a12a-63e00734bb34 (type: ports) to 2
2026-06-28 21:03:56.072 9 WARNING neutron.scheduler.dhcp_agent_scheduler [None req-e5d23b43-6d40-4996-a9bb-42090b704c5a dee7710eebe641e998a3146c11aaf224 0252989593b642ec99ca19ce4267a2c0 - - default default] No more DHCP agents
2026-06-28 21:03:56.075 9 WARNING neutron.api.rpc.agentnotifiers.dhcp_rpc_agent_api [None req-e5d23b43-6d40-4996-a9bb-42090b704c5a dee7710eebe641e998a3146c11aaf224 0252989593b642ec99ca19ce4267a2c0 - - default default] Unable to schedule network 4ea9bd8f-e56b-4845-914f-cd1f40212904: no agents available; will retry on subsequent port and subnet creation events.
2026-06-28 21:03:56.122 10 INFO neutron.db.ovn_revision_numbers_db [None req-6780a589-b035-40c3-ba27-903bf3bdde07 - - - - - -] Successfully bumped revision number for resource ac1c3b9a-3da5-4336-a12a-63e00734bb34 (type: router_ports) to 2
2026-06-28 21:03:56.208 9 INFO neutron.db.ovn_revision_numbers_db [None req-e5d23b43-6d40-4996-a9bb-42090b704c5a dee7710eebe641e998a3146c11aaf224 0252989593b642ec99ca19ce4267a2c0 - - default default] Successfully bumped revision number for resource 614acada-3155-4cbd-b11c-25748153aeb6 (type: ports) to 1
2026-06-28 21:03:56.219 10 INFO neutron.db.ovn_revision_numbers_db [None req-c1e8d977-5192-4418-a8be-ba50d876eea6 0f0d24f97fa347d090005439bfafe7cb 453e8b2f9ea14108b29b8f34b9f3a690 - - default default] Successfully bumped revision number for resource ac1c3b9a-3da5-4336-a12a-63e00734bb34 (type: router_ports) to 2
2026-06-28 21:03:56.221 10 INFO neutron.wsgi [None req-c1e8d977-5192-4418-a8be-ba50d876eea6 0f0d24f97fa347d090005439bfafe7cb 453e8b2f9ea14108b29b8f34b9f3a690 - - default default] 10.0.0.226 "PUT /v2.0/routers/2ad8200c-25e1-44f7-8321-d9959837bee8/add_router_interface HTTP/1.1" status: 200 len: 503 time: 1.9545765
2026-06-28 21:03:56.283 10 INFO neutron.wsgi [None req-f646694b-dff2-4cf5-99af-e762b6b46547 0f0d24f97fa347d090005439bfafe7cb 453e8b2f9ea14108b29b8f34b9f3a690 - - default default] 10.0.0.226 "GET /v2.0/ports/ac1c3b9a-3da5-4336-a12a-63e00734bb34 HTTP/1.1" status: 200 len: 1137 time: 0.0565557
2026-06-28 21:03:56.342 10 INFO neutron.services.segments.plugin [-] Segment 717b235c-c4e9-47a4-ad41-901ec9571011 resource provider aggregate not found
2026-06-28 21:03:56.351 10 INFO neutron.wsgi [None req-af4e5662-0397-4e7c-9fbb-d2adbd5fb42f 0f0d24f97fa347d090005439bfafe7cb 453e8b2f9ea14108b29b8f34b9f3a690 - - default default] 10.0.0.226 "GET /v2.0/ports/ac1c3b9a-3da5-4336-a12a-63e00734bb34 HTTP/1.1" status: 200 len: 1137 time: 0.0622995
2026-06-28 21:03:56.354 10 INFO neutron.services.segments.plugin [-] Segment 717b235c-c4e9-47a4-ad41-901ec9571011 resource provider aggregate not found
2026-06-28 21:03:56.367 10 INFO neutron.services.segments.plugin [-] Segment 717b235c-c4e9-47a4-ad41-901ec9571011 resource provider not found; error: Placement Client Error (4xx): {"errors": [{"status": 404, "title": "Not Found", "detail": "The resource could not be found.\n\n No resource provider with uuid 717b235c-c4e9-47a4-ad41-901ec9571011 found for delete ", "request_id": "req-5801bb19-6a12-4268-83c1-31f980725ee4"}]}
2026-06-28 21:03:56.369 10 INFO neutron.services.segments.plugin [-] Segment 717b235c-c4e9-47a4-ad41-901ec9571011 resource provider not found; error: Placement Client Error (4xx): {"errors": [{"status": 404, "title": "Not Found", "detail": "The resource could not be found.\n\n No resource provider with uuid 717b235c-c4e9-47a4-ad41-901ec9571011 found for delete ", "request_id": "req-03364670-b476-4862-805e-1ab1e0fe8e95"}]}
2026-06-28 21:03:56.426 10 INFO neutron.wsgi [None req-37638f97-3d9b-4471-98e2-cd6c7a75937e c096f40a6beb484aa2698792f64fbd26 044ac4db5f8b4811ae7f6de12dd66215 - - default default] 10.0.0.226 "DELETE /v2.0/networks/d4d29711-c72e-46e0-94b9-8204a00d8143 HTTP/1.1" status: 204 len: 168 time: 1.0143478
2026-06-28 21:03:56.451 10 WARNING neutron_lib.context [None req-170b00e8-bc7e-459f-aa17-77e6f67929b9 abb0c05670a54973b1905f3470480bd4 acd9877d8bc84e48982c159c5bf3290a - - default default] Method 'is_advsvc' is deprecated since 2023.2 release (neutron-lib 3.8.0) and will be removed once support for the old RBAC API policies will be removed from Neutron. Please use method 'is_service_role' instead.
2026-06-28 21:03:56.496 10 INFO neutron.pecan_wsgi.hooks.translation [None req-0b7bb2c1-0087-4d27-a454-e14df48ec13b c096f40a6beb484aa2698792f64fbd26 044ac4db5f8b4811ae7f6de12dd66215 - - default default] DELETE failed (client error): The resource could not be found.
2026-06-28 21:03:56.498 10 INFO neutron.wsgi [None req-0b7bb2c1-0087-4d27-a454-e14df48ec13b c096f40a6beb484aa2698792f64fbd26 044ac4db5f8b4811ae7f6de12dd66215 - - default default] 10.0.0.226 "DELETE /v2.0/subnets/21e1cfc3-de66-448a-a278-0f955003f1e0 HTTP/1.1" status: 404 len: 337 time: 0.0569134
2026-06-28 21:03:56.521 9 INFO neutron.pecan_wsgi.hooks.translation [None req-a2354613-81ed-4fa7-8a2c-bf6f552e8330 c096f40a6beb484aa2698792f64fbd26 044ac4db5f8b4811ae7f6de12dd66215 - - default default] DELETE failed (client error): The resource could not be found.
2026-06-28 21:03:56.523 9 INFO neutron.wsgi [None req-a2354613-81ed-4fa7-8a2c-bf6f552e8330 c096f40a6beb484aa2698792f64fbd26 044ac4db5f8b4811ae7f6de12dd66215 - - default default] 10.0.0.226 "DELETE /v2.0/subnets/739e35aa-c89d-465a-96bc-fb534b02e365 HTTP/1.1" status: 404 len: 337 time: 0.0181992
2026-06-28 21:03:56.559 10 INFO neutron.pecan_wsgi.hooks.translation [None req-fa5b596f-523c-409e-be85-b184294c6ac1 c096f40a6beb484aa2698792f64fbd26 044ac4db5f8b4811ae7f6de12dd66215 - - default default] DELETE failed (client error): The resource could not be found.
2026-06-28 21:03:56.561 10 INFO neutron.wsgi [None req-fa5b596f-523c-409e-be85-b184294c6ac1 c096f40a6beb484aa2698792f64fbd26 044ac4db5f8b4811ae7f6de12dd66215 - - default default] 10.0.0.226 "DELETE /v2.0/subnets/037dd7b5-a609-4f5d-91b1-4440161765ea HTTP/1.1" status: 404 len: 337 time: 0.0314894
2026-06-28 21:03:56.683 10 INFO neutron.db.ovn_revision_numbers_db [None req-170b00e8-bc7e-459f-aa17-77e6f67929b9 abb0c05670a54973b1905f3470480bd4 acd9877d8bc84e48982c159c5bf3290a - - default default] Successfully bumped revision number for resource 8caae310-14d0-4bda-862a-1a9f719e4f87 (type: security_groups) to 1
2026-06-28 21:03:56.692 9 WARNING neutron.plugins.ml2.drivers.ovn.mech_driver.ovsdb.ovn_client [None req-d5baf527-9d9a-4ad5-9da9-7954e8601227 - - - - - -] No port found with ID 034558fa-eb5c-4998-8306-0cf62f088d11: RuntimeError: No port found with ID 034558fa-eb5c-4998-8306-0cf62f088d11
2026-06-28 21:03:56.700 10 INFO neutron.db.ovn_revision_numbers_db [None req-170b00e8-bc7e-459f-aa17-77e6f67929b9 abb0c05670a54973b1905f3470480bd4 acd9877d8bc84e48982c159c5bf3290a - - default default] Successfully bumped revision number for resource 2f179ad5-ac1f-4069-a798-443daad30e19 (type: security_group_rules) to 0
2026-06-28 21:03:56.732 10 INFO neutron.db.ovn_revision_numbers_db [None req-170b00e8-bc7e-459f-aa17-77e6f67929b9 abb0c05670a54973b1905f3470480bd4 acd9877d8bc84e48982c159c5bf3290a - - default default] Successfully bumped revision number for resource 77ac9f39-223d-4a15-abfc-b52d4886790f (type: security_group_rules) to 0
2026-06-28 21:03:56.756 10 INFO neutron.db.ovn_revision_numbers_db [None req-170b00e8-bc7e-459f-aa17-77e6f67929b9 abb0c05670a54973b1905f3470480bd4 acd9877d8bc84e48982c159c5bf3290a - - default default] Successfully bumped revision number for resource 8e51b04c-ee08-48f3-ba2c-87db23103d4b (type: security_group_rules) to 0
2026-06-28 21:03:56.784 9 INFO neutron.plugins.ml2.drivers.ovn.mech_driver.mech_driver [None req-d5baf527-9d9a-4ad5-9da9-7954e8601227 - - - - - -] OVN reports status up for port: 614acada-3155-4cbd-b11c-25748153aeb6
2026-06-28 21:03:56.797 10 INFO neutron.db.ovn_revision_numbers_db [None req-170b00e8-bc7e-459f-aa17-77e6f67929b9 abb0c05670a54973b1905f3470480bd4 acd9877d8bc84e48982c159c5bf3290a - - default default] Successfully bumped revision number for resource af4603da-67eb-4f1a-9f70-a711b29fe909 (type: security_group_rules) to 0
2026-06-28 21:03:56.815 9 INFO neutron.plugins.ml2.plugin [None req-d5baf527-9d9a-4ad5-9da9-7954e8601227 - - - - - -] Attempt 1 to provision port 614acada-3155-4cbd-b11c-25748153aeb6
2026-06-28 21:03:56.816 10 INFO neutron.plugins.ml2.drivers.ovn.mech_driver.ovsdb.ovsdb_monitor [None req-3f571b32-ab49-4f69-bf3e-8c1c435ba026 - - - - - -] Router 7497a760-afe4-41a7-91fa-be8083f269b8 is bound to host instance
2026-06-28 21:03:56.830 9 INFO neutron.db.ovn_revision_numbers_db [None req-e5d23b43-6d40-4996-a9bb-42090b704c5a dee7710eebe641e998a3146c11aaf224 0252989593b642ec99ca19ce4267a2c0 - - default default] Successfully bumped revision number for resource 614acada-3155-4cbd-b11c-25748153aeb6 (type: router_ports) to 1
2026-06-28 21:03:56.911 9 INFO neutron.db.ovn_revision_numbers_db [None req-e5d23b43-6d40-4996-a9bb-42090b704c5a dee7710eebe641e998a3146c11aaf224 0252989593b642ec99ca19ce4267a2c0 - - default default] Successfully bumped revision number for resource 7497a760-afe4-41a7-91fa-be8083f269b8 (type: routers) to 2
2026-06-28 21:03:56.924 9 INFO neutron.wsgi [None req-e5d23b43-6d40-4996-a9bb-42090b704c5a dee7710eebe641e998a3146c11aaf224 0252989593b642ec99ca19ce4267a2c0 - - default default] 10.0.0.226 "POST /v2.0/routers HTTP/1.1" status: 201 len: 874 time: 1.2815390
2026-06-28 21:03:57.250 10 INFO neutron.db.ovn_revision_numbers_db [None req-170b00e8-bc7e-459f-aa17-77e6f67929b9 abb0c05670a54973b1905f3470480bd4 acd9877d8bc84e48982c159c5bf3290a - - default default] Successfully bumped revision number for resource dcad8d55-f1e0-44ac-a37c-918e62716336 (type: security_groups) to 1
2026-06-28 21:03:57.281 10 INFO neutron.db.ovn_revision_numbers_db [None req-170b00e8-bc7e-459f-aa17-77e6f67929b9 abb0c05670a54973b1905f3470480bd4 acd9877d8bc84e48982c159c5bf3290a - - default default] Successfully bumped revision number for resource 04a53603-d587-4a50-8952-57cf394e4c91 (type: security_group_rules) to 0
2026-06-28 21:03:57.312 10 INFO neutron.db.ovn_revision_numbers_db [None req-170b00e8-bc7e-459f-aa17-77e6f67929b9 abb0c05670a54973b1905f3470480bd4 acd9877d8bc84e48982c159c5bf3290a - - default default] Successfully bumped revision number for resource a60ef6c9-54e6-4c5f-a21b-beee04b6d5fb (type: security_group_rules) to 0
2026-06-28 21:03:57.353 10 INFO neutron.wsgi [None req-170b00e8-bc7e-459f-aa17-77e6f67929b9 abb0c05670a54973b1905f3470480bd4 acd9877d8bc84e48982c159c5bf3290a - - default default] 10.0.0.226 "POST /v2.0/security-groups HTTP/1.1" status: 201 len: 1760 time: 1.1165762
2026-06-28 21:03:57.415 9 INFO neutron.wsgi [None req-445754c1-de0d-4778-9c8d-5af795377585 abb0c05670a54973b1905f3470480bd4 acd9877d8bc84e48982c159c5bf3290a - - default default] 10.0.0.226 "GET /v2.0/security-groups HTTP/1.1" status: 200 len: 4538 time: 0.0533731
2026-06-28 21:03:57.610 10 INFO neutron.wsgi [None req-a52703a7-8941-47b9-9b00-4d65eeda9436 0f0d24f97fa347d090005439bfafe7cb 453e8b2f9ea14108b29b8f34b9f3a690 - - default default] 10.0.0.226 "PUT /v2.0/routers/2ad8200c-25e1-44f7-8321-d9959837bee8/remove_router_interface HTTP/1.1" status: 200 len: 503 time: 1.2504537
2026-06-28 21:03:57.648 9 INFO neutron.wsgi [None req-96536069-9131-41cf-8b38-306a76bfaf17 0f0d24f97fa347d090005439bfafe7cb 453e8b2f9ea14108b29b8f34b9f3a690 - - default default] 10.0.0.226 "GET /v2.0/ports?device_id=2ad8200c-25e1-44f7-8321-d9959837bee8 HTTP/1.1" status: 200 len: 205 time: 0.0278862
2026-06-28 21:03:57.656 10 INFO neutron.db.ovn_revision_numbers_db [None req-f90ee01f-146c-4619-aa23-a740f507650f abb0c05670a54973b1905f3470480bd4 acd9877d8bc84e48982c159c5bf3290a - - default default] Successfully bumped revision number for resource dcad8d55-f1e0-44ac-a37c-918e62716336 (type: security_groups) to 2
2026-06-28 21:03:57.659 10 INFO neutron.wsgi [None req-f90ee01f-146c-4619-aa23-a740f507650f abb0c05670a54973b1905f3470480bd4 acd9877d8bc84e48982c159c5bf3290a - - default default] 10.0.0.226 "PUT /v2.0/security-groups/dcad8d55-f1e0-44ac-a37c-918e62716336 HTTP/1.1" status: 200 len: 1794 time: 0.2361109 /var/lib/openstack/lib/python3.10/site-packages/pycadf/identifier.py:71: UserWarning: Invalid uuid: neutron. To ensure interoperability, identifiers should be a valid uuid. warnings.warn(('Invalid uuid: %s. To ensure interoperability, '
2026-06-28 21:03:57.709 10 INFO neutron.wsgi [None req-d2581334-11ee-4deb-b726-d13812a37680 abb0c05670a54973b1905f3470480bd4 acd9877d8bc84e48982c159c5bf3290a - - default default] 10.0.0.226 "GET /v2.0/security-groups/dcad8d55-f1e0-44ac-a37c-918e62716336 HTTP/1.1" status: 200 len: 1794 time: 0.0441465
2026-06-28 21:03:57.859 10 INFO neutron.db.ovn_revision_numbers_db [None req-3f571b32-ab49-4f69-bf3e-8c1c435ba026 - - - - - -] Successfully bumped revision number for resource 614acada-3155-4cbd-b11c-25748153aeb6 (type: ports) to 1
2026-06-28 21:03:57.937 9 WARNING neutron.scheduler.dhcp_agent_scheduler [None req-25e928e4-1731-4c25-bf18-8a2225a03837 dee7710eebe641e998a3146c11aaf224 0252989593b642ec99ca19ce4267a2c0 - - default default] No more DHCP agents
2026-06-28 21:03:57.973 9 WARNING neutron.api.rpc.agentnotifiers.dhcp_rpc_agent_api [None req-25e928e4-1731-4c25-bf18-8a2225a03837 dee7710eebe641e998a3146c11aaf224 0252989593b642ec99ca19ce4267a2c0 - - default default] Unable to schedule network 2c6fd478-c22e-439f-ac00-38e4dfb6c32d: no agents available; will retry on subsequent port and subnet creation events.
2026-06-28 21:03:58.097 9 INFO neutron.db.ovn_revision_numbers_db [None req-5b418adf-2fd8-42af-9b00-53216a1f2580 dee7710eebe641e998a3146c11aaf224 0252989593b642ec99ca19ce4267a2c0 - - default default] Successfully bumped revision number for resource ad667a05-abba-4d16-8623-9aa73c3c7eef (type: security_groups) to 1
2026-06-28 21:03:58.116 10 INFO neutron.db.ovn_revision_numbers_db [None req-3f571b32-ab49-4f69-bf3e-8c1c435ba026 - - - - - -] Successfully bumped revision number for resource 614acada-3155-4cbd-b11c-25748153aeb6 (type: router_ports) to 3
2026-06-28 21:03:58.123 9 INFO neutron.db.ovn_revision_numbers_db [None req-5b418adf-2fd8-42af-9b00-53216a1f2580 dee7710eebe641e998a3146c11aaf224 0252989593b642ec99ca19ce4267a2c0 - - default default] Successfully bumped revision number for resource 2b12be99-54bc-4b95-9f69-4edfa0d76064 (type: security_group_rules) to 0
2026-06-28 21:03:58.134 9 INFO neutron.wsgi [None req-cf795a30-b8d9-4441-af04-0213a9bca32b 0f0d24f97fa347d090005439bfafe7cb 453e8b2f9ea14108b29b8f34b9f3a690 - - default default] 10.0.0.226 "DELETE /v2.0/routers/2ad8200c-25e1-44f7-8321-d9959837bee8 HTTP/1.1" status: 204 len: 168 time: 0.4804540
2026-06-28 21:03:58.152 9 INFO neutron.wsgi [None req-1c51483b-995d-4c33-ad31-dd49950a94c2 abb0c05670a54973b1905f3470480bd4 acd9877d8bc84e48982c159c5bf3290a - - default default] 10.0.0.226 "DELETE /v2.0/security-groups/dcad8d55-f1e0-44ac-a37c-918e62716336 HTTP/1.1" status: 204 len: 168 time: 0.4354749
2026-06-28 21:03:58.168 9 INFO neutron.db.ovn_revision_numbers_db [None req-5b418adf-2fd8-42af-9b00-53216a1f2580 dee7710eebe641e998a3146c11aaf224 0252989593b642ec99ca19ce4267a2c0 - - default default] Successfully bumped revision number for resource 526c25f8-ac30-492e-8ee7-e5921c97f142 (type: security_group_rules) to 0
2026-06-28 21:03:58.184 9 INFO neutron.db.ovn_revision_numbers_db [None req-5b418adf-2fd8-42af-9b00-53216a1f2580 dee7710eebe641e998a3146c11aaf224 0252989593b642ec99ca19ce4267a2c0 - - default default] Successfully bumped revision number for resource a4e19f0f-3a10-4f38-9a1b-0001035870cd (type: security_group_rules) to 0
2026-06-28 21:03:58.203 9 INFO neutron.db.ovn_revision_numbers_db [None req-5b418adf-2fd8-42af-9b00-53216a1f2580 dee7710eebe641e998a3146c11aaf224 0252989593b642ec99ca19ce4267a2c0 - - default default] Successfully bumped revision number for resource da0da5bc-56b5-4ceb-af30-d91a6a4b4eba (type: security_group_rules) to 0
2026-06-28 21:03:58.241 9 INFO neutron.wsgi [None req-5b418adf-2fd8-42af-9b00-53216a1f2580 dee7710eebe641e998a3146c11aaf224 0252989593b642ec99ca19ce4267a2c0 - - default default] 10.0.0.226 "GET /v2.0/security-groups?tenant_id=e05a6a0d1dfe45129194d69d196008d1&name=default HTTP/1.1" status: 200 len: 2996 time: 0.7348590
2026-06-28 21:03:58.244 10 INFO neutron.wsgi [None req-33271cff-944f-482b-b80b-cee274bb00c5 abb0c05670a54973b1905f3470480bd4 acd9877d8bc84e48982c159c5bf3290a - - default default] 10.0.0.226 "GET /v2.0/security-groups HTTP/1.1" status: 200 len: 2996 time: 0.0801432
2026-06-28 21:03:58.250 9 INFO neutron.db.ovn_revision_numbers_db [None req-25e928e4-1731-4c25-bf18-8a2225a03837 dee7710eebe641e998a3146c11aaf224 0252989593b642ec99ca19ce4267a2c0 - - default default] Successfully bumped revision number for resource 1c26355e-222b-41ef-b368-e6faa91bff23 (type: ports) to 1
2026-06-28 21:03:58.277 10 INFO neutron.api.v2.resource [None req-d726d5e2-36bd-453f-b5da-a0270379a364 abb0c05670a54973b1905f3470480bd4 acd9877d8bc84e48982c159c5bf3290a - - default default] delete failed (client error): The resource could not be found.
2026-06-28 21:03:58.278 10 INFO neutron.wsgi [None req-d726d5e2-36bd-453f-b5da-a0270379a364 abb0c05670a54973b1905f3470480bd4 acd9877d8bc84e48982c159c5bf3290a - - default default] 10.0.0.226 "DELETE /v2.0/security-groups/dcad8d55-f1e0-44ac-a37c-918e62716336 HTTP/1.1" status: 404 len: 347 time: 0.0272145
2026-06-28 21:03:58.299 9 WARNING neutron_lib.context [None req-4dc4dd34-433d-49c5-b40f-44116fc8ccb6 abb0c05670a54973b1905f3470480bd4 acd9877d8bc84e48982c159c5bf3290a - - default default] Method 'is_advsvc' is deprecated since 2023.2 release (neutron-lib 3.8.0) and will be removed once support for the old RBAC API policies will be removed from Neutron. Please use method 'is_service_role' instead.
2026-06-28 21:03:58.384 10 INFO neutron.db.ovn_revision_numbers_db [None req-3f571b32-ab49-4f69-bf3e-8c1c435ba026 - - - - - -] Successfully bumped revision number for resource 614acada-3155-4cbd-b11c-25748153aeb6 (type: ports) to 2
2026-06-28 21:03:58.437 10 INFO neutron.wsgi [None req-949bcf1c-bc6e-4255-abe4-0c3ffd140e2d 0f0d24f97fa347d090005439bfafe7cb 453e8b2f9ea14108b29b8f34b9f3a690 - - default default] 10.0.0.226 "DELETE /v2.0/subnets/8be2a430-c3e3-438c-8307-a6d6caac243d HTTP/1.1" status: 204 len: 168 time: 0.2920942
2026-06-28 21:03:58.569 9 INFO neutron.db.ovn_revision_numbers_db [None req-4dc4dd34-433d-49c5-b40f-44116fc8ccb6 abb0c05670a54973b1905f3470480bd4 acd9877d8bc84e48982c159c5bf3290a - - default default] Successfully bumped revision number for resource 93dd8e0d-d13c-4ffe-a1c2-b171dc7e99fe (type: security_groups) to 1
2026-06-28 21:03:58.608 9 INFO neutron.db.ovn_revision_numbers_db [None req-4dc4dd34-433d-49c5-b40f-44116fc8ccb6 abb0c05670a54973b1905f3470480bd4 acd9877d8bc84e48982c159c5bf3290a - - default default] Successfully bumped revision number for resource 63fedab1-9d9a-42e5-a216-dd7e54ea89a1 (type: security_group_rules) to 0
2026-06-28 21:03:58.640 9 INFO neutron.db.ovn_revision_numbers_db [None req-4dc4dd34-433d-49c5-b40f-44116fc8ccb6 abb0c05670a54973b1905f3470480bd4 acd9877d8bc84e48982c159c5bf3290a - - default default] Successfully bumped revision number for resource 8978fa75-4de0-4126-a39f-259603effdc5 (type: security_group_rules) to 0
2026-06-28 21:03:58.660 10 INFO neutron.db.ovn_revision_numbers_db [None req-3f571b32-ab49-4f69-bf3e-8c1c435ba026 - - - - - -] Successfully bumped revision number for resource 614acada-3155-4cbd-b11c-25748153aeb6 (type: ports) to 4
2026-06-28 21:03:58.676 9 INFO neutron.wsgi [None req-4dc4dd34-433d-49c5-b40f-44116fc8ccb6 abb0c05670a54973b1905f3470480bd4 acd9877d8bc84e48982c159c5bf3290a - - default default] 10.0.0.226 "POST /v2.0/security-groups HTTP/1.1" status: 201 len: 1761 time: 0.3841650
2026-06-28 21:03:58.698 9 WARNING neutron_lib.context [None req-75aee254-8ab0-4638-8d2c-d3a55ad977cf abb0c05670a54973b1905f3470480bd4 acd9877d8bc84e48982c159c5bf3290a - - default default] Method 'is_advsvc' is deprecated since 2023.2 release (neutron-lib 3.8.0) and will be removed once support for the old RBAC API policies will be removed from Neutron. Please use method 'is_service_role' instead.
2026-06-28 21:03:58.720 9 INFO neutron.wsgi [None req-8dd7a90d-d8f8-4af4-80c9-d2cb1f4c4c15 dee7710eebe641e998a3146c11aaf224 0252989593b642ec99ca19ce4267a2c0 - - default default] 10.0.0.226 "DELETE /v2.0/security-groups/ad667a05-abba-4d16-8623-9aa73c3c7eef HTTP/1.1" status: 204 len: 168 time: 0.4729128
2026-06-28 21:03:58.865 10 INFO neutron.wsgi [None req-a359114d-02c8-446c-aae4-6a73bd5bc3ca dee7710eebe641e998a3146c11aaf224 0252989593b642ec99ca19ce4267a2c0 - - default default] 10.0.0.226 "GET /v2.0/security-groups?tenant_id=044ac4db5f8b4811ae7f6de12dd66215&name=default HTTP/1.1" status: 200 len: 2996 time: 0.0420928
2026-06-28 21:03:58.878 10 INFO neutron.db.ovn_revision_numbers_db [None req-3f571b32-ab49-4f69-bf3e-8c1c435ba026 - - - - - -] Successfully bumped revision number for resource 614acada-3155-4cbd-b11c-25748153aeb6 (type: router_ports) to 4
2026-06-28 21:03:59.069 10 INFO neutron.wsgi [None req-1d46da07-081c-49d9-81bb-bee31bd1cffc dee7710eebe641e998a3146c11aaf224 0252989593b642ec99ca19ce4267a2c0 - - default default] 10.0.0.226 "DELETE /v2.0/security-groups/773fa3d6-90ae-4c02-b9bd-65caa25245c8 HTTP/1.1" status: 204 len: 168 time: 0.1973066
2026-06-28 21:03:59.246 9 INFO neutron.db.ovn_revision_numbers_db [None req-25e928e4-1731-4c25-bf18-8a2225a03837 dee7710eebe641e998a3146c11aaf224 0252989593b642ec99ca19ce4267a2c0 - - default default] Successfully bumped revision number for resource 1c26355e-222b-41ef-b368-e6faa91bff23 (type: router_ports) to 1
2026-06-28 21:03:59.249 9 INFO neutron.db.ovn_revision_numbers_db [None req-75aee254-8ab0-4638-8d2c-d3a55ad977cf abb0c05670a54973b1905f3470480bd4 acd9877d8bc84e48982c159c5bf3290a - - default default] Successfully bumped revision number for resource 24db3976-f1d4-4826-9598-552caf8ea0cc (type: security_group_rules) to 0
2026-06-28 21:03:59.322 9 INFO neutron.wsgi [None req-75aee254-8ab0-4638-8d2c-d3a55ad977cf abb0c05670a54973b1905f3470480bd4 acd9877d8bc84e48982c159c5bf3290a - - default default] 10.0.0.226 "POST /v2.0/security-group-rules HTTP/1.1" status: 201 len: 768 time: 0.6309388
2026-06-28 21:03:59.327 9 INFO neutron.services.segments.plugin [-] Segment 090d7c58-df9f-4e61-90b8-f9fd43581451 resource provider aggregate not found
2026-06-28 21:03:59.333 9 INFO neutron.services.segments.plugin [-] Segment 090d7c58-df9f-4e61-90b8-f9fd43581451 resource provider aggregate not found
2026-06-28 21:03:59.353 10 INFO neutron.db.ovn_revision_numbers_db [None req-1f47eb06-6947-4f89-a5d8-a595cb22bc19 dee7710eebe641e998a3146c11aaf224 0252989593b642ec99ca19ce4267a2c0 - - default default] Successfully bumped revision number for resource ce773ae3-9944-4977-8ab8-6afe1c20ff0c (type: security_groups) to 1
2026-06-28 21:03:59.367 9 INFO neutron.services.segments.plugin [-] Segment 090d7c58-df9f-4e61-90b8-f9fd43581451 resource provider not found; error: Placement Client Error (4xx): {"errors": [{"status": 404, "title": "Not Found", "detail": "The resource could not be found.\n\n No resource provider with uuid 090d7c58-df9f-4e61-90b8-f9fd43581451 found for delete ", "request_id": "req-75d061d7-598c-4e9c-baf8-315ed2216901"}]}
2026-06-28 21:03:59.369 9 INFO neutron.services.segments.plugin [-] Segment 090d7c58-df9f-4e61-90b8-f9fd43581451 resource provider not found; error: Placement Client Error (4xx): {"errors": [{"status": 404, "title": "Not Found", "detail": "The resource could not be found.\n\n No resource provider with uuid 090d7c58-df9f-4e61-90b8-f9fd43581451 found for delete ", "request_id": "req-da95060c-51be-480f-974d-b85ccef7e296"}]}
2026-06-28 21:03:59.372 10 INFO neutron.db.ovn_revision_numbers_db [None req-1f47eb06-6947-4f89-a5d8-a595cb22bc19 dee7710eebe641e998a3146c11aaf224 0252989593b642ec99ca19ce4267a2c0 - - default default] Successfully bumped revision number for resource 14ceec1f-6e52-4836-9182-890b2be9f405 (type: security_group_rules) to 0
2026-06-28 21:03:59.376 9 INFO neutron.wsgi [None req-5ad3a255-4eeb-4de8-a3ab-6e51af49d6d0 abb0c05670a54973b1905f3470480bd4 acd9877d8bc84e48982c159c5bf3290a - - default default] 10.0.0.226 "GET /v2.0/security-group-rules/24db3976-f1d4-4826-9598-552caf8ea0cc HTTP/1.1" status: 200 len: 763 time: 0.0377929
2026-06-28 21:03:59.399 10 INFO neutron.db.ovn_revision_numbers_db [None req-1f47eb06-6947-4f89-a5d8-a595cb22bc19 dee7710eebe641e998a3146c11aaf224 0252989593b642ec99ca19ce4267a2c0 - - default default] Successfully bumped revision number for resource 39a0c727-2316-4475-9ca4-4713a02cabf6 (type: security_group_rules) to 0
2026-06-28 21:03:59.401 9 INFO neutron.wsgi [None req-59a507b8-d0cb-41ec-80c1-09ed8401a771 0f0d24f97fa347d090005439bfafe7cb 453e8b2f9ea14108b29b8f34b9f3a690 - - default default] 10.0.0.226 "DELETE /v2.0/networks/489f672b-34ef-46b7-9d6b-0773c038e0b8 HTTP/1.1" status: 204 len: 168 time: 0.9544771
2026-06-28 21:03:59.424 10 WARNING neutron_lib.context [None req-6de5496b-abe0-470b-8eaf-d5e6281aabaf 0f0d24f97fa347d090005439bfafe7cb 453e8b2f9ea14108b29b8f34b9f3a690 - - default default] Method 'is_advsvc' is deprecated since 2023.2 release (neutron-lib 3.8.0) and will be removed once support for the old RBAC API policies will be removed from Neutron. Please use method 'is_service_role' instead.
2026-06-28 21:03:59.440 10 INFO neutron.db.ovn_revision_numbers_db [None req-1f47eb06-6947-4f89-a5d8-a595cb22bc19 dee7710eebe641e998a3146c11aaf224 0252989593b642ec99ca19ce4267a2c0 - - default default] Successfully bumped revision number for resource d7e30ec1-341d-4355-bf56-265ccbeb3c5b (type: security_group_rules) to 0
2026-06-28 21:03:59.480 10 INFO neutron.db.ovn_revision_numbers_db [None req-1f47eb06-6947-4f89-a5d8-a595cb22bc19 dee7710eebe641e998a3146c11aaf224 0252989593b642ec99ca19ce4267a2c0 - - default default] Successfully bumped revision number for resource f2a04424-e260-4712-8d6c-176e621b01e8 (type: security_group_rules) to 0
2026-06-28 21:03:59.505 9 INFO neutron.db.ovn_revision_numbers_db [None req-25e928e4-1731-4c25-bf18-8a2225a03837 dee7710eebe641e998a3146c11aaf224 0252989593b642ec99ca19ce4267a2c0 - - default default] Successfully bumped revision number for resource 1c26355e-222b-41ef-b368-e6faa91bff23 (type: ports) to 1
2026-06-28 21:03:59.550 10 INFO neutron.wsgi [None req-df614ee7-abec-40db-8058-83c20cf14b21 abb0c05670a54973b1905f3470480bd4 acd9877d8bc84e48982c159c5bf3290a - - default default] 10.0.0.226 "GET /v2.0/security-group-rules HTTP/1.1" status: 200 len: 4113 time: 0.1685262
2026-06-28 21:03:59.555 10 INFO neutron.wsgi [None req-1f47eb06-6947-4f89-a5d8-a595cb22bc19 dee7710eebe641e998a3146c11aaf224 0252989593b642ec99ca19ce4267a2c0 - - default default] 10.0.0.226 "GET /v2.0/security-groups?tenant_id=21a90fa23c394237917a20577e2a771e&name=default HTTP/1.1" status: 200 len: 2996 time: 0.3229151
2026-06-28 21:03:59.580 9 WARNING neutron.scheduler.dhcp_agent_scheduler [None req-25e928e4-1731-4c25-bf18-8a2225a03837 dee7710eebe641e998a3146c11aaf224 0252989593b642ec99ca19ce4267a2c0 - - default default] No more DHCP agents
2026-06-28 21:03:59.581 9 WARNING neutron.api.rpc.agentnotifiers.dhcp_rpc_agent_api [None req-25e928e4-1731-4c25-bf18-8a2225a03837 dee7710eebe641e998a3146c11aaf224 0252989593b642ec99ca19ce4267a2c0 - - default default] Unable to schedule network 2c6fd478-c22e-439f-ac00-38e4dfb6c32d: no agents available; will retry on subsequent port and subnet creation events.
2026-06-28 21:03:59.761 9 INFO neutron.wsgi [None req-977d14fa-80d9-44d2-994e-0c4a02d344c8 abb0c05670a54973b1905f3470480bd4 acd9877d8bc84e48982c159c5bf3290a - - default default] 10.0.0.226 "DELETE /v2.0/security-group-rules/24db3976-f1d4-4826-9598-552caf8ea0cc HTTP/1.1" status: 204 len: 168 time: 0.2064705
2026-06-28 21:03:59.829 10 INFO neutron.wsgi [None req-ccf21578-5552-427b-ac88-cc7dafc2f0ae abb0c05670a54973b1905f3470480bd4 acd9877d8bc84e48982c159c5bf3290a - - default default] 10.0.0.226 "GET /v2.0/security-group-rules HTTP/1.1" status: 200 len: 3567 time: 0.0635593
2026-06-28 21:03:59.842 9 WARNING neutron_lib.context [None req-b4dd9839-cdf1-45ef-89ae-0d95eb50aaeb abb0c05670a54973b1905f3470480bd4 acd9877d8bc84e48982c159c5bf3290a - - default default] Method 'is_advsvc' is deprecated since 2023.2 release (neutron-lib 3.8.0) and will be removed once support for the old RBAC API policies will be removed from Neutron. Please use method 'is_service_role' instead.
2026-06-28 21:03:59.899 10 INFO neutron.wsgi [None req-43767d0d-409f-4d91-8af3-593df52dca88 dee7710eebe641e998a3146c11aaf224 0252989593b642ec99ca19ce4267a2c0 - - default default] 10.0.0.226 "DELETE /v2.0/security-groups/ce773ae3-9944-4977-8ab8-6afe1c20ff0c HTTP/1.1" status: 204 len: 168 time: 0.3399565
2026-06-28 21:04:00.043 9 INFO neutron.db.ovn_revision_numbers_db [None req-b4dd9839-cdf1-45ef-89ae-0d95eb50aaeb abb0c05670a54973b1905f3470480bd4 acd9877d8bc84e48982c159c5bf3290a - - default default] Successfully bumped revision number for resource 2ae5e94c-a99f-4b0a-8547-ecc7779e24ea (type: security_group_rules) to 0
2026-06-28 21:04:00.058 10 WARNING neutron.scheduler.dhcp_agent_scheduler [None req-6de5496b-abe0-470b-8eaf-d5e6281aabaf 0f0d24f97fa347d090005439bfafe7cb 453e8b2f9ea14108b29b8f34b9f3a690 - - default default] No more DHCP agents
2026-06-28 21:04:00.064 10 WARNING neutron.api.rpc.agentnotifiers.dhcp_rpc_agent_api [None req-6de5496b-abe0-470b-8eaf-d5e6281aabaf 0f0d24f97fa347d090005439bfafe7cb 453e8b2f9ea14108b29b8f34b9f3a690 - - default default] Unable to schedule network 4ea9bd8f-e56b-4845-914f-cd1f40212904: no agents available; will retry on subsequent port and subnet creation events.
2026-06-28 21:04:00.074 9 INFO neutron.wsgi [None req-b4dd9839-cdf1-45ef-89ae-0d95eb50aaeb abb0c05670a54973b1905f3470480bd4 acd9877d8bc84e48982c159c5bf3290a - - default default] 10.0.0.226 "POST /v2.0/security-group-rules HTTP/1.1" status: 201 len: 768 time: 0.2408857
2026-06-28 21:04:00.105 10 INFO neutron.wsgi [None req-20b6f4e1-8005-4dee-8bb6-52133e7d394d abb0c05670a54973b1905f3470480bd4 acd9877d8bc84e48982c159c5bf3290a - - default default] 10.0.0.226 "GET /v2.0/security-group-rules/2ae5e94c-a99f-4b0a-8547-ecc7779e24ea HTTP/1.1" status: 200 len: 763 time: 0.0205700
2026-06-28 21:04:00.105 9 INFO neutron.db.ovn_revision_numbers_db [None req-25e928e4-1731-4c25-bf18-8a2225a03837 dee7710eebe641e998a3146c11aaf224 0252989593b642ec99ca19ce4267a2c0 - - default default] Successfully bumped revision number for resource 1c26355e-222b-41ef-b368-e6faa91bff23 (type: router_ports) to 1
2026-06-28 21:04:00.108 9 INFO neutron.wsgi [None req-25e928e4-1731-4c25-bf18-8a2225a03837 dee7710eebe641e998a3146c11aaf224 0252989593b642ec99ca19ce4267a2c0 - - default default] 10.0.0.226 "PUT /v2.0/routers/7497a760-afe4-41a7-91fa-be8083f269b8/add_router_interface HTTP/1.1" status: 200 len: 503 time: 3.1786623
2026-06-28 21:04:00.164 9 INFO neutron.wsgi [None req-5305d969-4db0-48d1-b48d-4efde384c334 abb0c05670a54973b1905f3470480bd4 acd9877d8bc84e48982c159c5bf3290a - - default default] 10.0.0.226 "GET /v2.0/security-group-rules HTTP/1.1" status: 200 len: 4113 time: 0.0541275
2026-06-28 21:04:00.259 9 INFO neutron.wsgi [None req-d6156434-b5d8-4a78-b2db-c3a8e58d3f7c abb0c05670a54973b1905f3470480bd4 acd9877d8bc84e48982c159c5bf3290a - - default default] 10.0.0.226 "DELETE /v2.0/security-group-rules/2ae5e94c-a99f-4b0a-8547-ecc7779e24ea HTTP/1.1" status: 204 len: 168 time: 0.0902431
2026-06-28 21:04:00.294 9 INFO neutron.wsgi [None req-e01d374b-f90c-4e80-adcf-8e1e8a755279 abb0c05670a54973b1905f3470480bd4 acd9877d8bc84e48982c159c5bf3290a - - default default] 10.0.0.226 "GET /v2.0/security-group-rules HTTP/1.1" status: 200 len: 3567 time: 0.0308421
2026-06-28 21:04:00.303 9 WARNING neutron_lib.context [None req-3a1e31f5-7947-4054-87d0-4e78c0c47742 abb0c05670a54973b1905f3470480bd4 acd9877d8bc84e48982c159c5bf3290a - - default default] Method 'is_advsvc' is deprecated since 2023.2 release (neutron-lib 3.8.0) and will be removed once support for the old RBAC API policies will be removed from Neutron. Please use method 'is_service_role' instead.
2026-06-28 21:04:00.317 9 INFO neutron.db.securitygroups_db [None req-3a1e31f5-7947-4054-87d0-4e78c0c47742 abb0c05670a54973b1905f3470480bd4 acd9877d8bc84e48982c159c5bf3290a - - default default] Project acd9877d8bc84e48982c159c5bf3290a added a security group rule with legacy IPv6 ICMP protocol name icmp, ipv6-icmp should be used instead. It was automatically converted.
2026-06-28 21:04:00.427 9 INFO neutron.db.ovn_revision_numbers_db [None req-3a1e31f5-7947-4054-87d0-4e78c0c47742 abb0c05670a54973b1905f3470480bd4 acd9877d8bc84e48982c159c5bf3290a - - default default] Successfully bumped revision number for resource 83a4bdc2-cd78-4eba-9c60-76cc64df91e2 (type: security_group_rules) to 0
2026-06-28 21:04:00.442 10 INFO neutron.db.ovn_revision_numbers_db [None req-6de5496b-abe0-470b-8eaf-d5e6281aabaf 0f0d24f97fa347d090005439bfafe7cb 453e8b2f9ea14108b29b8f34b9f3a690 - - default default] Successfully bumped revision number for resource 20bd2d9f-29c5-406a-beef-10b390de6bca (type: ports) to 1
2026-06-28 21:04:00.456 9 INFO neutron.wsgi [None req-3a1e31f5-7947-4054-87d0-4e78c0c47742 abb0c05670a54973b1905f3470480bd4 acd9877d8bc84e48982c159c5bf3290a - - default default] 10.0.0.226 "POST /v2.0/security-group-rules HTTP/1.1" status: 201 len: 774 time: 0.1566293
2026-06-28 21:04:00.480 9 INFO neutron.wsgi [None req-5eb045ed-fcef-43e7-b381-2e22654325fd abb0c05670a54973b1905f3470480bd4 acd9877d8bc84e48982c159c5bf3290a - - default default] 10.0.0.226 "GET /v2.0/security-group-rules/83a4bdc2-cd78-4eba-9c60-76cc64df91e2 HTTP/1.1" status: 200 len: 769 time: 0.0204139
2026-06-28 21:04:00.534 9 INFO neutron.wsgi [None req-ca61198c-243b-4239-a186-90beeba2463a abb0c05670a54973b1905f3470480bd4 acd9877d8bc84e48982c159c5bf3290a - - default default] 10.0.0.226 "GET /v2.0/security-group-rules HTTP/1.1" status: 200 len: 4119 time: 0.0462713
2026-06-28 21:04:00.650 9 INFO neutron.wsgi [None req-591de96f-879b-46dc-b3ec-5ac4c01fe3b1 abb0c05670a54973b1905f3470480bd4 acd9877d8bc84e48982c159c5bf3290a - - default default] 10.0.0.226 "DELETE /v2.0/security-group-rules/83a4bdc2-cd78-4eba-9c60-76cc64df91e2 HTTP/1.1" status: 204 len: 168 time: 0.1127138
2026-06-28 21:04:00.692 9 INFO neutron.wsgi [None req-9554f2a5-08bb-4acb-8986-d45bd979efe9 abb0c05670a54973b1905f3470480bd4 acd9877d8bc84e48982c159c5bf3290a - - default default] 10.0.0.226 "GET /v2.0/security-group-rules HTTP/1.1" status: 200 len: 3567 time: 0.0344906
2026-06-28 21:04:00.718 10 WARNING neutron.plugins.ml2.drivers.ovn.mech_driver.ovsdb.ovn_client [None req-6780a589-b035-40c3-ba27-903bf3bdde07 - - - - - -] No port found with ID ac1c3b9a-3da5-4336-a12a-63e00734bb34: RuntimeError: No port found with ID ac1c3b9a-3da5-4336-a12a-63e00734bb34
2026-06-28 21:04:00.718 10 INFO neutron.plugins.ml2.drivers.ovn.mech_driver.mech_driver [None req-6780a589-b035-40c3-ba27-903bf3bdde07 - - - - - -] OVN reports status up for port: 1c26355e-222b-41ef-b368-e6faa91bff23
2026-06-28 21:04:00.735 10 INFO neutron.plugins.ml2.plugin [None req-6780a589-b035-40c3-ba27-903bf3bdde07 - - - - - -] Attempt 1 to provision port 1c26355e-222b-41ef-b368-e6faa91bff23
2026-06-28 21:04:00.818 9 INFO neutron.wsgi [None req-d2fac311-6c62-4d02-b434-76972adcee8b abb0c05670a54973b1905f3470480bd4 acd9877d8bc84e48982c159c5bf3290a - - default default] 10.0.0.226 "DELETE /v2.0/security-groups/93dd8e0d-d13c-4ffe-a1c2-b171dc7e99fe HTTP/1.1" status: 204 len: 168 time: 0.1210966
2026-06-28 21:04:00.859 9 INFO neutron.wsgi [None req-a710fcb3-2638-4d3e-90ee-802ef3f22cc9 abb0c05670a54973b1905f3470480bd4 acd9877d8bc84e48982c159c5bf3290a - - default default] 10.0.0.226 "GET /v2.0/security-groups HTTP/1.1" status: 200 len: 2996 time: 0.0363727
2026-06-28 21:04:00.902 9 INFO neutron.wsgi [None req-83c510f3-3e50-4d75-921b-43df048f6b44 abb0c05670a54973b1905f3470480bd4 acd9877d8bc84e48982c159c5bf3290a - - default default] 10.0.0.226 "GET /v2.0/security-groups HTTP/1.1" status: 200 len: 2996 time: 0.0374768
2026-06-28 21:04:01.052 10 INFO neutron.db.ovn_revision_numbers_db [None req-6780a589-b035-40c3-ba27-903bf3bdde07 - - - - - -] Successfully bumped revision number for resource 1c26355e-222b-41ef-b368-e6faa91bff23 (type: ports) to 2
2026-06-28 21:04:01.124 10 INFO neutron.db.ovn_revision_numbers_db [None req-6de5496b-abe0-470b-8eaf-d5e6281aabaf 0f0d24f97fa347d090005439bfafe7cb 453e8b2f9ea14108b29b8f34b9f3a690 - - default default] Successfully bumped revision number for resource 20bd2d9f-29c5-406a-beef-10b390de6bca (type: router_ports) to 1
2026-06-28 21:04:01.166 10 INFO neutron.db.ovn_revision_numbers_db [None req-6780a589-b035-40c3-ba27-903bf3bdde07 - - - - - -] Successfully bumped revision number for resource 1c26355e-222b-41ef-b368-e6faa91bff23 (type: router_ports) to 2
2026-06-28 21:04:01.201 10 INFO neutron.db.ovn_revision_numbers_db [None req-6de5496b-abe0-470b-8eaf-d5e6281aabaf 0f0d24f97fa347d090005439bfafe7cb 453e8b2f9ea14108b29b8f34b9f3a690 - - default default] Successfully bumped revision number for resource 167ab892-a628-44e5-a1c9-a8844d590ab0 (type: routers) to 2
2026-06-28 21:04:01.219 10 INFO neutron.wsgi [None req-6de5496b-abe0-470b-8eaf-d5e6281aabaf 0f0d24f97fa347d090005439bfafe7cb 453e8b2f9ea14108b29b8f34b9f3a690 - - default default] 10.0.0.226 "POST /v2.0/routers HTTP/1.1" status: 201 len: 867 time: 1.8031800
2026-06-28 21:04:01.301 10 INFO neutron.wsgi [None req-bd53fc0b-d331-4391-947b-446351182a23 0f0d24f97fa347d090005439bfafe7cb 453e8b2f9ea14108b29b8f34b9f3a690 - - default default] 10.0.0.226 "GET /v2.0/routers/167ab892-a628-44e5-a1c9-a8844d590ab0 HTTP/1.1" status: 200 len: 868 time: 0.0777845
2026-06-28 21:04:01.423 10 INFO neutron.wsgi [None req-6eecada6-9d93-48ba-aa56-c8377b8ca896 0f0d24f97fa347d090005439bfafe7cb 453e8b2f9ea14108b29b8f34b9f3a690 - - default default] 10.0.0.226 "GET /v2.0/routers HTTP/1.1" status: 200 len: 871 time: 0.1182103
2026-06-28 21:04:01.608 9 INFO neutron.wsgi [None req-22ca02a3-3958-43ef-9bbc-86da8a132918 dee7710eebe641e998a3146c11aaf224 0252989593b642ec99ca19ce4267a2c0 - - default default] 10.0.0.226 "GET /v2.0/security-groups?tenant_id=acd9877d8bc84e48982c159c5bf3290a&name=default HTTP/1.1" status: 200 len: 2996 time: 0.2624857
2026-06-28 21:04:01.805 9 INFO neutron.wsgi [None req-9e9791a4-4126-44e3-b111-13949ae1fff2 dee7710eebe641e998a3146c11aaf224 0252989593b642ec99ca19ce4267a2c0 - - default default] 10.0.0.226 "DELETE /v2.0/security-groups/8caae310-14d0-4bda-862a-1a9f719e4f87 HTTP/1.1" status: 204 len: 168 time: 0.1927190
2026-06-28 21:04:02.092 10 INFO neutron.db.ovn_revision_numbers_db [None req-499f661c-976b-4b91-96cc-437bc9cf3daf 0f0d24f97fa347d090005439bfafe7cb 453e8b2f9ea14108b29b8f34b9f3a690 - - default default] Successfully bumped revision number for resource 167ab892-a628-44e5-a1c9-a8844d590ab0 (type: routers) to 3
2026-06-28 21:04:02.096 10 INFO neutron.wsgi [None req-499f661c-976b-4b91-96cc-437bc9cf3daf 0f0d24f97fa347d090005439bfafe7cb 453e8b2f9ea14108b29b8f34b9f3a690 - - default default] 10.0.0.226 "PUT /v2.0/routers/167ab892-a628-44e5-a1c9-a8844d590ab0 HTTP/1.1" status: 200 len: 875 time: 0.6642725
2026-06-28 21:04:02.169 10 INFO neutron.wsgi [None req-a8ff2ffa-b82d-4c59-b670-8107262b5540 0f0d24f97fa347d090005439bfafe7cb 453e8b2f9ea14108b29b8f34b9f3a690 - - default default] 10.0.0.226 "GET /v2.0/routers/167ab892-a628-44e5-a1c9-a8844d590ab0 HTTP/1.1" status: 200 len: 875 time: 0.0655005
2026-06-28 21:04:02.194 10 INFO neutron.wsgi [None req-861d7ee7-2ec3-4aee-9110-ea14913e64cb 0f0d24f97fa347d090005439bfafe7cb 453e8b2f9ea14108b29b8f34b9f3a690 - - default default] 10.0.0.226 "GET /v2.0/ports?device_id=167ab892-a628-44e5-a1c9-a8844d590ab0 HTTP/1.1" status: 200 len: 205 time: 0.0187213
2026-06-28 21:04:02.568 9 INFO neutron.wsgi [req-d0cf1136-30c4-4655-9496-b08861ccdd1d req-c93b4fed-6a4a-4b15-a362-6f750686ff10 b7d527f91d964d59be82e23f42f2e868 355fd2c60b9341268e2ad3dece2f5cad - - default default] 10.0.0.16 "GET /v2.0/networks?id=2c6fd478-c22e-439f-ac00-38e4dfb6c32d HTTP/1.1" status: 200 len: 872 time: 0.0979736
2026-06-28 21:04:02.582 9 INFO neutron.wsgi [req-d0cf1136-30c4-4655-9496-b08861ccdd1d req-5c1e3a86-1f78-43ce-9877-4171c0eb6447 b7d527f91d964d59be82e23f42f2e868 355fd2c60b9341268e2ad3dece2f5cad - - default default] 10.0.0.16 "GET /v2.0/quotas/355fd2c60b9341268e2ad3dece2f5cad HTTP/1.1" status: 200 len: 386 time: 0.0078435
2026-06-28 21:04:02.692 9 INFO neutron.wsgi [req-d0cf1136-30c4-4655-9496-b08861ccdd1d req-4869c26b-db9b-4a16-9c6d-561d26402873 b7d527f91d964d59be82e23f42f2e868 355fd2c60b9341268e2ad3dece2f5cad - - default default] 10.0.0.16 "GET /v2.0/ports?tenant_id=355fd2c60b9341268e2ad3dece2f5cad&fields=id HTTP/1.1" status: 200 len: 302 time: 0.1042502
2026-06-28 21:04:02.756 9 INFO neutron.wsgi [req-d0cf1136-30c4-4655-9496-b08861ccdd1d req-ba995aa6-fba7-420e-9205-5695e4f95de4 ccaad008b0aa47239794adec87be5637 20f2cfd0977b45158f66d4824ebf86d0 - - 44e706304a8e4e5b82af10eac2ac5573 44e706304a8e4e5b82af10eac2ac5573] 10.0.0.16 "GET /v2.0/networks/2c6fd478-c22e-439f-ac00-38e4dfb6c32d?fields=segments HTTP/1.1" status: 200 len: 212 time: 0.0571976
2026-06-28 21:04:02.836 9 INFO neutron.wsgi [req-d0cf1136-30c4-4655-9496-b08861ccdd1d req-2235ba68-7b25-42ad-80d3-4b2015a789cd ccaad008b0aa47239794adec87be5637 20f2cfd0977b45158f66d4824ebf86d0 - - 44e706304a8e4e5b82af10eac2ac5573 44e706304a8e4e5b82af10eac2ac5573] 10.0.0.16 "GET /v2.0/networks/2c6fd478-c22e-439f-ac00-38e4dfb6c32d?fields=provider%3Aphysical_network&fields=provider%3Anetwork_type HTTP/1.1" status: 200 len: 277 time: 0.0748856
2026-06-28 21:04:02.972 9 INFO neutron.wsgi [req-b6f6a59a-5e22-4f91-b1f9-2a93097dc7da req-ba93e5c8-4a88-4d4f-90eb-ad6a10665d95 b7d527f91d964d59be82e23f42f2e868 355fd2c60b9341268e2ad3dece2f5cad - - default default] 10.0.0.16 "GET /v2.0/ports?device_id=3a65aef9-f8e7-460b-a9e7-3a7670ac08c0 HTTP/1.1" status: 200 len: 210 time: 0.0299094
2026-06-28 21:04:03.054 10 INFO neutron.wsgi [None req-3e3bb7a8-e199-4305-b41d-a9e9fdada211 0f0d24f97fa347d090005439bfafe7cb 453e8b2f9ea14108b29b8f34b9f3a690 - - default default] 10.0.0.226 "DELETE /v2.0/routers/167ab892-a628-44e5-a1c9-a8844d590ab0 HTTP/1.1" status: 204 len: 168 time: 0.8535895
2026-06-28 21:04:03.082 10 INFO neutron.wsgi [None req-d4319b6d-3ba4-484b-bdf4-fea217b0475d 0f0d24f97fa347d090005439bfafe7cb 453e8b2f9ea14108b29b8f34b9f3a690 - - default default] 10.0.0.226 "GET /v2.0/ports?device_id=167ab892-a628-44e5-a1c9-a8844d590ab0 HTTP/1.1" status: 200 len: 205 time: 0.0194991
2026-06-28 21:04:03.113 10 INFO neutron.api.v2.resource [None req-03a5b044-89a5-4a0b-a1e9-fc6b344cc55b 0f0d24f97fa347d090005439bfafe7cb 453e8b2f9ea14108b29b8f34b9f3a690 - - default default] delete failed (client error): The resource could not be found.
2026-06-28 21:04:03.115 10 INFO neutron.wsgi [None req-03a5b044-89a5-4a0b-a1e9-fc6b344cc55b 0f0d24f97fa347d090005439bfafe7cb 453e8b2f9ea14108b29b8f34b9f3a690 - - default default] 10.0.0.226 "DELETE /v2.0/routers/167ab892-a628-44e5-a1c9-a8844d590ab0 HTTP/1.1" status: 404 len: 336 time: 0.0273209
2026-06-28 21:04:03.142 10 INFO neutron.wsgi [None req-b1b3a482-71e1-498a-a8f7-4c216eabc717 0f0d24f97fa347d090005439bfafe7cb 453e8b2f9ea14108b29b8f34b9f3a690 - - default default] 10.0.0.226 "GET /v2.0/ports?device_id=2ad8200c-25e1-44f7-8321-d9959837bee8 HTTP/1.1" status: 200 len: 205 time: 0.0224788
2026-06-28 21:04:03.169 10 INFO neutron.api.v2.resource [None req-bbf91e46-7341-4bd5-896c-9c330f69ccd5 0f0d24f97fa347d090005439bfafe7cb 453e8b2f9ea14108b29b8f34b9f3a690 - - default default] delete failed (client error): The resource could not be found.
2026-06-28 21:04:03.170 10 INFO neutron.wsgi [None req-bbf91e46-7341-4bd5-896c-9c330f69ccd5 0f0d24f97fa347d090005439bfafe7cb 453e8b2f9ea14108b29b8f34b9f3a690 - - default default] 10.0.0.226 "DELETE /v2.0/routers/2ad8200c-25e1-44f7-8321-d9959837bee8 HTTP/1.1" status: 404 len: 336 time: 0.0235639
