2026-06-28 21:02:14.030 9 INFO neutron.db.ovn_revision_numbers_db [None req-ad18e396-f53d-4e9e-a2e4-c38ff0fad578 dee7710eebe641e998a3146c11aaf224 0252989593b642ec99ca19ce4267a2c0 - - default default] Successfully bumped revision number for resource 82985daa-2733-4b72-8317-5e03d2aff474 (type: security_group_rules) to 0
2026-06-28 21:02:14.035 10 WARNING neutron.scheduler.dhcp_agent_scheduler [None req-154164f5-b14d-4994-bf36-7354b6011ace dee7710eebe641e998a3146c11aaf224 0252989593b642ec99ca19ce4267a2c0 - - default default] No more DHCP agents
2026-06-28 21:02:14.049 10 WARNING neutron.api.rpc.agentnotifiers.dhcp_rpc_agent_api [None req-154164f5-b14d-4994-bf36-7354b6011ace dee7710eebe641e998a3146c11aaf224 0252989593b642ec99ca19ce4267a2c0 - - default default] Unable to schedule network 16eeccda-bbae-4937-b4b2-593dbbe4413f: no agents available; will retry on subsequent port and subnet creation events.
2026-06-28 21:02:14.052 9 INFO neutron.db.ovn_revision_numbers_db [None req-ad18e396-f53d-4e9e-a2e4-c38ff0fad578 dee7710eebe641e998a3146c11aaf224 0252989593b642ec99ca19ce4267a2c0 - - default default] Successfully bumped revision number for resource 83f288a8-356c-4c7c-a7e0-ec7339bc09a4 (type: security_group_rules) to 0
2026-06-28 21:02:14.061 9 INFO neutron.db.ovn_revision_numbers_db [None req-b25f6867-4ab0-49c7-9e48-4aa0ae5ec8b5 - - - - - -] Successfully bumped revision number for resource a9006360-885d-421d-83c4-061ab477d0bd (type: ports) to 4
2026-06-28 21:02:14.073 9 INFO neutron.db.ovn_revision_numbers_db [None req-ad18e396-f53d-4e9e-a2e4-c38ff0fad578 dee7710eebe641e998a3146c11aaf224 0252989593b642ec99ca19ce4267a2c0 - - default default] Successfully bumped revision number for resource d07d69c5-dabc-4b4b-a1e0-675a3ab61569 (type: security_group_rules) to 0
2026-06-28 21:02:14.109 9 INFO neutron.db.ovn_revision_numbers_db [None req-ad18e396-f53d-4e9e-a2e4-c38ff0fad578 dee7710eebe641e998a3146c11aaf224 0252989593b642ec99ca19ce4267a2c0 - - default default] Successfully bumped revision number for resource df345fe4-0326-4841-96db-84dde54f9d3a (type: security_group_rules) to 0
2026-06-28 21:02:14.141 10 WARNING neutron.scheduler.dhcp_agent_scheduler [req-18e5a9cc-bd42-43eb-8f4b-87f125f948a1 req-1a85cbb3-0f35-433f-afa7-4186116aed0d 5b76f53906094d9fa39a73912682cac4 1160d49014034ebf92199ea09d7796ec - - default default] No more DHCP agents
2026-06-28 21:02:14.149 10 WARNING neutron.api.rpc.agentnotifiers.dhcp_rpc_agent_api [req-18e5a9cc-bd42-43eb-8f4b-87f125f948a1 req-1a85cbb3-0f35-433f-afa7-4186116aed0d 5b76f53906094d9fa39a73912682cac4 1160d49014034ebf92199ea09d7796ec - - default default] Unable to schedule network 92c7bf0a-4635-4cb3-97eb-63f2505844ed: no agents available; will retry on subsequent port and subnet creation events.
2026-06-28 21:02:14.177 9 INFO neutron.db.segments_db [None req-ad18e396-f53d-4e9e-a2e4-c38ff0fad578 dee7710eebe641e998a3146c11aaf224 0252989593b642ec99ca19ce4267a2c0 - - default default] Added segment c6ee0fac-b862-4b91-a048-3be99d11c718 of type geneve for network 2ae61477-02e0-4683-bc3e-0d025e5a2bdd
2026-06-28 21:02:14.188 10 INFO neutron.db.ovn_revision_numbers_db [None req-30410b77-c909-431a-9e63-ec036ec62b2f a777fbfedf6145d89f7dd3b232f2307a 5204c4eb8d5047e1854c383ce41a1950 - - default default] Successfully bumped revision number for resource 316d23b6-e0a6-4aeb-9c67-1326950cee4a (type: security_groups) to 1
2026-06-28 21:02:14.229 10 INFO neutron.db.ovn_revision_numbers_db [None req-30410b77-c909-431a-9e63-ec036ec62b2f a777fbfedf6145d89f7dd3b232f2307a 5204c4eb8d5047e1854c383ce41a1950 - - default default] Successfully bumped revision number for resource b38f295a-20a3-4a16-bce3-cb30209bd5b5 (type: security_group_rules) to 0
2026-06-28 21:02:14.263 9 INFO neutron.db.ovn_revision_numbers_db [None req-b25f6867-4ab0-49c7-9e48-4aa0ae5ec8b5 - - - - - -] Successfully bumped revision number for resource a9006360-885d-421d-83c4-061ab477d0bd (type: router_ports) to 4
2026-06-28 21:02:14.265 10 INFO neutron.db.ovn_revision_numbers_db [None req-30410b77-c909-431a-9e63-ec036ec62b2f a777fbfedf6145d89f7dd3b232f2307a 5204c4eb8d5047e1854c383ce41a1950 - - default default] Successfully bumped revision number for resource d419751c-e029-4549-b087-12ffe881d41a (type: security_group_rules) to 0
2026-06-28 21:02:14.311 10 INFO neutron.wsgi [None req-30410b77-c909-431a-9e63-ec036ec62b2f a777fbfedf6145d89f7dd3b232f2307a 5204c4eb8d5047e1854c383ce41a1950 - - default default] 10.0.0.226 "POST /v2.0/security-groups HTTP/1.1" status: 201 len: 1760 time: 0.3902590 /var/lib/openstack/lib/python3.10/site-packages/pycadf/identifier.py:71: UserWarning: Invalid uuid: neutron. To ensure interoperability, identifiers should be a valid uuid. warnings.warn(('Invalid uuid: %s. To ensure interoperability, '
2026-06-28 21:02:14.325 10 WARNING neutron_lib.context [None req-7d71baae-dc58-4ee6-9081-a56d2ec70d65 a777fbfedf6145d89f7dd3b232f2307a 5204c4eb8d5047e1854c383ce41a1950 - - default default] Method 'is_advsvc' is deprecated since 2023.2 release (neutron-lib 3.8.0) and will be removed once support for the old RBAC API policies will be removed from Neutron. Please use method 'is_service_role' instead.
2026-06-28 21:02:14.335 10 INFO neutron.db.ovn_revision_numbers_db [None req-154164f5-b14d-4994-bf36-7354b6011ace dee7710eebe641e998a3146c11aaf224 0252989593b642ec99ca19ce4267a2c0 - - default default] Successfully bumped revision number for resource 7d53d4f9-1d95-45cd-b7ee-f947292b68fd (type: ports) to 1
2026-06-28 21:02:14.355 9 INFO neutron.db.ovn_revision_numbers_db [None req-ad18e396-f53d-4e9e-a2e4-c38ff0fad578 dee7710eebe641e998a3146c11aaf224 0252989593b642ec99ca19ce4267a2c0 - - default default] Successfully bumped revision number for resource 2ae61477-02e0-4683-bc3e-0d025e5a2bdd (type: networks) to 1
2026-06-28 21:02:14.424 10 INFO neutron.db.ovn_revision_numbers_db [req-18e5a9cc-bd42-43eb-8f4b-87f125f948a1 req-1a85cbb3-0f35-433f-afa7-4186116aed0d 5b76f53906094d9fa39a73912682cac4 1160d49014034ebf92199ea09d7796ec - - default default] Successfully bumped revision number for resource c85ca9ce-f9b3-47e4-bb64-a2860736ce58 (type: ports) to 1
2026-06-28 21:02:14.470 10 INFO neutron.wsgi [req-18e5a9cc-bd42-43eb-8f4b-87f125f948a1 req-1a85cbb3-0f35-433f-afa7-4186116aed0d 5b76f53906094d9fa39a73912682cac4 1160d49014034ebf92199ea09d7796ec - - default default] 199.204.45.38 "POST /v2.0/ports HTTP/1.1" status: 201 len: 1162 time: 0.9333851
2026-06-28 21:02:14.510 9 WARNING neutron.scheduler.dhcp_agent_scheduler [None req-ad18e396-f53d-4e9e-a2e4-c38ff0fad578 dee7710eebe641e998a3146c11aaf224 0252989593b642ec99ca19ce4267a2c0 - - default default] No more DHCP agents
2026-06-28 21:02:14.513 9 WARNING neutron.api.rpc.agentnotifiers.dhcp_rpc_agent_api [None req-ad18e396-f53d-4e9e-a2e4-c38ff0fad578 dee7710eebe641e998a3146c11aaf224 0252989593b642ec99ca19ce4267a2c0 - - default default] Unable to schedule network 2ae61477-02e0-4683-bc3e-0d025e5a2bdd: no agents available; will retry on subsequent port and subnet creation events.
2026-06-28 21:02:14.599 9 INFO neutron.db.ovn_revision_numbers_db [None req-ad18e396-f53d-4e9e-a2e4-c38ff0fad578 dee7710eebe641e998a3146c11aaf224 0252989593b642ec99ca19ce4267a2c0 - - default default] Successfully bumped revision number for resource ef7712cf-5cb7-44a3-b268-71ae52d34609 (type: ports) to 1
2026-06-28 21:02:14.616 9 INFO neutron.wsgi [None req-ad18e396-f53d-4e9e-a2e4-c38ff0fad578 dee7710eebe641e998a3146c11aaf224 0252989593b642ec99ca19ce4267a2c0 - - default default] 10.0.0.226 "POST /v2.0/networks HTTP/1.1" status: 201 len: 948 time: 0.9339976
2026-06-28 21:02:14.633 10 INFO neutron.db.ovn_revision_numbers_db [None req-7d71baae-dc58-4ee6-9081-a56d2ec70d65 a777fbfedf6145d89f7dd3b232f2307a 5204c4eb8d5047e1854c383ce41a1950 - - default default] Successfully bumped revision number for resource b4bb50e4-0cfc-417a-a030-98232299fbf9 (type: security_group_rules) to 0
2026-06-28 21:02:14.690 10 INFO neutron.wsgi [None req-7d71baae-dc58-4ee6-9081-a56d2ec70d65 a777fbfedf6145d89f7dd3b232f2307a 5204c4eb8d5047e1854c383ce41a1950 - - default default] 10.0.0.226 "POST /v2.0/security-group-rules HTTP/1.1" status: 201 len: 768 time: 0.3721020
2026-06-28 21:02:14.732 10 INFO neutron.wsgi [None req-fd57c4fd-7fa1-4b55-95cf-8e5a892bc3c7 a777fbfedf6145d89f7dd3b232f2307a 5204c4eb8d5047e1854c383ce41a1950 - - default default] 10.0.0.226 "GET /v2.0/security-group-rules/b4bb50e4-0cfc-417a-a030-98232299fbf9 HTTP/1.1" status: 200 len: 763 time: 0.0299144
2026-06-28 21:02:14.774 9 WARNING neutron.plugins.ml2.drivers.ovn.mech_driver.ovsdb.ovn_client [None req-d5baf527-9d9a-4ad5-9da9-7954e8601227 - - - - - -] No hosting information found for port 552166b8-a6b1-4cbb-ad27-981db5f0a053: RuntimeError: No hosting information found for port 552166b8-a6b1-4cbb-ad27-981db5f0a053
2026-06-28 21:02:14.779 9 INFO neutron.wsgi [req-907144d4-2e2b-4d5c-8aad-99c9ecdd86d8 req-030e307c-2882-424f-8699-62fdfdbfeea4 5b76f53906094d9fa39a73912682cac4 1160d49014034ebf92199ea09d7796ec - - default default] 10.0.0.16 "GET /v2.0/ports?device_id=0ac2be8b-c590-4e37-aa3c-1a99cd78c2cc HTTP/1.1" status: 200 len: 1160 time: 0.0521593
2026-06-28 21:02:14.794 9 WARNING neutron.scheduler.dhcp_agent_scheduler [None req-7b3d99be-ab32-4c22-953f-a0e86fc97dd5 dee7710eebe641e998a3146c11aaf224 0252989593b642ec99ca19ce4267a2c0 - - default default] No more DHCP agents
2026-06-28 21:02:14.799 9 WARNING neutron.api.rpc.agentnotifiers.dhcp_rpc_agent_api [None req-7b3d99be-ab32-4c22-953f-a0e86fc97dd5 dee7710eebe641e998a3146c11aaf224 0252989593b642ec99ca19ce4267a2c0 - - default default] Unable to schedule network 2ae61477-02e0-4683-bc3e-0d025e5a2bdd: no agents available; will retry on subsequent port and subnet creation events.
2026-06-28 21:02:14.842 9 INFO neutron.wsgi [req-907144d4-2e2b-4d5c-8aad-99c9ecdd86d8 req-803cd095-7608-4078-ad05-f7fd0c13453f 5b76f53906094d9fa39a73912682cac4 1160d49014034ebf92199ea09d7796ec - - default default] 10.0.0.16 "GET /v2.0/security-groups?id=50cbcdc9-52c4-4b2b-9226-4e34c63849a4&fields=id&fields=name HTTP/1.1" status: 200 len: 313 time: 0.0534694
2026-06-28 21:02:14.854 10 INFO neutron.wsgi [None req-5ed126cf-9cba-491d-bd57-05fff8fb2d5a a777fbfedf6145d89f7dd3b232f2307a 5204c4eb8d5047e1854c383ce41a1950 - - default default] 10.0.0.226 "GET /v2.0/security-group-rules HTTP/1.1" status: 200 len: 4113 time: 0.1089318
2026-06-28 21:02:15.132 9 INFO neutron.plugins.ml2.drivers.ovn.mech_driver.mech_driver [None req-d5baf527-9d9a-4ad5-9da9-7954e8601227 - - - - - -] OVN reports status up for port: 7d53d4f9-1d95-45cd-b7ee-f947292b68fd
2026-06-28 21:02:15.146 9 INFO neutron.plugins.ml2.plugin [None req-d5baf527-9d9a-4ad5-9da9-7954e8601227 - - - - - -] Attempt 1 to provision port 7d53d4f9-1d95-45cd-b7ee-f947292b68fd
2026-06-28 21:02:15.176 10 INFO neutron.db.ovn_revision_numbers_db [None req-154164f5-b14d-4994-bf36-7354b6011ace dee7710eebe641e998a3146c11aaf224 0252989593b642ec99ca19ce4267a2c0 - - default default] Successfully bumped revision number for resource 7d53d4f9-1d95-45cd-b7ee-f947292b68fd (type: router_ports) to 1
2026-06-28 21:02:15.287 9 INFO neutron.wsgi [None req-a62a0bde-608e-46c2-86e6-36ec0a171657 a777fbfedf6145d89f7dd3b232f2307a 5204c4eb8d5047e1854c383ce41a1950 - - default default] 10.0.0.226 "DELETE /v2.0/security-group-rules/b4bb50e4-0cfc-417a-a030-98232299fbf9 HTTP/1.1" status: 204 len: 168 time: 0.4281116 /var/lib/openstack/lib/python3.10/site-packages/pycadf/identifier.py:71: UserWarning: Invalid uuid: neutron. To ensure interoperability, identifiers should be a valid uuid. warnings.warn(('Invalid uuid: %s. To ensure interoperability, '
2026-06-28 21:02:15.299 10 INFO neutron.db.ovn_revision_numbers_db [req-18e5a9cc-bd42-43eb-8f4b-87f125f948a1 req-f275305e-54fc-41ea-ba10-e3875cd38ac5 ccaad008b0aa47239794adec87be5637 20f2cfd0977b45158f66d4824ebf86d0 - - 44e706304a8e4e5b82af10eac2ac5573 44e706304a8e4e5b82af10eac2ac5573] Successfully bumped revision number for resource c85ca9ce-f9b3-47e4-bb64-a2860736ce58 (type: ports) to 2
2026-06-28 21:02:15.353 10 INFO neutron.wsgi [None req-240a0a37-d798-4eb2-a7ac-d38b84a27a3f a777fbfedf6145d89f7dd3b232f2307a 5204c4eb8d5047e1854c383ce41a1950 - - default default] 10.0.0.226 "GET /v2.0/security-group-rules HTTP/1.1" status: 200 len: 3567 time: 0.0595181
2026-06-28 21:02:15.365 10 WARNING neutron_lib.context [None req-4f6fa54b-184a-40ab-afc5-4ad187521552 a777fbfedf6145d89f7dd3b232f2307a 5204c4eb8d5047e1854c383ce41a1950 - - default default] Method 'is_advsvc' is deprecated since 2023.2 release (neutron-lib 3.8.0) and will be removed once support for the old RBAC API policies will be removed from Neutron. Please use method 'is_service_role' instead.
2026-06-28 21:02:15.386 10 INFO neutron.db.ovn_revision_numbers_db [None req-154164f5-b14d-4994-bf36-7354b6011ace dee7710eebe641e998a3146c11aaf224 0252989593b642ec99ca19ce4267a2c0 - - default default] Successfully bumped revision number for resource 7d53d4f9-1d95-45cd-b7ee-f947292b68fd (type: ports) to 1
2026-06-28 21:02:15.542 9 INFO neutron.db.ovn_revision_numbers_db [None req-d5baf527-9d9a-4ad5-9da9-7954e8601227 - - - - - -] Successfully bumped revision number for resource 7d53d4f9-1d95-45cd-b7ee-f947292b68fd (type: ports) to 2
2026-06-28 21:02:15.544 10 WARNING neutron.scheduler.dhcp_agent_scheduler [None req-154164f5-b14d-4994-bf36-7354b6011ace dee7710eebe641e998a3146c11aaf224 0252989593b642ec99ca19ce4267a2c0 - - default default] No more DHCP agents
2026-06-28 21:02:15.546 10 WARNING neutron.api.rpc.agentnotifiers.dhcp_rpc_agent_api [None req-154164f5-b14d-4994-bf36-7354b6011ace dee7710eebe641e998a3146c11aaf224 0252989593b642ec99ca19ce4267a2c0 - - default default] Unable to schedule network 16eeccda-bbae-4937-b4b2-593dbbe4413f: no agents available; will retry on subsequent port and subnet creation events.
2026-06-28 21:02:15.657 9 INFO neutron.db.ovn_revision_numbers_db [None req-d5baf527-9d9a-4ad5-9da9-7954e8601227 - - - - - -] Successfully bumped revision number for resource 7d53d4f9-1d95-45cd-b7ee-f947292b68fd (type: router_ports) to 2
2026-06-28 21:02:15.660 10 INFO neutron.db.ovn_revision_numbers_db [None req-4f6fa54b-184a-40ab-afc5-4ad187521552 a777fbfedf6145d89f7dd3b232f2307a 5204c4eb8d5047e1854c383ce41a1950 - - default default] Successfully bumped revision number for resource 35cbaa0e-6f86-45ab-ba75-49c2359350a3 (type: security_group_rules) to 0
2026-06-28 21:02:15.676 9 INFO neutron.db.ovn_revision_numbers_db [None req-7b3d99be-ab32-4c22-953f-a0e86fc97dd5 dee7710eebe641e998a3146c11aaf224 0252989593b642ec99ca19ce4267a2c0 - - default default] Successfully bumped revision number for resource ef7712cf-5cb7-44a3-b268-71ae52d34609 (type: ports) to 2
2026-06-28 21:02:15.694 10 INFO neutron.db.ovn_revision_numbers_db [req-18e5a9cc-bd42-43eb-8f4b-87f125f948a1 req-f275305e-54fc-41ea-ba10-e3875cd38ac5 ccaad008b0aa47239794adec87be5637 20f2cfd0977b45158f66d4824ebf86d0 - - 44e706304a8e4e5b82af10eac2ac5573 44e706304a8e4e5b82af10eac2ac5573] Successfully bumped revision number for resource c85ca9ce-f9b3-47e4-bb64-a2860736ce58 (type: ports) to 2
2026-06-28 21:02:15.698 10 INFO neutron.wsgi [None req-4f6fa54b-184a-40ab-afc5-4ad187521552 a777fbfedf6145d89f7dd3b232f2307a 5204c4eb8d5047e1854c383ce41a1950 - - default default] 10.0.0.226 "POST /v2.0/security-group-rules HTTP/1.1" status: 201 len: 768 time: 0.3377583
2026-06-28 21:02:15.722 10 INFO neutron.wsgi [req-18e5a9cc-bd42-43eb-8f4b-87f125f948a1 req-f275305e-54fc-41ea-ba10-e3875cd38ac5 ccaad008b0aa47239794adec87be5637 20f2cfd0977b45158f66d4824ebf86d0 - - 44e706304a8e4e5b82af10eac2ac5573 44e706304a8e4e5b82af10eac2ac5573] 199.204.45.38 "PUT /v2.0/ports/c85ca9ce-f9b3-47e4-bb64-a2860736ce58 HTTP/1.1" status: 200 len: 1380 time: 1.2330809
2026-06-28 21:02:15.731 9 INFO neutron.wsgi [None req-f748a1a7-0831-4aff-9a87-a2f0e54cfa7c a777fbfedf6145d89f7dd3b232f2307a 5204c4eb8d5047e1854c383ce41a1950 - - default default] 10.0.0.226 "GET /v2.0/security-group-rules/35cbaa0e-6f86-45ab-ba75-49c2359350a3 HTTP/1.1" status: 200 len: 763 time: 0.0251732
2026-06-28 21:02:15.747 9 INFO neutron.db.ovn_revision_numbers_db [None req-7b3d99be-ab32-4c22-953f-a0e86fc97dd5 dee7710eebe641e998a3146c11aaf224 0252989593b642ec99ca19ce4267a2c0 - - default default] Successfully bumped revision number for resource fa7ced6f-fd4c-4571-93b0-50efd16c9f4b (type: subnets) to 0
2026-06-28 21:02:15.765 10 INFO neutron.notifiers.nova [-] Nova event matching ['req-83a1540e-8d49-4d34-8f0f-4843660aa7d6'] response: {'name': 'network-changed', 'server_uuid': '0ac2be8b-c590-4e37-aa3c-1a99cd78c2cc', 'tag': 'c85ca9ce-f9b3-47e4-bb64-a2860736ce58', 'status': 'completed', 'code': 200}
2026-06-28 21:02:15.774 9 INFO neutron.wsgi [None req-7b3d99be-ab32-4c22-953f-a0e86fc97dd5 dee7710eebe641e998a3146c11aaf224 0252989593b642ec99ca19ce4267a2c0 - - default default] 10.0.0.226 "POST /v2.0/subnets HTTP/1.1" status: 201 len: 868 time: 1.1515331 /var/lib/openstack/lib/python3.10/site-packages/pycadf/identifier.py:71: UserWarning: Invalid uuid: neutron. To ensure interoperability, identifiers should be a valid uuid. warnings.warn(('Invalid uuid: %s. To ensure interoperability, '
2026-06-28 21:02:15.814 10 INFO neutron.wsgi [req-18e5a9cc-bd42-43eb-8f4b-87f125f948a1 req-f083ae0f-4e89-49b2-81fd-0861008eeef4 ccaad008b0aa47239794adec87be5637 20f2cfd0977b45158f66d4824ebf86d0 - - 44e706304a8e4e5b82af10eac2ac5573 44e706304a8e4e5b82af10eac2ac5573] 199.204.45.38 "GET /v2.0/ports?tenant_id=1160d49014034ebf92199ea09d7796ec&device_id=0ac2be8b-c590-4e37-aa3c-1a99cd78c2cc HTTP/1.1" status: 200 len: 1411 time: 0.0405567
2026-06-28 21:02:15.814 9 INFO neutron.wsgi [None req-7c078e5c-115f-4943-8736-f7537c755d85 a777fbfedf6145d89f7dd3b232f2307a 5204c4eb8d5047e1854c383ce41a1950 - - default default] 10.0.0.226 "GET /v2.0/security-group-rules HTTP/1.1" status: 200 len: 4113 time: 0.0793326
2026-06-28 21:02:15.862 10 INFO neutron.wsgi [req-18e5a9cc-bd42-43eb-8f4b-87f125f948a1 req-e98fa5f1-26a7-4c56-a350-de2fd15b770d ccaad008b0aa47239794adec87be5637 20f2cfd0977b45158f66d4824ebf86d0 - - 44e706304a8e4e5b82af10eac2ac5573 44e706304a8e4e5b82af10eac2ac5573] 199.204.45.38 "GET /v2.0/floatingips?fixed_ip_address=10.100.0.11&port_id=c85ca9ce-f9b3-47e4-bb64-a2860736ce58 HTTP/1.1" status: 200 len: 217 time: 0.0303726
2026-06-28 21:02:15.932 10 INFO neutron.wsgi [req-18e5a9cc-bd42-43eb-8f4b-87f125f948a1 req-a341587c-2ddf-40e1-9db4-b698b94805ea ccaad008b0aa47239794adec87be5637 20f2cfd0977b45158f66d4824ebf86d0 - - 44e706304a8e4e5b82af10eac2ac5573 44e706304a8e4e5b82af10eac2ac5573] 199.204.45.38 "GET /v2.0/subnets?id=9395e27e-cbdc-4f4a-9cd8-21cddc1e9f5c HTTP/1.1" status: 200 len: 862 time: 0.0643878
2026-06-28 21:02:15.968 10 INFO neutron.wsgi [req-18e5a9cc-bd42-43eb-8f4b-87f125f948a1 req-780864eb-3950-4dc2-b29b-af466d9514c2 ccaad008b0aa47239794adec87be5637 20f2cfd0977b45158f66d4824ebf86d0 - - 44e706304a8e4e5b82af10eac2ac5573 44e706304a8e4e5b82af10eac2ac5573] 199.204.45.38 "GET /v2.0/ports?network_id=92c7bf0a-4635-4cb3-97eb-63f2505844ed&device_owner=network%3Adhcp HTTP/1.1" status: 200 len: 210 time: 0.0288663
2026-06-28 21:02:15.971 9 INFO neutron.wsgi [req-aa36bebd-6721-4f98-b3cf-3c88f291d126 req-e4cf7351-2425-45f1-8f21-fc9146a0fafe 5b76f53906094d9fa39a73912682cac4 1160d49014034ebf92199ea09d7796ec - - default default] 10.0.0.16 "GET /v2.0/ports?device_id=0ac2be8b-c590-4e37-aa3c-1a99cd78c2cc HTTP/1.1" status: 200 len: 1172 time: 0.0521276
2026-06-28 21:02:16.017 9 INFO neutron.wsgi [req-aa36bebd-6721-4f98-b3cf-3c88f291d126 req-a2d8a028-add1-4fd2-ac70-d87509cd10e1 5b76f53906094d9fa39a73912682cac4 1160d49014034ebf92199ea09d7796ec - - default default] 10.0.0.16 "GET /v2.0/security-groups?id=50cbcdc9-52c4-4b2b-9226-4e34c63849a4&fields=id&fields=name HTTP/1.1" status: 200 len: 313 time: 0.0334389
2026-06-28 21:02:16.064 10 INFO neutron.wsgi [req-18e5a9cc-bd42-43eb-8f4b-87f125f948a1 req-fe2bae9f-7200-492d-87da-49db952f61aa ccaad008b0aa47239794adec87be5637 20f2cfd0977b45158f66d4824ebf86d0 - - 44e706304a8e4e5b82af10eac2ac5573 44e706304a8e4e5b82af10eac2ac5573] 199.204.45.38 "GET /v2.0/networks/92c7bf0a-4635-4cb3-97eb-63f2505844ed?fields=segments HTTP/1.1" status: 200 len: 212 time: 0.0878525
2026-06-28 21:02:16.083 10 INFO neutron.wsgi [None req-2d1c57c3-00a0-4ca9-92a1-2fa82ddf5ace a777fbfedf6145d89f7dd3b232f2307a 5204c4eb8d5047e1854c383ce41a1950 - - default default] 10.0.0.226 "DELETE /v2.0/security-group-rules/35cbaa0e-6f86-45ab-ba75-49c2359350a3 HTTP/1.1" status: 204 len: 168 time: 0.2632353
2026-06-28 21:02:16.147 9 INFO neutron.wsgi [None req-a36adc26-a1b6-43e5-bd39-13ebf8e2e4bc a777fbfedf6145d89f7dd3b232f2307a 5204c4eb8d5047e1854c383ce41a1950 - - default default] 10.0.0.226 "GET /v2.0/security-group-rules HTTP/1.1" status: 200 len: 3567 time: 0.0537655
2026-06-28 21:02:16.147 10 INFO neutron.wsgi [req-18e5a9cc-bd42-43eb-8f4b-87f125f948a1 req-4ac4ce30-4910-4484-bd63-40ff486630f5 ccaad008b0aa47239794adec87be5637 20f2cfd0977b45158f66d4824ebf86d0 - - 44e706304a8e4e5b82af10eac2ac5573 44e706304a8e4e5b82af10eac2ac5573] 199.204.45.38 "GET /v2.0/networks/92c7bf0a-4635-4cb3-97eb-63f2505844ed?fields=provider%3Aphysical_network&fields=provider%3Anetwork_type HTTP/1.1" status: 200 len: 277 time: 0.0670702
2026-06-28 21:02:16.157 9 WARNING neutron_lib.context [None req-fc4ca899-d92e-474f-8532-492ed3afb69b a777fbfedf6145d89f7dd3b232f2307a 5204c4eb8d5047e1854c383ce41a1950 - - default default] Method 'is_advsvc' is deprecated since 2023.2 release (neutron-lib 3.8.0) and will be removed once support for the old RBAC API policies will be removed from Neutron. Please use method 'is_service_role' instead.
2026-06-28 21:02:16.222 10 INFO neutron.wsgi [req-2184172f-0b5e-4fb6-b0d9-7b80685010d7 req-bfad6de2-4ee5-4b3c-8e45-584364921840 ccaad008b0aa47239794adec87be5637 20f2cfd0977b45158f66d4824ebf86d0 - - 44e706304a8e4e5b82af10eac2ac5573 44e706304a8e4e5b82af10eac2ac5573] 199.204.45.38 "GET /v2.0/ports?tenant_id=1160d49014034ebf92199ea09d7796ec&device_id=0ac2be8b-c590-4e37-aa3c-1a99cd78c2cc HTTP/1.1" status: 200 len: 1411 time: 0.0386417
2026-06-28 21:02:16.291 9 WARNING neutron.scheduler.dhcp_agent_scheduler [None req-1e8e1682-88ca-4db4-bb5f-3ffdef9a86a7 dee7710eebe641e998a3146c11aaf224 0252989593b642ec99ca19ce4267a2c0 - - default default] No more DHCP agents
2026-06-28 21:02:16.294 9 WARNING neutron.api.rpc.agentnotifiers.dhcp_rpc_agent_api [None req-1e8e1682-88ca-4db4-bb5f-3ffdef9a86a7 dee7710eebe641e998a3146c11aaf224 0252989593b642ec99ca19ce4267a2c0 - - default default] Unable to schedule network 4ea9bd8f-e56b-4845-914f-cd1f40212904: no agents available; will retry on subsequent port and subnet creation events.
2026-06-28 21:02:16.294 10 INFO neutron.wsgi [req-2184172f-0b5e-4fb6-b0d9-7b80685010d7 req-e704b5f8-d8fe-4532-b56f-ca83bb52db94 ccaad008b0aa47239794adec87be5637 20f2cfd0977b45158f66d4824ebf86d0 - - 44e706304a8e4e5b82af10eac2ac5573 44e706304a8e4e5b82af10eac2ac5573] 199.204.45.38 "GET /v2.0/networks?id=92c7bf0a-4635-4cb3-97eb-63f2505844ed HTTP/1.1" status: 200 len: 967 time: 0.0651948
2026-06-28 21:02:16.329 10 INFO neutron.db.ovn_revision_numbers_db [None req-154164f5-b14d-4994-bf36-7354b6011ace dee7710eebe641e998a3146c11aaf224 0252989593b642ec99ca19ce4267a2c0 - - default default] Successfully bumped revision number for resource 7d53d4f9-1d95-45cd-b7ee-f947292b68fd (type: router_ports) to 2
2026-06-28 21:02:16.331 9 INFO neutron.db.ovn_revision_numbers_db [None req-fc4ca899-d92e-474f-8532-492ed3afb69b a777fbfedf6145d89f7dd3b232f2307a 5204c4eb8d5047e1854c383ce41a1950 - - default default] Successfully bumped revision number for resource e77d19b5-3e18-4a83-b650-ace5b1f63a72 (type: security_group_rules) to 0
2026-06-28 21:02:16.331 10 INFO neutron.wsgi [None req-154164f5-b14d-4994-bf36-7354b6011ace dee7710eebe641e998a3146c11aaf224 0252989593b642ec99ca19ce4267a2c0 - - default default] 10.0.0.226 "PUT /v2.0/routers/a7e854ae-f287-4e86-a890-2203f1bc9feb/add_router_interface HTTP/1.1" status: 200 len: 503 time: 3.2926366
2026-06-28 21:02:16.333 10 INFO neutron.wsgi [req-2184172f-0b5e-4fb6-b0d9-7b80685010d7 req-ff5e16cb-75c8-4dd9-b33f-63c100db9d65 ccaad008b0aa47239794adec87be5637 20f2cfd0977b45158f66d4824ebf86d0 - - 44e706304a8e4e5b82af10eac2ac5573 44e706304a8e4e5b82af10eac2ac5573] 199.204.45.38 "GET /v2.0/floatingips?fixed_ip_address=10.100.0.11&port_id=c85ca9ce-f9b3-47e4-bb64-a2860736ce58 HTTP/1.1" status: 200 len: 217 time: 0.0321357
2026-06-28 21:02:16.363 9 INFO neutron.wsgi [None req-fc4ca899-d92e-474f-8532-492ed3afb69b a777fbfedf6145d89f7dd3b232f2307a 5204c4eb8d5047e1854c383ce41a1950 - - default default] 10.0.0.226 "POST /v2.0/security-group-rules HTTP/1.1" status: 201 len: 769 time: 0.2091596
2026-06-28 21:02:16.365 10 INFO neutron.plugins.ml2.drivers.ovn.mech_driver.mech_driver [None req-6780a589-b035-40c3-ba27-903bf3bdde07 - - - - - -] OVN reports status up for port: c85ca9ce-f9b3-47e4-bb64-a2860736ce58
2026-06-28 21:02:16.380 10 INFO neutron.wsgi [req-2184172f-0b5e-4fb6-b0d9-7b80685010d7 req-7632c6f1-6668-4e82-a8c0-20cb10142ce5 ccaad008b0aa47239794adec87be5637 20f2cfd0977b45158f66d4824ebf86d0 - - 44e706304a8e4e5b82af10eac2ac5573 44e706304a8e4e5b82af10eac2ac5573] 199.204.45.38 "GET /v2.0/subnets?id=9395e27e-cbdc-4f4a-9cd8-21cddc1e9f5c HTTP/1.1" status: 200 len: 862 time: 0.0436606
2026-06-28 21:02:16.381 10 INFO neutron.plugins.ml2.plugin [None req-6780a589-b035-40c3-ba27-903bf3bdde07 - - - - - -] Attempt 1 to provision port c85ca9ce-f9b3-47e4-bb64-a2860736ce58
2026-06-28 21:02:16.393 9 INFO neutron.wsgi [None req-85dfe8d0-cfea-44c6-b70a-0ed70df011e9 a777fbfedf6145d89f7dd3b232f2307a 5204c4eb8d5047e1854c383ce41a1950 - - default default] 10.0.0.226 "GET /v2.0/security-group-rules/e77d19b5-3e18-4a83-b650-ace5b1f63a72 HTTP/1.1" status: 200 len: 764 time: 0.0216017
2026-06-28 21:02:16.423 10 INFO neutron.wsgi [req-2184172f-0b5e-4fb6-b0d9-7b80685010d7 req-d8ebf7a5-0266-4cbd-8004-bf766dcd5de7 ccaad008b0aa47239794adec87be5637 20f2cfd0977b45158f66d4824ebf86d0 - - 44e706304a8e4e5b82af10eac2ac5573 44e706304a8e4e5b82af10eac2ac5573] 199.204.45.38 "GET /v2.0/ports?network_id=92c7bf0a-4635-4cb3-97eb-63f2505844ed&device_owner=network%3Adhcp HTTP/1.1" status: 200 len: 210 time: 0.0234354
2026-06-28 21:02:16.454 9 INFO neutron.wsgi [None req-26b7d8b3-72bf-4aa2-b189-abe5457d0199 a777fbfedf6145d89f7dd3b232f2307a 5204c4eb8d5047e1854c383ce41a1950 - - default default] 10.0.0.226 "GET /v2.0/security-group-rules HTTP/1.1" status: 200 len: 4114 time: 0.0493035
2026-06-28 21:02:16.486 9 INFO neutron.db.ovn_revision_numbers_db [None req-1e8e1682-88ca-4db4-bb5f-3ffdef9a86a7 dee7710eebe641e998a3146c11aaf224 0252989593b642ec99ca19ce4267a2c0 - - default default] Successfully bumped revision number for resource f73c88ae-02fa-4c50-b678-635fad4e6186 (type: ports) to 1
2026-06-28 21:02:16.552 10 INFO neutron.wsgi [req-2184172f-0b5e-4fb6-b0d9-7b80685010d7 req-37564f16-2350-43c2-8439-257c5b263fca ccaad008b0aa47239794adec87be5637 20f2cfd0977b45158f66d4824ebf86d0 - - 44e706304a8e4e5b82af10eac2ac5573 44e706304a8e4e5b82af10eac2ac5573] 199.204.45.38 "GET /v2.0/networks/92c7bf0a-4635-4cb3-97eb-63f2505844ed?fields=segments HTTP/1.1" status: 200 len: 212 time: 0.1146865
2026-06-28 21:02:16.858 10 INFO neutron.wsgi [req-2184172f-0b5e-4fb6-b0d9-7b80685010d7 req-ee04cfd9-3da1-4658-91b0-d6384ae2d68d ccaad008b0aa47239794adec87be5637 20f2cfd0977b45158f66d4824ebf86d0 - - 44e706304a8e4e5b82af10eac2ac5573 44e706304a8e4e5b82af10eac2ac5573] 199.204.45.38 "GET /v2.0/networks/92c7bf0a-4635-4cb3-97eb-63f2505844ed?fields=provider%3Aphysical_network&fields=provider%3Anetwork_type HTTP/1.1" status: 200 len: 277 time: 0.2983272
2026-06-28 21:02:16.894 10 INFO neutron.wsgi [None req-4d8c2a59-9a7d-4821-9143-4fc892ee6ba1 a777fbfedf6145d89f7dd3b232f2307a 5204c4eb8d5047e1854c383ce41a1950 - - default default] 10.0.0.226 "DELETE /v2.0/security-group-rules/e77d19b5-3e18-4a83-b650-ace5b1f63a72 HTTP/1.1" status: 204 len: 168 time: 0.4272714
2026-06-28 21:02:16.916 9 WARNING neutron_lib.context [None req-397355fa-3ed4-4512-bdff-c43f15eea5b1 e29dc0359d4a4ba3aa5de9d68fc8d17d 66257483712548e4b73b4d293c948df1 - - default default] Method 'is_advsvc' is deprecated since 2023.2 release (neutron-lib 3.8.0) and will be removed once support for the old RBAC API policies will be removed from Neutron. Please use method 'is_service_role' instead.
2026-06-28 21:02:16.947 10 INFO neutron.wsgi [None req-338638cb-e3ac-4bfa-9471-bfb1e66fc5a5 a777fbfedf6145d89f7dd3b232f2307a 5204c4eb8d5047e1854c383ce41a1950 - - default default] 10.0.0.226 "GET /v2.0/security-group-rules HTTP/1.1" status: 200 len: 3567 time: 0.0462601
2026-06-28 21:02:17.022 10 INFO neutron.db.ovn_revision_numbers_db [None req-6780a589-b035-40c3-ba27-903bf3bdde07 - - - - - -] Successfully bumped revision number for resource c85ca9ce-f9b3-47e4-bb64-a2860736ce58 (type: ports) to 4
2026-06-28 21:02:17.049 9 INFO neutron.db.ovn_revision_numbers_db [None req-397355fa-3ed4-4512-bdff-c43f15eea5b1 e29dc0359d4a4ba3aa5de9d68fc8d17d 66257483712548e4b73b4d293c948df1 - - default default] Successfully bumped revision number for resource 3b8ff479-6320-41c6-b1f5-8b3df188e550 (type: security_groups) to 1
2026-06-28 21:02:17.087 9 INFO neutron.db.ovn_revision_numbers_db [None req-397355fa-3ed4-4512-bdff-c43f15eea5b1 e29dc0359d4a4ba3aa5de9d68fc8d17d 66257483712548e4b73b4d293c948df1 - - default default] Successfully bumped revision number for resource a5934dcd-9090-4abf-81ee-7be4822c2143 (type: security_group_rules) to 0
2026-06-28 21:02:17.097 10 INFO neutron.wsgi [None req-f8e851a3-b26b-4dbd-893d-71904d8696d0 a777fbfedf6145d89f7dd3b232f2307a 5204c4eb8d5047e1854c383ce41a1950 - - default default] 10.0.0.226 "DELETE /v2.0/security-groups/316d23b6-e0a6-4aeb-9c67-1326950cee4a HTTP/1.1" status: 204 len: 168 time: 0.1442695 /var/lib/openstack/lib/python3.10/site-packages/pycadf/identifier.py:71: UserWarning: Invalid uuid: neutron. To ensure interoperability, identifiers should be a valid uuid. warnings.warn(('Invalid uuid: %s. To ensure interoperability, '
2026-06-28 21:02:17.125 9 INFO neutron.wsgi [req-315f6188-fda2-4399-97dd-8dbdcc71fb24 req-96f7d3f9-e550-42b5-89ea-c4078653aade 5b76f53906094d9fa39a73912682cac4 1160d49014034ebf92199ea09d7796ec - - default default] 10.0.0.16 "GET /v2.0/ports?device_id=0ac2be8b-c590-4e37-aa3c-1a99cd78c2cc HTTP/1.1" status: 200 len: 1174 time: 0.0509706
2026-06-28 21:02:17.132 9 INFO neutron.db.ovn_revision_numbers_db [None req-397355fa-3ed4-4512-bdff-c43f15eea5b1 e29dc0359d4a4ba3aa5de9d68fc8d17d 66257483712548e4b73b4d293c948df1 - - default default] Successfully bumped revision number for resource ce88a4fd-6efb-44bc-8b49-8086a29b4cd0 (type: security_group_rules) to 0
2026-06-28 21:02:17.148 10 INFO neutron.plugins.ml2.drivers.ovn.mech_driver.mech_driver [None req-6780a589-b035-40c3-ba27-903bf3bdde07 - - - - - -] OVN reports status up for port: f73c88ae-02fa-4c50-b678-635fad4e6186
2026-06-28 21:02:17.157 10 INFO neutron.wsgi [None req-ad0bb9eb-f8a9-4939-9287-c639552f686f a777fbfedf6145d89f7dd3b232f2307a 5204c4eb8d5047e1854c383ce41a1950 - - default default] 10.0.0.226 "GET /v2.0/security-groups HTTP/1.1" status: 200 len: 2996 time: 0.0551217
2026-06-28 21:02:17.159 10 INFO neutron.plugins.ml2.drivers.ovn.mech_driver.ovsdb.ovsdb_monitor [None req-3f571b32-ab49-4f69-bf3e-8c1c435ba026 - - - - - -] Router 4da48dfe-801c-4fe6-98e7-6c2ebb9d360d is bound to host instance
2026-06-28 21:02:17.169 9 INFO neutron.wsgi [None req-397355fa-3ed4-4512-bdff-c43f15eea5b1 e29dc0359d4a4ba3aa5de9d68fc8d17d 66257483712548e4b73b4d293c948df1 - - default default] 10.0.0.226 "POST /v2.0/security-groups HTTP/1.1" status: 201 len: 1797 time: 0.2610500
2026-06-28 21:02:17.178 10 INFO neutron.plugins.ml2.plugin [None req-6780a589-b035-40c3-ba27-903bf3bdde07 - - - - - -] Attempt 1 to provision port f73c88ae-02fa-4c50-b678-635fad4e6186
2026-06-28 21:02:17.180 9 WARNING neutron_lib.context [None req-8030084c-b5f7-4c7d-b98a-f30ec882e1d9 e29dc0359d4a4ba3aa5de9d68fc8d17d 66257483712548e4b73b4d293c948df1 - - default default] Method 'is_advsvc' is deprecated since 2023.2 release (neutron-lib 3.8.0) and will be removed once support for the old RBAC API policies will be removed from Neutron. Please use method 'is_service_role' instead.
2026-06-28 21:02:17.201 9 INFO neutron.wsgi [req-315f6188-fda2-4399-97dd-8dbdcc71fb24 req-bc3bbafc-5cec-4f5c-b4b0-336f5befd773 5b76f53906094d9fa39a73912682cac4 1160d49014034ebf92199ea09d7796ec - - default default] 10.0.0.16 "GET /v2.0/security-groups?id=50cbcdc9-52c4-4b2b-9226-4e34c63849a4&fields=id&fields=name HTTP/1.1" status: 200 len: 313 time: 0.0691965
2026-06-28 21:02:17.202 9 INFO neutron.db.ovn_revision_numbers_db [None req-1e8e1682-88ca-4db4-bb5f-3ffdef9a86a7 dee7710eebe641e998a3146c11aaf224 0252989593b642ec99ca19ce4267a2c0 - - default default] Successfully bumped revision number for resource f73c88ae-02fa-4c50-b678-635fad4e6186 (type: router_ports) to 1
2026-06-28 21:02:17.235 10 INFO neutron.wsgi [None req-4e776e0c-ffac-42b8-97ce-183eb71b900f a777fbfedf6145d89f7dd3b232f2307a 5204c4eb8d5047e1854c383ce41a1950 - - default default] 10.0.0.226 "GET /v2.0/security-groups HTTP/1.1" status: 200 len: 2996 time: 0.0720043
2026-06-28 21:02:17.269 9 INFO neutron.db.ovn_revision_numbers_db [None req-1e8e1682-88ca-4db4-bb5f-3ffdef9a86a7 dee7710eebe641e998a3146c11aaf224 0252989593b642ec99ca19ce4267a2c0 - - default default] Successfully bumped revision number for resource 4da48dfe-801c-4fe6-98e7-6c2ebb9d360d (type: routers) to 2
2026-06-28 21:02:17.299 9 INFO neutron.wsgi [None req-1e8e1682-88ca-4db4-bb5f-3ffdef9a86a7 dee7710eebe641e998a3146c11aaf224 0252989593b642ec99ca19ce4267a2c0 - - default default] 10.0.0.226 "POST /v2.0/routers HTTP/1.1" status: 201 len: 879 time: 1.5202918
2026-06-28 21:02:17.381 9 INFO neutron.db.ovn_revision_numbers_db [None req-8030084c-b5f7-4c7d-b98a-f30ec882e1d9 e29dc0359d4a4ba3aa5de9d68fc8d17d 66257483712548e4b73b4d293c948df1 - - default default] Successfully bumped revision number for resource 2b0518e5-4f38-4255-98ad-00bec19fe7a6 (type: security_group_rules) to 0
2026-06-28 21:02:17.622 9 INFO neutron.wsgi [None req-8030084c-b5f7-4c7d-b98a-f30ec882e1d9 e29dc0359d4a4ba3aa5de9d68fc8d17d 66257483712548e4b73b4d293c948df1 - - default default] 10.0.0.226 "POST /v2.0/security-group-rules HTTP/1.1" status: 201 len: 764 time: 0.4480436
2026-06-28 21:02:17.632 9 WARNING neutron_lib.context [None req-4715935c-55a8-4b5f-8842-224ebe437891 e29dc0359d4a4ba3aa5de9d68fc8d17d 66257483712548e4b73b4d293c948df1 - - default default] Method 'is_advsvc' is deprecated since 2023.2 release (neutron-lib 3.8.0) and will be removed once support for the old RBAC API policies will be removed from Neutron. Please use method 'is_service_role' instead.
2026-06-28 21:02:17.718 10 INFO neutron.db.ovn_revision_numbers_db [None req-3f571b32-ab49-4f69-bf3e-8c1c435ba026 - - - - - -] Successfully bumped revision number for resource f73c88ae-02fa-4c50-b678-635fad4e6186 (type: ports) to 1
2026-06-28 21:02:17.798 9 INFO neutron.db.ovn_revision_numbers_db [None req-4715935c-55a8-4b5f-8842-224ebe437891 e29dc0359d4a4ba3aa5de9d68fc8d17d 66257483712548e4b73b4d293c948df1 - - default default] Successfully bumped revision number for resource 28d1487e-beec-40da-90b3-2589c4a962da (type: security_group_rules) to 0
2026-06-28 21:02:17.817 10 INFO neutron.notifiers.nova [-] Nova event matching ['req-86c20fbb-1aed-49b1-92a7-6ff7481774dd'] response: {'server_uuid': '0ac2be8b-c590-4e37-aa3c-1a99cd78c2cc', 'name': 'network-vif-plugged', 'status': 'completed', 'tag': 'c85ca9ce-f9b3-47e4-bb64-a2860736ce58', 'code': 200}
2026-06-28 21:02:17.818 10 INFO neutron.notifiers.nova [-] Nova event matching ['req-86c20fbb-1aed-49b1-92a7-6ff7481774dd'] response: {'server_uuid': '0ac2be8b-c590-4e37-aa3c-1a99cd78c2cc', 'name': 'network-vif-plugged', 'status': 'completed', 'tag': 'c85ca9ce-f9b3-47e4-bb64-a2860736ce58', 'code': 200}
2026-06-28 21:02:17.846 9 INFO neutron.wsgi [None req-4715935c-55a8-4b5f-8842-224ebe437891 e29dc0359d4a4ba3aa5de9d68fc8d17d 66257483712548e4b73b4d293c948df1 - - default default] 10.0.0.226 "POST /v2.0/security-group-rules HTTP/1.1" status: 201 len: 769 time: 0.2186911
2026-06-28 21:02:17.861 9 WARNING neutron_lib.context [None req-eaf825e2-f937-4aec-9a6a-1c4b0932e332 e29dc0359d4a4ba3aa5de9d68fc8d17d 66257483712548e4b73b4d293c948df1 - - default default] Method 'is_advsvc' is deprecated since 2023.2 release (neutron-lib 3.8.0) and will be removed once support for the old RBAC API policies will be removed from Neutron. Please use method 'is_service_role' instead.
2026-06-28 21:02:17.929 10 INFO neutron.wsgi [None req-67be3150-eb4c-428b-bc38-b880a21804eb dee7710eebe641e998a3146c11aaf224 0252989593b642ec99ca19ce4267a2c0 - - default default] 10.0.0.226 "GET /v2.0/security-groups?tenant_id=5204c4eb8d5047e1854c383ce41a1950&name=default HTTP/1.1" status: 200 len: 2996 time: 0.1859481
2026-06-28 21:02:17.976 10 INFO neutron.db.ovn_revision_numbers_db [None req-3f571b32-ab49-4f69-bf3e-8c1c435ba026 - - - - - -] Successfully bumped revision number for resource f73c88ae-02fa-4c50-b678-635fad4e6186 (type: router_ports) to 3
2026-06-28 21:02:18.065 9 WARNING neutron.scheduler.dhcp_agent_scheduler [None req-6075966c-34fb-46e0-9003-5eefee3d4304 dee7710eebe641e998a3146c11aaf224 0252989593b642ec99ca19ce4267a2c0 - - default default] No more DHCP agents
2026-06-28 21:02:18.072 9 WARNING neutron.api.rpc.agentnotifiers.dhcp_rpc_agent_api [None req-6075966c-34fb-46e0-9003-5eefee3d4304 dee7710eebe641e998a3146c11aaf224 0252989593b642ec99ca19ce4267a2c0 - - default default] Unable to schedule network 2ae61477-02e0-4683-bc3e-0d025e5a2bdd: no agents available; will retry on subsequent port and subnet creation events.
2026-06-28 21:02:18.126 10 INFO neutron.db.ovn_revision_numbers_db [None req-3f571b32-ab49-4f69-bf3e-8c1c435ba026 - - - - - -] Successfully bumped revision number for resource f73c88ae-02fa-4c50-b678-635fad4e6186 (type: ports) to 2
2026-06-28 21:02:18.297 9 WARNING neutron.scheduler.dhcp_agent_scheduler [None req-eaf825e2-f937-4aec-9a6a-1c4b0932e332 e29dc0359d4a4ba3aa5de9d68fc8d17d 66257483712548e4b73b4d293c948df1 - - default default] No more DHCP agents
2026-06-28 21:02:18.310 9 WARNING neutron.api.rpc.agentnotifiers.dhcp_rpc_agent_api [None req-eaf825e2-f937-4aec-9a6a-1c4b0932e332 e29dc0359d4a4ba3aa5de9d68fc8d17d 66257483712548e4b73b4d293c948df1 - - default default] Unable to schedule network 4ea9bd8f-e56b-4845-914f-cd1f40212904: no agents available; will retry on subsequent port and subnet creation events.
2026-06-28 21:02:18.393 9 INFO neutron.db.ovn_revision_numbers_db [None req-6075966c-34fb-46e0-9003-5eefee3d4304 dee7710eebe641e998a3146c11aaf224 0252989593b642ec99ca19ce4267a2c0 - - default default] Successfully bumped revision number for resource b174ab69-dd1a-4221-8d01-e109f2f3f851 (type: ports) to 1
2026-06-28 21:02:18.405 10 INFO neutron.db.ovn_revision_numbers_db [None req-3f571b32-ab49-4f69-bf3e-8c1c435ba026 - - - - - -] Successfully bumped revision number for resource f73c88ae-02fa-4c50-b678-635fad4e6186 (type: ports) to 4
2026-06-28 21:02:18.437 9 INFO neutron.wsgi [None req-912659c9-4f67-4f7f-a7fe-5aa8553a66d4 dee7710eebe641e998a3146c11aaf224 0252989593b642ec99ca19ce4267a2c0 - - default default] 10.0.0.226 "DELETE /v2.0/security-groups/9c45cb9c-1382-4847-a85b-9f11ca363fd7 HTTP/1.1" status: 204 len: 168 time: 0.5010455
2026-06-28 21:02:18.452 9 INFO neutron.wsgi [req-b1d83532-4819-4e83-93f8-5c12f7423422 req-c780f05d-c9be-4287-859e-efa9c4e6c488 5b76f53906094d9fa39a73912682cac4 1160d49014034ebf92199ea09d7796ec - - default default] 10.0.0.16 "GET /v2.0/ports?device_id=0ac2be8b-c590-4e37-aa3c-1a99cd78c2cc HTTP/1.1" status: 200 len: 1174 time: 0.1731391
2026-06-28 21:02:18.552 9 INFO neutron.wsgi [req-b1d83532-4819-4e83-93f8-5c12f7423422 req-059643ff-4c18-4a7b-b8b1-892d898930fd 5b76f53906094d9fa39a73912682cac4 1160d49014034ebf92199ea09d7796ec - - default default] 10.0.0.16 "GET /v2.0/security-groups?id=50cbcdc9-52c4-4b2b-9226-4e34c63849a4&fields=id&fields=name HTTP/1.1" status: 200 len: 313 time: 0.0880461
2026-06-28 21:02:18.587 10 INFO neutron.db.ovn_revision_numbers_db [None req-3f571b32-ab49-4f69-bf3e-8c1c435ba026 - - - - - -] Successfully bumped revision number for resource f73c88ae-02fa-4c50-b678-635fad4e6186 (type: router_ports) to 4
2026-06-28 21:02:18.677 9 INFO neutron.wsgi [req-4eedbbe3-2c59-4492-9a03-5c57869edb1d req-0a91ea3f-846f-4039-afd2-711617c70a71 5b76f53906094d9fa39a73912682cac4 1160d49014034ebf92199ea09d7796ec - - default default] 10.0.0.16 "GET /v2.0/ports?device_id=0ac2be8b-c590-4e37-aa3c-1a99cd78c2cc HTTP/1.1" status: 200 len: 1174 time: 0.0553653
2026-06-28 21:02:18.864 9 INFO neutron.db.ovn_revision_numbers_db [None req-eaf825e2-f937-4aec-9a6a-1c4b0932e332 e29dc0359d4a4ba3aa5de9d68fc8d17d 66257483712548e4b73b4d293c948df1 - - default default] Successfully bumped revision number for resource 4b4a2eee-8bfa-4e2d-952d-47c184ab1af1 (type: floatingips) to 0
2026-06-28 21:02:18.880 9 INFO neutron.wsgi [None req-eaf825e2-f937-4aec-9a6a-1c4b0932e332 e29dc0359d4a4ba3aa5de9d68fc8d17d 66257483712548e4b73b4d293c948df1 - - default default] 10.0.0.226 "POST /v2.0/floatingips HTTP/1.1" status: 201 len: 751 time: 1.0249410
2026-06-28 21:02:18.945 9 INFO neutron.db.ovn_revision_numbers_db [None req-6075966c-34fb-46e0-9003-5eefee3d4304 dee7710eebe641e998a3146c11aaf224 0252989593b642ec99ca19ce4267a2c0 - - default default] Successfully bumped revision number for resource b174ab69-dd1a-4221-8d01-e109f2f3f851 (type: router_ports) to 1
2026-06-28 21:02:18.985 10 INFO neutron.db.l3_db [None req-60b57de8-0f19-430d-b127-f549384a5669 5b76f53906094d9fa39a73912682cac4 1160d49014034ebf92199ea09d7796ec - - default default] Floating IP 49c2b77a-e01a-45a2-a218-1b21b7353ae2 associated. External IP: 10.96.250.216, port: c85ca9ce-f9b3-47e4-bb64-a2860736ce58.
2026-06-28 21:02:19.086 9 INFO neutron.db.ovn_revision_numbers_db [None req-6075966c-34fb-46e0-9003-5eefee3d4304 dee7710eebe641e998a3146c11aaf224 0252989593b642ec99ca19ce4267a2c0 - - default default] Successfully bumped revision number for resource b174ab69-dd1a-4221-8d01-e109f2f3f851 (type: ports) to 1
2026-06-28 21:02:19.150 9 WARNING neutron.scheduler.dhcp_agent_scheduler [None req-6075966c-34fb-46e0-9003-5eefee3d4304 dee7710eebe641e998a3146c11aaf224 0252989593b642ec99ca19ce4267a2c0 - - default default] No more DHCP agents
2026-06-28 21:02:19.151 9 WARNING neutron.api.rpc.agentnotifiers.dhcp_rpc_agent_api [None req-6075966c-34fb-46e0-9003-5eefee3d4304 dee7710eebe641e998a3146c11aaf224 0252989593b642ec99ca19ce4267a2c0 - - default default] Unable to schedule network 2ae61477-02e0-4683-bc3e-0d025e5a2bdd: no agents available; will retry on subsequent port and subnet creation events.
2026-06-28 21:02:19.205 10 INFO neutron.db.ovn_revision_numbers_db [None req-60b57de8-0f19-430d-b127-f549384a5669 5b76f53906094d9fa39a73912682cac4 1160d49014034ebf92199ea09d7796ec - - default default] Successfully bumped revision number for resource 49c2b77a-e01a-45a2-a218-1b21b7353ae2 (type: floatingips) to 1
2026-06-28 21:02:19.311 10 INFO neutron.db.ovn_revision_numbers_db [None req-60b57de8-0f19-430d-b127-f549384a5669 5b76f53906094d9fa39a73912682cac4 1160d49014034ebf92199ea09d7796ec - - default default] Successfully bumped revision number for resource 49c2b77a-e01a-45a2-a218-1b21b7353ae2 (type: floatingips) to 2
2026-06-28 21:02:19.337 10 INFO neutron.wsgi [None req-60b57de8-0f19-430d-b127-f549384a5669 5b76f53906094d9fa39a73912682cac4 1160d49014034ebf92199ea09d7796ec - - default default] 10.0.0.226 "PUT /v2.0/floatingips/49c2b77a-e01a-45a2-a218-1b21b7353ae2 HTTP/1.1" status: 200 len: 1050 time: 0.6474183
2026-06-28 21:02:19.440 9 INFO neutron.wsgi [req-cd58e685-d92e-4a3a-a555-7e142e6e733c req-412e1934-0397-46e6-aa35-78a95152d7cb 5b76f53906094d9fa39a73912682cac4 1160d49014034ebf92199ea09d7796ec - - default default] 10.0.0.16 "GET /v2.0/ports?device_id=0ac2be8b-c590-4e37-aa3c-1a99cd78c2cc HTTP/1.1" status: 200 len: 1174 time: 0.0581179
2026-06-28 21:02:19.477 9 INFO neutron.wsgi [req-1651996f-c277-4cf6-afc7-97dd883b27b8 req-e11577bf-2cfd-4129-a970-364870dad08f e29dc0359d4a4ba3aa5de9d68fc8d17d 66257483712548e4b73b4d293c948df1 - - default default] 10.0.0.16 "GET /v2.0/security-groups?name=tempest-securitygroup--1080790936&fields=id&tenant_id=66257483712548e4b73b4d293c948df1 HTTP/1.1" status: 200 len: 267 time: 0.0647676
2026-06-28 21:02:19.518 9 INFO neutron.wsgi [req-cd58e685-d92e-4a3a-a555-7e142e6e733c req-aa73070d-3d65-434e-9324-1cc3f29fae06 5b76f53906094d9fa39a73912682cac4 1160d49014034ebf92199ea09d7796ec - - default default] 10.0.0.16 "GET /v2.0/security-groups?id=50cbcdc9-52c4-4b2b-9226-4e34c63849a4&fields=id&fields=name HTTP/1.1" status: 200 len: 313 time: 0.0705309
2026-06-28 21:02:19.583 9 INFO neutron.wsgi [req-1651996f-c277-4cf6-afc7-97dd883b27b8 req-ae21b1ca-c2d0-4d3b-b187-798f2cc1ffd4 e29dc0359d4a4ba3aa5de9d68fc8d17d 66257483712548e4b73b4d293c948df1 - - default default] 10.0.0.16 "GET /v2.0/networks?id=16eeccda-bbae-4937-b4b2-593dbbe4413f HTTP/1.1" status: 200 len: 874 time: 0.0992053
2026-06-28 21:02:19.618 9 INFO neutron.wsgi [req-1651996f-c277-4cf6-afc7-97dd883b27b8 req-c3acba66-e9b5-476a-a786-388fc0d95c0f e29dc0359d4a4ba3aa5de9d68fc8d17d 66257483712548e4b73b4d293c948df1 - - default default] 10.0.0.16 "GET /v2.0/quotas/66257483712548e4b73b4d293c948df1 HTTP/1.1" status: 200 len: 386 time: 0.0126603
2026-06-28 21:02:19.753 9 INFO neutron.wsgi [req-1651996f-c277-4cf6-afc7-97dd883b27b8 req-a0954fcc-b7a3-459a-88cb-e0dcb66e0bfc e29dc0359d4a4ba3aa5de9d68fc8d17d 66257483712548e4b73b4d293c948df1 - - default default] 10.0.0.16 "GET /v2.0/ports?tenant_id=66257483712548e4b73b4d293c948df1&fields=id HTTP/1.1" status: 200 len: 302 time: 0.1218183
2026-06-28 21:02:19.923 10 INFO neutron.plugins.ml2.drivers.ovn.mech_driver.mech_driver [None req-6780a589-b035-40c3-ba27-903bf3bdde07 - - - - - -] OVN reports status down for port: c85ca9ce-f9b3-47e4-bb64-a2860736ce58
2026-06-28 21:02:20.062 9 INFO neutron.wsgi [req-d4bf973f-0d60-4c11-abb4-c1a05a535f70 req-c11314aa-ce59-405f-b8a8-ff350ec44016 5b76f53906094d9fa39a73912682cac4 1160d49014034ebf92199ea09d7796ec - - default default] 10.0.0.16 "GET /v2.0/ports?device_id=0ac2be8b-c590-4e37-aa3c-1a99cd78c2cc HTTP/1.1" status: 200 len: 1174 time: 0.2679443
2026-06-28 21:02:20.104 9 INFO neutron.wsgi [req-1651996f-c277-4cf6-afc7-97dd883b27b8 req-467bb51d-9f05-4e94-890f-54afd551ace2 ccaad008b0aa47239794adec87be5637 20f2cfd0977b45158f66d4824ebf86d0 - - 44e706304a8e4e5b82af10eac2ac5573 44e706304a8e4e5b82af10eac2ac5573] 10.0.0.16 "GET /v2.0/networks/16eeccda-bbae-4937-b4b2-593dbbe4413f?fields=segments HTTP/1.1" status: 200 len: 212 time: 0.3380747 /var/lib/openstack/lib/python3.10/site-packages/pycadf/identifier.py:71: UserWarning: Invalid uuid: neutron. To ensure interoperability, identifiers should be a valid uuid. warnings.warn(('Invalid uuid: %s. To ensure interoperability, '
2026-06-28 21:02:20.135 9 INFO neutron.wsgi [req-d4bf973f-0d60-4c11-abb4-c1a05a535f70 req-5c2c9dcb-5728-4424-a7f1-a000d5065ce9 5b76f53906094d9fa39a73912682cac4 1160d49014034ebf92199ea09d7796ec - - default default] 10.0.0.16 "GET /v2.0/security-groups?id=50cbcdc9-52c4-4b2b-9226-4e34c63849a4&fields=id&fields=name HTTP/1.1" status: 200 len: 313 time: 0.0644975
2026-06-28 21:02:20.187 9 INFO neutron.wsgi [req-1651996f-c277-4cf6-afc7-97dd883b27b8 req-b98f0df7-7ba6-4a1c-b2b5-38341aca209c ccaad008b0aa47239794adec87be5637 20f2cfd0977b45158f66d4824ebf86d0 - - 44e706304a8e4e5b82af10eac2ac5573 44e706304a8e4e5b82af10eac2ac5573] 10.0.0.16 "GET /v2.0/networks/16eeccda-bbae-4937-b4b2-593dbbe4413f?fields=provider%3Aphysical_network&fields=provider%3Anetwork_type HTTP/1.1" status: 200 len: 277 time: 0.0746903
2026-06-28 21:02:20.234 9 INFO neutron.wsgi [req-06031bf7-eb21-408b-80b4-8ae80bc6ac37 req-6f5109c7-229d-4a04-89d9-615f15061400 ccaad008b0aa47239794adec87be5637 20f2cfd0977b45158f66d4824ebf86d0 - - 44e706304a8e4e5b82af10eac2ac5573 44e706304a8e4e5b82af10eac2ac5573] 199.204.45.38 "GET /v2.0/ports?tenant_id=1160d49014034ebf92199ea09d7796ec&device_id=0ac2be8b-c590-4e37-aa3c-1a99cd78c2cc HTTP/1.1" status: 200 len: 1411 time: 0.0370216
2026-06-28 21:02:20.235 9 INFO neutron.db.ovn_revision_numbers_db [None req-6075966c-34fb-46e0-9003-5eefee3d4304 dee7710eebe641e998a3146c11aaf224 0252989593b642ec99ca19ce4267a2c0 - - default default] Successfully bumped revision number for resource b174ab69-dd1a-4221-8d01-e109f2f3f851 (type: router_ports) to 1
2026-06-28 21:02:20.236 9 INFO neutron.wsgi [None req-6075966c-34fb-46e0-9003-5eefee3d4304 dee7710eebe641e998a3146c11aaf224 0252989593b642ec99ca19ce4267a2c0 - - default default] 10.0.0.226 "PUT /v2.0/routers/4da48dfe-801c-4fe6-98e7-6c2ebb9d360d/add_router_interface HTTP/1.1" status: 200 len: 503 time: 2.9324145
2026-06-28 21:02:20.303 9 INFO neutron.wsgi [req-06031bf7-eb21-408b-80b4-8ae80bc6ac37 req-1adb4b70-84c7-4434-9a51-8ce31aafa248 ccaad008b0aa47239794adec87be5637 20f2cfd0977b45158f66d4824ebf86d0 - - 44e706304a8e4e5b82af10eac2ac5573 44e706304a8e4e5b82af10eac2ac5573] 199.204.45.38 "GET /v2.0/networks?id=92c7bf0a-4635-4cb3-97eb-63f2505844ed HTTP/1.1" status: 200 len: 967 time: 0.0627861
2026-06-28 21:02:20.332 10 INFO neutron.notifiers.nova [-] Nova event matching ['req-9c2ec567-84b1-4d56-bf72-1eed5ca25162'] response: {'name': 'network-changed', 'server_uuid': '0ac2be8b-c590-4e37-aa3c-1a99cd78c2cc', 'tag': 'c85ca9ce-f9b3-47e4-bb64-a2860736ce58', 'status': 'completed', 'code': 200}
2026-06-28 21:02:20.382 9 INFO neutron.wsgi [req-43346c33-9adf-4c0a-907a-d78754c86d36 req-057d773a-180a-467d-b199-766cba5043f1 e29dc0359d4a4ba3aa5de9d68fc8d17d 66257483712548e4b73b4d293c948df1 - - default default] 10.0.0.16 "GET /v2.0/ports?device_id=b4d7b536-231c-4105-8eeb-81cbeacd8cdc HTTP/1.1" status: 200 len: 210 time: 0.0459106
