2026-06-28 21:01:23.281 10 INFO neutron.db.ovn_revision_numbers_db [None req-cab76c5e-c7ba-4085-a0db-ca8c0f376d40 dee7710eebe641e998a3146c11aaf224 0252989593b642ec99ca19ce4267a2c0 - - default default] Successfully bumped revision number for resource 7da98390-d5b3-41ef-bd38-5def3c5ae8d1 (type: security_group_rules) to 0
2026-06-28 21:01:23.288 9 INFO neutron.db.ovn_revision_numbers_db [None req-9cff7e7e-f4ad-4aa1-a0d5-e7eb35637a63 dee7710eebe641e998a3146c11aaf224 0252989593b642ec99ca19ce4267a2c0 - - default default] Successfully bumped revision number for resource bdc05d7a-a558-44b3-8fea-c26efb04be77 (type: security_groups) to 1
2026-06-28 21:01:23.293 10 INFO neutron.db.ovn_revision_numbers_db [None req-4d8451f2-f2f9-4c70-a8de-429e886ec412 dee7710eebe641e998a3146c11aaf224 0252989593b642ec99ca19ce4267a2c0 - - default default] Successfully bumped revision number for resource 8cfb472a-0edd-4fd8-85bc-8775ab9d7914 (type: security_group_rules) to 0
2026-06-28 21:01:23.298 9 INFO neutron.db.ovn_revision_numbers_db [None req-9cff7e7e-f4ad-4aa1-a0d5-e7eb35637a63 dee7710eebe641e998a3146c11aaf224 0252989593b642ec99ca19ce4267a2c0 - - default default] Successfully bumped revision number for resource 2a04380f-211d-42ed-95ee-683f33681607 (type: security_group_rules) to 0
2026-06-28 21:01:23.309 10 INFO neutron.db.ovn_revision_numbers_db [None req-4d8451f2-f2f9-4c70-a8de-429e886ec412 dee7710eebe641e998a3146c11aaf224 0252989593b642ec99ca19ce4267a2c0 - - default default] Successfully bumped revision number for resource 8ebddb9d-482f-44b1-a59c-d7ef3b12f1d2 (type: security_group_rules) to 0
2026-06-28 21:01:23.310 9 INFO neutron.db.ovn_revision_numbers_db [None req-9cff7e7e-f4ad-4aa1-a0d5-e7eb35637a63 dee7710eebe641e998a3146c11aaf224 0252989593b642ec99ca19ce4267a2c0 - - default default] Successfully bumped revision number for resource 368518b8-07bd-4ec0-9ef0-4dfbd4a01989 (type: security_group_rules) to 0
2026-06-28 21:01:23.319 10 INFO neutron.db.ovn_revision_numbers_db [None req-4d8451f2-f2f9-4c70-a8de-429e886ec412 dee7710eebe641e998a3146c11aaf224 0252989593b642ec99ca19ce4267a2c0 - - default default] Successfully bumped revision number for resource ac5ef11e-2984-4356-a3c4-10e1a7c474ca (type: security_group_rules) to 0
2026-06-28 21:01:23.324 9 INFO neutron.db.ovn_revision_numbers_db [None req-9cff7e7e-f4ad-4aa1-a0d5-e7eb35637a63 dee7710eebe641e998a3146c11aaf224 0252989593b642ec99ca19ce4267a2c0 - - default default] Successfully bumped revision number for resource 3e15aa7e-2825-4a62-84ea-5f384a630c92 (type: security_group_rules) to 0
2026-06-28 21:01:23.336 9 INFO neutron.db.ovn_revision_numbers_db [None req-9cff7e7e-f4ad-4aa1-a0d5-e7eb35637a63 dee7710eebe641e998a3146c11aaf224 0252989593b642ec99ca19ce4267a2c0 - - default default] Successfully bumped revision number for resource af0d38d9-8d94-412b-846f-6406ed769878 (type: security_group_rules) to 0
2026-06-28 21:01:23.340 10 INFO neutron.db.segments_db [None req-cab76c5e-c7ba-4085-a0db-ca8c0f376d40 dee7710eebe641e998a3146c11aaf224 0252989593b642ec99ca19ce4267a2c0 - - default default] Added segment fe93586a-a7e9-4b68-8f05-239c1cccdce8 of type geneve for network a2d41dd1-e02b-4cfe-b38d-f043a411c641
2026-06-28 21:01:23.373 10 INFO neutron.db.segments_db [None req-4d8451f2-f2f9-4c70-a8de-429e886ec412 dee7710eebe641e998a3146c11aaf224 0252989593b642ec99ca19ce4267a2c0 - - default default] Added segment 47742812-1247-49c4-a2bb-fba00247e22e of type geneve for network 42b348ef-0c9b-4976-a7cc-e06901e679af
2026-06-28 21:01:23.391 9 INFO neutron.db.segments_db [None req-9cff7e7e-f4ad-4aa1-a0d5-e7eb35637a63 dee7710eebe641e998a3146c11aaf224 0252989593b642ec99ca19ce4267a2c0 - - default default] Added segment 1b4b519b-ac60-4509-9da4-122d5945b676 of type geneve for network 4c4e0f00-52b2-48a8-aa58-0516b6b8ed14
2026-06-28 21:01:23.560 9 INFO neutron.db.ovn_revision_numbers_db [None req-9cff7e7e-f4ad-4aa1-a0d5-e7eb35637a63 dee7710eebe641e998a3146c11aaf224 0252989593b642ec99ca19ce4267a2c0 - - default default] Successfully bumped revision number for resource 4c4e0f00-52b2-48a8-aa58-0516b6b8ed14 (type: networks) to 1
2026-06-28 21:01:23.576 10 INFO neutron.db.ovn_revision_numbers_db [None req-cab76c5e-c7ba-4085-a0db-ca8c0f376d40 dee7710eebe641e998a3146c11aaf224 0252989593b642ec99ca19ce4267a2c0 - - default default] Successfully bumped revision number for resource a2d41dd1-e02b-4cfe-b38d-f043a411c641 (type: networks) to 1
2026-06-28 21:01:23.591 10 INFO neutron.db.ovn_revision_numbers_db [None req-4d8451f2-f2f9-4c70-a8de-429e886ec412 dee7710eebe641e998a3146c11aaf224 0252989593b642ec99ca19ce4267a2c0 - - default default] Successfully bumped revision number for resource 42b348ef-0c9b-4976-a7cc-e06901e679af (type: networks) to 1
2026-06-28 21:01:23.720 9 WARNING neutron.scheduler.dhcp_agent_scheduler [None req-9cff7e7e-f4ad-4aa1-a0d5-e7eb35637a63 dee7710eebe641e998a3146c11aaf224 0252989593b642ec99ca19ce4267a2c0 - - default default] No more DHCP agents
2026-06-28 21:01:23.722 9 WARNING neutron.api.rpc.agentnotifiers.dhcp_rpc_agent_api [None req-9cff7e7e-f4ad-4aa1-a0d5-e7eb35637a63 dee7710eebe641e998a3146c11aaf224 0252989593b642ec99ca19ce4267a2c0 - - default default] Unable to schedule network 4c4e0f00-52b2-48a8-aa58-0516b6b8ed14: no agents available; will retry on subsequent port and subnet creation events.
2026-06-28 21:01:23.785 10 WARNING neutron.scheduler.dhcp_agent_scheduler [None req-cab76c5e-c7ba-4085-a0db-ca8c0f376d40 dee7710eebe641e998a3146c11aaf224 0252989593b642ec99ca19ce4267a2c0 - - default default] No more DHCP agents
2026-06-28 21:01:23.791 10 WARNING neutron.api.rpc.agentnotifiers.dhcp_rpc_agent_api [None req-cab76c5e-c7ba-4085-a0db-ca8c0f376d40 dee7710eebe641e998a3146c11aaf224 0252989593b642ec99ca19ce4267a2c0 - - default default] Unable to schedule network a2d41dd1-e02b-4cfe-b38d-f043a411c641: no agents available; will retry on subsequent port and subnet creation events.
2026-06-28 21:01:23.804 9 INFO neutron.db.ovn_revision_numbers_db [None req-9cff7e7e-f4ad-4aa1-a0d5-e7eb35637a63 dee7710eebe641e998a3146c11aaf224 0252989593b642ec99ca19ce4267a2c0 - - default default] Successfully bumped revision number for resource dd04be15-4a1a-459d-a120-7cf98c55b287 (type: ports) to 1
2026-06-28 21:01:23.806 10 WARNING neutron.scheduler.dhcp_agent_scheduler [None req-4d8451f2-f2f9-4c70-a8de-429e886ec412 dee7710eebe641e998a3146c11aaf224 0252989593b642ec99ca19ce4267a2c0 - - default default] No more DHCP agents
2026-06-28 21:01:23.811 10 WARNING neutron.api.rpc.agentnotifiers.dhcp_rpc_agent_api [None req-4d8451f2-f2f9-4c70-a8de-429e886ec412 dee7710eebe641e998a3146c11aaf224 0252989593b642ec99ca19ce4267a2c0 - - default default] Unable to schedule network 42b348ef-0c9b-4976-a7cc-e06901e679af: no agents available; will retry on subsequent port and subnet creation events.
2026-06-28 21:01:23.823 9 INFO neutron.wsgi [None req-9cff7e7e-f4ad-4aa1-a0d5-e7eb35637a63 dee7710eebe641e998a3146c11aaf224 0252989593b642ec99ca19ce4267a2c0 - - default default] 10.0.0.226 "POST /v2.0/networks HTTP/1.1" status: 201 len: 954 time: 0.6933377
2026-06-28 21:01:23.973 10 INFO neutron.db.ovn_revision_numbers_db [None req-cab76c5e-c7ba-4085-a0db-ca8c0f376d40 dee7710eebe641e998a3146c11aaf224 0252989593b642ec99ca19ce4267a2c0 - - default default] Successfully bumped revision number for resource 6501ed6c-4988-476a-bd0d-287787c9a0c5 (type: ports) to 1
2026-06-28 21:01:23.987 10 INFO neutron.db.ovn_revision_numbers_db [None req-fe6b3a20-10f4-48f3-b3ae-3e03ef9efe10 dee7710eebe641e998a3146c11aaf224 0252989593b642ec99ca19ce4267a2c0 - - default default] Successfully bumped revision number for resource 269f0dce-b62f-4756-8067-8ead7be71112 (type: security_groups) to 1
2026-06-28 21:01:23.991 10 INFO neutron.db.ovn_revision_numbers_db [None req-4d8451f2-f2f9-4c70-a8de-429e886ec412 dee7710eebe641e998a3146c11aaf224 0252989593b642ec99ca19ce4267a2c0 - - default default] Successfully bumped revision number for resource f4dcbb7f-d12c-4762-af79-6d34720270c5 (type: ports) to 1
2026-06-28 21:01:24.001 10 INFO neutron.wsgi [None req-cab76c5e-c7ba-4085-a0db-ca8c0f376d40 dee7710eebe641e998a3146c11aaf224 0252989593b642ec99ca19ce4267a2c0 - - default default] 10.0.0.226 "POST /v2.0/networks HTTP/1.1" status: 201 len: 946 time: 1.0321019
2026-06-28 21:01:24.006 10 INFO neutron.db.ovn_revision_numbers_db [None req-fe6b3a20-10f4-48f3-b3ae-3e03ef9efe10 dee7710eebe641e998a3146c11aaf224 0252989593b642ec99ca19ce4267a2c0 - - default default] Successfully bumped revision number for resource 99422d4a-8b49-43a7-b962-a4eb94a0109c (type: security_group_rules) to 0
2026-06-28 21:01:24.018 10 INFO neutron.wsgi [None req-4d8451f2-f2f9-4c70-a8de-429e886ec412 dee7710eebe641e998a3146c11aaf224 0252989593b642ec99ca19ce4267a2c0 - - default default] 10.0.0.226 "POST /v2.0/networks HTTP/1.1" status: 201 len: 951 time: 1.0081022
2026-06-28 21:01:24.041 10 INFO neutron.db.ovn_revision_numbers_db [None req-fe6b3a20-10f4-48f3-b3ae-3e03ef9efe10 dee7710eebe641e998a3146c11aaf224 0252989593b642ec99ca19ce4267a2c0 - - default default] Successfully bumped revision number for resource a00cfe02-d3bc-49e8-bc48-866138776ece (type: security_group_rules) to 0
2026-06-28 21:01:24.044 9 WARNING neutron.scheduler.dhcp_agent_scheduler [None req-e6a2d0ed-46f7-4b63-a102-6a99df65499c dee7710eebe641e998a3146c11aaf224 0252989593b642ec99ca19ce4267a2c0 - - default default] No more DHCP agents
2026-06-28 21:01:24.047 9 WARNING neutron.api.rpc.agentnotifiers.dhcp_rpc_agent_api [None req-e6a2d0ed-46f7-4b63-a102-6a99df65499c dee7710eebe641e998a3146c11aaf224 0252989593b642ec99ca19ce4267a2c0 - - default default] Unable to schedule network 4c4e0f00-52b2-48a8-aa58-0516b6b8ed14: no agents available; will retry on subsequent port and subnet creation events.
2026-06-28 21:01:24.061 10 INFO neutron.db.ovn_revision_numbers_db [None req-fe6b3a20-10f4-48f3-b3ae-3e03ef9efe10 dee7710eebe641e998a3146c11aaf224 0252989593b642ec99ca19ce4267a2c0 - - default default] Successfully bumped revision number for resource c0d142bc-9251-4511-9d6a-efa07925d1af (type: security_group_rules) to 0
2026-06-28 21:01:24.098 10 INFO neutron.db.ovn_revision_numbers_db [None req-fe6b3a20-10f4-48f3-b3ae-3e03ef9efe10 dee7710eebe641e998a3146c11aaf224 0252989593b642ec99ca19ce4267a2c0 - - default default] Successfully bumped revision number for resource d5b3ad58-7fc1-4078-89d8-be5fa2b729a1 (type: security_group_rules) to 0
2026-06-28 21:01:24.103 9 INFO neutron.wsgi [-] 10.0.0.133 "GET / HTTP/1.1" status: 200 len: 247 time: 0.0011191
2026-06-28 21:01:24.104 9 INFO neutron.wsgi [-] 10.0.0.133 "GET / HTTP/1.1" status: 200 len: 247 time: 0.0009437
2026-06-28 21:01:24.141 10 INFO neutron.wsgi [None req-fe6b3a20-10f4-48f3-b3ae-3e03ef9efe10 dee7710eebe641e998a3146c11aaf224 0252989593b642ec99ca19ce4267a2c0 - - default default] 10.0.0.226 "GET /v2.0/security-groups?tenant_id=da0bf65ca25743c2b79787e284b970b8&name=default HTTP/1.1" status: 200 len: 2992 time: 0.5003815
2026-06-28 21:01:24.238 10 WARNING neutron.scheduler.dhcp_agent_scheduler [None req-e097be5e-d374-4fb6-87c3-a2213add9e56 dee7710eebe641e998a3146c11aaf224 0252989593b642ec99ca19ce4267a2c0 - - default default] No more DHCP agents
2026-06-28 21:01:24.241 10 WARNING neutron.api.rpc.agentnotifiers.dhcp_rpc_agent_api [None req-e097be5e-d374-4fb6-87c3-a2213add9e56 dee7710eebe641e998a3146c11aaf224 0252989593b642ec99ca19ce4267a2c0 - - default default] Unable to schedule network a2d41dd1-e02b-4cfe-b38d-f043a411c641: no agents available; will retry on subsequent port and subnet creation events.
2026-06-28 21:01:24.251 10 WARNING neutron.scheduler.dhcp_agent_scheduler [None req-4cabd125-a324-4c97-9bc8-32532e19c1c4 dee7710eebe641e998a3146c11aaf224 0252989593b642ec99ca19ce4267a2c0 - - default default] No more DHCP agents
2026-06-28 21:01:24.252 10 WARNING neutron.api.rpc.agentnotifiers.dhcp_rpc_agent_api [None req-4cabd125-a324-4c97-9bc8-32532e19c1c4 dee7710eebe641e998a3146c11aaf224 0252989593b642ec99ca19ce4267a2c0 - - default default] Unable to schedule network 42b348ef-0c9b-4976-a7cc-e06901e679af: no agents available; will retry on subsequent port and subnet creation events.
2026-06-28 21:01:24.460 9 INFO neutron.wsgi [None req-3c5b2ab8-2faf-41f1-97cd-8abd72668edf dee7710eebe641e998a3146c11aaf224 0252989593b642ec99ca19ce4267a2c0 - - default default] 10.0.0.226 "DELETE /v2.0/security-groups/269f0dce-b62f-4756-8067-8ead7be71112 HTTP/1.1" status: 204 len: 168 time: 0.3142810
2026-06-28 21:01:24.604 9 INFO neutron.db.ovn_revision_numbers_db [None req-e6a2d0ed-46f7-4b63-a102-6a99df65499c dee7710eebe641e998a3146c11aaf224 0252989593b642ec99ca19ce4267a2c0 - - default default] Successfully bumped revision number for resource dd04be15-4a1a-459d-a120-7cf98c55b287 (type: ports) to 2
2026-06-28 21:01:24.638 9 INFO neutron.db.ovn_revision_numbers_db [None req-e6a2d0ed-46f7-4b63-a102-6a99df65499c dee7710eebe641e998a3146c11aaf224 0252989593b642ec99ca19ce4267a2c0 - - default default] Successfully bumped revision number for resource 9479f1a8-f656-4f4d-9c3d-ba3c84a0e47d (type: subnets) to 0
2026-06-28 21:01:24.655 9 INFO neutron.wsgi [None req-e6a2d0ed-46f7-4b63-a102-6a99df65499c dee7710eebe641e998a3146c11aaf224 0252989593b642ec99ca19ce4267a2c0 - - default default] 10.0.0.226 "POST /v2.0/subnets HTTP/1.1" status: 201 len: 874 time: 0.8263462
2026-06-28 21:01:25.008 10 INFO neutron.db.ovn_revision_numbers_db [None req-e097be5e-d374-4fb6-87c3-a2213add9e56 dee7710eebe641e998a3146c11aaf224 0252989593b642ec99ca19ce4267a2c0 - - default default] Successfully bumped revision number for resource 6501ed6c-4988-476a-bd0d-287787c9a0c5 (type: ports) to 2
2026-06-28 21:01:25.011 10 INFO neutron.db.ovn_revision_numbers_db [None req-4cabd125-a324-4c97-9bc8-32532e19c1c4 dee7710eebe641e998a3146c11aaf224 0252989593b642ec99ca19ce4267a2c0 - - default default] Successfully bumped revision number for resource f4dcbb7f-d12c-4762-af79-6d34720270c5 (type: ports) to 2
2026-06-28 21:01:25.057 10 INFO neutron.db.ovn_revision_numbers_db [None req-e097be5e-d374-4fb6-87c3-a2213add9e56 dee7710eebe641e998a3146c11aaf224 0252989593b642ec99ca19ce4267a2c0 - - default default] Successfully bumped revision number for resource a256e4a2-0354-4371-a739-b961fe2f8397 (type: subnets) to 0
2026-06-28 21:01:25.061 10 INFO neutron.db.ovn_revision_numbers_db [None req-4cabd125-a324-4c97-9bc8-32532e19c1c4 dee7710eebe641e998a3146c11aaf224 0252989593b642ec99ca19ce4267a2c0 - - default default] Successfully bumped revision number for resource 147721ae-c03c-4d82-95b9-eeb6b47b3ab0 (type: subnets) to 0
2026-06-28 21:01:25.078 10 INFO neutron.wsgi [None req-e097be5e-d374-4fb6-87c3-a2213add9e56 dee7710eebe641e998a3146c11aaf224 0252989593b642ec99ca19ce4267a2c0 - - default default] 10.0.0.226 "POST /v2.0/subnets HTTP/1.1" status: 201 len: 866 time: 1.0704892
2026-06-28 21:01:25.082 10 INFO neutron.wsgi [None req-4cabd125-a324-4c97-9bc8-32532e19c1c4 dee7710eebe641e998a3146c11aaf224 0252989593b642ec99ca19ce4267a2c0 - - default default] 10.0.0.226 "POST /v2.0/subnets HTTP/1.1" status: 201 len: 871 time: 1.0576689
2026-06-28 21:01:25.194 9 WARNING neutron.scheduler.dhcp_agent_scheduler [None req-a761a17b-691f-4c12-b353-d4620cd8c1e5 dee7710eebe641e998a3146c11aaf224 0252989593b642ec99ca19ce4267a2c0 - - default default] No more DHCP agents
2026-06-28 21:01:25.196 9 WARNING neutron.api.rpc.agentnotifiers.dhcp_rpc_agent_api [None req-a761a17b-691f-4c12-b353-d4620cd8c1e5 dee7710eebe641e998a3146c11aaf224 0252989593b642ec99ca19ce4267a2c0 - - default default] Unable to schedule network 4ea9bd8f-e56b-4845-914f-cd1f40212904: no agents available; will retry on subsequent port and subnet creation events.
2026-06-28 21:01:25.392 9 INFO neutron.db.ovn_revision_numbers_db [None req-a761a17b-691f-4c12-b353-d4620cd8c1e5 dee7710eebe641e998a3146c11aaf224 0252989593b642ec99ca19ce4267a2c0 - - default default] Successfully bumped revision number for resource 6b920076-90a9-43ae-ad1d-96bec0c5af8e (type: ports) to 1
2026-06-28 21:01:25.716 9 INFO neutron.plugins.ml2.drivers.ovn.mech_driver.ovsdb.extensions.qos [None req-a761a17b-691f-4c12-b353-d4620cd8c1e5 dee7710eebe641e998a3146c11aaf224 0252989593b642ec99ca19ce4267a2c0 - - default default] Starting OVNClientQosExtension
2026-06-28 21:01:25.777 10 WARNING neutron.scheduler.dhcp_agent_scheduler [None req-43fec6ee-98cb-4696-aedb-9dd4f6d8f150 dee7710eebe641e998a3146c11aaf224 0252989593b642ec99ca19ce4267a2c0 - - default default] No more DHCP agents
2026-06-28 21:01:25.780 10 WARNING neutron.api.rpc.agentnotifiers.dhcp_rpc_agent_api [None req-43fec6ee-98cb-4696-aedb-9dd4f6d8f150 dee7710eebe641e998a3146c11aaf224 0252989593b642ec99ca19ce4267a2c0 - - default default] Unable to schedule network 4ea9bd8f-e56b-4845-914f-cd1f40212904: no agents available; will retry on subsequent port and subnet creation events.
2026-06-28 21:01:25.889 10 WARNING neutron.scheduler.dhcp_agent_scheduler [None req-9f82b91c-ae50-4626-b4d5-d339aff6e6d7 dee7710eebe641e998a3146c11aaf224 0252989593b642ec99ca19ce4267a2c0 - - default default] No more DHCP agents
2026-06-28 21:01:25.892 10 WARNING neutron.api.rpc.agentnotifiers.dhcp_rpc_agent_api [None req-9f82b91c-ae50-4626-b4d5-d339aff6e6d7 dee7710eebe641e998a3146c11aaf224 0252989593b642ec99ca19ce4267a2c0 - - default default] Unable to schedule network 4ea9bd8f-e56b-4845-914f-cd1f40212904: no agents available; will retry on subsequent port and subnet creation events.
2026-06-28 21:01:25.985 9 INFO neutron.plugins.ml2.drivers.ovn.mech_driver.mech_driver [None req-d5baf527-9d9a-4ad5-9da9-7954e8601227 - - - - - -] OVN reports status up for port: 6b920076-90a9-43ae-ad1d-96bec0c5af8e
2026-06-28 21:01:26.000 9 INFO neutron.plugins.ml2.plugin [None req-d5baf527-9d9a-4ad5-9da9-7954e8601227 - - - - - -] Attempt 1 to provision port 6b920076-90a9-43ae-ad1d-96bec0c5af8e
2026-06-28 21:01:26.008 10 INFO neutron.plugins.ml2.drivers.ovn.mech_driver.ovsdb.ovsdb_monitor [-] Router d722a071-79af-4525-a77c-2954275c0677 is bound to host instance
2026-06-28 21:01:26.035 9 INFO neutron.db.ovn_revision_numbers_db [None req-a761a17b-691f-4c12-b353-d4620cd8c1e5 dee7710eebe641e998a3146c11aaf224 0252989593b642ec99ca19ce4267a2c0 - - default default] Successfully bumped revision number for resource 6b920076-90a9-43ae-ad1d-96bec0c5af8e (type: router_ports) to 1
2026-06-28 21:01:26.115 10 INFO neutron.db.ovn_revision_numbers_db [None req-43fec6ee-98cb-4696-aedb-9dd4f6d8f150 dee7710eebe641e998a3146c11aaf224 0252989593b642ec99ca19ce4267a2c0 - - default default] Successfully bumped revision number for resource 9de9da66-6431-48d7-a26d-183322bac9e2 (type: ports) to 1
2026-06-28 21:01:26.120 10 INFO neutron.db.ovn_revision_numbers_db [None req-9f82b91c-ae50-4626-b4d5-d339aff6e6d7 dee7710eebe641e998a3146c11aaf224 0252989593b642ec99ca19ce4267a2c0 - - default default] Successfully bumped revision number for resource 86c2d898-7671-41ce-80a5-b42035c8ae23 (type: ports) to 1
2026-06-28 21:01:26.121 9 INFO neutron.db.ovn_revision_numbers_db [None req-a761a17b-691f-4c12-b353-d4620cd8c1e5 dee7710eebe641e998a3146c11aaf224 0252989593b642ec99ca19ce4267a2c0 - - default default] Successfully bumped revision number for resource d722a071-79af-4525-a77c-2954275c0677 (type: routers) to 2
2026-06-28 21:01:26.141 9 INFO neutron.wsgi [None req-a761a17b-691f-4c12-b353-d4620cd8c1e5 dee7710eebe641e998a3146c11aaf224 0252989593b642ec99ca19ce4267a2c0 - - default default] 10.0.0.226 "POST /v2.0/routers HTTP/1.1" status: 201 len: 885 time: 1.4806554
2026-06-28 21:01:26.479 10 INFO neutron.plugins.ml2.drivers.ovn.mech_driver.ovsdb.extensions.qos [None req-3f571b32-ab49-4f69-bf3e-8c1c435ba026 - - - - - -] Starting OVNClientQosExtension
2026-06-28 21:01:26.675 9 WARNING neutron.scheduler.dhcp_agent_scheduler [None req-387665db-6ed9-49d8-a899-7840869f8694 dee7710eebe641e998a3146c11aaf224 0252989593b642ec99ca19ce4267a2c0 - - default default] No more DHCP agents
2026-06-28 21:01:26.676 9 WARNING neutron.api.rpc.agentnotifiers.dhcp_rpc_agent_api [None req-387665db-6ed9-49d8-a899-7840869f8694 dee7710eebe641e998a3146c11aaf224 0252989593b642ec99ca19ce4267a2c0 - - default default] Unable to schedule network 4c4e0f00-52b2-48a8-aa58-0516b6b8ed14: no agents available; will retry on subsequent port and subnet creation events.
2026-06-28 21:01:26.809 9 INFO neutron.db.ovn_revision_numbers_db [None req-387665db-6ed9-49d8-a899-7840869f8694 dee7710eebe641e998a3146c11aaf224 0252989593b642ec99ca19ce4267a2c0 - - default default] Successfully bumped revision number for resource 1661d231-6ed4-4455-90d6-fc87b10cb114 (type: ports) to 1
2026-06-28 21:01:26.940 10 INFO neutron.db.ovn_revision_numbers_db [None req-bc4d8a57-2777-4136-a4e7-6ff48d8a352c dee7710eebe641e998a3146c11aaf224 0252989593b642ec99ca19ce4267a2c0 - - default default] Successfully bumped revision number for resource 0baa4347-0657-4e4d-ad7d-d5a81d1e77c7 (type: security_groups) to 1
2026-06-28 21:01:26.981 10 INFO neutron.db.ovn_revision_numbers_db [None req-bc4d8a57-2777-4136-a4e7-6ff48d8a352c dee7710eebe641e998a3146c11aaf224 0252989593b642ec99ca19ce4267a2c0 - - default default] Successfully bumped revision number for resource 6a85916f-eebb-459d-8fd8-f480505556ea (type: security_group_rules) to 0
2026-06-28 21:01:27.014 10 INFO neutron.db.ovn_revision_numbers_db [None req-bc4d8a57-2777-4136-a4e7-6ff48d8a352c dee7710eebe641e998a3146c11aaf224 0252989593b642ec99ca19ce4267a2c0 - - default default] Successfully bumped revision number for resource 81be0364-e985-4c47-abe1-8bccfd6e1cf3 (type: security_group_rules) to 0
2026-06-28 21:01:27.052 10 INFO neutron.db.ovn_revision_numbers_db [None req-bc4d8a57-2777-4136-a4e7-6ff48d8a352c dee7710eebe641e998a3146c11aaf224 0252989593b642ec99ca19ce4267a2c0 - - default default] Successfully bumped revision number for resource a8edd7dd-d876-43ce-96f1-48e1dff2e32b (type: security_group_rules) to 0
2026-06-28 21:01:27.083 10 INFO neutron.db.ovn_revision_numbers_db [None req-3f571b32-ab49-4f69-bf3e-8c1c435ba026 - - - - - -] Successfully bumped revision number for resource 6b920076-90a9-43ae-ad1d-96bec0c5af8e (type: ports) to 1
2026-06-28 21:01:27.084 10 INFO neutron.db.ovn_revision_numbers_db [None req-bc4d8a57-2777-4136-a4e7-6ff48d8a352c dee7710eebe641e998a3146c11aaf224 0252989593b642ec99ca19ce4267a2c0 - - default default] Successfully bumped revision number for resource f2ff8743-59e9-451c-94fe-1a2731d8871a (type: security_group_rules) to 0
2026-06-28 21:01:27.174 10 INFO neutron.db.segments_db [None req-bc4d8a57-2777-4136-a4e7-6ff48d8a352c dee7710eebe641e998a3146c11aaf224 0252989593b642ec99ca19ce4267a2c0 - - default default] Added segment 5a806a5f-2c2e-460a-bd54-5e851aac87be of type geneve for network 53b2a5a4-6cd1-4a97-9eea-24b17831f7cb
2026-06-28 21:01:27.202 10 INFO neutron.plugins.ml2.drivers.ovn.mech_driver.mech_driver [None req-6780a589-b035-40c3-ba27-903bf3bdde07 - - - - - -] OVN reports status up for port: 1661d231-6ed4-4455-90d6-fc87b10cb114
2026-06-28 21:01:27.226 9 INFO neutron.db.ovn_revision_numbers_db [None req-387665db-6ed9-49d8-a899-7840869f8694 dee7710eebe641e998a3146c11aaf224 0252989593b642ec99ca19ce4267a2c0 - - default default] Successfully bumped revision number for resource 1661d231-6ed4-4455-90d6-fc87b10cb114 (type: router_ports) to 1
2026-06-28 21:01:27.228 10 INFO neutron.plugins.ml2.plugin [None req-6780a589-b035-40c3-ba27-903bf3bdde07 - - - - - -] Attempt 1 to provision port 1661d231-6ed4-4455-90d6-fc87b10cb114
2026-06-28 21:01:27.351 9 INFO neutron.db.ovn_revision_numbers_db [None req-387665db-6ed9-49d8-a899-7840869f8694 dee7710eebe641e998a3146c11aaf224 0252989593b642ec99ca19ce4267a2c0 - - default default] Successfully bumped revision number for resource 1661d231-6ed4-4455-90d6-fc87b10cb114 (type: ports) to 1
2026-06-28 21:01:27.424 9 WARNING neutron.scheduler.dhcp_agent_scheduler [None req-387665db-6ed9-49d8-a899-7840869f8694 dee7710eebe641e998a3146c11aaf224 0252989593b642ec99ca19ce4267a2c0 - - default default] No more DHCP agents
2026-06-28 21:01:27.427 9 WARNING neutron.api.rpc.agentnotifiers.dhcp_rpc_agent_api [None req-387665db-6ed9-49d8-a899-7840869f8694 dee7710eebe641e998a3146c11aaf224 0252989593b642ec99ca19ce4267a2c0 - - default default] Unable to schedule network 4c4e0f00-52b2-48a8-aa58-0516b6b8ed14: no agents available; will retry on subsequent port and subnet creation events.
2026-06-28 21:01:27.628 9 INFO neutron.plugins.ml2.drivers.ovn.mech_driver.ovsdb.ovsdb_monitor [-] Router 48db7c26-486b-44e6-8af1-de05ba2cb7aa is bound to host instance
2026-06-28 21:01:27.648 10 INFO neutron.db.ovn_revision_numbers_db [None req-bc4d8a57-2777-4136-a4e7-6ff48d8a352c dee7710eebe641e998a3146c11aaf224 0252989593b642ec99ca19ce4267a2c0 - - default default] Successfully bumped revision number for resource 53b2a5a4-6cd1-4a97-9eea-24b17831f7cb (type: networks) to 1
2026-06-28 21:01:27.688 10 INFO neutron.db.ovn_revision_numbers_db [None req-9f82b91c-ae50-4626-b4d5-d339aff6e6d7 dee7710eebe641e998a3146c11aaf224 0252989593b642ec99ca19ce4267a2c0 - - default default] Successfully bumped revision number for resource 86c2d898-7671-41ce-80a5-b42035c8ae23 (type: router_ports) to 1
2026-06-28 21:01:27.773 10 INFO neutron.db.ovn_revision_numbers_db [None req-43fec6ee-98cb-4696-aedb-9dd4f6d8f150 dee7710eebe641e998a3146c11aaf224 0252989593b642ec99ca19ce4267a2c0 - - default default] Successfully bumped revision number for resource 9de9da66-6431-48d7-a26d-183322bac9e2 (type: router_ports) to 1
2026-06-28 21:01:27.883 10 INFO neutron.db.ovn_revision_numbers_db [None req-9f82b91c-ae50-4626-b4d5-d339aff6e6d7 dee7710eebe641e998a3146c11aaf224 0252989593b642ec99ca19ce4267a2c0 - - default default] Successfully bumped revision number for resource c755072e-b5ed-4860-99a4-e3b1bf119daf (type: routers) to 2
2026-06-28 21:01:27.927 10 INFO neutron.wsgi [None req-9f82b91c-ae50-4626-b4d5-d339aff6e6d7 dee7710eebe641e998a3146c11aaf224 0252989593b642ec99ca19ce4267a2c0 - - default default] 10.0.0.226 "POST /v2.0/routers HTTP/1.1" status: 201 len: 877 time: 2.8419609
2026-06-28 21:01:27.980 10 INFO neutron.db.ovn_revision_numbers_db [None req-43fec6ee-98cb-4696-aedb-9dd4f6d8f150 dee7710eebe641e998a3146c11aaf224 0252989593b642ec99ca19ce4267a2c0 - - default default] Successfully bumped revision number for resource 48db7c26-486b-44e6-8af1-de05ba2cb7aa (type: routers) to 2
2026-06-28 21:01:28.033 10 INFO neutron.wsgi [None req-43fec6ee-98cb-4696-aedb-9dd4f6d8f150 dee7710eebe641e998a3146c11aaf224 0252989593b642ec99ca19ce4267a2c0 - - default default] 10.0.0.226 "POST /v2.0/routers HTTP/1.1" status: 201 len: 882 time: 2.9405398
2026-06-28 21:01:28.051 10 INFO neutron.db.ovn_revision_numbers_db [None req-3f571b32-ab49-4f69-bf3e-8c1c435ba026 - - - - - -] Successfully bumped revision number for resource 6b920076-90a9-43ae-ad1d-96bec0c5af8e (type: router_ports) to 3
2026-06-28 21:01:28.243 10 WARNING neutron.scheduler.dhcp_agent_scheduler [None req-bc4d8a57-2777-4136-a4e7-6ff48d8a352c dee7710eebe641e998a3146c11aaf224 0252989593b642ec99ca19ce4267a2c0 - - default default] No more DHCP agents
2026-06-28 21:01:28.264 10 WARNING neutron.api.rpc.agentnotifiers.dhcp_rpc_agent_api [None req-bc4d8a57-2777-4136-a4e7-6ff48d8a352c dee7710eebe641e998a3146c11aaf224 0252989593b642ec99ca19ce4267a2c0 - - default default] Unable to schedule network 53b2a5a4-6cd1-4a97-9eea-24b17831f7cb: no agents available; will retry on subsequent port and subnet creation events.
2026-06-28 21:01:28.302 9 INFO neutron.db.ovn_revision_numbers_db [None req-387665db-6ed9-49d8-a899-7840869f8694 dee7710eebe641e998a3146c11aaf224 0252989593b642ec99ca19ce4267a2c0 - - default default] Successfully bumped revision number for resource 1661d231-6ed4-4455-90d6-fc87b10cb114 (type: router_ports) to 1
2026-06-28 21:01:28.304 9 INFO neutron.wsgi [None req-387665db-6ed9-49d8-a899-7840869f8694 dee7710eebe641e998a3146c11aaf224 0252989593b642ec99ca19ce4267a2c0 - - default default] 10.0.0.226 "PUT /v2.0/routers/d722a071-79af-4525-a77c-2954275c0677/add_router_interface HTTP/1.1" status: 200 len: 503 time: 2.1569614
2026-06-28 21:01:28.395 9 INFO neutron.db.ovn_revision_numbers_db [None req-b25f6867-4ab0-49c7-9e48-4aa0ae5ec8b5 - - - - - -] Successfully bumped revision number for resource 9de9da66-6431-48d7-a26d-183322bac9e2 (type: ports) to 1
2026-06-28 21:01:28.411 10 INFO neutron.db.ovn_revision_numbers_db [None req-6780a589-b035-40c3-ba27-903bf3bdde07 - - - - - -] Successfully bumped revision number for resource 1661d231-6ed4-4455-90d6-fc87b10cb114 (type: ports) to 2
2026-06-28 21:01:28.521 10 INFO neutron.db.ovn_revision_numbers_db [None req-bc4d8a57-2777-4136-a4e7-6ff48d8a352c dee7710eebe641e998a3146c11aaf224 0252989593b642ec99ca19ce4267a2c0 - - default default] Successfully bumped revision number for resource 553bbe3d-4bf1-44a4-9d24-0aab068a1f37 (type: ports) to 1
2026-06-28 21:01:28.570 10 INFO neutron.db.ovn_revision_numbers_db [None req-3f571b32-ab49-4f69-bf3e-8c1c435ba026 - - - - - -] Successfully bumped revision number for resource 6b920076-90a9-43ae-ad1d-96bec0c5af8e (type: ports) to 2
2026-06-28 21:01:28.583 10 INFO neutron.wsgi [None req-bc4d8a57-2777-4136-a4e7-6ff48d8a352c dee7710eebe641e998a3146c11aaf224 0252989593b642ec99ca19ce4267a2c0 - - default default] 10.0.0.226 "POST /v2.0/networks HTTP/1.1" status: 201 len: 949 time: 2.3306408
2026-06-28 21:01:28.612 10 INFO neutron.db.ovn_revision_numbers_db [None req-6780a589-b035-40c3-ba27-903bf3bdde07 - - - - - -] Successfully bumped revision number for resource 1661d231-6ed4-4455-90d6-fc87b10cb114 (type: router_ports) to 2
2026-06-28 21:01:28.670 9 INFO neutron.db.ovn_revision_numbers_db [None req-b25f6867-4ab0-49c7-9e48-4aa0ae5ec8b5 - - - - - -] Successfully bumped revision number for resource 9de9da66-6431-48d7-a26d-183322bac9e2 (type: router_ports) to 3
2026-06-28 21:01:28.808 9 INFO neutron.plugins.ml2.drivers.ovn.mech_driver.mech_driver [None req-d5baf527-9d9a-4ad5-9da9-7954e8601227 - - - - - -] OVN reports status up for port: 86c2d898-7671-41ce-80a5-b42035c8ae23
2026-06-28 21:01:28.821 9 WARNING neutron.scheduler.dhcp_agent_scheduler [None req-02749936-1e8a-4128-8695-e6b781c7a331 dee7710eebe641e998a3146c11aaf224 0252989593b642ec99ca19ce4267a2c0 - - default default] No more DHCP agents
2026-06-28 21:01:28.826 9 INFO neutron.plugins.ml2.plugin [None req-d5baf527-9d9a-4ad5-9da9-7954e8601227 - - - - - -] Attempt 1 to provision port 86c2d898-7671-41ce-80a5-b42035c8ae23
2026-06-28 21:01:28.827 9 WARNING neutron.api.rpc.agentnotifiers.dhcp_rpc_agent_api [None req-02749936-1e8a-4128-8695-e6b781c7a331 dee7710eebe641e998a3146c11aaf224 0252989593b642ec99ca19ce4267a2c0 - - default default] Unable to schedule network 53b2a5a4-6cd1-4a97-9eea-24b17831f7cb: no agents available; will retry on subsequent port and subnet creation events.
2026-06-28 21:01:28.889 10 WARNING neutron_lib.context [None req-b55d2ea2-be7a-446d-8d8b-c11d2f5e05d1 9a46bf41da4a402a8a92edfa8b9fb532 54c20b9c43c145d1bcf2973b1f9d00a1 - - default default] Method 'is_advsvc' is deprecated since 2023.2 release (neutron-lib 3.8.0) and will be removed once support for the old RBAC API policies will be removed from Neutron. Please use method 'is_service_role' instead.
2026-06-28 21:01:28.999 10 WARNING neutron.scheduler.dhcp_agent_scheduler [None req-1a981fde-35e3-48fb-92a4-7b55b0a0f1b7 dee7710eebe641e998a3146c11aaf224 0252989593b642ec99ca19ce4267a2c0 - - default default] No more DHCP agents
2026-06-28 21:01:29.002 9 INFO neutron.db.ovn_revision_numbers_db [None req-b25f6867-4ab0-49c7-9e48-4aa0ae5ec8b5 - - - - - -] Successfully bumped revision number for resource 9de9da66-6431-48d7-a26d-183322bac9e2 (type: ports) to 2
2026-06-28 21:01:29.004 10 WARNING neutron.api.rpc.agentnotifiers.dhcp_rpc_agent_api [None req-1a981fde-35e3-48fb-92a4-7b55b0a0f1b7 dee7710eebe641e998a3146c11aaf224 0252989593b642ec99ca19ce4267a2c0 - - default default] Unable to schedule network a2d41dd1-e02b-4cfe-b38d-f043a411c641: no agents available; will retry on subsequent port and subnet creation events.
2026-06-28 21:01:29.075 10 WARNING neutron.scheduler.dhcp_agent_scheduler [None req-756cf507-c94a-402b-ac96-73f78575af51 dee7710eebe641e998a3146c11aaf224 0252989593b642ec99ca19ce4267a2c0 - - default default] No more DHCP agents
2026-06-28 21:01:29.089 10 WARNING neutron.api.rpc.agentnotifiers.dhcp_rpc_agent_api [None req-756cf507-c94a-402b-ac96-73f78575af51 dee7710eebe641e998a3146c11aaf224 0252989593b642ec99ca19ce4267a2c0 - - default default] Unable to schedule network 42b348ef-0c9b-4976-a7cc-e06901e679af: no agents available; will retry on subsequent port and subnet creation events.
2026-06-28 21:01:29.222 10 INFO neutron.db.ovn_revision_numbers_db [None req-3f571b32-ab49-4f69-bf3e-8c1c435ba026 - - - - - -] Successfully bumped revision number for resource 6b920076-90a9-43ae-ad1d-96bec0c5af8e (type: ports) to 4
2026-06-28 21:01:29.290 10 INFO neutron.db.ovn_revision_numbers_db [None req-b55d2ea2-be7a-446d-8d8b-c11d2f5e05d1 9a46bf41da4a402a8a92edfa8b9fb532 54c20b9c43c145d1bcf2973b1f9d00a1 - - default default] Successfully bumped revision number for resource 3bb5dfe6-3b35-4e1e-ba76-c7c3ff816505 (type: security_groups) to 1
2026-06-28 21:01:29.325 9 INFO neutron.db.ovn_revision_numbers_db [None req-b25f6867-4ab0-49c7-9e48-4aa0ae5ec8b5 - - - - - -] Successfully bumped revision number for resource 9de9da66-6431-48d7-a26d-183322bac9e2 (type: ports) to 4
2026-06-28 21:01:29.341 10 INFO neutron.db.ovn_revision_numbers_db [None req-b55d2ea2-be7a-446d-8d8b-c11d2f5e05d1 9a46bf41da4a402a8a92edfa8b9fb532 54c20b9c43c145d1bcf2973b1f9d00a1 - - default default] Successfully bumped revision number for resource 24e02bef-e34a-440e-99eb-197876296b61 (type: security_group_rules) to 0
2026-06-28 21:01:29.390 10 INFO neutron.db.ovn_revision_numbers_db [None req-b55d2ea2-be7a-446d-8d8b-c11d2f5e05d1 9a46bf41da4a402a8a92edfa8b9fb532 54c20b9c43c145d1bcf2973b1f9d00a1 - - default default] Successfully bumped revision number for resource cf166421-e60c-4134-86c8-87d11189cfad (type: security_group_rules) to 0
2026-06-28 21:01:29.416 10 INFO neutron.db.ovn_revision_numbers_db [None req-1a981fde-35e3-48fb-92a4-7b55b0a0f1b7 dee7710eebe641e998a3146c11aaf224 0252989593b642ec99ca19ce4267a2c0 - - default default] Successfully bumped revision number for resource bf4238cf-837c-4ad3-8e09-59314ca4b71a (type: ports) to 1
2026-06-28 21:01:29.449 10 INFO neutron.wsgi [None req-b55d2ea2-be7a-446d-8d8b-c11d2f5e05d1 9a46bf41da4a402a8a92edfa8b9fb532 54c20b9c43c145d1bcf2973b1f9d00a1 - - default default] 10.0.0.226 "POST /v2.0/security-groups HTTP/1.1" status: 201 len: 1794 time: 0.5680597
2026-06-28 21:01:29.463 9 WARNING neutron_lib.context [None req-ad6f5c80-bb93-4f63-8ca5-4808b588f407 9a46bf41da4a402a8a92edfa8b9fb532 54c20b9c43c145d1bcf2973b1f9d00a1 - - default default] Method 'is_advsvc' is deprecated since 2023.2 release (neutron-lib 3.8.0) and will be removed once support for the old RBAC API policies will be removed from Neutron. Please use method 'is_service_role' instead.
2026-06-28 21:01:29.508 10 INFO neutron.db.ovn_revision_numbers_db [None req-756cf507-c94a-402b-ac96-73f78575af51 dee7710eebe641e998a3146c11aaf224 0252989593b642ec99ca19ce4267a2c0 - - default default] Successfully bumped revision number for resource 9382c1cd-e8af-4f64-b993-ba0122878d7f (type: ports) to 1
2026-06-28 21:01:29.575 9 INFO neutron.db.ovn_revision_numbers_db [None req-b25f6867-4ab0-49c7-9e48-4aa0ae5ec8b5 - - - - - -] Successfully bumped revision number for resource 9de9da66-6431-48d7-a26d-183322bac9e2 (type: router_ports) to 4
2026-06-28 21:01:29.626 9 INFO neutron.db.ovn_revision_numbers_db [None req-02749936-1e8a-4128-8695-e6b781c7a331 dee7710eebe641e998a3146c11aaf224 0252989593b642ec99ca19ce4267a2c0 - - default default] Successfully bumped revision number for resource 553bbe3d-4bf1-44a4-9d24-0aab068a1f37 (type: ports) to 2
2026-06-28 21:01:29.647 10 INFO neutron.db.ovn_revision_numbers_db [None req-3f571b32-ab49-4f69-bf3e-8c1c435ba026 - - - - - -] Successfully bumped revision number for resource 6b920076-90a9-43ae-ad1d-96bec0c5af8e (type: router_ports) to 4
2026-06-28 21:01:29.661 9 INFO neutron.db.ovn_revision_numbers_db [None req-02749936-1e8a-4128-8695-e6b781c7a331 dee7710eebe641e998a3146c11aaf224 0252989593b642ec99ca19ce4267a2c0 - - default default] Successfully bumped revision number for resource d713a340-ff9c-468a-bec7-b904a81160b3 (type: subnets) to 0
2026-06-28 21:01:29.678 9 INFO neutron.db.ovn_revision_numbers_db [None req-ad6f5c80-bb93-4f63-8ca5-4808b588f407 9a46bf41da4a402a8a92edfa8b9fb532 54c20b9c43c145d1bcf2973b1f9d00a1 - - default default] Successfully bumped revision number for resource 7859fc68-d355-4bb5-af55-4d60f19bde80 (type: security_group_rules) to 0
2026-06-28 21:01:29.688 10 INFO neutron.plugins.ml2.drivers.ovn.mech_driver.ovsdb.ovsdb_monitor [None req-3f571b32-ab49-4f69-bf3e-8c1c435ba026 - - - - - -] Router c755072e-b5ed-4860-99a4-e3b1bf119daf is bound to host instance
2026-06-28 21:01:29.693 9 INFO neutron.wsgi [None req-02749936-1e8a-4128-8695-e6b781c7a331 dee7710eebe641e998a3146c11aaf224 0252989593b642ec99ca19ce4267a2c0 - - default default] 10.0.0.226 "POST /v2.0/subnets HTTP/1.1" status: 201 len: 869 time: 1.1044714
2026-06-28 21:01:29.718 9 INFO neutron.wsgi [None req-ad6f5c80-bb93-4f63-8ca5-4808b588f407 9a46bf41da4a402a8a92edfa8b9fb532 54c20b9c43c145d1bcf2973b1f9d00a1 - - default default] 10.0.0.226 "POST /v2.0/security-group-rules HTTP/1.1" status: 201 len: 764 time: 0.2612290
2026-06-28 21:01:29.729 9 WARNING neutron_lib.context [None req-86a92104-ff1f-48c0-b53f-40ec5410b93b 9a46bf41da4a402a8a92edfa8b9fb532 54c20b9c43c145d1bcf2973b1f9d00a1 - - default default] Method 'is_advsvc' is deprecated since 2023.2 release (neutron-lib 3.8.0) and will be removed once support for the old RBAC API policies will be removed from Neutron. Please use method 'is_service_role' instead.
2026-06-28 21:01:29.838 9 INFO neutron.db.ovn_revision_numbers_db [None req-86a92104-ff1f-48c0-b53f-40ec5410b93b 9a46bf41da4a402a8a92edfa8b9fb532 54c20b9c43c145d1bcf2973b1f9d00a1 - - default default] Successfully bumped revision number for resource 58843538-5f54-4f4d-955f-3da3d847348e (type: security_group_rules) to 0
2026-06-28 21:01:29.862 9 INFO neutron.wsgi [None req-86a92104-ff1f-48c0-b53f-40ec5410b93b 9a46bf41da4a402a8a92edfa8b9fb532 54c20b9c43c145d1bcf2973b1f9d00a1 - - default default] 10.0.0.226 "POST /v2.0/security-group-rules HTTP/1.1" status: 201 len: 769 time: 0.1393673
2026-06-28 21:01:29.875 9 WARNING neutron_lib.context [None req-0039b881-94bd-4767-a86d-1ded2cb6b8a8 9a46bf41da4a402a8a92edfa8b9fb532 54c20b9c43c145d1bcf2973b1f9d00a1 - - default default] Method 'is_advsvc' is deprecated since 2023.2 release (neutron-lib 3.8.0) and will be removed once support for the old RBAC API policies will be removed from Neutron. Please use method 'is_service_role' instead.
2026-06-28 21:01:30.313 9 WARNING neutron.scheduler.dhcp_agent_scheduler [None req-0039b881-94bd-4767-a86d-1ded2cb6b8a8 9a46bf41da4a402a8a92edfa8b9fb532 54c20b9c43c145d1bcf2973b1f9d00a1 - - default default] No more DHCP agents
2026-06-28 21:01:30.316 9 WARNING neutron.api.rpc.agentnotifiers.dhcp_rpc_agent_api [None req-0039b881-94bd-4767-a86d-1ded2cb6b8a8 9a46bf41da4a402a8a92edfa8b9fb532 54c20b9c43c145d1bcf2973b1f9d00a1 - - default default] Unable to schedule network 4ea9bd8f-e56b-4845-914f-cd1f40212904: no agents available; will retry on subsequent port and subnet creation events.
2026-06-28 21:01:30.609 10 INFO neutron.db.ovn_revision_numbers_db [None req-1a981fde-35e3-48fb-92a4-7b55b0a0f1b7 dee7710eebe641e998a3146c11aaf224 0252989593b642ec99ca19ce4267a2c0 - - default default] Successfully bumped revision number for resource bf4238cf-837c-4ad3-8e09-59314ca4b71a (type: router_ports) to 1
2026-06-28 21:01:30.683 9 INFO neutron.db.ovn_revision_numbers_db [None req-0039b881-94bd-4767-a86d-1ded2cb6b8a8 9a46bf41da4a402a8a92edfa8b9fb532 54c20b9c43c145d1bcf2973b1f9d00a1 - - default default] Successfully bumped revision number for resource 701cbc27-aa1f-432e-82c7-38de1fc0cdee (type: floatingips) to 0
2026-06-28 21:01:30.701 9 INFO neutron.wsgi [None req-0039b881-94bd-4767-a86d-1ded2cb6b8a8 9a46bf41da4a402a8a92edfa8b9fb532 54c20b9c43c145d1bcf2973b1f9d00a1 - - default default] 10.0.0.226 "POST /v2.0/floatingips HTTP/1.1" status: 201 len: 751 time: 0.8327880
2026-06-28 21:01:30.762 10 INFO neutron.db.ovn_revision_numbers_db [None req-756cf507-c94a-402b-ac96-73f78575af51 dee7710eebe641e998a3146c11aaf224 0252989593b642ec99ca19ce4267a2c0 - - default default] Successfully bumped revision number for resource 9382c1cd-e8af-4f64-b993-ba0122878d7f (type: router_ports) to 1
2026-06-28 21:01:31.050 10 WARNING neutron.scheduler.dhcp_agent_scheduler [None req-ccc43441-649a-4d08-ad60-7ef0e1b61862 dee7710eebe641e998a3146c11aaf224 0252989593b642ec99ca19ce4267a2c0 - - default default] No more DHCP agents
2026-06-28 21:01:31.061 10 WARNING neutron.api.rpc.agentnotifiers.dhcp_rpc_agent_api [None req-ccc43441-649a-4d08-ad60-7ef0e1b61862 dee7710eebe641e998a3146c11aaf224 0252989593b642ec99ca19ce4267a2c0 - - default default] Unable to schedule network 4ea9bd8f-e56b-4845-914f-cd1f40212904: no agents available; will retry on subsequent port and subnet creation events.
2026-06-28 21:01:31.068 10 INFO neutron.db.ovn_revision_numbers_db [None req-1a981fde-35e3-48fb-92a4-7b55b0a0f1b7 dee7710eebe641e998a3146c11aaf224 0252989593b642ec99ca19ce4267a2c0 - - default default] Successfully bumped revision number for resource bf4238cf-837c-4ad3-8e09-59314ca4b71a (type: ports) to 1
2026-06-28 21:01:31.149 9 INFO neutron.plugins.ml2.drivers.ovn.mech_driver.mech_driver [None req-d5baf527-9d9a-4ad5-9da9-7954e8601227 - - - - - -] OVN reports status up for port: 9de9da66-6431-48d7-a26d-183322bac9e2
2026-06-28 21:01:31.159 9 INFO neutron.plugins.ml2.plugin [None req-d5baf527-9d9a-4ad5-9da9-7954e8601227 - - - - - -] Attempt 1 to provision port 9de9da66-6431-48d7-a26d-183322bac9e2
2026-06-28 21:01:31.196 10 INFO neutron.db.ovn_revision_numbers_db [None req-756cf507-c94a-402b-ac96-73f78575af51 dee7710eebe641e998a3146c11aaf224 0252989593b642ec99ca19ce4267a2c0 - - default default] Successfully bumped revision number for resource 9382c1cd-e8af-4f64-b993-ba0122878d7f (type: ports) to 1
2026-06-28 21:01:31.260 10 WARNING neutron.scheduler.dhcp_agent_scheduler [None req-1a981fde-35e3-48fb-92a4-7b55b0a0f1b7 dee7710eebe641e998a3146c11aaf224 0252989593b642ec99ca19ce4267a2c0 - - default default] No more DHCP agents
2026-06-28 21:01:31.264 10 WARNING neutron.api.rpc.agentnotifiers.dhcp_rpc_agent_api [None req-1a981fde-35e3-48fb-92a4-7b55b0a0f1b7 dee7710eebe641e998a3146c11aaf224 0252989593b642ec99ca19ce4267a2c0 - - default default] Unable to schedule network a2d41dd1-e02b-4cfe-b38d-f043a411c641: no agents available; will retry on subsequent port and subnet creation events.
2026-06-28 21:01:31.299 10 INFO neutron.db.ovn_revision_numbers_db [None req-3f571b32-ab49-4f69-bf3e-8c1c435ba026 - - - - - -] Successfully bumped revision number for resource 86c2d898-7671-41ce-80a5-b42035c8ae23 (type: ports) to 1
2026-06-28 21:01:31.400 10 INFO neutron.db.ovn_revision_numbers_db [None req-ccc43441-649a-4d08-ad60-7ef0e1b61862 dee7710eebe641e998a3146c11aaf224 0252989593b642ec99ca19ce4267a2c0 - - default default] Successfully bumped revision number for resource b8ec795c-26de-43a5-9c37-e0bc15a01bf4 (type: ports) to 1
2026-06-28 21:01:31.413 10 WARNING neutron.scheduler.dhcp_agent_scheduler [None req-756cf507-c94a-402b-ac96-73f78575af51 dee7710eebe641e998a3146c11aaf224 0252989593b642ec99ca19ce4267a2c0 - - default default] No more DHCP agents
2026-06-28 21:01:31.422 10 WARNING neutron.api.rpc.agentnotifiers.dhcp_rpc_agent_api [None req-756cf507-c94a-402b-ac96-73f78575af51 dee7710eebe641e998a3146c11aaf224 0252989593b642ec99ca19ce4267a2c0 - - default default] Unable to schedule network 42b348ef-0c9b-4976-a7cc-e06901e679af: no agents available; will retry on subsequent port and subnet creation events.
2026-06-28 21:01:31.595 9 INFO neutron.wsgi [req-e107ceb7-53a4-41d8-81df-691a63076843 req-8ba48ca5-7ee1-4712-b173-fe9fb1633a30 9a46bf41da4a402a8a92edfa8b9fb532 54c20b9c43c145d1bcf2973b1f9d00a1 - - default default] 10.0.0.16 "GET /v2.0/security-groups?name=tempest-securitygroup--998379446&fields=id&tenant_id=54c20b9c43c145d1bcf2973b1f9d00a1 HTTP/1.1" status: 200 len: 267 time: 0.0378973
2026-06-28 21:01:31.739 9 INFO neutron.wsgi [req-e107ceb7-53a4-41d8-81df-691a63076843 req-7f3b0528-3a9a-41eb-a3d9-25c5fc060f86 9a46bf41da4a402a8a92edfa8b9fb532 54c20b9c43c145d1bcf2973b1f9d00a1 - - default default] 10.0.0.16 "GET /v2.0/networks?id=4c4e0f00-52b2-48a8-aa58-0516b6b8ed14 HTTP/1.1" status: 200 len: 883 time: 0.1391389
2026-06-28 21:01:31.763 9 INFO neutron.wsgi [req-e107ceb7-53a4-41d8-81df-691a63076843 req-fea093af-a658-4893-a1b6-840c3a545ead 9a46bf41da4a402a8a92edfa8b9fb532 54c20b9c43c145d1bcf2973b1f9d00a1 - - default default] 10.0.0.16 "GET /v2.0/quotas/54c20b9c43c145d1bcf2973b1f9d00a1 HTTP/1.1" status: 200 len: 386 time: 0.0168343
2026-06-28 21:01:31.876 9 INFO neutron.wsgi [req-e107ceb7-53a4-41d8-81df-691a63076843 req-bd5adaba-1275-4a68-a64f-243b69cdbe2d 9a46bf41da4a402a8a92edfa8b9fb532 54c20b9c43c145d1bcf2973b1f9d00a1 - - default default] 10.0.0.16 "GET /v2.0/ports?tenant_id=54c20b9c43c145d1bcf2973b1f9d00a1&fields=id HTTP/1.1" status: 200 len: 302 time: 0.1062264
2026-06-28 21:01:32.233 10 INFO neutron.db.ovn_revision_numbers_db [None req-3f571b32-ab49-4f69-bf3e-8c1c435ba026 - - - - - -] Successfully bumped revision number for resource 86c2d898-7671-41ce-80a5-b42035c8ae23 (type: router_ports) to 3
2026-06-28 21:01:32.289 9 INFO neutron.wsgi [req-e107ceb7-53a4-41d8-81df-691a63076843 req-1370c0a6-ff6b-4c27-8fb3-9e93662b20ee ccaad008b0aa47239794adec87be5637 20f2cfd0977b45158f66d4824ebf86d0 - - 44e706304a8e4e5b82af10eac2ac5573 44e706304a8e4e5b82af10eac2ac5573] 10.0.0.16 "GET /v2.0/extensions HTTP/1.1" status: 200 len: 16980 time: 0.0621376
2026-06-28 21:01:32.355 9 INFO neutron.wsgi [req-e107ceb7-53a4-41d8-81df-691a63076843 req-1a51300e-d5e1-4d10-a25b-ae2e1ce6990e ccaad008b0aa47239794adec87be5637 20f2cfd0977b45158f66d4824ebf86d0 - - 44e706304a8e4e5b82af10eac2ac5573 44e706304a8e4e5b82af10eac2ac5573] 10.0.0.16 "GET /v2.0/networks/4c4e0f00-52b2-48a8-aa58-0516b6b8ed14?fields=segments HTTP/1.1" status: 200 len: 212 time: 0.0566940
2026-06-28 21:01:32.422 9 INFO neutron.wsgi [req-e107ceb7-53a4-41d8-81df-691a63076843 req-f2be569e-0021-4b5a-8bdd-e73f993199b7 ccaad008b0aa47239794adec87be5637 20f2cfd0977b45158f66d4824ebf86d0 - - 44e706304a8e4e5b82af10eac2ac5573 44e706304a8e4e5b82af10eac2ac5573] 10.0.0.16 "GET /v2.0/networks/4c4e0f00-52b2-48a8-aa58-0516b6b8ed14?fields=provider%3Aphysical_network&fields=provider%3Anetwork_type HTTP/1.1" status: 200 len: 277 time: 0.0592179
2026-06-28 21:01:32.606 10 INFO neutron.db.ovn_revision_numbers_db [None req-3f571b32-ab49-4f69-bf3e-8c1c435ba026 - - - - - -] Successfully bumped revision number for resource 86c2d898-7671-41ce-80a5-b42035c8ae23 (type: ports) to 2
2026-06-28 21:01:32.987 9 INFO neutron.wsgi [req-16f25b5c-bfd2-4e03-ab34-b1b160827404 req-0aa3193c-181d-434f-bf14-1f9cdf848cb6 9a46bf41da4a402a8a92edfa8b9fb532 54c20b9c43c145d1bcf2973b1f9d00a1 - - default default] 10.0.0.16 "GET /v2.0/ports?device_id=b0c9d18a-1995-4aeb-aa01-40265f8b5a5a HTTP/1.1" status: 200 len: 210 time: 0.0664239
2026-06-28 21:01:33.130 10 INFO neutron.db.ovn_revision_numbers_db [None req-ccc43441-649a-4d08-ad60-7ef0e1b61862 dee7710eebe641e998a3146c11aaf224 0252989593b642ec99ca19ce4267a2c0 - - default default] Successfully bumped revision number for resource b8ec795c-26de-43a5-9c37-e0bc15a01bf4 (type: router_ports) to 1
2026-06-28 21:01:33.296 10 INFO neutron.db.ovn_revision_numbers_db [None req-ccc43441-649a-4d08-ad60-7ef0e1b61862 dee7710eebe641e998a3146c11aaf224 0252989593b642ec99ca19ce4267a2c0 - - default default] Successfully bumped revision number for resource d15326ff-1854-42ce-90bf-bef8250e95ec (type: routers) to 2
2026-06-28 21:01:33.316 10 INFO neutron.db.ovn_revision_numbers_db [None req-1a981fde-35e3-48fb-92a4-7b55b0a0f1b7 dee7710eebe641e998a3146c11aaf224 0252989593b642ec99ca19ce4267a2c0 - - default default] Successfully bumped revision number for resource bf4238cf-837c-4ad3-8e09-59314ca4b71a (type: router_ports) to 1
2026-06-28 21:01:33.318 10 INFO neutron.wsgi [None req-1a981fde-35e3-48fb-92a4-7b55b0a0f1b7 dee7710eebe641e998a3146c11aaf224 0252989593b642ec99ca19ce4267a2c0 - - default default] 10.0.0.226 "PUT /v2.0/routers/c755072e-b5ed-4860-99a4-e3b1bf119daf/add_router_interface HTTP/1.1" status: 200 len: 503 time: 5.3849134
2026-06-28 21:01:33.341 10 INFO neutron.wsgi [None req-ccc43441-649a-4d08-ad60-7ef0e1b61862 dee7710eebe641e998a3146c11aaf224 0252989593b642ec99ca19ce4267a2c0 - - default default] 10.0.0.226 "POST /v2.0/routers HTTP/1.1" status: 201 len: 880 time: 3.6398149
2026-06-28 21:01:33.372 10 INFO neutron.db.ovn_revision_numbers_db [None req-756cf507-c94a-402b-ac96-73f78575af51 dee7710eebe641e998a3146c11aaf224 0252989593b642ec99ca19ce4267a2c0 - - default default] Successfully bumped revision number for resource 9382c1cd-e8af-4f64-b993-ba0122878d7f (type: router_ports) to 1
2026-06-28 21:01:33.374 10 INFO neutron.wsgi [None req-756cf507-c94a-402b-ac96-73f78575af51 dee7710eebe641e998a3146c11aaf224 0252989593b642ec99ca19ce4267a2c0 - - default default] 10.0.0.226 "PUT /v2.0/routers/48db7c26-486b-44e6-8af1-de05ba2cb7aa/add_router_interface HTTP/1.1" status: 200 len: 503 time: 5.3324144
2026-06-28 21:01:33.375 10 INFO neutron.db.ovn_revision_numbers_db [None req-3f571b32-ab49-4f69-bf3e-8c1c435ba026 - - - - - -] Successfully bumped revision number for resource 86c2d898-7671-41ce-80a5-b42035c8ae23 (type: ports) to 4
2026-06-28 21:01:33.581 10 INFO neutron.db.ovn_revision_numbers_db [None req-3f571b32-ab49-4f69-bf3e-8c1c435ba026 - - - - - -] Successfully bumped revision number for resource 86c2d898-7671-41ce-80a5-b42035c8ae23 (type: router_ports) to 4
