2026-06-28 21:03:16.919 9 INFO neutron.wsgi [req-b9152dc6-f7ae-4681-bc37-b2b5d2e17f87 req-a6afb75d-4f7e-49db-b046-5994c3acb451 ccaad008b0aa47239794adec87be5637 20f2cfd0977b45158f66d4824ebf86d0 - - 44e706304a8e4e5b82af10eac2ac5573 44e706304a8e4e5b82af10eac2ac5573] 199.204.45.38 "GET /v2.0/ports?network_id=6747f24c-2cf2-457c-8b05-2af8fb7fa6cb&device_owner=network%3Adhcp HTTP/1.1" status: 200 len: 210 time: 0.0328131
2026-06-28 21:03:17.231 9 INFO neutron.wsgi [req-b9152dc6-f7ae-4681-bc37-b2b5d2e17f87 req-17c9c3ef-2c0d-4f45-b2b7-d67255cbf62b ccaad008b0aa47239794adec87be5637 20f2cfd0977b45158f66d4824ebf86d0 - - 44e706304a8e4e5b82af10eac2ac5573 44e706304a8e4e5b82af10eac2ac5573] 199.204.45.38 "GET /v2.0/networks/6747f24c-2cf2-457c-8b05-2af8fb7fa6cb?fields=segments HTTP/1.1" status: 200 len: 212 time: 0.3063629
2026-06-28 21:03:17.255 9 INFO neutron.db.ovn_revision_numbers_db [None req-3abafe22-9154-4ff9-99d9-dcce9bc248c6 cfc77d41514a4770934c90118659ba41 2461b0943a774253a157d6d8131d422b - - default default] Successfully bumped revision number for resource ace4a9b7-8342-4c25-b0de-1b142e0505d9 (type: security_groups) to 1
2026-06-28 21:03:17.290 9 INFO neutron.db.ovn_revision_numbers_db [None req-3abafe22-9154-4ff9-99d9-dcce9bc248c6 cfc77d41514a4770934c90118659ba41 2461b0943a774253a157d6d8131d422b - - default default] Successfully bumped revision number for resource 39b4a0e9-04c3-4f2d-89de-995c45ec9114 (type: security_group_rules) to 0
2026-06-28 21:03:17.314 9 INFO neutron.db.ovn_revision_numbers_db [None req-3abafe22-9154-4ff9-99d9-dcce9bc248c6 cfc77d41514a4770934c90118659ba41 2461b0943a774253a157d6d8131d422b - - default default] Successfully bumped revision number for resource 3f43bf4a-37f1-49cd-8c50-789bc9934478 (type: security_group_rules) to 0
2026-06-28 21:03:17.330 9 INFO neutron.wsgi [req-b9152dc6-f7ae-4681-bc37-b2b5d2e17f87 req-ca063e1c-cd62-461f-b88a-e005c5449461 ccaad008b0aa47239794adec87be5637 20f2cfd0977b45158f66d4824ebf86d0 - - 44e706304a8e4e5b82af10eac2ac5573 44e706304a8e4e5b82af10eac2ac5573] 199.204.45.38 "GET /v2.0/networks/6747f24c-2cf2-457c-8b05-2af8fb7fa6cb?fields=provider%3Aphysical_network&fields=provider%3Anetwork_type HTTP/1.1" status: 200 len: 277 time: 0.0846448
2026-06-28 21:03:17.344 9 INFO neutron.db.ovn_revision_numbers_db [None req-3abafe22-9154-4ff9-99d9-dcce9bc248c6 cfc77d41514a4770934c90118659ba41 2461b0943a774253a157d6d8131d422b - - default default] Successfully bumped revision number for resource b4c22938-bad6-48b4-8444-b871b75cd849 (type: security_group_rules) to 0
2026-06-28 21:03:17.356 9 INFO neutron.wsgi [None req-e4d5c69d-c78d-4642-94c3-1cd21b3e4fbf 5a6441ea401e4df18c805411ed18da91 fd8a3bc69c4842579d709b00a912b8b3 - - default default] 10.0.0.226 "DELETE /v2.0/ports/9fcf14a0-6b58-48b4-9933-ac422886a0b0 HTTP/1.1" status: 204 len: 168 time: 0.6674080
2026-06-28 21:03:17.369 9 INFO neutron.db.ovn_revision_numbers_db [None req-3abafe22-9154-4ff9-99d9-dcce9bc248c6 cfc77d41514a4770934c90118659ba41 2461b0943a774253a157d6d8131d422b - - default default] Successfully bumped revision number for resource b5401462-5a60-426c-bed1-610beca12f76 (type: security_group_rules) to 0
2026-06-28 21:03:17.389 9 INFO neutron.pecan_wsgi.hooks.translation [None req-80e1b794-8113-4997-811d-df5710676b0b 5a6441ea401e4df18c805411ed18da91 fd8a3bc69c4842579d709b00a912b8b3 - - default default] GET failed (client error): The resource could not be found.
2026-06-28 21:03:17.390 9 INFO neutron.wsgi [None req-80e1b794-8113-4997-811d-df5710676b0b 5a6441ea401e4df18c805411ed18da91 fd8a3bc69c4842579d709b00a912b8b3 - - default default] 10.0.0.226 "GET /v2.0/ports/9fcf14a0-6b58-48b4-9933-ac422886a0b0 HTTP/1.1" status: 404 len: 333 time: 0.0297475
2026-06-28 21:03:17.420 9 INFO neutron.wsgi [req-c577dc64-bd70-42a5-bcae-349381ae2a2d req-ebf6a82c-e7ed-4a0e-ac80-6619d2cfd99f ccaad008b0aa47239794adec87be5637 20f2cfd0977b45158f66d4824ebf86d0 - - 44e706304a8e4e5b82af10eac2ac5573 44e706304a8e4e5b82af10eac2ac5573] 199.204.45.38 "GET /v2.0/ports?tenant_id=a2420f8785a447ae871d292b1273ec48&device_id=5550efbd-67a7-4d5f-b55f-e65c8eb742c2 HTTP/1.1" status: 200 len: 1407 time: 0.0473163
2026-06-28 21:03:17.448 9 INFO neutron.db.segments_db [None req-3abafe22-9154-4ff9-99d9-dcce9bc248c6 cfc77d41514a4770934c90118659ba41 2461b0943a774253a157d6d8131d422b - - default default] Added segment f6819045-e2a7-480d-b795-bdeecf142db5 of type geneve for network 8cf87007-2b02-4966-9c05-4991fd7b5bb9
2026-06-28 21:03:17.512 9 INFO neutron.wsgi [req-c577dc64-bd70-42a5-bcae-349381ae2a2d req-99d53666-57f1-4100-a2a4-30888ea6d609 ccaad008b0aa47239794adec87be5637 20f2cfd0977b45158f66d4824ebf86d0 - - 44e706304a8e4e5b82af10eac2ac5573 44e706304a8e4e5b82af10eac2ac5573] 199.204.45.38 "GET /v2.0/networks?id=6747f24c-2cf2-457c-8b05-2af8fb7fa6cb HTTP/1.1" status: 200 len: 958 time: 0.0860844
2026-06-28 21:03:17.526 9 INFO neutron.plugins.ml2.drivers.ovn.mech_driver.mech_driver [None req-d5baf527-9d9a-4ad5-9da9-7954e8601227 - - - - - -] OVN reports status up for port: b950e5c8-22be-43d8-b5b2-5b0706f8d662
2026-06-28 21:03:17.551 9 INFO neutron.wsgi [req-c577dc64-bd70-42a5-bcae-349381ae2a2d req-6aa49084-1ce4-4102-988a-ea1f84dc886f ccaad008b0aa47239794adec87be5637 20f2cfd0977b45158f66d4824ebf86d0 - - 44e706304a8e4e5b82af10eac2ac5573 44e706304a8e4e5b82af10eac2ac5573] 199.204.45.38 "GET /v2.0/floatingips?fixed_ip_address=10.100.0.7&port_id=b950e5c8-22be-43d8-b5b2-5b0706f8d662 HTTP/1.1" status: 200 len: 217 time: 0.0265694
2026-06-28 21:03:17.557 9 INFO neutron.plugins.ml2.plugin [None req-d5baf527-9d9a-4ad5-9da9-7954e8601227 - - - - - -] Attempt 1 to provision port b950e5c8-22be-43d8-b5b2-5b0706f8d662
2026-06-28 21:03:17.615 10 INFO neutron.wsgi [None req-de257a1c-328e-4724-9116-577be4d8b3a9 5a6441ea401e4df18c805411ed18da91 fd8a3bc69c4842579d709b00a912b8b3 - - default default] 10.0.0.226 "DELETE /v2.0/subnets/27397dea-60b1-45d3-90de-6fd9b9d47d29 HTTP/1.1" status: 204 len: 168 time: 0.2179694
2026-06-28 21:03:17.635 9 INFO neutron.wsgi [req-c577dc64-bd70-42a5-bcae-349381ae2a2d req-85933794-94ef-4f5b-b80b-115e947e00c9 ccaad008b0aa47239794adec87be5637 20f2cfd0977b45158f66d4824ebf86d0 - - 44e706304a8e4e5b82af10eac2ac5573 44e706304a8e4e5b82af10eac2ac5573] 199.204.45.38 "GET /v2.0/subnets?id=50e3e5c5-501b-41f4-854e-17df93bb5b09 HTTP/1.1" status: 200 len: 853 time: 0.0758255
2026-06-28 21:03:17.677 9 INFO neutron.wsgi [req-c577dc64-bd70-42a5-bcae-349381ae2a2d req-a2eb0222-9d24-4dbf-a151-3525d631ce0c ccaad008b0aa47239794adec87be5637 20f2cfd0977b45158f66d4824ebf86d0 - - 44e706304a8e4e5b82af10eac2ac5573 44e706304a8e4e5b82af10eac2ac5573] 199.204.45.38 "GET /v2.0/ports?network_id=6747f24c-2cf2-457c-8b05-2af8fb7fa6cb&device_owner=network%3Adhcp HTTP/1.1" status: 200 len: 210 time: 0.0350063
2026-06-28 21:03:17.686 9 INFO neutron.db.ovn_revision_numbers_db [None req-3abafe22-9154-4ff9-99d9-dcce9bc248c6 cfc77d41514a4770934c90118659ba41 2461b0943a774253a157d6d8131d422b - - default default] Successfully bumped revision number for resource 8cf87007-2b02-4966-9c05-4991fd7b5bb9 (type: networks) to 1
2026-06-28 21:03:17.770 9 INFO neutron.wsgi [req-c577dc64-bd70-42a5-bcae-349381ae2a2d req-e136e95b-cae9-4b7b-93c7-624b6253a603 ccaad008b0aa47239794adec87be5637 20f2cfd0977b45158f66d4824ebf86d0 - - 44e706304a8e4e5b82af10eac2ac5573 44e706304a8e4e5b82af10eac2ac5573] 199.204.45.38 "GET /v2.0/networks/6747f24c-2cf2-457c-8b05-2af8fb7fa6cb?fields=segments HTTP/1.1" status: 200 len: 212 time: 0.0851445
2026-06-28 21:03:17.896 9 INFO neutron.wsgi [req-c577dc64-bd70-42a5-bcae-349381ae2a2d req-fafaedd1-0333-4ada-bd02-48915aa51cbd ccaad008b0aa47239794adec87be5637 20f2cfd0977b45158f66d4824ebf86d0 - - 44e706304a8e4e5b82af10eac2ac5573 44e706304a8e4e5b82af10eac2ac5573] 199.204.45.38 "GET /v2.0/networks/6747f24c-2cf2-457c-8b05-2af8fb7fa6cb?fields=provider%3Aphysical_network&fields=provider%3Anetwork_type HTTP/1.1" status: 200 len: 277 time: 0.1040082
2026-06-28 21:03:17.988 10 INFO neutron.services.segments.plugin [-] Segment 91c83985-8fce-453b-b863-48f77a9ad515 resource provider aggregate not found
2026-06-28 21:03:17.993 10 INFO neutron.services.segments.plugin [-] Segment 91c83985-8fce-453b-b863-48f77a9ad515 resource provider aggregate not found
2026-06-28 21:03:17.995 9 INFO neutron.wsgi [req-8a1cae04-4a14-432f-94b7-cba961221470 req-dbe5abf2-8c69-4cf8-8bc6-cfdbe1597bca 4553f759b7434184967a7d68d689107d a2420f8785a447ae871d292b1273ec48 - - default default] 10.0.0.16 "GET /v2.0/ports?device_id=5550efbd-67a7-4d5f-b55f-e65c8eb742c2 HTTP/1.1" status: 200 len: 1170 time: 0.0646646
2026-06-28 21:03:17.998 9 WARNING neutron.scheduler.dhcp_agent_scheduler [None req-3abafe22-9154-4ff9-99d9-dcce9bc248c6 cfc77d41514a4770934c90118659ba41 2461b0943a774253a157d6d8131d422b - - default default] No more DHCP agents
2026-06-28 21:03:18.001 9 WARNING neutron.api.rpc.agentnotifiers.dhcp_rpc_agent_api [None req-3abafe22-9154-4ff9-99d9-dcce9bc248c6 cfc77d41514a4770934c90118659ba41 2461b0943a774253a157d6d8131d422b - - default default] Unable to schedule network 8cf87007-2b02-4966-9c05-4991fd7b5bb9: no agents available; will retry on subsequent port and subnet creation events.
2026-06-28 21:03:18.013 10 INFO neutron.services.segments.plugin [-] Segment 91c83985-8fce-453b-b863-48f77a9ad515 resource provider not found; error: Placement Client Error (4xx): {"errors": [{"status": 404, "title": "Not Found", "detail": "The resource could not be found.\n\n No resource provider with uuid 91c83985-8fce-453b-b863-48f77a9ad515 found for delete ", "request_id": "req-1dac61a7-756b-4129-aaac-44aabd423428"}]}
2026-06-28 21:03:18.014 10 INFO neutron.services.segments.plugin [-] Segment 91c83985-8fce-453b-b863-48f77a9ad515 resource provider not found; error: Placement Client Error (4xx): {"errors": [{"status": 404, "title": "Not Found", "detail": "The resource could not be found.\n\n No resource provider with uuid 91c83985-8fce-453b-b863-48f77a9ad515 found for delete ", "request_id": "req-7a77dd10-ae8d-49c6-8e71-f8d6fe5305dc"}]}
2026-06-28 21:03:18.035 10 INFO neutron.wsgi [None req-d8b2810e-e17b-42a3-9af6-58ec9f787416 5a6441ea401e4df18c805411ed18da91 fd8a3bc69c4842579d709b00a912b8b3 - - default default] 10.0.0.226 "DELETE /v2.0/networks/4f834ebf-02a3-41e0-bbbc-01e3aad0e4c6 HTTP/1.1" status: 204 len: 168 time: 0.4129570
2026-06-28 21:03:18.055 10 WARNING neutron_lib.context [None req-020f0542-7df0-426a-b043-1fe52cdeb7e2 5a6441ea401e4df18c805411ed18da91 fd8a3bc69c4842579d709b00a912b8b3 - - default default] Method 'is_advsvc' is deprecated since 2023.2 release (neutron-lib 3.8.0) and will be removed once support for the old RBAC API policies will be removed from Neutron. Please use method 'is_service_role' instead.
2026-06-28 21:03:18.096 9 INFO neutron.wsgi [req-8a1cae04-4a14-432f-94b7-cba961221470 req-71704e5a-3359-418d-95d4-48a5ae092f3c 4553f759b7434184967a7d68d689107d a2420f8785a447ae871d292b1273ec48 - - default default] 10.0.0.16 "GET /v2.0/security-groups?id=528257ce-5d24-42f7-8474-ac2ae31b7513&fields=id&fields=name HTTP/1.1" status: 200 len: 312 time: 0.0920684
2026-06-28 21:03:18.112 9 INFO neutron.db.ovn_revision_numbers_db [None req-d5baf527-9d9a-4ad5-9da9-7954e8601227 - - - - - -] Successfully bumped revision number for resource b950e5c8-22be-43d8-b5b2-5b0706f8d662 (type: ports) to 4
2026-06-28 21:03:18.134 9 INFO neutron.db.ovn_revision_numbers_db [None req-3abafe22-9154-4ff9-99d9-dcce9bc248c6 cfc77d41514a4770934c90118659ba41 2461b0943a774253a157d6d8131d422b - - default default] Successfully bumped revision number for resource f0e32eab-615c-4716-97ff-f75045adb3b7 (type: ports) to 1
2026-06-28 21:03:18.165 9 INFO neutron.wsgi [None req-3abafe22-9154-4ff9-99d9-dcce9bc248c6 cfc77d41514a4770934c90118659ba41 2461b0943a774253a157d6d8131d422b - - default default] 10.0.0.226 "POST /v2.0/networks HTTP/1.1" status: 201 len: 843 time: 1.8334351 /var/lib/openstack/lib/python3.10/site-packages/pycadf/identifier.py:71: UserWarning: Invalid uuid: neutron. To ensure interoperability, identifiers should be a valid uuid. warnings.warn(('Invalid uuid: %s. To ensure interoperability, '
2026-06-28 21:03:18.218 9 WARNING neutron_lib.context [None req-f3a4ea01-be17-4305-9f8a-28c8ae141bb2 cfc77d41514a4770934c90118659ba41 2461b0943a774253a157d6d8131d422b - - default default] Method 'is_advsvc' is deprecated since 2023.2 release (neutron-lib 3.8.0) and will be removed once support for the old RBAC API policies will be removed from Neutron. Please use method 'is_service_role' instead.
2026-06-28 21:03:18.358 10 WARNING neutron.scheduler.dhcp_agent_scheduler [None req-020f0542-7df0-426a-b043-1fe52cdeb7e2 5a6441ea401e4df18c805411ed18da91 fd8a3bc69c4842579d709b00a912b8b3 - - default default] No more DHCP agents
2026-06-28 21:03:18.361 10 WARNING neutron.api.rpc.agentnotifiers.dhcp_rpc_agent_api [None req-020f0542-7df0-426a-b043-1fe52cdeb7e2 5a6441ea401e4df18c805411ed18da91 fd8a3bc69c4842579d709b00a912b8b3 - - default default] Unable to schedule network 49a807f6-fa6b-4a91-9d14-390c3427a749: no agents available; will retry on subsequent port and subnet creation events.
2026-06-28 21:03:18.373 10 INFO neutron.db.ovn_revision_numbers_db [None req-cc215b68-1073-485f-ba51-977f523d10e8 dee7710eebe641e998a3146c11aaf224 0252989593b642ec99ca19ce4267a2c0 - - default default] Successfully bumped revision number for resource ba5430a8-b9e4-4480-a5cd-69f415a666e4 (type: security_groups) to 1
2026-06-28 21:03:18.403 10 INFO neutron.db.ovn_revision_numbers_db [None req-cc215b68-1073-485f-ba51-977f523d10e8 dee7710eebe641e998a3146c11aaf224 0252989593b642ec99ca19ce4267a2c0 - - default default] Successfully bumped revision number for resource 1aebeb05-f827-4554-a245-01752b56460f (type: security_group_rules) to 0
2026-06-28 21:03:18.443 10 INFO neutron.db.ovn_revision_numbers_db [None req-cc215b68-1073-485f-ba51-977f523d10e8 dee7710eebe641e998a3146c11aaf224 0252989593b642ec99ca19ce4267a2c0 - - default default] Successfully bumped revision number for resource 9a28c0c6-9f35-4224-8fe0-73fdc17294e9 (type: security_group_rules) to 0
2026-06-28 21:03:18.461 9 WARNING neutron.scheduler.dhcp_agent_scheduler [None req-f3a4ea01-be17-4305-9f8a-28c8ae141bb2 cfc77d41514a4770934c90118659ba41 2461b0943a774253a157d6d8131d422b - - default default] No more DHCP agents
2026-06-28 21:03:18.463 9 WARNING neutron.api.rpc.agentnotifiers.dhcp_rpc_agent_api [None req-f3a4ea01-be17-4305-9f8a-28c8ae141bb2 cfc77d41514a4770934c90118659ba41 2461b0943a774253a157d6d8131d422b - - default default] Unable to schedule network 8cf87007-2b02-4966-9c05-4991fd7b5bb9: no agents available; will retry on subsequent port and subnet creation events.
2026-06-28 21:03:18.469 10 INFO neutron.db.ovn_revision_numbers_db [None req-cc215b68-1073-485f-ba51-977f523d10e8 dee7710eebe641e998a3146c11aaf224 0252989593b642ec99ca19ce4267a2c0 - - default default] Successfully bumped revision number for resource d0156edb-3ea4-4e18-85a9-4c7de4509ac0 (type: security_group_rules) to 0
2026-06-28 21:03:18.481 10 INFO neutron.db.ovn_revision_numbers_db [None req-020f0542-7df0-426a-b043-1fe52cdeb7e2 5a6441ea401e4df18c805411ed18da91 fd8a3bc69c4842579d709b00a912b8b3 - - default default] Successfully bumped revision number for resource d6ebb0f2-0511-4fcf-b73e-8f126825a60e (type: ports) to 1
2026-06-28 21:03:18.486 10 INFO neutron.db.ovn_revision_numbers_db [None req-cc215b68-1073-485f-ba51-977f523d10e8 dee7710eebe641e998a3146c11aaf224 0252989593b642ec99ca19ce4267a2c0 - - default default] Successfully bumped revision number for resource e7f88729-f579-4e9a-a3d7-cc1b3ea4e24d (type: security_group_rules) to 0
2026-06-28 21:03:18.520 10 INFO neutron.wsgi [None req-cc215b68-1073-485f-ba51-977f523d10e8 dee7710eebe641e998a3146c11aaf224 0252989593b642ec99ca19ce4267a2c0 - - default default] 10.0.0.226 "GET /v2.0/security-groups?tenant_id=a7374ea664b94b47ad3e34d221698df0&name=default HTTP/1.1" status: 200 len: 2996 time: 0.4820292
2026-06-28 21:03:18.522 10 INFO neutron.wsgi [None req-020f0542-7df0-426a-b043-1fe52cdeb7e2 5a6441ea401e4df18c805411ed18da91 fd8a3bc69c4842579d709b00a912b8b3 - - default default] 10.0.0.226 "POST /v2.0/ports HTTP/1.1" status: 201 len: 978 time: 0.4749069 /var/lib/openstack/lib/python3.10/site-packages/pycadf/identifier.py:71: UserWarning: Invalid uuid: neutron. To ensure interoperability, identifiers should be a valid uuid. warnings.warn(('Invalid uuid: %s. To ensure interoperability, '
2026-06-28 21:03:18.719 9 INFO neutron.notifiers.nova [-] Nova event matching ['req-1cc739da-6000-4c0e-ae15-5107b1c6d031'] response: {'server_uuid': '5550efbd-67a7-4d5f-b55f-e65c8eb742c2', 'name': 'network-vif-plugged', 'status': 'completed', 'tag': 'b950e5c8-22be-43d8-b5b2-5b0706f8d662', 'code': 200}
2026-06-28 21:03:18.719 9 INFO neutron.notifiers.nova [-] Nova event matching ['req-1cc739da-6000-4c0e-ae15-5107b1c6d031'] response: {'server_uuid': '5550efbd-67a7-4d5f-b55f-e65c8eb742c2', 'name': 'network-vif-plugged', 'status': 'completed', 'tag': 'b950e5c8-22be-43d8-b5b2-5b0706f8d662', 'code': 200}
2026-06-28 21:03:18.784 10 INFO neutron.plugins.ml2.drivers.ovn.mech_driver.mech_driver [None req-6780a589-b035-40c3-ba27-903bf3bdde07 - - - - - -] OVN reports status down for port: d6ebb0f2-0511-4fcf-b73e-8f126825a60e
2026-06-28 21:03:18.829 10 INFO neutron.db.ovn_revision_numbers_db [None req-6854df3d-8ae2-42d4-9fbe-e73673536f38 5a6441ea401e4df18c805411ed18da91 fd8a3bc69c4842579d709b00a912b8b3 - - default default] Successfully bumped revision number for resource d6ebb0f2-0511-4fcf-b73e-8f126825a60e (type: ports) to 2
2026-06-28 21:03:18.838 10 INFO neutron.wsgi [None req-be805967-3ad1-4679-b716-f05d2b1dbeda dee7710eebe641e998a3146c11aaf224 0252989593b642ec99ca19ce4267a2c0 - - default default] 10.0.0.226 "DELETE /v2.0/security-groups/ba5430a8-b9e4-4480-a5cd-69f415a666e4 HTTP/1.1" status: 204 len: 168 time: 0.3125739
2026-06-28 21:03:18.856 10 INFO neutron.wsgi [None req-6854df3d-8ae2-42d4-9fbe-e73673536f38 5a6441ea401e4df18c805411ed18da91 fd8a3bc69c4842579d709b00a912b8b3 - - default default] 10.0.0.226 "PUT /v2.0/ports/d6ebb0f2-0511-4fcf-b73e-8f126825a60e HTTP/1.1" status: 200 len: 946 time: 0.3252156 /var/lib/openstack/lib/python3.10/site-packages/pycadf/identifier.py:71: UserWarning: Invalid uuid: neutron. To ensure interoperability, identifiers should be a valid uuid. warnings.warn(('Invalid uuid: %s. To ensure interoperability, '
2026-06-28 21:03:18.989 9 INFO neutron.db.ovn_revision_numbers_db [None req-f3a4ea01-be17-4305-9f8a-28c8ae141bb2 cfc77d41514a4770934c90118659ba41 2461b0943a774253a157d6d8131d422b - - default default] Successfully bumped revision number for resource f0e32eab-615c-4716-97ff-f75045adb3b7 (type: ports) to 2
2026-06-28 21:03:19.020 9 INFO neutron.db.ovn_revision_numbers_db [None req-f3a4ea01-be17-4305-9f8a-28c8ae141bb2 cfc77d41514a4770934c90118659ba41 2461b0943a774253a157d6d8131d422b - - default default] Successfully bumped revision number for resource 26b67a19-3cde-4982-94b8-a05de85bf790 (type: subnets) to 0
2026-06-28 21:03:19.042 9 INFO neutron.wsgi [None req-f3a4ea01-be17-4305-9f8a-28c8ae141bb2 cfc77d41514a4770934c90118659ba41 2461b0943a774253a157d6d8131d422b - - default default] 10.0.0.226 "POST /v2.0/subnets HTTP/1.1" status: 201 len: 816 time: 0.8278971
2026-06-28 21:03:19.054 9 WARNING neutron_lib.context [None req-8c906065-7dbb-4b3e-a5c6-22a043517dd3 cfc77d41514a4770934c90118659ba41 2461b0943a774253a157d6d8131d422b - - default default] Method 'is_advsvc' is deprecated since 2023.2 release (neutron-lib 3.8.0) and will be removed once support for the old RBAC API policies will be removed from Neutron. Please use method 'is_service_role' instead.
2026-06-28 21:03:19.118 10 INFO neutron.wsgi [None req-9875ffd1-6501-4163-8e1f-2e66580370d1 5a6441ea401e4df18c805411ed18da91 fd8a3bc69c4842579d709b00a912b8b3 - - default default] 10.0.0.226 "DELETE /v2.0/ports/d6ebb0f2-0511-4fcf-b73e-8f126825a60e HTTP/1.1" status: 204 len: 168 time: 0.2574193
2026-06-28 21:03:19.135 9 INFO neutron.db.segments_db [None req-8c906065-7dbb-4b3e-a5c6-22a043517dd3 cfc77d41514a4770934c90118659ba41 2461b0943a774253a157d6d8131d422b - - default default] Added segment 31d65af9-f150-48e4-a9c1-a2bc4801e9cb of type geneve for network dafea2c1-b7cf-4808-aa8e-8b3a9ebe524d
2026-06-28 21:03:19.193 10 INFO neutron.wsgi [None req-3a2fb729-fb66-4842-a355-b933fd94fe37 5a6441ea401e4df18c805411ed18da91 fd8a3bc69c4842579d709b00a912b8b3 - - default default] 10.0.0.226 "GET /v2.0/ports HTTP/1.1" status: 200 len: 1733 time: 0.0698328
2026-06-28 21:03:19.219 10 INFO neutron.pecan_wsgi.hooks.translation [None req-c9e21184-8ede-4411-9cba-5e5baf70e583 5a6441ea401e4df18c805411ed18da91 fd8a3bc69c4842579d709b00a912b8b3 - - default default] GET failed (client error): The resource could not be found.
2026-06-28 21:03:19.220 10 INFO neutron.wsgi [None req-c9e21184-8ede-4411-9cba-5e5baf70e583 5a6441ea401e4df18c805411ed18da91 fd8a3bc69c4842579d709b00a912b8b3 - - default default] 10.0.0.226 "GET /v2.0/ports/d6ebb0f2-0511-4fcf-b73e-8f126825a60e HTTP/1.1" status: 404 len: 333 time: 0.0209248
2026-06-28 21:03:19.269 10 INFO neutron.wsgi [None req-a9139d44-a1d5-420b-af9b-38a32e496ace 5a6441ea401e4df18c805411ed18da91 fd8a3bc69c4842579d709b00a912b8b3 - - default default] 10.0.0.226 "GET /v2.0/ports HTTP/1.1" status: 200 len: 1733 time: 0.0414867
2026-06-28 21:03:19.307 10 INFO neutron.wsgi [None req-4052e57e-e0b5-4a80-a5d7-b0067c399566 5a6441ea401e4df18c805411ed18da91 fd8a3bc69c4842579d709b00a912b8b3 - - default default] 10.0.0.226 "GET /v2.0/ports/f9573e0c-1c34-43ff-975a-c176752287a6 HTTP/1.1" status: 200 len: 973 time: 0.0310321
2026-06-28 21:03:19.327 9 INFO neutron.wsgi [req-333d03c6-a862-459c-8b10-44c678ce4091 req-5ee52825-f27a-48d7-b6c6-3d95b357d676 4553f759b7434184967a7d68d689107d a2420f8785a447ae871d292b1273ec48 - - default default] 10.0.0.16 "GET /v2.0/ports?device_id=5550efbd-67a7-4d5f-b55f-e65c8eb742c2 HTTP/1.1" status: 200 len: 1170 time: 0.1551311
2026-06-28 21:03:19.332 10 INFO neutron.pecan_wsgi.hooks.translation [None req-2c902533-1f51-4b9d-8fee-1c7d914c5b8f 5a6441ea401e4df18c805411ed18da91 fd8a3bc69c4842579d709b00a912b8b3 - - default default] DELETE failed (client error): The resource could not be found.
2026-06-28 21:03:19.335 10 INFO neutron.wsgi [None req-2c902533-1f51-4b9d-8fee-1c7d914c5b8f 5a6441ea401e4df18c805411ed18da91 fd8a3bc69c4842579d709b00a912b8b3 - - default default] 10.0.0.226 "DELETE /v2.0/ports/9fcf14a0-6b58-48b4-9933-ac422886a0b0 HTTP/1.1" status: 404 len: 333 time: 0.0197337
2026-06-28 21:03:19.337 9 INFO neutron.db.ovn_revision_numbers_db [None req-8c906065-7dbb-4b3e-a5c6-22a043517dd3 cfc77d41514a4770934c90118659ba41 2461b0943a774253a157d6d8131d422b - - default default] Successfully bumped revision number for resource dafea2c1-b7cf-4808-aa8e-8b3a9ebe524d (type: networks) to 1
2026-06-28 21:03:19.359 10 INFO neutron.pecan_wsgi.hooks.translation [None req-d6129440-2974-4d75-8bd0-ff9f730f3d3f 5a6441ea401e4df18c805411ed18da91 fd8a3bc69c4842579d709b00a912b8b3 - - default default] DELETE failed (client error): The resource could not be found.
2026-06-28 21:03:19.361 10 INFO neutron.wsgi [None req-d6129440-2974-4d75-8bd0-ff9f730f3d3f 5a6441ea401e4df18c805411ed18da91 fd8a3bc69c4842579d709b00a912b8b3 - - default default] 10.0.0.226 "DELETE /v2.0/subnets/27397dea-60b1-45d3-90de-6fd9b9d47d29 HTTP/1.1" status: 404 len: 337 time: 0.0197403
2026-06-28 21:03:19.379 10 INFO neutron.pecan_wsgi.hooks.translation [None req-f974904b-b127-42fa-b1e8-2290a827707f 5a6441ea401e4df18c805411ed18da91 fd8a3bc69c4842579d709b00a912b8b3 - - default default] DELETE failed (client error): The resource could not be found.
2026-06-28 21:03:19.381 10 INFO neutron.wsgi [None req-f974904b-b127-42fa-b1e8-2290a827707f 5a6441ea401e4df18c805411ed18da91 fd8a3bc69c4842579d709b00a912b8b3 - - default default] 10.0.0.226 "DELETE /v2.0/subnets/ad311f3e-e165-4eea-8e9f-d615ba61c24b HTTP/1.1" status: 404 len: 337 time: 0.0152006
2026-06-28 21:03:19.392 9 INFO neutron.wsgi [req-333d03c6-a862-459c-8b10-44c678ce4091 req-3ce19ec7-0654-4138-bbb1-6fd24b71ecb0 4553f759b7434184967a7d68d689107d a2420f8785a447ae871d292b1273ec48 - - default default] 10.0.0.16 "GET /v2.0/security-groups?id=528257ce-5d24-42f7-8474-ac2ae31b7513&fields=id&fields=name HTTP/1.1" status: 200 len: 312 time: 0.0520313
2026-06-28 21:03:19.525 9 INFO neutron.wsgi [req-7402cf31-623a-400c-9536-6a55d9b6f95a req-53499ae1-f037-49f7-b274-25585c217030 4553f759b7434184967a7d68d689107d a2420f8785a447ae871d292b1273ec48 - - default default] 10.0.0.16 "GET /v2.0/ports?device_id=5550efbd-67a7-4d5f-b55f-e65c8eb742c2 HTTP/1.1" status: 200 len: 1170 time: 0.0586152
2026-06-28 21:03:19.590 9 INFO neutron.wsgi [req-7402cf31-623a-400c-9536-6a55d9b6f95a req-a169073e-964a-444b-921d-03ea001e51c5 4553f759b7434184967a7d68d689107d a2420f8785a447ae871d292b1273ec48 - - default default] 10.0.0.16 "GET /v2.0/security-groups?id=528257ce-5d24-42f7-8474-ac2ae31b7513&fields=id&fields=name HTTP/1.1" status: 200 len: 312 time: 0.0531104
2026-06-28 21:03:19.596 9 WARNING neutron.scheduler.dhcp_agent_scheduler [None req-8c906065-7dbb-4b3e-a5c6-22a043517dd3 cfc77d41514a4770934c90118659ba41 2461b0943a774253a157d6d8131d422b - - default default] No more DHCP agents
2026-06-28 21:03:19.600 9 WARNING neutron.api.rpc.agentnotifiers.dhcp_rpc_agent_api [None req-8c906065-7dbb-4b3e-a5c6-22a043517dd3 cfc77d41514a4770934c90118659ba41 2461b0943a774253a157d6d8131d422b - - default default] Unable to schedule network dafea2c1-b7cf-4808-aa8e-8b3a9ebe524d: no agents available; will retry on subsequent port and subnet creation events.
2026-06-28 21:03:19.640 10 INFO neutron.wsgi [None req-b40641b9-1c02-42f8-8f36-5f3d7071449a 5a6441ea401e4df18c805411ed18da91 fd8a3bc69c4842579d709b00a912b8b3 - - default default] 10.0.0.226 "DELETE /v2.0/ports/f9573e0c-1c34-43ff-975a-c176752287a6 HTTP/1.1" status: 204 len: 168 time: 0.2544096
2026-06-28 21:03:19.675 10 INFO neutron.wsgi [None req-4d8588b8-77bf-4dd7-9da3-c7b577ea03fc f8f0632a4ab249a59b329a013ead159d 6b70dfa01afc41a38ea5696062673c75 - - default default] 10.0.0.226 "GET /v2.0/ports?device_id=5550efbd-67a7-4d5f-b55f-e65c8eb742c2 HTTP/1.1" status: 200 len: 1404 time: 0.0546379
2026-06-28 21:03:19.706 9 INFO neutron.db.ovn_revision_numbers_db [None req-8c906065-7dbb-4b3e-a5c6-22a043517dd3 cfc77d41514a4770934c90118659ba41 2461b0943a774253a157d6d8131d422b - - default default] Successfully bumped revision number for resource 8c21e0a4-ce6b-41e8-9d94-6ec5bb43c4cd (type: ports) to 1
2026-06-28 21:03:19.732 9 INFO neutron.wsgi [None req-8c906065-7dbb-4b3e-a5c6-22a043517dd3 cfc77d41514a4770934c90118659ba41 2461b0943a774253a157d6d8131d422b - - default default] 10.0.0.226 "POST /v2.0/networks HTTP/1.1" status: 201 len: 843 time: 0.6832321
2026-06-28 21:03:19.865 10 INFO neutron.db.l3_db [None req-1fe4e70e-e2d4-4b0d-b7f1-7b43f73fdd26 4553f759b7434184967a7d68d689107d a2420f8785a447ae871d292b1273ec48 - - default default] Floating IP 6c4b75c2-b8f1-4140-8327-873fd61a2f07 associated. External IP: 10.96.250.208, port: b950e5c8-22be-43d8-b5b2-5b0706f8d662.
2026-06-28 21:03:20.070 10 INFO neutron.db.ovn_revision_numbers_db [None req-1fe4e70e-e2d4-4b0d-b7f1-7b43f73fdd26 4553f759b7434184967a7d68d689107d a2420f8785a447ae871d292b1273ec48 - - default default] Successfully bumped revision number for resource 6c4b75c2-b8f1-4140-8327-873fd61a2f07 (type: floatingips) to 4
2026-06-28 21:03:20.184 10 INFO neutron.db.ovn_revision_numbers_db [None req-1fe4e70e-e2d4-4b0d-b7f1-7b43f73fdd26 4553f759b7434184967a7d68d689107d a2420f8785a447ae871d292b1273ec48 - - default default] Successfully bumped revision number for resource 6c4b75c2-b8f1-4140-8327-873fd61a2f07 (type: floatingips) to 5
2026-06-28 21:03:20.207 10 INFO neutron.wsgi [None req-1fe4e70e-e2d4-4b0d-b7f1-7b43f73fdd26 4553f759b7434184967a7d68d689107d a2420f8785a447ae871d292b1273ec48 - - default default] 10.0.0.226 "PUT /v2.0/floatingips/6c4b75c2-b8f1-4140-8327-873fd61a2f07 HTTP/1.1" status: 200 len: 1049 time: 0.5278144 /var/lib/openstack/lib/python3.10/site-packages/pycadf/identifier.py:71: UserWarning: Invalid uuid: neutron. To ensure interoperability, identifiers should be a valid uuid. warnings.warn(('Invalid uuid: %s. To ensure interoperability, '
2026-06-28 21:03:20.243 10 INFO neutron.notifiers.nova [-] Nova event matching ['req-6b64d29e-0a50-427c-aabf-12a9b750a06e'] response: {'name': 'network-changed', 'server_uuid': '5550efbd-67a7-4d5f-b55f-e65c8eb742c2', 'tag': 'b950e5c8-22be-43d8-b5b2-5b0706f8d662', 'status': 'completed', 'code': 200}
2026-06-28 21:03:20.291 9 INFO neutron.db.ovn_revision_numbers_db [None req-675ebfe0-8c6c-45bd-a203-fb66f7c5e6f4 cfc77d41514a4770934c90118659ba41 2461b0943a774253a157d6d8131d422b - - default default] Successfully bumped revision number for resource dafea2c1-b7cf-4808-aa8e-8b3a9ebe524d (type: networks) to 2
2026-06-28 21:03:20.295 9 INFO neutron.wsgi [None req-675ebfe0-8c6c-45bd-a203-fb66f7c5e6f4 cfc77d41514a4770934c90118659ba41 2461b0943a774253a157d6d8131d422b - - default default] 10.0.0.226 "PUT /v2.0/networks/dafea2c1-b7cf-4808-aa8e-8b3a9ebe524d HTTP/1.1" status: 200 len: 792 time: 0.5570240
2026-06-28 21:03:20.304 9 INFO neutron.wsgi [None req-ff7fd042-ed36-497e-a018-0e0687e462c9 4553f759b7434184967a7d68d689107d a2420f8785a447ae871d292b1273ec48 - - default default] 10.0.0.226 "GET /v2.0/floatingips/6c4b75c2-b8f1-4140-8327-873fd61a2f07 HTTP/1.1" status: 200 len: 1051 time: 0.0924480
2026-06-28 21:03:20.306 10 WARNING neutron_lib.context [None req-b55fc3fd-cc7d-4e43-9848-b73ba28a1953 cfc77d41514a4770934c90118659ba41 2461b0943a774253a157d6d8131d422b - - default default] Method 'is_advsvc' is deprecated since 2023.2 release (neutron-lib 3.8.0) and will be removed once support for the old RBAC API policies will be removed from Neutron. Please use method 'is_service_role' instead.
2026-06-28 21:03:20.325 9 INFO neutron.wsgi [req-63cc7d58-9bb4-4d33-920c-37ef001e3af2 req-1f72e7fb-9012-49c6-b94b-bae536676a2a ccaad008b0aa47239794adec87be5637 20f2cfd0977b45158f66d4824ebf86d0 - - 44e706304a8e4e5b82af10eac2ac5573 44e706304a8e4e5b82af10eac2ac5573] 199.204.45.38 "GET /v2.0/ports?tenant_id=a2420f8785a447ae871d292b1273ec48&device_id=5550efbd-67a7-4d5f-b55f-e65c8eb742c2 HTTP/1.1" status: 200 len: 1409 time: 0.0563540
2026-06-28 21:03:20.412 9 INFO neutron.wsgi [req-63cc7d58-9bb4-4d33-920c-37ef001e3af2 req-3b981405-0040-4b93-8997-9da1eadea7b7 ccaad008b0aa47239794adec87be5637 20f2cfd0977b45158f66d4824ebf86d0 - - 44e706304a8e4e5b82af10eac2ac5573 44e706304a8e4e5b82af10eac2ac5573] 199.204.45.38 "GET /v2.0/networks?id=6747f24c-2cf2-457c-8b05-2af8fb7fa6cb HTTP/1.1" status: 200 len: 958 time: 0.0758486
2026-06-28 21:03:20.451 9 INFO neutron.services.segments.plugin [-] Segment a36e2644-4cba-4d2f-9013-579a5413608b resource provider aggregate not found
2026-06-28 21:03:20.456 9 INFO neutron.services.segments.plugin [-] Segment a36e2644-4cba-4d2f-9013-579a5413608b resource provider aggregate not found
2026-06-28 21:03:20.473 9 INFO neutron.services.segments.plugin [-] Segment a36e2644-4cba-4d2f-9013-579a5413608b resource provider not found; error: Placement Client Error (4xx): {"errors": [{"status": 404, "title": "Not Found", "detail": "The resource could not be found.\n\n No resource provider with uuid a36e2644-4cba-4d2f-9013-579a5413608b found for delete ", "request_id": "req-005601a1-e60c-40cb-8046-f02f11de72aa"}]}
2026-06-28 21:03:20.475 9 INFO neutron.services.segments.plugin [-] Segment a36e2644-4cba-4d2f-9013-579a5413608b resource provider not found; error: Placement Client Error (4xx): {"errors": [{"status": 404, "title": "Not Found", "detail": "The resource could not be found.\n\n No resource provider with uuid a36e2644-4cba-4d2f-9013-579a5413608b found for delete ", "request_id": "req-589bcc72-03a4-47b5-a64b-a6ade1ef3373"}]}
2026-06-28 21:03:20.500 9 INFO neutron.wsgi [req-63cc7d58-9bb4-4d33-920c-37ef001e3af2 req-3e781878-a1ff-45a6-9b21-1604d616cdbe ccaad008b0aa47239794adec87be5637 20f2cfd0977b45158f66d4824ebf86d0 - - 44e706304a8e4e5b82af10eac2ac5573 44e706304a8e4e5b82af10eac2ac5573] 199.204.45.38 "GET /v2.0/floatingips?fixed_ip_address=10.100.0.7&port_id=b950e5c8-22be-43d8-b5b2-5b0706f8d662 HTTP/1.1" status: 200 len: 1059 time: 0.0678043
2026-06-28 21:03:20.535 9 INFO neutron.wsgi [None req-2c7058d0-4714-4960-900d-01c6d563b828 5a6441ea401e4df18c805411ed18da91 fd8a3bc69c4842579d709b00a912b8b3 - - default default] 10.0.0.226 "DELETE /v2.0/networks/49a807f6-fa6b-4a91-9d14-390c3427a749 HTTP/1.1" status: 204 len: 168 time: 0.8893242
2026-06-28 21:03:20.549 9 INFO neutron.wsgi [req-63cc7d58-9bb4-4d33-920c-37ef001e3af2 req-dbc84b35-9510-4a22-8c6a-7a2497faa752 ccaad008b0aa47239794adec87be5637 20f2cfd0977b45158f66d4824ebf86d0 - - 44e706304a8e4e5b82af10eac2ac5573 44e706304a8e4e5b82af10eac2ac5573] 199.204.45.38 "GET /v2.0/subnets?id=50e3e5c5-501b-41f4-854e-17df93bb5b09 HTTP/1.1" status: 200 len: 853 time: 0.0418308
2026-06-28 21:03:20.578 9 INFO neutron.wsgi [req-63cc7d58-9bb4-4d33-920c-37ef001e3af2 req-a55f93bb-5564-453c-b642-b48c5405809a ccaad008b0aa47239794adec87be5637 20f2cfd0977b45158f66d4824ebf86d0 - - 44e706304a8e4e5b82af10eac2ac5573 44e706304a8e4e5b82af10eac2ac5573] 199.204.45.38 "GET /v2.0/ports?network_id=6747f24c-2cf2-457c-8b05-2af8fb7fa6cb&device_owner=network%3Adhcp HTTP/1.1" status: 200 len: 210 time: 0.0209210
2026-06-28 21:03:20.582 10 WARNING neutron.scheduler.dhcp_agent_scheduler [None req-b55fc3fd-cc7d-4e43-9848-b73ba28a1953 cfc77d41514a4770934c90118659ba41 2461b0943a774253a157d6d8131d422b - - default default] No more DHCP agents
2026-06-28 21:03:20.585 10 WARNING neutron.api.rpc.agentnotifiers.dhcp_rpc_agent_api [None req-b55fc3fd-cc7d-4e43-9848-b73ba28a1953 cfc77d41514a4770934c90118659ba41 2461b0943a774253a157d6d8131d422b - - default default] Unable to schedule network dafea2c1-b7cf-4808-aa8e-8b3a9ebe524d: no agents available; will retry on subsequent port and subnet creation events.
2026-06-28 21:03:20.648 9 INFO neutron.wsgi [req-63cc7d58-9bb4-4d33-920c-37ef001e3af2 req-fbe33391-df7d-4fca-9eaa-f0238980d7cd ccaad008b0aa47239794adec87be5637 20f2cfd0977b45158f66d4824ebf86d0 - - 44e706304a8e4e5b82af10eac2ac5573 44e706304a8e4e5b82af10eac2ac5573] 199.204.45.38 "GET /v2.0/networks/6747f24c-2cf2-457c-8b05-2af8fb7fa6cb?fields=segments HTTP/1.1" status: 200 len: 212 time: 0.0641689
2026-06-28 21:03:20.739 9 INFO neutron.wsgi [req-63cc7d58-9bb4-4d33-920c-37ef001e3af2 req-93f3b684-f22d-4e05-9933-4f991bfc385c ccaad008b0aa47239794adec87be5637 20f2cfd0977b45158f66d4824ebf86d0 - - 44e706304a8e4e5b82af10eac2ac5573 44e706304a8e4e5b82af10eac2ac5573] 199.204.45.38 "GET /v2.0/networks/6747f24c-2cf2-457c-8b05-2af8fb7fa6cb?fields=provider%3Aphysical_network&fields=provider%3Anetwork_type HTTP/1.1" status: 200 len: 277 time: 0.0831110
2026-06-28 21:03:21.060 10 INFO neutron.db.ovn_revision_numbers_db [None req-b55fc3fd-cc7d-4e43-9848-b73ba28a1953 cfc77d41514a4770934c90118659ba41 2461b0943a774253a157d6d8131d422b - - default default] Successfully bumped revision number for resource 8c21e0a4-ce6b-41e8-9d94-6ec5bb43c4cd (type: ports) to 2
2026-06-28 21:03:21.090 10 INFO neutron.db.ovn_revision_numbers_db [None req-b55fc3fd-cc7d-4e43-9848-b73ba28a1953 cfc77d41514a4770934c90118659ba41 2461b0943a774253a157d6d8131d422b - - default default] Successfully bumped revision number for resource 3d1f8578-f9c4-4c06-9f2b-592ec99f6296 (type: subnets) to 0
2026-06-28 21:03:21.105 10 INFO neutron.wsgi [None req-b55fc3fd-cc7d-4e43-9848-b73ba28a1953 cfc77d41514a4770934c90118659ba41 2461b0943a774253a157d6d8131d422b - - default default] 10.0.0.226 "POST /v2.0/subnets HTTP/1.1" status: 201 len: 801 time: 0.8049214
2026-06-28 21:03:21.287 9 INFO neutron.wsgi [None req-97004a72-dbcc-4bc6-be3e-7048c3017e6c dee7710eebe641e998a3146c11aaf224 0252989593b642ec99ca19ce4267a2c0 - - default default] 10.0.0.226 "GET /v2.0/security-groups?tenant_id=fd8a3bc69c4842579d709b00a912b8b3&name=default HTTP/1.1" status: 200 len: 2996 time: 0.2022903
2026-06-28 21:03:21.448 10 INFO neutron.db.ovn_revision_numbers_db [None req-fcd4ac8e-ab40-483f-a92f-3ae58be009a8 dee7710eebe641e998a3146c11aaf224 0252989593b642ec99ca19ce4267a2c0 - - default default] Successfully bumped revision number for resource 23a169d6-330e-4af1-92ec-21aaf6592a3d (type: security_groups) to 1
2026-06-28 21:03:21.466 10 INFO neutron.db.ovn_revision_numbers_db [None req-376614bd-9def-455f-9e31-b30f10b8006d cfc77d41514a4770934c90118659ba41 2461b0943a774253a157d6d8131d422b - - default default] Successfully bumped revision number for resource 3d1f8578-f9c4-4c06-9f2b-592ec99f6296 (type: subnets) to 1
2026-06-28 21:03:21.471 10 INFO neutron.wsgi [None req-376614bd-9def-455f-9e31-b30f10b8006d cfc77d41514a4770934c90118659ba41 2461b0943a774253a157d6d8131d422b - - default default] 10.0.0.226 "PUT /v2.0/subnets/3d1f8578-f9c4-4c06-9f2b-592ec99f6296 HTTP/1.1" status: 200 len: 806 time: 0.3616955
2026-06-28 21:03:21.477 10 INFO neutron.db.ovn_revision_numbers_db [None req-fcd4ac8e-ab40-483f-a92f-3ae58be009a8 dee7710eebe641e998a3146c11aaf224 0252989593b642ec99ca19ce4267a2c0 - - default default] Successfully bumped revision number for resource 59d057df-f3e6-42d7-8861-e771ec2698a9 (type: security_group_rules) to 0
2026-06-28 21:03:21.478 9 INFO neutron.wsgi [None req-956c5000-87c4-4e67-b0c7-3ab990df8704 dee7710eebe641e998a3146c11aaf224 0252989593b642ec99ca19ce4267a2c0 - - default default] 10.0.0.226 "DELETE /v2.0/security-groups/b7bfbd4e-4540-4c4b-98a5-a67ae02e14e2 HTTP/1.1" status: 204 len: 168 time: 0.1879539
2026-06-28 21:03:21.517 10 INFO neutron.db.ovn_revision_numbers_db [None req-fcd4ac8e-ab40-483f-a92f-3ae58be009a8 dee7710eebe641e998a3146c11aaf224 0252989593b642ec99ca19ce4267a2c0 - - default default] Successfully bumped revision number for resource 5f828981-8b7b-443b-a0d6-9e696a758137 (type: security_group_rules) to 0
2026-06-28 21:03:21.536 10 INFO neutron.db.ovn_revision_numbers_db [None req-fcd4ac8e-ab40-483f-a92f-3ae58be009a8 dee7710eebe641e998a3146c11aaf224 0252989593b642ec99ca19ce4267a2c0 - - default default] Successfully bumped revision number for resource d52afb94-42ef-407b-be2f-8a5f61f41e32 (type: security_group_rules) to 0
2026-06-28 21:03:21.553 10 INFO neutron.db.ovn_revision_numbers_db [None req-fcd4ac8e-ab40-483f-a92f-3ae58be009a8 dee7710eebe641e998a3146c11aaf224 0252989593b642ec99ca19ce4267a2c0 - - default default] Successfully bumped revision number for resource e7428db2-fbd8-48c8-84f0-36d307c106d4 (type: security_group_rules) to 0
2026-06-28 21:03:21.581 10 INFO neutron.wsgi [None req-fcd4ac8e-ab40-483f-a92f-3ae58be009a8 dee7710eebe641e998a3146c11aaf224 0252989593b642ec99ca19ce4267a2c0 - - default default] 10.0.0.226 "GET /v2.0/security-groups?tenant_id=a3f9491e322f40f38b73321235dc9537&name=default HTTP/1.1" status: 200 len: 2996 time: 0.3985248
2026-06-28 21:03:21.784 9 INFO neutron.wsgi [None req-942d4e99-bced-4680-9647-5f2917a8e041 dee7710eebe641e998a3146c11aaf224 0252989593b642ec99ca19ce4267a2c0 - - default default] 10.0.0.226 "DELETE /v2.0/security-groups/23a169d6-330e-4af1-92ec-21aaf6592a3d HTTP/1.1" status: 204 len: 168 time: 0.1947491
2026-06-28 21:03:22.044 10 INFO neutron.services.segments.plugin [-] Segment 31d65af9-f150-48e4-a9c1-a2bc4801e9cb resource provider aggregate not found
2026-06-28 21:03:22.052 10 INFO neutron.services.segments.plugin [-] Segment 31d65af9-f150-48e4-a9c1-a2bc4801e9cb resource provider aggregate not found
2026-06-28 21:03:22.067 10 INFO neutron.services.segments.plugin [-] Segment 31d65af9-f150-48e4-a9c1-a2bc4801e9cb resource provider not found; error: Placement Client Error (4xx): {"errors": [{"status": 404, "title": "Not Found", "detail": "The resource could not be found.\n\n No resource provider with uuid 31d65af9-f150-48e4-a9c1-a2bc4801e9cb found for delete ", "request_id": "req-51a477ad-9773-4d6b-b14a-0150bfcf4e33"}]}
2026-06-28 21:03:22.071 10 INFO neutron.services.segments.plugin [-] Segment 31d65af9-f150-48e4-a9c1-a2bc4801e9cb resource provider not found; error: Placement Client Error (4xx): {"errors": [{"status": 404, "title": "Not Found", "detail": "The resource could not be found.\n\n No resource provider with uuid 31d65af9-f150-48e4-a9c1-a2bc4801e9cb found for delete ", "request_id": "req-a0083a4f-1cd4-47a4-9970-ad6912f74a36"}]}
2026-06-28 21:03:22.093 10 INFO neutron.wsgi [None req-8e10c0ed-76b8-4d74-919b-5769c3f38557 cfc77d41514a4770934c90118659ba41 2461b0943a774253a157d6d8131d422b - - default default] 10.0.0.226 "DELETE /v2.0/networks/dafea2c1-b7cf-4808-aa8e-8b3a9ebe524d HTTP/1.1" status: 204 len: 168 time: 0.6164322
2026-06-28 21:03:22.114 9 INFO neutron.pecan_wsgi.hooks.translation [None req-e7ec33fb-36d8-44e2-ba55-e6546f9fa98d cfc77d41514a4770934c90118659ba41 2461b0943a774253a157d6d8131d422b - - default default] DELETE failed (client error): The resource could not be found.
2026-06-28 21:03:22.116 9 INFO neutron.wsgi [None req-e7ec33fb-36d8-44e2-ba55-e6546f9fa98d cfc77d41514a4770934c90118659ba41 2461b0943a774253a157d6d8131d422b - - default default] 10.0.0.226 "DELETE /v2.0/networks/dafea2c1-b7cf-4808-aa8e-8b3a9ebe524d HTTP/1.1" status: 404 len: 339 time: 0.0168450
2026-06-28 21:03:22.188 9 INFO neutron.wsgi [None req-e64783b8-94e6-406e-90d7-62ee63c34039 cfc77d41514a4770934c90118659ba41 2461b0943a774253a157d6d8131d422b - - default default] 10.0.0.226 "GET /v2.0/networks?router%3Aexternal=True HTTP/1.1" status: 200 len: 845 time: 0.0644636
2026-06-28 21:03:22.308 9 INFO neutron.wsgi [None req-e154f37d-83ea-4a37-af28-53aa46f63c7b cfc77d41514a4770934c90118659ba41 2461b0943a774253a157d6d8131d422b - - default default] 10.0.0.226 "GET /v2.0/subnets?network_id=4ea9bd8f-e56b-4845-914f-cd1f40212904 HTTP/1.1" status: 200 len: 820 time: 0.1130209
2026-06-28 21:03:22.322 10 INFO neutron.wsgi [None req-41d1c9a5-597b-4d8f-8c6c-88bbb8c2aed8 cfc77d41514a4770934c90118659ba41 2461b0943a774253a157d6d8131d422b - - default default] 10.0.0.226 "GET /v2.0/extensions HTTP/1.1" status: 200 len: 16975 time: 0.0065522
2026-06-28 21:03:22.462 10 INFO neutron.wsgi [None req-2ede3a63-1b53-461c-9896-7ed827074d21 cfc77d41514a4770934c90118659ba41 2461b0943a774253a157d6d8131d422b - - default default] 10.0.0.226 "GET /v2.0/networks HTTP/1.1" status: 200 len: 1504 time: 0.1345420
2026-06-28 21:03:22.531 9 INFO neutron.wsgi [None req-a3b9f08c-2113-4582-a1b1-ed1f534d102a cfc77d41514a4770934c90118659ba41 2461b0943a774253a157d6d8131d422b - - default default] 10.0.0.226 "GET /v2.0/subnets HTTP/1.1" status: 200 len: 1428 time: 0.0638041
2026-06-28 21:03:22.884 10 INFO neutron.wsgi [None req-c7b921ef-ad8d-49c6-98c3-d5066a83f6eb cfc77d41514a4770934c90118659ba41 2461b0943a774253a157d6d8131d422b - - default default] 10.0.0.226 "GET /v2.0/networks/8cf87007-2b02-4966-9c05-4991fd7b5bb9 HTTP/1.1" status: 200 len: 863 time: 0.3455958
2026-06-28 21:03:22.929 10 INFO neutron.wsgi [None req-a23ddbaf-7f27-4106-a399-f407d3773caa cfc77d41514a4770934c90118659ba41 2461b0943a774253a157d6d8131d422b - - default default] 10.0.0.226 "GET /v2.0/subnets/26b67a19-3cde-4982-94b8-a05de85bf790 HTTP/1.1" status: 200 len: 811 time: 0.0393958
2026-06-28 21:03:22.948 10 INFO neutron.pecan_wsgi.hooks.translation [None req-aa8fed46-cac1-4833-9421-e19c24c531e4 cfc77d41514a4770934c90118659ba41 2461b0943a774253a157d6d8131d422b - - default default] DELETE failed (client error): The resource could not be found.
2026-06-28 21:03:22.950 10 INFO neutron.wsgi [None req-aa8fed46-cac1-4833-9421-e19c24c531e4 cfc77d41514a4770934c90118659ba41 2461b0943a774253a157d6d8131d422b - - default default] 10.0.0.226 "DELETE /v2.0/subnets/3d1f8578-f9c4-4c06-9f2b-592ec99f6296 HTTP/1.1" status: 404 len: 337 time: 0.0169713
2026-06-28 21:03:22.966 10 INFO neutron.pecan_wsgi.hooks.translation [None req-e48ddede-3abc-4fe3-95ed-34ed9289d0f9 cfc77d41514a4770934c90118659ba41 2461b0943a774253a157d6d8131d422b - - default default] DELETE failed (client error): The resource could not be found.
2026-06-28 21:03:22.968 10 INFO neutron.wsgi [None req-e48ddede-3abc-4fe3-95ed-34ed9289d0f9 cfc77d41514a4770934c90118659ba41 2461b0943a774253a157d6d8131d422b - - default default] 10.0.0.226 "DELETE /v2.0/networks/dafea2c1-b7cf-4808-aa8e-8b3a9ebe524d HTTP/1.1" status: 404 len: 339 time: 0.0136919
2026-06-28 21:03:23.164 10 INFO neutron.wsgi [None req-dddea735-25ad-458b-b8b6-679fc8744a9e cfc77d41514a4770934c90118659ba41 2461b0943a774253a157d6d8131d422b - - default default] 10.0.0.226 "DELETE /v2.0/subnets/26b67a19-3cde-4982-94b8-a05de85bf790 HTTP/1.1" status: 204 len: 168 time: 0.1912301
2026-06-28 21:03:23.577 10 INFO neutron.wsgi [None req-ec2924cd-17d9-4d21-a035-2aa040cee46b cfc77d41514a4770934c90118659ba41 2461b0943a774253a157d6d8131d422b - - default default] 10.0.0.226 "DELETE /v2.0/networks/8cf87007-2b02-4966-9c05-4991fd7b5bb9 HTTP/1.1" status: 204 len: 168 time: 0.4074488
2026-06-28 21:03:23.614 10 WARNING neutron_lib.context [None req-59cda214-c7f2-4dd7-8b7e-b9ea221cede5 32242ac632f84f82a89c164b11c01ea2 2796555b92f944828a6fb03a79f3e6d2 - - default default] Method 'is_advsvc' is deprecated since 2023.2 release (neutron-lib 3.8.0) and will be removed once support for the old RBAC API policies will be removed from Neutron. Please use method 'is_service_role' instead.
2026-06-28 21:03:23.733 10 INFO neutron.db.ovn_revision_numbers_db [None req-59cda214-c7f2-4dd7-8b7e-b9ea221cede5 32242ac632f84f82a89c164b11c01ea2 2796555b92f944828a6fb03a79f3e6d2 - - default default] Successfully bumped revision number for resource 2f864045-dce5-4d36-b682-cbea6dc2f69d (type: security_groups) to 1
2026-06-28 21:03:23.747 10 INFO neutron.db.ovn_revision_numbers_db [None req-59cda214-c7f2-4dd7-8b7e-b9ea221cede5 32242ac632f84f82a89c164b11c01ea2 2796555b92f944828a6fb03a79f3e6d2 - - default default] Successfully bumped revision number for resource 6126cc4e-2084-403d-943f-415ace1f4bb6 (type: security_group_rules) to 0
2026-06-28 21:03:23.760 10 INFO neutron.db.ovn_revision_numbers_db [None req-59cda214-c7f2-4dd7-8b7e-b9ea221cede5 32242ac632f84f82a89c164b11c01ea2 2796555b92f944828a6fb03a79f3e6d2 - - default default] Successfully bumped revision number for resource 8f46fe7c-c650-40d1-95a0-28a38d79a747 (type: security_group_rules) to 0
2026-06-28 21:03:23.773 10 INFO neutron.db.ovn_revision_numbers_db [None req-59cda214-c7f2-4dd7-8b7e-b9ea221cede5 32242ac632f84f82a89c164b11c01ea2 2796555b92f944828a6fb03a79f3e6d2 - - default default] Successfully bumped revision number for resource f98beafd-1529-418d-9e29-7da46e1f0a7c (type: security_group_rules) to 0
2026-06-28 21:03:23.789 10 INFO neutron.db.ovn_revision_numbers_db [None req-59cda214-c7f2-4dd7-8b7e-b9ea221cede5 32242ac632f84f82a89c164b11c01ea2 2796555b92f944828a6fb03a79f3e6d2 - - default default] Successfully bumped revision number for resource f997b85d-e5a3-4a07-8a0d-7e5910bd0f38 (type: security_group_rules) to 0
2026-06-28 21:03:23.839 9 WARNING neutron_lib.context [None req-5e41ca13-1303-4a0c-9770-cafbbb7bfe70 18bd02f61a4f4a818037ef33b594074b 5113afdead5749ef83bb07c02094015c - - default default] Method 'is_advsvc' is deprecated since 2023.2 release (neutron-lib 3.8.0) and will be removed once support for the old RBAC API policies will be removed from Neutron. Please use method 'is_service_role' instead.
2026-06-28 21:03:23.839 9 WARNING neutron_lib.context [None req-5e41ca13-1303-4a0c-9770-cafbbb7bfe70 18bd02f61a4f4a818037ef33b594074b 5113afdead5749ef83bb07c02094015c - - default default] Method 'is_advsvc' is deprecated since 2023.2 release (neutron-lib 3.8.0) and will be removed once support for the old RBAC API policies will be removed from Neutron. Please use method 'is_service_role' instead.
2026-06-28 21:03:23.847 10 INFO neutron.db.segments_db [None req-59cda214-c7f2-4dd7-8b7e-b9ea221cede5 32242ac632f84f82a89c164b11c01ea2 2796555b92f944828a6fb03a79f3e6d2 - - default default] Added segment 9589e0f4-0575-40fb-9e5d-b72e81e5ade2 of type geneve for network c8113dc0-cd75-4da9-b70f-4975d8c92879
2026-06-28 21:03:23.962 9 INFO neutron.db.ovn_revision_numbers_db [None req-5e41ca13-1303-4a0c-9770-cafbbb7bfe70 18bd02f61a4f4a818037ef33b594074b 5113afdead5749ef83bb07c02094015c - - default default] Successfully bumped revision number for resource 94aa93d9-167b-49df-a182-b17a148b3b1b (type: security_groups) to 1
2026-06-28 21:03:23.978 9 INFO neutron.db.ovn_revision_numbers_db [None req-5e41ca13-1303-4a0c-9770-cafbbb7bfe70 18bd02f61a4f4a818037ef33b594074b 5113afdead5749ef83bb07c02094015c - - default default] Successfully bumped revision number for resource 61336012-84c4-4928-a9b6-ad0775c75931 (type: security_group_rules) to 0
2026-06-28 21:03:23.990 10 INFO neutron.db.ovn_revision_numbers_db [None req-59cda214-c7f2-4dd7-8b7e-b9ea221cede5 32242ac632f84f82a89c164b11c01ea2 2796555b92f944828a6fb03a79f3e6d2 - - default default] Successfully bumped revision number for resource c8113dc0-cd75-4da9-b70f-4975d8c92879 (type: networks) to 1
2026-06-28 21:03:23.991 9 INFO neutron.db.ovn_revision_numbers_db [None req-5e41ca13-1303-4a0c-9770-cafbbb7bfe70 18bd02f61a4f4a818037ef33b594074b 5113afdead5749ef83bb07c02094015c - - default default] Successfully bumped revision number for resource 810901b8-7d32-4088-9dc1-c98f7a974de5 (type: security_group_rules) to 0
2026-06-28 21:03:24.005 9 INFO neutron.db.ovn_revision_numbers_db [None req-5e41ca13-1303-4a0c-9770-cafbbb7bfe70 18bd02f61a4f4a818037ef33b594074b 5113afdead5749ef83bb07c02094015c - - default default] Successfully bumped revision number for resource 93257ab2-c404-4225-913f-43949a7ff74c (type: security_group_rules) to 0
2026-06-28 21:03:24.018 9 INFO neutron.db.ovn_revision_numbers_db [None req-5e41ca13-1303-4a0c-9770-cafbbb7bfe70 18bd02f61a4f4a818037ef33b594074b 5113afdead5749ef83bb07c02094015c - - default default] Successfully bumped revision number for resource fc4b0781-2a7f-4421-be58-8013fb78d23f (type: security_group_rules) to 0
2026-06-28 21:03:24.087 9 INFO neutron.db.segments_db [None req-5e41ca13-1303-4a0c-9770-cafbbb7bfe70 18bd02f61a4f4a818037ef33b594074b 5113afdead5749ef83bb07c02094015c - - default default] Added segment 25d9ba23-4ebb-42fc-bc22-45ee759cf2cf of type geneve for network 113dd8b0-2ac0-48dd-b1d3-1fba13570296
