2026-06-28 21:03:03.049 9 WARNING neutron.api.rpc.agentnotifiers.dhcp_rpc_agent_api [None req-02dba683-1c05-475c-91f0-587289b031d3 6ff37c3c6cde4109b20385e8a5d8fa72 1db536a1f08749a4bf3c523c70ec087e - - default default] Unable to schedule network d0c6fc6e-f3f1-4064-892c-5c898cb4c102: no agents available; will retry on subsequent port and subnet creation events.
2026-06-28 21:03:03.102 10 WARNING neutron.scheduler.dhcp_agent_scheduler [None req-9957786e-00d0-4464-b4cf-934dd37991ac 573beb494b724b7680b82efb58e46c07 030aa2624b1743d79114a389dc865713 - - default default] No more DHCP agents
2026-06-28 21:03:03.105 10 WARNING neutron.api.rpc.agentnotifiers.dhcp_rpc_agent_api [None req-9957786e-00d0-4464-b4cf-934dd37991ac 573beb494b724b7680b82efb58e46c07 030aa2624b1743d79114a389dc865713 - - default default] Unable to schedule network a15a22b8-5650-4891-bb3d-77fcdb7f8c07: no agents available; will retry on subsequent port and subnet creation events.
2026-06-28 21:03:03.140 9 INFO neutron.db.ovn_revision_numbers_db [None req-02dba683-1c05-475c-91f0-587289b031d3 6ff37c3c6cde4109b20385e8a5d8fa72 1db536a1f08749a4bf3c523c70ec087e - - default default] Successfully bumped revision number for resource 1e45c811-6952-44c0-8f2e-ad876973954f (type: ports) to 1
2026-06-28 21:03:03.176 9 INFO neutron.wsgi [None req-02dba683-1c05-475c-91f0-587289b031d3 6ff37c3c6cde4109b20385e8a5d8fa72 1db536a1f08749a4bf3c523c70ec087e - - default default] 10.0.0.226 "POST /v2.0/networks HTTP/1.1" status: 201 len: 1445 time: 1.7984247
2026-06-28 21:03:03.190 10 INFO neutron.db.ovn_revision_numbers_db [None req-9957786e-00d0-4464-b4cf-934dd37991ac 573beb494b724b7680b82efb58e46c07 030aa2624b1743d79114a389dc865713 - - default default] Successfully bumped revision number for resource d0b92375-c95b-4d2d-bdc7-61f3b75fdeda (type: ports) to 1
2026-06-28 21:03:03.211 10 INFO neutron.wsgi [None req-9957786e-00d0-4464-b4cf-934dd37991ac 573beb494b724b7680b82efb58e46c07 030aa2624b1743d79114a389dc865713 - - default default] 10.0.0.226 "POST /v2.0/networks HTTP/1.1" status: 201 len: 847 time: 1.1129897
2026-06-28 21:03:03.264 9 INFO neutron.wsgi [None req-de4f9102-a2a3-4fea-89d9-f87dc8882bc8 6ff37c3c6cde4109b20385e8a5d8fa72 1db536a1f08749a4bf3c523c70ec087e - - default default] 10.0.0.226 "GET /v2.0/networks HTTP/1.1" status: 200 len: 2051 time: 0.0840352
2026-06-28 21:03:03.627 9 INFO neutron.services.segments.plugin [-] Segment e19478bb-dff8-433c-8ef0-1a22557f4be0 resource provider aggregate not found
2026-06-28 21:03:03.630 9 INFO neutron.services.segments.plugin [-] Segment e19478bb-dff8-433c-8ef0-1a22557f4be0 resource provider aggregate not found
2026-06-28 21:03:03.646 9 INFO neutron.services.segments.plugin [-] Segment e19478bb-dff8-433c-8ef0-1a22557f4be0 resource provider not found; error: Placement Client Error (4xx): {"errors": [{"status": 404, "title": "Not Found", "detail": "The resource could not be found.\n\n No resource provider with uuid e19478bb-dff8-433c-8ef0-1a22557f4be0 found for delete ", "request_id": "req-80637abc-4c32-40c5-96a5-6f60d697c80d"}]}
2026-06-28 21:03:03.648 9 INFO neutron.services.segments.plugin [-] Segment e19478bb-dff8-433c-8ef0-1a22557f4be0 resource provider not found; error: Placement Client Error (4xx): {"errors": [{"status": 404, "title": "Not Found", "detail": "The resource could not be found.\n\n No resource provider with uuid e19478bb-dff8-433c-8ef0-1a22557f4be0 found for delete ", "request_id": "req-22d00f76-fd2c-4cfd-aeab-4d7506fcd1c4"}]}
2026-06-28 21:03:03.668 9 INFO neutron.wsgi [None req-d63d9e3f-ca45-46b0-8623-18a89cf109b3 6ff37c3c6cde4109b20385e8a5d8fa72 1db536a1f08749a4bf3c523c70ec087e - - default default] 10.0.0.226 "DELETE /v2.0/networks/390ad95c-fabf-4d5b-8a4f-bb7d26a5f0b7 HTTP/1.1" status: 204 len: 168 time: 0.3985009 /var/lib/openstack/lib/python3.10/site-packages/pycadf/identifier.py:71: UserWarning: Invalid uuid: neutron. To ensure interoperability, identifiers should be a valid uuid. warnings.warn(('Invalid uuid: %s. To ensure interoperability, '
2026-06-28 21:03:03.671 10 WARNING neutron_lib.context [None req-874f45cb-769a-46e4-a153-8b32d1167d83 573beb494b724b7680b82efb58e46c07 030aa2624b1743d79114a389dc865713 - - default default] Method 'is_advsvc' is deprecated since 2023.2 release (neutron-lib 3.8.0) and will be removed once support for the old RBAC API policies will be removed from Neutron. Please use method 'is_service_role' instead.
2026-06-28 21:03:03.895 10 WARNING neutron.scheduler.dhcp_agent_scheduler [None req-874f45cb-769a-46e4-a153-8b32d1167d83 573beb494b724b7680b82efb58e46c07 030aa2624b1743d79114a389dc865713 - - default default] No more DHCP agents
2026-06-28 21:03:03.898 10 WARNING neutron.api.rpc.agentnotifiers.dhcp_rpc_agent_api [None req-874f45cb-769a-46e4-a153-8b32d1167d83 573beb494b724b7680b82efb58e46c07 030aa2624b1743d79114a389dc865713 - - default default] Unable to schedule network a15a22b8-5650-4891-bb3d-77fcdb7f8c07: no agents available; will retry on subsequent port and subnet creation events.
2026-06-28 21:03:03.926 10 INFO neutron.db.ovn_revision_numbers_db [None req-874f45cb-769a-46e4-a153-8b32d1167d83 573beb494b724b7680b82efb58e46c07 030aa2624b1743d79114a389dc865713 - - default default] Successfully bumped revision number for resource 54f6bdcb-4405-41cf-91f3-a29291d6c75e (type: subnets) to 0
2026-06-28 21:03:03.940 10 INFO neutron.wsgi [None req-874f45cb-769a-46e4-a153-8b32d1167d83 573beb494b724b7680b82efb58e46c07 030aa2624b1743d79114a389dc865713 - - default default] 10.0.0.226 "POST /v2.0/subnets HTTP/1.1" status: 201 len: 848 time: 0.2745817
2026-06-28 21:03:03.950 10 WARNING neutron_lib.context [None req-b740ba1d-422e-422d-b271-7e49883a576b 573beb494b724b7680b82efb58e46c07 030aa2624b1743d79114a389dc865713 - - default default] Method 'is_advsvc' is deprecated since 2023.2 release (neutron-lib 3.8.0) and will be removed once support for the old RBAC API policies will be removed from Neutron. Please use method 'is_service_role' instead.
2026-06-28 21:03:04.026 10 INFO neutron.notifiers.nova [-] Nova event matching ['req-685ef1a6-fb0b-4695-82bf-0301c3607ab1'] response: {'server_uuid': 'b4d7b536-231c-4105-8eeb-81cbeacd8cdc', 'name': 'network-vif-plugged', 'status': 'completed', 'tag': 'f0c62e31-210f-4539-82bd-de9de462a08e', 'code': 200}
2026-06-28 21:03:04.039 10 INFO neutron.db.segments_db [None req-b740ba1d-422e-422d-b271-7e49883a576b 573beb494b724b7680b82efb58e46c07 030aa2624b1743d79114a389dc865713 - - default default] Added segment ecb8e20c-8b62-48e1-bcd0-00ae588484cd of type geneve for network cd95cc9e-703b-4749-acce-a56d20f4a15b
2026-06-28 21:03:04.166 10 INFO neutron.db.ovn_revision_numbers_db [None req-b740ba1d-422e-422d-b271-7e49883a576b 573beb494b724b7680b82efb58e46c07 030aa2624b1743d79114a389dc865713 - - default default] Successfully bumped revision number for resource cd95cc9e-703b-4749-acce-a56d20f4a15b (type: networks) to 1
2026-06-28 21:03:04.260 9 INFO neutron.wsgi [None req-dad5d2b1-98ee-4da5-8792-7223b3ed360a e29dc0359d4a4ba3aa5de9d68fc8d17d 66257483712548e4b73b4d293c948df1 - - default default] 10.0.0.226 "DELETE /v2.0/security-groups/3b8ff479-6320-41c6-b1f5-8b3df188e550 HTTP/1.1" status: 204 len: 168 time: 0.1801252
2026-06-28 21:03:04.290 10 INFO neutron.api.v2.resource [None req-62ec5221-89a3-4d29-ac4b-6d4ebca7d34d e29dc0359d4a4ba3aa5de9d68fc8d17d 66257483712548e4b73b4d293c948df1 - - default default] show failed (client error): The resource could not be found.
2026-06-28 21:03:04.291 10 INFO neutron.wsgi [None req-62ec5221-89a3-4d29-ac4b-6d4ebca7d34d e29dc0359d4a4ba3aa5de9d68fc8d17d 66257483712548e4b73b4d293c948df1 - - default default] 10.0.0.226 "GET /v2.0/security-groups/3b8ff479-6320-41c6-b1f5-8b3df188e550 HTTP/1.1" status: 404 len: 347 time: 0.0251877
2026-06-28 21:03:04.293 9 INFO neutron.wsgi [None req-6d1014f4-4c5f-452a-99d8-6deaeec1f1c5 6ff37c3c6cde4109b20385e8a5d8fa72 1db536a1f08749a4bf3c523c70ec087e - - default default] 10.0.0.226 "DELETE /v2.0/networks/d0c6fc6e-f3f1-4064-892c-5c898cb4c102 HTTP/1.1" status: 204 len: 168 time: 0.6196597
2026-06-28 21:03:04.373 9 INFO neutron.wsgi [None req-a6df2582-8ccc-462a-b764-ac36c089ff87 6ff37c3c6cde4109b20385e8a5d8fa72 1db536a1f08749a4bf3c523c70ec087e - - default default] 10.0.0.226 "GET /v2.0/networks HTTP/1.1" status: 200 len: 845 time: 0.0729694
2026-06-28 21:03:04.389 9 WARNING neutron_lib.context [None req-9643fbaa-13fc-4973-a959-1c169a35018c 6ff37c3c6cde4109b20385e8a5d8fa72 1db536a1f08749a4bf3c523c70ec087e - - default default] Method 'is_advsvc' is deprecated since 2023.2 release (neutron-lib 3.8.0) and will be removed once support for the old RBAC API policies will be removed from Neutron. Please use method 'is_service_role' instead.
2026-06-28 21:03:04.394 10 WARNING neutron.scheduler.dhcp_agent_scheduler [None req-b740ba1d-422e-422d-b271-7e49883a576b 573beb494b724b7680b82efb58e46c07 030aa2624b1743d79114a389dc865713 - - default default] No more DHCP agents
2026-06-28 21:03:04.398 10 WARNING neutron.api.rpc.agentnotifiers.dhcp_rpc_agent_api [None req-b740ba1d-422e-422d-b271-7e49883a576b 573beb494b724b7680b82efb58e46c07 030aa2624b1743d79114a389dc865713 - - default default] Unable to schedule network cd95cc9e-703b-4749-acce-a56d20f4a15b: no agents available; will retry on subsequent port and subnet creation events.
2026-06-28 21:03:04.475 9 INFO neutron.db.segments_db [None req-9643fbaa-13fc-4973-a959-1c169a35018c 6ff37c3c6cde4109b20385e8a5d8fa72 1db536a1f08749a4bf3c523c70ec087e - - default default] Added segment 66e67de7-911c-4313-8f6e-3eceb8d5f97f of type geneve for network 7459b2f3-52c8-4214-9e0b-8d20013a0d1b
2026-06-28 21:03:04.533 10 INFO neutron.db.ovn_revision_numbers_db [None req-b740ba1d-422e-422d-b271-7e49883a576b 573beb494b724b7680b82efb58e46c07 030aa2624b1743d79114a389dc865713 - - default default] Successfully bumped revision number for resource e87fcb39-d5b2-4c68-ba22-aee8285a0b2f (type: ports) to 1
2026-06-28 21:03:04.566 10 INFO neutron.wsgi [None req-b740ba1d-422e-422d-b271-7e49883a576b 573beb494b724b7680b82efb58e46c07 030aa2624b1743d79114a389dc865713 - - default default] 10.0.0.226 "POST /v2.0/networks HTTP/1.1" status: 201 len: 847 time: 0.6192880
2026-06-28 21:03:04.619 9 INFO neutron.db.ovn_revision_numbers_db [None req-9643fbaa-13fc-4973-a959-1c169a35018c 6ff37c3c6cde4109b20385e8a5d8fa72 1db536a1f08749a4bf3c523c70ec087e - - default default] Successfully bumped revision number for resource 7459b2f3-52c8-4214-9e0b-8d20013a0d1b (type: networks) to 1
2026-06-28 21:03:04.776 9 WARNING neutron.scheduler.dhcp_agent_scheduler [None req-9643fbaa-13fc-4973-a959-1c169a35018c 6ff37c3c6cde4109b20385e8a5d8fa72 1db536a1f08749a4bf3c523c70ec087e - - default default] No more DHCP agents
2026-06-28 21:03:04.778 9 WARNING neutron.api.rpc.agentnotifiers.dhcp_rpc_agent_api [None req-9643fbaa-13fc-4973-a959-1c169a35018c 6ff37c3c6cde4109b20385e8a5d8fa72 1db536a1f08749a4bf3c523c70ec087e - - default default] Unable to schedule network 7459b2f3-52c8-4214-9e0b-8d20013a0d1b: no agents available; will retry on subsequent port and subnet creation events.
2026-06-28 21:03:04.796 10 INFO neutron.db.ovn_revision_numbers_db [None req-a733e11f-694b-407f-8773-ad210ac1dd7f 573beb494b724b7680b82efb58e46c07 030aa2624b1743d79114a389dc865713 - - default default] Successfully bumped revision number for resource cd95cc9e-703b-4749-acce-a56d20f4a15b (type: networks) to 2
2026-06-28 21:03:04.800 10 INFO neutron.wsgi [None req-a733e11f-694b-407f-8773-ad210ac1dd7f 573beb494b724b7680b82efb58e46c07 030aa2624b1743d79114a389dc865713 - - default default] 10.0.0.226 "PUT /v2.0/networks/cd95cc9e-703b-4749-acce-a56d20f4a15b HTTP/1.1" status: 200 len: 792 time: 0.2284870
2026-06-28 21:03:04.805 10 INFO neutron.wsgi [None req-312f9db6-a5f5-4a35-b31d-d06b1c3a61ed e29dc0359d4a4ba3aa5de9d68fc8d17d 66257483712548e4b73b4d293c948df1 - - default default] 10.0.0.226 "DELETE /v2.0/floatingips/4b4a2eee-8bfa-4e2d-952d-47c184ab1af1 HTTP/1.1" status: 204 len: 168 time: 0.5077798
2026-06-28 21:03:04.814 9 WARNING neutron_lib.context [None req-562ee7d2-91c5-4e76-a3be-3f379889ecca 573beb494b724b7680b82efb58e46c07 030aa2624b1743d79114a389dc865713 - - default default] Method 'is_advsvc' is deprecated since 2023.2 release (neutron-lib 3.8.0) and will be removed once support for the old RBAC API policies will be removed from Neutron. Please use method 'is_service_role' instead.
2026-06-28 21:03:04.948 9 INFO neutron.db.ovn_revision_numbers_db [None req-9643fbaa-13fc-4973-a959-1c169a35018c 6ff37c3c6cde4109b20385e8a5d8fa72 1db536a1f08749a4bf3c523c70ec087e - - default default] Successfully bumped revision number for resource e284543d-8f6a-4b83-85c3-7cfedfc0d37d (type: ports) to 1
2026-06-28 21:03:04.990 9 INFO neutron.wsgi [None req-9643fbaa-13fc-4973-a959-1c169a35018c 6ff37c3c6cde4109b20385e8a5d8fa72 1db536a1f08749a4bf3c523c70ec087e - - default default] 10.0.0.226 "POST /v2.0/networks HTTP/1.1" status: 201 len: 852 time: 0.6077845
2026-06-28 21:03:05.001 9 WARNING neutron_lib.context [None req-12f2164c-2dbd-4f16-8b1b-c3079886322a 6ff37c3c6cde4109b20385e8a5d8fa72 1db536a1f08749a4bf3c523c70ec087e - - default default] Method 'is_advsvc' is deprecated since 2023.2 release (neutron-lib 3.8.0) and will be removed once support for the old RBAC API policies will be removed from Neutron. Please use method 'is_service_role' instead.
2026-06-28 21:03:05.100 9 WARNING neutron.scheduler.dhcp_agent_scheduler [None req-562ee7d2-91c5-4e76-a3be-3f379889ecca 573beb494b724b7680b82efb58e46c07 030aa2624b1743d79114a389dc865713 - - default default] No more DHCP agents
2026-06-28 21:03:05.106 9 INFO neutron.db.segments_db [None req-12f2164c-2dbd-4f16-8b1b-c3079886322a 6ff37c3c6cde4109b20385e8a5d8fa72 1db536a1f08749a4bf3c523c70ec087e - - default default] Added segment 2cba6d7e-768d-43a8-bd88-f4868f62d6c9 of type geneve for network c9ce99da-3f3c-4500-8a49-0eda7326a991
2026-06-28 21:03:05.107 9 WARNING neutron.api.rpc.agentnotifiers.dhcp_rpc_agent_api [None req-562ee7d2-91c5-4e76-a3be-3f379889ecca 573beb494b724b7680b82efb58e46c07 030aa2624b1743d79114a389dc865713 - - default default] Unable to schedule network cd95cc9e-703b-4749-acce-a56d20f4a15b: no agents available; will retry on subsequent port and subnet creation events.
2026-06-28 21:03:05.155 9 INFO neutron.db.ovn_revision_numbers_db [None req-562ee7d2-91c5-4e76-a3be-3f379889ecca 573beb494b724b7680b82efb58e46c07 030aa2624b1743d79114a389dc865713 - - default default] Successfully bumped revision number for resource 4facf8b8-25d5-4e0d-af89-ed2dde6b9fb2 (type: subnets) to 0
2026-06-28 21:03:05.193 9 INFO neutron.wsgi [None req-562ee7d2-91c5-4e76-a3be-3f379889ecca 573beb494b724b7680b82efb58e46c07 030aa2624b1743d79114a389dc865713 - - default default] 10.0.0.226 "POST /v2.0/subnets HTTP/1.1" status: 201 len: 821 time: 0.3879833
2026-06-28 21:03:05.301 9 INFO neutron.db.ovn_revision_numbers_db [None req-12f2164c-2dbd-4f16-8b1b-c3079886322a 6ff37c3c6cde4109b20385e8a5d8fa72 1db536a1f08749a4bf3c523c70ec087e - - default default] Successfully bumped revision number for resource c9ce99da-3f3c-4500-8a49-0eda7326a991 (type: networks) to 1
2026-06-28 21:03:05.538 9 WARNING neutron.scheduler.dhcp_agent_scheduler [None req-12f2164c-2dbd-4f16-8b1b-c3079886322a 6ff37c3c6cde4109b20385e8a5d8fa72 1db536a1f08749a4bf3c523c70ec087e - - default default] No more DHCP agents
2026-06-28 21:03:05.549 9 WARNING neutron.api.rpc.agentnotifiers.dhcp_rpc_agent_api [None req-12f2164c-2dbd-4f16-8b1b-c3079886322a 6ff37c3c6cde4109b20385e8a5d8fa72 1db536a1f08749a4bf3c523c70ec087e - - default default] Unable to schedule network c9ce99da-3f3c-4500-8a49-0eda7326a991: no agents available; will retry on subsequent port and subnet creation events.
2026-06-28 21:03:05.659 9 INFO neutron.db.ovn_revision_numbers_db [None req-12f2164c-2dbd-4f16-8b1b-c3079886322a 6ff37c3c6cde4109b20385e8a5d8fa72 1db536a1f08749a4bf3c523c70ec087e - - default default] Successfully bumped revision number for resource 363b90e8-8a46-4906-acfe-91c285f30f09 (type: ports) to 1
2026-06-28 21:03:05.670 9 INFO neutron.services.segments.plugin [-] Segment be1cd82c-8c55-4612-b90c-48e6235c9f17 resource provider aggregate not found
2026-06-28 21:03:05.677 9 INFO neutron.services.segments.plugin [-] Segment be1cd82c-8c55-4612-b90c-48e6235c9f17 resource provider aggregate not found
2026-06-28 21:03:05.695 9 INFO neutron.services.segments.plugin [-] Segment be1cd82c-8c55-4612-b90c-48e6235c9f17 resource provider not found; error: Placement Client Error (4xx): {"errors": [{"status": 404, "title": "Not Found", "detail": "The resource could not be found.\n\n No resource provider with uuid be1cd82c-8c55-4612-b90c-48e6235c9f17 found for delete ", "request_id": "req-0c64402d-4753-44b0-a0d1-4f715caf1f28"}]}
2026-06-28 21:03:05.696 9 INFO neutron.services.segments.plugin [-] Segment be1cd82c-8c55-4612-b90c-48e6235c9f17 resource provider not found; error: Placement Client Error (4xx): {"errors": [{"status": 404, "title": "Not Found", "detail": "The resource could not be found.\n\n No resource provider with uuid be1cd82c-8c55-4612-b90c-48e6235c9f17 found for delete ", "request_id": "req-69ec2a73-b0a6-441f-9363-a00b9caaeb20"}]}
2026-06-28 21:03:05.704 9 INFO neutron.wsgi [None req-12f2164c-2dbd-4f16-8b1b-c3079886322a 6ff37c3c6cde4109b20385e8a5d8fa72 1db536a1f08749a4bf3c523c70ec087e - - default default] 10.0.0.226 "POST /v2.0/networks HTTP/1.1" status: 201 len: 853 time: 0.7074132
2026-06-28 21:03:05.714 9 WARNING neutron_lib.context [None req-6e5f7adb-a050-4dbf-88a5-36189ec3b9e3 6ff37c3c6cde4109b20385e8a5d8fa72 1db536a1f08749a4bf3c523c70ec087e - - default default] Method 'is_advsvc' is deprecated since 2023.2 release (neutron-lib 3.8.0) and will be removed once support for the old RBAC API policies will be removed from Neutron. Please use method 'is_service_role' instead.
2026-06-28 21:03:05.767 9 WARNING neutron_lib.context [None req-6e5f7adb-a050-4dbf-88a5-36189ec3b9e3 6ff37c3c6cde4109b20385e8a5d8fa72 1db536a1f08749a4bf3c523c70ec087e - - default default] Method 'is_advsvc' is deprecated since 2023.2 release (neutron-lib 3.8.0) and will be removed once support for the old RBAC API policies will be removed from Neutron. Please use method 'is_service_role' instead.
2026-06-28 21:03:05.875 10 INFO neutron.wsgi [None req-c27cdc18-0260-4f4b-9abe-f03166a30d63 dee7710eebe641e998a3146c11aaf224 0252989593b642ec99ca19ce4267a2c0 - - default default] 10.0.0.226 "PUT /v2.0/routers/a7e854ae-f287-4e86-a890-2203f1bc9feb/remove_router_interface HTTP/1.1" status: 200 len: 503 time: 1.0653343 /var/lib/openstack/lib/python3.10/site-packages/pycadf/identifier.py:71: UserWarning: Invalid uuid: neutron. To ensure interoperability, identifiers should be a valid uuid. warnings.warn(('Invalid uuid: %s. To ensure interoperability, '
2026-06-28 21:03:06.147 9 INFO neutron.db.ovn_revision_numbers_db [None req-e234691b-574f-499b-aa20-3776ddc24cbe 573beb494b724b7680b82efb58e46c07 030aa2624b1743d79114a389dc865713 - - default default] Successfully bumped revision number for resource e87fcb39-d5b2-4c68-ba22-aee8285a0b2f (type: ports) to 2
2026-06-28 21:03:06.183 9 INFO neutron.db.ovn_revision_numbers_db [None req-e234691b-574f-499b-aa20-3776ddc24cbe 573beb494b724b7680b82efb58e46c07 030aa2624b1743d79114a389dc865713 - - default default] Successfully bumped revision number for resource 4facf8b8-25d5-4e0d-af89-ed2dde6b9fb2 (type: subnets) to 1
2026-06-28 21:03:06.186 9 INFO neutron.wsgi [None req-e234691b-574f-499b-aa20-3776ddc24cbe 573beb494b724b7680b82efb58e46c07 030aa2624b1743d79114a389dc865713 - - default default] 10.0.0.226 "PUT /v2.0/subnets/4facf8b8-25d5-4e0d-af89-ed2dde6b9fb2 HTTP/1.1" status: 200 len: 826 time: 0.9884794 /var/lib/openstack/lib/python3.10/site-packages/pycadf/identifier.py:71: UserWarning: Invalid uuid: neutron. To ensure interoperability, identifiers should be a valid uuid. warnings.warn(('Invalid uuid: %s. To ensure interoperability, '
2026-06-28 21:03:06.284 9 WARNING neutron.scheduler.dhcp_agent_scheduler [None req-6e5f7adb-a050-4dbf-88a5-36189ec3b9e3 6ff37c3c6cde4109b20385e8a5d8fa72 1db536a1f08749a4bf3c523c70ec087e - - default default] No more DHCP agents
2026-06-28 21:03:06.288 9 WARNING neutron.api.rpc.agentnotifiers.dhcp_rpc_agent_api [None req-6e5f7adb-a050-4dbf-88a5-36189ec3b9e3 6ff37c3c6cde4109b20385e8a5d8fa72 1db536a1f08749a4bf3c523c70ec087e - - default default] Unable to schedule network 7459b2f3-52c8-4214-9e0b-8d20013a0d1b: no agents available; will retry on subsequent port and subnet creation events.
2026-06-28 21:03:06.388 9 INFO neutron.db.ovn_revision_numbers_db [None req-6e5f7adb-a050-4dbf-88a5-36189ec3b9e3 6ff37c3c6cde4109b20385e8a5d8fa72 1db536a1f08749a4bf3c523c70ec087e - - default default] Successfully bumped revision number for resource f546aa7b-a25a-4d55-80e0-e2f64af40dad (type: ports) to 1
2026-06-28 21:03:06.425 9 WARNING neutron.scheduler.dhcp_agent_scheduler [None req-6e5f7adb-a050-4dbf-88a5-36189ec3b9e3 6ff37c3c6cde4109b20385e8a5d8fa72 1db536a1f08749a4bf3c523c70ec087e - - default default] No more DHCP agents
2026-06-28 21:03:06.438 9 WARNING neutron.api.rpc.agentnotifiers.dhcp_rpc_agent_api [None req-6e5f7adb-a050-4dbf-88a5-36189ec3b9e3 6ff37c3c6cde4109b20385e8a5d8fa72 1db536a1f08749a4bf3c523c70ec087e - - default default] Unable to schedule network c9ce99da-3f3c-4500-8a49-0eda7326a991: no agents available; will retry on subsequent port and subnet creation events.
2026-06-28 21:03:06.550 9 INFO neutron.db.ovn_revision_numbers_db [None req-6e5f7adb-a050-4dbf-88a5-36189ec3b9e3 6ff37c3c6cde4109b20385e8a5d8fa72 1db536a1f08749a4bf3c523c70ec087e - - default default] Successfully bumped revision number for resource bad69927-20a8-4730-829f-713bd2e98e99 (type: ports) to 1
2026-06-28 21:03:06.579 9 INFO neutron.wsgi [None req-6e5f7adb-a050-4dbf-88a5-36189ec3b9e3 6ff37c3c6cde4109b20385e8a5d8fa72 1db536a1f08749a4bf3c523c70ec087e - - default default] 10.0.0.226 "POST /v2.0/ports HTTP/1.1" status: 201 len: 1705 time: 0.8689542
2026-06-28 21:03:06.914 9 INFO neutron.wsgi [None req-b326c74e-2e51-4570-83b3-bbaebb07a181 573beb494b724b7680b82efb58e46c07 030aa2624b1743d79114a389dc865713 - - default default] 10.0.0.226 "DELETE /v2.0/networks/cd95cc9e-703b-4749-acce-a56d20f4a15b HTTP/1.1" status: 204 len: 168 time: 0.7203300 /var/lib/openstack/lib/python3.10/site-packages/pycadf/identifier.py:71: UserWarning: Invalid uuid: neutron. To ensure interoperability, identifiers should be a valid uuid. warnings.warn(('Invalid uuid: %s. To ensure interoperability, '
2026-06-28 21:03:06.945 9 INFO neutron.pecan_wsgi.hooks.translation [None req-67d836f2-53b0-49ee-a3ab-7a22c6335e7d 573beb494b724b7680b82efb58e46c07 030aa2624b1743d79114a389dc865713 - - default default] DELETE failed (client error): The resource could not be found.
2026-06-28 21:03:06.948 9 INFO neutron.wsgi [None req-67d836f2-53b0-49ee-a3ab-7a22c6335e7d 573beb494b724b7680b82efb58e46c07 030aa2624b1743d79114a389dc865713 - - default default] 10.0.0.226 "DELETE /v2.0/networks/cd95cc9e-703b-4749-acce-a56d20f4a15b HTTP/1.1" status: 404 len: 339 time: 0.0236790
2026-06-28 21:03:07.021 10 INFO neutron.wsgi [None req-92f3a1ad-c338-4cb9-b199-db94ea763486 6ff37c3c6cde4109b20385e8a5d8fa72 1db536a1f08749a4bf3c523c70ec087e - - default default] 10.0.0.226 "GET /v2.0/ports HTTP/1.1" status: 200 len: 3212 time: 0.4317575
2026-06-28 21:03:07.036 10 INFO neutron.wsgi [None req-bdf547a0-def9-40c2-85f5-5f494f63630d dee7710eebe641e998a3146c11aaf224 0252989593b642ec99ca19ce4267a2c0 - - default default] 10.0.0.226 "DELETE /v2.0/routers/a7e854ae-f287-4e86-a890-2203f1bc9feb HTTP/1.1" status: 204 len: 168 time: 1.1539612
2026-06-28 21:03:07.069 9 INFO neutron.wsgi [None req-99f47ea0-9b71-42bb-bc48-5c76126003f8 573beb494b724b7680b82efb58e46c07 030aa2624b1743d79114a389dc865713 - - default default] 10.0.0.226 "GET /v2.0/networks?router%3Aexternal=True HTTP/1.1" status: 200 len: 845 time: 0.1139629
2026-06-28 21:03:07.116 9 INFO neutron.wsgi [None req-2ceeb176-c728-4c6c-9e0a-5d04316ef2e3 573beb494b724b7680b82efb58e46c07 030aa2624b1743d79114a389dc865713 - - default default] 10.0.0.226 "GET /v2.0/subnets?network_id=4ea9bd8f-e56b-4845-914f-cd1f40212904 HTTP/1.1" status: 200 len: 820 time: 0.0395577
2026-06-28 21:03:07.129 9 INFO neutron.wsgi [None req-e6bfe1e9-5d47-4c9a-96e2-689311495a3e 573beb494b724b7680b82efb58e46c07 030aa2624b1743d79114a389dc865713 - - default default] 10.0.0.226 "GET /v2.0/extensions HTTP/1.1" status: 200 len: 16975 time: 0.0058758
2026-06-28 21:03:07.214 9 INFO neutron.wsgi [None req-f6afb961-bce7-4b52-89c3-a81df7489c9a 573beb494b724b7680b82efb58e46c07 030aa2624b1743d79114a389dc865713 - - default default] 10.0.0.226 "GET /v2.0/networks HTTP/1.1" status: 200 len: 1508 time: 0.0801630
2026-06-28 21:03:07.272 9 INFO neutron.wsgi [None req-07f67581-80bb-4167-93e1-863473938817 573beb494b724b7680b82efb58e46c07 030aa2624b1743d79114a389dc865713 - - default default] 10.0.0.226 "GET /v2.0/subnets HTTP/1.1" status: 200 len: 1460 time: 0.0517590
2026-06-28 21:03:07.288 10 INFO neutron.wsgi [None req-de7c31d3-b01d-4099-847a-2575323bcaf3 6ff37c3c6cde4109b20385e8a5d8fa72 1db536a1f08749a4bf3c523c70ec087e - - default default] 10.0.0.226 "DELETE /v2.0/ports/f546aa7b-a25a-4d55-80e0-e2f64af40dad HTTP/1.1" status: 204 len: 168 time: 0.2507195
2026-06-28 21:03:07.326 10 INFO neutron.wsgi [None req-6e816af8-7dd5-4cf1-8db2-d2dba964c3d0 dee7710eebe641e998a3146c11aaf224 0252989593b642ec99ca19ce4267a2c0 - - default default] 10.0.0.226 "DELETE /v2.0/subnets/d4204617-c995-4fda-8bfd-665bafa5773d HTTP/1.1" status: 204 len: 168 time: 0.2651377
2026-06-28 21:03:07.385 9 INFO neutron.wsgi [None req-bcd76ffc-4c5a-48b4-be12-0e60af96e7e7 573beb494b724b7680b82efb58e46c07 030aa2624b1743d79114a389dc865713 - - default default] 10.0.0.226 "GET /v2.0/networks/a15a22b8-5650-4891-bb3d-77fcdb7f8c07 HTTP/1.1" status: 200 len: 867 time: 0.1041493
2026-06-28 21:03:07.435 9 INFO neutron.wsgi [None req-4d72d65d-9be5-40eb-9f56-c8dc0c98020a 573beb494b724b7680b82efb58e46c07 030aa2624b1743d79114a389dc865713 - - default default] 10.0.0.226 "GET /v2.0/subnets/54f6bdcb-4405-41cf-91f3-a29291d6c75e HTTP/1.1" status: 200 len: 843 time: 0.0436645
2026-06-28 21:03:07.458 9 INFO neutron.pecan_wsgi.hooks.translation [None req-413fe24b-1baf-4f9c-9de5-7993fef34c9a 573beb494b724b7680b82efb58e46c07 030aa2624b1743d79114a389dc865713 - - default default] DELETE failed (client error): The resource could not be found.
2026-06-28 21:03:07.462 9 INFO neutron.wsgi [None req-413fe24b-1baf-4f9c-9de5-7993fef34c9a 573beb494b724b7680b82efb58e46c07 030aa2624b1743d79114a389dc865713 - - default default] 10.0.0.226 "DELETE /v2.0/subnets/4facf8b8-25d5-4e0d-af89-ed2dde6b9fb2 HTTP/1.1" status: 404 len: 337 time: 0.0231142
2026-06-28 21:03:07.480 9 INFO neutron.pecan_wsgi.hooks.translation [None req-2b2668c7-0419-42f3-9102-0a0d8b9e1629 573beb494b724b7680b82efb58e46c07 030aa2624b1743d79114a389dc865713 - - default default] DELETE failed (client error): The resource could not be found.
2026-06-28 21:03:07.483 9 INFO neutron.wsgi [None req-2b2668c7-0419-42f3-9102-0a0d8b9e1629 573beb494b724b7680b82efb58e46c07 030aa2624b1743d79114a389dc865713 - - default default] 10.0.0.226 "DELETE /v2.0/networks/cd95cc9e-703b-4749-acce-a56d20f4a15b HTTP/1.1" status: 404 len: 339 time: 0.0161147
2026-06-28 21:03:07.655 10 INFO neutron.wsgi [None req-074eedf4-aecd-4f96-b464-b6b35399e0c6 6ff37c3c6cde4109b20385e8a5d8fa72 1db536a1f08749a4bf3c523c70ec087e - - default default] 10.0.0.226 "DELETE /v2.0/ports/bad69927-20a8-4730-829f-713bd2e98e99 HTTP/1.1" status: 204 len: 168 time: 0.3611658
2026-06-28 21:03:07.721 9 INFO neutron.services.segments.plugin [-] Segment ecb8e20c-8b62-48e1-bcd0-00ae588484cd resource provider aggregate not found
2026-06-28 21:03:07.729 9 INFO neutron.services.segments.plugin [-] Segment ecb8e20c-8b62-48e1-bcd0-00ae588484cd resource provider aggregate not found
2026-06-28 21:03:07.747 9 INFO neutron.services.segments.plugin [-] Segment ecb8e20c-8b62-48e1-bcd0-00ae588484cd resource provider not found; error: Placement Client Error (4xx): {"errors": [{"status": 404, "title": "Not Found", "detail": "The resource could not be found.\n\n No resource provider with uuid ecb8e20c-8b62-48e1-bcd0-00ae588484cd found for delete ", "request_id": "req-47307778-4b28-4bdd-ab6f-bc4b4a6e74c2"}]}
2026-06-28 21:03:07.750 9 INFO neutron.services.segments.plugin [-] Segment ecb8e20c-8b62-48e1-bcd0-00ae588484cd resource provider not found; error: Placement Client Error (4xx): {"errors": [{"status": 404, "title": "Not Found", "detail": "The resource could not be found.\n\n No resource provider with uuid ecb8e20c-8b62-48e1-bcd0-00ae588484cd found for delete ", "request_id": "req-05472ffb-15b3-4649-8517-1ad5c385ff10"}]}
2026-06-28 21:03:07.763 9 INFO neutron.wsgi [None req-c9315886-289c-4c07-96ca-d41e9f41271a 573beb494b724b7680b82efb58e46c07 030aa2624b1743d79114a389dc865713 - - default default] 10.0.0.226 "DELETE /v2.0/subnets/54f6bdcb-4405-41cf-91f3-a29291d6c75e HTTP/1.1" status: 204 len: 168 time: 0.2719934
2026-06-28 21:03:07.821 9 INFO neutron.wsgi [None req-485208bb-a070-4bd0-8ce0-5f53b72a0576 6ff37c3c6cde4109b20385e8a5d8fa72 1db536a1f08749a4bf3c523c70ec087e - - default default] 10.0.0.226 "GET /v2.0/ports HTTP/1.1" status: 200 len: 1718 time: 0.1601229
2026-06-28 21:03:07.830 9 WARNING neutron_lib.context [None req-cf8ae97b-aa2d-40d2-8ae3-538c75122e64 6ff37c3c6cde4109b20385e8a5d8fa72 1db536a1f08749a4bf3c523c70ec087e - - default default] Method 'is_advsvc' is deprecated since 2023.2 release (neutron-lib 3.8.0) and will be removed once support for the old RBAC API policies will be removed from Neutron. Please use method 'is_service_role' instead.
2026-06-28 21:03:07.831 10 INFO neutron.services.segments.plugin [-] Segment 41105bf9-cdeb-40b7-be74-12a3d410573e resource provider aggregate not found
2026-06-28 21:03:07.847 10 INFO neutron.services.segments.plugin [-] Segment 41105bf9-cdeb-40b7-be74-12a3d410573e resource provider aggregate not found
2026-06-28 21:03:07.853 10 INFO neutron.services.segments.plugin [-] Segment 41105bf9-cdeb-40b7-be74-12a3d410573e resource provider not found; error: Placement Client Error (4xx): {"errors": [{"status": 404, "title": "Not Found", "detail": "The resource could not be found.\n\n No resource provider with uuid 41105bf9-cdeb-40b7-be74-12a3d410573e found for delete ", "request_id": "req-3523b5e8-2235-4c64-86d2-fe4c41540fd7"}]}
2026-06-28 21:03:07.871 10 INFO neutron.services.segments.plugin [-] Segment 41105bf9-cdeb-40b7-be74-12a3d410573e resource provider not found; error: Placement Client Error (4xx): {"errors": [{"status": 404, "title": "Not Found", "detail": "The resource could not be found.\n\n No resource provider with uuid 41105bf9-cdeb-40b7-be74-12a3d410573e found for delete ", "request_id": "req-1e8870a0-7375-4430-a219-c9f1acef32d3"}]}
2026-06-28 21:03:07.892 10 INFO neutron.wsgi [None req-726f53e4-127c-48df-ae4f-2a3ef822d20c dee7710eebe641e998a3146c11aaf224 0252989593b642ec99ca19ce4267a2c0 - - default default] 10.0.0.226 "DELETE /v2.0/networks/16eeccda-bbae-4937-b4b2-593dbbe4413f HTTP/1.1" status: 204 len: 168 time: 0.5597332
2026-06-28 21:03:07.917 9 INFO neutron.db.segments_db [None req-cf8ae97b-aa2d-40d2-8ae3-538c75122e64 6ff37c3c6cde4109b20385e8a5d8fa72 1db536a1f08749a4bf3c523c70ec087e - - default default] Added segment ff1fc193-1186-43f7-b718-d3d77e8c1a05 of type geneve for network dd3dec48-8d48-4243-81c7-432284a96f13
2026-06-28 21:03:08.122 10 INFO neutron.wsgi [None req-399bcf9f-db13-4d61-b151-798a3189e2f1 dee7710eebe641e998a3146c11aaf224 0252989593b642ec99ca19ce4267a2c0 - - default default] 10.0.0.226 "GET /v2.0/security-groups?tenant_id=66257483712548e4b73b4d293c948df1&name=default HTTP/1.1" status: 200 len: 2996 time: 0.0446715
2026-06-28 21:03:08.184 10 INFO neutron.wsgi [None req-9363d1b2-f9d6-455f-a014-ef9e89c4a3da 573beb494b724b7680b82efb58e46c07 030aa2624b1743d79114a389dc865713 - - default default] 10.0.0.226 "DELETE /v2.0/networks/a15a22b8-5650-4891-bb3d-77fcdb7f8c07 HTTP/1.1" status: 204 len: 168 time: 0.4172301
2026-06-28 21:03:08.276 9 INFO neutron.wsgi [req-10566d4c-dc2b-459a-8b74-ecfe0268b802 req-aa19e7df-eabe-44fb-a32e-26d507d266ef ccaad008b0aa47239794adec87be5637 20f2cfd0977b45158f66d4824ebf86d0 - - 44e706304a8e4e5b82af10eac2ac5573 44e706304a8e4e5b82af10eac2ac5573] 10.0.0.240 "GET /v2.0/ports?device_id=2c92f62a-fab6-4c3f-b1d0-09eaa02d09f4 HTTP/1.1" status: 200 len: 1409 time: 0.0564144
2026-06-28 21:03:08.345 10 INFO neutron.wsgi [None req-3d38de65-69e5-4966-b4de-209d66efb871 dee7710eebe641e998a3146c11aaf224 0252989593b642ec99ca19ce4267a2c0 - - default default] 10.0.0.226 "DELETE /v2.0/security-groups/7f41e8ac-66e4-4065-bf87-afcd13cbeb66 HTTP/1.1" status: 204 len: 168 time: 0.2182946
2026-06-28 21:03:08.366 9 INFO neutron.wsgi [req-10566d4c-dc2b-459a-8b74-ecfe0268b802 req-da5ffb76-a7b2-409d-9d2b-e7049a97ca39 ccaad008b0aa47239794adec87be5637 20f2cfd0977b45158f66d4824ebf86d0 - - 44e706304a8e4e5b82af10eac2ac5573 44e706304a8e4e5b82af10eac2ac5573] 10.0.0.240 "GET /v2.0/security-groups?id=21d3a92b-8d7f-4720-adfb-06bf9b8a974a&fields=id&fields=name HTTP/1.1" status: 200 len: 312 time: 0.0750532
2026-06-28 21:03:08.376 9 INFO neutron.db.ovn_revision_numbers_db [None req-cf8ae97b-aa2d-40d2-8ae3-538c75122e64 6ff37c3c6cde4109b20385e8a5d8fa72 1db536a1f08749a4bf3c523c70ec087e - - default default] Successfully bumped revision number for resource dd3dec48-8d48-4243-81c7-432284a96f13 (type: networks) to 1
2026-06-28 21:03:08.567 9 WARNING neutron.scheduler.dhcp_agent_scheduler [None req-cf8ae97b-aa2d-40d2-8ae3-538c75122e64 6ff37c3c6cde4109b20385e8a5d8fa72 1db536a1f08749a4bf3c523c70ec087e - - default default] No more DHCP agents
2026-06-28 21:03:08.569 9 WARNING neutron.api.rpc.agentnotifiers.dhcp_rpc_agent_api [None req-cf8ae97b-aa2d-40d2-8ae3-538c75122e64 6ff37c3c6cde4109b20385e8a5d8fa72 1db536a1f08749a4bf3c523c70ec087e - - default default] Unable to schedule network dd3dec48-8d48-4243-81c7-432284a96f13: no agents available; will retry on subsequent port and subnet creation events.
2026-06-28 21:03:08.656 9 INFO neutron.db.ovn_revision_numbers_db [None req-cf8ae97b-aa2d-40d2-8ae3-538c75122e64 6ff37c3c6cde4109b20385e8a5d8fa72 1db536a1f08749a4bf3c523c70ec087e - - default default] Successfully bumped revision number for resource 5f80b3d2-8160-44d5-b06a-938175b911a8 (type: ports) to 1
2026-06-28 21:03:08.680 9 INFO neutron.wsgi [None req-cf8ae97b-aa2d-40d2-8ae3-538c75122e64 6ff37c3c6cde4109b20385e8a5d8fa72 1db536a1f08749a4bf3c523c70ec087e - - default default] 10.0.0.226 "POST /v2.0/networks HTTP/1.1" status: 201 len: 853 time: 0.8540022
2026-06-28 21:03:08.690 9 WARNING neutron_lib.context [None req-92dd7956-2a82-4985-9bfc-32e6bf7e20a1 6ff37c3c6cde4109b20385e8a5d8fa72 1db536a1f08749a4bf3c523c70ec087e - - default default] Method 'is_advsvc' is deprecated since 2023.2 release (neutron-lib 3.8.0) and will be removed once support for the old RBAC API policies will be removed from Neutron. Please use method 'is_service_role' instead.
2026-06-28 21:03:08.782 9 INFO neutron.db.segments_db [None req-92dd7956-2a82-4985-9bfc-32e6bf7e20a1 6ff37c3c6cde4109b20385e8a5d8fa72 1db536a1f08749a4bf3c523c70ec087e - - default default] Added segment 759b5b9e-4241-4fb6-b8cc-5761526c8ffe of type geneve for network 5246ea5c-4556-4366-8534-51dfd3230c58
2026-06-28 21:03:08.791 9 INFO neutron.wsgi [None req-7672f917-127c-4549-9e39-1b31243ed795 dee7710eebe641e998a3146c11aaf224 0252989593b642ec99ca19ce4267a2c0 - - default default] 10.0.0.123 "GET /v2.0/floatingips HTTP/1.1" status: 200 len: 1035 time: 0.1896472
2026-06-28 21:03:08.830 10 INFO neutron.wsgi [None req-1b72f9b2-ee47-4cd2-acb2-be935964b56f dee7710eebe641e998a3146c11aaf224 0252989593b642ec99ca19ce4267a2c0 - - default default] 10.0.0.226 "GET /v2.0/security-groups?tenant_id=030aa2624b1743d79114a389dc865713&name=default HTTP/1.1" status: 200 len: 2996 time: 0.1737075
2026-06-28 21:03:08.878 9 INFO neutron.wsgi [None req-c828dc1e-97d8-48d5-8f1c-b4f5e9b2456e dee7710eebe641e998a3146c11aaf224 0252989593b642ec99ca19ce4267a2c0 - - default default] 10.0.0.123 "GET /v2.0/security-groups HTTP/1.1" status: 200 len: 30235 time: 0.0817277
2026-06-28 21:03:08.965 9 INFO neutron.wsgi [None req-a16d2ae7-d746-4707-841d-692146c7dcdb dee7710eebe641e998a3146c11aaf224 0252989593b642ec99ca19ce4267a2c0 - - default default] 10.0.0.123 "GET /v2.0/subnets HTTP/1.1" status: 200 len: 2078 time: 0.0729275
2026-06-28 21:03:08.992 9 INFO neutron.wsgi [None req-002c4d4e-db85-445c-a2f8-63bdb61d8839 dee7710eebe641e998a3146c11aaf224 0252989593b642ec99ca19ce4267a2c0 - - default default] 10.0.0.123 "GET /v2.0/subnetpools HTTP/1.1" status: 200 len: 193 time: 0.0252881
2026-06-28 21:03:09.006 9 INFO neutron.db.ovn_revision_numbers_db [None req-92dd7956-2a82-4985-9bfc-32e6bf7e20a1 6ff37c3c6cde4109b20385e8a5d8fa72 1db536a1f08749a4bf3c523c70ec087e - - default default] Successfully bumped revision number for resource 5246ea5c-4556-4366-8534-51dfd3230c58 (type: networks) to 1
2026-06-28 21:03:09.076 9 INFO neutron.wsgi [None req-31f6893d-3277-4617-b29f-3bffea030950 dee7710eebe641e998a3146c11aaf224 0252989593b642ec99ca19ce4267a2c0 - - default default] 10.0.0.123 "GET /v2.0/ports HTTP/1.1" status: 200 len: 13397 time: 0.0833278
2026-06-28 21:03:09.084 10 INFO neutron.wsgi [None req-05d25c07-efa7-454b-bba1-11afcea51a64 dee7710eebe641e998a3146c11aaf224 0252989593b642ec99ca19ce4267a2c0 - - default default] 10.0.0.226 "DELETE /v2.0/security-groups/4e7f0eca-4bb2-486a-8e86-560e3536ac36 HTTP/1.1" status: 204 len: 168 time: 0.2481775
2026-06-28 21:03:09.102 9 INFO neutron.wsgi [-] 10.0.0.133 "GET / HTTP/1.1" status: 200 len: 247 time: 0.0012813
2026-06-28 21:03:09.102 10 INFO neutron.wsgi [-] 10.0.0.133 "GET / HTTP/1.1" status: 200 len: 247 time: 0.0013602
2026-06-28 21:03:09.195 9 INFO neutron.wsgi [None req-bdf25fa9-2ef6-42ef-a823-57c97d467f9f dee7710eebe641e998a3146c11aaf224 0252989593b642ec99ca19ce4267a2c0 - - default default] 10.0.0.123 "GET /v2.0/routers HTTP/1.1" status: 200 len: 859 time: 0.1095636
2026-06-28 21:03:09.217 9 INFO neutron.wsgi [None req-eda21434-e14e-48dc-a4d3-a9d814a5afbc dee7710eebe641e998a3146c11aaf224 0252989593b642ec99ca19ce4267a2c0 - - default default] 10.0.0.123 "GET /v2.0/agents?binary=ovn-controller HTTP/1.1" status: 200 len: 591 time: 0.0196688
2026-06-28 21:03:09.246 9 INFO neutron.wsgi [None req-1cba4386-3433-4b3b-940d-f44d9b955578 dee7710eebe641e998a3146c11aaf224 0252989593b642ec99ca19ce4267a2c0 - - default default] 10.0.0.123 "GET /v2.0/network-ip-availabilities HTTP/1.1" status: 200 len: 2885 time: 0.0281758
2026-06-28 21:03:09.262 9 INFO neutron.wsgi [None req-31bb8bd6-3555-46ee-baab-4aa336194fac dee7710eebe641e998a3146c11aaf224 0252989593b642ec99ca19ce4267a2c0 - - default default] 10.0.0.123 "GET /v2.0/agents HTTP/1.1" status: 200 len: 997 time: 0.0151677
2026-06-28 21:03:09.341 9 WARNING neutron.scheduler.dhcp_agent_scheduler [None req-92dd7956-2a82-4985-9bfc-32e6bf7e20a1 6ff37c3c6cde4109b20385e8a5d8fa72 1db536a1f08749a4bf3c523c70ec087e - - default default] No more DHCP agents
2026-06-28 21:03:09.346 9 WARNING neutron.api.rpc.agentnotifiers.dhcp_rpc_agent_api [None req-92dd7956-2a82-4985-9bfc-32e6bf7e20a1 6ff37c3c6cde4109b20385e8a5d8fa72 1db536a1f08749a4bf3c523c70ec087e - - default default] Unable to schedule network 5246ea5c-4556-4366-8534-51dfd3230c58: no agents available; will retry on subsequent port and subnet creation events.
2026-06-28 21:03:09.376 9 INFO neutron.wsgi [None req-2967a3a0-cd14-4695-92b9-05f78c4c7a31 dee7710eebe641e998a3146c11aaf224 0252989593b642ec99ca19ce4267a2c0 - - default default] 10.0.0.123 "GET /v2.0/networks HTTP/1.1" status: 200 len: 6008 time: 0.1117878
2026-06-28 21:03:09.440 9 INFO neutron.wsgi [None req-4d34efad-d24e-4ea7-9675-1fe733c13939 dee7710eebe641e998a3146c11aaf224 0252989593b642ec99ca19ce4267a2c0 - - default default] 10.0.0.123 "GET /v2.0/subnets HTTP/1.1" status: 200 len: 2078 time: 0.0513330
2026-06-28 21:03:09.494 9 INFO neutron.db.ovn_revision_numbers_db [None req-92dd7956-2a82-4985-9bfc-32e6bf7e20a1 6ff37c3c6cde4109b20385e8a5d8fa72 1db536a1f08749a4bf3c523c70ec087e - - default default] Successfully bumped revision number for resource 39304af6-0901-4dd9-adec-da0e8cb4ecd0 (type: ports) to 1
2026-06-28 21:03:09.521 9 INFO neutron.wsgi [None req-92dd7956-2a82-4985-9bfc-32e6bf7e20a1 6ff37c3c6cde4109b20385e8a5d8fa72 1db536a1f08749a4bf3c523c70ec087e - - default default] 10.0.0.226 "POST /v2.0/networks HTTP/1.1" status: 201 len: 853 time: 0.8364980
2026-06-28 21:03:09.754 9 INFO neutron.wsgi [None req-8258bea1-b7c1-4c50-b2b3-94cedc74eb7f f8f0632a4ab249a59b329a013ead159d 6b70dfa01afc41a38ea5696062673c75 - - default default] 10.0.0.226 "GET /v2.0/ports?project_id=a2420f8785a447ae871d292b1273ec48&network_id=6747f24c-2cf2-457c-8b05-2af8fb7fa6cb HTTP/1.1" status: 200 len: 3510 time: 0.0606940
2026-06-28 21:03:09.878 10 INFO neutron.services.segments.plugin [-] Segment 54ee7236-0e93-46ff-829c-3b464ad81971 resource provider aggregate not found
2026-06-28 21:03:09.890 10 INFO neutron.services.segments.plugin [-] Segment 54ee7236-0e93-46ff-829c-3b464ad81971 resource provider aggregate not found
2026-06-28 21:03:09.897 10 INFO neutron.services.segments.plugin [-] Segment 54ee7236-0e93-46ff-829c-3b464ad81971 resource provider not found; error: Placement Client Error (4xx): {"errors": [{"status": 404, "title": "Not Found", "detail": "The resource could not be found.\n\n No resource provider with uuid 54ee7236-0e93-46ff-829c-3b464ad81971 found for delete ", "request_id": "req-5ef922a7-4cd4-4b2d-a2ff-3990946ad4fd"}]}
2026-06-28 21:03:09.907 10 INFO neutron.services.segments.plugin [-] Segment 54ee7236-0e93-46ff-829c-3b464ad81971 resource provider not found; error: Placement Client Error (4xx): {"errors": [{"status": 404, "title": "Not Found", "detail": "The resource could not be found.\n\n No resource provider with uuid 54ee7236-0e93-46ff-829c-3b464ad81971 found for delete ", "request_id": "req-fe176c15-afb1-41b5-8d23-82409c0d1c47"}]}
2026-06-28 21:03:09.990 10 WARNING neutron_lib.context [None req-d4980030-d9f4-4c3c-b9bb-9dd9639cda29 6ff37c3c6cde4109b20385e8a5d8fa72 1db536a1f08749a4bf3c523c70ec087e - - default default] Method 'is_advsvc' is deprecated since 2023.2 release (neutron-lib 3.8.0) and will be removed once support for the old RBAC API policies will be removed from Neutron. Please use method 'is_service_role' instead.
2026-06-28 21:03:10.012 9 INFO neutron.wsgi [None req-638de85f-bb51-4dc0-89ad-8905423c8006 f8f0632a4ab249a59b329a013ead159d 6b70dfa01afc41a38ea5696062673c75 - - default default] 10.0.0.226 "GET /v2.0/subnets?network_id=4ea9bd8f-e56b-4845-914f-cd1f40212904 HTTP/1.1" status: 200 len: 838 time: 0.0471947
2026-06-28 21:03:10.030 10 WARNING neutron_lib.context [None req-d4980030-d9f4-4c3c-b9bb-9dd9639cda29 6ff37c3c6cde4109b20385e8a5d8fa72 1db536a1f08749a4bf3c523c70ec087e - - default default] Method 'is_advsvc' is deprecated since 2023.2 release (neutron-lib 3.8.0) and will be removed once support for the old RBAC API policies will be removed from Neutron. Please use method 'is_service_role' instead.
2026-06-28 21:03:10.326 9 INFO neutron.db.l3_db [None req-6d7f6619-04d2-4790-be35-cb7ff45c6c6a 4553f759b7434184967a7d68d689107d a2420f8785a447ae871d292b1273ec48 - - default default] Floating IP 6c4b75c2-b8f1-4140-8327-873fd61a2f07 disassociated. External IP: 10.96.250.208, port: 5b43d831-7437-43d7-b6f7-ce050d19c504.
2026-06-28 21:03:10.404 9 INFO neutron.db.ovn_revision_numbers_db [None req-6d7f6619-04d2-4790-be35-cb7ff45c6c6a 4553f759b7434184967a7d68d689107d a2420f8785a447ae871d292b1273ec48 - - default default] Successfully bumped revision number for resource 6c4b75c2-b8f1-4140-8327-873fd61a2f07 (type: floatingips) to 2
2026-06-28 21:03:10.474 10 WARNING neutron.scheduler.dhcp_agent_scheduler [None req-d4980030-d9f4-4c3c-b9bb-9dd9639cda29 6ff37c3c6cde4109b20385e8a5d8fa72 1db536a1f08749a4bf3c523c70ec087e - - default default] No more DHCP agents
2026-06-28 21:03:10.475 10 WARNING neutron.api.rpc.agentnotifiers.dhcp_rpc_agent_api [None req-d4980030-d9f4-4c3c-b9bb-9dd9639cda29 6ff37c3c6cde4109b20385e8a5d8fa72 1db536a1f08749a4bf3c523c70ec087e - - default default] Unable to schedule network dd3dec48-8d48-4243-81c7-432284a96f13: no agents available; will retry on subsequent port and subnet creation events.
2026-06-28 21:03:10.488 9 INFO neutron.wsgi [None req-6d7f6619-04d2-4790-be35-cb7ff45c6c6a 4553f759b7434184967a7d68d689107d a2420f8785a447ae871d292b1273ec48 - - default default] 10.0.0.226 "PUT /v2.0/floatingips/6c4b75c2-b8f1-4140-8327-873fd61a2f07 HTTP/1.1" status: 200 len: 748 time: 0.3010538 /var/lib/openstack/lib/python3.10/site-packages/pycadf/identifier.py:71: UserWarning: Invalid uuid: neutron. To ensure interoperability, identifiers should be a valid uuid. warnings.warn(('Invalid uuid: %s. To ensure interoperability, '
2026-06-28 21:03:10.523 9 INFO neutron.wsgi [None req-2367df4e-9135-4271-afde-b6c9c6635cc8 4553f759b7434184967a7d68d689107d a2420f8785a447ae871d292b1273ec48 - - default default] 10.0.0.226 "GET /v2.0/floatingips/6c4b75c2-b8f1-4140-8327-873fd61a2f07 HTTP/1.1" status: 200 len: 746 time: 0.0256870
2026-06-28 21:03:10.530 9 INFO neutron.notifiers.nova [-] Nova event matching ['req-f8f9f98c-02b5-4bd4-b1b5-39ccbd50d89b'] response: {'name': 'network-changed', 'server_uuid': '2c92f62a-fab6-4c3f-b1d0-09eaa02d09f4', 'tag': '5b43d831-7437-43d7-b6f7-ce050d19c504', 'status': 'completed', 'code': 200}
2026-06-28 21:03:10.542 10 INFO neutron.db.ovn_revision_numbers_db [None req-d4980030-d9f4-4c3c-b9bb-9dd9639cda29 6ff37c3c6cde4109b20385e8a5d8fa72 1db536a1f08749a4bf3c523c70ec087e - - default default] Successfully bumped revision number for resource 56be37ea-d9f4-4ce4-a550-1203cc59a492 (type: subnets) to 0
2026-06-28 21:03:10.569 10 WARNING neutron.scheduler.dhcp_agent_scheduler [None req-d4980030-d9f4-4c3c-b9bb-9dd9639cda29 6ff37c3c6cde4109b20385e8a5d8fa72 1db536a1f08749a4bf3c523c70ec087e - - default default] No more DHCP agents
2026-06-28 21:03:10.571 10 WARNING neutron.api.rpc.agentnotifiers.dhcp_rpc_agent_api [None req-d4980030-d9f4-4c3c-b9bb-9dd9639cda29 6ff37c3c6cde4109b20385e8a5d8fa72 1db536a1f08749a4bf3c523c70ec087e - - default default] Unable to schedule network 5246ea5c-4556-4366-8534-51dfd3230c58: no agents available; will retry on subsequent port and subnet creation events.
2026-06-28 21:03:10.610 10 INFO neutron.db.ovn_revision_numbers_db [None req-d4980030-d9f4-4c3c-b9bb-9dd9639cda29 6ff37c3c6cde4109b20385e8a5d8fa72 1db536a1f08749a4bf3c523c70ec087e - - default default] Successfully bumped revision number for resource a5262450-6239-4862-83e8-d99761327501 (type: subnets) to 0
2026-06-28 21:03:10.610 9 INFO neutron.wsgi [req-8e9fb64f-1d91-4d15-8a8c-371d9dd69cd9 req-ad874a83-b773-417a-8109-019f5ff1fa25 ccaad008b0aa47239794adec87be5637 20f2cfd0977b45158f66d4824ebf86d0 - - 44e706304a8e4e5b82af10eac2ac5573 44e706304a8e4e5b82af10eac2ac5573] 199.204.45.38 "GET /v2.0/ports?tenant_id=a2420f8785a447ae871d292b1273ec48&device_id=2c92f62a-fab6-4c3f-b1d0-09eaa02d09f4 HTTP/1.1" status: 200 len: 1409 time: 0.0514162
2026-06-28 21:03:10.630 10 INFO neutron.wsgi [None req-d4980030-d9f4-4c3c-b9bb-9dd9639cda29 6ff37c3c6cde4109b20385e8a5d8fa72 1db536a1f08749a4bf3c523c70ec087e - - default default] 10.0.0.226 "POST /v2.0/subnets HTTP/1.1" status: 201 len: 1476 time: 0.6505864
2026-06-28 21:03:10.710 9 INFO neutron.wsgi [req-8e9fb64f-1d91-4d15-8a8c-371d9dd69cd9 req-805dcf5a-9fad-4465-9b4d-ced4db2aacdb ccaad008b0aa47239794adec87be5637 20f2cfd0977b45158f66d4824ebf86d0 - - 44e706304a8e4e5b82af10eac2ac5573 44e706304a8e4e5b82af10eac2ac5573] 199.204.45.38 "GET /v2.0/networks?id=6747f24c-2cf2-457c-8b05-2af8fb7fa6cb HTTP/1.1" status: 200 len: 958 time: 0.0944779
2026-06-28 21:03:10.717 10 INFO neutron.wsgi [None req-7956e68b-0e89-4da5-80c9-08a1d9d1d90f 6ff37c3c6cde4109b20385e8a5d8fa72 1db536a1f08749a4bf3c523c70ec087e - - default default] 10.0.0.226 "GET /v2.0/subnets HTTP/1.1" status: 200 len: 2084 time: 0.0687108
2026-06-28 21:03:10.739 9 INFO neutron.wsgi [req-8e9fb64f-1d91-4d15-8a8c-371d9dd69cd9 req-c3808424-f26f-423f-8052-e878ed12ad32 ccaad008b0aa47239794adec87be5637 20f2cfd0977b45158f66d4824ebf86d0 - - 44e706304a8e4e5b82af10eac2ac5573 44e706304a8e4e5b82af10eac2ac5573] 199.204.45.38 "GET /v2.0/floatingips?fixed_ip_address=10.100.0.8&port_id=5b43d831-7437-43d7-b6f7-ce050d19c504 HTTP/1.1" status: 200 len: 217 time: 0.0247445
2026-06-28 21:03:10.814 9 INFO neutron.wsgi [req-8e9fb64f-1d91-4d15-8a8c-371d9dd69cd9 req-fd3be796-58be-41c1-a707-0a1f52804a01 ccaad008b0aa47239794adec87be5637 20f2cfd0977b45158f66d4824ebf86d0 - - 44e706304a8e4e5b82af10eac2ac5573 44e706304a8e4e5b82af10eac2ac5573] 199.204.45.38 "GET /v2.0/subnets?id=50e3e5c5-501b-41f4-854e-17df93bb5b09 HTTP/1.1" status: 200 len: 853 time: 0.0681787
2026-06-28 21:03:10.838 9 INFO neutron.wsgi [req-8e9fb64f-1d91-4d15-8a8c-371d9dd69cd9 req-2193fdf3-da09-4eff-ba1e-cbe4165845f6 ccaad008b0aa47239794adec87be5637 20f2cfd0977b45158f66d4824ebf86d0 - - 44e706304a8e4e5b82af10eac2ac5573 44e706304a8e4e5b82af10eac2ac5573] 199.204.45.38 "GET /v2.0/ports?network_id=6747f24c-2cf2-457c-8b05-2af8fb7fa6cb&device_owner=network%3Adhcp HTTP/1.1" status: 200 len: 210 time: 0.0203316
2026-06-28 21:03:10.891 9 INFO neutron.wsgi [req-8e9fb64f-1d91-4d15-8a8c-371d9dd69cd9 req-063ad68a-490b-4491-91ba-d81e3158d871 ccaad008b0aa47239794adec87be5637 20f2cfd0977b45158f66d4824ebf86d0 - - 44e706304a8e4e5b82af10eac2ac5573 44e706304a8e4e5b82af10eac2ac5573] 199.204.45.38 "GET /v2.0/networks/6747f24c-2cf2-457c-8b05-2af8fb7fa6cb?fields=segments HTTP/1.1" status: 200 len: 212 time: 0.0499468
2026-06-28 21:03:10.945 10 INFO neutron.wsgi [None req-1c087a27-7b53-4016-8a66-86ff1246a936 6ff37c3c6cde4109b20385e8a5d8fa72 1db536a1f08749a4bf3c523c70ec087e - - default default] 10.0.0.226 "DELETE /v2.0/subnets/56be37ea-d9f4-4ce4-a550-1203cc59a492 HTTP/1.1" status: 204 len: 168 time: 0.2156925
