2026-06-28 21:01:40.829 9 WARNING neutron.plugins.ml2.drivers.ovn.mech_driver.ovsdb.ovn_client [None req-d5baf527-9d9a-4ad5-9da9-7954e8601227 - - - - - -] No hosting information found for port 03c4b234-40c4-475f-8608-7c68c0092d0c: RuntimeError: No hosting information found for port 03c4b234-40c4-475f-8608-7c68c0092d0c
2026-06-28 21:01:40.829 9 INFO neutron.plugins.ml2.drivers.ovn.mech_driver.mech_driver [None req-d5baf527-9d9a-4ad5-9da9-7954e8601227 - - - - - -] OVN reports status up for port: 12c80ae1-d599-4d28-bbd5-619d8550f756
2026-06-28 21:01:40.869 9 INFO neutron.plugins.ml2.plugin [None req-d5baf527-9d9a-4ad5-9da9-7954e8601227 - - - - - -] Attempt 1 to provision port 12c80ae1-d599-4d28-bbd5-619d8550f756
2026-06-28 21:01:40.882 9 INFO neutron.wsgi [None req-fd2ec795-2865-449c-88a9-1d96897cb76a dee7710eebe641e998a3146c11aaf224 0252989593b642ec99ca19ce4267a2c0 - - default default] 10.0.0.226 "PUT /v2.0/routers/48db7c26-486b-44e6-8af1-de05ba2cb7aa/remove_router_interface HTTP/1.1" status: 200 len: 503 time: 2.5144370
2026-06-28 21:01:41.026 9 INFO neutron.notifiers.nova [-] Nova event matching ['req-906ed847-31f9-468b-b8b7-c2d743f7b1f9'] response: {'server_uuid': 'b0c9d18a-1995-4aeb-aa01-40265f8b5a5a', 'name': 'network-vif-plugged', 'status': 'completed', 'tag': '12c80ae1-d599-4d28-bbd5-619d8550f756', 'code': 200} /var/lib/openstack/lib/python3.10/site-packages/pycadf/identifier.py:71: UserWarning: Invalid uuid: neutron. To ensure interoperability, identifiers should be a valid uuid. warnings.warn(('Invalid uuid: %s. To ensure interoperability, '
2026-06-28 21:01:41.091 9 INFO neutron.wsgi [req-bc0f858a-8ac2-485a-890c-cfac52ea4e11 req-5418652b-60b1-4d34-bf34-9361a56636fd 9a46bf41da4a402a8a92edfa8b9fb532 54c20b9c43c145d1bcf2973b1f9d00a1 - - default default] 10.0.0.16 "GET /v2.0/ports?device_id=b0c9d18a-1995-4aeb-aa01-40265f8b5a5a HTTP/1.1" status: 200 len: 1170 time: 0.0500176
2026-06-28 21:01:41.154 9 INFO neutron.wsgi [req-bc0f858a-8ac2-485a-890c-cfac52ea4e11 req-6e4765de-bf63-4685-853a-65c3baa0f902 9a46bf41da4a402a8a92edfa8b9fb532 54c20b9c43c145d1bcf2973b1f9d00a1 - - default default] 10.0.0.16 "GET /v2.0/security-groups?id=3bb5dfe6-3b35-4e1e-ba76-c7c3ff816505&fields=id&fields=name HTTP/1.1" status: 200 len: 312 time: 0.0569911
2026-06-28 21:01:41.269 9 INFO neutron.db.ovn_revision_numbers_db [None req-d5baf527-9d9a-4ad5-9da9-7954e8601227 - - - - - -] Successfully bumped revision number for resource 12c80ae1-d599-4d28-bbd5-619d8550f756 (type: ports) to 4 /var/lib/openstack/lib/python3.10/site-packages/pycadf/identifier.py:71: UserWarning: Invalid uuid: neutron. To ensure interoperability, identifiers should be a valid uuid. warnings.warn(('Invalid uuid: %s. To ensure interoperability, '
2026-06-28 21:01:42.266 10 INFO neutron.wsgi [None req-b54cb546-39f5-452f-960f-eae803ba2eb6 dee7710eebe641e998a3146c11aaf224 0252989593b642ec99ca19ce4267a2c0 - - default default] 10.0.0.226 "DELETE /v2.0/routers/c755072e-b5ed-4860-99a4-e3b1bf119daf HTTP/1.1" status: 204 len: 168 time: 1.4440861
2026-06-28 21:01:42.287 9 INFO neutron.wsgi [req-cb670f3f-1081-4cd9-ac91-febc3172b7e8 req-d604bd65-2047-43fb-89ce-94d42bfd1628 9a46bf41da4a402a8a92edfa8b9fb532 54c20b9c43c145d1bcf2973b1f9d00a1 - - default default] 10.0.0.16 "GET /v2.0/ports?device_id=b0c9d18a-1995-4aeb-aa01-40265f8b5a5a HTTP/1.1" status: 200 len: 1170 time: 0.0483227
2026-06-28 21:01:42.306 10 INFO neutron.wsgi [None req-4ba35b80-8d9f-4ac9-b8c5-ac06f1b1c833 dee7710eebe641e998a3146c11aaf224 0252989593b642ec99ca19ce4267a2c0 - - default default] 10.0.0.226 "DELETE /v2.0/routers/48db7c26-486b-44e6-8af1-de05ba2cb7aa HTTP/1.1" status: 204 len: 168 time: 1.4167979
2026-06-28 21:01:42.348 9 INFO neutron.wsgi [req-cb670f3f-1081-4cd9-ac91-febc3172b7e8 req-a102c61a-20b3-4e03-950b-cfebfc6d56b2 9a46bf41da4a402a8a92edfa8b9fb532 54c20b9c43c145d1bcf2973b1f9d00a1 - - default default] 10.0.0.16 "GET /v2.0/security-groups?id=3bb5dfe6-3b35-4e1e-ba76-c7c3ff816505&fields=id&fields=name HTTP/1.1" status: 200 len: 312 time: 0.0505774
2026-06-28 21:01:42.544 9 INFO neutron.wsgi [req-801e3d6a-e79a-43c6-851f-90ce6a60f36e req-e478fea9-0c05-462a-a9af-6618e8452ed0 9a46bf41da4a402a8a92edfa8b9fb532 54c20b9c43c145d1bcf2973b1f9d00a1 - - default default] 10.0.0.16 "GET /v2.0/ports?device_id=b0c9d18a-1995-4aeb-aa01-40265f8b5a5a HTTP/1.1" status: 200 len: 1170 time: 0.1124580
2026-06-28 21:01:42.554 9 INFO neutron.wsgi [None req-64f7b903-33b8-47ef-9cfb-82ddbaadafe9 dee7710eebe641e998a3146c11aaf224 0252989593b642ec99ca19ce4267a2c0 - - default default] 10.0.0.226 "DELETE /v2.0/subnets/a256e4a2-0354-4371-a739-b961fe2f8397 HTTP/1.1" status: 204 len: 168 time: 0.2804737
2026-06-28 21:01:42.638 10 INFO neutron.wsgi [None req-04372758-3720-47b4-b058-d4423b3c36df dee7710eebe641e998a3146c11aaf224 0252989593b642ec99ca19ce4267a2c0 - - default default] 10.0.0.226 "DELETE /v2.0/subnets/147721ae-c03c-4d82-95b9-eeb6b47b3ab0 HTTP/1.1" status: 204 len: 168 time: 0.3270957
2026-06-28 21:01:43.034 10 INFO neutron.wsgi [None req-f85b5c42-8f07-4cd4-a71c-bbe918939d4b dee7710eebe641e998a3146c11aaf224 0252989593b642ec99ca19ce4267a2c0 - - default default] 10.0.0.226 "DELETE /v2.0/networks/42b348ef-0c9b-4976-a7cc-e06901e679af HTTP/1.1" status: 204 len: 168 time: 0.3890326
2026-06-28 21:01:43.079 9 INFO neutron.notifiers.nova [-] Nova event matching ['req-c2b9e471-8fd8-42bf-88ef-6356c96150fc'] response: {'server_uuid': 'b0c9d18a-1995-4aeb-aa01-40265f8b5a5a', 'name': 'network-vif-plugged', 'status': 'completed', 'tag': '12c80ae1-d599-4d28-bbd5-619d8550f756', 'code': 200}
2026-06-28 21:01:43.113 9 INFO neutron.db.l3_db [None req-e2704d98-e588-4d56-9d11-4418f2b47f3a 9a46bf41da4a402a8a92edfa8b9fb532 54c20b9c43c145d1bcf2973b1f9d00a1 - - default default] Floating IP 701cbc27-aa1f-432e-82c7-38de1fc0cdee associated. External IP: 10.96.250.215, port: 12c80ae1-d599-4d28-bbd5-619d8550f756.
2026-06-28 21:01:43.265 10 INFO neutron.wsgi [None req-334bf822-6b3b-43af-9eaa-d277a0de85c1 dee7710eebe641e998a3146c11aaf224 0252989593b642ec99ca19ce4267a2c0 - - default default] 10.0.0.226 "GET /v2.0/security-groups?tenant_id=02bcac9feacf4792a4c1e349aff7db30&name=default HTTP/1.1" status: 200 len: 2992 time: 0.0460622
2026-06-28 21:01:43.474 9 INFO neutron.wsgi [None req-f591db2b-7822-453c-9fd6-92fa2a856399 dee7710eebe641e998a3146c11aaf224 0252989593b642ec99ca19ce4267a2c0 - - default default] 10.0.0.226 "DELETE /v2.0/networks/a2d41dd1-e02b-4cfe-b38d-f043a411c641 HTTP/1.1" status: 204 len: 168 time: 0.9053495
2026-06-28 21:01:43.480 9 INFO neutron.db.ovn_revision_numbers_db [None req-e2704d98-e588-4d56-9d11-4418f2b47f3a 9a46bf41da4a402a8a92edfa8b9fb532 54c20b9c43c145d1bcf2973b1f9d00a1 - - default default] Successfully bumped revision number for resource 701cbc27-aa1f-432e-82c7-38de1fc0cdee (type: floatingips) to 1
2026-06-28 21:01:43.499 10 INFO neutron.wsgi [None req-d1ffcf2d-30dc-49a1-abb0-55b92c805fc0 dee7710eebe641e998a3146c11aaf224 0252989593b642ec99ca19ce4267a2c0 - - default default] 10.0.0.226 "DELETE /v2.0/security-groups/c69b4fc3-79ec-4fc8-acf8-3b30c6821de1 HTTP/1.1" status: 204 len: 168 time: 0.2279589
2026-06-28 21:01:43.552 10 INFO neutron.services.segments.plugin [-] Segment 47742812-1247-49c4-a2bb-fba00247e22e resource provider aggregate not found
2026-06-28 21:01:43.575 10 INFO neutron.services.segments.plugin [-] Segment 47742812-1247-49c4-a2bb-fba00247e22e resource provider not found; error: Placement Client Error (4xx): {"errors": [{"status": 404, "title": "Not Found", "detail": "The resource could not be found.\n\n No resource provider with uuid 47742812-1247-49c4-a2bb-fba00247e22e found for delete ", "request_id": "req-d3cbcafa-bb83-4dbf-9119-d7d156d4fe57"}]}
2026-06-28 21:01:43.586 10 INFO neutron.services.segments.plugin [-] Segment 47742812-1247-49c4-a2bb-fba00247e22e resource provider aggregate not found
2026-06-28 21:01:43.606 10 INFO neutron.services.segments.plugin [-] Segment 47742812-1247-49c4-a2bb-fba00247e22e resource provider not found; error: Placement Client Error (4xx): {"errors": [{"status": 404, "title": "Not Found", "detail": "The resource could not be found.\n\n No resource provider with uuid 47742812-1247-49c4-a2bb-fba00247e22e found for delete ", "request_id": "req-92f3b2d9-9c38-42cf-9cf3-32218a6f3ed2"}]}
2026-06-28 21:01:43.615 9 INFO neutron.db.ovn_revision_numbers_db [None req-e2704d98-e588-4d56-9d11-4418f2b47f3a 9a46bf41da4a402a8a92edfa8b9fb532 54c20b9c43c145d1bcf2973b1f9d00a1 - - default default] Successfully bumped revision number for resource 701cbc27-aa1f-432e-82c7-38de1fc0cdee (type: floatingips) to 2
2026-06-28 21:01:43.648 9 INFO neutron.wsgi [None req-e2704d98-e588-4d56-9d11-4418f2b47f3a 9a46bf41da4a402a8a92edfa8b9fb532 54c20b9c43c145d1bcf2973b1f9d00a1 - - default default] 10.0.0.226 "PUT /v2.0/floatingips/701cbc27-aa1f-432e-82c7-38de1fc0cdee HTTP/1.1" status: 200 len: 1049 time: 1.0854759 /var/lib/openstack/lib/python3.10/site-packages/pycadf/identifier.py:71: UserWarning: Invalid uuid: neutron. To ensure interoperability, identifiers should be a valid uuid. warnings.warn(('Invalid uuid: %s. To ensure interoperability, '
2026-06-28 21:01:43.744 9 INFO neutron.wsgi [req-ebb9b50a-5320-4137-a5d3-548194dcaca0 req-767c9e05-e946-4c3f-9015-7746ca98ef13 9a46bf41da4a402a8a92edfa8b9fb532 54c20b9c43c145d1bcf2973b1f9d00a1 - - default default] 10.0.0.16 "GET /v2.0/ports?device_id=b0c9d18a-1995-4aeb-aa01-40265f8b5a5a HTTP/1.1" status: 200 len: 1170 time: 0.0409102
2026-06-28 21:01:43.751 10 INFO neutron.wsgi [None req-3e7aeaee-5d61-4470-a4f7-11059f73bf16 dee7710eebe641e998a3146c11aaf224 0252989593b642ec99ca19ce4267a2c0 - - default default] 10.0.0.226 "GET /v2.0/security-groups?tenant_id=00b7b568e36d4aa0917662b25be823b2&name=default HTTP/1.1" status: 200 len: 2992 time: 0.0343614
2026-06-28 21:01:43.792 9 INFO neutron.wsgi [req-ebb9b50a-5320-4137-a5d3-548194dcaca0 req-3689d344-cc2a-4895-a870-9725f7566466 9a46bf41da4a402a8a92edfa8b9fb532 54c20b9c43c145d1bcf2973b1f9d00a1 - - default default] 10.0.0.16 "GET /v2.0/security-groups?id=3bb5dfe6-3b35-4e1e-ba76-c7c3ff816505&fields=id&fields=name HTTP/1.1" status: 200 len: 312 time: 0.0408833
2026-06-28 21:01:43.930 10 INFO neutron.wsgi [None req-4e7d20f4-83d7-45c1-8278-13140b8843c6 dee7710eebe641e998a3146c11aaf224 0252989593b642ec99ca19ce4267a2c0 - - default default] 10.0.0.226 "DELETE /v2.0/security-groups/5b0542f4-0b6e-42d9-ab4b-b444378f7c15 HTTP/1.1" status: 204 len: 168 time: 0.1712289
2026-06-28 21:01:44.005 9 INFO neutron.services.segments.plugin [-] Segment fe93586a-a7e9-4b68-8f05-239c1cccdce8 resource provider aggregate not found
2026-06-28 21:01:44.033 9 INFO neutron.services.segments.plugin [-] Segment fe93586a-a7e9-4b68-8f05-239c1cccdce8 resource provider not found; error: Placement Client Error (4xx): {"errors": [{"status": 404, "title": "Not Found", "detail": "The resource could not be found.\n\n No resource provider with uuid fe93586a-a7e9-4b68-8f05-239c1cccdce8 found for delete ", "request_id": "req-bdc2554b-15b6-4ca0-a7ea-8255b39a3196"}]}
2026-06-28 21:01:44.050 9 INFO neutron.wsgi [req-61619840-22e0-473b-99ef-36890255b953 req-b5eded87-0804-4ef1-a212-9dd20591a291 57872ae9e8fd4a088998ac6796aed47e ca5aa5260ea943ada17dbe2a476dc898 - - default default] 10.0.0.16 "GET /v2.0/security-groups?name=tempest-securitygroup--1740169563&fields=id&tenant_id=ca5aa5260ea943ada17dbe2a476dc898 HTTP/1.1" status: 200 len: 267 time: 0.0470386
2026-06-28 21:01:44.084 9 INFO neutron.services.segments.plugin [-] Segment fe93586a-a7e9-4b68-8f05-239c1cccdce8 resource provider aggregate not found
2026-06-28 21:01:44.119 9 INFO neutron.services.segments.plugin [-] Segment fe93586a-a7e9-4b68-8f05-239c1cccdce8 resource provider not found; error: Placement Client Error (4xx): {"errors": [{"status": 404, "title": "Not Found", "detail": "The resource could not be found.\n\n No resource provider with uuid fe93586a-a7e9-4b68-8f05-239c1cccdce8 found for delete ", "request_id": "req-630880a7-0f21-4908-8db9-ff37e27784ed"}]}
2026-06-28 21:01:44.136 9 INFO neutron.wsgi [req-61619840-22e0-473b-99ef-36890255b953 req-5ed6e2c5-f9e9-41c7-8717-ae83b351d2ce 57872ae9e8fd4a088998ac6796aed47e ca5aa5260ea943ada17dbe2a476dc898 - - default default] 10.0.0.16 "GET /v2.0/networks?id=53b2a5a4-6cd1-4a97-9eea-24b17831f7cb HTTP/1.1" status: 200 len: 878 time: 0.0796785
2026-06-28 21:01:44.152 9 INFO neutron.wsgi [req-61619840-22e0-473b-99ef-36890255b953 req-0d4fe5c4-993f-40e6-8da7-a240bbb06923 57872ae9e8fd4a088998ac6796aed47e ca5aa5260ea943ada17dbe2a476dc898 - - default default] 10.0.0.16 "GET /v2.0/quotas/ca5aa5260ea943ada17dbe2a476dc898 HTTP/1.1" status: 200 len: 386 time: 0.0102935
2026-06-28 21:01:44.254 9 INFO neutron.wsgi [req-61619840-22e0-473b-99ef-36890255b953 req-50ca496a-a134-479e-adfe-9756d6fbf2c7 57872ae9e8fd4a088998ac6796aed47e ca5aa5260ea943ada17dbe2a476dc898 - - default default] 10.0.0.16 "GET /v2.0/ports?tenant_id=ca5aa5260ea943ada17dbe2a476dc898&fields=id HTTP/1.1" status: 200 len: 302 time: 0.0958617
2026-06-28 21:01:44.806 9 INFO neutron.wsgi [req-61619840-22e0-473b-99ef-36890255b953 req-9febab7a-ed6f-4f3b-b84a-695e14654240 ccaad008b0aa47239794adec87be5637 20f2cfd0977b45158f66d4824ebf86d0 - - 44e706304a8e4e5b82af10eac2ac5573 44e706304a8e4e5b82af10eac2ac5573] 10.0.0.16 "GET /v2.0/extensions HTTP/1.1" status: 200 len: 16980 time: 0.1316273
2026-06-28 21:01:44.890 9 INFO neutron.wsgi [req-61619840-22e0-473b-99ef-36890255b953 req-836c7283-7108-45c8-8cea-647f589e7405 ccaad008b0aa47239794adec87be5637 20f2cfd0977b45158f66d4824ebf86d0 - - 44e706304a8e4e5b82af10eac2ac5573 44e706304a8e4e5b82af10eac2ac5573] 10.0.0.16 "GET /v2.0/networks/53b2a5a4-6cd1-4a97-9eea-24b17831f7cb?fields=segments HTTP/1.1" status: 200 len: 212 time: 0.0743101
2026-06-28 21:01:44.986 9 INFO neutron.wsgi [req-61619840-22e0-473b-99ef-36890255b953 req-29065ccd-569a-4b76-98ea-037842c7f638 ccaad008b0aa47239794adec87be5637 20f2cfd0977b45158f66d4824ebf86d0 - - 44e706304a8e4e5b82af10eac2ac5573 44e706304a8e4e5b82af10eac2ac5573] 10.0.0.16 "GET /v2.0/networks/53b2a5a4-6cd1-4a97-9eea-24b17831f7cb?fields=provider%3Aphysical_network&fields=provider%3Anetwork_type HTTP/1.1" status: 200 len: 277 time: 0.0886352
2026-06-28 21:01:45.191 9 INFO neutron.notifiers.nova [-] Nova event matching ['req-e91010f7-9441-41fa-8b4e-6cc75fed4097'] response: {'name': 'network-changed', 'server_uuid': 'b0c9d18a-1995-4aeb-aa01-40265f8b5a5a', 'tag': '12c80ae1-d599-4d28-bbd5-619d8550f756', 'status': 'completed', 'code': 200}
2026-06-28 21:01:45.272 9 INFO neutron.wsgi [req-3d028df0-5a7e-4550-af8d-399b8c573334 req-5c2d54c0-fe4b-4ca3-968e-96a5d63c869d ccaad008b0aa47239794adec87be5637 20f2cfd0977b45158f66d4824ebf86d0 - - 44e706304a8e4e5b82af10eac2ac5573 44e706304a8e4e5b82af10eac2ac5573] 199.204.45.38 "GET /v2.0/ports?tenant_id=54c20b9c43c145d1bcf2973b1f9d00a1&device_id=b0c9d18a-1995-4aeb-aa01-40265f8b5a5a HTTP/1.1" status: 200 len: 1409 time: 0.0508094
2026-06-28 21:01:45.348 9 INFO neutron.wsgi [req-73c32248-3e50-439b-8d63-2ed51679ce2e req-d02a7e85-cde7-44f0-b808-9c977fc5c4f6 57872ae9e8fd4a088998ac6796aed47e ca5aa5260ea943ada17dbe2a476dc898 - - default default] 10.0.0.16 "GET /v2.0/ports?device_id=f5c58cdd-779e-4ec3-9806-d196c227bf37 HTTP/1.1" status: 200 len: 210 time: 0.0392826
2026-06-28 21:01:45.375 9 INFO neutron.wsgi [req-3d028df0-5a7e-4550-af8d-399b8c573334 req-2d5b9f0b-64e3-46e9-bad7-9dfb66514330 ccaad008b0aa47239794adec87be5637 20f2cfd0977b45158f66d4824ebf86d0 - - 44e706304a8e4e5b82af10eac2ac5573 44e706304a8e4e5b82af10eac2ac5573] 199.204.45.38 "GET /v2.0/networks?id=4c4e0f00-52b2-48a8-aa58-0516b6b8ed14 HTTP/1.1" status: 200 len: 982 time: 0.0923402
2026-06-28 21:01:45.462 9 INFO neutron.wsgi [req-3d028df0-5a7e-4550-af8d-399b8c573334 req-edf93b16-f41f-4b20-b8c8-2e35674f4df9 ccaad008b0aa47239794adec87be5637 20f2cfd0977b45158f66d4824ebf86d0 - - 44e706304a8e4e5b82af10eac2ac5573 44e706304a8e4e5b82af10eac2ac5573] 199.204.45.38 "GET /v2.0/floatingips?fixed_ip_address=10.100.0.5&port_id=12c80ae1-d599-4d28-bbd5-619d8550f756 HTTP/1.1" status: 200 len: 1059 time: 0.0763586
2026-06-28 21:01:45.521 9 INFO neutron.wsgi [req-3d028df0-5a7e-4550-af8d-399b8c573334 req-52ffb106-dbf3-428e-9bbc-05cf8ee4bbf5 ccaad008b0aa47239794adec87be5637 20f2cfd0977b45158f66d4824ebf86d0 - - 44e706304a8e4e5b82af10eac2ac5573 44e706304a8e4e5b82af10eac2ac5573] 199.204.45.38 "GET /v2.0/subnets?id=9479f1a8-f656-4f4d-9c3d-ba3c84a0e47d HTTP/1.1" status: 200 len: 877 time: 0.0511150
2026-06-28 21:01:45.551 9 INFO neutron.wsgi [req-3d028df0-5a7e-4550-af8d-399b8c573334 req-f5ba12af-aec3-4257-849b-5468b8836834 ccaad008b0aa47239794adec87be5637 20f2cfd0977b45158f66d4824ebf86d0 - - 44e706304a8e4e5b82af10eac2ac5573 44e706304a8e4e5b82af10eac2ac5573] 199.204.45.38 "GET /v2.0/ports?network_id=4c4e0f00-52b2-48a8-aa58-0516b6b8ed14&device_owner=network%3Adhcp HTTP/1.1" status: 200 len: 210 time: 0.0237496
2026-06-28 21:01:45.620 9 INFO neutron.wsgi [req-3d028df0-5a7e-4550-af8d-399b8c573334 req-db321467-d3ba-46ac-a6d0-74edd459e620 ccaad008b0aa47239794adec87be5637 20f2cfd0977b45158f66d4824ebf86d0 - - 44e706304a8e4e5b82af10eac2ac5573 44e706304a8e4e5b82af10eac2ac5573] 199.204.45.38 "GET /v2.0/networks/4c4e0f00-52b2-48a8-aa58-0516b6b8ed14?fields=segments HTTP/1.1" status: 200 len: 212 time: 0.0620451
2026-06-28 21:01:45.688 9 INFO neutron.wsgi [req-3d028df0-5a7e-4550-af8d-399b8c573334 req-bd0c3673-213e-45ef-85c0-d93196205afa ccaad008b0aa47239794adec87be5637 20f2cfd0977b45158f66d4824ebf86d0 - - 44e706304a8e4e5b82af10eac2ac5573 44e706304a8e4e5b82af10eac2ac5573] 199.204.45.38 "GET /v2.0/networks/4c4e0f00-52b2-48a8-aa58-0516b6b8ed14?fields=provider%3Aphysical_network&fields=provider%3Anetwork_type HTTP/1.1" status: 200 len: 277 time: 0.0609086
2026-06-28 21:01:45.868 10 INFO neutron.db.ovn_revision_numbers_db [None req-f9d78669-418e-44b4-a96d-845adf7ddc9b dee7710eebe641e998a3146c11aaf224 0252989593b642ec99ca19ce4267a2c0 - - default default] Successfully bumped revision number for resource 0c06e910-47b4-470c-a6cc-c9b456ad3fcc (type: security_groups) to 1
2026-06-28 21:01:45.881 10 INFO neutron.db.ovn_revision_numbers_db [None req-f9d78669-418e-44b4-a96d-845adf7ddc9b dee7710eebe641e998a3146c11aaf224 0252989593b642ec99ca19ce4267a2c0 - - default default] Successfully bumped revision number for resource 6b083b92-46b8-4613-a7ed-6cb3c76611a9 (type: security_group_rules) to 0
2026-06-28 21:01:45.895 10 INFO neutron.db.ovn_revision_numbers_db [None req-f9d78669-418e-44b4-a96d-845adf7ddc9b dee7710eebe641e998a3146c11aaf224 0252989593b642ec99ca19ce4267a2c0 - - default default] Successfully bumped revision number for resource 932e4e80-7fed-4572-9d0c-401beb319782 (type: security_group_rules) to 0
2026-06-28 21:01:45.909 10 INFO neutron.db.ovn_revision_numbers_db [None req-f9d78669-418e-44b4-a96d-845adf7ddc9b dee7710eebe641e998a3146c11aaf224 0252989593b642ec99ca19ce4267a2c0 - - default default] Successfully bumped revision number for resource b7420817-dee5-4a2a-812d-1f57c97bbe3e (type: security_group_rules) to 0
2026-06-28 21:01:45.923 10 INFO neutron.db.ovn_revision_numbers_db [None req-f9d78669-418e-44b4-a96d-845adf7ddc9b dee7710eebe641e998a3146c11aaf224 0252989593b642ec99ca19ce4267a2c0 - - default default] Successfully bumped revision number for resource f1c154f0-0ff4-4988-840e-a68af0ae50ef (type: security_group_rules) to 0
2026-06-28 21:01:45.971 10 INFO neutron.db.segments_db [None req-f9d78669-418e-44b4-a96d-845adf7ddc9b dee7710eebe641e998a3146c11aaf224 0252989593b642ec99ca19ce4267a2c0 - - default default] Added segment 030a43f4-e64a-4482-9a25-8fecbc69da29 of type geneve for network a8b0360d-a9ee-42de-9cee-405ff62a82f1
2026-06-28 21:01:46.086 10 INFO neutron.db.ovn_revision_numbers_db [None req-f9d78669-418e-44b4-a96d-845adf7ddc9b dee7710eebe641e998a3146c11aaf224 0252989593b642ec99ca19ce4267a2c0 - - default default] Successfully bumped revision number for resource a8b0360d-a9ee-42de-9cee-405ff62a82f1 (type: networks) to 1
2026-06-28 21:01:46.134 9 INFO neutron.wsgi [req-61619840-22e0-473b-99ef-36890255b953 req-ed1b5130-4ab7-4563-8893-5ae10dfac86e 57872ae9e8fd4a088998ac6796aed47e ca5aa5260ea943ada17dbe2a476dc898 - - default default] 199.204.45.38 "GET /v2.0/networks?id=53b2a5a4-6cd1-4a97-9eea-24b17831f7cb HTTP/1.1" status: 200 len: 878 time: 0.0752335
2026-06-28 21:01:46.182 9 INFO neutron.wsgi [req-61619840-22e0-473b-99ef-36890255b953 req-e8d85753-d3f2-4d51-b9f2-a51221176ff3 57872ae9e8fd4a088998ac6796aed47e ca5aa5260ea943ada17dbe2a476dc898 - - default default] 199.204.45.38 "GET /v2.0/security-groups?fields=id&fields=name&tenant_id=ca5aa5260ea943ada17dbe2a476dc898 HTTP/1.1" status: 200 len: 380 time: 0.0423098
2026-06-28 21:01:46.191 9 WARNING neutron_lib.context [req-61619840-22e0-473b-99ef-36890255b953 req-2169a241-16d9-4df1-9ecb-2fafc9281b09 57872ae9e8fd4a088998ac6796aed47e ca5aa5260ea943ada17dbe2a476dc898 - - default default] Method 'is_advsvc' is deprecated since 2023.2 release (neutron-lib 3.8.0) and will be removed once support for the old RBAC API policies will be removed from Neutron. Please use method 'is_service_role' instead.
2026-06-28 21:01:46.222 10 WARNING neutron.scheduler.dhcp_agent_scheduler [None req-f9d78669-418e-44b4-a96d-845adf7ddc9b dee7710eebe641e998a3146c11aaf224 0252989593b642ec99ca19ce4267a2c0 - - default default] No more DHCP agents
2026-06-28 21:01:46.224 10 WARNING neutron.api.rpc.agentnotifiers.dhcp_rpc_agent_api [None req-f9d78669-418e-44b4-a96d-845adf7ddc9b dee7710eebe641e998a3146c11aaf224 0252989593b642ec99ca19ce4267a2c0 - - default default] Unable to schedule network a8b0360d-a9ee-42de-9cee-405ff62a82f1: no agents available; will retry on subsequent port and subnet creation events.
2026-06-28 21:01:46.315 10 INFO neutron.db.ovn_revision_numbers_db [None req-f9d78669-418e-44b4-a96d-845adf7ddc9b dee7710eebe641e998a3146c11aaf224 0252989593b642ec99ca19ce4267a2c0 - - default default] Successfully bumped revision number for resource be11f335-0348-43a0-88bf-73517c938ce6 (type: ports) to 1
2026-06-28 21:01:46.340 10 INFO neutron.wsgi [None req-f9d78669-418e-44b4-a96d-845adf7ddc9b dee7710eebe641e998a3146c11aaf224 0252989593b642ec99ca19ce4267a2c0 - - default default] 10.0.0.226 "POST /v2.0/networks HTTP/1.1" status: 201 len: 944 time: 0.7623749
2026-06-28 21:01:46.475 9 INFO neutron.wsgi [req-20cf6ef9-3cb8-4f7d-a4f6-ac17d446d3fd req-7b5885f8-c9b4-4e6d-a95f-2c266ba8c082 57872ae9e8fd4a088998ac6796aed47e ca5aa5260ea943ada17dbe2a476dc898 - - default default] 10.0.0.16 "GET /v2.0/ports?device_id=f5c58cdd-779e-4ec3-9806-d196c227bf37 HTTP/1.1" status: 200 len: 210 time: 0.0391665
2026-06-28 21:01:46.515 10 WARNING neutron.scheduler.dhcp_agent_scheduler [None req-0d1b262e-c55b-4514-975e-850bf5f2d734 dee7710eebe641e998a3146c11aaf224 0252989593b642ec99ca19ce4267a2c0 - - default default] No more DHCP agents
2026-06-28 21:01:46.518 10 WARNING neutron.api.rpc.agentnotifiers.dhcp_rpc_agent_api [None req-0d1b262e-c55b-4514-975e-850bf5f2d734 dee7710eebe641e998a3146c11aaf224 0252989593b642ec99ca19ce4267a2c0 - - default default] Unable to schedule network a8b0360d-a9ee-42de-9cee-405ff62a82f1: no agents available; will retry on subsequent port and subnet creation events.
2026-06-28 21:01:46.582 9 WARNING neutron.scheduler.dhcp_agent_scheduler [req-61619840-22e0-473b-99ef-36890255b953 req-2169a241-16d9-4df1-9ecb-2fafc9281b09 57872ae9e8fd4a088998ac6796aed47e ca5aa5260ea943ada17dbe2a476dc898 - - default default] No more DHCP agents
2026-06-28 21:01:46.584 9 WARNING neutron.api.rpc.agentnotifiers.dhcp_rpc_agent_api [req-61619840-22e0-473b-99ef-36890255b953 req-2169a241-16d9-4df1-9ecb-2fafc9281b09 57872ae9e8fd4a088998ac6796aed47e ca5aa5260ea943ada17dbe2a476dc898 - - default default] Unable to schedule network 53b2a5a4-6cd1-4a97-9eea-24b17831f7cb: no agents available; will retry on subsequent port and subnet creation events.
2026-06-28 21:01:46.746 9 INFO neutron.db.ovn_revision_numbers_db [req-61619840-22e0-473b-99ef-36890255b953 req-2169a241-16d9-4df1-9ecb-2fafc9281b09 57872ae9e8fd4a088998ac6796aed47e ca5aa5260ea943ada17dbe2a476dc898 - - default default] Successfully bumped revision number for resource 4d4c45d5-8715-4147-8d11-eb6747692cb7 (type: ports) to 1
2026-06-28 21:01:46.770 9 INFO neutron.wsgi [req-61619840-22e0-473b-99ef-36890255b953 req-2169a241-16d9-4df1-9ecb-2fafc9281b09 57872ae9e8fd4a088998ac6796aed47e ca5aa5260ea943ada17dbe2a476dc898 - - default default] 199.204.45.38 "POST /v2.0/ports HTTP/1.1" status: 201 len: 1158 time: 0.5838673 /var/lib/openstack/lib/python3.10/site-packages/pycadf/identifier.py:71: UserWarning: Invalid uuid: neutron. To ensure interoperability, identifiers should be a valid uuid. warnings.warn(('Invalid uuid: %s. To ensure interoperability, '
2026-06-28 21:01:47.048 10 INFO neutron.db.ovn_revision_numbers_db [None req-0d1b262e-c55b-4514-975e-850bf5f2d734 dee7710eebe641e998a3146c11aaf224 0252989593b642ec99ca19ce4267a2c0 - - default default] Successfully bumped revision number for resource be11f335-0348-43a0-88bf-73517c938ce6 (type: ports) to 2
2026-06-28 21:01:47.082 10 INFO neutron.db.ovn_revision_numbers_db [None req-0d1b262e-c55b-4514-975e-850bf5f2d734 dee7710eebe641e998a3146c11aaf224 0252989593b642ec99ca19ce4267a2c0 - - default default] Successfully bumped revision number for resource c5b24b0e-8007-41d8-a6c1-eda7925a9740 (type: subnets) to 0
2026-06-28 21:01:47.099 10 INFO neutron.wsgi [None req-0d1b262e-c55b-4514-975e-850bf5f2d734 dee7710eebe641e998a3146c11aaf224 0252989593b642ec99ca19ce4267a2c0 - - default default] 10.0.0.226 "POST /v2.0/subnets HTTP/1.1" status: 201 len: 864 time: 0.7515895
2026-06-28 21:01:47.100 10 INFO neutron.db.ovn_revision_numbers_db [None req-1950d726-603e-4218-beac-83d16bf64252 dee7710eebe641e998a3146c11aaf224 0252989593b642ec99ca19ce4267a2c0 - - default default] Successfully bumped revision number for resource e523f4fe-3772-4587-b56e-914891daf0e0 (type: security_groups) to 1 /var/lib/openstack/lib/python3.10/site-packages/pycadf/identifier.py:71: UserWarning: Invalid uuid: neutron. To ensure interoperability, identifiers should be a valid uuid. warnings.warn(('Invalid uuid: %s. To ensure interoperability, '
2026-06-28 21:01:47.113 10 INFO neutron.db.ovn_revision_numbers_db [None req-1950d726-603e-4218-beac-83d16bf64252 dee7710eebe641e998a3146c11aaf224 0252989593b642ec99ca19ce4267a2c0 - - default default] Successfully bumped revision number for resource 396ec811-3efa-4ec1-af3a-823a42e9cbdf (type: security_group_rules) to 0
2026-06-28 21:01:47.124 10 INFO neutron.db.ovn_revision_numbers_db [None req-1950d726-603e-4218-beac-83d16bf64252 dee7710eebe641e998a3146c11aaf224 0252989593b642ec99ca19ce4267a2c0 - - default default] Successfully bumped revision number for resource 3ac1752b-4de1-4a22-97de-817692048833 (type: security_group_rules) to 0
2026-06-28 21:01:47.137 10 INFO neutron.db.ovn_revision_numbers_db [None req-1950d726-603e-4218-beac-83d16bf64252 dee7710eebe641e998a3146c11aaf224 0252989593b642ec99ca19ce4267a2c0 - - default default] Successfully bumped revision number for resource a6b6b3af-ddda-4261-8fac-3a7792007517 (type: security_group_rules) to 0
2026-06-28 21:01:47.152 10 INFO neutron.db.ovn_revision_numbers_db [None req-1950d726-603e-4218-beac-83d16bf64252 dee7710eebe641e998a3146c11aaf224 0252989593b642ec99ca19ce4267a2c0 - - default default] Successfully bumped revision number for resource d5c47d78-ff9b-4281-aef3-7249fafea0df (type: security_group_rules) to 0
2026-06-28 21:01:47.177 10 INFO neutron.wsgi [None req-1950d726-603e-4218-beac-83d16bf64252 dee7710eebe641e998a3146c11aaf224 0252989593b642ec99ca19ce4267a2c0 - - default default] 10.0.0.226 "GET /v2.0/security-groups?tenant_id=9c6f2f57951d4195941ab25ce5951b1a&name=default HTTP/1.1" status: 200 len: 2996 time: 0.3385663
2026-06-28 21:01:47.234 9 INFO neutron.db.ovn_revision_numbers_db [req-61619840-22e0-473b-99ef-36890255b953 req-a992625a-d283-4a89-9400-809ade6f233e ccaad008b0aa47239794adec87be5637 20f2cfd0977b45158f66d4824ebf86d0 - - 44e706304a8e4e5b82af10eac2ac5573 44e706304a8e4e5b82af10eac2ac5573] Successfully bumped revision number for resource 4d4c45d5-8715-4147-8d11-eb6747692cb7 (type: ports) to 2
2026-06-28 21:01:47.624 9 INFO neutron.wsgi [req-9757fc91-a089-4b7f-8187-5b775e186b0b req-3acca6e7-3402-4daf-bbbf-ac815cd4f317 57872ae9e8fd4a088998ac6796aed47e ca5aa5260ea943ada17dbe2a476dc898 - - default default] 10.0.0.16 "GET /v2.0/ports?device_id=f5c58cdd-779e-4ec3-9806-d196c227bf37 HTTP/1.1" status: 200 len: 1168 time: 0.0762386
2026-06-28 21:01:47.735 9 INFO neutron.wsgi [req-9757fc91-a089-4b7f-8187-5b775e186b0b req-1c3e3ce3-89b2-41f2-8514-b2abfb3bf78f 57872ae9e8fd4a088998ac6796aed47e ca5aa5260ea943ada17dbe2a476dc898 - - default default] 10.0.0.16 "GET /v2.0/security-groups?id=32bcccd9-69fc-46af-958e-d683e446f525&fields=id&fields=name HTTP/1.1" status: 200 len: 313 time: 0.1000552
2026-06-28 21:01:47.804 9 INFO neutron.db.ovn_revision_numbers_db [req-61619840-22e0-473b-99ef-36890255b953 req-a992625a-d283-4a89-9400-809ade6f233e ccaad008b0aa47239794adec87be5637 20f2cfd0977b45158f66d4824ebf86d0 - - 44e706304a8e4e5b82af10eac2ac5573 44e706304a8e4e5b82af10eac2ac5573] Successfully bumped revision number for resource 4d4c45d5-8715-4147-8d11-eb6747692cb7 (type: ports) to 2
2026-06-28 21:01:47.824 9 INFO neutron.wsgi [None req-a5ec7421-a176-42f5-a4fb-16cf481f7eec dee7710eebe641e998a3146c11aaf224 0252989593b642ec99ca19ce4267a2c0 - - default default] 10.0.0.226 "DELETE /v2.0/security-groups/e523f4fe-3772-4587-b56e-914891daf0e0 HTTP/1.1" status: 204 len: 168 time: 0.6376328
2026-06-28 21:01:47.834 9 INFO neutron.wsgi [req-61619840-22e0-473b-99ef-36890255b953 req-a992625a-d283-4a89-9400-809ade6f233e ccaad008b0aa47239794adec87be5637 20f2cfd0977b45158f66d4824ebf86d0 - - 44e706304a8e4e5b82af10eac2ac5573 44e706304a8e4e5b82af10eac2ac5573] 199.204.45.38 "PUT /v2.0/ports/4d4c45d5-8715-4147-8d11-eb6747692cb7 HTTP/1.1" status: 200 len: 1376 time: 1.0579371
2026-06-28 21:01:47.873 9 INFO neutron.notifiers.nova [-] Nova event matching ['req-bd69ab45-6eba-48f4-9ed5-961ea1b9591f'] response: {'name': 'network-changed', 'server_uuid': 'f5c58cdd-779e-4ec3-9806-d196c227bf37', 'tag': '4d4c45d5-8715-4147-8d11-eb6747692cb7', 'status': 'completed', 'code': 200} /var/lib/openstack/lib/python3.10/site-packages/pycadf/identifier.py:71: UserWarning: Invalid uuid: neutron. To ensure interoperability, identifiers should be a valid uuid. warnings.warn(('Invalid uuid: %s. To ensure interoperability, '
2026-06-28 21:01:47.919 9 WARNING neutron.scheduler.dhcp_agent_scheduler [None req-256ce9cb-4ab0-4af1-958c-e9944245d33b dee7710eebe641e998a3146c11aaf224 0252989593b642ec99ca19ce4267a2c0 - - default default] No more DHCP agents
2026-06-28 21:01:47.923 9 INFO neutron.wsgi [req-61619840-22e0-473b-99ef-36890255b953 req-4f988814-34c4-478a-861b-d99ad8e00b4e ccaad008b0aa47239794adec87be5637 20f2cfd0977b45158f66d4824ebf86d0 - - 44e706304a8e4e5b82af10eac2ac5573 44e706304a8e4e5b82af10eac2ac5573] 199.204.45.38 "GET /v2.0/ports?tenant_id=ca5aa5260ea943ada17dbe2a476dc898&device_id=f5c58cdd-779e-4ec3-9806-d196c227bf37 HTTP/1.1" status: 200 len: 1407 time: 0.0421934
2026-06-28 21:01:47.925 9 WARNING neutron.api.rpc.agentnotifiers.dhcp_rpc_agent_api [None req-256ce9cb-4ab0-4af1-958c-e9944245d33b dee7710eebe641e998a3146c11aaf224 0252989593b642ec99ca19ce4267a2c0 - - default default] Unable to schedule network 4ea9bd8f-e56b-4845-914f-cd1f40212904: no agents available; will retry on subsequent port and subnet creation events.
2026-06-28 21:01:47.963 9 INFO neutron.wsgi [req-61619840-22e0-473b-99ef-36890255b953 req-caf2ee09-7674-40b1-ad94-5d592f21a2eb ccaad008b0aa47239794adec87be5637 20f2cfd0977b45158f66d4824ebf86d0 - - 44e706304a8e4e5b82af10eac2ac5573 44e706304a8e4e5b82af10eac2ac5573] 199.204.45.38 "GET /v2.0/floatingips?fixed_ip_address=10.100.0.5&port_id=4d4c45d5-8715-4147-8d11-eb6747692cb7 HTTP/1.1" status: 200 len: 217 time: 0.0323868
2026-06-28 21:01:48.008 9 INFO neutron.wsgi [req-61619840-22e0-473b-99ef-36890255b953 req-83813b21-b831-436c-9a62-826c34499e79 ccaad008b0aa47239794adec87be5637 20f2cfd0977b45158f66d4824ebf86d0 - - 44e706304a8e4e5b82af10eac2ac5573 44e706304a8e4e5b82af10eac2ac5573] 199.204.45.38 "GET /v2.0/subnets?id=d713a340-ff9c-468a-bec7-b904a81160b3 HTTP/1.1" status: 200 len: 872 time: 0.0355515
2026-06-28 21:01:48.050 9 INFO neutron.wsgi [req-61619840-22e0-473b-99ef-36890255b953 req-7e4f4036-ab48-4cbb-b14b-b6bab31ea73b ccaad008b0aa47239794adec87be5637 20f2cfd0977b45158f66d4824ebf86d0 - - 44e706304a8e4e5b82af10eac2ac5573 44e706304a8e4e5b82af10eac2ac5573] 199.204.45.38 "GET /v2.0/ports?network_id=53b2a5a4-6cd1-4a97-9eea-24b17831f7cb&device_owner=network%3Adhcp HTTP/1.1" status: 200 len: 210 time: 0.0336249
2026-06-28 21:01:48.125 9 INFO neutron.wsgi [req-61619840-22e0-473b-99ef-36890255b953 req-2bdf76ec-afab-42c6-8313-23a7407992bb ccaad008b0aa47239794adec87be5637 20f2cfd0977b45158f66d4824ebf86d0 - - 44e706304a8e4e5b82af10eac2ac5573 44e706304a8e4e5b82af10eac2ac5573] 199.204.45.38 "GET /v2.0/networks/53b2a5a4-6cd1-4a97-9eea-24b17831f7cb?fields=segments HTTP/1.1" status: 200 len: 212 time: 0.0675602
2026-06-28 21:01:48.125 9 INFO neutron.db.ovn_revision_numbers_db [None req-256ce9cb-4ab0-4af1-958c-e9944245d33b dee7710eebe641e998a3146c11aaf224 0252989593b642ec99ca19ce4267a2c0 - - default default] Successfully bumped revision number for resource 7aac69fa-e9e6-4d63-bdd0-fb2fca36ca6e (type: ports) to 1
2026-06-28 21:01:48.215 9 INFO neutron.wsgi [req-61619840-22e0-473b-99ef-36890255b953 req-d006cd79-a98b-4dfe-ab83-0d859ad3dd11 ccaad008b0aa47239794adec87be5637 20f2cfd0977b45158f66d4824ebf86d0 - - 44e706304a8e4e5b82af10eac2ac5573 44e706304a8e4e5b82af10eac2ac5573] 199.204.45.38 "GET /v2.0/networks/53b2a5a4-6cd1-4a97-9eea-24b17831f7cb?fields=provider%3Aphysical_network&fields=provider%3Anetwork_type HTTP/1.1" status: 200 len: 277 time: 0.0831635
2026-06-28 21:01:48.309 9 INFO neutron.wsgi [req-0c692791-fc38-4be1-917b-2e882cf62948 req-057c4c03-4316-4047-9757-5dd43c466ab8 ccaad008b0aa47239794adec87be5637 20f2cfd0977b45158f66d4824ebf86d0 - - 44e706304a8e4e5b82af10eac2ac5573 44e706304a8e4e5b82af10eac2ac5573] 199.204.45.38 "GET /v2.0/ports?tenant_id=ca5aa5260ea943ada17dbe2a476dc898&device_id=f5c58cdd-779e-4ec3-9806-d196c227bf37 HTTP/1.1" status: 200 len: 1407 time: 0.0376005
2026-06-28 21:01:48.410 9 INFO neutron.wsgi [req-0c692791-fc38-4be1-917b-2e882cf62948 req-33e02dea-af6a-4b0f-863b-fc3c9168c78d ccaad008b0aa47239794adec87be5637 20f2cfd0977b45158f66d4824ebf86d0 - - 44e706304a8e4e5b82af10eac2ac5573 44e706304a8e4e5b82af10eac2ac5573] 199.204.45.38 "GET /v2.0/networks?id=53b2a5a4-6cd1-4a97-9eea-24b17831f7cb HTTP/1.1" status: 200 len: 977 time: 0.0818372
2026-06-28 21:01:48.447 9 INFO neutron.wsgi [req-0c692791-fc38-4be1-917b-2e882cf62948 req-96f79416-b773-4e7c-a36b-12b19174af55 ccaad008b0aa47239794adec87be5637 20f2cfd0977b45158f66d4824ebf86d0 - - 44e706304a8e4e5b82af10eac2ac5573 44e706304a8e4e5b82af10eac2ac5573] 199.204.45.38 "GET /v2.0/floatingips?fixed_ip_address=10.100.0.5&port_id=4d4c45d5-8715-4147-8d11-eb6747692cb7 HTTP/1.1" status: 200 len: 217 time: 0.0188136
2026-06-28 21:01:48.503 9 INFO neutron.wsgi [req-0c692791-fc38-4be1-917b-2e882cf62948 req-9a508ae9-ad5c-43a9-9c43-0692a12bee37 ccaad008b0aa47239794adec87be5637 20f2cfd0977b45158f66d4824ebf86d0 - - 44e706304a8e4e5b82af10eac2ac5573 44e706304a8e4e5b82af10eac2ac5573] 199.204.45.38 "GET /v2.0/subnets?id=d713a340-ff9c-468a-bec7-b904a81160b3 HTTP/1.1" status: 200 len: 872 time: 0.0439360
2026-06-28 21:01:48.558 9 INFO neutron.wsgi [req-0c692791-fc38-4be1-917b-2e882cf62948 req-ea0b5a5f-8d5d-4c79-b65c-3dbae3b94868 ccaad008b0aa47239794adec87be5637 20f2cfd0977b45158f66d4824ebf86d0 - - 44e706304a8e4e5b82af10eac2ac5573 44e706304a8e4e5b82af10eac2ac5573] 199.204.45.38 "GET /v2.0/ports?network_id=53b2a5a4-6cd1-4a97-9eea-24b17831f7cb&device_owner=network%3Adhcp HTTP/1.1" status: 200 len: 210 time: 0.0479164
2026-06-28 21:01:48.641 9 INFO neutron.wsgi [req-0c692791-fc38-4be1-917b-2e882cf62948 req-56b906b9-0449-4400-9f91-a6e6045f2da4 ccaad008b0aa47239794adec87be5637 20f2cfd0977b45158f66d4824ebf86d0 - - 44e706304a8e4e5b82af10eac2ac5573 44e706304a8e4e5b82af10eac2ac5573] 199.204.45.38 "GET /v2.0/networks/53b2a5a4-6cd1-4a97-9eea-24b17831f7cb?fields=segments HTTP/1.1" status: 200 len: 212 time: 0.0695472
2026-06-28 21:01:48.730 9 INFO neutron.wsgi [req-0c692791-fc38-4be1-917b-2e882cf62948 req-659bb1d6-58a3-4b07-ac42-81ca77a73d6b ccaad008b0aa47239794adec87be5637 20f2cfd0977b45158f66d4824ebf86d0 - - 44e706304a8e4e5b82af10eac2ac5573 44e706304a8e4e5b82af10eac2ac5573] 199.204.45.38 "GET /v2.0/networks/53b2a5a4-6cd1-4a97-9eea-24b17831f7cb?fields=provider%3Aphysical_network&fields=provider%3Anetwork_type HTTP/1.1" status: 200 len: 277 time: 0.0852063
2026-06-28 21:01:48.843 9 INFO neutron.wsgi [req-31550049-a331-40fd-8457-8b36f7236c35 req-b54eef36-bacf-4a14-b5ea-2355cb5b9823 57872ae9e8fd4a088998ac6796aed47e ca5aa5260ea943ada17dbe2a476dc898 - - default default] 10.0.0.16 "GET /v2.0/ports?device_id=f5c58cdd-779e-4ec3-9806-d196c227bf37 HTTP/1.1" status: 200 len: 1168 time: 0.0466332
2026-06-28 21:01:48.890 10 INFO neutron.plugins.ml2.drivers.ovn.mech_driver.mech_driver [None req-6780a589-b035-40c3-ba27-903bf3bdde07 - - - - - -] OVN reports status up for port: 7aac69fa-e9e6-4d63-bdd0-fb2fca36ca6e
2026-06-28 21:01:48.900 10 INFO neutron.plugins.ml2.drivers.ovn.mech_driver.ovsdb.ovsdb_monitor [None req-3f571b32-ab49-4f69-bf3e-8c1c435ba026 - - - - - -] Router 58d889f3-d9ce-4a89-8524-059f5ca83a7e is bound to host instance
2026-06-28 21:01:48.905 10 INFO neutron.plugins.ml2.plugin [None req-6780a589-b035-40c3-ba27-903bf3bdde07 - - - - - -] Attempt 1 to provision port 7aac69fa-e9e6-4d63-bdd0-fb2fca36ca6e
2026-06-28 21:01:48.907 9 INFO neutron.wsgi [req-31550049-a331-40fd-8457-8b36f7236c35 req-692f0c70-206a-4041-a3f4-ddb27d7ec2c2 57872ae9e8fd4a088998ac6796aed47e ca5aa5260ea943ada17dbe2a476dc898 - - default default] 10.0.0.16 "GET /v2.0/security-groups?id=32bcccd9-69fc-46af-958e-d683e446f525&fields=id&fields=name HTTP/1.1" status: 200 len: 313 time: 0.0548122
2026-06-28 21:01:48.921 9 INFO neutron.db.ovn_revision_numbers_db [None req-256ce9cb-4ab0-4af1-958c-e9944245d33b dee7710eebe641e998a3146c11aaf224 0252989593b642ec99ca19ce4267a2c0 - - default default] Successfully bumped revision number for resource 7aac69fa-e9e6-4d63-bdd0-fb2fca36ca6e (type: router_ports) to 1
2026-06-28 21:01:48.996 9 INFO neutron.db.ovn_revision_numbers_db [None req-256ce9cb-4ab0-4af1-958c-e9944245d33b dee7710eebe641e998a3146c11aaf224 0252989593b642ec99ca19ce4267a2c0 - - default default] Successfully bumped revision number for resource 58d889f3-d9ce-4a89-8524-059f5ca83a7e (type: routers) to 2
2026-06-28 21:01:49.008 9 INFO neutron.wsgi [None req-256ce9cb-4ab0-4af1-958c-e9944245d33b dee7710eebe641e998a3146c11aaf224 0252989593b642ec99ca19ce4267a2c0 - - default default] 10.0.0.226 "POST /v2.0/routers HTTP/1.1" status: 201 len: 875 time: 1.9025712
2026-06-28 21:01:49.518 10 INFO neutron.db.ovn_revision_numbers_db [None req-3f571b32-ab49-4f69-bf3e-8c1c435ba026 - - - - - -] Successfully bumped revision number for resource 7aac69fa-e9e6-4d63-bdd0-fb2fca36ca6e (type: ports) to 1
2026-06-28 21:01:49.630 9 WARNING neutron.scheduler.dhcp_agent_scheduler [None req-73a25359-ef2b-4f25-a58f-9c65fae8d930 dee7710eebe641e998a3146c11aaf224 0252989593b642ec99ca19ce4267a2c0 - - default default] No more DHCP agents
2026-06-28 21:01:49.631 9 WARNING neutron.api.rpc.agentnotifiers.dhcp_rpc_agent_api [None req-73a25359-ef2b-4f25-a58f-9c65fae8d930 dee7710eebe641e998a3146c11aaf224 0252989593b642ec99ca19ce4267a2c0 - - default default] Unable to schedule network a8b0360d-a9ee-42de-9cee-405ff62a82f1: no agents available; will retry on subsequent port and subnet creation events.
2026-06-28 21:01:49.747 10 INFO neutron.db.ovn_revision_numbers_db [None req-3f571b32-ab49-4f69-bf3e-8c1c435ba026 - - - - - -] Successfully bumped revision number for resource 7aac69fa-e9e6-4d63-bdd0-fb2fca36ca6e (type: router_ports) to 3
2026-06-28 21:01:49.785 9 INFO neutron.db.ovn_revision_numbers_db [None req-73a25359-ef2b-4f25-a58f-9c65fae8d930 dee7710eebe641e998a3146c11aaf224 0252989593b642ec99ca19ce4267a2c0 - - default default] Successfully bumped revision number for resource 2894e942-537f-43ab-9a10-57874c35cb81 (type: ports) to 1
2026-06-28 21:01:49.917 10 INFO neutron.db.ovn_revision_numbers_db [None req-3f571b32-ab49-4f69-bf3e-8c1c435ba026 - - - - - -] Successfully bumped revision number for resource 7aac69fa-e9e6-4d63-bdd0-fb2fca36ca6e (type: ports) to 2
2026-06-28 21:01:50.077 9 INFO neutron.wsgi [req-57753940-73fb-4e66-a86a-eb2eab13068c req-39aab0ea-5a59-4186-8838-5afad92668da 57872ae9e8fd4a088998ac6796aed47e ca5aa5260ea943ada17dbe2a476dc898 - - default default] 10.0.0.16 "GET /v2.0/ports?device_id=f5c58cdd-779e-4ec3-9806-d196c227bf37 HTTP/1.1" status: 200 len: 1168 time: 0.1000857
2026-06-28 21:01:50.125 9 INFO neutron.wsgi [req-57753940-73fb-4e66-a86a-eb2eab13068c req-8d9a60f9-87e4-4278-b91a-0947627ac956 57872ae9e8fd4a088998ac6796aed47e ca5aa5260ea943ada17dbe2a476dc898 - - default default] 10.0.0.16 "GET /v2.0/security-groups?id=32bcccd9-69fc-46af-958e-d683e446f525&fields=id&fields=name HTTP/1.1" status: 200 len: 313 time: 0.0341892
2026-06-28 21:01:50.169 10 INFO neutron.db.ovn_revision_numbers_db [None req-3f571b32-ab49-4f69-bf3e-8c1c435ba026 - - - - - -] Successfully bumped revision number for resource 7aac69fa-e9e6-4d63-bdd0-fb2fca36ca6e (type: ports) to 4
2026-06-28 21:01:50.209 9 INFO neutron.db.ovn_revision_numbers_db [None req-73a25359-ef2b-4f25-a58f-9c65fae8d930 dee7710eebe641e998a3146c11aaf224 0252989593b642ec99ca19ce4267a2c0 - - default default] Successfully bumped revision number for resource 2894e942-537f-43ab-9a10-57874c35cb81 (type: router_ports) to 1
2026-06-28 21:01:50.353 9 INFO neutron.db.ovn_revision_numbers_db [None req-73a25359-ef2b-4f25-a58f-9c65fae8d930 dee7710eebe641e998a3146c11aaf224 0252989593b642ec99ca19ce4267a2c0 - - default default] Successfully bumped revision number for resource 2894e942-537f-43ab-9a10-57874c35cb81 (type: ports) to 1
2026-06-28 21:01:50.409 9 WARNING neutron.scheduler.dhcp_agent_scheduler [None req-73a25359-ef2b-4f25-a58f-9c65fae8d930 dee7710eebe641e998a3146c11aaf224 0252989593b642ec99ca19ce4267a2c0 - - default default] No more DHCP agents
2026-06-28 21:01:50.410 9 WARNING neutron.api.rpc.agentnotifiers.dhcp_rpc_agent_api [None req-73a25359-ef2b-4f25-a58f-9c65fae8d930 dee7710eebe641e998a3146c11aaf224 0252989593b642ec99ca19ce4267a2c0 - - default default] Unable to schedule network a8b0360d-a9ee-42de-9cee-405ff62a82f1: no agents available; will retry on subsequent port and subnet creation events.
2026-06-28 21:01:50.520 10 INFO neutron.db.ovn_revision_numbers_db [None req-3f571b32-ab49-4f69-bf3e-8c1c435ba026 - - - - - -] Successfully bumped revision number for resource 7aac69fa-e9e6-4d63-bdd0-fb2fca36ca6e (type: router_ports) to 4
2026-06-28 21:01:51.012 9 INFO neutron.db.ovn_revision_numbers_db [None req-73a25359-ef2b-4f25-a58f-9c65fae8d930 dee7710eebe641e998a3146c11aaf224 0252989593b642ec99ca19ce4267a2c0 - - default default] Successfully bumped revision number for resource 2894e942-537f-43ab-9a10-57874c35cb81 (type: router_ports) to 1
2026-06-28 21:01:51.015 9 INFO neutron.wsgi [None req-73a25359-ef2b-4f25-a58f-9c65fae8d930 dee7710eebe641e998a3146c11aaf224 0252989593b642ec99ca19ce4267a2c0 - - default default] 10.0.0.226 "PUT /v2.0/routers/58d889f3-d9ce-4a89-8524-059f5ca83a7e/add_router_interface HTTP/1.1" status: 200 len: 503 time: 2.0013785
2026-06-28 21:01:51.235 9 INFO neutron.wsgi [req-1cff8dbb-5a3f-4f0a-9852-e0108c6c65ae req-11319e7d-de31-46f0-a063-4c5cb840acd8 57872ae9e8fd4a088998ac6796aed47e ca5aa5260ea943ada17dbe2a476dc898 - - default default] 10.0.0.16 "GET /v2.0/ports?device_id=f5c58cdd-779e-4ec3-9806-d196c227bf37 HTTP/1.1" status: 200 len: 1168 time: 0.0394111
2026-06-28 21:01:51.280 9 INFO neutron.wsgi [req-1cff8dbb-5a3f-4f0a-9852-e0108c6c65ae req-78e4764b-dda1-4191-88fb-9b1188b0c864 57872ae9e8fd4a088998ac6796aed47e ca5aa5260ea943ada17dbe2a476dc898 - - default default] 10.0.0.16 "GET /v2.0/security-groups?id=32bcccd9-69fc-46af-958e-d683e446f525&fields=id&fields=name HTTP/1.1" status: 200 len: 313 time: 0.0367196
2026-06-28 21:01:51.445 10 INFO neutron.plugins.ml2.drivers.ovn.mech_driver.mech_driver [None req-6780a589-b035-40c3-ba27-903bf3bdde07 - - - - - -] OVN reports status up for port: 4d4c45d5-8715-4147-8d11-eb6747692cb7
2026-06-28 21:01:51.459 10 INFO neutron.plugins.ml2.plugin [None req-6780a589-b035-40c3-ba27-903bf3bdde07 - - - - - -] Attempt 1 to provision port 4d4c45d5-8715-4147-8d11-eb6747692cb7
2026-06-28 21:01:51.627 10 WARNING neutron_lib.context [None req-9fb16e60-4eb9-4645-948a-e597f08e9b91 6817e45e69d844eda139e62656a6496e 1ef8279ab05843eead4324f246f55fd1 - - default default] Method 'is_advsvc' is deprecated since 2023.2 release (neutron-lib 3.8.0) and will be removed once support for the old RBAC API policies will be removed from Neutron. Please use method 'is_service_role' instead.
2026-06-28 21:01:51.730 9 INFO neutron.db.ovn_revision_numbers_db [None req-5fb4b2c7-6b9a-46ce-abbe-ab09ac92cbc7 dee7710eebe641e998a3146c11aaf224 0252989593b642ec99ca19ce4267a2c0 - - default default] Successfully bumped revision number for resource d5a8d6df-b983-41ee-9727-7176d4aa0583 (type: security_groups) to 1
2026-06-28 21:01:51.760 9 INFO neutron.db.ovn_revision_numbers_db [None req-5fb4b2c7-6b9a-46ce-abbe-ab09ac92cbc7 dee7710eebe641e998a3146c11aaf224 0252989593b642ec99ca19ce4267a2c0 - - default default] Successfully bumped revision number for resource 6bdd4dd4-6d7a-45ae-84e8-55c769af0296 (type: security_group_rules) to 0
2026-06-28 21:01:51.777 9 INFO neutron.db.ovn_revision_numbers_db [None req-5fb4b2c7-6b9a-46ce-abbe-ab09ac92cbc7 dee7710eebe641e998a3146c11aaf224 0252989593b642ec99ca19ce4267a2c0 - - default default] Successfully bumped revision number for resource befe7b2e-e28e-4ef0-8305-5b8d5950cba6 (type: security_group_rules) to 0
2026-06-28 21:01:51.778 10 INFO neutron.db.ovn_revision_numbers_db [None req-6780a589-b035-40c3-ba27-903bf3bdde07 - - - - - -] Successfully bumped revision number for resource 4d4c45d5-8715-4147-8d11-eb6747692cb7 (type: ports) to 4
2026-06-28 21:01:51.789 9 INFO neutron.db.ovn_revision_numbers_db [None req-5fb4b2c7-6b9a-46ce-abbe-ab09ac92cbc7 dee7710eebe641e998a3146c11aaf224 0252989593b642ec99ca19ce4267a2c0 - - default default] Successfully bumped revision number for resource c8c5ea88-d28c-4f6f-b7ae-489830ab324d (type: security_group_rules) to 0
2026-06-28 21:01:51.808 9 INFO neutron.db.ovn_revision_numbers_db [None req-5fb4b2c7-6b9a-46ce-abbe-ab09ac92cbc7 dee7710eebe641e998a3146c11aaf224 0252989593b642ec99ca19ce4267a2c0 - - default default] Successfully bumped revision number for resource e712e24c-388f-405f-ae31-f0a54ca638e8 (type: security_group_rules) to 0
2026-06-28 21:01:51.837 9 INFO neutron.wsgi [None req-5fb4b2c7-6b9a-46ce-abbe-ab09ac92cbc7 dee7710eebe641e998a3146c11aaf224 0252989593b642ec99ca19ce4267a2c0 - - default default] 10.0.0.226 "GET /v2.0/security-groups?tenant_id=fcaf78f2ec47421bbe160a6a3f59e0f8&name=default HTTP/1.1" status: 200 len: 2996 time: 0.3437181
2026-06-28 21:01:51.844 10 INFO neutron.plugins.ml2.drivers.ovn.mech_driver.mech_driver [None req-6780a589-b035-40c3-ba27-903bf3bdde07 - - - - - -] OVN reports status up for port: 2894e942-537f-43ab-9a10-57874c35cb81
2026-06-28 21:01:51.850 10 INFO neutron.plugins.ml2.plugin [None req-6780a589-b035-40c3-ba27-903bf3bdde07 - - - - - -] Attempt 1 to provision port 2894e942-537f-43ab-9a10-57874c35cb81
2026-06-28 21:01:51.865 10 INFO neutron.db.ovn_revision_numbers_db [None req-9fb16e60-4eb9-4645-948a-e597f08e9b91 6817e45e69d844eda139e62656a6496e 1ef8279ab05843eead4324f246f55fd1 - - default default] Successfully bumped revision number for resource a284d21a-24dc-4a76-b248-c75a816ead21 (type: security_groups) to 1
2026-06-28 21:01:51.885 10 INFO neutron.db.ovn_revision_numbers_db [None req-9fb16e60-4eb9-4645-948a-e597f08e9b91 6817e45e69d844eda139e62656a6496e 1ef8279ab05843eead4324f246f55fd1 - - default default] Successfully bumped revision number for resource d343975f-8844-42e9-ae1b-fab68d6b9a72 (type: security_group_rules) to 0
2026-06-28 21:01:51.900 10 INFO neutron.db.ovn_revision_numbers_db [None req-9fb16e60-4eb9-4645-948a-e597f08e9b91 6817e45e69d844eda139e62656a6496e 1ef8279ab05843eead4324f246f55fd1 - - default default] Successfully bumped revision number for resource ef807a71-88b1-4d9e-98d0-336b3970a40e (type: security_group_rules) to 0
2026-06-28 21:01:51.926 10 INFO neutron.wsgi [None req-9fb16e60-4eb9-4645-948a-e597f08e9b91 6817e45e69d844eda139e62656a6496e 1ef8279ab05843eead4324f246f55fd1 - - default default] 10.0.0.226 "POST /v2.0/security-groups HTTP/1.1" status: 201 len: 1797 time: 0.3045273
2026-06-28 21:01:51.936 9 WARNING neutron_lib.context [None req-43bbd552-20c9-4f9f-b318-6044983b7454 6817e45e69d844eda139e62656a6496e 1ef8279ab05843eead4324f246f55fd1 - - default default] Method 'is_advsvc' is deprecated since 2023.2 release (neutron-lib 3.8.0) and will be removed once support for the old RBAC API policies will be removed from Neutron. Please use method 'is_service_role' instead.
2026-06-28 21:01:51.978 10 INFO neutron.notifiers.nova [-] Nova event matching ['req-d4798398-97bf-48be-b360-d4027aa6a17f'] response: {'server_uuid': 'f5c58cdd-779e-4ec3-9806-d196c227bf37', 'name': 'network-vif-plugged', 'status': 'completed', 'tag': '4d4c45d5-8715-4147-8d11-eb6747692cb7', 'code': 200}
2026-06-28 21:01:52.103 9 INFO neutron.wsgi [None req-b4788f03-1aee-408d-bdf1-ab5e319c6b96 dee7710eebe641e998a3146c11aaf224 0252989593b642ec99ca19ce4267a2c0 - - default default] 10.0.0.226 "DELETE /v2.0/security-groups/d5a8d6df-b983-41ee-9727-7176d4aa0583 HTTP/1.1" status: 204 len: 168 time: 0.2576725
