2026-06-28 21:04:32.672 9 INFO neutron.db.ovn_revision_numbers_db [None req-4472fae7-9d96-4f06-bd19-8284bb5151ab 6fc1ce72f06d4bb58c4fb4a580789059 e72147b873f04025a8fbca04b1c56638 - - default default] Successfully bumped revision number for resource 3f77db34-2fcd-434d-9591-3118c0c95213 (type: security_group_rules) to 0
2026-06-28 21:04:32.696 9 INFO neutron.wsgi [None req-4472fae7-9d96-4f06-bd19-8284bb5151ab 6fc1ce72f06d4bb58c4fb4a580789059 e72147b873f04025a8fbca04b1c56638 - - default default] 10.0.0.226 "POST /v2.0/security-group-rules HTTP/1.1" status: 201 len: 764 time: 0.1614583
2026-06-28 21:04:32.706 9 WARNING neutron_lib.context [None req-72f33183-26ee-4add-b59f-8e2eec126c79 6fc1ce72f06d4bb58c4fb4a580789059 e72147b873f04025a8fbca04b1c56638 - - default default] Method 'is_advsvc' is deprecated since 2023.2 release (neutron-lib 3.8.0) and will be removed once support for the old RBAC API policies will be removed from Neutron. Please use method 'is_service_role' instead.
2026-06-28 21:04:32.804 10 INFO neutron.wsgi [None req-7b7e3e57-d3b8-4ae8-accc-213203ab4d95 36993febb4b54ec39f929bff2bc8d59c 9df53a99e97349049b418cda78b3e48a - - default default] 10.0.0.226 "PUT /v2.0/floatingips/50445c36-624b-44e8-99a1-bd193207b640/tags HTTP/1.1" status: 200 len: 212 time: 0.3081648
2026-06-28 21:04:32.854 9 INFO neutron.wsgi [None req-e8d5ce69-6cd5-47de-86bb-a2f93dfc2869 36993febb4b54ec39f929bff2bc8d59c 9df53a99e97349049b418cda78b3e48a - - default default] 10.0.0.226 "GET /v2.0/floatingips?tags=red HTTP/1.1" status: 200 len: 1866 time: 0.0424328
2026-06-28 21:04:32.864 9 INFO neutron.db.ovn_revision_numbers_db [None req-72f33183-26ee-4add-b59f-8e2eec126c79 6fc1ce72f06d4bb58c4fb4a580789059 e72147b873f04025a8fbca04b1c56638 - - default default] Successfully bumped revision number for resource c79447f3-43fb-420f-9e5f-a5196558fddb (type: security_group_rules) to 0
2026-06-28 21:04:32.886 9 INFO neutron.wsgi [None req-72f33183-26ee-4add-b59f-8e2eec126c79 6fc1ce72f06d4bb58c4fb4a580789059 e72147b873f04025a8fbca04b1c56638 - - default default] 10.0.0.226 "POST /v2.0/security-group-rules HTTP/1.1" status: 201 len: 769 time: 0.1853731
2026-06-28 21:04:32.896 9 WARNING neutron_lib.context [None req-c1dda491-3fdf-4d64-b06b-8131049bbc9f 6fc1ce72f06d4bb58c4fb4a580789059 e72147b873f04025a8fbca04b1c56638 - - default default] Method 'is_advsvc' is deprecated since 2023.2 release (neutron-lib 3.8.0) and will be removed once support for the old RBAC API policies will be removed from Neutron. Please use method 'is_service_role' instead.
2026-06-28 21:04:32.904 10 INFO neutron.wsgi [None req-94267355-c54a-48bf-851e-5bb010d346aa 36993febb4b54ec39f929bff2bc8d59c 9df53a99e97349049b418cda78b3e48a - - default default] 10.0.0.226 "GET /v2.0/floatingips?tags=red%2Cblue HTTP/1.1" status: 200 len: 1323 time: 0.0444093
2026-06-28 21:04:32.959 10 INFO neutron.wsgi [None req-6de3cb13-1f63-4292-b518-4a6b44672e84 36993febb4b54ec39f929bff2bc8d59c 9df53a99e97349049b418cda78b3e48a - - default default] 10.0.0.226 "GET /v2.0/floatingips?tags-any=blue HTTP/1.1" status: 200 len: 1323 time: 0.0494251
2026-06-28 21:04:33.011 10 INFO neutron.wsgi [None req-b24d77b7-487c-4a29-b4f1-2633bc2ba81f 36993febb4b54ec39f929bff2bc8d59c 9df53a99e97349049b418cda78b3e48a - - default default] 10.0.0.226 "GET /v2.0/floatingips?tags-any=red%2Cblue HTTP/1.1" status: 200 len: 1866 time: 0.0432694
2026-06-28 21:04:33.073 10 INFO neutron.wsgi [None req-a6daf783-09d2-4440-bba1-6f15585abc2f 36993febb4b54ec39f929bff2bc8d59c 9df53a99e97349049b418cda78b3e48a - - default default] 10.0.0.226 "GET /v2.0/floatingips?not-tags=red HTTP/1.1" status: 200 len: 1295 time: 0.0572979
2026-06-28 21:04:33.130 10 INFO neutron.wsgi [None req-319bca04-b154-4702-9a16-45db70353ea3 36993febb4b54ec39f929bff2bc8d59c 9df53a99e97349049b418cda78b3e48a - - default default] 10.0.0.226 "GET /v2.0/floatingips?not-tags=red%2Cblue HTTP/1.1" status: 200 len: 1838 time: 0.0508106
2026-06-28 21:04:33.131 9 WARNING neutron.scheduler.dhcp_agent_scheduler [None req-c1dda491-3fdf-4d64-b06b-8131049bbc9f 6fc1ce72f06d4bb58c4fb4a580789059 e72147b873f04025a8fbca04b1c56638 - - default default] No more DHCP agents
2026-06-28 21:04:33.133 9 WARNING neutron.api.rpc.agentnotifiers.dhcp_rpc_agent_api [None req-c1dda491-3fdf-4d64-b06b-8131049bbc9f 6fc1ce72f06d4bb58c4fb4a580789059 e72147b873f04025a8fbca04b1c56638 - - default default] Unable to schedule network 4ea9bd8f-e56b-4845-914f-cd1f40212904: no agents available; will retry on subsequent port and subnet creation events.
2026-06-28 21:04:33.176 10 INFO neutron.wsgi [None req-b141f77e-8f73-4e2f-af45-85f98782eef5 36993febb4b54ec39f929bff2bc8d59c 9df53a99e97349049b418cda78b3e48a - - default default] 10.0.0.226 "GET /v2.0/floatingips?not-tags-any=blue HTTP/1.1" status: 200 len: 1838 time: 0.0419307
2026-06-28 21:04:33.212 10 INFO neutron.wsgi [None req-26db6c7d-3f36-4e11-9220-5145c43b11a9 36993febb4b54ec39f929bff2bc8d59c 9df53a99e97349049b418cda78b3e48a - - default default] 10.0.0.226 "GET /v2.0/floatingips?not-tags-any=red%2Cblue HTTP/1.1" status: 200 len: 1295 time: 0.0314717
2026-06-28 21:04:33.620 9 INFO neutron.db.ovn_revision_numbers_db [None req-c1dda491-3fdf-4d64-b06b-8131049bbc9f 6fc1ce72f06d4bb58c4fb4a580789059 e72147b873f04025a8fbca04b1c56638 - - default default] Successfully bumped revision number for resource 62640a6d-4153-4949-9b79-0b4e42d6ee34 (type: floatingips) to 0
2026-06-28 21:04:33.641 9 INFO neutron.wsgi [None req-c1dda491-3fdf-4d64-b06b-8131049bbc9f 6fc1ce72f06d4bb58c4fb4a580789059 e72147b873f04025a8fbca04b1c56638 - - default default] 10.0.0.226 "POST /v2.0/floatingips HTTP/1.1" status: 201 len: 751 time: 0.7499421
2026-06-28 21:04:33.706 9 INFO neutron.wsgi [None req-6f89b6b0-c1b3-473f-9413-443f17fa189d 36993febb4b54ec39f929bff2bc8d59c 9df53a99e97349049b418cda78b3e48a - - default default] 10.0.0.226 "DELETE /v2.0/floatingips/af2e2251-602e-41d4-aab7-b386315f4336 HTTP/1.1" status: 204 len: 168 time: 0.4870398
2026-06-28 21:04:33.800 9 INFO neutron.wsgi [req-ce111beb-16be-429f-ab56-530948da4949 req-1ffd533b-0344-4246-a803-543637ca3d0d 6fc1ce72f06d4bb58c4fb4a580789059 e72147b873f04025a8fbca04b1c56638 - - default default] 10.0.0.16 "GET /v2.0/security-groups?name=tempest-securitygroup--134100548&fields=id&tenant_id=e72147b873f04025a8fbca04b1c56638 HTTP/1.1" status: 200 len: 267 time: 0.0631928
2026-06-28 21:04:33.856 9 INFO neutron.wsgi [req-ce111beb-16be-429f-ab56-530948da4949 req-74bd9ec9-29fa-4bd9-926b-0407962ed505 6fc1ce72f06d4bb58c4fb4a580789059 e72147b873f04025a8fbca04b1c56638 - - default default] 10.0.0.16 "GET /v2.0/security-groups?name=tempest-secgroup-smoke-1680297657&fields=id&tenant_id=e72147b873f04025a8fbca04b1c56638 HTTP/1.1" status: 200 len: 267 time: 0.0470765
2026-06-28 21:04:33.961 9 INFO neutron.wsgi [req-ce111beb-16be-429f-ab56-530948da4949 req-99e4ba89-50b6-4609-926e-d8a96a8fbae0 6fc1ce72f06d4bb58c4fb4a580789059 e72147b873f04025a8fbca04b1c56638 - - default default] 10.0.0.16 "GET /v2.0/networks?id=39b37220-196c-44d6-a551-ab1d06dbcb11 HTTP/1.1" status: 200 len: 872 time: 0.0911670
2026-06-28 21:04:33.999 9 INFO neutron.wsgi [req-ce111beb-16be-429f-ab56-530948da4949 req-c4da38c1-5b78-4770-bac8-c685bd6df184 6fc1ce72f06d4bb58c4fb4a580789059 e72147b873f04025a8fbca04b1c56638 - - default default] 10.0.0.16 "GET /v2.0/quotas/e72147b873f04025a8fbca04b1c56638 HTTP/1.1" status: 200 len: 386 time: 0.0214615
2026-06-28 21:04:34.113 9 INFO neutron.wsgi [req-ce111beb-16be-429f-ab56-530948da4949 req-652b74bc-2fe7-4807-874e-ffded9101763 6fc1ce72f06d4bb58c4fb4a580789059 e72147b873f04025a8fbca04b1c56638 - - default default] 10.0.0.16 "GET /v2.0/ports?tenant_id=e72147b873f04025a8fbca04b1c56638&fields=id HTTP/1.1" status: 200 len: 302 time: 0.1060216
2026-06-28 21:04:34.189 9 INFO neutron.wsgi [None req-7caac5c6-d06e-4cc4-8688-6a3eb505acc1 36993febb4b54ec39f929bff2bc8d59c 9df53a99e97349049b418cda78b3e48a - - default default] 10.0.0.226 "DELETE /v2.0/floatingips/acb7986c-3b3d-4603-9fd7-9801173b2268 HTTP/1.1" status: 204 len: 168 time: 0.4779873
2026-06-28 21:04:34.192 9 INFO neutron.wsgi [req-ce111beb-16be-429f-ab56-530948da4949 req-bc3c7397-7113-45d8-afcc-3991556b1148 ccaad008b0aa47239794adec87be5637 20f2cfd0977b45158f66d4824ebf86d0 - - 44e706304a8e4e5b82af10eac2ac5573 44e706304a8e4e5b82af10eac2ac5573] 10.0.0.16 "GET /v2.0/networks/39b37220-196c-44d6-a551-ab1d06dbcb11?fields=segments HTTP/1.1" status: 200 len: 212 time: 0.0681260
2026-06-28 21:04:34.281 9 INFO neutron.wsgi [req-ce111beb-16be-429f-ab56-530948da4949 req-c3e65fbc-2829-431c-958f-b57175d90239 ccaad008b0aa47239794adec87be5637 20f2cfd0977b45158f66d4824ebf86d0 - - 44e706304a8e4e5b82af10eac2ac5573 44e706304a8e4e5b82af10eac2ac5573] 10.0.0.16 "GET /v2.0/networks/39b37220-196c-44d6-a551-ab1d06dbcb11?fields=provider%3Aphysical_network&fields=provider%3Anetwork_type HTTP/1.1" status: 200 len: 277 time: 0.0800366
2026-06-28 21:04:34.434 9 INFO neutron.wsgi [req-763093b6-8ed9-4852-b717-7f7c3d98776b req-92ff6154-d8e3-4ed3-ba6c-7b4c65127148 6fc1ce72f06d4bb58c4fb4a580789059 e72147b873f04025a8fbca04b1c56638 - - default default] 10.0.0.16 "GET /v2.0/ports?device_id=86b7f050-ce74-4cc6-9004-c7143fe272a8 HTTP/1.1" status: 200 len: 210 time: 0.0256250
2026-06-28 21:04:34.554 10 WARNING neutron.plugins.ml2.drivers.ovn.mech_driver.ovsdb.ovn_client [None req-6780a589-b035-40c3-ba27-903bf3bdde07 - - - - - -] No hosting information found for port 67283f9a-df36-4e47-956b-37eaf56eac11: RuntimeError: No hosting information found for port 67283f9a-df36-4e47-956b-37eaf56eac11
2026-06-28 21:04:34.585 9 INFO neutron.wsgi [None req-08d74273-e907-40d7-8b1a-09d69af2cc31 36993febb4b54ec39f929bff2bc8d59c 9df53a99e97349049b418cda78b3e48a - - default default] 10.0.0.226 "DELETE /v2.0/floatingips/cb0a8dfd-8a36-4694-8a59-b2d1cf2a0c8e HTTP/1.1" status: 204 len: 168 time: 0.3906944
2026-06-28 21:04:34.927 9 INFO neutron.wsgi [None req-122aa8aa-e66f-4583-ac3d-32636450547c 36993febb4b54ec39f929bff2bc8d59c 9df53a99e97349049b418cda78b3e48a - - default default] 10.0.0.226 "DELETE /v2.0/floatingips/50445c36-624b-44e8-99a1-bd193207b640 HTTP/1.1" status: 204 len: 168 time: 0.3368418
2026-06-28 21:04:35.303 9 INFO neutron.wsgi [req-ce111beb-16be-429f-ab56-530948da4949 req-49964338-90b9-420b-9ea4-d4214a3c700d 6fc1ce72f06d4bb58c4fb4a580789059 e72147b873f04025a8fbca04b1c56638 - - default default] 199.204.45.38 "GET /v2.0/networks?id=39b37220-196c-44d6-a551-ab1d06dbcb11 HTTP/1.1" status: 200 len: 872 time: 0.0816147
2026-06-28 21:04:35.347 9 INFO neutron.wsgi [None req-df0fc00b-f7a7-4075-a70e-168b04cb4d31 36993febb4b54ec39f929bff2bc8d59c 9df53a99e97349049b418cda78b3e48a - - default default] 10.0.0.226 "DELETE /v2.0/floatingips/e2a061a8-3eaa-48a8-9d12-cd45fd991b0a HTTP/1.1" status: 204 len: 168 time: 0.4144745
2026-06-28 21:04:35.364 9 INFO neutron.wsgi [req-ce111beb-16be-429f-ab56-530948da4949 req-ac2f8665-6a9a-429d-8a20-15c8b786e3f3 6fc1ce72f06d4bb58c4fb4a580789059 e72147b873f04025a8fbca04b1c56638 - - default default] 199.204.45.38 "GET /v2.0/security-groups?fields=id&fields=name&tenant_id=e72147b873f04025a8fbca04b1c56638 HTTP/1.1" status: 200 len: 472 time: 0.0489912
2026-06-28 21:04:35.373 9 WARNING neutron_lib.context [req-ce111beb-16be-429f-ab56-530948da4949 req-34e55ab5-c13b-4912-be56-2b1cf6684bd8 6fc1ce72f06d4bb58c4fb4a580789059 e72147b873f04025a8fbca04b1c56638 - - default default] Method 'is_advsvc' is deprecated since 2023.2 release (neutron-lib 3.8.0) and will be removed once support for the old RBAC API policies will be removed from Neutron. Please use method 'is_service_role' instead.
2026-06-28 21:04:35.521 9 INFO neutron.db.ovn_revision_numbers_db [None req-4f0f9f0b-8c00-48b8-833a-e37ee81e3132 dee7710eebe641e998a3146c11aaf224 0252989593b642ec99ca19ce4267a2c0 - - default default] Successfully bumped revision number for resource e1b3bc2e-29e8-4ba3-8698-4f5da3677b36 (type: security_groups) to 1
2026-06-28 21:04:35.538 9 INFO neutron.db.ovn_revision_numbers_db [None req-4f0f9f0b-8c00-48b8-833a-e37ee81e3132 dee7710eebe641e998a3146c11aaf224 0252989593b642ec99ca19ce4267a2c0 - - default default] Successfully bumped revision number for resource 0bea11f6-292a-4a8a-b68e-35ff84423d1e (type: security_group_rules) to 0
2026-06-28 21:04:35.563 9 INFO neutron.wsgi [req-59a925c8-9f13-487b-87d2-27ca4d0f3ae2 req-08e8b363-5a55-438f-90b5-25e8aac97abf 6fc1ce72f06d4bb58c4fb4a580789059 e72147b873f04025a8fbca04b1c56638 - - default default] 10.0.0.16 "GET /v2.0/ports?device_id=86b7f050-ce74-4cc6-9004-c7143fe272a8 HTTP/1.1" status: 200 len: 210 time: 0.0220718
2026-06-28 21:04:35.565 9 INFO neutron.db.ovn_revision_numbers_db [None req-4f0f9f0b-8c00-48b8-833a-e37ee81e3132 dee7710eebe641e998a3146c11aaf224 0252989593b642ec99ca19ce4267a2c0 - - default default] Successfully bumped revision number for resource 379ad0fc-ce65-4975-b734-5b2d86967420 (type: security_group_rules) to 0
2026-06-28 21:04:35.583 9 INFO neutron.db.ovn_revision_numbers_db [None req-4f0f9f0b-8c00-48b8-833a-e37ee81e3132 dee7710eebe641e998a3146c11aaf224 0252989593b642ec99ca19ce4267a2c0 - - default default] Successfully bumped revision number for resource d186c648-18ca-4a95-99d9-2bda86c36f5b (type: security_group_rules) to 0
2026-06-28 21:04:35.605 9 INFO neutron.db.ovn_revision_numbers_db [None req-4f0f9f0b-8c00-48b8-833a-e37ee81e3132 dee7710eebe641e998a3146c11aaf224 0252989593b642ec99ca19ce4267a2c0 - - default default] Successfully bumped revision number for resource dde3684f-57c7-4901-873f-1ed61f12086c (type: security_group_rules) to 0
2026-06-28 21:04:35.637 9 INFO neutron.wsgi [None req-4f0f9f0b-8c00-48b8-833a-e37ee81e3132 dee7710eebe641e998a3146c11aaf224 0252989593b642ec99ca19ce4267a2c0 - - default default] 10.0.0.226 "GET /v2.0/security-groups?tenant_id=a68ccd8a0eaf438482bc895bd07aa003&name=default HTTP/1.1" status: 200 len: 2996 time: 0.4359119
2026-06-28 21:04:35.713 9 WARNING neutron.scheduler.dhcp_agent_scheduler [req-ce111beb-16be-429f-ab56-530948da4949 req-34e55ab5-c13b-4912-be56-2b1cf6684bd8 6fc1ce72f06d4bb58c4fb4a580789059 e72147b873f04025a8fbca04b1c56638 - - default default] No more DHCP agents
2026-06-28 21:04:35.716 9 WARNING neutron.api.rpc.agentnotifiers.dhcp_rpc_agent_api [req-ce111beb-16be-429f-ab56-530948da4949 req-34e55ab5-c13b-4912-be56-2b1cf6684bd8 6fc1ce72f06d4bb58c4fb4a580789059 e72147b873f04025a8fbca04b1c56638 - - default default] Unable to schedule network 39b37220-196c-44d6-a551-ab1d06dbcb11: no agents available; will retry on subsequent port and subnet creation events.
2026-06-28 21:04:35.817 10 INFO neutron.wsgi [None req-9fe1f105-6d94-4a64-bdb9-826829d4a7fb dee7710eebe641e998a3146c11aaf224 0252989593b642ec99ca19ce4267a2c0 - - default default] 10.0.0.226 "DELETE /v2.0/security-groups/e1b3bc2e-29e8-4ba3-8698-4f5da3677b36 HTTP/1.1" status: 204 len: 168 time: 0.1734054
2026-06-28 21:04:35.865 9 INFO neutron.db.ovn_revision_numbers_db [req-ce111beb-16be-429f-ab56-530948da4949 req-34e55ab5-c13b-4912-be56-2b1cf6684bd8 6fc1ce72f06d4bb58c4fb4a580789059 e72147b873f04025a8fbca04b1c56638 - - default default] Successfully bumped revision number for resource 7f6f0845-4189-4d60-a125-33dadbf1fc1c (type: ports) to 1
2026-06-28 21:04:35.889 9 INFO neutron.wsgi [req-ce111beb-16be-429f-ab56-530948da4949 req-34e55ab5-c13b-4912-be56-2b1cf6684bd8 6fc1ce72f06d4bb58c4fb4a580789059 e72147b873f04025a8fbca04b1c56638 - - default default] 199.204.45.38 "POST /v2.0/ports HTTP/1.1" status: 201 len: 1201 time: 0.5203424 /var/lib/openstack/lib/python3.10/site-packages/pycadf/identifier.py:71: UserWarning: Invalid uuid: neutron. To ensure interoperability, identifiers should be a valid uuid. warnings.warn(('Invalid uuid: %s. To ensure interoperability, '
2026-06-28 21:04:36.427 10 INFO neutron.db.ovn_revision_numbers_db [None req-df446999-99f0-4b06-a09b-2676d727a4f4 dee7710eebe641e998a3146c11aaf224 0252989593b642ec99ca19ce4267a2c0 - - default default] Successfully bumped revision number for resource d9e145dc-ced9-499a-a335-b6f07cd6a9a5 (type: security_groups) to 1
2026-06-28 21:04:36.447 10 INFO neutron.db.ovn_revision_numbers_db [None req-df446999-99f0-4b06-a09b-2676d727a4f4 dee7710eebe641e998a3146c11aaf224 0252989593b642ec99ca19ce4267a2c0 - - default default] Successfully bumped revision number for resource 48717e59-23a1-42ec-81cf-526feae9d3d3 (type: security_group_rules) to 0
2026-06-28 21:04:36.460 10 INFO neutron.db.ovn_revision_numbers_db [None req-df446999-99f0-4b06-a09b-2676d727a4f4 dee7710eebe641e998a3146c11aaf224 0252989593b642ec99ca19ce4267a2c0 - - default default] Successfully bumped revision number for resource 4c93c980-73fc-4f12-a34f-a29e19bcab8e (type: security_group_rules) to 0
2026-06-28 21:04:36.479 10 INFO neutron.db.ovn_revision_numbers_db [None req-df446999-99f0-4b06-a09b-2676d727a4f4 dee7710eebe641e998a3146c11aaf224 0252989593b642ec99ca19ce4267a2c0 - - default default] Successfully bumped revision number for resource 92787bcd-0652-41f0-b5b7-1760e3704f63 (type: security_group_rules) to 0
2026-06-28 21:04:36.497 10 INFO neutron.db.ovn_revision_numbers_db [None req-df446999-99f0-4b06-a09b-2676d727a4f4 dee7710eebe641e998a3146c11aaf224 0252989593b642ec99ca19ce4267a2c0 - - default default] Successfully bumped revision number for resource e2351d8c-f19d-4c74-a25f-57531ba87226 (type: security_group_rules) to 0
2026-06-28 21:04:36.540 10 INFO neutron.wsgi [None req-df446999-99f0-4b06-a09b-2676d727a4f4 dee7710eebe641e998a3146c11aaf224 0252989593b642ec99ca19ce4267a2c0 - - default default] 10.0.0.226 "GET /v2.0/security-groups?tenant_id=9df53a99e97349049b418cda78b3e48a&name=default HTTP/1.1" status: 200 len: 2996 time: 0.3059886
2026-06-28 21:04:36.555 9 INFO neutron.db.ovn_revision_numbers_db [req-ce111beb-16be-429f-ab56-530948da4949 req-41716159-95c2-40de-a6d0-094fd973cd30 ccaad008b0aa47239794adec87be5637 20f2cfd0977b45158f66d4824ebf86d0 - - 44e706304a8e4e5b82af10eac2ac5573 44e706304a8e4e5b82af10eac2ac5573] Successfully bumped revision number for resource 7f6f0845-4189-4d60-a125-33dadbf1fc1c (type: ports) to 2 /var/lib/openstack/lib/python3.10/site-packages/pycadf/identifier.py:71: UserWarning: Invalid uuid: neutron. To ensure interoperability, identifiers should be a valid uuid. warnings.warn(('Invalid uuid: %s. To ensure interoperability, '
2026-06-28 21:04:36.681 9 INFO neutron.wsgi [req-baac7d2f-7df2-4184-9dfb-9ca75e731ad9 req-dc9a0096-6a51-47c3-81a2-d44379efee61 6fc1ce72f06d4bb58c4fb4a580789059 e72147b873f04025a8fbca04b1c56638 - - default default] 10.0.0.16 "GET /v2.0/ports?device_id=86b7f050-ce74-4cc6-9004-c7143fe272a8 HTTP/1.1" status: 200 len: 1212 time: 0.0450594
2026-06-28 21:04:36.754 10 INFO neutron.wsgi [None req-108dbeb0-3033-4f45-867d-301bd96997a0 dee7710eebe641e998a3146c11aaf224 0252989593b642ec99ca19ce4267a2c0 - - default default] 10.0.0.226 "DELETE /v2.0/security-groups/d9e145dc-ced9-499a-a335-b6f07cd6a9a5 HTTP/1.1" status: 204 len: 168 time: 0.2075374
2026-06-28 21:04:36.759 9 INFO neutron.wsgi [req-baac7d2f-7df2-4184-9dfb-9ca75e731ad9 req-7c5a9e25-122c-4ba7-b2f9-dec5afb1aea7 6fc1ce72f06d4bb58c4fb4a580789059 e72147b873f04025a8fbca04b1c56638 - - default default] 10.0.0.16 "GET /v2.0/security-groups?id=873f22d7-ce5c-469e-8497-3550809c7646&id=0b979202-727d-4982-9954-7c7fc560f0d2&fields=id&fields=name HTTP/1.1" status: 200 len: 405 time: 0.0656455
2026-06-28 21:04:36.816 9 INFO neutron.db.ovn_revision_numbers_db [req-ce111beb-16be-429f-ab56-530948da4949 req-41716159-95c2-40de-a6d0-094fd973cd30 ccaad008b0aa47239794adec87be5637 20f2cfd0977b45158f66d4824ebf86d0 - - 44e706304a8e4e5b82af10eac2ac5573 44e706304a8e4e5b82af10eac2ac5573] Successfully bumped revision number for resource 7f6f0845-4189-4d60-a125-33dadbf1fc1c (type: ports) to 2
2026-06-28 21:04:36.824 10 WARNING neutron_lib.context [None req-b97d42a0-a114-415d-88c8-5363323a2c92 d064d30f60fa4353ae64b5ab22a15672 37bd87b185074569b28dc33deaf51d77 - - default default] Method 'is_advsvc' is deprecated since 2023.2 release (neutron-lib 3.8.0) and will be removed once support for the old RBAC API policies will be removed from Neutron. Please use method 'is_service_role' instead.
2026-06-28 21:04:36.832 9 INFO neutron.wsgi [req-ce111beb-16be-429f-ab56-530948da4949 req-41716159-95c2-40de-a6d0-094fd973cd30 ccaad008b0aa47239794adec87be5637 20f2cfd0977b45158f66d4824ebf86d0 - - 44e706304a8e4e5b82af10eac2ac5573 44e706304a8e4e5b82af10eac2ac5573] 199.204.45.38 "PUT /v2.0/ports/7f6f0845-4189-4d60-a125-33dadbf1fc1c HTTP/1.1" status: 200 len: 1419 time: 0.9328740 /var/lib/openstack/lib/python3.10/site-packages/pycadf/identifier.py:71: UserWarning: Invalid uuid: neutron. To ensure interoperability, identifiers should be a valid uuid. warnings.warn(('Invalid uuid: %s. To ensure interoperability, '
2026-06-28 21:04:36.864 9 INFO neutron.notifiers.nova [-] Nova event matching ['req-d1c7aff2-a260-4a3a-b03f-593c72bdbe38'] response: {'name': 'network-changed', 'server_uuid': '86b7f050-ce74-4cc6-9004-c7143fe272a8', 'tag': '7f6f0845-4189-4d60-a125-33dadbf1fc1c', 'status': 'completed', 'code': 200}
2026-06-28 21:04:36.906 9 INFO neutron.wsgi [req-ce111beb-16be-429f-ab56-530948da4949 req-f967ba7f-a266-4367-b830-7117d44e0904 ccaad008b0aa47239794adec87be5637 20f2cfd0977b45158f66d4824ebf86d0 - - 44e706304a8e4e5b82af10eac2ac5573 44e706304a8e4e5b82af10eac2ac5573] 199.204.45.38 "GET /v2.0/ports?tenant_id=e72147b873f04025a8fbca04b1c56638&device_id=86b7f050-ce74-4cc6-9004-c7143fe272a8 HTTP/1.1" status: 200 len: 1450 time: 0.0337560
2026-06-28 21:04:36.935 9 INFO neutron.wsgi [req-ce111beb-16be-429f-ab56-530948da4949 req-5a6d5d19-3c82-43db-a001-8e3e82a4adca ccaad008b0aa47239794adec87be5637 20f2cfd0977b45158f66d4824ebf86d0 - - 44e706304a8e4e5b82af10eac2ac5573 44e706304a8e4e5b82af10eac2ac5573] 199.204.45.38 "GET /v2.0/floatingips?fixed_ip_address=10.100.0.11&port_id=7f6f0845-4189-4d60-a125-33dadbf1fc1c HTTP/1.1" status: 200 len: 217 time: 0.0220830
2026-06-28 21:04:36.951 10 INFO neutron.db.ovn_revision_numbers_db [None req-b97d42a0-a114-415d-88c8-5363323a2c92 d064d30f60fa4353ae64b5ab22a15672 37bd87b185074569b28dc33deaf51d77 - - default default] Successfully bumped revision number for resource 4893095d-ccfa-4b0d-9c49-4d8f2030f299 (type: security_groups) to 1
2026-06-28 21:04:36.962 10 INFO neutron.db.ovn_revision_numbers_db [None req-b97d42a0-a114-415d-88c8-5363323a2c92 d064d30f60fa4353ae64b5ab22a15672 37bd87b185074569b28dc33deaf51d77 - - default default] Successfully bumped revision number for resource 3264d5cc-51d1-47cc-ba1e-84b3d03a6a2d (type: security_group_rules) to 0
2026-06-28 21:04:36.970 9 INFO neutron.wsgi [req-ce111beb-16be-429f-ab56-530948da4949 req-5c6bdd9e-d6dd-41a2-9b77-0f01af6f3140 ccaad008b0aa47239794adec87be5637 20f2cfd0977b45158f66d4824ebf86d0 - - 44e706304a8e4e5b82af10eac2ac5573 44e706304a8e4e5b82af10eac2ac5573] 199.204.45.38 "GET /v2.0/subnets?id=29e5207b-68dd-49b0-bf39-68fc6cc87acd HTTP/1.1" status: 200 len: 866 time: 0.0298662
2026-06-28 21:04:36.992 10 INFO neutron.db.ovn_revision_numbers_db [None req-b97d42a0-a114-415d-88c8-5363323a2c92 d064d30f60fa4353ae64b5ab22a15672 37bd87b185074569b28dc33deaf51d77 - - default default] Successfully bumped revision number for resource 332b4373-7964-464a-a728-1ffd71ebb2b5 (type: security_group_rules) to 0
2026-06-28 21:04:37.006 10 INFO neutron.db.ovn_revision_numbers_db [None req-b97d42a0-a114-415d-88c8-5363323a2c92 d064d30f60fa4353ae64b5ab22a15672 37bd87b185074569b28dc33deaf51d77 - - default default] Successfully bumped revision number for resource a8b0ed52-9fa4-436b-be67-be619f382982 (type: security_group_rules) to 0
2026-06-28 21:04:37.009 9 INFO neutron.wsgi [req-ce111beb-16be-429f-ab56-530948da4949 req-039ecf28-3bd5-463b-a674-2a45050792f9 ccaad008b0aa47239794adec87be5637 20f2cfd0977b45158f66d4824ebf86d0 - - 44e706304a8e4e5b82af10eac2ac5573 44e706304a8e4e5b82af10eac2ac5573] 199.204.45.38 "GET /v2.0/ports?network_id=39b37220-196c-44d6-a551-ab1d06dbcb11&device_owner=network%3Adhcp HTTP/1.1" status: 200 len: 210 time: 0.0266187
2026-06-28 21:04:37.020 10 INFO neutron.db.ovn_revision_numbers_db [None req-b97d42a0-a114-415d-88c8-5363323a2c92 d064d30f60fa4353ae64b5ab22a15672 37bd87b185074569b28dc33deaf51d77 - - default default] Successfully bumped revision number for resource afb9a745-e253-4050-8e2b-43aa192a1c60 (type: security_group_rules) to 0
2026-06-28 21:04:37.021 9 INFO neutron.db.ovn_revision_numbers_db [None req-c421cce7-edc9-4dbe-94d0-55483e9950c9 dee7710eebe641e998a3146c11aaf224 0252989593b642ec99ca19ce4267a2c0 - - default default] Successfully bumped revision number for resource 595916c0-9e18-4a1d-9c54-f50c9d9b4897 (type: security_groups) to 1
2026-06-28 21:04:37.045 9 INFO neutron.db.ovn_revision_numbers_db [None req-c421cce7-edc9-4dbe-94d0-55483e9950c9 dee7710eebe641e998a3146c11aaf224 0252989593b642ec99ca19ce4267a2c0 - - default default] Successfully bumped revision number for resource 19dc504c-39c8-49de-8efc-cbcc779fdd03 (type: security_group_rules) to 0
2026-06-28 21:04:37.064 9 INFO neutron.wsgi [req-ce111beb-16be-429f-ab56-530948da4949 req-ce1a20fc-cf9e-4de5-8753-98af55b10216 ccaad008b0aa47239794adec87be5637 20f2cfd0977b45158f66d4824ebf86d0 - - 44e706304a8e4e5b82af10eac2ac5573 44e706304a8e4e5b82af10eac2ac5573] 199.204.45.38 "GET /v2.0/networks/39b37220-196c-44d6-a551-ab1d06dbcb11?fields=segments HTTP/1.1" status: 200 len: 212 time: 0.0479918
2026-06-28 21:04:37.064 9 INFO neutron.db.ovn_revision_numbers_db [None req-c421cce7-edc9-4dbe-94d0-55483e9950c9 dee7710eebe641e998a3146c11aaf224 0252989593b642ec99ca19ce4267a2c0 - - default default] Successfully bumped revision number for resource 38eae214-6db2-4710-b0d1-69773374e669 (type: security_group_rules) to 0
2026-06-28 21:04:37.078 10 INFO neutron.db.segments_db [None req-b97d42a0-a114-415d-88c8-5363323a2c92 d064d30f60fa4353ae64b5ab22a15672 37bd87b185074569b28dc33deaf51d77 - - default default] Added segment 4bb766af-6dd7-4645-8287-edafe8d5fb1e of type geneve for network 1f194826-81de-4810-aded-e8dc00bdc21e
2026-06-28 21:04:37.081 9 INFO neutron.db.ovn_revision_numbers_db [None req-c421cce7-edc9-4dbe-94d0-55483e9950c9 dee7710eebe641e998a3146c11aaf224 0252989593b642ec99ca19ce4267a2c0 - - default default] Successfully bumped revision number for resource 868fbe57-397e-4f57-a2a0-753f7fdad682 (type: security_group_rules) to 0
2026-06-28 21:04:37.107 9 INFO neutron.db.ovn_revision_numbers_db [None req-c421cce7-edc9-4dbe-94d0-55483e9950c9 dee7710eebe641e998a3146c11aaf224 0252989593b642ec99ca19ce4267a2c0 - - default default] Successfully bumped revision number for resource 9bdecae1-1740-4d54-8e46-21ed388b7e5c (type: security_group_rules) to 0
2026-06-28 21:04:37.134 9 INFO neutron.wsgi [None req-c421cce7-edc9-4dbe-94d0-55483e9950c9 dee7710eebe641e998a3146c11aaf224 0252989593b642ec99ca19ce4267a2c0 - - default default] 10.0.0.226 "GET /v2.0/security-groups?tenant_id=8e279e393ba545e987f6bda8498e6dd2&name=default HTTP/1.1" status: 200 len: 2996 time: 0.2779565
2026-06-28 21:04:37.145 9 INFO neutron.wsgi [req-ce111beb-16be-429f-ab56-530948da4949 req-fff2af20-40fa-43dc-a9af-0730b9a87d54 ccaad008b0aa47239794adec87be5637 20f2cfd0977b45158f66d4824ebf86d0 - - 44e706304a8e4e5b82af10eac2ac5573 44e706304a8e4e5b82af10eac2ac5573] 199.204.45.38 "GET /v2.0/networks/39b37220-196c-44d6-a551-ab1d06dbcb11?fields=provider%3Aphysical_network&fields=provider%3Anetwork_type HTTP/1.1" status: 200 len: 277 time: 0.0731647
2026-06-28 21:04:37.221 10 INFO neutron.db.ovn_revision_numbers_db [None req-b97d42a0-a114-415d-88c8-5363323a2c92 d064d30f60fa4353ae64b5ab22a15672 37bd87b185074569b28dc33deaf51d77 - - default default] Successfully bumped revision number for resource 1f194826-81de-4810-aded-e8dc00bdc21e (type: networks) to 1
2026-06-28 21:04:37.221 9 INFO neutron.wsgi [req-438f151c-e832-4d11-bb67-d87a38154e92 req-36fddcde-a693-4504-a8e2-d97758e2c69b ccaad008b0aa47239794adec87be5637 20f2cfd0977b45158f66d4824ebf86d0 - - 44e706304a8e4e5b82af10eac2ac5573 44e706304a8e4e5b82af10eac2ac5573] 199.204.45.38 "GET /v2.0/ports?tenant_id=e72147b873f04025a8fbca04b1c56638&device_id=86b7f050-ce74-4cc6-9004-c7143fe272a8 HTTP/1.1" status: 200 len: 1450 time: 0.0364332
2026-06-28 21:04:37.291 9 INFO neutron.wsgi [req-438f151c-e832-4d11-bb67-d87a38154e92 req-5caccf34-e321-47ad-8875-460182998afc ccaad008b0aa47239794adec87be5637 20f2cfd0977b45158f66d4824ebf86d0 - - 44e706304a8e4e5b82af10eac2ac5573 44e706304a8e4e5b82af10eac2ac5573] 199.204.45.38 "GET /v2.0/networks?id=39b37220-196c-44d6-a551-ab1d06dbcb11 HTTP/1.1" status: 200 len: 970 time: 0.0660954
2026-06-28 21:04:37.317 9 INFO neutron.wsgi [req-438f151c-e832-4d11-bb67-d87a38154e92 req-799d36a2-4513-411f-b0b6-b17eefe3fbd7 ccaad008b0aa47239794adec87be5637 20f2cfd0977b45158f66d4824ebf86d0 - - 44e706304a8e4e5b82af10eac2ac5573 44e706304a8e4e5b82af10eac2ac5573] 199.204.45.38 "GET /v2.0/floatingips?fixed_ip_address=10.100.0.11&port_id=7f6f0845-4189-4d60-a125-33dadbf1fc1c HTTP/1.1" status: 200 len: 217 time: 0.0211387
2026-06-28 21:04:37.350 10 INFO neutron.wsgi [req-fd015c7b-ce2d-4231-b11f-8fff2bdd7a93 req-bec11fe5-7f00-4cd5-9b1a-145fe007612d ccaad008b0aa47239794adec87be5637 20f2cfd0977b45158f66d4824ebf86d0 - - 44e706304a8e4e5b82af10eac2ac5573 44e706304a8e4e5b82af10eac2ac5573] 199.204.45.38 "GET /v2.0/ports?device_id=86b7f050-ce74-4cc6-9004-c7143fe272a8 HTTP/1.1" status: 200 len: 1450 time: 0.0409508
2026-06-28 21:04:37.367 9 INFO neutron.wsgi [req-438f151c-e832-4d11-bb67-d87a38154e92 req-a988b64c-4048-42d3-9ac5-703567ffc078 ccaad008b0aa47239794adec87be5637 20f2cfd0977b45158f66d4824ebf86d0 - - 44e706304a8e4e5b82af10eac2ac5573 44e706304a8e4e5b82af10eac2ac5573] 199.204.45.38 "GET /v2.0/subnets?id=29e5207b-68dd-49b0-bf39-68fc6cc87acd HTTP/1.1" status: 200 len: 866 time: 0.0430782
2026-06-28 21:04:37.390 9 INFO neutron.wsgi [req-438f151c-e832-4d11-bb67-d87a38154e92 req-303bd4bb-c429-4348-96d4-b399333f77c5 ccaad008b0aa47239794adec87be5637 20f2cfd0977b45158f66d4824ebf86d0 - - 44e706304a8e4e5b82af10eac2ac5573 44e706304a8e4e5b82af10eac2ac5573] 199.204.45.38 "GET /v2.0/ports?network_id=39b37220-196c-44d6-a551-ab1d06dbcb11&device_owner=network%3Adhcp HTTP/1.1" status: 200 len: 210 time: 0.0192080
2026-06-28 21:04:37.411 10 INFO neutron.wsgi [req-fd015c7b-ce2d-4231-b11f-8fff2bdd7a93 req-18ea976b-8ee6-4fba-8778-f005e09dcd23 ccaad008b0aa47239794adec87be5637 20f2cfd0977b45158f66d4824ebf86d0 - - 44e706304a8e4e5b82af10eac2ac5573 44e706304a8e4e5b82af10eac2ac5573] 199.204.45.38 "GET /v2.0/security-groups?id=0b979202-727d-4982-9954-7c7fc560f0d2&id=873f22d7-ce5c-469e-8497-3550809c7646&fields=id&fields=name HTTP/1.1" status: 200 len: 405 time: 0.0533171
2026-06-28 21:04:37.416 10 WARNING neutron.scheduler.dhcp_agent_scheduler [None req-b97d42a0-a114-415d-88c8-5363323a2c92 d064d30f60fa4353ae64b5ab22a15672 37bd87b185074569b28dc33deaf51d77 - - default default] No more DHCP agents
2026-06-28 21:04:37.417 10 WARNING neutron.api.rpc.agentnotifiers.dhcp_rpc_agent_api [None req-b97d42a0-a114-415d-88c8-5363323a2c92 d064d30f60fa4353ae64b5ab22a15672 37bd87b185074569b28dc33deaf51d77 - - default default] Unable to schedule network 1f194826-81de-4810-aded-e8dc00bdc21e: no agents available; will retry on subsequent port and subnet creation events.
2026-06-28 21:04:37.420 9 INFO neutron.wsgi [None req-f77384f2-56b4-481e-9966-b0140402ae24 dee7710eebe641e998a3146c11aaf224 0252989593b642ec99ca19ce4267a2c0 - - default default] 10.0.0.226 "DELETE /v2.0/security-groups/595916c0-9e18-4a1d-9c54-f50c9d9b4897 HTTP/1.1" status: 204 len: 168 time: 0.2814674
2026-06-28 21:04:37.475 9 INFO neutron.wsgi [req-438f151c-e832-4d11-bb67-d87a38154e92 req-18afa5c5-2509-47d0-a55f-5209fe3443b8 ccaad008b0aa47239794adec87be5637 20f2cfd0977b45158f66d4824ebf86d0 - - 44e706304a8e4e5b82af10eac2ac5573 44e706304a8e4e5b82af10eac2ac5573] 199.204.45.38 "GET /v2.0/networks/39b37220-196c-44d6-a551-ab1d06dbcb11?fields=segments HTTP/1.1" status: 200 len: 212 time: 0.0758615
2026-06-28 21:04:37.516 10 INFO neutron.plugins.ml2.drivers.ovn.mech_driver.mech_driver [None req-6780a589-b035-40c3-ba27-903bf3bdde07 - - - - - -] OVN reports status up for port: 7f6f0845-4189-4d60-a125-33dadbf1fc1c
2026-06-28 21:04:37.539 10 INFO neutron.plugins.ml2.plugin [None req-6780a589-b035-40c3-ba27-903bf3bdde07 - - - - - -] Attempt 1 to provision port 7f6f0845-4189-4d60-a125-33dadbf1fc1c
2026-06-28 21:04:37.541 10 INFO neutron.db.ovn_revision_numbers_db [None req-b97d42a0-a114-415d-88c8-5363323a2c92 d064d30f60fa4353ae64b5ab22a15672 37bd87b185074569b28dc33deaf51d77 - - default default] Successfully bumped revision number for resource 1e81b887-42ae-4b83-a994-0b06fa34019d (type: ports) to 1
2026-06-28 21:04:37.565 9 INFO neutron.wsgi [req-438f151c-e832-4d11-bb67-d87a38154e92 req-23de5d9a-ef16-49b9-9b62-324b0a969c99 ccaad008b0aa47239794adec87be5637 20f2cfd0977b45158f66d4824ebf86d0 - - 44e706304a8e4e5b82af10eac2ac5573 44e706304a8e4e5b82af10eac2ac5573] 199.204.45.38 "GET /v2.0/networks/39b37220-196c-44d6-a551-ab1d06dbcb11?fields=provider%3Aphysical_network&fields=provider%3Anetwork_type HTTP/1.1" status: 200 len: 277 time: 0.0769184
2026-06-28 21:04:37.585 10 INFO neutron.wsgi [None req-b97d42a0-a114-415d-88c8-5363323a2c92 d064d30f60fa4353ae64b5ab22a15672 37bd87b185074569b28dc33deaf51d77 - - default default] 10.0.0.226 "POST /v2.0/networks HTTP/1.1" status: 201 len: 830 time: 0.8607583
2026-06-28 21:04:37.597 9 WARNING neutron_lib.context [None req-351511c7-d4f7-4641-a96f-20bb77afb80a d064d30f60fa4353ae64b5ab22a15672 37bd87b185074569b28dc33deaf51d77 - - default default] Method 'is_advsvc' is deprecated since 2023.2 release (neutron-lib 3.8.0) and will be removed once support for the old RBAC API policies will be removed from Neutron. Please use method 'is_service_role' instead.
2026-06-28 21:04:37.701 10 INFO neutron.notifiers.nova [-] Nova event matching ['req-aebf9ea5-e2c6-42de-a1be-e7f46d6da7de'] response: {'server_uuid': '86b7f050-ce74-4cc6-9004-c7143fe272a8', 'name': 'network-vif-plugged', 'status': 'completed', 'tag': '7f6f0845-4189-4d60-a125-33dadbf1fc1c', 'code': 200}
2026-06-28 21:04:37.812 10 INFO neutron.db.ovn_revision_numbers_db [None req-e0e6ad23-d69d-404f-aedb-5820ddf1127f dee7710eebe641e998a3146c11aaf224 0252989593b642ec99ca19ce4267a2c0 - - default default] Successfully bumped revision number for resource 39862eb5-5093-48ad-ac2d-4ec30e2d93c9 (type: security_groups) to 1
2026-06-28 21:04:37.842 10 INFO neutron.db.ovn_revision_numbers_db [None req-e0e6ad23-d69d-404f-aedb-5820ddf1127f dee7710eebe641e998a3146c11aaf224 0252989593b642ec99ca19ce4267a2c0 - - default default] Successfully bumped revision number for resource 753658bc-30f3-46b8-a183-2ebc42f8ac80 (type: security_group_rules) to 0
2026-06-28 21:04:37.861 10 INFO neutron.db.ovn_revision_numbers_db [None req-e0e6ad23-d69d-404f-aedb-5820ddf1127f dee7710eebe641e998a3146c11aaf224 0252989593b642ec99ca19ce4267a2c0 - - default default] Successfully bumped revision number for resource 7d8a883c-ed55-48e0-9aa0-1ad314bc3bd3 (type: security_group_rules) to 0
2026-06-28 21:04:37.878 9 WARNING neutron.scheduler.dhcp_agent_scheduler [None req-351511c7-d4f7-4641-a96f-20bb77afb80a d064d30f60fa4353ae64b5ab22a15672 37bd87b185074569b28dc33deaf51d77 - - default default] No more DHCP agents
2026-06-28 21:04:37.882 9 WARNING neutron.api.rpc.agentnotifiers.dhcp_rpc_agent_api [None req-351511c7-d4f7-4641-a96f-20bb77afb80a d064d30f60fa4353ae64b5ab22a15672 37bd87b185074569b28dc33deaf51d77 - - default default] Unable to schedule network 1f194826-81de-4810-aded-e8dc00bdc21e: no agents available; will retry on subsequent port and subnet creation events.
2026-06-28 21:04:37.887 10 INFO neutron.db.ovn_revision_numbers_db [None req-e0e6ad23-d69d-404f-aedb-5820ddf1127f dee7710eebe641e998a3146c11aaf224 0252989593b642ec99ca19ce4267a2c0 - - default default] Successfully bumped revision number for resource b1cb90ad-8016-43dc-887a-b260d8b0097c (type: security_group_rules) to 0
2026-06-28 21:04:37.900 10 INFO neutron.db.ovn_revision_numbers_db [None req-6780a589-b035-40c3-ba27-903bf3bdde07 - - - - - -] Successfully bumped revision number for resource 7f6f0845-4189-4d60-a125-33dadbf1fc1c (type: ports) to 4
2026-06-28 21:04:37.902 10 INFO neutron.db.ovn_revision_numbers_db [None req-e0e6ad23-d69d-404f-aedb-5820ddf1127f dee7710eebe641e998a3146c11aaf224 0252989593b642ec99ca19ce4267a2c0 - - default default] Successfully bumped revision number for resource e194b6a0-b344-4c86-b58a-189f6b4d2df3 (type: security_group_rules) to 0
2026-06-28 21:04:37.908 9 INFO neutron.wsgi [req-cb551a19-cbf3-40a4-beb5-9db7a2cf7fff req-63b792d8-861d-4109-ae03-c8709742f0e0 6fc1ce72f06d4bb58c4fb4a580789059 e72147b873f04025a8fbca04b1c56638 - - default default] 10.0.0.16 "GET /v2.0/ports?device_id=86b7f050-ce74-4cc6-9004-c7143fe272a8 HTTP/1.1" status: 200 len: 1214 time: 0.0661113
2026-06-28 21:04:37.943 10 INFO neutron.wsgi [None req-e0e6ad23-d69d-404f-aedb-5820ddf1127f dee7710eebe641e998a3146c11aaf224 0252989593b642ec99ca19ce4267a2c0 - - default default] 10.0.0.226 "GET /v2.0/security-groups?tenant_id=5bd46eb95ed54c4d991be710dcb186cd&name=default HTTP/1.1" status: 200 len: 2996 time: 0.3122301
2026-06-28 21:04:37.996 9 INFO neutron.wsgi [req-cb551a19-cbf3-40a4-beb5-9db7a2cf7fff req-fe2d59ac-738c-4b21-9e82-7bc6cd397780 6fc1ce72f06d4bb58c4fb4a580789059 e72147b873f04025a8fbca04b1c56638 - - default default] 10.0.0.16 "GET /v2.0/security-groups?id=873f22d7-ce5c-469e-8497-3550809c7646&id=0b979202-727d-4982-9954-7c7fc560f0d2&fields=id&fields=name HTTP/1.1" status: 200 len: 405 time: 0.0796819
2026-06-28 21:04:38.242 9 INFO neutron.wsgi [None req-0a9e9ce7-410b-450d-a540-6ab017062648 dee7710eebe641e998a3146c11aaf224 0252989593b642ec99ca19ce4267a2c0 - - default default] 10.0.0.226 "DELETE /v2.0/security-groups/39862eb5-5093-48ad-ac2d-4ec30e2d93c9 HTTP/1.1" status: 204 len: 168 time: 0.2925689
2026-06-28 21:04:38.458 9 INFO neutron.db.ovn_revision_numbers_db [None req-351511c7-d4f7-4641-a96f-20bb77afb80a d064d30f60fa4353ae64b5ab22a15672 37bd87b185074569b28dc33deaf51d77 - - default default] Successfully bumped revision number for resource 1e81b887-42ae-4b83-a994-0b06fa34019d (type: ports) to 2
2026-06-28 21:04:38.494 9 INFO neutron.db.ovn_revision_numbers_db [None req-351511c7-d4f7-4641-a96f-20bb77afb80a d064d30f60fa4353ae64b5ab22a15672 37bd87b185074569b28dc33deaf51d77 - - default default] Successfully bumped revision number for resource 237d2f8f-d7f1-4c4f-949e-c76e62f94dc2 (type: subnets) to 0
2026-06-28 21:04:38.515 9 INFO neutron.wsgi [None req-351511c7-d4f7-4641-a96f-20bb77afb80a d064d30f60fa4353ae64b5ab22a15672 37bd87b185074569b28dc33deaf51d77 - - default default] 10.0.0.226 "POST /v2.0/subnets HTTP/1.1" status: 201 len: 801 time: 0.9220302
2026-06-28 21:04:38.528 9 WARNING neutron_lib.context [None req-206dc307-867d-4390-b348-724a8f523adc d064d30f60fa4353ae64b5ab22a15672 37bd87b185074569b28dc33deaf51d77 - - default default] Method 'is_advsvc' is deprecated since 2023.2 release (neutron-lib 3.8.0) and will be removed once support for the old RBAC API policies will be removed from Neutron. Please use method 'is_service_role' instead.
2026-06-28 21:04:38.610 9 INFO neutron.db.segments_db [None req-206dc307-867d-4390-b348-724a8f523adc d064d30f60fa4353ae64b5ab22a15672 37bd87b185074569b28dc33deaf51d77 - - default default] Added segment 4aeda386-9d4c-4034-98d1-3db8a8b84ac0 of type geneve for network 75135003-56a9-4651-b6d0-6181180dcdd6
2026-06-28 21:04:38.768 9 INFO neutron.db.ovn_revision_numbers_db [None req-206dc307-867d-4390-b348-724a8f523adc d064d30f60fa4353ae64b5ab22a15672 37bd87b185074569b28dc33deaf51d77 - - default default] Successfully bumped revision number for resource 75135003-56a9-4651-b6d0-6181180dcdd6 (type: networks) to 1
2026-06-28 21:04:38.952 9 WARNING neutron.scheduler.dhcp_agent_scheduler [None req-206dc307-867d-4390-b348-724a8f523adc d064d30f60fa4353ae64b5ab22a15672 37bd87b185074569b28dc33deaf51d77 - - default default] No more DHCP agents
2026-06-28 21:04:38.954 9 WARNING neutron.api.rpc.agentnotifiers.dhcp_rpc_agent_api [None req-206dc307-867d-4390-b348-724a8f523adc d064d30f60fa4353ae64b5ab22a15672 37bd87b185074569b28dc33deaf51d77 - - default default] Unable to schedule network 75135003-56a9-4651-b6d0-6181180dcdd6: no agents available; will retry on subsequent port and subnet creation events.
2026-06-28 21:04:39.040 9 INFO neutron.db.ovn_revision_numbers_db [None req-206dc307-867d-4390-b348-724a8f523adc d064d30f60fa4353ae64b5ab22a15672 37bd87b185074569b28dc33deaf51d77 - - default default] Successfully bumped revision number for resource 8d9e7d1b-f213-4f95-bafb-0bfe635e1c8d (type: ports) to 1
2026-06-28 21:04:39.062 9 INFO neutron.wsgi [None req-206dc307-867d-4390-b348-724a8f523adc d064d30f60fa4353ae64b5ab22a15672 37bd87b185074569b28dc33deaf51d77 - - default default] 10.0.0.226 "POST /v2.0/networks HTTP/1.1" status: 201 len: 831 time: 0.5422180 /var/lib/openstack/lib/python3.10/site-packages/pycadf/identifier.py:71: UserWarning: Invalid uuid: neutron. To ensure interoperability, identifiers should be a valid uuid. warnings.warn(('Invalid uuid: %s. To ensure interoperability, '
2026-06-28 21:04:39.075 10 WARNING neutron_lib.context [None req-a0cda3da-a663-4c2b-b1b0-d2a67834da5d d064d30f60fa4353ae64b5ab22a15672 37bd87b185074569b28dc33deaf51d77 - - default default] Method 'is_advsvc' is deprecated since 2023.2 release (neutron-lib 3.8.0) and will be removed once support for the old RBAC API policies will be removed from Neutron. Please use method 'is_service_role' instead.
2026-06-28 21:04:39.102 9 INFO neutron.wsgi [-] 10.0.0.133 "GET / HTTP/1.1" status: 200 len: 247 time: 0.0012012
2026-06-28 21:04:39.103 9 INFO neutron.wsgi [-] 10.0.0.133 "GET / HTTP/1.1" status: 200 len: 247 time: 0.0009687
2026-06-28 21:04:39.110 9 INFO neutron.wsgi [req-a2b2fbe2-4ad6-477c-bdbf-40cffa7dcc37 req-3b2604d5-70e7-4b17-b6d7-389627f68caf 6fc1ce72f06d4bb58c4fb4a580789059 e72147b873f04025a8fbca04b1c56638 - - default default] 10.0.0.16 "GET /v2.0/ports?device_id=86b7f050-ce74-4cc6-9004-c7143fe272a8 HTTP/1.1" status: 200 len: 1214 time: 0.0446243
2026-06-28 21:04:39.158 9 INFO neutron.wsgi [req-a2b2fbe2-4ad6-477c-bdbf-40cffa7dcc37 req-16ade62b-8445-40c6-aebd-5c8c1dea84c7 6fc1ce72f06d4bb58c4fb4a580789059 e72147b873f04025a8fbca04b1c56638 - - default default] 10.0.0.16 "GET /v2.0/security-groups?id=873f22d7-ce5c-469e-8497-3550809c7646&id=0b979202-727d-4982-9954-7c7fc560f0d2&fields=id&fields=name HTTP/1.1" status: 200 len: 405 time: 0.0409341
2026-06-28 21:04:39.304 9 INFO neutron.wsgi [req-6eab83a0-9d74-4ed4-8e94-653dcce15eda req-5dc0b49f-3c62-4916-81de-67f32aa3b4c8 6fc1ce72f06d4bb58c4fb4a580789059 e72147b873f04025a8fbca04b1c56638 - - default default] 10.0.0.16 "GET /v2.0/ports?device_id=86b7f050-ce74-4cc6-9004-c7143fe272a8 HTTP/1.1" status: 200 len: 1214 time: 0.0804813
2026-06-28 21:04:39.330 10 WARNING neutron.scheduler.dhcp_agent_scheduler [None req-a0cda3da-a663-4c2b-b1b0-d2a67834da5d d064d30f60fa4353ae64b5ab22a15672 37bd87b185074569b28dc33deaf51d77 - - default default] No more DHCP agents
2026-06-28 21:04:39.331 10 WARNING neutron.api.rpc.agentnotifiers.dhcp_rpc_agent_api [None req-a0cda3da-a663-4c2b-b1b0-d2a67834da5d d064d30f60fa4353ae64b5ab22a15672 37bd87b185074569b28dc33deaf51d77 - - default default] Unable to schedule network 75135003-56a9-4651-b6d0-6181180dcdd6: no agents available; will retry on subsequent port and subnet creation events.
2026-06-28 21:04:39.637 9 INFO neutron.db.l3_db [None req-ab093df8-02a2-499f-b1aa-4ceb6eb6d075 6fc1ce72f06d4bb58c4fb4a580789059 e72147b873f04025a8fbca04b1c56638 - - default default] Floating IP 62640a6d-4153-4949-9b79-0b4e42d6ee34 associated. External IP: 10.96.250.216, port: 7f6f0845-4189-4d60-a125-33dadbf1fc1c.
2026-06-28 21:04:39.750 10 INFO neutron.notifiers.nova [-] Nova event matching ['req-95ebd710-b9ef-4845-be1e-731c2134a64a'] response: {'server_uuid': '86b7f050-ce74-4cc6-9004-c7143fe272a8', 'name': 'network-vif-plugged', 'status': 'completed', 'tag': '7f6f0845-4189-4d60-a125-33dadbf1fc1c', 'code': 200}
2026-06-28 21:04:39.933 10 INFO neutron.db.ovn_revision_numbers_db [None req-a0cda3da-a663-4c2b-b1b0-d2a67834da5d d064d30f60fa4353ae64b5ab22a15672 37bd87b185074569b28dc33deaf51d77 - - default default] Successfully bumped revision number for resource 8d9e7d1b-f213-4f95-bafb-0bfe635e1c8d (type: ports) to 2
2026-06-28 21:04:39.977 9 INFO neutron.db.ovn_revision_numbers_db [None req-ab093df8-02a2-499f-b1aa-4ceb6eb6d075 6fc1ce72f06d4bb58c4fb4a580789059 e72147b873f04025a8fbca04b1c56638 - - default default] Successfully bumped revision number for resource 62640a6d-4153-4949-9b79-0b4e42d6ee34 (type: floatingips) to 1
2026-06-28 21:04:39.978 10 INFO neutron.db.ovn_revision_numbers_db [None req-a0cda3da-a663-4c2b-b1b0-d2a67834da5d d064d30f60fa4353ae64b5ab22a15672 37bd87b185074569b28dc33deaf51d77 - - default default] Successfully bumped revision number for resource 2a4acb8d-8640-4c91-a031-84b5376a60ee (type: subnets) to 0
2026-06-28 21:04:40.012 10 INFO neutron.wsgi [None req-a0cda3da-a663-4c2b-b1b0-d2a67834da5d d064d30f60fa4353ae64b5ab22a15672 37bd87b185074569b28dc33deaf51d77 - - default default] 10.0.0.226 "POST /v2.0/subnets HTTP/1.1" status: 201 len: 804 time: 0.9450881
2026-06-28 21:04:40.025 10 WARNING neutron_lib.context [None req-95cab5e7-c3ec-4bd7-9aac-909c701a9483 d064d30f60fa4353ae64b5ab22a15672 37bd87b185074569b28dc33deaf51d77 - - default default] Method 'is_advsvc' is deprecated since 2023.2 release (neutron-lib 3.8.0) and will be removed once support for the old RBAC API policies will be removed from Neutron. Please use method 'is_service_role' instead.
2026-06-28 21:04:40.097 9 INFO neutron.db.ovn_revision_numbers_db [None req-ab093df8-02a2-499f-b1aa-4ceb6eb6d075 6fc1ce72f06d4bb58c4fb4a580789059 e72147b873f04025a8fbca04b1c56638 - - default default] Successfully bumped revision number for resource 62640a6d-4153-4949-9b79-0b4e42d6ee34 (type: floatingips) to 2
2026-06-28 21:04:40.116 10 INFO neutron.db.segments_db [None req-95cab5e7-c3ec-4bd7-9aac-909c701a9483 d064d30f60fa4353ae64b5ab22a15672 37bd87b185074569b28dc33deaf51d77 - - default default] Added segment 2d44c8f1-4f69-49b9-be8d-92235cd0b73d of type geneve for network 51a5a4bc-2141-48e8-8422-fb66aeb010b9
2026-06-28 21:04:40.119 9 INFO neutron.wsgi [None req-ab093df8-02a2-499f-b1aa-4ceb6eb6d075 6fc1ce72f06d4bb58c4fb4a580789059 e72147b873f04025a8fbca04b1c56638 - - default default] 10.0.0.226 "PUT /v2.0/floatingips/62640a6d-4153-4949-9b79-0b4e42d6ee34 HTTP/1.1" status: 200 len: 1050 time: 0.8021486
2026-06-28 21:04:40.179 9 INFO neutron.notifiers.nova [-] Nova event matching ['req-f2151ef5-663b-4a32-b472-64928529ccc2'] response: {'name': 'network-changed', 'server_uuid': '86b7f050-ce74-4cc6-9004-c7143fe272a8', 'tag': '7f6f0845-4189-4d60-a125-33dadbf1fc1c', 'status': 'completed', 'code': 200} /var/lib/openstack/lib/python3.10/site-packages/pycadf/identifier.py:71: UserWarning: Invalid uuid: neutron. To ensure interoperability, identifiers should be a valid uuid. warnings.warn(('Invalid uuid: %s. To ensure interoperability, '
2026-06-28 21:04:40.263 9 INFO neutron.wsgi [req-7b167b91-5faa-4c89-ba9c-f634a41981b2 req-b1df9091-9912-4f78-8783-0f3abb81c8ff ccaad008b0aa47239794adec87be5637 20f2cfd0977b45158f66d4824ebf86d0 - - 44e706304a8e4e5b82af10eac2ac5573 44e706304a8e4e5b82af10eac2ac5573] 199.204.45.38 "GET /v2.0/ports?tenant_id=e72147b873f04025a8fbca04b1c56638&device_id=86b7f050-ce74-4cc6-9004-c7143fe272a8 HTTP/1.1" status: 200 len: 1452 time: 0.0698397
2026-06-28 21:04:40.289 10 INFO neutron.db.ovn_revision_numbers_db [None req-95cab5e7-c3ec-4bd7-9aac-909c701a9483 d064d30f60fa4353ae64b5ab22a15672 37bd87b185074569b28dc33deaf51d77 - - default default] Successfully bumped revision number for resource 51a5a4bc-2141-48e8-8422-fb66aeb010b9 (type: networks) to 1
2026-06-28 21:04:40.354 9 INFO neutron.wsgi [req-7b167b91-5faa-4c89-ba9c-f634a41981b2 req-1113c273-8e1a-4a5b-b613-1d3dca9ff30b ccaad008b0aa47239794adec87be5637 20f2cfd0977b45158f66d4824ebf86d0 - - 44e706304a8e4e5b82af10eac2ac5573 44e706304a8e4e5b82af10eac2ac5573] 199.204.45.38 "GET /v2.0/networks?id=39b37220-196c-44d6-a551-ab1d06dbcb11 HTTP/1.1" status: 200 len: 970 time: 0.0818789
2026-06-28 21:04:40.422 9 INFO neutron.wsgi [req-7b167b91-5faa-4c89-ba9c-f634a41981b2 req-6c085052-28b5-4bf1-ba8b-c858e334e905 ccaad008b0aa47239794adec87be5637 20f2cfd0977b45158f66d4824ebf86d0 - - 44e706304a8e4e5b82af10eac2ac5573 44e706304a8e4e5b82af10eac2ac5573] 199.204.45.38 "GET /v2.0/floatingips?fixed_ip_address=10.100.0.11&port_id=7f6f0845-4189-4d60-a125-33dadbf1fc1c HTTP/1.1" status: 200 len: 1060 time: 0.0612116
2026-06-28 21:04:40.466 10 WARNING neutron.scheduler.dhcp_agent_scheduler [None req-95cab5e7-c3ec-4bd7-9aac-909c701a9483 d064d30f60fa4353ae64b5ab22a15672 37bd87b185074569b28dc33deaf51d77 - - default default] No more DHCP agents
2026-06-28 21:04:40.472 10 WARNING neutron.api.rpc.agentnotifiers.dhcp_rpc_agent_api [None req-95cab5e7-c3ec-4bd7-9aac-909c701a9483 d064d30f60fa4353ae64b5ab22a15672 37bd87b185074569b28dc33deaf51d77 - - default default] Unable to schedule network 51a5a4bc-2141-48e8-8422-fb66aeb010b9: no agents available; will retry on subsequent port and subnet creation events.
2026-06-28 21:04:40.606 10 INFO neutron.db.ovn_revision_numbers_db [None req-95cab5e7-c3ec-4bd7-9aac-909c701a9483 d064d30f60fa4353ae64b5ab22a15672 37bd87b185074569b28dc33deaf51d77 - - default default] Successfully bumped revision number for resource 906de0b6-282b-41cc-b1a2-47a94d167eb1 (type: ports) to 1
2026-06-28 21:04:40.632 10 INFO neutron.wsgi [None req-95cab5e7-c3ec-4bd7-9aac-909c701a9483 d064d30f60fa4353ae64b5ab22a15672 37bd87b185074569b28dc33deaf51d77 - - default default] 10.0.0.226 "POST /v2.0/networks HTTP/1.1" status: 201 len: 831 time: 0.6117153
2026-06-28 21:04:40.642 10 WARNING neutron_lib.context [None req-86ba776c-d041-4050-bc29-709ba0cca2b4 d064d30f60fa4353ae64b5ab22a15672 37bd87b185074569b28dc33deaf51d77 - - default default] Method 'is_advsvc' is deprecated since 2023.2 release (neutron-lib 3.8.0) and will be removed once support for the old RBAC API policies will be removed from Neutron. Please use method 'is_service_role' instead.
