2026-06-28 21:04:40.757 9 INFO neutron.wsgi [req-7b167b91-5faa-4c89-ba9c-f634a41981b2 req-05efecd8-09e3-40af-b493-81dbef0e59ce ccaad008b0aa47239794adec87be5637 20f2cfd0977b45158f66d4824ebf86d0 - - 44e706304a8e4e5b82af10eac2ac5573 44e706304a8e4e5b82af10eac2ac5573] 199.204.45.38 "GET /v2.0/subnets?id=29e5207b-68dd-49b0-bf39-68fc6cc87acd HTTP/1.1" status: 200 len: 866 time: 0.3268523
2026-06-28 21:04:40.764 9 INFO neutron.wsgi [None req-9c85b807-e3db-451b-bb26-409a42b55e12 73826627b9f74849af86d59f9941407a 8912128d67074126af98231eb7c9f176 - - default default] 10.0.0.226 "POST /v2.0/qos/policies HTTP/1.1" status: 201 len: 558 time: 0.6376145
2026-06-28 21:04:40.786 9 INFO neutron.wsgi [req-7b167b91-5faa-4c89-ba9c-f634a41981b2 req-5021e25f-6bf6-4093-88a9-123059ecaffa ccaad008b0aa47239794adec87be5637 20f2cfd0977b45158f66d4824ebf86d0 - - 44e706304a8e4e5b82af10eac2ac5573 44e706304a8e4e5b82af10eac2ac5573] 199.204.45.38 "GET /v2.0/ports?network_id=39b37220-196c-44d6-a551-ab1d06dbcb11&device_owner=network%3Adhcp HTTP/1.1" status: 200 len: 210 time: 0.0216472
2026-06-28 21:04:40.828 9 INFO neutron.wsgi [None req-50fbe8f6-b179-48e0-a66a-8bff50f8fdf8 73826627b9f74849af86d59f9941407a 8912128d67074126af98231eb7c9f176 - - default default] 10.0.0.226 "POST /v2.0/qos/policies HTTP/1.1" status: 201 len: 558 time: 0.0537808
2026-06-28 21:04:40.863 9 INFO neutron.wsgi [req-7b167b91-5faa-4c89-ba9c-f634a41981b2 req-7cb9f5da-e0d2-4c65-be4d-14da3784b797 ccaad008b0aa47239794adec87be5637 20f2cfd0977b45158f66d4824ebf86d0 - - 44e706304a8e4e5b82af10eac2ac5573 44e706304a8e4e5b82af10eac2ac5573] 199.204.45.38 "GET /v2.0/networks/39b37220-196c-44d6-a551-ab1d06dbcb11?fields=segments HTTP/1.1" status: 200 len: 212 time: 0.0693274
2026-06-28 21:04:40.890 10 WARNING neutron.scheduler.dhcp_agent_scheduler [None req-86ba776c-d041-4050-bc29-709ba0cca2b4 d064d30f60fa4353ae64b5ab22a15672 37bd87b185074569b28dc33deaf51d77 - - default default] No more DHCP agents
2026-06-28 21:04:40.891 10 WARNING neutron.api.rpc.agentnotifiers.dhcp_rpc_agent_api [None req-86ba776c-d041-4050-bc29-709ba0cca2b4 d064d30f60fa4353ae64b5ab22a15672 37bd87b185074569b28dc33deaf51d77 - - default default] Unable to schedule network 51a5a4bc-2141-48e8-8422-fb66aeb010b9: no agents available; will retry on subsequent port and subnet creation events.
2026-06-28 21:04:40.899 9 INFO neutron.wsgi [None req-10d154fd-e9a0-4789-b15a-d8f85cecb012 73826627b9f74849af86d59f9941407a 8912128d67074126af98231eb7c9f176 - - default default] 10.0.0.226 "POST /v2.0/qos/policies HTTP/1.1" status: 201 len: 558 time: 0.0650527
2026-06-28 21:04:40.930 9 INFO neutron.wsgi [req-7b167b91-5faa-4c89-ba9c-f634a41981b2 req-f16e9b1e-0f92-42ea-99a1-8432990127ab ccaad008b0aa47239794adec87be5637 20f2cfd0977b45158f66d4824ebf86d0 - - 44e706304a8e4e5b82af10eac2ac5573 44e706304a8e4e5b82af10eac2ac5573] 199.204.45.38 "GET /v2.0/networks/39b37220-196c-44d6-a551-ab1d06dbcb11?fields=provider%3Aphysical_network&fields=provider%3Anetwork_type HTTP/1.1" status: 200 len: 277 time: 0.0627527
2026-06-28 21:04:40.949 9 INFO neutron.wsgi [None req-44d3231a-69fe-4f9f-a53d-ced0a9d9429b 73826627b9f74849af86d59f9941407a 8912128d67074126af98231eb7c9f176 - - default default] 10.0.0.226 "POST /v2.0/qos/policies HTTP/1.1" status: 201 len: 558 time: 0.0439847
2026-06-28 21:04:40.987 9 INFO neutron.wsgi [None req-d5158baa-c0d3-44ac-a800-33cb395433d0 73826627b9f74849af86d59f9941407a 8912128d67074126af98231eb7c9f176 - - default default] 10.0.0.226 "POST /v2.0/qos/policies HTTP/1.1" status: 201 len: 558 time: 0.0305839
2026-06-28 21:04:41.012 9 INFO neutron.wsgi [None req-9f5671df-d673-43b1-b255-edd0bb6b9ad9 73826627b9f74849af86d59f9941407a 8912128d67074126af98231eb7c9f176 - - default default] 10.0.0.226 "PUT /v2.0/policies/55712b84-8fcd-4224-ab91-0f75f716f3e3/tags HTTP/1.1" status: 200 len: 210 time: 0.0207567
2026-06-28 21:04:41.046 9 INFO neutron.wsgi [None req-8a87128f-ad95-4cf1-9e12-b6859f1d1812 73826627b9f74849af86d59f9941407a 8912128d67074126af98231eb7c9f176 - - default default] 10.0.0.226 "PUT /v2.0/policies/73ce3d82-7c8f-4e34-8a2b-2e9a44922f0a/tags HTTP/1.1" status: 200 len: 218 time: 0.0305178
2026-06-28 21:04:41.072 9 INFO neutron.wsgi [None req-255f8bb9-f7fb-4d60-960d-d2c576346cde 73826627b9f74849af86d59f9941407a 8912128d67074126af98231eb7c9f176 - - default default] 10.0.0.226 "PUT /v2.0/policies/8c43ee4c-74a8-409b-831c-84decf0f3069/tags HTTP/1.1" status: 200 len: 227 time: 0.0232329
2026-06-28 21:04:41.097 9 INFO neutron.wsgi [None req-aae5d9d1-fe07-4403-a992-c0d90c5c73d7 73826627b9f74849af86d59f9941407a 8912128d67074126af98231eb7c9f176 - - default default] 10.0.0.226 "PUT /v2.0/policies/038a4380-7f8a-4c87-ae64-4c9e87f9cdd4/tags HTTP/1.1" status: 200 len: 212 time: 0.0204589
2026-06-28 21:04:41.354 10 INFO neutron.db.ovn_revision_numbers_db [None req-86ba776c-d041-4050-bc29-709ba0cca2b4 d064d30f60fa4353ae64b5ab22a15672 37bd87b185074569b28dc33deaf51d77 - - default default] Successfully bumped revision number for resource 906de0b6-282b-41cc-b1a2-47a94d167eb1 (type: ports) to 2
2026-06-28 21:04:41.386 10 INFO neutron.db.ovn_revision_numbers_db [None req-86ba776c-d041-4050-bc29-709ba0cca2b4 d064d30f60fa4353ae64b5ab22a15672 37bd87b185074569b28dc33deaf51d77 - - default default] Successfully bumped revision number for resource 0fab7d7a-7dff-4c12-9a29-6c82e16b4784 (type: subnets) to 0
2026-06-28 21:04:41.401 10 INFO neutron.wsgi [None req-86ba776c-d041-4050-bc29-709ba0cca2b4 d064d30f60fa4353ae64b5ab22a15672 37bd87b185074569b28dc33deaf51d77 - - default default] 10.0.0.226 "POST /v2.0/subnets HTTP/1.1" status: 201 len: 804 time: 0.7654917
2026-06-28 21:04:41.411 10 WARNING neutron_lib.context [None req-1e59ceeb-ba56-4006-b38a-6bac0fd43ce2 d064d30f60fa4353ae64b5ab22a15672 37bd87b185074569b28dc33deaf51d77 - - default default] Method 'is_advsvc' is deprecated since 2023.2 release (neutron-lib 3.8.0) and will be removed once support for the old RBAC API policies will be removed from Neutron. Please use method 'is_service_role' instead.
2026-06-28 21:04:41.506 10 INFO neutron.db.segments_db [None req-1e59ceeb-ba56-4006-b38a-6bac0fd43ce2 d064d30f60fa4353ae64b5ab22a15672 37bd87b185074569b28dc33deaf51d77 - - default default] Added segment afe05e35-f844-45ad-8d92-52b8ca0636d1 of type geneve for network 52f6a3a7-313a-4eb3-8873-cd7bcd69e002
2026-06-28 21:04:41.639 10 INFO neutron.db.ovn_revision_numbers_db [None req-1e59ceeb-ba56-4006-b38a-6bac0fd43ce2 d064d30f60fa4353ae64b5ab22a15672 37bd87b185074569b28dc33deaf51d77 - - default default] Successfully bumped revision number for resource 52f6a3a7-313a-4eb3-8873-cd7bcd69e002 (type: networks) to 1
2026-06-28 21:04:41.714 9 INFO neutron.wsgi [None req-6fb4d8f9-79b0-4953-bc5a-55379198c75f 46e6e308c72e4e05b4c63167146e881d 84f6292b67ee4ad69bee52538904c152 - - default default] 10.0.0.226 "GET /v2.0/qos/policies?tags=red HTTP/1.1" status: 200 len: 1296 time: 0.2529886
2026-06-28 21:04:41.850 10 INFO neutron.wsgi [None req-1272bd52-5f0e-43bb-94fe-694d5cd8e1da 46e6e308c72e4e05b4c63167146e881d 84f6292b67ee4ad69bee52538904c152 - - default default] 10.0.0.226 "GET /v2.0/qos/policies?tags=red%2Cblue HTTP/1.1" status: 200 len: 941 time: 0.1314473
2026-06-28 21:04:41.858 10 WARNING neutron.scheduler.dhcp_agent_scheduler [None req-1e59ceeb-ba56-4006-b38a-6bac0fd43ce2 d064d30f60fa4353ae64b5ab22a15672 37bd87b185074569b28dc33deaf51d77 - - default default] No more DHCP agents
2026-06-28 21:04:41.860 10 WARNING neutron.api.rpc.agentnotifiers.dhcp_rpc_agent_api [None req-1e59ceeb-ba56-4006-b38a-6bac0fd43ce2 d064d30f60fa4353ae64b5ab22a15672 37bd87b185074569b28dc33deaf51d77 - - default default] Unable to schedule network 52f6a3a7-313a-4eb3-8873-cd7bcd69e002: no agents available; will retry on subsequent port and subnet creation events.
2026-06-28 21:04:41.904 9 INFO neutron.wsgi [None req-e1ec1a97-6407-490c-97c4-b67139320a4e 46e6e308c72e4e05b4c63167146e881d 84f6292b67ee4ad69bee52538904c152 - - default default] 10.0.0.226 "GET /v2.0/qos/policies?tags-any=blue HTTP/1.1" status: 200 len: 941 time: 0.0487833
2026-06-28 21:04:41.954 10 INFO neutron.db.ovn_revision_numbers_db [None req-1e59ceeb-ba56-4006-b38a-6bac0fd43ce2 d064d30f60fa4353ae64b5ab22a15672 37bd87b185074569b28dc33deaf51d77 - - default default] Successfully bumped revision number for resource add63e21-63b8-4a3d-bcda-aeabcea4f4d7 (type: ports) to 1
2026-06-28 21:04:41.974 10 INFO neutron.wsgi [None req-1e59ceeb-ba56-4006-b38a-6bac0fd43ce2 d064d30f60fa4353ae64b5ab22a15672 37bd87b185074569b28dc33deaf51d77 - - default default] 10.0.0.226 "POST /v2.0/networks HTTP/1.1" status: 201 len: 830 time: 0.5671837
2026-06-28 21:04:41.984 9 INFO neutron.wsgi [None req-ec4efbc1-c6ae-4b1a-a9b5-831dd9a713a1 46e6e308c72e4e05b4c63167146e881d 84f6292b67ee4ad69bee52538904c152 - - default default] 10.0.0.226 "GET /v2.0/qos/policies?tags-any=red%2Cblue HTTP/1.1" status: 200 len: 1296 time: 0.0727174
2026-06-28 21:04:41.990 9 WARNING neutron_lib.context [None req-17b4c4b1-e575-4098-85c8-b0040c42e93e d064d30f60fa4353ae64b5ab22a15672 37bd87b185074569b28dc33deaf51d77 - - default default] Method 'is_advsvc' is deprecated since 2023.2 release (neutron-lib 3.8.0) and will be removed once support for the old RBAC API policies will be removed from Neutron. Please use method 'is_service_role' instead.
2026-06-28 21:04:42.049 10 INFO neutron.wsgi [None req-5d440259-180a-4efd-8b0b-c2709009e63e 46e6e308c72e4e05b4c63167146e881d 84f6292b67ee4ad69bee52538904c152 - - default default] 10.0.0.226 "GET /v2.0/qos/policies?not-tags=red HTTP/1.1" status: 200 len: 913 time: 0.0584247
2026-06-28 21:04:42.119 10 INFO neutron.wsgi [None req-e0f110fd-31d7-41d6-96e4-94e2676b9df8 46e6e308c72e4e05b4c63167146e881d 84f6292b67ee4ad69bee52538904c152 - - default default] 10.0.0.226 "GET /v2.0/qos/policies?not-tags=red%2Cblue HTTP/1.1" status: 200 len: 1268 time: 0.0660765
2026-06-28 21:04:42.191 10 INFO neutron.wsgi [None req-b83568f8-55ae-4e09-8996-52e697d8de22 46e6e308c72e4e05b4c63167146e881d 84f6292b67ee4ad69bee52538904c152 - - default default] 10.0.0.226 "GET /v2.0/qos/policies?not-tags-any=blue HTTP/1.1" status: 200 len: 1268 time: 0.0660820
2026-06-28 21:04:42.244 10 INFO neutron.wsgi [None req-de9e82c8-91cd-4cd4-9ed8-0808ee90f511 46e6e308c72e4e05b4c63167146e881d 84f6292b67ee4ad69bee52538904c152 - - default default] 10.0.0.226 "GET /v2.0/qos/policies?not-tags-any=red%2Cblue HTTP/1.1" status: 200 len: 913 time: 0.0476534
2026-06-28 21:04:42.274 9 WARNING neutron.scheduler.dhcp_agent_scheduler [None req-17b4c4b1-e575-4098-85c8-b0040c42e93e d064d30f60fa4353ae64b5ab22a15672 37bd87b185074569b28dc33deaf51d77 - - default default] No more DHCP agents
2026-06-28 21:04:42.279 9 WARNING neutron.api.rpc.agentnotifiers.dhcp_rpc_agent_api [None req-17b4c4b1-e575-4098-85c8-b0040c42e93e d064d30f60fa4353ae64b5ab22a15672 37bd87b185074569b28dc33deaf51d77 - - default default] Unable to schedule network 52f6a3a7-313a-4eb3-8873-cd7bcd69e002: no agents available; will retry on subsequent port and subnet creation events.
2026-06-28 21:04:42.307 10 INFO neutron.wsgi [None req-36289bb2-432c-47c6-9356-3a0d8d6d06b2 73826627b9f74849af86d59f9941407a 8912128d67074126af98231eb7c9f176 - - default default] 10.0.0.226 "DELETE /v2.0/qos/policies/55712b84-8fcd-4224-ab91-0f75f716f3e3 HTTP/1.1" status: 204 len: 168 time: 0.0571523
2026-06-28 21:04:42.377 10 INFO neutron.wsgi [None req-fc6e04ad-a1bd-4b5c-9526-67f7195c12c7 73826627b9f74849af86d59f9941407a 8912128d67074126af98231eb7c9f176 - - default default] 10.0.0.226 "DELETE /v2.0/qos/policies/73ce3d82-7c8f-4e34-8a2b-2e9a44922f0a HTTP/1.1" status: 204 len: 168 time: 0.0648642
2026-06-28 21:04:42.457 10 INFO neutron.wsgi [None req-730ef972-0dee-41b5-a870-dfd329574921 73826627b9f74849af86d59f9941407a 8912128d67074126af98231eb7c9f176 - - default default] 10.0.0.226 "DELETE /v2.0/qos/policies/8c43ee4c-74a8-409b-831c-84decf0f3069 HTTP/1.1" status: 204 len: 168 time: 0.0736647
2026-06-28 21:04:42.563 9 INFO neutron.wsgi [None req-ebe4f9a9-a8e5-4bd0-b1c7-2adc69369dd9 73826627b9f74849af86d59f9941407a 8912128d67074126af98231eb7c9f176 - - default default] 10.0.0.226 "DELETE /v2.0/qos/policies/038a4380-7f8a-4c87-ae64-4c9e87f9cdd4 HTTP/1.1" status: 204 len: 168 time: 0.0973108
2026-06-28 21:04:42.624 10 INFO neutron.wsgi [None req-34d516d0-08a7-46b1-8440-7105b54076e0 73826627b9f74849af86d59f9941407a 8912128d67074126af98231eb7c9f176 - - default default] 10.0.0.226 "DELETE /v2.0/qos/policies/3d43daed-889f-4b60-be58-751de9a01d7e HTTP/1.1" status: 204 len: 168 time: 0.0562136
2026-06-28 21:04:42.877 9 INFO neutron.db.ovn_revision_numbers_db [None req-17b4c4b1-e575-4098-85c8-b0040c42e93e d064d30f60fa4353ae64b5ab22a15672 37bd87b185074569b28dc33deaf51d77 - - default default] Successfully bumped revision number for resource add63e21-63b8-4a3d-bcda-aeabcea4f4d7 (type: ports) to 2
2026-06-28 21:04:42.911 9 INFO neutron.db.ovn_revision_numbers_db [None req-17b4c4b1-e575-4098-85c8-b0040c42e93e d064d30f60fa4353ae64b5ab22a15672 37bd87b185074569b28dc33deaf51d77 - - default default] Successfully bumped revision number for resource b964ff22-a05c-4fd6-9003-1ddf817cfff3 (type: subnets) to 0
2026-06-28 21:04:42.919 10 WARNING neutron_lib.context [None req-f7e3f894-6ea0-4e52-a289-bae12d20102f 40df71de0baf4dfea899458b3fb0da82 10bb90bd8ef64a7a939f7d80879f4a50 - - default default] Method 'is_advsvc' is deprecated since 2023.2 release (neutron-lib 3.8.0) and will be removed once support for the old RBAC API policies will be removed from Neutron. Please use method 'is_service_role' instead.
2026-06-28 21:04:42.927 9 INFO neutron.wsgi [None req-17b4c4b1-e575-4098-85c8-b0040c42e93e d064d30f60fa4353ae64b5ab22a15672 37bd87b185074569b28dc33deaf51d77 - - default default] 10.0.0.226 "POST /v2.0/subnets HTTP/1.1" status: 201 len: 804 time: 0.9490986
2026-06-28 21:04:42.937 9 WARNING neutron_lib.context [None req-78600874-d957-49ca-9624-01c7f740e61c d064d30f60fa4353ae64b5ab22a15672 37bd87b185074569b28dc33deaf51d77 - - default default] Method 'is_advsvc' is deprecated since 2023.2 release (neutron-lib 3.8.0) and will be removed once support for the old RBAC API policies will be removed from Neutron. Please use method 'is_service_role' instead.
2026-06-28 21:04:43.017 9 INFO neutron.db.segments_db [None req-78600874-d957-49ca-9624-01c7f740e61c d064d30f60fa4353ae64b5ab22a15672 37bd87b185074569b28dc33deaf51d77 - - default default] Added segment 65daaad8-7373-46bf-a6ce-07159608f833 of type geneve for network e1ba4457-91fc-4486-9508-df10e87bad6e
2026-06-28 21:04:43.063 10 INFO neutron.db.ovn_revision_numbers_db [None req-f7e3f894-6ea0-4e52-a289-bae12d20102f 40df71de0baf4dfea899458b3fb0da82 10bb90bd8ef64a7a939f7d80879f4a50 - - default default] Successfully bumped revision number for resource c9c98c97-69bb-46b6-8eb0-f6a839632b4c (type: security_groups) to 1
2026-06-28 21:04:43.075 10 INFO neutron.db.ovn_revision_numbers_db [None req-f7e3f894-6ea0-4e52-a289-bae12d20102f 40df71de0baf4dfea899458b3fb0da82 10bb90bd8ef64a7a939f7d80879f4a50 - - default default] Successfully bumped revision number for resource 6b502d91-066b-4563-a61f-f21dbaf788f2 (type: security_group_rules) to 0
2026-06-28 21:04:43.087 10 INFO neutron.db.ovn_revision_numbers_db [None req-f7e3f894-6ea0-4e52-a289-bae12d20102f 40df71de0baf4dfea899458b3fb0da82 10bb90bd8ef64a7a939f7d80879f4a50 - - default default] Successfully bumped revision number for resource c41cd751-e98a-4596-928b-1a653e46d73d (type: security_group_rules) to 0
2026-06-28 21:04:43.101 10 INFO neutron.db.ovn_revision_numbers_db [None req-f7e3f894-6ea0-4e52-a289-bae12d20102f 40df71de0baf4dfea899458b3fb0da82 10bb90bd8ef64a7a939f7d80879f4a50 - - default default] Successfully bumped revision number for resource e51d3cf1-9d27-4093-b8cf-a4b71fbeb3c8 (type: security_group_rules) to 0
2026-06-28 21:04:43.118 10 INFO neutron.db.ovn_revision_numbers_db [None req-f7e3f894-6ea0-4e52-a289-bae12d20102f 40df71de0baf4dfea899458b3fb0da82 10bb90bd8ef64a7a939f7d80879f4a50 - - default default] Successfully bumped revision number for resource e619bc8a-02a3-4140-9dd0-597c68d5f5b7 (type: security_group_rules) to 0
2026-06-28 21:04:43.162 9 INFO neutron.db.ovn_revision_numbers_db [None req-78600874-d957-49ca-9624-01c7f740e61c d064d30f60fa4353ae64b5ab22a15672 37bd87b185074569b28dc33deaf51d77 - - default default] Successfully bumped revision number for resource e1ba4457-91fc-4486-9508-df10e87bad6e (type: networks) to 1
2026-06-28 21:04:43.178 10 INFO neutron.db.segments_db [None req-f7e3f894-6ea0-4e52-a289-bae12d20102f 40df71de0baf4dfea899458b3fb0da82 10bb90bd8ef64a7a939f7d80879f4a50 - - default default] Added segment db82dc29-f671-49d1-9ae3-c18733d52d73 of type geneve for network e19b8931-bc83-4b8e-8247-ac334bb9af56
2026-06-28 21:04:43.335 9 WARNING neutron.scheduler.dhcp_agent_scheduler [None req-78600874-d957-49ca-9624-01c7f740e61c d064d30f60fa4353ae64b5ab22a15672 37bd87b185074569b28dc33deaf51d77 - - default default] No more DHCP agents
2026-06-28 21:04:43.336 9 WARNING neutron.api.rpc.agentnotifiers.dhcp_rpc_agent_api [None req-78600874-d957-49ca-9624-01c7f740e61c d064d30f60fa4353ae64b5ab22a15672 37bd87b185074569b28dc33deaf51d77 - - default default] Unable to schedule network e1ba4457-91fc-4486-9508-df10e87bad6e: no agents available; will retry on subsequent port and subnet creation events.
2026-06-28 21:04:43.416 9 INFO neutron.db.ovn_revision_numbers_db [None req-78600874-d957-49ca-9624-01c7f740e61c d064d30f60fa4353ae64b5ab22a15672 37bd87b185074569b28dc33deaf51d77 - - default default] Successfully bumped revision number for resource bcf820da-90d7-4e22-bda7-98321d50c191 (type: ports) to 1
2026-06-28 21:04:43.442 9 INFO neutron.wsgi [None req-78600874-d957-49ca-9624-01c7f740e61c d064d30f60fa4353ae64b5ab22a15672 37bd87b185074569b28dc33deaf51d77 - - default default] 10.0.0.226 "POST /v2.0/networks HTTP/1.1" status: 201 len: 830 time: 0.5095375
2026-06-28 21:04:43.452 9 WARNING neutron_lib.context [None req-e52c0e20-11c8-4be6-a8a9-e1669d5e35be d064d30f60fa4353ae64b5ab22a15672 37bd87b185074569b28dc33deaf51d77 - - default default] Method 'is_advsvc' is deprecated since 2023.2 release (neutron-lib 3.8.0) and will be removed once support for the old RBAC API policies will be removed from Neutron. Please use method 'is_service_role' instead.
2026-06-28 21:04:43.632 10 INFO neutron.db.ovn_revision_numbers_db [None req-f7e3f894-6ea0-4e52-a289-bae12d20102f 40df71de0baf4dfea899458b3fb0da82 10bb90bd8ef64a7a939f7d80879f4a50 - - default default] Successfully bumped revision number for resource e19b8931-bc83-4b8e-8247-ac334bb9af56 (type: networks) to 1
2026-06-28 21:04:43.725 9 WARNING neutron.scheduler.dhcp_agent_scheduler [None req-e52c0e20-11c8-4be6-a8a9-e1669d5e35be d064d30f60fa4353ae64b5ab22a15672 37bd87b185074569b28dc33deaf51d77 - - default default] No more DHCP agents
2026-06-28 21:04:43.730 9 WARNING neutron.api.rpc.agentnotifiers.dhcp_rpc_agent_api [None req-e52c0e20-11c8-4be6-a8a9-e1669d5e35be d064d30f60fa4353ae64b5ab22a15672 37bd87b185074569b28dc33deaf51d77 - - default default] Unable to schedule network e1ba4457-91fc-4486-9508-df10e87bad6e: no agents available; will retry on subsequent port and subnet creation events.
2026-06-28 21:04:43.754 9 INFO neutron.db.ovn_revision_numbers_db [None req-3b6816dc-cf1a-4b06-927f-b4fd03422a99 dee7710eebe641e998a3146c11aaf224 0252989593b642ec99ca19ce4267a2c0 - - default default] Successfully bumped revision number for resource 2562c60f-c21b-49ef-8719-12a0332e7ecc (type: security_groups) to 1
2026-06-28 21:04:43.779 9 INFO neutron.db.ovn_revision_numbers_db [None req-3b6816dc-cf1a-4b06-927f-b4fd03422a99 dee7710eebe641e998a3146c11aaf224 0252989593b642ec99ca19ce4267a2c0 - - default default] Successfully bumped revision number for resource 42045463-2740-4fcc-9514-68fedb9134b6 (type: security_group_rules) to 0
2026-06-28 21:04:43.796 9 INFO neutron.db.ovn_revision_numbers_db [None req-3b6816dc-cf1a-4b06-927f-b4fd03422a99 dee7710eebe641e998a3146c11aaf224 0252989593b642ec99ca19ce4267a2c0 - - default default] Successfully bumped revision number for resource 8fc13f68-7e15-4998-8adc-850bb8f672f0 (type: security_group_rules) to 0
2026-06-28 21:04:43.816 9 INFO neutron.db.ovn_revision_numbers_db [None req-3b6816dc-cf1a-4b06-927f-b4fd03422a99 dee7710eebe641e998a3146c11aaf224 0252989593b642ec99ca19ce4267a2c0 - - default default] Successfully bumped revision number for resource 9bf9b9ca-4601-4f60-b199-d009a52ae00c (type: security_group_rules) to 0
2026-06-28 21:04:43.824 10 WARNING neutron.scheduler.dhcp_agent_scheduler [None req-f7e3f894-6ea0-4e52-a289-bae12d20102f 40df71de0baf4dfea899458b3fb0da82 10bb90bd8ef64a7a939f7d80879f4a50 - - default default] No more DHCP agents
2026-06-28 21:04:43.827 10 WARNING neutron.api.rpc.agentnotifiers.dhcp_rpc_agent_api [None req-f7e3f894-6ea0-4e52-a289-bae12d20102f 40df71de0baf4dfea899458b3fb0da82 10bb90bd8ef64a7a939f7d80879f4a50 - - default default] Unable to schedule network e19b8931-bc83-4b8e-8247-ac334bb9af56: no agents available; will retry on subsequent port and subnet creation events.
2026-06-28 21:04:43.837 9 INFO neutron.db.ovn_revision_numbers_db [None req-3b6816dc-cf1a-4b06-927f-b4fd03422a99 dee7710eebe641e998a3146c11aaf224 0252989593b642ec99ca19ce4267a2c0 - - default default] Successfully bumped revision number for resource a7041e6b-4d8b-42c8-9a2a-42273f8653f6 (type: security_group_rules) to 0
2026-06-28 21:04:43.874 9 INFO neutron.wsgi [None req-3b6816dc-cf1a-4b06-927f-b4fd03422a99 dee7710eebe641e998a3146c11aaf224 0252989593b642ec99ca19ce4267a2c0 - - default default] 10.0.0.226 "GET /v2.0/security-groups?tenant_id=8912128d67074126af98231eb7c9f176&name=default HTTP/1.1" status: 200 len: 2996 time: 0.3851178
2026-06-28 21:04:43.929 10 INFO neutron.db.ovn_revision_numbers_db [None req-f7e3f894-6ea0-4e52-a289-bae12d20102f 40df71de0baf4dfea899458b3fb0da82 10bb90bd8ef64a7a939f7d80879f4a50 - - default default] Successfully bumped revision number for resource 041d09c6-7a2b-4b53-bed0-fa521991e348 (type: ports) to 1
2026-06-28 21:04:43.936 9 INFO neutron.wsgi [req-c7fccc0c-2e37-4912-a4dd-b4f7817ad785 req-4a9e5046-6d80-4306-9236-44d4b0f4b96b ccaad008b0aa47239794adec87be5637 20f2cfd0977b45158f66d4824ebf86d0 - - 44e706304a8e4e5b82af10eac2ac5573 44e706304a8e4e5b82af10eac2ac5573] 199.204.45.38 "GET /v2.0/ports?device_id=86b7f050-ce74-4cc6-9004-c7143fe272a8&fields=binding%3Ahost_id&fields=binding%3Avif_type HTTP/1.1" status: 200 len: 265 time: 0.0654373
2026-06-28 21:04:43.955 10 INFO neutron.wsgi [None req-f7e3f894-6ea0-4e52-a289-bae12d20102f 40df71de0baf4dfea899458b3fb0da82 10bb90bd8ef64a7a939f7d80879f4a50 - - default default] 10.0.0.226 "POST /v2.0/networks HTTP/1.1" status: 201 len: 831 time: 1.3099585
2026-06-28 21:04:43.970 9 WARNING neutron_lib.context [None req-60c646b4-10a6-4d12-82bf-1d4ccf937a05 40df71de0baf4dfea899458b3fb0da82 10bb90bd8ef64a7a939f7d80879f4a50 - - default default] Method 'is_advsvc' is deprecated since 2023.2 release (neutron-lib 3.8.0) and will be removed once support for the old RBAC API policies will be removed from Neutron. Please use method 'is_service_role' instead.
2026-06-28 21:04:44.038 9 INFO neutron.wsgi [req-c7fccc0c-2e37-4912-a4dd-b4f7817ad785 req-1366617d-a1ad-40cf-9dd2-e2dcde0ecebb ccaad008b0aa47239794adec87be5637 20f2cfd0977b45158f66d4824ebf86d0 - - 44e706304a8e4e5b82af10eac2ac5573 44e706304a8e4e5b82af10eac2ac5573] 199.204.45.38 "GET /v2.0/ports?tenant_id=e72147b873f04025a8fbca04b1c56638&device_id=86b7f050-ce74-4cc6-9004-c7143fe272a8 HTTP/1.1" status: 200 len: 1452 time: 0.0610216
2026-06-28 21:04:44.081 10 INFO neutron.wsgi [None req-1c3b7ec8-388c-480a-b8e5-6c9b4c289649 dee7710eebe641e998a3146c11aaf224 0252989593b642ec99ca19ce4267a2c0 - - default default] 10.0.0.226 "DELETE /v2.0/security-groups/2562c60f-c21b-49ef-8719-12a0332e7ecc HTTP/1.1" status: 204 len: 168 time: 0.2001679
2026-06-28 21:04:44.113 9 INFO neutron.db.segments_db [None req-60c646b4-10a6-4d12-82bf-1d4ccf937a05 40df71de0baf4dfea899458b3fb0da82 10bb90bd8ef64a7a939f7d80879f4a50 - - default default] Added segment 3a54c5ca-a96f-4487-84bf-ad3c5f3e5a3a of type geneve for network 57680f45-bbcf-4c66-a2b4-537c0e2d0051
2026-06-28 21:04:44.158 9 INFO neutron.wsgi [req-c7fccc0c-2e37-4912-a4dd-b4f7817ad785 req-9d8cf989-6703-4f7f-a777-c07603c0f105 ccaad008b0aa47239794adec87be5637 20f2cfd0977b45158f66d4824ebf86d0 - - 44e706304a8e4e5b82af10eac2ac5573 44e706304a8e4e5b82af10eac2ac5573] 199.204.45.38 "GET /v2.0/networks?id=39b37220-196c-44d6-a551-ab1d06dbcb11 HTTP/1.1" status: 200 len: 970 time: 0.1001053
2026-06-28 21:04:44.250 9 INFO neutron.wsgi [req-c7fccc0c-2e37-4912-a4dd-b4f7817ad785 req-3016f444-f2af-41ab-95d0-a80220344705 ccaad008b0aa47239794adec87be5637 20f2cfd0977b45158f66d4824ebf86d0 - - 44e706304a8e4e5b82af10eac2ac5573 44e706304a8e4e5b82af10eac2ac5573] 199.204.45.38 "GET /v2.0/floatingips?fixed_ip_address=10.100.0.11&port_id=7f6f0845-4189-4d60-a125-33dadbf1fc1c HTTP/1.1" status: 200 len: 1060 time: 0.0865462
2026-06-28 21:04:44.310 10 INFO neutron.db.ovn_revision_numbers_db [None req-94dab471-e301-4746-8595-fab7eb86704b dee7710eebe641e998a3146c11aaf224 0252989593b642ec99ca19ce4267a2c0 - - default default] Successfully bumped revision number for resource 25258225-55a3-4e28-99da-5ff6b35c4438 (type: security_groups) to 1
2026-06-28 21:04:44.317 9 INFO neutron.wsgi [req-c7fccc0c-2e37-4912-a4dd-b4f7817ad785 req-7eb38a04-51f8-4cb6-855b-21e05f37fe03 ccaad008b0aa47239794adec87be5637 20f2cfd0977b45158f66d4824ebf86d0 - - 44e706304a8e4e5b82af10eac2ac5573 44e706304a8e4e5b82af10eac2ac5573] 199.204.45.38 "GET /v2.0/subnets?id=29e5207b-68dd-49b0-bf39-68fc6cc87acd HTTP/1.1" status: 200 len: 866 time: 0.0614512
2026-06-28 21:04:44.330 10 INFO neutron.db.ovn_revision_numbers_db [None req-94dab471-e301-4746-8595-fab7eb86704b dee7710eebe641e998a3146c11aaf224 0252989593b642ec99ca19ce4267a2c0 - - default default] Successfully bumped revision number for resource 0227d30f-b628-4452-b8e2-bea041a9dfb9 (type: security_group_rules) to 0
2026-06-28 21:04:44.344 10 INFO neutron.db.ovn_revision_numbers_db [None req-94dab471-e301-4746-8595-fab7eb86704b dee7710eebe641e998a3146c11aaf224 0252989593b642ec99ca19ce4267a2c0 - - default default] Successfully bumped revision number for resource 0c781f43-2ed0-49bc-8bc6-ec6e9ff7c8ea (type: security_group_rules) to 0
2026-06-28 21:04:44.358 10 INFO neutron.db.ovn_revision_numbers_db [None req-94dab471-e301-4746-8595-fab7eb86704b dee7710eebe641e998a3146c11aaf224 0252989593b642ec99ca19ce4267a2c0 - - default default] Successfully bumped revision number for resource 1e37d9e5-b05a-43a4-ae85-504ec94f0fc6 (type: security_group_rules) to 0
2026-06-28 21:04:44.364 9 INFO neutron.wsgi [req-c7fccc0c-2e37-4912-a4dd-b4f7817ad785 req-87cf8138-a552-4860-9799-ad03b2a07ca8 ccaad008b0aa47239794adec87be5637 20f2cfd0977b45158f66d4824ebf86d0 - - 44e706304a8e4e5b82af10eac2ac5573 44e706304a8e4e5b82af10eac2ac5573] 199.204.45.38 "GET /v2.0/ports?network_id=39b37220-196c-44d6-a551-ab1d06dbcb11&device_owner=network%3Adhcp HTTP/1.1" status: 200 len: 210 time: 0.0330667
2026-06-28 21:04:44.378 10 INFO neutron.db.ovn_revision_numbers_db [None req-94dab471-e301-4746-8595-fab7eb86704b dee7710eebe641e998a3146c11aaf224 0252989593b642ec99ca19ce4267a2c0 - - default default] Successfully bumped revision number for resource 93c27abb-e143-421d-bc79-23979f01b289 (type: security_group_rules) to 0
2026-06-28 21:04:44.407 10 INFO neutron.wsgi [None req-94dab471-e301-4746-8595-fab7eb86704b dee7710eebe641e998a3146c11aaf224 0252989593b642ec99ca19ce4267a2c0 - - default default] 10.0.0.226 "GET /v2.0/security-groups?tenant_id=e3df542de8f54594982d51f86d7a9bcc&name=default HTTP/1.1" status: 200 len: 2996 time: 0.2184868
2026-06-28 21:04:44.414 9 INFO neutron.db.ovn_revision_numbers_db [None req-60c646b4-10a6-4d12-82bf-1d4ccf937a05 40df71de0baf4dfea899458b3fb0da82 10bb90bd8ef64a7a939f7d80879f4a50 - - default default] Successfully bumped revision number for resource 57680f45-bbcf-4c66-a2b4-537c0e2d0051 (type: networks) to 1
2026-06-28 21:04:44.500 9 INFO neutron.wsgi [req-c7fccc0c-2e37-4912-a4dd-b4f7817ad785 req-c3cda11e-a5cf-4077-917a-327bd3181aeb ccaad008b0aa47239794adec87be5637 20f2cfd0977b45158f66d4824ebf86d0 - - 44e706304a8e4e5b82af10eac2ac5573 44e706304a8e4e5b82af10eac2ac5573] 199.204.45.38 "GET /v2.0/networks/39b37220-196c-44d6-a551-ab1d06dbcb11?fields=segments HTTP/1.1" status: 200 len: 212 time: 0.1226423
2026-06-28 21:04:44.637 10 INFO neutron.wsgi [None req-ba897f3d-d705-4489-8b49-d482f4653183 dee7710eebe641e998a3146c11aaf224 0252989593b642ec99ca19ce4267a2c0 - - default default] 10.0.0.226 "DELETE /v2.0/security-groups/25258225-55a3-4e28-99da-5ff6b35c4438 HTTP/1.1" status: 204 len: 168 time: 0.2250967
2026-06-28 21:04:44.649 9 INFO neutron.wsgi [req-c7fccc0c-2e37-4912-a4dd-b4f7817ad785 req-85696803-e6a1-4598-bccf-5006626cc98e ccaad008b0aa47239794adec87be5637 20f2cfd0977b45158f66d4824ebf86d0 - - 44e706304a8e4e5b82af10eac2ac5573 44e706304a8e4e5b82af10eac2ac5573] 199.204.45.38 "GET /v2.0/networks/39b37220-196c-44d6-a551-ab1d06dbcb11?fields=provider%3Aphysical_network&fields=provider%3Anetwork_type HTTP/1.1" status: 200 len: 277 time: 0.1313596
2026-06-28 21:04:44.651 9 INFO neutron.db.ovn_revision_numbers_db [None req-e52c0e20-11c8-4be6-a8a9-e1669d5e35be d064d30f60fa4353ae64b5ab22a15672 37bd87b185074569b28dc33deaf51d77 - - default default] Successfully bumped revision number for resource bcf820da-90d7-4e22-bda7-98321d50c191 (type: ports) to 2
2026-06-28 21:04:44.694 9 INFO neutron.db.ovn_revision_numbers_db [None req-e52c0e20-11c8-4be6-a8a9-e1669d5e35be d064d30f60fa4353ae64b5ab22a15672 37bd87b185074569b28dc33deaf51d77 - - default default] Successfully bumped revision number for resource b8b6e4b3-3ae4-453e-a002-1bd16dff3409 (type: subnets) to 0
2026-06-28 21:04:44.717 9 INFO neutron.wsgi [None req-e52c0e20-11c8-4be6-a8a9-e1669d5e35be d064d30f60fa4353ae64b5ab22a15672 37bd87b185074569b28dc33deaf51d77 - - default default] 10.0.0.226 "POST /v2.0/subnets HTTP/1.1" status: 201 len: 804 time: 1.2697363
2026-06-28 21:04:44.719 9 WARNING neutron.scheduler.dhcp_agent_scheduler [None req-60c646b4-10a6-4d12-82bf-1d4ccf937a05 40df71de0baf4dfea899458b3fb0da82 10bb90bd8ef64a7a939f7d80879f4a50 - - default default] No more DHCP agents
2026-06-28 21:04:44.722 9 WARNING neutron.api.rpc.agentnotifiers.dhcp_rpc_agent_api [None req-60c646b4-10a6-4d12-82bf-1d4ccf937a05 40df71de0baf4dfea899458b3fb0da82 10bb90bd8ef64a7a939f7d80879f4a50 - - default default] Unable to schedule network 57680f45-bbcf-4c66-a2b4-537c0e2d0051: no agents available; will retry on subsequent port and subnet creation events.
2026-06-28 21:04:44.923 10 INFO neutron.db.ovn_revision_numbers_db [None req-678509bb-fb93-40e4-bccd-e8fbfa4f10fc dee7710eebe641e998a3146c11aaf224 0252989593b642ec99ca19ce4267a2c0 - - default default] Successfully bumped revision number for resource 35d79f91-9e82-4854-9804-123dde200173 (type: security_groups) to 1
2026-06-28 21:04:44.937 10 INFO neutron.db.ovn_revision_numbers_db [None req-678509bb-fb93-40e4-bccd-e8fbfa4f10fc dee7710eebe641e998a3146c11aaf224 0252989593b642ec99ca19ce4267a2c0 - - default default] Successfully bumped revision number for resource 175a5468-4365-47a1-9473-55cd2ee182a1 (type: security_group_rules) to 0
2026-06-28 21:04:44.954 10 INFO neutron.db.ovn_revision_numbers_db [None req-678509bb-fb93-40e4-bccd-e8fbfa4f10fc dee7710eebe641e998a3146c11aaf224 0252989593b642ec99ca19ce4267a2c0 - - default default] Successfully bumped revision number for resource 5b6358f8-e3e4-4072-ac71-7e36aab4a64a (type: security_group_rules) to 0
2026-06-28 21:04:44.969 10 INFO neutron.db.ovn_revision_numbers_db [None req-678509bb-fb93-40e4-bccd-e8fbfa4f10fc dee7710eebe641e998a3146c11aaf224 0252989593b642ec99ca19ce4267a2c0 - - default default] Successfully bumped revision number for resource 5eb430d9-1710-4395-be65-4a45c375ed36 (type: security_group_rules) to 0
2026-06-28 21:04:44.981 10 INFO neutron.db.ovn_revision_numbers_db [None req-678509bb-fb93-40e4-bccd-e8fbfa4f10fc dee7710eebe641e998a3146c11aaf224 0252989593b642ec99ca19ce4267a2c0 - - default default] Successfully bumped revision number for resource a7472497-fbea-41f6-9ee6-55ddea10c2d3 (type: security_group_rules) to 0
2026-06-28 21:04:45.005 10 INFO neutron.wsgi [None req-678509bb-fb93-40e4-bccd-e8fbfa4f10fc dee7710eebe641e998a3146c11aaf224 0252989593b642ec99ca19ce4267a2c0 - - default default] 10.0.0.226 "GET /v2.0/security-groups?tenant_id=84f6292b67ee4ad69bee52538904c152&name=default HTTP/1.1" status: 200 len: 2996 time: 0.2037635
2026-06-28 21:04:45.041 9 INFO neutron.wsgi [None req-59d18ddc-17ee-43c6-a3f9-1e0f1a8d046b d064d30f60fa4353ae64b5ab22a15672 37bd87b185074569b28dc33deaf51d77 - - default default] 10.0.0.226 "PUT /v2.0/subnets/237d2f8f-d7f1-4c4f-949e-c76e62f94dc2/tags HTTP/1.1" status: 200 len: 210 time: 0.3174791
2026-06-28 21:04:45.053 9 INFO neutron.db.ovn_revision_numbers_db [None req-60c646b4-10a6-4d12-82bf-1d4ccf937a05 40df71de0baf4dfea899458b3fb0da82 10bb90bd8ef64a7a939f7d80879f4a50 - - default default] Successfully bumped revision number for resource 8d931e55-7934-42af-b30b-7601016f8a77 (type: ports) to 1
2026-06-28 21:04:45.086 9 INFO neutron.wsgi [None req-60c646b4-10a6-4d12-82bf-1d4ccf937a05 40df71de0baf4dfea899458b3fb0da82 10bb90bd8ef64a7a939f7d80879f4a50 - - default default] 10.0.0.226 "POST /v2.0/networks HTTP/1.1" status: 201 len: 830 time: 1.1250176
2026-06-28 21:04:45.099 9 WARNING neutron_lib.context [None req-f0dd2fb0-1457-4e7b-86f0-dfad8b5a83eb 40df71de0baf4dfea899458b3fb0da82 10bb90bd8ef64a7a939f7d80879f4a50 - - default default] Method 'is_advsvc' is deprecated since 2023.2 release (neutron-lib 3.8.0) and will be removed once support for the old RBAC API policies will be removed from Neutron. Please use method 'is_service_role' instead.
2026-06-28 21:04:45.110 9 INFO neutron.wsgi [None req-60aed79a-5bf2-4583-b3ed-2fd4ea6952d1 d064d30f60fa4353ae64b5ab22a15672 37bd87b185074569b28dc33deaf51d77 - - default default] 10.0.0.226 "PUT /v2.0/subnets/2a4acb8d-8640-4c91-a031-84b5376a60ee/tags HTTP/1.1" status: 200 len: 218 time: 0.0626154
2026-06-28 21:04:45.163 9 INFO neutron.wsgi [None req-f58254bb-5f9c-4481-b65b-f4208b26a7f4 d064d30f60fa4353ae64b5ab22a15672 37bd87b185074569b28dc33deaf51d77 - - default default] 10.0.0.226 "PUT /v2.0/subnets/0fab7d7a-7dff-4c12-9a29-6c82e16b4784/tags HTTP/1.1" status: 200 len: 227 time: 0.0484533
2026-06-28 21:04:45.201 9 INFO neutron.db.segments_db [None req-f0dd2fb0-1457-4e7b-86f0-dfad8b5a83eb 40df71de0baf4dfea899458b3fb0da82 10bb90bd8ef64a7a939f7d80879f4a50 - - default default] Added segment 5f5afe25-027e-4987-99bb-5bb3d65d7038 of type geneve for network 8c3f7ea0-b61b-4e4e-808e-7abff4422616
2026-06-28 21:04:45.229 9 INFO neutron.wsgi [None req-22ac60a9-13b3-43bd-87f5-ec413aa45d50 d064d30f60fa4353ae64b5ab22a15672 37bd87b185074569b28dc33deaf51d77 - - default default] 10.0.0.226 "PUT /v2.0/subnets/b964ff22-a05c-4fd6-9003-1ddf817cfff3/tags HTTP/1.1" status: 200 len: 212 time: 0.0603900
2026-06-28 21:04:45.239 10 INFO neutron.wsgi [None req-17998bf1-54a5-4e99-a4e9-8982211c5169 dee7710eebe641e998a3146c11aaf224 0252989593b642ec99ca19ce4267a2c0 - - default default] 10.0.0.226 "DELETE /v2.0/security-groups/35d79f91-9e82-4854-9804-123dde200173 HTTP/1.1" status: 204 len: 168 time: 0.2294481
2026-06-28 21:04:45.301 10 INFO neutron.wsgi [None req-d0b7bfa5-0609-476d-9d84-8a0093f75098 d064d30f60fa4353ae64b5ab22a15672 37bd87b185074569b28dc33deaf51d77 - - default default] 10.0.0.226 "GET /v2.0/subnets?tags=red HTTP/1.1" status: 200 len: 2027 time: 0.0663531
2026-06-28 21:04:45.343 9 INFO neutron.db.ovn_revision_numbers_db [None req-f0dd2fb0-1457-4e7b-86f0-dfad8b5a83eb 40df71de0baf4dfea899458b3fb0da82 10bb90bd8ef64a7a939f7d80879f4a50 - - default default] Successfully bumped revision number for resource 8c3f7ea0-b61b-4e4e-808e-7abff4422616 (type: networks) to 1
2026-06-28 21:04:45.369 10 INFO neutron.wsgi [None req-eb13c7a8-7592-4044-9af8-8ae3b8597457 d064d30f60fa4353ae64b5ab22a15672 37bd87b185074569b28dc33deaf51d77 - - default default] 10.0.0.226 "GET /v2.0/subnets?tags=red%2Cblue HTTP/1.1" status: 200 len: 1430 time: 0.0619941
2026-06-28 21:04:45.438 10 INFO neutron.wsgi [None req-bb4d3017-9cbd-4e3f-ade1-49edfc46413b d064d30f60fa4353ae64b5ab22a15672 37bd87b185074569b28dc33deaf51d77 - - default default] 10.0.0.226 "GET /v2.0/subnets?tags-any=blue HTTP/1.1" status: 200 len: 1430 time: 0.0648828
2026-06-28 21:04:45.487 10 INFO neutron.wsgi [None req-c6cfe087-6a43-4d20-8d9f-02062854669f d064d30f60fa4353ae64b5ab22a15672 37bd87b185074569b28dc33deaf51d77 - - default default] 10.0.0.226 "GET /v2.0/subnets?tags-any=red%2Cblue HTTP/1.1" status: 200 len: 2027 time: 0.0446758
2026-06-28 21:04:45.569 9 WARNING neutron.scheduler.dhcp_agent_scheduler [None req-f0dd2fb0-1457-4e7b-86f0-dfad8b5a83eb 40df71de0baf4dfea899458b3fb0da82 10bb90bd8ef64a7a939f7d80879f4a50 - - default default] No more DHCP agents
2026-06-28 21:04:45.570 9 WARNING neutron.api.rpc.agentnotifiers.dhcp_rpc_agent_api [None req-f0dd2fb0-1457-4e7b-86f0-dfad8b5a83eb 40df71de0baf4dfea899458b3fb0da82 10bb90bd8ef64a7a939f7d80879f4a50 - - default default] Unable to schedule network 8c3f7ea0-b61b-4e4e-808e-7abff4422616: no agents available; will retry on subsequent port and subnet creation events.
2026-06-28 21:04:45.571 10 INFO neutron.wsgi [None req-1de0f743-c955-4996-93a5-0dc651695901 d064d30f60fa4353ae64b5ab22a15672 37bd87b185074569b28dc33deaf51d77 - - default default] 10.0.0.226 "GET /v2.0/subnets?not-tags=red HTTP/1.1" status: 200 len: 2018 time: 0.0780048
2026-06-28 21:04:45.646 10 INFO neutron.wsgi [None req-2bd07d6c-4de4-48b2-bca3-ad616ec38bea d064d30f60fa4353ae64b5ab22a15672 37bd87b185074569b28dc33deaf51d77 - - default default] 10.0.0.226 "GET /v2.0/subnets?not-tags=red%2Cblue HTTP/1.1" status: 200 len: 2615 time: 0.0699356
2026-06-28 21:04:45.653 9 INFO neutron.db.ovn_revision_numbers_db [None req-f0dd2fb0-1457-4e7b-86f0-dfad8b5a83eb 40df71de0baf4dfea899458b3fb0da82 10bb90bd8ef64a7a939f7d80879f4a50 - - default default] Successfully bumped revision number for resource 06ea35ee-0e08-45f9-a41b-b4477fee0ba0 (type: ports) to 1
2026-06-28 21:04:45.677 9 INFO neutron.wsgi [None req-f0dd2fb0-1457-4e7b-86f0-dfad8b5a83eb 40df71de0baf4dfea899458b3fb0da82 10bb90bd8ef64a7a939f7d80879f4a50 - - default default] 10.0.0.226 "POST /v2.0/networks HTTP/1.1" status: 201 len: 830 time: 0.5836005
2026-06-28 21:04:45.692 10 WARNING neutron_lib.context [None req-20e20862-5f55-4c61-b33e-5457e95208ab 40df71de0baf4dfea899458b3fb0da82 10bb90bd8ef64a7a939f7d80879f4a50 - - default default] Method 'is_advsvc' is deprecated since 2023.2 release (neutron-lib 3.8.0) and will be removed once support for the old RBAC API policies will be removed from Neutron. Please use method 'is_service_role' instead.
2026-06-28 21:04:45.723 10 INFO neutron.wsgi [None req-c5fd1c02-70f1-41f7-a0e8-c7bae2f5bffa d064d30f60fa4353ae64b5ab22a15672 37bd87b185074569b28dc33deaf51d77 - - default default] 10.0.0.226 "GET /v2.0/subnets?not-tags-any=blue HTTP/1.1" status: 200 len: 2615 time: 0.0719085
2026-06-28 21:04:45.789 9 INFO neutron.wsgi [None req-b1de398b-e7f2-4969-8e62-f33785f578ee d064d30f60fa4353ae64b5ab22a15672 37bd87b185074569b28dc33deaf51d77 - - default default] 10.0.0.226 "GET /v2.0/subnets?not-tags-any=red%2Cblue HTTP/1.1" status: 200 len: 2018 time: 0.0617793
2026-06-28 21:04:45.813 10 INFO neutron.db.segments_db [None req-20e20862-5f55-4c61-b33e-5457e95208ab 40df71de0baf4dfea899458b3fb0da82 10bb90bd8ef64a7a939f7d80879f4a50 - - default default] Added segment 7ca6627e-201b-413a-a4e4-debbdb064e32 of type geneve for network f3ba2f14-9624-4fe3-83cc-411903f8559b
2026-06-28 21:04:45.962 10 INFO neutron.db.ovn_revision_numbers_db [None req-20e20862-5f55-4c61-b33e-5457e95208ab 40df71de0baf4dfea899458b3fb0da82 10bb90bd8ef64a7a939f7d80879f4a50 - - default default] Successfully bumped revision number for resource f3ba2f14-9624-4fe3-83cc-411903f8559b (type: networks) to 1
2026-06-28 21:04:46.013 9 INFO neutron.wsgi [None req-ae233dce-f09c-4a33-b594-62bbe0335d55 d064d30f60fa4353ae64b5ab22a15672 37bd87b185074569b28dc33deaf51d77 - - default default] 10.0.0.226 "DELETE /v2.0/subnets/237d2f8f-d7f1-4c4f-949e-c76e62f94dc2 HTTP/1.1" status: 204 len: 168 time: 0.2146945
2026-06-28 21:04:46.154 10 WARNING neutron.scheduler.dhcp_agent_scheduler [None req-20e20862-5f55-4c61-b33e-5457e95208ab 40df71de0baf4dfea899458b3fb0da82 10bb90bd8ef64a7a939f7d80879f4a50 - - default default] No more DHCP agents
2026-06-28 21:04:46.157 10 WARNING neutron.api.rpc.agentnotifiers.dhcp_rpc_agent_api [None req-20e20862-5f55-4c61-b33e-5457e95208ab 40df71de0baf4dfea899458b3fb0da82 10bb90bd8ef64a7a939f7d80879f4a50 - - default default] Unable to schedule network f3ba2f14-9624-4fe3-83cc-411903f8559b: no agents available; will retry on subsequent port and subnet creation events.
2026-06-28 21:04:46.213 9 INFO neutron.wsgi [None req-7abd74f6-ea7b-43f5-91f7-0f2f276b66a5 d064d30f60fa4353ae64b5ab22a15672 37bd87b185074569b28dc33deaf51d77 - - default default] 10.0.0.226 "DELETE /v2.0/subnets/2a4acb8d-8640-4c91-a031-84b5376a60ee HTTP/1.1" status: 204 len: 168 time: 0.1952720
2026-06-28 21:04:46.229 10 INFO neutron.db.ovn_revision_numbers_db [None req-20e20862-5f55-4c61-b33e-5457e95208ab 40df71de0baf4dfea899458b3fb0da82 10bb90bd8ef64a7a939f7d80879f4a50 - - default default] Successfully bumped revision number for resource 5052753c-f8f2-4697-87fb-0f2993631f84 (type: ports) to 1
2026-06-28 21:04:46.246 10 INFO neutron.wsgi [None req-20e20862-5f55-4c61-b33e-5457e95208ab 40df71de0baf4dfea899458b3fb0da82 10bb90bd8ef64a7a939f7d80879f4a50 - - default default] 10.0.0.226 "POST /v2.0/networks HTTP/1.1" status: 201 len: 830 time: 0.5630360
2026-06-28 21:04:46.258 10 WARNING neutron_lib.context [None req-698060bb-5b28-49cc-8ef0-9b4e58634ea6 40df71de0baf4dfea899458b3fb0da82 10bb90bd8ef64a7a939f7d80879f4a50 - - default default] Method 'is_advsvc' is deprecated since 2023.2 release (neutron-lib 3.8.0) and will be removed once support for the old RBAC API policies will be removed from Neutron. Please use method 'is_service_role' instead.
2026-06-28 21:04:46.358 10 INFO neutron.db.segments_db [None req-698060bb-5b28-49cc-8ef0-9b4e58634ea6 40df71de0baf4dfea899458b3fb0da82 10bb90bd8ef64a7a939f7d80879f4a50 - - default default] Added segment 7df867af-da10-4be0-9183-5eaed9672895 of type geneve for network 46dac4d3-2700-4f88-a100-9770b17b3e12
2026-06-28 21:04:46.404 9 INFO neutron.wsgi [None req-68175194-13c0-4a6b-b2a5-57cd41dda10c d064d30f60fa4353ae64b5ab22a15672 37bd87b185074569b28dc33deaf51d77 - - default default] 10.0.0.226 "DELETE /v2.0/subnets/0fab7d7a-7dff-4c12-9a29-6c82e16b4784 HTTP/1.1" status: 204 len: 168 time: 0.1867652
2026-06-28 21:04:46.546 10 INFO neutron.db.ovn_revision_numbers_db [None req-698060bb-5b28-49cc-8ef0-9b4e58634ea6 40df71de0baf4dfea899458b3fb0da82 10bb90bd8ef64a7a939f7d80879f4a50 - - default default] Successfully bumped revision number for resource 46dac4d3-2700-4f88-a100-9770b17b3e12 (type: networks) to 1
2026-06-28 21:04:46.632 9 INFO neutron.wsgi [None req-ce5354b5-3150-4dee-80a8-cf252664540b d064d30f60fa4353ae64b5ab22a15672 37bd87b185074569b28dc33deaf51d77 - - default default] 10.0.0.226 "DELETE /v2.0/subnets/b964ff22-a05c-4fd6-9003-1ddf817cfff3 HTTP/1.1" status: 204 len: 168 time: 0.2214026
2026-06-28 21:04:46.721 10 WARNING neutron.scheduler.dhcp_agent_scheduler [None req-698060bb-5b28-49cc-8ef0-9b4e58634ea6 40df71de0baf4dfea899458b3fb0da82 10bb90bd8ef64a7a939f7d80879f4a50 - - default default] No more DHCP agents
2026-06-28 21:04:46.722 10 WARNING neutron.api.rpc.agentnotifiers.dhcp_rpc_agent_api [None req-698060bb-5b28-49cc-8ef0-9b4e58634ea6 40df71de0baf4dfea899458b3fb0da82 10bb90bd8ef64a7a939f7d80879f4a50 - - default default] Unable to schedule network 46dac4d3-2700-4f88-a100-9770b17b3e12: no agents available; will retry on subsequent port and subnet creation events.
2026-06-28 21:04:46.825 10 INFO neutron.db.ovn_revision_numbers_db [None req-698060bb-5b28-49cc-8ef0-9b4e58634ea6 40df71de0baf4dfea899458b3fb0da82 10bb90bd8ef64a7a939f7d80879f4a50 - - default default] Successfully bumped revision number for resource 327e41f2-1d72-4fd4-9103-3fd4640c1d58 (type: ports) to 1
2026-06-28 21:04:46.841 9 INFO neutron.wsgi [None req-1c111398-ce85-48f9-b832-bfae7c58bf6e d064d30f60fa4353ae64b5ab22a15672 37bd87b185074569b28dc33deaf51d77 - - default default] 10.0.0.226 "DELETE /v2.0/subnets/b8b6e4b3-3ae4-453e-a002-1bd16dff3409 HTTP/1.1" status: 204 len: 168 time: 0.2048843
2026-06-28 21:04:46.862 10 INFO neutron.wsgi [None req-698060bb-5b28-49cc-8ef0-9b4e58634ea6 40df71de0baf4dfea899458b3fb0da82 10bb90bd8ef64a7a939f7d80879f4a50 - - default default] 10.0.0.226 "POST /v2.0/networks HTTP/1.1" status: 201 len: 831 time: 0.6116495
2026-06-28 21:04:46.926 9 INFO neutron.wsgi [None req-45fbd1bd-09ec-4252-bb8e-2b86a9177b4a 40df71de0baf4dfea899458b3fb0da82 10bb90bd8ef64a7a939f7d80879f4a50 - - default default] 10.0.0.226 "PUT /v2.0/networks/e19b8931-bc83-4b8e-8247-ac334bb9af56/tags HTTP/1.1" status: 200 len: 210 time: 0.0579693
2026-06-28 21:04:46.981 9 INFO neutron.wsgi [None req-2552e913-ac87-4315-b250-bb472706ea32 40df71de0baf4dfea899458b3fb0da82 10bb90bd8ef64a7a939f7d80879f4a50 - - default default] 10.0.0.226 "PUT /v2.0/networks/57680f45-bbcf-4c66-a2b4-537c0e2d0051/tags HTTP/1.1" status: 200 len: 218 time: 0.0500133
2026-06-28 21:04:47.055 9 INFO neutron.wsgi [None req-f7470e32-37d9-45ac-b804-6fcb096b2751 40df71de0baf4dfea899458b3fb0da82 10bb90bd8ef64a7a939f7d80879f4a50 - - default default] 10.0.0.226 "PUT /v2.0/networks/8c3f7ea0-b61b-4e4e-808e-7abff4422616/tags HTTP/1.1" status: 200 len: 227 time: 0.0691407
2026-06-28 21:04:47.123 9 INFO neutron.wsgi [None req-241fc477-722b-4c88-8984-d47c86e6acdf 40df71de0baf4dfea899458b3fb0da82 10bb90bd8ef64a7a939f7d80879f4a50 - - default default] 10.0.0.226 "PUT /v2.0/networks/f3ba2f14-9624-4fe3-83cc-411903f8559b/tags HTTP/1.1" status: 200 len: 212 time: 0.0620167
2026-06-28 21:04:47.139 10 INFO neutron.services.segments.plugin [-] Segment 4bb766af-6dd7-4645-8287-edafe8d5fb1e resource provider aggregate not found
2026-06-28 21:04:47.143 10 INFO neutron.services.segments.plugin [-] Segment 4bb766af-6dd7-4645-8287-edafe8d5fb1e resource provider aggregate not found
2026-06-28 21:04:47.161 10 INFO neutron.services.segments.plugin [-] Segment 4bb766af-6dd7-4645-8287-edafe8d5fb1e resource provider not found; error: Placement Client Error (4xx): {"errors": [{"status": 404, "title": "Not Found", "detail": "The resource could not be found.\n\n No resource provider with uuid 4bb766af-6dd7-4645-8287-edafe8d5fb1e found for delete ", "request_id": "req-4538e463-2e4e-4700-b53c-2d4798051879"}]}
2026-06-28 21:04:47.163 10 INFO neutron.services.segments.plugin [-] Segment 4bb766af-6dd7-4645-8287-edafe8d5fb1e resource provider not found; error: Placement Client Error (4xx): {"errors": [{"status": 404, "title": "Not Found", "detail": "The resource could not be found.\n\n No resource provider with uuid 4bb766af-6dd7-4645-8287-edafe8d5fb1e found for delete ", "request_id": "req-593dfb40-8b0b-4b4f-b540-188305bfb783"}]}
2026-06-28 21:04:47.184 10 INFO neutron.wsgi [None req-462ed4df-0dcb-40d9-afb4-cbbef6229944 d064d30f60fa4353ae64b5ab22a15672 37bd87b185074569b28dc33deaf51d77 - - default default] 10.0.0.226 "DELETE /v2.0/networks/1f194826-81de-4810-aded-e8dc00bdc21e HTTP/1.1" status: 204 len: 168 time: 0.3357687
2026-06-28 21:04:47.218 9 INFO neutron.wsgi [None req-c57411b7-e875-48fd-a551-a717f18494d1 40df71de0baf4dfea899458b3fb0da82 10bb90bd8ef64a7a939f7d80879f4a50 - - default default] 10.0.0.226 "GET /v2.0/networks?tags=red HTTP/1.1" status: 200 len: 2068 time: 0.0867391
2026-06-28 21:04:47.304 10 INFO neutron.wsgi [None req-4ef2133f-cc46-4c3e-9f8c-710ed1d11b89 40df71de0baf4dfea899458b3fb0da82 10bb90bd8ef64a7a939f7d80879f4a50 - - default default] 10.0.0.226 "GET /v2.0/networks?tags=red%2Cblue HTTP/1.1" status: 200 len: 1455 time: 0.0813718
2026-06-28 21:04:47.384 9 INFO neutron.wsgi [None req-c9b99b43-df04-4845-a558-78813a32ef6c 40df71de0baf4dfea899458b3fb0da82 10bb90bd8ef64a7a939f7d80879f4a50 - - default default] 10.0.0.226 "GET /v2.0/networks?tags-any=blue HTTP/1.1" status: 200 len: 1455 time: 0.0740287
2026-06-28 21:04:47.451 9 INFO neutron.wsgi [None req-423300f9-67a6-4e19-8b8a-d24ad4a168b8 40df71de0baf4dfea899458b3fb0da82 10bb90bd8ef64a7a939f7d80879f4a50 - - default default] 10.0.0.226 "GET /v2.0/networks?tags-any=red%2Cblue HTTP/1.1" status: 200 len: 2068 time: 0.0605853
2026-06-28 21:04:47.572 9 INFO neutron.wsgi [None req-91a8892a-5a86-49bc-b83d-3b591d318142 40df71de0baf4dfea899458b3fb0da82 10bb90bd8ef64a7a939f7d80879f4a50 - - default default] 10.0.0.226 "GET /v2.0/networks?not-tags=red HTTP/1.1" status: 200 len: 2068 time: 0.1121666
2026-06-28 21:04:47.703 10 INFO neutron.wsgi [None req-bd187507-425b-464a-a83b-76a858a6a4a4 40df71de0baf4dfea899458b3fb0da82 10bb90bd8ef64a7a939f7d80879f4a50 - - default default] 10.0.0.226 "GET /v2.0/networks?not-tags=red%2Cblue HTTP/1.1" status: 200 len: 2681 time: 0.1251967
2026-06-28 21:04:47.708 10 INFO neutron.wsgi [None req-3c305e7f-adea-428d-bb54-e6d8d61e16e8 d064d30f60fa4353ae64b5ab22a15672 37bd87b185074569b28dc33deaf51d77 - - default default] 10.0.0.226 "DELETE /v2.0/networks/75135003-56a9-4651-b6d0-6181180dcdd6 HTTP/1.1" status: 204 len: 168 time: 0.5165546
2026-06-28 21:04:47.831 9 INFO neutron.wsgi [None req-d668bfab-f9b8-4307-8e06-e7270790f2b0 40df71de0baf4dfea899458b3fb0da82 10bb90bd8ef64a7a939f7d80879f4a50 - - default default] 10.0.0.226 "GET /v2.0/networks?not-tags-any=blue HTTP/1.1" status: 200 len: 2681 time: 0.1223576
2026-06-28 21:04:47.906 9 INFO neutron.wsgi [None req-a55687cb-44f7-405d-8d59-fb37d6369e48 40df71de0baf4dfea899458b3fb0da82 10bb90bd8ef64a7a939f7d80879f4a50 - - default default] 10.0.0.226 "GET /v2.0/networks?not-tags-any=red%2Cblue HTTP/1.1" status: 200 len: 2068 time: 0.0689878
