2026-06-15 20:22:11.598 7 INFO neutron.db.ovn_revision_numbers_db [None req-6fb42946-4d5c-47d0-9a2f-0db45a8f71a0 39aeda16284148d68bbbd2d6f36ecb71 7b347787a6a048f2b953a5c0fb8bc1cd - - default default] Successfully bumped revision number for resource 555ba1ae-1956-45fb-b2f8-8e5e00926798 (type: routers) to 6
2026-06-15 20:22:11.625 8 WARNING neutron.scheduler.dhcp_agent_scheduler [None req-9b39fbfb-2054-47ab-898f-af1791668660 e64d70a2dc6a48cdb99be15dba86a56b 90a9980b1fda4d5abdbebba44d26f5df - - default default] No more DHCP agents
2026-06-15 20:22:11.626 8 WARNING neutron.api.rpc.agentnotifiers.dhcp_rpc_agent_api [None req-9b39fbfb-2054-47ab-898f-af1791668660 e64d70a2dc6a48cdb99be15dba86a56b 90a9980b1fda4d5abdbebba44d26f5df - - default default] Unable to schedule network e24e2526-0dbf-48d2-853d-fee4951329aa: no agents available; will retry on subsequent port and subnet creation events. [pid: 7|app: 0|req: 1363/2845] 10.0.0.94 () {34 vars in 706 bytes} [Mon Jun 15 20:22:10 2026] POST /v2.0/vpn/ipsec-site-connections => generated 844 bytes in 761 msecs (HTTP/1.1 201) 4 headers in 162 bytes (1 switches on core 0)
2026-06-15 20:22:11.983 8 WARNING neutron.plugins.ml2.drivers.ovn.mech_driver.ovsdb.ovn_client [None req-360165cf-50dd-48bb-9e3b-35ed9e967554 - - - - - -] No port found with ID a82435e3-6d42-4002-8f14-ea6e01dc2f60: RuntimeError: No port found with ID a82435e3-6d42-4002-8f14-ea6e01dc2f60
2026-06-15 20:22:12.029 8 INFO neutron.plugins.ml2.drivers.ovn.mech_driver.mech_driver [None req-360165cf-50dd-48bb-9e3b-35ed9e967554 - - - - - -] OVN reports status down for port: 0959bbc5-a8d2-4612-8edb-770fd94741ff
2026-06-15 20:22:12.212 8 INFO neutron.db.ovn_revision_numbers_db [None req-047b686b-9e85-4e07-8e7d-849d45cbc2b0 - - - - - -] Successfully bumped revision number for resource 0959bbc5-a8d2-4612-8edb-770fd94741ff (type: ports) to 2
2026-06-15 20:22:12.217 7 INFO neutron.db.ovn_revision_numbers_db [None req-7db9b093-b0c8-4238-8fa7-c9f801536929 39aeda16284148d68bbbd2d6f36ecb71 7b347787a6a048f2b953a5c0fb8bc1cd - - default default] Successfully bumped revision number for resource 555ba1ae-1956-45fb-b2f8-8e5e00926798 (type: routers) to 7 [pid: 7|app: 0|req: 1364/2846] 10.0.0.94 () {32 vars in 761 bytes} [Mon Jun 15 20:22:11 2026] DELETE /v2.0/vpn/ipsec-site-connections/520cff56-05a9-4238-a530-a06acaace3dd => generated 0 bytes in 609 msecs (HTTP/1.1 204) 2 headers in 112 bytes (1 switches on core 0)
2026-06-15 20:22:12.259 8 INFO neutron.db.ovn_revision_numbers_db [None req-047b686b-9e85-4e07-8e7d-849d45cbc2b0 - - - - - -] Successfully bumped revision number for resource e0bf20e2-be1b-42e0-aef4-41d5f1f3421e (type: subnets) to 0 [pid: 7|app: 0|req: 1365/2847] 10.0.0.94 () {32 vars in 684 bytes} [Mon Jun 15 20:22:12 2026] GET /v2.0/vpn/ipsec-site-connections => generated 805 bytes in 16 msecs (HTTP/1.1 200) 4 headers in 157 bytes (1 switches on core 0) [pid: 8|app: 0|req: 1483/2848] 10.0.0.94 () {34 vars in 668 bytes} [Mon Jun 15 20:22:11 2026] POST /v2.0/subnets => generated 657 bytes in 829 msecs (HTTP/1.1 201) 4 headers in 162 bytes (1 switches on core 0)
2026-06-15 20:22:12.292 7 INFO neutron.api.v2.resource [None req-c026fa89-5e5c-4a88-b37d-b9d6b436c85d 39aeda16284148d68bbbd2d6f36ecb71 7b347787a6a048f2b953a5c0fb8bc1cd - - default default] delete failed (client error): The resource could not be found. [pid: 7|app: 0|req: 1366/2849] 10.0.0.94 () {32 vars in 761 bytes} [Mon Jun 15 20:22:12 2026] DELETE /v2.0/vpn/ipsec-site-connections/520cff56-05a9-4238-a530-a06acaace3dd => generated 154 bytes in 28 msecs (HTTP/1.1 404) 4 headers in 164 bytes (1 switches on core 0) [pid: 7|app: 0|req: 1367/2850] 10.0.0.94 () {32 vars in 670 bytes} [Mon Jun 15 20:22:12 2026] GET /v2.0/vpn/endpoint-groups => generated 1189 bytes in 19 msecs (HTTP/1.1 200) 4 headers in 158 bytes (1 switches on core 0) [pid: 8|app: 0|req: 1484/2851] 10.0.0.94 () {32 vars in 721 bytes} [Mon Jun 15 20:22:12 2026] GET /v2.0/subnetpools?name=shared-default-subnetpool-v6 => generated 19 bytes in 47 msecs (HTTP/1.1 200) 4 headers in 156 bytes (1 switches on core 0) [pid: 7|app: 0|req: 1368/2852] 10.0.0.94 () {32 vars in 747 bytes} [Mon Jun 15 20:22:12 2026] DELETE /v2.0/vpn/endpoint-groups/fde793cd-b8d2-40a3-b2a4-f403c0b050a1 => generated 0 bytes in 29 msecs (HTTP/1.1 204) 2 headers in 112 bytes (1 switches on core 0) [pid: 7|app: 0|req: 1369/2853] 10.0.0.94 () {32 vars in 670 bytes} [Mon Jun 15 20:22:12 2026] GET /v2.0/vpn/endpoint-groups => generated 905 bytes in 18 msecs (HTTP/1.1 200) 4 headers in 157 bytes (1 switches on core 0) [pid: 7|app: 0|req: 1370/2854] 10.0.0.94 () {32 vars in 670 bytes} [Mon Jun 15 20:22:12 2026] GET /v2.0/vpn/endpoint-groups => generated 905 bytes in 11 msecs (HTTP/1.1 200) 4 headers in 157 bytes (1 switches on core 0) [pid: 7|app: 0|req: 1371/2855] 10.0.0.94 () {32 vars in 747 bytes} [Mon Jun 15 20:22:12 2026] DELETE /v2.0/vpn/endpoint-groups/03a028cf-4374-42fd-83e4-34d400f568ec => generated 0 bytes in 23 msecs (HTTP/1.1 204) 2 headers in 112 bytes (1 switches on core 0) [pid: 7|app: 0|req: 1372/2856] 10.0.0.94 () {32 vars in 670 bytes} [Mon Jun 15 20:22:12 2026] GET /v2.0/vpn/endpoint-groups => generated 634 bytes in 10 msecs (HTTP/1.1 200) 4 headers in 157 bytes (1 switches on core 0)
2026-06-15 20:22:12.518 8 WARNING neutron.scheduler.dhcp_agent_scheduler [None req-12b60209-b47b-4aab-830c-2ae562f70316 e64d70a2dc6a48cdb99be15dba86a56b 90a9980b1fda4d5abdbebba44d26f5df - - default default] No more DHCP agents
2026-06-15 20:22:12.519 8 WARNING neutron.api.rpc.agentnotifiers.dhcp_rpc_agent_api [None req-12b60209-b47b-4aab-830c-2ae562f70316 e64d70a2dc6a48cdb99be15dba86a56b 90a9980b1fda4d5abdbebba44d26f5df - - default default] Unable to schedule network e24e2526-0dbf-48d2-853d-fee4951329aa: no agents available; will retry on subsequent port and subnet creation events.
2026-06-15 20:22:12.546 8 INFO neutron.db.ovn_revision_numbers_db [None req-12b60209-b47b-4aab-830c-2ae562f70316 e64d70a2dc6a48cdb99be15dba86a56b 90a9980b1fda4d5abdbebba44d26f5df - - default default] Successfully bumped revision number for resource 1652e780-314c-4171-a400-85d8135a9903 (type: subnets) to 0 [pid: 8|app: 0|req: 1485/2857] 10.0.0.94 () {34 vars in 668 bytes} [Mon Jun 15 20:22:12 2026] POST /v2.0/subnets => generated 732 bytes in 231 msecs (HTTP/1.1 201) 4 headers in 162 bytes (1 switches on core 0)
2026-06-15 20:22:12.659 8 INFO neutron.db.segments_db [None req-d94ba0c4-3c45-4a8d-997c-7b7eb4c806f7 e64d70a2dc6a48cdb99be15dba86a56b 90a9980b1fda4d5abdbebba44d26f5df - - default default] Added segment 86edad38-a051-4b87-8e81-25fbfee637fa of type geneve for network 17a45181-a045-420a-9e31-dd058c6cb725
2026-06-15 20:22:12.771 8 INFO neutron.db.ovn_revision_numbers_db [None req-d94ba0c4-3c45-4a8d-997c-7b7eb4c806f7 e64d70a2dc6a48cdb99be15dba86a56b 90a9980b1fda4d5abdbebba44d26f5df - - default default] Successfully bumped revision number for resource 17a45181-a045-420a-9e31-dd058c6cb725 (type: networks) to 1
2026-06-15 20:22:12.932 8 WARNING neutron.scheduler.dhcp_agent_scheduler [None req-d94ba0c4-3c45-4a8d-997c-7b7eb4c806f7 e64d70a2dc6a48cdb99be15dba86a56b 90a9980b1fda4d5abdbebba44d26f5df - - default default] No more DHCP agents
2026-06-15 20:22:12.933 8 WARNING neutron.api.rpc.agentnotifiers.dhcp_rpc_agent_api [None req-d94ba0c4-3c45-4a8d-997c-7b7eb4c806f7 e64d70a2dc6a48cdb99be15dba86a56b 90a9980b1fda4d5abdbebba44d26f5df - - default default] Unable to schedule network 17a45181-a045-420a-9e31-dd058c6cb725: no agents available; will retry on subsequent port and subnet creation events.
2026-06-15 20:22:13.010 8 INFO neutron.plugins.ml2.drivers.ovn.mech_driver.mech_driver [None req-360165cf-50dd-48bb-9e3b-35ed9e967554 - - - - - -] OVN reports status down for port: fe3fbed3-dc49-45e7-ad88-81c438a20670
2026-06-15 20:22:13.058 7 INFO neutron.db.ovn_revision_numbers_db [None req-3bc8b66f-9d8e-48f9-93f2-09597b7b6319 39aeda16284148d68bbbd2d6f36ecb71 7b347787a6a048f2b953a5c0fb8bc1cd - - default default] Successfully bumped revision number for resource 555ba1ae-1956-45fb-b2f8-8e5e00926798 (type: routers) to 8
2026-06-15 20:22:13.073 8 INFO neutron.db.ovn_revision_numbers_db [None req-d94ba0c4-3c45-4a8d-997c-7b7eb4c806f7 e64d70a2dc6a48cdb99be15dba86a56b 90a9980b1fda4d5abdbebba44d26f5df - - default default] Successfully bumped revision number for resource fe3fbed3-dc49-45e7-ad88-81c438a20670 (type: ports) to 1 [pid: 7|app: 0|req: 1373/2858] 10.0.0.94 () {34 vars in 706 bytes} [Mon Jun 15 20:22:12 2026] POST /v2.0/vpn/ipsec-site-connections => generated 805 bytes in 659 msecs (HTTP/1.1 201) 4 headers in 162 bytes (1 switches on core 0) [pid: 8|app: 0|req: 1486/2859] 10.0.0.94 () {34 vars in 669 bytes} [Mon Jun 15 20:22:12 2026] POST /v2.0/networks => generated 636 bytes in 549 msecs (HTTP/1.1 201) 4 headers in 162 bytes (1 switches on core 0)
2026-06-15 20:22:13.258 7 WARNING neutron.plugins.ml2.drivers.ovn.mech_driver.ovsdb.ovn_client [None req-f2ee5bfc-0834-49e8-b812-e545e6e55fa3 - - - - - -] No hosting information found for port 755d7089-86f9-419e-8371-1f28cc3162a2: RuntimeError: No hosting information found for port 755d7089-86f9-419e-8371-1f28cc3162a2
2026-06-15 20:22:13.304 8 WARNING neutron.scheduler.dhcp_agent_scheduler [None req-ca10bce9-68f1-4f6a-bea6-a764e9993c5c e64d70a2dc6a48cdb99be15dba86a56b 90a9980b1fda4d5abdbebba44d26f5df - - default default] No more DHCP agents
2026-06-15 20:22:13.306 8 WARNING neutron.api.rpc.agentnotifiers.dhcp_rpc_agent_api [None req-ca10bce9-68f1-4f6a-bea6-a764e9993c5c e64d70a2dc6a48cdb99be15dba86a56b 90a9980b1fda4d5abdbebba44d26f5df - - default default] Unable to schedule network 17a45181-a045-420a-9e31-dd058c6cb725: no agents available; will retry on subsequent port and subnet creation events.
2026-06-15 20:22:13.399 7 INFO neutron.db.ovn_revision_numbers_db [None req-f2ee5bfc-0834-49e8-b812-e545e6e55fa3 - - - - - -] Successfully bumped revision number for resource 755d7089-86f9-419e-8371-1f28cc3162a2 (type: router_ports) to 2
2026-06-15 20:22:13.400 7 INFO neutron.plugins.ml2.drivers.ovn.mech_driver.mech_driver [None req-f2ee5bfc-0834-49e8-b812-e545e6e55fa3 - - - - - -] OVN reports status down for port: 28e78046-0e3d-4901-8aa1-e009ddb10ee6
2026-06-15 20:22:13.418 7 INFO neutron.plugins.ml2.drivers.ovn.mech_driver.mech_driver [None req-f2ee5bfc-0834-49e8-b812-e545e6e55fa3 - - - - - -] OVN reports status down for port: 91c23839-8bdd-44db-9b01-2c8790e8daea
2026-06-15 20:22:13.730 8 INFO neutron.db.ovn_revision_numbers_db [None req-1682d0bf-05a8-4b25-8c19-cd67852544ef - - - - - -] Successfully bumped revision number for resource fe3fbed3-dc49-45e7-ad88-81c438a20670 (type: ports) to 2
2026-06-15 20:22:13.762 8 INFO neutron.db.ovn_revision_numbers_db [None req-1682d0bf-05a8-4b25-8c19-cd67852544ef - - - - - -] Successfully bumped revision number for resource 5a0c96f2-cb7a-4b69-b6b4-23dc711ef500 (type: subnets) to 0
2026-06-15 20:22:13.764 7 INFO neutron.db.ovn_revision_numbers_db [None req-00e811ca-6b54-4971-bb42-b069ac8251df 39aeda16284148d68bbbd2d6f36ecb71 7b347787a6a048f2b953a5c0fb8bc1cd - - default default] Successfully bumped revision number for resource 555ba1ae-1956-45fb-b2f8-8e5e00926798 (type: routers) to 9 [pid: 8|app: 0|req: 1487/2860] 10.0.0.94 () {34 vars in 668 bytes} [Mon Jun 15 20:22:13 2026] POST /v2.0/subnets => generated 656 bytes in 650 msecs (HTTP/1.1 201) 4 headers in 162 bytes (1 switches on core 0) [pid: 7|app: 0|req: 1374/2861] 10.0.0.94 () {32 vars in 761 bytes} [Mon Jun 15 20:22:13 2026] DELETE /v2.0/vpn/ipsec-site-connections/09b6bad1-8f7e-4307-bc97-b49f6e7e4876 => generated 0 bytes in 685 msecs (HTTP/1.1 204) 2 headers in 112 bytes (1 switches on core 0) [pid: 7|app: 0|req: 1375/2862] 10.0.0.94 () {32 vars in 684 bytes} [Mon Jun 15 20:22:13 2026] GET /v2.0/vpn/ipsec-site-connections => generated 805 bytes in 13 msecs (HTTP/1.1 200) 4 headers in 157 bytes (1 switches on core 0)
2026-06-15 20:22:13.820 7 INFO neutron.api.v2.resource [None req-f6161eca-0f94-4444-b57b-e1a8e23aaa75 39aeda16284148d68bbbd2d6f36ecb71 7b347787a6a048f2b953a5c0fb8bc1cd - - default default] delete failed (client error): The resource could not be found. [pid: 7|app: 0|req: 1376/2863] 10.0.0.94 () {32 vars in 761 bytes} [Mon Jun 15 20:22:13 2026] DELETE /v2.0/vpn/ipsec-site-connections/09b6bad1-8f7e-4307-bc97-b49f6e7e4876 => generated 154 bytes in 12 msecs (HTTP/1.1 404) 4 headers in 164 bytes (1 switches on core 0) [pid: 7|app: 0|req: 1377/2864] 10.0.0.94 () {34 vars in 692 bytes} [Mon Jun 15 20:22:13 2026] POST /v2.0/vpn/endpoint-groups => generated 290 bytes in 47 msecs (HTTP/1.1 201) 4 headers in 162 bytes (1 switches on core 0) [pid: 7|app: 0|req: 1378/2865] 10.0.0.94 () {30 vars in 701 bytes} [Mon Jun 15 20:22:13 2026] PUT /v2.0/vpn/endpoint-groups/9931ef7d-fd7e-42e1-ab60-94fa0bb28099 => generated 290 bytes in 23 msecs (HTTP/1.1 200) 4 headers in 157 bytes (1 switches on core 0) [pid: 7|app: 0|req: 1379/2866] 10.0.0.94 () {32 vars in 744 bytes} [Mon Jun 15 20:22:13 2026] GET /v2.0/vpn/endpoint-groups/9931ef7d-fd7e-42e1-ab60-94fa0bb28099 => generated 290 bytes in 9 msecs (HTTP/1.1 200) 4 headers in 157 bytes (1 switches on core 0) [pid: 7|app: 0|req: 1380/2867] 10.0.0.94 () {32 vars in 747 bytes} [Mon Jun 15 20:22:13 2026] DELETE /v2.0/vpn/endpoint-groups/9931ef7d-fd7e-42e1-ab60-94fa0bb28099 => generated 0 bytes in 24 msecs (HTTP/1.1 204) 2 headers in 112 bytes (1 switches on core 0) [pid: 7|app: 0|req: 1381/2868] 10.0.0.94 () {32 vars in 670 bytes} [Mon Jun 15 20:22:13 2026] GET /v2.0/vpn/endpoint-groups => generated 634 bytes in 13 msecs (HTTP/1.1 200) 4 headers in 157 bytes (1 switches on core 0) [pid: 7|app: 0|req: 1382/2869] 10.0.0.94 () {32 vars in 670 bytes} [Mon Jun 15 20:22:13 2026] GET /v2.0/vpn/endpoint-groups => generated 634 bytes in 19 msecs (HTTP/1.1 200) 4 headers in 157 bytes (1 switches on core 0)
2026-06-15 20:22:13.987 8 WARNING neutron.scheduler.dhcp_agent_scheduler [None req-ab2425e9-104d-48fe-ad9d-d24a22a813ff e64d70a2dc6a48cdb99be15dba86a56b 90a9980b1fda4d5abdbebba44d26f5df - - default default] No more DHCP agents
2026-06-15 20:22:13.988 8 WARNING neutron.api.rpc.agentnotifiers.dhcp_rpc_agent_api [None req-ab2425e9-104d-48fe-ad9d-d24a22a813ff e64d70a2dc6a48cdb99be15dba86a56b 90a9980b1fda4d5abdbebba44d26f5df - - default default] Unable to schedule network 17a45181-a045-420a-9e31-dd058c6cb725: no agents available; will retry on subsequent port and subnet creation events.
2026-06-15 20:22:14.024 8 INFO neutron.db.ovn_revision_numbers_db [None req-ab2425e9-104d-48fe-ad9d-d24a22a813ff e64d70a2dc6a48cdb99be15dba86a56b 90a9980b1fda4d5abdbebba44d26f5df - - default default] Successfully bumped revision number for resource 1b453c5c-7338-48cc-a3c4-c2439e38b16d (type: subnets) to 0 [pid: 8|app: 0|req: 1488/2870] 10.0.0.94 () {34 vars in 668 bytes} [Mon Jun 15 20:22:13 2026] POST /v2.0/subnets => generated 725 bytes in 257 msecs (HTTP/1.1 201) 4 headers in 162 bytes (1 switches on core 0) [pid: 7|app: 0|req: 1383/2871] 10.0.0.94 () {34 vars in 684 bytes} [Mon Jun 15 20:22:13 2026] POST /v2.0/vpn/ikepolicies => generated 401 bytes in 57 msecs (HTTP/1.1 201) 4 headers in 162 bytes (1 switches on core 0) [pid: 7|app: 0|req: 1384/2872] 10.0.0.94 () {30 vars in 694 bytes} [Mon Jun 15 20:22:14 2026] PUT /v2.0/vpn/ikepolicies/0f4a279c-c7ce-4ea7-9fb8-8e2a2ccaa328 => generated 419 bytes in 41 msecs (HTTP/1.1 200) 4 headers in 157 bytes (1 switches on core 0) [pid: 7|app: 0|req: 1385/2873] 10.0.0.94 () {32 vars in 736 bytes} [Mon Jun 15 20:22:14 2026] GET /v2.0/vpn/ikepolicies/0f4a279c-c7ce-4ea7-9fb8-8e2a2ccaa328 => generated 419 bytes in 14 msecs (HTTP/1.1 200) 4 headers in 157 bytes (1 switches on core 0)
2026-06-15 20:22:14.147 8 INFO neutron.db.segments_db [None req-c5a280b1-0afb-43f0-af24-f6190d7efb1f e64d70a2dc6a48cdb99be15dba86a56b 90a9980b1fda4d5abdbebba44d26f5df - - default default] Added segment 2cd79efd-042b-464e-bb41-1fa9c07f3093 of type geneve for network fde89ad1-210a-4146-a8b4-db2ad7065b3c [pid: 7|app: 0|req: 1386/2874] 10.0.0.94 () {32 vars in 739 bytes} [Mon Jun 15 20:22:14 2026] DELETE /v2.0/vpn/ikepolicies/0f4a279c-c7ce-4ea7-9fb8-8e2a2ccaa328 => generated 0 bytes in 41 msecs (HTTP/1.1 204) 2 headers in 112 bytes (1 switches on core 0) [pid: 7|app: 0|req: 1387/2875] 10.0.0.94 () {32 vars in 662 bytes} [Mon Jun 15 20:22:14 2026] GET /v2.0/vpn/ikepolicies => generated 408 bytes in 11 msecs (HTTP/1.1 200) 4 headers in 157 bytes (1 switches on core 0) [pid: 7|app: 0|req: 1388/2876] 10.0.0.94 () {32 vars in 662 bytes} [Mon Jun 15 20:22:14 2026] GET /v2.0/vpn/ikepolicies => generated 408 bytes in 12 msecs (HTTP/1.1 200) 4 headers in 157 bytes (1 switches on core 0) [pid: 7|app: 0|req: 1389/2877] 10.0.0.94 () {34 vars in 688 bytes} [Mon Jun 15 20:22:14 2026] POST /v2.0/vpn/ipsecpolicies => generated 411 bytes in 45 msecs (HTTP/1.1 201) 4 headers in 162 bytes (1 switches on core 0)
2026-06-15 20:22:14.254 8 INFO neutron.db.ovn_revision_numbers_db [None req-c5a280b1-0afb-43f0-af24-f6190d7efb1f e64d70a2dc6a48cdb99be15dba86a56b 90a9980b1fda4d5abdbebba44d26f5df - - default default] Successfully bumped revision number for resource fde89ad1-210a-4146-a8b4-db2ad7065b3c (type: networks) to 1 [pid: 7|app: 0|req: 1390/2878] 10.0.0.94 () {30 vars in 698 bytes} [Mon Jun 15 20:22:14 2026] PUT /v2.0/vpn/ipsecpolicies/e1c69856-7eb4-4701-b3fb-1a49fa3b8901 => generated 431 bytes in 28 msecs (HTTP/1.1 200) 4 headers in 157 bytes (1 switches on core 0) [pid: 7|app: 0|req: 1391/2879] 10.0.0.94 () {32 vars in 743 bytes} [Mon Jun 15 20:22:14 2026] DELETE /v2.0/vpn/ipsecpolicies/e1c69856-7eb4-4701-b3fb-1a49fa3b8901 => generated 0 bytes in 24 msecs (HTTP/1.1 204) 2 headers in 112 bytes (1 switches on core 0)
2026-06-15 20:22:14.324 7 INFO neutron.api.v2.resource [None req-8dfff660-e8e8-4a6e-9ee8-18750a7ba811 39aeda16284148d68bbbd2d6f36ecb71 7b347787a6a048f2b953a5c0fb8bc1cd - - default default] delete failed (client error): The resource could not be found. [pid: 7|app: 0|req: 1392/2880] 10.0.0.94 () {32 vars in 743 bytes} [Mon Jun 15 20:22:14 2026] DELETE /v2.0/vpn/ipsecpolicies/e1c69856-7eb4-4701-b3fb-1a49fa3b8901 => generated 145 bytes in 13 msecs (HTTP/1.1 404) 4 headers in 164 bytes (1 switches on core 0)
2026-06-15 20:22:14.338 7 INFO neutron.api.v2.resource [None req-553774a5-748b-4a61-81c2-54e789369a84 39aeda16284148d68bbbd2d6f36ecb71 7b347787a6a048f2b953a5c0fb8bc1cd - - default default] delete failed (client error): The resource could not be found. [pid: 7|app: 0|req: 1393/2881] 10.0.0.94 () {32 vars in 743 bytes} [Mon Jun 15 20:22:14 2026] DELETE /v2.0/vpn/ipsecpolicies/e1c69856-7eb4-4701-b3fb-1a49fa3b8901 => generated 145 bytes in 10 msecs (HTTP/1.1 404) 4 headers in 164 bytes (1 switches on core 0)
2026-06-15 20:22:14.399 8 WARNING neutron.scheduler.dhcp_agent_scheduler [None req-c5a280b1-0afb-43f0-af24-f6190d7efb1f e64d70a2dc6a48cdb99be15dba86a56b 90a9980b1fda4d5abdbebba44d26f5df - - default default] No more DHCP agents
2026-06-15 20:22:14.401 8 WARNING neutron.api.rpc.agentnotifiers.dhcp_rpc_agent_api [None req-c5a280b1-0afb-43f0-af24-f6190d7efb1f e64d70a2dc6a48cdb99be15dba86a56b 90a9980b1fda4d5abdbebba44d26f5df - - default default] Unable to schedule network fde89ad1-210a-4146-a8b4-db2ad7065b3c: no agents available; will retry on subsequent port and subnet creation events.
2026-06-15 20:22:14.453 7 INFO neutron.db.segments_db [None req-013d1f00-0af2-4058-98e0-ba5cea2af35d 39aeda16284148d68bbbd2d6f36ecb71 7b347787a6a048f2b953a5c0fb8bc1cd - - default default] Added segment 620d6c06-24ff-4b30-ad1c-12ab363ee7f0 of type geneve for network 55fac16f-82e1-41b4-bb0c-3bf94acb8e62
2026-06-15 20:22:14.457 7 INFO neutron.plugins.ml2.drivers.ovn.mech_driver.mech_driver [None req-f2ee5bfc-0834-49e8-b812-e545e6e55fa3 - - - - - -] OVN reports status down for port: 35b35a05-4ce3-4798-9a76-c25371fb1e4f
2026-06-15 20:22:14.480 8 INFO neutron.db.ovn_revision_numbers_db [None req-c5a280b1-0afb-43f0-af24-f6190d7efb1f e64d70a2dc6a48cdb99be15dba86a56b 90a9980b1fda4d5abdbebba44d26f5df - - default default] Successfully bumped revision number for resource 35b35a05-4ce3-4798-9a76-c25371fb1e4f (type: ports) to 1 [pid: 8|app: 0|req: 1489/2882] 10.0.0.94 () {34 vars in 669 bytes} [Mon Jun 15 20:22:14 2026] POST /v2.0/networks => generated 637 bytes in 455 msecs (HTTP/1.1 201) 4 headers in 162 bytes (1 switches on core 0)
2026-06-15 20:22:14.624 7 INFO neutron.db.ovn_revision_numbers_db [None req-013d1f00-0af2-4058-98e0-ba5cea2af35d 39aeda16284148d68bbbd2d6f36ecb71 7b347787a6a048f2b953a5c0fb8bc1cd - - default default] Successfully bumped revision number for resource 55fac16f-82e1-41b4-bb0c-3bf94acb8e62 (type: networks) to 1
2026-06-15 20:22:14.711 8 WARNING neutron.scheduler.dhcp_agent_scheduler [None req-a85f4f62-bbcc-43ab-b9e1-f310c20e7902 e64d70a2dc6a48cdb99be15dba86a56b 90a9980b1fda4d5abdbebba44d26f5df - - default default] No more DHCP agents
2026-06-15 20:22:14.713 8 WARNING neutron.api.rpc.agentnotifiers.dhcp_rpc_agent_api [None req-a85f4f62-bbcc-43ab-b9e1-f310c20e7902 e64d70a2dc6a48cdb99be15dba86a56b 90a9980b1fda4d5abdbebba44d26f5df - - default default] Unable to schedule network fde89ad1-210a-4146-a8b4-db2ad7065b3c: no agents available; will retry on subsequent port and subnet creation events.
2026-06-15 20:22:14.783 7 WARNING neutron.scheduler.dhcp_agent_scheduler [None req-013d1f00-0af2-4058-98e0-ba5cea2af35d 39aeda16284148d68bbbd2d6f36ecb71 7b347787a6a048f2b953a5c0fb8bc1cd - - default default] No more DHCP agents
2026-06-15 20:22:14.785 7 WARNING neutron.api.rpc.agentnotifiers.dhcp_rpc_agent_api [None req-013d1f00-0af2-4058-98e0-ba5cea2af35d 39aeda16284148d68bbbd2d6f36ecb71 7b347787a6a048f2b953a5c0fb8bc1cd - - default default] Unable to schedule network 55fac16f-82e1-41b4-bb0c-3bf94acb8e62: no agents available; will retry on subsequent port and subnet creation events.
2026-06-15 20:22:14.851 8 INFO neutron.plugins.ml2.drivers.ovn.mech_driver.mech_driver [None req-360165cf-50dd-48bb-9e3b-35ed9e967554 - - - - - -] OVN reports status down for port: 4a4647c3-85d9-455c-b453-7432a3ede21e
2026-06-15 20:22:14.862 7 INFO neutron.db.ovn_revision_numbers_db [None req-013d1f00-0af2-4058-98e0-ba5cea2af35d 39aeda16284148d68bbbd2d6f36ecb71 7b347787a6a048f2b953a5c0fb8bc1cd - - default default] Successfully bumped revision number for resource 4a4647c3-85d9-455c-b453-7432a3ede21e (type: ports) to 1 [pid: 7|app: 0|req: 1394/2883] 10.0.0.94 () {34 vars in 669 bytes} [Mon Jun 15 20:22:14 2026] POST /v2.0/networks => generated 631 bytes in 538 msecs (HTTP/1.1 201) 4 headers in 162 bytes (1 switches on core 0)
2026-06-15 20:22:15.100 7 WARNING neutron.scheduler.dhcp_agent_scheduler [None req-15452831-bacf-40c7-8c4d-28ddd9d8c9fc 39aeda16284148d68bbbd2d6f36ecb71 7b347787a6a048f2b953a5c0fb8bc1cd - - default default] No more DHCP agents
2026-06-15 20:22:15.101 7 WARNING neutron.api.rpc.agentnotifiers.dhcp_rpc_agent_api [None req-15452831-bacf-40c7-8c4d-28ddd9d8c9fc 39aeda16284148d68bbbd2d6f36ecb71 7b347787a6a048f2b953a5c0fb8bc1cd - - default default] Unable to schedule network 55fac16f-82e1-41b4-bb0c-3bf94acb8e62: no agents available; will retry on subsequent port and subnet creation events.
2026-06-15 20:22:15.246 8 INFO neutron.db.ovn_revision_numbers_db [None req-b6e37dce-ac68-49de-9c55-69dca8eaf12f - - - - - -] Successfully bumped revision number for resource 35b35a05-4ce3-4798-9a76-c25371fb1e4f (type: ports) to 2
2026-06-15 20:22:15.276 8 INFO neutron.db.ovn_revision_numbers_db [None req-b6e37dce-ac68-49de-9c55-69dca8eaf12f - - - - - -] Successfully bumped revision number for resource 3e9dca76-fb23-4064-b869-a063e7115993 (type: subnets) to 0 [pid: 8|app: 0|req: 1490/2884] 10.0.0.94 () {34 vars in 668 bytes} [Mon Jun 15 20:22:14 2026] POST /v2.0/subnets => generated 655 bytes in 783 msecs (HTTP/1.1 201) 4 headers in 162 bytes (1 switches on core 0)
2026-06-15 20:22:15.493 8 WARNING neutron.scheduler.dhcp_agent_scheduler [None req-1ce259c4-de0b-4614-872d-ad989b13f91a e64d70a2dc6a48cdb99be15dba86a56b 90a9980b1fda4d5abdbebba44d26f5df - - default default] No more DHCP agents
2026-06-15 20:22:15.494 8 WARNING neutron.api.rpc.agentnotifiers.dhcp_rpc_agent_api [None req-1ce259c4-de0b-4614-872d-ad989b13f91a e64d70a2dc6a48cdb99be15dba86a56b 90a9980b1fda4d5abdbebba44d26f5df - - default default] Unable to schedule network fde89ad1-210a-4146-a8b4-db2ad7065b3c: no agents available; will retry on subsequent port and subnet creation events.
2026-06-15 20:22:15.535 7 INFO neutron.db.ovn_revision_numbers_db [None req-22dce177-e9e9-4662-98f4-eb49f4ba6534 - - - - - -] Successfully bumped revision number for resource 4a4647c3-85d9-455c-b453-7432a3ede21e (type: ports) to 2
2026-06-15 20:22:15.539 8 INFO neutron.db.ovn_revision_numbers_db [None req-1ce259c4-de0b-4614-872d-ad989b13f91a e64d70a2dc6a48cdb99be15dba86a56b 90a9980b1fda4d5abdbebba44d26f5df - - default default] Successfully bumped revision number for resource fff91bc2-8f50-4cd4-a509-67a92a184065 (type: subnets) to 0 [pid: 8|app: 0|req: 1491/2885] 10.0.0.94 () {34 vars in 668 bytes} [Mon Jun 15 20:22:15 2026] POST /v2.0/subnets => generated 729 bytes in 256 msecs (HTTP/1.1 201) 4 headers in 162 bytes (1 switches on core 0)
2026-06-15 20:22:15.565 7 INFO neutron.db.ovn_revision_numbers_db [None req-22dce177-e9e9-4662-98f4-eb49f4ba6534 - - - - - -] Successfully bumped revision number for resource e166cd3d-5ae1-4ffc-ab08-b5754ee573b7 (type: subnets) to 0 [pid: 7|app: 0|req: 1395/2886] 10.0.0.94 () {34 vars in 668 bytes} [Mon Jun 15 20:22:14 2026] POST /v2.0/subnets => generated 629 bytes in 689 msecs (HTTP/1.1 201) 4 headers in 162 bytes (1 switches on core 0)
2026-06-15 20:22:15.913 8 WARNING neutron.scheduler.dhcp_agent_scheduler [None req-02e971ef-ae73-4a7a-9c8e-da927da5e48e e64d70a2dc6a48cdb99be15dba86a56b 90a9980b1fda4d5abdbebba44d26f5df - - default default] No more DHCP agents
2026-06-15 20:22:15.915 8 WARNING neutron.api.rpc.agentnotifiers.dhcp_rpc_agent_api [None req-02e971ef-ae73-4a7a-9c8e-da927da5e48e e64d70a2dc6a48cdb99be15dba86a56b 90a9980b1fda4d5abdbebba44d26f5df - - default default] Unable to schedule network 7a82ebdd-4bca-44cd-895f-3833c040e877: no agents available; will retry on subsequent port and subnet creation events.
2026-06-15 20:22:16.021 8 INFO neutron.plugins.ml2.drivers.ovn.mech_driver.mech_driver [None req-360165cf-50dd-48bb-9e3b-35ed9e967554 - - - - - -] OVN reports status down for port: 52100e1c-9e15-4a67-983c-cd5d3f739e02
2026-06-15 20:22:16.081 8 INFO neutron.db.ovn_revision_numbers_db [None req-02e971ef-ae73-4a7a-9c8e-da927da5e48e e64d70a2dc6a48cdb99be15dba86a56b 90a9980b1fda4d5abdbebba44d26f5df - - default default] Successfully bumped revision number for resource 52100e1c-9e15-4a67-983c-cd5d3f739e02 (type: ports) to 1
2026-06-15 20:22:16.659 8 INFO neutron.plugins.ml2.drivers.ovn.mech_driver.ovsdb.commands [None req-84d775c5-0591-427a-8698-450f002f0b14 - - - - - -] Schedule LRP lrp-52100e1c-9e15-4a67-983c-cd5d3f739e02 on gateway 381ead8b-53e4-4b3d-888f-4dd9ef8e720d with priority 1
2026-06-15 20:22:16.689 8 INFO neutron.plugins.ml2.drivers.ovn.mech_driver.mech_driver [None req-360165cf-50dd-48bb-9e3b-35ed9e967554 - - - - - -] OVN reports status up for port: 52100e1c-9e15-4a67-983c-cd5d3f739e02
2026-06-15 20:22:16.690 7 INFO neutron.plugins.ml2.drivers.ovn.mech_driver.ovsdb.ovsdb_monitor [None req-6c838455-3ca4-4726-afa8-ace0a3f5992c - - - - - -] Router eb962e31-9991-460a-b865-693f719bb389 is bound to host instance
2026-06-15 20:22:16.707 8 INFO neutron.plugins.ml2.plugin [None req-360165cf-50dd-48bb-9e3b-35ed9e967554 - - - - - -] Attempt 1 to provision port 52100e1c-9e15-4a67-983c-cd5d3f739e02
2026-06-15 20:22:16.748 8 INFO neutron.db.ovn_revision_numbers_db [None req-02e971ef-ae73-4a7a-9c8e-da927da5e48e e64d70a2dc6a48cdb99be15dba86a56b 90a9980b1fda4d5abdbebba44d26f5df - - default default] Successfully bumped revision number for resource 52100e1c-9e15-4a67-983c-cd5d3f739e02 (type: router_ports) to 1
2026-06-15 20:22:16.823 7 WARNING neutron.scheduler.dhcp_agent_scheduler [None req-4dc2f912-03ec-4fbd-a08d-1171e9ce72e6 39aeda16284148d68bbbd2d6f36ecb71 7b347787a6a048f2b953a5c0fb8bc1cd - - default default] No more DHCP agents
2026-06-15 20:22:16.826 7 WARNING neutron.api.rpc.agentnotifiers.dhcp_rpc_agent_api [None req-4dc2f912-03ec-4fbd-a08d-1171e9ce72e6 39aeda16284148d68bbbd2d6f36ecb71 7b347787a6a048f2b953a5c0fb8bc1cd - - default default] Unable to schedule network 7a82ebdd-4bca-44cd-895f-3833c040e877: no agents available; will retry on subsequent port and subnet creation events.
2026-06-15 20:22:16.867 8 INFO neutron.db.ovn_revision_numbers_db [None req-02e971ef-ae73-4a7a-9c8e-da927da5e48e e64d70a2dc6a48cdb99be15dba86a56b 90a9980b1fda4d5abdbebba44d26f5df - - default default] Successfully bumped revision number for resource eb962e31-9991-460a-b865-693f719bb389 (type: routers) to 2 [pid: 8|app: 0|req: 1492/2887] 10.0.0.94 () {34 vars in 668 bytes} [Mon Jun 15 20:22:15 2026] POST /v2.0/routers => generated 944 bytes in 1328 msecs (HTTP/1.1 201) 4 headers in 162 bytes (1 switches on core 0)
2026-06-15 20:22:17.128 7 INFO neutron.db.ovn_revision_numbers_db [None req-4dc2f912-03ec-4fbd-a08d-1171e9ce72e6 39aeda16284148d68bbbd2d6f36ecb71 7b347787a6a048f2b953a5c0fb8bc1cd - - default default] Successfully bumped revision number for resource 4c3a5307-b22d-4357-aa8e-d916707c591c (type: ports) to 1
2026-06-15 20:22:17.513 8 WARNING neutron.scheduler.dhcp_agent_scheduler [None req-553fdda6-9169-4aeb-a315-ff13b4486e88 e64d70a2dc6a48cdb99be15dba86a56b 90a9980b1fda4d5abdbebba44d26f5df - - default default] No more DHCP agents
2026-06-15 20:22:17.514 8 WARNING neutron.api.rpc.agentnotifiers.dhcp_rpc_agent_api [None req-553fdda6-9169-4aeb-a315-ff13b4486e88 e64d70a2dc6a48cdb99be15dba86a56b 90a9980b1fda4d5abdbebba44d26f5df - - default default] Unable to schedule network e24e2526-0dbf-48d2-853d-fee4951329aa: no agents available; will retry on subsequent port and subnet creation events.
2026-06-15 20:22:17.661 8 INFO neutron.db.ovn_revision_numbers_db [None req-553fdda6-9169-4aeb-a315-ff13b4486e88 e64d70a2dc6a48cdb99be15dba86a56b 90a9980b1fda4d5abdbebba44d26f5df - - default default] Successfully bumped revision number for resource 8d2b1ebc-30cb-450c-b13c-296017056be6 (type: ports) to 1
2026-06-15 20:22:17.661 7 INFO neutron.plugins.ml2.drivers.ovn.mech_driver.mech_driver [None req-f2ee5bfc-0834-49e8-b812-e545e6e55fa3 - - - - - -] OVN reports status down for port: 8d2b1ebc-30cb-450c-b13c-296017056be6
2026-06-15 20:22:18.313 7 INFO neutron.plugins.ml2.drivers.ovn.mech_driver.mech_driver [None req-f2ee5bfc-0834-49e8-b812-e545e6e55fa3 - - - - - -] OVN reports status up for port: 8d2b1ebc-30cb-450c-b13c-296017056be6
2026-06-15 20:22:18.338 7 INFO neutron.plugins.ml2.drivers.ovn.mech_driver.ovsdb.commands [None req-7051e104-772a-4564-9edb-3e60c1ef2eb5 - - - - - -] Schedule LRP lrp-4c3a5307-b22d-4357-aa8e-d916707c591c on gateway 381ead8b-53e4-4b3d-888f-4dd9ef8e720d with priority 1
2026-06-15 20:22:18.365 7 INFO neutron.plugins.ml2.plugin [None req-f2ee5bfc-0834-49e8-b812-e545e6e55fa3 - - - - - -] Attempt 1 to provision port 8d2b1ebc-30cb-450c-b13c-296017056be6
2026-06-15 20:22:18.393 8 WARNING neutron.scheduler.dhcp_agent_scheduler [None req-553fdda6-9169-4aeb-a315-ff13b4486e88 e64d70a2dc6a48cdb99be15dba86a56b 90a9980b1fda4d5abdbebba44d26f5df - - default default] No more DHCP agents
2026-06-15 20:22:18.394 8 WARNING neutron.api.rpc.agentnotifiers.dhcp_rpc_agent_api [None req-553fdda6-9169-4aeb-a315-ff13b4486e88 e64d70a2dc6a48cdb99be15dba86a56b 90a9980b1fda4d5abdbebba44d26f5df - - default default] Unable to schedule network e24e2526-0dbf-48d2-853d-fee4951329aa: no agents available; will retry on subsequent port and subnet creation events.
2026-06-15 20:22:18.419 7 INFO neutron.db.ovn_revision_numbers_db [None req-ff973e2a-39c1-4a84-a5f3-428b103568e4 - - - - - -] Successfully bumped revision number for resource 52100e1c-9e15-4a67-983c-cd5d3f739e02 (type: ports) to 4
2026-06-15 20:22:18.469 7 INFO neutron.db.ovn_revision_numbers_db [None req-4dc2f912-03ec-4fbd-a08d-1171e9ce72e6 39aeda16284148d68bbbd2d6f36ecb71 7b347787a6a048f2b953a5c0fb8bc1cd - - default default] Successfully bumped revision number for resource 4c3a5307-b22d-4357-aa8e-d916707c591c (type: router_ports) to 1
2026-06-15 20:22:18.654 7 INFO neutron.db.ovn_revision_numbers_db [None req-4dc2f912-03ec-4fbd-a08d-1171e9ce72e6 39aeda16284148d68bbbd2d6f36ecb71 7b347787a6a048f2b953a5c0fb8bc1cd - - default default] Successfully bumped revision number for resource 9c5765f3-bff7-46b4-9309-f8dee55d2d7f (type: routers) to 2
2026-06-15 20:22:18.681 8 INFO neutron.db.ovn_revision_numbers_db [None req-553fdda6-9169-4aeb-a315-ff13b4486e88 e64d70a2dc6a48cdb99be15dba86a56b 90a9980b1fda4d5abdbebba44d26f5df - - default default] Successfully bumped revision number for resource 8d2b1ebc-30cb-450c-b13c-296017056be6 (type: router_ports) to 1 [pid: 8|app: 0|req: 1493/2888] 10.0.0.94 () {34 vars in 782 bytes} [Mon Jun 15 20:22:16 2026] PUT /v2.0/routers/eb962e31-9991-460a-b865-693f719bb389/add_router_interface => generated 309 bytes in 1792 msecs (HTTP/1.1 200) 4 headers in 157 bytes (1 switches on core 0) [pid: 7|app: 0|req: 1396/2889] 10.0.0.94 () {34 vars in 668 bytes} [Mon Jun 15 20:22:15 2026] POST /v2.0/routers => generated 937 bytes in 3161 msecs (HTTP/1.1 201) 4 headers in 162 bytes (1 switches on core 0)
2026-06-15 20:22:19.222 8 WARNING neutron.scheduler.dhcp_agent_scheduler [None req-e70ec504-2d53-4f51-ba6a-797336f3e965 e64d70a2dc6a48cdb99be15dba86a56b 90a9980b1fda4d5abdbebba44d26f5df - - default default] No more DHCP agents
2026-06-15 20:22:19.223 8 WARNING neutron.api.rpc.agentnotifiers.dhcp_rpc_agent_api [None req-e70ec504-2d53-4f51-ba6a-797336f3e965 e64d70a2dc6a48cdb99be15dba86a56b 90a9980b1fda4d5abdbebba44d26f5df - - default default] Unable to schedule network 17a45181-a045-420a-9e31-dd058c6cb725: no agents available; will retry on subsequent port and subnet creation events.
2026-06-15 20:22:19.380 8 INFO neutron.db.ovn_revision_numbers_db [None req-e70ec504-2d53-4f51-ba6a-797336f3e965 e64d70a2dc6a48cdb99be15dba86a56b 90a9980b1fda4d5abdbebba44d26f5df - - default default] Successfully bumped revision number for resource d9ce27bb-2512-48b7-9354-e1c61f5f4592 (type: ports) to 1
2026-06-15 20:22:19.606 7 INFO neutron.db.ovn_revision_numbers_db [None req-ff973e2a-39c1-4a84-a5f3-428b103568e4 - - - - - -] Successfully bumped revision number for resource 52100e1c-9e15-4a67-983c-cd5d3f739e02 (type: ports) to 5
2026-06-15 20:22:19.611 7 INFO neutron.db.ovn_revision_numbers_db [None req-f2ee5bfc-0834-49e8-b812-e545e6e55fa3 - - - - - -] Successfully bumped revision number for resource 8d2b1ebc-30cb-450c-b13c-296017056be6 (type: ports) to 2
2026-06-15 20:22:19.701 8 INFO neutron.plugins.ml2.drivers.ovn.mech_driver.mech_driver [None req-360165cf-50dd-48bb-9e3b-35ed9e967554 - - - - - -] OVN reports status down for port: 4c3a5307-b22d-4357-aa8e-d916707c591c
2026-06-15 20:22:19.845 8 WARNING neutron.plugins.ml2.drivers.ovn.mech_driver.ovsdb.ovn_client [None req-360165cf-50dd-48bb-9e3b-35ed9e967554 - - - - - -] Logical_Switch_Port 4c3a5307-b22d-4357-aa8e-d916707c591c host information not removed, the port state is up
2026-06-15 20:22:19.847 8 INFO neutron.plugins.ml2.drivers.ovn.mech_driver.mech_driver [None req-360165cf-50dd-48bb-9e3b-35ed9e967554 - - - - - -] OVN reports status up for port: 4c3a5307-b22d-4357-aa8e-d916707c591c
2026-06-15 20:22:19.869 8 INFO neutron.plugins.ml2.plugin [None req-360165cf-50dd-48bb-9e3b-35ed9e967554 - - - - - -] Attempt 1 to provision port 4c3a5307-b22d-4357-aa8e-d916707c591c
2026-06-15 20:22:20.054 7 WARNING neutron.scheduler.dhcp_agent_scheduler [None req-b865874d-0ae9-477f-8b8d-5a95ffd1a4cc 39aeda16284148d68bbbd2d6f36ecb71 7b347787a6a048f2b953a5c0fb8bc1cd - - default default] No more DHCP agents
2026-06-15 20:22:20.056 7 WARNING neutron.api.rpc.agentnotifiers.dhcp_rpc_agent_api [None req-b865874d-0ae9-477f-8b8d-5a95ffd1a4cc 39aeda16284148d68bbbd2d6f36ecb71 7b347787a6a048f2b953a5c0fb8bc1cd - - default default] Unable to schedule network 55fac16f-82e1-41b4-bb0c-3bf94acb8e62: no agents available; will retry on subsequent port and subnet creation events.
2026-06-15 20:22:20.233 7 INFO neutron.db.ovn_revision_numbers_db [None req-b865874d-0ae9-477f-8b8d-5a95ffd1a4cc 39aeda16284148d68bbbd2d6f36ecb71 7b347787a6a048f2b953a5c0fb8bc1cd - - default default] Successfully bumped revision number for resource 368e5670-cdbe-48dc-8b29-24a9b471c8b2 (type: ports) to 1
2026-06-15 20:22:20.374 8 WARNING neutron.scheduler.dhcp_agent_scheduler [None req-e70ec504-2d53-4f51-ba6a-797336f3e965 e64d70a2dc6a48cdb99be15dba86a56b 90a9980b1fda4d5abdbebba44d26f5df - - default default] No more DHCP agents
2026-06-15 20:22:20.375 8 WARNING neutron.api.rpc.agentnotifiers.dhcp_rpc_agent_api [None req-e70ec504-2d53-4f51-ba6a-797336f3e965 e64d70a2dc6a48cdb99be15dba86a56b 90a9980b1fda4d5abdbebba44d26f5df - - default default] Unable to schedule network 17a45181-a045-420a-9e31-dd058c6cb725: no agents available; will retry on subsequent port and subnet creation events.
2026-06-15 20:22:20.766 8 INFO neutron.db.ovn_revision_numbers_db [None req-e70ec504-2d53-4f51-ba6a-797336f3e965 e64d70a2dc6a48cdb99be15dba86a56b 90a9980b1fda4d5abdbebba44d26f5df - - default default] Successfully bumped revision number for resource d9ce27bb-2512-48b7-9354-e1c61f5f4592 (type: router_ports) to 1 [pid: 8|app: 0|req: 1494/2890] 10.0.0.94 () {34 vars in 782 bytes} [Mon Jun 15 20:22:18 2026] PUT /v2.0/routers/eb962e31-9991-460a-b865-693f719bb389/add_router_interface => generated 309 bytes in 2081 msecs (HTTP/1.1 200) 4 headers in 157 bytes (1 switches on core 0)
2026-06-15 20:22:20.921 7 WARNING neutron.scheduler.dhcp_agent_scheduler [None req-b865874d-0ae9-477f-8b8d-5a95ffd1a4cc 39aeda16284148d68bbbd2d6f36ecb71 7b347787a6a048f2b953a5c0fb8bc1cd - - default default] No more DHCP agents
2026-06-15 20:22:20.922 7 WARNING neutron.api.rpc.agentnotifiers.dhcp_rpc_agent_api [None req-b865874d-0ae9-477f-8b8d-5a95ffd1a4cc 39aeda16284148d68bbbd2d6f36ecb71 7b347787a6a048f2b953a5c0fb8bc1cd - - default default] Unable to schedule network 55fac16f-82e1-41b4-bb0c-3bf94acb8e62: no agents available; will retry on subsequent port and subnet creation events.
2026-06-15 20:22:21.296 8 WARNING neutron.scheduler.dhcp_agent_scheduler [None req-af1c91ee-74c1-4fc8-9ca4-f8970a4af94a e64d70a2dc6a48cdb99be15dba86a56b 90a9980b1fda4d5abdbebba44d26f5df - - default default] No more DHCP agents
2026-06-15 20:22:21.298 8 WARNING neutron.api.rpc.agentnotifiers.dhcp_rpc_agent_api [None req-af1c91ee-74c1-4fc8-9ca4-f8970a4af94a e64d70a2dc6a48cdb99be15dba86a56b 90a9980b1fda4d5abdbebba44d26f5df - - default default] Unable to schedule network fde89ad1-210a-4146-a8b4-db2ad7065b3c: no agents available; will retry on subsequent port and subnet creation events.
2026-06-15 20:22:21.327 7 INFO neutron.db.ovn_revision_numbers_db [None req-b865874d-0ae9-477f-8b8d-5a95ffd1a4cc 39aeda16284148d68bbbd2d6f36ecb71 7b347787a6a048f2b953a5c0fb8bc1cd - - default default] Successfully bumped revision number for resource 368e5670-cdbe-48dc-8b29-24a9b471c8b2 (type: router_ports) to 1 [pid: 7|app: 0|req: 1397/2891] 10.0.0.94 () {34 vars in 782 bytes} [Mon Jun 15 20:22:18 2026] PUT /v2.0/routers/9c5765f3-bff7-46b4-9309-f8dee55d2d7f/add_router_interface => generated 309 bytes in 2584 msecs (HTTP/1.1 200) 4 headers in 157 bytes (1 switches on core 0)
2026-06-15 20:22:21.424 8 INFO neutron.db.ovn_revision_numbers_db [None req-af1c91ee-74c1-4fc8-9ca4-f8970a4af94a e64d70a2dc6a48cdb99be15dba86a56b 90a9980b1fda4d5abdbebba44d26f5df - - default default] Successfully bumped revision number for resource ebab14ed-4a19-454e-beed-f8d3ed50f753 (type: ports) to 1
2026-06-15 20:22:21.844 7 WARNING neutron.scheduler.dhcp_agent_scheduler [None req-e7ffa0d5-58ee-43dc-a5e5-5eea0b5a5775 - - - - - -] No more DHCP agents
2026-06-15 20:22:21.846 7 WARNING neutron.api.rpc.agentnotifiers.dhcp_rpc_agent_api [None req-e7ffa0d5-58ee-43dc-a5e5-5eea0b5a5775 - - - - - -] Unable to schedule network 7a82ebdd-4bca-44cd-895f-3833c040e877: no agents available; will retry on subsequent port and subnet creation events.
2026-06-15 20:22:22.005 7 INFO neutron.db.ovn_revision_numbers_db [None req-e7ffa0d5-58ee-43dc-a5e5-5eea0b5a5775 - - - - - -] Successfully bumped revision number for resource dc0c320e-3638-4980-8f4d-5de441eaf894 (type: ports) to 1
2026-06-15 20:22:22.227 8 WARNING neutron.scheduler.dhcp_agent_scheduler [None req-af1c91ee-74c1-4fc8-9ca4-f8970a4af94a e64d70a2dc6a48cdb99be15dba86a56b 90a9980b1fda4d5abdbebba44d26f5df - - default default] No more DHCP agents
2026-06-15 20:22:22.234 8 WARNING neutron.api.rpc.agentnotifiers.dhcp_rpc_agent_api [None req-af1c91ee-74c1-4fc8-9ca4-f8970a4af94a e64d70a2dc6a48cdb99be15dba86a56b 90a9980b1fda4d5abdbebba44d26f5df - - default default] Unable to schedule network fde89ad1-210a-4146-a8b4-db2ad7065b3c: no agents available; will retry on subsequent port and subnet creation events.
2026-06-15 20:22:22.257 7 INFO neutron.db.ovn_revision_numbers_db [None req-e7ffa0d5-58ee-43dc-a5e5-5eea0b5a5775 - - - - - -] Successfully bumped revision number for resource dc0c320e-3638-4980-8f4d-5de441eaf894 (type: ports) to 3
2026-06-15 20:22:22.317 7 INFO neutron.db.segments_db [None req-e7ffa0d5-58ee-43dc-a5e5-5eea0b5a5775 - - - - - -] Added segment fe745b6d-825f-4b3c-bb05-99481ae85fc9 of type geneve for network 9ae9c86b-7df8-4b77-837c-31dffb586c7c
2026-06-15 20:22:22.431 7 INFO neutron.db.ovn_revision_numbers_db [None req-d9880811-2bb8-4d6d-b779-63ec255b4327 - - - - - -] Successfully bumped revision number for resource 9ae9c86b-7df8-4b77-837c-31dffb586c7c (type: networks) to 1
2026-06-15 20:22:22.607 8 INFO neutron.db.ovn_revision_numbers_db [None req-af1c91ee-74c1-4fc8-9ca4-f8970a4af94a e64d70a2dc6a48cdb99be15dba86a56b 90a9980b1fda4d5abdbebba44d26f5df - - default default] Successfully bumped revision number for resource ebab14ed-4a19-454e-beed-f8d3ed50f753 (type: router_ports) to 1 [pid: 8|app: 0|req: 1495/2892] 10.0.0.94 () {34 vars in 782 bytes} [Mon Jun 15 20:22:20 2026] PUT /v2.0/routers/eb962e31-9991-460a-b865-693f719bb389/add_router_interface => generated 309 bytes in 1834 msecs (HTTP/1.1 200) 4 headers in 157 bytes (1 switches on core 0)
2026-06-15 20:22:22.664 7 WARNING neutron.scheduler.dhcp_agent_scheduler [None req-d9880811-2bb8-4d6d-b779-63ec255b4327 - - - - - -] No more DHCP agents
2026-06-15 20:22:22.668 7 WARNING neutron.api.rpc.agentnotifiers.dhcp_rpc_agent_api [None req-d9880811-2bb8-4d6d-b779-63ec255b4327 - - - - - -] Unable to schedule network 9ae9c86b-7df8-4b77-837c-31dffb586c7c: no agents available; will retry on subsequent port and subnet creation events.
2026-06-15 20:22:22.747 7 INFO neutron.db.ovn_revision_numbers_db [None req-d9880811-2bb8-4d6d-b779-63ec255b4327 - - - - - -] Successfully bumped revision number for resource 6db8e7ad-b254-4a44-beb8-8ec985c14b10 (type: ports) to 1
2026-06-15 20:22:22.811 8 INFO neutron.db.ovn_revision_numbers_db [None req-ff1807e2-8882-424e-8a09-cd58cb43cddd e64d70a2dc6a48cdb99be15dba86a56b 90a9980b1fda4d5abdbebba44d26f5df - - default default] Successfully bumped revision number for resource 81492b8f-5455-42aa-8863-a575f65ac43a (type: security_groups) to 1
2026-06-15 20:22:22.821 8 INFO neutron.db.ovn_revision_numbers_db [None req-ff1807e2-8882-424e-8a09-cd58cb43cddd e64d70a2dc6a48cdb99be15dba86a56b 90a9980b1fda4d5abdbebba44d26f5df - - default default] Successfully bumped revision number for resource 0477ba23-f9ee-4607-be76-e3b3df2d0092 (type: security_group_rules) to 0
2026-06-15 20:22:22.832 8 INFO neutron.db.ovn_revision_numbers_db [None req-ff1807e2-8882-424e-8a09-cd58cb43cddd e64d70a2dc6a48cdb99be15dba86a56b 90a9980b1fda4d5abdbebba44d26f5df - - default default] Successfully bumped revision number for resource 39abd842-b877-44cc-b29b-3cdd07d59905 (type: security_group_rules) to 0
2026-06-15 20:22:22.861 7 WARNING neutron.scheduler.dhcp_agent_scheduler [None req-d9880811-2bb8-4d6d-b779-63ec255b4327 - - - - - -] No more DHCP agents
2026-06-15 20:22:22.862 7 WARNING neutron.api.rpc.agentnotifiers.dhcp_rpc_agent_api [None req-d9880811-2bb8-4d6d-b779-63ec255b4327 - - - - - -] Unable to schedule network 9ae9c86b-7df8-4b77-837c-31dffb586c7c: no agents available; will retry on subsequent port and subnet creation events. [pid: 8|app: 0|req: 1496/2893] 10.0.0.94 () {34 vars in 683 bytes} [Mon Jun 15 20:22:22 2026] POST /v2.0/security-groups => generated 1629 bytes in 197 msecs (HTTP/1.1 201) 4 headers in 163 bytes (1 switches on core 0)
2026-06-15 20:22:22.882 7 INFO neutron.db.ovn_revision_numbers_db [None req-d9880811-2bb8-4d6d-b779-63ec255b4327 - - - - - -] Successfully bumped revision number for resource 0bda6693-68e9-4613-98b9-9db53bb92292 (type: subnets) to 0
2026-06-15 20:22:23.018 8 INFO neutron.db.ovn_revision_numbers_db [None req-64e18e79-b00b-4390-8899-52746adbd937 e64d70a2dc6a48cdb99be15dba86a56b 90a9980b1fda4d5abdbebba44d26f5df - - default default] Successfully bumped revision number for resource 22a44134-7c95-4bb9-8d7c-2b303e2f4713 (type: security_group_rules) to 0 [pid: 8|app: 0|req: 1497/2894] 10.0.0.94 () {34 vars in 694 bytes} [Mon Jun 15 20:22:22 2026] POST /v2.0/security-group-rules => generated 597 bytes in 201 msecs (HTTP/1.1 201) 4 headers in 162 bytes (1 switches on core 0)
2026-06-15 20:22:23.208 8 INFO neutron.db.ovn_revision_numbers_db [None req-39408652-94ba-43c1-8add-4b5742298a2d e64d70a2dc6a48cdb99be15dba86a56b 90a9980b1fda4d5abdbebba44d26f5df - - default default] Successfully bumped revision number for resource 98d4f050-69e1-4d74-b996-d7a16617466e (type: security_group_rules) to 0 [pid: 8|app: 0|req: 1498/2895] 10.0.0.94 () {34 vars in 694 bytes} [Mon Jun 15 20:22:23 2026] POST /v2.0/security-group-rules => generated 597 bytes in 163 msecs (HTTP/1.1 201) 4 headers in 162 bytes (1 switches on core 0)
2026-06-15 20:22:23.263 7 WARNING neutron.scheduler.dhcp_agent_scheduler [None req-d9880811-2bb8-4d6d-b779-63ec255b4327 - - - - - -] No more DHCP agents
2026-06-15 20:22:23.265 7 WARNING neutron.api.rpc.agentnotifiers.dhcp_rpc_agent_api [None req-d9880811-2bb8-4d6d-b779-63ec255b4327 - - - - - -] Unable to schedule network 9ae9c86b-7df8-4b77-837c-31dffb586c7c: no agents available; will retry on subsequent port and subnet creation events.
2026-06-15 20:22:23.394 8 INFO neutron.db.ovn_revision_numbers_db [None req-413c7e0e-2996-450d-bec3-f15cb193ba21 e64d70a2dc6a48cdb99be15dba86a56b 90a9980b1fda4d5abdbebba44d26f5df - - default default] Successfully bumped revision number for resource bb150c9f-9e2e-4d43-993d-463fc65a53ca (type: security_group_rules) to 0
2026-06-15 20:22:23.418 7 INFO neutron.db.ovn_revision_numbers_db [None req-d9880811-2bb8-4d6d-b779-63ec255b4327 - - - - - -] Successfully bumped revision number for resource db480baa-b247-49c7-afa0-6432ce81161b (type: ports) to 1 [pid: 8|app: 0|req: 1499/2896] 10.0.0.94 () {34 vars in 694 bytes} [Mon Jun 15 20:22:23 2026] POST /v2.0/security-group-rules => generated 599 bytes in 181 msecs (HTTP/1.1 201) 4 headers in 162 bytes (1 switches on core 0)
2026-06-15 20:22:23.561 8 INFO neutron.db.ovn_revision_numbers_db [None req-f8596b29-0bbc-46cf-9d2c-5b5fa061b72a e64d70a2dc6a48cdb99be15dba86a56b 90a9980b1fda4d5abdbebba44d26f5df - - default default] Successfully bumped revision number for resource 1947de24-f005-461e-a6fb-c8aa8b902fea (type: security_group_rules) to 0 [pid: 8|app: 0|req: 1500/2897] 10.0.0.94 () {34 vars in 694 bytes} [Mon Jun 15 20:22:23 2026] POST /v2.0/security-group-rules => generated 601 bytes in 161 msecs (HTTP/1.1 201) 4 headers in 162 bytes (1 switches on core 0)
2026-06-15 20:22:23.740 8 INFO neutron.db.ovn_revision_numbers_db [None req-c78c75f4-3fed-4bbe-a8d0-71f3d9a3835d e64d70a2dc6a48cdb99be15dba86a56b 90a9980b1fda4d5abdbebba44d26f5df - - default default] Successfully bumped revision number for resource f4d402c7-2326-402b-a88a-a45369552b80 (type: security_group_rules) to 0 [pid: 8|app: 0|req: 1501/2898] 10.0.0.94 () {34 vars in 694 bytes} [Mon Jun 15 20:22:23 2026] POST /v2.0/security-group-rules => generated 601 bytes in 176 msecs (HTTP/1.1 201) 4 headers in 162 bytes (1 switches on core 0)
2026-06-15 20:22:23.911 8 INFO neutron.db.ovn_revision_numbers_db [None req-ef96a169-29e6-42bf-87b5-38a6b62cd6d5 e64d70a2dc6a48cdb99be15dba86a56b 90a9980b1fda4d5abdbebba44d26f5df - - default default] Successfully bumped revision number for resource 41299fc6-da2d-4355-8526-9b7b6f21f5a4 (type: security_group_rules) to 0 [pid: 8|app: 0|req: 1502/2899] 10.0.0.94 () {34 vars in 694 bytes} [Mon Jun 15 20:22:23 2026] POST /v2.0/security-group-rules => generated 597 bytes in 175 msecs (HTTP/1.1 201) 4 headers in 162 bytes (1 switches on core 0)
2026-06-15 20:22:24.041 7 WARNING neutron.scheduler.dhcp_agent_scheduler [None req-d9880811-2bb8-4d6d-b779-63ec255b4327 - - - - - -] No more DHCP agents
2026-06-15 20:22:24.044 7 WARNING neutron.api.rpc.agentnotifiers.dhcp_rpc_agent_api [None req-d9880811-2bb8-4d6d-b779-63ec255b4327 - - - - - -] Unable to schedule network 9ae9c86b-7df8-4b77-837c-31dffb586c7c: no agents available; will retry on subsequent port and subnet creation events.
2026-06-15 20:22:24.142 8 INFO neutron.db.ovn_revision_numbers_db [None req-fc01a7c8-1965-47e3-bf73-929ce1bf0b98 e64d70a2dc6a48cdb99be15dba86a56b 90a9980b1fda4d5abdbebba44d26f5df - - default default] Successfully bumped revision number for resource a64bc474-75c0-4075-ab5b-66c6628ce3f7 (type: security_group_rules) to 0 [pid: 8|app: 0|req: 1503/2900] 10.0.0.94 () {34 vars in 694 bytes} [Mon Jun 15 20:22:23 2026] POST /v2.0/security-group-rules => generated 597 bytes in 222 msecs (HTTP/1.1 201) 4 headers in 162 bytes (1 switches on core 0)
