2026-06-15 20:19:25.959 7 INFO neutron.services.segments.plugin [-] Segment 394d39f8-5c40-4ca3-8cc1-1533d4929e36 resource provider not found; error: Placement Client Error (4xx): {"errors": [{"status": 404, "title": "Not Found", "detail": "The resource could not be found.\n\n No resource provider with uuid 394d39f8-5c40-4ca3-8cc1-1533d4929e36 found for delete ", "request_id": "req-5dd1ddc1-b477-49fd-b3b5-b7e70951b181"}]}
2026-06-15 20:19:25.960 7 INFO neutron.services.segments.plugin [-] Segment 394d39f8-5c40-4ca3-8cc1-1533d4929e36 resource provider not found; error: Placement Client Error (4xx): {"errors": [{"status": 404, "title": "Not Found", "detail": "The resource could not be found.\n\n No resource provider with uuid 394d39f8-5c40-4ca3-8cc1-1533d4929e36 found for delete ", "request_id": "req-c9626e70-3b34-4360-936c-7262af576a3b"}]}
2026-06-15 20:19:26.106 7 WARNING neutron.scheduler.dhcp_agent_scheduler [None req-f6ba7aa9-9ba1-4907-82c3-acc88e6a2d2f 3b8080ccb63a4cf99d38beb59aae1a00 55b7fe2df9b041f6822618945c9f8ee7 - - default default] No more DHCP agents
2026-06-15 20:19:26.113 7 WARNING neutron.api.rpc.agentnotifiers.dhcp_rpc_agent_api [None req-f6ba7aa9-9ba1-4907-82c3-acc88e6a2d2f 3b8080ccb63a4cf99d38beb59aae1a00 55b7fe2df9b041f6822618945c9f8ee7 - - default default] Unable to schedule network 7a82ebdd-4bca-44cd-895f-3833c040e877: no agents available; will retry on subsequent port and subnet creation events.
2026-06-15 20:19:26.222 7 INFO neutron.plugins.ml2.drivers.ovn.mech_driver.mech_driver [None req-d0395e60-11e3-4358-9d5f-13c8607973a2 - - - - - -] OVN reports status down for port: d90bfa0c-5b2e-4d98-b72f-9fd0e531e29a
2026-06-15 20:19:26.278 7 INFO neutron.db.ovn_revision_numbers_db [None req-f6ba7aa9-9ba1-4907-82c3-acc88e6a2d2f 3b8080ccb63a4cf99d38beb59aae1a00 55b7fe2df9b041f6822618945c9f8ee7 - - default default] Successfully bumped revision number for resource d90bfa0c-5b2e-4d98-b72f-9fd0e531e29a (type: ports) to 1 [pid: 8|app: 0|req: 883/1669] 10.0.0.94 () {32 vars in 773 bytes} [Mon Jun 15 20:19:26 2026] GET /v2.0/security-groups?tenant_id=d6eaaab8c213446d90c8c8efe6f4bc8c&name=default => generated 2925 bytes in 178 msecs (HTTP/1.1 200) 4 headers in 158 bytes (1 switches on core 0) [pid: 8|app: 0|req: 884/1670] 10.0.0.94 () {32 vars in 739 bytes} [Mon Jun 15 20:19:26 2026] DELETE /v2.0/security-groups/6bb22dde-9f34-4f31-8b57-36acc5e9fc2e => generated 0 bytes in 209 msecs (HTTP/1.1 204) 2 headers in 112 bytes (1 switches on core 0) [pid: 8|app: 0|req: 885/1671] 10.0.0.74 () {34 vars in 989 bytes} [Mon Jun 15 20:19:26 2026] GET /v2.0/ports?device_id=bfa0698c-7fee-441a-a262-0766a1fd51ae => generated 1209 bytes in 32 msecs (HTTP/1.1 200) 4 headers in 158 bytes (1 switches on core 0) [pid: 8|app: 0|req: 886/1672] 10.0.0.74 () {34 vars in 1039 bytes} [Mon Jun 15 20:19:26 2026] GET /v2.0/security-groups?id=75211433-f2d3-44d2-9f9c-03a6bdbf8efa&fields=id&fields=name => generated 113 bytes in 26 msecs (HTTP/1.1 200) 4 headers in 157 bytes (1 switches on core 0)
2026-06-15 20:19:26.942 7 INFO neutron.plugins.ml2.drivers.ovn.mech_driver.ovsdb.commands [None req-7051e104-772a-4564-9edb-3e60c1ef2eb5 - - - - - -] Schedule LRP lrp-d90bfa0c-5b2e-4d98-b72f-9fd0e531e29a on gateway 381ead8b-53e4-4b3d-888f-4dd9ef8e720d with priority 1
2026-06-15 20:19:26.979 7 INFO neutron.plugins.ml2.drivers.ovn.mech_driver.mech_driver [None req-d0395e60-11e3-4358-9d5f-13c8607973a2 - - - - - -] OVN reports status up for port: d90bfa0c-5b2e-4d98-b72f-9fd0e531e29a
2026-06-15 20:19:27.007 7 INFO neutron.plugins.ml2.plugin [None req-d0395e60-11e3-4358-9d5f-13c8607973a2 - - - - - -] Attempt 1 to provision port d90bfa0c-5b2e-4d98-b72f-9fd0e531e29a
2026-06-15 20:19:27.036 7 INFO neutron.db.ovn_revision_numbers_db [None req-f6ba7aa9-9ba1-4907-82c3-acc88e6a2d2f 3b8080ccb63a4cf99d38beb59aae1a00 55b7fe2df9b041f6822618945c9f8ee7 - - default default] Successfully bumped revision number for resource d90bfa0c-5b2e-4d98-b72f-9fd0e531e29a (type: router_ports) to 1
2026-06-15 20:19:27.211 7 INFO neutron.db.ovn_revision_numbers_db [None req-f6ba7aa9-9ba1-4907-82c3-acc88e6a2d2f 3b8080ccb63a4cf99d38beb59aae1a00 55b7fe2df9b041f6822618945c9f8ee7 - - default default] Successfully bumped revision number for resource 7e6a8226-d6a4-4100-abf1-fa0860024a29 (type: routers) to 2 [pid: 7|app: 0|req: 787/1673] 10.0.0.94 () {34 vars in 668 bytes} [Mon Jun 15 20:19:25 2026] POST /v2.0/routers => generated 947 bytes in 1589 msecs (HTTP/1.1 201) 4 headers in 162 bytes (1 switches on core 0) [pid: 8|app: 0|req: 887/1674] 10.0.0.94 () {32 vars in 720 bytes} [Mon Jun 15 20:19:27 2026] GET /v2.0/routers/7e6a8226-d6a4-4100-abf1-fa0860024a29 => generated 953 bytes in 84 msecs (HTTP/1.1 200) 4 headers in 157 bytes (1 switches on core 0) [pid: 7|app: 0|req: 788/1675] 10.0.0.94 () {32 vars in 646 bytes} [Mon Jun 15 20:19:27 2026] GET /v2.0/routers => generated 956 bytes in 88 msecs (HTTP/1.1 200) 4 headers in 157 bytes (1 switches on core 0)
2026-06-15 20:19:27.824 8 INFO neutron.db.ovn_revision_numbers_db [None req-1c9bd0d9-2f2c-44ca-b335-a114e109d7c7 3b8080ccb63a4cf99d38beb59aae1a00 55b7fe2df9b041f6822618945c9f8ee7 - - default default] Successfully bumped revision number for resource 7e6a8226-d6a4-4100-abf1-fa0860024a29 (type: routers) to 3 [pid: 8|app: 0|req: 888/1676] 10.0.0.94 () {34 vars in 740 bytes} [Mon Jun 15 20:19:27 2026] PUT /v2.0/routers/7e6a8226-d6a4-4100-abf1-fa0860024a29 => generated 960 bytes in 416 msecs (HTTP/1.1 200) 4 headers in 157 bytes (1 switches on core 0)
2026-06-15 20:19:27.895 7 INFO neutron.db.ovn_revision_numbers_db [None req-5a7ac2bd-3af1-47c3-90cb-900ac2ecdf7f f56eafd15e9341c884800439d469e3f9 294f40f775d34f13974f9f30459dc62e - - default default] Successfully bumped revision number for resource c502fd82-f94e-424f-9b48-6ea5fa8461e9 (type: security_groups) to 1
2026-06-15 20:19:27.904 7 INFO neutron.db.ovn_revision_numbers_db [None req-5a7ac2bd-3af1-47c3-90cb-900ac2ecdf7f f56eafd15e9341c884800439d469e3f9 294f40f775d34f13974f9f30459dc62e - - default default] Successfully bumped revision number for resource 47c4df79-82cd-468f-905f-636d0d5e4e4d (type: security_group_rules) to 0 [pid: 8|app: 0|req: 889/1677] 10.0.0.94 () {32 vars in 720 bytes} [Mon Jun 15 20:19:27 2026] GET /v2.0/routers/7e6a8226-d6a4-4100-abf1-fa0860024a29 => generated 960 bytes in 70 msecs (HTTP/1.1 200) 4 headers in 157 bytes (1 switches on core 0)
2026-06-15 20:19:27.912 7 INFO neutron.db.ovn_revision_numbers_db [None req-5a7ac2bd-3af1-47c3-90cb-900ac2ecdf7f f56eafd15e9341c884800439d469e3f9 294f40f775d34f13974f9f30459dc62e - - default default] Successfully bumped revision number for resource 5a4cbd71-d4bf-456a-bb2e-7ace4e9f8686 (type: security_group_rules) to 0 [pid: 8|app: 0|req: 890/1678] 10.0.0.94 () {32 vars in 735 bytes} [Mon Jun 15 20:19:27 2026] GET /v2.0/ports?device_id=7e6a8226-d6a4-4100-abf1-fa0860024a29 => generated 12 bytes in 23 msecs (HTTP/1.1 200) 4 headers in 156 bytes (1 switches on core 0)
2026-06-15 20:19:27.938 7 INFO neutron.db.ovn_revision_numbers_db [None req-5a7ac2bd-3af1-47c3-90cb-900ac2ecdf7f f56eafd15e9341c884800439d469e3f9 294f40f775d34f13974f9f30459dc62e - - default default] Successfully bumped revision number for resource b4415505-bbc1-4936-8c2e-c8849d153b64 (type: security_group_rules) to 0
2026-06-15 20:19:27.963 7 INFO neutron.db.ovn_revision_numbers_db [None req-5a7ac2bd-3af1-47c3-90cb-900ac2ecdf7f f56eafd15e9341c884800439d469e3f9 294f40f775d34f13974f9f30459dc62e - - default default] Successfully bumped revision number for resource e20eaf0d-3ff6-4ba2-a016-012741741ea0 (type: security_group_rules) to 0 [pid: 7|app: 0|req: 789/1679] 10.0.0.94 () {32 vars in 773 bytes} [Mon Jun 15 20:19:27 2026] GET /v2.0/security-groups?tenant_id=fa5b5fb437a9475492dfd5b1f88cd588&name=default => generated 2925 bytes in 395 msecs (HTTP/1.1 200) 4 headers in 158 bytes (1 switches on core 0) [pid: 7|app: 0|req: 790/1680] 10.0.0.94 () {32 vars in 739 bytes} [Mon Jun 15 20:19:28 2026] DELETE /v2.0/security-groups/c502fd82-f94e-424f-9b48-6ea5fa8461e9 => generated 0 bytes in 275 msecs (HTTP/1.1 204) 2 headers in 112 bytes (1 switches on core 0)
2026-06-15 20:19:28.307 8 INFO neutron_taas.services.taas.taas_plugin [None req-6b04695c-785f-4fdb-a9ee-f18a3e9a1a8d 3b8080ccb63a4cf99d38beb59aae1a00 55b7fe2df9b041f6822618945c9f8ee7 - - default default] TaaS: Handle Delete Port: d90bfa0c-5b2e-4d98-b72f-9fd0e531e29a
2026-06-15 20:19:28.310 8 INFO neutron_taas.services.taas.tap_mirror_plugin [None req-6b04695c-785f-4fdb-a9ee-f18a3e9a1a8d 3b8080ccb63a4cf99d38beb59aae1a00 55b7fe2df9b041f6822618945c9f8ee7 - - default default] Tap Mirror: Handle Delete Port: d90bfa0c-5b2e-4d98-b72f-9fd0e531e29a [pid: 7|app: 0|req: 791/1681] 10.0.0.94 () {32 vars in 825 bytes} [Mon Jun 15 20:19:28 2026] GET /v2.0/ports?project_id=56c35a48305b4ffd8172789f94079b73&network_id=7bfe7b0e-0906-477b-ae72-8203ce69c16a => generated 3315 bytes in 73 msecs (HTTP/1.1 200) 4 headers in 158 bytes (1 switches on core 0) [pid: 7|app: 0|req: 792/1682] 10.0.0.94 () {32 vars in 741 bytes} [Mon Jun 15 20:19:28 2026] GET /v2.0/subnets?network_id=7a82ebdd-4bca-44cd-895f-3833c040e877 => generated 667 bytes in 35 msecs (HTTP/1.1 200) 4 headers in 157 bytes (1 switches on core 0) [pid: 8|app: 0|req: 891/1683] 10.0.0.94 () {32 vars in 723 bytes} [Mon Jun 15 20:19:27 2026] DELETE /v2.0/routers/7e6a8226-d6a4-4100-abf1-fa0860024a29 => generated 0 bytes in 826 msecs (HTTP/1.1 204) 2 headers in 112 bytes (1 switches on core 0) [pid: 8|app: 0|req: 892/1684] 10.0.0.94 () {32 vars in 735 bytes} [Mon Jun 15 20:19:28 2026] GET /v2.0/ports?device_id=7e6a8226-d6a4-4100-abf1-fa0860024a29 => generated 12 bytes in 30 msecs (HTTP/1.1 200) 4 headers in 156 bytes (1 switches on core 0)
2026-06-15 20:19:28.886 8 WARNING neutron.plugins.ml2.drivers.ovn.mech_driver.ovsdb.ovn_client [None req-90944547-abb4-42c5-b699-74406e906d7b - - - - - -] No port found with ID 68024492-eaf3-472d-aa2e-365ee232c739: RuntimeError: No port found with ID 68024492-eaf3-472d-aa2e-365ee232c739
2026-06-15 20:19:28.924 8 INFO neutron.plugins.ml2.drivers.ovn.mech_driver.mech_driver [None req-90944547-abb4-42c5-b699-74406e906d7b - - - - - -] OVN reports status down for port: 998a75c2-8fe5-4009-8551-aae58eba4be7
2026-06-15 20:19:28.939 8 INFO neutron.plugins.ml2.drivers.ovn.mech_driver.mech_driver [None req-90944547-abb4-42c5-b699-74406e906d7b - - - - - -] OVN reports status down for port: 998a75c2-8fe5-4009-8551-aae58eba4be7
2026-06-15 20:19:29.075 8 INFO neutron.db.ovn_revision_numbers_db [None req-8ddd24ef-295b-4dd9-933a-1f6a61536297 97d37cab12d14d5db6690acefefa6c8f 56c35a48305b4ffd8172789f94079b73 - - default default] Successfully bumped revision number for resource 653ebd25-94d3-462c-a25b-88882fc6cef8 (type: floatingips) to 2
2026-06-15 20:19:29.098 7 INFO neutron.db.ovn_revision_numbers_db [None req-ce70a82a-751a-4c39-943c-f198c5276eb7 d4faf575ef264b03adb1b27d3089fdfc 24865f369c8e4a4998aa77f63cc8188c - - default default] Successfully bumped revision number for resource ada271b1-db73-49d4-9045-979f39fb7984 (type: security_groups) to 1
2026-06-15 20:19:29.119 7 INFO neutron.db.ovn_revision_numbers_db [None req-ce70a82a-751a-4c39-943c-f198c5276eb7 d4faf575ef264b03adb1b27d3089fdfc 24865f369c8e4a4998aa77f63cc8188c - - default default] Successfully bumped revision number for resource 0c363a22-bc79-427e-ae54-2fdf03f79d57 (type: security_group_rules) to 0
2026-06-15 20:19:29.137 7 INFO neutron.db.ovn_revision_numbers_db [None req-ce70a82a-751a-4c39-943c-f198c5276eb7 d4faf575ef264b03adb1b27d3089fdfc 24865f369c8e4a4998aa77f63cc8188c - - default default] Successfully bumped revision number for resource 2054647e-df94-4cf0-bda5-06760823f548 (type: security_group_rules) to 0
2026-06-15 20:19:29.146 8 INFO neutron.db.l3_db [None req-8ddd24ef-295b-4dd9-933a-1f6a61536297 97d37cab12d14d5db6690acefefa6c8f 56c35a48305b4ffd8172789f94079b73 - - default default] Floating IP 653ebd25-94d3-462c-a25b-88882fc6cef8 disassociated. External IP: 10.96.250.205, port: 78b37f39-5bce-4be7-b346-293084bafde0.
2026-06-15 20:19:29.149 7 INFO neutron.db.ovn_revision_numbers_db [None req-ce70a82a-751a-4c39-943c-f198c5276eb7 d4faf575ef264b03adb1b27d3089fdfc 24865f369c8e4a4998aa77f63cc8188c - - default default] Successfully bumped revision number for resource 7f6cbc23-7b54-4ec1-b295-e8fac8ac0041 (type: security_group_rules) to 0
2026-06-15 20:19:29.163 7 INFO neutron.db.ovn_revision_numbers_db [None req-ce70a82a-751a-4c39-943c-f198c5276eb7 d4faf575ef264b03adb1b27d3089fdfc 24865f369c8e4a4998aa77f63cc8188c - - default default] Successfully bumped revision number for resource d15ba2f9-96c8-48ed-a614-433b4c9f49e1 (type: security_group_rules) to 0 [pid: 8|app: 0|req: 893/1685] 10.0.0.94 () {34 vars in 748 bytes} [Mon Jun 15 20:19:28 2026] PUT /v2.0/floatingips/653ebd25-94d3-462c-a25b-88882fc6cef8 => generated 554 bytes in 365 msecs (HTTP/1.1 200) 4 headers in 157 bytes (1 switches on core 0)
2026-06-15 20:19:29.194 8 INFO neutron.api.v2.resource [None req-d55b97e7-b82c-4bbf-bdd4-a1760bff1843 3b8080ccb63a4cf99d38beb59aae1a00 55b7fe2df9b041f6822618945c9f8ee7 - - default default] delete failed (client error): The resource could not be found. [pid: 8|app: 0|req: 894/1686] 10.0.0.94 () {32 vars in 723 bytes} [Mon Jun 15 20:19:29 2026] DELETE /v2.0/routers/7e6a8226-d6a4-4100-abf1-fa0860024a29 => generated 135 bytes in 23 msecs (HTTP/1.1 404) 4 headers in 164 bytes (1 switches on core 0)
2026-06-15 20:19:29.214 8 INFO neutron.notifiers.nova [-] Nova event matching ['req-d0563729-9403-4f30-9678-368ff42104d6'] response: {'name': 'network-changed', 'server_uuid': 'bfa0698c-7fee-441a-a262-0766a1fd51ae', 'tag': '78b37f39-5bce-4be7-b346-293084bafde0', 'status': 'completed', 'code': 200} [pid: 8|app: 0|req: 895/1687] 10.0.0.94 () {32 vars in 728 bytes} [Mon Jun 15 20:19:29 2026] GET /v2.0/floatingips/653ebd25-94d3-462c-a25b-88882fc6cef8 => generated 552 bytes in 22 msecs (HTTP/1.1 200) 4 headers in 157 bytes (1 switches on core 0) [pid: 8|app: 0|req: 896/1688] 10.0.0.94 () {32 vars in 735 bytes} [Mon Jun 15 20:19:29 2026] GET /v2.0/ports?device_id=2e531eeb-cc73-4d8e-8046-9d4eb09a379c => generated 12 bytes in 16 msecs (HTTP/1.1 200) 4 headers in 156 bytes (1 switches on core 0)
2026-06-15 20:19:29.247 7 INFO neutron.db.segments_db [None req-ce70a82a-751a-4c39-943c-f198c5276eb7 d4faf575ef264b03adb1b27d3089fdfc 24865f369c8e4a4998aa77f63cc8188c - - default default] Added segment ef1ac0d1-da24-4efa-b085-30053cf1e584 of type geneve for network c104cffc-9e1d-45c4-9135-df9eeddbcc3d
2026-06-15 20:19:29.256 8 INFO neutron.api.v2.resource [None req-50cca84e-98e8-4c87-b803-67a9d0501ae2 3b8080ccb63a4cf99d38beb59aae1a00 55b7fe2df9b041f6822618945c9f8ee7 - - default default] delete failed (client error): The resource could not be found. [pid: 8|app: 0|req: 897/1689] 10.0.0.94 () {32 vars in 723 bytes} [Mon Jun 15 20:19:29 2026] DELETE /v2.0/routers/2e531eeb-cc73-4d8e-8046-9d4eb09a379c => generated 135 bytes in 16 msecs (HTTP/1.1 404) 4 headers in 164 bytes (1 switches on core 0)
2026-06-15 20:19:29.271 8 INFO neutron.pecan_wsgi.hooks.translation [None req-1321073b-f5f1-4434-9916-2cda629e6575 3b8080ccb63a4cf99d38beb59aae1a00 55b7fe2df9b041f6822618945c9f8ee7 - - default default] DELETE failed (client error): The resource could not be found. [pid: 8|app: 0|req: 898/1690] 10.0.0.94 () {32 vars in 723 bytes} [Mon Jun 15 20:19:29 2026] DELETE /v2.0/subnets/87b47e14-0cd8-4a8e-822a-19c77a4538b6 => generated 136 bytes in 14 msecs (HTTP/1.1 404) 4 headers in 164 bytes (1 switches on core 0) [pid: 8|app: 0|req: 899/1691] 10.0.0.94 () {32 vars in 735 bytes} [Mon Jun 15 20:19:29 2026] GET /v2.0/ports?device_id=4c2d3935-d5d9-4ce8-8238-274cc3265aea => generated 12 bytes in 14 msecs (HTTP/1.1 200) 4 headers in 156 bytes (1 switches on core 0)
2026-06-15 20:19:29.313 8 INFO neutron.api.v2.resource [None req-3682b834-7784-4086-8d2f-e612790d112d 3b8080ccb63a4cf99d38beb59aae1a00 55b7fe2df9b041f6822618945c9f8ee7 - - default default] delete failed (client error): The resource could not be found. [pid: 8|app: 0|req: 900/1692] 10.0.0.94 () {32 vars in 723 bytes} [Mon Jun 15 20:19:29 2026] DELETE /v2.0/routers/4c2d3935-d5d9-4ce8-8238-274cc3265aea => generated 135 bytes in 16 msecs (HTTP/1.1 404) 4 headers in 164 bytes (1 switches on core 0)
2026-06-15 20:19:29.340 8 INFO neutron.pecan_wsgi.hooks.translation [None req-4176b72c-6ea9-4d04-887b-246d429d90e4 3b8080ccb63a4cf99d38beb59aae1a00 55b7fe2df9b041f6822618945c9f8ee7 - - default default] DELETE failed (client error): The resource could not be found. [pid: 8|app: 0|req: 901/1693] 10.0.0.94 () {32 vars in 723 bytes} [Mon Jun 15 20:19:29 2026] DELETE /v2.0/subnets/a5dabea5-ae3b-4b7b-84c8-1165d49ba32a => generated 136 bytes in 25 msecs (HTTP/1.1 404) 4 headers in 164 bytes (1 switches on core 0) [pid: 8|app: 0|req: 902/1694] 10.0.0.94 () {32 vars in 735 bytes} [Mon Jun 15 20:19:29 2026] GET /v2.0/ports?device_id=d9658955-b7ac-4099-85e6-6482e5b72338 => generated 12 bytes in 17 msecs (HTTP/1.1 200) 4 headers in 156 bytes (1 switches on core 0)
2026-06-15 20:19:29.365 7 INFO neutron.db.ovn_revision_numbers_db [None req-ce70a82a-751a-4c39-943c-f198c5276eb7 d4faf575ef264b03adb1b27d3089fdfc 24865f369c8e4a4998aa77f63cc8188c - - default default] Successfully bumped revision number for resource c104cffc-9e1d-45c4-9135-df9eeddbcc3d (type: networks) to 1
2026-06-15 20:19:29.387 8 INFO neutron.api.v2.resource [None req-90ecf805-ca36-4f13-bc1b-5b4dc688ce88 3b8080ccb63a4cf99d38beb59aae1a00 55b7fe2df9b041f6822618945c9f8ee7 - - default default] delete failed (client error): The resource could not be found. [pid: 8|app: 0|req: 903/1695] 10.0.0.94 () {32 vars in 723 bytes} [Mon Jun 15 20:19:29 2026] DELETE /v2.0/routers/d9658955-b7ac-4099-85e6-6482e5b72338 => generated 135 bytes in 19 msecs (HTTP/1.1 404) 4 headers in 164 bytes (1 switches on core 0)
2026-06-15 20:19:29.405 8 INFO neutron.pecan_wsgi.hooks.translation [None req-1a6ca35c-c646-45af-a772-75b65767636f 3b8080ccb63a4cf99d38beb59aae1a00 55b7fe2df9b041f6822618945c9f8ee7 - - default default] DELETE failed (client error): The resource could not be found. [pid: 8|app: 0|req: 904/1696] 10.0.0.94 () {32 vars in 723 bytes} [Mon Jun 15 20:19:29 2026] DELETE /v2.0/subnets/17b44da6-65b3-49de-9ce1-6154a3d51e98 => generated 136 bytes in 14 msecs (HTTP/1.1 404) 4 headers in 164 bytes (1 switches on core 0)
2026-06-15 20:19:29.425 8 INFO neutron.pecan_wsgi.hooks.translation [None req-b0492d01-db69-4a8e-be75-7b85b20ea1d2 3b8080ccb63a4cf99d38beb59aae1a00 55b7fe2df9b041f6822618945c9f8ee7 - - default default] DELETE failed (client error): The resource could not be found. [pid: 8|app: 0|req: 905/1697] 10.0.0.94 () {32 vars in 723 bytes} [Mon Jun 15 20:19:29 2026] DELETE /v2.0/subnets/8b0af911-aa46-4c27-9ada-332deb9252f3 => generated 136 bytes in 13 msecs (HTTP/1.1 404) 4 headers in 164 bytes (1 switches on core 0)
2026-06-15 20:19:29.551 7 WARNING neutron.scheduler.dhcp_agent_scheduler [None req-ce70a82a-751a-4c39-943c-f198c5276eb7 d4faf575ef264b03adb1b27d3089fdfc 24865f369c8e4a4998aa77f63cc8188c - - default default] No more DHCP agents
2026-06-15 20:19:29.552 7 WARNING neutron.api.rpc.agentnotifiers.dhcp_rpc_agent_api [None req-ce70a82a-751a-4c39-943c-f198c5276eb7 d4faf575ef264b03adb1b27d3089fdfc 24865f369c8e4a4998aa77f63cc8188c - - default default] Unable to schedule network c104cffc-9e1d-45c4-9135-df9eeddbcc3d: no agents available; will retry on subsequent port and subnet creation events.
2026-06-15 20:19:29.667 7 INFO neutron.db.ovn_revision_numbers_db [None req-ce70a82a-751a-4c39-943c-f198c5276eb7 d4faf575ef264b03adb1b27d3089fdfc 24865f369c8e4a4998aa77f63cc8188c - - default default] Successfully bumped revision number for resource 5d9fca27-a712-4041-908c-ff46e987ac01 (type: ports) to 1 [pid: 7|app: 0|req: 793/1698] 10.0.0.94 () {34 vars in 669 bytes} [Mon Jun 15 20:19:28 2026] POST /v2.0/networks => generated 645 bytes in 1055 msecs (HTTP/1.1 201) 4 headers in 162 bytes (1 switches on core 0) [pid: 7|app: 0|req: 794/1699] 199.19.213.250 () {34 vars in 1080 bytes} [Mon Jun 15 20:19:29 2026] GET /v2.0/ports?tenant_id=56c35a48305b4ffd8172789f94079b73&device_id=bfa0698c-7fee-441a-a262-0766a1fd51ae => generated 1209 bytes in 35 msecs (HTTP/1.1 200) 4 headers in 158 bytes (1 switches on core 0) [pid: 7|app: 0|req: 795/1700] 199.19.213.250 () {34 vars in 986 bytes} [Mon Jun 15 20:19:29 2026] GET /v2.0/networks?id=7bfe7b0e-0906-477b-ae72-8203ce69c16a => generated 759 bytes in 38 msecs (HTTP/1.1 200) 4 headers in 157 bytes (1 switches on core 0) [pid: 7|app: 0|req: 796/1701] 199.19.213.250 () {34 vars in 1058 bytes} [Mon Jun 15 20:19:29 2026] GET /v2.0/floatingips?fixed_ip_address=10.100.0.7&port_id=78b37f39-5bce-4be7-b346-293084bafde0 => generated 19 bytes in 18 msecs (HTTP/1.1 200) 4 headers in 156 bytes (1 switches on core 0) [pid: 7|app: 0|req: 797/1702] 199.19.213.250 () {34 vars in 984 bytes} [Mon Jun 15 20:19:29 2026] GET /v2.0/subnets?id=46fbf243-b56b-41a1-a1a5-b8db60f94ea6 => generated 678 bytes in 31 msecs (HTTP/1.1 200) 4 headers in 157 bytes (1 switches on core 0) [pid: 7|app: 0|req: 798/1703] 199.19.213.250 () {34 vars in 1052 bytes} [Mon Jun 15 20:19:29 2026] GET /v2.0/ports?network_id=7bfe7b0e-0906-477b-ae72-8203ce69c16a&device_owner=network%3Adhcp => generated 12 bytes in 21 msecs (HTTP/1.1 200) 4 headers in 156 bytes (1 switches on core 0)
2026-06-15 20:19:29.905 8 WARNING neutron.scheduler.dhcp_agent_scheduler [None req-6208875b-597f-4c18-a0fa-c12057040729 d4faf575ef264b03adb1b27d3089fdfc 24865f369c8e4a4998aa77f63cc8188c - - default default] No more DHCP agents
2026-06-15 20:19:29.906 8 WARNING neutron.api.rpc.agentnotifiers.dhcp_rpc_agent_api [None req-6208875b-597f-4c18-a0fa-c12057040729 d4faf575ef264b03adb1b27d3089fdfc 24865f369c8e4a4998aa77f63cc8188c - - default default] Unable to schedule network c104cffc-9e1d-45c4-9135-df9eeddbcc3d: no agents available; will retry on subsequent port and subnet creation events. [pid: 7|app: 0|req: 799/1704] 199.19.213.250 () {34 vars in 1012 bytes} [Mon Jun 15 20:19:29 2026] GET /v2.0/networks/7bfe7b0e-0906-477b-ae72-8203ce69c16a?fields=segments => generated 14 bytes in 30 msecs (HTTP/1.1 200) 4 headers in 156 bytes (1 switches on core 0)
2026-06-15 20:19:29.989 8 INFO neutron.db.ovn_revision_numbers_db [None req-6208875b-597f-4c18-a0fa-c12057040729 d4faf575ef264b03adb1b27d3089fdfc 24865f369c8e4a4998aa77f63cc8188c - - default default] Successfully bumped revision number for resource 796b665c-50be-4198-a2ca-525d5943f72d (type: ports) to 1 [pid: 8|app: 0|req: 906/1705] 10.0.0.94 () {34 vars in 664 bytes} [Mon Jun 15 20:19:29 2026] POST /v2.0/ports => generated 775 bytes in 342 msecs (HTTP/1.1 201) 4 headers in 162 bytes (1 switches on core 0) /var/lib/openstack/lib/python3.12/site-packages/pycadf/identifier.py:70: UserWarning: Invalid uuid: neutron. To ensure interoperability, identifiers should be a valid uuid. warnings.warn(('Invalid uuid: %s. To ensure interoperability, ' [pid: 8|app: 0|req: 907/1706] 199.19.213.250 () {34 vars in 1112 bytes} [Mon Jun 15 20:19:30 2026] GET /v2.0/networks/7bfe7b0e-0906-477b-ae72-8203ce69c16a?fields=provider%3Aphysical_network&fields=provider%3Anetwork_type => generated 79 bytes in 38 msecs (HTTP/1.1 200) 4 headers in 156 bytes (1 switches on core 0) [pid: 7|app: 0|req: 800/1707] 10.0.0.94 () {32 vars in 773 bytes} [Mon Jun 15 20:19:29 2026] GET /v2.0/security-groups?tenant_id=55b7fe2df9b041f6822618945c9f8ee7&name=default => generated 2925 bytes in 176 msecs (HTTP/1.1 200) 4 headers in 158 bytes (1 switches on core 0)
2026-06-15 20:19:30.151 8 INFO neutron.db.segments_db [None req-01b49a6a-7222-4f8a-99d8-23fbb343918e d4faf575ef264b03adb1b27d3089fdfc 24865f369c8e4a4998aa77f63cc8188c - - default default] Added segment fba09261-5dbe-4e7a-b037-23e87147badb of type geneve for network 395fee55-7275-4612-844d-e500b697478b
2026-06-15 20:19:30.255 8 INFO neutron.db.ovn_revision_numbers_db [None req-01b49a6a-7222-4f8a-99d8-23fbb343918e d4faf575ef264b03adb1b27d3089fdfc 24865f369c8e4a4998aa77f63cc8188c - - default default] Successfully bumped revision number for resource 395fee55-7275-4612-844d-e500b697478b (type: networks) to 1 [pid: 7|app: 0|req: 801/1708] 10.0.0.94 () {32 vars in 739 bytes} [Mon Jun 15 20:19:30 2026] DELETE /v2.0/security-groups/20c62193-d27b-43d1-82ac-b1dd2698190b => generated 0 bytes in 262 msecs (HTTP/1.1 204) 2 headers in 112 bytes (1 switches on core 0)
2026-06-15 20:19:30.443 8 WARNING neutron.scheduler.dhcp_agent_scheduler [None req-01b49a6a-7222-4f8a-99d8-23fbb343918e d4faf575ef264b03adb1b27d3089fdfc 24865f369c8e4a4998aa77f63cc8188c - - default default] No more DHCP agents
2026-06-15 20:19:30.444 8 WARNING neutron.api.rpc.agentnotifiers.dhcp_rpc_agent_api [None req-01b49a6a-7222-4f8a-99d8-23fbb343918e d4faf575ef264b03adb1b27d3089fdfc 24865f369c8e4a4998aa77f63cc8188c - - default default] Unable to schedule network 395fee55-7275-4612-844d-e500b697478b: no agents available; will retry on subsequent port and subnet creation events.
2026-06-15 20:19:30.518 7 INFO neutron.db.ovn_revision_numbers_db [None req-ad2dd292-8320-4554-8f3f-a11f7fc2b6bf 97d37cab12d14d5db6690acefefa6c8f 56c35a48305b4ffd8172789f94079b73 - - default default] Successfully bumped revision number for resource b23f9e86-fc06-4eaf-9f3a-bb91c9e4bbd8 (type: security_groups) to 1
2026-06-15 20:19:30.533 8 INFO neutron.db.ovn_revision_numbers_db [None req-01b49a6a-7222-4f8a-99d8-23fbb343918e d4faf575ef264b03adb1b27d3089fdfc 24865f369c8e4a4998aa77f63cc8188c - - default default] Successfully bumped revision number for resource 0f598e68-1750-4040-97cf-e799c14501e9 (type: ports) to 1
2026-06-15 20:19:30.539 7 INFO neutron.db.ovn_revision_numbers_db [None req-ad2dd292-8320-4554-8f3f-a11f7fc2b6bf 97d37cab12d14d5db6690acefefa6c8f 56c35a48305b4ffd8172789f94079b73 - - default default] Successfully bumped revision number for resource 2a5baacc-6abc-434b-b851-3ce3a63d4ec1 (type: security_group_rules) to 0
2026-06-15 20:19:30.551 7 INFO neutron.db.ovn_revision_numbers_db [None req-ad2dd292-8320-4554-8f3f-a11f7fc2b6bf 97d37cab12d14d5db6690acefefa6c8f 56c35a48305b4ffd8172789f94079b73 - - default default] Successfully bumped revision number for resource 5133702a-7179-4eb3-9166-f2c12fb9087f (type: security_group_rules) to 0 [pid: 8|app: 0|req: 908/1709] 10.0.0.94 () {34 vars in 669 bytes} [Mon Jun 15 20:19:30 2026] POST /v2.0/networks => generated 631 bytes in 478 msecs (HTTP/1.1 201) 4 headers in 162 bytes (1 switches on core 0) [pid: 7|app: 0|req: 802/1710] 10.0.0.94 () {34 vars in 684 bytes} [Mon Jun 15 20:19:30 2026] POST /v2.0/security-groups => generated 1671 bytes in 217 msecs (HTTP/1.1 201) 4 headers in 163 bytes (1 switches on core 0)
2026-06-15 20:19:30.771 7 WARNING neutron.scheduler.dhcp_agent_scheduler [None req-5ea3242b-5205-4155-92b3-1f17d3e68b95 d4faf575ef264b03adb1b27d3089fdfc 24865f369c8e4a4998aa77f63cc8188c - - default default] No more DHCP agents
2026-06-15 20:19:30.772 7 WARNING neutron.api.rpc.agentnotifiers.dhcp_rpc_agent_api [None req-5ea3242b-5205-4155-92b3-1f17d3e68b95 d4faf575ef264b03adb1b27d3089fdfc 24865f369c8e4a4998aa77f63cc8188c - - default default] Unable to schedule network 395fee55-7275-4612-844d-e500b697478b: no agents available; will retry on subsequent port and subnet creation events.
2026-06-15 20:19:30.833 8 INFO neutron.db.ovn_revision_numbers_db [None req-a05ec1b1-656f-4a73-aa94-e25338d44fa1 f56eafd15e9341c884800439d469e3f9 294f40f775d34f13974f9f30459dc62e - - default default] Successfully bumped revision number for resource 2f1a31eb-e772-49d8-b141-7afde8f77204 (type: security_groups) to 1
2026-06-15 20:19:30.852 8 INFO neutron.db.ovn_revision_numbers_db [None req-a05ec1b1-656f-4a73-aa94-e25338d44fa1 f56eafd15e9341c884800439d469e3f9 294f40f775d34f13974f9f30459dc62e - - default default] Successfully bumped revision number for resource 189bb045-fa19-4efb-b88f-8e98bad74585 (type: security_group_rules) to 0
2026-06-15 20:19:30.868 8 INFO neutron.db.ovn_revision_numbers_db [None req-a05ec1b1-656f-4a73-aa94-e25338d44fa1 f56eafd15e9341c884800439d469e3f9 294f40f775d34f13974f9f30459dc62e - - default default] Successfully bumped revision number for resource 865d99d3-c06d-4f01-9565-6b13b551f9bf (type: security_group_rules) to 0
2026-06-15 20:19:30.886 8 INFO neutron.db.ovn_revision_numbers_db [None req-a05ec1b1-656f-4a73-aa94-e25338d44fa1 f56eafd15e9341c884800439d469e3f9 294f40f775d34f13974f9f30459dc62e - - default default] Successfully bumped revision number for resource ada9a658-a05a-432f-be17-1461dea2d204 (type: security_group_rules) to 0
2026-06-15 20:19:30.906 8 INFO neutron.db.ovn_revision_numbers_db [None req-a05ec1b1-656f-4a73-aa94-e25338d44fa1 f56eafd15e9341c884800439d469e3f9 294f40f775d34f13974f9f30459dc62e - - default default] Successfully bumped revision number for resource dfdf750b-38c8-483a-9d43-6cccd1089ddc (type: security_group_rules) to 0 [pid: 8|app: 0|req: 909/1711] 10.0.0.94 () {32 vars in 773 bytes} [Mon Jun 15 20:19:30 2026] GET /v2.0/security-groups?tenant_id=888aebc2e1384e81ba27aff6538290e0&name=default => generated 2925 bytes in 388 msecs (HTTP/1.1 200) 4 headers in 158 bytes (1 switches on core 0)
2026-06-15 20:19:31.154 8 INFO neutron.db.ovn_revision_numbers_db [None req-54698d96-9823-4637-a556-6a015272c8f9 97d37cab12d14d5db6690acefefa6c8f 56c35a48305b4ffd8172789f94079b73 - - default default] Successfully bumped revision number for resource 595843f2-f280-487c-8db2-e63d874e5a03 (type: security_group_rules) to 0 [pid: 8|app: 0|req: 910/1712] 10.0.0.94 () {34 vars in 694 bytes} [Mon Jun 15 20:19:30 2026] POST /v2.0/security-group-rules => generated 597 bytes in 253 msecs (HTTP/1.1 201) 4 headers in 162 bytes (1 switches on core 0)
2026-06-15 20:19:31.323 7 INFO neutron.db.ovn_revision_numbers_db [None req-b522a121-119c-425d-9022-73908dfea7f1 - - - - - -] Successfully bumped revision number for resource 0f598e68-1750-4040-97cf-e799c14501e9 (type: ports) to 2
2026-06-15 20:19:31.406 7 INFO neutron.db.ovn_revision_numbers_db [None req-b522a121-119c-425d-9022-73908dfea7f1 - - - - - -] Successfully bumped revision number for resource 46b2d203-fc22-42f7-9cc3-c07a8700b0de (type: subnets) to 0 [pid: 7|app: 0|req: 803/1713] 10.0.0.94 () {34 vars in 668 bytes} [Mon Jun 15 20:19:30 2026] POST /v2.0/subnets => generated 626 bytes in 859 msecs (HTTP/1.1 201) 4 headers in 162 bytes (1 switches on core 0) [pid: 8|app: 0|req: 911/1714] 10.0.0.94 () {32 vars in 739 bytes} [Mon Jun 15 20:19:31 2026] DELETE /v2.0/security-groups/2f1a31eb-e772-49d8-b141-7afde8f77204 => generated 0 bytes in 443 msecs (HTTP/1.1 204) 2 headers in 112 bytes (1 switches on core 0)
2026-06-15 20:19:31.667 7 INFO neutron.db.ovn_revision_numbers_db [None req-b9a87104-4f73-4ba6-a282-a34f2a58571f 97d37cab12d14d5db6690acefefa6c8f 56c35a48305b4ffd8172789f94079b73 - - default default] Successfully bumped revision number for resource 41a3cc48-0a26-4fac-86bd-5056d06c080a (type: security_group_rules) to 0 [pid: 7|app: 0|req: 804/1715] 10.0.0.94 () {34 vars in 694 bytes} [Mon Jun 15 20:19:31 2026] POST /v2.0/security-group-rules => generated 596 bytes in 254 msecs (HTTP/1.1 201) 4 headers in 162 bytes (1 switches on core 0)
2026-06-15 20:19:31.848 7 INFO neutron.db.ovn_revision_numbers_db [None req-18a5c34a-073c-40a9-bdec-6b9c8fce700d 97d37cab12d14d5db6690acefefa6c8f 56c35a48305b4ffd8172789f94079b73 - - default default] Successfully bumped revision number for resource 48ea4c02-1a77-4af5-9bc6-4a4976771f89 (type: security_group_rules) to 0 [pid: 7|app: 0|req: 805/1716] 10.0.0.94 () {34 vars in 694 bytes} [Mon Jun 15 20:19:31 2026] POST /v2.0/security-group-rules => generated 602 bytes in 169 msecs (HTTP/1.1 201) 4 headers in 162 bytes (1 switches on core 0)
2026-06-15 20:19:31.896 8 WARNING neutron.scheduler.dhcp_agent_scheduler [None req-bbbab1fe-3d5b-4a8c-b5a6-31dbd30b4f43 d4faf575ef264b03adb1b27d3089fdfc 24865f369c8e4a4998aa77f63cc8188c - - default default] No more DHCP agents
2026-06-15 20:19:31.898 8 WARNING neutron.api.rpc.agentnotifiers.dhcp_rpc_agent_api [None req-bbbab1fe-3d5b-4a8c-b5a6-31dbd30b4f43 d4faf575ef264b03adb1b27d3089fdfc 24865f369c8e4a4998aa77f63cc8188c - - default default] Unable to schedule network 395fee55-7275-4612-844d-e500b697478b: no agents available; will retry on subsequent port and subnet creation events.
2026-06-15 20:19:32.016 8 INFO neutron.plugins.ml2.drivers.ovn.mech_driver.mech_driver [None req-90944547-abb4-42c5-b699-74406e906d7b - - - - - -] OVN reports status down for port: f49788e3-ad86-4e74-9f21-1cd1e29d95d9
2026-06-15 20:19:32.054 7 INFO neutron.db.ovn_revision_numbers_db [None req-b40ba8b9-1f76-4e61-88d1-7a36226478b4 97d37cab12d14d5db6690acefefa6c8f 56c35a48305b4ffd8172789f94079b73 - - default default] Successfully bumped revision number for resource c0cb6109-cba2-4dc9-9505-1f599e192be2 (type: security_group_rules) to 0
2026-06-15 20:19:32.082 8 INFO neutron.db.ovn_revision_numbers_db [None req-bbbab1fe-3d5b-4a8c-b5a6-31dbd30b4f43 d4faf575ef264b03adb1b27d3089fdfc 24865f369c8e4a4998aa77f63cc8188c - - default default] Successfully bumped revision number for resource f49788e3-ad86-4e74-9f21-1cd1e29d95d9 (type: ports) to 1 [pid: 7|app: 0|req: 806/1717] 10.0.0.94 () {34 vars in 694 bytes} [Mon Jun 15 20:19:31 2026] POST /v2.0/security-group-rules => generated 601 bytes in 206 msecs (HTTP/1.1 201) 4 headers in 162 bytes (1 switches on core 0)
2026-06-15 20:19:32.124 7 INFO neutron.db.securitygroups_db [None req-937b95f2-425b-4aea-9f49-48fcd83ce6f2 97d37cab12d14d5db6690acefefa6c8f 56c35a48305b4ffd8172789f94079b73 - - default default] Project 56c35a48305b4ffd8172789f94079b73 added a security group rule with legacy IPv6 ICMP protocol name icmp, ipv6-icmp should be used instead. It was automatically converted. [pid: 8|app: 0|req: 912/1718] 10.0.0.94 () {34 vars in 664 bytes} [Mon Jun 15 20:19:31 2026] POST /v2.0/ports => generated 950 bytes in 525 msecs (HTTP/1.1 201) 4 headers in 162 bytes (1 switches on core 0) /var/lib/openstack/lib/python3.12/site-packages/pycadf/identifier.py:70: UserWarning: Invalid uuid: neutron. To ensure interoperability, identifiers should be a valid uuid. warnings.warn(('Invalid uuid: %s. To ensure interoperability, '
2026-06-15 20:19:32.239 7 INFO neutron.db.ovn_revision_numbers_db [None req-937b95f2-425b-4aea-9f49-48fcd83ce6f2 97d37cab12d14d5db6690acefefa6c8f 56c35a48305b4ffd8172789f94079b73 - - default default] Successfully bumped revision number for resource 9620fd6f-cf88-4607-8588-d3550feae0a4 (type: security_group_rules) to 0 [pid: 7|app: 0|req: 807/1719] 10.0.0.94 () {34 vars in 694 bytes} [Mon Jun 15 20:19:32 2026] POST /v2.0/security-group-rules => generated 607 bytes in 179 msecs (HTTP/1.1 201) 4 headers in 162 bytes (1 switches on core 0)
2026-06-15 20:19:32.295 7 WARNING neutron.plugins.ml2.drivers.ovn.mech_driver.ovsdb.ovn_client [None req-d0395e60-11e3-4358-9d5f-13c8607973a2 - - - - - -] No port found with ID d90bfa0c-5b2e-4d98-b72f-9fd0e531e29a: RuntimeError: No port found with ID d90bfa0c-5b2e-4d98-b72f-9fd0e531e29a
2026-06-15 20:19:32.319 8 INFO neutron_taas.services.taas.taas_plugin [None req-5278122a-c05c-4153-9fc0-ae71d21cbc9c d4faf575ef264b03adb1b27d3089fdfc 24865f369c8e4a4998aa77f63cc8188c - - default default] TaaS: Handle Delete Port: f49788e3-ad86-4e74-9f21-1cd1e29d95d9
2026-06-15 20:19:32.321 7 INFO neutron.plugins.ml2.drivers.ovn.mech_driver.mech_driver [None req-d0395e60-11e3-4358-9d5f-13c8607973a2 - - - - - -] OVN reports status down for port: 5d9fca27-a712-4041-908c-ff46e987ac01
2026-06-15 20:19:32.322 8 INFO neutron_taas.services.taas.tap_mirror_plugin [None req-5278122a-c05c-4153-9fc0-ae71d21cbc9c d4faf575ef264b03adb1b27d3089fdfc 24865f369c8e4a4998aa77f63cc8188c - - default default] Tap Mirror: Handle Delete Port: f49788e3-ad86-4e74-9f21-1cd1e29d95d9
2026-06-15 20:19:32.363 7 INFO neutron.db.securitygroups_db [None req-42d22b13-7228-4e30-a13c-371fcfa4246e 97d37cab12d14d5db6690acefefa6c8f 56c35a48305b4ffd8172789f94079b73 - - default default] Project 56c35a48305b4ffd8172789f94079b73 added a security group rule with legacy IPv6 ICMP protocol name icmp, ipv6-icmp should be used instead. It was automatically converted.
2026-06-15 20:19:32.452 7 INFO neutron.plugins.ml2.drivers.ovn.mech_driver.mech_driver [None req-d0395e60-11e3-4358-9d5f-13c8607973a2 - - - - - -] OVN reports status down for port: 796b665c-50be-4198-a2ca-525d5943f72d [pid: 8|app: 0|req: 913/1720] 10.0.0.94 () {32 vars in 719 bytes} [Mon Jun 15 20:19:32 2026] DELETE /v2.0/ports/f49788e3-ad86-4e74-9f21-1cd1e29d95d9 => generated 0 bytes in 326 msecs (HTTP/1.1 204) 3 headers in 131 bytes (1 switches on core 0)
2026-06-15 20:19:32.527 8 INFO neutron.pecan_wsgi.hooks.translation [None req-b65bc533-e98d-4a4b-b451-27090295294a d4faf575ef264b03adb1b27d3089fdfc 24865f369c8e4a4998aa77f63cc8188c - - default default] DELETE failed (client error): The resource could not be found. [pid: 8|app: 0|req: 914/1721] 10.0.0.94 () {32 vars in 719 bytes} [Mon Jun 15 20:19:32 2026] DELETE /v2.0/ports/f49788e3-ad86-4e74-9f21-1cd1e29d95d9 => generated 132 bytes in 24 msecs (HTTP/1.1 404) 4 headers in 164 bytes (1 switches on core 0)
2026-06-15 20:19:32.593 7 INFO neutron.plugins.ml2.drivers.ovn.mech_driver.mech_driver [None req-d0395e60-11e3-4358-9d5f-13c8607973a2 - - - - - -] OVN reports status down for port: 0f598e68-1750-4040-97cf-e799c14501e9
2026-06-15 20:19:32.606 7 INFO neutron.db.ovn_revision_numbers_db [None req-42d22b13-7228-4e30-a13c-371fcfa4246e 97d37cab12d14d5db6690acefefa6c8f 56c35a48305b4ffd8172789f94079b73 - - default default] Successfully bumped revision number for resource f0347bbd-6d98-4e0e-b4c9-de422c689b6b (type: security_group_rules) to 0 [pid: 7|app: 0|req: 808/1722] 10.0.0.94 () {34 vars in 694 bytes} [Mon Jun 15 20:19:32 2026] POST /v2.0/security-group-rules => generated 606 bytes in 380 msecs (HTTP/1.1 201) 4 headers in 162 bytes (1 switches on core 0) /var/lib/openstack/lib/python3.12/site-packages/pycadf/identifier.py:70: UserWarning: Invalid uuid: neutron. To ensure interoperability, identifiers should be a valid uuid. warnings.warn(('Invalid uuid: %s. To ensure interoperability, '
2026-06-15 20:19:32.681 7 INFO neutron.pecan_wsgi.hooks.translation [None req-6bbcbc60-4923-46e8-8ea3-46a3f78da6a3 d4faf575ef264b03adb1b27d3089fdfc 24865f369c8e4a4998aa77f63cc8188c - - default default] GET failed (client error): The resource could not be found. [pid: 7|app: 0|req: 809/1723] 10.0.0.94 () {32 vars in 716 bytes} [Mon Jun 15 20:19:32 2026] GET /v2.0/ports/f49788e3-ad86-4e74-9f21-1cd1e29d95d9 => generated 132 bytes in 28 msecs (HTTP/1.1 404) 4 headers in 164 bytes (1 switches on core 0)
2026-06-15 20:19:32.786 8 INFO neutron.db.ovn_revision_numbers_db [None req-94e5066d-46b7-4701-9390-19f226cd70c7 f56eafd15e9341c884800439d469e3f9 294f40f775d34f13974f9f30459dc62e - - default default] Successfully bumped revision number for resource 38354772-b418-496d-bb1f-6959a72afdeb (type: security_groups) to 1
2026-06-15 20:19:32.802 8 INFO neutron.db.ovn_revision_numbers_db [None req-94e5066d-46b7-4701-9390-19f226cd70c7 f56eafd15e9341c884800439d469e3f9 294f40f775d34f13974f9f30459dc62e - - default default] Successfully bumped revision number for resource 49db70e2-23c6-42b7-9da5-6d9641dbaa26 (type: security_group_rules) to 0
2026-06-15 20:19:32.814 8 INFO neutron.db.ovn_revision_numbers_db [None req-94e5066d-46b7-4701-9390-19f226cd70c7 f56eafd15e9341c884800439d469e3f9 294f40f775d34f13974f9f30459dc62e - - default default] Successfully bumped revision number for resource 555e9f24-e268-4fc7-8457-e91f8bde3ba0 (type: security_group_rules) to 0
2026-06-15 20:19:32.851 8 INFO neutron.db.ovn_revision_numbers_db [None req-94e5066d-46b7-4701-9390-19f226cd70c7 f56eafd15e9341c884800439d469e3f9 294f40f775d34f13974f9f30459dc62e - - default default] Successfully bumped revision number for resource 77f42c96-295b-4c4d-a0b2-0efe390562a7 (type: security_group_rules) to 0 [pid: 7|app: 0|req: 810/1724] 10.0.0.94 () {32 vars in 723 bytes} [Mon Jun 15 20:19:32 2026] DELETE /v2.0/subnets/46b2d203-fc22-42f7-9cc3-c07a8700b0de => generated 0 bytes in 173 msecs (HTTP/1.1 204) 3 headers in 131 bytes (1 switches on core 0)
2026-06-15 20:19:32.866 8 INFO neutron.db.ovn_revision_numbers_db [None req-94e5066d-46b7-4701-9390-19f226cd70c7 f56eafd15e9341c884800439d469e3f9 294f40f775d34f13974f9f30459dc62e - - default default] Successfully bumped revision number for resource e011ab2a-7f3b-421d-ad78-2818bf620b03 (type: security_group_rules) to 0 [pid: 8|app: 0|req: 915/1725] 10.0.0.94 () {32 vars in 773 bytes} [Mon Jun 15 20:19:32 2026] GET /v2.0/security-groups?tenant_id=b091d419f69045a6ade3d5f57fac2150&name=default => generated 2925 bytes in 376 msecs (HTTP/1.1 200) 4 headers in 158 bytes (1 switches on core 0)
2026-06-15 20:19:33.008 7 INFO neutron_taas.services.taas.taas_plugin [None req-8815818c-97ee-47ca-adbb-66d763889648 d4faf575ef264b03adb1b27d3089fdfc 24865f369c8e4a4998aa77f63cc8188c - - default default] TaaS: Handle Delete Port: 0f598e68-1750-4040-97cf-e799c14501e9
2026-06-15 20:19:33.014 7 INFO neutron_taas.services.taas.tap_mirror_plugin [None req-8815818c-97ee-47ca-adbb-66d763889648 d4faf575ef264b03adb1b27d3089fdfc 24865f369c8e4a4998aa77f63cc8188c - - default default] Tap Mirror: Handle Delete Port: 0f598e68-1750-4040-97cf-e799c14501e9 [pid: 8|app: 0|req: 916/1726] 10.0.0.94 () {32 vars in 739 bytes} [Mon Jun 15 20:19:32 2026] DELETE /v2.0/security-groups/38354772-b418-496d-bb1f-6959a72afdeb => generated 0 bytes in 235 msecs (HTTP/1.1 204) 2 headers in 112 bytes (1 switches on core 0)
2026-06-15 20:19:33.228 7 INFO neutron.services.segments.plugin [-] Segment fba09261-5dbe-4e7a-b037-23e87147badb resource provider aggregate not found
2026-06-15 20:19:33.229 7 INFO neutron.services.segments.plugin [-] Segment fba09261-5dbe-4e7a-b037-23e87147badb resource provider aggregate not found
2026-06-15 20:19:33.247 7 INFO neutron.services.segments.plugin [-] Segment fba09261-5dbe-4e7a-b037-23e87147badb resource provider not found; error: Placement Client Error (4xx): {"errors": [{"status": 404, "title": "Not Found", "detail": "The resource could not be found.\n\n No resource provider with uuid fba09261-5dbe-4e7a-b037-23e87147badb found for delete ", "request_id": "req-99a2643f-2597-43ac-a34b-1872b0f9fe85"}]}
2026-06-15 20:19:33.251 7 INFO neutron.services.segments.plugin [-] Segment fba09261-5dbe-4e7a-b037-23e87147badb resource provider not found; error: Placement Client Error (4xx): {"errors": [{"status": 404, "title": "Not Found", "detail": "The resource could not be found.\n\n No resource provider with uuid fba09261-5dbe-4e7a-b037-23e87147badb found for delete ", "request_id": "req-00b82787-a376-4769-bfad-bd3b89130016"}]} [pid: 7|app: 0|req: 811/1727] 10.0.0.94 () {32 vars in 725 bytes} [Mon Jun 15 20:19:32 2026] DELETE /v2.0/networks/395fee55-7275-4612-844d-e500b697478b => generated 0 bytes in 422 msecs (HTTP/1.1 204) 3 headers in 131 bytes (1 switches on core 0) [pid: 8|app: 0|req: 917/1728] 10.0.0.94 () {32 vars in 648 bytes} [Mon Jun 15 20:19:33 2026] GET /v2.0/networks => generated 1298 bytes in 144 msecs (HTTP/1.1 200) 4 headers in 158 bytes (1 switches on core 0)
2026-06-15 20:19:33.379 7 INFO neutron.db.segments_db [None req-d98ae18d-3fdf-420d-91cc-802e0f1b2cd2 d4faf575ef264b03adb1b27d3089fdfc 24865f369c8e4a4998aa77f63cc8188c - - default default] Added segment 24b058e3-0bf2-4177-9c42-186a7710b1de of type geneve for network abc559e2-6e97-449b-8f82-dffd2b79385e
2026-06-15 20:19:33.505 7 INFO neutron.db.ovn_revision_numbers_db [None req-d98ae18d-3fdf-420d-91cc-802e0f1b2cd2 d4faf575ef264b03adb1b27d3089fdfc 24865f369c8e4a4998aa77f63cc8188c - - default default] Successfully bumped revision number for resource abc559e2-6e97-449b-8f82-dffd2b79385e (type: networks) to 1
2026-06-15 20:19:33.616 8 INFO neutron.db.ovn_revision_numbers_db [None req-d33f0154-7729-446d-8e69-b087be908d7f a30ca73069ef4095a6bff59e9e46f8f3 6a8f507776bd48f099bc0435b3c980ed - - default default] Successfully bumped revision number for resource 9227d549-eb91-4341-9f99-d246b91206e4 (type: security_groups) to 1
2026-06-15 20:19:33.628 8 INFO neutron.db.ovn_revision_numbers_db [None req-d33f0154-7729-446d-8e69-b087be908d7f a30ca73069ef4095a6bff59e9e46f8f3 6a8f507776bd48f099bc0435b3c980ed - - default default] Successfully bumped revision number for resource 515eeadb-3f70-4a4d-8c9f-4ad9ed09137c (type: security_group_rules) to 0
2026-06-15 20:19:33.641 8 INFO neutron.db.ovn_revision_numbers_db [None req-d33f0154-7729-446d-8e69-b087be908d7f a30ca73069ef4095a6bff59e9e46f8f3 6a8f507776bd48f099bc0435b3c980ed - - default default] Successfully bumped revision number for resource a9c72da1-c236-4553-8941-df365dd2130d (type: security_group_rules) to 0
2026-06-15 20:19:33.654 8 INFO neutron.db.ovn_revision_numbers_db [None req-d33f0154-7729-446d-8e69-b087be908d7f a30ca73069ef4095a6bff59e9e46f8f3 6a8f507776bd48f099bc0435b3c980ed - - default default] Successfully bumped revision number for resource b7f2c33d-fb61-4db5-94af-113ee6741eb3 (type: security_group_rules) to 0
2026-06-15 20:19:33.664 7 WARNING neutron.scheduler.dhcp_agent_scheduler [None req-d98ae18d-3fdf-420d-91cc-802e0f1b2cd2 d4faf575ef264b03adb1b27d3089fdfc 24865f369c8e4a4998aa77f63cc8188c - - default default] No more DHCP agents
2026-06-15 20:19:33.665 8 INFO neutron.db.ovn_revision_numbers_db [None req-d33f0154-7729-446d-8e69-b087be908d7f a30ca73069ef4095a6bff59e9e46f8f3 6a8f507776bd48f099bc0435b3c980ed - - default default] Successfully bumped revision number for resource f4d73dea-30dd-4723-9a87-03486f731bd6 (type: security_group_rules) to 0
2026-06-15 20:19:33.665 7 WARNING neutron.api.rpc.agentnotifiers.dhcp_rpc_agent_api [None req-d98ae18d-3fdf-420d-91cc-802e0f1b2cd2 d4faf575ef264b03adb1b27d3089fdfc 24865f369c8e4a4998aa77f63cc8188c - - default default] Unable to schedule network abc559e2-6e97-449b-8f82-dffd2b79385e: no agents available; will retry on subsequent port and subnet creation events.
2026-06-15 20:19:33.716 7 INFO neutron.plugins.ml2.drivers.ovn.mech_driver.mech_driver [None req-d0395e60-11e3-4358-9d5f-13c8607973a2 - - - - - -] OVN reports status down for port: 652de837-0e5b-42a1-a09d-406658149198
2026-06-15 20:19:33.755 8 INFO neutron.db.segments_db [None req-d33f0154-7729-446d-8e69-b087be908d7f a30ca73069ef4095a6bff59e9e46f8f3 6a8f507776bd48f099bc0435b3c980ed - - default default] Added segment c7c52357-15bd-4d58-a876-6add47a679d2 of type geneve for network acc28c2e-cdf9-48e3-b158-0043f2876918
2026-06-15 20:19:33.772 7 INFO neutron.db.ovn_revision_numbers_db [None req-d98ae18d-3fdf-420d-91cc-802e0f1b2cd2 d4faf575ef264b03adb1b27d3089fdfc 24865f369c8e4a4998aa77f63cc8188c - - default default] Successfully bumped revision number for resource 652de837-0e5b-42a1-a09d-406658149198 (type: ports) to 1 [pid: 7|app: 0|req: 812/1729] 10.0.0.94 () {34 vars in 669 bytes} [Mon Jun 15 20:19:33 2026] POST /v2.0/networks => generated 631 bytes in 517 msecs (HTTP/1.1 201) 4 headers in 162 bytes (1 switches on core 0)
2026-06-15 20:19:33.863 8 INFO neutron.db.ovn_revision_numbers_db [None req-d33f0154-7729-446d-8e69-b087be908d7f a30ca73069ef4095a6bff59e9e46f8f3 6a8f507776bd48f099bc0435b3c980ed - - default default] Successfully bumped revision number for resource acc28c2e-cdf9-48e3-b158-0043f2876918 (type: networks) to 1 [pid: 7|app: 0|req: 813/1730] 10.0.0.252 () {34 vars in 1096 bytes} [Mon Jun 15 20:19:33 2026] GET /v2.0/security-groups?name=tempest-secgroup-smoke-81386129&fields=id&tenant_id=56c35a48305b4ffd8172789f94079b73 => generated 69 bytes in 57 msecs (HTTP/1.1 200) 4 headers in 156 bytes (1 switches on core 0)
2026-06-15 20:19:34.083 8 WARNING neutron.scheduler.dhcp_agent_scheduler [None req-d33f0154-7729-446d-8e69-b087be908d7f a30ca73069ef4095a6bff59e9e46f8f3 6a8f507776bd48f099bc0435b3c980ed - - default default] No more DHCP agents
2026-06-15 20:19:34.085 8 WARNING neutron.api.rpc.agentnotifiers.dhcp_rpc_agent_api [None req-d33f0154-7729-446d-8e69-b087be908d7f a30ca73069ef4095a6bff59e9e46f8f3 6a8f507776bd48f099bc0435b3c980ed - - default default] Unable to schedule network acc28c2e-cdf9-48e3-b158-0043f2876918: no agents available; will retry on subsequent port and subnet creation events.
2026-06-15 20:19:34.086 7 WARNING neutron.scheduler.dhcp_agent_scheduler [None req-b245ab67-60c7-4dbe-97a7-3f6341427624 d4faf575ef264b03adb1b27d3089fdfc 24865f369c8e4a4998aa77f63cc8188c - - default default] No more DHCP agents
2026-06-15 20:19:34.089 7 WARNING neutron.api.rpc.agentnotifiers.dhcp_rpc_agent_api [None req-b245ab67-60c7-4dbe-97a7-3f6341427624 d4faf575ef264b03adb1b27d3089fdfc 24865f369c8e4a4998aa77f63cc8188c - - default default] Unable to schedule network abc559e2-6e97-449b-8f82-dffd2b79385e: no agents available; will retry on subsequent port and subnet creation events.
2026-06-15 20:19:34.159 8 INFO neutron.db.ovn_revision_numbers_db [None req-d33f0154-7729-446d-8e69-b087be908d7f a30ca73069ef4095a6bff59e9e46f8f3 6a8f507776bd48f099bc0435b3c980ed - - default default] Successfully bumped revision number for resource de52337f-6e38-477f-a7c1-cea07c00e83d (type: ports) to 1
2026-06-15 20:19:34.163 7 INFO neutron.plugins.ml2.drivers.ovn.mech_driver.mech_driver [None req-d0395e60-11e3-4358-9d5f-13c8607973a2 - - - - - -] OVN reports status down for port: de52337f-6e38-477f-a7c1-cea07c00e83d [pid: 8|app: 0|req: 918/1731] 10.0.0.94 () {34 vars in 669 bytes} [Mon Jun 15 20:19:33 2026] POST /v2.0/networks => generated 649 bytes in 826 msecs (HTTP/1.1 201) 4 headers in 162 bytes (1 switches on core 0) [pid: 8|app: 0|req: 919/1732] 10.0.0.252 () {34 vars in 982 bytes} [Mon Jun 15 20:19:34 2026] GET /v2.0/networks?id=7bfe7b0e-0906-477b-ae72-8203ce69c16a => generated 661 bytes in 45 msecs (HTTP/1.1 200) 4 headers in 157 bytes (1 switches on core 0)
2026-06-15 20:19:34.411 8 WARNING neutron.scheduler.dhcp_agent_scheduler [None req-a9ec2a37-d6c2-40e4-b2e3-a4865af7d5f3 a30ca73069ef4095a6bff59e9e46f8f3 6a8f507776bd48f099bc0435b3c980ed - - default default] No more DHCP agents
