2026-06-15 20:19:53.374 8 INFO neutron.db.ovn_revision_numbers_db [None req-2fd3bb67-7d48-47e0-90eb-f2cdb34bd92f 743b0ea0e2f846f68333a39ddd75ab93 59e178bee88c46ab9a300077441ec313 - - default default] Successfully bumped revision number for resource c0b859c8-f14c-45ec-add3-17f5a66a01be (type: security_group_rules) to 0
2026-06-15 20:19:53.497 8 INFO neutron.db.segments_db [None req-2fd3bb67-7d48-47e0-90eb-f2cdb34bd92f 743b0ea0e2f846f68333a39ddd75ab93 59e178bee88c46ab9a300077441ec313 - - default default] Added segment 08d76953-8216-4129-a101-65508f09ae6a of type geneve for network 65084ca6-f3c9-416e-a1ac-edf7a88762c2
2026-06-15 20:19:53.502 8 INFO neutron.db.ovn_revision_numbers_db [None req-64c85497-4df8-44b9-b5cb-21360d9c87c0 - - - - - -] Successfully bumped revision number for resource d033c7ed-2b50-4eae-8dd0-e6337878ce89 (type: router_ports) to 2
2026-06-15 20:19:53.597 8 INFO neutron.db.segments_db [None req-2fd3bb67-7d48-47e0-90eb-f2cdb34bd92f 743b0ea0e2f846f68333a39ddd75ab93 59e178bee88c46ab9a300077441ec313 - - default default] Added segment 13e258ed-7c40-485d-a821-8afd18b0de1d of type geneve for network c7bc952d-7788-42aa-8495-6851a7f35bf9
2026-06-15 20:19:53.704 8 INFO neutron.db.ovn_revision_numbers_db [None req-2fd3bb67-7d48-47e0-90eb-f2cdb34bd92f 743b0ea0e2f846f68333a39ddd75ab93 59e178bee88c46ab9a300077441ec313 - - default default] Successfully bumped revision number for resource 65084ca6-f3c9-416e-a1ac-edf7a88762c2 (type: networks) to 1
2026-06-15 20:19:53.846 8 WARNING neutron.scheduler.dhcp_agent_scheduler [None req-2fd3bb67-7d48-47e0-90eb-f2cdb34bd92f 743b0ea0e2f846f68333a39ddd75ab93 59e178bee88c46ab9a300077441ec313 - - default default] No more DHCP agents
2026-06-15 20:19:53.848 8 WARNING neutron.api.rpc.agentnotifiers.dhcp_rpc_agent_api [None req-2fd3bb67-7d48-47e0-90eb-f2cdb34bd92f 743b0ea0e2f846f68333a39ddd75ab93 59e178bee88c46ab9a300077441ec313 - - default default] Unable to schedule network 65084ca6-f3c9-416e-a1ac-edf7a88762c2: no agents available; will retry on subsequent port and subnet creation events.
2026-06-15 20:19:53.887 8 INFO neutron.plugins.ml2.drivers.ovn.mech_driver.mech_driver [None req-64c85497-4df8-44b9-b5cb-21360d9c87c0 - - - - - -] OVN reports status down for port: dddc40e5-df68-4e0d-8850-1e0e3b396f48
2026-06-15 20:19:53.952 8 INFO neutron.db.ovn_revision_numbers_db [None req-2fd3bb67-7d48-47e0-90eb-f2cdb34bd92f 743b0ea0e2f846f68333a39ddd75ab93 59e178bee88c46ab9a300077441ec313 - - default default] Successfully bumped revision number for resource dddc40e5-df68-4e0d-8850-1e0e3b396f48 (type: ports) to 1
2026-06-15 20:19:53.969 7 WARNING neutron.scheduler.dhcp_agent_scheduler [None req-95080d31-d832-45b4-914d-2496f3578a29 f56eafd15e9341c884800439d469e3f9 294f40f775d34f13974f9f30459dc62e - - default default] No more DHCP agents
2026-06-15 20:19:53.971 7 WARNING neutron.api.rpc.agentnotifiers.dhcp_rpc_agent_api [None req-95080d31-d832-45b4-914d-2496f3578a29 f56eafd15e9341c884800439d469e3f9 294f40f775d34f13974f9f30459dc62e - - default default] Unable to schedule network 05786752-c698-4319-974c-88b34a4ac471: no agents available; will retry on subsequent port and subnet creation events.
2026-06-15 20:19:54.093 8 INFO neutron.db.ovn_revision_numbers_db [None req-2fd3bb67-7d48-47e0-90eb-f2cdb34bd92f 743b0ea0e2f846f68333a39ddd75ab93 59e178bee88c46ab9a300077441ec313 - - default default] Successfully bumped revision number for resource c7bc952d-7788-42aa-8495-6851a7f35bf9 (type: networks) to 1
2026-06-15 20:19:54.202 8 INFO neutron.plugins.ml2.drivers.ovn.mech_driver.mech_driver [None req-64c85497-4df8-44b9-b5cb-21360d9c87c0 - - - - - -] OVN reports status down for port: 3cbc8d30-59c0-4ca7-945c-297ad3b13b4f
2026-06-15 20:19:54.224 7 INFO neutron.db.ovn_revision_numbers_db [None req-95080d31-d832-45b4-914d-2496f3578a29 f56eafd15e9341c884800439d469e3f9 294f40f775d34f13974f9f30459dc62e - - default default] Successfully bumped revision number for resource 3cbc8d30-59c0-4ca7-945c-297ad3b13b4f (type: ports) to 1
2026-06-15 20:19:54.352 8 WARNING neutron.scheduler.dhcp_agent_scheduler [None req-2fd3bb67-7d48-47e0-90eb-f2cdb34bd92f 743b0ea0e2f846f68333a39ddd75ab93 59e178bee88c46ab9a300077441ec313 - - default default] No more DHCP agents
2026-06-15 20:19:54.353 8 WARNING neutron.api.rpc.agentnotifiers.dhcp_rpc_agent_api [None req-2fd3bb67-7d48-47e0-90eb-f2cdb34bd92f 743b0ea0e2f846f68333a39ddd75ab93 59e178bee88c46ab9a300077441ec313 - - default default] Unable to schedule network c7bc952d-7788-42aa-8495-6851a7f35bf9: no agents available; will retry on subsequent port and subnet creation events.
2026-06-15 20:19:54.396 8 INFO neutron.plugins.ml2.drivers.ovn.mech_driver.mech_driver [None req-64c85497-4df8-44b9-b5cb-21360d9c87c0 - - - - - -] OVN reports status down for port: f00c6d4f-e965-4b27-90bf-dec33a38f949
2026-06-15 20:19:54.495 8 INFO neutron.db.ovn_revision_numbers_db [None req-2fd3bb67-7d48-47e0-90eb-f2cdb34bd92f 743b0ea0e2f846f68333a39ddd75ab93 59e178bee88c46ab9a300077441ec313 - - default default] Successfully bumped revision number for resource f00c6d4f-e965-4b27-90bf-dec33a38f949 (type: ports) to 1 [pid: 8|app: 0|req: 994/1876] 10.0.0.94 () {34 vars in 669 bytes} [Mon Jun 15 20:19:53 2026] POST /v2.0/networks => generated 1245 bytes in 1430 msecs (HTTP/1.1 201) 4 headers in 163 bytes (1 switches on core 0) /var/lib/openstack/lib/python3.12/site-packages/pycadf/identifier.py:70: UserWarning: Invalid uuid: neutron. To ensure interoperability, identifiers should be a valid uuid. warnings.warn(('Invalid uuid: %s. To ensure interoperability, ' [pid: 8|app: 0|req: 995/1877] 199.19.213.250 () {34 vars in 1052 bytes} [Mon Jun 15 20:19:54 2026] GET /v2.0/ports?network_id=7bfe7b0e-0906-477b-ae72-8203ce69c16a&device_owner=network%3Adhcp => generated 12 bytes in 33 msecs (HTTP/1.1 200) 4 headers in 156 bytes (1 switches on core 0)
2026-06-15 20:19:54.616 7 INFO neutron.db.ovn_revision_numbers_db [None req-e6b57eb3-3fb5-4cbc-bced-5b16f7ba647b - - - - - -] Successfully bumped revision number for resource 56f8145d-b3fb-4656-8338-bbfff8c6dd4d (type: ports) to 4
2026-06-15 20:19:54.757 8 WARNING neutron.scheduler.dhcp_agent_scheduler [None req-c3df39e0-6d84-418a-aab1-48c708f1b845 f56eafd15e9341c884800439d469e3f9 294f40f775d34f13974f9f30459dc62e - - default default] No more DHCP agents
2026-06-15 20:19:54.758 8 WARNING neutron.api.rpc.agentnotifiers.dhcp_rpc_agent_api [None req-c3df39e0-6d84-418a-aab1-48c708f1b845 f56eafd15e9341c884800439d469e3f9 294f40f775d34f13974f9f30459dc62e - - default default] Unable to schedule network babdeafd-c9c7-4f62-84ad-cd722811cf91: no agents available; will retry on subsequent port and subnet creation events.
2026-06-15 20:19:55.184 8 INFO neutron.db.ovn_revision_numbers_db [None req-8c727ea7-3fce-4f7e-92ee-4affbbcc7c61 - - - - - -] Successfully bumped revision number for resource 94a4d0ed-9fbb-4db2-bbdb-2c9c62fada9c (type: ports) to 2
2026-06-15 20:19:55.206 8 INFO neutron.db.ovn_revision_numbers_db [None req-8c727ea7-3fce-4f7e-92ee-4affbbcc7c61 - - - - - -] Successfully bumped revision number for resource 9d6f0da4-6c08-48e8-be13-b00d13921255 (type: subnets) to 0 [pid: 8|app: 0|req: 996/1878] 10.0.0.94 () {34 vars in 668 bytes} [Mon Jun 15 20:19:54 2026] POST /v2.0/subnets => generated 687 bytes in 649 msecs (HTTP/1.1 201) 4 headers in 162 bytes (1 switches on core 0)
2026-06-15 20:19:55.281 8 INFO neutron.plugins.ml2.drivers.ovn.mech_driver.mech_driver [None req-64c85497-4df8-44b9-b5cb-21360d9c87c0 - - - - - -] OVN reports status up for port: 3cbc8d30-59c0-4ca7-945c-297ad3b13b4f
2026-06-15 20:19:55.288 7 INFO neutron.db.ovn_revision_numbers_db [None req-e6b57eb3-3fb5-4cbc-bced-5b16f7ba647b - - - - - -] Successfully bumped revision number for resource 56f8145d-b3fb-4656-8338-bbfff8c6dd4d (type: ports) to 5
2026-06-15 20:19:55.300 8 INFO neutron.plugins.ml2.plugin [None req-64c85497-4df8-44b9-b5cb-21360d9c87c0 - - - - - -] Attempt 1 to provision port 3cbc8d30-59c0-4ca7-945c-297ad3b13b4f
2026-06-15 20:19:55.306 7 INFO neutron.plugins.ml2.plugin [None req-95080d31-d832-45b4-914d-2496f3578a29 f56eafd15e9341c884800439d469e3f9 294f40f775d34f13974f9f30459dc62e - - default default] Attempt 1 to provision port 3cbc8d30-59c0-4ca7-945c-297ad3b13b4f [pid: 8|app: 0|req: 999/1881] 10.0.0.94 () {32 vars in 648 bytes} [Mon Jun 15 20:19:55 2026] GET /v2.0/networks => generated 1856 bytes in 82 msecs (HTTP/1.1 200) 4 headers in 158 bytes (1 switches on core 0) [pid: 8|app: 0|req: 1000/1882] 199.19.213.250 () {34 vars in 1012 bytes} [Mon Jun 15 20:19:55 2026] GET /v2.0/networks/7bfe7b0e-0906-477b-ae72-8203ce69c16a?fields=segments => generated 14 bytes in 66 msecs (HTTP/1.1 200) 4 headers in 156 bytes (1 switches on core 0)
2026-06-15 20:19:55.413 7 WARNING neutron.scheduler.dhcp_agent_scheduler [None req-95080d31-d832-45b4-914d-2496f3578a29 f56eafd15e9341c884800439d469e3f9 294f40f775d34f13974f9f30459dc62e - - default default] No more DHCP agents
2026-06-15 20:19:55.414 7 WARNING neutron.api.rpc.agentnotifiers.dhcp_rpc_agent_api [None req-95080d31-d832-45b4-914d-2496f3578a29 f56eafd15e9341c884800439d469e3f9 294f40f775d34f13974f9f30459dc62e - - default default] Unable to schedule network 05786752-c698-4319-974c-88b34a4ac471: no agents available; will retry on subsequent port and subnet creation events.
2026-06-15 20:19:55.834 7 INFO neutron.db.ovn_revision_numbers_db [None req-95080d31-d832-45b4-914d-2496f3578a29 f56eafd15e9341c884800439d469e3f9 294f40f775d34f13974f9f30459dc62e - - default default] Successfully bumped revision number for resource 3cbc8d30-59c0-4ca7-945c-297ad3b13b4f (type: router_ports) to 1 [pid: 7|app: 0|req: 883/1883] 10.0.0.94 () {34 vars in 782 bytes} [Mon Jun 15 20:19:53 2026] PUT /v2.0/routers/b24a8685-0bbe-4d71-87be-d5a01f1fce9b/add_router_interface => generated 309 bytes in 2615 msecs (HTTP/1.1 200) 4 headers in 157 bytes (1 switches on core 0)
2026-06-15 20:19:55.951 7 INFO neutron_taas.services.taas.taas_plugin [None req-4ab525dc-9530-4093-af9d-78420526e349 743b0ea0e2f846f68333a39ddd75ab93 59e178bee88c46ab9a300077441ec313 - - default default] TaaS: Handle Delete Port: dddc40e5-df68-4e0d-8850-1e0e3b396f48
2026-06-15 20:19:55.953 7 INFO neutron_taas.services.taas.tap_mirror_plugin [None req-4ab525dc-9530-4093-af9d-78420526e349 743b0ea0e2f846f68333a39ddd75ab93 59e178bee88c46ab9a300077441ec313 - - default default] Tap Mirror: Handle Delete Port: dddc40e5-df68-4e0d-8850-1e0e3b396f48
2026-06-15 20:19:56.019 7 INFO neutron.plugins.ml2.drivers.ovn.mech_driver.mech_driver [None req-a05014d7-b2f9-441f-b555-02f6cb10496e - - - - - -] OVN reports status down for port: 94a4d0ed-9fbb-4db2-bbdb-2c9c62fada9c
2026-06-15 20:19:56.203 7 INFO neutron.services.segments.plugin [-] Segment 08d76953-8216-4129-a101-65508f09ae6a resource provider aggregate not found
2026-06-15 20:19:56.208 7 INFO neutron.services.segments.plugin [-] Segment 08d76953-8216-4129-a101-65508f09ae6a resource provider aggregate not found
2026-06-15 20:19:56.221 7 INFO neutron.services.segments.plugin [-] Segment 08d76953-8216-4129-a101-65508f09ae6a resource provider not found; error: Placement Client Error (4xx): {"errors": [{"status": 404, "title": "Not Found", "detail": "The resource could not be found.\n\n No resource provider with uuid 08d76953-8216-4129-a101-65508f09ae6a found for delete ", "request_id": "req-da2ac03d-3648-4376-b4f4-78f7b87245ab"}]}
2026-06-15 20:19:56.227 7 INFO neutron.services.segments.plugin [-] Segment 08d76953-8216-4129-a101-65508f09ae6a resource provider not found; error: Placement Client Error (4xx): {"errors": [{"status": 404, "title": "Not Found", "detail": "The resource could not be found.\n\n No resource provider with uuid 08d76953-8216-4129-a101-65508f09ae6a found for delete ", "request_id": "req-72c9b50e-849d-4504-a821-b7df52f40337"}]}
2026-06-15 20:19:56.240 8 INFO neutron.db.ovn_revision_numbers_db [None req-64c85497-4df8-44b9-b5cb-21360d9c87c0 - - - - - -] Successfully bumped revision number for resource 3cbc8d30-59c0-4ca7-945c-297ad3b13b4f (type: ports) to 2 [pid: 7|app: 0|req: 884/1884] 10.0.0.94 () {32 vars in 725 bytes} [Mon Jun 15 20:19:55 2026] DELETE /v2.0/networks/65084ca6-f3c9-416e-a1ac-edf7a88762c2 => generated 0 bytes in 400 msecs (HTTP/1.1 204) 3 headers in 131 bytes (1 switches on core 0)
2026-06-15 20:19:56.241 8 WARNING neutron.scheduler.dhcp_agent_scheduler [None req-105b6be4-0aa8-4cee-b136-d129919e0057 f56eafd15e9341c884800439d469e3f9 294f40f775d34f13974f9f30459dc62e - - default default] No more DHCP agents
2026-06-15 20:19:56.244 8 WARNING neutron.api.rpc.agentnotifiers.dhcp_rpc_agent_api [None req-105b6be4-0aa8-4cee-b136-d129919e0057 f56eafd15e9341c884800439d469e3f9 294f40f775d34f13974f9f30459dc62e - - default default] Unable to schedule network 7a82ebdd-4bca-44cd-895f-3833c040e877: no agents available; will retry on subsequent port and subnet creation events. [pid: 7|app: 0|req: 885/1885] 199.19.213.250 () {34 vars in 1112 bytes} [Mon Jun 15 20:19:56 2026] GET /v2.0/networks/7bfe7b0e-0906-477b-ae72-8203ce69c16a?fields=provider%3Aphysical_network&fields=provider%3Anetwork_type => generated 79 bytes in 39 msecs (HTTP/1.1 200) 4 headers in 156 bytes (1 switches on core 0)
2026-06-15 20:19:56.397 7 INFO neutron_taas.services.taas.taas_plugin [None req-e6e0fc61-11d6-4113-930f-1ea8ff51e782 743b0ea0e2f846f68333a39ddd75ab93 59e178bee88c46ab9a300077441ec313 - - default default] TaaS: Handle Delete Port: f00c6d4f-e965-4b27-90bf-dec33a38f949
2026-06-15 20:19:56.399 7 INFO neutron_taas.services.taas.tap_mirror_plugin [None req-e6e0fc61-11d6-4113-930f-1ea8ff51e782 743b0ea0e2f846f68333a39ddd75ab93 59e178bee88c46ab9a300077441ec313 - - default default] Tap Mirror: Handle Delete Port: f00c6d4f-e965-4b27-90bf-dec33a38f949
2026-06-15 20:19:56.435 7 INFO neutron.plugins.ml2.drivers.ovn.mech_driver.mech_driver [None req-a05014d7-b2f9-441f-b555-02f6cb10496e - - - - - -] OVN reports status down for port: 0c52b0a8-27c5-4ea4-8d5a-4655d9850469
2026-06-15 20:19:56.453 8 INFO neutron.db.ovn_revision_numbers_db [None req-105b6be4-0aa8-4cee-b136-d129919e0057 f56eafd15e9341c884800439d469e3f9 294f40f775d34f13974f9f30459dc62e - - default default] Successfully bumped revision number for resource 0c52b0a8-27c5-4ea4-8d5a-4655d9850469 (type: ports) to 1 [pid: 7|app: 0|req: 886/1886] 10.0.0.94 () {32 vars in 725 bytes} [Mon Jun 15 20:19:56 2026] DELETE /v2.0/networks/c7bc952d-7788-42aa-8495-6851a7f35bf9 => generated 0 bytes in 377 msecs (HTTP/1.1 204) 3 headers in 131 bytes (1 switches on core 0)
2026-06-15 20:19:56.768 7 INFO neutron.db.ovn_revision_numbers_db [None req-7809f341-ac52-4d78-89e2-fbd4fdf3268d 0cb658148ecd41c5a15fc31f7bde7a95 7283a730e4254caaa3d0cdb7e2f3dcf7 - - default default] Successfully bumped revision number for resource 8fcc4cb2-d902-4e85-a7a6-d7f38957f824 (type: security_groups) to 1
2026-06-15 20:19:56.780 7 INFO neutron.db.ovn_revision_numbers_db [None req-7809f341-ac52-4d78-89e2-fbd4fdf3268d 0cb658148ecd41c5a15fc31f7bde7a95 7283a730e4254caaa3d0cdb7e2f3dcf7 - - default default] Successfully bumped revision number for resource ce5ed7bb-4520-48b4-969a-cfd758682ef9 (type: security_group_rules) to 0
2026-06-15 20:19:56.789 7 INFO neutron.db.ovn_revision_numbers_db [None req-7809f341-ac52-4d78-89e2-fbd4fdf3268d 0cb658148ecd41c5a15fc31f7bde7a95 7283a730e4254caaa3d0cdb7e2f3dcf7 - - default default] Successfully bumped revision number for resource f0d3d565-dac6-4513-b8c8-c2de4de98297 (type: security_group_rules) to 0 [pid: 7|app: 0|req: 887/1887] 10.0.0.94 () {34 vars in 684 bytes} [Mon Jun 15 20:19:56 2026] POST /v2.0/security-groups => generated 1675 bytes in 179 msecs (HTTP/1.1 201) 4 headers in 163 bytes (1 switches on core 0) [pid: 7|app: 0|req: 888/1888] 10.0.0.94 () {32 vars in 648 bytes} [Mon Jun 15 20:19:56 2026] GET /v2.0/networks => generated 651 bytes in 43 msecs (HTTP/1.1 200) 4 headers in 157 bytes (1 switches on core 0)
2026-06-15 20:19:57.017 7 INFO neutron.db.ovn_revision_numbers_db [None req-6285f2dd-ced9-4089-8534-0c8b09d7ac70 0cb658148ecd41c5a15fc31f7bde7a95 7283a730e4254caaa3d0cdb7e2f3dcf7 - - default default] Successfully bumped revision number for resource c01d7247-563a-4e19-9553-da378745e9fe (type: security_group_rules) to 0 [pid: 7|app: 0|req: 889/1889] 10.0.0.94 () {34 vars in 694 bytes} [Mon Jun 15 20:19:56 2026] POST /v2.0/security-group-rules => generated 597 bytes in 172 msecs (HTTP/1.1 201) 4 headers in 162 bytes (1 switches on core 0)
2026-06-15 20:19:57.071 8 INFO neutron.plugins.ml2.drivers.ovn.mech_driver.ovsdb.commands [None req-84d775c5-0591-427a-8698-450f002f0b14 - - - - - -] Schedule LRP lrp-0c52b0a8-27c5-4ea4-8d5a-4655d9850469 on gateway 381ead8b-53e4-4b3d-888f-4dd9ef8e720d with priority 1
2026-06-15 20:19:57.149 8 INFO neutron.db.ovn_revision_numbers_db [None req-105b6be4-0aa8-4cee-b136-d129919e0057 f56eafd15e9341c884800439d469e3f9 294f40f775d34f13974f9f30459dc62e - - default default] Successfully bumped revision number for resource 0c52b0a8-27c5-4ea4-8d5a-4655d9850469 (type: router_ports) to 1
2026-06-15 20:19:57.150 7 INFO neutron.plugins.ml2.drivers.ovn.mech_driver.ovsdb.ovsdb_monitor [None req-e6b57eb3-3fb5-4cbc-bced-5b16f7ba647b - - - - - -] Router 366ab3b2-aaab-4449-9413-5be86e6f90e3 is bound to host instance
2026-06-15 20:19:57.170 7 INFO neutron.plugins.ml2.drivers.ovn.mech_driver.mech_driver [None req-a05014d7-b2f9-441f-b555-02f6cb10496e - - - - - -] OVN reports status up for port: 0c52b0a8-27c5-4ea4-8d5a-4655d9850469
2026-06-15 20:19:57.190 7 INFO neutron.plugins.ml2.plugin [None req-a05014d7-b2f9-441f-b555-02f6cb10496e - - - - - -] Attempt 1 to provision port 0c52b0a8-27c5-4ea4-8d5a-4655d9850469
2026-06-15 20:19:57.203 7 INFO neutron.db.segments_db [None req-5773af0b-cd5f-4f47-bcf1-2ea36dd388df 743b0ea0e2f846f68333a39ddd75ab93 59e178bee88c46ab9a300077441ec313 - - default default] Added segment 5dc35663-e7f4-4c6e-83ab-8b05c49acd4d of type geneve for network d208a404-a506-4731-8162-82ed997b03ce
2026-06-15 20:19:57.224 8 INFO neutron.db.ovn_revision_numbers_db [None req-105b6be4-0aa8-4cee-b136-d129919e0057 f56eafd15e9341c884800439d469e3f9 294f40f775d34f13974f9f30459dc62e - - default default] Successfully bumped revision number for resource 366ab3b2-aaab-4449-9413-5be86e6f90e3 (type: routers) to 2 [pid: 8|app: 0|req: 1001/1890] 10.0.0.94 () {34 vars in 668 bytes} [Mon Jun 15 20:19:55 2026] POST /v2.0/routers => generated 965 bytes in 1860 msecs (HTTP/1.1 201) 4 headers in 162 bytes (1 switches on core 0)
2026-06-15 20:19:57.385 8 INFO neutron.db.ovn_revision_numbers_db [None req-83900d63-6362-48c8-9ea9-da2c8202062e 0cb658148ecd41c5a15fc31f7bde7a95 7283a730e4254caaa3d0cdb7e2f3dcf7 - - default default] Successfully bumped revision number for resource 7c1b7c5b-7952-44f7-83cd-5749d22db577 (type: security_group_rules) to 0 [pid: 8|app: 0|req: 1002/1891] 10.0.0.94 () {34 vars in 694 bytes} [Mon Jun 15 20:19:57 2026] POST /v2.0/security-group-rules => generated 596 bytes in 171 msecs (HTTP/1.1 201) 4 headers in 162 bytes (1 switches on core 0)
2026-06-15 20:19:57.467 7 INFO neutron.db.ovn_revision_numbers_db [None req-5773af0b-cd5f-4f47-bcf1-2ea36dd388df 743b0ea0e2f846f68333a39ddd75ab93 59e178bee88c46ab9a300077441ec313 - - default default] Successfully bumped revision number for resource d208a404-a506-4731-8162-82ed997b03ce (type: networks) to 1
2026-06-15 20:19:57.728 7 WARNING neutron.scheduler.dhcp_agent_scheduler [None req-5773af0b-cd5f-4f47-bcf1-2ea36dd388df 743b0ea0e2f846f68333a39ddd75ab93 59e178bee88c46ab9a300077441ec313 - - default default] No more DHCP agents
2026-06-15 20:19:57.732 7 WARNING neutron.api.rpc.agentnotifiers.dhcp_rpc_agent_api [None req-5773af0b-cd5f-4f47-bcf1-2ea36dd388df 743b0ea0e2f846f68333a39ddd75ab93 59e178bee88c46ab9a300077441ec313 - - default default] Unable to schedule network d208a404-a506-4731-8162-82ed997b03ce: no agents available; will retry on subsequent port and subnet creation events.
2026-06-15 20:19:57.868 8 WARNING neutron.scheduler.dhcp_agent_scheduler [None req-38639091-2bbb-440a-b0f4-9b777273dcb9 f56eafd15e9341c884800439d469e3f9 294f40f775d34f13974f9f30459dc62e - - default default] No more DHCP agents
2026-06-15 20:19:57.870 8 WARNING neutron.api.rpc.agentnotifiers.dhcp_rpc_agent_api [None req-38639091-2bbb-440a-b0f4-9b777273dcb9 f56eafd15e9341c884800439d469e3f9 294f40f775d34f13974f9f30459dc62e - - default default] Unable to schedule network babdeafd-c9c7-4f62-84ad-cd722811cf91: no agents available; will retry on subsequent port and subnet creation events.
2026-06-15 20:19:57.885 7 INFO neutron.db.ovn_revision_numbers_db [None req-5773af0b-cd5f-4f47-bcf1-2ea36dd388df 743b0ea0e2f846f68333a39ddd75ab93 59e178bee88c46ab9a300077441ec313 - - default default] Successfully bumped revision number for resource 1511eeb2-6ea9-4c9c-a55e-c6fea170828d (type: ports) to 1 [pid: 7|app: 0|req: 890/1892] 10.0.0.94 () {34 vars in 669 bytes} [Mon Jun 15 20:19:57 2026] POST /v2.0/networks => generated 653 bytes in 882 msecs (HTTP/1.1 201) 4 headers in 162 bytes (1 switches on core 0)
2026-06-15 20:19:58.024 8 INFO neutron.db.ovn_revision_numbers_db [None req-38639091-2bbb-440a-b0f4-9b777273dcb9 f56eafd15e9341c884800439d469e3f9 294f40f775d34f13974f9f30459dc62e - - default default] Successfully bumped revision number for resource 5339ffb8-21be-4367-8395-cbe04071ad8d (type: ports) to 1
2026-06-15 20:19:58.249 7 INFO neutron.services.segments.plugin [-] Segment 13e258ed-7c40-485d-a821-8afd18b0de1d resource provider aggregate not found
2026-06-15 20:19:58.253 7 INFO neutron.db.ovn_revision_numbers_db [None req-3ea5283a-4e40-4436-b855-0de5f74c2379 0cb658148ecd41c5a15fc31f7bde7a95 7283a730e4254caaa3d0cdb7e2f3dcf7 - - default default] Successfully bumped revision number for resource 7024e7e4-ef1f-44dd-a253-c0626849d5f7 (type: security_group_rules) to 0
2026-06-15 20:19:58.258 7 INFO neutron.services.segments.plugin [-] Segment 13e258ed-7c40-485d-a821-8afd18b0de1d resource provider aggregate not found
2026-06-15 20:19:58.277 7 INFO neutron.services.segments.plugin [-] Segment 13e258ed-7c40-485d-a821-8afd18b0de1d resource provider not found; error: Placement Client Error (4xx): {"errors": [{"status": 404, "title": "Not Found", "detail": "The resource could not be found.\n\n No resource provider with uuid 13e258ed-7c40-485d-a821-8afd18b0de1d found for delete ", "request_id": "req-f037c007-fd10-433d-b2ef-892209b474e9"}]}
2026-06-15 20:19:58.277 7 INFO neutron.services.segments.plugin [-] Segment 13e258ed-7c40-485d-a821-8afd18b0de1d resource provider not found; error: Placement Client Error (4xx): {"errors": [{"status": 404, "title": "Not Found", "detail": "The resource could not be found.\n\n No resource provider with uuid 13e258ed-7c40-485d-a821-8afd18b0de1d found for delete ", "request_id": "req-f7f5f6c0-468d-4f6e-a67f-9c2203b724d1"}]} [pid: 7|app: 0|req: 891/1893] 10.0.0.94 () {34 vars in 694 bytes} [Mon Jun 15 20:19:57 2026] POST /v2.0/security-group-rules => generated 602 bytes in 378 msecs (HTTP/1.1 201) 4 headers in 162 bytes (1 switches on core 0)
2026-06-15 20:19:58.452 7 INFO neutron.db.segments_db [None req-2ff790a2-161e-4953-ac0f-c09b4904bb26 743b0ea0e2f846f68333a39ddd75ab93 59e178bee88c46ab9a300077441ec313 - - default default] Added segment 06d49e15-f518-49e9-a4f2-46f3cd425a1b of type geneve for network 305192ab-3571-44f9-bd53-e7c7230ad784
2026-06-15 20:19:58.636 7 INFO neutron.db.ovn_revision_numbers_db [None req-2ff790a2-161e-4953-ac0f-c09b4904bb26 743b0ea0e2f846f68333a39ddd75ab93 59e178bee88c46ab9a300077441ec313 - - default default] Successfully bumped revision number for resource 305192ab-3571-44f9-bd53-e7c7230ad784 (type: networks) to 1
2026-06-15 20:19:58.639 7 INFO neutron.db.ovn_revision_numbers_db [None req-6c838455-3ca4-4726-afa8-ace0a3f5992c - - - - - -] Successfully bumped revision number for resource 0c52b0a8-27c5-4ea4-8d5a-4655d9850469 (type: ports) to 4
2026-06-15 20:19:58.874 7 WARNING neutron.scheduler.dhcp_agent_scheduler [None req-2ff790a2-161e-4953-ac0f-c09b4904bb26 743b0ea0e2f846f68333a39ddd75ab93 59e178bee88c46ab9a300077441ec313 - - default default] No more DHCP agents
2026-06-15 20:19:58.877 7 WARNING neutron.api.rpc.agentnotifiers.dhcp_rpc_agent_api [None req-2ff790a2-161e-4953-ac0f-c09b4904bb26 743b0ea0e2f846f68333a39ddd75ab93 59e178bee88c46ab9a300077441ec313 - - default default] Unable to schedule network 305192ab-3571-44f9-bd53-e7c7230ad784: no agents available; will retry on subsequent port and subnet creation events.
2026-06-15 20:19:59.010 7 INFO neutron.db.ovn_revision_numbers_db [None req-2ff790a2-161e-4953-ac0f-c09b4904bb26 743b0ea0e2f846f68333a39ddd75ab93 59e178bee88c46ab9a300077441ec313 - - default default] Successfully bumped revision number for resource 8400fafe-87c8-487f-b7f1-b51adbf5b4fe (type: ports) to 1 [pid: 7|app: 0|req: 892/1894] 10.0.0.94 () {34 vars in 669 bytes} [Mon Jun 15 20:19:58 2026] POST /v2.0/networks => generated 654 bytes in 743 msecs (HTTP/1.1 201) 4 headers in 162 bytes (1 switches on core 0)
2026-06-15 20:19:59.241 8 WARNING neutron.scheduler.dhcp_agent_scheduler [None req-38639091-2bbb-440a-b0f4-9b777273dcb9 f56eafd15e9341c884800439d469e3f9 294f40f775d34f13974f9f30459dc62e - - default default] No more DHCP agents
2026-06-15 20:19:59.243 8 WARNING neutron.api.rpc.agentnotifiers.dhcp_rpc_agent_api [None req-38639091-2bbb-440a-b0f4-9b777273dcb9 f56eafd15e9341c884800439d469e3f9 294f40f775d34f13974f9f30459dc62e - - default default] Unable to schedule network babdeafd-c9c7-4f62-84ad-cd722811cf91: no agents available; will retry on subsequent port and subnet creation events.
2026-06-15 20:19:59.262 7 INFO neutron.db.ovn_revision_numbers_db [None req-6c838455-3ca4-4726-afa8-ace0a3f5992c - - - - - -] Successfully bumped revision number for resource 0c52b0a8-27c5-4ea4-8d5a-4655d9850469 (type: ports) to 5
2026-06-15 20:19:59.358 7 INFO neutron.db.ovn_revision_numbers_db [None req-a2d582f7-0623-4286-8b76-c67b069704ca 0cb658148ecd41c5a15fc31f7bde7a95 7283a730e4254caaa3d0cdb7e2f3dcf7 - - default default] Successfully bumped revision number for resource c5416582-f8a0-44f1-85f9-ee22f63c1878 (type: security_group_rules) to 0 [pid: 7|app: 0|req: 893/1895] 10.0.0.94 () {34 vars in 694 bytes} [Mon Jun 15 20:19:59 2026] POST /v2.0/security-group-rules => generated 601 bytes in 366 msecs (HTTP/1.1 201) 4 headers in 162 bytes (1 switches on core 0)
2026-06-15 20:19:59.794 8 INFO neutron.db.ovn_revision_numbers_db [None req-38639091-2bbb-440a-b0f4-9b777273dcb9 f56eafd15e9341c884800439d469e3f9 294f40f775d34f13974f9f30459dc62e - - default default] Successfully bumped revision number for resource 5339ffb8-21be-4367-8395-cbe04071ad8d (type: router_ports) to 1 [pid: 8|app: 0|req: 1003/1896] 10.0.0.94 () {34 vars in 782 bytes} [Mon Jun 15 20:19:57 2026] PUT /v2.0/routers/366ab3b2-aaab-4449-9413-5be86e6f90e3/add_router_interface => generated 309 bytes in 2385 msecs (HTTP/1.1 200) 4 headers in 157 bytes (1 switches on core 0)
2026-06-15 20:19:59.855 8 INFO neutron.db.securitygroups_db [None req-0c8357af-fe5f-42c9-a725-3887b9aff987 0cb658148ecd41c5a15fc31f7bde7a95 7283a730e4254caaa3d0cdb7e2f3dcf7 - - default default] Project 7283a730e4254caaa3d0cdb7e2f3dcf7 added a security group rule with legacy IPv6 ICMP protocol name icmp, ipv6-icmp should be used instead. It was automatically converted.
2026-06-15 20:19:59.939 7 INFO neutron.plugins.ml2.drivers.ovn.mech_driver.mech_driver [None req-a05014d7-b2f9-441f-b555-02f6cb10496e - - - - - -] OVN reports status down for port: 1511eeb2-6ea9-4c9c-a55e-c6fea170828d
2026-06-15 20:20:00.019 8 INFO neutron.db.ovn_revision_numbers_db [None req-0c8357af-fe5f-42c9-a725-3887b9aff987 0cb658148ecd41c5a15fc31f7bde7a95 7283a730e4254caaa3d0cdb7e2f3dcf7 - - default default] Successfully bumped revision number for resource 3e494dc4-5596-4b09-931c-d30decc2ccc7 (type: security_group_rules) to 0
2026-06-15 20:20:00.036 7 WARNING neutron.scheduler.dhcp_agent_scheduler [None req-dfb2a085-99ac-42ef-b998-eaed27edd88f 743b0ea0e2f846f68333a39ddd75ab93 59e178bee88c46ab9a300077441ec313 - - default default] No more DHCP agents
2026-06-15 20:20:00.038 7 WARNING neutron.api.rpc.agentnotifiers.dhcp_rpc_agent_api [None req-dfb2a085-99ac-42ef-b998-eaed27edd88f 743b0ea0e2f846f68333a39ddd75ab93 59e178bee88c46ab9a300077441ec313 - - default default] Unable to schedule network d208a404-a506-4731-8162-82ed997b03ce: no agents available; will retry on subsequent port and subnet creation events. [pid: 8|app: 0|req: 1004/1897] 10.0.0.94 () {34 vars in 694 bytes} [Mon Jun 15 20:19:59 2026] POST /v2.0/security-group-rules => generated 607 bytes in 294 msecs (HTTP/1.1 201) 4 headers in 162 bytes (1 switches on core 0)
2026-06-15 20:20:00.147 7 INFO neutron.plugins.ml2.drivers.ovn.mech_driver.mech_driver [None req-a05014d7-b2f9-441f-b555-02f6cb10496e - - - - - -] OVN reports status down for port: 5339ffb8-21be-4367-8395-cbe04071ad8d [pid: 8|app: 0|req: 1005/1898] 10.0.0.74 () {34 vars in 989 bytes} [Mon Jun 15 20:20:00 2026] GET /v2.0/ports?device_id=87ddf816-f145-4d6f-99a2-c9143f6f2be8 => generated 1213 bytes in 64 msecs (HTTP/1.1 200) 4 headers in 158 bytes (1 switches on core 0)
2026-06-15 20:20:00.196 8 INFO neutron.db.securitygroups_db [None req-344299f0-42de-4554-96ed-f7305ee92d34 0cb658148ecd41c5a15fc31f7bde7a95 7283a730e4254caaa3d0cdb7e2f3dcf7 - - default default] Project 7283a730e4254caaa3d0cdb7e2f3dcf7 added a security group rule with legacy IPv6 ICMP protocol name icmp, ipv6-icmp should be used instead. It was automatically converted.
2026-06-15 20:20:00.196 7 INFO neutron.db.ovn_revision_numbers_db [None req-dfb2a085-99ac-42ef-b998-eaed27edd88f 743b0ea0e2f846f68333a39ddd75ab93 59e178bee88c46ab9a300077441ec313 - - default default] Successfully bumped revision number for resource b954cdf6-15fa-418d-9b7f-e857604a4c41 (type: ports) to 1
2026-06-15 20:20:00.246 7 WARNING neutron.plugins.ml2.drivers.ovn.mech_driver.ovsdb.ovn_client [None req-a05014d7-b2f9-441f-b555-02f6cb10496e - - - - - -] Logical_Switch_Port 5339ffb8-21be-4367-8395-cbe04071ad8d host information not removed, the port state is up
2026-06-15 20:20:00.246 7 INFO neutron.plugins.ml2.drivers.ovn.mech_driver.mech_driver [None req-a05014d7-b2f9-441f-b555-02f6cb10496e - - - - - -] OVN reports status down for port: 8400fafe-87c8-487f-b7f1-b51adbf5b4fe
2026-06-15 20:20:00.272 7 WARNING neutron.scheduler.dhcp_agent_scheduler [None req-dfb2a085-99ac-42ef-b998-eaed27edd88f 743b0ea0e2f846f68333a39ddd75ab93 59e178bee88c46ab9a300077441ec313 - - default default] No more DHCP agents
2026-06-15 20:20:00.275 7 WARNING neutron.api.rpc.agentnotifiers.dhcp_rpc_agent_api [None req-dfb2a085-99ac-42ef-b998-eaed27edd88f 743b0ea0e2f846f68333a39ddd75ab93 59e178bee88c46ab9a300077441ec313 - - default default] Unable to schedule network 305192ab-3571-44f9-bd53-e7c7230ad784: no agents available; will retry on subsequent port and subnet creation events.
2026-06-15 20:20:00.347 8 INFO neutron.db.ovn_revision_numbers_db [None req-344299f0-42de-4554-96ed-f7305ee92d34 0cb658148ecd41c5a15fc31f7bde7a95 7283a730e4254caaa3d0cdb7e2f3dcf7 - - default default] Successfully bumped revision number for resource 2a86aae2-a7bd-4bae-91c3-55d4e04ec84d (type: security_group_rules) to 0
2026-06-15 20:20:00.396 7 INFO neutron.plugins.ml2.drivers.ovn.mech_driver.mech_driver [None req-a05014d7-b2f9-441f-b555-02f6cb10496e - - - - - -] OVN reports status up for port: 5339ffb8-21be-4367-8395-cbe04071ad8d [pid: 8|app: 0|req: 1006/1899] 10.0.0.94 () {34 vars in 694 bytes} [Mon Jun 15 20:20:00 2026] POST /v2.0/security-group-rules => generated 606 bytes in 241 msecs (HTTP/1.1 201) 4 headers in 162 bytes (1 switches on core 0)
2026-06-15 20:20:00.419 7 INFO neutron.plugins.ml2.plugin [None req-a05014d7-b2f9-441f-b555-02f6cb10496e - - - - - -] Attempt 1 to provision port 5339ffb8-21be-4367-8395-cbe04071ad8d [pid: 8|app: 0|req: 1007/1900] 10.0.0.74 () {34 vars in 1039 bytes} [Mon Jun 15 20:20:00 2026] GET /v2.0/security-groups?id=b23f9e86-fc06-4eaf-9f3a-bb91c9e4bbd8&fields=id&fields=name => generated 112 bytes in 31 msecs (HTTP/1.1 200) 4 headers in 157 bytes (1 switches on core 0)
2026-06-15 20:20:00.435 7 INFO neutron.db.ovn_revision_numbers_db [None req-dfb2a085-99ac-42ef-b998-eaed27edd88f 743b0ea0e2f846f68333a39ddd75ab93 59e178bee88c46ab9a300077441ec313 - - default default] Successfully bumped revision number for resource 9ef9ebbe-6d4e-4225-8dbd-21221501e5fd (type: ports) to 1 [pid: 7|app: 0|req: 894/1901] 10.0.0.94 () {34 vars in 664 bytes} [Mon Jun 15 20:19:59 2026] POST /v2.0/ports => generated 1506 bytes in 1212 msecs (HTTP/1.1 201) 4 headers in 163 bytes (1 switches on core 0) [pid: 8|app: 0|req: 1008/1902] 10.0.0.94 () {32 vars in 642 bytes} [Mon Jun 15 20:20:00 2026] GET /v2.0/ports => generated 3018 bytes in 110 msecs (HTTP/1.1 200) 4 headers in 158 bytes (1 switches on core 0) /var/lib/openstack/lib/python3.12/site-packages/pycadf/identifier.py:70: UserWarning: Invalid uuid: neutron. To ensure interoperability, identifiers should be a valid uuid. warnings.warn(('Invalid uuid: %s. To ensure interoperability, '
2026-06-15 20:20:00.951 8 INFO neutron.db.ovn_revision_numbers_db [None req-46c53c3d-0632-4c14-9f58-3be860f6c47a 0cb658148ecd41c5a15fc31f7bde7a95 7283a730e4254caaa3d0cdb7e2f3dcf7 - - default default] Successfully bumped revision number for resource f63c805d-4025-431a-8877-7cb8bda230c4 (type: security_groups) to 1
2026-06-15 20:20:00.961 8 INFO neutron.db.ovn_revision_numbers_db [None req-46c53c3d-0632-4c14-9f58-3be860f6c47a 0cb658148ecd41c5a15fc31f7bde7a95 7283a730e4254caaa3d0cdb7e2f3dcf7 - - default default] Successfully bumped revision number for resource 1fc034bc-46cf-41ef-8481-a8cd37ed80f7 (type: security_group_rules) to 0
2026-06-15 20:20:00.974 8 INFO neutron.db.ovn_revision_numbers_db [None req-46c53c3d-0632-4c14-9f58-3be860f6c47a 0cb658148ecd41c5a15fc31f7bde7a95 7283a730e4254caaa3d0cdb7e2f3dcf7 - - default default] Successfully bumped revision number for resource 63829c53-f34d-4242-bcbc-3d362f2e848e (type: security_group_rules) to 0 [pid: 8|app: 0|req: 1009/1903] 10.0.0.94 () {34 vars in 684 bytes} [Mon Jun 15 20:20:00 2026] POST /v2.0/security-groups => generated 1660 bytes in 203 msecs (HTTP/1.1 201) 4 headers in 163 bytes (1 switches on core 0)
2026-06-15 20:20:01.039 7 INFO neutron_taas.services.taas.taas_plugin [None req-5f66dde5-d216-4b62-8c7d-d8c8f5371009 743b0ea0e2f846f68333a39ddd75ab93 59e178bee88c46ab9a300077441ec313 - - default default] TaaS: Handle Delete Port: b954cdf6-15fa-418d-9b7f-e857604a4c41
2026-06-15 20:20:01.047 7 INFO neutron_taas.services.taas.tap_mirror_plugin [None req-5f66dde5-d216-4b62-8c7d-d8c8f5371009 743b0ea0e2f846f68333a39ddd75ab93 59e178bee88c46ab9a300077441ec313 - - default default] Tap Mirror: Handle Delete Port: b954cdf6-15fa-418d-9b7f-e857604a4c41
2026-06-15 20:20:01.089 7 INFO neutron.db.ovn_revision_numbers_db [None req-a05014d7-b2f9-441f-b555-02f6cb10496e - - - - - -] Successfully bumped revision number for resource 5339ffb8-21be-4367-8395-cbe04071ad8d (type: ports) to 2
2026-06-15 20:20:01.146 8 INFO neutron.db.ovn_revision_numbers_db [None req-4b290986-6309-4cc9-aff9-96dee5681d35 0cb658148ecd41c5a15fc31f7bde7a95 7283a730e4254caaa3d0cdb7e2f3dcf7 - - default default] Successfully bumped revision number for resource 217b68d0-c3a0-4369-9469-dc83986e7d2a (type: security_group_rules) to 0 [pid: 8|app: 0|req: 1010/1904] 10.0.0.94 () {34 vars in 694 bytes} [Mon Jun 15 20:20:01 2026] POST /v2.0/security-group-rules => generated 597 bytes in 158 msecs (HTTP/1.1 201) 4 headers in 162 bytes (1 switches on core 0) [pid: 7|app: 0|req: 895/1905] 10.0.0.94 () {32 vars in 719 bytes} [Mon Jun 15 20:20:00 2026] DELETE /v2.0/ports/b954cdf6-15fa-418d-9b7f-e857604a4c41 => generated 0 bytes in 502 msecs (HTTP/1.1 204) 3 headers in 131 bytes (1 switches on core 0)
2026-06-15 20:20:01.326 8 INFO neutron.db.ovn_revision_numbers_db [None req-4aefb043-3084-4b38-86fb-9814e19713fc 0cb658148ecd41c5a15fc31f7bde7a95 7283a730e4254caaa3d0cdb7e2f3dcf7 - - default default] Successfully bumped revision number for resource acc0a1af-99fa-4e16-b09b-be968cca31b0 (type: security_group_rules) to 0
2026-06-15 20:20:01.367 8 WARNING neutron.plugins.ml2.drivers.ovn.mech_driver.ovsdb.ovn_client [None req-21f8972b-4ecd-4813-a72d-694bf5ee1bb8 - - - - - -] No hosting information found for port 3cbc8d30-59c0-4ca7-945c-297ad3b13b4f: RuntimeError: No hosting information found for port 3cbc8d30-59c0-4ca7-945c-297ad3b13b4f [pid: 8|app: 0|req: 1011/1906] 10.0.0.94 () {34 vars in 694 bytes} [Mon Jun 15 20:20:01 2026] POST /v2.0/security-group-rules => generated 602 bytes in 203 msecs (HTTP/1.1 201) 4 headers in 162 bytes (1 switches on core 0)
2026-06-15 20:20:01.390 7 INFO neutron_taas.services.taas.taas_plugin [None req-e8d9d3e2-08ca-4eaf-a8c7-d77793faac35 743b0ea0e2f846f68333a39ddd75ab93 59e178bee88c46ab9a300077441ec313 - - default default] TaaS: Handle Delete Port: 9ef9ebbe-6d4e-4225-8dbd-21221501e5fd
2026-06-15 20:20:01.393 7 INFO neutron_taas.services.taas.tap_mirror_plugin [None req-e8d9d3e2-08ca-4eaf-a8c7-d77793faac35 743b0ea0e2f846f68333a39ddd75ab93 59e178bee88c46ab9a300077441ec313 - - default default] Tap Mirror: Handle Delete Port: 9ef9ebbe-6d4e-4225-8dbd-21221501e5fd
2026-06-15 20:20:01.502 8 INFO neutron.db.ovn_revision_numbers_db [None req-21f8972b-4ecd-4813-a72d-694bf5ee1bb8 - - - - - -] Successfully bumped revision number for resource 3cbc8d30-59c0-4ca7-945c-297ad3b13b4f (type: router_ports) to 2 [pid: 7|app: 0|req: 896/1907] 10.0.0.94 () {32 vars in 719 bytes} [Mon Jun 15 20:20:01 2026] DELETE /v2.0/ports/9ef9ebbe-6d4e-4225-8dbd-21221501e5fd => generated 0 bytes in 251 msecs (HTTP/1.1 204) 3 headers in 131 bytes (1 switches on core 0) [pid: 7|app: 0|req: 897/1908] 10.0.0.94 () {32 vars in 642 bytes} [Mon Jun 15 20:20:01 2026] GET /v2.0/ports => generated 1523 bytes in 43 msecs (HTTP/1.1 200) 4 headers in 158 bytes (1 switches on core 0)
2026-06-15 20:20:01.607 8 INFO neutron.plugins.ml2.drivers.ovn.mech_driver.mech_driver [None req-21f8972b-4ecd-4813-a72d-694bf5ee1bb8 - - - - - -] OVN reports status down for port: 9ef9ebbe-6d4e-4225-8dbd-21221501e5fd
2026-06-15 20:20:01.670 7 INFO neutron.db.segments_db [None req-39ded107-25f3-47ee-a9cd-dc4d7c75195d 743b0ea0e2f846f68333a39ddd75ab93 59e178bee88c46ab9a300077441ec313 - - default default] Added segment 0a0f5f6a-2bf4-4042-abf9-0e43cd3a9f90 of type geneve for network 2c7f98c7-1320-44cf-978a-67a3e8eda008
2026-06-15 20:20:01.717 8 WARNING neutron.scheduler.dhcp_agent_scheduler [None req-c4f112f1-0c10-4ac9-b821-caf206a6420c 0cb658148ecd41c5a15fc31f7bde7a95 7283a730e4254caaa3d0cdb7e2f3dcf7 - - default default] No more DHCP agents
2026-06-15 20:20:01.718 8 WARNING neutron.api.rpc.agentnotifiers.dhcp_rpc_agent_api [None req-c4f112f1-0c10-4ac9-b821-caf206a6420c 0cb658148ecd41c5a15fc31f7bde7a95 7283a730e4254caaa3d0cdb7e2f3dcf7 - - default default] Unable to schedule network 7a82ebdd-4bca-44cd-895f-3833c040e877: no agents available; will retry on subsequent port and subnet creation events.
2026-06-15 20:20:01.796 7 INFO neutron.db.ovn_revision_numbers_db [None req-39ded107-25f3-47ee-a9cd-dc4d7c75195d 743b0ea0e2f846f68333a39ddd75ab93 59e178bee88c46ab9a300077441ec313 - - default default] Successfully bumped revision number for resource 2c7f98c7-1320-44cf-978a-67a3e8eda008 (type: networks) to 1
2026-06-15 20:20:01.960 7 WARNING neutron.scheduler.dhcp_agent_scheduler [None req-39ded107-25f3-47ee-a9cd-dc4d7c75195d 743b0ea0e2f846f68333a39ddd75ab93 59e178bee88c46ab9a300077441ec313 - - default default] No more DHCP agents
2026-06-15 20:20:01.962 7 WARNING neutron.api.rpc.agentnotifiers.dhcp_rpc_agent_api [None req-39ded107-25f3-47ee-a9cd-dc4d7c75195d 743b0ea0e2f846f68333a39ddd75ab93 59e178bee88c46ab9a300077441ec313 - - default default] Unable to schedule network 2c7f98c7-1320-44cf-978a-67a3e8eda008: no agents available; will retry on subsequent port and subnet creation events. [pid: 8|app: 0|req: 1012/1909] 10.0.0.94 () {34 vars in 675 bytes} [Mon Jun 15 20:20:01 2026] POST /v2.0/floatingips => generated 552 bytes in 611 msecs (HTTP/1.1 201) 4 headers in 162 bytes (1 switches on core 0)
2026-06-15 20:20:02.061 7 INFO neutron.db.ovn_revision_numbers_db [None req-39ded107-25f3-47ee-a9cd-dc4d7c75195d 743b0ea0e2f846f68333a39ddd75ab93 59e178bee88c46ab9a300077441ec313 - - default default] Successfully bumped revision number for resource 89e68ebe-dad7-482b-b315-f697e1fcb0e4 (type: ports) to 1 [pid: 7|app: 0|req: 898/1910] 10.0.0.94 () {34 vars in 669 bytes} [Mon Jun 15 20:20:01 2026] POST /v2.0/networks => generated 652 bytes in 520 msecs (HTTP/1.1 201) 4 headers in 162 bytes (1 switches on core 0) [pid: 7|app: 0|req: 899/1911] 10.0.0.252 () {34 vars in 1100 bytes} [Mon Jun 15 20:20:02 2026] GET /v2.0/security-groups?name=tempest-secgroup-smoke-1480250025&fields=id&tenant_id=7283a730e4254caaa3d0cdb7e2f3dcf7 => generated 69 bytes in 32 msecs (HTTP/1.1 200) 4 headers in 156 bytes (1 switches on core 0)
2026-06-15 20:20:02.179 8 INFO neutron.db.segments_db [None req-43106c58-15a6-42d5-bc07-041265b12776 743b0ea0e2f846f68333a39ddd75ab93 59e178bee88c46ab9a300077441ec313 - - default default] Added segment 21a8ea6e-8a13-433c-860e-4faefc3a2aa8 of type geneve for network ed72dab0-5393-4159-9203-b248a0abee0a [pid: 7|app: 0|req: 900/1912] 10.0.0.252 () {34 vars in 1098 bytes} [Mon Jun 15 20:20:02 2026] GET /v2.0/security-groups?name=tempest-securitygroup--627931163&fields=id&tenant_id=7283a730e4254caaa3d0cdb7e2f3dcf7 => generated 69 bytes in 28 msecs (HTTP/1.1 200) 4 headers in 156 bytes (1 switches on core 0) [pid: 7|app: 0|req: 901/1913] 10.0.0.252 () {34 vars in 982 bytes} [Mon Jun 15 20:20:02 2026] GET /v2.0/networks?id=bd016b3e-ce67-4363-97d9-5318e6cc7fda => generated 673 bytes in 48 msecs (HTTP/1.1 200) 4 headers in 157 bytes (1 switches on core 0) [pid: 7|app: 0|req: 902/1914] 10.0.0.252 () {34 vars in 965 bytes} [Mon Jun 15 20:20:02 2026] GET /v2.0/quotas/7283a730e4254caaa3d0cdb7e2f3dcf7 => generated 292 bytes in 10 msecs (HTTP/1.1 200) 4 headers in 157 bytes (1 switches on core 0)
2026-06-15 20:20:02.299 8 INFO neutron.db.ovn_revision_numbers_db [None req-43106c58-15a6-42d5-bc07-041265b12776 743b0ea0e2f846f68333a39ddd75ab93 59e178bee88c46ab9a300077441ec313 - - default default] Successfully bumped revision number for resource ed72dab0-5393-4159-9203-b248a0abee0a (type: networks) to 1 [pid: 7|app: 0|req: 903/1915] 10.0.0.252 () {34 vars in 982 bytes} [Mon Jun 15 20:20:02 2026] GET /v2.0/networks?id=babdeafd-c9c7-4f62-84ad-cd722811cf91 => generated 672 bytes in 40 msecs (HTTP/1.1 200) 4 headers in 157 bytes (1 switches on core 0) [pid: 7|app: 0|req: 904/1916] 10.0.0.252 () {34 vars in 1002 bytes} [Mon Jun 15 20:20:02 2026] GET /v2.0/ports?tenant_id=7283a730e4254caaa3d0cdb7e2f3dcf7&fields=id => generated 103 bytes in 79 msecs (HTTP/1.1 200) 4 headers in 157 bytes (1 switches on core 0) [pid: 7|app: 0|req: 905/1917] 10.0.0.252 () {34 vars in 965 bytes} [Mon Jun 15 20:20:02 2026] GET /v2.0/quotas/46326f235f7048f28401f348e8a7afab => generated 292 bytes in 8 msecs (HTTP/1.1 200) 4 headers in 157 bytes (1 switches on core 0)
2026-06-15 20:20:02.436 8 WARNING neutron.scheduler.dhcp_agent_scheduler [None req-43106c58-15a6-42d5-bc07-041265b12776 743b0ea0e2f846f68333a39ddd75ab93 59e178bee88c46ab9a300077441ec313 - - default default] No more DHCP agents
2026-06-15 20:20:02.437 8 WARNING neutron.api.rpc.agentnotifiers.dhcp_rpc_agent_api [None req-43106c58-15a6-42d5-bc07-041265b12776 743b0ea0e2f846f68333a39ddd75ab93 59e178bee88c46ab9a300077441ec313 - - default default] Unable to schedule network ed72dab0-5393-4159-9203-b248a0abee0a: no agents available; will retry on subsequent port and subnet creation events. [pid: 7|app: 0|req: 906/1918] 10.0.0.252 () {34 vars in 1008 bytes} [Mon Jun 15 20:20:02 2026] GET /v2.0/networks/bd016b3e-ce67-4363-97d9-5318e6cc7fda?fields=segments => generated 14 bytes in 44 msecs (HTTP/1.1 200) 4 headers in 156 bytes (1 switches on core 0)
2026-06-15 20:20:02.488 8 INFO neutron.plugins.ml2.drivers.ovn.mech_driver.mech_driver [None req-21f8972b-4ecd-4813-a72d-694bf5ee1bb8 - - - - - -] OVN reports status down for port: a521373a-039a-43ce-b9a2-ec81805842d9
2026-06-15 20:20:02.535 8 INFO neutron.db.ovn_revision_numbers_db [None req-43106c58-15a6-42d5-bc07-041265b12776 743b0ea0e2f846f68333a39ddd75ab93 59e178bee88c46ab9a300077441ec313 - - default default] Successfully bumped revision number for resource a521373a-039a-43ce-b9a2-ec81805842d9 (type: ports) to 1 [pid: 7|app: 0|req: 907/1919] 10.0.0.252 () {34 vars in 1002 bytes} [Mon Jun 15 20:20:02 2026] GET /v2.0/ports?tenant_id=46326f235f7048f28401f348e8a7afab&fields=id => generated 103 bytes in 110 msecs (HTTP/1.1 200) 4 headers in 157 bytes (1 switches on core 0) [pid: 8|app: 0|req: 1013/1920] 10.0.0.94 () {34 vars in 669 bytes} [Mon Jun 15 20:20:02 2026] POST /v2.0/networks => generated 654 bytes in 479 msecs (HTTP/1.1 201) 4 headers in 162 bytes (1 switches on core 0) [pid: 7|app: 0|req: 908/1921] 10.0.0.252 () {34 vars in 1108 bytes} [Mon Jun 15 20:20:02 2026] GET /v2.0/networks/bd016b3e-ce67-4363-97d9-5318e6cc7fda?fields=provider%3Aphysical_network&fields=provider%3Anetwork_type => generated 79 bytes in 40 msecs (HTTP/1.1 200) 4 headers in 156 bytes (1 switches on core 0) [pid: 8|app: 0|req: 1014/1922] 10.0.0.252 () {34 vars in 1008 bytes} [Mon Jun 15 20:20:02 2026] GET /v2.0/networks/babdeafd-c9c7-4f62-84ad-cd722811cf91?fields=segments => generated 14 bytes in 53 msecs (HTTP/1.1 200) 4 headers in 156 bytes (1 switches on core 0) [pid: 7|app: 0|req: 909/1923] 10.0.0.252 () {34 vars in 1108 bytes} [Mon Jun 15 20:20:02 2026] GET /v2.0/networks/babdeafd-c9c7-4f62-84ad-cd722811cf91?fields=provider%3Aphysical_network&fields=provider%3Anetwork_type => generated 79 bytes in 34 msecs (HTTP/1.1 200) 4 headers in 156 bytes (1 switches on core 0) [pid: 8|app: 0|req: 1015/1924] 10.0.0.252 () {34 vars in 990 bytes} [Mon Jun 15 20:20:02 2026] GET /v2.0/ports?device_id=f83ce579-4e7f-4189-a1d5-c488ee0cadff => generated 12 bytes in 18 msecs (HTTP/1.1 200) 4 headers in 156 bytes (1 switches on core 0) [pid: 7|app: 0|req: 910/1925] 10.0.0.252 () {34 vars in 990 bytes} [Mon Jun 15 20:20:02 2026] GET /v2.0/ports?device_id=20a2c5f7-8e7d-4e92-bfd2-e07a9e3b4fbb => generated 12 bytes in 26 msecs (HTTP/1.1 200) 4 headers in 156 bytes (1 switches on core 0) [pid: 8|app: 0|req: 1016/1926] 10.0.0.252 () {34 vars in 990 bytes} [Mon Jun 15 20:20:02 2026] GET /v2.0/ports?device_id=87ddf816-f145-4d6f-99a2-c9143f6f2be8 => generated 975 bytes in 88 msecs (HTTP/1.1 200) 4 headers in 157 bytes (1 switches on core 0) [pid: 7|app: 0|req: 911/1927] 10.0.0.252 () {34 vars in 1040 bytes} [Mon Jun 15 20:20:02 2026] GET /v2.0/security-groups?id=b23f9e86-fc06-4eaf-9f3a-bb91c9e4bbd8&fields=id&fields=name => generated 112 bytes in 37 msecs (HTTP/1.1 200) 4 headers in 157 bytes (1 switches on core 0)
2026-06-15 20:20:03.344 8 WARNING neutron.scheduler.dhcp_agent_scheduler [None req-c7906ffd-21b8-4fde-b5a9-106052b3d47a 743b0ea0e2f846f68333a39ddd75ab93 59e178bee88c46ab9a300077441ec313 - - default default] No more DHCP agents
2026-06-15 20:20:03.346 8 WARNING neutron.api.rpc.agentnotifiers.dhcp_rpc_agent_api [None req-c7906ffd-21b8-4fde-b5a9-106052b3d47a 743b0ea0e2f846f68333a39ddd75ab93 59e178bee88c46ab9a300077441ec313 - - default default] Unable to schedule network 2c7f98c7-1320-44cf-978a-67a3e8eda008: no agents available; will retry on subsequent port and subnet creation events.
2026-06-15 20:20:03.398 8 INFO neutron.db.ovn_revision_numbers_db [None req-c7906ffd-21b8-4fde-b5a9-106052b3d47a 743b0ea0e2f846f68333a39ddd75ab93 59e178bee88c46ab9a300077441ec313 - - default default] Successfully bumped revision number for resource 2a7323e3-822c-465e-83ad-bdd5b8b97a8e (type: subnets) to 0
2026-06-15 20:20:03.434 8 WARNING neutron.scheduler.dhcp_agent_scheduler [None req-c7906ffd-21b8-4fde-b5a9-106052b3d47a 743b0ea0e2f846f68333a39ddd75ab93 59e178bee88c46ab9a300077441ec313 - - default default] No more DHCP agents
2026-06-15 20:20:03.436 8 WARNING neutron.api.rpc.agentnotifiers.dhcp_rpc_agent_api [None req-c7906ffd-21b8-4fde-b5a9-106052b3d47a 743b0ea0e2f846f68333a39ddd75ab93 59e178bee88c46ab9a300077441ec313 - - default default] Unable to schedule network ed72dab0-5393-4159-9203-b248a0abee0a: no agents available; will retry on subsequent port and subnet creation events.
