2026-04-23 14:45:43.714 10 INFO neutron.wsgi [req-02d098f0-5837-4361-b333-246bd31c12ef req-af4e8bcd-389b-4124-a262-3552e565bef3 995a920147de4210b3ee3ffd12345459 250fe91776364fd489bdc540e4877458 - - default default] 10.0.0.17 "GET /v2.0/ports?device_id=ee9f23d4-0c30-40e1-afde-7718ceaf2441 HTTP/1.1" status: 200 len: 1172 time: 0.0977693
2026-04-23 14:45:43.749 10 INFO neutron.wsgi [req-02d098f0-5837-4361-b333-246bd31c12ef req-52a74c42-1494-4084-935e-2e9adb4c469d 995a920147de4210b3ee3ffd12345459 250fe91776364fd489bdc540e4877458 - - default default] 10.0.0.17 "GET /v2.0/security-groups?id=b4c85dde-f996-4698-9df5-1f99200e16b9&fields=id&fields=name HTTP/1.1" status: 200 len: 286 time: 0.0266421
2026-04-23 14:45:43.931 10 INFO neutron.wsgi [None req-5a2554c6-c610-4b17-a3d9-35c7c15e197c 3f903946024040bfa8b7663bd313b45c a102aa7a48764bb59a2190da7e37cd60 - - default default] 10.0.0.246 "GET /v2.0/networks HTTP/1.1" status: 200 len: 5357 time: 0.3131270
2026-04-23 14:45:43.941 9 INFO neutron.wsgi [None req-37e29247-8ca3-4ee4-a003-c851a4ec0f14 083004d3f23c41c7b4b3826cb5ce06b4 60d37904b0534fe592a6325094de80c3 - - - -] 10.0.0.89 "DELETE /v2.0/subnets/ade90a38-11d9-45b3-9f5c-bf77d4198454 HTTP/1.1" status: 204 len: 168 time: 0.2340114
2026-04-23 14:45:44.015 10 INFO neutron.wsgi [None req-37523e80-8f07-4943-8479-92cc1c7c7e9e 3f903946024040bfa8b7663bd313b45c a102aa7a48764bb59a2190da7e37cd60 - - default default] 10.0.0.246 "GET /v2.0/security-groups HTTP/1.1" status: 200 len: 27881 time: 0.0789554
2026-04-23 14:45:44.065 10 INFO neutron.wsgi [None req-24dd57a1-e5d6-4636-825b-1ce642ac485f 3f903946024040bfa8b7663bd313b45c a102aa7a48764bb59a2190da7e37cd60 - - default default] 10.0.0.246 "GET /v2.0/subnets HTTP/1.1" status: 200 len: 3361 time: 0.0384409
2026-04-23 14:45:44.117 10 INFO neutron.wsgi [None req-e1147234-06ee-4011-bc73-89895b803f82 3f903946024040bfa8b7663bd313b45c a102aa7a48764bb59a2190da7e37cd60 - - default default] 10.0.0.246 "GET /v2.0/floatingips HTTP/1.1" status: 200 len: 1035 time: 0.0505955
2026-04-23 14:45:44.128 10 INFO neutron.wsgi [None req-a5017052-67a1-4338-a830-1db380fbf188 3f903946024040bfa8b7663bd313b45c a102aa7a48764bb59a2190da7e37cd60 - - default default] 10.0.0.246 "GET /v2.0/agents HTTP/1.1" status: 200 len: 997 time: 0.0090878
2026-04-23 14:45:44.164 10 INFO neutron.wsgi [None req-3cb0411f-8745-4bd8-890a-be2337cc0076 3f903946024040bfa8b7663bd313b45c a102aa7a48764bb59a2190da7e37cd60 - - default default] 10.0.0.246 "GET /v2.0/subnets HTTP/1.1" status: 200 len: 3361 time: 0.0353591
2026-04-23 14:45:44.178 10 INFO neutron.wsgi [None req-49fa1c60-acc5-4aad-87b3-09e53331c064 3f903946024040bfa8b7663bd313b45c a102aa7a48764bb59a2190da7e37cd60 - - default default] 10.0.0.246 "GET /v2.0/subnetpools HTTP/1.1" status: 200 len: 193 time: 0.0115416
2026-04-23 14:45:44.192 9 INFO neutron.wsgi [None req-0fdd99e1-45e3-4976-93b9-47fa05823f3c 083004d3f23c41c7b4b3826cb5ce06b4 60d37904b0534fe592a6325094de80c3 - - - -] 10.0.0.89 "DELETE /v2.0/subnets/5bbcde33-f78f-46c5-af0c-057c1c9deb73 HTTP/1.1" status: 204 len: 168 time: 0.2446516
2026-04-23 14:45:44.194 10 INFO neutron.wsgi [None req-935e686c-bb64-4c56-b0bb-082a2f4d3c69 3f903946024040bfa8b7663bd313b45c a102aa7a48764bb59a2190da7e37cd60 - - default default] 10.0.0.246 "GET /v2.0/network-ip-availabilities HTTP/1.1" status: 200 len: 2767 time: 0.0136859
2026-04-23 14:45:44.237 10 INFO neutron.wsgi [None req-b0418b40-f3d4-41c1-a726-a0311f2d29f7 3f903946024040bfa8b7663bd313b45c a102aa7a48764bb59a2190da7e37cd60 - - default default] 10.0.0.246 "GET /v2.0/ports HTTP/1.1" status: 200 len: 16654 time: 0.0417545
2026-04-23 14:45:44.323 10 INFO neutron.wsgi [None req-a2e2306d-ba1b-4c2e-9cd1-a1c323b7ccfb 3f903946024040bfa8b7663bd313b45c a102aa7a48764bb59a2190da7e37cd60 - - default default] 10.0.0.246 "GET /v2.0/routers HTTP/1.1" status: 200 len: 1537 time: 0.0718269
2026-04-23 14:45:44.333 10 INFO neutron.wsgi [None req-14b13900-9924-4697-84a1-c3fa1c434f3c 3f903946024040bfa8b7663bd313b45c a102aa7a48764bb59a2190da7e37cd60 - - default default] 10.0.0.246 "GET /v2.0/agents?binary=ovn-controller HTTP/1.1" status: 200 len: 591 time: 0.0094185
2026-04-23 14:45:44.571 9 INFO neutron.services.segments.plugin [-] Segment acb19be9-27e3-4435-993d-de865e3f3f5f resource provider aggregate not found
2026-04-23 14:45:44.577 9 INFO neutron.services.segments.plugin [-] Segment acb19be9-27e3-4435-993d-de865e3f3f5f resource provider aggregate not found
2026-04-23 14:45:44.595 9 INFO neutron.services.segments.plugin [-] Segment acb19be9-27e3-4435-993d-de865e3f3f5f resource provider not found; error: Placement Client Error (4xx): {"errors": [{"status": 404, "title": "Not Found", "detail": "The resource could not be found.\n\n No resource provider with uuid acb19be9-27e3-4435-993d-de865e3f3f5f found for delete ", "request_id": "req-03628c35-7773-41f9-b4b4-2787726b4cdf"}]}
2026-04-23 14:45:44.597 9 INFO neutron.services.segments.plugin [-] Segment acb19be9-27e3-4435-993d-de865e3f3f5f resource provider not found; error: Placement Client Error (4xx): {"errors": [{"status": 404, "title": "Not Found", "detail": "The resource could not be found.\n\n No resource provider with uuid acb19be9-27e3-4435-993d-de865e3f3f5f found for delete ", "request_id": "req-24c4c0f8-0542-46be-83bf-e86c560e6e46"}]}
2026-04-23 14:45:44.607 9 INFO neutron.wsgi [None req-dabb7080-41b9-4a27-9983-47093478760b 083004d3f23c41c7b4b3826cb5ce06b4 60d37904b0534fe592a6325094de80c3 - - - -] 10.0.0.89 "DELETE /v2.0/networks/a95f5f5e-6232-4e2d-8a42-da1c5eff4904 HTTP/1.1" status: 204 len: 168 time: 0.4099348
2026-04-23 14:45:44.762 10 INFO neutron.wsgi [None req-26a64731-2592-4521-94de-4ad740668fbe 7d3f00cf71164f79ba3d0e1fbbc28970 5028b0e048444f40ab5ee7822ee877db - - - -] 10.0.0.89 "POST /v2.0/subnetpools HTTP/1.1" status: 201 len: 747 time: 0.2157414
2026-04-23 14:45:44.804 9 INFO neutron.wsgi [None req-5bb449a4-5fe1-4918-a230-da054a248c3c 7d3f00cf71164f79ba3d0e1fbbc28970 5028b0e048444f40ab5ee7822ee877db - - default default] 10.0.0.89 "GET /v2.0/subnetpools/f70ecf7a-7e43-4984-8886-c0b0cb1acda2 HTTP/1.1" status: 200 len: 742 time: 0.0361171
2026-04-23 14:45:44.861 9 INFO neutron.wsgi [req-212b615c-a66f-4d1d-9ae8-bb09980dd3f5 req-490b0c5d-6e09-4a85-922f-be8ba22cbb6a 995a920147de4210b3ee3ffd12345459 250fe91776364fd489bdc540e4877458 - - default default] 10.0.0.17 "GET /v2.0/ports?device_id=ee9f23d4-0c30-40e1-afde-7718ceaf2441 HTTP/1.1" status: 200 len: 1172 time: 0.0416241
2026-04-23 14:45:44.907 9 INFO neutron.wsgi [None req-18f240c5-30ab-46e2-aa23-f91373743b16 7d3f00cf71164f79ba3d0e1fbbc28970 5028b0e048444f40ab5ee7822ee877db - - - -] 10.0.0.89 "PUT /v2.0/subnetpools/f70ecf7a-7e43-4984-8886-c0b0cb1acda2 HTTP/1.1" status: 200 len: 695 time: 0.0964193
2026-04-23 14:45:44.913 9 INFO neutron.wsgi [req-212b615c-a66f-4d1d-9ae8-bb09980dd3f5 req-6d91ac42-f6c5-4b20-af03-4e00667bdab2 995a920147de4210b3ee3ffd12345459 250fe91776364fd489bdc540e4877458 - - default default] 10.0.0.17 "GET /v2.0/security-groups?id=b4c85dde-f996-4698-9df5-1f99200e16b9&fields=id&fields=name HTTP/1.1" status: 200 len: 286 time: 0.0433471
2026-04-23 14:45:44.997 10 INFO neutron.wsgi [None req-d0f5aa34-d5c1-4132-b448-2e68dc137ca6 7d3f00cf71164f79ba3d0e1fbbc28970 5028b0e048444f40ab5ee7822ee877db - - - -] 10.0.0.89 "DELETE /v2.0/subnetpools/f70ecf7a-7e43-4984-8886-c0b0cb1acda2 HTTP/1.1" status: 204 len: 168 time: 0.0850050
2026-04-23 14:45:45.027 9 INFO neutron.api.v2.resource [None req-fb81a529-1679-44db-842f-9be45e7677c6 7d3f00cf71164f79ba3d0e1fbbc28970 5028b0e048444f40ab5ee7822ee877db - - default default] show failed (client error): The resource could not be found.
2026-04-23 14:45:45.028 9 INFO neutron.wsgi [None req-fb81a529-1679-44db-842f-9be45e7677c6 7d3f00cf71164f79ba3d0e1fbbc28970 5028b0e048444f40ab5ee7822ee877db - - default default] 10.0.0.89 "GET /v2.0/subnetpools/f70ecf7a-7e43-4984-8886-c0b0cb1acda2 HTTP/1.1" status: 404 len: 346 time: 0.0194504
2026-04-23 14:45:45.038 10 INFO neutron.services.segments.plugin [-] Segment 53e1d954-bb50-407c-af12-2bec86e6fd31 resource provider aggregate not found
2026-04-23 14:45:45.043 10 INFO neutron.services.segments.plugin [-] Segment 53e1d954-bb50-407c-af12-2bec86e6fd31 resource provider aggregate not found
2026-04-23 14:45:45.053 9 INFO neutron.api.v2.resource [None req-2c70a3cb-8e33-4101-bb2b-027662bd9772 7d3f00cf71164f79ba3d0e1fbbc28970 5028b0e048444f40ab5ee7822ee877db - - - -] delete failed (client error): The resource could not be found.
2026-04-23 14:45:45.055 9 INFO neutron.wsgi [None req-2c70a3cb-8e33-4101-bb2b-027662bd9772 7d3f00cf71164f79ba3d0e1fbbc28970 5028b0e048444f40ab5ee7822ee877db - - - -] 10.0.0.89 "DELETE /v2.0/subnetpools/f70ecf7a-7e43-4984-8886-c0b0cb1acda2 HTTP/1.1" status: 404 len: 346 time: 0.0209301
2026-04-23 14:45:45.057 10 INFO neutron.services.segments.plugin [-] Segment 53e1d954-bb50-407c-af12-2bec86e6fd31 resource provider not found; error: Placement Client Error (4xx): {"errors": [{"status": 404, "title": "Not Found", "detail": "The resource could not be found.\n\n No resource provider with uuid 53e1d954-bb50-407c-af12-2bec86e6fd31 found for delete ", "request_id": "req-839bc557-3e24-4dc3-96ff-16b3627fdda6"}]}
2026-04-23 14:45:45.060 10 INFO neutron.services.segments.plugin [-] Segment 53e1d954-bb50-407c-af12-2bec86e6fd31 resource provider not found; error: Placement Client Error (4xx): {"errors": [{"status": 404, "title": "Not Found", "detail": "The resource could not be found.\n\n No resource provider with uuid 53e1d954-bb50-407c-af12-2bec86e6fd31 found for delete ", "request_id": "req-cb3c3f96-11f4-4bc3-a9ac-ad74e7fc930f"}]}
2026-04-23 14:45:45.076 10 INFO neutron.wsgi [None req-a07ad7dd-afb7-4210-95dd-f702389a7636 083004d3f23c41c7b4b3826cb5ce06b4 60d37904b0534fe592a6325094de80c3 - - - -] 10.0.0.89 "DELETE /v2.0/networks/72180015-2387-40f0-9dc4-102b7e5e3c6c HTTP/1.1" status: 204 len: 168 time: 0.4522943
2026-04-23 14:45:45.171 9 INFO neutron.db.segments_db [None req-6384b260-2ace-40c3-bc17-b130b8d4b419 083004d3f23c41c7b4b3826cb5ce06b4 60d37904b0534fe592a6325094de80c3 - - - -] Added segment 5255036c-ae6e-4209-8d04-ded59190bf5d of type geneve for network 55cf8f1e-049c-48ee-b15a-724acf2ffb96
2026-04-23 14:45:45.319 9 INFO neutron.db.ovn_revision_numbers_db [None req-6384b260-2ace-40c3-bc17-b130b8d4b419 083004d3f23c41c7b4b3826cb5ce06b4 60d37904b0534fe592a6325094de80c3 - - - -] Successfully bumped revision number for resource 55cf8f1e-049c-48ee-b15a-724acf2ffb96 (type: networks) to 1
2026-04-23 14:45:45.509 9 WARNING neutron.scheduler.dhcp_agent_scheduler [None req-6384b260-2ace-40c3-bc17-b130b8d4b419 083004d3f23c41c7b4b3826cb5ce06b4 60d37904b0534fe592a6325094de80c3 - - - -] No more DHCP agents
2026-04-23 14:45:45.511 9 WARNING neutron.api.rpc.agentnotifiers.dhcp_rpc_agent_api [None req-6384b260-2ace-40c3-bc17-b130b8d4b419 083004d3f23c41c7b4b3826cb5ce06b4 60d37904b0534fe592a6325094de80c3 - - - -] Unable to schedule network 55cf8f1e-049c-48ee-b15a-724acf2ffb96: no agents available; will retry on subsequent port and subnet creation events.
2026-04-23 14:45:45.562 9 INFO neutron.db.ovn_revision_numbers_db [None req-6384b260-2ace-40c3-bc17-b130b8d4b419 083004d3f23c41c7b4b3826cb5ce06b4 60d37904b0534fe592a6325094de80c3 - - - -] Successfully bumped revision number for resource c3e5823e-f3db-41f2-9385-668e707fe142 (type: ports) to 1
2026-04-23 14:45:45.584 9 INFO neutron.wsgi [None req-6384b260-2ace-40c3-bc17-b130b8d4b419 083004d3f23c41c7b4b3826cb5ce06b4 60d37904b0534fe592a6325094de80c3 - - - -] 10.0.0.89 "POST /v2.0/networks HTTP/1.1" status: 201 len: 829 time: 0.5004463
2026-04-23 14:45:45.873 10 INFO neutron.db.ovn_revision_numbers_db [None req-504c05b1-3549-42c1-9609-eccbdc2a0b7d 3f903946024040bfa8b7663bd313b45c a102aa7a48764bb59a2190da7e37cd60 - - default default] Successfully bumped revision number for resource f12ebbaa-9d3c-46bb-b5ec-f2e1e8db6fe2 (type: security_groups) to 1
2026-04-23 14:45:45.913 10 INFO neutron.wsgi [None req-504c05b1-3549-42c1-9609-eccbdc2a0b7d 3f903946024040bfa8b7663bd313b45c a102aa7a48764bb59a2190da7e37cd60 - - default default] 10.0.0.89 "GET /v2.0/security-groups?tenant_id=5028b0e048444f40ab5ee7822ee877db&name=default HTTP/1.1" status: 200 len: 2996 time: 0.3322754
2026-04-23 14:45:45.940 10 WARNING neutron.scheduler.dhcp_agent_scheduler [None req-0adbf561-1306-4b8c-a3c4-1c080ac15c49 083004d3f23c41c7b4b3826cb5ce06b4 60d37904b0534fe592a6325094de80c3 - - - -] No more DHCP agents
2026-04-23 14:45:45.944 10 WARNING neutron.api.rpc.agentnotifiers.dhcp_rpc_agent_api [None req-0adbf561-1306-4b8c-a3c4-1c080ac15c49 083004d3f23c41c7b4b3826cb5ce06b4 60d37904b0534fe592a6325094de80c3 - - - -] Unable to schedule network 55cf8f1e-049c-48ee-b15a-724acf2ffb96: no agents available; will retry on subsequent port and subnet creation events.
2026-04-23 14:45:46.037 10 INFO neutron.wsgi [req-8dfc57cd-f225-46a2-9789-01e9acfd36a8 req-10305875-58e2-4aa2-a5ca-49148d7f4955 995a920147de4210b3ee3ffd12345459 250fe91776364fd489bdc540e4877458 - - default default] 10.0.0.17 "GET /v2.0/ports?device_id=ee9f23d4-0c30-40e1-afde-7718ceaf2441 HTTP/1.1" status: 200 len: 1172 time: 0.0470929
2026-04-23 14:45:46.433 10 INFO neutron.wsgi [req-8dfc57cd-f225-46a2-9789-01e9acfd36a8 req-9c24fbba-5e3e-4296-9ab4-812ff2ceb894 995a920147de4210b3ee3ffd12345459 250fe91776364fd489bdc540e4877458 - - default default] 10.0.0.17 "GET /v2.0/security-groups?id=b4c85dde-f996-4698-9df5-1f99200e16b9&fields=id&fields=name HTTP/1.1" status: 200 len: 286 time: 0.3868587
2026-04-23 14:45:46.538 10 INFO neutron.wsgi [None req-3bb3bcff-c127-41fe-a909-6a50bc88b4e0 3f903946024040bfa8b7663bd313b45c a102aa7a48764bb59a2190da7e37cd60 - - - -] 10.0.0.89 "DELETE /v2.0/security-groups/f12ebbaa-9d3c-46bb-b5ec-f2e1e8db6fe2 HTTP/1.1" status: 204 len: 168 time: 0.6211720
2026-04-23 14:45:46.700 9 WARNING neutron.plugins.ml2.drivers.ovn.mech_driver.ovsdb.ovn_client [None req-f496c3af-8c07-4e18-bd94-e5c9949d118f - - - - - -] No port found with ID f0b1800a-b9fc-4afd-9a86-6ba5930c16fa: RuntimeError: No port found with ID f0b1800a-b9fc-4afd-9a86-6ba5930c16fa
2026-04-23 14:45:46.800 10 INFO neutron.db.ovn_revision_numbers_db [None req-0adbf561-1306-4b8c-a3c4-1c080ac15c49 083004d3f23c41c7b4b3826cb5ce06b4 60d37904b0534fe592a6325094de80c3 - - - -] Successfully bumped revision number for resource c3e5823e-f3db-41f2-9385-668e707fe142 (type: ports) to 2
2026-04-23 14:45:46.818 10 INFO neutron.db.ovn_revision_numbers_db [None req-0adbf561-1306-4b8c-a3c4-1c080ac15c49 083004d3f23c41c7b4b3826cb5ce06b4 60d37904b0534fe592a6325094de80c3 - - - -] Successfully bumped revision number for resource 60c15342-2f66-4323-9db8-f61132db8cf3 (type: subnets) to 0
2026-04-23 14:45:46.847 10 INFO neutron.wsgi [None req-0adbf561-1306-4b8c-a3c4-1c080ac15c49 083004d3f23c41c7b4b3826cb5ce06b4 60d37904b0534fe592a6325094de80c3 - - - -] 10.0.0.89 "POST /v2.0/subnets HTTP/1.1" status: 201 len: 801 time: 1.2583637
2026-04-23 14:45:47.415 9 INFO neutron.db.ovn_revision_numbers_db [None req-5c5aac92-930f-4051-a387-dae77438767e 083004d3f23c41c7b4b3826cb5ce06b4 60d37904b0534fe592a6325094de80c3 - - - -] Successfully bumped revision number for resource 795162ab-f374-4265-958a-13d5d482f404 (type: routers) to 1
2026-04-23 14:45:47.431 9 INFO neutron.wsgi [None req-5c5aac92-930f-4051-a387-dae77438767e 083004d3f23c41c7b4b3826cb5ce06b4 60d37904b0534fe592a6325094de80c3 - - - -] 10.0.0.89 "POST /v2.0/routers HTTP/1.1" status: 201 len: 687 time: 0.5672288
2026-04-23 14:45:47.593 9 INFO neutron.wsgi [req-b256a0c0-ad2f-4fea-9874-ef0ccadd130a req-5ec4b3ba-603c-42cc-806c-bdf954bc906b 995a920147de4210b3ee3ffd12345459 250fe91776364fd489bdc540e4877458 - - default default] 10.0.0.17 "GET /v2.0/ports?device_id=ee9f23d4-0c30-40e1-afde-7718ceaf2441 HTTP/1.1" status: 200 len: 1172 time: 0.0954154
2026-04-23 14:45:47.628 9 INFO neutron.wsgi [req-b256a0c0-ad2f-4fea-9874-ef0ccadd130a req-181064bc-cbdb-4d7e-ac38-23d7c6666b5f 995a920147de4210b3ee3ffd12345459 250fe91776364fd489bdc540e4877458 - - default default] 10.0.0.17 "GET /v2.0/security-groups?id=b4c85dde-f996-4698-9df5-1f99200e16b9&fields=id&fields=name HTTP/1.1" status: 200 len: 286 time: 0.0295486
2026-04-23 14:45:47.729 10 WARNING neutron.plugins.ml2.drivers.ovn.mech_driver.ovsdb.ovn_client [None req-f8edf14e-715e-420e-9d3d-b871b2de02c5 - - - - - -] No port found with ID ad13b9e3-249c-409c-93fe-e2e2df281e11: RuntimeError: No port found with ID ad13b9e3-249c-409c-93fe-e2e2df281e11
2026-04-23 14:45:47.756 10 INFO neutron.plugins.ml2.drivers.ovn.mech_driver.mech_driver [None req-f8edf14e-715e-420e-9d3d-b871b2de02c5 - - - - - -] OVN reports status up for port: f596c1a2-28de-46ef-afb3-8d4e1effed2d
2026-04-23 14:45:47.773 10 INFO neutron.plugins.ml2.plugin [None req-f8edf14e-715e-420e-9d3d-b871b2de02c5 - - - - - -] Attempt 1 to provision port f596c1a2-28de-46ef-afb3-8d4e1effed2d
2026-04-23 14:45:47.864 10 WARNING neutron.scheduler.dhcp_agent_scheduler [None req-34ea0aca-a2a9-45d7-a1ee-28838ab536a9 083004d3f23c41c7b4b3826cb5ce06b4 60d37904b0534fe592a6325094de80c3 - - - -] No more DHCP agents
2026-04-23 14:45:47.866 10 WARNING neutron.api.rpc.agentnotifiers.dhcp_rpc_agent_api [None req-34ea0aca-a2a9-45d7-a1ee-28838ab536a9 083004d3f23c41c7b4b3826cb5ce06b4 60d37904b0534fe592a6325094de80c3 - - - -] Unable to schedule network 55cf8f1e-049c-48ee-b15a-724acf2ffb96: no agents available; will retry on subsequent port and subnet creation events.
2026-04-23 14:45:47.930 10 INFO neutron.notifiers.nova [-] Nova event matching ['req-da396490-6dbc-4787-8e81-df4c470b1776'] response: {'server_uuid': 'ee9f23d4-0c30-40e1-afde-7718ceaf2441', 'name': 'network-vif-plugged', 'status': 'completed', 'tag': 'f596c1a2-28de-46ef-afb3-8d4e1effed2d', 'code': 200}
2026-04-23 14:45:48.075 10 INFO neutron.db.ovn_revision_numbers_db [None req-34ea0aca-a2a9-45d7-a1ee-28838ab536a9 083004d3f23c41c7b4b3826cb5ce06b4 60d37904b0534fe592a6325094de80c3 - - - -] Successfully bumped revision number for resource f9ce9ac2-6e0b-491d-8844-90694b94fa1c (type: ports) to 1
2026-04-23 14:45:48.100 10 INFO neutron.wsgi [None req-34ea0aca-a2a9-45d7-a1ee-28838ab536a9 083004d3f23c41c7b4b3826cb5ce06b4 60d37904b0534fe592a6325094de80c3 - - - -] 10.0.0.89 "POST /v2.0/ports HTTP/1.1" status: 201 len: 1151 time: 0.6641695 /var/lib/openstack/lib/python3.10/site-packages/pycadf/identifier.py:71: UserWarning: Invalid uuid: neutron. To ensure interoperability, identifiers should be a valid uuid. warnings.warn(('Invalid uuid: %s. To ensure interoperability, '
2026-04-23 14:45:48.138 10 INFO neutron.db.ovn_revision_numbers_db [None req-f8edf14e-715e-420e-9d3d-b871b2de02c5 - - - - - -] Successfully bumped revision number for resource f596c1a2-28de-46ef-afb3-8d4e1effed2d (type: ports) to 4
2026-04-23 14:45:48.601 10 INFO neutron.plugins.ml2.drivers.ovn.mech_driver.mech_driver [None req-f8edf14e-715e-420e-9d3d-b871b2de02c5 - - - - - -] OVN reports status up for port: f9ce9ac2-6e0b-491d-8844-90694b94fa1c
2026-04-23 14:45:48.611 10 INFO neutron.plugins.ml2.plugin [None req-f8edf14e-715e-420e-9d3d-b871b2de02c5 - - - - - -] Attempt 1 to provision port f9ce9ac2-6e0b-491d-8844-90694b94fa1c
2026-04-23 14:45:48.612 10 INFO neutron.db.ovn_revision_numbers_db [None req-4434ed34-6f0b-4078-a6e4-560e074a5569 083004d3f23c41c7b4b3826cb5ce06b4 60d37904b0534fe592a6325094de80c3 - - default default] Successfully bumped revision number for resource f9ce9ac2-6e0b-491d-8844-90694b94fa1c (type: router_ports) to 2
2026-04-23 14:45:48.739 9 INFO neutron.wsgi [req-0f576377-fed9-4fab-850f-d740081f6458 req-71493a2b-a940-4e48-b84b-ca88c3aa29fe 995a920147de4210b3ee3ffd12345459 250fe91776364fd489bdc540e4877458 - - default default] 10.0.0.17 "GET /v2.0/ports?device_id=ee9f23d4-0c30-40e1-afde-7718ceaf2441 HTTP/1.1" status: 200 len: 1174 time: 0.0378406
2026-04-23 14:45:48.770 9 INFO neutron.wsgi [req-0f576377-fed9-4fab-850f-d740081f6458 req-bef85ebf-a142-474e-9c13-53964263d4a0 995a920147de4210b3ee3ffd12345459 250fe91776364fd489bdc540e4877458 - - default default] 10.0.0.17 "GET /v2.0/security-groups?id=b4c85dde-f996-4698-9df5-1f99200e16b9&fields=id&fields=name HTTP/1.1" status: 200 len: 286 time: 0.0262697
2026-04-23 14:45:48.860 10 INFO neutron.db.ovn_revision_numbers_db [None req-4434ed34-6f0b-4078-a6e4-560e074a5569 083004d3f23c41c7b4b3826cb5ce06b4 60d37904b0534fe592a6325094de80c3 - - default default] Successfully bumped revision number for resource f9ce9ac2-6e0b-491d-8844-90694b94fa1c (type: ports) to 2
2026-04-23 14:45:48.987 10 INFO neutron.db.ovn_revision_numbers_db [None req-f8edf14e-715e-420e-9d3d-b871b2de02c5 - - - - - -] Successfully bumped revision number for resource f9ce9ac2-6e0b-491d-8844-90694b94fa1c (type: ports) to 3 /var/lib/openstack/lib/python3.10/site-packages/pycadf/identifier.py:71: UserWarning: Invalid uuid: neutron. To ensure interoperability, identifiers should be a valid uuid. warnings.warn(('Invalid uuid: %s. To ensure interoperability, '
2026-04-23 14:45:49.146 9 INFO neutron.db.ovn_revision_numbers_db [None req-36b079b0-398a-45df-93be-fe2a9f00fc73 3f903946024040bfa8b7663bd313b45c a102aa7a48764bb59a2190da7e37cd60 - - default default] Successfully bumped revision number for resource 0fd0cecd-71bc-4719-8383-d4ec531f3a49 (type: security_groups) to 1
2026-04-23 14:45:49.161 10 INFO neutron.db.ovn_revision_numbers_db [None req-f8edf14e-715e-420e-9d3d-b871b2de02c5 - - - - - -] Successfully bumped revision number for resource f9ce9ac2-6e0b-491d-8844-90694b94fa1c (type: router_ports) to 3
2026-04-23 14:45:49.176 9 INFO neutron.wsgi [None req-36b079b0-398a-45df-93be-fe2a9f00fc73 3f903946024040bfa8b7663bd313b45c a102aa7a48764bb59a2190da7e37cd60 - - default default] 10.0.0.89 "GET /v2.0/security-groups?tenant_id=0db690f87c034e929a8dad434a151ff9&name=default HTTP/1.1" status: 200 len: 2996 time: 0.3487616
2026-04-23 14:45:49.284 10 INFO neutron.wsgi [req-30f1b883-1c58-4acd-ac3c-87b65e4656af req-0f1cafa4-132e-4d24-8cf1-e5c892fc28e9 995a920147de4210b3ee3ffd12345459 250fe91776364fd489bdc540e4877458 - - default default] 10.0.0.17 "GET /v2.0/ports?device_id=ee9f23d4-0c30-40e1-afde-7718ceaf2441 HTTP/1.1" status: 200 len: 1174 time: 0.2207601
2026-04-23 14:45:49.373 10 INFO neutron.wsgi [req-30f1b883-1c58-4acd-ac3c-87b65e4656af req-5efa4ca7-87a6-4662-bf6c-d5e5a929dbd6 995a920147de4210b3ee3ffd12345459 250fe91776364fd489bdc540e4877458 - - default default] 10.0.0.17 "GET /v2.0/security-groups?id=b4c85dde-f996-4698-9df5-1f99200e16b9&fields=id&fields=name HTTP/1.1" status: 200 len: 286 time: 0.0762632
2026-04-23 14:45:49.445 9 INFO neutron.wsgi [None req-ea594ab7-3b92-479a-9aab-d63c373fc21a 3f903946024040bfa8b7663bd313b45c a102aa7a48764bb59a2190da7e37cd60 - - - -] 10.0.0.89 "DELETE /v2.0/security-groups/0fd0cecd-71bc-4719-8383-d4ec531f3a49 HTTP/1.1" status: 204 len: 168 time: 0.2572801
2026-04-23 14:45:49.454 10 INFO neutron.wsgi [req-10fa867d-799d-4b95-b8ba-114007ecfbbc req-8ace10b8-0711-4b7e-88ac-a3a04a71d4da 995a920147de4210b3ee3ffd12345459 250fe91776364fd489bdc540e4877458 - - default default] 199.204.45.115 "GET /v2.0/ports?device_id=ee9f23d4-0c30-40e1-afde-7718ceaf2441 HTTP/1.1" status: 200 len: 1174 time: 0.0453160
2026-04-23 14:45:50.199 10 INFO neutron.notifiers.nova [-] Nova event matching ['req-7a2d4151-7434-456c-b95d-d4f18e5e6565'] response: {'server_uuid': 'ee9f23d4-0c30-40e1-afde-7718ceaf2441', 'name': 'network-vif-plugged', 'status': 'completed', 'tag': 'f596c1a2-28de-46ef-afb3-8d4e1effed2d', 'code': 200}
2026-04-23 14:45:50.219 10 INFO neutron.db.ovn_revision_numbers_db [None req-4434ed34-6f0b-4078-a6e4-560e074a5569 083004d3f23c41c7b4b3826cb5ce06b4 60d37904b0534fe592a6325094de80c3 - - default default] Successfully bumped revision number for resource f9ce9ac2-6e0b-491d-8844-90694b94fa1c (type: ports) to 4
2026-04-23 14:45:50.290 10 INFO neutron.wsgi [None req-5995002a-ee05-436f-8390-0225a7994bb2 995a920147de4210b3ee3ffd12345459 250fe91776364fd489bdc540e4877458 - - - -] 199.204.45.115 "DELETE /v2.0/ports/f596c1a2-28de-46ef-afb3-8d4e1effed2d HTTP/1.1" status: 204 len: 173 time: 0.8163869
2026-04-23 14:45:50.301 10 WARNING neutron.scheduler.dhcp_agent_scheduler [None req-4434ed34-6f0b-4078-a6e4-560e074a5569 083004d3f23c41c7b4b3826cb5ce06b4 60d37904b0534fe592a6325094de80c3 - - default default] No more DHCP agents
2026-04-23 14:45:50.302 10 WARNING neutron.api.rpc.agentnotifiers.dhcp_rpc_agent_api [None req-4434ed34-6f0b-4078-a6e4-560e074a5569 083004d3f23c41c7b4b3826cb5ce06b4 60d37904b0534fe592a6325094de80c3 - - default default] Unable to schedule network 55cf8f1e-049c-48ee-b15a-724acf2ffb96: no agents available; will retry on subsequent port and subnet creation events. /var/lib/openstack/lib/python3.10/site-packages/pycadf/identifier.py:71: UserWarning: Invalid uuid: neutron. To ensure interoperability, identifiers should be a valid uuid. warnings.warn(('Invalid uuid: %s. To ensure interoperability, '
2026-04-23 14:45:50.502 10 INFO neutron.wsgi [req-1679e32d-6875-4da7-aa45-eb4716fee3b2 req-00c1face-aa72-4ac4-9397-16921f2f9933 995a920147de4210b3ee3ffd12345459 250fe91776364fd489bdc540e4877458 - - default default] 10.0.0.17 "GET /v2.0/ports?device_id=ee9f23d4-0c30-40e1-afde-7718ceaf2441 HTTP/1.1" status: 200 len: 210 time: 0.0470963
2026-04-23 14:45:50.548 10 INFO neutron.db.ovn_revision_numbers_db [None req-4434ed34-6f0b-4078-a6e4-560e074a5569 083004d3f23c41c7b4b3826cb5ce06b4 60d37904b0534fe592a6325094de80c3 - - - -] Successfully bumped revision number for resource f9ce9ac2-6e0b-491d-8844-90694b94fa1c (type: router_ports) to 4
2026-04-23 14:45:50.552 10 INFO neutron.wsgi [None req-4434ed34-6f0b-4078-a6e4-560e074a5569 083004d3f23c41c7b4b3826cb5ce06b4 60d37904b0534fe592a6325094de80c3 - - - -] 10.0.0.89 "PUT /v2.0/routers/795162ab-f374-4265-958a-13d5d482f404/add_router_interface HTTP/1.1" status: 200 len: 503 time: 2.4437940
2026-04-23 14:45:50.608 10 INFO neutron.wsgi [None req-b5ac499f-b354-439f-bede-439b0da4ffd3 083004d3f23c41c7b4b3826cb5ce06b4 60d37904b0534fe592a6325094de80c3 - - default default] 10.0.0.89 "GET /v2.0/ports/f9ce9ac2-6e0b-491d-8844-90694b94fa1c HTTP/1.1" status: 200 len: 1209 time: 0.0509732 /var/lib/openstack/lib/python3.10/site-packages/pycadf/identifier.py:71: UserWarning: Invalid uuid: neutron. To ensure interoperability, identifiers should be a valid uuid. warnings.warn(('Invalid uuid: %s. To ensure interoperability, '
2026-04-23 14:45:51.019 10 INFO neutron.wsgi [req-9849de16-89f4-4617-8071-223f6b936703 req-29cd0010-d5c3-4a8e-84b0-df134bed0f29 7bb31feec19442078dcba2ab0d81b033 ed489075664d440c8109ecbd6715645a - - 24c09196609c49b98def0aa6d6fbc591 24c09196609c49b98def0aa6d6fbc591] 10.0.0.224 "GET /v2.0/ports?device_id=2b811388-3e26-4724-8bfa-2597f7761c9f HTTP/1.1" status: 200 len: 1361 time: 0.0566361
2026-04-23 14:45:51.067 9 INFO neutron.wsgi [-] 10.0.0.96 "GET / HTTP/1.1" status: 200 len: 247 time: 0.0038369
2026-04-23 14:45:51.070 9 INFO neutron.wsgi [-] 10.0.0.96 "GET / HTTP/1.1" status: 200 len: 247 time: 0.0017643
2026-04-23 14:45:51.090 10 INFO neutron.wsgi [req-9849de16-89f4-4617-8071-223f6b936703 req-267bf362-a023-4a2e-bed3-adb9c64c1164 7bb31feec19442078dcba2ab0d81b033 ed489075664d440c8109ecbd6715645a - - 24c09196609c49b98def0aa6d6fbc591 24c09196609c49b98def0aa6d6fbc591] 10.0.0.224 "GET /v2.0/security-groups?id=6fd01634-7154-4417-ad2a-9c8a142b1460&fields=id&fields=name HTTP/1.1" status: 200 len: 313 time: 0.0517066
2026-04-23 14:45:51.446 10 INFO neutron.wsgi [None req-db434e47-9b4e-44c6-a19a-93ea1d306184 083004d3f23c41c7b4b3826cb5ce06b4 60d37904b0534fe592a6325094de80c3 - - - -] 10.0.0.89 "PUT /v2.0/routers/795162ab-f374-4265-958a-13d5d482f404/remove_router_interface HTTP/1.1" status: 200 len: 503 time: 0.8239639 /var/lib/openstack/lib/python3.10/site-packages/pycadf/identifier.py:71: UserWarning: Invalid uuid: neutron. To ensure interoperability, identifiers should be a valid uuid. warnings.warn(('Invalid uuid: %s. To ensure interoperability, '
2026-04-23 14:45:51.554 10 INFO neutron.api.v2.resource [None req-db67ab3b-f0c4-4ba6-9c4c-c4732668083d 083004d3f23c41c7b4b3826cb5ce06b4 60d37904b0534fe592a6325094de80c3 - - default default] remove_router_interface failed (client error): The resource could not be found.
2026-04-23 14:45:51.556 10 INFO neutron.wsgi [None req-db67ab3b-f0c4-4ba6-9c4c-c4732668083d 083004d3f23c41c7b4b3826cb5ce06b4 60d37904b0534fe592a6325094de80c3 - - default default] 10.0.0.89 "PUT /v2.0/routers/795162ab-f374-4265-958a-13d5d482f404/remove_router_interface HTTP/1.1" status: 404 len: 398 time: 0.1044245
2026-04-23 14:45:51.594 9 INFO neutron.wsgi [None req-f06e96ab-6ac2-49bf-a126-1440f8440a9c 083004d3f23c41c7b4b3826cb5ce06b4 60d37904b0534fe592a6325094de80c3 - - default default] 10.0.0.89 "GET /v2.0/ports?device_id=795162ab-f374-4265-958a-13d5d482f404 HTTP/1.1" status: 200 len: 205 time: 0.0302479
2026-04-23 14:45:51.855 9 INFO neutron.wsgi [None req-c53f6553-b6f7-4cab-a1cb-5417d1890f0a 083004d3f23c41c7b4b3826cb5ce06b4 60d37904b0534fe592a6325094de80c3 - - - -] 10.0.0.89 "DELETE /v2.0/routers/795162ab-f374-4265-958a-13d5d482f404 HTTP/1.1" status: 204 len: 168 time: 0.2564960
2026-04-23 14:45:52.095 9 INFO neutron.wsgi [None req-97680d6b-2847-49db-84d4-921e5dde3d0d 083004d3f23c41c7b4b3826cb5ce06b4 60d37904b0534fe592a6325094de80c3 - - - -] 10.0.0.89 "DELETE /v2.0/subnets/60c15342-2f66-4323-9db8-f61132db8cf3 HTTP/1.1" status: 204 len: 168 time: 0.2277939
2026-04-23 14:45:52.264 10 INFO neutron.notifiers.nova [-] Nova event matching ['req-5cc8ae58-2e56-4422-ab67-c4ecbb6948cb'] response: {'server_uuid': 'ee9f23d4-0c30-40e1-afde-7718ceaf2441', 'name': 'network-vif-deleted', 'tag': 'f596c1a2-28de-46ef-afb3-8d4e1effed2d', 'status': 'completed', 'code': 200}
2026-04-23 14:45:52.474 9 INFO neutron.services.segments.plugin [-] Segment 5255036c-ae6e-4209-8d04-ded59190bf5d resource provider aggregate not found
2026-04-23 14:45:52.479 9 INFO neutron.services.segments.plugin [-] Segment 5255036c-ae6e-4209-8d04-ded59190bf5d resource provider aggregate not found
2026-04-23 14:45:52.501 9 INFO neutron.services.segments.plugin [-] Segment 5255036c-ae6e-4209-8d04-ded59190bf5d resource provider not found; error: Placement Client Error (4xx): {"errors": [{"status": 404, "title": "Not Found", "detail": "The resource could not be found.\n\n No resource provider with uuid 5255036c-ae6e-4209-8d04-ded59190bf5d found for delete ", "request_id": "req-8bac5e65-aeaf-4d28-8ae0-043c956978c9"}]}
2026-04-23 14:45:52.502 9 INFO neutron.services.segments.plugin [-] Segment 5255036c-ae6e-4209-8d04-ded59190bf5d resource provider not found; error: Placement Client Error (4xx): {"errors": [{"status": 404, "title": "Not Found", "detail": "The resource could not be found.\n\n No resource provider with uuid 5255036c-ae6e-4209-8d04-ded59190bf5d found for delete ", "request_id": "req-6d9d886f-1cc1-4cd9-a430-7048f29c3f8d"}]}
2026-04-23 14:45:52.546 9 INFO neutron.wsgi [None req-455c54d6-2064-4bc5-a888-b5e067354f26 083004d3f23c41c7b4b3826cb5ce06b4 60d37904b0534fe592a6325094de80c3 - - - -] 10.0.0.89 "DELETE /v2.0/networks/55cf8f1e-049c-48ee-b15a-724acf2ffb96 HTTP/1.1" status: 204 len: 168 time: 0.4432595
2026-04-23 14:45:52.647 9 INFO neutron.db.segments_db [None req-ef0ac7c2-f494-4bd1-ad90-573b755e40af 083004d3f23c41c7b4b3826cb5ce06b4 60d37904b0534fe592a6325094de80c3 - - - -] Added segment 2b16d7a5-4bb7-440b-9ee9-e3e4f754a9ee of type geneve for network 4f97eea7-2f61-4bc9-b1e2-6421c580a177
2026-04-23 14:45:52.787 9 INFO neutron.db.ovn_revision_numbers_db [None req-ef0ac7c2-f494-4bd1-ad90-573b755e40af 083004d3f23c41c7b4b3826cb5ce06b4 60d37904b0534fe592a6325094de80c3 - - - -] Successfully bumped revision number for resource 4f97eea7-2f61-4bc9-b1e2-6421c580a177 (type: networks) to 1
2026-04-23 14:45:52.836 10 INFO neutron.wsgi [None req-b89aa4b5-d67b-4ffe-ab83-f9fd0a24777e 3f903946024040bfa8b7663bd313b45c a102aa7a48764bb59a2190da7e37cd60 - - - -] 10.0.0.89 "PUT /v2.0/routers/63e28021-c780-4e77-bc8e-ea6fdbd625f0/remove_router_interface HTTP/1.1" status: 200 len: 503 time: 1.2522647 /var/lib/openstack/lib/python3.10/site-packages/pycadf/identifier.py:71: UserWarning: Invalid uuid: neutron. To ensure interoperability, identifiers should be a valid uuid. warnings.warn(('Invalid uuid: %s. To ensure interoperability, '
2026-04-23 14:45:53.007 9 WARNING neutron.scheduler.dhcp_agent_scheduler [None req-ef0ac7c2-f494-4bd1-ad90-573b755e40af 083004d3f23c41c7b4b3826cb5ce06b4 60d37904b0534fe592a6325094de80c3 - - - -] No more DHCP agents
2026-04-23 14:45:53.010 9 WARNING neutron.api.rpc.agentnotifiers.dhcp_rpc_agent_api [None req-ef0ac7c2-f494-4bd1-ad90-573b755e40af 083004d3f23c41c7b4b3826cb5ce06b4 60d37904b0534fe592a6325094de80c3 - - - -] Unable to schedule network 4f97eea7-2f61-4bc9-b1e2-6421c580a177: no agents available; will retry on subsequent port and subnet creation events.
2026-04-23 14:45:53.089 9 INFO neutron.db.ovn_revision_numbers_db [None req-ef0ac7c2-f494-4bd1-ad90-573b755e40af 083004d3f23c41c7b4b3826cb5ce06b4 60d37904b0534fe592a6325094de80c3 - - - -] Successfully bumped revision number for resource 64b8f785-9b6b-4b1d-aafd-792ec3873bda (type: ports) to 1
2026-04-23 14:45:53.108 9 INFO neutron.wsgi [None req-ef0ac7c2-f494-4bd1-ad90-573b755e40af 083004d3f23c41c7b4b3826cb5ce06b4 60d37904b0534fe592a6325094de80c3 - - - -] 10.0.0.89 "POST /v2.0/networks HTTP/1.1" status: 201 len: 828 time: 0.5556712
2026-04-23 14:45:53.375 9 WARNING neutron.scheduler.dhcp_agent_scheduler [None req-fb2c3337-184f-43a3-8a70-d7c5f8af8c7d 083004d3f23c41c7b4b3826cb5ce06b4 60d37904b0534fe592a6325094de80c3 - - - -] No more DHCP agents
2026-04-23 14:45:53.377 9 WARNING neutron.api.rpc.agentnotifiers.dhcp_rpc_agent_api [None req-fb2c3337-184f-43a3-8a70-d7c5f8af8c7d 083004d3f23c41c7b4b3826cb5ce06b4 60d37904b0534fe592a6325094de80c3 - - - -] Unable to schedule network 4f97eea7-2f61-4bc9-b1e2-6421c580a177: no agents available; will retry on subsequent port and subnet creation events.
2026-04-23 14:45:53.864 9 INFO neutron.db.ovn_revision_numbers_db [None req-fb2c3337-184f-43a3-8a70-d7c5f8af8c7d 083004d3f23c41c7b4b3826cb5ce06b4 60d37904b0534fe592a6325094de80c3 - - - -] Successfully bumped revision number for resource 64b8f785-9b6b-4b1d-aafd-792ec3873bda (type: ports) to 2
2026-04-23 14:45:53.884 9 INFO neutron.db.ovn_revision_numbers_db [None req-fb2c3337-184f-43a3-8a70-d7c5f8af8c7d 083004d3f23c41c7b4b3826cb5ce06b4 60d37904b0534fe592a6325094de80c3 - - - -] Successfully bumped revision number for resource 028b3fc1-b5bb-4f37-8f9f-253422ddcb1e (type: subnets) to 0
2026-04-23 14:45:53.885 10 INFO neutron.wsgi [None req-daadc312-ce29-48e5-8948-119becf365f6 3f903946024040bfa8b7663bd313b45c a102aa7a48764bb59a2190da7e37cd60 - - - -] 10.0.0.89 "DELETE /v2.0/routers/63e28021-c780-4e77-bc8e-ea6fdbd625f0 HTTP/1.1" status: 204 len: 168 time: 1.0405076
2026-04-23 14:45:53.914 9 INFO neutron.wsgi [None req-fb2c3337-184f-43a3-8a70-d7c5f8af8c7d 083004d3f23c41c7b4b3826cb5ce06b4 60d37904b0534fe592a6325094de80c3 - - - -] 10.0.0.89 "POST /v2.0/subnets HTTP/1.1" status: 201 len: 801 time: 0.8003225
2026-04-23 14:45:54.090 9 INFO neutron.wsgi [None req-0b9a2243-8fdb-4525-be1d-5bc295e9c486 3f903946024040bfa8b7663bd313b45c a102aa7a48764bb59a2190da7e37cd60 - - - -] 10.0.0.89 "DELETE /v2.0/subnets/cf5997bb-0ce5-47a1-be5b-1f3b65ac0bd1 HTTP/1.1" status: 204 len: 168 time: 0.2022905
2026-04-23 14:45:54.097 10 INFO neutron.db.ovn_revision_numbers_db [None req-c71b5430-d500-4d8c-ab54-0289ad6474a7 083004d3f23c41c7b4b3826cb5ce06b4 60d37904b0534fe592a6325094de80c3 - - - -] Successfully bumped revision number for resource 8e24ce5d-fb7f-46a2-90ea-8d8aa573c633 (type: routers) to 1
2026-04-23 14:45:54.117 10 INFO neutron.wsgi [None req-c71b5430-d500-4d8c-ab54-0289ad6474a7 083004d3f23c41c7b4b3826cb5ce06b4 60d37904b0534fe592a6325094de80c3 - - - -] 10.0.0.89 "POST /v2.0/routers HTTP/1.1" status: 201 len: 686 time: 0.1963570
2026-04-23 14:45:54.227 10 WARNING neutron.plugins.ml2.drivers.ovn.mech_driver.ovsdb.ovn_client [None req-f8edf14e-715e-420e-9d3d-b871b2de02c5 - - - - - -] No port found with ID f9ce9ac2-6e0b-491d-8844-90694b94fa1c: RuntimeError: No port found with ID f9ce9ac2-6e0b-491d-8844-90694b94fa1c
2026-04-23 14:45:54.227 10 INFO neutron.plugins.ml2.drivers.ovn.mech_driver.mech_driver [None req-f8edf14e-715e-420e-9d3d-b871b2de02c5 - - - - - -] OVN reports status down for port: f596c1a2-28de-46ef-afb3-8d4e1effed2d
2026-04-23 14:45:54.521 9 INFO neutron.wsgi [None req-443e3f66-56ec-4784-ac61-731eaacf2da8 3f903946024040bfa8b7663bd313b45c a102aa7a48764bb59a2190da7e37cd60 - - - -] 10.0.0.89 "DELETE /v2.0/networks/3a0e05c7-a628-4983-a84b-855c495a8007 HTTP/1.1" status: 204 len: 168 time: 0.4253082
2026-04-23 14:45:54.533 9 INFO neutron.services.segments.plugin [-] Segment 070cdc19-3e8a-491e-bddc-a032294e0782 resource provider aggregate not found
2026-04-23 14:45:54.538 9 INFO neutron.services.segments.plugin [-] Segment 070cdc19-3e8a-491e-bddc-a032294e0782 resource provider aggregate not found
2026-04-23 14:45:54.553 9 INFO neutron.services.segments.plugin [-] Segment 070cdc19-3e8a-491e-bddc-a032294e0782 resource provider not found; error: Placement Client Error (4xx): {"errors": [{"status": 404, "title": "Not Found", "detail": "The resource could not be found.\n\n No resource provider with uuid 070cdc19-3e8a-491e-bddc-a032294e0782 found for delete ", "request_id": "req-bc3eb261-3634-4ad1-af74-2ec10acc8d13"}]}
2026-04-23 14:45:54.554 9 INFO neutron.services.segments.plugin [-] Segment 070cdc19-3e8a-491e-bddc-a032294e0782 resource provider not found; error: Placement Client Error (4xx): {"errors": [{"status": 404, "title": "Not Found", "detail": "The resource could not be found.\n\n No resource provider with uuid 070cdc19-3e8a-491e-bddc-a032294e0782 found for delete ", "request_id": "req-095cc32a-f46c-4e11-b571-75391f24d8ca"}]}
2026-04-23 14:45:54.596 10 WARNING neutron.scheduler.dhcp_agent_scheduler [None req-78e6e0c3-f4d9-437d-9314-67985e284e1a 083004d3f23c41c7b4b3826cb5ce06b4 60d37904b0534fe592a6325094de80c3 - - default default] No more DHCP agents
2026-04-23 14:45:54.599 10 WARNING neutron.api.rpc.agentnotifiers.dhcp_rpc_agent_api [None req-78e6e0c3-f4d9-437d-9314-67985e284e1a 083004d3f23c41c7b4b3826cb5ce06b4 60d37904b0534fe592a6325094de80c3 - - default default] Unable to schedule network 4f97eea7-2f61-4bc9-b1e2-6421c580a177: no agents available; will retry on subsequent port and subnet creation events.
2026-04-23 14:45:54.733 9 INFO neutron.wsgi [None req-2ba55465-20b7-45af-bf95-9a9cc5f1a227 3f903946024040bfa8b7663bd313b45c a102aa7a48764bb59a2190da7e37cd60 - - default default] 10.0.0.89 "GET /v2.0/security-groups?tenant_id=250fe91776364fd489bdc540e4877458&name=default HTTP/1.1" status: 200 len: 2996 time: 0.0355856
2026-04-23 14:45:54.746 10 INFO neutron.db.ovn_revision_numbers_db [None req-78e6e0c3-f4d9-437d-9314-67985e284e1a 083004d3f23c41c7b4b3826cb5ce06b4 60d37904b0534fe592a6325094de80c3 - - default default] Successfully bumped revision number for resource 73b1e8c6-e8e9-41d4-92f6-5582faa336b2 (type: ports) to 1
2026-04-23 14:45:54.920 9 INFO neutron.wsgi [None req-68e0d5db-fd58-47f1-b36e-0a827a2d28a5 3f903946024040bfa8b7663bd313b45c a102aa7a48764bb59a2190da7e37cd60 - - - -] 10.0.0.89 "DELETE /v2.0/security-groups/b4c85dde-f996-4698-9df5-1f99200e16b9 HTTP/1.1" status: 204 len: 168 time: 0.1806211
2026-04-23 14:45:55.138 10 INFO neutron.plugins.ml2.drivers.ovn.mech_driver.mech_driver [None req-f8edf14e-715e-420e-9d3d-b871b2de02c5 - - - - - -] OVN reports status up for port: 73b1e8c6-e8e9-41d4-92f6-5582faa336b2
2026-04-23 14:45:55.146 10 INFO neutron.plugins.ml2.plugin [None req-f8edf14e-715e-420e-9d3d-b871b2de02c5 - - - - - -] Attempt 1 to provision port 73b1e8c6-e8e9-41d4-92f6-5582faa336b2
2026-04-23 14:45:55.162 10 INFO neutron.db.ovn_revision_numbers_db [None req-78e6e0c3-f4d9-437d-9314-67985e284e1a 083004d3f23c41c7b4b3826cb5ce06b4 60d37904b0534fe592a6325094de80c3 - - default default] Successfully bumped revision number for resource 73b1e8c6-e8e9-41d4-92f6-5582faa336b2 (type: router_ports) to 2
2026-04-23 14:45:55.349 10 INFO neutron.db.ovn_revision_numbers_db [None req-78e6e0c3-f4d9-437d-9314-67985e284e1a 083004d3f23c41c7b4b3826cb5ce06b4 60d37904b0534fe592a6325094de80c3 - - default default] Successfully bumped revision number for resource 73b1e8c6-e8e9-41d4-92f6-5582faa336b2 (type: ports) to 2
2026-04-23 14:45:55.444 10 WARNING neutron.scheduler.dhcp_agent_scheduler [None req-78e6e0c3-f4d9-437d-9314-67985e284e1a 083004d3f23c41c7b4b3826cb5ce06b4 60d37904b0534fe592a6325094de80c3 - - default default] No more DHCP agents
2026-04-23 14:45:55.447 10 WARNING neutron.api.rpc.agentnotifiers.dhcp_rpc_agent_api [None req-78e6e0c3-f4d9-437d-9314-67985e284e1a 083004d3f23c41c7b4b3826cb5ce06b4 60d37904b0534fe592a6325094de80c3 - - default default] Unable to schedule network 4f97eea7-2f61-4bc9-b1e2-6421c580a177: no agents available; will retry on subsequent port and subnet creation events.
2026-04-23 14:45:55.461 10 INFO neutron.db.ovn_revision_numbers_db [None req-f8edf14e-715e-420e-9d3d-b871b2de02c5 - - - - - -] Successfully bumped revision number for resource 73b1e8c6-e8e9-41d4-92f6-5582faa336b2 (type: ports) to 3
2026-04-23 14:45:55.847 10 INFO neutron.db.ovn_revision_numbers_db [None req-f8edf14e-715e-420e-9d3d-b871b2de02c5 - - - - - -] Successfully bumped revision number for resource 73b1e8c6-e8e9-41d4-92f6-5582faa336b2 (type: router_ports) to 3
2026-04-23 14:45:55.886 10 INFO neutron.db.ovn_revision_numbers_db [None req-78e6e0c3-f4d9-437d-9314-67985e284e1a 083004d3f23c41c7b4b3826cb5ce06b4 60d37904b0534fe592a6325094de80c3 - - - -] Successfully bumped revision number for resource 73b1e8c6-e8e9-41d4-92f6-5582faa336b2 (type: router_ports) to 3
2026-04-23 14:45:55.889 10 INFO neutron.wsgi [None req-78e6e0c3-f4d9-437d-9314-67985e284e1a 083004d3f23c41c7b4b3826cb5ce06b4 60d37904b0534fe592a6325094de80c3 - - - -] 10.0.0.89 "PUT /v2.0/routers/8e24ce5d-fb7f-46a2-90ea-8d8aa573c633/add_router_interface HTTP/1.1" status: 200 len: 503 time: 1.7661409
2026-04-23 14:45:55.928 9 INFO neutron.wsgi [None req-f3e01c1b-e7f2-45cc-9df5-71012d8fa912 083004d3f23c41c7b4b3826cb5ce06b4 60d37904b0534fe592a6325094de80c3 - - default default] 10.0.0.89 "GET /v2.0/ports/73b1e8c6-e8e9-41d4-92f6-5582faa336b2 HTTP/1.1" status: 200 len: 1137 time: 0.0346291
2026-04-23 14:45:55.967 9 INFO neutron.wsgi [None req-da3d37ae-f8a6-4b85-b146-cfbe71dadab8 083004d3f23c41c7b4b3826cb5ce06b4 60d37904b0534fe592a6325094de80c3 - - default default] 10.0.0.89 "GET /v2.0/ports/73b1e8c6-e8e9-41d4-92f6-5582faa336b2 HTTP/1.1" status: 200 len: 1137 time: 0.0346241
2026-04-23 14:45:56.254 9 INFO neutron.wsgi [req-0c1e4d42-b006-4a71-99eb-0096f1981abd req-cb658f38-7584-497d-b83a-e407edb30d0f e19b6dfa593b4dfda59e7d4eaeb8d330 e8e61d2686674709858fd48f18a33a76 - - default default] 10.0.0.17 "GET /v2.0/ports?device_id=2b811388-3e26-4724-8bfa-2597f7761c9f HTTP/1.1" status: 200 len: 1170 time: 0.1347282
2026-04-23 14:45:56.300 9 INFO neutron.wsgi [req-0c1e4d42-b006-4a71-99eb-0096f1981abd req-d7a4dc09-9237-4616-b299-6449d5c9c3bc e19b6dfa593b4dfda59e7d4eaeb8d330 e8e61d2686674709858fd48f18a33a76 - - default default] 10.0.0.17 "GET /v2.0/security-groups?id=6fd01634-7154-4417-ad2a-9c8a142b1460&fields=id&fields=name HTTP/1.1" status: 200 len: 313 time: 0.0406454
2026-04-23 14:45:56.458 10 INFO neutron.wsgi [req-60147747-4433-4c3a-bab8-c2dd548100f4 req-8755d475-413f-4712-ad63-71b40376fa2b e19b6dfa593b4dfda59e7d4eaeb8d330 e8e61d2686674709858fd48f18a33a76 - - default default] 10.0.0.17 "GET /v2.0/ports?device_id=2b811388-3e26-4724-8bfa-2597f7761c9f HTTP/1.1" status: 200 len: 1170 time: 0.0929556
2026-04-23 14:45:56.504 10 INFO neutron.wsgi [req-60147747-4433-4c3a-bab8-c2dd548100f4 req-996d91ca-c00c-4a5f-8d9e-e9af6cfacdcf e19b6dfa593b4dfda59e7d4eaeb8d330 e8e61d2686674709858fd48f18a33a76 - - default default] 10.0.0.17 "GET /v2.0/security-groups?id=6fd01634-7154-4417-ad2a-9c8a142b1460&fields=id&fields=name HTTP/1.1" status: 200 len: 313 time: 0.0390024
2026-04-23 14:45:56.742 9 INFO neutron.wsgi [None req-f8606f32-21f4-4e4c-9f55-999eeb2a78db 083004d3f23c41c7b4b3826cb5ce06b4 60d37904b0534fe592a6325094de80c3 - - - -] 10.0.0.89 "PUT /v2.0/routers/8e24ce5d-fb7f-46a2-90ea-8d8aa573c633/remove_router_interface HTTP/1.1" status: 200 len: 503 time: 0.7721598 /var/lib/openstack/lib/python3.10/site-packages/pycadf/identifier.py:71: UserWarning: Invalid uuid: neutron. To ensure interoperability, identifiers should be a valid uuid. warnings.warn(('Invalid uuid: %s. To ensure interoperability, '
2026-04-23 14:45:56.777 9 INFO neutron.wsgi [None req-0d060f63-0dd5-48af-8657-0f096fc46980 083004d3f23c41c7b4b3826cb5ce06b4 60d37904b0534fe592a6325094de80c3 - - default default] 10.0.0.89 "GET /v2.0/ports?device_id=8e24ce5d-fb7f-46a2-90ea-8d8aa573c633 HTTP/1.1" status: 200 len: 205 time: 0.0303319
2026-04-23 14:45:56.848 10 INFO neutron.wsgi [req-63cf4b4f-b8c0-420a-8a91-3f6fd205cba8 req-822390e8-3b46-489f-9d26-2154809f1d13 e19b6dfa593b4dfda59e7d4eaeb8d330 e8e61d2686674709858fd48f18a33a76 - - default default] 10.0.0.17 "GET /v2.0/ports?device_id=2b811388-3e26-4724-8bfa-2597f7761c9f HTTP/1.1" status: 200 len: 1170 time: 0.0498586
2026-04-23 14:45:56.862 10 INFO neutron.wsgi [req-880430e7-e901-4468-ac5d-f394bc6ce26a req-85c0978e-2fb1-4bdc-b00e-de5cff3371d2 7bb31feec19442078dcba2ab0d81b033 ed489075664d440c8109ecbd6715645a - - 24c09196609c49b98def0aa6d6fbc591 24c09196609c49b98def0aa6d6fbc591] 199.204.45.115 "GET /v2.0/ports?tenant_id=e8e61d2686674709858fd48f18a33a76&device_id=2b811388-3e26-4724-8bfa-2597f7761c9f HTTP/1.1" status: 200 len: 1361 time: 0.0609996
2026-04-23 14:45:56.908 10 INFO neutron.wsgi [req-63cf4b4f-b8c0-420a-8a91-3f6fd205cba8 req-32b94e19-7ae7-4c59-9929-a0a5651b566e e19b6dfa593b4dfda59e7d4eaeb8d330 e8e61d2686674709858fd48f18a33a76 - - default default] 10.0.0.17 "GET /v2.0/security-groups?id=6fd01634-7154-4417-ad2a-9c8a142b1460&fields=id&fields=name HTTP/1.1" status: 200 len: 313 time: 0.0499866
2026-04-23 14:45:56.950 10 INFO neutron.wsgi [req-880430e7-e901-4468-ac5d-f394bc6ce26a req-3428fac5-2458-471d-8fb6-91281eeebebb 7bb31feec19442078dcba2ab0d81b033 ed489075664d440c8109ecbd6715645a - - 24c09196609c49b98def0aa6d6fbc591 24c09196609c49b98def0aa6d6fbc591] 199.204.45.115 "GET /v2.0/networks?id=a1a8e88f-97a4-428f-b1bb-74a3421d574a HTTP/1.1" status: 200 len: 972 time: 0.0792856
2026-04-23 14:45:57.004 10 INFO neutron.wsgi [req-880430e7-e901-4468-ac5d-f394bc6ce26a req-3a4eb59d-8c30-45cf-8d2c-a501dbbc6f98 7bb31feec19442078dcba2ab0d81b033 ed489075664d440c8109ecbd6715645a - - 24c09196609c49b98def0aa6d6fbc591 24c09196609c49b98def0aa6d6fbc591] 199.204.45.115 "GET /v2.0/floatingips?fixed_ip_address=10.100.0.4&port_id=0550e0ae-cf49-446a-b6e9-5412d072b835 HTTP/1.1" status: 200 len: 1059 time: 0.0482168
2026-04-23 14:45:57.044 10 INFO neutron.wsgi [req-880430e7-e901-4468-ac5d-f394bc6ce26a req-ba8c2d56-6529-4aa0-8df4-8eca14415a61 7bb31feec19442078dcba2ab0d81b033 ed489075664d440c8109ecbd6715645a - - 24c09196609c49b98def0aa6d6fbc591 24c09196609c49b98def0aa6d6fbc591] 199.204.45.115 "GET /v2.0/subnets?id=96f885b2-640f-404e-82a2-a0c74a668ae9 HTTP/1.1" status: 200 len: 867 time: 0.0347726
2026-04-23 14:45:57.092 10 INFO neutron.wsgi [req-880430e7-e901-4468-ac5d-f394bc6ce26a req-55bd38e7-0252-4092-93d7-08aa8c831f8f 7bb31feec19442078dcba2ab0d81b033 ed489075664d440c8109ecbd6715645a - - 24c09196609c49b98def0aa6d6fbc591 24c09196609c49b98def0aa6d6fbc591] 199.204.45.115 "GET /v2.0/ports?network_id=a1a8e88f-97a4-428f-b1bb-74a3421d574a&device_owner=network%3Adhcp HTTP/1.1" status: 200 len: 210 time: 0.0262175
2026-04-23 14:45:57.169 10 INFO neutron.wsgi [req-880430e7-e901-4468-ac5d-f394bc6ce26a req-6a2a86a4-1093-42f7-bbef-1425be1a863f 7bb31feec19442078dcba2ab0d81b033 ed489075664d440c8109ecbd6715645a - - 24c09196609c49b98def0aa6d6fbc591 24c09196609c49b98def0aa6d6fbc591] 199.204.45.115 "GET /v2.0/networks/a1a8e88f-97a4-428f-b1bb-74a3421d574a?fields=segments HTTP/1.1" status: 200 len: 212 time: 0.0719497
2026-04-23 14:45:57.231 10 INFO neutron.wsgi [req-880430e7-e901-4468-ac5d-f394bc6ce26a req-a02a7d99-79c2-410b-9ae5-64a690cb1723 7bb31feec19442078dcba2ab0d81b033 ed489075664d440c8109ecbd6715645a - - 24c09196609c49b98def0aa6d6fbc591 24c09196609c49b98def0aa6d6fbc591] 199.204.45.115 "GET /v2.0/networks/a1a8e88f-97a4-428f-b1bb-74a3421d574a?fields=provider%3Aphysical_network&fields=provider%3Anetwork_type HTTP/1.1" status: 200 len: 277 time: 0.0573740
2026-04-23 14:45:57.301 9 INFO neutron.wsgi [None req-a305348d-73ae-4526-8549-e288416a5a34 083004d3f23c41c7b4b3826cb5ce06b4 60d37904b0534fe592a6325094de80c3 - - - -] 10.0.0.89 "DELETE /v2.0/routers/8e24ce5d-fb7f-46a2-90ea-8d8aa573c633 HTTP/1.1" status: 204 len: 168 time: 0.5207260
2026-04-23 14:45:57.461 9 INFO neutron.plugins.ml2.drivers.ovn.mech_driver.mech_driver [None req-f496c3af-8c07-4e18-bd94-e5c9949d118f - - - - - -] OVN reports status down for port: 0550e0ae-cf49-446a-b6e9-5412d072b835
2026-04-23 14:45:57.566 9 INFO neutron.wsgi [None req-1c4161b4-7331-421f-8190-d314f992aa01 083004d3f23c41c7b4b3826cb5ce06b4 60d37904b0534fe592a6325094de80c3 - - - -] 10.0.0.89 "DELETE /v2.0/subnets/028b3fc1-b5bb-4f37-8f9f-253422ddcb1e HTTP/1.1" status: 204 len: 168 time: 0.2601731
2026-04-23 14:45:57.635 9 INFO neutron.notifiers.nova [-] Nova event matching ['req-e466f9b9-f6da-4984-857f-51352abd068b'] response: {'server_uuid': '2b811388-3e26-4724-8bfa-2597f7761c9f', 'name': 'network-vif-unplugged', 'status': 'completed', 'tag': '0550e0ae-cf49-446a-b6e9-5412d072b835', 'code': 200}
2026-04-23 14:45:57.784 9 INFO neutron.db.ovn_revision_numbers_db [None req-f496c3af-8c07-4e18-bd94-e5c9949d118f - - - - - -] Successfully bumped revision number for resource 0550e0ae-cf49-446a-b6e9-5412d072b835 (type: ports) to 5
2026-04-23 14:45:57.979 10 INFO neutron.services.segments.plugin [-] Segment 2b16d7a5-4bb7-440b-9ee9-e3e4f754a9ee resource provider aggregate not found
