2026-04-23 14:44:42.307 9 INFO neutron.plugins.ml2.drivers.ovn.mech_driver.mech_driver [None req-f496c3af-8c07-4e18-bd94-e5c9949d118f - - - - - -] OVN reports status up for port: 50b1bbf9-10e1-4b5e-a3cb-8f4652ca8846
2026-04-23 14:44:42.368 9 INFO neutron.plugins.ml2.plugin [None req-f496c3af-8c07-4e18-bd94-e5c9949d118f - - - - - -] Attempt 1 to provision port 50b1bbf9-10e1-4b5e-a3cb-8f4652ca8846
2026-04-23 14:44:42.851 10 INFO neutron.db.ovn_revision_numbers_db [None req-fad82f3e-bee0-4cdc-a127-3dc1bff72b2a 3f903946024040bfa8b7663bd313b45c a102aa7a48764bb59a2190da7e37cd60 - - - -] Successfully bumped revision number for resource 65d65a83-14ee-4ef0-958e-c37a4bc34a62 (type: security_groups) to 1
2026-04-23 14:44:42.921 9 INFO neutron.db.ovn_revision_numbers_db [None req-f496c3af-8c07-4e18-bd94-e5c9949d118f - - - - - -] Successfully bumped revision number for resource 50b1bbf9-10e1-4b5e-a3cb-8f4652ca8846 (type: ports) to 4
2026-04-23 14:44:42.933 10 INFO neutron.db.segments_db [None req-fad82f3e-bee0-4cdc-a127-3dc1bff72b2a 3f903946024040bfa8b7663bd313b45c a102aa7a48764bb59a2190da7e37cd60 - - - -] Added segment 0757a81f-d948-4946-88f8-8f3808734671 of type geneve for network a2b5d05f-2dd6-449d-b25c-ebf7119ce342
2026-04-23 14:44:43.086 10 INFO neutron.db.ovn_revision_numbers_db [None req-fad82f3e-bee0-4cdc-a127-3dc1bff72b2a 3f903946024040bfa8b7663bd313b45c a102aa7a48764bb59a2190da7e37cd60 - - - -] Successfully bumped revision number for resource a2b5d05f-2dd6-449d-b25c-ebf7119ce342 (type: networks) to 1 /var/lib/openstack/lib/python3.10/site-packages/pycadf/identifier.py:71: UserWarning: Invalid uuid: neutron. To ensure interoperability, identifiers should be a valid uuid. warnings.warn(('Invalid uuid: %s. To ensure interoperability, '
2026-04-23 14:44:43.181 10 INFO neutron.plugins.ml2.drivers.ovn.mech_driver.mech_driver [None req-f8edf14e-715e-420e-9d3d-b871b2de02c5 - - - - - -] OVN reports status up for port: 74786789-737d-42b3-82db-8a250eb1472e
2026-04-23 14:44:43.195 9 INFO neutron.notifiers.nova [-] Nova event matching ['req-0b7bda08-3cc7-49f3-aad4-fcabdef3be3f'] response: {'server_uuid': '595eb5b1-f23e-4529-9261-b978d351a435', 'name': 'network-vif-plugged', 'status': 'completed', 'tag': '50b1bbf9-10e1-4b5e-a3cb-8f4652ca8846', 'code': 200}
2026-04-23 14:44:43.207 9 INFO neutron.db.ovn_revision_numbers_db [None req-60a09508-5c3c-48b4-9c9b-d4cbd7375e9b 3f903946024040bfa8b7663bd313b45c a102aa7a48764bb59a2190da7e37cd60 - - - -] Successfully bumped revision number for resource 74786789-737d-42b3-82db-8a250eb1472e (type: router_ports) to 1
2026-04-23 14:44:43.218 9 INFO neutron.wsgi [req-d4aee319-a40a-418d-8a65-55a669dd11c7 req-6f6fce18-fbf7-4808-b4dc-c379c5db93c4 62e96514e7e641a79dea30336dd993f0 8bce4148b2d141c984c6d6d7d2a5391c - - default default] 10.0.0.17 "GET /v2.0/ports?device_id=595eb5b1-f23e-4529-9261-b978d351a435 HTTP/1.1" status: 200 len: 1174 time: 0.0477114
2026-04-23 14:44:43.236 9 INFO neutron.plugins.ml2.drivers.ovn.mech_driver.ovsdb.ovsdb_monitor [None req-b458aeb0-2288-4672-a1dd-6ea9d47d650a - - - - - -] Router 85b61505-024c-49ca-ac1d-a940c4c7c027 is bound to host instance
2026-04-23 14:44:43.246 10 INFO neutron.plugins.ml2.plugin [None req-f8edf14e-715e-420e-9d3d-b871b2de02c5 - - - - - -] Attempt 1 to provision port 74786789-737d-42b3-82db-8a250eb1472e
2026-04-23 14:44:43.302 9 INFO neutron.wsgi [req-d4aee319-a40a-418d-8a65-55a669dd11c7 req-0ef1f1f4-948a-45d7-b8c7-cc090611ea0f 62e96514e7e641a79dea30336dd993f0 8bce4148b2d141c984c6d6d7d2a5391c - - default default] 10.0.0.17 "GET /v2.0/security-groups?id=c36e8890-c3e6-43bb-ad9f-723031d7c3da&fields=id&fields=name HTTP/1.1" status: 200 len: 313 time: 0.0758979
2026-04-23 14:44:43.305 10 WARNING neutron.scheduler.dhcp_agent_scheduler [None req-fad82f3e-bee0-4cdc-a127-3dc1bff72b2a 3f903946024040bfa8b7663bd313b45c a102aa7a48764bb59a2190da7e37cd60 - - - -] No more DHCP agents
2026-04-23 14:44:43.308 10 WARNING neutron.api.rpc.agentnotifiers.dhcp_rpc_agent_api [None req-fad82f3e-bee0-4cdc-a127-3dc1bff72b2a 3f903946024040bfa8b7663bd313b45c a102aa7a48764bb59a2190da7e37cd60 - - - -] Unable to schedule network a2b5d05f-2dd6-449d-b25c-ebf7119ce342: no agents available; will retry on subsequent port and subnet creation events.
2026-04-23 14:44:43.370 9 INFO neutron.db.ovn_revision_numbers_db [None req-60a09508-5c3c-48b4-9c9b-d4cbd7375e9b 3f903946024040bfa8b7663bd313b45c a102aa7a48764bb59a2190da7e37cd60 - - - -] Successfully bumped revision number for resource 85b61505-024c-49ca-ac1d-a940c4c7c027 (type: routers) to 3
2026-04-23 14:44:43.401 9 INFO neutron.wsgi [None req-60a09508-5c3c-48b4-9c9b-d4cbd7375e9b 3f903946024040bfa8b7663bd313b45c a102aa7a48764bb59a2190da7e37cd60 - - - -] 10.0.0.89 "POST /v2.0/routers HTTP/1.1" status: 201 len: 880 time: 1.9400265
2026-04-23 14:44:43.405 10 INFO neutron.db.ovn_revision_numbers_db [None req-fad82f3e-bee0-4cdc-a127-3dc1bff72b2a 3f903946024040bfa8b7663bd313b45c a102aa7a48764bb59a2190da7e37cd60 - - - -] Successfully bumped revision number for resource 8897785e-b537-4e4a-8ae0-2df21d899351 (type: ports) to 1
2026-04-23 14:44:43.475 10 INFO neutron.wsgi [None req-fad82f3e-bee0-4cdc-a127-3dc1bff72b2a 3f903946024040bfa8b7663bd313b45c a102aa7a48764bb59a2190da7e37cd60 - - - -] 10.0.0.89 "POST /v2.0/networks HTTP/1.1" status: 201 len: 953 time: 1.0686662
2026-04-23 14:44:43.741 9 WARNING neutron.scheduler.dhcp_agent_scheduler [None req-d5a952c6-6673-46aa-b295-7070f75529cc 3f903946024040bfa8b7663bd313b45c a102aa7a48764bb59a2190da7e37cd60 - - - -] No more DHCP agents
2026-04-23 14:44:43.750 9 WARNING neutron.api.rpc.agentnotifiers.dhcp_rpc_agent_api [None req-d5a952c6-6673-46aa-b295-7070f75529cc 3f903946024040bfa8b7663bd313b45c a102aa7a48764bb59a2190da7e37cd60 - - - -] Unable to schedule network a2b5d05f-2dd6-449d-b25c-ebf7119ce342: no agents available; will retry on subsequent port and subnet creation events.
2026-04-23 14:44:43.855 10 WARNING neutron.scheduler.dhcp_agent_scheduler [None req-fcf8cdbe-83ae-4e8a-9040-2d785826b97b 3f903946024040bfa8b7663bd313b45c a102aa7a48764bb59a2190da7e37cd60 - - default default] No more DHCP agents
2026-04-23 14:44:43.859 10 WARNING neutron.api.rpc.agentnotifiers.dhcp_rpc_agent_api [None req-fcf8cdbe-83ae-4e8a-9040-2d785826b97b 3f903946024040bfa8b7663bd313b45c a102aa7a48764bb59a2190da7e37cd60 - - default default] Unable to schedule network 3b926f6e-12fa-48bf-828c-fd4fca6187be: no agents available; will retry on subsequent port and subnet creation events.
2026-04-23 14:44:44.032 10 INFO neutron.wsgi [None req-b5801a00-d5eb-4918-8680-b65a575058bb 3f903946024040bfa8b7663bd313b45c a102aa7a48764bb59a2190da7e37cd60 - - default default] 10.0.0.246 "GET /v2.0/floatingips HTTP/1.1" status: 200 len: 730 time: 0.2730901
2026-04-23 14:44:44.085 10 INFO neutron.db.ovn_revision_numbers_db [None req-fcf8cdbe-83ae-4e8a-9040-2d785826b97b 3f903946024040bfa8b7663bd313b45c a102aa7a48764bb59a2190da7e37cd60 - - default default] Successfully bumped revision number for resource fd49e34a-efd3-4e10-9ef0-99290ddb3248 (type: ports) to 1
2026-04-23 14:44:44.101 9 INFO neutron.db.ovn_revision_numbers_db [None req-b458aeb0-2288-4672-a1dd-6ea9d47d650a - - - - - -] Successfully bumped revision number for resource 74786789-737d-42b3-82db-8a250eb1472e (type: ports) to 1
2026-04-23 14:44:44.132 10 INFO neutron.wsgi [None req-07fe6b60-3d7b-4bbd-896b-c4339d694707 3f903946024040bfa8b7663bd313b45c a102aa7a48764bb59a2190da7e37cd60 - - default default] 10.0.0.246 "GET /v2.0/networks HTTP/1.1" status: 200 len: 4637 time: 0.0988638
2026-04-23 14:44:44.183 10 INFO neutron.wsgi [None req-1c5dd946-70da-4b73-a09e-a4996c102c5f 3f903946024040bfa8b7663bd313b45c a102aa7a48764bb59a2190da7e37cd60 - - default default] 10.0.0.246 "GET /v2.0/ports HTTP/1.1" status: 200 len: 14564 time: 0.0426261
2026-04-23 14:44:44.213 10 INFO neutron.wsgi [None req-aab083c2-78ad-4079-8577-2673bb49cba3 3f903946024040bfa8b7663bd313b45c a102aa7a48764bb59a2190da7e37cd60 - - default default] 10.0.0.246 "GET /v2.0/network-ip-availabilities HTTP/1.1" status: 200 len: 2724 time: 0.0236268
2026-04-23 14:44:44.223 10 INFO neutron.wsgi [None req-24358a4b-090f-4698-ac5b-e54e88e1e32c 3f903946024040bfa8b7663bd313b45c a102aa7a48764bb59a2190da7e37cd60 - - default default] 10.0.0.246 "GET /v2.0/agents HTTP/1.1" status: 200 len: 997 time: 0.0083845
2026-04-23 14:44:44.268 10 INFO neutron.wsgi [None req-6f309284-72cc-4b4d-affb-3895b553a7b3 3f903946024040bfa8b7663bd313b45c a102aa7a48764bb59a2190da7e37cd60 - - default default] 10.0.0.246 "GET /v2.0/subnets HTTP/1.1" status: 200 len: 3413 time: 0.0434670
2026-04-23 14:44:44.545 9 INFO neutron.db.ovn_revision_numbers_db [None req-b458aeb0-2288-4672-a1dd-6ea9d47d650a - - - - - -] Successfully bumped revision number for resource 74786789-737d-42b3-82db-8a250eb1472e (type: router_ports) to 3
2026-04-23 14:44:44.574 9 INFO neutron.db.ovn_revision_numbers_db [None req-d5a952c6-6673-46aa-b295-7070f75529cc 3f903946024040bfa8b7663bd313b45c a102aa7a48764bb59a2190da7e37cd60 - - - -] Successfully bumped revision number for resource 8897785e-b537-4e4a-8ae0-2df21d899351 (type: ports) to 2
2026-04-23 14:44:44.588 10 INFO neutron.wsgi [req-7cf4dcf6-646d-4a63-b38c-748fc20c96f3 req-92ae8803-c83b-4d70-b869-4e2e128493b8 62e96514e7e641a79dea30336dd993f0 8bce4148b2d141c984c6d6d7d2a5391c - - default default] 10.0.0.17 "GET /v2.0/ports?device_id=595eb5b1-f23e-4529-9261-b978d351a435 HTTP/1.1" status: 200 len: 1174 time: 0.0769107
2026-04-23 14:44:44.614 9 INFO neutron.db.ovn_revision_numbers_db [None req-d5a952c6-6673-46aa-b295-7070f75529cc 3f903946024040bfa8b7663bd313b45c a102aa7a48764bb59a2190da7e37cd60 - - - -] Successfully bumped revision number for resource 9c7466af-b837-452d-b0cd-58131c929eb3 (type: subnets) to 0
2026-04-23 14:44:44.636 9 INFO neutron.wsgi [None req-d5a952c6-6673-46aa-b295-7070f75529cc 3f903946024040bfa8b7663bd313b45c a102aa7a48764bb59a2190da7e37cd60 - - - -] 10.0.0.89 "POST /v2.0/subnets HTTP/1.1" status: 201 len: 874 time: 1.1553121
2026-04-23 14:44:44.651 10 INFO neutron.wsgi [None req-a9755d0e-5315-4cf8-bb14-c36a2f5938bd 3f903946024040bfa8b7663bd313b45c a102aa7a48764bb59a2190da7e37cd60 - - default default] 10.0.0.246 "GET /v2.0/routers HTTP/1.1" status: 200 len: 1534 time: 0.3811111
2026-04-23 14:44:44.667 10 INFO neutron.wsgi [req-7cf4dcf6-646d-4a63-b38c-748fc20c96f3 req-2e4a2aa2-db67-4575-ba2c-e0d6e3b0db40 62e96514e7e641a79dea30336dd993f0 8bce4148b2d141c984c6d6d7d2a5391c - - default default] 10.0.0.17 "GET /v2.0/security-groups?id=c36e8890-c3e6-43bb-ad9f-723031d7c3da&fields=id&fields=name HTTP/1.1" status: 200 len: 313 time: 0.0645008
2026-04-23 14:44:44.670 10 INFO neutron.wsgi [None req-df7abfce-a202-4cf8-84c0-2e0cd9e8ab60 3f903946024040bfa8b7663bd313b45c a102aa7a48764bb59a2190da7e37cd60 - - default default] 10.0.0.246 "GET /v2.0/agents?binary=ovn-controller HTTP/1.1" status: 200 len: 591 time: 0.0167019
2026-04-23 14:44:44.725 9 INFO neutron.db.ovn_revision_numbers_db [None req-b458aeb0-2288-4672-a1dd-6ea9d47d650a - - - - - -] Successfully bumped revision number for resource 74786789-737d-42b3-82db-8a250eb1472e (type: ports) to 2
2026-04-23 14:44:44.788 10 INFO neutron.wsgi [None req-5b9b996d-4d12-4d85-bc98-7d4fde5276ec 3f903946024040bfa8b7663bd313b45c a102aa7a48764bb59a2190da7e37cd60 - - default default] 10.0.0.246 "GET /v2.0/security-groups HTTP/1.1" status: 200 len: 27874 time: 0.1142871
2026-04-23 14:44:44.833 10 INFO neutron.wsgi [None req-b03a413a-92f9-464b-8121-77aba9ae673a 3f903946024040bfa8b7663bd313b45c a102aa7a48764bb59a2190da7e37cd60 - - default default] 10.0.0.246 "GET /v2.0/subnets HTTP/1.1" status: 200 len: 3413 time: 0.0398777
2026-04-23 14:44:44.846 10 INFO neutron.wsgi [None req-a85538d7-96d8-4432-9ab0-e773f2236fdd 3f903946024040bfa8b7663bd313b45c a102aa7a48764bb59a2190da7e37cd60 - - default default] 10.0.0.246 "GET /v2.0/subnetpools HTTP/1.1" status: 200 len: 193 time: 0.0104823
2026-04-23 14:44:44.941 10 INFO neutron.db.ovn_revision_numbers_db [None req-fcf8cdbe-83ae-4e8a-9040-2d785826b97b 3f903946024040bfa8b7663bd313b45c a102aa7a48764bb59a2190da7e37cd60 - - default default] Successfully bumped revision number for resource fd49e34a-efd3-4e10-9ef0-99290ddb3248 (type: router_ports) to 2
2026-04-23 14:44:45.072 9 INFO neutron.wsgi [req-dbc2a4a8-328f-48b0-a12f-4df765be524e req-0792e0c3-bb06-4737-93bd-6da24058f5b2 62e96514e7e641a79dea30336dd993f0 8bce4148b2d141c984c6d6d7d2a5391c - - default default] 10.0.0.17 "GET /v2.0/ports?device_id=595eb5b1-f23e-4529-9261-b978d351a435 HTTP/1.1" status: 200 len: 1174 time: 0.3121362
2026-04-23 14:44:45.167 10 INFO neutron.db.ovn_revision_numbers_db [None req-fcf8cdbe-83ae-4e8a-9040-2d785826b97b 3f903946024040bfa8b7663bd313b45c a102aa7a48764bb59a2190da7e37cd60 - - default default] Successfully bumped revision number for resource fd49e34a-efd3-4e10-9ef0-99290ddb3248 (type: ports) to 2
2026-04-23 14:44:45.240 9 INFO neutron.notifiers.nova [-] Nova event matching ['req-9db90ff7-1cf9-4b32-8eb9-38dc9bbcefd9'] response: {'server_uuid': '595eb5b1-f23e-4529-9261-b978d351a435', 'name': 'network-vif-plugged', 'status': 'completed', 'tag': '50b1bbf9-10e1-4b5e-a3cb-8f4652ca8846', 'code': 200}
2026-04-23 14:44:45.286 9 INFO neutron.db.ovn_revision_numbers_db [None req-b458aeb0-2288-4672-a1dd-6ea9d47d650a - - - - - -] Successfully bumped revision number for resource 74786789-737d-42b3-82db-8a250eb1472e (type: ports) to 4
2026-04-23 14:44:45.360 10 WARNING neutron.scheduler.dhcp_agent_scheduler [None req-fcf8cdbe-83ae-4e8a-9040-2d785826b97b 3f903946024040bfa8b7663bd313b45c a102aa7a48764bb59a2190da7e37cd60 - - default default] No more DHCP agents
2026-04-23 14:44:45.362 10 WARNING neutron.api.rpc.agentnotifiers.dhcp_rpc_agent_api [None req-fcf8cdbe-83ae-4e8a-9040-2d785826b97b 3f903946024040bfa8b7663bd313b45c a102aa7a48764bb59a2190da7e37cd60 - - default default] Unable to schedule network 3b926f6e-12fa-48bf-828c-fd4fca6187be: no agents available; will retry on subsequent port and subnet creation events.
2026-04-23 14:44:45.480 10 INFO neutron.db.l3_db [None req-48bff15e-ae5b-4edd-b1b4-a33af4e97656 62e96514e7e641a79dea30336dd993f0 8bce4148b2d141c984c6d6d7d2a5391c - - - -] Floating IP 2a41baff-9af7-4141-ad26-210d9f5e938d associated. External IP: 10.96.250.210, port: 50b1bbf9-10e1-4b5e-a3cb-8f4652ca8846.
2026-04-23 14:44:45.507 9 WARNING neutron.scheduler.dhcp_agent_scheduler [None req-b3086f9a-8441-4a2c-bc48-8ee338db801b 3f903946024040bfa8b7663bd313b45c a102aa7a48764bb59a2190da7e37cd60 - - - -] No more DHCP agents
2026-04-23 14:44:45.509 9 WARNING neutron.api.rpc.agentnotifiers.dhcp_rpc_agent_api [None req-b3086f9a-8441-4a2c-bc48-8ee338db801b 3f903946024040bfa8b7663bd313b45c a102aa7a48764bb59a2190da7e37cd60 - - - -] Unable to schedule network 51d4d460-1f33-4ecb-a78d-546d539c0a0a: no agents available; will retry on subsequent port and subnet creation events.
2026-04-23 14:44:45.614 9 INFO neutron.db.ovn_revision_numbers_db [None req-b458aeb0-2288-4672-a1dd-6ea9d47d650a - - - - - -] Successfully bumped revision number for resource 74786789-737d-42b3-82db-8a250eb1472e (type: router_ports) to 4
2026-04-23 14:44:45.690 9 INFO neutron.db.ovn_revision_numbers_db [None req-b3086f9a-8441-4a2c-bc48-8ee338db801b 3f903946024040bfa8b7663bd313b45c a102aa7a48764bb59a2190da7e37cd60 - - - -] Successfully bumped revision number for resource a00a7aa9-9ed8-46c0-9fb0-6faaf0d6dea1 (type: ports) to 1
2026-04-23 14:44:45.922 10 INFO neutron.db.ovn_revision_numbers_db [None req-48bff15e-ae5b-4edd-b1b4-a33af4e97656 62e96514e7e641a79dea30336dd993f0 8bce4148b2d141c984c6d6d7d2a5391c - - - -] Successfully bumped revision number for resource 2a41baff-9af7-4141-ad26-210d9f5e938d (type: floatingips) to 1
2026-04-23 14:44:46.045 10 INFO neutron.db.ovn_revision_numbers_db [None req-48bff15e-ae5b-4edd-b1b4-a33af4e97656 62e96514e7e641a79dea30336dd993f0 8bce4148b2d141c984c6d6d7d2a5391c - - - -] Successfully bumped revision number for resource 2a41baff-9af7-4141-ad26-210d9f5e938d (type: floatingips) to 2
2026-04-23 14:44:46.071 10 INFO neutron.wsgi [None req-48bff15e-ae5b-4edd-b1b4-a33af4e97656 62e96514e7e641a79dea30336dd993f0 8bce4148b2d141c984c6d6d7d2a5391c - - - -] 10.0.0.89 "PUT /v2.0/floatingips/2a41baff-9af7-4141-ad26-210d9f5e938d HTTP/1.1" status: 200 len: 1050 time: 0.9882822
2026-04-23 14:44:46.124 10 INFO neutron.notifiers.nova [-] Nova event matching ['req-0e243cf0-7f52-4d65-80eb-bd18ab4b5760'] response: {'name': 'network-changed', 'server_uuid': '595eb5b1-f23e-4529-9261-b978d351a435', 'tag': '50b1bbf9-10e1-4b5e-a3cb-8f4652ca8846', 'status': 'completed', 'code': 200}
2026-04-23 14:44:46.209 10 INFO neutron.plugins.ml2.drivers.ovn.mech_driver.mech_driver [None req-f8edf14e-715e-420e-9d3d-b871b2de02c5 - - - - - -] OVN reports status up for port: fd49e34a-efd3-4e10-9ef0-99290ddb3248
2026-04-23 14:44:46.251 10 INFO neutron.plugins.ml2.plugin [None req-f8edf14e-715e-420e-9d3d-b871b2de02c5 - - - - - -] Attempt 1 to provision port fd49e34a-efd3-4e10-9ef0-99290ddb3248
2026-04-23 14:44:46.279 10 INFO neutron.wsgi [req-0d2d2a6b-e63e-47f6-9082-adec0bbb3c13 req-817d02d5-d196-4a5f-9628-c9fc52e98498 7bb31feec19442078dcba2ab0d81b033 ed489075664d440c8109ecbd6715645a - - 24c09196609c49b98def0aa6d6fbc591 24c09196609c49b98def0aa6d6fbc591] 199.204.45.115 "GET /v2.0/ports?tenant_id=8bce4148b2d141c984c6d6d7d2a5391c&device_id=595eb5b1-f23e-4529-9261-b978d351a435 HTTP/1.1" status: 200 len: 1365 time: 0.1176562
2026-04-23 14:44:46.358 9 INFO neutron.wsgi [req-e2c10f1a-c1c8-4b47-9f9f-d62f224d6701 req-50757d56-0cf4-43f6-a11a-376dfcea72f6 62e96514e7e641a79dea30336dd993f0 8bce4148b2d141c984c6d6d7d2a5391c - - default default] 10.0.0.17 "GET /v2.0/ports?device_id=595eb5b1-f23e-4529-9261-b978d351a435 HTTP/1.1" status: 200 len: 1174 time: 0.0422876
2026-04-23 14:44:46.402 10 INFO neutron.wsgi [req-0d2d2a6b-e63e-47f6-9082-adec0bbb3c13 req-8da05657-36c5-485d-b2ad-9b3724d67a3c 7bb31feec19442078dcba2ab0d81b033 ed489075664d440c8109ecbd6715645a - - 24c09196609c49b98def0aa6d6fbc591 24c09196609c49b98def0aa6d6fbc591] 199.204.45.115 "GET /v2.0/networks?id=e4612dc2-e673-49aa-aedf-848b24493a52 HTTP/1.1" status: 200 len: 968 time: 0.1053197
2026-04-23 14:44:46.432 9 INFO neutron.wsgi [req-e2c10f1a-c1c8-4b47-9f9f-d62f224d6701 req-1bc379bf-6527-4db5-8e60-d06a6d45b9d3 62e96514e7e641a79dea30336dd993f0 8bce4148b2d141c984c6d6d7d2a5391c - - default default] 10.0.0.17 "GET /v2.0/security-groups?id=c36e8890-c3e6-43bb-ad9f-723031d7c3da&fields=id&fields=name HTTP/1.1" status: 200 len: 313 time: 0.0518584
2026-04-23 14:44:46.494 10 INFO neutron.wsgi [req-0d2d2a6b-e63e-47f6-9082-adec0bbb3c13 req-1bb301d0-af3b-4847-a33c-c7b588c95b32 7bb31feec19442078dcba2ab0d81b033 ed489075664d440c8109ecbd6715645a - - 24c09196609c49b98def0aa6d6fbc591 24c09196609c49b98def0aa6d6fbc591] 199.204.45.115 "GET /v2.0/floatingips?fixed_ip_address=10.100.0.12&port_id=50b1bbf9-10e1-4b5e-a3cb-8f4652ca8846 HTTP/1.1" status: 200 len: 1060 time: 0.0875936
2026-04-23 14:44:46.546 9 INFO neutron.plugins.ml2.drivers.ovn.mech_driver.mech_driver [None req-f496c3af-8c07-4e18-bd94-e5c9949d118f - - - - - -] OVN reports status up for port: a00a7aa9-9ed8-46c0-9fb0-6faaf0d6dea1
2026-04-23 14:44:46.562 9 INFO neutron.plugins.ml2.plugin [None req-f496c3af-8c07-4e18-bd94-e5c9949d118f - - - - - -] Attempt 1 to provision port a00a7aa9-9ed8-46c0-9fb0-6faaf0d6dea1
2026-04-23 14:44:46.569 10 INFO neutron.wsgi [req-0d2d2a6b-e63e-47f6-9082-adec0bbb3c13 req-a09b7a5c-b45c-4566-a7f0-c688febe0646 7bb31feec19442078dcba2ab0d81b033 ed489075664d440c8109ecbd6715645a - - 24c09196609c49b98def0aa6d6fbc591 24c09196609c49b98def0aa6d6fbc591] 199.204.45.115 "GET /v2.0/subnets?id=38f39ba3-ac31-4552-a740-65b184eb7053 HTTP/1.1" status: 200 len: 863 time: 0.0658922
2026-04-23 14:44:46.571 10 INFO neutron.plugins.ml2.drivers.ovn.mech_driver.ovsdb.ovsdb_monitor [None req-a39b4492-3768-4b24-8370-98e0f134c13c - - - - - -] Router b985ec3d-b4b1-4331-9ef5-78f597b2d9ab is bound to host instance
2026-04-23 14:44:46.585 9 INFO neutron.db.ovn_revision_numbers_db [None req-b3086f9a-8441-4a2c-bc48-8ee338db801b 3f903946024040bfa8b7663bd313b45c a102aa7a48764bb59a2190da7e37cd60 - - - -] Successfully bumped revision number for resource a00a7aa9-9ed8-46c0-9fb0-6faaf0d6dea1 (type: router_ports) to 1
2026-04-23 14:44:46.607 10 INFO neutron.db.ovn_revision_numbers_db [None req-fcf8cdbe-83ae-4e8a-9040-2d785826b97b 3f903946024040bfa8b7663bd313b45c a102aa7a48764bb59a2190da7e37cd60 - - - -] Successfully bumped revision number for resource fd49e34a-efd3-4e10-9ef0-99290ddb3248 (type: router_ports) to 2
2026-04-23 14:44:46.609 10 INFO neutron.wsgi [None req-fcf8cdbe-83ae-4e8a-9040-2d785826b97b 3f903946024040bfa8b7663bd313b45c a102aa7a48764bb59a2190da7e37cd60 - - - -] 10.0.0.89 "PUT /v2.0/routers/85b61505-024c-49ca-ac1d-a940c4c7c027/add_router_interface HTTP/1.1" status: 200 len: 503 time: 3.2009082
2026-04-23 14:44:46.614 10 INFO neutron.wsgi [req-0d2d2a6b-e63e-47f6-9082-adec0bbb3c13 req-a19caa4b-bc44-42a0-8195-4d7476e8e87b 7bb31feec19442078dcba2ab0d81b033 ed489075664d440c8109ecbd6715645a - - 24c09196609c49b98def0aa6d6fbc591 24c09196609c49b98def0aa6d6fbc591] 199.204.45.115 "GET /v2.0/ports?network_id=e4612dc2-e673-49aa-aedf-848b24493a52&device_owner=network%3Adhcp HTTP/1.1" status: 200 len: 210 time: 0.0388534
2026-04-23 14:44:46.690 9 INFO neutron.db.ovn_revision_numbers_db [None req-b3086f9a-8441-4a2c-bc48-8ee338db801b 3f903946024040bfa8b7663bd313b45c a102aa7a48764bb59a2190da7e37cd60 - - - -] Successfully bumped revision number for resource b985ec3d-b4b1-4331-9ef5-78f597b2d9ab (type: routers) to 3
2026-04-23 14:44:46.702 9 INFO neutron.wsgi [None req-b3086f9a-8441-4a2c-bc48-8ee338db801b 3f903946024040bfa8b7663bd313b45c a102aa7a48764bb59a2190da7e37cd60 - - - -] 10.0.0.89 "POST /v2.0/routers HTTP/1.1" status: 201 len: 885 time: 2.0560052
2026-04-23 14:44:46.760 10 INFO neutron.wsgi [req-0d2d2a6b-e63e-47f6-9082-adec0bbb3c13 req-d66208a2-76d0-4757-bbb8-9ba3ff6edf8c 7bb31feec19442078dcba2ab0d81b033 ed489075664d440c8109ecbd6715645a - - 24c09196609c49b98def0aa6d6fbc591 24c09196609c49b98def0aa6d6fbc591] 199.204.45.115 "GET /v2.0/networks/e4612dc2-e673-49aa-aedf-848b24493a52?fields=segments HTTP/1.1" status: 200 len: 212 time: 0.1373131
2026-04-23 14:44:47.294 9 WARNING neutron.scheduler.dhcp_agent_scheduler [None req-f0d91c99-2ece-49c1-9637-3c048bc335ef 3f903946024040bfa8b7663bd313b45c a102aa7a48764bb59a2190da7e37cd60 - - default default] No more DHCP agents
2026-04-23 14:44:47.300 9 WARNING neutron.api.rpc.agentnotifiers.dhcp_rpc_agent_api [None req-f0d91c99-2ece-49c1-9637-3c048bc335ef 3f903946024040bfa8b7663bd313b45c a102aa7a48764bb59a2190da7e37cd60 - - default default] Unable to schedule network a2b5d05f-2dd6-449d-b25c-ebf7119ce342: no agents available; will retry on subsequent port and subnet creation events.
2026-04-23 14:44:47.318 10 INFO neutron.wsgi [req-0d2d2a6b-e63e-47f6-9082-adec0bbb3c13 req-0189509a-173e-4c7e-829e-e2db1c419e67 7bb31feec19442078dcba2ab0d81b033 ed489075664d440c8109ecbd6715645a - - 24c09196609c49b98def0aa6d6fbc591 24c09196609c49b98def0aa6d6fbc591] 199.204.45.115 "GET /v2.0/networks/e4612dc2-e673-49aa-aedf-848b24493a52?fields=provider%3Aphysical_network&fields=provider%3Anetwork_type HTTP/1.1" status: 200 len: 277 time: 0.5317533
2026-04-23 14:44:47.325 9 INFO neutron.db.ovn_revision_numbers_db [None req-f58228bd-88a6-4fba-b271-488c052836bd 3f903946024040bfa8b7663bd313b45c a102aa7a48764bb59a2190da7e37cd60 - - default default] Successfully bumped revision number for resource 05bed05b-adee-4850-8def-e26f3a4737e6 (type: security_groups) to 1
2026-04-23 14:44:47.360 9 INFO neutron.wsgi [None req-f58228bd-88a6-4fba-b271-488c052836bd 3f903946024040bfa8b7663bd313b45c a102aa7a48764bb59a2190da7e37cd60 - - default default] 10.0.0.89 "GET /v2.0/security-groups?tenant_id=65f581603c3d47c597c435bc7bcdfc66&name=default HTTP/1.1" status: 200 len: 2996 time: 0.4492610
2026-04-23 14:44:47.388 10 INFO neutron.db.ovn_revision_numbers_db [None req-f8edf14e-715e-420e-9d3d-b871b2de02c5 - - - - - -] Successfully bumped revision number for resource fd49e34a-efd3-4e10-9ef0-99290ddb3248 (type: ports) to 3
2026-04-23 14:44:47.390 9 INFO neutron.db.ovn_revision_numbers_db [None req-5a106b0f-a4c8-4197-a8bc-c29ed16c59b4 921a9d0252e745ce9caa657372f5bb58 73e9a4bd797c42f08c9218147c367751 - - - -] Successfully bumped revision number for resource 58aa17fa-ec95-4432-8412-c6a785f565ad (type: security_groups) to 1
2026-04-23 14:44:47.407 10 INFO neutron.wsgi [req-33b23fc6-50ae-4c7f-88ef-044845389139 req-9587acc2-c7f8-4615-92e1-e11c62d5df17 62e96514e7e641a79dea30336dd993f0 8bce4148b2d141c984c6d6d7d2a5391c - - default default] 10.0.0.17 "GET /v2.0/ports?device_id=595eb5b1-f23e-4529-9261-b978d351a435 HTTP/1.1" status: 200 len: 1174 time: 0.5744936
2026-04-23 14:44:47.421 9 INFO neutron.wsgi [None req-5a106b0f-a4c8-4197-a8bc-c29ed16c59b4 921a9d0252e745ce9caa657372f5bb58 73e9a4bd797c42f08c9218147c367751 - - - -] 10.0.0.89 "POST /v2.0/security-groups HTTP/1.1" status: 201 len: 1795 time: 0.2192655
2026-04-23 14:44:47.440 10 INFO neutron.wsgi [req-1993cd77-8d71-4b0e-8ca4-ec5757c83e3e req-1802d531-a4d2-4caf-b9a8-e12769128ef0 62e96514e7e641a79dea30336dd993f0 8bce4148b2d141c984c6d6d7d2a5391c - - default default] 199.204.45.115 "GET /v2.0/ports?device_id=595eb5b1-f23e-4529-9261-b978d351a435 HTTP/1.1" status: 200 len: 1174 time: 0.2217383
2026-04-23 14:44:47.508 9 INFO neutron.db.ovn_revision_numbers_db [None req-f0d91c99-2ece-49c1-9637-3c048bc335ef 3f903946024040bfa8b7663bd313b45c a102aa7a48764bb59a2190da7e37cd60 - - default default] Successfully bumped revision number for resource a33f84d3-fd45-4c29-8612-b1b778776547 (type: ports) to 1
2026-04-23 14:44:47.578 10 INFO neutron.wsgi [req-33b23fc6-50ae-4c7f-88ef-044845389139 req-1dfe42b1-0837-4644-b019-1541dcfaff91 62e96514e7e641a79dea30336dd993f0 8bce4148b2d141c984c6d6d7d2a5391c - - default default] 10.0.0.17 "GET /v2.0/security-groups?id=c36e8890-c3e6-43bb-ad9f-723031d7c3da&fields=id&fields=name HTTP/1.1" status: 200 len: 313 time: 0.1596911
2026-04-23 14:44:47.655 9 INFO neutron.wsgi [None req-438b50e9-607f-4532-857d-153ac22b87ef 3f903946024040bfa8b7663bd313b45c a102aa7a48764bb59a2190da7e37cd60 - - - -] 10.0.0.89 "DELETE /v2.0/security-groups/05bed05b-adee-4850-8def-e26f3a4737e6 HTTP/1.1" status: 204 len: 168 time: 0.2836401
2026-04-23 14:44:47.756 10 INFO neutron.db.ovn_revision_numbers_db [None req-f8edf14e-715e-420e-9d3d-b871b2de02c5 - - - - - -] Successfully bumped revision number for resource fd49e34a-efd3-4e10-9ef0-99290ddb3248 (type: router_ports) to 3
2026-04-23 14:44:47.915 10 INFO neutron.db.ovn_revision_numbers_db [None req-50fe598d-d19f-4efe-ba17-67e0313ac63b 921a9d0252e745ce9caa657372f5bb58 73e9a4bd797c42f08c9218147c367751 - - - -] Successfully bumped revision number for resource 3fc27c37-b337-4228-b71b-870f1b1d634f (type: security_group_rules) to 0
2026-04-23 14:44:48.042 10 INFO neutron.wsgi [None req-50fe598d-d19f-4efe-ba17-67e0313ac63b 921a9d0252e745ce9caa657372f5bb58 73e9a4bd797c42f08c9218147c367751 - - - -] 10.0.0.89 "POST /v2.0/security-group-rules HTTP/1.1" status: 201 len: 764 time: 0.6089106
2026-04-23 14:44:48.126 9 INFO neutron.db.ovn_revision_numbers_db [None req-f0d91c99-2ece-49c1-9637-3c048bc335ef 3f903946024040bfa8b7663bd313b45c a102aa7a48764bb59a2190da7e37cd60 - - default default] Successfully bumped revision number for resource a33f84d3-fd45-4c29-8612-b1b778776547 (type: router_ports) to 2
2026-04-23 14:44:48.215 9 INFO neutron.db.ovn_revision_numbers_db [None req-11d4af16-efb1-4a00-9942-794c3a80bcae 921a9d0252e745ce9caa657372f5bb58 73e9a4bd797c42f08c9218147c367751 - - - -] Successfully bumped revision number for resource 5588fbef-baf3-4df3-b025-d269acd6fbbf (type: security_group_rules) to 0
2026-04-23 14:44:48.260 9 INFO neutron.wsgi [None req-11d4af16-efb1-4a00-9942-794c3a80bcae 921a9d0252e745ce9caa657372f5bb58 73e9a4bd797c42f08c9218147c367751 - - - -] 10.0.0.89 "POST /v2.0/security-group-rules HTTP/1.1" status: 201 len: 769 time: 0.2088873
2026-04-23 14:44:48.313 9 INFO neutron.db.ovn_revision_numbers_db [None req-f0d91c99-2ece-49c1-9637-3c048bc335ef 3f903946024040bfa8b7663bd313b45c a102aa7a48764bb59a2190da7e37cd60 - - default default] Successfully bumped revision number for resource a33f84d3-fd45-4c29-8612-b1b778776547 (type: ports) to 2
2026-04-23 14:44:48.440 9 WARNING neutron.scheduler.dhcp_agent_scheduler [None req-f0d91c99-2ece-49c1-9637-3c048bc335ef 3f903946024040bfa8b7663bd313b45c a102aa7a48764bb59a2190da7e37cd60 - - default default] No more DHCP agents
2026-04-23 14:44:48.441 9 WARNING neutron.api.rpc.agentnotifiers.dhcp_rpc_agent_api [None req-f0d91c99-2ece-49c1-9637-3c048bc335ef 3f903946024040bfa8b7663bd313b45c a102aa7a48764bb59a2190da7e37cd60 - - default default] Unable to schedule network a2b5d05f-2dd6-449d-b25c-ebf7119ce342: no agents available; will retry on subsequent port and subnet creation events.
2026-04-23 14:44:48.467 10 INFO neutron.db.ovn_revision_numbers_db [None req-9bbfb7e1-045b-47fe-8089-f448019832da 3f903946024040bfa8b7663bd313b45c a102aa7a48764bb59a2190da7e37cd60 - - default default] Successfully bumped revision number for resource e265c7bc-adc2-4c4c-a892-293225e0adfa (type: security_groups) to 1
2026-04-23 14:44:48.514 10 INFO neutron.wsgi [None req-9bbfb7e1-045b-47fe-8089-f448019832da 3f903946024040bfa8b7663bd313b45c a102aa7a48764bb59a2190da7e37cd60 - - default default] 10.0.0.89 "GET /v2.0/security-groups?tenant_id=0f580b7aa5da4325ad8631eaf5b2842c&name=default HTTP/1.1" status: 200 len: 2996 time: 0.7130785
2026-04-23 14:44:48.546 10 INFO neutron.db.l3_db [None req-d4fb8d70-3c98-4171-8a25-090dff623aca 62e96514e7e641a79dea30336dd993f0 8bce4148b2d141c984c6d6d7d2a5391c - - - -] Floating IP 2a41baff-9af7-4141-ad26-210d9f5e938d disassociated. External IP: 10.96.250.210, port: 50b1bbf9-10e1-4b5e-a3cb-8f4652ca8846.
2026-04-23 14:44:48.671 9 WARNING neutron.scheduler.dhcp_agent_scheduler [None req-1f974dac-e507-4880-a704-b682b987c2b5 921a9d0252e745ce9caa657372f5bb58 73e9a4bd797c42f08c9218147c367751 - - - -] No more DHCP agents
2026-04-23 14:44:48.683 9 WARNING neutron.api.rpc.agentnotifiers.dhcp_rpc_agent_api [None req-1f974dac-e507-4880-a704-b682b987c2b5 921a9d0252e745ce9caa657372f5bb58 73e9a4bd797c42f08c9218147c367751 - - - -] Unable to schedule network 51d4d460-1f33-4ecb-a78d-546d539c0a0a: no agents available; will retry on subsequent port and subnet creation events.
2026-04-23 14:44:48.720 9 INFO neutron.wsgi [req-cbfdc97e-2a8a-4202-9d45-0b2e808e3fd2 req-6b276de1-fabb-46b7-80b6-9825489d96f0 62e96514e7e641a79dea30336dd993f0 8bce4148b2d141c984c6d6d7d2a5391c - - default default] 10.0.0.17 "GET /v2.0/ports?device_id=595eb5b1-f23e-4529-9261-b978d351a435 HTTP/1.1" status: 200 len: 1174 time: 0.0635223
2026-04-23 14:44:48.738 10 INFO neutron.db.ovn_revision_numbers_db [None req-a39b4492-3768-4b24-8370-98e0f134c13c - - - - - -] Successfully bumped revision number for resource a00a7aa9-9ed8-46c0-9fb0-6faaf0d6dea1 (type: ports) to 1
2026-04-23 14:44:48.812 9 INFO neutron.plugins.ml2.drivers.ovn.mech_driver.mech_driver [None req-f496c3af-8c07-4e18-bd94-e5c9949d118f - - - - - -] OVN reports status down for port: 50b1bbf9-10e1-4b5e-a3cb-8f4652ca8846
2026-04-23 14:44:48.827 9 INFO neutron.wsgi [req-cbfdc97e-2a8a-4202-9d45-0b2e808e3fd2 req-ecbc43a5-46d2-45f5-98aa-4f96bd0c64c0 62e96514e7e641a79dea30336dd993f0 8bce4148b2d141c984c6d6d7d2a5391c - - default default] 10.0.0.17 "GET /v2.0/security-groups?id=c36e8890-c3e6-43bb-ad9f-723031d7c3da&fields=id&fields=name HTTP/1.1" status: 200 len: 313 time: 0.0878313
2026-04-23 14:44:48.904 10 INFO neutron.wsgi [None req-d4fb8d70-3c98-4171-8a25-090dff623aca 62e96514e7e641a79dea30336dd993f0 8bce4148b2d141c984c6d6d7d2a5391c - - - -] 199.204.45.115 "DELETE /v2.0/ports/50b1bbf9-10e1-4b5e-a3cb-8f4652ca8846 HTTP/1.1" status: 204 len: 173 time: 1.4329872
2026-04-23 14:44:48.958 10 INFO neutron.notifiers.nova [-] Nova event matching ['req-56d33745-e076-4207-aaa7-3d1664cfe901'] response: {'server_uuid': '595eb5b1-f23e-4529-9261-b978d351a435', 'name': 'network-vif-deleted', 'tag': '50b1bbf9-10e1-4b5e-a3cb-8f4652ca8846', 'status': 'completed', 'code': 200}
2026-04-23 14:44:49.014 10 INFO neutron.wsgi [None req-21e7765a-14d7-4977-9680-bfc5517cdba8 3f903946024040bfa8b7663bd313b45c a102aa7a48764bb59a2190da7e37cd60 - - - -] 10.0.0.89 "DELETE /v2.0/security-groups/e265c7bc-adc2-4c4c-a892-293225e0adfa HTTP/1.1" status: 204 len: 168 time: 0.4919629
2026-04-23 14:44:49.174 10 INFO neutron.db.ovn_revision_numbers_db [None req-a39b4492-3768-4b24-8370-98e0f134c13c - - - - - -] Successfully bumped revision number for resource a00a7aa9-9ed8-46c0-9fb0-6faaf0d6dea1 (type: router_ports) to 3
2026-04-23 14:44:49.348 10 INFO neutron.db.ovn_revision_numbers_db [None req-a39b4492-3768-4b24-8370-98e0f134c13c - - - - - -] Successfully bumped revision number for resource a00a7aa9-9ed8-46c0-9fb0-6faaf0d6dea1 (type: ports) to 2
2026-04-23 14:44:49.403 9 INFO neutron.db.ovn_revision_numbers_db [None req-1f974dac-e507-4880-a704-b682b987c2b5 921a9d0252e745ce9caa657372f5bb58 73e9a4bd797c42f08c9218147c367751 - - - -] Successfully bumped revision number for resource 06bdc15d-a718-4387-b0cd-0150c4f23347 (type: floatingips) to 0
2026-04-23 14:44:49.435 9 INFO neutron.wsgi [None req-1f974dac-e507-4880-a704-b682b987c2b5 921a9d0252e745ce9caa657372f5bb58 73e9a4bd797c42f08c9218147c367751 - - - -] 10.0.0.89 "POST /v2.0/floatingips HTTP/1.1" status: 201 len: 751 time: 1.1678410
2026-04-23 14:44:49.555 9 INFO neutron.db.ovn_revision_numbers_db [None req-f0d91c99-2ece-49c1-9637-3c048bc335ef 3f903946024040bfa8b7663bd313b45c a102aa7a48764bb59a2190da7e37cd60 - - - -] Successfully bumped revision number for resource a33f84d3-fd45-4c29-8612-b1b778776547 (type: router_ports) to 2
2026-04-23 14:44:49.558 9 INFO neutron.wsgi [None req-f0d91c99-2ece-49c1-9637-3c048bc335ef 3f903946024040bfa8b7663bd313b45c a102aa7a48764bb59a2190da7e37cd60 - - - -] 10.0.0.89 "PUT /v2.0/routers/b985ec3d-b4b1-4331-9ef5-78f597b2d9ab/add_router_interface HTTP/1.1" status: 200 len: 503 time: 2.8429856
2026-04-23 14:44:49.610 10 INFO neutron.db.ovn_revision_numbers_db [None req-a39b4492-3768-4b24-8370-98e0f134c13c - - - - - -] Successfully bumped revision number for resource a00a7aa9-9ed8-46c0-9fb0-6faaf0d6dea1 (type: ports) to 4
2026-04-23 14:44:49.898 10 INFO neutron.db.ovn_revision_numbers_db [None req-a39b4492-3768-4b24-8370-98e0f134c13c - - - - - -] Successfully bumped revision number for resource a00a7aa9-9ed8-46c0-9fb0-6faaf0d6dea1 (type: router_ports) to 4
2026-04-23 14:44:50.096 9 INFO neutron.wsgi [None req-736acab1-3877-48ee-a93c-5a5a9ce83f67 62e96514e7e641a79dea30336dd993f0 8bce4148b2d141c984c6d6d7d2a5391c - - - -] 10.0.0.89 "DELETE /v2.0/security-groups/c36e8890-c3e6-43bb-ad9f-723031d7c3da HTTP/1.1" status: 204 len: 168 time: 0.1532447
2026-04-23 14:44:50.111 9 INFO neutron.api.v2.resource [None req-832b8f4f-1fb2-4208-a1db-cfceaaeac407 62e96514e7e641a79dea30336dd993f0 8bce4148b2d141c984c6d6d7d2a5391c - - default default] show failed (client error): The resource could not be found.
2026-04-23 14:44:50.113 9 INFO neutron.wsgi [None req-832b8f4f-1fb2-4208-a1db-cfceaaeac407 62e96514e7e641a79dea30336dd993f0 8bce4148b2d141c984c6d6d7d2a5391c - - default default] 10.0.0.89 "GET /v2.0/security-groups/c36e8890-c3e6-43bb-ad9f-723031d7c3da HTTP/1.1" status: 404 len: 347 time: 0.0099621
2026-04-23 14:44:50.548 9 INFO neutron.db.ovn_revision_numbers_db [None req-cb0b614a-8ff0-44ec-be3a-683e71069e33 2e92291c4e8146d0b14cb386e38c5e61 4b92ca58d3b54df28a5e65942cd0f7d7 - - - -] Successfully bumped revision number for resource 933c6222-9110-4909-b9ba-87caf9b00c16 (type: security_groups) to 1
2026-04-23 14:44:50.575 9 INFO neutron.wsgi [None req-cb0b614a-8ff0-44ec-be3a-683e71069e33 2e92291c4e8146d0b14cb386e38c5e61 4b92ca58d3b54df28a5e65942cd0f7d7 - - - -] 10.0.0.89 "POST /v2.0/security-groups HTTP/1.1" status: 201 len: 1796 time: 0.1976135
2026-04-23 14:44:50.600 9 INFO neutron.wsgi [None req-7a7da9d6-3fb5-4440-8ff1-fbece0853cdc 62e96514e7e641a79dea30336dd993f0 8bce4148b2d141c984c6d6d7d2a5391c - - - -] 10.0.0.89 "DELETE /v2.0/floatingips/2a41baff-9af7-4141-ad26-210d9f5e938d HTTP/1.1" status: 204 len: 168 time: 0.4825263
2026-04-23 14:44:50.744 9 INFO neutron.db.ovn_revision_numbers_db [None req-d8a7256f-2519-4f0f-886e-5ccb3d4948d6 2e92291c4e8146d0b14cb386e38c5e61 4b92ca58d3b54df28a5e65942cd0f7d7 - - - -] Successfully bumped revision number for resource f9428324-259a-4844-8fa0-174eee38017d (type: security_group_rules) to 0
2026-04-23 14:44:50.802 9 INFO neutron.wsgi [None req-d8a7256f-2519-4f0f-886e-5ccb3d4948d6 2e92291c4e8146d0b14cb386e38c5e61 4b92ca58d3b54df28a5e65942cd0f7d7 - - - -] 10.0.0.89 "POST /v2.0/security-group-rules HTTP/1.1" status: 201 len: 764 time: 0.2187145
2026-04-23 14:44:50.945 9 INFO neutron.db.ovn_revision_numbers_db [None req-438ca821-a3c0-4e47-93c7-ef970ab2ffab 2e92291c4e8146d0b14cb386e38c5e61 4b92ca58d3b54df28a5e65942cd0f7d7 - - - -] Successfully bumped revision number for resource 58be6679-dccc-44ca-a533-390ed920e395 (type: security_group_rules) to 0
2026-04-23 14:44:50.991 9 INFO neutron.wsgi [None req-438ca821-a3c0-4e47-93c7-ef970ab2ffab 2e92291c4e8146d0b14cb386e38c5e61 4b92ca58d3b54df28a5e65942cd0f7d7 - - - -] 10.0.0.89 "POST /v2.0/security-group-rules HTTP/1.1" status: 201 len: 769 time: 0.1841834
2026-04-23 14:44:51.068 10 INFO neutron.wsgi [-] 10.0.0.96 "GET / HTTP/1.1" status: 200 len: 247 time: 0.0048330
2026-04-23 14:44:51.072 10 INFO neutron.wsgi [-] 10.0.0.96 "GET / HTTP/1.1" status: 200 len: 247 time: 0.0020545
2026-04-23 14:44:51.551 9 WARNING neutron.scheduler.dhcp_agent_scheduler [None req-429599fe-07e2-4468-b150-c4d6a1b82c8b 2e92291c4e8146d0b14cb386e38c5e61 4b92ca58d3b54df28a5e65942cd0f7d7 - - - -] No more DHCP agents
2026-04-23 14:44:51.555 9 WARNING neutron.api.rpc.agentnotifiers.dhcp_rpc_agent_api [None req-429599fe-07e2-4468-b150-c4d6a1b82c8b 2e92291c4e8146d0b14cb386e38c5e61 4b92ca58d3b54df28a5e65942cd0f7d7 - - - -] Unable to schedule network 51d4d460-1f33-4ecb-a78d-546d539c0a0a: no agents available; will retry on subsequent port and subnet creation events.
2026-04-23 14:44:51.828 10 INFO neutron.db.ovn_revision_numbers_db [None req-4a3f8ce2-e4e2-4d13-870b-ade306b23c57 3f903946024040bfa8b7663bd313b45c a102aa7a48764bb59a2190da7e37cd60 - - default default] Successfully bumped revision number for resource f30787f5-1471-4d2b-b09a-bf9a367b4d40 (type: security_groups) to 1
2026-04-23 14:44:51.864 10 INFO neutron.wsgi [None req-4a3f8ce2-e4e2-4d13-870b-ade306b23c57 3f903946024040bfa8b7663bd313b45c a102aa7a48764bb59a2190da7e37cd60 - - default default] 10.0.0.89 "GET /v2.0/security-groups?tenant_id=a0a1cf42beee45a9abd611748f5183f0&name=default HTTP/1.1" status: 200 len: 2996 time: 0.2810175
2026-04-23 14:44:52.016 9 INFO neutron.db.ovn_revision_numbers_db [None req-429599fe-07e2-4468-b150-c4d6a1b82c8b 2e92291c4e8146d0b14cb386e38c5e61 4b92ca58d3b54df28a5e65942cd0f7d7 - - - -] Successfully bumped revision number for resource 8d519106-543f-4b71-be46-b68e49c3d569 (type: floatingips) to 0
2026-04-23 14:44:52.044 9 INFO neutron.wsgi [None req-429599fe-07e2-4468-b150-c4d6a1b82c8b 2e92291c4e8146d0b14cb386e38c5e61 4b92ca58d3b54df28a5e65942cd0f7d7 - - - -] 10.0.0.89 "POST /v2.0/floatingips HTTP/1.1" status: 201 len: 751 time: 1.0486054
2026-04-23 14:44:52.044 10 INFO neutron.wsgi [None req-a2f25dff-02ba-4e9b-a04d-2c9706a9cf34 3f903946024040bfa8b7663bd313b45c a102aa7a48764bb59a2190da7e37cd60 - - - -] 10.0.0.89 "DELETE /v2.0/security-groups/f30787f5-1471-4d2b-b09a-bf9a367b4d40 HTTP/1.1" status: 204 len: 168 time: 0.1749079
2026-04-23 14:44:52.246 9 INFO neutron.wsgi [None req-5ebbbd9d-9c42-432c-a1b7-e32308332130 3f903946024040bfa8b7663bd313b45c a102aa7a48764bb59a2190da7e37cd60 - - - -] 10.0.0.89 "PUT /v2.0/routers/50e7dec1-56df-47df-bc44-ec6c5daef85d/remove_router_interface HTTP/1.1" status: 200 len: 503 time: 1.6406853 /var/lib/openstack/lib/python3.10/site-packages/pycadf/identifier.py:71: UserWarning: Invalid uuid: neutron. To ensure interoperability, identifiers should be a valid uuid. warnings.warn(('Invalid uuid: %s. To ensure interoperability, '
2026-04-23 14:44:52.548 9 INFO neutron.wsgi [req-2fe4ab2c-7cee-4313-bd2d-1e04db4ec747 req-a3a22a68-45b2-4a84-951f-f2bb5f817a5c 2e92291c4e8146d0b14cb386e38c5e61 4b92ca58d3b54df28a5e65942cd0f7d7 - - default default] 10.0.0.17 "GET /v2.0/security-groups?name=tempest-securitygroup--1037153457&fields=id&tenant_id=4b92ca58d3b54df28a5e65942cd0f7d7 HTTP/1.1" status: 200 len: 267 time: 0.0439131
2026-04-23 14:44:52.867 10 WARNING neutron.plugins.ml2.drivers.ovn.mech_driver.ovsdb.ovn_client [None req-f8edf14e-715e-420e-9d3d-b871b2de02c5 - - - - - -] No hosting information found for port fd49e34a-efd3-4e10-9ef0-99290ddb3248: RuntimeError: No hosting information found for port fd49e34a-efd3-4e10-9ef0-99290ddb3248
2026-04-23 14:44:52.890 10 INFO neutron.plugins.ml2.drivers.ovn.mech_driver.mech_driver [None req-f8edf14e-715e-420e-9d3d-b871b2de02c5 - - - - - -] OVN reports status up for port: a33f84d3-fd45-4c29-8612-b1b778776547
2026-04-23 14:44:52.903 9 INFO neutron.wsgi [req-2fe4ab2c-7cee-4313-bd2d-1e04db4ec747 req-8d65e6e2-5ca5-41b8-b26f-37968ee9652a 2e92291c4e8146d0b14cb386e38c5e61 4b92ca58d3b54df28a5e65942cd0f7d7 - - default default] 10.0.0.17 "GET /v2.0/networks?id=a2b5d05f-2dd6-449d-b25c-ebf7119ce342 HTTP/1.1" status: 200 len: 883 time: 0.3483253
2026-04-23 14:44:52.907 10 INFO neutron.plugins.ml2.plugin [None req-f8edf14e-715e-420e-9d3d-b871b2de02c5 - - - - - -] Attempt 1 to provision port a33f84d3-fd45-4c29-8612-b1b778776547
2026-04-23 14:44:52.925 9 INFO neutron.wsgi [req-2fe4ab2c-7cee-4313-bd2d-1e04db4ec747 req-1aa2a3f4-981b-47c1-b760-b557a6dee107 2e92291c4e8146d0b14cb386e38c5e61 4b92ca58d3b54df28a5e65942cd0f7d7 - - default default] 10.0.0.17 "GET /v2.0/quotas/4b92ca58d3b54df28a5e65942cd0f7d7 HTTP/1.1" status: 200 len: 386 time: 0.0131810
2026-04-23 14:44:53.055 10 INFO neutron.wsgi [None req-4f2e5787-382e-44e5-bd81-6977be6986c4 3f903946024040bfa8b7663bd313b45c a102aa7a48764bb59a2190da7e37cd60 - - - -] 10.0.0.89 "DELETE /v2.0/routers/50e7dec1-56df-47df-bc44-ec6c5daef85d HTTP/1.1" status: 204 len: 168 time: 0.8028142
2026-04-23 14:44:53.062 9 INFO neutron.wsgi [req-2fe4ab2c-7cee-4313-bd2d-1e04db4ec747 req-6670c459-67f1-42bd-ae88-c5e767020e1c 2e92291c4e8146d0b14cb386e38c5e61 4b92ca58d3b54df28a5e65942cd0f7d7 - - default default] 10.0.0.17 "GET /v2.0/ports?tenant_id=4b92ca58d3b54df28a5e65942cd0f7d7&fields=id HTTP/1.1" status: 200 len: 302 time: 0.1313202 /var/lib/openstack/lib/python3.10/site-packages/pycadf/identifier.py:71: UserWarning: Invalid uuid: neutron. To ensure interoperability, identifiers should be a valid uuid. warnings.warn(('Invalid uuid: %s. To ensure interoperability, '
2026-04-23 14:44:53.341 10 INFO neutron.db.ovn_revision_numbers_db [None req-f8edf14e-715e-420e-9d3d-b871b2de02c5 - - - - - -] Successfully bumped revision number for resource a33f84d3-fd45-4c29-8612-b1b778776547 (type: ports) to 3
2026-04-23 14:44:53.395 10 INFO neutron.wsgi [None req-4fdb8663-dc82-4d60-a970-a45c6bbcfa07 3f903946024040bfa8b7663bd313b45c a102aa7a48764bb59a2190da7e37cd60 - - - -] 10.0.0.89 "DELETE /v2.0/subnets/38f39ba3-ac31-4552-a740-65b184eb7053 HTTP/1.1" status: 204 len: 168 time: 0.3334534
2026-04-23 14:44:53.484 10 INFO neutron.db.ovn_revision_numbers_db [None req-f8edf14e-715e-420e-9d3d-b871b2de02c5 - - - - - -] Successfully bumped revision number for resource a33f84d3-fd45-4c29-8612-b1b778776547 (type: router_ports) to 3
2026-04-23 14:44:53.619 9 INFO neutron.wsgi [req-2fe4ab2c-7cee-4313-bd2d-1e04db4ec747 req-04693b06-c548-4822-8129-1a733f3ee028 7bb31feec19442078dcba2ab0d81b033 ed489075664d440c8109ecbd6715645a - - 24c09196609c49b98def0aa6d6fbc591 24c09196609c49b98def0aa6d6fbc591] 10.0.0.17 "GET /v2.0/extensions HTTP/1.1" status: 200 len: 16525 time: 0.1540170
2026-04-23 14:44:53.698 9 INFO neutron.wsgi [req-2fe4ab2c-7cee-4313-bd2d-1e04db4ec747 req-00ba359a-6f5d-428b-ae72-d36e4aa63337 7bb31feec19442078dcba2ab0d81b033 ed489075664d440c8109ecbd6715645a - - 24c09196609c49b98def0aa6d6fbc591 24c09196609c49b98def0aa6d6fbc591] 10.0.0.17 "GET /v2.0/networks/a2b5d05f-2dd6-449d-b25c-ebf7119ce342?fields=segments HTTP/1.1" status: 200 len: 212 time: 0.0713053
2026-04-23 14:44:53.796 9 INFO neutron.wsgi [req-2fe4ab2c-7cee-4313-bd2d-1e04db4ec747 req-23f23e87-c1ca-44f7-af91-084f01c8cdbc 7bb31feec19442078dcba2ab0d81b033 ed489075664d440c8109ecbd6715645a - - 24c09196609c49b98def0aa6d6fbc591 24c09196609c49b98def0aa6d6fbc591] 10.0.0.17 "GET /v2.0/networks/a2b5d05f-2dd6-449d-b25c-ebf7119ce342?fields=provider%3Aphysical_network&fields=provider%3Anetwork_type HTTP/1.1" status: 200 len: 277 time: 0.0904367
2026-04-23 14:44:53.834 10 INFO neutron.wsgi [None req-16610f52-adfc-4231-8b80-278c8c40df86 dfd5b839777f4423b395352fcb9baf39 e89bd2d47f3748e99aeefce6fee1a308 - - default default] 10.0.0.89 "GET /v2.0/extensions HTTP/1.1" status: 200 len: 16520 time: 0.0568523
2026-04-23 14:44:53.842 9 INFO neutron.services.segments.plugin [-] Segment 79d7d865-1029-462f-90ba-1b6d184f3325 resource provider aggregate not found
2026-04-23 14:44:53.850 9 INFO neutron.services.segments.plugin [-] Segment 79d7d865-1029-462f-90ba-1b6d184f3325 resource provider aggregate not found
2026-04-23 14:44:53.853 10 INFO neutron.wsgi [None req-fca5b9c0-4bb3-4779-8a37-8d2a90ce6392 dfd5b839777f4423b395352fcb9baf39 e89bd2d47f3748e99aeefce6fee1a308 - - default default] 10.0.0.89 "GET /v2.0/extensions/address-group HTTP/1.1" status: 200 len: 353 time: 0.0059941
2026-04-23 14:44:53.863 10 INFO neutron.wsgi [None req-c287c155-203f-4d11-a0d6-6ae55d52ad3b dfd5b839777f4423b395352fcb9baf39 e89bd2d47f3748e99aeefce6fee1a308 - - default default] 10.0.0.89 "GET /v2.0/extensions/address-scope HTTP/1.1" status: 200 len: 357 time: 0.0053205
2026-04-23 14:44:53.877 10 INFO neutron.wsgi [None req-68d1bcda-be0f-4905-8487-18fa7dc80d07 dfd5b839777f4423b395352fcb9baf39 e89bd2d47f3748e99aeefce6fee1a308 - - default default] 10.0.0.89 "GET /v2.0/extensions/agent HTTP/1.1" status: 200 len: 347 time: 0.0099545
2026-04-23 14:44:53.884 9 INFO neutron.services.segments.plugin [-] Segment 79d7d865-1029-462f-90ba-1b6d184f3325 resource provider not found; error: Placement Client Error (4xx): {"errors": [{"status": 404, "title": "Not Found", "detail": "The resource could not be found.\n\n No resource provider with uuid 79d7d865-1029-462f-90ba-1b6d184f3325 found for delete ", "request_id": "req-315ca0f1-5877-44a3-bca0-7fe248b53ca6"}]}
2026-04-23 14:44:53.885 9 INFO neutron.services.segments.plugin [-] Segment 79d7d865-1029-462f-90ba-1b6d184f3325 resource provider not found; error: Placement Client Error (4xx): {"errors": [{"status": 404, "title": "Not Found", "detail": "The resource could not be found.\n\n No resource provider with uuid 79d7d865-1029-462f-90ba-1b6d184f3325 found for delete ", "request_id": "req-1e2580d9-0bc4-44e0-b16b-73704ca5cb78"}]}
2026-04-23 14:44:53.888 10 INFO neutron.wsgi [None req-2b6c1360-4d07-444d-9a49-deae5e4bb85a dfd5b839777f4423b395352fcb9baf39 e89bd2d47f3748e99aeefce6fee1a308 - - default default] 10.0.0.89 "GET /v2.0/extensions/allowed-address-pairs HTTP/1.1" status: 200 len: 378 time: 0.0056863
2026-04-23 14:44:53.897 10 INFO neutron.wsgi [None req-2813bbaf-49eb-4711-8e5d-9500a6fddf3b dfd5b839777f4423b395352fcb9baf39 e89bd2d47f3748e99aeefce6fee1a308 - - default default] 10.0.0.89 "GET /v2.0/extensions/auto-allocated-topology HTTP/1.1" status: 200 len: 394 time: 0.0048630
2026-04-23 14:44:53.907 10 INFO neutron.wsgi [None req-fd0e6d38-93cb-4f67-95b7-a938ac61e115 dfd5b839777f4423b395352fcb9baf39 e89bd2d47f3748e99aeefce6fee1a308 - - default default] 10.0.0.89 "GET /v2.0/extensions/availability_zone HTTP/1.1" status: 200 len: 372 time: 0.0047867
2026-04-23 14:44:53.917 10 INFO neutron.wsgi [None req-1e04da9a-0dec-4890-9346-b455daf3baad dfd5b839777f4423b395352fcb9baf39 e89bd2d47f3748e99aeefce6fee1a308 - - default default] 10.0.0.89 "GET /v2.0/extensions/default-subnetpools HTTP/1.1" status: 200 len: 405 time: 0.0058031
2026-04-23 14:44:53.922 9 INFO neutron.wsgi [None req-811bb269-c489-4dd9-89c9-426db7659323 3f903946024040bfa8b7663bd313b45c a102aa7a48764bb59a2190da7e37cd60 - - - -] 10.0.0.89 "DELETE /v2.0/networks/e4612dc2-e673-49aa-aedf-848b24493a52 HTTP/1.1" status: 204 len: 168 time: 0.5192437
2026-04-23 14:44:53.928 10 INFO neutron.wsgi [None req-a027212a-ccfe-4e0d-b593-f32c7219b8fb dfd5b839777f4423b395352fcb9baf39 e89bd2d47f3748e99aeefce6fee1a308 - - default default] 10.0.0.89 "GET /v2.0/extensions/dhcp_agent_scheduler HTTP/1.1" status: 200 len: 381 time: 0.0068221
2026-04-23 14:44:53.936 10 INFO neutron.wsgi [None req-74fa18fb-97e0-4cba-9bf6-28fc1b6ba450 dfd5b839777f4423b395352fcb9baf39 e89bd2d47f3748e99aeefce6fee1a308 - - default default] 10.0.0.89 "GET /v2.0/extensions/dns-integration HTTP/1.1" status: 200 len: 366 time: 0.0039494
2026-04-23 14:44:53.946 9 INFO neutron.wsgi [None req-72c484af-dab9-44ac-8953-191eed173694 dfd5b839777f4423b395352fcb9baf39 e89bd2d47f3748e99aeefce6fee1a308 - - default default] 10.0.0.89 "GET /v2.0/extensions/dns-domain-ports HTTP/1.1" status: 200 len: 399 time: 0.0059075
2026-04-23 14:44:53.955 9 INFO neutron.wsgi [None req-8f2087f1-2a28-48f3-8a28-e43c61e18363 dfd5b839777f4423b395352fcb9baf39 e89bd2d47f3748e99aeefce6fee1a308 - - default default] 10.0.0.89 "GET /v2.0/extensions/dns-integration-domain-keywords HTTP/1.1" status: 200 len: 477 time: 0.0044267
2026-04-23 14:44:53.965 10 INFO neutron.wsgi [req-82a18907-a0fc-4299-938a-256e19f5b794 req-852150a3-cb19-4eb6-a8ad-64631f7ac378 2e92291c4e8146d0b14cb386e38c5e61 4b92ca58d3b54df28a5e65942cd0f7d7 - - default default] 10.0.0.17 "GET /v2.0/ports?device_id=6b0cbefa-93ce-4116-a03c-606e48867603 HTTP/1.1" status: 200 len: 210 time: 0.0257616
2026-04-23 14:44:53.965 9 INFO neutron.wsgi [None req-3586abc0-d14d-4081-96b2-024bc9c24c1c dfd5b839777f4423b395352fcb9baf39 e89bd2d47f3748e99aeefce6fee1a308 - - default default] 10.0.0.89 "GET /v2.0/extensions/external-net HTTP/1.1" status: 200 len: 394 time: 0.0060384
