2026-04-23 14:47:00.676 10 INFO neutron.wsgi [req-db2ba148-abd4-4baf-b0e8-fb244a66eff6 req-d4919ae5-f3a5-45a6-802b-e8b36d7d0fae 956594cf51754615987c59cf5225c570 3a7276b2602645cfbc2670ceef490754 - - default default] 10.0.0.17 "GET /v2.0/security-groups?id=85208915-3151-4688-9c81-4a1431082598&fields=id&fields=name HTTP/1.1" status: 200 len: 312 time: 0.0720835
2026-04-23 14:47:00.697 10 INFO neutron.db.ovn_revision_numbers_db [None req-621006d0-4de6-4539-996a-2a80a40f7566 11e544717cda491b987f5f7b26a0754b c5de5ed33bfa4e8aa83476dd836ca985 - - - -] Successfully bumped revision number for resource e8f53848-bd6c-4712-b637-b1848a160230 (type: ports) to 1
2026-04-23 14:47:00.745 10 INFO neutron.wsgi [None req-621006d0-4de6-4539-996a-2a80a40f7566 11e544717cda491b987f5f7b26a0754b c5de5ed33bfa4e8aa83476dd836ca985 - - - -] 10.0.0.89 "POST /v2.0/networks HTTP/1.1" status: 201 len: 830 time: 0.6120718
2026-04-23 14:47:00.752 10 INFO neutron.wsgi [None req-ff023cc2-eb0e-4c1c-a73c-878bb7137564 f40652ad5e024c8089ec0c528a4161a9 a09a73b7103f472d8a8de9eafc26291f - - default default] 10.0.0.89 "GET /v2.0/ports?device_id=8a742cb7-da19-4de6-8c05-1f8fd935e46e HTTP/1.1" status: 200 len: 1360 time: 0.0487254
2026-04-23 14:47:01.066 9 WARNING neutron.scheduler.dhcp_agent_scheduler [None req-94de0421-57b9-43d7-9615-d2282856f9d0 11e544717cda491b987f5f7b26a0754b c5de5ed33bfa4e8aa83476dd836ca985 - - - -] No more DHCP agents
2026-04-23 14:47:01.068 9 WARNING neutron.api.rpc.agentnotifiers.dhcp_rpc_agent_api [None req-94de0421-57b9-43d7-9615-d2282856f9d0 11e544717cda491b987f5f7b26a0754b c5de5ed33bfa4e8aa83476dd836ca985 - - - -] Unable to schedule network b12ab7aa-0046-4345-abd2-8c869496e646: no agents available; will retry on subsequent port and subnet creation events.
2026-04-23 14:47:01.089 10 INFO neutron.wsgi [None req-30c29cf3-70e3-4262-89ad-a9b70808dff8 3f903946024040bfa8b7663bd313b45c a102aa7a48764bb59a2190da7e37cd60 - - default default] 10.0.0.89 "GET /v2.0/security-groups?tenant_id=4aed7b981f364374b164c4fde70efcd5&name=default HTTP/1.1" status: 200 len: 2996 time: 0.2499068
2026-04-23 14:47:01.098 10 WARNING neutron.scheduler.dhcp_agent_scheduler [None req-30154736-07ed-4144-a4e3-5ddf57306809 956594cf51754615987c59cf5225c570 3a7276b2602645cfbc2670ceef490754 - - - -] No more DHCP agents
2026-04-23 14:47:01.099 10 WARNING neutron.api.rpc.agentnotifiers.dhcp_rpc_agent_api [None req-30154736-07ed-4144-a4e3-5ddf57306809 956594cf51754615987c59cf5225c570 3a7276b2602645cfbc2670ceef490754 - - - -] Unable to schedule network 51d4d460-1f33-4ecb-a78d-546d539c0a0a: no agents available; will retry on subsequent port and subnet creation events.
2026-04-23 14:47:01.577 9 INFO neutron.db.ovn_revision_numbers_db [None req-94de0421-57b9-43d7-9615-d2282856f9d0 11e544717cda491b987f5f7b26a0754b c5de5ed33bfa4e8aa83476dd836ca985 - - - -] Successfully bumped revision number for resource e8f53848-bd6c-4712-b637-b1848a160230 (type: ports) to 2
2026-04-23 14:47:01.617 9 INFO neutron.db.ovn_revision_numbers_db [None req-94de0421-57b9-43d7-9615-d2282856f9d0 11e544717cda491b987f5f7b26a0754b c5de5ed33bfa4e8aa83476dd836ca985 - - - -] Successfully bumped revision number for resource afcc8bb7-a03d-4b55-8ce3-b2410a17132a (type: subnets) to 0
2026-04-23 14:47:01.634 9 INFO neutron.wsgi [None req-94de0421-57b9-43d7-9615-d2282856f9d0 11e544717cda491b987f5f7b26a0754b c5de5ed33bfa4e8aa83476dd836ca985 - - - -] 10.0.0.89 "POST /v2.0/subnets HTTP/1.1" status: 201 len: 801 time: 0.8843479
2026-04-23 14:47:01.778 10 INFO neutron.wsgi [None req-824ee96a-cd2c-4016-9933-c5258e7467a0 3f903946024040bfa8b7663bd313b45c a102aa7a48764bb59a2190da7e37cd60 - - - -] 10.0.0.89 "DELETE /v2.0/security-groups/d1c6301e-0d05-4ff4-81a6-147e1b5263b8 HTTP/1.1" status: 204 len: 168 time: 0.6757014
2026-04-23 14:47:01.952 9 WARNING neutron.scheduler.dhcp_agent_scheduler [None req-0401b32d-2b4b-435c-93d0-cd027b588803 11e544717cda491b987f5f7b26a0754b c5de5ed33bfa4e8aa83476dd836ca985 - - - -] No more DHCP agents
2026-04-23 14:47:01.954 9 WARNING neutron.api.rpc.agentnotifiers.dhcp_rpc_agent_api [None req-0401b32d-2b4b-435c-93d0-cd027b588803 11e544717cda491b987f5f7b26a0754b c5de5ed33bfa4e8aa83476dd836ca985 - - - -] Unable to schedule network b12ab7aa-0046-4345-abd2-8c869496e646: no agents available; will retry on subsequent port and subnet creation events.
2026-04-23 14:47:01.991 10 INFO neutron.db.l3_db [None req-30154736-07ed-4144-a4e3-5ddf57306809 956594cf51754615987c59cf5225c570 3a7276b2602645cfbc2670ceef490754 - - - -] Floating IP 30f4b66a-abdf-47b7-a3a6-93beb445ce23 associated. External IP: 10.96.250.202, port: d08740f9-94dd-42cc-b0c0-0abc37208254.
2026-04-23 14:47:02.115 9 INFO neutron.db.ovn_revision_numbers_db [None req-0401b32d-2b4b-435c-93d0-cd027b588803 11e544717cda491b987f5f7b26a0754b c5de5ed33bfa4e8aa83476dd836ca985 - - - -] Successfully bumped revision number for resource ee9c5d1e-acf0-4729-a159-99d72d228060 (type: ports) to 1
2026-04-23 14:47:02.139 10 INFO neutron.db.ovn_revision_numbers_db [None req-bc4f6806-6127-4c48-8699-9c34b7dd493a 3f903946024040bfa8b7663bd313b45c a102aa7a48764bb59a2190da7e37cd60 - - default default] Successfully bumped revision number for resource 2d7b98fe-1f9e-4364-bac2-9d7e9b91d848 (type: security_groups) to 1
2026-04-23 14:47:02.143 9 INFO neutron.wsgi [None req-0401b32d-2b4b-435c-93d0-cd027b588803 11e544717cda491b987f5f7b26a0754b c5de5ed33bfa4e8aa83476dd836ca985 - - - -] 10.0.0.89 "POST /v2.0/ports HTTP/1.1" status: 201 len: 1153 time: 0.5050054 /var/lib/openstack/lib/python3.10/site-packages/pycadf/identifier.py:71: UserWarning: Invalid uuid: neutron. To ensure interoperability, identifiers should be a valid uuid. warnings.warn(('Invalid uuid: %s. To ensure interoperability, '
2026-04-23 14:47:02.181 10 INFO neutron.wsgi [None req-bc4f6806-6127-4c48-8699-9c34b7dd493a 3f903946024040bfa8b7663bd313b45c a102aa7a48764bb59a2190da7e37cd60 - - default default] 10.0.0.89 "GET /v2.0/security-groups?tenant_id=1b52ae93a2e34086bc442e20b21c41c8&name=default HTTP/1.1" status: 200 len: 2996 time: 0.2436943
2026-04-23 14:47:02.268 10 INFO neutron.db.ovn_revision_numbers_db [None req-30154736-07ed-4144-a4e3-5ddf57306809 956594cf51754615987c59cf5225c570 3a7276b2602645cfbc2670ceef490754 - - - -] Successfully bumped revision number for resource 30f4b66a-abdf-47b7-a3a6-93beb445ce23 (type: floatingips) to 0
2026-04-23 14:47:02.368 10 INFO neutron.db.ovn_revision_numbers_db [None req-30154736-07ed-4144-a4e3-5ddf57306809 956594cf51754615987c59cf5225c570 3a7276b2602645cfbc2670ceef490754 - - - -] Successfully bumped revision number for resource 30f4b66a-abdf-47b7-a3a6-93beb445ce23 (type: floatingips) to 1
2026-04-23 14:47:02.410 10 INFO neutron.wsgi [None req-30154736-07ed-4144-a4e3-5ddf57306809 956594cf51754615987c59cf5225c570 3a7276b2602645cfbc2670ceef490754 - - - -] 10.0.0.89 "POST /v2.0/floatingips HTTP/1.1" status: 201 len: 1055 time: 1.6537309
2026-04-23 14:47:02.446 10 INFO neutron.notifiers.nova [-] Nova event matching ['req-16e86a6b-af4f-4aad-aa11-f6ad1b7e9d4f'] response: {'name': 'network-changed', 'server_uuid': '8a742cb7-da19-4de6-8c05-1f8fd935e46e', 'tag': 'd08740f9-94dd-42cc-b0c0-0abc37208254', 'status': 'completed', 'code': 200} /var/lib/openstack/lib/python3.10/site-packages/pycadf/identifier.py:71: UserWarning: Invalid uuid: neutron. To ensure interoperability, identifiers should be a valid uuid. warnings.warn(('Invalid uuid: %s. To ensure interoperability, '
2026-04-23 14:47:02.499 10 INFO neutron.wsgi [req-1073d1c8-cb15-4f84-b0ca-5ca99d2d9b2e req-32f638b1-2933-4162-bf09-c0b803311ab8 7bb31feec19442078dcba2ab0d81b033 ed489075664d440c8109ecbd6715645a - - 24c09196609c49b98def0aa6d6fbc591 24c09196609c49b98def0aa6d6fbc591] 199.204.45.115 "GET /v2.0/ports?tenant_id=3a7276b2602645cfbc2670ceef490754&device_id=8a742cb7-da19-4de6-8c05-1f8fd935e46e HTTP/1.1" status: 200 len: 1365 time: 0.0325329
2026-04-23 14:47:02.502 9 INFO neutron.wsgi [None req-e7b422dc-5e14-4ad3-a85a-eeebc616cada 956594cf51754615987c59cf5225c570 3a7276b2602645cfbc2670ceef490754 - - default default] 10.0.0.89 "GET /v2.0/floatingips/30f4b66a-abdf-47b7-a3a6-93beb445ce23 HTTP/1.1" status: 200 len: 1052 time: 0.0857227
2026-04-23 14:47:02.574 10 INFO neutron.wsgi [req-1073d1c8-cb15-4f84-b0ca-5ca99d2d9b2e req-28123fca-ecf7-481b-bcdc-e675098deeba 7bb31feec19442078dcba2ab0d81b033 ed489075664d440c8109ecbd6715645a - - 24c09196609c49b98def0aa6d6fbc591 24c09196609c49b98def0aa6d6fbc591] 199.204.45.115 "GET /v2.0/networks?id=bc43df1e-387d-4074-8fc6-829df40e77ef HTTP/1.1" status: 200 len: 959 time: 0.0684013
2026-04-23 14:47:02.650 10 INFO neutron.wsgi [req-1073d1c8-cb15-4f84-b0ca-5ca99d2d9b2e req-d687827d-929c-4b4e-a1e0-4e103c577f13 7bb31feec19442078dcba2ab0d81b033 ed489075664d440c8109ecbd6715645a - - 24c09196609c49b98def0aa6d6fbc591 24c09196609c49b98def0aa6d6fbc591] 199.204.45.115 "GET /v2.0/floatingips?fixed_ip_address=10.100.0.13&port_id=d08740f9-94dd-42cc-b0c0-0abc37208254 HTTP/1.1" status: 200 len: 1060 time: 0.0675485
2026-04-23 14:47:02.696 10 INFO neutron.wsgi [req-1073d1c8-cb15-4f84-b0ca-5ca99d2d9b2e req-c29cbe22-bf66-48ce-abd0-b9771ec7128e 7bb31feec19442078dcba2ab0d81b033 ed489075664d440c8109ecbd6715645a - - 24c09196609c49b98def0aa6d6fbc591 24c09196609c49b98def0aa6d6fbc591] 199.204.45.115 "GET /v2.0/subnets?id=552843a7-655c-4036-8269-bb92245f5ddf HTTP/1.1" status: 200 len: 853 time: 0.0375237
2026-04-23 14:47:02.726 10 INFO neutron.wsgi [req-1073d1c8-cb15-4f84-b0ca-5ca99d2d9b2e req-77cd7d13-87e6-4866-a03a-e186f538fd19 7bb31feec19442078dcba2ab0d81b033 ed489075664d440c8109ecbd6715645a - - 24c09196609c49b98def0aa6d6fbc591 24c09196609c49b98def0aa6d6fbc591] 199.204.45.115 "GET /v2.0/ports?network_id=bc43df1e-387d-4074-8fc6-829df40e77ef&device_owner=network%3Adhcp HTTP/1.1" status: 200 len: 210 time: 0.0243309
2026-04-23 14:47:02.805 10 INFO neutron.wsgi [req-1073d1c8-cb15-4f84-b0ca-5ca99d2d9b2e req-a29408f2-45b2-4124-8709-e81f546849a9 7bb31feec19442078dcba2ab0d81b033 ed489075664d440c8109ecbd6715645a - - 24c09196609c49b98def0aa6d6fbc591 24c09196609c49b98def0aa6d6fbc591] 199.204.45.115 "GET /v2.0/networks/bc43df1e-387d-4074-8fc6-829df40e77ef?fields=segments HTTP/1.1" status: 200 len: 212 time: 0.0698900
2026-04-23 14:47:02.825 9 INFO neutron.wsgi [None req-2a3fe285-2cad-48bc-bf4c-900ae65d5498 3f903946024040bfa8b7663bd313b45c a102aa7a48764bb59a2190da7e37cd60 - - - -] 10.0.0.89 "DELETE /v2.0/security-groups/2d7b98fe-1f9e-4364-bac2-9d7e9b91d848 HTTP/1.1" status: 204 len: 168 time: 0.6345079
2026-04-23 14:47:02.879 9 INFO neutron.wsgi [None req-50898e93-1124-4143-8770-b507acd55fe7 11e544717cda491b987f5f7b26a0754b c5de5ed33bfa4e8aa83476dd836ca985 - - - -] 10.0.0.89 "DELETE /v2.0/ports/ee9c5d1e-acf0-4729-a159-99d72d228060 HTTP/1.1" status: 204 len: 168 time: 0.7298532
2026-04-23 14:47:02.889 10 INFO neutron.wsgi [req-1073d1c8-cb15-4f84-b0ca-5ca99d2d9b2e req-907ff410-9470-481e-baf3-c4df2b76534e 7bb31feec19442078dcba2ab0d81b033 ed489075664d440c8109ecbd6715645a - - 24c09196609c49b98def0aa6d6fbc591 24c09196609c49b98def0aa6d6fbc591] 199.204.45.115 "GET /v2.0/networks/bc43df1e-387d-4074-8fc6-829df40e77ef?fields=provider%3Aphysical_network&fields=provider%3Anetwork_type HTTP/1.1" status: 200 len: 277 time: 0.0759294
2026-04-23 14:47:02.905 9 INFO neutron.pecan_wsgi.hooks.translation [None req-bc3deaa8-5295-4e84-8e4d-d4f316be08d7 11e544717cda491b987f5f7b26a0754b c5de5ed33bfa4e8aa83476dd836ca985 - - - -] DELETE failed (client error): The resource could not be found.
2026-04-23 14:47:02.908 9 INFO neutron.wsgi [None req-bc3deaa8-5295-4e84-8e4d-d4f316be08d7 11e544717cda491b987f5f7b26a0754b c5de5ed33bfa4e8aa83476dd836ca985 - - - -] 10.0.0.89 "DELETE /v2.0/ports/ee9c5d1e-acf0-4729-a159-99d72d228060 HTTP/1.1" status: 404 len: 333 time: 0.0219328
2026-04-23 14:47:02.932 9 INFO neutron.pecan_wsgi.hooks.translation [None req-7ee3b612-bbfa-41b6-908b-26f2e0eddaf0 11e544717cda491b987f5f7b26a0754b c5de5ed33bfa4e8aa83476dd836ca985 - - default default] GET failed (client error): The resource could not be found.
2026-04-23 14:47:02.934 9 INFO neutron.wsgi [None req-7ee3b612-bbfa-41b6-908b-26f2e0eddaf0 11e544717cda491b987f5f7b26a0754b c5de5ed33bfa4e8aa83476dd836ca985 - - default default] 10.0.0.89 "GET /v2.0/ports/ee9c5d1e-acf0-4729-a159-99d72d228060 HTTP/1.1" status: 404 len: 333 time: 0.0202308
2026-04-23 14:47:03.132 9 INFO neutron.wsgi [None req-d76d5565-6d72-4d75-ada4-dadc1501775a 11e544717cda491b987f5f7b26a0754b c5de5ed33bfa4e8aa83476dd836ca985 - - - -] 10.0.0.89 "DELETE /v2.0/subnets/afcc8bb7-a03d-4b55-8ce3-b2410a17132a HTTP/1.1" status: 204 len: 168 time: 0.1900659
2026-04-23 14:47:03.536 9 INFO neutron.services.segments.plugin [-] Segment 82a231be-7fca-4c1a-841d-a95e28eddb8b resource provider aggregate not found
2026-04-23 14:47:03.542 9 INFO neutron.services.segments.plugin [-] Segment 82a231be-7fca-4c1a-841d-a95e28eddb8b resource provider aggregate not found
2026-04-23 14:47:03.571 9 INFO neutron.services.segments.plugin [-] Segment 82a231be-7fca-4c1a-841d-a95e28eddb8b resource provider not found; error: Placement Client Error (4xx): {"errors": [{"status": 404, "title": "Not Found", "detail": "The resource could not be found.\n\n No resource provider with uuid 82a231be-7fca-4c1a-841d-a95e28eddb8b found for delete ", "request_id": "req-6fcf7852-1924-4cd5-a90b-f2cee51a7fe6"}]}
2026-04-23 14:47:03.572 9 INFO neutron.services.segments.plugin [-] Segment 82a231be-7fca-4c1a-841d-a95e28eddb8b resource provider not found; error: Placement Client Error (4xx): {"errors": [{"status": 404, "title": "Not Found", "detail": "The resource could not be found.\n\n No resource provider with uuid 82a231be-7fca-4c1a-841d-a95e28eddb8b found for delete ", "request_id": "req-c42c8d22-bda6-451f-b305-81f3314a79fd"}]}
2026-04-23 14:47:03.581 9 INFO neutron.wsgi [None req-27f204d3-64b7-4b06-b5a6-aa1e0334c1fa 11e544717cda491b987f5f7b26a0754b c5de5ed33bfa4e8aa83476dd836ca985 - - - -] 10.0.0.89 "DELETE /v2.0/networks/b12ab7aa-0046-4345-abd2-8c869496e646 HTTP/1.1" status: 204 len: 168 time: 0.4451022
2026-04-23 14:47:03.695 9 INFO neutron.wsgi [None req-2e182023-6d43-483a-9610-dce73fe19a01 96b474cc79454b5c95c325ba36a8f3d5 bce132c0e1044996b2bb48a83093a5e4 - - - -] 10.0.0.89 "POST /v2.0/qos/policies HTTP/1.1" status: 201 len: 558 time: 0.2131827
2026-04-23 14:47:03.698 10 INFO neutron.db.segments_db [None req-0c3c644d-2d78-436e-980f-32c719a2ea58 11e544717cda491b987f5f7b26a0754b c5de5ed33bfa4e8aa83476dd836ca985 - - - -] Added segment fb4a88df-6944-4fae-a4f1-cb978d4d1213 of type geneve for network d8aed11d-4704-4c19-9632-654ae2d22123
2026-04-23 14:47:03.745 9 INFO neutron.wsgi [None req-cfb5d765-45ab-453f-af58-afd0036976ad 96b474cc79454b5c95c325ba36a8f3d5 bce132c0e1044996b2bb48a83093a5e4 - - - -] 10.0.0.89 "POST /v2.0/qos/policies HTTP/1.1" status: 201 len: 558 time: 0.0393414
2026-04-23 14:47:03.793 9 INFO neutron.wsgi [None req-2e40f039-42fd-4d61-a8e0-60ec9f23a49f 96b474cc79454b5c95c325ba36a8f3d5 bce132c0e1044996b2bb48a83093a5e4 - - - -] 10.0.0.89 "POST /v2.0/qos/policies HTTP/1.1" status: 201 len: 558 time: 0.0418515
2026-04-23 14:47:03.833 9 INFO neutron.wsgi [None req-79586d9c-636b-4b15-b776-c431d7d356bd 96b474cc79454b5c95c325ba36a8f3d5 bce132c0e1044996b2bb48a83093a5e4 - - - -] 10.0.0.89 "POST /v2.0/qos/policies HTTP/1.1" status: 201 len: 558 time: 0.0347838
2026-04-23 14:47:03.877 10 INFO neutron.db.ovn_revision_numbers_db [None req-0c3c644d-2d78-436e-980f-32c719a2ea58 11e544717cda491b987f5f7b26a0754b c5de5ed33bfa4e8aa83476dd836ca985 - - - -] Successfully bumped revision number for resource d8aed11d-4704-4c19-9632-654ae2d22123 (type: networks) to 1
2026-04-23 14:47:03.879 9 INFO neutron.wsgi [None req-99fe1864-7ed9-4d5f-ab3a-a979e185e606 96b474cc79454b5c95c325ba36a8f3d5 bce132c0e1044996b2bb48a83093a5e4 - - - -] 10.0.0.89 "POST /v2.0/qos/policies HTTP/1.1" status: 201 len: 558 time: 0.0433152
2026-04-23 14:47:03.912 9 INFO neutron.wsgi [None req-b0b0266e-aedc-4935-ac00-943a6af1740c 96b474cc79454b5c95c325ba36a8f3d5 bce132c0e1044996b2bb48a83093a5e4 - - - -] 10.0.0.89 "PUT /v2.0/policies/17e4d0cd-9d86-4d95-86a2-2a042ebaeb07/tags HTTP/1.1" status: 200 len: 210 time: 0.0262284
2026-04-23 14:47:03.945 9 INFO neutron.wsgi [None req-8b0a9015-d32a-4048-be7b-f3012a5f7eb2 96b474cc79454b5c95c325ba36a8f3d5 bce132c0e1044996b2bb48a83093a5e4 - - - -] 10.0.0.89 "PUT /v2.0/policies/1294b193-a1ec-430b-aa3d-8a58af87562a/tags HTTP/1.1" status: 200 len: 218 time: 0.0293777
2026-04-23 14:47:03.974 9 INFO neutron.wsgi [None req-6ffb8cc0-832f-4941-aef9-d0805f5f0eaa 96b474cc79454b5c95c325ba36a8f3d5 bce132c0e1044996b2bb48a83093a5e4 - - - -] 10.0.0.89 "PUT /v2.0/policies/0ae13207-f8f9-4371-9db6-163ef9bd55ee/tags HTTP/1.1" status: 200 len: 227 time: 0.0248520
2026-04-23 14:47:04.000 9 INFO neutron.wsgi [None req-9bc0b4be-ddd0-4f98-a9b7-15bb81c040d1 96b474cc79454b5c95c325ba36a8f3d5 bce132c0e1044996b2bb48a83093a5e4 - - - -] 10.0.0.89 "PUT /v2.0/policies/c1e6d83d-aec9-4939-a465-a1e1f3fefd25/tags HTTP/1.1" status: 200 len: 212 time: 0.0209575
2026-04-23 14:47:04.103 10 WARNING neutron.scheduler.dhcp_agent_scheduler [None req-0c3c644d-2d78-436e-980f-32c719a2ea58 11e544717cda491b987f5f7b26a0754b c5de5ed33bfa4e8aa83476dd836ca985 - - - -] No more DHCP agents
2026-04-23 14:47:04.105 10 WARNING neutron.api.rpc.agentnotifiers.dhcp_rpc_agent_api [None req-0c3c644d-2d78-436e-980f-32c719a2ea58 11e544717cda491b987f5f7b26a0754b c5de5ed33bfa4e8aa83476dd836ca985 - - - -] Unable to schedule network d8aed11d-4704-4c19-9632-654ae2d22123: no agents available; will retry on subsequent port and subnet creation events.
2026-04-23 14:47:04.184 10 INFO neutron.db.ovn_revision_numbers_db [None req-0c3c644d-2d78-436e-980f-32c719a2ea58 11e544717cda491b987f5f7b26a0754b c5de5ed33bfa4e8aa83476dd836ca985 - - - -] Successfully bumped revision number for resource 37d9e81b-3720-4b3f-98a5-fead82ce6814 (type: ports) to 1
2026-04-23 14:47:04.209 10 INFO neutron.wsgi [None req-0c3c644d-2d78-436e-980f-32c719a2ea58 11e544717cda491b987f5f7b26a0754b c5de5ed33bfa4e8aa83476dd836ca985 - - - -] 10.0.0.89 "POST /v2.0/networks HTTP/1.1" status: 201 len: 831 time: 0.6221399
2026-04-23 14:47:04.476 10 WARNING neutron.scheduler.dhcp_agent_scheduler [None req-574f1788-69f3-4732-ba03-2880ef32cf32 11e544717cda491b987f5f7b26a0754b c5de5ed33bfa4e8aa83476dd836ca985 - - - -] No more DHCP agents
2026-04-23 14:47:04.479 10 WARNING neutron.api.rpc.agentnotifiers.dhcp_rpc_agent_api [None req-574f1788-69f3-4732-ba03-2880ef32cf32 11e544717cda491b987f5f7b26a0754b c5de5ed33bfa4e8aa83476dd836ca985 - - - -] Unable to schedule network d8aed11d-4704-4c19-9632-654ae2d22123: no agents available; will retry on subsequent port and subnet creation events.
2026-04-23 14:47:04.594 9 INFO neutron.wsgi [None req-9af8daa1-7206-4096-85ba-a93547ce9681 1b0af845eb0a48b682983853416fbcc8 f2b4af0745e94447afc1eae09daeea09 - - default default] 10.0.0.89 "GET /v2.0/qos/policies?tags=red HTTP/1.1" status: 200 len: 1296 time: 0.2398875
2026-04-23 14:47:04.652 9 INFO neutron.wsgi [None req-1113f872-8fbf-48d1-8995-fc94c7649ba1 1b0af845eb0a48b682983853416fbcc8 f2b4af0745e94447afc1eae09daeea09 - - default default] 10.0.0.89 "GET /v2.0/qos/policies?tags=red%2Cblue HTTP/1.1" status: 200 len: 941 time: 0.0534246
2026-04-23 14:47:04.710 9 INFO neutron.wsgi [None req-7140e583-edad-4cdc-ace5-f3cd989754f3 1b0af845eb0a48b682983853416fbcc8 f2b4af0745e94447afc1eae09daeea09 - - default default] 10.0.0.89 "GET /v2.0/qos/policies?tags-any=blue HTTP/1.1" status: 200 len: 941 time: 0.0521929
2026-04-23 14:47:04.780 9 INFO neutron.wsgi [None req-f0109e91-2077-4fa7-95ee-6311cb97ab5e 1b0af845eb0a48b682983853416fbcc8 f2b4af0745e94447afc1eae09daeea09 - - default default] 10.0.0.89 "GET /v2.0/qos/policies?tags-any=red%2Cblue HTTP/1.1" status: 200 len: 1296 time: 0.0645592
2026-04-23 14:47:04.894 10 INFO neutron.wsgi [None req-be005e8f-4e26-495d-8175-a91816107b87 1b0af845eb0a48b682983853416fbcc8 f2b4af0745e94447afc1eae09daeea09 - - default default] 10.0.0.89 "GET /v2.0/qos/policies?not-tags=red HTTP/1.1" status: 200 len: 913 time: 0.1082187
2026-04-23 14:47:04.992 9 INFO neutron.wsgi [None req-579f9439-1526-4542-bd7b-9c2ccd335e79 1b0af845eb0a48b682983853416fbcc8 f2b4af0745e94447afc1eae09daeea09 - - default default] 10.0.0.89 "GET /v2.0/qos/policies?not-tags=red%2Cblue HTTP/1.1" status: 200 len: 1268 time: 0.0923448
2026-04-23 14:47:04.998 10 INFO neutron.db.ovn_revision_numbers_db [None req-574f1788-69f3-4732-ba03-2880ef32cf32 11e544717cda491b987f5f7b26a0754b c5de5ed33bfa4e8aa83476dd836ca985 - - - -] Successfully bumped revision number for resource 37d9e81b-3720-4b3f-98a5-fead82ce6814 (type: ports) to 2
2026-04-23 14:47:05.023 10 INFO neutron.db.ovn_revision_numbers_db [None req-574f1788-69f3-4732-ba03-2880ef32cf32 11e544717cda491b987f5f7b26a0754b c5de5ed33bfa4e8aa83476dd836ca985 - - - -] Successfully bumped revision number for resource 1d7c5d5f-e998-415f-8c53-a4fe1f21a827 (type: subnets) to 0
2026-04-23 14:47:05.042 10 INFO neutron.wsgi [None req-574f1788-69f3-4732-ba03-2880ef32cf32 11e544717cda491b987f5f7b26a0754b c5de5ed33bfa4e8aa83476dd836ca985 - - - -] 10.0.0.89 "POST /v2.0/subnets HTTP/1.1" status: 201 len: 801 time: 0.8274903
2026-04-23 14:47:05.110 9 INFO neutron.wsgi [None req-e1fa601f-708b-49ef-870c-9e66db830934 1b0af845eb0a48b682983853416fbcc8 f2b4af0745e94447afc1eae09daeea09 - - default default] 10.0.0.89 "GET /v2.0/qos/policies?not-tags-any=blue HTTP/1.1" status: 200 len: 1268 time: 0.1130259
2026-04-23 14:47:05.176 9 INFO neutron.wsgi [None req-ec1656cf-bc61-49cc-82cf-ed5a5f6b8c71 1b0af845eb0a48b682983853416fbcc8 f2b4af0745e94447afc1eae09daeea09 - - default default] 10.0.0.89 "GET /v2.0/qos/policies?not-tags-any=red%2Cblue HTTP/1.1" status: 200 len: 913 time: 0.0586417
2026-04-23 14:47:05.249 10 INFO neutron.wsgi [None req-ef205ccf-e9da-4442-aa92-c4711d78eec3 96b474cc79454b5c95c325ba36a8f3d5 bce132c0e1044996b2bb48a83093a5e4 - - - -] 10.0.0.89 "DELETE /v2.0/qos/policies/17e4d0cd-9d86-4d95-86a2-2a042ebaeb07 HTTP/1.1" status: 204 len: 168 time: 0.0655951
2026-04-23 14:47:05.308 10 INFO neutron.wsgi [None req-d676aee8-6fb7-4619-a0a2-05b3d0d4742f 96b474cc79454b5c95c325ba36a8f3d5 bce132c0e1044996b2bb48a83093a5e4 - - - -] 10.0.0.89 "DELETE /v2.0/qos/policies/1294b193-a1ec-430b-aa3d-8a58af87562a HTTP/1.1" status: 204 len: 168 time: 0.0546184
2026-04-23 14:47:05.369 10 INFO neutron.wsgi [None req-29dbccc6-8fcb-4813-9440-56d189b4a0cf 96b474cc79454b5c95c325ba36a8f3d5 bce132c0e1044996b2bb48a83093a5e4 - - - -] 10.0.0.89 "DELETE /v2.0/qos/policies/0ae13207-f8f9-4371-9db6-163ef9bd55ee HTTP/1.1" status: 204 len: 168 time: 0.0560820
2026-04-23 14:47:05.397 9 WARNING neutron.scheduler.dhcp_agent_scheduler [None req-285d0847-1e36-4260-ae11-71c559a63ab4 11e544717cda491b987f5f7b26a0754b c5de5ed33bfa4e8aa83476dd836ca985 - - - -] No more DHCP agents
2026-04-23 14:47:05.399 9 WARNING neutron.api.rpc.agentnotifiers.dhcp_rpc_agent_api [None req-285d0847-1e36-4260-ae11-71c559a63ab4 11e544717cda491b987f5f7b26a0754b c5de5ed33bfa4e8aa83476dd836ca985 - - - -] Unable to schedule network d8aed11d-4704-4c19-9632-654ae2d22123: no agents available; will retry on subsequent port and subnet creation events.
2026-04-23 14:47:05.534 9 INFO neutron.db.ovn_revision_numbers_db [None req-285d0847-1e36-4260-ae11-71c559a63ab4 11e544717cda491b987f5f7b26a0754b c5de5ed33bfa4e8aa83476dd836ca985 - - - -] Successfully bumped revision number for resource 6e258b13-55ce-4e51-81c8-745eaf921292 (type: ports) to 1
2026-04-23 14:47:05.562 9 INFO neutron.wsgi [None req-285d0847-1e36-4260-ae11-71c559a63ab4 11e544717cda491b987f5f7b26a0754b c5de5ed33bfa4e8aa83476dd836ca985 - - - -] 10.0.0.89 "POST /v2.0/ports HTTP/1.1" status: 201 len: 1110 time: 0.5150568
2026-04-23 14:47:05.749 10 INFO neutron.wsgi [None req-cd5e5ffa-774d-426f-bbcf-d34e9604f92b 96b474cc79454b5c95c325ba36a8f3d5 bce132c0e1044996b2bb48a83093a5e4 - - - -] 10.0.0.89 "DELETE /v2.0/qos/policies/c1e6d83d-aec9-4939-a465-a1e1f3fefd25 HTTP/1.1" status: 204 len: 168 time: 0.3760321
2026-04-23 14:47:05.803 10 INFO neutron.wsgi [None req-3dabcbaa-2675-4e9c-b4aa-e3a1bb6aed73 96b474cc79454b5c95c325ba36a8f3d5 bce132c0e1044996b2bb48a83093a5e4 - - - -] 10.0.0.89 "DELETE /v2.0/qos/policies/ed34b1be-a427-42fb-b981-85dfa9002e76 HTTP/1.1" status: 204 len: 168 time: 0.0491838
2026-04-23 14:47:05.908 9 INFO neutron.wsgi [None req-9528bc69-aded-4df5-954b-c1d8a09fb261 11e544717cda491b987f5f7b26a0754b c5de5ed33bfa4e8aa83476dd836ca985 - - - -] 10.0.0.89 "DELETE /v2.0/ports/6e258b13-55ce-4e51-81c8-745eaf921292 HTTP/1.1" status: 204 len: 168 time: 0.3393250
2026-04-23 14:47:05.934 9 INFO neutron.pecan_wsgi.hooks.translation [None req-a0e45144-8aa5-4974-9675-ef8163b087d1 11e544717cda491b987f5f7b26a0754b c5de5ed33bfa4e8aa83476dd836ca985 - - default default] GET failed (client error): The resource could not be found.
2026-04-23 14:47:05.935 9 INFO neutron.wsgi [None req-a0e45144-8aa5-4974-9675-ef8163b087d1 11e544717cda491b987f5f7b26a0754b c5de5ed33bfa4e8aa83476dd836ca985 - - default default] 10.0.0.89 "GET /v2.0/ports/6e258b13-55ce-4e51-81c8-745eaf921292 HTTP/1.1" status: 404 len: 333 time: 0.0206511
2026-04-23 14:47:06.066 10 INFO neutron.wsgi [-] 10.0.0.96 "GET / HTTP/1.1" status: 200 len: 247 time: 0.0028412
2026-04-23 14:47:06.069 10 INFO neutron.wsgi [-] 10.0.0.96 "GET / HTTP/1.1" status: 200 len: 247 time: 0.0017200
2026-04-23 14:47:06.142 9 INFO neutron.wsgi [None req-ebbfc226-a04d-4224-b6c4-bf4c65155178 11e544717cda491b987f5f7b26a0754b c5de5ed33bfa4e8aa83476dd836ca985 - - - -] 10.0.0.89 "DELETE /v2.0/subnets/1d7c5d5f-e998-415f-8c53-a4fe1f21a827 HTTP/1.1" status: 204 len: 168 time: 0.2008162
2026-04-23 14:47:06.388 9 INFO neutron.db.ovn_revision_numbers_db [None req-f524582c-1ecf-4cfe-8927-18606399a268 595c0aac460a43d1bae2ec53b8e05389 b9ce5fc8c61b480c880e5a51f7961887 - - - -] Successfully bumped revision number for resource f960f98d-cca3-415d-9525-3e41e07c2ca9 (type: security_groups) to 1
2026-04-23 14:47:06.467 9 INFO neutron.db.segments_db [None req-f524582c-1ecf-4cfe-8927-18606399a268 595c0aac460a43d1bae2ec53b8e05389 b9ce5fc8c61b480c880e5a51f7961887 - - - -] Added segment 2e3ee6bd-0417-4801-b9a2-3a9ad4eca64a of type geneve for network f50f7c76-cbbd-46af-b669-885c1ff5aaa0
2026-04-23 14:47:06.584 9 INFO neutron.services.segments.plugin [-] Segment fb4a88df-6944-4fae-a4f1-cb978d4d1213 resource provider aggregate not found
2026-04-23 14:47:06.594 9 INFO neutron.services.segments.plugin [-] Segment fb4a88df-6944-4fae-a4f1-cb978d4d1213 resource provider aggregate not found
2026-04-23 14:47:06.623 9 INFO neutron.services.segments.plugin [-] Segment fb4a88df-6944-4fae-a4f1-cb978d4d1213 resource provider not found; error: Placement Client Error (4xx): {"errors": [{"status": 404, "title": "Not Found", "detail": "The resource could not be found.\n\n No resource provider with uuid fb4a88df-6944-4fae-a4f1-cb978d4d1213 found for delete ", "request_id": "req-0d84c9cd-5388-485e-b90f-1b2d8038ae5a"}]}
2026-04-23 14:47:06.628 9 INFO neutron.services.segments.plugin [-] Segment fb4a88df-6944-4fae-a4f1-cb978d4d1213 resource provider not found; error: Placement Client Error (4xx): {"errors": [{"status": 404, "title": "Not Found", "detail": "The resource could not be found.\n\n No resource provider with uuid fb4a88df-6944-4fae-a4f1-cb978d4d1213 found for delete ", "request_id": "req-bb544904-59df-42e3-9f09-48d22bedcc51"}]}
2026-04-23 14:47:06.654 9 INFO neutron.db.ovn_revision_numbers_db [None req-f524582c-1ecf-4cfe-8927-18606399a268 595c0aac460a43d1bae2ec53b8e05389 b9ce5fc8c61b480c880e5a51f7961887 - - - -] Successfully bumped revision number for resource f50f7c76-cbbd-46af-b669-885c1ff5aaa0 (type: networks) to 1
2026-04-23 14:47:06.663 9 INFO neutron.wsgi [None req-44310811-68c1-4aac-a481-c832bec1c21b 11e544717cda491b987f5f7b26a0754b c5de5ed33bfa4e8aa83476dd836ca985 - - - -] 10.0.0.89 "DELETE /v2.0/networks/d8aed11d-4704-4c19-9632-654ae2d22123 HTTP/1.1" status: 204 len: 168 time: 0.5168850
2026-04-23 14:47:06.838 9 WARNING neutron.scheduler.dhcp_agent_scheduler [None req-f524582c-1ecf-4cfe-8927-18606399a268 595c0aac460a43d1bae2ec53b8e05389 b9ce5fc8c61b480c880e5a51f7961887 - - - -] No more DHCP agents
2026-04-23 14:47:06.840 9 WARNING neutron.api.rpc.agentnotifiers.dhcp_rpc_agent_api [None req-f524582c-1ecf-4cfe-8927-18606399a268 595c0aac460a43d1bae2ec53b8e05389 b9ce5fc8c61b480c880e5a51f7961887 - - - -] Unable to schedule network f50f7c76-cbbd-46af-b669-885c1ff5aaa0: no agents available; will retry on subsequent port and subnet creation events.
2026-04-23 14:47:06.899 10 INFO neutron.db.ovn_revision_numbers_db [None req-b9033192-e76e-4296-a0c1-b3a6aff1edd2 3f903946024040bfa8b7663bd313b45c a102aa7a48764bb59a2190da7e37cd60 - - default default] Successfully bumped revision number for resource 4dc77616-8940-48b0-9d5d-ca9120ca0a58 (type: security_groups) to 1
2026-04-23 14:47:06.920 9 INFO neutron.db.ovn_revision_numbers_db [None req-f524582c-1ecf-4cfe-8927-18606399a268 595c0aac460a43d1bae2ec53b8e05389 b9ce5fc8c61b480c880e5a51f7961887 - - - -] Successfully bumped revision number for resource 1b69ca6b-7cf9-4cad-ad02-a9a7d3b9f781 (type: ports) to 1
2026-04-23 14:47:06.938 10 INFO neutron.wsgi [None req-b9033192-e76e-4296-a0c1-b3a6aff1edd2 3f903946024040bfa8b7663bd313b45c a102aa7a48764bb59a2190da7e37cd60 - - default default] 10.0.0.89 "GET /v2.0/security-groups?tenant_id=316d42ceef1d448480de2c4d395db735&name=default HTTP/1.1" status: 200 len: 2996 time: 0.3176222
2026-04-23 14:47:06.939 10 WARNING neutron.scheduler.dhcp_agent_scheduler [None req-4e2407db-5609-4a24-a4ee-ecb4098cdab1 11e544717cda491b987f5f7b26a0754b c5de5ed33bfa4e8aa83476dd836ca985 - - - -] No more DHCP agents
2026-04-23 14:47:06.941 10 WARNING neutron.api.rpc.agentnotifiers.dhcp_rpc_agent_api [None req-4e2407db-5609-4a24-a4ee-ecb4098cdab1 11e544717cda491b987f5f7b26a0754b c5de5ed33bfa4e8aa83476dd836ca985 - - - -] Unable to schedule network fe217998-a764-475e-8a79-9fd7332a5bfe: no agents available; will retry on subsequent port and subnet creation events.
2026-04-23 14:47:06.946 9 INFO neutron.wsgi [None req-f524582c-1ecf-4cfe-8927-18606399a268 595c0aac460a43d1bae2ec53b8e05389 b9ce5fc8c61b480c880e5a51f7961887 - - - -] 10.0.0.89 "POST /v2.0/networks HTTP/1.1" status: 201 len: 830 time: 0.9186850 /var/lib/openstack/lib/python3.10/site-packages/pycadf/identifier.py:71: UserWarning: Invalid uuid: neutron. To ensure interoperability, identifiers should be a valid uuid. warnings.warn(('Invalid uuid: %s. To ensure interoperability, '
2026-04-23 14:47:07.013 10 INFO neutron.db.ovn_revision_numbers_db [None req-4e2407db-5609-4a24-a4ee-ecb4098cdab1 11e544717cda491b987f5f7b26a0754b c5de5ed33bfa4e8aa83476dd836ca985 - - - -] Successfully bumped revision number for resource 99bddd28-b3d6-4744-a026-d43af019cd11 (type: ports) to 1
2026-04-23 14:47:07.031 9 INFO neutron.db.segments_db [None req-c61889b3-601d-44a7-91e5-240059eb6194 595c0aac460a43d1bae2ec53b8e05389 b9ce5fc8c61b480c880e5a51f7961887 - - - -] Added segment acb855bd-9919-4e4a-a936-a5050a436745 of type geneve for network 3b966bef-e7f4-41c3-bae2-6e025a7e51f7
2026-04-23 14:47:07.040 10 INFO neutron.wsgi [None req-4e2407db-5609-4a24-a4ee-ecb4098cdab1 11e544717cda491b987f5f7b26a0754b c5de5ed33bfa4e8aa83476dd836ca985 - - - -] 10.0.0.89 "POST /v2.0/ports HTTP/1.1" status: 201 len: 972 time: 0.3693516
2026-04-23 14:47:07.159 9 INFO neutron.db.ovn_revision_numbers_db [None req-c61889b3-601d-44a7-91e5-240059eb6194 595c0aac460a43d1bae2ec53b8e05389 b9ce5fc8c61b480c880e5a51f7961887 - - - -] Successfully bumped revision number for resource 3b966bef-e7f4-41c3-bae2-6e025a7e51f7 (type: networks) to 1
2026-04-23 14:47:07.225 10 INFO neutron.wsgi [None req-c51ce0d3-955c-4535-8067-5511dfbce382 3f903946024040bfa8b7663bd313b45c a102aa7a48764bb59a2190da7e37cd60 - - - -] 10.0.0.89 "DELETE /v2.0/security-groups/4dc77616-8940-48b0-9d5d-ca9120ca0a58 HTTP/1.1" status: 204 len: 168 time: 0.2804024
2026-04-23 14:47:07.295 10 INFO neutron.db.ovn_revision_numbers_db [None req-526fda73-6021-4a66-94b2-25dbab1d88d8 11e544717cda491b987f5f7b26a0754b c5de5ed33bfa4e8aa83476dd836ca985 - - - -] Successfully bumped revision number for resource 99bddd28-b3d6-4744-a026-d43af019cd11 (type: ports) to 2
2026-04-23 14:47:07.305 10 INFO neutron.wsgi [None req-526fda73-6021-4a66-94b2-25dbab1d88d8 11e544717cda491b987f5f7b26a0754b c5de5ed33bfa4e8aa83476dd836ca985 - - - -] 10.0.0.89 "PUT /v2.0/ports/99bddd28-b3d6-4744-a026-d43af019cd11 HTTP/1.1" status: 200 len: 946 time: 0.2604847 /var/lib/openstack/lib/python3.10/site-packages/pycadf/identifier.py:71: UserWarning: Invalid uuid: neutron. To ensure interoperability, identifiers should be a valid uuid. warnings.warn(('Invalid uuid: %s. To ensure interoperability, '
2026-04-23 14:47:07.361 9 WARNING neutron.scheduler.dhcp_agent_scheduler [None req-c61889b3-601d-44a7-91e5-240059eb6194 595c0aac460a43d1bae2ec53b8e05389 b9ce5fc8c61b480c880e5a51f7961887 - - - -] No more DHCP agents
2026-04-23 14:47:07.364 9 WARNING neutron.api.rpc.agentnotifiers.dhcp_rpc_agent_api [None req-c61889b3-601d-44a7-91e5-240059eb6194 595c0aac460a43d1bae2ec53b8e05389 b9ce5fc8c61b480c880e5a51f7961887 - - - -] Unable to schedule network 3b966bef-e7f4-41c3-bae2-6e025a7e51f7: no agents available; will retry on subsequent port and subnet creation events.
2026-04-23 14:47:07.444 9 INFO neutron.db.ovn_revision_numbers_db [None req-c61889b3-601d-44a7-91e5-240059eb6194 595c0aac460a43d1bae2ec53b8e05389 b9ce5fc8c61b480c880e5a51f7961887 - - - -] Successfully bumped revision number for resource f6206495-6303-45c9-a9e8-389ce031b230 (type: ports) to 1
2026-04-23 14:47:07.469 9 INFO neutron.wsgi [None req-c61889b3-601d-44a7-91e5-240059eb6194 595c0aac460a43d1bae2ec53b8e05389 b9ce5fc8c61b480c880e5a51f7961887 - - - -] 10.0.0.89 "POST /v2.0/networks HTTP/1.1" status: 201 len: 831 time: 0.5181737
2026-04-23 14:47:07.530 9 INFO neutron.wsgi [None req-db600c31-27f2-4c3b-9c29-5b71b6f6d9cf 595c0aac460a43d1bae2ec53b8e05389 b9ce5fc8c61b480c880e5a51f7961887 - - - -] 10.0.0.89 "PUT /v2.0/networks/f50f7c76-cbbd-46af-b669-885c1ff5aaa0/tags HTTP/1.1" status: 200 len: 218 time: 0.0549979
2026-04-23 14:47:07.584 10 INFO neutron.wsgi [None req-bbff14b9-a650-425e-bf96-7e6789b3b81b 595c0aac460a43d1bae2ec53b8e05389 b9ce5fc8c61b480c880e5a51f7961887 - - default default] 10.0.0.89 "GET /v2.0/networks/f50f7c76-cbbd-46af-b669-885c1ff5aaa0/tags HTTP/1.1" status: 200 len: 218 time: 0.0493381
2026-04-23 14:47:07.599 10 INFO neutron.db.ovn_revision_numbers_db [None req-ccadd3f3-4238-454c-98e7-fe48e68639c7 3f903946024040bfa8b7663bd313b45c a102aa7a48764bb59a2190da7e37cd60 - - default default] Successfully bumped revision number for resource 578e54c9-29a0-4f87-919e-d3ae32d293ed (type: security_groups) to 1
2026-04-23 14:47:07.635 10 INFO neutron.wsgi [None req-ccadd3f3-4238-454c-98e7-fe48e68639c7 3f903946024040bfa8b7663bd313b45c a102aa7a48764bb59a2190da7e37cd60 - - default default] 10.0.0.89 "GET /v2.0/security-groups?tenant_id=bce132c0e1044996b2bb48a83093a5e4&name=default HTTP/1.1" status: 200 len: 2996 time: 0.2422748
2026-04-23 14:47:07.647 9 INFO neutron.wsgi [None req-6e0b9cf7-0d67-4724-be7a-801fec805476 595c0aac460a43d1bae2ec53b8e05389 b9ce5fc8c61b480c880e5a51f7961887 - - - -] 10.0.0.89 "PUT /v2.0/networks/3b966bef-e7f4-41c3-bae2-6e025a7e51f7/tags HTTP/1.1" status: 200 len: 210 time: 0.0553713
2026-04-23 14:47:07.653 10 INFO neutron.wsgi [None req-647c64c8-303e-44ae-97ee-3e6299417d7d 11e544717cda491b987f5f7b26a0754b c5de5ed33bfa4e8aa83476dd836ca985 - - - -] 10.0.0.89 "DELETE /v2.0/ports/99bddd28-b3d6-4744-a026-d43af019cd11 HTTP/1.1" status: 204 len: 168 time: 0.3418238
2026-04-23 14:47:07.763 10 INFO neutron.wsgi [None req-1ece56e1-80e9-4e28-ae99-a5672b85c3bc 11e544717cda491b987f5f7b26a0754b c5de5ed33bfa4e8aa83476dd836ca985 - - default default] 10.0.0.89 "GET /v2.0/ports HTTP/1.1" status: 200 len: 1728 time: 0.1059093
2026-04-23 14:47:07.791 10 INFO neutron.pecan_wsgi.hooks.translation [None req-29ee0213-5420-4854-8ef2-e0c73e6bdd30 11e544717cda491b987f5f7b26a0754b c5de5ed33bfa4e8aa83476dd836ca985 - - default default] GET failed (client error): The resource could not be found.
2026-04-23 14:47:07.793 10 INFO neutron.wsgi [None req-29ee0213-5420-4854-8ef2-e0c73e6bdd30 11e544717cda491b987f5f7b26a0754b c5de5ed33bfa4e8aa83476dd836ca985 - - default default] 10.0.0.89 "GET /v2.0/ports/99bddd28-b3d6-4744-a026-d43af019cd11 HTTP/1.1" status: 404 len: 333 time: 0.0257013
2026-04-23 14:47:07.845 10 INFO neutron.wsgi [None req-1274e625-8600-4a13-a6c0-77752ce7d433 11e544717cda491b987f5f7b26a0754b c5de5ed33bfa4e8aa83476dd836ca985 - - default default] 10.0.0.89 "GET /v2.0/ports HTTP/1.1" status: 200 len: 1728 time: 0.0460501
2026-04-23 14:47:07.892 10 INFO neutron.wsgi [None req-3d1b76ce-1c19-4448-8444-b0d852bfb99b 11e544717cda491b987f5f7b26a0754b c5de5ed33bfa4e8aa83476dd836ca985 - - default default] 10.0.0.89 "GET /v2.0/ports/8de7977c-ef41-46bc-881b-05d714dfd99f HTTP/1.1" status: 200 len: 968 time: 0.0401826
2026-04-23 14:47:07.918 10 INFO neutron.pecan_wsgi.hooks.translation [None req-58877f61-6f7f-4635-b95f-b90978b5880d 11e544717cda491b987f5f7b26a0754b c5de5ed33bfa4e8aa83476dd836ca985 - - - -] DELETE failed (client error): The resource could not be found.
2026-04-23 14:47:07.920 9 INFO neutron.wsgi [None req-e3414a13-2f99-4d8b-b2d6-46cec0ce5d2f 595c0aac460a43d1bae2ec53b8e05389 b9ce5fc8c61b480c880e5a51f7961887 - - default default] 10.0.0.89 "GET /v2.0/networks/3b966bef-e7f4-41c3-bae2-6e025a7e51f7/tags HTTP/1.1" status: 200 len: 210 time: 0.2689633
2026-04-23 14:47:07.921 10 INFO neutron.wsgi [None req-58877f61-6f7f-4635-b95f-b90978b5880d 11e544717cda491b987f5f7b26a0754b c5de5ed33bfa4e8aa83476dd836ca985 - - - -] 10.0.0.89 "DELETE /v2.0/ports/6e258b13-55ce-4e51-81c8-745eaf921292 HTTP/1.1" status: 404 len: 333 time: 0.0217957
2026-04-23 14:47:07.950 9 INFO neutron.pecan_wsgi.hooks.translation [None req-41786d06-2b7b-439b-bdf8-bc7c165ebd41 11e544717cda491b987f5f7b26a0754b c5de5ed33bfa4e8aa83476dd836ca985 - - - -] DELETE failed (client error): The resource could not be found.
2026-04-23 14:47:07.952 9 INFO neutron.wsgi [None req-41786d06-2b7b-439b-bdf8-bc7c165ebd41 11e544717cda491b987f5f7b26a0754b c5de5ed33bfa4e8aa83476dd836ca985 - - - -] 10.0.0.89 "DELETE /v2.0/subnets/1d7c5d5f-e998-415f-8c53-a4fe1f21a827 HTTP/1.1" status: 404 len: 337 time: 0.0247433
2026-04-23 14:47:07.975 9 INFO neutron.pecan_wsgi.hooks.translation [None req-aafc9a02-9690-4dd0-b4d7-e0aecf178411 11e544717cda491b987f5f7b26a0754b c5de5ed33bfa4e8aa83476dd836ca985 - - - -] DELETE failed (client error): The resource could not be found.
2026-04-23 14:47:07.977 10 INFO neutron.wsgi [None req-75f9f3dc-db8a-4560-99ab-5e2d884b4b9f 595c0aac460a43d1bae2ec53b8e05389 b9ce5fc8c61b480c880e5a51f7961887 - - - -] 10.0.0.89 "PUT /v2.0/networks/3b966bef-e7f4-41c3-bae2-6e025a7e51f7/tags HTTP/1.1" status: 200 len: 205 time: 0.0518613
2026-04-23 14:47:07.977 9 INFO neutron.wsgi [None req-aafc9a02-9690-4dd0-b4d7-e0aecf178411 11e544717cda491b987f5f7b26a0754b c5de5ed33bfa4e8aa83476dd836ca985 - - - -] 10.0.0.89 "DELETE /v2.0/subnets/afcc8bb7-a03d-4b55-8ce3-b2410a17132a HTTP/1.1" status: 404 len: 337 time: 0.0195820
2026-04-23 14:47:08.038 10 INFO neutron.wsgi [None req-cce8ccb6-9868-422d-9359-583973f7a49e 595c0aac460a43d1bae2ec53b8e05389 b9ce5fc8c61b480c880e5a51f7961887 - - default default] 10.0.0.89 "GET /v2.0/networks/3b966bef-e7f4-41c3-bae2-6e025a7e51f7/tags HTTP/1.1" status: 200 len: 205 time: 0.0558357
2026-04-23 14:47:08.092 10 INFO neutron.wsgi [None req-7337ae5e-09e3-4014-8563-d348f78bf3ab 595c0aac460a43d1bae2ec53b8e05389 b9ce5fc8c61b480c880e5a51f7961887 - - default default] 10.0.0.89 "GET /v2.0/networks/f50f7c76-cbbd-46af-b669-885c1ff5aaa0/tags HTTP/1.1" status: 200 len: 218 time: 0.0484011
2026-04-23 14:47:08.216 9 INFO neutron.wsgi [None req-e1c34282-aceb-4012-87c8-dedd2b88ae08 3f903946024040bfa8b7663bd313b45c a102aa7a48764bb59a2190da7e37cd60 - - - -] 10.0.0.89 "DELETE /v2.0/security-groups/578e54c9-29a0-4f87-919e-d3ae32d293ed HTTP/1.1" status: 204 len: 168 time: 0.5756712
2026-04-23 14:47:08.289 9 INFO neutron.wsgi [None req-ae9597c8-9cd9-436b-b527-8e5c013588c8 11e544717cda491b987f5f7b26a0754b c5de5ed33bfa4e8aa83476dd836ca985 - - - -] 10.0.0.89 "DELETE /v2.0/ports/8de7977c-ef41-46bc-881b-05d714dfd99f HTTP/1.1" status: 204 len: 168 time: 0.3061502
2026-04-23 14:47:08.465 10 INFO neutron.services.segments.plugin [-] Segment 2e3ee6bd-0417-4801-b9a2-3a9ad4eca64a resource provider aggregate not found
2026-04-23 14:47:08.472 10 INFO neutron.services.segments.plugin [-] Segment 2e3ee6bd-0417-4801-b9a2-3a9ad4eca64a resource provider aggregate not found
2026-04-23 14:47:08.493 10 INFO neutron.services.segments.plugin [-] Segment 2e3ee6bd-0417-4801-b9a2-3a9ad4eca64a resource provider not found; error: Placement Client Error (4xx): {"errors": [{"status": 404, "title": "Not Found", "detail": "The resource could not be found.\n\n No resource provider with uuid 2e3ee6bd-0417-4801-b9a2-3a9ad4eca64a found for delete ", "request_id": "req-e7d3808d-44d0-42b6-8601-a7280e277c12"}]}
2026-04-23 14:47:08.494 10 INFO neutron.services.segments.plugin [-] Segment 2e3ee6bd-0417-4801-b9a2-3a9ad4eca64a resource provider not found; error: Placement Client Error (4xx): {"errors": [{"status": 404, "title": "Not Found", "detail": "The resource could not be found.\n\n No resource provider with uuid 2e3ee6bd-0417-4801-b9a2-3a9ad4eca64a found for delete ", "request_id": "req-565fb271-ce05-4501-a2ad-3a40a5cede2f"}]}
2026-04-23 14:47:08.527 9 INFO neutron.db.ovn_revision_numbers_db [None req-6a8a0e67-ad91-4d1c-a624-ac27f1331b10 3f903946024040bfa8b7663bd313b45c a102aa7a48764bb59a2190da7e37cd60 - - default default] Successfully bumped revision number for resource b93c131b-34ec-4dac-9087-cf87094bfedc (type: security_groups) to 1
2026-04-23 14:47:08.528 10 INFO neutron.wsgi [None req-8ac105a1-c3ce-457a-a137-373f510b076f 595c0aac460a43d1bae2ec53b8e05389 b9ce5fc8c61b480c880e5a51f7961887 - - - -] 10.0.0.89 "DELETE /v2.0/networks/f50f7c76-cbbd-46af-b669-885c1ff5aaa0 HTTP/1.1" status: 204 len: 168 time: 0.4245563
2026-04-23 14:47:08.562 9 INFO neutron.wsgi [None req-6a8a0e67-ad91-4d1c-a624-ac27f1331b10 3f903946024040bfa8b7663bd313b45c a102aa7a48764bb59a2190da7e37cd60 - - default default] 10.0.0.89 "GET /v2.0/security-groups?tenant_id=f2b4af0745e94447afc1eae09daeea09&name=default HTTP/1.1" status: 200 len: 2996 time: 0.1762688
2026-04-23 14:47:08.701 9 INFO neutron.services.segments.plugin [-] Segment 3b429e8a-50b6-44bf-b8f5-1c818c12a523 resource provider aggregate not found
2026-04-23 14:47:08.713 9 INFO neutron.services.segments.plugin [-] Segment 3b429e8a-50b6-44bf-b8f5-1c818c12a523 resource provider aggregate not found
2026-04-23 14:47:08.734 9 INFO neutron.services.segments.plugin [-] Segment 3b429e8a-50b6-44bf-b8f5-1c818c12a523 resource provider not found; error: Placement Client Error (4xx): {"errors": [{"status": 404, "title": "Not Found", "detail": "The resource could not be found.\n\n No resource provider with uuid 3b429e8a-50b6-44bf-b8f5-1c818c12a523 found for delete ", "request_id": "req-c9981633-0489-442b-b1d8-c8e34b7bf7c6"}]}
2026-04-23 14:47:08.735 9 INFO neutron.services.segments.plugin [-] Segment 3b429e8a-50b6-44bf-b8f5-1c818c12a523 resource provider not found; error: Placement Client Error (4xx): {"errors": [{"status": 404, "title": "Not Found", "detail": "The resource could not be found.\n\n No resource provider with uuid 3b429e8a-50b6-44bf-b8f5-1c818c12a523 found for delete ", "request_id": "req-75c62572-d92d-44da-9da1-ad01411c7929"}]}
2026-04-23 14:47:08.743 10 INFO neutron.wsgi [None req-656fab58-a0e0-48a9-8802-fd517767cd6d 3f903946024040bfa8b7663bd313b45c a102aa7a48764bb59a2190da7e37cd60 - - - -] 10.0.0.89 "DELETE /v2.0/security-groups/b93c131b-34ec-4dac-9087-cf87094bfedc HTTP/1.1" status: 204 len: 168 time: 0.1746483
2026-04-23 14:47:08.778 9 INFO neutron.wsgi [None req-ca73075c-753e-4b95-be54-7f58a333ad7c 11e544717cda491b987f5f7b26a0754b c5de5ed33bfa4e8aa83476dd836ca985 - - - -] 10.0.0.89 "DELETE /v2.0/networks/fe217998-a764-475e-8a79-9fd7332a5bfe HTTP/1.1" status: 204 len: 168 time: 0.4840767
2026-04-23 14:47:08.955 10 INFO neutron.wsgi [req-08ad5a18-f98e-4348-80a6-6ec3f21b9294 req-d0bdcb3b-6e98-4bb3-8184-43ee0abff024 7bb31feec19442078dcba2ab0d81b033 ed489075664d440c8109ecbd6715645a - - 24c09196609c49b98def0aa6d6fbc591 24c09196609c49b98def0aa6d6fbc591] 10.0.0.224 "GET /v2.0/ports?device_id=8a742cb7-da19-4de6-8c05-1f8fd935e46e HTTP/1.1" status: 200 len: 1365 time: 0.0420759
2026-04-23 14:47:09.001 10 INFO neutron.wsgi [req-08ad5a18-f98e-4348-80a6-6ec3f21b9294 req-6b9ca525-3dc9-4b7b-a150-3269fcc78662 7bb31feec19442078dcba2ab0d81b033 ed489075664d440c8109ecbd6715645a - - 24c09196609c49b98def0aa6d6fbc591 24c09196609c49b98def0aa6d6fbc591] 10.0.0.224 "GET /v2.0/security-groups?id=85208915-3151-4688-9c81-4a1431082598&fields=id&fields=name HTTP/1.1" status: 200 len: 312 time: 0.0391519
2026-04-23 14:47:09.005 9 INFO neutron.wsgi [None req-9468a700-4911-48b3-9535-82f8ada5d10b 595c0aac460a43d1bae2ec53b8e05389 b9ce5fc8c61b480c880e5a51f7961887 - - - -] 10.0.0.89 "DELETE /v2.0/networks/3b966bef-e7f4-41c3-bae2-6e025a7e51f7 HTTP/1.1" status: 204 len: 168 time: 0.4687138
2026-04-23 14:47:09.574 10 INFO neutron.wsgi [None req-3d16369d-36c3-49e9-8108-9dfe40b00f3c 3f903946024040bfa8b7663bd313b45c a102aa7a48764bb59a2190da7e37cd60 - - default default] 10.0.0.89 "GET /v2.0/security-groups?tenant_id=c5de5ed33bfa4e8aa83476dd836ca985&name=default HTTP/1.1" status: 200 len: 2996 time: 0.2730575
2026-04-23 14:47:09.773 10 INFO neutron.wsgi [None req-de31aebc-626e-45f6-8e5b-f3bdaecc5c0e 3f903946024040bfa8b7663bd313b45c a102aa7a48764bb59a2190da7e37cd60 - - - -] 10.0.0.89 "DELETE /v2.0/security-groups/67671ad6-7960-4bc4-ac01-7085c00d61b4 HTTP/1.1" status: 204 len: 168 time: 0.1918879
2026-04-23 14:47:10.083 9 INFO neutron.db.ovn_revision_numbers_db [None req-30f0cec4-eeaf-4a4b-a91e-2a1b3abcea3c 3f903946024040bfa8b7663bd313b45c a102aa7a48764bb59a2190da7e37cd60 - - default default] Successfully bumped revision number for resource 563fc376-c0db-4396-8c61-6adcf5d770fd (type: security_groups) to 1
2026-04-23 14:47:10.103 9 INFO neutron.wsgi [None req-30f0cec4-eeaf-4a4b-a91e-2a1b3abcea3c 3f903946024040bfa8b7663bd313b45c a102aa7a48764bb59a2190da7e37cd60 - - default default] 10.0.0.89 "GET /v2.0/security-groups?tenant_id=54bc80cca3e34e4ea9ab3a2cc3d9f3be&name=default HTTP/1.1" status: 200 len: 2996 time: 0.3505065
2026-04-23 14:47:10.321 10 INFO neutron.wsgi [None req-f7ed1e40-c73c-40c3-a4e8-e61eda7a1452 3f903946024040bfa8b7663bd313b45c a102aa7a48764bb59a2190da7e37cd60 - - - -] 10.0.0.89 "DELETE /v2.0/security-groups/563fc376-c0db-4396-8c61-6adcf5d770fd HTTP/1.1" status: 204 len: 168 time: 0.2121987
2026-04-23 14:47:10.455 9 INFO neutron.wsgi [None req-825b9d84-bf0d-43a8-8732-74877f37141a 3f903946024040bfa8b7663bd313b45c a102aa7a48764bb59a2190da7e37cd60 - - default default] 10.0.0.89 "GET /v2.0/security-groups?tenant_id=b9ce5fc8c61b480c880e5a51f7961887&name=default HTTP/1.1" status: 200 len: 2996 time: 0.0308270
2026-04-23 14:47:10.693 9 INFO neutron.wsgi [None req-f9f5036a-9592-4649-b924-69ab2728c40e 3f903946024040bfa8b7663bd313b45c a102aa7a48764bb59a2190da7e37cd60 - - - -] 10.0.0.89 "DELETE /v2.0/security-groups/f960f98d-cca3-415d-9525-3e41e07c2ca9 HTTP/1.1" status: 204 len: 168 time: 0.2313437
2026-04-23 14:47:10.751 9 INFO neutron.services.segments.plugin [-] Segment acb855bd-9919-4e4a-a936-a5050a436745 resource provider aggregate not found
2026-04-23 14:47:10.762 9 INFO neutron.services.segments.plugin [-] Segment acb855bd-9919-4e4a-a936-a5050a436745 resource provider aggregate not found
2026-04-23 14:47:10.769 9 INFO neutron.services.segments.plugin [-] Segment acb855bd-9919-4e4a-a936-a5050a436745 resource provider not found; error: Placement Client Error (4xx): {"errors": [{"status": 404, "title": "Not Found", "detail": "The resource could not be found.\n\n No resource provider with uuid acb855bd-9919-4e4a-a936-a5050a436745 found for delete ", "request_id": "req-cf4e93f2-0b8f-4f88-8384-7fa21e714aad"}]}
2026-04-23 14:47:10.782 9 INFO neutron.services.segments.plugin [-] Segment acb855bd-9919-4e4a-a936-a5050a436745 resource provider not found; error: Placement Client Error (4xx): {"errors": [{"status": 404, "title": "Not Found", "detail": "The resource could not be found.\n\n No resource provider with uuid acb855bd-9919-4e4a-a936-a5050a436745 found for delete ", "request_id": "req-359a0a08-0f03-4719-99ca-fce4c833d9b7"}]}
2026-04-23 14:47:11.406 9 INFO neutron.wsgi [None req-a4212698-c08a-423b-afbe-c119c8b4ba3a f40652ad5e024c8089ec0c528a4161a9 a09a73b7103f472d8a8de9eafc26291f - - default default] 10.0.0.89 "GET /v2.0/ports?project_id=3a7276b2602645cfbc2670ceef490754&network_id=bc43df1e-387d-4074-8fc6-829df40e77ef HTTP/1.1" status: 200 len: 3466 time: 0.0593779
2026-04-23 14:47:11.769 9 INFO neutron.wsgi [None req-cc8b3ffc-b9e3-4ef2-af1b-7566deacdec5 f40652ad5e024c8089ec0c528a4161a9 a09a73b7103f472d8a8de9eafc26291f - - default default] 10.0.0.89 "GET /v2.0/subnets?network_id=51d4d460-1f33-4ecb-a78d-546d539c0a0a HTTP/1.1" status: 200 len: 838 time: 0.0385876
2026-04-23 14:47:11.976 10 INFO neutron.db.ovn_revision_numbers_db [None req-f9c44e36-653c-48d4-817a-2a76e91fae1d 6b9b60f52d234e4f8c920d85ef097588 77a494a03571459fb92d086677e29b22 - - - -] Successfully bumped revision number for resource a83b4fd8-b778-419c-b14a-60234b501b23 (type: security_groups) to 1
2026-04-23 14:47:12.045 10 INFO neutron.db.segments_db [None req-f9c44e36-653c-48d4-817a-2a76e91fae1d 6b9b60f52d234e4f8c920d85ef097588 77a494a03571459fb92d086677e29b22 - - - -] Added segment 510af350-926e-4a61-924b-57257365d804 of type geneve for network 47664b1b-ca46-48b1-9ff4-dcc8acce3b3c
2026-04-23 14:47:12.152 9 INFO neutron.db.l3_db [None req-bb5e5930-703d-430f-8086-8e397124148a 956594cf51754615987c59cf5225c570 3a7276b2602645cfbc2670ceef490754 - - - -] Floating IP 30f4b66a-abdf-47b7-a3a6-93beb445ce23 disassociated. External IP: 10.96.250.202, port: d08740f9-94dd-42cc-b0c0-0abc37208254.
