2026-04-23 14:51:56.834 9 INFO neutron.wsgi [None req-91428b3d-2ac4-4a49-937d-10636ec23308 3f903946024040bfa8b7663bd313b45c a102aa7a48764bb59a2190da7e37cd60 - - - -] 199.204.45.115 "PUT /v2.0/ports/5dc64a46-9d60-4a2d-856c-366afe109338 HTTP/1.1" status: 200 len: 1290 time: 0.4309032 /var/lib/openstack/lib/python3.10/site-packages/pycadf/identifier.py:71: UserWarning: Invalid uuid: neutron. To ensure interoperability, identifiers should be a valid uuid. warnings.warn(('Invalid uuid: %s. To ensure interoperability, '
2026-04-23 14:51:56.880 9 INFO neutron.wsgi [None req-f5678cbc-2e67-4ddf-a705-f0241606f902 3f903946024040bfa8b7663bd313b45c a102aa7a48764bb59a2190da7e37cd60 - - default default] 199.204.45.115 "GET /v2.0/ports/5dc64a46-9d60-4a2d-856c-366afe109338 HTTP/1.1" status: 200 len: 1290 time: 0.0295928
2026-04-23 14:51:57.192 9 INFO neutron.wsgi [None req-01e6c989-3ed9-4d2d-97c0-ac83460f7e63 3f903946024040bfa8b7663bd313b45c a102aa7a48764bb59a2190da7e37cd60 - - - -] 199.204.45.115 "DELETE /v2.0/ports/5dc64a46-9d60-4a2d-856c-366afe109338 HTTP/1.1" status: 204 len: 173 time: 0.3057115
2026-04-23 14:51:57.230 9 INFO neutron.wsgi [None req-053e3ae2-54e9-4a52-a04c-e0322133c49c 3f903946024040bfa8b7663bd313b45c a102aa7a48764bb59a2190da7e37cd60 - - default default] 199.204.45.115 "GET /v2.0/extensions/security-group HTTP/1.1" status: 200 len: 369 time: 0.0056033
2026-04-23 14:51:57.238 9 INFO neutron.wsgi [None req-88c2a543-2bb4-458a-b8af-b14c0aee513b 3f903946024040bfa8b7663bd313b45c a102aa7a48764bb59a2190da7e37cd60 - - default default] 199.204.45.115 "GET /v2.0/extensions/dns-integration HTTP/1.1" status: 200 len: 371 time: 0.0046036
2026-04-23 14:51:57.246 9 INFO neutron.wsgi [None req-5cf41131-7266-4498-9063-f9863d0f3b95 3f903946024040bfa8b7663bd313b45c a102aa7a48764bb59a2190da7e37cd60 - - default default] 199.204.45.115 "GET /v2.0/extensions/qos HTTP/1.1" status: 200 len: 365 time: 0.0042248
2026-04-23 14:51:57.259 9 INFO neutron.wsgi [None req-250dea46-77ca-4a3f-8ba3-c9e88d39b315 3f903946024040bfa8b7663bd313b45c a102aa7a48764bb59a2190da7e37cd60 - - default default] 199.204.45.115 "GET /v2.0/extensions/allowed-address-pairs HTTP/1.1" status: 200 len: 383 time: 0.0082166
2026-04-23 14:51:57.286 9 INFO neutron.pecan_wsgi.hooks.translation [None req-56bd4396-98a8-4a0a-9ec3-da805821e98c 3f903946024040bfa8b7663bd313b45c a102aa7a48764bb59a2190da7e37cd60 - - - -] DELETE failed (client error): The resource could not be found.
2026-04-23 14:51:57.290 9 INFO neutron.wsgi [None req-56bd4396-98a8-4a0a-9ec3-da805821e98c 3f903946024040bfa8b7663bd313b45c a102aa7a48764bb59a2190da7e37cd60 - - - -] 199.204.45.115 "DELETE /v2.0/ports/5dc64a46-9d60-4a2d-856c-366afe109338 HTTP/1.1" status: 404 len: 338 time: 0.0217097
2026-04-23 14:51:57.323 9 INFO neutron.wsgi [None req-2b0318a4-190c-4def-9a1c-1adc1135d6c0 3f903946024040bfa8b7663bd313b45c a102aa7a48764bb59a2190da7e37cd60 - - default default] 199.204.45.115 "GET /v2.0/ports/7bff24d0-2061-4c55-999e-d7091c3c1e1b HTTP/1.1" status: 200 len: 1333 time: 0.0269101
2026-04-23 14:51:57.356 9 INFO neutron.wsgi [None req-df26e0e3-3b1a-4d64-852e-2edc9ccb711e 3f903946024040bfa8b7663bd313b45c a102aa7a48764bb59a2190da7e37cd60 - - default default] 199.204.45.115 "GET /v2.0/security-groups?name=lb-c8c88718-fa0f-4d6d-b9ff-32bcb303edf5 HTTP/1.1" status: 200 len: 1777 time: 0.0284736
2026-04-23 14:51:57.392 9 INFO neutron.wsgi [None req-32782b25-409b-4e73-be97-975b29d6907e 3f903946024040bfa8b7663bd313b45c a102aa7a48764bb59a2190da7e37cd60 - - default default] 199.204.45.115 "GET /v2.0/ports/7bff24d0-2061-4c55-999e-d7091c3c1e1b HTTP/1.1" status: 200 len: 1333 time: 0.0285809
2026-04-23 14:51:57.695 9 INFO neutron.db.ovn_revision_numbers_db [None req-33143d16-3c7e-4d46-8cbc-eed6c9825de3 3f903946024040bfa8b7663bd313b45c a102aa7a48764bb59a2190da7e37cd60 - - - -] Successfully bumped revision number for resource 7bff24d0-2061-4c55-999e-d7091c3c1e1b (type: ports) to 17
2026-04-23 14:51:57.706 9 INFO neutron.wsgi [None req-33143d16-3c7e-4d46-8cbc-eed6c9825de3 3f903946024040bfa8b7663bd313b45c a102aa7a48764bb59a2190da7e37cd60 - - - -] 199.204.45.115 "PUT /v2.0/ports/7bff24d0-2061-4c55-999e-d7091c3c1e1b HTTP/1.1" status: 200 len: 1295 time: 0.3065982
2026-04-23 14:51:57.824 9 INFO neutron.wsgi [None req-f20f443e-3a27-4b14-aa68-f951036bc0bd 3f903946024040bfa8b7663bd313b45c a102aa7a48764bb59a2190da7e37cd60 - - - -] 199.204.45.115 "DELETE /v2.0/security-groups/21da84f4-75f4-4ac4-915e-4b205ddc5183 HTTP/1.1" status: 204 len: 173 time: 0.1104295
2026-04-23 14:51:57.856 10 INFO neutron.notifiers.nova [-] Nova event matching ['req-ebc488a7-3c17-4d49-98b8-a65de7bf9667'] response: {'server_uuid': '3f1e5454-a683-48f5-90ab-f5236303ec06', 'name': 'network-vif-plugged', 'status': 'completed', 'tag': '5dc64a46-9d60-4a2d-856c-366afe109338', 'code': 200}
2026-04-23 14:51:58.168 9 INFO neutron.wsgi [None req-f2f8e54d-a443-4b6a-a61c-2532ed1050f8 3f903946024040bfa8b7663bd313b45c a102aa7a48764bb59a2190da7e37cd60 - - - -] 199.204.45.115 "DELETE /v2.0/ports/7bff24d0-2061-4c55-999e-d7091c3c1e1b HTTP/1.1" status: 204 len: 173 time: 0.3348975
2026-04-23 14:51:58.423 10 INFO neutron.plugins.ml2.drivers.ovn.mech_driver.mech_driver [None req-f8edf14e-715e-420e-9d3d-b871b2de02c5 - - - - - -] OVN reports status down for port: b2b28e2e-601d-443b-9d30-285799901d5b
2026-04-23 14:51:58.682 10 INFO neutron.db.ovn_revision_numbers_db [None req-f8edf14e-715e-420e-9d3d-b871b2de02c5 - - - - - -] Successfully bumped revision number for resource b2b28e2e-601d-443b-9d30-285799901d5b (type: ports) to 5
2026-04-23 14:51:58.745 10 INFO neutron.wsgi [req-a00c266c-7294-465b-a5c0-4f2bc5230872 req-a1d27353-55d5-491e-a2f0-f32f57e82cc4 3f903946024040bfa8b7663bd313b45c a102aa7a48764bb59a2190da7e37cd60 - - default default] 199.204.45.115 "GET /v2.0/ports?device_id=3f1e5454-a683-48f5-90ab-f5236303ec06 HTTP/1.1" status: 200 len: 1363 time: 0.0440989 /var/lib/openstack/lib/python3.10/site-packages/pycadf/identifier.py:71: UserWarning: Invalid uuid: neutron. To ensure interoperability, identifiers should be a valid uuid. warnings.warn(('Invalid uuid: %s. To ensure interoperability, '
2026-04-23 14:51:59.023 10 INFO neutron.wsgi [None req-5022cbf4-4759-4eab-bebe-dfb5e9e67e48 3f903946024040bfa8b7663bd313b45c a102aa7a48764bb59a2190da7e37cd60 - - - -] 199.204.45.115 "DELETE /v2.0/ports/b2b28e2e-601d-443b-9d30-285799901d5b HTTP/1.1" status: 204 len: 173 time: 0.2742755
2026-04-23 14:51:59.900 10 INFO neutron.notifiers.nova [-] Nova event matching ['req-a3dfa279-d298-4dee-9bc9-edbf9fc75d37'] response: {'server_uuid': '3f1e5454-a683-48f5-90ab-f5236303ec06', 'name': 'network-vif-unplugged', 'status': 'completed', 'tag': 'b2b28e2e-601d-443b-9d30-285799901d5b', 'code': 200}
2026-04-23 14:51:59.901 10 INFO neutron.notifiers.nova [-] Nova event matching ['req-a3dfa279-d298-4dee-9bc9-edbf9fc75d37'] response: {'server_uuid': '3f1e5454-a683-48f5-90ab-f5236303ec06', 'name': 'network-vif-plugged', 'status': 'completed', 'tag': 'b2b28e2e-601d-443b-9d30-285799901d5b', 'code': 200}
2026-04-23 14:51:59.901 10 INFO neutron.notifiers.nova [-] Nova event matching ['req-a3dfa279-d298-4dee-9bc9-edbf9fc75d37'] response: {'server_uuid': '3f1e5454-a683-48f5-90ab-f5236303ec06', 'name': 'network-vif-deleted', 'tag': 'b2b28e2e-601d-443b-9d30-285799901d5b', 'status': 'completed', 'code': 200}
2026-04-23 14:52:00.199 10 INFO neutron.db.l3_db [None req-84e98b61-0f69-4634-8554-86e35a1f08a4 ebafbefbdd7b4f1b8c830d896ab37ec9 3da7d79797a3428f9e2192c29d6ca098 - - - -] Floating IP b2be8d2c-f1e4-4c65-88d2-da99c15b89a8 disassociated (deleted). External IP: 10.96.250.213, port: 1ccea2cb-5957-4d82-a305-22b4a0c5a175.
2026-04-23 14:52:00.273 10 INFO neutron.wsgi [None req-84e98b61-0f69-4634-8554-86e35a1f08a4 ebafbefbdd7b4f1b8c830d896ab37ec9 3da7d79797a3428f9e2192c29d6ca098 - - - -] 10.0.0.89 "DELETE /v2.0/floatingips/b2be8d2c-f1e4-4c65-88d2-da99c15b89a8 HTTP/1.1" status: 204 len: 168 time: 0.4702930 /var/lib/openstack/lib/python3.10/site-packages/pycadf/identifier.py:71: UserWarning: Invalid uuid: neutron. To ensure interoperability, identifiers should be a valid uuid. warnings.warn(('Invalid uuid: %s. To ensure interoperability, '
2026-04-23 14:52:00.306 10 INFO neutron.api.v2.resource [None req-5163a141-76dd-4b51-a458-ff0767a3d36b ebafbefbdd7b4f1b8c830d896ab37ec9 3da7d79797a3428f9e2192c29d6ca098 - - default default] show failed (client error): The resource could not be found.
2026-04-23 14:52:00.308 10 INFO neutron.wsgi [None req-5163a141-76dd-4b51-a458-ff0767a3d36b ebafbefbdd7b4f1b8c830d896ab37ec9 3da7d79797a3428f9e2192c29d6ca098 - - default default] 10.0.0.89 "GET /v2.0/floatingips/b2be8d2c-f1e4-4c65-88d2-da99c15b89a8 HTTP/1.1" status: 404 len: 345 time: 0.0294454
2026-04-23 14:52:00.517 9 INFO neutron.plugins.ml2.drivers.ovn.mech_driver.mech_driver [None req-f496c3af-8c07-4e18-bd94-e5c9949d118f - - - - - -] OVN reports status down for port: 1ccea2cb-5957-4d82-a305-22b4a0c5a175
2026-04-23 14:52:00.563 9 INFO neutron.wsgi [req-d1e9ef79-e827-415a-aba9-51ec0d16c058 req-b308d0be-f7fa-40e6-aadc-7f84159f9ca2 ebafbefbdd7b4f1b8c830d896ab37ec9 3da7d79797a3428f9e2192c29d6ca098 - - default default] 10.0.0.17 "GET /v2.0/ports?device_id=765c4eff-ca08-4d7a-8328-d20f93bcf7d1 HTTP/1.1" status: 200 len: 1400 time: 0.1093462
2026-04-23 14:52:00.616 9 INFO neutron.wsgi [req-d1e9ef79-e827-415a-aba9-51ec0d16c058 req-2d70d8c2-5932-4fd4-b2ec-ab33310762f5 ebafbefbdd7b4f1b8c830d896ab37ec9 3da7d79797a3428f9e2192c29d6ca098 - - default default] 10.0.0.17 "GET /v2.0/security-groups?id=f3a8d11d-c9f5-4c80-a45f-19c5ff44c0f3&fields=id&fields=name HTTP/1.1" status: 200 len: 310 time: 0.0436296
2026-04-23 14:52:00.668 9 INFO neutron.notifiers.nova [-] Nova event matching ['req-3818148c-2a22-4a5e-a797-115a56b95ab9'] response: {'server_uuid': '765c4eff-ca08-4d7a-8328-d20f93bcf7d1', 'name': 'network-vif-unplugged', 'status': 'completed', 'tag': '1ccea2cb-5957-4d82-a305-22b4a0c5a175', 'code': 200}
2026-04-23 14:52:00.818 9 INFO neutron.db.ovn_revision_numbers_db [None req-f496c3af-8c07-4e18-bd94-e5c9949d118f - - - - - -] Successfully bumped revision number for resource 1ccea2cb-5957-4d82-a305-22b4a0c5a175 (type: ports) to 5
2026-04-23 14:52:00.881 10 INFO neutron.wsgi [req-aa64d94f-8302-4fe2-8867-272fc812e66f req-9d366700-8a10-4be4-b6e0-7871116bf6a5 ebafbefbdd7b4f1b8c830d896ab37ec9 3da7d79797a3428f9e2192c29d6ca098 - - default default] 199.204.45.115 "GET /v2.0/ports?device_id=765c4eff-ca08-4d7a-8328-d20f93bcf7d1 HTTP/1.1" status: 200 len: 1398 time: 0.0931041
2026-04-23 14:52:01.250 10 INFO neutron.wsgi [None req-ee57a0ac-b613-4eae-b7ec-7735807812d7 ebafbefbdd7b4f1b8c830d896ab37ec9 3da7d79797a3428f9e2192c29d6ca098 - - - -] 199.204.45.115 "DELETE /v2.0/ports/1ccea2cb-5957-4d82-a305-22b4a0c5a175 HTTP/1.1" status: 204 len: 173 time: 0.3630202
2026-04-23 14:52:01.942 10 INFO neutron.notifiers.nova [-] Nova event matching ['req-496b6705-1bf1-4dfa-8594-185193f0b845'] response: {'name': 'network-changed', 'server_uuid': '765c4eff-ca08-4d7a-8328-d20f93bcf7d1', 'tag': '1ccea2cb-5957-4d82-a305-22b4a0c5a175', 'status': 'completed', 'code': 200}
2026-04-23 14:52:01.943 10 INFO neutron.notifiers.nova [-] Nova event matching ['req-496b6705-1bf1-4dfa-8594-185193f0b845'] response: {'server_uuid': '765c4eff-ca08-4d7a-8328-d20f93bcf7d1', 'name': 'network-vif-deleted', 'tag': '1ccea2cb-5957-4d82-a305-22b4a0c5a175', 'status': 'completed', 'code': 200}
2026-04-23 14:52:01.968 10 INFO neutron.wsgi [req-68f116f8-e588-4539-b76f-f4c9b13f6bcd req-77c2188e-6175-432b-81e3-a70071755d39 7bb31feec19442078dcba2ab0d81b033 ed489075664d440c8109ecbd6715645a - - 24c09196609c49b98def0aa6d6fbc591 24c09196609c49b98def0aa6d6fbc591] 199.204.45.115 "GET /v2.0/ports?tenant_id=3da7d79797a3428f9e2192c29d6ca098&device_id=765c4eff-ca08-4d7a-8328-d20f93bcf7d1 HTTP/1.1" status: 200 len: 210 time: 0.0205452
2026-04-23 14:52:02.087 10 INFO neutron.wsgi [req-68f116f8-e588-4539-b76f-f4c9b13f6bcd req-73f154c5-9b07-4b06-825f-10d25b1f31a4 7bb31feec19442078dcba2ab0d81b033 ed489075664d440c8109ecbd6715645a - - 24c09196609c49b98def0aa6d6fbc591 24c09196609c49b98def0aa6d6fbc591] 199.204.45.115 "GET /v2.0/networks?tenant_id=3da7d79797a3428f9e2192c29d6ca098&shared=False HTTP/1.1" status: 200 len: 2585 time: 0.1135888
2026-04-23 14:52:02.519 10 INFO neutron.wsgi [req-68f116f8-e588-4539-b76f-f4c9b13f6bcd req-1a46f09a-2132-45cc-85e0-a311435526f1 7bb31feec19442078dcba2ab0d81b033 ed489075664d440c8109ecbd6715645a - - 24c09196609c49b98def0aa6d6fbc591 24c09196609c49b98def0aa6d6fbc591] 199.204.45.115 "GET /v2.0/networks?shared=True HTTP/1.1" status: 200 len: 952 time: 0.4260283
2026-04-23 14:52:02.710 9 INFO neutron.notifiers.nova [-] Nova event matching ['req-e3b0cbe2-96e3-49f1-ba69-f4a98ae5f6fe'] response: {'server_uuid': '765c4eff-ca08-4d7a-8328-d20f93bcf7d1', 'name': 'network-vif-plugged', 'status': 'completed', 'tag': '1ccea2cb-5957-4d82-a305-22b4a0c5a175', 'code': 200}
2026-04-23 14:52:06.025 10 INFO neutron.db.l3_db [None req-bb416c16-8cdc-46fc-8269-c600f0b53240 ebafbefbdd7b4f1b8c830d896ab37ec9 3da7d79797a3428f9e2192c29d6ca098 - - - -] Floating IP 553da817-da22-4e51-9272-b3c2946b1993 disassociated (deleted). External IP: 10.96.250.220, port: 68f26ca8-9b76-4df8-b74d-42c5a0965813.
2026-04-23 14:52:06.065 10 INFO neutron.wsgi [-] 10.0.0.96 "GET / HTTP/1.1" status: 200 len: 247 time: 0.0018799
2026-04-23 14:52:06.067 9 INFO neutron.wsgi [-] 10.0.0.96 "GET / HTTP/1.1" status: 200 len: 247 time: 0.0031269
2026-04-23 14:52:06.071 10 INFO neutron.wsgi [None req-bb416c16-8cdc-46fc-8269-c600f0b53240 ebafbefbdd7b4f1b8c830d896ab37ec9 3da7d79797a3428f9e2192c29d6ca098 - - - -] 10.0.0.89 "DELETE /v2.0/floatingips/553da817-da22-4e51-9272-b3c2946b1993 HTTP/1.1" status: 204 len: 168 time: 0.3959477 /var/lib/openstack/lib/python3.10/site-packages/pycadf/identifier.py:71: UserWarning: Invalid uuid: neutron. To ensure interoperability, identifiers should be a valid uuid. warnings.warn(('Invalid uuid: %s. To ensure interoperability, '
2026-04-23 14:52:06.107 10 INFO neutron.notifiers.nova [-] Nova event matching ['req-358a3d30-09b8-4334-ae90-0917442cd0f7'] response: {'name': 'network-changed', 'server_uuid': 'dabc2014-75ed-4d87-9fe6-f7d22d40739d', 'tag': '68f26ca8-9b76-4df8-b74d-42c5a0965813', 'status': 'completed', 'code': 200}
2026-04-23 14:52:06.109 9 INFO neutron.api.v2.resource [None req-bd90a0c2-cf71-437f-a57c-cc4a130e37d4 ebafbefbdd7b4f1b8c830d896ab37ec9 3da7d79797a3428f9e2192c29d6ca098 - - default default] show failed (client error): The resource could not be found.
2026-04-23 14:52:06.113 9 INFO neutron.wsgi [None req-bd90a0c2-cf71-437f-a57c-cc4a130e37d4 ebafbefbdd7b4f1b8c830d896ab37ec9 3da7d79797a3428f9e2192c29d6ca098 - - default default] 10.0.0.89 "GET /v2.0/floatingips/553da817-da22-4e51-9272-b3c2946b1993 HTTP/1.1" status: 404 len: 345 time: 0.0371444
2026-04-23 14:52:06.154 10 INFO neutron.wsgi [req-c1ac2180-c3d0-4345-9da5-e4d414d01b7e req-4a612ca5-4140-4d27-a68d-7b3559b14f70 7bb31feec19442078dcba2ab0d81b033 ed489075664d440c8109ecbd6715645a - - 24c09196609c49b98def0aa6d6fbc591 24c09196609c49b98def0aa6d6fbc591] 199.204.45.115 "GET /v2.0/ports?tenant_id=3da7d79797a3428f9e2192c29d6ca098&device_id=dabc2014-75ed-4d87-9fe6-f7d22d40739d HTTP/1.1" status: 200 len: 1590 time: 0.0286057
2026-04-23 14:52:06.222 10 INFO neutron.wsgi [req-c1ac2180-c3d0-4345-9da5-e4d414d01b7e req-1d1b3098-4f1a-454e-a3f2-279dc6bc4654 7bb31feec19442078dcba2ab0d81b033 ed489075664d440c8109ecbd6715645a - - 24c09196609c49b98def0aa6d6fbc591 24c09196609c49b98def0aa6d6fbc591] 199.204.45.115 "GET /v2.0/networks?id=8c42f5c6-f396-446b-bebf-cb9f040aeb3a HTTP/1.1" status: 200 len: 1003 time: 0.0608482
2026-04-23 14:52:06.261 10 INFO neutron.wsgi [req-c1ac2180-c3d0-4345-9da5-e4d414d01b7e req-ce4ce3c5-81c3-4ba3-9288-f67036197393 7bb31feec19442078dcba2ab0d81b033 ed489075664d440c8109ecbd6715645a - - 24c09196609c49b98def0aa6d6fbc591 24c09196609c49b98def0aa6d6fbc591] 199.204.45.115 "GET /v2.0/floatingips?fixed_ip_address=10.2.1.144&port_id=68f26ca8-9b76-4df8-b74d-42c5a0965813 HTTP/1.1" status: 200 len: 217 time: 0.0327177
2026-04-23 14:52:06.296 10 INFO neutron.wsgi [req-c1ac2180-c3d0-4345-9da5-e4d414d01b7e req-ccc66d84-2760-4bcb-a3a0-34fd50bbc4c7 7bb31feec19442078dcba2ab0d81b033 ed489075664d440c8109ecbd6715645a - - 24c09196609c49b98def0aa6d6fbc591 24c09196609c49b98def0aa6d6fbc591] 199.204.45.115 "GET /v2.0/floatingips?fixed_ip_address=fd7b%3Af9f7%3Afff%3A4eca%3A%3A2ba&port_id=68f26ca8-9b76-4df8-b74d-42c5a0965813 HTTP/1.1" status: 200 len: 217 time: 0.0249772
2026-04-23 14:52:06.324 9 INFO neutron.plugins.ml2.drivers.ovn.mech_driver.mech_driver [None req-f496c3af-8c07-4e18-bd94-e5c9949d118f - - - - - -] OVN reports status down for port: 68f26ca8-9b76-4df8-b74d-42c5a0965813
2026-04-23 14:52:06.347 10 INFO neutron.wsgi [req-c1ac2180-c3d0-4345-9da5-e4d414d01b7e req-030af74b-22f4-4ebe-81ca-9c18032ebdd1 7bb31feec19442078dcba2ab0d81b033 ed489075664d440c8109ecbd6715645a - - 24c09196609c49b98def0aa6d6fbc591 24c09196609c49b98def0aa6d6fbc591] 199.204.45.115 "GET /v2.0/subnets?id=6946beb4-361c-4866-8133-19b29da497a2&id=f88fc896-023d-4b67-8ef5-15f52df1e432 HTTP/1.1" status: 200 len: 1561 time: 0.0461767
2026-04-23 14:52:06.365 10 INFO neutron.wsgi [req-7ae9acf2-4755-4e8f-b0a5-a17714cf2dc8 req-d2f01c67-1c48-4d52-81fd-afe38dc74fa9 ebafbefbdd7b4f1b8c830d896ab37ec9 3da7d79797a3428f9e2192c29d6ca098 - - default default] 10.0.0.17 "GET /v2.0/ports?device_id=dabc2014-75ed-4d87-9fe6-f7d22d40739d HTTP/1.1" status: 200 len: 1400 time: 0.1105144
2026-04-23 14:52:06.385 10 INFO neutron.wsgi [req-c1ac2180-c3d0-4345-9da5-e4d414d01b7e req-261aa837-26a4-4e7b-9dcd-2b09737c8e1d 7bb31feec19442078dcba2ab0d81b033 ed489075664d440c8109ecbd6715645a - - 24c09196609c49b98def0aa6d6fbc591 24c09196609c49b98def0aa6d6fbc591] 199.204.45.115 "GET /v2.0/ports?network_id=8c42f5c6-f396-446b-bebf-cb9f040aeb3a&device_owner=network%3Adhcp HTTP/1.1" status: 200 len: 210 time: 0.0302336
2026-04-23 14:52:06.420 10 INFO neutron.wsgi [req-c1ac2180-c3d0-4345-9da5-e4d414d01b7e req-f8037f6b-6aad-482a-9ae6-f02267476f0e 7bb31feec19442078dcba2ab0d81b033 ed489075664d440c8109ecbd6715645a - - 24c09196609c49b98def0aa6d6fbc591 24c09196609c49b98def0aa6d6fbc591] 199.204.45.115 "GET /v2.0/ports?network_id=8c42f5c6-f396-446b-bebf-cb9f040aeb3a&device_owner=network%3Adhcp HTTP/1.1" status: 200 len: 210 time: 0.0294189
2026-04-23 14:52:06.436 10 INFO neutron.wsgi [req-7ae9acf2-4755-4e8f-b0a5-a17714cf2dc8 req-ea9a1b18-3f25-46e4-8ee7-3e6f0c903c66 ebafbefbdd7b4f1b8c830d896ab37ec9 3da7d79797a3428f9e2192c29d6ca098 - - default default] 10.0.0.17 "GET /v2.0/security-groups?id=f3a8d11d-c9f5-4c80-a45f-19c5ff44c0f3&fields=id&fields=name HTTP/1.1" status: 200 len: 310 time: 0.0653157
2026-04-23 14:52:06.483 9 INFO neutron.notifiers.nova [-] Nova event matching ['req-bd4cfcc5-865f-4cf8-addb-7a8683be66d9'] response: {'server_uuid': 'dabc2014-75ed-4d87-9fe6-f7d22d40739d', 'name': 'network-vif-unplugged', 'status': 'completed', 'tag': '68f26ca8-9b76-4df8-b74d-42c5a0965813', 'code': 200}
2026-04-23 14:52:06.507 10 INFO neutron.wsgi [req-c1ac2180-c3d0-4345-9da5-e4d414d01b7e req-e5ec8323-619c-40d2-a0a2-61579453c857 7bb31feec19442078dcba2ab0d81b033 ed489075664d440c8109ecbd6715645a - - 24c09196609c49b98def0aa6d6fbc591 24c09196609c49b98def0aa6d6fbc591] 199.204.45.115 "GET /v2.0/networks/8c42f5c6-f396-446b-bebf-cb9f040aeb3a?fields=segments HTTP/1.1" status: 200 len: 212 time: 0.0759563
2026-04-23 14:52:06.569 10 INFO neutron.wsgi [req-c1ac2180-c3d0-4345-9da5-e4d414d01b7e req-4e44f78c-98eb-4dec-b145-db41b8c57a19 7bb31feec19442078dcba2ab0d81b033 ed489075664d440c8109ecbd6715645a - - 24c09196609c49b98def0aa6d6fbc591 24c09196609c49b98def0aa6d6fbc591] 199.204.45.115 "GET /v2.0/networks/8c42f5c6-f396-446b-bebf-cb9f040aeb3a?fields=provider%3Aphysical_network&fields=provider%3Anetwork_type HTTP/1.1" status: 200 len: 277 time: 0.0574939
2026-04-23 14:52:06.613 10 INFO neutron.wsgi [req-f65a0869-180d-406c-a675-2cc36b950232 req-2bfcbaf3-7af0-44fd-a941-f58b0c632898 ebafbefbdd7b4f1b8c830d896ab37ec9 3da7d79797a3428f9e2192c29d6ca098 - - default default] 199.204.45.115 "GET /v2.0/ports?device_id=dabc2014-75ed-4d87-9fe6-f7d22d40739d HTTP/1.1" status: 200 len: 1398 time: 0.0374267
2026-04-23 14:52:06.614 9 INFO neutron.db.ovn_revision_numbers_db [None req-f496c3af-8c07-4e18-bd94-e5c9949d118f - - - - - -] Successfully bumped revision number for resource 68f26ca8-9b76-4df8-b74d-42c5a0965813 (type: ports) to 5
2026-04-23 14:52:06.934 10 INFO neutron.wsgi [None req-dd6e7192-1bb4-4f30-87ff-18068e97f36c ebafbefbdd7b4f1b8c830d896ab37ec9 3da7d79797a3428f9e2192c29d6ca098 - - - -] 199.204.45.115 "DELETE /v2.0/ports/68f26ca8-9b76-4df8-b74d-42c5a0965813 HTTP/1.1" status: 204 len: 173 time: 0.3168006
2026-04-23 14:52:08.162 10 INFO neutron.notifiers.nova [-] Nova event matching ['req-dd85f099-c6e6-4fc4-bd5a-72d116821301'] response: {'server_uuid': 'dabc2014-75ed-4d87-9fe6-f7d22d40739d', 'name': 'network-vif-deleted', 'tag': '68f26ca8-9b76-4df8-b74d-42c5a0965813', 'status': 'completed', 'code': 200}
2026-04-23 14:52:08.522 9 INFO neutron.notifiers.nova [-] Nova event matching ['req-cfa02d11-1769-4f7c-af12-9f0613c54338'] response: {'server_uuid': 'dabc2014-75ed-4d87-9fe6-f7d22d40739d', 'name': 'network-vif-plugged', 'status': 'completed', 'tag': '68f26ca8-9b76-4df8-b74d-42c5a0965813', 'code': 200} /var/lib/openstack/lib/python3.10/site-packages/pycadf/identifier.py:71: UserWarning: Invalid uuid: neutron. To ensure interoperability, identifiers should be a valid uuid. warnings.warn(('Invalid uuid: %s. To ensure interoperability, '
2026-04-23 14:52:11.613 9 INFO neutron.wsgi [None req-97ed4905-9c9d-40b8-a246-4855fae2b727 ebafbefbdd7b4f1b8c830d896ab37ec9 3da7d79797a3428f9e2192c29d6ca098 - - - -] 10.0.0.89 "DELETE /v2.0/security-group-rules/76fd57d0-f7e5-40cb-aca8-7bea3c5edcaf HTTP/1.1" status: 204 len: 168 time: 0.1190634
2026-04-23 14:52:11.629 9 INFO neutron.api.v2.resource [None req-49eee699-9c92-4f48-92f7-f85e662f0d39 ebafbefbdd7b4f1b8c830d896ab37ec9 3da7d79797a3428f9e2192c29d6ca098 - - default default] show failed (client error): The resource could not be found.
2026-04-23 14:52:11.630 9 INFO neutron.wsgi [None req-49eee699-9c92-4f48-92f7-f85e662f0d39 ebafbefbdd7b4f1b8c830d896ab37ec9 3da7d79797a3428f9e2192c29d6ca098 - - default default] 10.0.0.89 "GET /v2.0/security-group-rules/76fd57d0-f7e5-40cb-aca8-7bea3c5edcaf HTTP/1.1" status: 404 len: 356 time: 0.0114264
2026-04-23 14:52:11.733 9 INFO neutron.wsgi [None req-30db19ea-08ed-4345-adf8-de32ee14b429 ebafbefbdd7b4f1b8c830d896ab37ec9 3da7d79797a3428f9e2192c29d6ca098 - - - -] 10.0.0.89 "DELETE /v2.0/security-group-rules/b9c3a36b-57d4-41d8-9d72-1d5af29ab8a4 HTTP/1.1" status: 204 len: 168 time: 0.0993147
2026-04-23 14:52:11.747 9 INFO neutron.api.v2.resource [None req-2bd08e70-4f25-479b-aa93-a802deafbb38 ebafbefbdd7b4f1b8c830d896ab37ec9 3da7d79797a3428f9e2192c29d6ca098 - - default default] show failed (client error): The resource could not be found.
2026-04-23 14:52:11.749 9 INFO neutron.wsgi [None req-2bd08e70-4f25-479b-aa93-a802deafbb38 ebafbefbdd7b4f1b8c830d896ab37ec9 3da7d79797a3428f9e2192c29d6ca098 - - default default] 10.0.0.89 "GET /v2.0/security-group-rules/b9c3a36b-57d4-41d8-9d72-1d5af29ab8a4 HTTP/1.1" status: 404 len: 356 time: 0.0103893
2026-04-23 14:52:11.847 9 INFO neutron.wsgi [None req-3516cb20-ca46-4408-9b88-b5ba6780119e ebafbefbdd7b4f1b8c830d896ab37ec9 3da7d79797a3428f9e2192c29d6ca098 - - - -] 10.0.0.89 "DELETE /v2.0/security-group-rules/4ce06503-dd65-4b71-bf18-1fb3ea356223 HTTP/1.1" status: 204 len: 168 time: 0.0944242
2026-04-23 14:52:11.862 9 INFO neutron.api.v2.resource [None req-af901cb0-991f-4262-b8b0-cfdf3990ca84 ebafbefbdd7b4f1b8c830d896ab37ec9 3da7d79797a3428f9e2192c29d6ca098 - - default default] show failed (client error): The resource could not be found.
2026-04-23 14:52:11.863 9 INFO neutron.wsgi [None req-af901cb0-991f-4262-b8b0-cfdf3990ca84 ebafbefbdd7b4f1b8c830d896ab37ec9 3da7d79797a3428f9e2192c29d6ca098 - - default default] 10.0.0.89 "GET /v2.0/security-group-rules/4ce06503-dd65-4b71-bf18-1fb3ea356223 HTTP/1.1" status: 404 len: 356 time: 0.0113165
2026-04-23 14:52:11.962 9 INFO neutron.wsgi [None req-499be552-7a24-4dab-bb7b-61e9c0be90d2 ebafbefbdd7b4f1b8c830d896ab37ec9 3da7d79797a3428f9e2192c29d6ca098 - - - -] 10.0.0.89 "DELETE /v2.0/security-group-rules/6160d446-1f97-417c-a7ef-6c99f98eb66e HTTP/1.1" status: 204 len: 168 time: 0.0939655
2026-04-23 14:52:11.985 9 INFO neutron.api.v2.resource [None req-162c2efa-1555-41f4-b2ae-7353ced35474 ebafbefbdd7b4f1b8c830d896ab37ec9 3da7d79797a3428f9e2192c29d6ca098 - - default default] show failed (client error): The resource could not be found.
2026-04-23 14:52:11.986 9 INFO neutron.wsgi [None req-162c2efa-1555-41f4-b2ae-7353ced35474 ebafbefbdd7b4f1b8c830d896ab37ec9 3da7d79797a3428f9e2192c29d6ca098 - - default default] 10.0.0.89 "GET /v2.0/security-group-rules/6160d446-1f97-417c-a7ef-6c99f98eb66e HTTP/1.1" status: 404 len: 356 time: 0.0102129
2026-04-23 14:52:12.100 9 INFO neutron.wsgi [None req-0dc749b3-dfad-4b7e-9e24-51836f9731d9 ebafbefbdd7b4f1b8c830d896ab37ec9 3da7d79797a3428f9e2192c29d6ca098 - - - -] 10.0.0.89 "DELETE /v2.0/security-group-rules/7620cc65-9b9d-48cc-9b41-3df2b22d0dad HTTP/1.1" status: 204 len: 168 time: 0.1101949
2026-04-23 14:52:12.116 9 INFO neutron.api.v2.resource [None req-19d26b4e-5088-41cc-bc3d-1e77064974ed ebafbefbdd7b4f1b8c830d896ab37ec9 3da7d79797a3428f9e2192c29d6ca098 - - default default] show failed (client error): The resource could not be found.
2026-04-23 14:52:12.118 9 INFO neutron.wsgi [None req-19d26b4e-5088-41cc-bc3d-1e77064974ed ebafbefbdd7b4f1b8c830d896ab37ec9 3da7d79797a3428f9e2192c29d6ca098 - - default default] 10.0.0.89 "GET /v2.0/security-group-rules/7620cc65-9b9d-48cc-9b41-3df2b22d0dad HTTP/1.1" status: 404 len: 356 time: 0.0119724
2026-04-23 14:52:12.230 9 INFO neutron.wsgi [None req-9db00ebd-31ca-4000-b5fe-f459e467818e ebafbefbdd7b4f1b8c830d896ab37ec9 3da7d79797a3428f9e2192c29d6ca098 - - - -] 10.0.0.89 "DELETE /v2.0/security-group-rules/44ab1be4-bd13-4935-a3a0-54fd3899051b HTTP/1.1" status: 204 len: 168 time: 0.1082387
2026-04-23 14:52:12.243 9 INFO neutron.api.v2.resource [None req-0dc318b2-9372-471d-a5b1-c80c91e4b2dd ebafbefbdd7b4f1b8c830d896ab37ec9 3da7d79797a3428f9e2192c29d6ca098 - - default default] show failed (client error): The resource could not be found.
2026-04-23 14:52:12.245 9 INFO neutron.wsgi [None req-0dc318b2-9372-471d-a5b1-c80c91e4b2dd ebafbefbdd7b4f1b8c830d896ab37ec9 3da7d79797a3428f9e2192c29d6ca098 - - default default] 10.0.0.89 "GET /v2.0/security-group-rules/44ab1be4-bd13-4935-a3a0-54fd3899051b HTTP/1.1" status: 404 len: 356 time: 0.0097713
2026-04-23 14:52:12.357 9 INFO neutron.wsgi [None req-69eadfcc-6a41-4cf3-8fb1-638b1c737c4f ebafbefbdd7b4f1b8c830d896ab37ec9 3da7d79797a3428f9e2192c29d6ca098 - - - -] 10.0.0.89 "DELETE /v2.0/security-group-rules/6733660b-f5ff-4e9a-9a74-e9c715dcf78c HTTP/1.1" status: 204 len: 168 time: 0.1079125
2026-04-23 14:52:12.380 9 INFO neutron.api.v2.resource [None req-cdbe3265-6a21-4d6c-a884-b980d78d7475 ebafbefbdd7b4f1b8c830d896ab37ec9 3da7d79797a3428f9e2192c29d6ca098 - - default default] show failed (client error): The resource could not be found.
2026-04-23 14:52:12.382 9 INFO neutron.wsgi [None req-cdbe3265-6a21-4d6c-a884-b980d78d7475 ebafbefbdd7b4f1b8c830d896ab37ec9 3da7d79797a3428f9e2192c29d6ca098 - - default default] 10.0.0.89 "GET /v2.0/security-group-rules/6733660b-f5ff-4e9a-9a74-e9c715dcf78c HTTP/1.1" status: 404 len: 356 time: 0.0143831
2026-04-23 14:52:12.521 9 INFO neutron.wsgi [None req-604aa96d-1e8c-4afe-b0be-bba094cb737a ebafbefbdd7b4f1b8c830d896ab37ec9 3da7d79797a3428f9e2192c29d6ca098 - - - -] 10.0.0.89 "DELETE /v2.0/security-group-rules/29cf370a-b796-4013-93af-6d5ec250d4ee HTTP/1.1" status: 204 len: 168 time: 0.1339133
2026-04-23 14:52:12.547 10 INFO neutron.api.v2.resource [None req-c8b9c317-8107-430b-9aef-f7fa191636e8 ebafbefbdd7b4f1b8c830d896ab37ec9 3da7d79797a3428f9e2192c29d6ca098 - - default default] show failed (client error): The resource could not be found.
2026-04-23 14:52:12.549 10 INFO neutron.wsgi [None req-c8b9c317-8107-430b-9aef-f7fa191636e8 ebafbefbdd7b4f1b8c830d896ab37ec9 3da7d79797a3428f9e2192c29d6ca098 - - default default] 10.0.0.89 "GET /v2.0/security-group-rules/29cf370a-b796-4013-93af-6d5ec250d4ee HTTP/1.1" status: 404 len: 356 time: 0.0145097
2026-04-23 14:52:12.672 10 INFO neutron.wsgi [None req-508ea2c8-97c6-4a90-a0a2-6d7342a4d250 ebafbefbdd7b4f1b8c830d896ab37ec9 3da7d79797a3428f9e2192c29d6ca098 - - - -] 10.0.0.89 "DELETE /v2.0/security-group-rules/797c097c-cf21-400a-9286-6aa3c9c9f662 HTTP/1.1" status: 204 len: 168 time: 0.1176283
2026-04-23 14:52:12.687 10 INFO neutron.api.v2.resource [None req-eda43bd7-cb86-4914-a91e-3fe825b6573e ebafbefbdd7b4f1b8c830d896ab37ec9 3da7d79797a3428f9e2192c29d6ca098 - - default default] show failed (client error): The resource could not be found.
2026-04-23 14:52:12.688 10 INFO neutron.wsgi [None req-eda43bd7-cb86-4914-a91e-3fe825b6573e ebafbefbdd7b4f1b8c830d896ab37ec9 3da7d79797a3428f9e2192c29d6ca098 - - default default] 10.0.0.89 "GET /v2.0/security-group-rules/797c097c-cf21-400a-9286-6aa3c9c9f662 HTTP/1.1" status: 404 len: 356 time: 0.0115280
2026-04-23 14:52:12.795 10 INFO neutron.wsgi [None req-0df2b9f1-f2d0-4532-b8e5-ce201223bd78 ebafbefbdd7b4f1b8c830d896ab37ec9 3da7d79797a3428f9e2192c29d6ca098 - - - -] 10.0.0.89 "DELETE /v2.0/security-group-rules/9ffc7536-86b4-471f-a85d-d88983573c87 HTTP/1.1" status: 204 len: 168 time: 0.1020448
2026-04-23 14:52:12.810 10 INFO neutron.api.v2.resource [None req-4f7164a5-3ae0-41dd-8bea-7dc384647eea ebafbefbdd7b4f1b8c830d896ab37ec9 3da7d79797a3428f9e2192c29d6ca098 - - default default] show failed (client error): The resource could not be found.
2026-04-23 14:52:12.811 10 INFO neutron.wsgi [None req-4f7164a5-3ae0-41dd-8bea-7dc384647eea ebafbefbdd7b4f1b8c830d896ab37ec9 3da7d79797a3428f9e2192c29d6ca098 - - default default] 10.0.0.89 "GET /v2.0/security-group-rules/9ffc7536-86b4-471f-a85d-d88983573c87 HTTP/1.1" status: 404 len: 356 time: 0.0109575
2026-04-23 14:52:12.910 10 INFO neutron.wsgi [None req-055c7aad-5446-40cc-8534-9de354d00997 ebafbefbdd7b4f1b8c830d896ab37ec9 3da7d79797a3428f9e2192c29d6ca098 - - - -] 10.0.0.89 "DELETE /v2.0/security-group-rules/330a3e43-8958-4404-9f74-ce057ad880be HTTP/1.1" status: 204 len: 168 time: 0.0949104
2026-04-23 14:52:12.926 10 INFO neutron.api.v2.resource [None req-294d0f60-2b16-4fae-a8a1-7156c6c12c7f ebafbefbdd7b4f1b8c830d896ab37ec9 3da7d79797a3428f9e2192c29d6ca098 - - default default] show failed (client error): The resource could not be found.
2026-04-23 14:52:12.928 10 INFO neutron.wsgi [None req-294d0f60-2b16-4fae-a8a1-7156c6c12c7f ebafbefbdd7b4f1b8c830d896ab37ec9 3da7d79797a3428f9e2192c29d6ca098 - - default default] 10.0.0.89 "GET /v2.0/security-group-rules/330a3e43-8958-4404-9f74-ce057ad880be HTTP/1.1" status: 404 len: 356 time: 0.0128567
2026-04-23 14:52:13.048 10 INFO neutron.wsgi [None req-c2b8d150-13bc-4d45-b7c6-79b2bebc07d4 ebafbefbdd7b4f1b8c830d896ab37ec9 3da7d79797a3428f9e2192c29d6ca098 - - - -] 10.0.0.89 "DELETE /v2.0/security-groups/f3a8d11d-c9f5-4c80-a45f-19c5ff44c0f3 HTTP/1.1" status: 204 len: 168 time: 0.1150386
2026-04-23 14:52:13.063 10 INFO neutron.api.v2.resource [None req-ff256830-a895-4a54-9acd-98efc7ad7405 ebafbefbdd7b4f1b8c830d896ab37ec9 3da7d79797a3428f9e2192c29d6ca098 - - default default] show failed (client error): The resource could not be found.
2026-04-23 14:52:13.064 10 INFO neutron.wsgi [None req-ff256830-a895-4a54-9acd-98efc7ad7405 ebafbefbdd7b4f1b8c830d896ab37ec9 3da7d79797a3428f9e2192c29d6ca098 - - default default] 10.0.0.89 "GET /v2.0/security-groups/f3a8d11d-c9f5-4c80-a45f-19c5ff44c0f3 HTTP/1.1" status: 404 len: 347 time: 0.0110011
2026-04-23 14:52:14.343 10 INFO neutron.wsgi [None req-0763b14a-7134-46e1-80ed-074fd992d957 ebafbefbdd7b4f1b8c830d896ab37ec9 3da7d79797a3428f9e2192c29d6ca098 - - - -] 10.0.0.89 "PUT /v2.0/routers/8ab85bce-ab61-48a8-b635-5a304baf6d72/remove_router_interface HTTP/1.1" status: 200 len: 503 time: 1.2207825 /var/lib/openstack/lib/python3.10/site-packages/pycadf/identifier.py:71: UserWarning: Invalid uuid: neutron. To ensure interoperability, identifiers should be a valid uuid. warnings.warn(('Invalid uuid: %s. To ensure interoperability, '
2026-04-23 14:52:14.474 10 INFO neutron.api.v2.resource [None req-08f0c657-9598-4eea-937a-0bd0bde84a68 ebafbefbdd7b4f1b8c830d896ab37ec9 3da7d79797a3428f9e2192c29d6ca098 - - default default] remove_router_interface failed (client error): The resource could not be found.
2026-04-23 14:52:14.476 10 INFO neutron.wsgi [None req-08f0c657-9598-4eea-937a-0bd0bde84a68 ebafbefbdd7b4f1b8c830d896ab37ec9 3da7d79797a3428f9e2192c29d6ca098 - - default default] 10.0.0.89 "PUT /v2.0/routers/8ab85bce-ab61-48a8-b635-5a304baf6d72/remove_router_interface HTTP/1.1" status: 404 len: 399 time: 0.1282973
2026-04-23 14:52:15.345 10 INFO neutron.wsgi [None req-44366ede-113d-40b8-9528-ec3fb9218cca ebafbefbdd7b4f1b8c830d896ab37ec9 3da7d79797a3428f9e2192c29d6ca098 - - - -] 10.0.0.89 "PUT /v2.0/routers/8ab85bce-ab61-48a8-b635-5a304baf6d72/remove_router_interface HTTP/1.1" status: 200 len: 503 time: 0.8644533 /var/lib/openstack/lib/python3.10/site-packages/pycadf/identifier.py:71: UserWarning: Invalid uuid: neutron. To ensure interoperability, identifiers should be a valid uuid. warnings.warn(('Invalid uuid: %s. To ensure interoperability, '
2026-04-23 14:52:15.493 10 INFO neutron.api.v2.resource [None req-1a9a3681-7561-4da7-9115-aa0443cbe0b6 ebafbefbdd7b4f1b8c830d896ab37ec9 3da7d79797a3428f9e2192c29d6ca098 - - default default] remove_router_interface failed (client error): The resource could not be found.
2026-04-23 14:52:15.495 10 INFO neutron.wsgi [None req-1a9a3681-7561-4da7-9115-aa0443cbe0b6 ebafbefbdd7b4f1b8c830d896ab37ec9 3da7d79797a3428f9e2192c29d6ca098 - - default default] 10.0.0.89 "PUT /v2.0/routers/8ab85bce-ab61-48a8-b635-5a304baf6d72/remove_router_interface HTTP/1.1" status: 404 len: 399 time: 0.1441922
2026-04-23 14:52:16.446 10 INFO neutron.wsgi [None req-3d88a256-8db7-42cf-b732-6c61f613fe76 ebafbefbdd7b4f1b8c830d896ab37ec9 3da7d79797a3428f9e2192c29d6ca098 - - - -] 10.0.0.89 "PUT /v2.0/routers/8ab85bce-ab61-48a8-b635-5a304baf6d72/remove_router_interface HTTP/1.1" status: 200 len: 503 time: 0.9446490
2026-04-23 14:52:16.570 9 INFO neutron.api.v2.resource [None req-23a738de-10c0-4584-adcd-86ab3fdc131f ebafbefbdd7b4f1b8c830d896ab37ec9 3da7d79797a3428f9e2192c29d6ca098 - - default default] remove_router_interface failed (client error): The resource could not be found.
2026-04-23 14:52:16.571 9 INFO neutron.wsgi [None req-23a738de-10c0-4584-adcd-86ab3fdc131f ebafbefbdd7b4f1b8c830d896ab37ec9 3da7d79797a3428f9e2192c29d6ca098 - - default default] 10.0.0.89 "PUT /v2.0/routers/8ab85bce-ab61-48a8-b635-5a304baf6d72/remove_router_interface HTTP/1.1" status: 404 len: 399 time: 0.1206768
2026-04-23 14:52:17.211 9 INFO neutron.wsgi [None req-05392601-b3fe-4e5a-adf3-4aeb2d695622 ebafbefbdd7b4f1b8c830d896ab37ec9 3da7d79797a3428f9e2192c29d6ca098 - - - -] 10.0.0.89 "DELETE /v2.0/routers/8ab85bce-ab61-48a8-b635-5a304baf6d72 HTTP/1.1" status: 204 len: 168 time: 0.6332295
2026-04-23 14:52:17.241 9 INFO neutron.api.v2.resource [None req-70137aec-5c6b-4dff-9772-f87ab9171982 ebafbefbdd7b4f1b8c830d896ab37ec9 3da7d79797a3428f9e2192c29d6ca098 - - default default] show failed (client error): The resource could not be found.
2026-04-23 14:52:17.242 9 INFO neutron.wsgi [None req-70137aec-5c6b-4dff-9772-f87ab9171982 ebafbefbdd7b4f1b8c830d896ab37ec9 3da7d79797a3428f9e2192c29d6ca098 - - default default] 10.0.0.89 "GET /v2.0/routers/8ab85bce-ab61-48a8-b635-5a304baf6d72 HTTP/1.1" status: 404 len: 336 time: 0.0269687
2026-04-23 14:52:17.435 9 INFO neutron.wsgi [None req-98ebcaaf-a4d9-46c8-8c4a-e390bd726eeb ebafbefbdd7b4f1b8c830d896ab37ec9 3da7d79797a3428f9e2192c29d6ca098 - - - -] 10.0.0.89 "DELETE /v2.0/subnets/d10785e0-360e-4e1d-abf6-20010d57e4ad HTTP/1.1" status: 204 len: 168 time: 0.1882169
2026-04-23 14:52:17.459 9 INFO neutron.pecan_wsgi.hooks.translation [None req-7cd1d16f-3ca1-4d6c-9eb8-db74f86f9c49 ebafbefbdd7b4f1b8c830d896ab37ec9 3da7d79797a3428f9e2192c29d6ca098 - - default default] GET failed (client error): The resource could not be found.
2026-04-23 14:52:17.461 9 INFO neutron.wsgi [None req-7cd1d16f-3ca1-4d6c-9eb8-db74f86f9c49 ebafbefbdd7b4f1b8c830d896ab37ec9 3da7d79797a3428f9e2192c29d6ca098 - - default default] 10.0.0.89 "GET /v2.0/subnets/d10785e0-360e-4e1d-abf6-20010d57e4ad HTTP/1.1" status: 404 len: 337 time: 0.0203075
2026-04-23 14:52:17.712 9 INFO neutron.wsgi [None req-54b95628-20f7-4124-af29-3c45c980c8ae ebafbefbdd7b4f1b8c830d896ab37ec9 3da7d79797a3428f9e2192c29d6ca098 - - - -] 10.0.0.89 "DELETE /v2.0/subnets/de030468-888d-4f16-8485-40b0d3a67047 HTTP/1.1" status: 204 len: 168 time: 0.2454278 /var/lib/openstack/lib/python3.10/site-packages/pycadf/identifier.py:71: UserWarning: Invalid uuid: neutron. To ensure interoperability, identifiers should be a valid uuid. warnings.warn(('Invalid uuid: %s. To ensure interoperability, '
2026-04-23 14:52:17.749 10 INFO neutron.pecan_wsgi.hooks.translation [None req-e1bec221-e64d-472a-b437-0d9605e2ab83 ebafbefbdd7b4f1b8c830d896ab37ec9 3da7d79797a3428f9e2192c29d6ca098 - - default default] GET failed (client error): The resource could not be found.
2026-04-23 14:52:17.751 10 INFO neutron.wsgi [None req-e1bec221-e64d-472a-b437-0d9605e2ab83 ebafbefbdd7b4f1b8c830d896ab37ec9 3da7d79797a3428f9e2192c29d6ca098 - - default default] 10.0.0.89 "GET /v2.0/subnets/de030468-888d-4f16-8485-40b0d3a67047 HTTP/1.1" status: 404 len: 337 time: 0.0319979
2026-04-23 14:52:18.139 10 INFO neutron.services.segments.plugin [-] Segment 621f6fe7-818c-4f0d-8e12-f1e9d52a46b9 resource provider aggregate not found
2026-04-23 14:52:18.144 10 INFO neutron.services.segments.plugin [-] Segment 621f6fe7-818c-4f0d-8e12-f1e9d52a46b9 resource provider aggregate not found
2026-04-23 14:52:18.162 10 INFO neutron.services.segments.plugin [-] Segment 621f6fe7-818c-4f0d-8e12-f1e9d52a46b9 resource provider not found; error: Placement Client Error (4xx): {"errors": [{"status": 404, "title": "Not Found", "detail": "The resource could not be found.\n\n No resource provider with uuid 621f6fe7-818c-4f0d-8e12-f1e9d52a46b9 found for delete ", "request_id": "req-06e338d1-0fbb-45a3-91d4-e3dd18f1111e"}]}
2026-04-23 14:52:18.164 10 INFO neutron.services.segments.plugin [-] Segment 621f6fe7-818c-4f0d-8e12-f1e9d52a46b9 resource provider not found; error: Placement Client Error (4xx): {"errors": [{"status": 404, "title": "Not Found", "detail": "The resource could not be found.\n\n No resource provider with uuid 621f6fe7-818c-4f0d-8e12-f1e9d52a46b9 found for delete ", "request_id": "req-3fbaf647-868e-4277-be30-223d75531654"}]}
2026-04-23 14:52:18.176 10 INFO neutron.wsgi [None req-82e92cd3-a59e-4112-961f-901f803e84cf ebafbefbdd7b4f1b8c830d896ab37ec9 3da7d79797a3428f9e2192c29d6ca098 - - - -] 10.0.0.89 "DELETE /v2.0/networks/46bf66cf-9399-4016-837f-0520e791939c HTTP/1.1" status: 204 len: 168 time: 0.4200723
2026-04-23 14:52:18.198 9 INFO neutron.pecan_wsgi.hooks.translation [None req-9513197d-0c06-4eec-9238-10a89d1a471d ebafbefbdd7b4f1b8c830d896ab37ec9 3da7d79797a3428f9e2192c29d6ca098 - - default default] GET failed (client error): The resource could not be found.
2026-04-23 14:52:18.199 9 INFO neutron.wsgi [None req-9513197d-0c06-4eec-9238-10a89d1a471d ebafbefbdd7b4f1b8c830d896ab37ec9 3da7d79797a3428f9e2192c29d6ca098 - - default default] 10.0.0.89 "GET /v2.0/networks/46bf66cf-9399-4016-837f-0520e791939c HTTP/1.1" status: 404 len: 339 time: 0.0178850
2026-04-23 14:52:18.692 9 INFO neutron.wsgi [None req-e40922fe-307e-4ff6-ac15-21c365a86ebe ebafbefbdd7b4f1b8c830d896ab37ec9 3da7d79797a3428f9e2192c29d6ca098 - - - -] 10.0.0.89 "DELETE /v2.0/subnets/6946beb4-361c-4866-8133-19b29da497a2 HTTP/1.1" status: 204 len: 168 time: 0.4879177
2026-04-23 14:52:18.722 9 INFO neutron.pecan_wsgi.hooks.translation [None req-9a05679b-9e26-4480-af6d-b109421954d2 ebafbefbdd7b4f1b8c830d896ab37ec9 3da7d79797a3428f9e2192c29d6ca098 - - default default] GET failed (client error): The resource could not be found.
2026-04-23 14:52:18.723 9 INFO neutron.wsgi [None req-9a05679b-9e26-4480-af6d-b109421954d2 ebafbefbdd7b4f1b8c830d896ab37ec9 3da7d79797a3428f9e2192c29d6ca098 - - default default] 10.0.0.89 "GET /v2.0/subnets/6946beb4-361c-4866-8133-19b29da497a2 HTTP/1.1" status: 404 len: 337 time: 0.0254889
2026-04-23 14:52:18.919 9 INFO neutron.wsgi [None req-4506cc87-6a60-436c-a2c2-0ea4acdee365 ebafbefbdd7b4f1b8c830d896ab37ec9 3da7d79797a3428f9e2192c29d6ca098 - - - -] 10.0.0.89 "DELETE /v2.0/subnets/f88fc896-023d-4b67-8ef5-15f52df1e432 HTTP/1.1" status: 204 len: 168 time: 0.1910715
2026-04-23 14:52:18.942 9 INFO neutron.pecan_wsgi.hooks.translation [None req-5d284aec-1d8c-417f-ae0c-34f79c6bb899 ebafbefbdd7b4f1b8c830d896ab37ec9 3da7d79797a3428f9e2192c29d6ca098 - - default default] GET failed (client error): The resource could not be found.
2026-04-23 14:52:18.944 9 INFO neutron.wsgi [None req-5d284aec-1d8c-417f-ae0c-34f79c6bb899 ebafbefbdd7b4f1b8c830d896ab37ec9 3da7d79797a3428f9e2192c29d6ca098 - - default default] 10.0.0.89 "GET /v2.0/subnets/f88fc896-023d-4b67-8ef5-15f52df1e432 HTTP/1.1" status: 404 len: 337 time: 0.0187898
2026-04-23 14:52:19.292 9 INFO neutron.services.segments.plugin [-] Segment d70cbaf7-6f0e-41ef-b5f6-7d0d15ecc2fc resource provider aggregate not found
2026-04-23 14:52:19.297 9 INFO neutron.services.segments.plugin [-] Segment d70cbaf7-6f0e-41ef-b5f6-7d0d15ecc2fc resource provider aggregate not found
2026-04-23 14:52:19.318 9 INFO neutron.services.segments.plugin [-] Segment d70cbaf7-6f0e-41ef-b5f6-7d0d15ecc2fc resource provider not found; error: Placement Client Error (4xx): {"errors": [{"status": 404, "title": "Not Found", "detail": "The resource could not be found.\n\n No resource provider with uuid d70cbaf7-6f0e-41ef-b5f6-7d0d15ecc2fc found for delete ", "request_id": "req-f22347b7-b28d-4ef4-a33b-8fdddc5b0e87"}]}
2026-04-23 14:52:19.319 9 INFO neutron.services.segments.plugin [-] Segment d70cbaf7-6f0e-41ef-b5f6-7d0d15ecc2fc resource provider not found; error: Placement Client Error (4xx): {"errors": [{"status": 404, "title": "Not Found", "detail": "The resource could not be found.\n\n No resource provider with uuid d70cbaf7-6f0e-41ef-b5f6-7d0d15ecc2fc found for delete ", "request_id": "req-f5c783d2-4ba6-4091-bc63-fb1831d210e2"}]}
2026-04-23 14:52:19.350 9 INFO neutron.wsgi [None req-23a03636-c418-433d-8c55-19030fdc43bf ebafbefbdd7b4f1b8c830d896ab37ec9 3da7d79797a3428f9e2192c29d6ca098 - - - -] 10.0.0.89 "DELETE /v2.0/networks/8c42f5c6-f396-446b-bebf-cb9f040aeb3a HTTP/1.1" status: 204 len: 168 time: 0.4019170
2026-04-23 14:52:19.371 10 INFO neutron.pecan_wsgi.hooks.translation [None req-8016dbd2-7f3b-4bc8-9d3b-1329a4fe58ee ebafbefbdd7b4f1b8c830d896ab37ec9 3da7d79797a3428f9e2192c29d6ca098 - - default default] GET failed (client error): The resource could not be found.
2026-04-23 14:52:19.372 10 INFO neutron.wsgi [None req-8016dbd2-7f3b-4bc8-9d3b-1329a4fe58ee ebafbefbdd7b4f1b8c830d896ab37ec9 3da7d79797a3428f9e2192c29d6ca098 - - default default] 10.0.0.89 "GET /v2.0/networks/8c42f5c6-f396-446b-bebf-cb9f040aeb3a HTTP/1.1" status: 404 len: 339 time: 0.0171049
2026-04-23 14:52:19.566 10 INFO neutron.wsgi [None req-9b7706dc-72b3-4033-95a1-f96d0e542de3 ebafbefbdd7b4f1b8c830d896ab37ec9 3da7d79797a3428f9e2192c29d6ca098 - - - -] 10.0.0.89 "DELETE /v2.0/subnets/faa7b592-3b41-4c24-a6f2-bce35ebd5748 HTTP/1.1" status: 204 len: 168 time: 0.1898935
2026-04-23 14:52:19.592 10 INFO neutron.pecan_wsgi.hooks.translation [None req-ee940ce6-2365-4319-95cc-c533c885bbc8 ebafbefbdd7b4f1b8c830d896ab37ec9 3da7d79797a3428f9e2192c29d6ca098 - - default default] GET failed (client error): The resource could not be found.
2026-04-23 14:52:19.594 10 INFO neutron.wsgi [None req-ee940ce6-2365-4319-95cc-c533c885bbc8 ebafbefbdd7b4f1b8c830d896ab37ec9 3da7d79797a3428f9e2192c29d6ca098 - - default default] 10.0.0.89 "GET /v2.0/subnets/faa7b592-3b41-4c24-a6f2-bce35ebd5748 HTTP/1.1" status: 404 len: 337 time: 0.0226281
2026-04-23 14:52:19.825 10 INFO neutron.wsgi [None req-a7aea5ba-5a55-4152-ba24-9b09e24244a4 ebafbefbdd7b4f1b8c830d896ab37ec9 3da7d79797a3428f9e2192c29d6ca098 - - - -] 10.0.0.89 "DELETE /v2.0/subnets/bfcfdbca-82af-4c1c-9abc-b74eec974fca HTTP/1.1" status: 204 len: 168 time: 0.2266133
2026-04-23 14:52:19.845 10 INFO neutron.pecan_wsgi.hooks.translation [None req-2b0959de-a251-4896-870d-c8e0c637111a ebafbefbdd7b4f1b8c830d896ab37ec9 3da7d79797a3428f9e2192c29d6ca098 - - default default] GET failed (client error): The resource could not be found.
2026-04-23 14:52:19.846 10 INFO neutron.wsgi [None req-2b0959de-a251-4896-870d-c8e0c637111a ebafbefbdd7b4f1b8c830d896ab37ec9 3da7d79797a3428f9e2192c29d6ca098 - - default default] 10.0.0.89 "GET /v2.0/subnets/bfcfdbca-82af-4c1c-9abc-b74eec974fca HTTP/1.1" status: 404 len: 337 time: 0.0162539
2026-04-23 14:52:20.272 10 INFO neutron.services.segments.plugin [-] Segment 2ddb7ebb-64cb-4cd8-a600-ec884b5ff45f resource provider aggregate not found
2026-04-23 14:52:20.278 10 INFO neutron.services.segments.plugin [-] Segment 2ddb7ebb-64cb-4cd8-a600-ec884b5ff45f resource provider aggregate not found
2026-04-23 14:52:20.300 10 INFO neutron.services.segments.plugin [-] Segment 2ddb7ebb-64cb-4cd8-a600-ec884b5ff45f resource provider not found; error: Placement Client Error (4xx): {"errors": [{"status": 404, "title": "Not Found", "detail": "The resource could not be found.\n\n No resource provider with uuid 2ddb7ebb-64cb-4cd8-a600-ec884b5ff45f found for delete ", "request_id": "req-7f7437ae-d5c6-438f-b559-50328949a247"}]}
2026-04-23 14:52:20.320 10 INFO neutron.services.segments.plugin [-] Segment 2ddb7ebb-64cb-4cd8-a600-ec884b5ff45f resource provider not found; error: Placement Client Error (4xx): {"errors": [{"status": 404, "title": "Not Found", "detail": "The resource could not be found.\n\n No resource provider with uuid 2ddb7ebb-64cb-4cd8-a600-ec884b5ff45f found for delete ", "request_id": "req-66683cf1-3060-4145-9709-3906b94d32b1"}]}
2026-04-23 14:52:20.335 10 INFO neutron.wsgi [None req-68fa0011-1863-46cd-b78c-c682d90e562e ebafbefbdd7b4f1b8c830d896ab37ec9 3da7d79797a3428f9e2192c29d6ca098 - - - -] 10.0.0.89 "DELETE /v2.0/networks/328b425e-88e6-4b30-9338-cbd135a6dd1d HTTP/1.1" status: 204 len: 168 time: 0.4843247
2026-04-23 14:52:20.358 9 INFO neutron.pecan_wsgi.hooks.translation [None req-031c2176-7a00-4273-9a62-0f62e253d63e ebafbefbdd7b4f1b8c830d896ab37ec9 3da7d79797a3428f9e2192c29d6ca098 - - default default] GET failed (client error): The resource could not be found.
2026-04-23 14:52:20.360 9 INFO neutron.wsgi [None req-031c2176-7a00-4273-9a62-0f62e253d63e ebafbefbdd7b4f1b8c830d896ab37ec9 3da7d79797a3428f9e2192c29d6ca098 - - default default] 10.0.0.89 "GET /v2.0/networks/328b425e-88e6-4b30-9338-cbd135a6dd1d HTTP/1.1" status: 404 len: 339 time: 0.0198872
2026-04-23 14:52:21.067 9 INFO neutron.wsgi [-] 10.0.0.96 "GET / HTTP/1.1" status: 200 len: 247 time: 0.0034289
2026-04-23 14:52:21.070 10 INFO neutron.wsgi [-] 10.0.0.96 "GET / HTTP/1.1" status: 200 len: 247 time: 0.0063913
2026-04-23 14:52:22.752 9 INFO neutron.db.ovn_revision_numbers_db [None req-0c25546d-a8ec-44dc-8280-807c2727de2f 3f903946024040bfa8b7663bd313b45c a102aa7a48764bb59a2190da7e37cd60 - - default default] Successfully bumped revision number for resource 5e31c7b0-b0fd-43ff-9d5f-4c8558aa921e (type: security_groups) to 1
2026-04-23 14:52:22.777 9 INFO neutron.wsgi [None req-0c25546d-a8ec-44dc-8280-807c2727de2f 3f903946024040bfa8b7663bd313b45c a102aa7a48764bb59a2190da7e37cd60 - - default default] 10.0.0.89 "GET /v2.0/security-groups?tenant_id=372ff15a720b442595c24edebc185a28&name=default HTTP/1.1" status: 200 len: 3000 time: 0.2948179
2026-04-23 14:52:22.979 10 INFO neutron.wsgi [None req-d1d18cdb-4dee-4e4e-80d5-d3471210626d 3f903946024040bfa8b7663bd313b45c a102aa7a48764bb59a2190da7e37cd60 - - - -] 10.0.0.89 "DELETE /v2.0/security-groups/5e31c7b0-b0fd-43ff-9d5f-4c8558aa921e HTTP/1.1" status: 204 len: 168 time: 0.1962388
2026-04-23 14:52:23.181 9 INFO neutron.db.ovn_revision_numbers_db [None req-685b7eeb-95d2-41f4-b58b-36e8b452e4a0 3f903946024040bfa8b7663bd313b45c a102aa7a48764bb59a2190da7e37cd60 - - default default] Successfully bumped revision number for resource a910be2d-2713-4e12-b757-af6103ffc33b (type: security_groups) to 1
2026-04-23 14:52:23.203 9 INFO neutron.wsgi [None req-685b7eeb-95d2-41f4-b58b-36e8b452e4a0 3f903946024040bfa8b7663bd313b45c a102aa7a48764bb59a2190da7e37cd60 - - default default] 10.0.0.89 "GET /v2.0/security-groups?tenant_id=1548d495c61d456c8e023d537b0228eb&name=default HTTP/1.1" status: 200 len: 3000 time: 0.1167514
2026-04-23 14:52:23.383 9 INFO neutron.wsgi [None req-02e31ea7-8559-4f43-bb36-9aba6fa2f408 3f903946024040bfa8b7663bd313b45c a102aa7a48764bb59a2190da7e37cd60 - - - -] 10.0.0.89 "DELETE /v2.0/security-groups/a910be2d-2713-4e12-b757-af6103ffc33b HTTP/1.1" status: 204 len: 168 time: 0.1738930
2026-04-23 14:52:23.626 10 INFO neutron.db.ovn_revision_numbers_db [None req-41ec0d68-f313-45d8-af98-ebcc78e1bfff 3f903946024040bfa8b7663bd313b45c a102aa7a48764bb59a2190da7e37cd60 - - default default] Successfully bumped revision number for resource 056c031f-0f59-4549-9781-f19b2ff26404 (type: security_groups) to 1
2026-04-23 14:52:23.647 10 INFO neutron.wsgi [None req-41ec0d68-f313-45d8-af98-ebcc78e1bfff 3f903946024040bfa8b7663bd313b45c a102aa7a48764bb59a2190da7e37cd60 - - default default] 10.0.0.89 "GET /v2.0/security-groups?tenant_id=57e21d3c613b43d592dabccdc7f1aa67&name=default HTTP/1.1" status: 200 len: 3000 time: 0.1105275
2026-04-23 14:52:23.848 10 INFO neutron.wsgi [None req-6d206d09-0866-43f0-8411-55a717b05adb 3f903946024040bfa8b7663bd313b45c a102aa7a48764bb59a2190da7e37cd60 - - - -] 10.0.0.89 "DELETE /v2.0/security-groups/056c031f-0f59-4549-9781-f19b2ff26404 HTTP/1.1" status: 204 len: 168 time: 0.1970224
