2026-04-23 14:46:22.034 9 INFO neutron.services.segments.plugin [-] Segment e66ca715-bdee-4032-bc98-3fd8971fca26 resource provider not found; error: Placement Client Error (4xx): {"errors": [{"status": 404, "title": "Not Found", "detail": "The resource could not be found.\n\n No resource provider with uuid e66ca715-bdee-4032-bc98-3fd8971fca26 found for delete ", "request_id": "req-76b333e4-5775-4a86-acf3-6b70a123ce39"}]}
2026-04-23 14:46:22.037 9 INFO neutron.services.segments.plugin [-] Segment e66ca715-bdee-4032-bc98-3fd8971fca26 resource provider not found; error: Placement Client Error (4xx): {"errors": [{"status": 404, "title": "Not Found", "detail": "The resource could not be found.\n\n No resource provider with uuid e66ca715-bdee-4032-bc98-3fd8971fca26 found for delete ", "request_id": "req-bdfab72f-7f99-4e78-84ad-a23c9393b754"}]}
2026-04-23 14:46:22.047 9 INFO neutron.wsgi [None req-f408951a-cc5c-4d41-aaff-8994234da184 3f903946024040bfa8b7663bd313b45c a102aa7a48764bb59a2190da7e37cd60 - - - -] 10.0.0.89 "DELETE /v2.0/networks/a1a8e88f-97a4-428f-b1bb-74a3421d574a HTTP/1.1" status: 204 len: 168 time: 0.3838270
2026-04-23 14:46:22.274 9 INFO neutron.wsgi [None req-da0aedf7-77ae-409d-9d74-cc8627df0da8 3f903946024040bfa8b7663bd313b45c a102aa7a48764bb59a2190da7e37cd60 - - default default] 10.0.0.89 "GET /v2.0/security-groups?tenant_id=e8e61d2686674709858fd48f18a33a76&name=default HTTP/1.1" status: 200 len: 2996 time: 0.0288022
2026-04-23 14:46:22.292 10 WARNING neutron.scheduler.dhcp_agent_scheduler [None req-eb5e48bf-1885-4a97-b938-b6767962b1cb f4b1c0e9d8604e1b878ad12b028f4c34 e269609a71a947f2ac944866eefaf0ee - - - -] No more DHCP agents
2026-04-23 14:46:22.294 10 WARNING neutron.api.rpc.agentnotifiers.dhcp_rpc_agent_api [None req-eb5e48bf-1885-4a97-b938-b6767962b1cb f4b1c0e9d8604e1b878ad12b028f4c34 e269609a71a947f2ac944866eefaf0ee - - - -] Unable to schedule network 51d4d460-1f33-4ecb-a78d-546d539c0a0a: no agents available; will retry on subsequent port and subnet creation events.
2026-04-23 14:46:22.454 9 INFO neutron.wsgi [None req-f432508f-ab2d-4219-b2b8-e03bc5535d79 3f903946024040bfa8b7663bd313b45c a102aa7a48764bb59a2190da7e37cd60 - - - -] 10.0.0.89 "DELETE /v2.0/security-groups/8df5409e-96b7-4356-b57b-9be5ffa80e05 HTTP/1.1" status: 204 len: 168 time: 0.1750498
2026-04-23 14:46:22.654 10 INFO neutron.db.ovn_revision_numbers_db [None req-fdd10564-d3d0-4779-b999-2543933d6788 d4a9a3e7da06473fa782a4106e6cba84 423ff0b494de46d9b1d36514d8dcb10b - - - -] Successfully bumped revision number for resource 5b03ef69-979e-4346-b94d-bb576e55726b (type: security_groups) to 1
2026-04-23 14:46:22.675 9 INFO neutron.wsgi [req-5254c86a-6cb7-46b5-8b7e-480dbd72ec09 req-2821cecf-c731-400e-afce-9e2167bbfd7d 82309c43f3bd4c71852f31295ed9eb96 0cde529c9eef4451b34d40c1b5e40948 - - default default] 10.0.0.17 "GET /v2.0/networks?id=2349181a-ee5f-4229-8ff2-ccd0b25bed2f HTTP/1.1" status: 200 len: 872 time: 0.0690100
2026-04-23 14:46:22.689 9 INFO neutron.wsgi [req-5254c86a-6cb7-46b5-8b7e-480dbd72ec09 req-44a2cf09-499c-4457-babf-ec1fc74041a0 82309c43f3bd4c71852f31295ed9eb96 0cde529c9eef4451b34d40c1b5e40948 - - default default] 10.0.0.17 "GET /v2.0/quotas/0cde529c9eef4451b34d40c1b5e40948 HTTP/1.1" status: 200 len: 386 time: 0.0100846
2026-04-23 14:46:22.702 10 INFO neutron.db.ovn_revision_numbers_db [None req-eb5e48bf-1885-4a97-b938-b6767962b1cb f4b1c0e9d8604e1b878ad12b028f4c34 e269609a71a947f2ac944866eefaf0ee - - - -] Successfully bumped revision number for resource af990e60-a692-45f7-8e33-6881fec2b9cc (type: floatingips) to 0
2026-04-23 14:46:22.711 10 INFO neutron.db.segments_db [None req-fdd10564-d3d0-4779-b999-2543933d6788 d4a9a3e7da06473fa782a4106e6cba84 423ff0b494de46d9b1d36514d8dcb10b - - - -] Added segment ec99661d-4f73-40ef-86a1-361feb736a60 of type geneve for network 04f3185a-8d38-48b4-aef9-9dde0e1922df
2026-04-23 14:46:22.719 10 INFO neutron.wsgi [None req-eb5e48bf-1885-4a97-b938-b6767962b1cb f4b1c0e9d8604e1b878ad12b028f4c34 e269609a71a947f2ac944866eefaf0ee - - - -] 10.0.0.89 "POST /v2.0/floatingips HTTP/1.1" status: 201 len: 751 time: 0.7078078
2026-04-23 14:46:22.791 9 INFO neutron.wsgi [None req-fef6e75d-a2e6-4474-b070-c878df665307 f4b1c0e9d8604e1b878ad12b028f4c34 e269609a71a947f2ac944866eefaf0ee - - - -] 10.0.0.89 "PUT /v2.0/floatingips/06864c00-198e-4f16-ac8a-afb080bc7572/tags HTTP/1.1" status: 200 len: 210 time: 0.0651171
2026-04-23 14:46:22.811 9 INFO neutron.wsgi [req-5254c86a-6cb7-46b5-8b7e-480dbd72ec09 req-08704635-295e-4d02-826f-59201bb53c10 82309c43f3bd4c71852f31295ed9eb96 0cde529c9eef4451b34d40c1b5e40948 - - default default] 10.0.0.17 "GET /v2.0/ports?tenant_id=0cde529c9eef4451b34d40c1b5e40948&fields=id HTTP/1.1" status: 200 len: 302 time: 0.1166883
2026-04-23 14:46:22.871 10 INFO neutron.wsgi [None req-412c6eb0-e670-4491-987b-b71143a3ee32 f4b1c0e9d8604e1b878ad12b028f4c34 e269609a71a947f2ac944866eefaf0ee - - - -] 10.0.0.89 "PUT /v2.0/floatingips/2576353f-82b0-4890-aaf8-3f56edae6926/tags HTTP/1.1" status: 200 len: 218 time: 0.0747151
2026-04-23 14:46:22.890 10 INFO neutron.db.ovn_revision_numbers_db [None req-fdd10564-d3d0-4779-b999-2543933d6788 d4a9a3e7da06473fa782a4106e6cba84 423ff0b494de46d9b1d36514d8dcb10b - - - -] Successfully bumped revision number for resource 04f3185a-8d38-48b4-aef9-9dde0e1922df (type: networks) to 1
2026-04-23 14:46:22.914 9 INFO neutron.wsgi [req-5254c86a-6cb7-46b5-8b7e-480dbd72ec09 req-b6feb98c-0131-40a2-a797-e0652b71d7f3 7bb31feec19442078dcba2ab0d81b033 ed489075664d440c8109ecbd6715645a - - 24c09196609c49b98def0aa6d6fbc591 24c09196609c49b98def0aa6d6fbc591] 10.0.0.17 "GET /v2.0/networks/2349181a-ee5f-4229-8ff2-ccd0b25bed2f?fields=segments HTTP/1.1" status: 200 len: 212 time: 0.0958347
2026-04-23 14:46:22.932 9 INFO neutron.wsgi [None req-64fba501-d298-4e04-b1a9-c9816cab5416 f4b1c0e9d8604e1b878ad12b028f4c34 e269609a71a947f2ac944866eefaf0ee - - - -] 10.0.0.89 "PUT /v2.0/floatingips/cbe1ac6a-65dd-4f36-ae2b-50767f7ba106/tags HTTP/1.1" status: 200 len: 227 time: 0.0557716
2026-04-23 14:46:22.984 9 INFO neutron.wsgi [req-5254c86a-6cb7-46b5-8b7e-480dbd72ec09 req-f810d2ce-175b-4076-b09d-f6ba3d0417cb 7bb31feec19442078dcba2ab0d81b033 ed489075664d440c8109ecbd6715645a - - 24c09196609c49b98def0aa6d6fbc591 24c09196609c49b98def0aa6d6fbc591] 10.0.0.17 "GET /v2.0/networks/2349181a-ee5f-4229-8ff2-ccd0b25bed2f?fields=provider%3Aphysical_network&fields=provider%3Anetwork_type HTTP/1.1" status: 200 len: 277 time: 0.0602012
2026-04-23 14:46:23.003 10 INFO neutron.wsgi [None req-ca0eeba7-53de-46e9-932c-dc2234ee9cc3 f4b1c0e9d8604e1b878ad12b028f4c34 e269609a71a947f2ac944866eefaf0ee - - - -] 10.0.0.89 "PUT /v2.0/floatingips/ff798a3e-a708-4275-a7c7-7068b6b87801/tags HTTP/1.1" status: 200 len: 212 time: 0.0648460
2026-04-23 14:46:23.062 10 INFO neutron.wsgi [None req-49941c6f-e397-4acd-9c2a-89805ce1d243 f4b1c0e9d8604e1b878ad12b028f4c34 e269609a71a947f2ac944866eefaf0ee - - default default] 10.0.0.89 "GET /v2.0/floatingips?tags=red HTTP/1.1" status: 200 len: 1866 time: 0.0536177
2026-04-23 14:46:23.123 10 INFO neutron.wsgi [req-bbc5494b-6782-4e15-9ae8-e9f967cc3499 req-3e9b0d05-635c-451f-88e5-a119a18b5a66 82309c43f3bd4c71852f31295ed9eb96 0cde529c9eef4451b34d40c1b5e40948 - - default default] 10.0.0.17 "GET /v2.0/ports?device_id=cd94ae40-4899-47ee-bf21-2b87efeede8f HTTP/1.1" status: 200 len: 210 time: 0.0212984
2026-04-23 14:46:23.126 9 INFO neutron.wsgi [None req-4a5aa829-e14f-42ec-84cf-d751cb32002e f4b1c0e9d8604e1b878ad12b028f4c34 e269609a71a947f2ac944866eefaf0ee - - default default] 10.0.0.89 "GET /v2.0/floatingips?tags=red%2Cblue HTTP/1.1" status: 200 len: 1323 time: 0.0579348
2026-04-23 14:46:23.171 10 WARNING neutron.scheduler.dhcp_agent_scheduler [None req-fdd10564-d3d0-4779-b999-2543933d6788 d4a9a3e7da06473fa782a4106e6cba84 423ff0b494de46d9b1d36514d8dcb10b - - - -] No more DHCP agents
2026-04-23 14:46:23.174 10 WARNING neutron.api.rpc.agentnotifiers.dhcp_rpc_agent_api [None req-fdd10564-d3d0-4779-b999-2543933d6788 d4a9a3e7da06473fa782a4106e6cba84 423ff0b494de46d9b1d36514d8dcb10b - - - -] Unable to schedule network 04f3185a-8d38-48b4-aef9-9dde0e1922df: no agents available; will retry on subsequent port and subnet creation events.
2026-04-23 14:46:23.206 9 INFO neutron.wsgi [None req-70230cea-2e8a-48e7-9ad3-340e0c90cfa6 f4b1c0e9d8604e1b878ad12b028f4c34 e269609a71a947f2ac944866eefaf0ee - - default default] 10.0.0.89 "GET /v2.0/floatingips?tags-any=blue HTTP/1.1" status: 200 len: 1323 time: 0.0742955
2026-04-23 14:46:23.275 10 INFO neutron.wsgi [None req-8934ef5e-2eb4-440d-8376-f01c8ed3db7c f4b1c0e9d8604e1b878ad12b028f4c34 e269609a71a947f2ac944866eefaf0ee - - default default] 10.0.0.89 "GET /v2.0/floatingips?tags-any=red%2Cblue HTTP/1.1" status: 200 len: 1866 time: 0.0648251
2026-04-23 14:46:23.285 10 INFO neutron.db.ovn_revision_numbers_db [None req-fdd10564-d3d0-4779-b999-2543933d6788 d4a9a3e7da06473fa782a4106e6cba84 423ff0b494de46d9b1d36514d8dcb10b - - - -] Successfully bumped revision number for resource 0218cfd7-bb80-457b-9dd1-45cccdad3197 (type: ports) to 1
2026-04-23 14:46:23.318 10 INFO neutron.wsgi [None req-fdd10564-d3d0-4779-b999-2543933d6788 d4a9a3e7da06473fa782a4106e6cba84 423ff0b494de46d9b1d36514d8dcb10b - - - -] 10.0.0.89 "POST /v2.0/networks HTTP/1.1" status: 201 len: 843 time: 1.1316214
2026-04-23 14:46:23.342 9 INFO neutron.wsgi [None req-1b1080d1-5caa-4b0c-abe9-b273923677be f4b1c0e9d8604e1b878ad12b028f4c34 e269609a71a947f2ac944866eefaf0ee - - default default] 10.0.0.89 "GET /v2.0/floatingips?not-tags=red HTTP/1.1" status: 200 len: 1295 time: 0.0622396
2026-04-23 14:46:23.400 10 INFO neutron.wsgi [None req-ff53b4c0-b7dc-49d6-8c65-dc68155dcd43 f4b1c0e9d8604e1b878ad12b028f4c34 e269609a71a947f2ac944866eefaf0ee - - default default] 10.0.0.89 "GET /v2.0/floatingips?not-tags=red%2Cblue HTTP/1.1" status: 200 len: 1838 time: 0.0525279
2026-04-23 14:46:23.457 10 INFO neutron.wsgi [None req-3b7d6e72-8de4-45f7-b533-2817dfde00dd f4b1c0e9d8604e1b878ad12b028f4c34 e269609a71a947f2ac944866eefaf0ee - - default default] 10.0.0.89 "GET /v2.0/floatingips?not-tags-any=blue HTTP/1.1" status: 200 len: 1838 time: 0.0500698
2026-04-23 14:46:23.494 10 INFO neutron.wsgi [None req-4a2854c2-0496-48ed-b0de-2974c4925fca f4b1c0e9d8604e1b878ad12b028f4c34 e269609a71a947f2ac944866eefaf0ee - - default default] 10.0.0.89 "GET /v2.0/floatingips?not-tags-any=red%2Cblue HTTP/1.1" status: 200 len: 1295 time: 0.0319510
2026-04-23 14:46:23.629 9 WARNING neutron.scheduler.dhcp_agent_scheduler [None req-070a2c52-20b4-4f04-9e1f-445fee080589 d4a9a3e7da06473fa782a4106e6cba84 423ff0b494de46d9b1d36514d8dcb10b - - - -] No more DHCP agents
2026-04-23 14:46:23.635 9 WARNING neutron.api.rpc.agentnotifiers.dhcp_rpc_agent_api [None req-070a2c52-20b4-4f04-9e1f-445fee080589 d4a9a3e7da06473fa782a4106e6cba84 423ff0b494de46d9b1d36514d8dcb10b - - - -] Unable to schedule network 04f3185a-8d38-48b4-aef9-9dde0e1922df: no agents available; will retry on subsequent port and subnet creation events.
2026-04-23 14:46:23.980 10 INFO neutron.wsgi [req-5254c86a-6cb7-46b5-8b7e-480dbd72ec09 req-09595c02-8fac-4196-917b-3ea4e954ea8f 82309c43f3bd4c71852f31295ed9eb96 0cde529c9eef4451b34d40c1b5e40948 - - default default] 199.204.45.115 "GET /v2.0/networks?id=2349181a-ee5f-4229-8ff2-ccd0b25bed2f HTTP/1.1" status: 200 len: 872 time: 0.0911920
2026-04-23 14:46:24.120 9 INFO neutron.db.ovn_revision_numbers_db [None req-070a2c52-20b4-4f04-9e1f-445fee080589 d4a9a3e7da06473fa782a4106e6cba84 423ff0b494de46d9b1d36514d8dcb10b - - - -] Successfully bumped revision number for resource 0218cfd7-bb80-457b-9dd1-45cccdad3197 (type: ports) to 2
2026-04-23 14:46:24.135 9 INFO neutron.db.ovn_revision_numbers_db [None req-070a2c52-20b4-4f04-9e1f-445fee080589 d4a9a3e7da06473fa782a4106e6cba84 423ff0b494de46d9b1d36514d8dcb10b - - - -] Successfully bumped revision number for resource 9469988a-bb60-4e3c-b42a-1d2dea5892fe (type: subnets) to 0
2026-04-23 14:46:24.158 9 INFO neutron.wsgi [None req-070a2c52-20b4-4f04-9e1f-445fee080589 d4a9a3e7da06473fa782a4106e6cba84 423ff0b494de46d9b1d36514d8dcb10b - - - -] 10.0.0.89 "POST /v2.0/subnets HTTP/1.1" status: 201 len: 816 time: 0.8084569
2026-04-23 14:46:24.203 10 INFO neutron.wsgi [None req-55ade42e-f0bf-4bf5-b344-9298baf47392 f4b1c0e9d8604e1b878ad12b028f4c34 e269609a71a947f2ac944866eefaf0ee - - - -] 10.0.0.89 "DELETE /v2.0/floatingips/06864c00-198e-4f16-ac8a-afb080bc7572 HTTP/1.1" status: 204 len: 168 time: 0.6985397
2026-04-23 14:46:24.221 9 INFO neutron.wsgi [req-e74622c9-b8d9-4398-ad81-305a2b8b19f6 req-949867e0-61d8-4da6-8907-b743b75bd710 82309c43f3bd4c71852f31295ed9eb96 0cde529c9eef4451b34d40c1b5e40948 - - default default] 10.0.0.17 "GET /v2.0/ports?device_id=cd94ae40-4899-47ee-bf21-2b87efeede8f HTTP/1.1" status: 200 len: 210 time: 0.0202975
2026-04-23 14:46:24.241 9 INFO neutron.db.segments_db [None req-9c7f7e90-8171-4585-9d74-fe4c6aeba41a d4a9a3e7da06473fa782a4106e6cba84 423ff0b494de46d9b1d36514d8dcb10b - - - -] Added segment 57072cea-7c8a-4ddd-ad75-16508e36015e of type geneve for network 95e309b5-ef5c-4146-828d-bb28db6bce26
2026-04-23 14:46:24.364 9 INFO neutron.db.ovn_revision_numbers_db [None req-9c7f7e90-8171-4585-9d74-fe4c6aeba41a d4a9a3e7da06473fa782a4106e6cba84 423ff0b494de46d9b1d36514d8dcb10b - - - -] Successfully bumped revision number for resource 95e309b5-ef5c-4146-828d-bb28db6bce26 (type: networks) to 1
2026-04-23 14:46:24.429 10 WARNING neutron.scheduler.dhcp_agent_scheduler [None req-6fd5dcd5-3f2a-439e-805c-a1f8791d993a 82309c43f3bd4c71852f31295ed9eb96 0cde529c9eef4451b34d40c1b5e40948 - - - -] No more DHCP agents
2026-04-23 14:46:24.444 10 WARNING neutron.api.rpc.agentnotifiers.dhcp_rpc_agent_api [None req-6fd5dcd5-3f2a-439e-805c-a1f8791d993a 82309c43f3bd4c71852f31295ed9eb96 0cde529c9eef4451b34d40c1b5e40948 - - - -] Unable to schedule network 2349181a-ee5f-4229-8ff2-ccd0b25bed2f: no agents available; will retry on subsequent port and subnet creation events.
2026-04-23 14:46:24.564 9 WARNING neutron.scheduler.dhcp_agent_scheduler [None req-9c7f7e90-8171-4585-9d74-fe4c6aeba41a d4a9a3e7da06473fa782a4106e6cba84 423ff0b494de46d9b1d36514d8dcb10b - - - -] No more DHCP agents
2026-04-23 14:46:24.567 9 WARNING neutron.api.rpc.agentnotifiers.dhcp_rpc_agent_api [None req-9c7f7e90-8171-4585-9d74-fe4c6aeba41a d4a9a3e7da06473fa782a4106e6cba84 423ff0b494de46d9b1d36514d8dcb10b - - - -] Unable to schedule network 95e309b5-ef5c-4146-828d-bb28db6bce26: no agents available; will retry on subsequent port and subnet creation events.
2026-04-23 14:46:24.623 10 INFO neutron.db.ovn_revision_numbers_db [None req-6fd5dcd5-3f2a-439e-805c-a1f8791d993a 82309c43f3bd4c71852f31295ed9eb96 0cde529c9eef4451b34d40c1b5e40948 - - - -] Successfully bumped revision number for resource c7be0db0-e3e2-4ab6-b96f-8abf05f3058b (type: ports) to 1
2026-04-23 14:46:24.638 9 INFO neutron.db.ovn_revision_numbers_db [None req-9c7f7e90-8171-4585-9d74-fe4c6aeba41a d4a9a3e7da06473fa782a4106e6cba84 423ff0b494de46d9b1d36514d8dcb10b - - - -] Successfully bumped revision number for resource caa75f7b-a976-4d10-bc99-faf5d8997967 (type: ports) to 1
2026-04-23 14:46:24.647 10 INFO neutron.wsgi [None req-6fd5dcd5-3f2a-439e-805c-a1f8791d993a 82309c43f3bd4c71852f31295ed9eb96 0cde529c9eef4451b34d40c1b5e40948 - - - -] 199.204.45.115 "POST /v2.0/ports HTTP/1.1" status: 201 len: 1158 time: 0.6549914 /var/lib/openstack/lib/python3.10/site-packages/pycadf/identifier.py:71: UserWarning: Invalid uuid: neutron. To ensure interoperability, identifiers should be a valid uuid. warnings.warn(('Invalid uuid: %s. To ensure interoperability, '
2026-04-23 14:46:24.670 10 INFO neutron.wsgi [None req-711815b3-a293-4b7b-b5fd-fd8c81cffe83 f4b1c0e9d8604e1b878ad12b028f4c34 e269609a71a947f2ac944866eefaf0ee - - - -] 10.0.0.89 "DELETE /v2.0/floatingips/2576353f-82b0-4890-aaf8-3f56edae6926 HTTP/1.1" status: 204 len: 168 time: 0.4609129
2026-04-23 14:46:24.671 9 INFO neutron.wsgi [None req-9c7f7e90-8171-4585-9d74-fe4c6aeba41a d4a9a3e7da06473fa782a4106e6cba84 423ff0b494de46d9b1d36514d8dcb10b - - - -] 10.0.0.89 "POST /v2.0/networks HTTP/1.1" status: 201 len: 842 time: 0.5090573
2026-04-23 14:46:24.906 9 INFO neutron.db.ovn_revision_numbers_db [None req-106ec7bd-23a7-4bcc-b917-3d26f5c025d8 d4a9a3e7da06473fa782a4106e6cba84 423ff0b494de46d9b1d36514d8dcb10b - - - -] Successfully bumped revision number for resource 95e309b5-ef5c-4146-828d-bb28db6bce26 (type: networks) to 2
2026-04-23 14:46:24.910 9 INFO neutron.wsgi [None req-106ec7bd-23a7-4bcc-b917-3d26f5c025d8 d4a9a3e7da06473fa782a4106e6cba84 423ff0b494de46d9b1d36514d8dcb10b - - - -] 10.0.0.89 "PUT /v2.0/networks/95e309b5-ef5c-4146-828d-bb28db6bce26 HTTP/1.1" status: 200 len: 792 time: 0.2328122
2026-04-23 14:46:25.040 10 INFO neutron.db.ovn_revision_numbers_db [None req-8b66cbc7-6cec-40f6-9274-448b78eca85c 7bb31feec19442078dcba2ab0d81b033 ed489075664d440c8109ecbd6715645a - - - -] Successfully bumped revision number for resource c7be0db0-e3e2-4ab6-b96f-8abf05f3058b (type: ports) to 2
2026-04-23 14:46:25.221 10 INFO neutron.db.ovn_revision_numbers_db [None req-8b66cbc7-6cec-40f6-9274-448b78eca85c 7bb31feec19442078dcba2ab0d81b033 ed489075664d440c8109ecbd6715645a - - - -] Successfully bumped revision number for resource c7be0db0-e3e2-4ab6-b96f-8abf05f3058b (type: ports) to 2
2026-04-23 14:46:25.235 10 INFO neutron.wsgi [None req-8b66cbc7-6cec-40f6-9274-448b78eca85c 7bb31feec19442078dcba2ab0d81b033 ed489075664d440c8109ecbd6715645a - - - -] 199.204.45.115 "PUT /v2.0/ports/c7be0db0-e3e2-4ab6-b96f-8abf05f3058b HTTP/1.1" status: 200 len: 1328 time: 0.5768352
2026-04-23 14:46:25.286 10 INFO neutron.notifiers.nova [-] Nova event matching ['req-4b5ef663-c6b9-46b8-84ee-18289e9ee8e9'] response: {'name': 'network-changed', 'server_uuid': 'cd94ae40-4899-47ee-bf21-2b87efeede8f', 'tag': 'c7be0db0-e3e2-4ab6-b96f-8abf05f3058b', 'status': 'completed', 'code': 200} /var/lib/openstack/lib/python3.10/site-packages/pycadf/identifier.py:71: UserWarning: Invalid uuid: neutron. To ensure interoperability, identifiers should be a valid uuid. warnings.warn(('Invalid uuid: %s. To ensure interoperability, '
2026-04-23 14:46:25.334 10 INFO neutron.wsgi [req-5254c86a-6cb7-46b5-8b7e-480dbd72ec09 req-a3de87fd-cc5c-45b7-adeb-aefcf996c639 7bb31feec19442078dcba2ab0d81b033 ed489075664d440c8109ecbd6715645a - - 24c09196609c49b98def0aa6d6fbc591 24c09196609c49b98def0aa6d6fbc591] 199.204.45.115 "GET /v2.0/ports?tenant_id=0cde529c9eef4451b34d40c1b5e40948&device_id=cd94ae40-4899-47ee-bf21-2b87efeede8f HTTP/1.1" status: 200 len: 1359 time: 0.0389001
2026-04-23 14:46:25.373 10 INFO neutron.wsgi [req-5254c86a-6cb7-46b5-8b7e-480dbd72ec09 req-4acff48d-e047-46fc-9d53-e469ef7b46eb 7bb31feec19442078dcba2ab0d81b033 ed489075664d440c8109ecbd6715645a - - 24c09196609c49b98def0aa6d6fbc591 24c09196609c49b98def0aa6d6fbc591] 199.204.45.115 "GET /v2.0/floatingips?fixed_ip_address=10.100.0.7&port_id=c7be0db0-e3e2-4ab6-b96f-8abf05f3058b HTTP/1.1" status: 200 len: 217 time: 0.0281162
2026-04-23 14:46:25.409 10 INFO neutron.wsgi [req-5254c86a-6cb7-46b5-8b7e-480dbd72ec09 req-5e610f38-6f8c-4f53-aa23-de84e8532cfd 7bb31feec19442078dcba2ab0d81b033 ed489075664d440c8109ecbd6715645a - - 24c09196609c49b98def0aa6d6fbc591 24c09196609c49b98def0aa6d6fbc591] 199.204.45.115 "GET /v2.0/subnets?id=d6477c1a-383f-420b-bd20-9222f876a478 HTTP/1.1" status: 200 len: 866 time: 0.0307071
2026-04-23 14:46:25.412 9 INFO neutron.wsgi [req-79f55036-aec4-4920-96bc-057e8bb4d6ed req-eb6bcc10-6aa0-403a-ae05-7cfdae8b52ed 82309c43f3bd4c71852f31295ed9eb96 0cde529c9eef4451b34d40c1b5e40948 - - default default] 10.0.0.17 "GET /v2.0/ports?device_id=cd94ae40-4899-47ee-bf21-2b87efeede8f HTTP/1.1" status: 200 len: 1168 time: 0.0478871
2026-04-23 14:46:25.441 10 INFO neutron.wsgi [req-5254c86a-6cb7-46b5-8b7e-480dbd72ec09 req-ca467ff2-8b1e-4357-9f5e-3a264f1a561c 7bb31feec19442078dcba2ab0d81b033 ed489075664d440c8109ecbd6715645a - - 24c09196609c49b98def0aa6d6fbc591 24c09196609c49b98def0aa6d6fbc591] 199.204.45.115 "GET /v2.0/ports?network_id=2349181a-ee5f-4229-8ff2-ccd0b25bed2f&device_owner=network%3Adhcp HTTP/1.1" status: 200 len: 210 time: 0.0245268
2026-04-23 14:46:25.481 9 INFO neutron.wsgi [req-79f55036-aec4-4920-96bc-057e8bb4d6ed req-8dc377ef-dbfa-4207-8a0f-c094aee8fe74 82309c43f3bd4c71852f31295ed9eb96 0cde529c9eef4451b34d40c1b5e40948 - - default default] 10.0.0.17 "GET /v2.0/security-groups?id=939a3ce1-a64a-4b52-81ea-6fa6082e16e8&fields=id&fields=name HTTP/1.1" status: 200 len: 286 time: 0.0645430
2026-04-23 14:46:25.506 9 INFO neutron.wsgi [None req-6ce66b59-437b-48ad-9b7d-a2424de55a48 f4b1c0e9d8604e1b878ad12b028f4c34 e269609a71a947f2ac944866eefaf0ee - - - -] 10.0.0.89 "DELETE /v2.0/floatingips/cbe1ac6a-65dd-4f36-ae2b-50767f7ba106 HTTP/1.1" status: 204 len: 168 time: 0.8278115
2026-04-23 14:46:25.507 10 INFO neutron.wsgi [req-5254c86a-6cb7-46b5-8b7e-480dbd72ec09 req-052c3df0-69bd-44c1-b32f-07434b8f60d5 7bb31feec19442078dcba2ab0d81b033 ed489075664d440c8109ecbd6715645a - - 24c09196609c49b98def0aa6d6fbc591 24c09196609c49b98def0aa6d6fbc591] 199.204.45.115 "GET /v2.0/networks/2349181a-ee5f-4229-8ff2-ccd0b25bed2f?fields=segments HTTP/1.1" status: 200 len: 212 time: 0.0568862
2026-04-23 14:46:25.545 9 WARNING neutron.scheduler.dhcp_agent_scheduler [None req-0a41e242-1e4c-4d97-98aa-b57fa27353be d4a9a3e7da06473fa782a4106e6cba84 423ff0b494de46d9b1d36514d8dcb10b - - - -] No more DHCP agents
2026-04-23 14:46:25.553 9 WARNING neutron.api.rpc.agentnotifiers.dhcp_rpc_agent_api [None req-0a41e242-1e4c-4d97-98aa-b57fa27353be d4a9a3e7da06473fa782a4106e6cba84 423ff0b494de46d9b1d36514d8dcb10b - - - -] Unable to schedule network 95e309b5-ef5c-4146-828d-bb28db6bce26: no agents available; will retry on subsequent port and subnet creation events.
2026-04-23 14:46:25.581 10 INFO neutron.wsgi [req-5254c86a-6cb7-46b5-8b7e-480dbd72ec09 req-1cfa371a-3131-454b-9f25-7f7176bb6557 7bb31feec19442078dcba2ab0d81b033 ed489075664d440c8109ecbd6715645a - - 24c09196609c49b98def0aa6d6fbc591 24c09196609c49b98def0aa6d6fbc591] 199.204.45.115 "GET /v2.0/networks/2349181a-ee5f-4229-8ff2-ccd0b25bed2f?fields=provider%3Aphysical_network&fields=provider%3Anetwork_type HTTP/1.1" status: 200 len: 277 time: 0.0644093
2026-04-23 14:46:25.666 10 INFO neutron.wsgi [req-2dd5f8a9-cfc9-4884-9636-f760257c5858 req-760498dd-db8c-4ab9-808c-2ce866396ff5 7bb31feec19442078dcba2ab0d81b033 ed489075664d440c8109ecbd6715645a - - 24c09196609c49b98def0aa6d6fbc591 24c09196609c49b98def0aa6d6fbc591] 199.204.45.115 "GET /v2.0/ports?tenant_id=0cde529c9eef4451b34d40c1b5e40948&device_id=cd94ae40-4899-47ee-bf21-2b87efeede8f HTTP/1.1" status: 200 len: 1359 time: 0.0423667
2026-04-23 14:46:25.670 10 WARNING neutron.plugins.ml2.drivers.ovn.mech_driver.ovsdb.ovn_client [None req-f8edf14e-715e-420e-9d3d-b871b2de02c5 - - - - - -] No hosting information found for port 79ad6c35-656f-46cd-8936-93bec27319d5: RuntimeError: No hosting information found for port 79ad6c35-656f-46cd-8936-93bec27319d5
2026-04-23 14:46:25.736 10 INFO neutron.wsgi [req-2dd5f8a9-cfc9-4884-9636-f760257c5858 req-e9b85018-351f-4322-88c2-d58505708c35 7bb31feec19442078dcba2ab0d81b033 ed489075664d440c8109ecbd6715645a - - 24c09196609c49b98def0aa6d6fbc591 24c09196609c49b98def0aa6d6fbc591] 199.204.45.115 "GET /v2.0/networks?id=2349181a-ee5f-4229-8ff2-ccd0b25bed2f HTTP/1.1" status: 200 len: 971 time: 0.0640693
2026-04-23 14:46:25.773 10 INFO neutron.wsgi [req-2dd5f8a9-cfc9-4884-9636-f760257c5858 req-9096b486-b973-4ff6-85d2-95c8d619c784 7bb31feec19442078dcba2ab0d81b033 ed489075664d440c8109ecbd6715645a - - 24c09196609c49b98def0aa6d6fbc591 24c09196609c49b98def0aa6d6fbc591] 199.204.45.115 "GET /v2.0/floatingips?fixed_ip_address=10.100.0.7&port_id=c7be0db0-e3e2-4ab6-b96f-8abf05f3058b HTTP/1.1" status: 200 len: 217 time: 0.0304048
2026-04-23 14:46:25.780 9 INFO neutron.plugins.ml2.drivers.ovn.mech_driver.mech_driver [None req-f496c3af-8c07-4e18-bd94-e5c9949d118f - - - - - -] OVN reports status up for port: c7be0db0-e3e2-4ab6-b96f-8abf05f3058b
2026-04-23 14:46:25.809 10 INFO neutron.wsgi [req-2dd5f8a9-cfc9-4884-9636-f760257c5858 req-7faf5aaf-c43a-4636-a030-8e8dd8bf6b45 7bb31feec19442078dcba2ab0d81b033 ed489075664d440c8109ecbd6715645a - - 24c09196609c49b98def0aa6d6fbc591 24c09196609c49b98def0aa6d6fbc591] 199.204.45.115 "GET /v2.0/subnets?id=d6477c1a-383f-420b-bd20-9222f876a478 HTTP/1.1" status: 200 len: 866 time: 0.0288789
2026-04-23 14:46:25.818 9 INFO neutron.plugins.ml2.plugin [None req-f496c3af-8c07-4e18-bd94-e5c9949d118f - - - - - -] Attempt 1 to provision port c7be0db0-e3e2-4ab6-b96f-8abf05f3058b
2026-04-23 14:46:25.835 10 INFO neutron.wsgi [req-2dd5f8a9-cfc9-4884-9636-f760257c5858 req-f9c7e2f9-6bce-4199-aa50-94ecc885d98d 7bb31feec19442078dcba2ab0d81b033 ed489075664d440c8109ecbd6715645a - - 24c09196609c49b98def0aa6d6fbc591 24c09196609c49b98def0aa6d6fbc591] 199.204.45.115 "GET /v2.0/ports?network_id=2349181a-ee5f-4229-8ff2-ccd0b25bed2f&device_owner=network%3Adhcp HTTP/1.1" status: 200 len: 210 time: 0.0171669
2026-04-23 14:46:25.894 10 INFO neutron.wsgi [req-2dd5f8a9-cfc9-4884-9636-f760257c5858 req-e9f942fa-9d13-404f-a885-64a7056029cc 7bb31feec19442078dcba2ab0d81b033 ed489075664d440c8109ecbd6715645a - - 24c09196609c49b98def0aa6d6fbc591 24c09196609c49b98def0aa6d6fbc591] 199.204.45.115 "GET /v2.0/networks/2349181a-ee5f-4229-8ff2-ccd0b25bed2f?fields=segments HTTP/1.1" status: 200 len: 212 time: 0.0476429
2026-04-23 14:46:25.954 10 INFO neutron.wsgi [req-2dd5f8a9-cfc9-4884-9636-f760257c5858 req-c9ff1c92-92d9-4084-93f7-d68056500eac 7bb31feec19442078dcba2ab0d81b033 ed489075664d440c8109ecbd6715645a - - 24c09196609c49b98def0aa6d6fbc591 24c09196609c49b98def0aa6d6fbc591] 199.204.45.115 "GET /v2.0/networks/2349181a-ee5f-4229-8ff2-ccd0b25bed2f?fields=provider%3Aphysical_network&fields=provider%3Anetwork_type HTTP/1.1" status: 200 len: 277 time: 0.0538995
2026-04-23 14:46:26.008 9 INFO neutron.notifiers.nova [-] Nova event matching ['req-29531452-98f1-4dde-9a94-03f11afa4bec'] response: {'server_uuid': 'cd94ae40-4899-47ee-bf21-2b87efeede8f', 'name': 'network-vif-plugged', 'status': 'completed', 'tag': 'c7be0db0-e3e2-4ab6-b96f-8abf05f3058b', 'code': 200}
2026-04-23 14:46:26.123 9 INFO neutron.wsgi [None req-5e99f34e-39e8-421c-b30e-eb82bade91ec f4b1c0e9d8604e1b878ad12b028f4c34 e269609a71a947f2ac944866eefaf0ee - - - -] 10.0.0.89 "DELETE /v2.0/floatingips/ff798a3e-a708-4275-a7c7-7068b6b87801 HTTP/1.1" status: 204 len: 168 time: 0.6111670
2026-04-23 14:46:26.220 9 INFO neutron.db.ovn_revision_numbers_db [None req-f496c3af-8c07-4e18-bd94-e5c9949d118f - - - - - -] Successfully bumped revision number for resource c7be0db0-e3e2-4ab6-b96f-8abf05f3058b (type: ports) to 4
2026-04-23 14:46:26.246 9 INFO neutron.db.ovn_revision_numbers_db [None req-0a41e242-1e4c-4d97-98aa-b57fa27353be d4a9a3e7da06473fa782a4106e6cba84 423ff0b494de46d9b1d36514d8dcb10b - - - -] Successfully bumped revision number for resource caa75f7b-a976-4d10-bc99-faf5d8997967 (type: ports) to 2
2026-04-23 14:46:26.273 9 INFO neutron.db.ovn_revision_numbers_db [None req-0a41e242-1e4c-4d97-98aa-b57fa27353be d4a9a3e7da06473fa782a4106e6cba84 423ff0b494de46d9b1d36514d8dcb10b - - - -] Successfully bumped revision number for resource d77c718b-7f3e-49ca-93cf-8e0991468e60 (type: subnets) to 0
2026-04-23 14:46:26.286 9 INFO neutron.wsgi [None req-0a41e242-1e4c-4d97-98aa-b57fa27353be d4a9a3e7da06473fa782a4106e6cba84 423ff0b494de46d9b1d36514d8dcb10b - - - -] 10.0.0.89 "POST /v2.0/subnets HTTP/1.1" status: 201 len: 801 time: 1.3715029 /var/lib/openstack/lib/python3.10/site-packages/pycadf/identifier.py:71: UserWarning: Invalid uuid: neutron. To ensure interoperability, identifiers should be a valid uuid. warnings.warn(('Invalid uuid: %s. To ensure interoperability, '
2026-04-23 14:46:26.495 10 INFO neutron.wsgi [None req-7b4805e7-d8a5-49ce-8762-3f997e06540a f4b1c0e9d8604e1b878ad12b028f4c34 e269609a71a947f2ac944866eefaf0ee - - - -] 10.0.0.89 "DELETE /v2.0/floatingips/af990e60-a692-45f7-8e33-6881fec2b9cc HTTP/1.1" status: 204 len: 168 time: 0.3648562
2026-04-23 14:46:26.572 9 INFO neutron.db.ovn_revision_numbers_db [None req-0ebe822d-3fa4-42af-93c1-5c656507aeae d4a9a3e7da06473fa782a4106e6cba84 423ff0b494de46d9b1d36514d8dcb10b - - - -] Successfully bumped revision number for resource d77c718b-7f3e-49ca-93cf-8e0991468e60 (type: subnets) to 1
2026-04-23 14:46:26.575 9 INFO neutron.wsgi [None req-0ebe822d-3fa4-42af-93c1-5c656507aeae d4a9a3e7da06473fa782a4106e6cba84 423ff0b494de46d9b1d36514d8dcb10b - - - -] 10.0.0.89 "PUT /v2.0/subnets/d77c718b-7f3e-49ca-93cf-8e0991468e60 HTTP/1.1" status: 200 len: 806 time: 0.2856150
2026-04-23 14:46:26.598 9 INFO neutron.wsgi [req-8e89b1b8-78c1-4716-af77-16a92bc20bfc req-7eda9e02-dd4e-4724-bc20-2044fe01bf5a 82309c43f3bd4c71852f31295ed9eb96 0cde529c9eef4451b34d40c1b5e40948 - - default default] 10.0.0.17 "GET /v2.0/ports?device_id=cd94ae40-4899-47ee-bf21-2b87efeede8f HTTP/1.1" status: 200 len: 1170 time: 0.0465615
2026-04-23 14:46:26.648 9 INFO neutron.wsgi [req-8e89b1b8-78c1-4716-af77-16a92bc20bfc req-64a8791f-e4d5-4ba9-867c-53d6335a551a 82309c43f3bd4c71852f31295ed9eb96 0cde529c9eef4451b34d40c1b5e40948 - - default default] 10.0.0.17 "GET /v2.0/security-groups?id=939a3ce1-a64a-4b52-81ea-6fa6082e16e8&fields=id&fields=name HTTP/1.1" status: 200 len: 286 time: 0.0430138
2026-04-23 14:46:27.029 10 INFO neutron.db.ovn_revision_numbers_db [None req-83be15f1-f20d-4cf9-aa0f-917b67a80576 3f903946024040bfa8b7663bd313b45c a102aa7a48764bb59a2190da7e37cd60 - - default default] Successfully bumped revision number for resource c31bddda-3e85-4355-b991-c684a8bf2fe3 (type: security_groups) to 1
2026-04-23 14:46:27.066 10 INFO neutron.wsgi [None req-83be15f1-f20d-4cf9-aa0f-917b67a80576 3f903946024040bfa8b7663bd313b45c a102aa7a48764bb59a2190da7e37cd60 - - default default] 10.0.0.89 "GET /v2.0/security-groups?tenant_id=e928da671dc444b38cd420c5d4988b03&name=default HTTP/1.1" status: 200 len: 2996 time: 0.4219718
2026-04-23 14:46:27.219 9 INFO neutron.plugins.ml2.drivers.ovn.mech_driver.mech_driver [None req-f496c3af-8c07-4e18-bd94-e5c9949d118f - - - - - -] OVN reports status down for port: c7be0db0-e3e2-4ab6-b96f-8abf05f3058b
2026-04-23 14:46:27.246 9 INFO neutron.wsgi [req-2552112e-9e5b-40bf-9bd1-80c9dc1b6f6b req-f7448752-40de-4984-bbf9-24acfa1e276b 82309c43f3bd4c71852f31295ed9eb96 0cde529c9eef4451b34d40c1b5e40948 - - default default] 10.0.0.17 "GET /v2.0/ports?device_id=cd94ae40-4899-47ee-bf21-2b87efeede8f HTTP/1.1" status: 200 len: 1170 time: 0.0619402
2026-04-23 14:46:27.267 10 INFO neutron.services.segments.plugin [-] Segment 57072cea-7c8a-4ddd-ad75-16508e36015e resource provider aggregate not found
2026-04-23 14:46:27.279 10 INFO neutron.services.segments.plugin [-] Segment 57072cea-7c8a-4ddd-ad75-16508e36015e resource provider aggregate not found
2026-04-23 14:46:27.292 9 INFO neutron.wsgi [req-2552112e-9e5b-40bf-9bd1-80c9dc1b6f6b req-ca5da0be-2282-4143-ba1b-9fe8d12a09be 82309c43f3bd4c71852f31295ed9eb96 0cde529c9eef4451b34d40c1b5e40948 - - default default] 10.0.0.17 "GET /v2.0/security-groups?id=939a3ce1-a64a-4b52-81ea-6fa6082e16e8&fields=id&fields=name HTTP/1.1" status: 200 len: 286 time: 0.0400774
2026-04-23 14:46:27.298 10 INFO neutron.services.segments.plugin [-] Segment 57072cea-7c8a-4ddd-ad75-16508e36015e resource provider not found; error: Placement Client Error (4xx): {"errors": [{"status": 404, "title": "Not Found", "detail": "The resource could not be found.\n\n No resource provider with uuid 57072cea-7c8a-4ddd-ad75-16508e36015e found for delete ", "request_id": "req-fae93e53-f019-43c1-8022-82003c3f629b"}]}
2026-04-23 14:46:27.303 10 INFO neutron.services.segments.plugin [-] Segment 57072cea-7c8a-4ddd-ad75-16508e36015e resource provider not found; error: Placement Client Error (4xx): {"errors": [{"status": 404, "title": "Not Found", "detail": "The resource could not be found.\n\n No resource provider with uuid 57072cea-7c8a-4ddd-ad75-16508e36015e found for delete ", "request_id": "req-8539db2e-ace1-40ae-9460-46149e8abca9"}]}
2026-04-23 14:46:27.351 10 INFO neutron.wsgi [None req-0be6cdfe-8a92-4635-b2fd-7ca2e306c624 d4a9a3e7da06473fa782a4106e6cba84 423ff0b494de46d9b1d36514d8dcb10b - - - -] 10.0.0.89 "DELETE /v2.0/networks/95e309b5-ef5c-4146-828d-bb28db6bce26 HTTP/1.1" status: 204 len: 168 time: 0.7687323
2026-04-23 14:46:27.383 9 INFO neutron.pecan_wsgi.hooks.translation [None req-4f9d20ce-3e4e-4bde-bb35-e082bd1cc6c0 d4a9a3e7da06473fa782a4106e6cba84 423ff0b494de46d9b1d36514d8dcb10b - - - -] DELETE failed (client error): The resource could not be found.
2026-04-23 14:46:27.386 9 INFO neutron.wsgi [None req-4f9d20ce-3e4e-4bde-bb35-e082bd1cc6c0 d4a9a3e7da06473fa782a4106e6cba84 423ff0b494de46d9b1d36514d8dcb10b - - - -] 10.0.0.89 "DELETE /v2.0/networks/95e309b5-ef5c-4146-828d-bb28db6bce26 HTTP/1.1" status: 404 len: 339 time: 0.0268531
2026-04-23 14:46:27.427 9 INFO neutron.wsgi [None req-7c23ee90-2080-4611-9754-76bd4dfb8ebb 3f903946024040bfa8b7663bd313b45c a102aa7a48764bb59a2190da7e37cd60 - - - -] 10.0.0.89 "DELETE /v2.0/security-groups/c31bddda-3e85-4355-b991-c684a8bf2fe3 HTTP/1.1" status: 204 len: 168 time: 0.3530421
2026-04-23 14:46:27.556 10 INFO neutron.wsgi [None req-2eaf779c-1845-4c3f-a9f3-3d5840015c8d d4a9a3e7da06473fa782a4106e6cba84 423ff0b494de46d9b1d36514d8dcb10b - - default default] 10.0.0.89 "GET /v2.0/networks?router%3Aexternal=True HTTP/1.1" status: 200 len: 845 time: 0.1646848
2026-04-23 14:46:27.583 9 INFO neutron.db.ovn_revision_numbers_db [None req-f496c3af-8c07-4e18-bd94-e5c9949d118f - - - - - -] Successfully bumped revision number for resource c7be0db0-e3e2-4ab6-b96f-8abf05f3058b (type: ports) to 5
2026-04-23 14:46:27.616 10 INFO neutron.wsgi [req-4623a63f-13c8-4f36-93c6-1a81917d0192 req-a7ddf4a1-956e-409d-8d22-0121dbbb628c 82309c43f3bd4c71852f31295ed9eb96 0cde529c9eef4451b34d40c1b5e40948 - - default default] 199.204.45.115 "GET /v2.0/ports?device_id=cd94ae40-4899-47ee-bf21-2b87efeede8f HTTP/1.1" status: 200 len: 1168 time: 0.1197822
2026-04-23 14:46:27.638 9 INFO neutron.wsgi [None req-4f200f46-f0b5-439b-a492-2e7d754328dd d4a9a3e7da06473fa782a4106e6cba84 423ff0b494de46d9b1d36514d8dcb10b - - default default] 10.0.0.89 "GET /v2.0/subnets?network_id=51d4d460-1f33-4ecb-a78d-546d539c0a0a HTTP/1.1" status: 200 len: 820 time: 0.0727577
2026-04-23 14:46:27.650 10 INFO neutron.wsgi [None req-423ccd14-585e-4a09-b810-e5898222e955 d4a9a3e7da06473fa782a4106e6cba84 423ff0b494de46d9b1d36514d8dcb10b - - default default] 10.0.0.89 "GET /v2.0/extensions HTTP/1.1" status: 200 len: 16520 time: 0.0056596
2026-04-23 14:46:27.730 9 INFO neutron.db.ovn_revision_numbers_db [None req-67987b73-f329-43fa-88c4-dd2fdde0dd83 3f903946024040bfa8b7663bd313b45c a102aa7a48764bb59a2190da7e37cd60 - - default default] Successfully bumped revision number for resource 79d886c7-c9ce-4f3e-b268-1222852a7094 (type: security_groups) to 1
2026-04-23 14:46:27.767 9 INFO neutron.wsgi [None req-67987b73-f329-43fa-88c4-dd2fdde0dd83 3f903946024040bfa8b7663bd313b45c a102aa7a48764bb59a2190da7e37cd60 - - default default] 10.0.0.89 "GET /v2.0/security-groups?tenant_id=412bcbd7288a4baf900731e32ae26abe&name=default HTTP/1.1" status: 200 len: 2996 time: 0.2255836
2026-04-23 14:46:27.775 10 INFO neutron.wsgi [None req-3afacf5c-97f1-4470-855d-eb0affeb107b d4a9a3e7da06473fa782a4106e6cba84 423ff0b494de46d9b1d36514d8dcb10b - - default default] 10.0.0.89 "GET /v2.0/networks HTTP/1.1" status: 200 len: 1504 time: 0.1205032 /var/lib/openstack/lib/python3.10/site-packages/pycadf/identifier.py:71: UserWarning: Invalid uuid: neutron. To ensure interoperability, identifiers should be a valid uuid. warnings.warn(('Invalid uuid: %s. To ensure interoperability, '
2026-04-23 14:46:27.794 9 INFO neutron.db.ovn_revision_numbers_db [None req-90a14a3d-9a9c-4409-b4b1-f160f4d09cc3 3f903946024040bfa8b7663bd313b45c a102aa7a48764bb59a2190da7e37cd60 - - default default] Successfully bumped revision number for resource 41d0492c-7de0-4c39-9b74-85f040a795ef (type: security_groups) to 1
2026-04-23 14:46:27.817 9 INFO neutron.wsgi [None req-90a14a3d-9a9c-4409-b4b1-f160f4d09cc3 3f903946024040bfa8b7663bd313b45c a102aa7a48764bb59a2190da7e37cd60 - - default default] 10.0.0.89 "GET /v2.0/security-groups?tenant_id=2accb5a1b8454c87a3f1d1567374b58f&name=default HTTP/1.1" status: 200 len: 2996 time: 0.4174638
2026-04-23 14:46:27.984 9 INFO neutron.wsgi [None req-2fb30a53-fa53-4df4-9673-fd5ff108eb4d 3f903946024040bfa8b7663bd313b45c a102aa7a48764bb59a2190da7e37cd60 - - - -] 10.0.0.89 "DELETE /v2.0/security-groups/79d886c7-c9ce-4f3e-b268-1222852a7094 HTTP/1.1" status: 204 len: 168 time: 0.2092910
2026-04-23 14:46:28.055 9 INFO neutron.notifiers.nova [-] Nova event matching ['req-cbba3c51-3e9e-4686-8ecb-93bd380b44e4'] response: {'server_uuid': 'cd94ae40-4899-47ee-bf21-2b87efeede8f', 'name': 'network-vif-plugged', 'status': 'completed', 'tag': 'c7be0db0-e3e2-4ab6-b96f-8abf05f3058b', 'code': 200}
2026-04-23 14:46:28.056 9 INFO neutron.notifiers.nova [-] Nova event matching ['req-cbba3c51-3e9e-4686-8ecb-93bd380b44e4'] response: {'server_uuid': 'cd94ae40-4899-47ee-bf21-2b87efeede8f', 'name': 'network-vif-unplugged', 'status': 'completed', 'tag': 'c7be0db0-e3e2-4ab6-b96f-8abf05f3058b', 'code': 200}
2026-04-23 14:46:28.056 9 INFO neutron.notifiers.nova [-] Nova event matching ['req-cbba3c51-3e9e-4686-8ecb-93bd380b44e4'] response: {'server_uuid': 'cd94ae40-4899-47ee-bf21-2b87efeede8f', 'name': 'network-vif-plugged', 'status': 'completed', 'tag': 'c7be0db0-e3e2-4ab6-b96f-8abf05f3058b', 'code': 200}
2026-04-23 14:46:28.060 9 INFO neutron.wsgi [None req-eb2eade3-a7c7-4a1c-9210-f7941b5788ca 3f903946024040bfa8b7663bd313b45c a102aa7a48764bb59a2190da7e37cd60 - - - -] 10.0.0.89 "DELETE /v2.0/security-groups/41d0492c-7de0-4c39-9b74-85f040a795ef HTTP/1.1" status: 204 len: 168 time: 0.2350111
2026-04-23 14:46:28.129 10 INFO neutron.wsgi [None req-623fb439-ab09-4d2b-8c7f-5ee77c418db1 d4a9a3e7da06473fa782a4106e6cba84 423ff0b494de46d9b1d36514d8dcb10b - - default default] 10.0.0.89 "GET /v2.0/subnets HTTP/1.1" status: 200 len: 1428 time: 0.3451188
2026-04-23 14:46:28.196 9 INFO neutron.wsgi [None req-a1a23df5-5e7e-46e9-b662-f8bab48b5720 d4a9a3e7da06473fa782a4106e6cba84 423ff0b494de46d9b1d36514d8dcb10b - - default default] 10.0.0.89 "GET /v2.0/networks/04f3185a-8d38-48b4-aef9-9dde0e1922df HTTP/1.1" status: 200 len: 863 time: 0.0604396
2026-04-23 14:46:28.234 9 INFO neutron.wsgi [None req-ff005293-7f6b-4c1a-aa66-d8ecfc21f5be d4a9a3e7da06473fa782a4106e6cba84 423ff0b494de46d9b1d36514d8dcb10b - - default default] 10.0.0.89 "GET /v2.0/subnets/9469988a-bb60-4e3c-b42a-1d2dea5892fe HTTP/1.1" status: 200 len: 811 time: 0.0324922
2026-04-23 14:46:28.263 9 INFO neutron.pecan_wsgi.hooks.translation [None req-73346c98-609a-450e-9386-c78b8157e7c2 d4a9a3e7da06473fa782a4106e6cba84 423ff0b494de46d9b1d36514d8dcb10b - - - -] DELETE failed (client error): The resource could not be found.
2026-04-23 14:46:28.265 9 INFO neutron.wsgi [None req-73346c98-609a-450e-9386-c78b8157e7c2 d4a9a3e7da06473fa782a4106e6cba84 423ff0b494de46d9b1d36514d8dcb10b - - - -] 10.0.0.89 "DELETE /v2.0/subnets/d77c718b-7f3e-49ca-93cf-8e0991468e60 HTTP/1.1" status: 404 len: 337 time: 0.0256252
2026-04-23 14:46:28.298 10 INFO neutron.pecan_wsgi.hooks.translation [None req-dec76228-d5f9-4d67-9955-bd671806431d d4a9a3e7da06473fa782a4106e6cba84 423ff0b494de46d9b1d36514d8dcb10b - - - -] DELETE failed (client error): The resource could not be found.
2026-04-23 14:46:28.300 10 INFO neutron.wsgi [None req-dec76228-d5f9-4d67-9955-bd671806431d d4a9a3e7da06473fa782a4106e6cba84 423ff0b494de46d9b1d36514d8dcb10b - - - -] 10.0.0.89 "DELETE /v2.0/networks/95e309b5-ef5c-4146-828d-bb28db6bce26 HTTP/1.1" status: 404 len: 339 time: 0.0297675
2026-04-23 14:46:28.323 10 INFO neutron.wsgi [None req-7fe13b36-543f-4f04-8613-274239c167c5 82309c43f3bd4c71852f31295ed9eb96 0cde529c9eef4451b34d40c1b5e40948 - - - -] 199.204.45.115 "DELETE /v2.0/ports/c7be0db0-e3e2-4ab6-b96f-8abf05f3058b HTTP/1.1" status: 204 len: 173 time: 0.7004018
2026-04-23 14:46:28.368 10 INFO neutron.notifiers.nova [-] Nova event matching ['req-88bdcdd9-b18c-44ad-9fce-b87437160797'] response: {'server_uuid': 'cd94ae40-4899-47ee-bf21-2b87efeede8f', 'name': 'network-vif-deleted', 'tag': 'c7be0db0-e3e2-4ab6-b96f-8abf05f3058b', 'status': 'completed', 'code': 200}
2026-04-23 14:46:28.384 10 INFO neutron.db.ovn_revision_numbers_db [None req-cc06bf3a-7905-4e9c-9a31-a444c2bd7600 3f903946024040bfa8b7663bd313b45c a102aa7a48764bb59a2190da7e37cd60 - - default default] Successfully bumped revision number for resource aed2596b-6791-476b-b22f-7252e1bc34cb (type: security_groups) to 1
2026-04-23 14:46:28.392 9 INFO neutron.wsgi [req-dacec6bb-ee13-4b14-a036-79ff2303742c req-2269c5fe-a748-4777-a86e-3551d03fc88b 82309c43f3bd4c71852f31295ed9eb96 0cde529c9eef4451b34d40c1b5e40948 - - default default] 10.0.0.17 "GET /v2.0/ports?device_id=cd94ae40-4899-47ee-bf21-2b87efeede8f HTTP/1.1" status: 200 len: 210 time: 0.0393338
2026-04-23 14:46:28.405 10 INFO neutron.wsgi [None req-cc06bf3a-7905-4e9c-9a31-a444c2bd7600 3f903946024040bfa8b7663bd313b45c a102aa7a48764bb59a2190da7e37cd60 - - default default] 10.0.0.89 "GET /v2.0/security-groups?tenant_id=e269609a71a947f2ac944866eefaf0ee&name=default HTTP/1.1" status: 200 len: 2996 time: 0.1502378
2026-04-23 14:46:28.557 9 INFO neutron.wsgi [None req-131899c2-d94b-45d0-bcdc-222c55ebcca5 d4a9a3e7da06473fa782a4106e6cba84 423ff0b494de46d9b1d36514d8dcb10b - - - -] 10.0.0.89 "DELETE /v2.0/subnets/9469988a-bb60-4e3c-b42a-1d2dea5892fe HTTP/1.1" status: 204 len: 168 time: 0.2528927
2026-04-23 14:46:28.593 10 INFO neutron.wsgi [None req-ea6fa071-0613-434c-9796-2f3b69cbdca0 3f903946024040bfa8b7663bd313b45c a102aa7a48764bb59a2190da7e37cd60 - - - -] 10.0.0.89 "DELETE /v2.0/security-groups/aed2596b-6791-476b-b22f-7252e1bc34cb HTTP/1.1" status: 204 len: 168 time: 0.1820772
2026-04-23 14:46:28.783 10 INFO neutron.db.ovn_revision_numbers_db [None req-63467843-4ed4-4269-9f9f-a2446f00a12b 3f903946024040bfa8b7663bd313b45c a102aa7a48764bb59a2190da7e37cd60 - - default default] Successfully bumped revision number for resource f43c6d85-1b8d-4527-bcd6-e80db3f360e4 (type: security_groups) to 1
2026-04-23 14:46:28.813 10 INFO neutron.wsgi [None req-63467843-4ed4-4269-9f9f-a2446f00a12b 3f903946024040bfa8b7663bd313b45c a102aa7a48764bb59a2190da7e37cd60 - - default default] 10.0.0.89 "GET /v2.0/security-groups?tenant_id=b6b5dc9abaa3479285d8a0d3a1e1f8b7&name=default HTTP/1.1" status: 200 len: 2996 time: 0.1216414
2026-04-23 14:46:28.972 9 INFO neutron.services.segments.plugin [-] Segment ec99661d-4f73-40ef-86a1-361feb736a60 resource provider aggregate not found
2026-04-23 14:46:28.979 9 INFO neutron.services.segments.plugin [-] Segment ec99661d-4f73-40ef-86a1-361feb736a60 resource provider aggregate not found
2026-04-23 14:46:29.002 9 INFO neutron.services.segments.plugin [-] Segment ec99661d-4f73-40ef-86a1-361feb736a60 resource provider not found; error: Placement Client Error (4xx): {"errors": [{"status": 404, "title": "Not Found", "detail": "The resource could not be found.\n\n No resource provider with uuid ec99661d-4f73-40ef-86a1-361feb736a60 found for delete ", "request_id": "req-2e604c96-1481-4790-ab53-90a00a79031c"}]}
2026-04-23 14:46:29.003 9 INFO neutron.services.segments.plugin [-] Segment ec99661d-4f73-40ef-86a1-361feb736a60 resource provider not found; error: Placement Client Error (4xx): {"errors": [{"status": 404, "title": "Not Found", "detail": "The resource could not be found.\n\n No resource provider with uuid ec99661d-4f73-40ef-86a1-361feb736a60 found for delete ", "request_id": "req-c2c89584-6882-4885-860c-271620877abf"}]}
2026-04-23 14:46:29.015 9 INFO neutron.wsgi [None req-861fa127-55fe-4301-9594-a55673ff9de4 d4a9a3e7da06473fa782a4106e6cba84 423ff0b494de46d9b1d36514d8dcb10b - - - -] 10.0.0.89 "DELETE /v2.0/networks/04f3185a-8d38-48b4-aef9-9dde0e1922df HTTP/1.1" status: 204 len: 168 time: 0.4532151
2026-04-23 14:46:29.016 10 INFO neutron.wsgi [None req-36fb5862-acb7-43d4-9d0e-7fea7056a83b 3f903946024040bfa8b7663bd313b45c a102aa7a48764bb59a2190da7e37cd60 - - - -] 10.0.0.89 "DELETE /v2.0/security-groups/f43c6d85-1b8d-4527-bcd6-e80db3f360e4 HTTP/1.1" status: 204 len: 168 time: 0.1963117
2026-04-23 14:46:29.699 9 INFO neutron.wsgi [None req-c3556971-92db-4dbb-b386-46769a454f6c 3f903946024040bfa8b7663bd313b45c a102aa7a48764bb59a2190da7e37cd60 - - default default] 10.0.0.89 "GET /v2.0/security-groups?tenant_id=423ff0b494de46d9b1d36514d8dcb10b&name=default HTTP/1.1" status: 200 len: 2996 time: 0.2600057
2026-04-23 14:46:29.922 9 INFO neutron.wsgi [None req-3dca6487-3e07-4e91-a9d5-67c07ed1a596 3f903946024040bfa8b7663bd313b45c a102aa7a48764bb59a2190da7e37cd60 - - - -] 10.0.0.89 "DELETE /v2.0/security-groups/5b03ef69-979e-4346-b94d-bb576e55726b HTTP/1.1" status: 204 len: 168 time: 0.2169561
2026-04-23 14:46:29.997 9 INFO neutron.db.ovn_revision_numbers_db [None req-9f419cb4-a7e2-4221-9d2c-ceac2eccc140 fec6b79236204833a921d81a04653f5f 17638be9f28f4fac896cbff047cb9b51 - - - -] Successfully bumped revision number for resource 3104dbe8-a76f-446d-834b-4f67aab7a543 (type: security_groups) to 1
2026-04-23 14:46:30.054 9 INFO neutron.db.segments_db [None req-9f419cb4-a7e2-4221-9d2c-ceac2eccc140 fec6b79236204833a921d81a04653f5f 17638be9f28f4fac896cbff047cb9b51 - - - -] Added segment 827b5623-6658-49c1-8377-74baecd44cc7 of type geneve for network 6c8a4131-68c8-4111-b541-bf679360754c
2026-04-23 14:46:30.440 9 INFO neutron.db.ovn_revision_numbers_db [None req-9f419cb4-a7e2-4221-9d2c-ceac2eccc140 fec6b79236204833a921d81a04653f5f 17638be9f28f4fac896cbff047cb9b51 - - - -] Successfully bumped revision number for resource 6c8a4131-68c8-4111-b541-bf679360754c (type: networks) to 1
2026-04-23 14:46:30.681 9 WARNING neutron.scheduler.dhcp_agent_scheduler [None req-9f419cb4-a7e2-4221-9d2c-ceac2eccc140 fec6b79236204833a921d81a04653f5f 17638be9f28f4fac896cbff047cb9b51 - - - -] No more DHCP agents
2026-04-23 14:46:30.693 9 WARNING neutron.api.rpc.agentnotifiers.dhcp_rpc_agent_api [None req-9f419cb4-a7e2-4221-9d2c-ceac2eccc140 fec6b79236204833a921d81a04653f5f 17638be9f28f4fac896cbff047cb9b51 - - - -] Unable to schedule network 6c8a4131-68c8-4111-b541-bf679360754c: no agents available; will retry on subsequent port and subnet creation events.
2026-04-23 14:46:30.798 9 INFO neutron.db.ovn_revision_numbers_db [None req-9f419cb4-a7e2-4221-9d2c-ceac2eccc140 fec6b79236204833a921d81a04653f5f 17638be9f28f4fac896cbff047cb9b51 - - - -] Successfully bumped revision number for resource 5e009b21-a5d2-4475-a940-c9fc5dad115a (type: ports) to 1
2026-04-23 14:46:30.833 9 INFO neutron.wsgi [None req-9f419cb4-a7e2-4221-9d2c-ceac2eccc140 fec6b79236204833a921d81a04653f5f 17638be9f28f4fac896cbff047cb9b51 - - - -] 10.0.0.89 "POST /v2.0/networks HTTP/1.1" status: 201 len: 849 time: 0.9904499
2026-04-23 14:46:31.098 10 WARNING neutron.scheduler.dhcp_agent_scheduler [None req-ebf11fcc-707d-41b6-ba9b-18bebf5d0c58 fec6b79236204833a921d81a04653f5f 17638be9f28f4fac896cbff047cb9b51 - - - -] No more DHCP agents
2026-04-23 14:46:31.099 10 WARNING neutron.api.rpc.agentnotifiers.dhcp_rpc_agent_api [None req-ebf11fcc-707d-41b6-ba9b-18bebf5d0c58 fec6b79236204833a921d81a04653f5f 17638be9f28f4fac896cbff047cb9b51 - - - -] Unable to schedule network 6c8a4131-68c8-4111-b541-bf679360754c: no agents available; will retry on subsequent port and subnet creation events.
2026-04-23 14:46:31.108 10 INFO neutron.db.ovn_revision_numbers_db [None req-ebf11fcc-707d-41b6-ba9b-18bebf5d0c58 fec6b79236204833a921d81a04653f5f 17638be9f28f4fac896cbff047cb9b51 - - - -] Successfully bumped revision number for resource 73f7c027-add9-40a4-90f3-5bf314bd4a92 (type: subnets) to 0
2026-04-23 14:46:31.133 10 INFO neutron.wsgi [None req-ebf11fcc-707d-41b6-ba9b-18bebf5d0c58 fec6b79236204833a921d81a04653f5f 17638be9f28f4fac896cbff047cb9b51 - - - -] 10.0.0.89 "POST /v2.0/subnets HTTP/1.1" status: 201 len: 802 time: 0.2914772
2026-04-23 14:46:31.771 9 INFO neutron.wsgi [None req-a40fb1d2-cfba-491e-9906-9b891586eb0c 3f903946024040bfa8b7663bd313b45c a102aa7a48764bb59a2190da7e37cd60 - - - -] 10.0.0.89 "PUT /v2.0/routers/0486a2f9-fa56-4ff9-b599-73c152c28345/remove_router_interface HTTP/1.1" status: 200 len: 503 time: 1.1681342
2026-04-23 14:46:31.816 9 WARNING neutron.scheduler.dhcp_agent_scheduler [None req-bbd7589d-d345-48c3-b83a-33c7631305eb fec6b79236204833a921d81a04653f5f 17638be9f28f4fac896cbff047cb9b51 - - - -] No more DHCP agents
2026-04-23 14:46:31.817 9 WARNING neutron.api.rpc.agentnotifiers.dhcp_rpc_agent_api [None req-bbd7589d-d345-48c3-b83a-33c7631305eb fec6b79236204833a921d81a04653f5f 17638be9f28f4fac896cbff047cb9b51 - - - -] Unable to schedule network 51d4d460-1f33-4ecb-a78d-546d539c0a0a: no agents available; will retry on subsequent port and subnet creation events.
2026-04-23 14:46:31.949 9 INFO neutron.db.ovn_revision_numbers_db [None req-bbd7589d-d345-48c3-b83a-33c7631305eb fec6b79236204833a921d81a04653f5f 17638be9f28f4fac896cbff047cb9b51 - - - -] Successfully bumped revision number for resource dc7b1223-ce86-40c0-85ca-9eb965c797e5 (type: ports) to 1
2026-04-23 14:46:32.528 10 INFO neutron.wsgi [None req-df48955a-f2ff-46e0-876b-f0e8e39a1f9d 3f903946024040bfa8b7663bd313b45c a102aa7a48764bb59a2190da7e37cd60 - - - -] 10.0.0.89 "DELETE /v2.0/routers/0486a2f9-fa56-4ff9-b599-73c152c28345 HTTP/1.1" status: 204 len: 168 time: 0.7507837
2026-04-23 14:46:32.789 10 INFO neutron.db.ovn_revision_numbers_db [None req-74b235b9-3bda-4dd0-b0b5-2b0576467e13 05a96a394c2041658322d836b304f9d0 bca0936412ed4496bbbf0e61c505e938 - - - -] Successfully bumped revision number for resource 231752b9-996c-4521-b3ed-a22a96a211cb (type: security_groups) to 1
