2026-04-23 14:45:36.686 10 WARNING neutron.api.rpc.agentnotifiers.dhcp_rpc_agent_api [None req-300100f8-4c02-4fb0-a18f-20597322f6ed 083004d3f23c41c7b4b3826cb5ce06b4 60d37904b0534fe592a6325094de80c3 - - default default] Unable to schedule network 72180015-2387-40f0-9dc4-102b7e5e3c6c: no agents available; will retry on subsequent port and subnet creation events.
2026-04-23 14:45:36.833 10 INFO neutron.db.ovn_revision_numbers_db [None req-44fe2c0a-8e5f-454a-aa45-3f2ced985c2a 7bb31feec19442078dcba2ab0d81b033 ed489075664d440c8109ecbd6715645a - - - -] Successfully bumped revision number for resource 0550e0ae-cf49-446a-b6e9-5412d072b835 (type: ports) to 2
2026-04-23 14:45:36.863 10 INFO neutron.wsgi [None req-44fe2c0a-8e5f-454a-aa45-3f2ced985c2a 7bb31feec19442078dcba2ab0d81b033 ed489075664d440c8109ecbd6715645a - - - -] 199.204.45.115 "PUT /v2.0/ports/0550e0ae-cf49-446a-b6e9-5412d072b835 HTTP/1.1" status: 200 len: 1328 time: 1.5732524
2026-04-23 14:45:36.908 10 INFO neutron.db.ovn_revision_numbers_db [None req-300100f8-4c02-4fb0-a18f-20597322f6ed 083004d3f23c41c7b4b3826cb5ce06b4 60d37904b0534fe592a6325094de80c3 - - default default] Successfully bumped revision number for resource ad13b9e3-249c-409c-93fe-e2e2df281e11 (type: ports) to 1 /var/lib/openstack/lib/python3.10/site-packages/pycadf/identifier.py:71: UserWarning: Invalid uuid: neutron. To ensure interoperability, identifiers should be a valid uuid. warnings.warn(('Invalid uuid: %s. To ensure interoperability, '
2026-04-23 14:45:36.922 10 INFO neutron.notifiers.nova [-] Nova event matching ['req-95c68bdd-9890-4c51-b210-3e5132dee1a8'] response: {'name': 'network-changed', 'server_uuid': '2b811388-3e26-4724-8bfa-2597f7761c9f', 'tag': '0550e0ae-cf49-446a-b6e9-5412d072b835', 'status': 'completed', 'code': 200}
2026-04-23 14:45:36.975 10 INFO neutron.wsgi [req-ace4f29b-f919-4b49-9495-7cdc7f08ba51 req-34f047de-9e61-4379-9d4f-087006902c57 7bb31feec19442078dcba2ab0d81b033 ed489075664d440c8109ecbd6715645a - - 24c09196609c49b98def0aa6d6fbc591 24c09196609c49b98def0aa6d6fbc591] 199.204.45.115 "GET /v2.0/ports?tenant_id=e8e61d2686674709858fd48f18a33a76&device_id=2b811388-3e26-4724-8bfa-2597f7761c9f HTTP/1.1" status: 200 len: 1359 time: 0.0682263
2026-04-23 14:45:37.035 10 INFO neutron.wsgi [req-d6e8e7d5-d07a-4349-8c41-38e5c272bc49 req-a25a7567-e232-4f63-9451-5e3a8480aa4c e19b6dfa593b4dfda59e7d4eaeb8d330 e8e61d2686674709858fd48f18a33a76 - - default default] 10.0.0.17 "GET /v2.0/ports?device_id=2b811388-3e26-4724-8bfa-2597f7761c9f HTTP/1.1" status: 200 len: 1168 time: 0.0939682
2026-04-23 14:45:37.037 10 INFO neutron.wsgi [req-ace4f29b-f919-4b49-9495-7cdc7f08ba51 req-ed1faf23-2602-41a3-b981-26c59da64305 7bb31feec19442078dcba2ab0d81b033 ed489075664d440c8109ecbd6715645a - - 24c09196609c49b98def0aa6d6fbc591 24c09196609c49b98def0aa6d6fbc591] 199.204.45.115 "GET /v2.0/floatingips?fixed_ip_address=10.100.0.4&port_id=0550e0ae-cf49-446a-b6e9-5412d072b835 HTTP/1.1" status: 200 len: 217 time: 0.0523815
2026-04-23 14:45:37.061 9 WARNING neutron.scheduler.dhcp_agent_scheduler [None req-c845fd52-5fc8-45bd-b837-0b7a27a713f2 6e518fc7605841b2b5c6fdf6ee087758 9dd5ab8378b04cabae565247acb54731 - - - -] No more DHCP agents
2026-04-23 14:45:37.063 9 WARNING neutron.api.rpc.agentnotifiers.dhcp_rpc_agent_api [None req-c845fd52-5fc8-45bd-b837-0b7a27a713f2 6e518fc7605841b2b5c6fdf6ee087758 9dd5ab8378b04cabae565247acb54731 - - - -] Unable to schedule network e7822ac5-d389-4a8e-831d-0d6196c07168: no agents available; will retry on subsequent port and subnet creation events.
2026-04-23 14:45:37.107 10 INFO neutron.wsgi [req-d6e8e7d5-d07a-4349-8c41-38e5c272bc49 req-b7f173d8-f8a3-49f3-bf75-4afc1cad99a1 e19b6dfa593b4dfda59e7d4eaeb8d330 e8e61d2686674709858fd48f18a33a76 - - default default] 10.0.0.17 "GET /v2.0/security-groups?id=6fd01634-7154-4417-ad2a-9c8a142b1460&fields=id&fields=name HTTP/1.1" status: 200 len: 313 time: 0.0650616
2026-04-23 14:45:37.109 10 INFO neutron.wsgi [req-ace4f29b-f919-4b49-9495-7cdc7f08ba51 req-82125a2b-6833-4cdf-9bde-3a75941f8913 7bb31feec19442078dcba2ab0d81b033 ed489075664d440c8109ecbd6715645a - - 24c09196609c49b98def0aa6d6fbc591 24c09196609c49b98def0aa6d6fbc591] 199.204.45.115 "GET /v2.0/subnets?id=96f885b2-640f-404e-82a2-a0c74a668ae9 HTTP/1.1" status: 200 len: 867 time: 0.0589864
2026-04-23 14:45:37.143 10 INFO neutron.wsgi [req-ace4f29b-f919-4b49-9495-7cdc7f08ba51 req-ef60840a-f059-4ecf-8c89-81d440f6e3c5 7bb31feec19442078dcba2ab0d81b033 ed489075664d440c8109ecbd6715645a - - 24c09196609c49b98def0aa6d6fbc591 24c09196609c49b98def0aa6d6fbc591] 199.204.45.115 "GET /v2.0/ports?network_id=a1a8e88f-97a4-428f-b1bb-74a3421d574a&device_owner=network%3Adhcp HTTP/1.1" status: 200 len: 210 time: 0.0197268
2026-04-23 14:45:37.150 9 INFO neutron.wsgi [req-2763ebd5-7cc5-4e41-b8db-911b4f785359 req-5fa0bf1d-4e0d-4361-b7ff-638d38387e08 995a920147de4210b3ee3ffd12345459 250fe91776364fd489bdc540e4877458 - - default default] 10.0.0.17 "GET /v2.0/networks?id=3a0e05c7-a628-4983-a84b-855c495a8007 HTTP/1.1" status: 200 len: 877 time: 0.0754659
2026-04-23 14:45:37.172 9 INFO neutron.wsgi [req-2763ebd5-7cc5-4e41-b8db-911b4f785359 req-eec5da39-ecb8-44b1-ac9c-b01990b37810 995a920147de4210b3ee3ffd12345459 250fe91776364fd489bdc540e4877458 - - default default] 10.0.0.17 "GET /v2.0/quotas/250fe91776364fd489bdc540e4877458 HTTP/1.1" status: 200 len: 386 time: 0.0129318
2026-04-23 14:45:37.186 9 INFO neutron.db.ovn_revision_numbers_db [None req-c845fd52-5fc8-45bd-b837-0b7a27a713f2 6e518fc7605841b2b5c6fdf6ee087758 9dd5ab8378b04cabae565247acb54731 - - - -] Successfully bumped revision number for resource 6a74dd41-cde2-4ea5-9e20-dd82dae657f0 (type: ports) to 1
2026-04-23 14:45:37.222 9 INFO neutron.wsgi [None req-c845fd52-5fc8-45bd-b837-0b7a27a713f2 6e518fc7605841b2b5c6fdf6ee087758 9dd5ab8378b04cabae565247acb54731 - - - -] 10.0.0.89 "POST /v2.0/ports HTTP/1.1" status: 201 len: 1125 time: 0.7118237
2026-04-23 14:45:37.251 10 INFO neutron.wsgi [req-ace4f29b-f919-4b49-9495-7cdc7f08ba51 req-cfd4c25b-6b4b-4c6c-aa90-96332607c68e 7bb31feec19442078dcba2ab0d81b033 ed489075664d440c8109ecbd6715645a - - 24c09196609c49b98def0aa6d6fbc591 24c09196609c49b98def0aa6d6fbc591] 199.204.45.115 "GET /v2.0/networks/a1a8e88f-97a4-428f-b1bb-74a3421d574a?fields=segments HTTP/1.1" status: 200 len: 212 time: 0.1013336
2026-04-23 14:45:37.305 9 INFO neutron.wsgi [req-2763ebd5-7cc5-4e41-b8db-911b4f785359 req-73d65494-4959-436d-91ad-27795f490002 995a920147de4210b3ee3ffd12345459 250fe91776364fd489bdc540e4877458 - - default default] 10.0.0.17 "GET /v2.0/ports?tenant_id=250fe91776364fd489bdc540e4877458&fields=id HTTP/1.1" status: 200 len: 302 time: 0.1265914
2026-04-23 14:45:37.396 9 WARNING neutron.plugins.ml2.drivers.ovn.mech_driver.ovsdb.ovn_client [None req-f496c3af-8c07-4e18-bd94-e5c9949d118f - - - - - -] No hosting information found for port 76f4d320-b378-41f6-b181-d2b961cb2220: RuntimeError: No hosting information found for port 76f4d320-b378-41f6-b181-d2b961cb2220
2026-04-23 14:45:37.401 9 INFO neutron.wsgi [req-2763ebd5-7cc5-4e41-b8db-911b4f785359 req-8aadcf6a-9cf8-4820-b302-0069b7e2b92c 7bb31feec19442078dcba2ab0d81b033 ed489075664d440c8109ecbd6715645a - - 24c09196609c49b98def0aa6d6fbc591 24c09196609c49b98def0aa6d6fbc591] 10.0.0.17 "GET /v2.0/networks/3a0e05c7-a628-4983-a84b-855c495a8007?fields=segments HTTP/1.1" status: 200 len: 212 time: 0.0843265
2026-04-23 14:45:37.491 9 INFO neutron.wsgi [req-2763ebd5-7cc5-4e41-b8db-911b4f785359 req-767acd76-2c27-44cb-b9ad-a22613d7e584 7bb31feec19442078dcba2ab0d81b033 ed489075664d440c8109ecbd6715645a - - 24c09196609c49b98def0aa6d6fbc591 24c09196609c49b98def0aa6d6fbc591] 10.0.0.17 "GET /v2.0/networks/3a0e05c7-a628-4983-a84b-855c495a8007?fields=provider%3Aphysical_network&fields=provider%3Anetwork_type HTTP/1.1" status: 200 len: 277 time: 0.0670781
2026-04-23 14:45:37.584 9 INFO neutron.wsgi [None req-c46f06a1-31a3-4162-a99c-2799500623f4 6e518fc7605841b2b5c6fdf6ee087758 9dd5ab8378b04cabae565247acb54731 - - - -] 10.0.0.89 "DELETE /v2.0/ports/6a74dd41-cde2-4ea5-9e20-dd82dae657f0 HTTP/1.1" status: 204 len: 168 time: 0.3566957
2026-04-23 14:45:37.629 9 INFO neutron.pecan_wsgi.hooks.translation [None req-79364089-7706-41a6-b7a2-40007ae06f15 6e518fc7605841b2b5c6fdf6ee087758 9dd5ab8378b04cabae565247acb54731 - - default default] GET failed (client error): The resource could not be found.
2026-04-23 14:45:37.631 9 INFO neutron.wsgi [None req-79364089-7706-41a6-b7a2-40007ae06f15 6e518fc7605841b2b5c6fdf6ee087758 9dd5ab8378b04cabae565247acb54731 - - default default] 10.0.0.89 "GET /v2.0/ports/6a74dd41-cde2-4ea5-9e20-dd82dae657f0 HTTP/1.1" status: 404 len: 333 time: 0.0281255
2026-04-23 14:45:37.658 10 INFO neutron.wsgi [req-8257aa7c-8d11-4ee9-8bd4-b9ca238bcf99 req-07b147f4-2241-4002-be3f-de206a09d20b 995a920147de4210b3ee3ffd12345459 250fe91776364fd489bdc540e4877458 - - default default] 10.0.0.17 "GET /v2.0/ports?device_id=ee9f23d4-0c30-40e1-afde-7718ceaf2441 HTTP/1.1" status: 200 len: 210 time: 0.0325687
2026-04-23 14:45:37.666 10 INFO neutron.wsgi [req-ace4f29b-f919-4b49-9495-7cdc7f08ba51 req-d13c5efd-faa7-4202-8fd0-e390a544056e 7bb31feec19442078dcba2ab0d81b033 ed489075664d440c8109ecbd6715645a - - 24c09196609c49b98def0aa6d6fbc591 24c09196609c49b98def0aa6d6fbc591] 199.204.45.115 "GET /v2.0/networks/a1a8e88f-97a4-428f-b1bb-74a3421d574a?fields=provider%3Aphysical_network&fields=provider%3Anetwork_type HTTP/1.1" status: 200 len: 277 time: 0.4031591
2026-04-23 14:45:37.774 10 INFO neutron.wsgi [req-df62e5f8-7020-467a-b2f5-c36d74ca0db6 req-9157cac0-c664-4b39-b712-5d7554112cce 7bb31feec19442078dcba2ab0d81b033 ed489075664d440c8109ecbd6715645a - - 24c09196609c49b98def0aa6d6fbc591 24c09196609c49b98def0aa6d6fbc591] 199.204.45.115 "GET /v2.0/ports?tenant_id=e8e61d2686674709858fd48f18a33a76&device_id=2b811388-3e26-4724-8bfa-2597f7761c9f HTTP/1.1" status: 200 len: 1359 time: 0.0474846
2026-04-23 14:45:37.840 9 INFO neutron.wsgi [None req-02074585-002f-482f-85f8-a6f99e39e17d 6e518fc7605841b2b5c6fdf6ee087758 9dd5ab8378b04cabae565247acb54731 - - - -] 10.0.0.89 "DELETE /v2.0/subnets/e3005176-2c95-469e-bfc2-ea6092a840c1 HTTP/1.1" status: 204 len: 168 time: 0.2045610
2026-04-23 14:45:37.852 10 INFO neutron.db.ovn_revision_numbers_db [None req-300100f8-4c02-4fb0-a18f-20597322f6ed 083004d3f23c41c7b4b3826cb5ce06b4 60d37904b0534fe592a6325094de80c3 - - default default] Successfully bumped revision number for resource ad13b9e3-249c-409c-93fe-e2e2df281e11 (type: router_ports) to 2
2026-04-23 14:45:37.881 10 INFO neutron.wsgi [req-df62e5f8-7020-467a-b2f5-c36d74ca0db6 req-b577a0eb-54c8-4120-aab8-08b5c00c1cd2 7bb31feec19442078dcba2ab0d81b033 ed489075664d440c8109ecbd6715645a - - 24c09196609c49b98def0aa6d6fbc591 24c09196609c49b98def0aa6d6fbc591] 199.204.45.115 "GET /v2.0/networks?id=a1a8e88f-97a4-428f-b1bb-74a3421d574a HTTP/1.1" status: 200 len: 972 time: 0.0911305
2026-04-23 14:45:37.907 9 INFO neutron.plugins.ml2.drivers.ovn.mech_driver.mech_driver [None req-f496c3af-8c07-4e18-bd94-e5c9949d118f - - - - - -] OVN reports status up for port: 0550e0ae-cf49-446a-b6e9-5412d072b835
2026-04-23 14:45:37.925 10 INFO neutron.wsgi [req-df62e5f8-7020-467a-b2f5-c36d74ca0db6 req-bd320d8d-8158-4717-9837-90137ac031f8 7bb31feec19442078dcba2ab0d81b033 ed489075664d440c8109ecbd6715645a - - 24c09196609c49b98def0aa6d6fbc591 24c09196609c49b98def0aa6d6fbc591] 199.204.45.115 "GET /v2.0/floatingips?fixed_ip_address=10.100.0.4&port_id=0550e0ae-cf49-446a-b6e9-5412d072b835 HTTP/1.1" status: 200 len: 217 time: 0.0365109
2026-04-23 14:45:37.926 9 INFO neutron.plugins.ml2.plugin [None req-f496c3af-8c07-4e18-bd94-e5c9949d118f - - - - - -] Attempt 1 to provision port 0550e0ae-cf49-446a-b6e9-5412d072b835
2026-04-23 14:45:37.977 10 INFO neutron.wsgi [req-df62e5f8-7020-467a-b2f5-c36d74ca0db6 req-1e49f624-dc92-469a-88fb-a05e6acb35cf 7bb31feec19442078dcba2ab0d81b033 ed489075664d440c8109ecbd6715645a - - 24c09196609c49b98def0aa6d6fbc591 24c09196609c49b98def0aa6d6fbc591] 199.204.45.115 "GET /v2.0/subnets?id=96f885b2-640f-404e-82a2-a0c74a668ae9 HTTP/1.1" status: 200 len: 867 time: 0.0472813
2026-04-23 14:45:38.016 10 INFO neutron.wsgi [req-df62e5f8-7020-467a-b2f5-c36d74ca0db6 req-141a59b0-a5d5-44b0-a0bf-ce62205043b2 7bb31feec19442078dcba2ab0d81b033 ed489075664d440c8109ecbd6715645a - - 24c09196609c49b98def0aa6d6fbc591 24c09196609c49b98def0aa6d6fbc591] 199.204.45.115 "GET /v2.0/ports?network_id=a1a8e88f-97a4-428f-b1bb-74a3421d574a&device_owner=network%3Adhcp HTTP/1.1" status: 200 len: 210 time: 0.0273519
2026-04-23 14:45:38.054 10 INFO neutron.db.ovn_revision_numbers_db [None req-300100f8-4c02-4fb0-a18f-20597322f6ed 083004d3f23c41c7b4b3826cb5ce06b4 60d37904b0534fe592a6325094de80c3 - - default default] Successfully bumped revision number for resource ad13b9e3-249c-409c-93fe-e2e2df281e11 (type: ports) to 2
2026-04-23 14:45:38.061 9 INFO neutron.notifiers.nova [-] Nova event matching ['req-f711885f-b2b6-477d-b815-09946ddbe4dd'] response: {'server_uuid': '2b811388-3e26-4724-8bfa-2597f7761c9f', 'name': 'network-vif-plugged', 'status': 'completed', 'tag': '0550e0ae-cf49-446a-b6e9-5412d072b835', 'code': 200}
2026-04-23 14:45:38.092 10 INFO neutron.wsgi [req-df62e5f8-7020-467a-b2f5-c36d74ca0db6 req-3995d335-3be7-4a16-800f-9a889ca9d277 7bb31feec19442078dcba2ab0d81b033 ed489075664d440c8109ecbd6715645a - - 24c09196609c49b98def0aa6d6fbc591 24c09196609c49b98def0aa6d6fbc591] 199.204.45.115 "GET /v2.0/networks/a1a8e88f-97a4-428f-b1bb-74a3421d574a?fields=segments HTTP/1.1" status: 200 len: 212 time: 0.0659156
2026-04-23 14:45:38.164 10 WARNING neutron.scheduler.dhcp_agent_scheduler [None req-300100f8-4c02-4fb0-a18f-20597322f6ed 083004d3f23c41c7b4b3826cb5ce06b4 60d37904b0534fe592a6325094de80c3 - - default default] No more DHCP agents
2026-04-23 14:45:38.167 10 WARNING neutron.api.rpc.agentnotifiers.dhcp_rpc_agent_api [None req-300100f8-4c02-4fb0-a18f-20597322f6ed 083004d3f23c41c7b4b3826cb5ce06b4 60d37904b0534fe592a6325094de80c3 - - default default] Unable to schedule network 72180015-2387-40f0-9dc4-102b7e5e3c6c: no agents available; will retry on subsequent port and subnet creation events.
2026-04-23 14:45:38.170 10 INFO neutron.wsgi [req-df62e5f8-7020-467a-b2f5-c36d74ca0db6 req-6faaeffe-ee2a-4e7e-ad66-7f5757ed318b 7bb31feec19442078dcba2ab0d81b033 ed489075664d440c8109ecbd6715645a - - 24c09196609c49b98def0aa6d6fbc591 24c09196609c49b98def0aa6d6fbc591] 199.204.45.115 "GET /v2.0/networks/a1a8e88f-97a4-428f-b1bb-74a3421d574a?fields=provider%3Aphysical_network&fields=provider%3Anetwork_type HTTP/1.1" status: 200 len: 277 time: 0.0627587
2026-04-23 14:45:38.266 9 INFO neutron.db.ovn_revision_numbers_db [None req-f496c3af-8c07-4e18-bd94-e5c9949d118f - - - - - -] Successfully bumped revision number for resource 0550e0ae-cf49-446a-b6e9-5412d072b835 (type: ports) to 4
2026-04-23 14:45:38.317 10 INFO neutron.wsgi [req-5ce6e97c-ab98-4aad-9803-ae12d0b6cdb3 req-97a5ecab-24a2-4335-8d6b-958e32a25f71 e19b6dfa593b4dfda59e7d4eaeb8d330 e8e61d2686674709858fd48f18a33a76 - - default default] 10.0.0.17 "GET /v2.0/ports?device_id=2b811388-3e26-4724-8bfa-2597f7761c9f HTTP/1.1" status: 200 len: 1170 time: 0.1466644
2026-04-23 14:45:38.364 9 INFO neutron.services.segments.plugin [-] Segment 7c502456-86ab-49f0-9bda-7e95eea0d36b resource provider aggregate not found
2026-04-23 14:45:38.370 9 INFO neutron.services.segments.plugin [-] Segment 7c502456-86ab-49f0-9bda-7e95eea0d36b resource provider aggregate not found
2026-04-23 14:45:38.374 10 INFO neutron.wsgi [req-5ce6e97c-ab98-4aad-9803-ae12d0b6cdb3 req-0319d78f-e2b0-4707-8b52-ef34480bb50b e19b6dfa593b4dfda59e7d4eaeb8d330 e8e61d2686674709858fd48f18a33a76 - - default default] 10.0.0.17 "GET /v2.0/security-groups?id=6fd01634-7154-4417-ad2a-9c8a142b1460&fields=id&fields=name HTTP/1.1" status: 200 len: 313 time: 0.0431662
2026-04-23 14:45:38.386 9 INFO neutron.services.segments.plugin [-] Segment 7c502456-86ab-49f0-9bda-7e95eea0d36b resource provider not found; error: Placement Client Error (4xx): {"errors": [{"status": 404, "title": "Not Found", "detail": "The resource could not be found.\n\n No resource provider with uuid 7c502456-86ab-49f0-9bda-7e95eea0d36b found for delete ", "request_id": "req-0fd71fdc-9d3a-4ac8-81e3-106fd81c8a5a"}]}
2026-04-23 14:45:38.390 9 INFO neutron.services.segments.plugin [-] Segment 7c502456-86ab-49f0-9bda-7e95eea0d36b resource provider not found; error: Placement Client Error (4xx): {"errors": [{"status": 404, "title": "Not Found", "detail": "The resource could not be found.\n\n No resource provider with uuid 7c502456-86ab-49f0-9bda-7e95eea0d36b found for delete ", "request_id": "req-b78d58c3-d330-4beb-925b-cdf2da3d0fe5"}]}
2026-04-23 14:45:38.398 10 INFO neutron.db.ovn_revision_numbers_db [None req-300100f8-4c02-4fb0-a18f-20597322f6ed 083004d3f23c41c7b4b3826cb5ce06b4 60d37904b0534fe592a6325094de80c3 - - - -] Successfully bumped revision number for resource ad13b9e3-249c-409c-93fe-e2e2df281e11 (type: router_ports) to 2
2026-04-23 14:45:38.400 10 INFO neutron.wsgi [None req-300100f8-4c02-4fb0-a18f-20597322f6ed 083004d3f23c41c7b4b3826cb5ce06b4 60d37904b0534fe592a6325094de80c3 - - - -] 10.0.0.89 "PUT /v2.0/routers/4da94361-e975-4776-b704-3cd8eb9b1b7b/add_router_interface HTTP/1.1" status: 200 len: 503 time: 2.8108084 /var/lib/openstack/lib/python3.10/site-packages/pycadf/identifier.py:71: UserWarning: Invalid uuid: neutron. To ensure interoperability, identifiers should be a valid uuid. warnings.warn(('Invalid uuid: %s. To ensure interoperability, '
2026-04-23 14:45:38.435 9 INFO neutron.wsgi [None req-10ba028e-ea32-4bf7-8827-41982fd9358c 6e518fc7605841b2b5c6fdf6ee087758 9dd5ab8378b04cabae565247acb54731 - - - -] 10.0.0.89 "DELETE /v2.0/networks/e7822ac5-d389-4a8e-831d-0d6196c07168 HTTP/1.1" status: 204 len: 168 time: 0.5884237
2026-04-23 14:45:38.451 10 INFO neutron.wsgi [req-2763ebd5-7cc5-4e41-b8db-911b4f785359 req-ff05140b-7d3a-4590-b26d-6687ec6b34ec 995a920147de4210b3ee3ffd12345459 250fe91776364fd489bdc540e4877458 - - default default] 199.204.45.115 "GET /v2.0/networks?id=3a0e05c7-a628-4983-a84b-855c495a8007 HTTP/1.1" status: 200 len: 877 time: 0.0696855
2026-04-23 14:45:38.501 9 INFO neutron.wsgi [None req-e2078b33-8ba4-4183-bb17-703fbe07f48f 083004d3f23c41c7b4b3826cb5ce06b4 60d37904b0534fe592a6325094de80c3 - - default default] 10.0.0.89 "GET /v2.0/ports/ad13b9e3-249c-409c-93fe-e2e2df281e11 HTTP/1.1" status: 200 len: 1135 time: 0.0933695
2026-04-23 14:45:38.784 10 WARNING neutron.scheduler.dhcp_agent_scheduler [None req-75b1549e-4bc9-4b49-a4f9-8ff8e33346ed 6e518fc7605841b2b5c6fdf6ee087758 9dd5ab8378b04cabae565247acb54731 - - - -] No more DHCP agents
2026-04-23 14:45:38.787 10 WARNING neutron.api.rpc.agentnotifiers.dhcp_rpc_agent_api [None req-75b1549e-4bc9-4b49-a4f9-8ff8e33346ed 6e518fc7605841b2b5c6fdf6ee087758 9dd5ab8378b04cabae565247acb54731 - - - -] Unable to schedule network 0fdc46bd-1dec-4932-bcd9-4819d3f29c3b: no agents available; will retry on subsequent port and subnet creation events.
2026-04-23 14:45:38.789 9 INFO neutron.wsgi [req-4dab5881-79f5-410f-8658-6f42c5132465 req-aeffe78a-3cb5-4092-b312-6118847dc454 995a920147de4210b3ee3ffd12345459 250fe91776364fd489bdc540e4877458 - - default default] 10.0.0.17 "GET /v2.0/ports?device_id=ee9f23d4-0c30-40e1-afde-7718ceaf2441 HTTP/1.1" status: 200 len: 210 time: 0.0276411
2026-04-23 14:45:38.892 10 INFO neutron.db.ovn_revision_numbers_db [None req-75b1549e-4bc9-4b49-a4f9-8ff8e33346ed 6e518fc7605841b2b5c6fdf6ee087758 9dd5ab8378b04cabae565247acb54731 - - - -] Successfully bumped revision number for resource eddc323c-42e6-49f7-9127-897d38c0a58f (type: ports) to 1
2026-04-23 14:45:38.923 10 WARNING neutron.scheduler.dhcp_agent_scheduler [None req-fcf1b5df-3925-4307-95f9-a18a26e632c3 995a920147de4210b3ee3ffd12345459 250fe91776364fd489bdc540e4877458 - - - -] No more DHCP agents
2026-04-23 14:45:38.931 10 WARNING neutron.api.rpc.agentnotifiers.dhcp_rpc_agent_api [None req-fcf1b5df-3925-4307-95f9-a18a26e632c3 995a920147de4210b3ee3ffd12345459 250fe91776364fd489bdc540e4877458 - - - -] Unable to schedule network 3a0e05c7-a628-4983-a84b-855c495a8007: no agents available; will retry on subsequent port and subnet creation events.
2026-04-23 14:45:38.955 10 INFO neutron.wsgi [None req-75b1549e-4bc9-4b49-a4f9-8ff8e33346ed 6e518fc7605841b2b5c6fdf6ee087758 9dd5ab8378b04cabae565247acb54731 - - - -] 10.0.0.89 "POST /v2.0/ports HTTP/1.1" status: 201 len: 978 time: 0.5135074
2026-04-23 14:45:39.102 10 INFO neutron.db.ovn_revision_numbers_db [None req-fcf1b5df-3925-4307-95f9-a18a26e632c3 995a920147de4210b3ee3ffd12345459 250fe91776364fd489bdc540e4877458 - - - -] Successfully bumped revision number for resource f596c1a2-28de-46ef-afb3-8d4e1effed2d (type: ports) to 1
2026-04-23 14:45:39.127 10 INFO neutron.wsgi [None req-fcf1b5df-3925-4307-95f9-a18a26e632c3 995a920147de4210b3ee3ffd12345459 250fe91776364fd489bdc540e4877458 - - - -] 199.204.45.115 "POST /v2.0/ports HTTP/1.1" status: 201 len: 1162 time: 0.6694248 /var/lib/openstack/lib/python3.10/site-packages/pycadf/identifier.py:71: UserWarning: Invalid uuid: neutron. To ensure interoperability, identifiers should be a valid uuid. warnings.warn(('Invalid uuid: %s. To ensure interoperability, ' /var/lib/openstack/lib/python3.10/site-packages/pycadf/identifier.py:71: UserWarning: Invalid uuid: neutron. To ensure interoperability, identifiers should be a valid uuid. warnings.warn(('Invalid uuid: %s. To ensure interoperability, '
2026-04-23 14:45:39.482 10 INFO neutron.wsgi [req-abdba908-e71b-4ddf-ad7e-90599541d68d req-6c058e93-1c06-49c8-9ac8-e58ecaf0df64 e19b6dfa593b4dfda59e7d4eaeb8d330 e8e61d2686674709858fd48f18a33a76 - - default default] 10.0.0.17 "GET /v2.0/ports?device_id=2b811388-3e26-4724-8bfa-2597f7761c9f HTTP/1.1" status: 200 len: 1170 time: 0.0434654
2026-04-23 14:45:39.527 9 WARNING neutron.scheduler.dhcp_agent_scheduler [None req-9c642b72-e05d-4886-a843-b5ad2f1c4215 083004d3f23c41c7b4b3826cb5ce06b4 60d37904b0534fe592a6325094de80c3 - - default default] No more DHCP agents
2026-04-23 14:45:39.529 10 INFO neutron.wsgi [req-abdba908-e71b-4ddf-ad7e-90599541d68d req-2ca3e9a7-c000-4709-bfc0-5e716e095e50 e19b6dfa593b4dfda59e7d4eaeb8d330 e8e61d2686674709858fd48f18a33a76 - - default default] 10.0.0.17 "GET /v2.0/security-groups?id=6fd01634-7154-4417-ad2a-9c8a142b1460&fields=id&fields=name HTTP/1.1" status: 200 len: 313 time: 0.0362809
2026-04-23 14:45:39.532 9 WARNING neutron.api.rpc.agentnotifiers.dhcp_rpc_agent_api [None req-9c642b72-e05d-4886-a843-b5ad2f1c4215 083004d3f23c41c7b4b3826cb5ce06b4 60d37904b0534fe592a6325094de80c3 - - default default] Unable to schedule network a95f5f5e-6232-4e2d-8a42-da1c5eff4904: no agents available; will retry on subsequent port and subnet creation events.
2026-04-23 14:45:39.541 10 INFO neutron.db.ovn_revision_numbers_db [None req-60e82e46-8d9a-4e76-a094-547609887e12 7bb31feec19442078dcba2ab0d81b033 ed489075664d440c8109ecbd6715645a - - - -] Successfully bumped revision number for resource f596c1a2-28de-46ef-afb3-8d4e1effed2d (type: ports) to 2
2026-04-23 14:45:39.587 9 INFO neutron.db.ovn_revision_numbers_db [None req-77caca15-7af8-46b2-a46b-2ec82d9fa9ce 6e518fc7605841b2b5c6fdf6ee087758 9dd5ab8378b04cabae565247acb54731 - - - -] Successfully bumped revision number for resource eddc323c-42e6-49f7-9127-897d38c0a58f (type: ports) to 2 /var/lib/openstack/lib/python3.10/site-packages/pycadf/identifier.py:71: UserWarning: Invalid uuid: neutron. To ensure interoperability, identifiers should be a valid uuid. warnings.warn(('Invalid uuid: %s. To ensure interoperability, '
2026-04-23 14:45:39.616 9 INFO neutron.wsgi [None req-77caca15-7af8-46b2-a46b-2ec82d9fa9ce 6e518fc7605841b2b5c6fdf6ee087758 9dd5ab8378b04cabae565247acb54731 - - - -] 10.0.0.89 "PUT /v2.0/ports/eddc323c-42e6-49f7-9127-897d38c0a58f HTTP/1.1" status: 200 len: 946 time: 0.6562870
2026-04-23 14:45:39.651 9 INFO neutron.wsgi [req-a1167778-3986-4694-8c53-bf8ac0e543b4 req-6bc7722f-3ab5-4a8c-b7af-caa361f2a45e e19b6dfa593b4dfda59e7d4eaeb8d330 e8e61d2686674709858fd48f18a33a76 - - default default] 10.0.0.17 "GET /v2.0/ports?device_id=2b811388-3e26-4724-8bfa-2597f7761c9f HTTP/1.1" status: 200 len: 1170 time: 0.0547497
2026-04-23 14:45:39.761 10 INFO neutron.db.ovn_revision_numbers_db [None req-60e82e46-8d9a-4e76-a094-547609887e12 7bb31feec19442078dcba2ab0d81b033 ed489075664d440c8109ecbd6715645a - - - -] Successfully bumped revision number for resource f596c1a2-28de-46ef-afb3-8d4e1effed2d (type: ports) to 2
2026-04-23 14:45:39.803 10 INFO neutron.wsgi [None req-60e82e46-8d9a-4e76-a094-547609887e12 7bb31feec19442078dcba2ab0d81b033 ed489075664d440c8109ecbd6715645a - - - -] 199.204.45.115 "PUT /v2.0/ports/f596c1a2-28de-46ef-afb3-8d4e1effed2d HTTP/1.1" status: 200 len: 1332 time: 0.6690302
2026-04-23 14:45:39.836 9 INFO neutron.db.ovn_revision_numbers_db [None req-9c642b72-e05d-4886-a843-b5ad2f1c4215 083004d3f23c41c7b4b3826cb5ce06b4 60d37904b0534fe592a6325094de80c3 - - default default] Successfully bumped revision number for resource f0b1800a-b9fc-4afd-9a86-6ba5930c16fa (type: ports) to 1
2026-04-23 14:45:39.850 10 INFO neutron.notifiers.nova [-] Nova event matching ['req-acf0f80e-afb4-4085-9e4d-4aaecf89c777'] response: {'name': 'network-changed', 'server_uuid': 'ee9f23d4-0c30-40e1-afde-7718ceaf2441', 'tag': 'f596c1a2-28de-46ef-afb3-8d4e1effed2d', 'status': 'completed', 'code': 200} /var/lib/openstack/lib/python3.10/site-packages/pycadf/identifier.py:71: UserWarning: Invalid uuid: neutron. To ensure interoperability, identifiers should be a valid uuid. warnings.warn(('Invalid uuid: %s. To ensure interoperability, '
2026-04-23 14:45:39.900 10 INFO neutron.wsgi [req-2763ebd5-7cc5-4e41-b8db-911b4f785359 req-96800d80-3e32-4b75-bda5-59eb8bbc58da 7bb31feec19442078dcba2ab0d81b033 ed489075664d440c8109ecbd6715645a - - 24c09196609c49b98def0aa6d6fbc591 24c09196609c49b98def0aa6d6fbc591] 199.204.45.115 "GET /v2.0/ports?tenant_id=250fe91776364fd489bdc540e4877458&device_id=ee9f23d4-0c30-40e1-afde-7718ceaf2441 HTTP/1.1" status: 200 len: 1363 time: 0.0421193
2026-04-23 14:45:39.925 10 INFO neutron.wsgi [req-2763ebd5-7cc5-4e41-b8db-911b4f785359 req-0140732a-9ae5-49cc-8cd8-e965bf6427c7 7bb31feec19442078dcba2ab0d81b033 ed489075664d440c8109ecbd6715645a - - 24c09196609c49b98def0aa6d6fbc591 24c09196609c49b98def0aa6d6fbc591] 199.204.45.115 "GET /v2.0/floatingips?fixed_ip_address=10.100.0.11&port_id=f596c1a2-28de-46ef-afb3-8d4e1effed2d HTTP/1.1" status: 200 len: 217 time: 0.0188363
2026-04-23 14:45:39.939 9 INFO neutron.wsgi [req-c029f4d9-b0ed-4fec-9357-31dc312308e4 req-77f12b51-d3a0-4507-8333-80e64f250c27 995a920147de4210b3ee3ffd12345459 250fe91776364fd489bdc540e4877458 - - default default] 10.0.0.17 "GET /v2.0/ports?device_id=ee9f23d4-0c30-40e1-afde-7718ceaf2441 HTTP/1.1" status: 200 len: 1172 time: 0.0709770
2026-04-23 14:45:39.971 10 INFO neutron.wsgi [req-2763ebd5-7cc5-4e41-b8db-911b4f785359 req-484f9a8c-506d-4ab6-85ed-d5c99da8bf6c 7bb31feec19442078dcba2ab0d81b033 ed489075664d440c8109ecbd6715645a - - 24c09196609c49b98def0aa6d6fbc591 24c09196609c49b98def0aa6d6fbc591] 199.204.45.115 "GET /v2.0/subnets?id=cf5997bb-0ce5-47a1-be5b-1f3b65ac0bd1 HTTP/1.1" status: 200 len: 871 time: 0.0373881
2026-04-23 14:45:39.975 10 INFO neutron.wsgi [None req-000cb330-8790-4f22-9bbe-f820c3d68077 6e518fc7605841b2b5c6fdf6ee087758 9dd5ab8378b04cabae565247acb54731 - - - -] 10.0.0.89 "DELETE /v2.0/ports/eddc323c-42e6-49f7-9127-897d38c0a58f HTTP/1.1" status: 204 len: 168 time: 0.3526442
2026-04-23 14:45:40.002 10 INFO neutron.wsgi [req-2763ebd5-7cc5-4e41-b8db-911b4f785359 req-108e5ac7-9b7c-4205-bdf5-ec25437d6111 7bb31feec19442078dcba2ab0d81b033 ed489075664d440c8109ecbd6715645a - - 24c09196609c49b98def0aa6d6fbc591 24c09196609c49b98def0aa6d6fbc591] 199.204.45.115 "GET /v2.0/ports?network_id=3a0e05c7-a628-4983-a84b-855c495a8007&device_owner=network%3Adhcp HTTP/1.1" status: 200 len: 210 time: 0.0231385
2026-04-23 14:45:40.010 9 INFO neutron.db.l3_db [None req-e0746923-1d88-4982-816b-1ff07a885f4f e19b6dfa593b4dfda59e7d4eaeb8d330 e8e61d2686674709858fd48f18a33a76 - - - -] Floating IP 43c90c34-b5fa-4ac2-82a1-94fc52f0a398 associated. External IP: 10.96.250.207, port: 0550e0ae-cf49-446a-b6e9-5412d072b835.
2026-04-23 14:45:40.014 9 INFO neutron.wsgi [req-c029f4d9-b0ed-4fec-9357-31dc312308e4 req-0b039715-496b-4183-9b1f-9bd144199a3b 995a920147de4210b3ee3ffd12345459 250fe91776364fd489bdc540e4877458 - - default default] 10.0.0.17 "GET /v2.0/security-groups?id=b4c85dde-f996-4698-9df5-1f99200e16b9&fields=id&fields=name HTTP/1.1" status: 200 len: 286 time: 0.0651217
2026-04-23 14:45:40.079 10 INFO neutron.wsgi [None req-be16f6d1-61ff-4eb9-aafd-e5c37c38af08 6e518fc7605841b2b5c6fdf6ee087758 9dd5ab8378b04cabae565247acb54731 - - default default] 10.0.0.89 "GET /v2.0/ports HTTP/1.1" status: 200 len: 1733 time: 0.0905323
2026-04-23 14:45:40.082 10 INFO neutron.wsgi [req-2763ebd5-7cc5-4e41-b8db-911b4f785359 req-605f578a-cd8b-4704-9a7b-0e16213e759e 7bb31feec19442078dcba2ab0d81b033 ed489075664d440c8109ecbd6715645a - - 24c09196609c49b98def0aa6d6fbc591 24c09196609c49b98def0aa6d6fbc591] 199.204.45.115 "GET /v2.0/networks/3a0e05c7-a628-4983-a84b-855c495a8007?fields=segments HTTP/1.1" status: 200 len: 212 time: 0.0741582
2026-04-23 14:45:40.105 10 INFO neutron.pecan_wsgi.hooks.translation [None req-d158ee50-a1c2-4417-bb54-3c5322e871c9 6e518fc7605841b2b5c6fdf6ee087758 9dd5ab8378b04cabae565247acb54731 - - default default] GET failed (client error): The resource could not be found.
2026-04-23 14:45:40.108 10 INFO neutron.wsgi [None req-d158ee50-a1c2-4417-bb54-3c5322e871c9 6e518fc7605841b2b5c6fdf6ee087758 9dd5ab8378b04cabae565247acb54731 - - default default] 10.0.0.89 "GET /v2.0/ports/eddc323c-42e6-49f7-9127-897d38c0a58f HTTP/1.1" status: 404 len: 333 time: 0.0249083
2026-04-23 14:45:40.128 9 INFO neutron.notifiers.nova [-] Nova event matching ['req-86891c97-000f-4046-bd4e-29758c062390'] response: {'server_uuid': '2b811388-3e26-4724-8bfa-2597f7761c9f', 'name': 'network-vif-plugged', 'status': 'completed', 'tag': '0550e0ae-cf49-446a-b6e9-5412d072b835', 'code': 200}
2026-04-23 14:45:40.169 10 INFO neutron.wsgi [req-2763ebd5-7cc5-4e41-b8db-911b4f785359 req-fe7111dd-f5e6-47c1-a2fe-871f5121e185 7bb31feec19442078dcba2ab0d81b033 ed489075664d440c8109ecbd6715645a - - 24c09196609c49b98def0aa6d6fbc591 24c09196609c49b98def0aa6d6fbc591] 199.204.45.115 "GET /v2.0/networks/3a0e05c7-a628-4983-a84b-855c495a8007?fields=provider%3Aphysical_network&fields=provider%3Anetwork_type HTTP/1.1" status: 200 len: 277 time: 0.0778294
2026-04-23 14:45:40.244 10 INFO neutron.wsgi [req-b4de761d-9e85-49e3-8d48-a1ed62d09d8e req-566818a7-7bd5-46b1-a4e5-78a46df13a48 7bb31feec19442078dcba2ab0d81b033 ed489075664d440c8109ecbd6715645a - - 24c09196609c49b98def0aa6d6fbc591 24c09196609c49b98def0aa6d6fbc591] 199.204.45.115 "GET /v2.0/ports?tenant_id=250fe91776364fd489bdc540e4877458&device_id=ee9f23d4-0c30-40e1-afde-7718ceaf2441 HTTP/1.1" status: 200 len: 1363 time: 0.0339775
2026-04-23 14:45:40.253 9 INFO neutron.wsgi [None req-6532dbb7-0a91-404a-b6d4-760f17af74b0 6e518fc7605841b2b5c6fdf6ee087758 9dd5ab8378b04cabae565247acb54731 - - default default] 10.0.0.89 "GET /v2.0/ports HTTP/1.1" status: 200 len: 1733 time: 0.1239085
2026-04-23 14:45:40.319 10 INFO neutron.wsgi [req-b4de761d-9e85-49e3-8d48-a1ed62d09d8e req-aebfe30b-5035-411c-ac4e-f407d3092e77 7bb31feec19442078dcba2ab0d81b033 ed489075664d440c8109ecbd6715645a - - 24c09196609c49b98def0aa6d6fbc591 24c09196609c49b98def0aa6d6fbc591] 199.204.45.115 "GET /v2.0/networks?id=3a0e05c7-a628-4983-a84b-855c495a8007 HTTP/1.1" status: 200 len: 976 time: 0.0673003
2026-04-23 14:45:40.331 9 INFO neutron.wsgi [None req-6420b0bf-53ff-424c-b059-ef18bf929336 6e518fc7605841b2b5c6fdf6ee087758 9dd5ab8378b04cabae565247acb54731 - - default default] 10.0.0.89 "GET /v2.0/ports/ff0ba885-6c4c-4d70-8664-a2dd5a1adc5a HTTP/1.1" status: 200 len: 973 time: 0.0711937
2026-04-23 14:45:40.334 9 INFO neutron.db.ovn_revision_numbers_db [None req-e0746923-1d88-4982-816b-1ff07a885f4f e19b6dfa593b4dfda59e7d4eaeb8d330 e8e61d2686674709858fd48f18a33a76 - - - -] Successfully bumped revision number for resource 43c90c34-b5fa-4ac2-82a1-94fc52f0a398 (type: floatingips) to 1
2026-04-23 14:45:40.359 10 INFO neutron.wsgi [req-b4de761d-9e85-49e3-8d48-a1ed62d09d8e req-6bab30b0-3638-4fa9-a1cd-f20b18fd44ce 7bb31feec19442078dcba2ab0d81b033 ed489075664d440c8109ecbd6715645a - - 24c09196609c49b98def0aa6d6fbc591 24c09196609c49b98def0aa6d6fbc591] 199.204.45.115 "GET /v2.0/floatingips?fixed_ip_address=10.100.0.11&port_id=f596c1a2-28de-46ef-afb3-8d4e1effed2d HTTP/1.1" status: 200 len: 217 time: 0.0349369
2026-04-23 14:45:40.372 10 INFO neutron.pecan_wsgi.hooks.translation [None req-6c494a76-4c4a-4440-a96b-8294fed55493 6e518fc7605841b2b5c6fdf6ee087758 9dd5ab8378b04cabae565247acb54731 - - - -] DELETE failed (client error): The resource could not be found.
2026-04-23 14:45:40.375 10 INFO neutron.wsgi [None req-6c494a76-4c4a-4440-a96b-8294fed55493 6e518fc7605841b2b5c6fdf6ee087758 9dd5ab8378b04cabae565247acb54731 - - - -] 10.0.0.89 "DELETE /v2.0/ports/6a74dd41-cde2-4ea5-9e20-dd82dae657f0 HTTP/1.1" status: 404 len: 333 time: 0.0247183
2026-04-23 14:45:40.416 10 INFO neutron.pecan_wsgi.hooks.translation [None req-365a29fd-a2af-4e88-b6c3-ef2889079209 6e518fc7605841b2b5c6fdf6ee087758 9dd5ab8378b04cabae565247acb54731 - - - -] DELETE failed (client error): The resource could not be found.
2026-04-23 14:45:40.418 10 INFO neutron.wsgi [None req-365a29fd-a2af-4e88-b6c3-ef2889079209 6e518fc7605841b2b5c6fdf6ee087758 9dd5ab8378b04cabae565247acb54731 - - - -] 10.0.0.89 "DELETE /v2.0/subnets/e3005176-2c95-469e-bfc2-ea6092a840c1 HTTP/1.1" status: 404 len: 337 time: 0.0362804
2026-04-23 14:45:40.437 10 INFO neutron.wsgi [req-b4de761d-9e85-49e3-8d48-a1ed62d09d8e req-f44e5dc0-8da9-4ad7-b1f0-128b9ceeb5ac 7bb31feec19442078dcba2ab0d81b033 ed489075664d440c8109ecbd6715645a - - 24c09196609c49b98def0aa6d6fbc591 24c09196609c49b98def0aa6d6fbc591] 199.204.45.115 "GET /v2.0/subnets?id=cf5997bb-0ce5-47a1-be5b-1f3b65ac0bd1 HTTP/1.1" status: 200 len: 871 time: 0.0665629
2026-04-23 14:45:40.453 9 INFO neutron.pecan_wsgi.hooks.translation [None req-3329e2b6-8295-4bd5-baed-6da50cd41cdc 6e518fc7605841b2b5c6fdf6ee087758 9dd5ab8378b04cabae565247acb54731 - - - -] DELETE failed (client error): The resource could not be found.
2026-04-23 14:45:40.455 9 INFO neutron.wsgi [None req-3329e2b6-8295-4bd5-baed-6da50cd41cdc 6e518fc7605841b2b5c6fdf6ee087758 9dd5ab8378b04cabae565247acb54731 - - - -] 10.0.0.89 "DELETE /v2.0/subnets/4ffaa27a-762f-48f0-8a21-e5ebd980e4cb HTTP/1.1" status: 404 len: 337 time: 0.0295646
2026-04-23 14:45:40.469 10 INFO neutron.wsgi [req-b4de761d-9e85-49e3-8d48-a1ed62d09d8e req-8aa73214-144f-436a-9550-0c42bf7b2b65 7bb31feec19442078dcba2ab0d81b033 ed489075664d440c8109ecbd6715645a - - 24c09196609c49b98def0aa6d6fbc591 24c09196609c49b98def0aa6d6fbc591] 199.204.45.115 "GET /v2.0/ports?network_id=3a0e05c7-a628-4983-a84b-855c495a8007&device_owner=network%3Adhcp HTTP/1.1" status: 200 len: 210 time: 0.0258164
2026-04-23 14:45:40.539 9 INFO neutron.db.ovn_revision_numbers_db [None req-e0746923-1d88-4982-816b-1ff07a885f4f e19b6dfa593b4dfda59e7d4eaeb8d330 e8e61d2686674709858fd48f18a33a76 - - - -] Successfully bumped revision number for resource 43c90c34-b5fa-4ac2-82a1-94fc52f0a398 (type: floatingips) to 2
2026-04-23 14:45:40.564 10 INFO neutron.wsgi [req-b4de761d-9e85-49e3-8d48-a1ed62d09d8e req-d003a3c9-6817-4cd7-af2b-03740d935f89 7bb31feec19442078dcba2ab0d81b033 ed489075664d440c8109ecbd6715645a - - 24c09196609c49b98def0aa6d6fbc591 24c09196609c49b98def0aa6d6fbc591] 199.204.45.115 "GET /v2.0/networks/3a0e05c7-a628-4983-a84b-855c495a8007?fields=segments HTTP/1.1" status: 200 len: 212 time: 0.0877993
2026-04-23 14:45:40.594 9 INFO neutron.wsgi [None req-e0746923-1d88-4982-816b-1ff07a885f4f e19b6dfa593b4dfda59e7d4eaeb8d330 e8e61d2686674709858fd48f18a33a76 - - - -] 10.0.0.89 "PUT /v2.0/floatingips/43c90c34-b5fa-4ac2-82a1-94fc52f0a398 HTTP/1.1" status: 200 len: 1049 time: 0.9290621
2026-04-23 14:45:40.666 10 INFO neutron.wsgi [req-b4de761d-9e85-49e3-8d48-a1ed62d09d8e req-44806911-2dee-41f0-9cec-c980ab70a3a1 7bb31feec19442078dcba2ab0d81b033 ed489075664d440c8109ecbd6715645a - - 24c09196609c49b98def0aa6d6fbc591 24c09196609c49b98def0aa6d6fbc591] 199.204.45.115 "GET /v2.0/networks/3a0e05c7-a628-4983-a84b-855c495a8007?fields=provider%3Aphysical_network&fields=provider%3Anetwork_type HTTP/1.1" status: 200 len: 277 time: 0.0963721
2026-04-23 14:45:40.701 9 INFO neutron.plugins.ml2.drivers.ovn.mech_driver.mech_driver [None req-f496c3af-8c07-4e18-bd94-e5c9949d118f - - - - - -] OVN reports status up for port: f0b1800a-b9fc-4afd-9a86-6ba5930c16fa
2026-04-23 14:45:40.733 9 INFO neutron.plugins.ml2.plugin [None req-f496c3af-8c07-4e18-bd94-e5c9949d118f - - - - - -] Attempt 1 to provision port f0b1800a-b9fc-4afd-9a86-6ba5930c16fa
2026-04-23 14:45:40.736 9 INFO neutron.db.ovn_revision_numbers_db [None req-9c642b72-e05d-4886-a843-b5ad2f1c4215 083004d3f23c41c7b4b3826cb5ce06b4 60d37904b0534fe592a6325094de80c3 - - default default] Successfully bumped revision number for resource f0b1800a-b9fc-4afd-9a86-6ba5930c16fa (type: router_ports) to 2
2026-04-23 14:45:40.870 9 INFO neutron.wsgi [None req-9c7b0eba-4171-41f3-b2df-3c613a4d22b4 6e518fc7605841b2b5c6fdf6ee087758 9dd5ab8378b04cabae565247acb54731 - - - -] 10.0.0.89 "DELETE /v2.0/ports/ff0ba885-6c4c-4d70-8664-a2dd5a1adc5a HTTP/1.1" status: 204 len: 168 time: 0.4081492
2026-04-23 14:45:41.175 9 INFO neutron.wsgi [req-a74ba7d4-a865-41cd-8afa-4050a3a7c796 req-7d1bbe7b-c132-41f9-a660-02f603b88b24 995a920147de4210b3ee3ffd12345459 250fe91776364fd489bdc540e4877458 - - default default] 10.0.0.17 "GET /v2.0/ports?device_id=ee9f23d4-0c30-40e1-afde-7718ceaf2441 HTTP/1.1" status: 200 len: 1172 time: 0.0554471
2026-04-23 14:45:41.236 9 INFO neutron.db.ovn_revision_numbers_db [None req-9c642b72-e05d-4886-a843-b5ad2f1c4215 083004d3f23c41c7b4b3826cb5ce06b4 60d37904b0534fe592a6325094de80c3 - - default default] Successfully bumped revision number for resource f0b1800a-b9fc-4afd-9a86-6ba5930c16fa (type: ports) to 2
2026-04-23 14:45:41.252 9 INFO neutron.wsgi [req-a74ba7d4-a865-41cd-8afa-4050a3a7c796 req-9ca52968-5d09-4397-b7e8-9a5481da72fa 995a920147de4210b3ee3ffd12345459 250fe91776364fd489bdc540e4877458 - - default default] 10.0.0.17 "GET /v2.0/security-groups?id=b4c85dde-f996-4698-9df5-1f99200e16b9&fields=id&fields=name HTTP/1.1" status: 200 len: 286 time: 0.0678699
2026-04-23 14:45:41.258 10 WARNING neutron.plugins.ml2.drivers.ovn.mech_driver.ovsdb.ovn_client [None req-f8edf14e-715e-420e-9d3d-b871b2de02c5 - - - - - -] No hosting information found for port 29b530eb-5c72-4b22-8b0f-7a6727325dbe: RuntimeError: No hosting information found for port 29b530eb-5c72-4b22-8b0f-7a6727325dbe
2026-04-23 14:45:41.259 10 INFO neutron.plugins.ml2.drivers.ovn.mech_driver.mech_driver [None req-f8edf14e-715e-420e-9d3d-b871b2de02c5 - - - - - -] OVN reports status up for port: ad13b9e3-249c-409c-93fe-e2e2df281e11
2026-04-23 14:45:41.278 10 INFO neutron.plugins.ml2.plugin [None req-f8edf14e-715e-420e-9d3d-b871b2de02c5 - - - - - -] Attempt 1 to provision port ad13b9e3-249c-409c-93fe-e2e2df281e11
2026-04-23 14:45:41.330 9 WARNING neutron.scheduler.dhcp_agent_scheduler [None req-9c642b72-e05d-4886-a843-b5ad2f1c4215 083004d3f23c41c7b4b3826cb5ce06b4 60d37904b0534fe592a6325094de80c3 - - default default] No more DHCP agents
2026-04-23 14:45:41.331 9 WARNING neutron.api.rpc.agentnotifiers.dhcp_rpc_agent_api [None req-9c642b72-e05d-4886-a843-b5ad2f1c4215 083004d3f23c41c7b4b3826cb5ce06b4 60d37904b0534fe592a6325094de80c3 - - default default] Unable to schedule network a95f5f5e-6232-4e2d-8a42-da1c5eff4904: no agents available; will retry on subsequent port and subnet creation events.
2026-04-23 14:45:41.379 9 INFO neutron.db.ovn_revision_numbers_db [None req-f496c3af-8c07-4e18-bd94-e5c9949d118f - - - - - -] Successfully bumped revision number for resource f0b1800a-b9fc-4afd-9a86-6ba5930c16fa (type: ports) to 3
2026-04-23 14:45:41.563 9 INFO neutron.db.ovn_revision_numbers_db [None req-f496c3af-8c07-4e18-bd94-e5c9949d118f - - - - - -] Successfully bumped revision number for resource f0b1800a-b9fc-4afd-9a86-6ba5930c16fa (type: router_ports) to 3
2026-04-23 14:45:41.593 9 INFO neutron.db.ovn_revision_numbers_db [None req-9c642b72-e05d-4886-a843-b5ad2f1c4215 083004d3f23c41c7b4b3826cb5ce06b4 60d37904b0534fe592a6325094de80c3 - - - -] Successfully bumped revision number for resource f0b1800a-b9fc-4afd-9a86-6ba5930c16fa (type: router_ports) to 3
2026-04-23 14:45:41.596 9 INFO neutron.wsgi [None req-9c642b72-e05d-4886-a843-b5ad2f1c4215 083004d3f23c41c7b4b3826cb5ce06b4 60d37904b0534fe592a6325094de80c3 - - - -] 10.0.0.89 "PUT /v2.0/routers/4da94361-e975-4776-b704-3cd8eb9b1b7b/add_router_interface HTTP/1.1" status: 200 len: 503 time: 3.0892971
2026-04-23 14:45:41.615 10 INFO neutron.db.ovn_revision_numbers_db [None req-f8edf14e-715e-420e-9d3d-b871b2de02c5 - - - - - -] Successfully bumped revision number for resource ad13b9e3-249c-409c-93fe-e2e2df281e11 (type: ports) to 3
2026-04-23 14:45:41.674 10 INFO neutron.services.segments.plugin [-] Segment e7fc41ac-034d-4a1b-84ab-af1385bef71b resource provider aggregate not found
2026-04-23 14:45:41.681 10 INFO neutron.services.segments.plugin [-] Segment e7fc41ac-034d-4a1b-84ab-af1385bef71b resource provider aggregate not found
2026-04-23 14:45:41.698 9 INFO neutron.wsgi [None req-e9df07b6-ec74-4359-8da8-1a65e0307a5a 083004d3f23c41c7b4b3826cb5ce06b4 60d37904b0534fe592a6325094de80c3 - - default default] 10.0.0.89 "GET /v2.0/ports/f0b1800a-b9fc-4afd-9a86-6ba5930c16fa HTTP/1.1" status: 200 len: 1137 time: 0.0879817
2026-04-23 14:45:41.699 10 INFO neutron.services.segments.plugin [-] Segment e7fc41ac-034d-4a1b-84ab-af1385bef71b resource provider not found; error: Placement Client Error (4xx): {"errors": [{"status": 404, "title": "Not Found", "detail": "The resource could not be found.\n\n No resource provider with uuid e7fc41ac-034d-4a1b-84ab-af1385bef71b found for delete ", "request_id": "req-d8b4448d-c01d-4f06-8b7f-9e5237821508"}]}
2026-04-23 14:45:41.711 10 INFO neutron.services.segments.plugin [-] Segment e7fc41ac-034d-4a1b-84ab-af1385bef71b resource provider not found; error: Placement Client Error (4xx): {"errors": [{"status": 404, "title": "Not Found", "detail": "The resource could not be found.\n\n No resource provider with uuid e7fc41ac-034d-4a1b-84ab-af1385bef71b found for delete ", "request_id": "req-3359e4c9-aebc-4966-8866-e38f437b4140"}]}
2026-04-23 14:45:41.739 10 INFO neutron.wsgi [None req-e8ac59f6-9bf9-4787-85ec-ec102a97a6c4 6e518fc7605841b2b5c6fdf6ee087758 9dd5ab8378b04cabae565247acb54731 - - - -] 10.0.0.89 "DELETE /v2.0/networks/0fdc46bd-1dec-4932-bcd9-4819d3f29c3b HTTP/1.1" status: 204 len: 168 time: 0.8628392
2026-04-23 14:45:41.743 9 INFO neutron.wsgi [None req-3268d210-ec00-4c9d-9cc4-ab52cb74517b 083004d3f23c41c7b4b3826cb5ce06b4 60d37904b0534fe592a6325094de80c3 - - default default] 10.0.0.89 "GET /v2.0/ports/f0b1800a-b9fc-4afd-9a86-6ba5930c16fa HTTP/1.1" status: 200 len: 1137 time: 0.0394719
2026-04-23 14:45:41.772 10 INFO neutron.db.ovn_revision_numbers_db [None req-f8edf14e-715e-420e-9d3d-b871b2de02c5 - - - - - -] Successfully bumped revision number for resource ad13b9e3-249c-409c-93fe-e2e2df281e11 (type: router_ports) to 3
2026-04-23 14:45:42.170 9 INFO neutron.notifiers.nova [-] Nova event matching ['req-b4681d9c-ac0a-471c-a1f3-621c1c36b1c9'] response: {'name': 'network-changed', 'server_uuid': '2b811388-3e26-4724-8bfa-2597f7761c9f', 'tag': '0550e0ae-cf49-446a-b6e9-5412d072b835', 'status': 'completed', 'code': 200}
2026-04-23 14:45:42.220 10 INFO neutron.wsgi [req-3600e506-b53f-4c9d-945d-3c2a97878ce2 req-4bb48f98-f840-4bbb-ba96-49e1da62cac0 7bb31feec19442078dcba2ab0d81b033 ed489075664d440c8109ecbd6715645a - - 24c09196609c49b98def0aa6d6fbc591 24c09196609c49b98def0aa6d6fbc591] 199.204.45.115 "GET /v2.0/ports?tenant_id=e8e61d2686674709858fd48f18a33a76&device_id=2b811388-3e26-4724-8bfa-2597f7761c9f HTTP/1.1" status: 200 len: 1361 time: 0.0326591
2026-04-23 14:45:42.296 10 INFO neutron.wsgi [req-3600e506-b53f-4c9d-945d-3c2a97878ce2 req-82bd7ef0-4b84-46cc-bcb1-e4a25559dee3 7bb31feec19442078dcba2ab0d81b033 ed489075664d440c8109ecbd6715645a - - 24c09196609c49b98def0aa6d6fbc591 24c09196609c49b98def0aa6d6fbc591] 199.204.45.115 "GET /v2.0/networks?id=a1a8e88f-97a4-428f-b1bb-74a3421d574a HTTP/1.1" status: 200 len: 972 time: 0.0681088
2026-04-23 14:45:42.364 10 INFO neutron.wsgi [req-3600e506-b53f-4c9d-945d-3c2a97878ce2 req-a375ad51-2698-4d20-be1b-26a731f494c7 7bb31feec19442078dcba2ab0d81b033 ed489075664d440c8109ecbd6715645a - - 24c09196609c49b98def0aa6d6fbc591 24c09196609c49b98def0aa6d6fbc591] 199.204.45.115 "GET /v2.0/floatingips?fixed_ip_address=10.100.0.4&port_id=0550e0ae-cf49-446a-b6e9-5412d072b835 HTTP/1.1" status: 200 len: 1059 time: 0.0607893
2026-04-23 14:45:42.403 10 INFO neutron.wsgi [req-3600e506-b53f-4c9d-945d-3c2a97878ce2 req-a4deba9c-607a-41bc-96ab-1053c090f2cb 7bb31feec19442078dcba2ab0d81b033 ed489075664d440c8109ecbd6715645a - - 24c09196609c49b98def0aa6d6fbc591 24c09196609c49b98def0aa6d6fbc591] 199.204.45.115 "GET /v2.0/subnets?id=96f885b2-640f-404e-82a2-a0c74a668ae9 HTTP/1.1" status: 200 len: 867 time: 0.0344384
2026-04-23 14:45:42.447 10 INFO neutron.wsgi [req-3600e506-b53f-4c9d-945d-3c2a97878ce2 req-12949140-ea52-43f2-908b-bde35066e43a 7bb31feec19442078dcba2ab0d81b033 ed489075664d440c8109ecbd6715645a - - 24c09196609c49b98def0aa6d6fbc591 24c09196609c49b98def0aa6d6fbc591] 199.204.45.115 "GET /v2.0/ports?network_id=a1a8e88f-97a4-428f-b1bb-74a3421d574a&device_owner=network%3Adhcp HTTP/1.1" status: 200 len: 210 time: 0.0346284
2026-04-23 14:45:42.461 9 INFO neutron.wsgi [req-5c7edf7b-214b-406e-93f0-42247e0d9418 req-59e7af37-a65f-4ff3-89d1-3e76119d99cf 995a920147de4210b3ee3ffd12345459 250fe91776364fd489bdc540e4877458 - - default default] 10.0.0.17 "GET /v2.0/ports?device_id=ee9f23d4-0c30-40e1-afde-7718ceaf2441 HTTP/1.1" status: 200 len: 1172 time: 0.1195574
2026-04-23 14:45:42.474 10 INFO neutron.wsgi [None req-27d84400-150f-4424-8ba6-a2441e382e81 3f903946024040bfa8b7663bd313b45c a102aa7a48764bb59a2190da7e37cd60 - - default default] 10.0.0.89 "GET /v2.0/security-groups?tenant_id=9dd5ab8378b04cabae565247acb54731&name=default HTTP/1.1" status: 200 len: 2996 time: 0.1885622
2026-04-23 14:45:42.541 9 INFO neutron.wsgi [None req-813f90ee-d6c0-4d08-8259-d68b0540563a 083004d3f23c41c7b4b3826cb5ce06b4 60d37904b0534fe592a6325094de80c3 - - - -] 10.0.0.89 "PUT /v2.0/routers/4da94361-e975-4776-b704-3cd8eb9b1b7b/remove_router_interface HTTP/1.1" status: 200 len: 503 time: 0.7926855
2026-04-23 14:45:42.544 10 INFO neutron.wsgi [req-3600e506-b53f-4c9d-945d-3c2a97878ce2 req-33f2965f-8b93-4a16-8598-693143ca70c3 7bb31feec19442078dcba2ab0d81b033 ed489075664d440c8109ecbd6715645a - - 24c09196609c49b98def0aa6d6fbc591 24c09196609c49b98def0aa6d6fbc591] 199.204.45.115 "GET /v2.0/networks/a1a8e88f-97a4-428f-b1bb-74a3421d574a?fields=segments HTTP/1.1" status: 200 len: 212 time: 0.0875943
2026-04-23 14:45:42.546 9 INFO neutron.wsgi [req-5c7edf7b-214b-406e-93f0-42247e0d9418 req-1f3bb5bc-3240-406f-b4e3-66e6f9319ba1 995a920147de4210b3ee3ffd12345459 250fe91776364fd489bdc540e4877458 - - default default] 10.0.0.17 "GET /v2.0/security-groups?id=b4c85dde-f996-4698-9df5-1f99200e16b9&fields=id&fields=name HTTP/1.1" status: 200 len: 286 time: 0.0785205 /var/lib/openstack/lib/python3.10/site-packages/pycadf/identifier.py:71: UserWarning: Invalid uuid: neutron. To ensure interoperability, identifiers should be a valid uuid. warnings.warn(('Invalid uuid: %s. To ensure interoperability, '
2026-04-23 14:45:42.579 9 INFO neutron.wsgi [None req-d1f21ecb-3188-4b5f-b6e3-fb683f407dba 083004d3f23c41c7b4b3826cb5ce06b4 60d37904b0534fe592a6325094de80c3 - - default default] 10.0.0.89 "GET /v2.0/ports/ad13b9e3-249c-409c-93fe-e2e2df281e11 HTTP/1.1" status: 200 len: 1137 time: 0.0325048
2026-04-23 14:45:42.661 10 INFO neutron.wsgi [req-3600e506-b53f-4c9d-945d-3c2a97878ce2 req-6c9c7ac6-54fc-4cce-ad58-8ad73b421673 7bb31feec19442078dcba2ab0d81b033 ed489075664d440c8109ecbd6715645a - - 24c09196609c49b98def0aa6d6fbc591 24c09196609c49b98def0aa6d6fbc591] 199.204.45.115 "GET /v2.0/networks/a1a8e88f-97a4-428f-b1bb-74a3421d574a?fields=provider%3Aphysical_network&fields=provider%3Anetwork_type HTTP/1.1" status: 200 len: 277 time: 0.1075888
2026-04-23 14:45:42.839 10 INFO neutron.wsgi [None req-fbff10ab-570f-4c05-90b0-0c6635116d30 3f903946024040bfa8b7663bd313b45c a102aa7a48764bb59a2190da7e37cd60 - - - -] 10.0.0.89 "DELETE /v2.0/security-groups/d588334d-b262-44c3-bfb9-1f0bff1a6a67 HTTP/1.1" status: 204 len: 168 time: 0.3539765
2026-04-23 14:45:43.374 10 INFO neutron.wsgi [None req-b64e17ae-7f09-4bd5-a9f7-b06a1a85239c 083004d3f23c41c7b4b3826cb5ce06b4 60d37904b0534fe592a6325094de80c3 - - - -] 10.0.0.89 "PUT /v2.0/routers/4da94361-e975-4776-b704-3cd8eb9b1b7b/remove_router_interface HTTP/1.1" status: 200 len: 503 time: 0.7899849 /var/lib/openstack/lib/python3.10/site-packages/pycadf/identifier.py:71: UserWarning: Invalid uuid: neutron. To ensure interoperability, identifiers should be a valid uuid. warnings.warn(('Invalid uuid: %s. To ensure interoperability, '
2026-04-23 14:45:43.407 10 INFO neutron.wsgi [None req-16b81c62-d08d-409e-abd2-da51aa9111a3 083004d3f23c41c7b4b3826cb5ce06b4 60d37904b0534fe592a6325094de80c3 - - default default] 10.0.0.89 "GET /v2.0/ports?device_id=4da94361-e975-4776-b704-3cd8eb9b1b7b HTTP/1.1" status: 200 len: 205 time: 0.0273805
2026-04-23 14:45:43.701 10 INFO neutron.wsgi [None req-97086364-fc11-465e-bade-513c09faecab 083004d3f23c41c7b4b3826cb5ce06b4 60d37904b0534fe592a6325094de80c3 - - - -] 10.0.0.89 "DELETE /v2.0/routers/4da94361-e975-4776-b704-3cd8eb9b1b7b HTTP/1.1" status: 204 len: 168 time: 0.2859659
