2026-04-23 14:49:01.226 9 INFO neutron.db.ovn_revision_numbers_db [None req-b458aeb0-2288-4672-a1dd-6ea9d47d650a - - - - - -] Successfully bumped revision number for resource 2dbbc374-3ab1-4273-af1e-dfb3b11381a4 (type: router_ports) to 4
2026-04-23 14:49:01.333 10 INFO neutron.db.ovn_revision_numbers_db [None req-58a18401-51ae-454b-94be-054f49d0c253 ebafbefbdd7b4f1b8c830d896ab37ec9 3da7d79797a3428f9e2192c29d6ca098 - - default default] Successfully bumped revision number for resource 30556ac3-d9b6-4389-9148-0d62e4de1e5a (type: ports) to 2
2026-04-23 14:49:01.401 10 WARNING neutron.scheduler.dhcp_agent_scheduler [None req-58a18401-51ae-454b-94be-054f49d0c253 ebafbefbdd7b4f1b8c830d896ab37ec9 3da7d79797a3428f9e2192c29d6ca098 - - default default] No more DHCP agents
2026-04-23 14:49:01.402 10 WARNING neutron.api.rpc.agentnotifiers.dhcp_rpc_agent_api [None req-58a18401-51ae-454b-94be-054f49d0c253 ebafbefbdd7b4f1b8c830d896ab37ec9 3da7d79797a3428f9e2192c29d6ca098 - - default default] Unable to schedule network 328b425e-88e6-4b30-9338-cbd135a6dd1d: no agents available; will retry on subsequent port and subnet creation events.
2026-04-23 14:49:01.418 9 INFO neutron.db.ovn_revision_numbers_db [None req-f496c3af-8c07-4e18-bd94-e5c9949d118f - - - - - -] Successfully bumped revision number for resource 30556ac3-d9b6-4389-9148-0d62e4de1e5a (type: ports) to 3
2026-04-23 14:49:01.523 9 INFO neutron.db.ovn_revision_numbers_db [None req-f496c3af-8c07-4e18-bd94-e5c9949d118f - - - - - -] Successfully bumped revision number for resource 30556ac3-d9b6-4389-9148-0d62e4de1e5a (type: router_ports) to 3
2026-04-23 14:49:01.738 10 INFO neutron.db.ovn_revision_numbers_db [None req-58a18401-51ae-454b-94be-054f49d0c253 ebafbefbdd7b4f1b8c830d896ab37ec9 3da7d79797a3428f9e2192c29d6ca098 - - - -] Successfully bumped revision number for resource 30556ac3-d9b6-4389-9148-0d62e4de1e5a (type: router_ports) to 3
2026-04-23 14:49:01.741 10 INFO neutron.wsgi [None req-58a18401-51ae-454b-94be-054f49d0c253 ebafbefbdd7b4f1b8c830d896ab37ec9 3da7d79797a3428f9e2192c29d6ca098 - - - -] 10.0.0.89 "PUT /v2.0/routers/8ab85bce-ab61-48a8-b635-5a304baf6d72/add_router_interface HTTP/1.1" status: 200 len: 503 time: 1.8726325
2026-04-23 14:49:02.262 10 WARNING neutron.scheduler.dhcp_agent_scheduler [None req-98857382-3f0d-47db-81a5-dec6614cd83d ebafbefbdd7b4f1b8c830d896ab37ec9 3da7d79797a3428f9e2192c29d6ca098 - - default default] No more DHCP agents
2026-04-23 14:49:02.265 10 WARNING neutron.api.rpc.agentnotifiers.dhcp_rpc_agent_api [None req-98857382-3f0d-47db-81a5-dec6614cd83d ebafbefbdd7b4f1b8c830d896ab37ec9 3da7d79797a3428f9e2192c29d6ca098 - - default default] Unable to schedule network 8c42f5c6-f396-446b-bebf-cb9f040aeb3a: no agents available; will retry on subsequent port and subnet creation events.
2026-04-23 14:49:02.416 10 INFO neutron.db.ovn_revision_numbers_db [None req-98857382-3f0d-47db-81a5-dec6614cd83d ebafbefbdd7b4f1b8c830d896ab37ec9 3da7d79797a3428f9e2192c29d6ca098 - - default default] Successfully bumped revision number for resource 22f1913f-1cfc-45ec-9907-5b92b4c357ac (type: ports) to 1
2026-04-23 14:49:03.008 10 INFO neutron.plugins.ml2.drivers.ovn.mech_driver.mech_driver [None req-f8edf14e-715e-420e-9d3d-b871b2de02c5 - - - - - -] OVN reports status up for port: 22f1913f-1cfc-45ec-9907-5b92b4c357ac
2026-04-23 14:49:03.014 10 INFO neutron.db.ovn_revision_numbers_db [None req-98857382-3f0d-47db-81a5-dec6614cd83d ebafbefbdd7b4f1b8c830d896ab37ec9 3da7d79797a3428f9e2192c29d6ca098 - - default default] Successfully bumped revision number for resource 22f1913f-1cfc-45ec-9907-5b92b4c357ac (type: router_ports) to 2
2026-04-23 14:49:03.016 10 INFO neutron.plugins.ml2.plugin [None req-f8edf14e-715e-420e-9d3d-b871b2de02c5 - - - - - -] Attempt 1 to provision port 22f1913f-1cfc-45ec-9907-5b92b4c357ac
2026-04-23 14:49:03.214 10 INFO neutron.db.ovn_revision_numbers_db [None req-98857382-3f0d-47db-81a5-dec6614cd83d ebafbefbdd7b4f1b8c830d896ab37ec9 3da7d79797a3428f9e2192c29d6ca098 - - default default] Successfully bumped revision number for resource 22f1913f-1cfc-45ec-9907-5b92b4c357ac (type: ports) to 2
2026-04-23 14:49:03.640 10 INFO neutron.db.ovn_revision_numbers_db [None req-f8edf14e-715e-420e-9d3d-b871b2de02c5 - - - - - -] Successfully bumped revision number for resource 22f1913f-1cfc-45ec-9907-5b92b4c357ac (type: ports) to 3
2026-04-23 14:49:03.652 10 WARNING neutron.scheduler.dhcp_agent_scheduler [None req-98857382-3f0d-47db-81a5-dec6614cd83d ebafbefbdd7b4f1b8c830d896ab37ec9 3da7d79797a3428f9e2192c29d6ca098 - - default default] No more DHCP agents
2026-04-23 14:49:03.654 10 WARNING neutron.api.rpc.agentnotifiers.dhcp_rpc_agent_api [None req-98857382-3f0d-47db-81a5-dec6614cd83d ebafbefbdd7b4f1b8c830d896ab37ec9 3da7d79797a3428f9e2192c29d6ca098 - - default default] Unable to schedule network 8c42f5c6-f396-446b-bebf-cb9f040aeb3a: no agents available; will retry on subsequent port and subnet creation events.
2026-04-23 14:49:03.791 10 INFO neutron.db.ovn_revision_numbers_db [None req-f8edf14e-715e-420e-9d3d-b871b2de02c5 - - - - - -] Successfully bumped revision number for resource 22f1913f-1cfc-45ec-9907-5b92b4c357ac (type: router_ports) to 3
2026-04-23 14:49:04.048 10 INFO neutron.db.ovn_revision_numbers_db [None req-98857382-3f0d-47db-81a5-dec6614cd83d ebafbefbdd7b4f1b8c830d896ab37ec9 3da7d79797a3428f9e2192c29d6ca098 - - - -] Successfully bumped revision number for resource 22f1913f-1cfc-45ec-9907-5b92b4c357ac (type: router_ports) to 3
2026-04-23 14:49:04.052 10 INFO neutron.wsgi [None req-98857382-3f0d-47db-81a5-dec6614cd83d ebafbefbdd7b4f1b8c830d896ab37ec9 3da7d79797a3428f9e2192c29d6ca098 - - - -] 10.0.0.89 "PUT /v2.0/routers/8ab85bce-ab61-48a8-b635-5a304baf6d72/add_router_interface HTTP/1.1" status: 200 len: 503 time: 2.3042808
2026-04-23 14:49:04.587 10 WARNING neutron.scheduler.dhcp_agent_scheduler [None req-255454a1-6ead-42f5-bdb4-d832e58d153e ebafbefbdd7b4f1b8c830d896ab37ec9 3da7d79797a3428f9e2192c29d6ca098 - - default default] No more DHCP agents
2026-04-23 14:49:04.589 10 WARNING neutron.api.rpc.agentnotifiers.dhcp_rpc_agent_api [None req-255454a1-6ead-42f5-bdb4-d832e58d153e ebafbefbdd7b4f1b8c830d896ab37ec9 3da7d79797a3428f9e2192c29d6ca098 - - default default] Unable to schedule network 46bf66cf-9399-4016-837f-0520e791939c: no agents available; will retry on subsequent port and subnet creation events.
2026-04-23 14:49:04.738 10 INFO neutron.db.ovn_revision_numbers_db [None req-255454a1-6ead-42f5-bdb4-d832e58d153e ebafbefbdd7b4f1b8c830d896ab37ec9 3da7d79797a3428f9e2192c29d6ca098 - - default default] Successfully bumped revision number for resource f87fed30-8149-431c-ba69-d0d37b0e3db4 (type: ports) to 1
2026-04-23 14:49:04.896 9 INFO neutron.db.ovn_revision_numbers_db [None req-050b72c1-6864-450e-a402-6bdd971581ff 840c93241dba491fae54fd91c16467be 18897bd5343b437f9912226a0b397c62 - - - -] Successfully bumped revision number for resource d07fa51e-8d4b-46c2-b1de-411848b2f83f (type: routers) to 1
2026-04-23 14:49:04.909 9 INFO neutron.wsgi [None req-050b72c1-6864-450e-a402-6bdd971581ff 840c93241dba491fae54fd91c16467be 18897bd5343b437f9912226a0b397c62 - - - -] 10.0.0.89 "POST /v2.0/routers HTTP/1.1" status: 201 len: 654 time: 0.5751796
2026-04-23 14:49:05.092 9 INFO neutron.db.ovn_revision_numbers_db [None req-8a5cc382-a15a-4c7a-861d-3692af570514 840c93241dba491fae54fd91c16467be 18897bd5343b437f9912226a0b397c62 - - - -] Successfully bumped revision number for resource 72956153-f9da-43f3-8dd9-a599b8de98bf (type: routers) to 1
2026-04-23 14:49:05.111 9 INFO neutron.wsgi [None req-8a5cc382-a15a-4c7a-861d-3692af570514 840c93241dba491fae54fd91c16467be 18897bd5343b437f9912226a0b397c62 - - - -] 10.0.0.89 "POST /v2.0/routers HTTP/1.1" status: 201 len: 654 time: 0.1975996
2026-04-23 14:49:05.301 9 INFO neutron.db.ovn_revision_numbers_db [None req-567cc63f-02bf-4775-9419-dd660df6417e 840c93241dba491fae54fd91c16467be 18897bd5343b437f9912226a0b397c62 - - - -] Successfully bumped revision number for resource c6c57bb9-bc73-4d29-8915-f477d5bd7375 (type: routers) to 1
2026-04-23 14:49:05.315 9 INFO neutron.wsgi [None req-567cc63f-02bf-4775-9419-dd660df6417e 840c93241dba491fae54fd91c16467be 18897bd5343b437f9912226a0b397c62 - - - -] 10.0.0.89 "POST /v2.0/routers HTTP/1.1" status: 201 len: 654 time: 0.1991978
2026-04-23 14:49:05.341 10 INFO neutron.db.ovn_revision_numbers_db [None req-255454a1-6ead-42f5-bdb4-d832e58d153e ebafbefbdd7b4f1b8c830d896ab37ec9 3da7d79797a3428f9e2192c29d6ca098 - - default default] Successfully bumped revision number for resource f87fed30-8149-431c-ba69-d0d37b0e3db4 (type: router_ports) to 2
2026-04-23 14:49:05.496 10 INFO neutron.db.ovn_revision_numbers_db [None req-255454a1-6ead-42f5-bdb4-d832e58d153e ebafbefbdd7b4f1b8c830d896ab37ec9 3da7d79797a3428f9e2192c29d6ca098 - - default default] Successfully bumped revision number for resource f87fed30-8149-431c-ba69-d0d37b0e3db4 (type: ports) to 2
2026-04-23 14:49:05.529 9 INFO neutron.db.ovn_revision_numbers_db [None req-166e39c7-3790-4d49-a0b1-4c2cfbcb4144 840c93241dba491fae54fd91c16467be 18897bd5343b437f9912226a0b397c62 - - - -] Successfully bumped revision number for resource c3064cd3-b174-40c6-8d00-136aa446129e (type: routers) to 1
2026-04-23 14:49:05.542 9 INFO neutron.wsgi [None req-166e39c7-3790-4d49-a0b1-4c2cfbcb4144 840c93241dba491fae54fd91c16467be 18897bd5343b437f9912226a0b397c62 - - - -] 10.0.0.89 "POST /v2.0/routers HTTP/1.1" status: 201 len: 654 time: 0.2208092
2026-04-23 14:49:05.583 10 WARNING neutron.scheduler.dhcp_agent_scheduler [None req-255454a1-6ead-42f5-bdb4-d832e58d153e ebafbefbdd7b4f1b8c830d896ab37ec9 3da7d79797a3428f9e2192c29d6ca098 - - default default] No more DHCP agents
2026-04-23 14:49:05.585 10 WARNING neutron.api.rpc.agentnotifiers.dhcp_rpc_agent_api [None req-255454a1-6ead-42f5-bdb4-d832e58d153e ebafbefbdd7b4f1b8c830d896ab37ec9 3da7d79797a3428f9e2192c29d6ca098 - - default default] Unable to schedule network 46bf66cf-9399-4016-837f-0520e791939c: no agents available; will retry on subsequent port and subnet creation events.
2026-04-23 14:49:05.765 10 INFO neutron.db.ovn_revision_numbers_db [None req-0b2fc19e-5567-4ff3-ba78-49f94ea6c74d 840c93241dba491fae54fd91c16467be 18897bd5343b437f9912226a0b397c62 - - - -] Successfully bumped revision number for resource 40130042-e618-4ca7-97f7-02fb1d17e249 (type: routers) to 1
2026-04-23 14:49:05.790 10 INFO neutron.wsgi [None req-0b2fc19e-5567-4ff3-ba78-49f94ea6c74d 840c93241dba491fae54fd91c16467be 18897bd5343b437f9912226a0b397c62 - - - -] 10.0.0.89 "POST /v2.0/routers HTTP/1.1" status: 201 len: 654 time: 0.2423337
2026-04-23 14:49:05.859 9 INFO neutron.wsgi [None req-baa854bd-7675-46b5-a682-ab474b184008 840c93241dba491fae54fd91c16467be 18897bd5343b437f9912226a0b397c62 - - - -] 10.0.0.89 "PUT /v2.0/routers/d07fa51e-8d4b-46c2-b1de-411848b2f83f/tags HTTP/1.1" status: 200 len: 210 time: 0.0640633
2026-04-23 14:49:05.945 10 INFO neutron.wsgi [None req-5e72911f-628b-4a1f-84ea-636fbdfbdc82 840c93241dba491fae54fd91c16467be 18897bd5343b437f9912226a0b397c62 - - - -] 10.0.0.89 "PUT /v2.0/routers/72956153-f9da-43f3-8dd9-a599b8de98bf/tags HTTP/1.1" status: 200 len: 218 time: 0.0808070
2026-04-23 14:49:05.988 10 INFO neutron.db.ovn_revision_numbers_db [None req-255454a1-6ead-42f5-bdb4-d832e58d153e ebafbefbdd7b4f1b8c830d896ab37ec9 3da7d79797a3428f9e2192c29d6ca098 - - - -] Successfully bumped revision number for resource f87fed30-8149-431c-ba69-d0d37b0e3db4 (type: router_ports) to 2
2026-04-23 14:49:05.991 10 INFO neutron.wsgi [None req-255454a1-6ead-42f5-bdb4-d832e58d153e ebafbefbdd7b4f1b8c830d896ab37ec9 3da7d79797a3428f9e2192c29d6ca098 - - - -] 10.0.0.89 "PUT /v2.0/routers/8ab85bce-ab61-48a8-b635-5a304baf6d72/add_router_interface HTTP/1.1" status: 200 len: 503 time: 1.9357255
2026-04-23 14:49:06.011 9 INFO neutron.wsgi [None req-e2d3047c-2a81-4447-8867-a165b95a86be 840c93241dba491fae54fd91c16467be 18897bd5343b437f9912226a0b397c62 - - - -] 10.0.0.89 "PUT /v2.0/routers/c6c57bb9-bc73-4d29-8915-f477d5bd7375/tags HTTP/1.1" status: 200 len: 227 time: 0.0602999
2026-04-23 14:49:06.065 9 INFO neutron.wsgi [-] 10.0.0.96 "GET / HTTP/1.1" status: 200 len: 247 time: 0.0011294
2026-04-23 14:49:06.065 10 INFO neutron.wsgi [-] 10.0.0.96 "GET / HTTP/1.1" status: 200 len: 247 time: 0.0020437
2026-04-23 14:49:06.070 9 INFO neutron.wsgi [None req-f0e54069-8217-4b24-9701-019cfbc20940 840c93241dba491fae54fd91c16467be 18897bd5343b437f9912226a0b397c62 - - - -] 10.0.0.89 "PUT /v2.0/routers/c3064cd3-b174-40c6-8d00-136aa446129e/tags HTTP/1.1" status: 200 len: 212 time: 0.0550387
2026-04-23 14:49:06.147 9 INFO neutron.wsgi [None req-38207d88-9e77-4d31-93d2-8a228d018a4b 840c93241dba491fae54fd91c16467be 18897bd5343b437f9912226a0b397c62 - - default default] 10.0.0.89 "GET /v2.0/routers?tags=red HTTP/1.1" status: 200 len: 1601 time: 0.0716443
2026-04-23 14:49:06.200 9 INFO neutron.db.ovn_revision_numbers_db [None req-0977d08b-5d9e-4d14-b4fd-da23894b5b8b ebafbefbdd7b4f1b8c830d896ab37ec9 3da7d79797a3428f9e2192c29d6ca098 - - - -] Successfully bumped revision number for resource f3a8d11d-c9f5-4c80-a45f-19c5ff44c0f3 (type: security_groups) to 1
2026-04-23 14:49:06.219 9 INFO neutron.wsgi [None req-0977d08b-5d9e-4d14-b4fd-da23894b5b8b ebafbefbdd7b4f1b8c830d896ab37ec9 3da7d79797a3428f9e2192c29d6ca098 - - - -] 10.0.0.89 "POST /v2.0/security-groups HTTP/1.1" status: 201 len: 1765 time: 0.1649287
2026-04-23 14:49:06.240 10 INFO neutron.wsgi [None req-f8882375-dd9e-4ac8-bf9a-d92beaa49d5c 840c93241dba491fae54fd91c16467be 18897bd5343b437f9912226a0b397c62 - - default default] 10.0.0.89 "GET /v2.0/routers?tags=red%2Cblue HTTP/1.1" status: 200 len: 1144 time: 0.0854900
2026-04-23 14:49:06.336 9 INFO neutron.db.ovn_revision_numbers_db [None req-3dbd4b4b-e37f-441c-8c5a-77c85741a34f ebafbefbdd7b4f1b8c830d896ab37ec9 3da7d79797a3428f9e2192c29d6ca098 - - - -] Successfully bumped revision number for resource 330a3e43-8958-4404-9f74-ce057ad880be (type: security_group_rules) to 0
2026-04-23 14:49:06.351 10 INFO neutron.wsgi [None req-db1fb1ed-83f6-4b8d-be89-f722403e0956 840c93241dba491fae54fd91c16467be 18897bd5343b437f9912226a0b397c62 - - default default] 10.0.0.89 "GET /v2.0/routers?tags-any=blue HTTP/1.1" status: 200 len: 1144 time: 0.1053483
2026-04-23 14:49:06.364 9 INFO neutron.wsgi [None req-3dbd4b4b-e37f-441c-8c5a-77c85741a34f ebafbefbdd7b4f1b8c830d896ab37ec9 3da7d79797a3428f9e2192c29d6ca098 - - - -] 10.0.0.89 "POST /v2.0/security-group-rules HTTP/1.1" status: 201 len: 764 time: 0.1386108
2026-04-23 14:49:06.472 9 INFO neutron.db.ovn_revision_numbers_db [None req-26ccebf1-4406-42e4-94d0-d979eed79312 ebafbefbdd7b4f1b8c830d896ab37ec9 3da7d79797a3428f9e2192c29d6ca098 - - - -] Successfully bumped revision number for resource 9ffc7536-86b4-471f-a85d-d88983573c87 (type: security_group_rules) to 0
2026-04-23 14:49:06.494 9 INFO neutron.wsgi [None req-26ccebf1-4406-42e4-94d0-d979eed79312 ebafbefbdd7b4f1b8c830d896ab37ec9 3da7d79797a3428f9e2192c29d6ca098 - - - -] 10.0.0.89 "POST /v2.0/security-group-rules HTTP/1.1" status: 201 len: 764 time: 0.1256382
2026-04-23 14:49:06.617 9 INFO neutron.db.ovn_revision_numbers_db [None req-ba173b4f-0bfb-47e6-bd40-a11446a52423 ebafbefbdd7b4f1b8c830d896ab37ec9 3da7d79797a3428f9e2192c29d6ca098 - - - -] Successfully bumped revision number for resource 797c097c-cf21-400a-9286-6aa3c9c9f662 (type: security_group_rules) to 0
2026-04-23 14:49:06.651 9 WARNING neutron.plugins.ml2.drivers.ovn.mech_driver.ovsdb.ovn_client [None req-f496c3af-8c07-4e18-bd94-e5c9949d118f - - - - - -] No hosting information found for port 30556ac3-d9b6-4389-9148-0d62e4de1e5a: RuntimeError: No hosting information found for port 30556ac3-d9b6-4389-9148-0d62e4de1e5a
2026-04-23 14:49:06.651 9 INFO neutron.plugins.ml2.drivers.ovn.mech_driver.mech_driver [None req-f496c3af-8c07-4e18-bd94-e5c9949d118f - - - - - -] OVN reports status up for port: f87fed30-8149-431c-ba69-d0d37b0e3db4
2026-04-23 14:49:06.655 9 INFO neutron.wsgi [None req-ba173b4f-0bfb-47e6-bd40-a11446a52423 ebafbefbdd7b4f1b8c830d896ab37ec9 3da7d79797a3428f9e2192c29d6ca098 - - - -] 10.0.0.89 "POST /v2.0/security-group-rules HTTP/1.1" status: 201 len: 766 time: 0.1574993
2026-04-23 14:49:06.660 9 INFO neutron.plugins.ml2.plugin [None req-f496c3af-8c07-4e18-bd94-e5c9949d118f - - - - - -] Attempt 1 to provision port f87fed30-8149-431c-ba69-d0d37b0e3db4
2026-04-23 14:49:06.812 9 INFO neutron.db.ovn_revision_numbers_db [None req-4a6f2c0a-6dec-4976-9f41-0925dac43577 ebafbefbdd7b4f1b8c830d896ab37ec9 3da7d79797a3428f9e2192c29d6ca098 - - - -] Successfully bumped revision number for resource 29cf370a-b796-4013-93af-6d5ec250d4ee (type: security_group_rules) to 0
2026-04-23 14:49:06.815 10 INFO neutron.wsgi [None req-0695609b-00b4-44b6-ae74-5aa8c075511c 840c93241dba491fae54fd91c16467be 18897bd5343b437f9912226a0b397c62 - - default default] 10.0.0.89 "GET /v2.0/routers?tags-any=red%2Cblue HTTP/1.1" status: 200 len: 1601 time: 0.4597118
2026-04-23 14:49:06.842 9 INFO neutron.wsgi [None req-4a6f2c0a-6dec-4976-9f41-0925dac43577 ebafbefbdd7b4f1b8c830d896ab37ec9 3da7d79797a3428f9e2192c29d6ca098 - - - -] 10.0.0.89 "POST /v2.0/security-group-rules HTTP/1.1" status: 201 len: 768 time: 0.1811028
2026-04-23 14:49:06.905 10 INFO neutron.wsgi [None req-a9132e8c-9c40-42db-9be2-6f5b58a4e48c 840c93241dba491fae54fd91c16467be 18897bd5343b437f9912226a0b397c62 - - default default] 10.0.0.89 "GET /v2.0/routers?not-tags=red HTTP/1.1" status: 200 len: 1116 time: 0.0860324
2026-04-23 14:49:06.932 9 INFO neutron.db.ovn_revision_numbers_db [None req-f496c3af-8c07-4e18-bd94-e5c9949d118f - - - - - -] Successfully bumped revision number for resource f87fed30-8149-431c-ba69-d0d37b0e3db4 (type: ports) to 3
2026-04-23 14:49:06.991 10 INFO neutron.wsgi [None req-8641dae1-a86b-4e81-a7d3-a842c602b098 840c93241dba491fae54fd91c16467be 18897bd5343b437f9912226a0b397c62 - - default default] 10.0.0.89 "GET /v2.0/routers?not-tags=red%2Cblue HTTP/1.1" status: 200 len: 1573 time: 0.0806041
2026-04-23 14:49:07.024 9 INFO neutron.db.ovn_revision_numbers_db [None req-26a7df89-da9a-4830-9e94-d6d783d5bff0 ebafbefbdd7b4f1b8c830d896ab37ec9 3da7d79797a3428f9e2192c29d6ca098 - - - -] Successfully bumped revision number for resource 6733660b-f5ff-4e9a-9a74-e9c715dcf78c (type: security_group_rules) to 0
2026-04-23 14:49:07.054 9 INFO neutron.wsgi [None req-26a7df89-da9a-4830-9e94-d6d783d5bff0 ebafbefbdd7b4f1b8c830d896ab37ec9 3da7d79797a3428f9e2192c29d6ca098 - - - -] 10.0.0.89 "POST /v2.0/security-group-rules HTTP/1.1" status: 201 len: 768 time: 0.2019925
2026-04-23 14:49:07.065 9 INFO neutron.db.ovn_revision_numbers_db [None req-f496c3af-8c07-4e18-bd94-e5c9949d118f - - - - - -] Successfully bumped revision number for resource f87fed30-8149-431c-ba69-d0d37b0e3db4 (type: router_ports) to 3
2026-04-23 14:49:07.083 10 INFO neutron.wsgi [None req-20a8122d-69eb-47ff-bdf8-15490b366066 840c93241dba491fae54fd91c16467be 18897bd5343b437f9912226a0b397c62 - - default default] 10.0.0.89 "GET /v2.0/routers?not-tags-any=blue HTTP/1.1" status: 200 len: 1573 time: 0.0878041
2026-04-23 14:49:07.149 10 INFO neutron.wsgi [None req-35c42958-ecdf-499f-a407-c7d44b79f24e 840c93241dba491fae54fd91c16467be 18897bd5343b437f9912226a0b397c62 - - default default] 10.0.0.89 "GET /v2.0/routers?not-tags-any=red%2Cblue HTTP/1.1" status: 200 len: 1116 time: 0.0611250
2026-04-23 14:49:07.190 9 INFO neutron.db.ovn_revision_numbers_db [None req-6415e818-3111-4b11-91ea-9b6c098b1df3 ebafbefbdd7b4f1b8c830d896ab37ec9 3da7d79797a3428f9e2192c29d6ca098 - - - -] Successfully bumped revision number for resource 44ab1be4-bd13-4935-a3a0-54fd3899051b (type: security_group_rules) to 0
2026-04-23 14:49:07.207 10 INFO neutron.wsgi [None req-6dcfd923-b003-4122-8fd3-59f4712b8114 840c93241dba491fae54fd91c16467be 18897bd5343b437f9912226a0b397c62 - - default default] 10.0.0.89 "GET /v2.0/routers/d07fa51e-8d4b-46c2-b1de-411848b2f83f HTTP/1.1" status: 200 len: 660 time: 0.0512362
2026-04-23 14:49:07.215 9 INFO neutron.wsgi [None req-6415e818-3111-4b11-91ea-9b6c098b1df3 ebafbefbdd7b4f1b8c830d896ab37ec9 3da7d79797a3428f9e2192c29d6ca098 - - - -] 10.0.0.89 "POST /v2.0/security-group-rules HTTP/1.1" status: 201 len: 764 time: 0.1574359
2026-04-23 14:49:07.330 9 INFO neutron.db.ovn_revision_numbers_db [None req-8e79a6bd-3a1a-4724-890e-dd121f8d0be4 ebafbefbdd7b4f1b8c830d896ab37ec9 3da7d79797a3428f9e2192c29d6ca098 - - - -] Successfully bumped revision number for resource 7620cc65-9b9d-48cc-9b41-3df2b22d0dad (type: security_group_rules) to 0
2026-04-23 14:49:07.365 9 INFO neutron.wsgi [None req-8e79a6bd-3a1a-4724-890e-dd121f8d0be4 ebafbefbdd7b4f1b8c830d896ab37ec9 3da7d79797a3428f9e2192c29d6ca098 - - - -] 10.0.0.89 "POST /v2.0/security-group-rules HTTP/1.1" status: 201 len: 764 time: 0.1434295
2026-04-23 14:49:07.853 10 INFO neutron.db.ovn_revision_numbers_db [None req-2169da45-8dec-48a0-81ec-5cc6aaf559eb ebafbefbdd7b4f1b8c830d896ab37ec9 3da7d79797a3428f9e2192c29d6ca098 - - - -] Successfully bumped revision number for resource 6160d446-1f97-417c-a7ef-6c99f98eb66e (type: security_group_rules) to 0
2026-04-23 14:49:07.902 10 INFO neutron.wsgi [None req-2169da45-8dec-48a0-81ec-5cc6aaf559eb ebafbefbdd7b4f1b8c830d896ab37ec9 3da7d79797a3428f9e2192c29d6ca098 - - - -] 10.0.0.89 "POST /v2.0/security-group-rules HTTP/1.1" status: 201 len: 764 time: 0.5329468
2026-04-23 14:49:07.917 10 INFO neutron.db.ovn_revision_numbers_db [None req-c9007d00-5ebc-4b53-9835-0012bc2545d8 840c93241dba491fae54fd91c16467be 18897bd5343b437f9912226a0b397c62 - - - -] Successfully bumped revision number for resource d07fa51e-8d4b-46c2-b1de-411848b2f83f (type: routers) to 4
2026-04-23 14:49:07.919 10 INFO neutron.wsgi [None req-c9007d00-5ebc-4b53-9835-0012bc2545d8 840c93241dba491fae54fd91c16467be 18897bd5343b437f9912226a0b397c62 - - - -] 10.0.0.89 "PUT /v2.0/routers/d07fa51e-8d4b-46c2-b1de-411848b2f83f HTTP/1.1" status: 200 len: 660 time: 0.7083111
2026-04-23 14:49:08.041 10 INFO neutron.db.ovn_revision_numbers_db [None req-b70f3c71-5c51-44f3-ba8f-9057e8671e72 ebafbefbdd7b4f1b8c830d896ab37ec9 3da7d79797a3428f9e2192c29d6ca098 - - - -] Successfully bumped revision number for resource 4ce06503-dd65-4b71-bf18-1fb3ea356223 (type: security_group_rules) to 0
2026-04-23 14:49:08.069 10 INFO neutron.wsgi [None req-b70f3c71-5c51-44f3-ba8f-9057e8671e72 ebafbefbdd7b4f1b8c830d896ab37ec9 3da7d79797a3428f9e2192c29d6ca098 - - - -] 10.0.0.89 "POST /v2.0/security-group-rules HTTP/1.1" status: 201 len: 766 time: 0.1612964
2026-04-23 14:49:08.159 9 INFO neutron.wsgi [None req-7c827ae3-e8ab-4504-9fdc-64a429b9db54 840c93241dba491fae54fd91c16467be 18897bd5343b437f9912226a0b397c62 - - default default] 10.0.0.89 "GET /v2.0/ports?device_id=d07fa51e-8d4b-46c2-b1de-411848b2f83f HTTP/1.1" status: 200 len: 205 time: 0.2348337
2026-04-23 14:49:08.190 10 INFO neutron.db.ovn_revision_numbers_db [None req-bf728adb-ae62-4e49-9ab2-dfd86d0baf0c ebafbefbdd7b4f1b8c830d896ab37ec9 3da7d79797a3428f9e2192c29d6ca098 - - - -] Successfully bumped revision number for resource b9c3a36b-57d4-41d8-9d72-1d5af29ab8a4 (type: security_group_rules) to 0
2026-04-23 14:49:08.213 10 INFO neutron.wsgi [None req-bf728adb-ae62-4e49-9ab2-dfd86d0baf0c ebafbefbdd7b4f1b8c830d896ab37ec9 3da7d79797a3428f9e2192c29d6ca098 - - - -] 10.0.0.89 "POST /v2.0/security-group-rules HTTP/1.1" status: 201 len: 768 time: 0.1387036
2026-04-23 14:49:08.331 10 INFO neutron.db.ovn_revision_numbers_db [None req-813ebc67-477e-4972-8982-0ae728d8c8ff ebafbefbdd7b4f1b8c830d896ab37ec9 3da7d79797a3428f9e2192c29d6ca098 - - - -] Successfully bumped revision number for resource 76fd57d0-f7e5-40cb-aca8-7bea3c5edcaf (type: security_group_rules) to 0
2026-04-23 14:49:08.357 10 INFO neutron.wsgi [None req-813ebc67-477e-4972-8982-0ae728d8c8ff ebafbefbdd7b4f1b8c830d896ab37ec9 3da7d79797a3428f9e2192c29d6ca098 - - - -] 10.0.0.89 "POST /v2.0/security-group-rules HTTP/1.1" status: 201 len: 764 time: 0.1400378
2026-04-23 14:49:08.403 9 INFO neutron.wsgi [None req-9c689bf8-b48b-4938-9f48-9faf2c0d53c7 840c93241dba491fae54fd91c16467be 18897bd5343b437f9912226a0b397c62 - - - -] 10.0.0.89 "DELETE /v2.0/routers/d07fa51e-8d4b-46c2-b1de-411848b2f83f HTTP/1.1" status: 204 len: 168 time: 0.2394490
2026-04-23 14:49:08.451 9 INFO neutron.wsgi [None req-6db1fbab-6b4c-41be-97e6-cd95d574012e 840c93241dba491fae54fd91c16467be 18897bd5343b437f9912226a0b397c62 - - default default] 10.0.0.89 "GET /v2.0/routers/72956153-f9da-43f3-8dd9-a599b8de98bf HTTP/1.1" status: 200 len: 668 time: 0.0410943
2026-04-23 14:49:08.794 9 INFO neutron.wsgi [req-f046ee1e-2e77-4036-949c-71fded7e71f0 req-17320df5-e034-4d51-b8c8-f4f0eb887c06 ebafbefbdd7b4f1b8c830d896ab37ec9 3da7d79797a3428f9e2192c29d6ca098 - - default default] 10.0.0.17 "GET /v2.0/security-groups?name=tempest-lb_member_SG-886726601&fields=id&tenant_id=3da7d79797a3428f9e2192c29d6ca098 HTTP/1.1" status: 200 len: 267 time: 0.0614901
2026-04-23 14:49:08.976 9 INFO neutron.wsgi [req-f046ee1e-2e77-4036-949c-71fded7e71f0 req-9a5fa5ca-df4f-4973-b7df-55415c667767 ebafbefbdd7b4f1b8c830d896ab37ec9 3da7d79797a3428f9e2192c29d6ca098 - - default default] 10.0.0.17 "GET /v2.0/networks?id=8c42f5c6-f396-446b-bebf-cb9f040aeb3a HTTP/1.1" status: 200 len: 904 time: 0.1710587
2026-04-23 14:49:09.019 9 INFO neutron.wsgi [req-f046ee1e-2e77-4036-949c-71fded7e71f0 req-b9fe5f57-2a0f-4327-8895-c7d889a035c2 ebafbefbdd7b4f1b8c830d896ab37ec9 3da7d79797a3428f9e2192c29d6ca098 - - default default] 10.0.0.17 "GET /v2.0/quotas/3da7d79797a3428f9e2192c29d6ca098 HTTP/1.1" status: 200 len: 386 time: 0.0190859
2026-04-23 14:49:09.027 9 INFO neutron.db.ovn_revision_numbers_db [None req-5e8e7a34-bb3f-4aac-87de-0ec628b7fb6d 840c93241dba491fae54fd91c16467be 18897bd5343b437f9912226a0b397c62 - - - -] Successfully bumped revision number for resource 72956153-f9da-43f3-8dd9-a599b8de98bf (type: routers) to 4
2026-04-23 14:49:09.029 9 INFO neutron.wsgi [None req-5e8e7a34-bb3f-4aac-87de-0ec628b7fb6d 840c93241dba491fae54fd91c16467be 18897bd5343b437f9912226a0b397c62 - - - -] 10.0.0.89 "PUT /v2.0/routers/72956153-f9da-43f3-8dd9-a599b8de98bf HTTP/1.1" status: 200 len: 668 time: 0.5654166
2026-04-23 14:49:09.064 10 INFO neutron.wsgi [None req-91e93f6c-6e0b-45db-a309-5f658e9fb4a3 840c93241dba491fae54fd91c16467be 18897bd5343b437f9912226a0b397c62 - - default default] 10.0.0.89 "GET /v2.0/ports?device_id=72956153-f9da-43f3-8dd9-a599b8de98bf HTTP/1.1" status: 200 len: 205 time: 0.0288386
2026-04-23 14:49:09.229 9 INFO neutron.wsgi [req-f046ee1e-2e77-4036-949c-71fded7e71f0 req-421b601f-c1ac-47f4-be65-a2f47270848d ebafbefbdd7b4f1b8c830d896ab37ec9 3da7d79797a3428f9e2192c29d6ca098 - - default default] 10.0.0.17 "GET /v2.0/ports?tenant_id=3da7d79797a3428f9e2192c29d6ca098&fields=id HTTP/1.1" status: 200 len: 486 time: 0.1993661
2026-04-23 14:49:09.290 9 INFO neutron.wsgi [req-f046ee1e-2e77-4036-949c-71fded7e71f0 req-89968e9f-5b06-46a1-8f08-cea854d1f792 7bb31feec19442078dcba2ab0d81b033 ed489075664d440c8109ecbd6715645a - - 24c09196609c49b98def0aa6d6fbc591 24c09196609c49b98def0aa6d6fbc591] 10.0.0.17 "GET /v2.0/networks/8c42f5c6-f396-446b-bebf-cb9f040aeb3a?fields=segments HTTP/1.1" status: 200 len: 212 time: 0.0469725
2026-04-23 14:49:09.328 10 WARNING neutron.plugins.ml2.drivers.ovn.mech_driver.ovsdb.ovn_client [None req-f8edf14e-715e-420e-9d3d-b871b2de02c5 - - - - - -] No hosting information found for port 22f1913f-1cfc-45ec-9907-5b92b4c357ac: RuntimeError: No hosting information found for port 22f1913f-1cfc-45ec-9907-5b92b4c357ac
2026-04-23 14:49:09.336 10 INFO neutron.wsgi [None req-056c06c9-5180-4259-a753-89f1a684a6ba 840c93241dba491fae54fd91c16467be 18897bd5343b437f9912226a0b397c62 - - - -] 10.0.0.89 "DELETE /v2.0/routers/72956153-f9da-43f3-8dd9-a599b8de98bf HTTP/1.1" status: 204 len: 168 time: 0.2655289
2026-04-23 14:49:09.342 9 INFO neutron.wsgi [req-f046ee1e-2e77-4036-949c-71fded7e71f0 req-3b22ce79-e23f-4f02-8430-f548abf26e88 7bb31feec19442078dcba2ab0d81b033 ed489075664d440c8109ecbd6715645a - - 24c09196609c49b98def0aa6d6fbc591 24c09196609c49b98def0aa6d6fbc591] 10.0.0.17 "GET /v2.0/networks/8c42f5c6-f396-446b-bebf-cb9f040aeb3a?fields=provider%3Aphysical_network&fields=provider%3Anetwork_type HTTP/1.1" status: 200 len: 277 time: 0.0434217
2026-04-23 14:49:09.391 10 INFO neutron.wsgi [None req-28716129-e1e4-4d18-80d9-d4006937388f 840c93241dba491fae54fd91c16467be 18897bd5343b437f9912226a0b397c62 - - default default] 10.0.0.89 "GET /v2.0/routers/c6c57bb9-bc73-4d29-8915-f477d5bd7375 HTTP/1.1" status: 200 len: 677 time: 0.0480733
2026-04-23 14:49:09.507 10 INFO neutron.wsgi [req-fc183553-1659-4138-a56e-a35df73abb7e req-e438bf51-cab4-4685-a035-18c689978deb ebafbefbdd7b4f1b8c830d896ab37ec9 3da7d79797a3428f9e2192c29d6ca098 - - default default] 10.0.0.17 "GET /v2.0/ports?device_id=dabc2014-75ed-4d87-9fe6-f7d22d40739d HTTP/1.1" status: 200 len: 210 time: 0.0377364
2026-04-23 14:49:09.899 10 INFO neutron.db.ovn_revision_numbers_db [None req-22d1d8e0-52ec-490a-b94e-93192519240a 840c93241dba491fae54fd91c16467be 18897bd5343b437f9912226a0b397c62 - - - -] Successfully bumped revision number for resource c6c57bb9-bc73-4d29-8915-f477d5bd7375 (type: routers) to 4
2026-04-23 14:49:09.903 10 INFO neutron.wsgi [None req-22d1d8e0-52ec-490a-b94e-93192519240a 840c93241dba491fae54fd91c16467be 18897bd5343b437f9912226a0b397c62 - - - -] 10.0.0.89 "PUT /v2.0/routers/c6c57bb9-bc73-4d29-8915-f477d5bd7375 HTTP/1.1" status: 200 len: 677 time: 0.5059197
2026-04-23 14:49:09.930 10 INFO neutron.wsgi [None req-4afb9574-4d7d-4593-a30c-35067f1c9096 840c93241dba491fae54fd91c16467be 18897bd5343b437f9912226a0b397c62 - - default default] 10.0.0.89 "GET /v2.0/ports?device_id=c6c57bb9-bc73-4d29-8915-f477d5bd7375 HTTP/1.1" status: 200 len: 205 time: 0.0207915
2026-04-23 14:49:10.457 10 INFO neutron.wsgi [None req-ef7d9d90-aec8-4067-b694-5e04a5090f46 840c93241dba491fae54fd91c16467be 18897bd5343b437f9912226a0b397c62 - - - -] 10.0.0.89 "DELETE /v2.0/routers/c6c57bb9-bc73-4d29-8915-f477d5bd7375 HTTP/1.1" status: 204 len: 168 time: 0.5192485
2026-04-23 14:49:10.522 10 INFO neutron.wsgi [None req-113f79c1-8ace-479a-8162-ef56e8ebd861 840c93241dba491fae54fd91c16467be 18897bd5343b437f9912226a0b397c62 - - default default] 10.0.0.89 "GET /v2.0/routers/c3064cd3-b174-40c6-8d00-136aa446129e HTTP/1.1" status: 200 len: 662 time: 0.0589719
2026-04-23 14:49:10.525 10 INFO neutron.wsgi [req-f046ee1e-2e77-4036-949c-71fded7e71f0 req-d6a205bd-5ebd-46dc-93a1-04d6923c38c6 ebafbefbdd7b4f1b8c830d896ab37ec9 3da7d79797a3428f9e2192c29d6ca098 - - default default] 199.204.45.115 "GET /v2.0/networks?id=8c42f5c6-f396-446b-bebf-cb9f040aeb3a HTTP/1.1" status: 200 len: 904 time: 0.3923078
2026-04-23 14:49:10.625 10 INFO neutron.wsgi [req-f046ee1e-2e77-4036-949c-71fded7e71f0 req-01238625-59cf-4c05-ac64-b6b7b1db94f2 ebafbefbdd7b4f1b8c830d896ab37ec9 3da7d79797a3428f9e2192c29d6ca098 - - default default] 199.204.45.115 "GET /v2.0/security-groups?fields=id&fields=name&tenant_id=3da7d79797a3428f9e2192c29d6ca098 HTTP/1.1" status: 200 len: 377 time: 0.0928969
2026-04-23 14:49:11.095 10 INFO neutron.db.ovn_revision_numbers_db [None req-1728b3be-1c69-4a75-9aa5-611bd4e7ce0d 840c93241dba491fae54fd91c16467be 18897bd5343b437f9912226a0b397c62 - - - -] Successfully bumped revision number for resource c3064cd3-b174-40c6-8d00-136aa446129e (type: routers) to 4
2026-04-23 14:49:11.099 10 INFO neutron.wsgi [None req-1728b3be-1c69-4a75-9aa5-611bd4e7ce0d 840c93241dba491fae54fd91c16467be 18897bd5343b437f9912226a0b397c62 - - - -] 10.0.0.89 "PUT /v2.0/routers/c3064cd3-b174-40c6-8d00-136aa446129e HTTP/1.1" status: 200 len: 662 time: 0.5708778
2026-04-23 14:49:11.131 9 INFO neutron.wsgi [None req-65a1034b-da9e-4f7f-b9b5-a2725b559011 840c93241dba491fae54fd91c16467be 18897bd5343b437f9912226a0b397c62 - - default default] 10.0.0.89 "GET /v2.0/ports?device_id=c3064cd3-b174-40c6-8d00-136aa446129e HTTP/1.1" status: 200 len: 205 time: 0.0273745
2026-04-23 14:49:11.227 10 WARNING neutron.scheduler.dhcp_agent_scheduler [None req-239ae786-405a-4950-b061-4251c7eef588 ebafbefbdd7b4f1b8c830d896ab37ec9 3da7d79797a3428f9e2192c29d6ca098 - - - -] No more DHCP agents
2026-04-23 14:49:11.230 10 WARNING neutron.api.rpc.agentnotifiers.dhcp_rpc_agent_api [None req-239ae786-405a-4950-b061-4251c7eef588 ebafbefbdd7b4f1b8c830d896ab37ec9 3da7d79797a3428f9e2192c29d6ca098 - - - -] Unable to schedule network 8c42f5c6-f396-446b-bebf-cb9f040aeb3a: no agents available; will retry on subsequent port and subnet creation events.
2026-04-23 14:49:11.389 10 INFO neutron.db.ovn_revision_numbers_db [None req-239ae786-405a-4950-b061-4251c7eef588 ebafbefbdd7b4f1b8c830d896ab37ec9 3da7d79797a3428f9e2192c29d6ca098 - - - -] Successfully bumped revision number for resource 68f26ca8-9b76-4df8-b74d-42c5a0965813 (type: ports) to 1
2026-04-23 14:49:11.411 10 INFO neutron.wsgi [None req-239ae786-405a-4950-b061-4251c7eef588 ebafbefbdd7b4f1b8c830d896ab37ec9 3da7d79797a3428f9e2192c29d6ca098 - - - -] 199.204.45.115 "POST /v2.0/ports HTTP/1.1" status: 201 len: 1388 time: 0.7803521 /var/lib/openstack/lib/python3.10/site-packages/pycadf/identifier.py:71: UserWarning: Invalid uuid: neutron. To ensure interoperability, identifiers should be a valid uuid. warnings.warn(('Invalid uuid: %s. To ensure interoperability, '
2026-04-23 14:49:11.612 9 INFO neutron.wsgi [None req-015c9502-4aa0-4bb6-93c8-03dc397a5d73 840c93241dba491fae54fd91c16467be 18897bd5343b437f9912226a0b397c62 - - - -] 10.0.0.89 "DELETE /v2.0/routers/c3064cd3-b174-40c6-8d00-136aa446129e HTTP/1.1" status: 204 len: 168 time: 0.4749010
2026-04-23 14:49:11.663 9 INFO neutron.wsgi [None req-5b597379-f5e5-48db-a17d-f5a10f529fc2 840c93241dba491fae54fd91c16467be 18897bd5343b437f9912226a0b397c62 - - default default] 10.0.0.89 "GET /v2.0/routers/40130042-e618-4ca7-97f7-02fb1d17e249 HTTP/1.1" status: 200 len: 655 time: 0.0457273
2026-04-23 14:49:11.849 10 INFO neutron.db.ovn_revision_numbers_db [None req-9bc44c13-3243-41ef-ab65-4f1f9f5bb559 7bb31feec19442078dcba2ab0d81b033 ed489075664d440c8109ecbd6715645a - - - -] Successfully bumped revision number for resource 68f26ca8-9b76-4df8-b74d-42c5a0965813 (type: ports) to 2
2026-04-23 14:49:12.117 9 INFO neutron.db.ovn_revision_numbers_db [None req-1b101a05-b93d-4b1e-b49e-1ec137e30470 840c93241dba491fae54fd91c16467be 18897bd5343b437f9912226a0b397c62 - - - -] Successfully bumped revision number for resource 40130042-e618-4ca7-97f7-02fb1d17e249 (type: routers) to 3
2026-04-23 14:49:12.120 9 INFO neutron.wsgi [None req-1b101a05-b93d-4b1e-b49e-1ec137e30470 840c93241dba491fae54fd91c16467be 18897bd5343b437f9912226a0b397c62 - - - -] 10.0.0.89 "PUT /v2.0/routers/40130042-e618-4ca7-97f7-02fb1d17e249 HTTP/1.1" status: 200 len: 655 time: 0.4529572
2026-04-23 14:49:12.148 9 INFO neutron.wsgi [None req-62839db4-e467-4104-b515-31fe404da52d 840c93241dba491fae54fd91c16467be 18897bd5343b437f9912226a0b397c62 - - default default] 10.0.0.89 "GET /v2.0/ports?device_id=40130042-e618-4ca7-97f7-02fb1d17e249 HTTP/1.1" status: 200 len: 205 time: 0.0206189
2026-04-23 14:49:12.321 10 INFO neutron.db.ovn_revision_numbers_db [None req-9bc44c13-3243-41ef-ab65-4f1f9f5bb559 7bb31feec19442078dcba2ab0d81b033 ed489075664d440c8109ecbd6715645a - - - -] Successfully bumped revision number for resource 68f26ca8-9b76-4df8-b74d-42c5a0965813 (type: ports) to 2
2026-04-23 14:49:12.337 10 INFO neutron.wsgi [None req-9bc44c13-3243-41ef-ab65-4f1f9f5bb559 7bb31feec19442078dcba2ab0d81b033 ed489075664d440c8109ecbd6715645a - - - -] 199.204.45.115 "PUT /v2.0/ports/68f26ca8-9b76-4df8-b74d-42c5a0965813 HTTP/1.1" status: 200 len: 1557 time: 0.9191966
2026-04-23 14:49:12.359 9 INFO neutron.wsgi [None req-14614e5f-a6f1-493a-89fc-84759c278abd 840c93241dba491fae54fd91c16467be 18897bd5343b437f9912226a0b397c62 - - - -] 10.0.0.89 "DELETE /v2.0/routers/40130042-e618-4ca7-97f7-02fb1d17e249 HTTP/1.1" status: 204 len: 168 time: 0.2058356 /var/lib/openstack/lib/python3.10/site-packages/pycadf/identifier.py:71: UserWarning: Invalid uuid: neutron. To ensure interoperability, identifiers should be a valid uuid. warnings.warn(('Invalid uuid: %s. To ensure interoperability, '
2026-04-23 14:49:12.396 10 INFO neutron.notifiers.nova [-] Nova event matching ['req-0b984af7-8a97-4b21-ab5c-69a0462acdcc'] response: {'name': 'network-changed', 'server_uuid': 'dabc2014-75ed-4d87-9fe6-f7d22d40739d', 'tag': '68f26ca8-9b76-4df8-b74d-42c5a0965813', 'status': 'completed', 'code': 200}
2026-04-23 14:49:12.453 10 INFO neutron.wsgi [req-f046ee1e-2e77-4036-949c-71fded7e71f0 req-d2e70e2b-63e2-4ec1-8211-0b7e3e063ccb 7bb31feec19442078dcba2ab0d81b033 ed489075664d440c8109ecbd6715645a - - 24c09196609c49b98def0aa6d6fbc591 24c09196609c49b98def0aa6d6fbc591] 199.204.45.115 "GET /v2.0/ports?tenant_id=3da7d79797a3428f9e2192c29d6ca098&device_id=dabc2014-75ed-4d87-9fe6-f7d22d40739d HTTP/1.1" status: 200 len: 1588 time: 0.0671117
2026-04-23 14:49:12.458 9 WARNING neutron.plugins.ml2.drivers.ovn.mech_driver.ovsdb.ovn_client [None req-f496c3af-8c07-4e18-bd94-e5c9949d118f - - - - - -] No hosting information found for port f87fed30-8149-431c-ba69-d0d37b0e3db4: RuntimeError: No hosting information found for port f87fed30-8149-431c-ba69-d0d37b0e3db4
2026-04-23 14:49:12.502 10 INFO neutron.wsgi [req-f046ee1e-2e77-4036-949c-71fded7e71f0 req-6c1d6409-4d85-4de3-aa3f-9eaf447ffa3c 7bb31feec19442078dcba2ab0d81b033 ed489075664d440c8109ecbd6715645a - - 24c09196609c49b98def0aa6d6fbc591 24c09196609c49b98def0aa6d6fbc591] 199.204.45.115 "GET /v2.0/floatingips?fixed_ip_address=10.2.1.144&port_id=68f26ca8-9b76-4df8-b74d-42c5a0965813 HTTP/1.1" status: 200 len: 217 time: 0.0436113
2026-04-23 14:49:12.545 10 INFO neutron.wsgi [req-f046ee1e-2e77-4036-949c-71fded7e71f0 req-0bbcc252-db44-4d43-b52a-41ad848f26ec 7bb31feec19442078dcba2ab0d81b033 ed489075664d440c8109ecbd6715645a - - 24c09196609c49b98def0aa6d6fbc591 24c09196609c49b98def0aa6d6fbc591] 199.204.45.115 "GET /v2.0/floatingips?fixed_ip_address=fd7b%3Af9f7%3Afff%3A4eca%3A%3A2ba&port_id=68f26ca8-9b76-4df8-b74d-42c5a0965813 HTTP/1.1" status: 200 len: 217 time: 0.0355406
2026-04-23 14:49:12.592 10 INFO neutron.wsgi [req-f046ee1e-2e77-4036-949c-71fded7e71f0 req-a2aaf513-d1b5-4136-ab62-dd362936da02 7bb31feec19442078dcba2ab0d81b033 ed489075664d440c8109ecbd6715645a - - 24c09196609c49b98def0aa6d6fbc591 24c09196609c49b98def0aa6d6fbc591] 199.204.45.115 "GET /v2.0/subnets?id=6946beb4-361c-4866-8133-19b29da497a2&id=f88fc896-023d-4b67-8ef5-15f52df1e432 HTTP/1.1" status: 200 len: 1561 time: 0.0416601
2026-04-23 14:49:12.638 10 INFO neutron.wsgi [req-f046ee1e-2e77-4036-949c-71fded7e71f0 req-3106bee9-a56c-4146-b573-e95d5755e2ed 7bb31feec19442078dcba2ab0d81b033 ed489075664d440c8109ecbd6715645a - - 24c09196609c49b98def0aa6d6fbc591 24c09196609c49b98def0aa6d6fbc591] 199.204.45.115 "GET /v2.0/ports?network_id=8c42f5c6-f396-446b-bebf-cb9f040aeb3a&device_owner=network%3Adhcp HTTP/1.1" status: 200 len: 210 time: 0.0393469
2026-04-23 14:49:12.676 10 INFO neutron.wsgi [req-f046ee1e-2e77-4036-949c-71fded7e71f0 req-3753d603-9b6e-4473-8d85-abc7d0f1da66 7bb31feec19442078dcba2ab0d81b033 ed489075664d440c8109ecbd6715645a - - 24c09196609c49b98def0aa6d6fbc591 24c09196609c49b98def0aa6d6fbc591] 199.204.45.115 "GET /v2.0/ports?network_id=8c42f5c6-f396-446b-bebf-cb9f040aeb3a&device_owner=network%3Adhcp HTTP/1.1" status: 200 len: 210 time: 0.0329509
2026-04-23 14:49:12.736 10 INFO neutron.wsgi [req-f046ee1e-2e77-4036-949c-71fded7e71f0 req-a5be42d5-308c-4b96-a881-883dce3bb981 7bb31feec19442078dcba2ab0d81b033 ed489075664d440c8109ecbd6715645a - - 24c09196609c49b98def0aa6d6fbc591 24c09196609c49b98def0aa6d6fbc591] 199.204.45.115 "GET /v2.0/networks/8c42f5c6-f396-446b-bebf-cb9f040aeb3a?fields=segments HTTP/1.1" status: 200 len: 212 time: 0.0515146
2026-04-23 14:49:12.811 10 INFO neutron.wsgi [req-f046ee1e-2e77-4036-949c-71fded7e71f0 req-16f4fc8c-7c12-4a08-82be-f57a2d34d5d8 7bb31feec19442078dcba2ab0d81b033 ed489075664d440c8109ecbd6715645a - - 24c09196609c49b98def0aa6d6fbc591 24c09196609c49b98def0aa6d6fbc591] 199.204.45.115 "GET /v2.0/networks/8c42f5c6-f396-446b-bebf-cb9f040aeb3a?fields=provider%3Aphysical_network&fields=provider%3Anetwork_type HTTP/1.1" status: 200 len: 277 time: 0.0693603
2026-04-23 14:49:12.901 10 INFO neutron.wsgi [req-e713ce45-6119-4a90-9c83-a85d49986e41 req-c333a05d-f554-4ff2-a759-be9e1ea8bff2 7bb31feec19442078dcba2ab0d81b033 ed489075664d440c8109ecbd6715645a - - 24c09196609c49b98def0aa6d6fbc591 24c09196609c49b98def0aa6d6fbc591] 199.204.45.115 "GET /v2.0/ports?tenant_id=3da7d79797a3428f9e2192c29d6ca098&device_id=dabc2014-75ed-4d87-9fe6-f7d22d40739d HTTP/1.1" status: 200 len: 1588 time: 0.0388756
2026-04-23 14:49:12.985 10 INFO neutron.wsgi [req-e713ce45-6119-4a90-9c83-a85d49986e41 req-57da56c1-5af1-4d08-ae00-2203f9f29281 7bb31feec19442078dcba2ab0d81b033 ed489075664d440c8109ecbd6715645a - - 24c09196609c49b98def0aa6d6fbc591 24c09196609c49b98def0aa6d6fbc591] 199.204.45.115 "GET /v2.0/networks?id=8c42f5c6-f396-446b-bebf-cb9f040aeb3a HTTP/1.1" status: 200 len: 1003 time: 0.0777028
2026-04-23 14:49:13.033 10 INFO neutron.wsgi [req-e713ce45-6119-4a90-9c83-a85d49986e41 req-255ece1b-069a-4cf9-abda-2c1539d0b040 7bb31feec19442078dcba2ab0d81b033 ed489075664d440c8109ecbd6715645a - - 24c09196609c49b98def0aa6d6fbc591 24c09196609c49b98def0aa6d6fbc591] 199.204.45.115 "GET /v2.0/floatingips?fixed_ip_address=10.2.1.144&port_id=68f26ca8-9b76-4df8-b74d-42c5a0965813 HTTP/1.1" status: 200 len: 217 time: 0.0410879
2026-04-23 14:49:13.056 9 INFO neutron.plugins.ml2.drivers.ovn.mech_driver.mech_driver [None req-f496c3af-8c07-4e18-bd94-e5c9949d118f - - - - - -] OVN reports status up for port: 68f26ca8-9b76-4df8-b74d-42c5a0965813
2026-04-23 14:49:13.070 10 INFO neutron.wsgi [req-e713ce45-6119-4a90-9c83-a85d49986e41 req-2c484537-0333-409a-a18a-24893fada1b1 7bb31feec19442078dcba2ab0d81b033 ed489075664d440c8109ecbd6715645a - - 24c09196609c49b98def0aa6d6fbc591 24c09196609c49b98def0aa6d6fbc591] 199.204.45.115 "GET /v2.0/floatingips?fixed_ip_address=fd7b%3Af9f7%3Afff%3A4eca%3A%3A2ba&port_id=68f26ca8-9b76-4df8-b74d-42c5a0965813 HTTP/1.1" status: 200 len: 217 time: 0.0267720
2026-04-23 14:49:13.092 9 INFO neutron.plugins.ml2.plugin [None req-f496c3af-8c07-4e18-bd94-e5c9949d118f - - - - - -] Attempt 1 to provision port 68f26ca8-9b76-4df8-b74d-42c5a0965813
2026-04-23 14:49:13.115 10 INFO neutron.wsgi [req-e713ce45-6119-4a90-9c83-a85d49986e41 req-89882e8d-af6d-4fc1-abde-b3ab0647ebbb 7bb31feec19442078dcba2ab0d81b033 ed489075664d440c8109ecbd6715645a - - 24c09196609c49b98def0aa6d6fbc591 24c09196609c49b98def0aa6d6fbc591] 199.204.45.115 "GET /v2.0/subnets?id=6946beb4-361c-4866-8133-19b29da497a2&id=f88fc896-023d-4b67-8ef5-15f52df1e432 HTTP/1.1" status: 200 len: 1561 time: 0.0387266
2026-04-23 14:49:13.150 10 INFO neutron.wsgi [req-e713ce45-6119-4a90-9c83-a85d49986e41 req-7ef9cddc-f8e2-4195-a42e-1d2eb38651da 7bb31feec19442078dcba2ab0d81b033 ed489075664d440c8109ecbd6715645a - - 24c09196609c49b98def0aa6d6fbc591 24c09196609c49b98def0aa6d6fbc591] 199.204.45.115 "GET /v2.0/ports?network_id=8c42f5c6-f396-446b-bebf-cb9f040aeb3a&device_owner=network%3Adhcp HTTP/1.1" status: 200 len: 210 time: 0.0282393
2026-04-23 14:49:13.191 10 INFO neutron.wsgi [req-e713ce45-6119-4a90-9c83-a85d49986e41 req-56a8289d-7326-41bc-a451-9bbb0b41496f 7bb31feec19442078dcba2ab0d81b033 ed489075664d440c8109ecbd6715645a - - 24c09196609c49b98def0aa6d6fbc591 24c09196609c49b98def0aa6d6fbc591] 199.204.45.115 "GET /v2.0/ports?network_id=8c42f5c6-f396-446b-bebf-cb9f040aeb3a&device_owner=network%3Adhcp HTTP/1.1" status: 200 len: 210 time: 0.0332081
2026-04-23 14:49:13.261 10 INFO neutron.wsgi [req-e713ce45-6119-4a90-9c83-a85d49986e41 req-a4d59fa0-c0de-4893-aaa0-2722ef23986a 7bb31feec19442078dcba2ab0d81b033 ed489075664d440c8109ecbd6715645a - - 24c09196609c49b98def0aa6d6fbc591 24c09196609c49b98def0aa6d6fbc591] 199.204.45.115 "GET /v2.0/networks/8c42f5c6-f396-446b-bebf-cb9f040aeb3a?fields=segments HTTP/1.1" status: 200 len: 212 time: 0.0643687
2026-04-23 14:49:13.275 9 INFO neutron.notifiers.nova [-] Nova event matching ['req-43b809b8-525a-42f8-8957-f8cf4a406360'] response: {'server_uuid': 'dabc2014-75ed-4d87-9fe6-f7d22d40739d', 'name': 'network-vif-plugged', 'status': 'completed', 'tag': '68f26ca8-9b76-4df8-b74d-42c5a0965813', 'code': 200}
2026-04-23 14:49:13.341 10 INFO neutron.wsgi [req-e713ce45-6119-4a90-9c83-a85d49986e41 req-ec342d26-56b6-4090-9f5b-4d2a80f592a7 7bb31feec19442078dcba2ab0d81b033 ed489075664d440c8109ecbd6715645a - - 24c09196609c49b98def0aa6d6fbc591 24c09196609c49b98def0aa6d6fbc591] 199.204.45.115 "GET /v2.0/networks/8c42f5c6-f396-446b-bebf-cb9f040aeb3a?fields=provider%3Aphysical_network&fields=provider%3Anetwork_type HTTP/1.1" status: 200 len: 277 time: 0.0691664
2026-04-23 14:49:13.452 9 INFO neutron.db.ovn_revision_numbers_db [None req-f496c3af-8c07-4e18-bd94-e5c9949d118f - - - - - -] Successfully bumped revision number for resource 68f26ca8-9b76-4df8-b74d-42c5a0965813 (type: ports) to 4
2026-04-23 14:49:13.634 9 INFO neutron.db.ovn_revision_numbers_db [None req-549b4b01-dbfc-48af-9e26-61e096b4cd18 3f903946024040bfa8b7663bd313b45c a102aa7a48764bb59a2190da7e37cd60 - - default default] Successfully bumped revision number for resource eba74fce-bd8e-42a2-81d4-9b5e04b09cf9 (type: security_groups) to 1
2026-04-23 14:49:13.659 9 INFO neutron.wsgi [None req-549b4b01-dbfc-48af-9e26-61e096b4cd18 3f903946024040bfa8b7663bd313b45c a102aa7a48764bb59a2190da7e37cd60 - - default default] 10.0.0.89 "GET /v2.0/security-groups?tenant_id=21e7ac61f402439a99c6edba31d68ea6&name=default HTTP/1.1" status: 200 len: 3000 time: 0.4137697 /var/lib/openstack/lib/python3.10/site-packages/pycadf/identifier.py:71: UserWarning: Invalid uuid: neutron. To ensure interoperability, identifiers should be a valid uuid. warnings.warn(('Invalid uuid: %s. To ensure interoperability, '
2026-04-23 14:49:13.842 9 INFO neutron.wsgi [None req-6920ed2d-ad54-4e6a-8abd-96ee54cd96bf 3f903946024040bfa8b7663bd313b45c a102aa7a48764bb59a2190da7e37cd60 - - - -] 10.0.0.89 "DELETE /v2.0/security-groups/eba74fce-bd8e-42a2-81d4-9b5e04b09cf9 HTTP/1.1" status: 204 len: 168 time: 0.1780984
2026-04-23 14:49:14.091 9 INFO neutron.db.ovn_revision_numbers_db [None req-4647c474-c832-4e45-a0c3-904d00e0c38d 3f903946024040bfa8b7663bd313b45c a102aa7a48764bb59a2190da7e37cd60 - - default default] Successfully bumped revision number for resource d91bac97-9269-4c0b-b42f-8024497d92f7 (type: security_groups) to 1
2026-04-23 14:49:14.118 9 INFO neutron.wsgi [None req-4647c474-c832-4e45-a0c3-904d00e0c38d 3f903946024040bfa8b7663bd313b45c a102aa7a48764bb59a2190da7e37cd60 - - default default] 10.0.0.89 "GET /v2.0/security-groups?tenant_id=9947f4e017f0495f8b0aaf85e9e3d2aa&name=default HTTP/1.1" status: 200 len: 3000 time: 0.1684098
2026-04-23 14:49:14.298 9 INFO neutron.wsgi [None req-6084f576-21c2-434f-974d-e86627a7d366 3f903946024040bfa8b7663bd313b45c a102aa7a48764bb59a2190da7e37cd60 - - - -] 10.0.0.89 "DELETE /v2.0/security-groups/d91bac97-9269-4c0b-b42f-8024497d92f7 HTTP/1.1" status: 204 len: 168 time: 0.1754093
2026-04-23 14:49:14.571 9 INFO neutron.db.ovn_revision_numbers_db [None req-29ca18d9-f59d-4336-843f-1168bf627a01 3f903946024040bfa8b7663bd313b45c a102aa7a48764bb59a2190da7e37cd60 - - default default] Successfully bumped revision number for resource a472f1e4-84b2-44cc-a215-df203f9574f6 (type: security_groups) to 1
2026-04-23 14:49:14.595 9 INFO neutron.wsgi [None req-29ca18d9-f59d-4336-843f-1168bf627a01 3f903946024040bfa8b7663bd313b45c a102aa7a48764bb59a2190da7e37cd60 - - default default] 10.0.0.89 "GET /v2.0/security-groups?tenant_id=18897bd5343b437f9912226a0b397c62&name=default HTTP/1.1" status: 200 len: 3000 time: 0.1305835
2026-04-23 14:49:14.687 10 INFO neutron.wsgi [req-c7bfe341-a143-4faa-8abd-dea3684c56b9 req-529c60e6-1e3a-4820-970f-bdabeb09daea ebafbefbdd7b4f1b8c830d896ab37ec9 3da7d79797a3428f9e2192c29d6ca098 - - default default] 10.0.0.17 "GET /v2.0/ports?device_id=dabc2014-75ed-4d87-9fe6-f7d22d40739d HTTP/1.1" status: 200 len: 1400 time: 0.1134126
2026-04-23 14:49:14.742 10 INFO neutron.wsgi [req-c7bfe341-a143-4faa-8abd-dea3684c56b9 req-86e4ed87-b445-40c8-a602-245953a77cc1 ebafbefbdd7b4f1b8c830d896ab37ec9 3da7d79797a3428f9e2192c29d6ca098 - - default default] 10.0.0.17 "GET /v2.0/security-groups?id=f3a8d11d-c9f5-4c80-a45f-19c5ff44c0f3&fields=id&fields=name HTTP/1.1" status: 200 len: 310 time: 0.0490181
2026-04-23 14:49:14.797 9 INFO neutron.wsgi [None req-18283254-cc91-4969-bd5b-506021d144ad 3f903946024040bfa8b7663bd313b45c a102aa7a48764bb59a2190da7e37cd60 - - - -] 10.0.0.89 "DELETE /v2.0/security-groups/a472f1e4-84b2-44cc-a215-df203f9574f6 HTTP/1.1" status: 204 len: 168 time: 0.1964841
2026-04-23 14:49:15.310 9 INFO neutron.notifiers.nova [-] Nova event matching ['req-dfb6b88a-2e47-45d3-bb5d-091a4d4725d8'] response: {'server_uuid': 'dabc2014-75ed-4d87-9fe6-f7d22d40739d', 'name': 'network-vif-plugged', 'status': 'completed', 'tag': '68f26ca8-9b76-4df8-b74d-42c5a0965813', 'code': 200}
2026-04-23 14:49:19.179 10 INFO neutron.wsgi [None req-51d6a27a-880d-40a1-9ea7-ca25d821b13c 154d52729cdd49e0b50e7d97a149ca2c 3ed40f2dbf1e4c01b0ef1f1937fedd1e - - - -] 10.0.0.89 "POST /v2.0/subnetpools HTTP/1.1" status: 201 len: 715 time: 0.2372003
2026-04-23 14:49:19.244 10 INFO neutron.wsgi [None req-aacea129-4f9f-4db3-9c22-200d80e7c7ee 154d52729cdd49e0b50e7d97a149ca2c 3ed40f2dbf1e4c01b0ef1f1937fedd1e - - - -] 10.0.0.89 "POST /v2.0/subnetpools HTTP/1.1" status: 201 len: 715 time: 0.0589859
2026-04-23 14:49:19.308 10 INFO neutron.wsgi [None req-130c31c0-67ca-4e4a-91ac-b02a29dc5084 154d52729cdd49e0b50e7d97a149ca2c 3ed40f2dbf1e4c01b0ef1f1937fedd1e - - - -] 10.0.0.89 "POST /v2.0/subnetpools HTTP/1.1" status: 201 len: 715 time: 0.0589919
2026-04-23 14:49:19.368 10 INFO neutron.wsgi [None req-feeb211b-e8b3-48c5-84e4-83286d1e9094 154d52729cdd49e0b50e7d97a149ca2c 3ed40f2dbf1e4c01b0ef1f1937fedd1e - - - -] 10.0.0.89 "POST /v2.0/subnetpools HTTP/1.1" status: 201 len: 715 time: 0.0547955
2026-04-23 14:49:19.427 10 INFO neutron.wsgi [None req-71c8fba6-63fd-42ce-a506-ba1a1bf82c50 154d52729cdd49e0b50e7d97a149ca2c 3ed40f2dbf1e4c01b0ef1f1937fedd1e - - - -] 10.0.0.89 "POST /v2.0/subnetpools HTTP/1.1" status: 201 len: 715 time: 0.0526774
