2026-04-23 14:48:40.829 10 INFO neutron.services.segments.plugin [-] Segment 3497b7ad-d1d2-4232-a3ab-c6a622196be1 resource provider not found; error: Placement Client Error (4xx): {"errors": [{"status": 404, "title": "Not Found", "detail": "The resource could not be found.\n\n No resource provider with uuid 3497b7ad-d1d2-4232-a3ab-c6a622196be1 found for delete ", "request_id": "req-79b44da7-9151-4c8b-8570-74eff9554c91"}]}
2026-04-23 14:48:40.831 10 INFO neutron.wsgi [None req-97d6ae8f-2a95-4c2b-a989-0b23fe75e00d 3f903946024040bfa8b7663bd313b45c a102aa7a48764bb59a2190da7e37cd60 - - default default] 10.0.0.89 "GET /v2.0/security-groups?tenant_id=9528d8630b464340b076c09527ae068b&name=default HTTP/1.1" status: 200 len: 3000 time: 0.2007928
2026-04-23 14:48:40.833 10 INFO neutron.services.segments.plugin [-] Segment 3497b7ad-d1d2-4232-a3ab-c6a622196be1 resource provider not found; error: Placement Client Error (4xx): {"errors": [{"status": 404, "title": "Not Found", "detail": "The resource could not be found.\n\n No resource provider with uuid 3497b7ad-d1d2-4232-a3ab-c6a622196be1 found for delete ", "request_id": "req-555060c0-b00f-4016-bdb7-132ed0c45f14"}]}
2026-04-23 14:48:40.850 10 INFO neutron.wsgi [None req-23f60357-d45e-44a8-b9ae-003b7e2f817c 3f903946024040bfa8b7663bd313b45c a102aa7a48764bb59a2190da7e37cd60 - - - -] 10.0.0.89 "DELETE /v2.0/networks/2da4aee2-f17b-4d81-a2eb-68f4c15b0cee HTTP/1.1" status: 204 len: 168 time: 0.4796703
2026-04-23 14:48:41.172 9 INFO neutron.wsgi [None req-aeae6e03-d9d4-4d6d-98fd-879be5879028 3f903946024040bfa8b7663bd313b45c a102aa7a48764bb59a2190da7e37cd60 - - - -] 10.0.0.89 "DELETE /v2.0/security-groups/6409e16a-54ae-4693-a29f-5129c3ff4f14 HTTP/1.1" status: 204 len: 168 time: 0.3356192
2026-04-23 14:48:41.401 10 INFO neutron.db.ovn_revision_numbers_db [None req-fd13be62-14b9-4996-aaf5-3fdc443b00fc 3f903946024040bfa8b7663bd313b45c a102aa7a48764bb59a2190da7e37cd60 - - default default] Successfully bumped revision number for resource 15c0be5c-95da-4322-a902-ce0679ef6db7 (type: security_groups) to 1
2026-04-23 14:48:41.425 10 INFO neutron.wsgi [None req-fd13be62-14b9-4996-aaf5-3fdc443b00fc 3f903946024040bfa8b7663bd313b45c a102aa7a48764bb59a2190da7e37cd60 - - default default] 10.0.0.89 "GET /v2.0/security-groups?tenant_id=a8cc0fe7416b460294c7c45d6c3aaeb7&name=default HTTP/1.1" status: 200 len: 3000 time: 0.1361959
2026-04-23 14:48:41.615 10 INFO neutron.wsgi [None req-91df67fc-b1fe-4056-9c6b-4d8592246803 3f903946024040bfa8b7663bd313b45c a102aa7a48764bb59a2190da7e37cd60 - - - -] 10.0.0.89 "DELETE /v2.0/security-groups/15c0be5c-95da-4322-a902-ce0679ef6db7 HTTP/1.1" status: 204 len: 168 time: 0.1852117
2026-04-23 14:48:42.225 9 INFO neutron.wsgi [None req-66824800-6367-4a6f-a447-75426f66b432 3f903946024040bfa8b7663bd313b45c a102aa7a48764bb59a2190da7e37cd60 - - - -] 10.0.0.89 "PUT /v2.0/routers/797362c2-4499-430a-a645-08ab4921895e/remove_router_interface HTTP/1.1" status: 200 len: 503 time: 1.3687828
2026-04-23 14:48:43.033 10 INFO neutron.wsgi [None req-4c92951e-10a7-451f-bad0-69fe7243d6b5 3f903946024040bfa8b7663bd313b45c a102aa7a48764bb59a2190da7e37cd60 - - - -] 10.0.0.89 "DELETE /v2.0/routers/797362c2-4499-430a-a645-08ab4921895e HTTP/1.1" status: 204 len: 168 time: 0.8030508
2026-04-23 14:48:43.290 10 INFO neutron.wsgi [None req-37ce56fe-af2e-4f6b-99c1-ac8f177d9bf6 3f903946024040bfa8b7663bd313b45c a102aa7a48764bb59a2190da7e37cd60 - - - -] 10.0.0.89 "DELETE /v2.0/subnets/1e2bdc0e-87f3-4fd0-a209-9a259ffc6c9e HTTP/1.1" status: 204 len: 168 time: 0.2521253
2026-04-23 14:48:43.724 10 INFO neutron.services.segments.plugin [-] Segment 8c263cd9-c9e4-49e1-a510-86612a03ce50 resource provider aggregate not found
2026-04-23 14:48:43.730 10 INFO neutron.services.segments.plugin [-] Segment 8c263cd9-c9e4-49e1-a510-86612a03ce50 resource provider aggregate not found
2026-04-23 14:48:43.751 10 INFO neutron.services.segments.plugin [-] Segment 8c263cd9-c9e4-49e1-a510-86612a03ce50 resource provider not found; error: Placement Client Error (4xx): {"errors": [{"status": 404, "title": "Not Found", "detail": "The resource could not be found.\n\n No resource provider with uuid 8c263cd9-c9e4-49e1-a510-86612a03ce50 found for delete ", "request_id": "req-a6411cd9-840e-4c0e-b157-c837eb5adb51"}]}
2026-04-23 14:48:43.765 10 INFO neutron.services.segments.plugin [-] Segment 8c263cd9-c9e4-49e1-a510-86612a03ce50 resource provider not found; error: Placement Client Error (4xx): {"errors": [{"status": 404, "title": "Not Found", "detail": "The resource could not be found.\n\n No resource provider with uuid 8c263cd9-c9e4-49e1-a510-86612a03ce50 found for delete ", "request_id": "req-736ef50d-3195-480a-9141-56f214d70207"}]}
2026-04-23 14:48:43.776 10 INFO neutron.wsgi [None req-50102fa8-f557-4734-9975-edc1047bf962 3f903946024040bfa8b7663bd313b45c a102aa7a48764bb59a2190da7e37cd60 - - - -] 10.0.0.89 "DELETE /v2.0/networks/31761dd6-07a8-442c-8123-801f47735bf9 HTTP/1.1" status: 204 len: 168 time: 0.4783549
2026-04-23 14:48:43.899 10 INFO neutron.wsgi [None req-48904f6f-bdf8-4773-a1d6-2060ce1b04ba 3f903946024040bfa8b7663bd313b45c a102aa7a48764bb59a2190da7e37cd60 - - default default] 10.0.0.246 "GET /v2.0/security-groups HTTP/1.1" status: 200 len: 22359 time: 0.1699443
2026-04-23 14:48:43.947 10 INFO neutron.wsgi [None req-4eb96fc8-8be1-4452-be40-7ea7da62afe1 3f903946024040bfa8b7663bd313b45c a102aa7a48764bb59a2190da7e37cd60 - - default default] 10.0.0.246 "GET /v2.0/subnets HTTP/1.1" status: 200 len: 1437 time: 0.0361326
2026-04-23 14:48:43.960 10 INFO neutron.wsgi [None req-1e19c9f9-42a2-4c21-83d4-c7e66cb4cf77 3f903946024040bfa8b7663bd313b45c a102aa7a48764bb59a2190da7e37cd60 - - default default] 10.0.0.246 "GET /v2.0/agents HTTP/1.1" status: 200 len: 997 time: 0.0111854
2026-04-23 14:48:44.001 10 INFO neutron.wsgi [None req-de77633b-26dd-4c93-8c45-cd56fcb2b395 3f903946024040bfa8b7663bd313b45c a102aa7a48764bb59a2190da7e37cd60 - - default default] 10.0.0.246 "GET /v2.0/subnets HTTP/1.1" status: 200 len: 1437 time: 0.0394034
2026-04-23 14:48:44.016 10 INFO neutron.wsgi [None req-c231ec5b-a68c-4055-a116-fbe33dff77fe 3f903946024040bfa8b7663bd313b45c a102aa7a48764bb59a2190da7e37cd60 - - default default] 10.0.0.246 "GET /v2.0/subnetpools HTTP/1.1" status: 200 len: 193 time: 0.0137787
2026-04-23 14:48:44.052 10 INFO neutron.wsgi [None req-5b34cf08-3c89-464b-8e35-104d5079c90c 3f903946024040bfa8b7663bd313b45c a102aa7a48764bb59a2190da7e37cd60 - - default default] 10.0.0.246 "GET /v2.0/ports HTTP/1.1" status: 200 len: 5251 time: 0.0347946
2026-04-23 14:48:44.081 10 INFO neutron.wsgi [None req-89e44629-5a50-4b66-8ef4-1618baf54ccc 3f903946024040bfa8b7663bd313b45c a102aa7a48764bb59a2190da7e37cd60 - - default default] 10.0.0.246 "GET /v2.0/floatingips HTTP/1.1" status: 200 len: 193 time: 0.0269408 /var/lib/openstack/lib/python3.10/site-packages/pycadf/identifier.py:71: UserWarning: Invalid uuid: neutron. To ensure interoperability, identifiers should be a valid uuid. warnings.warn(('Invalid uuid: %s. To ensure interoperability, '
2026-04-23 14:48:44.119 9 INFO neutron.wsgi [None req-3a7c18c8-9a23-4933-b423-b249c4034b1a 3f903946024040bfa8b7663bd313b45c a102aa7a48764bb59a2190da7e37cd60 - - default default] 10.0.0.89 "GET /v2.0/security-groups?tenant_id=3eac63781d9e49a9bd34cad576117891&name=default HTTP/1.1" status: 200 len: 2996 time: 0.0323055
2026-04-23 14:48:44.131 10 INFO neutron.wsgi [None req-cb3566ef-77b9-4db0-80bc-a78e30f5fc81 3f903946024040bfa8b7663bd313b45c a102aa7a48764bb59a2190da7e37cd60 - - default default] 10.0.0.246 "GET /v2.0/networks HTTP/1.1" status: 200 len: 2350 time: 0.0495360
2026-04-23 14:48:44.327 9 INFO neutron.wsgi [None req-b1199ea4-a5ca-4d6c-94eb-38c68d35b324 3f903946024040bfa8b7663bd313b45c a102aa7a48764bb59a2190da7e37cd60 - - - -] 10.0.0.89 "DELETE /v2.0/security-groups/13fe62cc-6a0b-4619-acd9-389314fd22f6 HTTP/1.1" status: 204 len: 168 time: 0.2035034
2026-04-23 14:48:44.575 10 INFO neutron.wsgi [None req-9824e159-a7e1-4221-bc21-aea0e1664dca 3f903946024040bfa8b7663bd313b45c a102aa7a48764bb59a2190da7e37cd60 - - default default] 10.0.0.246 "GET /v2.0/routers HTTP/1.1" status: 200 len: 189 time: 0.4414320
2026-04-23 14:48:44.575 9 INFO neutron.wsgi [None req-46cd2124-0508-4730-bc8d-1ba5f0dc82d6 3f903946024040bfa8b7663bd313b45c a102aa7a48764bb59a2190da7e37cd60 - - default default] 10.0.0.89 "GET /v2.0/security-groups?tenant_id=d095430b50a842ad91bda1630757fbd9&name=default HTTP/1.1" status: 200 len: 2996 time: 0.0383389
2026-04-23 14:48:44.586 10 INFO neutron.wsgi [None req-42f1a02e-60a8-4f4b-ac63-e28578865281 3f903946024040bfa8b7663bd313b45c a102aa7a48764bb59a2190da7e37cd60 - - default default] 10.0.0.246 "GET /v2.0/agents?binary=ovn-controller HTTP/1.1" status: 200 len: 591 time: 0.0099125
2026-04-23 14:48:44.599 10 INFO neutron.wsgi [None req-d0b2bdb8-ec47-4378-8516-603eccf9f103 3f903946024040bfa8b7663bd313b45c a102aa7a48764bb59a2190da7e37cd60 - - default default] 10.0.0.246 "GET /v2.0/network-ip-availabilities HTTP/1.1" status: 200 len: 1280 time: 0.0103512
2026-04-23 14:48:44.807 9 INFO neutron.wsgi [None req-3605df61-ffe2-4792-a80b-dd9f2f19f978 3f903946024040bfa8b7663bd313b45c a102aa7a48764bb59a2190da7e37cd60 - - - -] 10.0.0.89 "DELETE /v2.0/security-groups/c80d61d7-480e-4336-bfc3-bfb0db2f53b9 HTTP/1.1" status: 204 len: 168 time: 0.2209098
2026-04-23 14:48:49.515 9 INFO neutron.db.ovn_revision_numbers_db [None req-bd9a632b-bb31-4639-9123-48eb3b719518 5661e5f1c35d441a9bd9523998bcbf2a ddc4c330cb104942b31e1cca94f53d14 - - - -] Successfully bumped revision number for resource ae7c1b94-f80d-4723-ab5a-28027db3428d (type: security_groups) to 1
2026-04-23 14:48:49.570 9 INFO neutron.db.segments_db [None req-bd9a632b-bb31-4639-9123-48eb3b719518 5661e5f1c35d441a9bd9523998bcbf2a ddc4c330cb104942b31e1cca94f53d14 - - - -] Added segment 02e01bb1-9116-44ea-998e-6d0187c1bf78 of type geneve for network 76ecf824-267c-49db-bb2f-f8d7cfcca51e
2026-04-23 14:48:49.698 9 INFO neutron.db.ovn_revision_numbers_db [None req-bd9a632b-bb31-4639-9123-48eb3b719518 5661e5f1c35d441a9bd9523998bcbf2a ddc4c330cb104942b31e1cca94f53d14 - - - -] Successfully bumped revision number for resource 76ecf824-267c-49db-bb2f-f8d7cfcca51e (type: networks) to 1
2026-04-23 14:48:49.911 9 WARNING neutron.scheduler.dhcp_agent_scheduler [None req-bd9a632b-bb31-4639-9123-48eb3b719518 5661e5f1c35d441a9bd9523998bcbf2a ddc4c330cb104942b31e1cca94f53d14 - - - -] No more DHCP agents
2026-04-23 14:48:49.916 9 WARNING neutron.api.rpc.agentnotifiers.dhcp_rpc_agent_api [None req-bd9a632b-bb31-4639-9123-48eb3b719518 5661e5f1c35d441a9bd9523998bcbf2a ddc4c330cb104942b31e1cca94f53d14 - - - -] Unable to schedule network 76ecf824-267c-49db-bb2f-f8d7cfcca51e: no agents available; will retry on subsequent port and subnet creation events.
2026-04-23 14:48:49.994 9 INFO neutron.db.ovn_revision_numbers_db [None req-bd9a632b-bb31-4639-9123-48eb3b719518 5661e5f1c35d441a9bd9523998bcbf2a ddc4c330cb104942b31e1cca94f53d14 - - - -] Successfully bumped revision number for resource ca5bf430-8a94-49de-98ee-3a55c541abd7 (type: ports) to 1
2026-04-23 14:48:50.016 9 INFO neutron.wsgi [None req-bd9a632b-bb31-4639-9123-48eb3b719518 5661e5f1c35d441a9bd9523998bcbf2a ddc4c330cb104942b31e1cca94f53d14 - - - -] 10.0.0.89 "POST /v2.0/networks HTTP/1.1" status: 201 len: 929 time: 0.8663366
2026-04-23 14:48:50.228 9 WARNING neutron.scheduler.dhcp_agent_scheduler [None req-e510fe40-8da5-45cd-b18d-d5008451ab22 5661e5f1c35d441a9bd9523998bcbf2a ddc4c330cb104942b31e1cca94f53d14 - - - -] No more DHCP agents
2026-04-23 14:48:50.233 9 WARNING neutron.api.rpc.agentnotifiers.dhcp_rpc_agent_api [None req-e510fe40-8da5-45cd-b18d-d5008451ab22 5661e5f1c35d441a9bd9523998bcbf2a ddc4c330cb104942b31e1cca94f53d14 - - - -] Unable to schedule network 76ecf824-267c-49db-bb2f-f8d7cfcca51e: no agents available; will retry on subsequent port and subnet creation events.
2026-04-23 14:48:50.779 9 INFO neutron.db.ovn_revision_numbers_db [None req-e510fe40-8da5-45cd-b18d-d5008451ab22 5661e5f1c35d441a9bd9523998bcbf2a ddc4c330cb104942b31e1cca94f53d14 - - - -] Successfully bumped revision number for resource ca5bf430-8a94-49de-98ee-3a55c541abd7 (type: ports) to 2
2026-04-23 14:48:50.795 9 INFO neutron.db.ovn_revision_numbers_db [None req-e510fe40-8da5-45cd-b18d-d5008451ab22 5661e5f1c35d441a9bd9523998bcbf2a ddc4c330cb104942b31e1cca94f53d14 - - - -] Successfully bumped revision number for resource f16e6410-5ca4-4e77-86ae-e9794e647152 (type: subnets) to 0
2026-04-23 14:48:50.810 9 INFO neutron.wsgi [None req-e510fe40-8da5-45cd-b18d-d5008451ab22 5661e5f1c35d441a9bd9523998bcbf2a ddc4c330cb104942b31e1cca94f53d14 - - - -] 10.0.0.89 "POST /v2.0/subnets HTTP/1.1" status: 201 len: 819 time: 0.7875338
2026-04-23 14:48:50.819 9 WARNING neutron.api.v2.base [None req-e4912051-87e1-4a22-a547-df2cdd838d57 5661e5f1c35d441a9bd9523998bcbf2a ddc4c330cb104942b31e1cca94f53d14 - - - -] An exception happened while processing the request body. The exception message is [Invalid input for target_tenant. Reason: 'None' is not a valid string.].: webob.exc.HTTPBadRequest: Invalid input for target_tenant. Reason: 'None' is not a valid string.
2026-04-23 14:48:50.820 9 INFO neutron.api.v2.resource [None req-e4912051-87e1-4a22-a547-df2cdd838d57 5661e5f1c35d441a9bd9523998bcbf2a ddc4c330cb104942b31e1cca94f53d14 - - - -] create failed (client error): Invalid input for target_tenant. Reason: 'None' is not a valid string.
2026-04-23 14:48:50.822 9 INFO neutron.wsgi [None req-e4912051-87e1-4a22-a547-df2cdd838d57 5661e5f1c35d441a9bd9523998bcbf2a ddc4c330cb104942b31e1cca94f53d14 - - - -] 10.0.0.89 "POST /v2.0/rbac-policies HTTP/1.1" status: 400 len: 346 time: 0.0074921
2026-04-23 14:48:51.064 9 INFO neutron.wsgi [-] 10.0.0.96 "GET / HTTP/1.1" status: 200 len: 247 time: 0.0014188
2026-04-23 14:48:51.066 9 INFO neutron.wsgi [-] 10.0.0.96 "GET / HTTP/1.1" status: 200 len: 247 time: 0.0010788
2026-04-23 14:48:51.421 9 INFO neutron.services.segments.plugin [-] Segment 02e01bb1-9116-44ea-998e-6d0187c1bf78 resource provider aggregate not found
2026-04-23 14:48:51.426 9 INFO neutron.services.segments.plugin [-] Segment 02e01bb1-9116-44ea-998e-6d0187c1bf78 resource provider aggregate not found
2026-04-23 14:48:51.458 9 INFO neutron.services.segments.plugin [-] Segment 02e01bb1-9116-44ea-998e-6d0187c1bf78 resource provider not found; error: Placement Client Error (4xx): {"errors": [{"status": 404, "title": "Not Found", "detail": "The resource could not be found.\n\n No resource provider with uuid 02e01bb1-9116-44ea-998e-6d0187c1bf78 found for delete ", "request_id": "req-02cb7a0a-3c73-4b25-b94a-ac91ccf8f373"}]}
2026-04-23 14:48:51.458 9 INFO neutron.services.segments.plugin [-] Segment 02e01bb1-9116-44ea-998e-6d0187c1bf78 resource provider not found; error: Placement Client Error (4xx): {"errors": [{"status": 404, "title": "Not Found", "detail": "The resource could not be found.\n\n No resource provider with uuid 02e01bb1-9116-44ea-998e-6d0187c1bf78 found for delete ", "request_id": "req-03012245-d030-4499-b099-a924d331b8ac"}]}
2026-04-23 14:48:51.498 9 INFO neutron.wsgi [None req-12705175-106d-4834-a8f2-7513a11f8179 5661e5f1c35d441a9bd9523998bcbf2a ddc4c330cb104942b31e1cca94f53d14 - - - -] 10.0.0.89 "DELETE /v2.0/networks/76ecf824-267c-49db-bb2f-f8d7cfcca51e HTTP/1.1" status: 204 len: 168 time: 0.6713827
2026-04-23 14:48:51.600 10 INFO neutron.db.segments_db [None req-7b9901a8-d4d6-4834-b225-b38bad2479b8 5661e5f1c35d441a9bd9523998bcbf2a ddc4c330cb104942b31e1cca94f53d14 - - - -] Added segment 3835c075-ac03-477d-b511-f4ab560fa08d of type geneve for network 74e2abfd-1a65-40e0-bab6-3a466586f004
2026-04-23 14:48:51.744 10 INFO neutron.db.ovn_revision_numbers_db [None req-7b9901a8-d4d6-4834-b225-b38bad2479b8 5661e5f1c35d441a9bd9523998bcbf2a ddc4c330cb104942b31e1cca94f53d14 - - - -] Successfully bumped revision number for resource 74e2abfd-1a65-40e0-bab6-3a466586f004 (type: networks) to 1
2026-04-23 14:48:51.927 9 INFO neutron.db.ovn_revision_numbers_db [None req-2f0f68d8-9250-40d8-aafd-2fefb5a7e7db ebafbefbdd7b4f1b8c830d896ab37ec9 3da7d79797a3428f9e2192c29d6ca098 - - - -] Successfully bumped revision number for resource a991960f-02b2-49f7-a76a-f51254cf579d (type: security_groups) to 1
2026-04-23 14:48:51.943 10 WARNING neutron.scheduler.dhcp_agent_scheduler [None req-7b9901a8-d4d6-4834-b225-b38bad2479b8 5661e5f1c35d441a9bd9523998bcbf2a ddc4c330cb104942b31e1cca94f53d14 - - - -] No more DHCP agents
2026-04-23 14:48:51.944 10 WARNING neutron.api.rpc.agentnotifiers.dhcp_rpc_agent_api [None req-7b9901a8-d4d6-4834-b225-b38bad2479b8 5661e5f1c35d441a9bd9523998bcbf2a ddc4c330cb104942b31e1cca94f53d14 - - - -] Unable to schedule network 74e2abfd-1a65-40e0-bab6-3a466586f004: no agents available; will retry on subsequent port and subnet creation events.
2026-04-23 14:48:51.989 9 INFO neutron.db.segments_db [None req-2f0f68d8-9250-40d8-aafd-2fefb5a7e7db ebafbefbdd7b4f1b8c830d896ab37ec9 3da7d79797a3428f9e2192c29d6ca098 - - - -] Added segment 2ddb7ebb-64cb-4cd8-a600-ec884b5ff45f of type geneve for network 328b425e-88e6-4b30-9338-cbd135a6dd1d
2026-04-23 14:48:52.044 10 INFO neutron.db.ovn_revision_numbers_db [None req-7b9901a8-d4d6-4834-b225-b38bad2479b8 5661e5f1c35d441a9bd9523998bcbf2a ddc4c330cb104942b31e1cca94f53d14 - - - -] Successfully bumped revision number for resource e524a65e-6791-4988-9871-ddc52b8de9fe (type: ports) to 1
2026-04-23 14:48:52.065 10 INFO neutron.wsgi [None req-7b9901a8-d4d6-4834-b225-b38bad2479b8 5661e5f1c35d441a9bd9523998bcbf2a ddc4c330cb104942b31e1cca94f53d14 - - - -] 10.0.0.89 "POST /v2.0/networks HTTP/1.1" status: 201 len: 929 time: 0.5620599
2026-04-23 14:48:52.125 9 INFO neutron.db.ovn_revision_numbers_db [None req-2f0f68d8-9250-40d8-aafd-2fefb5a7e7db ebafbefbdd7b4f1b8c830d896ab37ec9 3da7d79797a3428f9e2192c29d6ca098 - - - -] Successfully bumped revision number for resource 328b425e-88e6-4b30-9338-cbd135a6dd1d (type: networks) to 1
2026-04-23 14:48:52.262 10 WARNING neutron.scheduler.dhcp_agent_scheduler [None req-c5d98d6e-797d-45da-bf2c-bf9f209f80c6 5661e5f1c35d441a9bd9523998bcbf2a ddc4c330cb104942b31e1cca94f53d14 - - - -] No more DHCP agents
2026-04-23 14:48:52.267 10 WARNING neutron.api.rpc.agentnotifiers.dhcp_rpc_agent_api [None req-c5d98d6e-797d-45da-bf2c-bf9f209f80c6 5661e5f1c35d441a9bd9523998bcbf2a ddc4c330cb104942b31e1cca94f53d14 - - - -] Unable to schedule network 74e2abfd-1a65-40e0-bab6-3a466586f004: no agents available; will retry on subsequent port and subnet creation events.
2026-04-23 14:48:52.333 9 WARNING neutron.scheduler.dhcp_agent_scheduler [None req-2f0f68d8-9250-40d8-aafd-2fefb5a7e7db ebafbefbdd7b4f1b8c830d896ab37ec9 3da7d79797a3428f9e2192c29d6ca098 - - - -] No more DHCP agents
2026-04-23 14:48:52.335 9 WARNING neutron.api.rpc.agentnotifiers.dhcp_rpc_agent_api [None req-2f0f68d8-9250-40d8-aafd-2fefb5a7e7db ebafbefbdd7b4f1b8c830d896ab37ec9 3da7d79797a3428f9e2192c29d6ca098 - - - -] Unable to schedule network 328b425e-88e6-4b30-9338-cbd135a6dd1d: no agents available; will retry on subsequent port and subnet creation events.
2026-04-23 14:48:52.422 9 INFO neutron.db.ovn_revision_numbers_db [None req-2f0f68d8-9250-40d8-aafd-2fefb5a7e7db ebafbefbdd7b4f1b8c830d896ab37ec9 3da7d79797a3428f9e2192c29d6ca098 - - - -] Successfully bumped revision number for resource 0eb076e1-cd3f-4931-a1e5-e7ac82b7c661 (type: ports) to 1
2026-04-23 14:48:52.449 9 INFO neutron.wsgi [None req-2f0f68d8-9250-40d8-aafd-2fefb5a7e7db ebafbefbdd7b4f1b8c830d896ab37ec9 3da7d79797a3428f9e2192c29d6ca098 - - - -] 10.0.0.89 "POST /v2.0/networks HTTP/1.1" status: 201 len: 838 time: 0.8305891
2026-04-23 14:48:52.851 10 WARNING neutron.scheduler.dhcp_agent_scheduler [None req-8e0edb28-a54e-42f4-b4e1-5d75693ad8b7 ebafbefbdd7b4f1b8c830d896ab37ec9 3da7d79797a3428f9e2192c29d6ca098 - - - -] No more DHCP agents
2026-04-23 14:48:52.872 10 WARNING neutron.api.rpc.agentnotifiers.dhcp_rpc_agent_api [None req-8e0edb28-a54e-42f4-b4e1-5d75693ad8b7 ebafbefbdd7b4f1b8c830d896ab37ec9 3da7d79797a3428f9e2192c29d6ca098 - - - -] Unable to schedule network 328b425e-88e6-4b30-9338-cbd135a6dd1d: no agents available; will retry on subsequent port and subnet creation events.
2026-04-23 14:48:52.998 10 INFO neutron.db.ovn_revision_numbers_db [None req-c5d98d6e-797d-45da-bf2c-bf9f209f80c6 5661e5f1c35d441a9bd9523998bcbf2a ddc4c330cb104942b31e1cca94f53d14 - - - -] Successfully bumped revision number for resource e524a65e-6791-4988-9871-ddc52b8de9fe (type: ports) to 2
2026-04-23 14:48:53.029 10 INFO neutron.db.ovn_revision_numbers_db [None req-c5d98d6e-797d-45da-bf2c-bf9f209f80c6 5661e5f1c35d441a9bd9523998bcbf2a ddc4c330cb104942b31e1cca94f53d14 - - - -] Successfully bumped revision number for resource 847641fc-d383-4331-a787-c276128496eb (type: subnets) to 0
2026-04-23 14:48:53.052 10 INFO neutron.wsgi [None req-c5d98d6e-797d-45da-bf2c-bf9f209f80c6 5661e5f1c35d441a9bd9523998bcbf2a ddc4c330cb104942b31e1cca94f53d14 - - - -] 10.0.0.89 "POST /v2.0/subnets HTTP/1.1" status: 201 len: 822 time: 0.9808104
2026-04-23 14:48:53.064 9 WARNING neutron.api.v2.base [None req-857ed44b-34ed-4b67-8dfe-c8c62d2598db 5661e5f1c35d441a9bd9523998bcbf2a ddc4c330cb104942b31e1cca94f53d14 - - - -] An exception happened while processing the request body. The exception message is [Invalid input for target_tenant. Reason: '1234123412341234123412341234123412341234123412341234123412341234123412341234123412341234123412341234123412341234123412341234123412341234123412341234123412341234123412341234123412341234123412341234123412341234123412341234123412341234123412341234123412341234123412341234123412341234123412341234123412341234123412341234123412341234123412341234123412341234123412341234123412341234123412341234123412341234' exceeds maximum length of 255.].: webob.exc.HTTPBadRequest: Invalid input for target_tenant. Reason: '1234123412341234123412341234123412341234123412341234123412341234123412341234123412341234123412341234123412341234123412341234123412341234123412341234123412341234123412341234123412341234123412341234123412341234123412341234123412341234123412341234123412341234123412341234123412341234123412341234123412341234123412341234123412341234123412341234123412341234123412341234123412341234123412341234123412341234' exceeds maximum length of 255.
2026-04-23 14:48:53.065 9 INFO neutron.api.v2.resource [None req-857ed44b-34ed-4b67-8dfe-c8c62d2598db 5661e5f1c35d441a9bd9523998bcbf2a ddc4c330cb104942b31e1cca94f53d14 - - - -] create failed (client error): Invalid input for target_tenant. Reason: '1234123412341234123412341234123412341234123412341234123412341234123412341234123412341234123412341234123412341234123412341234123412341234123412341234123412341234123412341234123412341234123412341234123412341234123412341234123412341234123412341234123412341234123412341234123412341234123412341234123412341234123412341234123412341234123412341234123412341234123412341234123412341234123412341234123412341234' exceeds maximum length of 255.
2026-04-23 14:48:53.067 9 INFO neutron.wsgi [None req-857ed44b-34ed-4b67-8dfe-c8c62d2598db 5661e5f1c35d441a9bd9523998bcbf2a ddc4c330cb104942b31e1cca94f53d14 - - - -] 10.0.0.89 "POST /v2.0/rbac-policies HTTP/1.1" status: 400 len: 750 time: 0.0093136
2026-04-23 14:48:53.492 10 INFO neutron.db.ovn_revision_numbers_db [None req-8e0edb28-a54e-42f4-b4e1-5d75693ad8b7 ebafbefbdd7b4f1b8c830d896ab37ec9 3da7d79797a3428f9e2192c29d6ca098 - - - -] Successfully bumped revision number for resource 0eb076e1-cd3f-4931-a1e5-e7ac82b7c661 (type: ports) to 2
2026-04-23 14:48:53.511 10 INFO neutron.db.ovn_revision_numbers_db [None req-8e0edb28-a54e-42f4-b4e1-5d75693ad8b7 ebafbefbdd7b4f1b8c830d896ab37ec9 3da7d79797a3428f9e2192c29d6ca098 - - - -] Successfully bumped revision number for resource bfcfdbca-82af-4c1c-9abc-b74eec974fca (type: subnets) to 0
2026-04-23 14:48:53.533 10 INFO neutron.wsgi [None req-8e0edb28-a54e-42f4-b4e1-5d75693ad8b7 ebafbefbdd7b4f1b8c830d896ab37ec9 3da7d79797a3428f9e2192c29d6ca098 - - - -] 10.0.0.89 "POST /v2.0/subnets HTTP/1.1" status: 201 len: 833 time: 1.0796690
2026-04-23 14:48:53.638 10 INFO neutron.wsgi [None req-e1a28db5-e4ee-42f9-9c12-5a9ae4e5492c 83c1f81e036a4473b9f5fa0e8092cb65 c0395a89f5e549059d35c8b3faa8bc2f - - default default] 10.0.0.89 "GET /v2.0/subnetpools?name=shared-default-subnetpool-v6 HTTP/1.1" status: 200 len: 212 time: 0.0834212
2026-04-23 14:48:53.736 9 INFO neutron.services.segments.plugin [-] Segment 3835c075-ac03-477d-b511-f4ab560fa08d resource provider aggregate not found
2026-04-23 14:48:53.742 9 INFO neutron.services.segments.plugin [-] Segment 3835c075-ac03-477d-b511-f4ab560fa08d resource provider aggregate not found
2026-04-23 14:48:53.758 9 INFO neutron.services.segments.plugin [-] Segment 3835c075-ac03-477d-b511-f4ab560fa08d resource provider not found; error: Placement Client Error (4xx): {"errors": [{"status": 404, "title": "Not Found", "detail": "The resource could not be found.\n\n No resource provider with uuid 3835c075-ac03-477d-b511-f4ab560fa08d found for delete ", "request_id": "req-51708b6f-f2d7-4868-a733-28c3f3245ac4"}]}
2026-04-23 14:48:53.759 9 INFO neutron.services.segments.plugin [-] Segment 3835c075-ac03-477d-b511-f4ab560fa08d resource provider not found; error: Placement Client Error (4xx): {"errors": [{"status": 404, "title": "Not Found", "detail": "The resource could not be found.\n\n No resource provider with uuid 3835c075-ac03-477d-b511-f4ab560fa08d found for delete ", "request_id": "req-13f71b8d-03a4-4ec1-a8a7-ec5a71f729c9"}]}
2026-04-23 14:48:53.779 9 INFO neutron.wsgi [None req-aa438ade-f4e1-42ed-80a0-693554609772 5661e5f1c35d441a9bd9523998bcbf2a ddc4c330cb104942b31e1cca94f53d14 - - - -] 10.0.0.89 "DELETE /v2.0/networks/74e2abfd-1a65-40e0-bab6-3a466586f004 HTTP/1.1" status: 204 len: 168 time: 0.7045753
2026-04-23 14:48:53.864 9 INFO neutron.db.segments_db [None req-c58af393-f8a7-4467-b24b-f5d0b3b565b9 5661e5f1c35d441a9bd9523998bcbf2a ddc4c330cb104942b31e1cca94f53d14 - - - -] Added segment 685c580e-91a5-43c2-a31b-3576ceb80e66 of type geneve for network 55f03123-6ce2-450a-a4c1-20aa0f274b72
2026-04-23 14:48:53.982 10 WARNING neutron.scheduler.dhcp_agent_scheduler [None req-3390981a-8ca1-434b-9576-e50540b5d412 ebafbefbdd7b4f1b8c830d896ab37ec9 3da7d79797a3428f9e2192c29d6ca098 - - - -] No more DHCP agents
2026-04-23 14:48:53.984 10 WARNING neutron.api.rpc.agentnotifiers.dhcp_rpc_agent_api [None req-3390981a-8ca1-434b-9576-e50540b5d412 ebafbefbdd7b4f1b8c830d896ab37ec9 3da7d79797a3428f9e2192c29d6ca098 - - - -] Unable to schedule network 328b425e-88e6-4b30-9338-cbd135a6dd1d: no agents available; will retry on subsequent port and subnet creation events.
2026-04-23 14:48:53.987 9 INFO neutron.db.ovn_revision_numbers_db [None req-c58af393-f8a7-4467-b24b-f5d0b3b565b9 5661e5f1c35d441a9bd9523998bcbf2a ddc4c330cb104942b31e1cca94f53d14 - - - -] Successfully bumped revision number for resource 55f03123-6ce2-450a-a4c1-20aa0f274b72 (type: networks) to 1
2026-04-23 14:48:53.998 10 INFO neutron.db.ovn_revision_numbers_db [None req-3390981a-8ca1-434b-9576-e50540b5d412 ebafbefbdd7b4f1b8c830d896ab37ec9 3da7d79797a3428f9e2192c29d6ca098 - - - -] Successfully bumped revision number for resource faa7b592-3b41-4c24-a6f2-bce35ebd5748 (type: subnets) to 0
2026-04-23 14:48:54.016 10 INFO neutron.wsgi [None req-3390981a-8ca1-434b-9576-e50540b5d412 ebafbefbdd7b4f1b8c830d896ab37ec9 3da7d79797a3428f9e2192c29d6ca098 - - - -] 10.0.0.89 "POST /v2.0/subnets HTTP/1.1" status: 201 len: 907 time: 0.3713586
2026-04-23 14:48:54.115 10 INFO neutron.db.segments_db [None req-26b9bd37-f05c-4e6f-b332-8f30f156d7c6 ebafbefbdd7b4f1b8c830d896ab37ec9 3da7d79797a3428f9e2192c29d6ca098 - - - -] Added segment d70cbaf7-6f0e-41ef-b5f6-7d0d15ecc2fc of type geneve for network 8c42f5c6-f396-446b-bebf-cb9f040aeb3a
2026-04-23 14:48:54.178 9 WARNING neutron.scheduler.dhcp_agent_scheduler [None req-c58af393-f8a7-4467-b24b-f5d0b3b565b9 5661e5f1c35d441a9bd9523998bcbf2a ddc4c330cb104942b31e1cca94f53d14 - - - -] No more DHCP agents
2026-04-23 14:48:54.181 9 WARNING neutron.api.rpc.agentnotifiers.dhcp_rpc_agent_api [None req-c58af393-f8a7-4467-b24b-f5d0b3b565b9 5661e5f1c35d441a9bd9523998bcbf2a ddc4c330cb104942b31e1cca94f53d14 - - - -] Unable to schedule network 55f03123-6ce2-450a-a4c1-20aa0f274b72: no agents available; will retry on subsequent port and subnet creation events.
2026-04-23 14:48:54.256 9 INFO neutron.db.ovn_revision_numbers_db [None req-c58af393-f8a7-4467-b24b-f5d0b3b565b9 5661e5f1c35d441a9bd9523998bcbf2a ddc4c330cb104942b31e1cca94f53d14 - - - -] Successfully bumped revision number for resource 31834afc-b579-488a-b691-2c52f55091bd (type: ports) to 1
2026-04-23 14:48:54.261 10 INFO neutron.db.ovn_revision_numbers_db [None req-26b9bd37-f05c-4e6f-b332-8f30f156d7c6 ebafbefbdd7b4f1b8c830d896ab37ec9 3da7d79797a3428f9e2192c29d6ca098 - - - -] Successfully bumped revision number for resource 8c42f5c6-f396-446b-bebf-cb9f040aeb3a (type: networks) to 1
2026-04-23 14:48:54.286 9 INFO neutron.wsgi [None req-c58af393-f8a7-4467-b24b-f5d0b3b565b9 5661e5f1c35d441a9bd9523998bcbf2a ddc4c330cb104942b31e1cca94f53d14 - - - -] 10.0.0.89 "POST /v2.0/networks HTTP/1.1" status: 201 len: 928 time: 0.4981365
2026-04-23 14:48:54.471 9 WARNING neutron.scheduler.dhcp_agent_scheduler [None req-3aaeb349-f88d-4dae-8648-8c0b0a5e2e54 5661e5f1c35d441a9bd9523998bcbf2a ddc4c330cb104942b31e1cca94f53d14 - - - -] No more DHCP agents
2026-04-23 14:48:54.474 9 WARNING neutron.api.rpc.agentnotifiers.dhcp_rpc_agent_api [None req-3aaeb349-f88d-4dae-8648-8c0b0a5e2e54 5661e5f1c35d441a9bd9523998bcbf2a ddc4c330cb104942b31e1cca94f53d14 - - - -] Unable to schedule network 55f03123-6ce2-450a-a4c1-20aa0f274b72: no agents available; will retry on subsequent port and subnet creation events.
2026-04-23 14:48:54.479 10 WARNING neutron.scheduler.dhcp_agent_scheduler [None req-26b9bd37-f05c-4e6f-b332-8f30f156d7c6 ebafbefbdd7b4f1b8c830d896ab37ec9 3da7d79797a3428f9e2192c29d6ca098 - - - -] No more DHCP agents
2026-04-23 14:48:54.481 10 WARNING neutron.api.rpc.agentnotifiers.dhcp_rpc_agent_api [None req-26b9bd37-f05c-4e6f-b332-8f30f156d7c6 ebafbefbdd7b4f1b8c830d896ab37ec9 3da7d79797a3428f9e2192c29d6ca098 - - - -] Unable to schedule network 8c42f5c6-f396-446b-bebf-cb9f040aeb3a: no agents available; will retry on subsequent port and subnet creation events.
2026-04-23 14:48:54.561 10 INFO neutron.db.ovn_revision_numbers_db [None req-26b9bd37-f05c-4e6f-b332-8f30f156d7c6 ebafbefbdd7b4f1b8c830d896ab37ec9 3da7d79797a3428f9e2192c29d6ca098 - - - -] Successfully bumped revision number for resource 87592788-b647-4ff9-8539-898a670e0bb4 (type: ports) to 1
2026-04-23 14:48:54.587 10 INFO neutron.wsgi [None req-26b9bd37-f05c-4e6f-b332-8f30f156d7c6 ebafbefbdd7b4f1b8c830d896ab37ec9 3da7d79797a3428f9e2192c29d6ca098 - - - -] 10.0.0.89 "POST /v2.0/networks HTTP/1.1" status: 201 len: 837 time: 0.5648541
2026-04-23 14:48:54.863 10 WARNING neutron.scheduler.dhcp_agent_scheduler [None req-8790f898-308f-4b08-9760-87a8b95eb4d8 ebafbefbdd7b4f1b8c830d896ab37ec9 3da7d79797a3428f9e2192c29d6ca098 - - - -] No more DHCP agents
2026-04-23 14:48:54.865 10 WARNING neutron.api.rpc.agentnotifiers.dhcp_rpc_agent_api [None req-8790f898-308f-4b08-9760-87a8b95eb4d8 ebafbefbdd7b4f1b8c830d896ab37ec9 3da7d79797a3428f9e2192c29d6ca098 - - - -] Unable to schedule network 8c42f5c6-f396-446b-bebf-cb9f040aeb3a: no agents available; will retry on subsequent port and subnet creation events.
2026-04-23 14:48:54.992 9 INFO neutron.db.ovn_revision_numbers_db [None req-3aaeb349-f88d-4dae-8648-8c0b0a5e2e54 5661e5f1c35d441a9bd9523998bcbf2a ddc4c330cb104942b31e1cca94f53d14 - - - -] Successfully bumped revision number for resource 31834afc-b579-488a-b691-2c52f55091bd (type: ports) to 2
2026-04-23 14:48:55.010 9 INFO neutron.db.ovn_revision_numbers_db [None req-3aaeb349-f88d-4dae-8648-8c0b0a5e2e54 5661e5f1c35d441a9bd9523998bcbf2a ddc4c330cb104942b31e1cca94f53d14 - - - -] Successfully bumped revision number for resource f32cf48f-8718-4bb7-b75f-db20296c2796 (type: subnets) to 0
2026-04-23 14:48:55.042 9 INFO neutron.wsgi [None req-3aaeb349-f88d-4dae-8648-8c0b0a5e2e54 5661e5f1c35d441a9bd9523998bcbf2a ddc4c330cb104942b31e1cca94f53d14 - - - -] 10.0.0.89 "POST /v2.0/subnets HTTP/1.1" status: 201 len: 822 time: 0.7524951
2026-04-23 14:48:55.367 10 INFO neutron.db.ovn_revision_numbers_db [None req-8790f898-308f-4b08-9760-87a8b95eb4d8 ebafbefbdd7b4f1b8c830d896ab37ec9 3da7d79797a3428f9e2192c29d6ca098 - - - -] Successfully bumped revision number for resource 87592788-b647-4ff9-8539-898a670e0bb4 (type: ports) to 2
2026-04-23 14:48:55.383 10 INFO neutron.db.ovn_revision_numbers_db [None req-8790f898-308f-4b08-9760-87a8b95eb4d8 ebafbefbdd7b4f1b8c830d896ab37ec9 3da7d79797a3428f9e2192c29d6ca098 - - - -] Successfully bumped revision number for resource f88fc896-023d-4b67-8ef5-15f52df1e432 (type: subnets) to 0
2026-04-23 14:48:55.401 10 INFO neutron.wsgi [None req-8790f898-308f-4b08-9760-87a8b95eb4d8 ebafbefbdd7b4f1b8c830d896ab37ec9 3da7d79797a3428f9e2192c29d6ca098 - - - -] 10.0.0.89 "POST /v2.0/subnets HTTP/1.1" status: 201 len: 830 time: 0.8078580
2026-04-23 14:48:55.444 9 INFO neutron.wsgi [None req-e2018933-c43c-45a5-a42b-92b161a19c55 5661e5f1c35d441a9bd9523998bcbf2a ddc4c330cb104942b31e1cca94f53d14 - - - -] 10.0.0.89 "POST /v2.0/rbac-policies HTTP/1.1" status: 201 len: 523 time: 0.3766220
2026-04-23 14:48:55.699 10 WARNING neutron.scheduler.dhcp_agent_scheduler [None req-42ba51a7-fb60-46d3-9181-56a544d6a897 ebafbefbdd7b4f1b8c830d896ab37ec9 3da7d79797a3428f9e2192c29d6ca098 - - - -] No more DHCP agents
2026-04-23 14:48:55.701 10 WARNING neutron.api.rpc.agentnotifiers.dhcp_rpc_agent_api [None req-42ba51a7-fb60-46d3-9181-56a544d6a897 ebafbefbdd7b4f1b8c830d896ab37ec9 3da7d79797a3428f9e2192c29d6ca098 - - - -] Unable to schedule network 8c42f5c6-f396-446b-bebf-cb9f040aeb3a: no agents available; will retry on subsequent port and subnet creation events.
2026-04-23 14:48:55.713 10 INFO neutron.db.ovn_revision_numbers_db [None req-42ba51a7-fb60-46d3-9181-56a544d6a897 ebafbefbdd7b4f1b8c830d896ab37ec9 3da7d79797a3428f9e2192c29d6ca098 - - - -] Successfully bumped revision number for resource 6946beb4-361c-4866-8133-19b29da497a2 (type: subnets) to 0
2026-04-23 14:48:55.727 10 INFO neutron.wsgi [None req-42ba51a7-fb60-46d3-9181-56a544d6a897 ebafbefbdd7b4f1b8c830d896ab37ec9 3da7d79797a3428f9e2192c29d6ca098 - - - -] 10.0.0.89 "POST /v2.0/subnets HTTP/1.1" status: 201 len: 900 time: 0.3219795
2026-04-23 14:48:55.816 10 INFO neutron.db.segments_db [None req-f20db17c-4e89-4b00-bc41-6ea184517960 ebafbefbdd7b4f1b8c830d896ab37ec9 3da7d79797a3428f9e2192c29d6ca098 - - - -] Added segment 621f6fe7-818c-4f0d-8e12-f1e9d52a46b9 of type geneve for network 46bf66cf-9399-4016-837f-0520e791939c
2026-04-23 14:48:55.937 10 INFO neutron.db.ovn_revision_numbers_db [None req-f20db17c-4e89-4b00-bc41-6ea184517960 ebafbefbdd7b4f1b8c830d896ab37ec9 3da7d79797a3428f9e2192c29d6ca098 - - - -] Successfully bumped revision number for resource 46bf66cf-9399-4016-837f-0520e791939c (type: networks) to 1
2026-04-23 14:48:55.972 9 INFO neutron.wsgi [None req-1d490f77-1452-47cc-8936-4a8c0ce2918d 33fc015fa8f7457a829045f057a0ed08 4258b9f66b954293bac36851e313c3dc - - default default] 10.0.0.89 "GET /v2.0/networks/55f03123-6ce2-450a-a4c1-20aa0f274b72 HTTP/1.1" status: 200 len: 848 time: 0.1363077
2026-04-23 14:48:56.112 10 WARNING neutron.scheduler.dhcp_agent_scheduler [None req-f20db17c-4e89-4b00-bc41-6ea184517960 ebafbefbdd7b4f1b8c830d896ab37ec9 3da7d79797a3428f9e2192c29d6ca098 - - - -] No more DHCP agents
2026-04-23 14:48:56.113 10 WARNING neutron.api.rpc.agentnotifiers.dhcp_rpc_agent_api [None req-f20db17c-4e89-4b00-bc41-6ea184517960 ebafbefbdd7b4f1b8c830d896ab37ec9 3da7d79797a3428f9e2192c29d6ca098 - - - -] Unable to schedule network 46bf66cf-9399-4016-837f-0520e791939c: no agents available; will retry on subsequent port and subnet creation events.
2026-04-23 14:48:56.183 10 INFO neutron.db.ovn_revision_numbers_db [None req-f20db17c-4e89-4b00-bc41-6ea184517960 ebafbefbdd7b4f1b8c830d896ab37ec9 3da7d79797a3428f9e2192c29d6ca098 - - - -] Successfully bumped revision number for resource f34320ad-d8ba-4073-bccb-f272b85638a8 (type: ports) to 1
2026-04-23 14:48:56.206 10 INFO neutron.wsgi [None req-f20db17c-4e89-4b00-bc41-6ea184517960 ebafbefbdd7b4f1b8c830d896ab37ec9 3da7d79797a3428f9e2192c29d6ca098 - - - -] 10.0.0.89 "POST /v2.0/networks HTTP/1.1" status: 201 len: 837 time: 0.4735632
2026-04-23 14:48:56.389 10 INFO neutron.pecan_wsgi.hooks.translation [None req-aa02d7ce-b0b2-412c-8a05-46bc73c78d4e 505efe22a8d3482bbd3e33121be10945 50271675aa674b65b37b1baf37f23354 - - default default] GET failed (client error): The resource could not be found.
2026-04-23 14:48:56.391 10 INFO neutron.wsgi [None req-aa02d7ce-b0b2-412c-8a05-46bc73c78d4e 505efe22a8d3482bbd3e33121be10945 50271675aa674b65b37b1baf37f23354 - - default default] 10.0.0.89 "GET /v2.0/networks/55f03123-6ce2-450a-a4c1-20aa0f274b72 HTTP/1.1" status: 404 len: 339 time: 0.0725999
2026-04-23 14:48:56.515 10 WARNING neutron.scheduler.dhcp_agent_scheduler [None req-9fc0ba74-01d0-4bf8-a1dd-484f9a77d55f ebafbefbdd7b4f1b8c830d896ab37ec9 3da7d79797a3428f9e2192c29d6ca098 - - - -] No more DHCP agents
2026-04-23 14:48:56.517 10 WARNING neutron.api.rpc.agentnotifiers.dhcp_rpc_agent_api [None req-9fc0ba74-01d0-4bf8-a1dd-484f9a77d55f ebafbefbdd7b4f1b8c830d896ab37ec9 3da7d79797a3428f9e2192c29d6ca098 - - - -] Unable to schedule network 46bf66cf-9399-4016-837f-0520e791939c: no agents available; will retry on subsequent port and subnet creation events.
2026-04-23 14:48:57.402 10 INFO neutron.db.ovn_revision_numbers_db [None req-9fc0ba74-01d0-4bf8-a1dd-484f9a77d55f ebafbefbdd7b4f1b8c830d896ab37ec9 3da7d79797a3428f9e2192c29d6ca098 - - - -] Successfully bumped revision number for resource f34320ad-d8ba-4073-bccb-f272b85638a8 (type: ports) to 2
2026-04-23 14:48:57.408 10 INFO neutron.services.segments.plugin [-] Segment 685c580e-91a5-43c2-a31b-3576ceb80e66 resource provider aggregate not found
2026-04-23 14:48:57.414 10 INFO neutron.services.segments.plugin [-] Segment 685c580e-91a5-43c2-a31b-3576ceb80e66 resource provider aggregate not found
2026-04-23 14:48:57.429 10 INFO neutron.services.segments.plugin [-] Segment 685c580e-91a5-43c2-a31b-3576ceb80e66 resource provider not found; error: Placement Client Error (4xx): {"errors": [{"status": 404, "title": "Not Found", "detail": "The resource could not be found.\n\n No resource provider with uuid 685c580e-91a5-43c2-a31b-3576ceb80e66 found for delete ", "request_id": "req-f5cad978-1eb9-428d-91b6-cc37e57727f4"}]}
2026-04-23 14:48:57.430 10 INFO neutron.services.segments.plugin [-] Segment 685c580e-91a5-43c2-a31b-3576ceb80e66 resource provider not found; error: Placement Client Error (4xx): {"errors": [{"status": 404, "title": "Not Found", "detail": "The resource could not be found.\n\n No resource provider with uuid 685c580e-91a5-43c2-a31b-3576ceb80e66 found for delete ", "request_id": "req-43c617ff-d468-45e8-953e-3f166e74f4ac"}]}
2026-04-23 14:48:57.439 10 INFO neutron.db.ovn_revision_numbers_db [None req-9fc0ba74-01d0-4bf8-a1dd-484f9a77d55f ebafbefbdd7b4f1b8c830d896ab37ec9 3da7d79797a3428f9e2192c29d6ca098 - - - -] Successfully bumped revision number for resource de030468-888d-4f16-8485-40b0d3a67047 (type: subnets) to 0
2026-04-23 14:48:57.458 10 INFO neutron.wsgi [None req-176afca7-2e4a-4545-8c13-6a52efe7100b 5661e5f1c35d441a9bd9523998bcbf2a ddc4c330cb104942b31e1cca94f53d14 - - - -] 10.0.0.89 "DELETE /v2.0/networks/55f03123-6ce2-450a-a4c1-20aa0f274b72 HTTP/1.1" status: 204 len: 168 time: 1.0613616
2026-04-23 14:48:57.460 10 INFO neutron.wsgi [None req-9fc0ba74-01d0-4bf8-a1dd-484f9a77d55f ebafbefbdd7b4f1b8c830d896ab37ec9 3da7d79797a3428f9e2192c29d6ca098 - - - -] 10.0.0.89 "POST /v2.0/subnets HTTP/1.1" status: 201 len: 831 time: 1.2467170
2026-04-23 14:48:57.842 9 INFO neutron.pecan_wsgi.hooks.translation [None req-3bd68767-d63c-43d8-907d-b3d425017066 5661e5f1c35d441a9bd9523998bcbf2a ddc4c330cb104942b31e1cca94f53d14 - - - -] DELETE failed (client error): The resource could not be found.
2026-04-23 14:48:57.844 9 INFO neutron.wsgi [None req-3bd68767-d63c-43d8-907d-b3d425017066 5661e5f1c35d441a9bd9523998bcbf2a ddc4c330cb104942b31e1cca94f53d14 - - - -] 10.0.0.89 "DELETE /v2.0/subnets/f16e6410-5ca4-4e77-86ae-e9794e647152 HTTP/1.1" status: 404 len: 337 time: 0.3753278
2026-04-23 14:48:57.869 10 INFO neutron.pecan_wsgi.hooks.translation [None req-1636eaf4-757d-47e1-961a-a50a80322f3c 5661e5f1c35d441a9bd9523998bcbf2a ddc4c330cb104942b31e1cca94f53d14 - - - -] DELETE failed (client error): The resource could not be found.
2026-04-23 14:48:57.871 10 INFO neutron.wsgi [None req-1636eaf4-757d-47e1-961a-a50a80322f3c 5661e5f1c35d441a9bd9523998bcbf2a ddc4c330cb104942b31e1cca94f53d14 - - - -] 10.0.0.89 "DELETE /v2.0/subnets/847641fc-d383-4331-a787-c276128496eb HTTP/1.1" status: 404 len: 337 time: 0.0209980
2026-04-23 14:48:57.887 10 INFO neutron.pecan_wsgi.hooks.translation [None req-f164ccb2-170d-4883-9eb2-7d2a53fe5c3a 5661e5f1c35d441a9bd9523998bcbf2a ddc4c330cb104942b31e1cca94f53d14 - - - -] DELETE failed (client error): The resource could not be found.
2026-04-23 14:48:57.889 10 INFO neutron.wsgi [None req-f164ccb2-170d-4883-9eb2-7d2a53fe5c3a 5661e5f1c35d441a9bd9523998bcbf2a ddc4c330cb104942b31e1cca94f53d14 - - - -] 10.0.0.89 "DELETE /v2.0/subnets/f32cf48f-8718-4bb7-b75f-db20296c2796 HTTP/1.1" status: 404 len: 337 time: 0.0140748
2026-04-23 14:48:58.163 9 WARNING neutron.scheduler.dhcp_agent_scheduler [None req-af42c542-ef09-4a1d-900a-e532211df2d9 ebafbefbdd7b4f1b8c830d896ab37ec9 3da7d79797a3428f9e2192c29d6ca098 - - - -] No more DHCP agents
2026-04-23 14:48:58.165 9 WARNING neutron.api.rpc.agentnotifiers.dhcp_rpc_agent_api [None req-af42c542-ef09-4a1d-900a-e532211df2d9 ebafbefbdd7b4f1b8c830d896ab37ec9 3da7d79797a3428f9e2192c29d6ca098 - - - -] Unable to schedule network 46bf66cf-9399-4016-837f-0520e791939c: no agents available; will retry on subsequent port and subnet creation events.
2026-04-23 14:48:58.181 9 INFO neutron.db.ovn_revision_numbers_db [None req-af42c542-ef09-4a1d-900a-e532211df2d9 ebafbefbdd7b4f1b8c830d896ab37ec9 3da7d79797a3428f9e2192c29d6ca098 - - - -] Successfully bumped revision number for resource d10785e0-360e-4e1d-abf6-20010d57e4ad (type: subnets) to 0
2026-04-23 14:48:58.198 9 INFO neutron.wsgi [None req-af42c542-ef09-4a1d-900a-e532211df2d9 ebafbefbdd7b4f1b8c830d896ab37ec9 3da7d79797a3428f9e2192c29d6ca098 - - - -] 10.0.0.89 "POST /v2.0/subnets HTTP/1.1" status: 201 len: 905 time: 0.7305090
2026-04-23 14:48:58.704 9 WARNING neutron.scheduler.dhcp_agent_scheduler [None req-dc7fbecf-2f9a-45fc-a8b3-9618bc9ad407 ebafbefbdd7b4f1b8c830d896ab37ec9 3da7d79797a3428f9e2192c29d6ca098 - - - -] No more DHCP agents
2026-04-23 14:48:58.706 9 WARNING neutron.api.rpc.agentnotifiers.dhcp_rpc_agent_api [None req-dc7fbecf-2f9a-45fc-a8b3-9618bc9ad407 ebafbefbdd7b4f1b8c830d896ab37ec9 3da7d79797a3428f9e2192c29d6ca098 - - - -] Unable to schedule network 51d4d460-1f33-4ecb-a78d-546d539c0a0a: no agents available; will retry on subsequent port and subnet creation events.
2026-04-23 14:48:58.851 9 INFO neutron.db.ovn_revision_numbers_db [None req-dc7fbecf-2f9a-45fc-a8b3-9618bc9ad407 ebafbefbdd7b4f1b8c830d896ab37ec9 3da7d79797a3428f9e2192c29d6ca098 - - - -] Successfully bumped revision number for resource 2dbbc374-3ab1-4273-af1e-dfb3b11381a4 (type: ports) to 1
2026-04-23 14:48:58.951 10 INFO neutron.db.ovn_revision_numbers_db [None req-d18c08c2-92a1-4b6c-835b-ed316b6fea1e 3f903946024040bfa8b7663bd313b45c a102aa7a48764bb59a2190da7e37cd60 - - default default] Successfully bumped revision number for resource 1184e7c4-b825-4e36-8cde-3a5026af8509 (type: security_groups) to 1
2026-04-23 14:48:58.980 10 INFO neutron.wsgi [None req-d18c08c2-92a1-4b6c-835b-ed316b6fea1e 3f903946024040bfa8b7663bd313b45c a102aa7a48764bb59a2190da7e37cd60 - - default default] 10.0.0.89 "GET /v2.0/security-groups?tenant_id=50271675aa674b65b37b1baf37f23354&name=default HTTP/1.1" status: 200 len: 3000 time: 0.2903168
2026-04-23 14:48:59.177 10 INFO neutron.wsgi [None req-196d119c-cd4c-4d50-b4e3-16524d609941 3f903946024040bfa8b7663bd313b45c a102aa7a48764bb59a2190da7e37cd60 - - - -] 10.0.0.89 "DELETE /v2.0/security-groups/1184e7c4-b825-4e36-8cde-3a5026af8509 HTTP/1.1" status: 204 len: 168 time: 0.1910956
2026-04-23 14:48:59.310 10 INFO neutron.wsgi [None req-076b53ab-bf5c-492e-8366-ce3679324981 3f903946024040bfa8b7663bd313b45c a102aa7a48764bb59a2190da7e37cd60 - - default default] 10.0.0.89 "GET /v2.0/security-groups?tenant_id=ddc4c330cb104942b31e1cca94f53d14&name=default HTTP/1.1" status: 200 len: 3000 time: 0.0285871
2026-04-23 14:48:59.496 10 INFO neutron.wsgi [None req-eef5ae42-6d2c-42fb-8e5a-362b0cfaec03 3f903946024040bfa8b7663bd313b45c a102aa7a48764bb59a2190da7e37cd60 - - - -] 10.0.0.89 "DELETE /v2.0/security-groups/ae7c1b94-f80d-4723-ab5a-28027db3428d HTTP/1.1" status: 204 len: 168 time: 0.1794558
2026-04-23 14:48:59.717 10 INFO neutron.plugins.ml2.drivers.ovn.mech_driver.mech_driver [None req-f8edf14e-715e-420e-9d3d-b871b2de02c5 - - - - - -] OVN reports status up for port: 2dbbc374-3ab1-4273-af1e-dfb3b11381a4
2026-04-23 14:48:59.723 9 INFO neutron.plugins.ml2.drivers.ovn.mech_driver.ovsdb.ovsdb_monitor [None req-b458aeb0-2288-4672-a1dd-6ea9d47d650a - - - - - -] Router 8ab85bce-ab61-48a8-b635-5a304baf6d72 is bound to host instance
2026-04-23 14:48:59.730 10 INFO neutron.plugins.ml2.plugin [None req-f8edf14e-715e-420e-9d3d-b871b2de02c5 - - - - - -] Attempt 1 to provision port 2dbbc374-3ab1-4273-af1e-dfb3b11381a4
2026-04-23 14:48:59.735 9 INFO neutron.db.ovn_revision_numbers_db [None req-dc7fbecf-2f9a-45fc-a8b3-9618bc9ad407 ebafbefbdd7b4f1b8c830d896ab37ec9 3da7d79797a3428f9e2192c29d6ca098 - - - -] Successfully bumped revision number for resource 2dbbc374-3ab1-4273-af1e-dfb3b11381a4 (type: router_ports) to 1
2026-04-23 14:48:59.808 10 INFO neutron.db.ovn_revision_numbers_db [None req-bea7d4e9-ae8d-4bf8-9d4a-af99e7ee34e0 3f903946024040bfa8b7663bd313b45c a102aa7a48764bb59a2190da7e37cd60 - - default default] Successfully bumped revision number for resource c89600a8-421b-4f1c-a42d-46df197f1a41 (type: security_groups) to 1
2026-04-23 14:48:59.826 10 INFO neutron.wsgi [None req-bea7d4e9-ae8d-4bf8-9d4a-af99e7ee34e0 3f903946024040bfa8b7663bd313b45c a102aa7a48764bb59a2190da7e37cd60 - - default default] 10.0.0.89 "GET /v2.0/security-groups?tenant_id=4258b9f66b954293bac36851e313c3dc&name=default HTTP/1.1" status: 200 len: 3000 time: 0.1504786
2026-04-23 14:48:59.844 9 INFO neutron.db.ovn_revision_numbers_db [None req-dc7fbecf-2f9a-45fc-a8b3-9618bc9ad407 ebafbefbdd7b4f1b8c830d896ab37ec9 3da7d79797a3428f9e2192c29d6ca098 - - - -] Successfully bumped revision number for resource 8ab85bce-ab61-48a8-b635-5a304baf6d72 (type: routers) to 3
2026-04-23 14:48:59.863 9 INFO neutron.wsgi [None req-dc7fbecf-2f9a-45fc-a8b3-9618bc9ad407 ebafbefbdd7b4f1b8c830d896ab37ec9 3da7d79797a3428f9e2192c29d6ca098 - - - -] 10.0.0.89 "POST /v2.0/routers HTTP/1.1" status: 201 len: 865 time: 1.6592207
2026-04-23 14:49:00.069 10 INFO neutron.wsgi [None req-d40916fb-90c9-440e-b4d7-aaca6ca99a1b 3f903946024040bfa8b7663bd313b45c a102aa7a48764bb59a2190da7e37cd60 - - - -] 10.0.0.89 "DELETE /v2.0/security-groups/c89600a8-421b-4f1c-a42d-46df197f1a41 HTTP/1.1" status: 204 len: 168 time: 0.2370813
2026-04-23 14:49:00.289 9 INFO neutron.db.ovn_revision_numbers_db [None req-b458aeb0-2288-4672-a1dd-6ea9d47d650a - - - - - -] Successfully bumped revision number for resource 2dbbc374-3ab1-4273-af1e-dfb3b11381a4 (type: ports) to 1
2026-04-23 14:49:00.423 10 WARNING neutron.scheduler.dhcp_agent_scheduler [None req-58a18401-51ae-454b-94be-054f49d0c253 ebafbefbdd7b4f1b8c830d896ab37ec9 3da7d79797a3428f9e2192c29d6ca098 - - default default] No more DHCP agents
2026-04-23 14:49:00.425 10 WARNING neutron.api.rpc.agentnotifiers.dhcp_rpc_agent_api [None req-58a18401-51ae-454b-94be-054f49d0c253 ebafbefbdd7b4f1b8c830d896ab37ec9 3da7d79797a3428f9e2192c29d6ca098 - - default default] Unable to schedule network 328b425e-88e6-4b30-9338-cbd135a6dd1d: no agents available; will retry on subsequent port and subnet creation events.
2026-04-23 14:49:00.586 9 INFO neutron.db.ovn_revision_numbers_db [None req-b458aeb0-2288-4672-a1dd-6ea9d47d650a - - - - - -] Successfully bumped revision number for resource 2dbbc374-3ab1-4273-af1e-dfb3b11381a4 (type: router_ports) to 3
2026-04-23 14:49:00.597 10 INFO neutron.db.ovn_revision_numbers_db [None req-58a18401-51ae-454b-94be-054f49d0c253 ebafbefbdd7b4f1b8c830d896ab37ec9 3da7d79797a3428f9e2192c29d6ca098 - - default default] Successfully bumped revision number for resource 30556ac3-d9b6-4389-9148-0d62e4de1e5a (type: ports) to 1
2026-04-23 14:49:00.746 9 INFO neutron.db.ovn_revision_numbers_db [None req-b458aeb0-2288-4672-a1dd-6ea9d47d650a - - - - - -] Successfully bumped revision number for resource 2dbbc374-3ab1-4273-af1e-dfb3b11381a4 (type: ports) to 2
2026-04-23 14:49:00.947 9 INFO neutron.db.ovn_revision_numbers_db [None req-b458aeb0-2288-4672-a1dd-6ea9d47d650a - - - - - -] Successfully bumped revision number for resource 2dbbc374-3ab1-4273-af1e-dfb3b11381a4 (type: ports) to 4
2026-04-23 14:49:01.151 9 INFO neutron.plugins.ml2.drivers.ovn.mech_driver.mech_driver [None req-f496c3af-8c07-4e18-bd94-e5c9949d118f - - - - - -] OVN reports status up for port: 30556ac3-d9b6-4389-9148-0d62e4de1e5a
2026-04-23 14:49:01.163 9 INFO neutron.plugins.ml2.plugin [None req-f496c3af-8c07-4e18-bd94-e5c9949d118f - - - - - -] Attempt 1 to provision port 30556ac3-d9b6-4389-9148-0d62e4de1e5a
2026-04-23 14:49:01.164 10 INFO neutron.db.ovn_revision_numbers_db [None req-58a18401-51ae-454b-94be-054f49d0c253 ebafbefbdd7b4f1b8c830d896ab37ec9 3da7d79797a3428f9e2192c29d6ca098 - - default default] Successfully bumped revision number for resource 30556ac3-d9b6-4389-9148-0d62e4de1e5a (type: router_ports) to 2
