2026-04-23 14:51:20.806 10 INFO neutron.db.ovn_revision_numbers_db [None req-6a5d1851-0296-40c9-821f-8d4297ff71d9 7bb31feec19442078dcba2ab0d81b033 ed489075664d440c8109ecbd6715645a - - - -] Successfully bumped revision number for resource f279dbdf-ba79-4636-aa50-2bd614e10a2c (type: ports) to 2
2026-04-23 14:51:20.820 10 INFO neutron.wsgi [None req-6a5d1851-0296-40c9-821f-8d4297ff71d9 7bb31feec19442078dcba2ab0d81b033 ed489075664d440c8109ecbd6715645a - - - -] 199.204.45.115 "PUT /v2.0/ports/f279dbdf-ba79-4636-aa50-2bd614e10a2c HTTP/1.1" status: 200 len: 1561 time: 0.6567245
2026-04-23 14:51:20.855 10 INFO neutron.notifiers.nova [-] Nova event matching ['req-b805ba56-8be1-42c8-8978-0645f818914b'] response: {'name': 'network-changed', 'server_uuid': '3f1e5454-a683-48f5-90ab-f5236303ec06', 'tag': 'f279dbdf-ba79-4636-aa50-2bd614e10a2c', 'status': 'completed', 'code': 200} /var/lib/openstack/lib/python3.10/site-packages/pycadf/identifier.py:71: UserWarning: Invalid uuid: neutron. To ensure interoperability, identifiers should be a valid uuid. warnings.warn(('Invalid uuid: %s. To ensure interoperability, '
2026-04-23 14:51:20.898 10 INFO neutron.wsgi [req-0726bf6e-4a7e-4123-a446-72e15c13ee5d req-f2950569-5d78-4a67-83f2-8e8ce4265217 7bb31feec19442078dcba2ab0d81b033 ed489075664d440c8109ecbd6715645a - - 24c09196609c49b98def0aa6d6fbc591 24c09196609c49b98def0aa6d6fbc591] 199.204.45.115 "GET /v2.0/ports?tenant_id=a102aa7a48764bb59a2190da7e37cd60&device_id=3f1e5454-a683-48f5-90ab-f5236303ec06 HTTP/1.1" status: 200 len: 5155 time: 0.0344696
2026-04-23 14:51:20.928 10 INFO neutron.wsgi [req-0726bf6e-4a7e-4123-a446-72e15c13ee5d req-6b2be1a6-d86a-4c46-9bc6-f50db3383890 7bb31feec19442078dcba2ab0d81b033 ed489075664d440c8109ecbd6715645a - - 24c09196609c49b98def0aa6d6fbc591 24c09196609c49b98def0aa6d6fbc591] 199.204.45.115 "GET /v2.0/floatingips?fixed_ip_address=172.24.1.33&port_id=b2b28e2e-601d-443b-9d30-285799901d5b HTTP/1.1" status: 200 len: 217 time: 0.0222332
2026-04-23 14:51:20.984 10 INFO neutron.wsgi [req-0726bf6e-4a7e-4123-a446-72e15c13ee5d req-3e6b7af6-dcc4-4eeb-8827-85f2ba5ade12 7bb31feec19442078dcba2ab0d81b033 ed489075664d440c8109ecbd6715645a - - 24c09196609c49b98def0aa6d6fbc591 24c09196609c49b98def0aa6d6fbc591] 199.204.45.115 "GET /v2.0/subnets?id=56ef6dd3-1439-4c73-8998-2a798be60738 HTTP/1.1" status: 200 len: 829 time: 0.0467935
2026-04-23 14:51:21.019 10 INFO neutron.wsgi [req-0726bf6e-4a7e-4123-a446-72e15c13ee5d req-2c1aeea6-f5f7-428e-bb93-dff8997b7583 7bb31feec19442078dcba2ab0d81b033 ed489075664d440c8109ecbd6715645a - - 24c09196609c49b98def0aa6d6fbc591 24c09196609c49b98def0aa6d6fbc591] 199.204.45.115 "GET /v2.0/ports?network_id=fb75d235-c462-405c-9c1b-fa0185d22585&device_owner=network%3Adhcp HTTP/1.1" status: 200 len: 210 time: 0.0282938
2026-04-23 14:51:21.064 10 INFO neutron.wsgi [-] 10.0.0.96 "GET / HTTP/1.1" status: 200 len: 247 time: 0.0015121
2026-04-23 14:51:21.065 9 INFO neutron.wsgi [-] 10.0.0.96 "GET / HTTP/1.1" status: 200 len: 247 time: 0.0014234
2026-04-23 14:51:21.084 10 INFO neutron.wsgi [req-0726bf6e-4a7e-4123-a446-72e15c13ee5d req-cc0c60b7-e7ac-48ea-8bee-cf6608078f2d 7bb31feec19442078dcba2ab0d81b033 ed489075664d440c8109ecbd6715645a - - 24c09196609c49b98def0aa6d6fbc591 24c09196609c49b98def0aa6d6fbc591] 199.204.45.115 "GET /v2.0/networks/fb75d235-c462-405c-9c1b-fa0185d22585?fields=segments HTTP/1.1" status: 200 len: 212 time: 0.0584428
2026-04-23 14:51:21.162 10 INFO neutron.wsgi [req-0726bf6e-4a7e-4123-a446-72e15c13ee5d req-8291d8aa-cb53-4271-9b34-410b55c03de3 7bb31feec19442078dcba2ab0d81b033 ed489075664d440c8109ecbd6715645a - - 24c09196609c49b98def0aa6d6fbc591 24c09196609c49b98def0aa6d6fbc591] 199.204.45.115 "GET /v2.0/networks/fb75d235-c462-405c-9c1b-fa0185d22585?fields=provider%3Aphysical_network&fields=provider%3Anetwork_type HTTP/1.1" status: 200 len: 277 time: 0.0703752
2026-04-23 14:51:21.201 10 INFO neutron.wsgi [req-0726bf6e-4a7e-4123-a446-72e15c13ee5d req-28a3372f-0ec4-4944-9483-81c8b8588910 7bb31feec19442078dcba2ab0d81b033 ed489075664d440c8109ecbd6715645a - - 24c09196609c49b98def0aa6d6fbc591 24c09196609c49b98def0aa6d6fbc591] 199.204.45.115 "GET /v2.0/floatingips?fixed_ip_address=10.1.1.161&port_id=5dc64a46-9d60-4a2d-856c-366afe109338 HTTP/1.1" status: 200 len: 217 time: 0.0312486
2026-04-23 14:51:21.246 10 INFO neutron.wsgi [req-0726bf6e-4a7e-4123-a446-72e15c13ee5d req-24eaf565-b2a6-4cb8-9a91-8506b4767f94 7bb31feec19442078dcba2ab0d81b033 ed489075664d440c8109ecbd6715645a - - 24c09196609c49b98def0aa6d6fbc591 24c09196609c49b98def0aa6d6fbc591] 199.204.45.115 "GET /v2.0/subnets?id=bfcfdbca-82af-4c1c-9abc-b74eec974fca HTTP/1.1" status: 200 len: 854 time: 0.0382512
2026-04-23 14:51:21.279 10 INFO neutron.wsgi [req-0726bf6e-4a7e-4123-a446-72e15c13ee5d req-78bbd6c3-b5b9-4bde-95ce-27d122818654 7bb31feec19442078dcba2ab0d81b033 ed489075664d440c8109ecbd6715645a - - 24c09196609c49b98def0aa6d6fbc591 24c09196609c49b98def0aa6d6fbc591] 199.204.45.115 "GET /v2.0/ports?network_id=328b425e-88e6-4b30-9338-cbd135a6dd1d&device_owner=network%3Adhcp HTTP/1.1" status: 200 len: 210 time: 0.0276451
2026-04-23 14:51:21.347 10 INFO neutron.wsgi [req-0726bf6e-4a7e-4123-a446-72e15c13ee5d req-764f239b-61b7-420d-8eaa-164f8759fa91 7bb31feec19442078dcba2ab0d81b033 ed489075664d440c8109ecbd6715645a - - 24c09196609c49b98def0aa6d6fbc591 24c09196609c49b98def0aa6d6fbc591] 199.204.45.115 "GET /v2.0/networks/328b425e-88e6-4b30-9338-cbd135a6dd1d?fields=segments HTTP/1.1" status: 200 len: 212 time: 0.0621593
2026-04-23 14:51:21.430 10 INFO neutron.wsgi [req-0726bf6e-4a7e-4123-a446-72e15c13ee5d req-adf49c5e-8ddb-4946-90d0-ef289978b8b0 7bb31feec19442078dcba2ab0d81b033 ed489075664d440c8109ecbd6715645a - - 24c09196609c49b98def0aa6d6fbc591 24c09196609c49b98def0aa6d6fbc591] 199.204.45.115 "GET /v2.0/networks/328b425e-88e6-4b30-9338-cbd135a6dd1d?fields=provider%3Aphysical_network&fields=provider%3Anetwork_type HTTP/1.1" status: 200 len: 277 time: 0.0757015
2026-04-23 14:51:21.459 10 INFO neutron.wsgi [req-0726bf6e-4a7e-4123-a446-72e15c13ee5d req-2ff0a03e-a5af-43a4-80aa-81e1dd51e8c1 7bb31feec19442078dcba2ab0d81b033 ed489075664d440c8109ecbd6715645a - - 24c09196609c49b98def0aa6d6fbc591 24c09196609c49b98def0aa6d6fbc591] 199.204.45.115 "GET /v2.0/floatingips?fixed_ip_address=10.2.1.73&port_id=79e248a2-55fc-4492-a1c0-e1f61da82736 HTTP/1.1" status: 200 len: 217 time: 0.0239282
2026-04-23 14:51:21.521 10 INFO neutron.wsgi [req-0726bf6e-4a7e-4123-a446-72e15c13ee5d req-1fcf0374-7d0f-49f4-974f-a33e38a490bb 7bb31feec19442078dcba2ab0d81b033 ed489075664d440c8109ecbd6715645a - - 24c09196609c49b98def0aa6d6fbc591 24c09196609c49b98def0aa6d6fbc591] 199.204.45.115 "GET /v2.0/subnets?id=f88fc896-023d-4b67-8ef5-15f52df1e432 HTTP/1.1" status: 200 len: 851 time: 0.0549932
2026-04-23 14:51:21.555 10 INFO neutron.wsgi [req-0726bf6e-4a7e-4123-a446-72e15c13ee5d req-bfb73c11-6e69-496d-8382-045019a80a93 7bb31feec19442078dcba2ab0d81b033 ed489075664d440c8109ecbd6715645a - - 24c09196609c49b98def0aa6d6fbc591 24c09196609c49b98def0aa6d6fbc591] 199.204.45.115 "GET /v2.0/ports?network_id=8c42f5c6-f396-446b-bebf-cb9f040aeb3a&device_owner=network%3Adhcp HTTP/1.1" status: 200 len: 210 time: 0.0298457
2026-04-23 14:51:21.610 10 INFO neutron.wsgi [req-0726bf6e-4a7e-4123-a446-72e15c13ee5d req-c3ee5c2e-bed5-4cc0-a5c4-a039c031e92c 7bb31feec19442078dcba2ab0d81b033 ed489075664d440c8109ecbd6715645a - - 24c09196609c49b98def0aa6d6fbc591 24c09196609c49b98def0aa6d6fbc591] 199.204.45.115 "GET /v2.0/networks/8c42f5c6-f396-446b-bebf-cb9f040aeb3a?fields=segments HTTP/1.1" status: 200 len: 212 time: 0.0508142
2026-04-23 14:51:21.681 10 INFO neutron.wsgi [req-0726bf6e-4a7e-4123-a446-72e15c13ee5d req-59d93e3f-af2a-4aee-856c-54e46b119962 7bb31feec19442078dcba2ab0d81b033 ed489075664d440c8109ecbd6715645a - - 24c09196609c49b98def0aa6d6fbc591 24c09196609c49b98def0aa6d6fbc591] 199.204.45.115 "GET /v2.0/networks/8c42f5c6-f396-446b-bebf-cb9f040aeb3a?fields=provider%3Aphysical_network&fields=provider%3Anetwork_type HTTP/1.1" status: 200 len: 277 time: 0.0626879
2026-04-23 14:51:21.717 10 INFO neutron.wsgi [req-0726bf6e-4a7e-4123-a446-72e15c13ee5d req-58336155-ccf2-4611-9833-1dbb8e0cf8ed 7bb31feec19442078dcba2ab0d81b033 ed489075664d440c8109ecbd6715645a - - 24c09196609c49b98def0aa6d6fbc591 24c09196609c49b98def0aa6d6fbc591] 199.204.45.115 "GET /v2.0/floatingips?fixed_ip_address=10.2.2.235&port_id=f279dbdf-ba79-4636-aa50-2bd614e10a2c HTTP/1.1" status: 200 len: 217 time: 0.0282650
2026-04-23 14:51:21.746 10 INFO neutron.wsgi [req-0726bf6e-4a7e-4123-a446-72e15c13ee5d req-fa506476-1e9e-4254-b16f-ab122475a973 7bb31feec19442078dcba2ab0d81b033 ed489075664d440c8109ecbd6715645a - - 24c09196609c49b98def0aa6d6fbc591 24c09196609c49b98def0aa6d6fbc591] 199.204.45.115 "GET /v2.0/floatingips?fixed_ip_address=fd77%3A1457%3A4cf0%3A26a8%3A%3A1d0&port_id=f279dbdf-ba79-4636-aa50-2bd614e10a2c HTTP/1.1" status: 200 len: 217 time: 0.0232792
2026-04-23 14:51:21.781 10 INFO neutron.wsgi [req-0726bf6e-4a7e-4123-a446-72e15c13ee5d req-3a5bec0d-5722-4430-a240-c387eac4eefd 7bb31feec19442078dcba2ab0d81b033 ed489075664d440c8109ecbd6715645a - - 24c09196609c49b98def0aa6d6fbc591 24c09196609c49b98def0aa6d6fbc591] 199.204.45.115 "GET /v2.0/subnets?id=de030468-888d-4f16-8485-40b0d3a67047&id=d10785e0-360e-4e1d-abf6-20010d57e4ad HTTP/1.1" status: 200 len: 1567 time: 0.0293009
2026-04-23 14:51:21.808 10 INFO neutron.wsgi [req-0726bf6e-4a7e-4123-a446-72e15c13ee5d req-1668bf6f-cd6b-404e-9cce-a359703fd485 7bb31feec19442078dcba2ab0d81b033 ed489075664d440c8109ecbd6715645a - - 24c09196609c49b98def0aa6d6fbc591 24c09196609c49b98def0aa6d6fbc591] 199.204.45.115 "GET /v2.0/ports?network_id=46bf66cf-9399-4016-837f-0520e791939c&device_owner=network%3Adhcp HTTP/1.1" status: 200 len: 210 time: 0.0194871
2026-04-23 14:51:21.833 10 INFO neutron.wsgi [req-0726bf6e-4a7e-4123-a446-72e15c13ee5d req-78fa4b89-7315-45a7-9474-dfc54f7026a5 7bb31feec19442078dcba2ab0d81b033 ed489075664d440c8109ecbd6715645a - - 24c09196609c49b98def0aa6d6fbc591 24c09196609c49b98def0aa6d6fbc591] 199.204.45.115 "GET /v2.0/ports?network_id=46bf66cf-9399-4016-837f-0520e791939c&device_owner=network%3Adhcp HTTP/1.1" status: 200 len: 210 time: 0.0181479
2026-04-23 14:51:21.894 10 INFO neutron.wsgi [req-0726bf6e-4a7e-4123-a446-72e15c13ee5d req-caf0c9d9-e310-47f1-a10c-fa026c3f7e13 7bb31feec19442078dcba2ab0d81b033 ed489075664d440c8109ecbd6715645a - - 24c09196609c49b98def0aa6d6fbc591 24c09196609c49b98def0aa6d6fbc591] 199.204.45.115 "GET /v2.0/networks/46bf66cf-9399-4016-837f-0520e791939c?fields=segments HTTP/1.1" status: 200 len: 212 time: 0.0561073
2026-04-23 14:51:21.958 10 INFO neutron.wsgi [req-0726bf6e-4a7e-4123-a446-72e15c13ee5d req-ccfed647-ca3d-4822-af03-bc2da6aad736 7bb31feec19442078dcba2ab0d81b033 ed489075664d440c8109ecbd6715645a - - 24c09196609c49b98def0aa6d6fbc591 24c09196609c49b98def0aa6d6fbc591] 199.204.45.115 "GET /v2.0/networks/46bf66cf-9399-4016-837f-0520e791939c?fields=provider%3Aphysical_network&fields=provider%3Anetwork_type HTTP/1.1" status: 200 len: 277 time: 0.0587821
2026-04-23 14:51:22.054 10 INFO neutron.plugins.ml2.drivers.ovn.mech_driver.mech_driver [None req-f8edf14e-715e-420e-9d3d-b871b2de02c5 - - - - - -] OVN reports status up for port: f279dbdf-ba79-4636-aa50-2bd614e10a2c
2026-04-23 14:51:22.062 10 INFO neutron.wsgi [req-45a0158c-cf56-40bf-b46a-bdca060ee3f4 req-b46c2a09-07e6-4b7c-babc-118847e9b290 7bb31feec19442078dcba2ab0d81b033 ed489075664d440c8109ecbd6715645a - - 24c09196609c49b98def0aa6d6fbc591 24c09196609c49b98def0aa6d6fbc591] 199.204.45.115 "GET /v2.0/ports?tenant_id=a102aa7a48764bb59a2190da7e37cd60&device_id=3f1e5454-a683-48f5-90ab-f5236303ec06 HTTP/1.1" status: 200 len: 5155 time: 0.0563962
2026-04-23 14:51:22.072 10 INFO neutron.plugins.ml2.plugin [None req-f8edf14e-715e-420e-9d3d-b871b2de02c5 - - - - - -] Attempt 1 to provision port f279dbdf-ba79-4636-aa50-2bd614e10a2c
2026-04-23 14:51:22.150 10 INFO neutron.wsgi [req-45a0158c-cf56-40bf-b46a-bdca060ee3f4 req-486c3e44-1fce-4d58-acce-99a73cc4a9dd 7bb31feec19442078dcba2ab0d81b033 ed489075664d440c8109ecbd6715645a - - 24c09196609c49b98def0aa6d6fbc591 24c09196609c49b98def0aa6d6fbc591] 199.204.45.115 "GET /v2.0/networks?id=46bf66cf-9399-4016-837f-0520e791939c HTTP/1.1" status: 200 len: 1003 time: 0.0793326
2026-04-23 14:51:22.185 10 INFO neutron.wsgi [req-45a0158c-cf56-40bf-b46a-bdca060ee3f4 req-8b51227c-d6aa-4701-ac73-8f04b8a3fecf 7bb31feec19442078dcba2ab0d81b033 ed489075664d440c8109ecbd6715645a - - 24c09196609c49b98def0aa6d6fbc591 24c09196609c49b98def0aa6d6fbc591] 199.204.45.115 "GET /v2.0/floatingips?fixed_ip_address=10.2.2.235&port_id=f279dbdf-ba79-4636-aa50-2bd614e10a2c HTTP/1.1" status: 200 len: 217 time: 0.0248590
2026-04-23 14:51:22.221 10 INFO neutron.wsgi [req-45a0158c-cf56-40bf-b46a-bdca060ee3f4 req-29c15305-9eca-4708-a2a6-426a834ed911 7bb31feec19442078dcba2ab0d81b033 ed489075664d440c8109ecbd6715645a - - 24c09196609c49b98def0aa6d6fbc591 24c09196609c49b98def0aa6d6fbc591] 199.204.45.115 "GET /v2.0/floatingips?fixed_ip_address=fd77%3A1457%3A4cf0%3A26a8%3A%3A1d0&port_id=f279dbdf-ba79-4636-aa50-2bd614e10a2c HTTP/1.1" status: 200 len: 217 time: 0.0285606
2026-04-23 14:51:22.235 9 INFO neutron.wsgi [req-0726bf6e-4a7e-4123-a446-72e15c13ee5d req-b974adcc-3684-478a-8cd0-31194248538e 3f903946024040bfa8b7663bd313b45c a102aa7a48764bb59a2190da7e37cd60 - - default default] 10.0.0.17 "GET /v2.0/ports/f279dbdf-ba79-4636-aa50-2bd614e10a2c HTTP/1.1" status: 200 len: 1589 time: 0.0373528
2026-04-23 14:51:22.291 10 INFO neutron.wsgi [req-45a0158c-cf56-40bf-b46a-bdca060ee3f4 req-2059f041-ab05-4b03-886d-61d0fbfa9e97 7bb31feec19442078dcba2ab0d81b033 ed489075664d440c8109ecbd6715645a - - 24c09196609c49b98def0aa6d6fbc591 24c09196609c49b98def0aa6d6fbc591] 199.204.45.115 "GET /v2.0/subnets?id=de030468-888d-4f16-8485-40b0d3a67047&id=d10785e0-360e-4e1d-abf6-20010d57e4ad HTTP/1.1" status: 200 len: 1567 time: 0.0610135
2026-04-23 14:51:22.295 10 INFO neutron.wsgi [None req-0e5baed5-719e-4092-b125-1100441007b6 3f903946024040bfa8b7663bd313b45c a102aa7a48764bb59a2190da7e37cd60 - - default default] 199.204.45.115 "GET /v2.0/ports/f279dbdf-ba79-4636-aa50-2bd614e10a2c HTTP/1.1" status: 200 len: 1591 time: 0.0425780
2026-04-23 14:51:22.339 10 INFO neutron.wsgi [req-45a0158c-cf56-40bf-b46a-bdca060ee3f4 req-d551a11c-5cff-4b18-b1e3-d06e17075753 7bb31feec19442078dcba2ab0d81b033 ed489075664d440c8109ecbd6715645a - - 24c09196609c49b98def0aa6d6fbc591 24c09196609c49b98def0aa6d6fbc591] 199.204.45.115 "GET /v2.0/ports?network_id=46bf66cf-9399-4016-837f-0520e791939c&device_owner=network%3Adhcp HTTP/1.1" status: 200 len: 210 time: 0.0403364
2026-04-23 14:51:22.348 10 INFO neutron.wsgi [None req-4a7a15db-b75b-400b-b73b-6d95e2e96555 3f903946024040bfa8b7663bd313b45c a102aa7a48764bb59a2190da7e37cd60 - - default default] 199.204.45.115 "GET /v2.0/ports/f279dbdf-ba79-4636-aa50-2bd614e10a2c HTTP/1.1" status: 200 len: 1591 time: 0.0490303
2026-04-23 14:51:22.385 10 INFO neutron.wsgi [req-45a0158c-cf56-40bf-b46a-bdca060ee3f4 req-61c49f12-f8d5-443c-877f-e43d5815313b 7bb31feec19442078dcba2ab0d81b033 ed489075664d440c8109ecbd6715645a - - 24c09196609c49b98def0aa6d6fbc591 24c09196609c49b98def0aa6d6fbc591] 199.204.45.115 "GET /v2.0/ports?network_id=46bf66cf-9399-4016-837f-0520e791939c&device_owner=network%3Adhcp HTTP/1.1" status: 200 len: 210 time: 0.0303662
2026-04-23 14:51:22.520 10 INFO neutron.wsgi [req-45a0158c-cf56-40bf-b46a-bdca060ee3f4 req-2b753855-c6b8-4b82-8a34-252874587667 7bb31feec19442078dcba2ab0d81b033 ed489075664d440c8109ecbd6715645a - - 24c09196609c49b98def0aa6d6fbc591 24c09196609c49b98def0aa6d6fbc591] 199.204.45.115 "GET /v2.0/networks/46bf66cf-9399-4016-837f-0520e791939c?fields=segments HTTP/1.1" status: 200 len: 212 time: 0.1256533
2026-04-23 14:51:22.536 10 INFO neutron.db.ovn_revision_numbers_db [None req-f8edf14e-715e-420e-9d3d-b871b2de02c5 - - - - - -] Successfully bumped revision number for resource f279dbdf-ba79-4636-aa50-2bd614e10a2c (type: ports) to 4
2026-04-23 14:51:22.997 10 INFO neutron.notifiers.nova [-] Nova event matching ['req-9ff1d685-10a3-4488-9ab9-12445052f0ea'] response: {'server_uuid': '3f1e5454-a683-48f5-90ab-f5236303ec06', 'name': 'network-vif-plugged', 'status': 'completed', 'tag': 'f279dbdf-ba79-4636-aa50-2bd614e10a2c', 'code': 200}
2026-04-23 14:51:23.002 10 INFO neutron.wsgi [req-45a0158c-cf56-40bf-b46a-bdca060ee3f4 req-59a71bbe-0466-4efc-9a98-83e89eebcc8a 7bb31feec19442078dcba2ab0d81b033 ed489075664d440c8109ecbd6715645a - - 24c09196609c49b98def0aa6d6fbc591 24c09196609c49b98def0aa6d6fbc591] 199.204.45.115 "GET /v2.0/networks/46bf66cf-9399-4016-837f-0520e791939c?fields=provider%3Aphysical_network&fields=provider%3Anetwork_type HTTP/1.1" status: 200 len: 277 time: 0.4730613
2026-04-23 14:51:23.275 10 INFO neutron.db.ovn_revision_numbers_db [None req-0af88242-aeba-4ed4-b91a-d12a5ad234a6 3f903946024040bfa8b7663bd313b45c a102aa7a48764bb59a2190da7e37cd60 - - - -] Successfully bumped revision number for resource f279dbdf-ba79-4636-aa50-2bd614e10a2c (type: ports) to 5
2026-04-23 14:51:23.286 10 INFO neutron.wsgi [None req-0af88242-aeba-4ed4-b91a-d12a5ad234a6 3f903946024040bfa8b7663bd313b45c a102aa7a48764bb59a2190da7e37cd60 - - - -] 199.204.45.115 "PUT /v2.0/ports/f279dbdf-ba79-4636-aa50-2bd614e10a2c HTTP/1.1" status: 200 len: 1330 time: 0.9292030 /var/lib/openstack/lib/python3.10/site-packages/pycadf/identifier.py:71: UserWarning: Invalid uuid: neutron. To ensure interoperability, identifiers should be a valid uuid. warnings.warn(('Invalid uuid: %s. To ensure interoperability, '
2026-04-23 14:51:23.354 10 INFO neutron.wsgi [None req-ba757da5-8980-4774-a700-b763fd36a4ff 3f903946024040bfa8b7663bd313b45c a102aa7a48764bb59a2190da7e37cd60 - - default default] 199.204.45.115 "GET /v2.0/networks/46bf66cf-9399-4016-837f-0520e791939c HTTP/1.1" status: 200 len: 1000 time: 0.0631251
2026-04-23 14:51:23.391 10 INFO neutron.wsgi [None req-1c502694-5aec-4c96-979d-0c7e5da08206 3f903946024040bfa8b7663bd313b45c a102aa7a48764bb59a2190da7e37cd60 - - default default] 199.204.45.115 "GET /v2.0/subnets/de030468-888d-4f16-8485-40b0d3a67047 HTTP/1.1" status: 200 len: 849 time: 0.0330400
2026-04-23 14:51:23.472 10 INFO neutron.wsgi [None req-ef33e60c-54d0-48f6-b030-1f9db2f49ad2 3f903946024040bfa8b7663bd313b45c a102aa7a48764bb59a2190da7e37cd60 - - default default] 199.204.45.115 "GET /v2.0/extensions/security-group HTTP/1.1" status: 200 len: 369 time: 0.0076108
2026-04-23 14:51:23.481 10 INFO neutron.wsgi [None req-5a2ff5cb-9139-4df3-b4cd-3ff4d801b654 3f903946024040bfa8b7663bd313b45c a102aa7a48764bb59a2190da7e37cd60 - - default default] 199.204.45.115 "GET /v2.0/extensions/dns-integration HTTP/1.1" status: 200 len: 371 time: 0.0044076
2026-04-23 14:51:23.489 10 INFO neutron.wsgi [None req-0104bfc8-9987-48b6-8b05-2540c4ccc474 3f903946024040bfa8b7663bd313b45c a102aa7a48764bb59a2190da7e37cd60 - - default default] 199.204.45.115 "GET /v2.0/extensions/qos HTTP/1.1" status: 200 len: 365 time: 0.0040548
2026-04-23 14:51:23.499 10 INFO neutron.wsgi [None req-4b4eebc4-fb5a-4d63-8ae5-7eea9102f29a 3f903946024040bfa8b7663bd313b45c a102aa7a48764bb59a2190da7e37cd60 - - default default] 199.204.45.115 "GET /v2.0/extensions/allowed-address-pairs HTTP/1.1" status: 200 len: 383 time: 0.0050201
2026-04-23 14:51:23.538 10 INFO neutron.wsgi [None req-f6e86245-dc8d-440b-a0c2-6e65ed1ac192 3f903946024040bfa8b7663bd313b45c a102aa7a48764bb59a2190da7e37cd60 - - default default] 199.204.45.115 "GET /v2.0/subnets/bfcfdbca-82af-4c1c-9abc-b74eec974fca HTTP/1.1" status: 200 len: 851 time: 0.0322800
2026-04-23 14:51:23.572 10 INFO neutron.wsgi [None req-d529e885-29f4-4b59-8754-f5fe34ea38ea 3f903946024040bfa8b7663bd313b45c a102aa7a48764bb59a2190da7e37cd60 - - default default] 199.204.45.115 "GET /v2.0/ports/7bff24d0-2061-4c55-999e-d7091c3c1e1b HTTP/1.1" status: 200 len: 1340 time: 0.0281129
2026-04-23 14:51:23.607 10 INFO neutron.wsgi [None req-409dfdf6-1f29-4346-9d62-1a49b6f8ffa5 3f903946024040bfa8b7663bd313b45c a102aa7a48764bb59a2190da7e37cd60 - - default default] 199.204.45.115 "GET /v2.0/ports/5dc64a46-9d60-4a2d-856c-366afe109338 HTTP/1.1" status: 200 len: 1471 time: 0.0281222
2026-04-23 14:51:23.650 10 INFO neutron.wsgi [None req-6597c9c6-2dc0-4e93-91f3-f6879a1301b2 3f903946024040bfa8b7663bd313b45c a102aa7a48764bb59a2190da7e37cd60 - - default default] 199.204.45.115 "GET /v2.0/subnets/bfcfdbca-82af-4c1c-9abc-b74eec974fca HTTP/1.1" status: 200 len: 851 time: 0.0361507
2026-04-23 14:51:23.711 10 INFO neutron.wsgi [None req-ff09dbbc-7be7-4739-a43e-9cc7f1dbaa0c 3f903946024040bfa8b7663bd313b45c a102aa7a48764bb59a2190da7e37cd60 - - default default] 199.204.45.115 "GET /v2.0/networks/328b425e-88e6-4b30-9338-cbd135a6dd1d HTTP/1.1" status: 200 len: 1001 time: 0.0551424
2026-04-23 14:51:23.753 10 INFO neutron.wsgi [None req-12f0656d-a7fe-4169-8809-02ce82e4c799 3f903946024040bfa8b7663bd313b45c a102aa7a48764bb59a2190da7e37cd60 - - default default] 199.204.45.115 "GET /v2.0/ports/7bff24d0-2061-4c55-999e-d7091c3c1e1b HTTP/1.1" status: 200 len: 1340 time: 0.0329428
2026-04-23 14:51:23.794 10 INFO neutron.wsgi [None req-bda96dbd-8a9d-4003-ba31-ba796832cc04 3f903946024040bfa8b7663bd313b45c a102aa7a48764bb59a2190da7e37cd60 - - default default] 199.204.45.115 "GET /v2.0/subnets/bfcfdbca-82af-4c1c-9abc-b74eec974fca HTTP/1.1" status: 200 len: 851 time: 0.0332499
2026-04-23 14:51:25.037 10 INFO neutron.notifiers.nova [-] Nova event matching ['req-8a01c95d-745a-4fc9-aca6-f07da35dfaad'] response: {'server_uuid': '3f1e5454-a683-48f5-90ab-f5236303ec06', 'name': 'network-vif-plugged', 'status': 'completed', 'tag': 'f279dbdf-ba79-4636-aa50-2bd614e10a2c', 'code': 200}
2026-04-23 14:51:25.037 10 INFO neutron.notifiers.nova [-] Nova event matching ['req-8a01c95d-745a-4fc9-aca6-f07da35dfaad'] response: {'name': 'network-changed', 'server_uuid': '3f1e5454-a683-48f5-90ab-f5236303ec06', 'tag': 'f279dbdf-ba79-4636-aa50-2bd614e10a2c', 'status': 'completed', 'code': 200}
2026-04-23 14:51:25.102 10 INFO neutron.wsgi [req-ef5b5335-1d74-4814-bea9-bb3e43b6abab req-8f8f1452-2e5c-4f9b-9a2b-386126c2dc33 7bb31feec19442078dcba2ab0d81b033 ed489075664d440c8109ecbd6715645a - - 24c09196609c49b98def0aa6d6fbc591 24c09196609c49b98def0aa6d6fbc591] 199.204.45.115 "GET /v2.0/ports?tenant_id=a102aa7a48764bb59a2190da7e37cd60&device_id=3f1e5454-a683-48f5-90ab-f5236303ec06 HTTP/1.1" status: 200 len: 4924 time: 0.0364819
2026-04-23 14:51:25.176 10 INFO neutron.wsgi [req-ef5b5335-1d74-4814-bea9-bb3e43b6abab req-5dafad0e-d63b-4978-aca4-424468d684e4 7bb31feec19442078dcba2ab0d81b033 ed489075664d440c8109ecbd6715645a - - 24c09196609c49b98def0aa6d6fbc591 24c09196609c49b98def0aa6d6fbc591] 199.204.45.115 "GET /v2.0/networks?id=46bf66cf-9399-4016-837f-0520e791939c HTTP/1.1" status: 200 len: 1003 time: 0.0708077
2026-04-23 14:51:25.211 10 INFO neutron.wsgi [req-ef5b5335-1d74-4814-bea9-bb3e43b6abab req-83abf811-d0ca-4944-ab80-1f48ad11ef16 7bb31feec19442078dcba2ab0d81b033 ed489075664d440c8109ecbd6715645a - - 24c09196609c49b98def0aa6d6fbc591 24c09196609c49b98def0aa6d6fbc591] 199.204.45.115 "GET /v2.0/floatingips?fixed_ip_address=10.2.2.235&port_id=f279dbdf-ba79-4636-aa50-2bd614e10a2c HTTP/1.1" status: 200 len: 217 time: 0.0282569
2026-04-23 14:51:25.253 10 INFO neutron.wsgi [req-ef5b5335-1d74-4814-bea9-bb3e43b6abab req-226defa2-5367-4bb6-954f-1ea88906fcbe 7bb31feec19442078dcba2ab0d81b033 ed489075664d440c8109ecbd6715645a - - 24c09196609c49b98def0aa6d6fbc591 24c09196609c49b98def0aa6d6fbc591] 199.204.45.115 "GET /v2.0/subnets?id=de030468-888d-4f16-8485-40b0d3a67047 HTTP/1.1" status: 200 len: 852 time: 0.0340464
2026-04-23 14:51:25.286 10 INFO neutron.wsgi [req-ef5b5335-1d74-4814-bea9-bb3e43b6abab req-40ca0845-d5b7-4c98-b184-224226aa1eeb 7bb31feec19442078dcba2ab0d81b033 ed489075664d440c8109ecbd6715645a - - 24c09196609c49b98def0aa6d6fbc591 24c09196609c49b98def0aa6d6fbc591] 199.204.45.115 "GET /v2.0/ports?network_id=46bf66cf-9399-4016-837f-0520e791939c&device_owner=network%3Adhcp HTTP/1.1" status: 200 len: 210 time: 0.0259931
2026-04-23 14:51:25.357 10 INFO neutron.wsgi [req-ef5b5335-1d74-4814-bea9-bb3e43b6abab req-8cf6f645-5b25-41ee-86c6-2e52627fc757 7bb31feec19442078dcba2ab0d81b033 ed489075664d440c8109ecbd6715645a - - 24c09196609c49b98def0aa6d6fbc591 24c09196609c49b98def0aa6d6fbc591] 199.204.45.115 "GET /v2.0/networks/46bf66cf-9399-4016-837f-0520e791939c?fields=segments HTTP/1.1" status: 200 len: 212 time: 0.0626841
2026-04-23 14:51:25.429 10 INFO neutron.wsgi [req-ef5b5335-1d74-4814-bea9-bb3e43b6abab req-0fbf9a10-2f4d-4192-af7d-cc2917dd0b5a 7bb31feec19442078dcba2ab0d81b033 ed489075664d440c8109ecbd6715645a - - 24c09196609c49b98def0aa6d6fbc591 24c09196609c49b98def0aa6d6fbc591] 199.204.45.115 "GET /v2.0/networks/46bf66cf-9399-4016-837f-0520e791939c?fields=provider%3Aphysical_network&fields=provider%3Anetwork_type HTTP/1.1" status: 200 len: 277 time: 0.0673172
2026-04-23 14:51:32.758 9 INFO neutron.wsgi [None req-d44741de-ff93-41cc-83ef-60f639b1c497 3f903946024040bfa8b7663bd313b45c a102aa7a48764bb59a2190da7e37cd60 - - default default] 199.204.45.115 "GET /v2.0/extensions/security-group HTTP/1.1" status: 200 len: 369 time: 0.0091629
2026-04-23 14:51:32.766 9 INFO neutron.wsgi [None req-9a7dbbf1-d92f-4480-874b-a25342e2153c 3f903946024040bfa8b7663bd313b45c a102aa7a48764bb59a2190da7e37cd60 - - default default] 199.204.45.115 "GET /v2.0/extensions/dns-integration HTTP/1.1" status: 200 len: 371 time: 0.0031421
2026-04-23 14:51:32.775 9 INFO neutron.wsgi [None req-e0b806d4-3b2b-4cf5-86dc-f6675f510dba 3f903946024040bfa8b7663bd313b45c a102aa7a48764bb59a2190da7e37cd60 - - default default] 199.204.45.115 "GET /v2.0/extensions/qos HTTP/1.1" status: 200 len: 365 time: 0.0042953
2026-04-23 14:51:32.786 9 INFO neutron.wsgi [None req-1fdf3607-5bb2-4f52-8507-de8ea75ea5ca 3f903946024040bfa8b7663bd313b45c a102aa7a48764bb59a2190da7e37cd60 - - default default] 199.204.45.115 "GET /v2.0/extensions/allowed-address-pairs HTTP/1.1" status: 200 len: 383 time: 0.0069761
2026-04-23 14:51:32.825 9 INFO neutron.wsgi [None req-dc1bebc9-c879-4643-8145-ba366ae9c720 3f903946024040bfa8b7663bd313b45c a102aa7a48764bb59a2190da7e37cd60 - - default default] 199.204.45.115 "GET /v2.0/subnets/f88fc896-023d-4b67-8ef5-15f52df1e432 HTTP/1.1" status: 200 len: 848 time: 0.0303535
2026-04-23 14:51:32.873 9 INFO neutron.wsgi [None req-57b9e50a-98fe-4351-96a2-5a1ce639a6e4 3f903946024040bfa8b7663bd313b45c a102aa7a48764bb59a2190da7e37cd60 - - default default] 199.204.45.115 "GET /v2.0/ports?device_id=3f1e5454-a683-48f5-90ab-f5236303ec06 HTTP/1.1" status: 200 len: 4924 time: 0.0407021
2026-04-23 14:51:33.008 9 INFO neutron.wsgi [None req-d21b6c61-f039-44ed-9da7-9604f2d9fdd1 3f903946024040bfa8b7663bd313b45c a102aa7a48764bb59a2190da7e37cd60 - - default default] 199.204.45.115 "GET /v2.0/extensions/security-group HTTP/1.1" status: 200 len: 369 time: 0.0082269
2026-04-23 14:51:33.015 9 INFO neutron.wsgi [None req-5f655bd5-ec88-460c-9c5c-f0b7644c5177 3f903946024040bfa8b7663bd313b45c a102aa7a48764bb59a2190da7e37cd60 - - default default] 199.204.45.115 "GET /v2.0/extensions/dns-integration HTTP/1.1" status: 200 len: 371 time: 0.0031595
2026-04-23 14:51:33.025 9 INFO neutron.wsgi [None req-e6e64b83-0b8a-4087-806f-8f054a4476b3 3f903946024040bfa8b7663bd313b45c a102aa7a48764bb59a2190da7e37cd60 - - default default] 199.204.45.115 "GET /v2.0/extensions/qos HTTP/1.1" status: 200 len: 365 time: 0.0042930
2026-04-23 14:51:33.034 9 INFO neutron.wsgi [None req-2e601be8-811d-497e-85a5-6b5098fe4aab 3f903946024040bfa8b7663bd313b45c a102aa7a48764bb59a2190da7e37cd60 - - default default] 199.204.45.115 "GET /v2.0/extensions/allowed-address-pairs HTTP/1.1" status: 200 len: 383 time: 0.0046027
2026-04-23 14:51:33.070 9 INFO neutron.wsgi [None req-ad29cc92-0d10-4db9-989b-3a5991167888 3f903946024040bfa8b7663bd313b45c a102aa7a48764bb59a2190da7e37cd60 - - default default] 199.204.45.115 "GET /v2.0/ports/f279dbdf-ba79-4636-aa50-2bd614e10a2c HTTP/1.1" status: 200 len: 1358 time: 0.0295804
2026-04-23 14:51:33.508 9 INFO neutron.db.ovn_revision_numbers_db [None req-8c2bfd6e-2b56-49cb-a0bd-a15cd04d123e 3f903946024040bfa8b7663bd313b45c a102aa7a48764bb59a2190da7e37cd60 - - - -] Successfully bumped revision number for resource f279dbdf-ba79-4636-aa50-2bd614e10a2c (type: ports) to 6
2026-04-23 14:51:33.517 9 INFO neutron.wsgi [None req-8c2bfd6e-2b56-49cb-a0bd-a15cd04d123e 3f903946024040bfa8b7663bd313b45c a102aa7a48764bb59a2190da7e37cd60 - - - -] 199.204.45.115 "PUT /v2.0/ports/f279dbdf-ba79-4636-aa50-2bd614e10a2c HTTP/1.1" status: 200 len: 1154 time: 0.4414630 /var/lib/openstack/lib/python3.10/site-packages/pycadf/identifier.py:71: UserWarning: Invalid uuid: neutron. To ensure interoperability, identifiers should be a valid uuid. warnings.warn(('Invalid uuid: %s. To ensure interoperability, '
2026-04-23 14:51:33.563 9 INFO neutron.notifiers.nova [-] Nova event matching ['req-4498c893-fb68-42f2-bd45-0adf2f7708ce'] response: {'name': 'network-changed', 'server_uuid': '3f1e5454-a683-48f5-90ab-f5236303ec06', 'tag': 'f279dbdf-ba79-4636-aa50-2bd614e10a2c', 'status': 'completed', 'code': 200}
2026-04-23 14:51:33.612 9 INFO neutron.wsgi [None req-daf49424-fa1c-4f17-9977-3596064fc4ae 3f903946024040bfa8b7663bd313b45c a102aa7a48764bb59a2190da7e37cd60 - - default default] 199.204.45.115 "GET /v2.0/networks/46bf66cf-9399-4016-837f-0520e791939c HTTP/1.1" status: 200 len: 1000 time: 0.0820169
2026-04-23 14:51:33.620 10 INFO neutron.wsgi [req-0c6c641e-0c02-4447-ae2d-64bd040912c8 req-2daf876f-d24f-487a-a0e5-560679d6a537 7bb31feec19442078dcba2ab0d81b033 ed489075664d440c8109ecbd6715645a - - 24c09196609c49b98def0aa6d6fbc591 24c09196609c49b98def0aa6d6fbc591] 199.204.45.115 "GET /v2.0/ports?tenant_id=a102aa7a48764bb59a2190da7e37cd60&device_id=3f1e5454-a683-48f5-90ab-f5236303ec06 HTTP/1.1" status: 200 len: 4749 time: 0.0334637
2026-04-23 14:51:33.655 9 INFO neutron.wsgi [None req-9d96dcb6-a26f-4a6e-aaed-6e065c552291 3f903946024040bfa8b7663bd313b45c a102aa7a48764bb59a2190da7e37cd60 - - default default] 199.204.45.115 "GET /v2.0/ports?device_id=3f1e5454-a683-48f5-90ab-f5236303ec06 HTTP/1.1" status: 200 len: 4749 time: 0.0379755
2026-04-23 14:51:33.691 10 INFO neutron.wsgi [req-0c6c641e-0c02-4447-ae2d-64bd040912c8 req-2095f629-d82d-4c21-a720-38f74df219f6 7bb31feec19442078dcba2ab0d81b033 ed489075664d440c8109ecbd6715645a - - 24c09196609c49b98def0aa6d6fbc591 24c09196609c49b98def0aa6d6fbc591] 199.204.45.115 "GET /v2.0/networks?id=46bf66cf-9399-4016-837f-0520e791939c HTTP/1.1" status: 200 len: 1003 time: 0.0641186
2026-04-23 14:51:33.765 10 INFO neutron.wsgi [req-0c6c641e-0c02-4447-ae2d-64bd040912c8 req-1b9dfa6e-5036-4a27-9efc-c459a9233e55 7bb31feec19442078dcba2ab0d81b033 ed489075664d440c8109ecbd6715645a - - 24c09196609c49b98def0aa6d6fbc591 24c09196609c49b98def0aa6d6fbc591] 199.204.45.115 "GET /v2.0/networks/46bf66cf-9399-4016-837f-0520e791939c?fields=segments HTTP/1.1" status: 200 len: 212 time: 0.0660622
2026-04-23 14:51:33.786 9 INFO neutron.wsgi [None req-e07b3f6b-cb31-404f-bec6-eacaf40dc76f 3f903946024040bfa8b7663bd313b45c a102aa7a48764bb59a2190da7e37cd60 - - default default] 199.204.45.115 "GET /v2.0/ports?device_id=3f1e5454-a683-48f5-90ab-f5236303ec06 HTTP/1.1" status: 200 len: 4749 time: 0.0365644
2026-04-23 14:51:33.839 10 INFO neutron.wsgi [req-0c6c641e-0c02-4447-ae2d-64bd040912c8 req-f70e40c1-ba84-4961-9132-c1997e783978 7bb31feec19442078dcba2ab0d81b033 ed489075664d440c8109ecbd6715645a - - 24c09196609c49b98def0aa6d6fbc591 24c09196609c49b98def0aa6d6fbc591] 199.204.45.115 "GET /v2.0/networks/46bf66cf-9399-4016-837f-0520e791939c?fields=provider%3Aphysical_network&fields=provider%3Anetwork_type HTTP/1.1" status: 200 len: 277 time: 0.0676820
2026-04-23 14:51:34.038 10 INFO neutron.plugins.ml2.drivers.ovn.mech_driver.mech_driver [None req-f8edf14e-715e-420e-9d3d-b871b2de02c5 - - - - - -] OVN reports status down for port: f279dbdf-ba79-4636-aa50-2bd614e10a2c
2026-04-23 14:51:34.097 10 INFO neutron.wsgi [req-4a987ab1-b935-4602-b0dc-8a7afe1ec87c req-bdd13cb7-0715-43a3-8562-beada90ecd72 7bb31feec19442078dcba2ab0d81b033 ed489075664d440c8109ecbd6715645a - - 24c09196609c49b98def0aa6d6fbc591 24c09196609c49b98def0aa6d6fbc591] 199.204.45.115 "GET /v2.0/ports/f279dbdf-ba79-4636-aa50-2bd614e10a2c HTTP/1.1" status: 200 len: 1182 time: 0.0311141
2026-04-23 14:51:34.207 10 INFO neutron.notifiers.nova [-] Nova event matching ['req-44d4d044-f5bd-4996-b20a-01972c3e31c7'] response: {'server_uuid': '3f1e5454-a683-48f5-90ab-f5236303ec06', 'name': 'network-vif-unplugged', 'status': 'completed', 'tag': 'f279dbdf-ba79-4636-aa50-2bd614e10a2c', 'code': 200}
2026-04-23 14:51:34.389 10 INFO neutron.db.ovn_revision_numbers_db [None req-f8edf14e-715e-420e-9d3d-b871b2de02c5 - - - - - -] Successfully bumped revision number for resource f279dbdf-ba79-4636-aa50-2bd614e10a2c (type: ports) to 7
2026-04-23 14:51:34.456 10 INFO neutron.wsgi [None req-c5ca01b8-bab1-495d-9b9a-2fb211d72898 3f903946024040bfa8b7663bd313b45c a102aa7a48764bb59a2190da7e37cd60 - - - -] 199.204.45.115 "DELETE /v2.0/ports/f279dbdf-ba79-4636-aa50-2bd614e10a2c HTTP/1.1" status: 204 len: 173 time: 0.3533106
2026-04-23 14:51:34.547 10 INFO neutron.wsgi [req-4a987ab1-b935-4602-b0dc-8a7afe1ec87c req-2addd429-f3cf-4352-a6a9-2434e641ffc6 7bb31feec19442078dcba2ab0d81b033 ed489075664d440c8109ecbd6715645a - - 24c09196609c49b98def0aa6d6fbc591 24c09196609c49b98def0aa6d6fbc591] 199.204.45.115 "GET /v2.0/ports?tenant_id=a102aa7a48764bb59a2190da7e37cd60&device_id=3f1e5454-a683-48f5-90ab-f5236303ec06 HTTP/1.1" status: 200 len: 3774 time: 0.0371373
2026-04-23 14:51:34.619 10 INFO neutron.wsgi [req-4a987ab1-b935-4602-b0dc-8a7afe1ec87c req-5944b3c5-6f11-469e-a1ea-5661a33428db 7bb31feec19442078dcba2ab0d81b033 ed489075664d440c8109ecbd6715645a - - 24c09196609c49b98def0aa6d6fbc591 24c09196609c49b98def0aa6d6fbc591] 199.204.45.115 "GET /v2.0/networks?id=fb75d235-c462-405c-9c1b-fa0185d22585&id=328b425e-88e6-4b30-9338-cbd135a6dd1d&id=8c42f5c6-f396-446b-bebf-cb9f040aeb3a&id=46bf66cf-9399-4016-837f-0520e791939c HTTP/1.1" status: 200 len: 3309 time: 0.0668006
2026-04-23 14:51:34.656 10 INFO neutron.wsgi [req-4a987ab1-b935-4602-b0dc-8a7afe1ec87c req-b28a8907-cd6e-4b88-ad2c-0f2b26bcbc52 7bb31feec19442078dcba2ab0d81b033 ed489075664d440c8109ecbd6715645a - - 24c09196609c49b98def0aa6d6fbc591 24c09196609c49b98def0aa6d6fbc591] 199.204.45.115 "GET /v2.0/floatingips?fixed_ip_address=172.24.1.33&port_id=b2b28e2e-601d-443b-9d30-285799901d5b HTTP/1.1" status: 200 len: 217 time: 0.0296123
2026-04-23 14:51:34.688 10 INFO neutron.wsgi [req-4a987ab1-b935-4602-b0dc-8a7afe1ec87c req-3bc61a42-1803-4380-9014-e6d4bcf1772e 7bb31feec19442078dcba2ab0d81b033 ed489075664d440c8109ecbd6715645a - - 24c09196609c49b98def0aa6d6fbc591 24c09196609c49b98def0aa6d6fbc591] 199.204.45.115 "GET /v2.0/subnets?id=56ef6dd3-1439-4c73-8998-2a798be60738 HTTP/1.1" status: 200 len: 829 time: 0.0246720
2026-04-23 14:51:34.714 10 INFO neutron.wsgi [req-4a987ab1-b935-4602-b0dc-8a7afe1ec87c req-6422026c-cd88-4d3a-b91d-739136f152dc 7bb31feec19442078dcba2ab0d81b033 ed489075664d440c8109ecbd6715645a - - 24c09196609c49b98def0aa6d6fbc591 24c09196609c49b98def0aa6d6fbc591] 199.204.45.115 "GET /v2.0/ports?network_id=fb75d235-c462-405c-9c1b-fa0185d22585&device_owner=network%3Adhcp HTTP/1.1" status: 200 len: 210 time: 0.0182433
2026-04-23 14:51:34.771 10 INFO neutron.wsgi [req-4a987ab1-b935-4602-b0dc-8a7afe1ec87c req-0e48a588-326b-41c0-b7d1-5160dca6fca0 7bb31feec19442078dcba2ab0d81b033 ed489075664d440c8109ecbd6715645a - - 24c09196609c49b98def0aa6d6fbc591 24c09196609c49b98def0aa6d6fbc591] 199.204.45.115 "GET /v2.0/networks/fb75d235-c462-405c-9c1b-fa0185d22585?fields=segments HTTP/1.1" status: 200 len: 212 time: 0.0511062
2026-04-23 14:51:34.834 9 INFO neutron.wsgi [None req-a661d6d8-d719-4917-88e5-ee622bfc4ce3 3f903946024040bfa8b7663bd313b45c a102aa7a48764bb59a2190da7e37cd60 - - default default] 199.204.45.115 "GET /v2.0/ports?device_id=3f1e5454-a683-48f5-90ab-f5236303ec06 HTTP/1.1" status: 200 len: 3774 time: 0.0377078
2026-04-23 14:51:34.840 10 INFO neutron.wsgi [req-4a987ab1-b935-4602-b0dc-8a7afe1ec87c req-e3703324-7d5c-4457-a499-f92b358df57c 7bb31feec19442078dcba2ab0d81b033 ed489075664d440c8109ecbd6715645a - - 24c09196609c49b98def0aa6d6fbc591 24c09196609c49b98def0aa6d6fbc591] 199.204.45.115 "GET /v2.0/networks/fb75d235-c462-405c-9c1b-fa0185d22585?fields=provider%3Aphysical_network&fields=provider%3Anetwork_type HTTP/1.1" status: 200 len: 277 time: 0.0620821
2026-04-23 14:51:34.861 9 INFO neutron.pecan_wsgi.hooks.translation [None req-ff9569c4-fcca-400a-907c-7442459996db 3f903946024040bfa8b7663bd313b45c a102aa7a48764bb59a2190da7e37cd60 - - - -] DELETE failed (client error): The resource could not be found.
2026-04-23 14:51:34.864 9 INFO neutron.wsgi [None req-ff9569c4-fcca-400a-907c-7442459996db 3f903946024040bfa8b7663bd313b45c a102aa7a48764bb59a2190da7e37cd60 - - - -] 199.204.45.115 "DELETE /v2.0/ports/f279dbdf-ba79-4636-aa50-2bd614e10a2c HTTP/1.1" status: 404 len: 338 time: 0.0217941
2026-04-23 14:51:34.878 10 INFO neutron.wsgi [req-4a987ab1-b935-4602-b0dc-8a7afe1ec87c req-74af04b5-ec72-42ae-9b15-2cb3c184bcf9 7bb31feec19442078dcba2ab0d81b033 ed489075664d440c8109ecbd6715645a - - 24c09196609c49b98def0aa6d6fbc591 24c09196609c49b98def0aa6d6fbc591] 199.204.45.115 "GET /v2.0/floatingips?fixed_ip_address=10.1.1.161&port_id=5dc64a46-9d60-4a2d-856c-366afe109338 HTTP/1.1" status: 200 len: 217 time: 0.0331426
2026-04-23 14:51:34.911 10 INFO neutron.wsgi [req-4a987ab1-b935-4602-b0dc-8a7afe1ec87c req-f16b3e06-a615-4632-8725-9bf9f005825c 7bb31feec19442078dcba2ab0d81b033 ed489075664d440c8109ecbd6715645a - - 24c09196609c49b98def0aa6d6fbc591 24c09196609c49b98def0aa6d6fbc591] 199.204.45.115 "GET /v2.0/subnets?id=bfcfdbca-82af-4c1c-9abc-b74eec974fca HTTP/1.1" status: 200 len: 854 time: 0.0274353
2026-04-23 14:51:34.945 10 INFO neutron.wsgi [req-4a987ab1-b935-4602-b0dc-8a7afe1ec87c req-1da94521-df68-48eb-babe-6c7021c5d965 7bb31feec19442078dcba2ab0d81b033 ed489075664d440c8109ecbd6715645a - - 24c09196609c49b98def0aa6d6fbc591 24c09196609c49b98def0aa6d6fbc591] 199.204.45.115 "GET /v2.0/ports?network_id=328b425e-88e6-4b30-9338-cbd135a6dd1d&device_owner=network%3Adhcp HTTP/1.1" status: 200 len: 210 time: 0.0280461
2026-04-23 14:51:34.951 9 INFO neutron.wsgi [None req-97d016ee-a676-4555-a80a-ae180fe6dc83 3f903946024040bfa8b7663bd313b45c a102aa7a48764bb59a2190da7e37cd60 - - default default] 199.204.45.115 "GET /v2.0/extensions/security-group HTTP/1.1" status: 200 len: 369 time: 0.0077636
2026-04-23 14:51:34.963 9 INFO neutron.wsgi [None req-e07d24a8-1d80-4133-8d6e-8b62df3f16bd 3f903946024040bfa8b7663bd313b45c a102aa7a48764bb59a2190da7e37cd60 - - default default] 199.204.45.115 "GET /v2.0/extensions/dns-integration HTTP/1.1" status: 200 len: 371 time: 0.0048473
2026-04-23 14:51:34.972 9 INFO neutron.wsgi [None req-ab8e723f-bf73-4eb8-9270-b3faa89aa88e 3f903946024040bfa8b7663bd313b45c a102aa7a48764bb59a2190da7e37cd60 - - default default] 199.204.45.115 "GET /v2.0/extensions/qos HTTP/1.1" status: 200 len: 365 time: 0.0048754
2026-04-23 14:51:34.983 9 INFO neutron.wsgi [None req-cd7c8823-8991-4262-8f33-43df2e8bdb6e 3f903946024040bfa8b7663bd313b45c a102aa7a48764bb59a2190da7e37cd60 - - default default] 199.204.45.115 "GET /v2.0/extensions/allowed-address-pairs HTTP/1.1" status: 200 len: 383 time: 0.0052092
2026-04-23 14:51:35.016 10 INFO neutron.wsgi [req-4a987ab1-b935-4602-b0dc-8a7afe1ec87c req-bd9c16a5-9b4e-4091-85b6-695941f80c2f 7bb31feec19442078dcba2ab0d81b033 ed489075664d440c8109ecbd6715645a - - 24c09196609c49b98def0aa6d6fbc591 24c09196609c49b98def0aa6d6fbc591] 199.204.45.115 "GET /v2.0/networks/328b425e-88e6-4b30-9338-cbd135a6dd1d?fields=segments HTTP/1.1" status: 200 len: 212 time: 0.0611181
2026-04-23 14:51:35.026 9 INFO neutron.wsgi [None req-50043030-3db0-48fe-91ac-545df84668b4 3f903946024040bfa8b7663bd313b45c a102aa7a48764bb59a2190da7e37cd60 - - default default] 199.204.45.115 "GET /v2.0/subnets/bfcfdbca-82af-4c1c-9abc-b74eec974fca HTTP/1.1" status: 200 len: 851 time: 0.0369720
2026-04-23 14:51:35.061 9 INFO neutron.wsgi [None req-8e3e2fe1-d0f6-493f-8972-c1a41a556b1a 3f903946024040bfa8b7663bd313b45c a102aa7a48764bb59a2190da7e37cd60 - - default default] 199.204.45.115 "GET /v2.0/ports/7bff24d0-2061-4c55-999e-d7091c3c1e1b HTTP/1.1" status: 200 len: 1340 time: 0.0245106
2026-04-23 14:51:35.091 10 INFO neutron.wsgi [req-4a987ab1-b935-4602-b0dc-8a7afe1ec87c req-16800a0c-47dc-4df1-a91f-b4c866eac035 7bb31feec19442078dcba2ab0d81b033 ed489075664d440c8109ecbd6715645a - - 24c09196609c49b98def0aa6d6fbc591 24c09196609c49b98def0aa6d6fbc591] 199.204.45.115 "GET /v2.0/networks/328b425e-88e6-4b30-9338-cbd135a6dd1d?fields=provider%3Aphysical_network&fields=provider%3Anetwork_type HTTP/1.1" status: 200 len: 277 time: 0.0676854
2026-04-23 14:51:35.101 9 INFO neutron.wsgi [None req-85379028-4cdb-4362-ae54-dbe520445180 3f903946024040bfa8b7663bd313b45c a102aa7a48764bb59a2190da7e37cd60 - - default default] 199.204.45.115 "GET /v2.0/ports/5dc64a46-9d60-4a2d-856c-366afe109338 HTTP/1.1" status: 200 len: 1471 time: 0.0335717
2026-04-23 14:51:35.124 10 INFO neutron.wsgi [req-4a987ab1-b935-4602-b0dc-8a7afe1ec87c req-55ebf819-cc40-418d-8697-a912339dca5e 7bb31feec19442078dcba2ab0d81b033 ed489075664d440c8109ecbd6715645a - - 24c09196609c49b98def0aa6d6fbc591 24c09196609c49b98def0aa6d6fbc591] 199.204.45.115 "GET /v2.0/floatingips?fixed_ip_address=10.2.1.73&port_id=79e248a2-55fc-4492-a1c0-e1f61da82736 HTTP/1.1" status: 200 len: 217 time: 0.0249724
2026-04-23 14:51:35.150 9 INFO neutron.wsgi [None req-bb0b32de-1be3-44ae-8463-c96f56111e90 3f903946024040bfa8b7663bd313b45c a102aa7a48764bb59a2190da7e37cd60 - - default default] 199.204.45.115 "GET /v2.0/subnets/bfcfdbca-82af-4c1c-9abc-b74eec974fca HTTP/1.1" status: 200 len: 851 time: 0.0404432
2026-04-23 14:51:35.164 10 INFO neutron.wsgi [req-4a987ab1-b935-4602-b0dc-8a7afe1ec87c req-388cb207-5e84-4d91-8ec5-e2319fd0e66a 7bb31feec19442078dcba2ab0d81b033 ed489075664d440c8109ecbd6715645a - - 24c09196609c49b98def0aa6d6fbc591 24c09196609c49b98def0aa6d6fbc591] 199.204.45.115 "GET /v2.0/subnets?id=f88fc896-023d-4b67-8ef5-15f52df1e432 HTTP/1.1" status: 200 len: 851 time: 0.0325785
2026-04-23 14:51:35.190 10 INFO neutron.wsgi [req-4a987ab1-b935-4602-b0dc-8a7afe1ec87c req-43c7a1f7-62b6-4c30-9b89-7e186511a0cc 7bb31feec19442078dcba2ab0d81b033 ed489075664d440c8109ecbd6715645a - - 24c09196609c49b98def0aa6d6fbc591 24c09196609c49b98def0aa6d6fbc591] 199.204.45.115 "GET /v2.0/ports?network_id=8c42f5c6-f396-446b-bebf-cb9f040aeb3a&device_owner=network%3Adhcp HTTP/1.1" status: 200 len: 210 time: 0.0211287
2026-04-23 14:51:35.219 9 INFO neutron.wsgi [None req-db6aad61-6c72-4072-b181-cc00d9a347d4 3f903946024040bfa8b7663bd313b45c a102aa7a48764bb59a2190da7e37cd60 - - default default] 199.204.45.115 "GET /v2.0/networks/328b425e-88e6-4b30-9338-cbd135a6dd1d HTTP/1.1" status: 200 len: 1001 time: 0.0620186
2026-04-23 14:51:35.257 9 INFO neutron.wsgi [None req-92394f9a-bd2d-4712-8c45-9b8f12363b1e 3f903946024040bfa8b7663bd313b45c a102aa7a48764bb59a2190da7e37cd60 - - default default] 199.204.45.115 "GET /v2.0/ports/7bff24d0-2061-4c55-999e-d7091c3c1e1b HTTP/1.1" status: 200 len: 1340 time: 0.0299947
2026-04-23 14:51:35.259 10 INFO neutron.wsgi [req-4a987ab1-b935-4602-b0dc-8a7afe1ec87c req-264a1cb8-d81b-4d2b-82d0-d72bbf31a184 7bb31feec19442078dcba2ab0d81b033 ed489075664d440c8109ecbd6715645a - - 24c09196609c49b98def0aa6d6fbc591 24c09196609c49b98def0aa6d6fbc591] 199.204.45.115 "GET /v2.0/networks/8c42f5c6-f396-446b-bebf-cb9f040aeb3a?fields=segments HTTP/1.1" status: 200 len: 212 time: 0.0625806
2026-04-23 14:51:35.303 9 INFO neutron.wsgi [None req-b9b77004-304e-4a4c-a722-cfb4b4d78847 3f903946024040bfa8b7663bd313b45c a102aa7a48764bb59a2190da7e37cd60 - - default default] 199.204.45.115 "GET /v2.0/subnets/bfcfdbca-82af-4c1c-9abc-b74eec974fca HTTP/1.1" status: 200 len: 851 time: 0.0384350
2026-04-23 14:51:35.321 10 INFO neutron.wsgi [req-4a987ab1-b935-4602-b0dc-8a7afe1ec87c req-7ec0b686-53ce-4c7a-987f-530b9eef26fb 7bb31feec19442078dcba2ab0d81b033 ed489075664d440c8109ecbd6715645a - - 24c09196609c49b98def0aa6d6fbc591 24c09196609c49b98def0aa6d6fbc591] 199.204.45.115 "GET /v2.0/networks/8c42f5c6-f396-446b-bebf-cb9f040aeb3a?fields=provider%3Aphysical_network&fields=provider%3Anetwork_type HTTP/1.1" status: 200 len: 277 time: 0.0558431
2026-04-23 14:51:35.964 10 INFO neutron.wsgi [req-8262d47d-6410-45b0-aa0d-fee048489fc4 req-5e7eefa3-4801-4a67-9f8a-4edecc10b10f 7bb31feec19442078dcba2ab0d81b033 ed489075664d440c8109ecbd6715645a - - 24c09196609c49b98def0aa6d6fbc591 24c09196609c49b98def0aa6d6fbc591] 199.204.45.115 "GET /v2.0/ports?device_id=dabc2014-75ed-4d87-9fe6-f7d22d40739d&fields=binding%3Ahost_id&fields=binding%3Avif_type HTTP/1.1" status: 200 len: 265 time: 0.0302646
2026-04-23 14:51:36.044 10 INFO neutron.wsgi [req-8262d47d-6410-45b0-aa0d-fee048489fc4 req-c25c81aa-2534-48ff-b543-5f81c614b3be 7bb31feec19442078dcba2ab0d81b033 ed489075664d440c8109ecbd6715645a - - 24c09196609c49b98def0aa6d6fbc591 24c09196609c49b98def0aa6d6fbc591] 199.204.45.115 "GET /v2.0/ports?tenant_id=3da7d79797a3428f9e2192c29d6ca098&device_id=dabc2014-75ed-4d87-9fe6-f7d22d40739d HTTP/1.1" status: 200 len: 1590 time: 0.0376997
2026-04-23 14:51:36.066 9 INFO neutron.wsgi [-] 10.0.0.96 "GET / HTTP/1.1" status: 200 len: 247 time: 0.0027239
2026-04-23 14:51:36.066 10 INFO neutron.wsgi [-] 10.0.0.96 "GET / HTTP/1.1" status: 200 len: 247 time: 0.0030806
2026-04-23 14:51:36.126 10 INFO neutron.wsgi [req-8262d47d-6410-45b0-aa0d-fee048489fc4 req-0be21c31-579e-4b91-8345-9c075c2c425a 7bb31feec19442078dcba2ab0d81b033 ed489075664d440c8109ecbd6715645a - - 24c09196609c49b98def0aa6d6fbc591 24c09196609c49b98def0aa6d6fbc591] 199.204.45.115 "GET /v2.0/networks?id=8c42f5c6-f396-446b-bebf-cb9f040aeb3a HTTP/1.1" status: 200 len: 1003 time: 0.0587962
2026-04-23 14:51:36.171 10 INFO neutron.wsgi [req-8262d47d-6410-45b0-aa0d-fee048489fc4 req-ef6d2145-1425-4786-946e-05957f5473fd 7bb31feec19442078dcba2ab0d81b033 ed489075664d440c8109ecbd6715645a - - 24c09196609c49b98def0aa6d6fbc591 24c09196609c49b98def0aa6d6fbc591] 199.204.45.115 "GET /v2.0/floatingips?fixed_ip_address=10.2.1.144&port_id=68f26ca8-9b76-4df8-b74d-42c5a0965813 HTTP/1.1" status: 200 len: 1059 time: 0.0382361
2026-04-23 14:51:36.205 10 INFO neutron.wsgi [req-8262d47d-6410-45b0-aa0d-fee048489fc4 req-53357398-7e1c-4213-b38d-e31b3a66d5ae 7bb31feec19442078dcba2ab0d81b033 ed489075664d440c8109ecbd6715645a - - 24c09196609c49b98def0aa6d6fbc591 24c09196609c49b98def0aa6d6fbc591] 199.204.45.115 "GET /v2.0/floatingips?fixed_ip_address=fd7b%3Af9f7%3Afff%3A4eca%3A%3A2ba&port_id=68f26ca8-9b76-4df8-b74d-42c5a0965813 HTTP/1.1" status: 200 len: 217 time: 0.0284243
2026-04-23 14:51:36.241 10 INFO neutron.notifiers.nova [-] Nova event matching ['req-659ec0be-8032-4f3c-b28b-213970eab4f2'] response: {'server_uuid': '3f1e5454-a683-48f5-90ab-f5236303ec06', 'name': 'network-vif-plugged', 'status': 'completed', 'tag': 'f279dbdf-ba79-4636-aa50-2bd614e10a2c', 'code': 200}
2026-04-23 14:51:36.241 10 INFO neutron.notifiers.nova [-] Nova event matching ['req-659ec0be-8032-4f3c-b28b-213970eab4f2'] response: {'server_uuid': '3f1e5454-a683-48f5-90ab-f5236303ec06', 'name': 'network-vif-deleted', 'tag': 'f279dbdf-ba79-4636-aa50-2bd614e10a2c', 'status': 'completed', 'code': 200}
2026-04-23 14:51:36.251 10 INFO neutron.wsgi [req-8262d47d-6410-45b0-aa0d-fee048489fc4 req-2acd88b2-fd17-4a04-8c4d-4e0953eac0db 7bb31feec19442078dcba2ab0d81b033 ed489075664d440c8109ecbd6715645a - - 24c09196609c49b98def0aa6d6fbc591 24c09196609c49b98def0aa6d6fbc591] 199.204.45.115 "GET /v2.0/subnets?id=6946beb4-361c-4866-8133-19b29da497a2&id=f88fc896-023d-4b67-8ef5-15f52df1e432 HTTP/1.1" status: 200 len: 1561 time: 0.0380051
2026-04-23 14:51:36.284 10 INFO neutron.wsgi [req-8262d47d-6410-45b0-aa0d-fee048489fc4 req-a7066ca4-d48b-476f-9b4c-40f9cbcd9cff 7bb31feec19442078dcba2ab0d81b033 ed489075664d440c8109ecbd6715645a - - 24c09196609c49b98def0aa6d6fbc591 24c09196609c49b98def0aa6d6fbc591] 199.204.45.115 "GET /v2.0/ports?network_id=8c42f5c6-f396-446b-bebf-cb9f040aeb3a&device_owner=network%3Adhcp HTTP/1.1" status: 200 len: 210 time: 0.0224152
2026-04-23 14:51:36.313 10 INFO neutron.wsgi [req-8262d47d-6410-45b0-aa0d-fee048489fc4 req-44a97201-7d35-40a3-87d6-0b81b5629cec 7bb31feec19442078dcba2ab0d81b033 ed489075664d440c8109ecbd6715645a - - 24c09196609c49b98def0aa6d6fbc591 24c09196609c49b98def0aa6d6fbc591] 199.204.45.115 "GET /v2.0/ports?network_id=8c42f5c6-f396-446b-bebf-cb9f040aeb3a&device_owner=network%3Adhcp HTTP/1.1" status: 200 len: 210 time: 0.0216410
2026-04-23 14:51:36.383 10 INFO neutron.wsgi [req-8262d47d-6410-45b0-aa0d-fee048489fc4 req-87c22b9b-2386-4d31-a156-6789ce39f56d 7bb31feec19442078dcba2ab0d81b033 ed489075664d440c8109ecbd6715645a - - 24c09196609c49b98def0aa6d6fbc591 24c09196609c49b98def0aa6d6fbc591] 199.204.45.115 "GET /v2.0/networks/8c42f5c6-f396-446b-bebf-cb9f040aeb3a?fields=segments HTTP/1.1" status: 200 len: 212 time: 0.0649445
2026-04-23 14:51:36.450 10 INFO neutron.wsgi [req-8262d47d-6410-45b0-aa0d-fee048489fc4 req-887d96e6-53f8-485f-ac9e-e3699e180fc1 7bb31feec19442078dcba2ab0d81b033 ed489075664d440c8109ecbd6715645a - - 24c09196609c49b98def0aa6d6fbc591 24c09196609c49b98def0aa6d6fbc591] 199.204.45.115 "GET /v2.0/networks/8c42f5c6-f396-446b-bebf-cb9f040aeb3a?fields=provider%3Aphysical_network&fields=provider%3Anetwork_type HTTP/1.1" status: 200 len: 277 time: 0.0606027
2026-04-23 14:51:38.331 10 INFO neutron.wsgi [None req-f4691669-a129-4e0a-882d-228b84696b94 3f903946024040bfa8b7663bd313b45c a102aa7a48764bb59a2190da7e37cd60 - - default default] 199.204.45.115 "GET /v2.0/extensions/security-group HTTP/1.1" status: 200 len: 369 time: 0.0089278
2026-04-23 14:51:38.343 10 INFO neutron.wsgi [None req-d778b8b6-82b0-4c03-afde-c5cc6384d59a 3f903946024040bfa8b7663bd313b45c a102aa7a48764bb59a2190da7e37cd60 - - default default] 199.204.45.115 "GET /v2.0/extensions/dns-integration HTTP/1.1" status: 200 len: 371 time: 0.0048151
