2026-04-23 14:47:20.317 9 INFO neutron.db.ovn_revision_numbers_db [None req-ca7a33b7-8ca6-46e4-8d73-4345f8e9a9e7 872045e625d4470887a5c063f7bf3e09 b67fa7b411c5462fa973796ea4b4d9f4 - - - -] Successfully bumped revision number for resource 21f23dfb-50bd-4198-baf3-afdb3ccd6789 (type: networks) to 1
2026-04-23 14:47:20.508 9 WARNING neutron.scheduler.dhcp_agent_scheduler [None req-ca7a33b7-8ca6-46e4-8d73-4345f8e9a9e7 872045e625d4470887a5c063f7bf3e09 b67fa7b411c5462fa973796ea4b4d9f4 - - - -] No more DHCP agents
2026-04-23 14:47:20.511 9 WARNING neutron.api.rpc.agentnotifiers.dhcp_rpc_agent_api [None req-ca7a33b7-8ca6-46e4-8d73-4345f8e9a9e7 872045e625d4470887a5c063f7bf3e09 b67fa7b411c5462fa973796ea4b4d9f4 - - - -] Unable to schedule network 21f23dfb-50bd-4198-baf3-afdb3ccd6789: no agents available; will retry on subsequent port and subnet creation events.
2026-04-23 14:47:20.542 10 INFO neutron.wsgi [req-d7a6dcd0-1a16-4214-83f6-133797fdc750 req-0b0ff48c-9124-44ec-8adc-789849eb7746 956594cf51754615987c59cf5225c570 3a7276b2602645cfbc2670ceef490754 - - default default] 10.0.0.17 "GET /v2.0/ports?device_id=440ff245-9eca-4519-ace1-b72b87b5c1c4 HTTP/1.1" status: 200 len: 1168 time: 0.1117833
2026-04-23 14:47:20.593 9 INFO neutron.db.ovn_revision_numbers_db [None req-ca7a33b7-8ca6-46e4-8d73-4345f8e9a9e7 872045e625d4470887a5c063f7bf3e09 b67fa7b411c5462fa973796ea4b4d9f4 - - - -] Successfully bumped revision number for resource b6d45386-79ec-4c50-9139-eea6bc920d39 (type: ports) to 1
2026-04-23 14:47:20.604 10 INFO neutron.wsgi [req-d7a6dcd0-1a16-4214-83f6-133797fdc750 req-af86179e-5e24-46db-ad19-c5375e9f6641 956594cf51754615987c59cf5225c570 3a7276b2602645cfbc2670ceef490754 - - default default] 10.0.0.17 "GET /v2.0/security-groups?id=6de677a0-e476-4e30-be3c-36b59cb76d3b&fields=id&fields=name HTTP/1.1" status: 200 len: 313 time: 0.0564306
2026-04-23 14:47:20.616 9 INFO neutron.wsgi [None req-ca7a33b7-8ca6-46e4-8d73-4345f8e9a9e7 872045e625d4470887a5c063f7bf3e09 b67fa7b411c5462fa973796ea4b4d9f4 - - - -] 10.0.0.89 "POST /v2.0/networks HTTP/1.1" status: 201 len: 831 time: 0.5161650
2026-04-23 14:47:20.911 9 INFO neutron.wsgi [None req-f46c59bd-22b7-4f97-9672-fdadd977a3dc 6b9b60f52d234e4f8c920d85ef097588 77a494a03571459fb92d086677e29b22 - - default default] 10.0.0.89 "GET /v2.0/ports/986da236-06c3-4b77-8226-23544205add0 HTTP/1.1" status: 200 len: 1147 time: 0.0448258
2026-04-23 14:47:20.918 9 WARNING neutron.scheduler.dhcp_agent_scheduler [None req-184cbf4c-ef9f-4619-95c7-4eb5fc6ffa36 872045e625d4470887a5c063f7bf3e09 b67fa7b411c5462fa973796ea4b4d9f4 - - - -] No more DHCP agents
2026-04-23 14:47:20.920 9 WARNING neutron.api.rpc.agentnotifiers.dhcp_rpc_agent_api [None req-184cbf4c-ef9f-4619-95c7-4eb5fc6ffa36 872045e625d4470887a5c063f7bf3e09 b67fa7b411c5462fa973796ea4b4d9f4 - - - -] Unable to schedule network 21f23dfb-50bd-4198-baf3-afdb3ccd6789: no agents available; will retry on subsequent port and subnet creation events.
2026-04-23 14:47:21.067 10 INFO neutron.wsgi [-] 10.0.0.96 "GET / HTTP/1.1" status: 200 len: 247 time: 0.0028641
2026-04-23 14:47:21.069 10 INFO neutron.wsgi [-] 10.0.0.96 "GET / HTTP/1.1" status: 200 len: 247 time: 0.0014267
2026-04-23 14:47:21.452 9 INFO neutron.db.ovn_revision_numbers_db [None req-184cbf4c-ef9f-4619-95c7-4eb5fc6ffa36 872045e625d4470887a5c063f7bf3e09 b67fa7b411c5462fa973796ea4b4d9f4 - - - -] Successfully bumped revision number for resource b6d45386-79ec-4c50-9139-eea6bc920d39 (type: ports) to 2
2026-04-23 14:47:21.471 9 INFO neutron.db.ovn_revision_numbers_db [None req-184cbf4c-ef9f-4619-95c7-4eb5fc6ffa36 872045e625d4470887a5c063f7bf3e09 b67fa7b411c5462fa973796ea4b4d9f4 - - - -] Successfully bumped revision number for resource 073e6b25-3288-4a4a-a97f-c759a4d4e801 (type: subnets) to 0
2026-04-23 14:47:21.490 9 INFO neutron.wsgi [None req-184cbf4c-ef9f-4619-95c7-4eb5fc6ffa36 872045e625d4470887a5c063f7bf3e09 b67fa7b411c5462fa973796ea4b4d9f4 - - - -] 10.0.0.89 "POST /v2.0/subnets HTTP/1.1" status: 201 len: 804 time: 0.8698153
2026-04-23 14:47:21.540 9 INFO neutron.wsgi [None req-c268b1c6-27ad-42a6-a22c-d8d37594e97d 872045e625d4470887a5c063f7bf3e09 b67fa7b411c5462fa973796ea4b4d9f4 - - - -] 10.0.0.89 "PUT /v2.0/subnets/b4fe45e0-b66f-487c-b01b-6afdfd1c5fd1/tags HTTP/1.1" status: 200 len: 210 time: 0.0444958
2026-04-23 14:47:21.585 9 INFO neutron.wsgi [None req-686b3754-63b5-4d17-8e03-7c228cb63798 872045e625d4470887a5c063f7bf3e09 b67fa7b411c5462fa973796ea4b4d9f4 - - - -] 10.0.0.89 "PUT /v2.0/subnets/19fc9498-c8fe-436d-99f7-4c460c57b424/tags HTTP/1.1" status: 200 len: 218 time: 0.0408137
2026-04-23 14:47:21.636 9 INFO neutron.wsgi [None req-4dea2429-f7c2-4836-ac44-867a4d945ffd 872045e625d4470887a5c063f7bf3e09 b67fa7b411c5462fa973796ea4b4d9f4 - - - -] 10.0.0.89 "PUT /v2.0/subnets/c008447d-661c-479e-ad6e-bca4cd9ee151/tags HTTP/1.1" status: 200 len: 227 time: 0.0452693
2026-04-23 14:47:21.678 9 INFO neutron.wsgi [None req-417505e7-7235-4459-89f3-e56d7da0423c 872045e625d4470887a5c063f7bf3e09 b67fa7b411c5462fa973796ea4b4d9f4 - - - -] 10.0.0.89 "PUT /v2.0/subnets/b903c41c-c122-417e-b9c8-e9b7e0f5ad8d/tags HTTP/1.1" status: 200 len: 212 time: 0.0386488
2026-04-23 14:47:21.741 9 WARNING neutron.plugins.ml2.drivers.ovn.mech_driver.ovsdb.ovn_client [None req-f496c3af-8c07-4e18-bd94-e5c9949d118f - - - - - -] No hosting information found for port 79158a03-c09c-49ca-b682-943be068f1c9: RuntimeError: No hosting information found for port 79158a03-c09c-49ca-b682-943be068f1c9
2026-04-23 14:47:21.741 9 INFO neutron.plugins.ml2.drivers.ovn.mech_driver.mech_driver [None req-f496c3af-8c07-4e18-bd94-e5c9949d118f - - - - - -] OVN reports status up for port: 986da236-06c3-4b77-8226-23544205add0
2026-04-23 14:47:21.753 10 INFO neutron.wsgi [None req-3bcf0fbe-5051-4890-8df8-dfdef29bb169 872045e625d4470887a5c063f7bf3e09 b67fa7b411c5462fa973796ea4b4d9f4 - - default default] 10.0.0.89 "GET /v2.0/subnets?tags=red HTTP/1.1" status: 200 len: 2027 time: 0.0689991
2026-04-23 14:47:21.758 9 INFO neutron.plugins.ml2.plugin [None req-f496c3af-8c07-4e18-bd94-e5c9949d118f - - - - - -] Attempt 1 to provision port 986da236-06c3-4b77-8226-23544205add0
2026-04-23 14:47:21.820 9 INFO neutron.wsgi [req-a7695284-c0ca-4167-8048-492e707ce5f9 req-083a460c-85ac-4998-b4c6-67fdd6633c9a 956594cf51754615987c59cf5225c570 3a7276b2602645cfbc2670ceef490754 - - default default] 10.0.0.17 "GET /v2.0/ports?device_id=440ff245-9eca-4519-ace1-b72b87b5c1c4 HTTP/1.1" status: 200 len: 1168 time: 0.1408868
2026-04-23 14:47:21.824 10 INFO neutron.wsgi [None req-33e6c84d-e85b-474b-aa76-a7a14381d7c0 872045e625d4470887a5c063f7bf3e09 b67fa7b411c5462fa973796ea4b4d9f4 - - default default] 10.0.0.89 "GET /v2.0/subnets?tags=red%2Cblue HTTP/1.1" status: 200 len: 1430 time: 0.0651929
2026-04-23 14:47:21.893 10 INFO neutron.wsgi [None req-238430a9-8ee8-4c36-ab3a-9b55bbb66817 872045e625d4470887a5c063f7bf3e09 b67fa7b411c5462fa973796ea4b4d9f4 - - default default] 10.0.0.89 "GET /v2.0/subnets?tags-any=blue HTTP/1.1" status: 200 len: 1430 time: 0.0625100
2026-04-23 14:47:21.962 10 INFO neutron.wsgi [None req-407f1348-d98a-4982-a2ea-e6070d5e4ef7 872045e625d4470887a5c063f7bf3e09 b67fa7b411c5462fa973796ea4b4d9f4 - - default default] 10.0.0.89 "GET /v2.0/subnets?tags-any=red%2Cblue HTTP/1.1" status: 200 len: 2027 time: 0.0622926
2026-04-23 14:47:22.076 10 INFO neutron.wsgi [None req-454c91fd-aaab-4a42-9e51-1e76919bd7a5 872045e625d4470887a5c063f7bf3e09 b67fa7b411c5462fa973796ea4b4d9f4 - - default default] 10.0.0.89 "GET /v2.0/subnets?not-tags=red HTTP/1.1" status: 200 len: 2018 time: 0.1019800
2026-04-23 14:47:22.083 10 INFO neutron.wsgi [None req-a0d1a6fd-67f0-4f5b-8deb-7101b267289a 6b9b60f52d234e4f8c920d85ef097588 77a494a03571459fb92d086677e29b22 - - default default] 10.0.0.89 "GET /v2.0/ports/986da236-06c3-4b77-8226-23544205add0 HTTP/1.1" status: 200 len: 1147 time: 0.1578307
2026-04-23 14:47:22.122 9 INFO neutron.wsgi [req-a7695284-c0ca-4167-8048-492e707ce5f9 req-8392c712-8302-4e54-8eb7-fae4d2329175 956594cf51754615987c59cf5225c570 3a7276b2602645cfbc2670ceef490754 - - default default] 10.0.0.17 "GET /v2.0/security-groups?id=6de677a0-e476-4e30-be3c-36b59cb76d3b&fields=id&fields=name HTTP/1.1" status: 200 len: 313 time: 0.2908576
2026-04-23 14:47:22.156 10 INFO neutron.wsgi [None req-270a176a-0b04-4332-a82c-dc9f0be1cc05 872045e625d4470887a5c063f7bf3e09 b67fa7b411c5462fa973796ea4b4d9f4 - - default default] 10.0.0.89 "GET /v2.0/subnets?not-tags=red%2Cblue HTTP/1.1" status: 200 len: 2615 time: 0.0718327
2026-04-23 14:47:22.226 10 INFO neutron.wsgi [None req-024b6bc5-1f2b-479f-941b-9e63fb102066 872045e625d4470887a5c063f7bf3e09 b67fa7b411c5462fa973796ea4b4d9f4 - - default default] 10.0.0.89 "GET /v2.0/subnets?not-tags-any=blue HTTP/1.1" status: 200 len: 2615 time: 0.0646944
2026-04-23 14:47:22.276 10 INFO neutron.wsgi [None req-231ca2f1-f54b-4663-9561-7e85a38bacc5 872045e625d4470887a5c063f7bf3e09 b67fa7b411c5462fa973796ea4b4d9f4 - - default default] 10.0.0.89 "GET /v2.0/subnets?not-tags-any=red%2Cblue HTTP/1.1" status: 200 len: 2018 time: 0.0434124
2026-04-23 14:47:22.298 9 INFO neutron.db.ovn_revision_numbers_db [None req-f496c3af-8c07-4e18-bd94-e5c9949d118f - - - - - -] Successfully bumped revision number for resource 986da236-06c3-4b77-8226-23544205add0 (type: ports) to 3
2026-04-23 14:47:22.399 9 INFO neutron.db.ovn_revision_numbers_db [None req-f496c3af-8c07-4e18-bd94-e5c9949d118f - - - - - -] Successfully bumped revision number for resource 986da236-06c3-4b77-8226-23544205add0 (type: router_ports) to 3
2026-04-23 14:47:22.541 10 INFO neutron.wsgi [None req-0cb00a11-255c-4f63-94c8-564b7b68c007 872045e625d4470887a5c063f7bf3e09 b67fa7b411c5462fa973796ea4b4d9f4 - - - -] 10.0.0.89 "DELETE /v2.0/subnets/b4fe45e0-b66f-487c-b01b-6afdfd1c5fd1 HTTP/1.1" status: 204 len: 168 time: 0.2587533
2026-04-23 14:47:22.738 10 INFO neutron.wsgi [None req-f86cbc8b-6f53-46be-9bf5-0ef389e978f9 872045e625d4470887a5c063f7bf3e09 b67fa7b411c5462fa973796ea4b4d9f4 - - - -] 10.0.0.89 "DELETE /v2.0/subnets/19fc9498-c8fe-436d-99f7-4c460c57b424 HTTP/1.1" status: 204 len: 168 time: 0.1931074
2026-04-23 14:47:22.957 9 INFO neutron.wsgi [None req-9496df0a-03d9-4f20-8f76-a70e21579e70 872045e625d4470887a5c063f7bf3e09 b67fa7b411c5462fa973796ea4b4d9f4 - - - -] 10.0.0.89 "DELETE /v2.0/subnets/c008447d-661c-479e-ad6e-bca4cd9ee151 HTTP/1.1" status: 204 len: 168 time: 0.2144525
2026-04-23 14:47:23.131 10 INFO neutron.wsgi [None req-719c204d-657d-417f-996a-a3ade8db8aad 6b9b60f52d234e4f8c920d85ef097588 77a494a03571459fb92d086677e29b22 - - default default] 10.0.0.89 "GET /v2.0/ports/986da236-06c3-4b77-8226-23544205add0 HTTP/1.1" status: 200 len: 1149 time: 0.0419092
2026-04-23 14:47:23.214 9 INFO neutron.wsgi [None req-90014c01-52c5-4c90-860d-329ebb15439e 872045e625d4470887a5c063f7bf3e09 b67fa7b411c5462fa973796ea4b4d9f4 - - - -] 10.0.0.89 "DELETE /v2.0/subnets/b903c41c-c122-417e-b9c8-e9b7e0f5ad8d HTTP/1.1" status: 204 len: 168 time: 0.2528448
2026-04-23 14:47:23.257 10 INFO neutron.wsgi [req-c0de061b-54b1-40a2-a6a1-a3b56a89206d req-b11d64aa-af45-4285-9795-bd36ceb4afa9 956594cf51754615987c59cf5225c570 3a7276b2602645cfbc2670ceef490754 - - default default] 10.0.0.17 "GET /v2.0/ports?device_id=440ff245-9eca-4519-ace1-b72b87b5c1c4 HTTP/1.1" status: 200 len: 1168 time: 0.0761857
2026-04-23 14:47:23.339 10 INFO neutron.wsgi [req-c0de061b-54b1-40a2-a6a1-a3b56a89206d req-d674b742-ec45-4242-b27e-bb15d68e21b4 956594cf51754615987c59cf5225c570 3a7276b2602645cfbc2670ceef490754 - - default default] 10.0.0.17 "GET /v2.0/security-groups?id=6de677a0-e476-4e30-be3c-36b59cb76d3b&fields=id&fields=name HTTP/1.1" status: 200 len: 313 time: 0.0761199
2026-04-23 14:47:23.461 9 INFO neutron.wsgi [None req-0e7574c3-82eb-4896-9f94-76bebd8e385f 872045e625d4470887a5c063f7bf3e09 b67fa7b411c5462fa973796ea4b4d9f4 - - - -] 10.0.0.89 "DELETE /v2.0/subnets/073e6b25-3288-4a4a-a97f-c759a4d4e801 HTTP/1.1" status: 204 len: 168 time: 0.2411222
2026-04-23 14:47:23.852 9 INFO neutron.services.segments.plugin [-] Segment fa332c51-9e24-4c3e-8931-29f417fe54ca resource provider aggregate not found
2026-04-23 14:47:23.856 9 INFO neutron.services.segments.plugin [-] Segment fa332c51-9e24-4c3e-8931-29f417fe54ca resource provider aggregate not found
2026-04-23 14:47:23.871 9 INFO neutron.services.segments.plugin [-] Segment fa332c51-9e24-4c3e-8931-29f417fe54ca resource provider not found; error: Placement Client Error (4xx): {"errors": [{"status": 404, "title": "Not Found", "detail": "The resource could not be found.\n\n No resource provider with uuid fa332c51-9e24-4c3e-8931-29f417fe54ca found for delete ", "request_id": "req-83ba3425-e5fd-4266-a917-423d063f153d"}]}
2026-04-23 14:47:23.877 9 INFO neutron.services.segments.plugin [-] Segment fa332c51-9e24-4c3e-8931-29f417fe54ca resource provider not found; error: Placement Client Error (4xx): {"errors": [{"status": 404, "title": "Not Found", "detail": "The resource could not be found.\n\n No resource provider with uuid fa332c51-9e24-4c3e-8931-29f417fe54ca found for delete ", "request_id": "req-3add8bf2-ab31-4b79-968e-1a1ce33f2423"}]}
2026-04-23 14:47:23.892 9 INFO neutron.wsgi [None req-9d057fc9-99b2-4182-89b3-97c11b655aa5 872045e625d4470887a5c063f7bf3e09 b67fa7b411c5462fa973796ea4b4d9f4 - - - -] 10.0.0.89 "DELETE /v2.0/networks/ce875bba-181c-4c30-8f21-ccbe729dbcf5 HTTP/1.1" status: 204 len: 168 time: 0.4251587
2026-04-23 14:47:24.258 10 INFO neutron.wsgi [None req-7fb032ab-d82b-47ae-a88d-7e040fd467f3 6b9b60f52d234e4f8c920d85ef097588 77a494a03571459fb92d086677e29b22 - - - -] 10.0.0.89 "PUT /v2.0/routers/62321a7f-13e0-4669-beb6-96e7c41816b4/remove_router_interface HTTP/1.1" status: 200 len: 503 time: 1.1217494 /var/lib/openstack/lib/python3.10/site-packages/pycadf/identifier.py:71: UserWarning: Invalid uuid: neutron. To ensure interoperability, identifiers should be a valid uuid. warnings.warn(('Invalid uuid: %s. To ensure interoperability, '
2026-04-23 14:47:24.275 9 INFO neutron.wsgi [None req-fe7f4e4d-5ab8-447b-9dc8-c8194e052d5c 872045e625d4470887a5c063f7bf3e09 b67fa7b411c5462fa973796ea4b4d9f4 - - - -] 10.0.0.89 "DELETE /v2.0/networks/41aafba4-0649-45f8-8148-d513219c3374 HTTP/1.1" status: 204 len: 168 time: 0.3722982
2026-04-23 14:47:24.389 10 INFO neutron.wsgi [None req-64df37b6-5b61-4caf-8b2b-5d7e1535cd59 6b9b60f52d234e4f8c920d85ef097588 77a494a03571459fb92d086677e29b22 - - default default] 10.0.0.89 "GET /v2.0/ports/79158a03-c09c-49ca-b682-943be068f1c9 HTTP/1.1" status: 200 len: 1141 time: 0.1230178
2026-04-23 14:47:24.446 9 INFO neutron.wsgi [req-1f6bfeb4-aecc-4685-bf43-3e808fb415c0 req-504fa377-72e0-4dee-b845-77bc73334325 956594cf51754615987c59cf5225c570 3a7276b2602645cfbc2670ceef490754 - - default default] 10.0.0.17 "GET /v2.0/ports?device_id=440ff245-9eca-4519-ace1-b72b87b5c1c4 HTTP/1.1" status: 200 len: 1168 time: 0.0411768
2026-04-23 14:47:24.489 9 INFO neutron.wsgi [req-1f6bfeb4-aecc-4685-bf43-3e808fb415c0 req-74206d17-1ba4-4ce0-bece-2359137a7dfb 956594cf51754615987c59cf5225c570 3a7276b2602645cfbc2670ceef490754 - - default default] 10.0.0.17 "GET /v2.0/security-groups?id=6de677a0-e476-4e30-be3c-36b59cb76d3b&fields=id&fields=name HTTP/1.1" status: 200 len: 313 time: 0.0348406
2026-04-23 14:47:24.770 10 INFO neutron.services.segments.plugin [-] Segment e0c9f342-e9dc-44d9-9e02-79dd7b3546b1 resource provider aggregate not found
2026-04-23 14:47:24.786 10 INFO neutron.services.segments.plugin [-] Segment e0c9f342-e9dc-44d9-9e02-79dd7b3546b1 resource provider aggregate not found
2026-04-23 14:47:24.805 10 INFO neutron.services.segments.plugin [-] Segment e0c9f342-e9dc-44d9-9e02-79dd7b3546b1 resource provider not found; error: Placement Client Error (4xx): {"errors": [{"status": 404, "title": "Not Found", "detail": "The resource could not be found.\n\n No resource provider with uuid e0c9f342-e9dc-44d9-9e02-79dd7b3546b1 found for delete ", "request_id": "req-31be9629-b016-488c-adb4-f1cd00a14a45"}]}
2026-04-23 14:47:24.818 10 INFO neutron.services.segments.plugin [-] Segment e0c9f342-e9dc-44d9-9e02-79dd7b3546b1 resource provider not found; error: Placement Client Error (4xx): {"errors": [{"status": 404, "title": "Not Found", "detail": "The resource could not be found.\n\n No resource provider with uuid e0c9f342-e9dc-44d9-9e02-79dd7b3546b1 found for delete ", "request_id": "req-5ba8c11e-4b80-4b7a-a150-705996442b9d"}]}
2026-04-23 14:47:24.866 10 INFO neutron.wsgi [None req-72df36ce-16af-4f16-a173-f4d15a48768c 872045e625d4470887a5c063f7bf3e09 b67fa7b411c5462fa973796ea4b4d9f4 - - - -] 10.0.0.89 "DELETE /v2.0/networks/b490f35e-428d-4480-8311-32b33f7f0d53 HTTP/1.1" status: 204 len: 168 time: 0.5867286
2026-04-23 14:47:25.138 10 INFO neutron.wsgi [None req-8ae686a3-22bd-4a80-882f-caaaac86bb34 6b9b60f52d234e4f8c920d85ef097588 77a494a03571459fb92d086677e29b22 - - - -] 10.0.0.89 "PUT /v2.0/routers/62321a7f-13e0-4669-beb6-96e7c41816b4/remove_router_interface HTTP/1.1" status: 200 len: 503 time: 0.7445478 /var/lib/openstack/lib/python3.10/site-packages/pycadf/identifier.py:71: UserWarning: Invalid uuid: neutron. To ensure interoperability, identifiers should be a valid uuid. warnings.warn(('Invalid uuid: %s. To ensure interoperability, '
2026-04-23 14:47:25.177 10 INFO neutron.wsgi [None req-88bd95e8-1c43-404c-834e-432c2b708ed8 6b9b60f52d234e4f8c920d85ef097588 77a494a03571459fb92d086677e29b22 - - default default] 10.0.0.89 "GET /v2.0/ports?device_id=62321a7f-13e0-4669-beb6-96e7c41816b4 HTTP/1.1" status: 200 len: 205 time: 0.0334132
2026-04-23 14:47:25.276 9 INFO neutron.wsgi [None req-883a2318-5aba-4eaa-8dfc-4c8e073307e7 872045e625d4470887a5c063f7bf3e09 b67fa7b411c5462fa973796ea4b4d9f4 - - - -] 10.0.0.89 "DELETE /v2.0/networks/d8148e52-aa22-4fb8-bd1c-dde45ffdeb89 HTTP/1.1" status: 204 len: 168 time: 0.4049141
2026-04-23 14:47:25.470 10 INFO neutron.wsgi [None req-0dcf1f24-1612-41ae-9f6e-6b2d6cc6bb40 6b9b60f52d234e4f8c920d85ef097588 77a494a03571459fb92d086677e29b22 - - - -] 10.0.0.89 "DELETE /v2.0/routers/62321a7f-13e0-4669-beb6-96e7c41816b4 HTTP/1.1" status: 204 len: 168 time: 0.2877223
2026-04-23 14:47:25.655 10 INFO neutron.wsgi [req-60a2fad1-e34f-46da-a7e7-c9fa85650dac req-c9d928b0-6a4d-44b2-b26c-e80e2cef0e28 956594cf51754615987c59cf5225c570 3a7276b2602645cfbc2670ceef490754 - - default default] 10.0.0.17 "GET /v2.0/ports?device_id=440ff245-9eca-4519-ace1-b72b87b5c1c4 HTTP/1.1" status: 200 len: 1168 time: 0.1020253
2026-04-23 14:47:25.700 9 INFO neutron.wsgi [None req-54787d1f-65f3-46cd-8117-56d1b17123b7 6b9b60f52d234e4f8c920d85ef097588 77a494a03571459fb92d086677e29b22 - - - -] 10.0.0.89 "DELETE /v2.0/subnets/33b784fc-3248-4483-9636-69924bcfa9aa HTTP/1.1" status: 204 len: 168 time: 0.2237360
2026-04-23 14:47:25.707 10 INFO neutron.wsgi [req-60a2fad1-e34f-46da-a7e7-c9fa85650dac req-b13fc4d6-22bb-4ab6-83e5-25e3cbb01e30 956594cf51754615987c59cf5225c570 3a7276b2602645cfbc2670ceef490754 - - default default] 10.0.0.17 "GET /v2.0/security-groups?id=6de677a0-e476-4e30-be3c-36b59cb76d3b&fields=id&fields=name HTTP/1.1" status: 200 len: 313 time: 0.0433056
2026-04-23 14:47:25.849 10 INFO neutron.wsgi [None req-db7676c6-e07e-4767-940f-82d524471923 872045e625d4470887a5c063f7bf3e09 b67fa7b411c5462fa973796ea4b4d9f4 - - - -] 10.0.0.89 "DELETE /v2.0/networks/21f23dfb-50bd-4198-baf3-afdb3ccd6789 HTTP/1.1" status: 204 len: 168 time: 0.5680971
2026-04-23 14:47:25.897 9 INFO neutron.services.segments.plugin [-] Segment 396dec3f-1dc1-4ac0-9f63-5f65f9ec39ab resource provider aggregate not found
2026-04-23 14:47:25.905 9 INFO neutron.wsgi [None req-d695a1ee-b328-46eb-9dd9-f154a0ead430 6b9b60f52d234e4f8c920d85ef097588 77a494a03571459fb92d086677e29b22 - - - -] 10.0.0.89 "DELETE /v2.0/subnets/c11defb2-e8fb-4cf1-82cb-e6ba5c010647 HTTP/1.1" status: 204 len: 168 time: 0.1991560
2026-04-23 14:47:25.906 9 INFO neutron.services.segments.plugin [-] Segment 396dec3f-1dc1-4ac0-9f63-5f65f9ec39ab resource provider aggregate not found
2026-04-23 14:47:25.925 9 INFO neutron.services.segments.plugin [-] Segment 396dec3f-1dc1-4ac0-9f63-5f65f9ec39ab resource provider not found; error: Placement Client Error (4xx): {"errors": [{"status": 404, "title": "Not Found", "detail": "The resource could not be found.\n\n No resource provider with uuid 396dec3f-1dc1-4ac0-9f63-5f65f9ec39ab found for delete ", "request_id": "req-bc2c552b-28f5-4757-9eb4-d0900cb4023d"}]}
2026-04-23 14:47:25.932 9 INFO neutron.services.segments.plugin [-] Segment 396dec3f-1dc1-4ac0-9f63-5f65f9ec39ab resource provider not found; error: Placement Client Error (4xx): {"errors": [{"status": 404, "title": "Not Found", "detail": "The resource could not be found.\n\n No resource provider with uuid 396dec3f-1dc1-4ac0-9f63-5f65f9ec39ab found for delete ", "request_id": "req-530a1da5-f04a-4db7-825f-64d04d969cdf"}]}
2026-04-23 14:47:25.941 9 INFO neutron.services.segments.plugin [-] Segment 6c80347f-4304-4804-af5b-8301618457a7 resource provider aggregate not found
2026-04-23 14:47:25.954 9 INFO neutron.services.segments.plugin [-] Segment 6c80347f-4304-4804-af5b-8301618457a7 resource provider aggregate not found
2026-04-23 14:47:25.961 9 INFO neutron.services.segments.plugin [-] Segment 6c80347f-4304-4804-af5b-8301618457a7 resource provider not found; error: Placement Client Error (4xx): {"errors": [{"status": 404, "title": "Not Found", "detail": "The resource could not be found.\n\n No resource provider with uuid 6c80347f-4304-4804-af5b-8301618457a7 found for delete ", "request_id": "req-77fbae03-7f4c-4f44-9939-c77b74894ce2"}]}
2026-04-23 14:47:25.974 9 INFO neutron.services.segments.plugin [-] Segment 6c80347f-4304-4804-af5b-8301618457a7 resource provider not found; error: Placement Client Error (4xx): {"errors": [{"status": 404, "title": "Not Found", "detail": "The resource could not be found.\n\n No resource provider with uuid 6c80347f-4304-4804-af5b-8301618457a7 found for delete ", "request_id": "req-84304002-ad47-4a85-a2d0-fc4b0837c126"}]}
2026-04-23 14:47:26.343 10 INFO neutron.wsgi [None req-17c10698-112f-43cd-ab5b-3a0a51fb0af2 6b9b60f52d234e4f8c920d85ef097588 77a494a03571459fb92d086677e29b22 - - - -] 10.0.0.89 "DELETE /v2.0/networks/c088093b-c1c9-4b6d-8946-99642f87d238 HTTP/1.1" status: 204 len: 168 time: 0.4315481
2026-04-23 14:47:26.767 9 INFO neutron.wsgi [None req-a3ec29ad-d801-4b65-b653-63375e0ec9f9 6b9b60f52d234e4f8c920d85ef097588 77a494a03571459fb92d086677e29b22 - - - -] 10.0.0.89 "DELETE /v2.0/networks/47664b1b-ca46-48b1-9ff4-dcc8acce3b3c HTTP/1.1" status: 204 len: 168 time: 0.4203582
2026-04-23 14:47:26.818 9 INFO neutron.wsgi [req-71a0b45f-7add-4b76-ad14-d8eac42953fd req-b3710798-4087-49db-a445-9cdeb2a8abbd 956594cf51754615987c59cf5225c570 3a7276b2602645cfbc2670ceef490754 - - default default] 10.0.0.17 "GET /v2.0/ports?device_id=440ff245-9eca-4519-ace1-b72b87b5c1c4 HTTP/1.1" status: 200 len: 1168 time: 0.0437713
2026-04-23 14:47:26.825 10 INFO neutron.services.segments.plugin [-] Segment 3e783b39-6900-4b47-8c47-e6b91cc1cb90 resource provider aggregate not found
2026-04-23 14:47:26.836 10 INFO neutron.services.segments.plugin [-] Segment 3e783b39-6900-4b47-8c47-e6b91cc1cb90 resource provider aggregate not found
2026-04-23 14:47:26.841 10 INFO neutron.services.segments.plugin [-] Segment 3e783b39-6900-4b47-8c47-e6b91cc1cb90 resource provider not found; error: Placement Client Error (4xx): {"errors": [{"status": 404, "title": "Not Found", "detail": "The resource could not be found.\n\n No resource provider with uuid 3e783b39-6900-4b47-8c47-e6b91cc1cb90 found for delete ", "request_id": "req-90f23f43-e1c9-4b07-ac9e-73513883544e"}]}
2026-04-23 14:47:26.855 10 INFO neutron.services.segments.plugin [-] Segment 0c2c1285-8791-436d-a88c-914f00a8c248 resource provider aggregate not found
2026-04-23 14:47:26.861 9 INFO neutron.wsgi [req-71a0b45f-7add-4b76-ad14-d8eac42953fd req-6245402d-2ec8-4650-b397-fd3c2f46a36b 956594cf51754615987c59cf5225c570 3a7276b2602645cfbc2670ceef490754 - - default default] 10.0.0.17 "GET /v2.0/security-groups?id=6de677a0-e476-4e30-be3c-36b59cb76d3b&fields=id&fields=name HTTP/1.1" status: 200 len: 313 time: 0.0365100
2026-04-23 14:47:26.862 10 INFO neutron.services.segments.plugin [-] Segment 3e783b39-6900-4b47-8c47-e6b91cc1cb90 resource provider not found; error: Placement Client Error (4xx): {"errors": [{"status": 404, "title": "Not Found", "detail": "The resource could not be found.\n\n No resource provider with uuid 3e783b39-6900-4b47-8c47-e6b91cc1cb90 found for delete ", "request_id": "req-88402877-6306-4d6b-bd1a-31d243e698a8"}]}
2026-04-23 14:47:26.869 10 INFO neutron.db.segments_db [None req-d43a799f-cd57-431e-93d5-128bb3e2b019 6b9b60f52d234e4f8c920d85ef097588 77a494a03571459fb92d086677e29b22 - - - -] Added segment fddcf185-c479-4f29-b43c-eed0ba4d4451 of type geneve for network 90a82205-6d36-4bfe-b084-c8cfd470c2c8
2026-04-23 14:47:26.875 10 INFO neutron.services.segments.plugin [-] Segment 0c2c1285-8791-436d-a88c-914f00a8c248 resource provider not found; error: Placement Client Error (4xx): {"errors": [{"status": 404, "title": "Not Found", "detail": "The resource could not be found.\n\n No resource provider with uuid 0c2c1285-8791-436d-a88c-914f00a8c248 found for delete ", "request_id": "req-b30ef951-6611-44ed-8e44-4d32e440fb89"}]}
2026-04-23 14:47:26.878 10 INFO neutron.services.segments.plugin [-] Segment 0c2c1285-8791-436d-a88c-914f00a8c248 resource provider aggregate not found
2026-04-23 14:47:26.895 10 INFO neutron.services.segments.plugin [-] Segment 0c2c1285-8791-436d-a88c-914f00a8c248 resource provider not found; error: Placement Client Error (4xx): {"errors": [{"status": 404, "title": "Not Found", "detail": "The resource could not be found.\n\n No resource provider with uuid 0c2c1285-8791-436d-a88c-914f00a8c248 found for delete ", "request_id": "req-129432c8-53c7-4fb5-86ab-ff7fa450155a"}]}
2026-04-23 14:47:26.993 9 INFO neutron.wsgi [None req-b49b8f82-7570-49a4-85d9-17e6f679a9b9 3f903946024040bfa8b7663bd313b45c a102aa7a48764bb59a2190da7e37cd60 - - default default] 10.0.0.89 "GET /v2.0/security-groups?tenant_id=b67fa7b411c5462fa973796ea4b4d9f4&name=default HTTP/1.1" status: 200 len: 2996 time: 0.2174997
2026-04-23 14:47:27.042 10 INFO neutron.db.ovn_revision_numbers_db [None req-d43a799f-cd57-431e-93d5-128bb3e2b019 6b9b60f52d234e4f8c920d85ef097588 77a494a03571459fb92d086677e29b22 - - - -] Successfully bumped revision number for resource 90a82205-6d36-4bfe-b084-c8cfd470c2c8 (type: networks) to 1
2026-04-23 14:47:27.206 9 INFO neutron.wsgi [None req-dcc4ed9d-f71e-4a07-b508-a8e08b080a62 3f903946024040bfa8b7663bd313b45c a102aa7a48764bb59a2190da7e37cd60 - - - -] 10.0.0.89 "DELETE /v2.0/security-groups/86f8c816-1174-4c28-bffe-5f89be88b3e1 HTTP/1.1" status: 204 len: 168 time: 0.2074311
2026-04-23 14:47:27.235 10 WARNING neutron.scheduler.dhcp_agent_scheduler [None req-d43a799f-cd57-431e-93d5-128bb3e2b019 6b9b60f52d234e4f8c920d85ef097588 77a494a03571459fb92d086677e29b22 - - - -] No more DHCP agents
2026-04-23 14:47:27.237 10 WARNING neutron.api.rpc.agentnotifiers.dhcp_rpc_agent_api [None req-d43a799f-cd57-431e-93d5-128bb3e2b019 6b9b60f52d234e4f8c920d85ef097588 77a494a03571459fb92d086677e29b22 - - - -] Unable to schedule network 90a82205-6d36-4bfe-b084-c8cfd470c2c8: no agents available; will retry on subsequent port and subnet creation events.
2026-04-23 14:47:27.302 10 INFO neutron.db.ovn_revision_numbers_db [None req-d43a799f-cd57-431e-93d5-128bb3e2b019 6b9b60f52d234e4f8c920d85ef097588 77a494a03571459fb92d086677e29b22 - - - -] Successfully bumped revision number for resource c215f505-a894-408a-a6a7-e6fbd4b00b6b (type: ports) to 1
2026-04-23 14:47:27.325 10 INFO neutron.wsgi [None req-d43a799f-cd57-431e-93d5-128bb3e2b019 6b9b60f52d234e4f8c920d85ef097588 77a494a03571459fb92d086677e29b22 - - - -] 10.0.0.89 "POST /v2.0/networks HTTP/1.1" status: 201 len: 832 time: 0.5493343
2026-04-23 14:47:27.413 9 INFO neutron.db.ovn_revision_numbers_db [None req-e90c9451-a46a-407b-b121-f19448ed3290 3f903946024040bfa8b7663bd313b45c a102aa7a48764bb59a2190da7e37cd60 - - default default] Successfully bumped revision number for resource efd6d647-fdc3-488f-bd44-27f14dce71bd (type: security_groups) to 1
2026-04-23 14:47:27.436 9 INFO neutron.wsgi [None req-e90c9451-a46a-407b-b121-f19448ed3290 3f903946024040bfa8b7663bd313b45c a102aa7a48764bb59a2190da7e37cd60 - - default default] 10.0.0.89 "GET /v2.0/security-groups?tenant_id=534d2b966caf461787dbff7aed142e13&name=default HTTP/1.1" status: 200 len: 2996 time: 0.1202037
2026-04-23 14:47:27.612 9 INFO neutron.wsgi [None req-55e8bf34-4cfa-4421-8dcf-fb1af062c77a 3f903946024040bfa8b7663bd313b45c a102aa7a48764bb59a2190da7e37cd60 - - - -] 10.0.0.89 "DELETE /v2.0/security-groups/efd6d647-fdc3-488f-bd44-27f14dce71bd HTTP/1.1" status: 204 len: 168 time: 0.1706784
2026-04-23 14:47:27.634 9 WARNING neutron.plugins.ml2.drivers.ovn.mech_driver.ovsdb.ovn_client [None req-f496c3af-8c07-4e18-bd94-e5c9949d118f - - - - - -] No port found with ID 986da236-06c3-4b77-8226-23544205add0: RuntimeError: No port found with ID 986da236-06c3-4b77-8226-23544205add0
2026-04-23 14:47:27.635 9 INFO neutron.plugins.ml2.drivers.ovn.mech_driver.mech_driver [None req-f496c3af-8c07-4e18-bd94-e5c9949d118f - - - - - -] OVN reports status up for port: e6fbd796-7427-4e76-94ee-c3b4a92bd67c
2026-04-23 14:47:27.645 9 INFO neutron.plugins.ml2.plugin [None req-f496c3af-8c07-4e18-bd94-e5c9949d118f - - - - - -] Attempt 1 to provision port e6fbd796-7427-4e76-94ee-c3b4a92bd67c
2026-04-23 14:47:27.788 9 INFO neutron.notifiers.nova [-] Nova event matching ['req-ab6b7f41-43aa-4f89-9e41-30e059ca59bf'] response: {'server_uuid': '440ff245-9eca-4519-ace1-b72b87b5c1c4', 'name': 'network-vif-plugged', 'status': 'completed', 'tag': 'e6fbd796-7427-4e76-94ee-c3b4a92bd67c', 'code': 200}
2026-04-23 14:47:27.936 10 WARNING neutron.scheduler.dhcp_agent_scheduler [None req-98bf83d7-6b95-44c8-8255-f96a665a6f7e 6b9b60f52d234e4f8c920d85ef097588 77a494a03571459fb92d086677e29b22 - - - -] No more DHCP agents
2026-04-23 14:47:27.942 10 WARNING neutron.api.rpc.agentnotifiers.dhcp_rpc_agent_api [None req-98bf83d7-6b95-44c8-8255-f96a665a6f7e 6b9b60f52d234e4f8c920d85ef097588 77a494a03571459fb92d086677e29b22 - - - -] Unable to schedule network 90a82205-6d36-4bfe-b084-c8cfd470c2c8: no agents available; will retry on subsequent port and subnet creation events.
2026-04-23 14:47:27.963 10 INFO neutron.db.ovn_revision_numbers_db [None req-98bf83d7-6b95-44c8-8255-f96a665a6f7e 6b9b60f52d234e4f8c920d85ef097588 77a494a03571459fb92d086677e29b22 - - - -] Successfully bumped revision number for resource c2dee8fe-022a-453c-9c41-6e75b4851d44 (type: subnets) to 0
2026-04-23 14:47:27.967 10 INFO neutron.db.ovn_revision_numbers_db [None req-be6a8395-b2eb-4414-8c11-9cb3f70a217e 3f903946024040bfa8b7663bd313b45c a102aa7a48764bb59a2190da7e37cd60 - - default default] Successfully bumped revision number for resource ca90b037-d97b-499b-98dc-6c6fc6778d50 (type: security_groups) to 1
2026-04-23 14:47:27.982 10 INFO neutron.wsgi [None req-98bf83d7-6b95-44c8-8255-f96a665a6f7e 6b9b60f52d234e4f8c920d85ef097588 77a494a03571459fb92d086677e29b22 - - - -] 10.0.0.89 "POST /v2.0/subnets HTTP/1.1" status: 201 len: 821 time: 0.6499596
2026-04-23 14:47:27.987 9 INFO neutron.db.ovn_revision_numbers_db [None req-f496c3af-8c07-4e18-bd94-e5c9949d118f - - - - - -] Successfully bumped revision number for resource e6fbd796-7427-4e76-94ee-c3b4a92bd67c (type: ports) to 4
2026-04-23 14:47:27.998 9 INFO neutron.services.segments.plugin [-] Segment 510af350-926e-4a61-924b-57257365d804 resource provider aggregate not found
2026-04-23 14:47:28.001 10 INFO neutron.wsgi [None req-be6a8395-b2eb-4414-8c11-9cb3f70a217e 3f903946024040bfa8b7663bd313b45c a102aa7a48764bb59a2190da7e37cd60 - - default default] 10.0.0.89 "GET /v2.0/security-groups?tenant_id=7242d6c5ced240f7b830492d76c7348e&name=default HTTP/1.1" status: 200 len: 2996 time: 0.1999898
2026-04-23 14:47:28.010 9 INFO neutron.services.segments.plugin [-] Segment 510af350-926e-4a61-924b-57257365d804 resource provider aggregate not found
2026-04-23 14:47:28.035 9 INFO neutron.services.segments.plugin [-] Segment 510af350-926e-4a61-924b-57257365d804 resource provider not found; error: Placement Client Error (4xx): {"errors": [{"status": 404, "title": "Not Found", "detail": "The resource could not be found.\n\n No resource provider with uuid 510af350-926e-4a61-924b-57257365d804 found for delete ", "request_id": "req-6003ad0d-177d-46fa-a673-99734dff5219"}]}
2026-04-23 14:47:28.040 9 INFO neutron.services.segments.plugin [-] Segment 510af350-926e-4a61-924b-57257365d804 resource provider not found; error: Placement Client Error (4xx): {"errors": [{"status": 404, "title": "Not Found", "detail": "The resource could not be found.\n\n No resource provider with uuid 510af350-926e-4a61-924b-57257365d804 found for delete ", "request_id": "req-0ad20a13-49f7-462c-a1fa-c3e494b17bf0"}]}
2026-04-23 14:47:28.229 10 INFO neutron.wsgi [None req-6ca454ba-f280-4e7c-9f48-6865b7c912a8 3f903946024040bfa8b7663bd313b45c a102aa7a48764bb59a2190da7e37cd60 - - - -] 10.0.0.89 "DELETE /v2.0/security-groups/ca90b037-d97b-499b-98dc-6c6fc6778d50 HTTP/1.1" status: 204 len: 168 time: 0.2235012
2026-04-23 14:47:28.364 9 INFO neutron.wsgi [req-dfd11eb6-a244-4428-b324-9d10a3eee6f2 req-9a224a53-13be-417f-bb1e-871a0e91e01e 956594cf51754615987c59cf5225c570 3a7276b2602645cfbc2670ceef490754 - - default default] 10.0.0.17 "GET /v2.0/ports?device_id=440ff245-9eca-4519-ace1-b72b87b5c1c4 HTTP/1.1" status: 200 len: 1170 time: 0.4369419 /var/lib/openstack/lib/python3.10/site-packages/pycadf/identifier.py:71: UserWarning: Invalid uuid: neutron. To ensure interoperability, identifiers should be a valid uuid. warnings.warn(('Invalid uuid: %s. To ensure interoperability, '
2026-04-23 14:47:28.434 9 INFO neutron.wsgi [req-dfd11eb6-a244-4428-b324-9d10a3eee6f2 req-b669e675-70e7-4faa-a70e-00a1468e0620 956594cf51754615987c59cf5225c570 3a7276b2602645cfbc2670ceef490754 - - default default] 10.0.0.17 "GET /v2.0/security-groups?id=6de677a0-e476-4e30-be3c-36b59cb76d3b&fields=id&fields=name HTTP/1.1" status: 200 len: 313 time: 0.0614252
2026-04-23 14:47:28.473 9 INFO neutron.db.ovn_revision_numbers_db [None req-39f8a170-0482-4a1f-b467-95a0ccfc71b5 6b9b60f52d234e4f8c920d85ef097588 77a494a03571459fb92d086677e29b22 - - - -] Successfully bumped revision number for resource 50343c80-7425-4dc2-b2a9-da8ed854bca1 (type: routers) to 1
2026-04-23 14:47:28.487 9 INFO neutron.wsgi [None req-39f8a170-0482-4a1f-b467-95a0ccfc71b5 6b9b60f52d234e4f8c920d85ef097588 77a494a03571459fb92d086677e29b22 - - - -] 10.0.0.89 "POST /v2.0/routers HTTP/1.1" status: 201 len: 690 time: 0.5012274
2026-04-23 14:47:28.845 9 WARNING neutron.scheduler.dhcp_agent_scheduler [None req-f82266d0-c63c-42f4-b34f-6aef37cabaf0 6b9b60f52d234e4f8c920d85ef097588 77a494a03571459fb92d086677e29b22 - - - -] No more DHCP agents
2026-04-23 14:47:28.846 9 WARNING neutron.api.rpc.agentnotifiers.dhcp_rpc_agent_api [None req-f82266d0-c63c-42f4-b34f-6aef37cabaf0 6b9b60f52d234e4f8c920d85ef097588 77a494a03571459fb92d086677e29b22 - - - -] Unable to schedule network 90a82205-6d36-4bfe-b084-c8cfd470c2c8: no agents available; will retry on subsequent port and subnet creation events.
2026-04-23 14:47:28.941 9 INFO neutron.db.ovn_revision_numbers_db [None req-f82266d0-c63c-42f4-b34f-6aef37cabaf0 6b9b60f52d234e4f8c920d85ef097588 77a494a03571459fb92d086677e29b22 - - - -] Successfully bumped revision number for resource 53e014eb-3362-4a25-b4c7-ea876dffff1c (type: ports) to 1
2026-04-23 14:47:28.974 9 INFO neutron.wsgi [None req-f82266d0-c63c-42f4-b34f-6aef37cabaf0 6b9b60f52d234e4f8c920d85ef097588 77a494a03571459fb92d086677e29b22 - - - -] 10.0.0.89 "POST /v2.0/ports HTTP/1.1" status: 201 len: 1158 time: 0.4751570 /var/lib/openstack/lib/python3.10/site-packages/pycadf/identifier.py:71: UserWarning: Invalid uuid: neutron. To ensure interoperability, identifiers should be a valid uuid. warnings.warn(('Invalid uuid: %s. To ensure interoperability, '
2026-04-23 14:47:29.477 10 INFO neutron.plugins.ml2.drivers.ovn.mech_driver.mech_driver [None req-f8edf14e-715e-420e-9d3d-b871b2de02c5 - - - - - -] OVN reports status up for port: 53e014eb-3362-4a25-b4c7-ea876dffff1c
2026-04-23 14:47:29.485 9 INFO neutron.db.ovn_revision_numbers_db [None req-c35f8c44-4d7f-4a99-8e44-daba5d3a3a16 6b9b60f52d234e4f8c920d85ef097588 77a494a03571459fb92d086677e29b22 - - default default] Successfully bumped revision number for resource 53e014eb-3362-4a25-b4c7-ea876dffff1c (type: router_ports) to 2
2026-04-23 14:47:29.490 10 INFO neutron.plugins.ml2.plugin [None req-f8edf14e-715e-420e-9d3d-b871b2de02c5 - - - - - -] Attempt 1 to provision port 53e014eb-3362-4a25-b4c7-ea876dffff1c
2026-04-23 14:47:29.576 10 INFO neutron.wsgi [req-d735a95b-c7c5-44a3-8aa9-033cacdf57e6 req-1ebcfe65-aaf2-4170-93ad-3bc7eae4d46f 956594cf51754615987c59cf5225c570 3a7276b2602645cfbc2670ceef490754 - - default default] 10.0.0.17 "GET /v2.0/ports?device_id=440ff245-9eca-4519-ace1-b72b87b5c1c4 HTTP/1.1" status: 200 len: 1170 time: 0.0598788
2026-04-23 14:47:29.634 9 INFO neutron.db.ovn_revision_numbers_db [None req-c35f8c44-4d7f-4a99-8e44-daba5d3a3a16 6b9b60f52d234e4f8c920d85ef097588 77a494a03571459fb92d086677e29b22 - - default default] Successfully bumped revision number for resource 53e014eb-3362-4a25-b4c7-ea876dffff1c (type: ports) to 2
2026-04-23 14:47:29.642 10 INFO neutron.wsgi [req-d735a95b-c7c5-44a3-8aa9-033cacdf57e6 req-368f5c50-50ee-4d5c-9c62-5f32f73735a6 956594cf51754615987c59cf5225c570 3a7276b2602645cfbc2670ceef490754 - - default default] 10.0.0.17 "GET /v2.0/security-groups?id=6de677a0-e476-4e30-be3c-36b59cb76d3b&fields=id&fields=name HTTP/1.1" status: 200 len: 313 time: 0.0568805 /var/lib/openstack/lib/python3.10/site-packages/pycadf/identifier.py:71: UserWarning: Invalid uuid: neutron. To ensure interoperability, identifiers should be a valid uuid. warnings.warn(('Invalid uuid: %s. To ensure interoperability, '
2026-04-23 14:47:29.804 9 INFO neutron.wsgi [req-7e5feeae-aefa-459a-bd92-e650f30ebdf3 req-9b47f338-f7ca-439e-b5c1-7f74cb53dd88 956594cf51754615987c59cf5225c570 3a7276b2602645cfbc2670ceef490754 - - default default] 10.0.0.17 "GET /v2.0/ports?device_id=440ff245-9eca-4519-ace1-b72b87b5c1c4 HTTP/1.1" status: 200 len: 1170 time: 0.0728672
2026-04-23 14:47:29.829 9 INFO neutron.notifiers.nova [-] Nova event matching ['req-f3304c2b-77f2-40e5-928d-2b39c0b6ecbb'] response: {'server_uuid': '440ff245-9eca-4519-ace1-b72b87b5c1c4', 'name': 'network-vif-plugged', 'status': 'completed', 'tag': 'e6fbd796-7427-4e76-94ee-c3b4a92bd67c', 'code': 200}
2026-04-23 14:47:29.860 9 INFO neutron.wsgi [req-7e5feeae-aefa-459a-bd92-e650f30ebdf3 req-9cdb430a-4757-47c7-a65b-59495ced6aea 956594cf51754615987c59cf5225c570 3a7276b2602645cfbc2670ceef490754 - - default default] 10.0.0.17 "GET /v2.0/security-groups?id=6de677a0-e476-4e30-be3c-36b59cb76d3b&fields=id&fields=name HTTP/1.1" status: 200 len: 313 time: 0.0477965
2026-04-23 14:47:29.883 10 INFO neutron.db.ovn_revision_numbers_db [None req-f8edf14e-715e-420e-9d3d-b871b2de02c5 - - - - - -] Successfully bumped revision number for resource 53e014eb-3362-4a25-b4c7-ea876dffff1c (type: ports) to 3
2026-04-23 14:47:29.946 10 INFO neutron.wsgi [None req-3c45d672-f74b-46c5-96e4-1cf652cbca42 f40652ad5e024c8089ec0c528a4161a9 a09a73b7103f472d8a8de9eafc26291f - - default default] 10.0.0.89 "GET /v2.0/ports?device_id=440ff245-9eca-4519-ace1-b72b87b5c1c4 HTTP/1.1" status: 200 len: 1356 time: 0.0367436 /var/lib/openstack/lib/python3.10/site-packages/pycadf/identifier.py:71: UserWarning: Invalid uuid: neutron. To ensure interoperability, identifiers should be a valid uuid. warnings.warn(('Invalid uuid: %s. To ensure interoperability, '
2026-04-23 14:47:30.085 10 INFO neutron.db.ovn_revision_numbers_db [None req-f8edf14e-715e-420e-9d3d-b871b2de02c5 - - - - - -] Successfully bumped revision number for resource 53e014eb-3362-4a25-b4c7-ea876dffff1c (type: router_ports) to 3
2026-04-23 14:47:30.223 9 INFO neutron.db.ovn_revision_numbers_db [None req-c35f8c44-4d7f-4a99-8e44-daba5d3a3a16 6b9b60f52d234e4f8c920d85ef097588 77a494a03571459fb92d086677e29b22 - - default default] Successfully bumped revision number for resource 53e014eb-3362-4a25-b4c7-ea876dffff1c (type: ports) to 4
2026-04-23 14:47:30.291 10 INFO neutron.db.l3_db [None req-cc859a70-1edf-45b1-b347-6481e52b9b71 956594cf51754615987c59cf5225c570 3a7276b2602645cfbc2670ceef490754 - - - -] Floating IP 30f4b66a-abdf-47b7-a3a6-93beb445ce23 associated. External IP: 10.96.250.202, port: e6fbd796-7427-4e76-94ee-c3b4a92bd67c.
2026-04-23 14:47:30.293 9 WARNING neutron.scheduler.dhcp_agent_scheduler [None req-c35f8c44-4d7f-4a99-8e44-daba5d3a3a16 6b9b60f52d234e4f8c920d85ef097588 77a494a03571459fb92d086677e29b22 - - default default] No more DHCP agents
2026-04-23 14:47:30.295 9 WARNING neutron.api.rpc.agentnotifiers.dhcp_rpc_agent_api [None req-c35f8c44-4d7f-4a99-8e44-daba5d3a3a16 6b9b60f52d234e4f8c920d85ef097588 77a494a03571459fb92d086677e29b22 - - default default] Unable to schedule network 90a82205-6d36-4bfe-b084-c8cfd470c2c8: no agents available; will retry on subsequent port and subnet creation events.
2026-04-23 14:47:30.459 9 INFO neutron.db.ovn_revision_numbers_db [None req-c35f8c44-4d7f-4a99-8e44-daba5d3a3a16 6b9b60f52d234e4f8c920d85ef097588 77a494a03571459fb92d086677e29b22 - - - -] Successfully bumped revision number for resource 53e014eb-3362-4a25-b4c7-ea876dffff1c (type: router_ports) to 4
2026-04-23 14:47:30.462 9 INFO neutron.wsgi [None req-c35f8c44-4d7f-4a99-8e44-daba5d3a3a16 6b9b60f52d234e4f8c920d85ef097588 77a494a03571459fb92d086677e29b22 - - - -] 10.0.0.89 "PUT /v2.0/routers/50343c80-7425-4dc2-b2a9-da8ed854bca1/add_router_interface HTTP/1.1" status: 200 len: 503 time: 1.4798143
2026-04-23 14:47:30.497 10 INFO neutron.db.ovn_revision_numbers_db [None req-cc859a70-1edf-45b1-b347-6481e52b9b71 956594cf51754615987c59cf5225c570 3a7276b2602645cfbc2670ceef490754 - - - -] Successfully bumped revision number for resource 30f4b66a-abdf-47b7-a3a6-93beb445ce23 (type: floatingips) to 4
2026-04-23 14:47:30.513 10 INFO neutron.wsgi [None req-280cb1a6-1775-4a7b-9c14-2dd050746de7 6b9b60f52d234e4f8c920d85ef097588 77a494a03571459fb92d086677e29b22 - - default default] 10.0.0.89 "GET /v2.0/ports/53e014eb-3362-4a25-b4c7-ea876dffff1c HTTP/1.1" status: 200 len: 1216 time: 0.0423629 /var/lib/openstack/lib/python3.10/site-packages/pycadf/identifier.py:71: UserWarning: Invalid uuid: neutron. To ensure interoperability, identifiers should be a valid uuid. warnings.warn(('Invalid uuid: %s. To ensure interoperability, '
2026-04-23 14:47:30.614 10 INFO neutron.db.ovn_revision_numbers_db [None req-cc859a70-1edf-45b1-b347-6481e52b9b71 956594cf51754615987c59cf5225c570 3a7276b2602645cfbc2670ceef490754 - - - -] Successfully bumped revision number for resource 30f4b66a-abdf-47b7-a3a6-93beb445ce23 (type: floatingips) to 5
2026-04-23 14:47:30.653 10 INFO neutron.wsgi [None req-cc859a70-1edf-45b1-b347-6481e52b9b71 956594cf51754615987c59cf5225c570 3a7276b2602645cfbc2670ceef490754 - - - -] 10.0.0.89 "PUT /v2.0/floatingips/30f4b66a-abdf-47b7-a3a6-93beb445ce23 HTTP/1.1" status: 200 len: 1049 time: 0.7002223 /var/lib/openstack/lib/python3.10/site-packages/pycadf/identifier.py:71: UserWarning: Invalid uuid: neutron. To ensure interoperability, identifiers should be a valid uuid. warnings.warn(('Invalid uuid: %s. To ensure interoperability, '
2026-04-23 14:47:30.692 10 INFO neutron.notifiers.nova [-] Nova event matching ['req-985af17f-5190-48f7-bf7e-231272c735a0'] response: {'name': 'network-changed', 'server_uuid': '440ff245-9eca-4519-ace1-b72b87b5c1c4', 'tag': 'e6fbd796-7427-4e76-94ee-c3b4a92bd67c', 'status': 'completed', 'code': 200}
2026-04-23 14:47:30.747 9 INFO neutron.wsgi [None req-3db9610b-85ea-4677-a44f-be5ba3b9eab7 956594cf51754615987c59cf5225c570 3a7276b2602645cfbc2670ceef490754 - - default default] 10.0.0.89 "GET /v2.0/floatingips/30f4b66a-abdf-47b7-a3a6-93beb445ce23 HTTP/1.1" status: 200 len: 1051 time: 0.0891793
2026-04-23 14:47:30.766 10 INFO neutron.wsgi [req-bfcee149-3c7e-48a5-9748-487218bc0573 req-9a36cb94-92d4-4655-b46c-28f3ea90d873 7bb31feec19442078dcba2ab0d81b033 ed489075664d440c8109ecbd6715645a - - 24c09196609c49b98def0aa6d6fbc591 24c09196609c49b98def0aa6d6fbc591] 199.204.45.115 "GET /v2.0/ports?tenant_id=3a7276b2602645cfbc2670ceef490754&device_id=440ff245-9eca-4519-ace1-b72b87b5c1c4 HTTP/1.1" status: 200 len: 1361 time: 0.0516629
2026-04-23 14:47:30.872 10 INFO neutron.wsgi [req-bfcee149-3c7e-48a5-9748-487218bc0573 req-763d3011-6ef1-40b8-ba47-71712bda7156 7bb31feec19442078dcba2ab0d81b033 ed489075664d440c8109ecbd6715645a - - 24c09196609c49b98def0aa6d6fbc591 24c09196609c49b98def0aa6d6fbc591] 199.204.45.115 "GET /v2.0/networks?id=bc43df1e-387d-4074-8fc6-829df40e77ef HTTP/1.1" status: 200 len: 959 time: 0.0911875
2026-04-23 14:47:30.974 10 INFO neutron.wsgi [req-bfcee149-3c7e-48a5-9748-487218bc0573 req-51e6e239-ca1a-431a-b1c3-ec0c4aa0f59e 7bb31feec19442078dcba2ab0d81b033 ed489075664d440c8109ecbd6715645a - - 24c09196609c49b98def0aa6d6fbc591 24c09196609c49b98def0aa6d6fbc591] 199.204.45.115 "GET /v2.0/floatingips?fixed_ip_address=10.100.0.6&port_id=e6fbd796-7427-4e76-94ee-c3b4a92bd67c HTTP/1.1" status: 200 len: 1059 time: 0.0936191
2026-04-23 14:47:30.997 10 INFO neutron.wsgi [req-15dd52d8-dad8-4291-86a5-4a79f3a82d11 req-3d3839ab-103a-47ae-b9fc-43b68c84cebe 7bb31feec19442078dcba2ab0d81b033 ed489075664d440c8109ecbd6715645a - - 24c09196609c49b98def0aa6d6fbc591 24c09196609c49b98def0aa6d6fbc591] 199.204.45.115 "GET /v2.0/ports?device_id=8a742cb7-da19-4de6-8c05-1f8fd935e46e&fields=binding%3Ahost_id&fields=binding%3Avif_type HTTP/1.1" status: 200 len: 265 time: 0.0592945
2026-04-23 14:47:31.031 10 INFO neutron.wsgi [req-bfcee149-3c7e-48a5-9748-487218bc0573 req-36ed3b80-eb33-456e-9374-bc05ed13d469 7bb31feec19442078dcba2ab0d81b033 ed489075664d440c8109ecbd6715645a - - 24c09196609c49b98def0aa6d6fbc591 24c09196609c49b98def0aa6d6fbc591] 199.204.45.115 "GET /v2.0/subnets?id=552843a7-655c-4036-8269-bb92245f5ddf HTTP/1.1" status: 200 len: 853 time: 0.0525084
2026-04-23 14:47:31.082 10 INFO neutron.wsgi [req-bfcee149-3c7e-48a5-9748-487218bc0573 req-7d1b3529-1827-4e9e-a23d-ee708188a8d6 7bb31feec19442078dcba2ab0d81b033 ed489075664d440c8109ecbd6715645a - - 24c09196609c49b98def0aa6d6fbc591 24c09196609c49b98def0aa6d6fbc591] 199.204.45.115 "GET /v2.0/ports?network_id=bc43df1e-387d-4074-8fc6-829df40e77ef&device_owner=network%3Adhcp HTTP/1.1" status: 200 len: 210 time: 0.0456674
2026-04-23 14:47:31.129 10 INFO neutron.wsgi [req-15dd52d8-dad8-4291-86a5-4a79f3a82d11 req-70f19497-d004-49a1-b2ac-2b2ad2ca2059 7bb31feec19442078dcba2ab0d81b033 ed489075664d440c8109ecbd6715645a - - 24c09196609c49b98def0aa6d6fbc591 24c09196609c49b98def0aa6d6fbc591] 199.204.45.115 "GET /v2.0/ports?tenant_id=3a7276b2602645cfbc2670ceef490754&device_id=8a742cb7-da19-4de6-8c05-1f8fd935e46e HTTP/1.1" status: 200 len: 1365 time: 0.0788953
2026-04-23 14:47:31.215 10 INFO neutron.wsgi [req-bfcee149-3c7e-48a5-9748-487218bc0573 req-6c20dba3-8aea-4595-91b7-56e56b76f288 7bb31feec19442078dcba2ab0d81b033 ed489075664d440c8109ecbd6715645a - - 24c09196609c49b98def0aa6d6fbc591 24c09196609c49b98def0aa6d6fbc591] 199.204.45.115 "GET /v2.0/networks/bc43df1e-387d-4074-8fc6-829df40e77ef?fields=segments HTTP/1.1" status: 200 len: 212 time: 0.1202495
2026-04-23 14:47:31.289 10 INFO neutron.wsgi [req-15dd52d8-dad8-4291-86a5-4a79f3a82d11 req-583561eb-f40f-4437-be71-b651bba22734 7bb31feec19442078dcba2ab0d81b033 ed489075664d440c8109ecbd6715645a - - 24c09196609c49b98def0aa6d6fbc591 24c09196609c49b98def0aa6d6fbc591] 199.204.45.115 "GET /v2.0/networks?id=bc43df1e-387d-4074-8fc6-829df40e77ef HTTP/1.1" status: 200 len: 959 time: 0.1369176
2026-04-23 14:47:31.319 10 INFO neutron.wsgi [req-bfcee149-3c7e-48a5-9748-487218bc0573 req-92cd6f2f-ceb4-4fc5-9880-d9036d24e311 7bb31feec19442078dcba2ab0d81b033 ed489075664d440c8109ecbd6715645a - - 24c09196609c49b98def0aa6d6fbc591 24c09196609c49b98def0aa6d6fbc591] 199.204.45.115 "GET /v2.0/networks/bc43df1e-387d-4074-8fc6-829df40e77ef?fields=provider%3Aphysical_network&fields=provider%3Anetwork_type HTTP/1.1" status: 200 len: 277 time: 0.0870509
2026-04-23 14:47:31.338 10 INFO neutron.wsgi [req-15dd52d8-dad8-4291-86a5-4a79f3a82d11 req-3c2fc679-cf57-49d2-9198-2f23e1d4156e 7bb31feec19442078dcba2ab0d81b033 ed489075664d440c8109ecbd6715645a - - 24c09196609c49b98def0aa6d6fbc591 24c09196609c49b98def0aa6d6fbc591] 199.204.45.115 "GET /v2.0/floatingips?fixed_ip_address=10.100.0.13&port_id=d08740f9-94dd-42cc-b0c0-0abc37208254 HTTP/1.1" status: 200 len: 217 time: 0.0371411
2026-04-23 14:47:31.386 10 INFO neutron.wsgi [req-15dd52d8-dad8-4291-86a5-4a79f3a82d11 req-7a3ceab1-2919-48ac-a194-7eba3b4f0891 7bb31feec19442078dcba2ab0d81b033 ed489075664d440c8109ecbd6715645a - - 24c09196609c49b98def0aa6d6fbc591 24c09196609c49b98def0aa6d6fbc591] 199.204.45.115 "GET /v2.0/subnets?id=552843a7-655c-4036-8269-bb92245f5ddf HTTP/1.1" status: 200 len: 853 time: 0.0401745
2026-04-23 14:47:31.449 10 INFO neutron.wsgi [req-15dd52d8-dad8-4291-86a5-4a79f3a82d11 req-6fb6e9a3-f4a0-4dd8-81be-37f2558c5626 7bb31feec19442078dcba2ab0d81b033 ed489075664d440c8109ecbd6715645a - - 24c09196609c49b98def0aa6d6fbc591 24c09196609c49b98def0aa6d6fbc591] 199.204.45.115 "GET /v2.0/ports?network_id=bc43df1e-387d-4074-8fc6-829df40e77ef&device_owner=network%3Adhcp HTTP/1.1" status: 200 len: 210 time: 0.0552607
2026-04-23 14:47:31.550 10 INFO neutron.wsgi [req-15dd52d8-dad8-4291-86a5-4a79f3a82d11 req-2dcaff98-700d-405b-9e36-4bc3e8110cda 7bb31feec19442078dcba2ab0d81b033 ed489075664d440c8109ecbd6715645a - - 24c09196609c49b98def0aa6d6fbc591 24c09196609c49b98def0aa6d6fbc591] 199.204.45.115 "GET /v2.0/networks/bc43df1e-387d-4074-8fc6-829df40e77ef?fields=segments HTTP/1.1" status: 200 len: 212 time: 0.0968103
