2026-04-23 17:33:10.188 7 INFO placement.requestlog [None req-5257ad51-f340-4f2c-ae12-bc734f8b556c - - - - - -] 10.0.0.92 "GET /" status: 200 len: 136 microversion: 1.0
2026-04-23 17:33:15.448 8 INFO placement.requestlog [req-6b5467b6-a9e1-4c06-bad8-18a1f67dd73f req-cc2f9db9-2e9d-426c-9b4b-dd7f08f5f234 af10b4a3beea46fc941b30e0f67035db 4361dafa01e042a6a5f123c6da75a053 - - 0f9be0cc00d14f308e74bfc2658eb18d 0f9be0cc00d14f308e74bfc2658eb18d] 199.19.213.161 "GET /resource_providers/262e5d31-96bb-4f9b-87dc-36b63c14ee38/allocations" status: 200 len: 54 microversion: 1.0 [pid: 8|app: 0|req: 109/216] 199.19.213.161 () {32 vars in 856 bytes} [Thu Apr 23 17:33:15 2026] GET /resource_providers/262e5d31-96bb-4f9b-87dc-36b63c14ee38/allocations => generated 54 bytes in 17 msecs (HTTP/1.1 200) 6 headers in 223 bytes (1 switches on core 0)
2026-04-23 17:33:15.472 7 INFO placement.requestlog [req-6b5467b6-a9e1-4c06-bad8-18a1f67dd73f req-86d9ea42-f092-4e2f-86f1-67e0965bf996 af10b4a3beea46fc941b30e0f67035db 4361dafa01e042a6a5f123c6da75a053 - - 0f9be0cc00d14f308e74bfc2658eb18d 0f9be0cc00d14f308e74bfc2658eb18d] 199.19.213.161 "GET /resource_providers/262e5d31-96bb-4f9b-87dc-36b63c14ee38/allocations" status: 200 len: 54 microversion: 1.0 [pid: 7|app: 0|req: 108/217] 199.19.213.161 () {32 vars in 856 bytes} [Thu Apr 23 17:33:15 2026] GET /resource_providers/262e5d31-96bb-4f9b-87dc-36b63c14ee38/allocations => generated 54 bytes in 16 msecs (HTTP/1.1 200) 6 headers in 223 bytes (1 switches on core 0)
2026-04-23 17:33:20.184 8 INFO placement.requestlog [None req-3f245e8d-a477-4537-9755-2ae22dbd1f2f - - - - - -] 10.0.0.92 "GET /" status: 200 len: 136 microversion: 1.0
2026-04-23 17:33:20.185 7 INFO placement.requestlog [None req-247c0c54-774d-4154-a97e-63d9b4a6381d - - - - - -] 10.0.0.92 "GET /" status: 200 len: 136 microversion: 1.0
2026-04-23 17:33:30.184 7 INFO placement.requestlog [None req-5a3f60ee-d1a6-4106-9d9b-eb1561cf6073 - - - - - -] 10.0.0.92 "GET /" status: 200 len: 136 microversion: 1.0
2026-04-23 17:33:30.184 8 INFO placement.requestlog [None req-65016c80-b148-4b63-ac6d-b8197fcfcb28 - - - - - -] 10.0.0.92 "GET /" status: 200 len: 136 microversion: 1.0
2026-04-23 17:33:40.185 7 INFO placement.requestlog [None req-43cf3597-f866-4ce3-a3e5-3d38b7b602c0 - - - - - -] 10.0.0.92 "GET /" status: 200 len: 136 microversion: 1.0
2026-04-23 17:33:40.185 8 INFO placement.requestlog [None req-c66e0acb-2484-4127-830f-3f1f527a59af - - - - - -] 10.0.0.92 "GET /" status: 200 len: 136 microversion: 1.0
2026-04-23 17:33:50.184 7 INFO placement.requestlog [None req-1c8f23a8-9e0f-491a-8b69-067d379a3c50 - - - - - -] 10.0.0.92 "GET /" status: 200 len: 136 microversion: 1.0
2026-04-23 17:33:50.184 8 INFO placement.requestlog [None req-474ac1f8-b6d3-4719-ac0a-35bbc09bf7eb - - - - - -] 10.0.0.92 "GET /" status: 200 len: 136 microversion: 1.0
2026-04-23 17:34:00.185 7 INFO placement.requestlog [None req-b7c74124-e378-472e-8f68-75d0654bf027 - - - - - -] 10.0.0.92 "GET /" status: 200 len: 136 microversion: 1.0
2026-04-23 17:34:00.186 8 INFO placement.requestlog [None req-f66f5de3-fda9-46b9-af89-f871771a112f - - - - - -] 10.0.0.92 "GET /" status: 200 len: 136 microversion: 1.0
2026-04-23 17:34:10.185 7 INFO placement.requestlog [None req-aefd7d05-74e6-4a40-bca7-32bd85f4a012 - - - - - -] 10.0.0.92 "GET /" status: 200 len: 136 microversion: 1.0
2026-04-23 17:34:10.185 8 INFO placement.requestlog [None req-2cbab581-c4a5-4f90-b2c3-44137f1d13e5 - - - - - -] 10.0.0.92 "GET /" status: 200 len: 136 microversion: 1.0
2026-04-23 17:34:11.940 7 INFO placement.requestlog [req-316d874d-66a9-4191-80dd-540ff00986e4 req-69ed776c-60dd-421c-b70d-e92b94305c2c af10b4a3beea46fc941b30e0f67035db 4361dafa01e042a6a5f123c6da75a053 - - 0f9be0cc00d14f308e74bfc2658eb18d 0f9be0cc00d14f308e74bfc2658eb18d] 199.19.213.161 "GET /resource_providers/262e5d31-96bb-4f9b-87dc-36b63c14ee38/allocations" status: 200 len: 54 microversion: 1.0 [pid: 7|app: 0|req: 115/230] 199.19.213.161 () {32 vars in 856 bytes} [Thu Apr 23 17:34:11 2026] GET /resource_providers/262e5d31-96bb-4f9b-87dc-36b63c14ee38/allocations => generated 54 bytes in 14 msecs (HTTP/1.1 200) 6 headers in 223 bytes (1 switches on core 0)
2026-04-23 17:34:11.966 8 INFO placement.requestlog [req-316d874d-66a9-4191-80dd-540ff00986e4 req-bdab0897-63a3-4ba8-861e-f413db96d198 af10b4a3beea46fc941b30e0f67035db 4361dafa01e042a6a5f123c6da75a053 - - 0f9be0cc00d14f308e74bfc2658eb18d 0f9be0cc00d14f308e74bfc2658eb18d] 199.19.213.161 "GET /resource_providers/262e5d31-96bb-4f9b-87dc-36b63c14ee38/allocations" status: 200 len: 54 microversion: 1.0 [pid: 8|app: 0|req: 116/231] 199.19.213.161 () {32 vars in 856 bytes} [Thu Apr 23 17:34:11 2026] GET /resource_providers/262e5d31-96bb-4f9b-87dc-36b63c14ee38/allocations => generated 54 bytes in 17 msecs (HTTP/1.1 200) 6 headers in 223 bytes (1 switches on core 0)
2026-04-23 17:34:20.184 7 INFO placement.requestlog [None req-7324d51f-9030-4ce7-ac9d-ceb7aeaf483c - - - - - -] 10.0.0.92 "GET /" status: 200 len: 136 microversion: 1.0
2026-04-23 17:34:20.185 8 INFO placement.requestlog [None req-eaf61d6e-71a1-448b-85d9-919b34b85fe5 - - - - - -] 10.0.0.92 "GET /" status: 200 len: 136 microversion: 1.0
2026-04-23 17:34:30.185 8 INFO placement.requestlog [None req-7d34ad81-225d-426b-a34c-071d6ff65185 - - - - - -] 10.0.0.92 "GET /" status: 200 len: 136 microversion: 1.0
2026-04-23 17:34:30.185 7 INFO placement.requestlog [None req-74232f1d-36b9-46c0-90a4-1baa265803b1 - - - - - -] 10.0.0.92 "GET /" status: 200 len: 136 microversion: 1.0
2026-04-23 17:34:40.185 8 INFO placement.requestlog [None req-19ac385e-34b3-4d34-9889-dfbc27194241 - - - - - -] 10.0.0.92 "GET /" status: 200 len: 136 microversion: 1.0
2026-04-23 17:34:40.185 7 INFO placement.requestlog [None req-74743b06-b82b-48b2-bd35-0355cf4afef5 - - - - - -] 10.0.0.92 "GET /" status: 200 len: 136 microversion: 1.0
2026-04-23 17:34:50.184 8 INFO placement.requestlog [None req-21b3fba7-8f53-4143-9e83-bb3e9095549d - - - - - -] 10.0.0.92 "GET /" status: 200 len: 136 microversion: 1.0
2026-04-23 17:34:50.185 7 INFO placement.requestlog [None req-c84ac999-e863-4267-90dc-988a845771ca - - - - - -] 10.0.0.92 "GET /" status: 200 len: 136 microversion: 1.0
2026-04-23 17:35:00.185 8 INFO placement.requestlog [None req-a632b5f4-4024-4796-acef-b3dc434880b5 - - - - - -] 10.0.0.92 "GET /" status: 200 len: 136 microversion: 1.0
2026-04-23 17:35:00.185 7 INFO placement.requestlog [None req-0f3892df-2eac-4a0f-932a-3ad5a00714da - - - - - -] 10.0.0.92 "GET /" status: 200 len: 136 microversion: 1.0
2026-04-23 17:35:07.624 8 INFO placement.requestlog [req-c386487c-284b-4690-90cd-f8131f00d4f9 req-c04ab1cd-18ae-4eb6-aeca-c6d79e61dce4 af10b4a3beea46fc941b30e0f67035db 4361dafa01e042a6a5f123c6da75a053 - - 0f9be0cc00d14f308e74bfc2658eb18d 0f9be0cc00d14f308e74bfc2658eb18d] 199.19.213.161 "GET /resource_providers/262e5d31-96bb-4f9b-87dc-36b63c14ee38/allocations" status: 200 len: 54 microversion: 1.0 [pid: 8|app: 0|req: 122/242] 199.19.213.161 () {32 vars in 856 bytes} [Thu Apr 23 17:35:07 2026] GET /resource_providers/262e5d31-96bb-4f9b-87dc-36b63c14ee38/allocations => generated 54 bytes in 15 msecs (HTTP/1.1 200) 6 headers in 223 bytes (1 switches on core 0)
2026-04-23 17:35:07.645 7 INFO placement.requestlog [req-c386487c-284b-4690-90cd-f8131f00d4f9 req-beb01b8e-8824-409b-9e66-d82e0626c20f af10b4a3beea46fc941b30e0f67035db 4361dafa01e042a6a5f123c6da75a053 - - 0f9be0cc00d14f308e74bfc2658eb18d 0f9be0cc00d14f308e74bfc2658eb18d] 199.19.213.161 "GET /resource_providers/262e5d31-96bb-4f9b-87dc-36b63c14ee38/allocations" status: 200 len: 54 microversion: 1.0 [pid: 7|app: 0|req: 121/243] 199.19.213.161 () {32 vars in 856 bytes} [Thu Apr 23 17:35:07 2026] GET /resource_providers/262e5d31-96bb-4f9b-87dc-36b63c14ee38/allocations => generated 54 bytes in 16 msecs (HTTP/1.1 200) 6 headers in 223 bytes (1 switches on core 0)
2026-04-23 17:35:10.184 8 INFO placement.requestlog [None req-61915e86-7a33-4a79-aacd-f43f200a2849 - - - - - -] 10.0.0.92 "GET /" status: 200 len: 136 microversion: 1.0
2026-04-23 17:35:10.184 7 INFO placement.requestlog [None req-f44a12c0-cffc-4fd5-befe-bf354266137e - - - - - -] 10.0.0.92 "GET /" status: 200 len: 136 microversion: 1.0
2026-04-23 17:35:20.184 8 INFO placement.requestlog [None req-ee6485f0-5d52-4e48-bcc5-f1bfe179fef6 - - - - - -] 10.0.0.92 "GET /" status: 200 len: 136 microversion: 1.0
2026-04-23 17:35:20.185 7 INFO placement.requestlog [None req-01f6a3ae-65a4-4fce-a5d6-bfd9c239fe45 - - - - - -] 10.0.0.92 "GET /" status: 200 len: 136 microversion: 1.0
2026-04-23 17:35:28.373 8 INFO placement.requestlog [None req-d43fe87d-b559-4ab0-9e5a-f753e5a8af18 19bababb1e89419ea8a663d13e9e740a 4361dafa01e042a6a5f123c6da75a053 - - 0f9be0cc00d14f308e74bfc2658eb18d 0f9be0cc00d14f308e74bfc2658eb18d] 10.0.0.56 "GET /resource_providers/bbea81a4-21b3-4cb9-9229-3ddfdcf6f7d3/aggregates" status: 404 len: 235 microversion: 1.1 [pid: 8|app: 0|req: 125/248] 10.0.0.56 () {32 vars in 814 bytes} [Thu Apr 23 17:35:28 2026] GET /resource_providers/bbea81a4-21b3-4cb9-9229-3ddfdcf6f7d3/aggregates => generated 235 bytes in 118 msecs (HTTP/1.1 404) 5 headers in 202 bytes (1 switches on core 0)
2026-04-23 17:35:28.393 8 INFO placement.requestlog [None req-94eb66f3-3b76-47fa-9091-e8214775e1d5 19bababb1e89419ea8a663d13e9e740a 4361dafa01e042a6a5f123c6da75a053 - - 0f9be0cc00d14f308e74bfc2658eb18d 0f9be0cc00d14f308e74bfc2658eb18d] 10.0.0.56 "DELETE /resource_providers/bbea81a4-21b3-4cb9-9229-3ddfdcf6f7d3" status: 404 len: 246 microversion: 1.1 [pid: 8|app: 0|req: 126/249] 10.0.0.56 () {34 vars in 814 bytes} [Thu Apr 23 17:35:28 2026] DELETE /resource_providers/bbea81a4-21b3-4cb9-9229-3ddfdcf6f7d3 => generated 246 bytes in 10 msecs (HTTP/1.1 404) 6 headers in 231 bytes (1 switches on core 0)
2026-04-23 17:35:28.766 7 INFO placement.requestlog [None req-a5e424e9-cff2-452d-9cac-0c420f868d37 19bababb1e89419ea8a663d13e9e740a 4361dafa01e042a6a5f123c6da75a053 - - 0f9be0cc00d14f308e74bfc2658eb18d 0f9be0cc00d14f308e74bfc2658eb18d] 10.0.0.56 "GET /resource_providers/bbea81a4-21b3-4cb9-9229-3ddfdcf6f7d3/aggregates" status: 404 len: 235 microversion: 1.1 [pid: 7|app: 0|req: 124/250] 10.0.0.56 () {32 vars in 814 bytes} [Thu Apr 23 17:35:28 2026] GET /resource_providers/bbea81a4-21b3-4cb9-9229-3ddfdcf6f7d3/aggregates => generated 235 bytes in 494 msecs (HTTP/1.1 404) 5 headers in 202 bytes (1 switches on core 0)
2026-04-23 17:35:28.838 8 INFO placement.requestlog [None req-cd66318a-81ff-475d-aace-4f299c0dd20c 19bababb1e89419ea8a663d13e9e740a 4361dafa01e042a6a5f123c6da75a053 - - 0f9be0cc00d14f308e74bfc2658eb18d 0f9be0cc00d14f308e74bfc2658eb18d] 10.0.0.56 "DELETE /resource_providers/bbea81a4-21b3-4cb9-9229-3ddfdcf6f7d3" status: 404 len: 246 microversion: 1.1 [pid: 8|app: 0|req: 127/251] 10.0.0.56 () {34 vars in 814 bytes} [Thu Apr 23 17:35:28 2026] DELETE /resource_providers/bbea81a4-21b3-4cb9-9229-3ddfdcf6f7d3 => generated 246 bytes in 63 msecs (HTTP/1.1 404) 6 headers in 231 bytes (1 switches on core 0)
2026-04-23 17:35:29.257 8 INFO placement.requestlog [None req-7694a6b0-011b-4a97-bed5-56841a7f51ac 19bababb1e89419ea8a663d13e9e740a 4361dafa01e042a6a5f123c6da75a053 - - 0f9be0cc00d14f308e74bfc2658eb18d 0f9be0cc00d14f308e74bfc2658eb18d] 10.0.0.56 "GET /resource_providers/6105f272-f617-4ed1-9210-9f9062585fc8/aggregates" status: 404 len: 235 microversion: 1.1 [pid: 8|app: 0|req: 128/252] 10.0.0.56 () {32 vars in 814 bytes} [Thu Apr 23 17:35:29 2026] GET /resource_providers/6105f272-f617-4ed1-9210-9f9062585fc8/aggregates => generated 235 bytes in 118 msecs (HTTP/1.1 404) 5 headers in 202 bytes (1 switches on core 0)
2026-04-23 17:35:29.315 7 INFO placement.requestlog [req-b7c0250a-e8a2-4ce8-8c63-23f44f362138 req-37ba952c-8630-4ecc-80ed-3ac24d741784 af10b4a3beea46fc941b30e0f67035db 4361dafa01e042a6a5f123c6da75a053 - - 0f9be0cc00d14f308e74bfc2658eb18d 0f9be0cc00d14f308e74bfc2658eb18d] 10.0.0.61 "GET /allocation_candidates?limit=1000&resources=DISK_GB%3A1%2CMEMORY_MB%3A512%2CVCPU%3A1&root_required=%21COMPUTE_STATUS_DISABLED" status: 200 len: 2781 microversion: 1.36 [pid: 7|app: 0|req: 125/253] 10.0.0.61 () {34 vars in 1010 bytes} [Thu Apr 23 17:35:29 2026] GET /allocation_candidates?limit=1000&resources=DISK_GB%3A1%2CMEMORY_MB%3A512%2CVCPU%3A1&root_required=%21COMPUTE_STATUS_DISABLED => generated 2781 bytes in 260 msecs (HTTP/1.1 200) 8 headers in 297 bytes (1 switches on core 0)
2026-04-23 17:35:29.324 7 INFO placement.requestlog [None req-57180b0c-1163-49aa-8770-c2ea42222294 19bababb1e89419ea8a663d13e9e740a 4361dafa01e042a6a5f123c6da75a053 - - 0f9be0cc00d14f308e74bfc2658eb18d 0f9be0cc00d14f308e74bfc2658eb18d] 10.0.0.56 "DELETE /resource_providers/6105f272-f617-4ed1-9210-9f9062585fc8" status: 404 len: 246 microversion: 1.1 [pid: 7|app: 0|req: 126/254] 10.0.0.56 () {34 vars in 814 bytes} [Thu Apr 23 17:35:29 2026] DELETE /resource_providers/6105f272-f617-4ed1-9210-9f9062585fc8 => generated 246 bytes in 9 msecs (HTTP/1.1 404) 6 headers in 231 bytes (1 switches on core 0)
2026-04-23 17:35:29.354 7 INFO placement.requestlog [req-b7c0250a-e8a2-4ce8-8c63-23f44f362138 req-0eb64f18-25d0-40c8-a9be-6cabf39e1bb9 af10b4a3beea46fc941b30e0f67035db 4361dafa01e042a6a5f123c6da75a053 - - 0f9be0cc00d14f308e74bfc2658eb18d 0f9be0cc00d14f308e74bfc2658eb18d] 10.0.0.61 "GET /allocations/99a36d16-421f-4246-8897-e055790bdf6e" status: 200 len: 19 microversion: 1.28 [pid: 7|app: 0|req: 127/255] 10.0.0.61 () {34 vars in 859 bytes} [Thu Apr 23 17:35:29 2026] GET /allocations/99a36d16-421f-4246-8897-e055790bdf6e => generated 19 bytes in 13 msecs (HTTP/1.1 200) 8 headers in 295 bytes (1 switches on core 0)
2026-04-23 17:35:29.378 8 INFO placement.requestlog [None req-6714dc77-83bf-4458-a288-77627e9df51e 19bababb1e89419ea8a663d13e9e740a 4361dafa01e042a6a5f123c6da75a053 - - 0f9be0cc00d14f308e74bfc2658eb18d 0f9be0cc00d14f308e74bfc2658eb18d] 10.0.0.56 "GET /resource_providers/6105f272-f617-4ed1-9210-9f9062585fc8/aggregates" status: 404 len: 235 microversion: 1.1 [pid: 8|app: 0|req: 129/256] 10.0.0.56 () {32 vars in 814 bytes} [Thu Apr 23 17:35:29 2026] GET /resource_providers/6105f272-f617-4ed1-9210-9f9062585fc8/aggregates => generated 235 bytes in 121 msecs (HTTP/1.1 404) 5 headers in 202 bytes (1 switches on core 0)
2026-04-23 17:35:29.403 8 INFO placement.requestlog [None req-c6bcea69-71d2-4b50-8451-7bb47a7ec9eb 19bababb1e89419ea8a663d13e9e740a 4361dafa01e042a6a5f123c6da75a053 - - 0f9be0cc00d14f308e74bfc2658eb18d 0f9be0cc00d14f308e74bfc2658eb18d] 10.0.0.56 "DELETE /resource_providers/6105f272-f617-4ed1-9210-9f9062585fc8" status: 404 len: 246 microversion: 1.1 [pid: 8|app: 0|req: 130/257] 10.0.0.56 () {34 vars in 814 bytes} [Thu Apr 23 17:35:29 2026] DELETE /resource_providers/6105f272-f617-4ed1-9210-9f9062585fc8 => generated 246 bytes in 13 msecs (HTTP/1.1 404) 6 headers in 231 bytes (1 switches on core 0)
2026-04-23 17:35:29.424 7 INFO placement.requestlog [req-b7c0250a-e8a2-4ce8-8c63-23f44f362138 req-6e017da1-b34b-4352-8bed-aee4049afb01 af10b4a3beea46fc941b30e0f67035db 4361dafa01e042a6a5f123c6da75a053 - - 0f9be0cc00d14f308e74bfc2658eb18d 0f9be0cc00d14f308e74bfc2658eb18d] 10.0.0.61 "PUT /allocations/99a36d16-421f-4246-8897-e055790bdf6e" status: 204 len: 0 microversion: 1.36 [pid: 7|app: 0|req: 128/258] 10.0.0.61 () {38 vars in 912 bytes} [Thu Apr 23 17:35:29 2026] PUT /allocations/99a36d16-421f-4246-8897-e055790bdf6e => generated 0 bytes in 65 msecs (HTTP/1.1 204) 5 headers in 199 bytes (1 switches on core 0)
2026-04-23 17:35:30.185 7 INFO placement.requestlog [None req-77d3e9a8-8bb5-49d1-bf62-3266f960512d - - - - - -] 10.0.0.92 "GET /" status: 200 len: 136 microversion: 1.0
2026-04-23 17:35:30.185 8 INFO placement.requestlog [None req-651bdf17-6c12-4960-ba92-21d86275b42d - - - - - -] 10.0.0.92 "GET /" status: 200 len: 136 microversion: 1.0
2026-04-23 17:35:31.110 7 INFO placement.requestlog [req-b7c0250a-e8a2-4ce8-8c63-23f44f362138 req-5bd5150e-5d68-4a20-bf2d-fc9ead76ffb1 af10b4a3beea46fc941b30e0f67035db 4361dafa01e042a6a5f123c6da75a053 - - 0f9be0cc00d14f308e74bfc2658eb18d 0f9be0cc00d14f308e74bfc2658eb18d] 199.19.213.161 "GET /allocations/99a36d16-421f-4246-8897-e055790bdf6e" status: 200 len: 257 microversion: 1.28 [pid: 7|app: 0|req: 130/261] 199.19.213.161 () {34 vars in 862 bytes} [Thu Apr 23 17:35:30 2026] GET /allocations/99a36d16-421f-4246-8897-e055790bdf6e => generated 257 bytes in 214 msecs (HTTP/1.1 200) 8 headers in 296 bytes (1 switches on core 0)
2026-04-23 17:35:32.159 8 INFO placement.requestlog [req-b7c0250a-e8a2-4ce8-8c63-23f44f362138 req-f89c2752-8be1-4dcc-92dc-35cf9b0879ee af10b4a3beea46fc941b30e0f67035db 4361dafa01e042a6a5f123c6da75a053 - - 0f9be0cc00d14f308e74bfc2658eb18d 0f9be0cc00d14f308e74bfc2658eb18d] 199.19.213.161 "GET /resource_providers?in_tree=262e5d31-96bb-4f9b-87dc-36b63c14ee38" status: 200 len: 797 microversion: 1.14 [pid: 8|app: 0|req: 132/262] 199.19.213.161 () {34 vars in 891 bytes} [Thu Apr 23 17:35:32 2026] GET /resource_providers?in_tree=262e5d31-96bb-4f9b-87dc-36b63c14ee38 => generated 797 bytes in 21 msecs (HTTP/1.1 200) 6 headers in 225 bytes (1 switches on core 0)
2026-04-23 17:35:32.183 7 INFO placement.requestlog [req-b7c0250a-e8a2-4ce8-8c63-23f44f362138 req-e7fb1c52-cf3b-47d3-b459-a108fc5b648f af10b4a3beea46fc941b30e0f67035db 4361dafa01e042a6a5f123c6da75a053 - - 0f9be0cc00d14f308e74bfc2658eb18d 0f9be0cc00d14f308e74bfc2658eb18d] 199.19.213.161 "GET /resource_providers/262e5d31-96bb-4f9b-87dc-36b63c14ee38/inventories" status: 200 len: 400 microversion: 1.0 [pid: 7|app: 0|req: 131/263] 199.19.213.161 () {32 vars in 856 bytes} [Thu Apr 23 17:35:32 2026] GET /resource_providers/262e5d31-96bb-4f9b-87dc-36b63c14ee38/inventories => generated 400 bytes in 16 msecs (HTTP/1.1 200) 6 headers in 224 bytes (1 switches on core 0)
2026-04-23 17:35:32.204 8 INFO placement.requestlog [req-b7c0250a-e8a2-4ce8-8c63-23f44f362138 req-8194a14b-015e-4c9b-adf9-6d880b5e1337 af10b4a3beea46fc941b30e0f67035db 4361dafa01e042a6a5f123c6da75a053 - - 0f9be0cc00d14f308e74bfc2658eb18d 0f9be0cc00d14f308e74bfc2658eb18d] 199.19.213.161 "GET /resource_providers/262e5d31-96bb-4f9b-87dc-36b63c14ee38/aggregates" status: 200 len: 53 microversion: 1.19 [pid: 8|app: 0|req: 133/264] 199.19.213.161 () {34 vars in 898 bytes} [Thu Apr 23 17:35:32 2026] GET /resource_providers/262e5d31-96bb-4f9b-87dc-36b63c14ee38/aggregates => generated 53 bytes in 12 msecs (HTTP/1.1 200) 8 headers in 295 bytes (1 switches on core 0)
2026-04-23 17:35:32.226 7 INFO placement.requestlog [req-b7c0250a-e8a2-4ce8-8c63-23f44f362138 req-6c8bb553-f09d-4c5b-8a1a-95a79b298599 af10b4a3beea46fc941b30e0f67035db 4361dafa01e042a6a5f123c6da75a053 - - 0f9be0cc00d14f308e74bfc2658eb18d 0f9be0cc00d14f308e74bfc2658eb18d] 199.19.213.161 "GET /resource_providers/262e5d31-96bb-4f9b-87dc-36b63c14ee38/traits" status: 200 len: 2316 microversion: 1.6 [pid: 7|app: 0|req: 132/265] 199.19.213.161 () {34 vars in 889 bytes} [Thu Apr 23 17:35:32 2026] GET /resource_providers/262e5d31-96bb-4f9b-87dc-36b63c14ee38/traits => generated 2316 bytes in 18 msecs (HTTP/1.1 200) 6 headers in 225 bytes (1 switches on core 0)
2026-04-23 17:35:32.254 8 INFO placement.requestlog [req-b7c0250a-e8a2-4ce8-8c63-23f44f362138 req-8a66a8b5-4542-4ab4-92ec-bcc7dd0b961a af10b4a3beea46fc941b30e0f67035db 4361dafa01e042a6a5f123c6da75a053 - - 0f9be0cc00d14f308e74bfc2658eb18d 0f9be0cc00d14f308e74bfc2658eb18d] 199.19.213.161 "GET /resource_providers/262e5d31-96bb-4f9b-87dc-36b63c14ee38/allocations" status: 200 len: 152 microversion: 1.0 [pid: 8|app: 0|req: 134/266] 199.19.213.161 () {32 vars in 856 bytes} [Thu Apr 23 17:35:32 2026] GET /resource_providers/262e5d31-96bb-4f9b-87dc-36b63c14ee38/allocations => generated 152 bytes in 19 msecs (HTTP/1.1 200) 6 headers in 224 bytes (1 switches on core 0)
2026-04-23 17:35:32.275 7 INFO placement.requestlog [req-b7c0250a-e8a2-4ce8-8c63-23f44f362138 req-1eeadeb8-6ba5-40d9-a5e4-d83ae1b69bc5 af10b4a3beea46fc941b30e0f67035db 4361dafa01e042a6a5f123c6da75a053 - - 0f9be0cc00d14f308e74bfc2658eb18d 0f9be0cc00d14f308e74bfc2658eb18d] 199.19.213.161 "GET /allocations/99a36d16-421f-4246-8897-e055790bdf6e" status: 200 len: 257 microversion: 1.28 [pid: 7|app: 0|req: 133/267] 199.19.213.161 () {34 vars in 862 bytes} [Thu Apr 23 17:35:32 2026] GET /allocations/99a36d16-421f-4246-8897-e055790bdf6e => generated 257 bytes in 13 msecs (HTTP/1.1 200) 8 headers in 296 bytes (1 switches on core 0)
2026-04-23 17:35:40.184 7 INFO placement.requestlog [None req-03957932-e4a8-4a40-95ae-e126fa8e9921 - - - - - -] 10.0.0.92 "GET /" status: 200 len: 136 microversion: 1.0
2026-04-23 17:35:40.185 8 INFO placement.requestlog [None req-b2547ee2-701f-4d57-81dd-ecdf3a789b45 - - - - - -] 10.0.0.92 "GET /" status: 200 len: 136 microversion: 1.0
2026-04-23 17:35:43.008 7 INFO placement.requestlog [req-5c7e28b2-8af3-4044-96b2-139af7e4b82d req-05ae6e5e-0cca-4d83-8512-be3b676506ab af10b4a3beea46fc941b30e0f67035db 4361dafa01e042a6a5f123c6da75a053 - - 0f9be0cc00d14f308e74bfc2658eb18d 0f9be0cc00d14f308e74bfc2658eb18d] 10.0.0.61 "GET /allocation_candidates?limit=1000&resources=DISK_GB%3A1%2CMEMORY_MB%3A512%2CVCPU%3A1&root_required=%21COMPUTE_STATUS_DISABLED" status: 200 len: 2783 microversion: 1.36 [pid: 7|app: 0|req: 135/270] 10.0.0.61 () {34 vars in 1010 bytes} [Thu Apr 23 17:35:42 2026] GET /allocation_candidates?limit=1000&resources=DISK_GB%3A1%2CMEMORY_MB%3A512%2CVCPU%3A1&root_required=%21COMPUTE_STATUS_DISABLED => generated 2783 bytes in 31 msecs (HTTP/1.1 200) 8 headers in 297 bytes (1 switches on core 0)
2026-04-23 17:35:43.054 8 INFO placement.requestlog [req-5c7e28b2-8af3-4044-96b2-139af7e4b82d req-2ec4d8fd-1190-480b-9e12-b254fec9806c af10b4a3beea46fc941b30e0f67035db 4361dafa01e042a6a5f123c6da75a053 - - 0f9be0cc00d14f308e74bfc2658eb18d 0f9be0cc00d14f308e74bfc2658eb18d] 10.0.0.61 "GET /allocations/aae9c16e-9bf3-48d5-869e-2c1cc043b924" status: 200 len: 19 microversion: 1.28 [pid: 8|app: 0|req: 136/271] 10.0.0.61 () {34 vars in 859 bytes} [Thu Apr 23 17:35:43 2026] GET /allocations/aae9c16e-9bf3-48d5-869e-2c1cc043b924 => generated 19 bytes in 10 msecs (HTTP/1.1 200) 8 headers in 295 bytes (1 switches on core 0)
2026-04-23 17:35:43.117 7 INFO placement.requestlog [req-5c7e28b2-8af3-4044-96b2-139af7e4b82d req-991861d3-8552-43bb-baa7-971ea0fa19fa af10b4a3beea46fc941b30e0f67035db 4361dafa01e042a6a5f123c6da75a053 - - 0f9be0cc00d14f308e74bfc2658eb18d 0f9be0cc00d14f308e74bfc2658eb18d] 10.0.0.61 "PUT /allocations/aae9c16e-9bf3-48d5-869e-2c1cc043b924" status: 204 len: 0 microversion: 1.36 [pid: 7|app: 0|req: 136/272] 10.0.0.61 () {38 vars in 912 bytes} [Thu Apr 23 17:35:43 2026] PUT /allocations/aae9c16e-9bf3-48d5-869e-2c1cc043b924 => generated 0 bytes in 55 msecs (HTTP/1.1 204) 5 headers in 199 bytes (1 switches on core 0)
2026-04-23 17:35:44.752 8 INFO placement.requestlog [req-5c7e28b2-8af3-4044-96b2-139af7e4b82d req-dc266344-2be4-4808-8933-73a8e77af2fc af10b4a3beea46fc941b30e0f67035db 4361dafa01e042a6a5f123c6da75a053 - - 0f9be0cc00d14f308e74bfc2658eb18d 0f9be0cc00d14f308e74bfc2658eb18d] 199.19.213.161 "GET /allocations/aae9c16e-9bf3-48d5-869e-2c1cc043b924" status: 200 len: 257 microversion: 1.28 [pid: 8|app: 0|req: 137/273] 199.19.213.161 () {34 vars in 862 bytes} [Thu Apr 23 17:35:44 2026] GET /allocations/aae9c16e-9bf3-48d5-869e-2c1cc043b924 => generated 257 bytes in 11 msecs (HTTP/1.1 200) 8 headers in 296 bytes (1 switches on core 0)
2026-04-23 17:35:45.395 7 INFO placement.requestlog [req-5c7e28b2-8af3-4044-96b2-139af7e4b82d req-5f60d984-336d-45c7-a1cc-b169ca63ed62 af10b4a3beea46fc941b30e0f67035db 4361dafa01e042a6a5f123c6da75a053 - - 0f9be0cc00d14f308e74bfc2658eb18d 0f9be0cc00d14f308e74bfc2658eb18d] 199.19.213.161 "GET /resource_providers/262e5d31-96bb-4f9b-87dc-36b63c14ee38/allocations" status: 200 len: 252 microversion: 1.0 [pid: 7|app: 0|req: 137/274] 199.19.213.161 () {32 vars in 856 bytes} [Thu Apr 23 17:35:45 2026] GET /resource_providers/262e5d31-96bb-4f9b-87dc-36b63c14ee38/allocations => generated 252 bytes in 17 msecs (HTTP/1.1 200) 6 headers in 224 bytes (1 switches on core 0)
2026-04-23 17:35:45.439 8 INFO placement.requestlog [req-5c7e28b2-8af3-4044-96b2-139af7e4b82d req-3747f62c-7891-4ae3-ba3b-c5ec67a397da af10b4a3beea46fc941b30e0f67035db 4361dafa01e042a6a5f123c6da75a053 - - 0f9be0cc00d14f308e74bfc2658eb18d 0f9be0cc00d14f308e74bfc2658eb18d] 199.19.213.161 "GET /allocations/99a36d16-421f-4246-8897-e055790bdf6e" status: 200 len: 257 microversion: 1.28 [pid: 8|app: 0|req: 138/275] 199.19.213.161 () {34 vars in 862 bytes} [Thu Apr 23 17:35:45 2026] GET /allocations/99a36d16-421f-4246-8897-e055790bdf6e => generated 257 bytes in 14 msecs (HTTP/1.1 200) 8 headers in 296 bytes (1 switches on core 0)
2026-04-23 17:35:45.456 7 INFO placement.requestlog [req-5c7e28b2-8af3-4044-96b2-139af7e4b82d req-225ffebf-6b9a-4081-9ceb-e2a1bc50afcc af10b4a3beea46fc941b30e0f67035db 4361dafa01e042a6a5f123c6da75a053 - - 0f9be0cc00d14f308e74bfc2658eb18d 0f9be0cc00d14f308e74bfc2658eb18d] 199.19.213.161 "GET /allocations/aae9c16e-9bf3-48d5-869e-2c1cc043b924" status: 200 len: 257 microversion: 1.28 [pid: 7|app: 0|req: 138/276] 199.19.213.161 () {34 vars in 862 bytes} [Thu Apr 23 17:35:45 2026] GET /allocations/aae9c16e-9bf3-48d5-869e-2c1cc043b924 => generated 257 bytes in 12 msecs (HTTP/1.1 200) 8 headers in 296 bytes (1 switches on core 0)
2026-04-23 17:35:47.173 8 INFO placement.requestlog [req-4fcd8169-8221-430d-9639-0aa840533b0e req-8f12d416-eabe-40c3-b230-3e68f9ac12ec af10b4a3beea46fc941b30e0f67035db 4361dafa01e042a6a5f123c6da75a053 - - 0f9be0cc00d14f308e74bfc2658eb18d 0f9be0cc00d14f308e74bfc2658eb18d] 10.0.0.61 "GET /allocation_candidates?limit=1000&resources=MEMORY_MB%3A512%2CVCPU%3A1&root_required=%21COMPUTE_STATUS_DISABLED" status: 200 len: 2770 microversion: 1.36 [pid: 8|app: 0|req: 139/277] 10.0.0.61 () {34 vars in 982 bytes} [Thu Apr 23 17:35:47 2026] GET /allocation_candidates?limit=1000&resources=MEMORY_MB%3A512%2CVCPU%3A1&root_required=%21COMPUTE_STATUS_DISABLED => generated 2770 bytes in 49 msecs (HTTP/1.1 200) 8 headers in 297 bytes (1 switches on core 0)
2026-04-23 17:35:47.207 7 INFO placement.requestlog [req-4fcd8169-8221-430d-9639-0aa840533b0e req-aa8b63d0-434d-4a63-9dfb-64a3daad950c af10b4a3beea46fc941b30e0f67035db 4361dafa01e042a6a5f123c6da75a053 - - 0f9be0cc00d14f308e74bfc2658eb18d 0f9be0cc00d14f308e74bfc2658eb18d] 10.0.0.61 "GET /allocations/f3e8f2a2-b9a5-42c9-9f0e-65ec1ecc8754" status: 200 len: 19 microversion: 1.28 [pid: 7|app: 0|req: 139/278] 10.0.0.61 () {34 vars in 859 bytes} [Thu Apr 23 17:35:47 2026] GET /allocations/f3e8f2a2-b9a5-42c9-9f0e-65ec1ecc8754 => generated 19 bytes in 13 msecs (HTTP/1.1 200) 8 headers in 295 bytes (1 switches on core 0)
2026-04-23 17:35:47.294 8 INFO placement.requestlog [req-4fcd8169-8221-430d-9639-0aa840533b0e req-5480171a-f565-4d99-8737-058ada3c900d af10b4a3beea46fc941b30e0f67035db 4361dafa01e042a6a5f123c6da75a053 - - 0f9be0cc00d14f308e74bfc2658eb18d 0f9be0cc00d14f308e74bfc2658eb18d] 10.0.0.61 "PUT /allocations/f3e8f2a2-b9a5-42c9-9f0e-65ec1ecc8754" status: 204 len: 0 microversion: 1.36 [pid: 8|app: 0|req: 140/279] 10.0.0.61 () {38 vars in 912 bytes} [Thu Apr 23 17:35:47 2026] PUT /allocations/f3e8f2a2-b9a5-42c9-9f0e-65ec1ecc8754 => generated 0 bytes in 80 msecs (HTTP/1.1 204) 5 headers in 199 bytes (1 switches on core 0)
2026-04-23 17:35:48.791 7 INFO placement.requestlog [req-4fcd8169-8221-430d-9639-0aa840533b0e req-ef4eaf65-8201-4098-8f7c-1cd9ede8fe86 af10b4a3beea46fc941b30e0f67035db 4361dafa01e042a6a5f123c6da75a053 - - 0f9be0cc00d14f308e74bfc2658eb18d 0f9be0cc00d14f308e74bfc2658eb18d] 199.19.213.161 "GET /allocations/f3e8f2a2-b9a5-42c9-9f0e-65ec1ecc8754" status: 200 len: 243 microversion: 1.28 [pid: 7|app: 0|req: 140/280] 199.19.213.161 () {34 vars in 862 bytes} [Thu Apr 23 17:35:48 2026] GET /allocations/f3e8f2a2-b9a5-42c9-9f0e-65ec1ecc8754 => generated 243 bytes in 15 msecs (HTTP/1.1 200) 8 headers in 296 bytes (1 switches on core 0)
2026-04-23 17:35:49.963 8 INFO placement.requestlog [req-4fcd8169-8221-430d-9639-0aa840533b0e req-10394496-35f8-4b93-a279-1944213fc350 af10b4a3beea46fc941b30e0f67035db 4361dafa01e042a6a5f123c6da75a053 - - 0f9be0cc00d14f308e74bfc2658eb18d 0f9be0cc00d14f308e74bfc2658eb18d] 199.19.213.161 "GET /resource_providers/262e5d31-96bb-4f9b-87dc-36b63c14ee38/allocations" status: 200 len: 338 microversion: 1.0 [pid: 8|app: 0|req: 141/281] 199.19.213.161 () {32 vars in 856 bytes} [Thu Apr 23 17:35:49 2026] GET /resource_providers/262e5d31-96bb-4f9b-87dc-36b63c14ee38/allocations => generated 338 bytes in 17 msecs (HTTP/1.1 200) 6 headers in 224 bytes (1 switches on core 0)
2026-04-23 17:35:49.994 7 INFO placement.requestlog [req-4fcd8169-8221-430d-9639-0aa840533b0e req-b175e06d-e2de-4d9e-aefe-e68b3e58746e af10b4a3beea46fc941b30e0f67035db 4361dafa01e042a6a5f123c6da75a053 - - 0f9be0cc00d14f308e74bfc2658eb18d 0f9be0cc00d14f308e74bfc2658eb18d] 199.19.213.161 "GET /allocations/99a36d16-421f-4246-8897-e055790bdf6e" status: 200 len: 257 microversion: 1.28 [pid: 7|app: 0|req: 141/282] 199.19.213.161 () {34 vars in 862 bytes} [Thu Apr 23 17:35:49 2026] GET /allocations/99a36d16-421f-4246-8897-e055790bdf6e => generated 257 bytes in 25 msecs (HTTP/1.1 200) 8 headers in 296 bytes (1 switches on core 0)
2026-04-23 17:35:50.011 8 INFO placement.requestlog [req-4fcd8169-8221-430d-9639-0aa840533b0e req-49fa9623-8bcf-4fcd-a813-d616031993de af10b4a3beea46fc941b30e0f67035db 4361dafa01e042a6a5f123c6da75a053 - - 0f9be0cc00d14f308e74bfc2658eb18d 0f9be0cc00d14f308e74bfc2658eb18d] 199.19.213.161 "GET /allocations/aae9c16e-9bf3-48d5-869e-2c1cc043b924" status: 200 len: 257 microversion: 1.28 [pid: 8|app: 0|req: 142/283] 199.19.213.161 () {34 vars in 862 bytes} [Thu Apr 23 17:35:50 2026] GET /allocations/aae9c16e-9bf3-48d5-869e-2c1cc043b924 => generated 257 bytes in 10 msecs (HTTP/1.1 200) 8 headers in 296 bytes (1 switches on core 0)
2026-04-23 17:35:50.029 7 INFO placement.requestlog [req-4fcd8169-8221-430d-9639-0aa840533b0e req-c401f3c7-dab7-47ca-9911-0a5a86a5476c af10b4a3beea46fc941b30e0f67035db 4361dafa01e042a6a5f123c6da75a053 - - 0f9be0cc00d14f308e74bfc2658eb18d 0f9be0cc00d14f308e74bfc2658eb18d] 199.19.213.161 "GET /allocations/f3e8f2a2-b9a5-42c9-9f0e-65ec1ecc8754" status: 200 len: 243 microversion: 1.28 [pid: 7|app: 0|req: 142/284] 199.19.213.161 () {34 vars in 862 bytes} [Thu Apr 23 17:35:50 2026] GET /allocations/f3e8f2a2-b9a5-42c9-9f0e-65ec1ecc8754 => generated 243 bytes in 14 msecs (HTTP/1.1 200) 8 headers in 296 bytes (1 switches on core 0)
2026-04-23 17:35:50.184 7 INFO placement.requestlog [None req-93435eb1-a524-4ce0-8251-3722561e0fad - - - - - -] 10.0.0.92 "GET /" status: 200 len: 136 microversion: 1.0
2026-04-23 17:35:50.186 8 INFO placement.requestlog [None req-d1b41cff-014c-49dc-bfde-7483fac87d17 - - - - - -] 10.0.0.92 "GET /" status: 200 len: 136 microversion: 1.0
2026-04-23 17:35:50.725 7 INFO placement.requestlog [None req-1aafc6e2-19c2-4d8f-af08-7bb45d6eb0d1 19bababb1e89419ea8a663d13e9e740a 4361dafa01e042a6a5f123c6da75a053 - - 0f9be0cc00d14f308e74bfc2658eb18d 0f9be0cc00d14f308e74bfc2658eb18d] 10.0.0.56 "GET /resource_providers/e34a1b2c-1aee-4c60-9ed1-ea23f08b6483/aggregates" status: 404 len: 235 microversion: 1.1 [pid: 7|app: 0|req: 144/287] 10.0.0.56 () {32 vars in 814 bytes} [Thu Apr 23 17:35:50 2026] GET /resource_providers/e34a1b2c-1aee-4c60-9ed1-ea23f08b6483/aggregates => generated 235 bytes in 8 msecs (HTTP/1.1 404) 5 headers in 202 bytes (1 switches on core 0)
2026-04-23 17:35:50.732 8 INFO placement.requestlog [None req-192cc1f8-1d50-40da-aec2-3f13de496b62 19bababb1e89419ea8a663d13e9e740a 4361dafa01e042a6a5f123c6da75a053 - - 0f9be0cc00d14f308e74bfc2658eb18d 0f9be0cc00d14f308e74bfc2658eb18d] 10.0.0.56 "GET /resource_providers/e34a1b2c-1aee-4c60-9ed1-ea23f08b6483/aggregates" status: 404 len: 235 microversion: 1.1 [pid: 8|app: 0|req: 144/288] 10.0.0.56 () {32 vars in 814 bytes} [Thu Apr 23 17:35:50 2026] GET /resource_providers/e34a1b2c-1aee-4c60-9ed1-ea23f08b6483/aggregates => generated 235 bytes in 9 msecs (HTTP/1.1 404) 5 headers in 202 bytes (1 switches on core 0)
2026-04-23 17:35:50.749 7 INFO placement.requestlog [None req-e2c73681-a5be-4efa-a433-e18cd11e3440 19bababb1e89419ea8a663d13e9e740a 4361dafa01e042a6a5f123c6da75a053 - - 0f9be0cc00d14f308e74bfc2658eb18d 0f9be0cc00d14f308e74bfc2658eb18d] 10.0.0.56 "DELETE /resource_providers/e34a1b2c-1aee-4c60-9ed1-ea23f08b6483" status: 404 len: 246 microversion: 1.1 [pid: 7|app: 0|req: 145/289] 10.0.0.56 () {34 vars in 814 bytes} [Thu Apr 23 17:35:50 2026] DELETE /resource_providers/e34a1b2c-1aee-4c60-9ed1-ea23f08b6483 => generated 246 bytes in 9 msecs (HTTP/1.1 404) 6 headers in 231 bytes (1 switches on core 0)
2026-04-23 17:35:50.753 8 INFO placement.requestlog [None req-c02a1d64-87c5-4d5f-a9dc-500ca24ad418 19bababb1e89419ea8a663d13e9e740a 4361dafa01e042a6a5f123c6da75a053 - - 0f9be0cc00d14f308e74bfc2658eb18d 0f9be0cc00d14f308e74bfc2658eb18d] 10.0.0.56 "DELETE /resource_providers/e34a1b2c-1aee-4c60-9ed1-ea23f08b6483" status: 404 len: 246 microversion: 1.1 [pid: 8|app: 0|req: 145/290] 10.0.0.56 () {34 vars in 814 bytes} [Thu Apr 23 17:35:50 2026] DELETE /resource_providers/e34a1b2c-1aee-4c60-9ed1-ea23f08b6483 => generated 246 bytes in 10 msecs (HTTP/1.1 404) 6 headers in 231 bytes (1 switches on core 0)
2026-04-23 17:35:57.704 7 INFO placement.requestlog [None req-d8b44d0b-531f-4604-b2e2-a73faa6f8c35 19bababb1e89419ea8a663d13e9e740a 4361dafa01e042a6a5f123c6da75a053 - - 0f9be0cc00d14f308e74bfc2658eb18d 0f9be0cc00d14f308e74bfc2658eb18d] 10.0.0.56 "GET /resource_providers/fca82064-e242-4c84-8edd-4b4ba795fc62/aggregates" status: 404 len: 235 microversion: 1.1 [pid: 7|app: 0|req: 146/291] 10.0.0.56 () {32 vars in 814 bytes} [Thu Apr 23 17:35:57 2026] GET /resource_providers/fca82064-e242-4c84-8edd-4b4ba795fc62/aggregates => generated 235 bytes in 10 msecs (HTTP/1.1 404) 5 headers in 202 bytes (1 switches on core 0)
2026-04-23 17:35:57.711 8 INFO placement.requestlog [None req-ab4dcc41-23c8-4bdd-ace2-d8fa4bc065ec 19bababb1e89419ea8a663d13e9e740a 4361dafa01e042a6a5f123c6da75a053 - - 0f9be0cc00d14f308e74bfc2658eb18d 0f9be0cc00d14f308e74bfc2658eb18d] 10.0.0.56 "GET /resource_providers/fca82064-e242-4c84-8edd-4b4ba795fc62/aggregates" status: 404 len: 235 microversion: 1.1 [pid: 8|app: 0|req: 146/292] 10.0.0.56 () {32 vars in 814 bytes} [Thu Apr 23 17:35:57 2026] GET /resource_providers/fca82064-e242-4c84-8edd-4b4ba795fc62/aggregates => generated 235 bytes in 11 msecs (HTTP/1.1 404) 5 headers in 202 bytes (1 switches on core 0)
2026-04-23 17:35:57.730 7 INFO placement.requestlog [None req-48ee5ab0-83fa-4c8a-a9f9-cdaed57ee8a0 19bababb1e89419ea8a663d13e9e740a 4361dafa01e042a6a5f123c6da75a053 - - 0f9be0cc00d14f308e74bfc2658eb18d 0f9be0cc00d14f308e74bfc2658eb18d] 10.0.0.56 "DELETE /resource_providers/fca82064-e242-4c84-8edd-4b4ba795fc62" status: 404 len: 246 microversion: 1.1 [pid: 7|app: 0|req: 147/293] 10.0.0.56 () {34 vars in 814 bytes} [Thu Apr 23 17:35:57 2026] DELETE /resource_providers/fca82064-e242-4c84-8edd-4b4ba795fc62 => generated 246 bytes in 11 msecs (HTTP/1.1 404) 6 headers in 231 bytes (1 switches on core 0)
2026-04-23 17:35:57.732 8 INFO placement.requestlog [None req-c2266c90-a0ad-449e-ac0f-0b7d378e1753 19bababb1e89419ea8a663d13e9e740a 4361dafa01e042a6a5f123c6da75a053 - - 0f9be0cc00d14f308e74bfc2658eb18d 0f9be0cc00d14f308e74bfc2658eb18d] 10.0.0.56 "DELETE /resource_providers/fca82064-e242-4c84-8edd-4b4ba795fc62" status: 404 len: 246 microversion: 1.1 [pid: 8|app: 0|req: 147/294] 10.0.0.56 () {34 vars in 814 bytes} [Thu Apr 23 17:35:57 2026] DELETE /resource_providers/fca82064-e242-4c84-8edd-4b4ba795fc62 => generated 246 bytes in 12 msecs (HTTP/1.1 404) 6 headers in 231 bytes (1 switches on core 0)
2026-04-23 17:35:58.613 7 INFO placement.requestlog [None req-d7f3a2c0-f7f8-4402-b7c8-687da2482aca 19bababb1e89419ea8a663d13e9e740a 4361dafa01e042a6a5f123c6da75a053 - - 0f9be0cc00d14f308e74bfc2658eb18d 0f9be0cc00d14f308e74bfc2658eb18d] 10.0.0.56 "GET /resource_providers/6ccd1afa-839d-4621-9754-0bc57a5893cd/aggregates" status: 404 len: 235 microversion: 1.1 [pid: 7|app: 0|req: 148/295] 10.0.0.56 () {32 vars in 814 bytes} [Thu Apr 23 17:35:58 2026] GET /resource_providers/6ccd1afa-839d-4621-9754-0bc57a5893cd/aggregates => generated 235 bytes in 10 msecs (HTTP/1.1 404) 5 headers in 202 bytes (1 switches on core 0)
2026-04-23 17:35:58.615 8 INFO placement.requestlog [None req-154fe46e-53fa-4233-9c0b-dbf7d86c92de 19bababb1e89419ea8a663d13e9e740a 4361dafa01e042a6a5f123c6da75a053 - - 0f9be0cc00d14f308e74bfc2658eb18d 0f9be0cc00d14f308e74bfc2658eb18d] 10.0.0.56 "GET /resource_providers/6ccd1afa-839d-4621-9754-0bc57a5893cd/aggregates" status: 404 len: 235 microversion: 1.1 [pid: 8|app: 0|req: 148/296] 10.0.0.56 () {32 vars in 814 bytes} [Thu Apr 23 17:35:58 2026] GET /resource_providers/6ccd1afa-839d-4621-9754-0bc57a5893cd/aggregates => generated 235 bytes in 9 msecs (HTTP/1.1 404) 5 headers in 202 bytes (1 switches on core 0)
2026-04-23 17:35:58.628 7 INFO placement.requestlog [None req-30704ab0-c0b3-4cde-b595-18a92d0c1892 19bababb1e89419ea8a663d13e9e740a 4361dafa01e042a6a5f123c6da75a053 - - 0f9be0cc00d14f308e74bfc2658eb18d 0f9be0cc00d14f308e74bfc2658eb18d] 10.0.0.56 "DELETE /resource_providers/6ccd1afa-839d-4621-9754-0bc57a5893cd" status: 404 len: 246 microversion: 1.1 [pid: 7|app: 0|req: 149/297] 10.0.0.56 () {34 vars in 814 bytes} [Thu Apr 23 17:35:58 2026] DELETE /resource_providers/6ccd1afa-839d-4621-9754-0bc57a5893cd => generated 246 bytes in 8 msecs (HTTP/1.1 404) 6 headers in 231 bytes (1 switches on core 0)
2026-04-23 17:35:58.635 8 INFO placement.requestlog [None req-879fef68-2055-4e71-8b60-789cb84fe476 19bababb1e89419ea8a663d13e9e740a 4361dafa01e042a6a5f123c6da75a053 - - 0f9be0cc00d14f308e74bfc2658eb18d 0f9be0cc00d14f308e74bfc2658eb18d] 10.0.0.56 "DELETE /resource_providers/6ccd1afa-839d-4621-9754-0bc57a5893cd" status: 404 len: 246 microversion: 1.1 [pid: 8|app: 0|req: 149/298] 10.0.0.56 () {34 vars in 814 bytes} [Thu Apr 23 17:35:58 2026] DELETE /resource_providers/6ccd1afa-839d-4621-9754-0bc57a5893cd => generated 246 bytes in 8 msecs (HTTP/1.1 404) 6 headers in 231 bytes (1 switches on core 0)
2026-04-23 17:36:00.184 8 INFO placement.requestlog [None req-2a2c4543-9e96-433d-8ddb-a62b341ff30b - - - - - -] 10.0.0.92 "GET /" status: 200 len: 136 microversion: 1.0
2026-04-23 17:36:00.185 7 INFO placement.requestlog [None req-5239fee4-beab-4625-8f2d-e368692aa5af - - - - - -] 10.0.0.92 "GET /" status: 200 len: 136 microversion: 1.0
2026-04-23 17:36:02.220 8 INFO placement.requestlog [req-d5e66fd9-a33a-497a-8fda-6ecde1deb8d0 req-42fc24a7-d4ee-41ca-9911-d2ec39ec2571 af10b4a3beea46fc941b30e0f67035db 4361dafa01e042a6a5f123c6da75a053 - - 0f9be0cc00d14f308e74bfc2658eb18d 0f9be0cc00d14f308e74bfc2658eb18d] 199.19.213.161 "GET /resource_providers/262e5d31-96bb-4f9b-87dc-36b63c14ee38/allocations" status: 200 len: 338 microversion: 1.0 [pid: 8|app: 0|req: 151/301] 199.19.213.161 () {32 vars in 856 bytes} [Thu Apr 23 17:36:02 2026] GET /resource_providers/262e5d31-96bb-4f9b-87dc-36b63c14ee38/allocations => generated 338 bytes in 20 msecs (HTTP/1.1 200) 6 headers in 224 bytes (1 switches on core 0)
2026-04-23 17:36:02.244 7 INFO placement.requestlog [req-d5e66fd9-a33a-497a-8fda-6ecde1deb8d0 req-00f59756-412d-41e8-9923-02873a11987a af10b4a3beea46fc941b30e0f67035db 4361dafa01e042a6a5f123c6da75a053 - - 0f9be0cc00d14f308e74bfc2658eb18d 0f9be0cc00d14f308e74bfc2658eb18d] 199.19.213.161 "GET /allocations/99a36d16-421f-4246-8897-e055790bdf6e" status: 200 len: 257 microversion: 1.28 [pid: 7|app: 0|req: 151/302] 199.19.213.161 () {34 vars in 862 bytes} [Thu Apr 23 17:36:02 2026] GET /allocations/99a36d16-421f-4246-8897-e055790bdf6e => generated 257 bytes in 16 msecs (HTTP/1.1 200) 8 headers in 296 bytes (1 switches on core 0)
2026-04-23 17:36:02.275 8 INFO placement.requestlog [req-d5e66fd9-a33a-497a-8fda-6ecde1deb8d0 req-260d2b4f-9196-4673-80a8-eec57e7f24db af10b4a3beea46fc941b30e0f67035db 4361dafa01e042a6a5f123c6da75a053 - - 0f9be0cc00d14f308e74bfc2658eb18d 0f9be0cc00d14f308e74bfc2658eb18d] 199.19.213.161 "GET /allocations/aae9c16e-9bf3-48d5-869e-2c1cc043b924" status: 200 len: 257 microversion: 1.28 [pid: 8|app: 0|req: 152/303] 199.19.213.161 () {34 vars in 862 bytes} [Thu Apr 23 17:36:02 2026] GET /allocations/aae9c16e-9bf3-48d5-869e-2c1cc043b924 => generated 257 bytes in 21 msecs (HTTP/1.1 200) 8 headers in 296 bytes (1 switches on core 0)
2026-04-23 17:36:02.309 7 INFO placement.requestlog [req-d5e66fd9-a33a-497a-8fda-6ecde1deb8d0 req-012cec37-12b1-43da-9946-ee24d171e0b0 af10b4a3beea46fc941b30e0f67035db 4361dafa01e042a6a5f123c6da75a053 - - 0f9be0cc00d14f308e74bfc2658eb18d 0f9be0cc00d14f308e74bfc2658eb18d] 199.19.213.161 "GET /allocations/f3e8f2a2-b9a5-42c9-9f0e-65ec1ecc8754" status: 200 len: 243 microversion: 1.28 [pid: 7|app: 0|req: 152/304] 199.19.213.161 () {34 vars in 862 bytes} [Thu Apr 23 17:36:02 2026] GET /allocations/f3e8f2a2-b9a5-42c9-9f0e-65ec1ecc8754 => generated 243 bytes in 27 msecs (HTTP/1.1 200) 8 headers in 296 bytes (1 switches on core 0)
2026-04-23 17:36:03.375 8 INFO placement.requestlog [req-d5e66fd9-a33a-497a-8fda-6ecde1deb8d0 req-28cb826c-c5e6-412f-849b-c2de07da1987 af10b4a3beea46fc941b30e0f67035db 4361dafa01e042a6a5f123c6da75a053 - - 0f9be0cc00d14f308e74bfc2658eb18d 0f9be0cc00d14f308e74bfc2658eb18d] 199.19.213.161 "DELETE /allocations/aae9c16e-9bf3-48d5-869e-2c1cc043b924" status: 204 len: 0 microversion: 1.0 [pid: 8|app: 0|req: 153/305] 199.19.213.161 () {34 vars in 840 bytes} [Thu Apr 23 17:36:03 2026] DELETE /allocations/aae9c16e-9bf3-48d5-869e-2c1cc043b924 => generated 0 bytes in 41 msecs (HTTP/1.1 204) 5 headers in 198 bytes (1 switches on core 0)
2026-04-23 17:36:08.091 7 INFO placement.requestlog [None req-7c977513-a40e-4b1b-aaeb-abdeb7a30842 19bababb1e89419ea8a663d13e9e740a 4361dafa01e042a6a5f123c6da75a053 - - 0f9be0cc00d14f308e74bfc2658eb18d 0f9be0cc00d14f308e74bfc2658eb18d] 10.0.0.56 "GET /resource_providers/987397a7-029f-4058-8e34-501909207c43/aggregates" status: 404 len: 235 microversion: 1.1
2026-04-23 17:36:08.091 8 INFO placement.requestlog [None req-9fcd1b4f-beb5-4324-9da4-9bc50107372d 19bababb1e89419ea8a663d13e9e740a 4361dafa01e042a6a5f123c6da75a053 - - 0f9be0cc00d14f308e74bfc2658eb18d 0f9be0cc00d14f308e74bfc2658eb18d] 10.0.0.56 "GET /resource_providers/987397a7-029f-4058-8e34-501909207c43/aggregates" status: 404 len: 235 microversion: 1.1 [pid: 8|app: 0|req: 154/306] 10.0.0.56 () {32 vars in 814 bytes} [Thu Apr 23 17:36:08 2026] GET /resource_providers/987397a7-029f-4058-8e34-501909207c43/aggregates => generated 235 bytes in 9 msecs (HTTP/1.1 404) 5 headers in 202 bytes (1 switches on core 0) [pid: 7|app: 0|req: 153/307] 10.0.0.56 () {32 vars in 814 bytes} [Thu Apr 23 17:36:08 2026] GET /resource_providers/987397a7-029f-4058-8e34-501909207c43/aggregates => generated 235 bytes in 10 msecs (HTTP/1.1 404) 5 headers in 202 bytes (1 switches on core 0)
2026-04-23 17:36:08.108 8 INFO placement.requestlog [None req-42efbd3e-f24c-4e40-b834-878076348353 19bababb1e89419ea8a663d13e9e740a 4361dafa01e042a6a5f123c6da75a053 - - 0f9be0cc00d14f308e74bfc2658eb18d 0f9be0cc00d14f308e74bfc2658eb18d] 10.0.0.56 "DELETE /resource_providers/987397a7-029f-4058-8e34-501909207c43" status: 404 len: 246 microversion: 1.1 [pid: 8|app: 0|req: 155/308] 10.0.0.56 () {34 vars in 814 bytes} [Thu Apr 23 17:36:08 2026] DELETE /resource_providers/987397a7-029f-4058-8e34-501909207c43 => generated 246 bytes in 7 msecs (HTTP/1.1 404) 6 headers in 231 bytes (1 switches on core 0)
2026-04-23 17:36:08.112 7 INFO placement.requestlog [None req-79fa82af-379c-47ff-a042-57ed0da9afba 19bababb1e89419ea8a663d13e9e740a 4361dafa01e042a6a5f123c6da75a053 - - 0f9be0cc00d14f308e74bfc2658eb18d 0f9be0cc00d14f308e74bfc2658eb18d] 10.0.0.56 "DELETE /resource_providers/987397a7-029f-4058-8e34-501909207c43" status: 404 len: 246 microversion: 1.1 [pid: 7|app: 0|req: 154/309] 10.0.0.56 () {34 vars in 814 bytes} [Thu Apr 23 17:36:08 2026] DELETE /resource_providers/987397a7-029f-4058-8e34-501909207c43 => generated 246 bytes in 8 msecs (HTTP/1.1 404) 6 headers in 231 bytes (1 switches on core 0)
2026-04-23 17:36:09.383 7 INFO placement.requestlog [None req-7815fd1b-c6b3-4237-a39e-15be557139db 19bababb1e89419ea8a663d13e9e740a 4361dafa01e042a6a5f123c6da75a053 - - 0f9be0cc00d14f308e74bfc2658eb18d 0f9be0cc00d14f308e74bfc2658eb18d] 10.0.0.56 "GET /resource_providers/103c314b-3961-4853-ae20-2731aa45f84d/aggregates" status: 404 len: 235 microversion: 1.1 [pid: 7|app: 0|req: 155/310] 10.0.0.56 () {32 vars in 814 bytes} [Thu Apr 23 17:36:09 2026] GET /resource_providers/103c314b-3961-4853-ae20-2731aa45f84d/aggregates => generated 235 bytes in 8 msecs (HTTP/1.1 404) 5 headers in 202 bytes (1 switches on core 0)
2026-04-23 17:36:09.388 8 INFO placement.requestlog [None req-b22d1110-3ff7-4e27-a474-5e68a7524add 19bababb1e89419ea8a663d13e9e740a 4361dafa01e042a6a5f123c6da75a053 - - 0f9be0cc00d14f308e74bfc2658eb18d 0f9be0cc00d14f308e74bfc2658eb18d] 10.0.0.56 "GET /resource_providers/103c314b-3961-4853-ae20-2731aa45f84d/aggregates" status: 404 len: 235 microversion: 1.1 [pid: 8|app: 0|req: 156/311] 10.0.0.56 () {32 vars in 814 bytes} [Thu Apr 23 17:36:09 2026] GET /resource_providers/103c314b-3961-4853-ae20-2731aa45f84d/aggregates => generated 235 bytes in 13 msecs (HTTP/1.1 404) 5 headers in 202 bytes (1 switches on core 0)
2026-04-23 17:36:09.405 7 INFO placement.requestlog [None req-03d98e39-09ce-4330-a7bc-6057d94e5587 19bababb1e89419ea8a663d13e9e740a 4361dafa01e042a6a5f123c6da75a053 - - 0f9be0cc00d14f308e74bfc2658eb18d 0f9be0cc00d14f308e74bfc2658eb18d] 10.0.0.56 "DELETE /resource_providers/103c314b-3961-4853-ae20-2731aa45f84d" status: 404 len: 246 microversion: 1.1 [pid: 7|app: 0|req: 156/312] 10.0.0.56 () {34 vars in 814 bytes} [Thu Apr 23 17:36:09 2026] DELETE /resource_providers/103c314b-3961-4853-ae20-2731aa45f84d => generated 246 bytes in 9 msecs (HTTP/1.1 404) 6 headers in 231 bytes (1 switches on core 0)
2026-04-23 17:36:09.409 8 INFO placement.requestlog [None req-fbdeb1e8-0cf5-46de-911d-e34aed875c73 19bababb1e89419ea8a663d13e9e740a 4361dafa01e042a6a5f123c6da75a053 - - 0f9be0cc00d14f308e74bfc2658eb18d 0f9be0cc00d14f308e74bfc2658eb18d] 10.0.0.56 "DELETE /resource_providers/103c314b-3961-4853-ae20-2731aa45f84d" status: 404 len: 246 microversion: 1.1 [pid: 8|app: 0|req: 157/313] 10.0.0.56 () {34 vars in 814 bytes} [Thu Apr 23 17:36:09 2026] DELETE /resource_providers/103c314b-3961-4853-ae20-2731aa45f84d => generated 246 bytes in 12 msecs (HTTP/1.1 404) 6 headers in 231 bytes (1 switches on core 0)
2026-04-23 17:36:09.823 7 INFO placement.requestlog [req-54a94340-8a23-4949-9e85-5615b355b1f3 req-ef73b9f2-69bb-4af4-8b3f-13b597921c1e af10b4a3beea46fc941b30e0f67035db 4361dafa01e042a6a5f123c6da75a053 - - 0f9be0cc00d14f308e74bfc2658eb18d 0f9be0cc00d14f308e74bfc2658eb18d] 199.19.213.161 "GET /resource_providers/262e5d31-96bb-4f9b-87dc-36b63c14ee38/allocations" status: 200 len: 238 microversion: 1.0 [pid: 7|app: 0|req: 157/314] 199.19.213.161 () {32 vars in 856 bytes} [Thu Apr 23 17:36:09 2026] GET /resource_providers/262e5d31-96bb-4f9b-87dc-36b63c14ee38/allocations => generated 238 bytes in 16 msecs (HTTP/1.1 200) 6 headers in 224 bytes (1 switches on core 0)
2026-04-23 17:36:09.845 8 INFO placement.requestlog [req-54a94340-8a23-4949-9e85-5615b355b1f3 req-becfccd5-bc89-47f9-9ead-62cef38043e0 af10b4a3beea46fc941b30e0f67035db 4361dafa01e042a6a5f123c6da75a053 - - 0f9be0cc00d14f308e74bfc2658eb18d 0f9be0cc00d14f308e74bfc2658eb18d] 199.19.213.161 "GET /resource_providers/262e5d31-96bb-4f9b-87dc-36b63c14ee38/allocations" status: 200 len: 238 microversion: 1.0 [pid: 8|app: 0|req: 158/315] 199.19.213.161 () {32 vars in 856 bytes} [Thu Apr 23 17:36:09 2026] GET /resource_providers/262e5d31-96bb-4f9b-87dc-36b63c14ee38/allocations => generated 238 bytes in 17 msecs (HTTP/1.1 200) 6 headers in 224 bytes (1 switches on core 0)
2026-04-23 17:36:09.865 7 INFO placement.requestlog [req-54a94340-8a23-4949-9e85-5615b355b1f3 req-cd224e54-e52e-474d-96e4-f72e0bf127cf af10b4a3beea46fc941b30e0f67035db 4361dafa01e042a6a5f123c6da75a053 - - 0f9be0cc00d14f308e74bfc2658eb18d 0f9be0cc00d14f308e74bfc2658eb18d] 199.19.213.161 "GET /allocations/99a36d16-421f-4246-8897-e055790bdf6e" status: 200 len: 257 microversion: 1.28 [pid: 7|app: 0|req: 158/316] 199.19.213.161 () {34 vars in 862 bytes} [Thu Apr 23 17:36:09 2026] GET /allocations/99a36d16-421f-4246-8897-e055790bdf6e => generated 257 bytes in 12 msecs (HTTP/1.1 200) 8 headers in 296 bytes (1 switches on core 0)
2026-04-23 17:36:09.889 8 INFO placement.requestlog [req-54a94340-8a23-4949-9e85-5615b355b1f3 req-2c589c68-6102-4521-b4ab-ce5a6e09b8df af10b4a3beea46fc941b30e0f67035db 4361dafa01e042a6a5f123c6da75a053 - - 0f9be0cc00d14f308e74bfc2658eb18d 0f9be0cc00d14f308e74bfc2658eb18d] 199.19.213.161 "GET /allocations/f3e8f2a2-b9a5-42c9-9f0e-65ec1ecc8754" status: 200 len: 243 microversion: 1.28 [pid: 8|app: 0|req: 159/317] 199.19.213.161 () {34 vars in 862 bytes} [Thu Apr 23 17:36:09 2026] GET /allocations/f3e8f2a2-b9a5-42c9-9f0e-65ec1ecc8754 => generated 243 bytes in 14 msecs (HTTP/1.1 200) 8 headers in 296 bytes (1 switches on core 0)
2026-04-23 17:36:10.130 7 INFO placement.requestlog [None req-56df3ff3-d859-47b9-9aaf-8f5fb71a70dd 19bababb1e89419ea8a663d13e9e740a 4361dafa01e042a6a5f123c6da75a053 - - 0f9be0cc00d14f308e74bfc2658eb18d 0f9be0cc00d14f308e74bfc2658eb18d] 10.0.0.56 "GET /resource_providers/c9c775ce-a4b9-4960-9c3b-13b3f7b6ec21/aggregates" status: 404 len: 235 microversion: 1.1 [pid: 7|app: 0|req: 159/318] 10.0.0.56 () {32 vars in 814 bytes} [Thu Apr 23 17:36:10 2026] GET /resource_providers/c9c775ce-a4b9-4960-9c3b-13b3f7b6ec21/aggregates => generated 235 bytes in 11 msecs (HTTP/1.1 404) 5 headers in 202 bytes (1 switches on core 0)
