2026-04-23 17:37:28.103 6 INFO neutron_taas.services.taas.taas_plugin [None req-f721d416-22b1-4e47-a110-12303d6d1a53 a4305e5ca2454be1b65fab13b63ab32c 8017e1eeae5244009d6e28b6aa4c8dec - - default default] TaaS: Handle Delete Port: bcd8f8ea-e45b-4908-b93a-3f051dec964e
2026-04-23 17:37:28.106 6 INFO neutron_taas.services.taas.tap_mirror_plugin [None req-f721d416-22b1-4e47-a110-12303d6d1a53 a4305e5ca2454be1b65fab13b63ab32c 8017e1eeae5244009d6e28b6aa4c8dec - - default default] Tap Mirror: Handle Delete Port: bcd8f8ea-e45b-4908-b93a-3f051dec964e [pid: 7|app: 0|req: 620/1192] 10.0.0.190 () {32 vars in 726 bytes} [Thu Apr 23 17:37:27 2026] DELETE /v2.0/networks/9f247d5e-0110-4f2a-be1d-c1cb00aaf04b => generated 0 bytes in 545 msecs (HTTP/1.1 204) 3 headers in 131 bytes (1 switches on core 0)
2026-04-23 17:37:28.246 7 INFO neutron.api.v2.resource [None req-377d1466-e3d8-4b21-8ef9-82da38b264e5 a40e32386f904eddae32418102a46908 0b138b51cdd148b4b7e6a20c0dd7329c - - default default] show failed (client error): The resource could not be found. [pid: 7|app: 0|req: 621/1193] 10.0.0.190 () {32 vars in 729 bytes} [Thu Apr 23 17:37:28 2026] GET /v2.0/subnetpools/09ec96af-adbd-4795-bad1-467799d540a9 => generated 145 bytes in 8 msecs (HTTP/1.1 404) 4 headers in 164 bytes (1 switches on core 0)
2026-04-23 17:37:28.354 7 INFO neutron.db.segments_db [None req-18eb990a-faf3-4085-80c1-9398bb98c8e8 60a65bacb4f14887b0b762e1a487565c cf7fa78f619c44deb6d4d88babb914b0 - - default default] Added segment 99f5355b-9db1-4987-9d85-2bd4c6792b4b of type geneve for network eee08000-dee2-4848-8a36-d2794bb6b7c4 [pid: 6|app: 0|req: 573/1194] 10.0.0.190 () {32 vars in 726 bytes} [Thu Apr 23 17:37:27 2026] DELETE /v2.0/networks/79717134-12ec-4bc3-99d7-4c47ab3d3291 => generated 0 bytes in 418 msecs (HTTP/1.1 204) 3 headers in 131 bytes (1 switches on core 0)
2026-04-23 17:37:28.396 6 INFO neutron.api.v2.resource [None req-78df83f4-2043-4c98-a97f-843bf0cfc1bc a40e32386f904eddae32418102a46908 0b138b51cdd148b4b7e6a20c0dd7329c - - default default] delete failed (client error): The resource could not be found. [pid: 6|app: 0|req: 574/1195] 10.0.0.190 () {32 vars in 732 bytes} [Thu Apr 23 17:37:28 2026] DELETE /v2.0/subnetpools/09ec96af-adbd-4795-bad1-467799d540a9 => generated 145 bytes in 15 msecs (HTTP/1.1 404) 4 headers in 164 bytes (1 switches on core 0)
2026-04-23 17:37:28.454 7 INFO neutron.db.ovn_revision_numbers_db [None req-18eb990a-faf3-4085-80c1-9398bb98c8e8 60a65bacb4f14887b0b762e1a487565c cf7fa78f619c44deb6d4d88babb914b0 - - default default] Successfully bumped revision number for resource eee08000-dee2-4848-8a36-d2794bb6b7c4 (type: networks) to 1 [pid: 6|app: 0|req: 575/1196] 10.0.0.110 () {34 vars in 990 bytes} [Thu Apr 23 17:37:28 2026] GET /v2.0/ports?device_id=b9ceab13-06c8-4bc2-bf07-22dab81d9571 => generated 975 bytes in 59 msecs (HTTP/1.1 200) 4 headers in 157 bytes (1 switches on core 0) [pid: 6|app: 0|req: 576/1197] 10.0.0.110 () {34 vars in 1040 bytes} [Thu Apr 23 17:37:28 2026] GET /v2.0/security-groups?id=97915ad6-cca5-4cc7-8af8-58caa61ae4ee&fields=id&fields=name => generated 114 bytes in 38 msecs (HTTP/1.1 200) 4 headers in 157 bytes (1 switches on core 0)
2026-04-23 17:37:28.641 7 WARNING neutron.scheduler.dhcp_agent_scheduler [None req-18eb990a-faf3-4085-80c1-9398bb98c8e8 60a65bacb4f14887b0b762e1a487565c cf7fa78f619c44deb6d4d88babb914b0 - - default default] No more DHCP agents
2026-04-23 17:37:28.642 7 WARNING neutron.api.rpc.agentnotifiers.dhcp_rpc_agent_api [None req-18eb990a-faf3-4085-80c1-9398bb98c8e8 60a65bacb4f14887b0b762e1a487565c cf7fa78f619c44deb6d4d88babb914b0 - - default default] Unable to schedule network eee08000-dee2-4848-8a36-d2794bb6b7c4: no agents available; will retry on subsequent port and subnet creation events.
2026-04-23 17:37:28.738 6 INFO neutron.plugins.ml2.drivers.ovn.mech_driver.mech_driver [None req-190e0f41-02ea-420e-b561-98109e4220ef - - - - - -] OVN reports status down for port: c2efc36e-7148-4e2d-8466-a023b01ead27
2026-04-23 17:37:28.772 7 INFO neutron.db.ovn_revision_numbers_db [None req-18eb990a-faf3-4085-80c1-9398bb98c8e8 60a65bacb4f14887b0b762e1a487565c cf7fa78f619c44deb6d4d88babb914b0 - - default default] Successfully bumped revision number for resource c2efc36e-7148-4e2d-8466-a023b01ead27 (type: ports) to 1 [pid: 7|app: 0|req: 622/1198] 10.0.0.190 () {34 vars in 670 bytes} [Thu Apr 23 17:37:28 2026] POST /v2.0/networks => generated 748 bytes in 547 msecs (HTTP/1.1 201) 4 headers in 162 bytes (1 switches on core 0)
2026-04-23 17:37:28.840 7 INFO neutron.services.segments.plugin [-] Segment d0d2d82e-7f20-4946-86ba-a0cf967aaee1 resource provider aggregate not found
2026-04-23 17:37:28.878 7 INFO neutron.services.segments.plugin [-] Segment d0d2d82e-7f20-4946-86ba-a0cf967aaee1 resource provider not found; error: Placement Client Error (4xx): {"errors": [{"status": 404, "title": "Not Found", "detail": "The resource could not be found.\n\n No resource provider with uuid d0d2d82e-7f20-4946-86ba-a0cf967aaee1 found for delete ", "request_id": "req-ee7c9fe4-3a3d-47a3-8f3e-a79f6ab04c65"}]}
2026-04-23 17:37:28.893 7 INFO neutron.services.segments.plugin [-] Segment d0d2d82e-7f20-4946-86ba-a0cf967aaee1 resource provider aggregate not found
2026-04-23 17:37:28.912 7 INFO neutron.services.segments.plugin [-] Segment d0d2d82e-7f20-4946-86ba-a0cf967aaee1 resource provider not found; error: Placement Client Error (4xx): {"errors": [{"status": 404, "title": "Not Found", "detail": "The resource could not be found.\n\n No resource provider with uuid d0d2d82e-7f20-4946-86ba-a0cf967aaee1 found for delete ", "request_id": "req-08ff9d37-1b08-4083-ae3f-08b9e24e7b85"}]}
2026-04-23 17:37:29.006 6 WARNING neutron.scheduler.dhcp_agent_scheduler [None req-3c88ed3c-c2db-4d80-8727-afad0c282327 60a65bacb4f14887b0b762e1a487565c cf7fa78f619c44deb6d4d88babb914b0 - - default default] No more DHCP agents
2026-04-23 17:37:29.007 6 WARNING neutron.api.rpc.agentnotifiers.dhcp_rpc_agent_api [None req-3c88ed3c-c2db-4d80-8727-afad0c282327 60a65bacb4f14887b0b762e1a487565c cf7fa78f619c44deb6d4d88babb914b0 - - default default] Unable to schedule network eee08000-dee2-4848-8a36-d2794bb6b7c4: no agents available; will retry on subsequent port and subnet creation events. [pid: 7|app: 0|req: 623/1199] 10.0.0.190 () {32 vars in 774 bytes} [Thu Apr 23 17:37:28 2026] GET /v2.0/security-groups?tenant_id=8017e1eeae5244009d6e28b6aa4c8dec&name=default => generated 2925 bytes in 199 msecs (HTTP/1.1 200) 4 headers in 158 bytes (1 switches on core 0)
2026-04-23 17:37:29.232 6 INFO neutron.services.segments.plugin [-] Segment a1e10c83-d129-4090-97ea-67bd0143affc resource provider aggregate not found
2026-04-23 17:37:29.239 6 INFO neutron.services.segments.plugin [-] Segment a1e10c83-d129-4090-97ea-67bd0143affc resource provider aggregate not found
2026-04-23 17:37:29.251 6 INFO neutron.services.segments.plugin [-] Segment a1e10c83-d129-4090-97ea-67bd0143affc resource provider not found; error: Placement Client Error (4xx): {"errors": [{"status": 404, "title": "Not Found", "detail": "The resource could not be found.\n\n No resource provider with uuid a1e10c83-d129-4090-97ea-67bd0143affc found for delete ", "request_id": "req-41aeda5d-b98d-4de6-9cfa-84a69e236e4c"}]}
2026-04-23 17:37:29.258 6 INFO neutron.services.segments.plugin [-] Segment a1e10c83-d129-4090-97ea-67bd0143affc resource provider not found; error: Placement Client Error (4xx): {"errors": [{"status": 404, "title": "Not Found", "detail": "The resource could not be found.\n\n No resource provider with uuid a1e10c83-d129-4090-97ea-67bd0143affc found for delete ", "request_id": "req-59cd595e-9f99-4965-a827-2ab899a1167d"}]}
2026-04-23 17:37:29.261 6 INFO neutron.services.segments.plugin [-] Segment 40435974-9990-4146-9cdf-619977623b45 resource provider aggregate not found
2026-04-23 17:37:29.279 6 INFO neutron.services.segments.plugin [-] Segment 40435974-9990-4146-9cdf-619977623b45 resource provider aggregate not found
2026-04-23 17:37:29.282 6 INFO neutron.services.segments.plugin [-] Segment 40435974-9990-4146-9cdf-619977623b45 resource provider not found; error: Placement Client Error (4xx): {"errors": [{"status": 404, "title": "Not Found", "detail": "The resource could not be found.\n\n No resource provider with uuid 40435974-9990-4146-9cdf-619977623b45 found for delete ", "request_id": "req-8dc35fc0-48a1-4e8e-a390-48dbc897ab77"}]}
2026-04-23 17:37:29.295 6 INFO neutron.services.segments.plugin [-] Segment 40435974-9990-4146-9cdf-619977623b45 resource provider not found; error: Placement Client Error (4xx): {"errors": [{"status": 404, "title": "Not Found", "detail": "The resource could not be found.\n\n No resource provider with uuid 40435974-9990-4146-9cdf-619977623b45 found for delete ", "request_id": "req-1fa4beca-47d7-4012-812b-fc89c597d891"}]}
2026-04-23 17:37:29.348 7 INFO neutron.db.ovn_revision_numbers_db [None req-7af82946-25b7-4f3d-acc3-2872007747aa 86dbc41af04c4023b00809ba6981e623 5377227ebb74401d95b49db24fe12186 - - default default] Successfully bumped revision number for resource daaf3b90-9e24-4e9b-8a04-2866c024fb75 (type: security_groups) to 1
2026-04-23 17:37:29.359 7 INFO neutron.db.ovn_revision_numbers_db [None req-7af82946-25b7-4f3d-acc3-2872007747aa 86dbc41af04c4023b00809ba6981e623 5377227ebb74401d95b49db24fe12186 - - default default] Successfully bumped revision number for resource 010794e8-d68e-4bd3-9fff-a07473f12863 (type: security_group_rules) to 0
2026-04-23 17:37:29.371 7 INFO neutron.db.ovn_revision_numbers_db [None req-7af82946-25b7-4f3d-acc3-2872007747aa 86dbc41af04c4023b00809ba6981e623 5377227ebb74401d95b49db24fe12186 - - default default] Successfully bumped revision number for resource 15dab652-3389-4771-b156-874badefbf45 (type: security_group_rules) to 0
2026-04-23 17:37:29.383 7 INFO neutron.db.ovn_revision_numbers_db [None req-7af82946-25b7-4f3d-acc3-2872007747aa 86dbc41af04c4023b00809ba6981e623 5377227ebb74401d95b49db24fe12186 - - default default] Successfully bumped revision number for resource 361d0673-ffeb-4079-abc6-ec1bb929ee4a (type: security_group_rules) to 0
2026-04-23 17:37:29.394 7 INFO neutron.db.ovn_revision_numbers_db [None req-7af82946-25b7-4f3d-acc3-2872007747aa 86dbc41af04c4023b00809ba6981e623 5377227ebb74401d95b49db24fe12186 - - default default] Successfully bumped revision number for resource 75c424a9-0e6c-420a-9e8e-9d6b439f4382 (type: security_group_rules) to 0 [pid: 7|app: 0|req: 624/1200] 10.0.0.190 () {32 vars in 774 bytes} [Thu Apr 23 17:37:29 2026] GET /v2.0/security-groups?tenant_id=0b138b51cdd148b4b7e6a20c0dd7329c&name=default => generated 2925 bytes in 277 msecs (HTTP/1.1 200) 4 headers in 158 bytes (1 switches on core 0)
2026-04-23 17:37:29.514 6 INFO neutron.db.ovn_revision_numbers_db [None req-fb8a88d6-a79f-4673-815c-fd6f848d8d9a - - - - - -] Successfully bumped revision number for resource c2efc36e-7148-4e2d-8466-a023b01ead27 (type: ports) to 2
2026-04-23 17:37:29.549 6 INFO neutron.db.ovn_revision_numbers_db [None req-fb8a88d6-a79f-4673-815c-fd6f848d8d9a - - - - - -] Successfully bumped revision number for resource 05a13a69-0252-4b44-b9c2-02d9a1a258f4 (type: subnets) to 0 [pid: 6|app: 0|req: 577/1201] 10.0.0.190 () {34 vars in 669 bytes} [Thu Apr 23 17:37:28 2026] POST /v2.0/subnets => generated 647 bytes in 788 msecs (HTTP/1.1 201) 4 headers in 162 bytes (1 switches on core 0) [pid: 7|app: 0|req: 625/1202] 10.0.0.190 () {32 vars in 740 bytes} [Thu Apr 23 17:37:29 2026] DELETE /v2.0/security-groups/0673ebea-414b-4780-8b2d-60cf01c40f15 => generated 0 bytes in 295 msecs (HTTP/1.1 204) 2 headers in 112 bytes (1 switches on core 0)
2026-04-23 17:37:29.743 7 WARNING neutron.api.v2.base [None req-5e97e7ad-267d-4dbb-b876-8d39c540ae6d 60a65bacb4f14887b0b762e1a487565c cf7fa78f619c44deb6d4d88babb914b0 - - default default] An exception happened while processing the request body. The exception message is [Invalid input for target_tenant. Reason: '1234123412341234123412341234123412341234123412341234123412341234123412341234123412341234123412341234123412341234123412341234123412341234123412341234123412341234123412341234123412341234123412341234123412341234123412341234123412341234123412341234123412341234123412341234123412341234123412341234123412341234123412341234123412341234123412341234123412341234123412341234123412341234123412341234123412341234' exceeds maximum length of 255.].: webob.exc.HTTPBadRequest: Invalid input for target_tenant. Reason: '1234123412341234123412341234123412341234123412341234123412341234123412341234123412341234123412341234123412341234123412341234123412341234123412341234123412341234123412341234123412341234123412341234123412341234123412341234123412341234123412341234123412341234123412341234123412341234123412341234123412341234123412341234123412341234123412341234123412341234123412341234123412341234123412341234123412341234' exceeds maximum length of 255.
2026-04-23 17:37:29.743 7 INFO neutron.api.v2.resource [None req-5e97e7ad-267d-4dbb-b876-8d39c540ae6d 60a65bacb4f14887b0b762e1a487565c cf7fa78f619c44deb6d4d88babb914b0 - - default default] create failed (client error): Invalid input for target_tenant. Reason: '1234123412341234123412341234123412341234123412341234123412341234123412341234123412341234123412341234123412341234123412341234123412341234123412341234123412341234123412341234123412341234123412341234123412341234123412341234123412341234123412341234123412341234123412341234123412341234123412341234123412341234123412341234123412341234123412341234123412341234123412341234123412341234123412341234123412341234' exceeds maximum length of 255. [pid: 7|app: 0|req: 626/1203] 10.0.0.190 () {34 vars in 681 bytes} [Thu Apr 23 17:37:29 2026] POST /v2.0/rbac-policies => generated 547 bytes in 5 msecs (HTTP/1.1 400) 4 headers in 166 bytes (1 switches on core 0) [pid: 6|app: 0|req: 578/1204] 10.0.0.190 () {32 vars in 740 bytes} [Thu Apr 23 17:37:29 2026] DELETE /v2.0/security-groups/daaf3b90-9e24-4e9b-8a04-2866c024fb75 => generated 0 bytes in 242 msecs (HTTP/1.1 204) 2 headers in 112 bytes (1 switches on core 0)
2026-04-23 17:37:29.917 7 INFO neutron_taas.services.taas.taas_plugin [None req-90a6837a-6941-4b8b-b35e-c041f92ba060 60a65bacb4f14887b0b762e1a487565c cf7fa78f619c44deb6d4d88babb914b0 - - default default] TaaS: Handle Delete Port: c2efc36e-7148-4e2d-8466-a023b01ead27
2026-04-23 17:37:29.920 7 INFO neutron_taas.services.taas.tap_mirror_plugin [None req-90a6837a-6941-4b8b-b35e-c041f92ba060 60a65bacb4f14887b0b762e1a487565c cf7fa78f619c44deb6d4d88babb914b0 - - default default] Tap Mirror: Handle Delete Port: c2efc36e-7148-4e2d-8466-a023b01ead27 [pid: 7|app: 0|req: 627/1205] 10.0.0.190 () {32 vars in 726 bytes} [Thu Apr 23 17:37:29 2026] DELETE /v2.0/networks/eee08000-dee2-4848-8a36-d2794bb6b7c4 => generated 0 bytes in 539 msecs (HTTP/1.1 204) 3 headers in 131 bytes (1 switches on core 0)
2026-04-23 17:37:30.384 6 INFO neutron.db.segments_db [None req-ab12bd48-7eea-4578-b0b4-e684e8833350 60a65bacb4f14887b0b762e1a487565c cf7fa78f619c44deb6d4d88babb914b0 - - default default] Added segment ef0b04fd-495c-4405-b56a-2836e32421d4 of type geneve for network 76d923aa-51f9-44a8-bca5-f15ade6bb836
2026-04-23 17:37:30.486 6 INFO neutron.db.ovn_revision_numbers_db [None req-ab12bd48-7eea-4578-b0b4-e684e8833350 60a65bacb4f14887b0b762e1a487565c cf7fa78f619c44deb6d4d88babb914b0 - - default default] Successfully bumped revision number for resource 76d923aa-51f9-44a8-bca5-f15ade6bb836 (type: networks) to 1
2026-04-23 17:37:30.632 6 WARNING neutron.scheduler.dhcp_agent_scheduler [None req-ab12bd48-7eea-4578-b0b4-e684e8833350 60a65bacb4f14887b0b762e1a487565c cf7fa78f619c44deb6d4d88babb914b0 - - default default] No more DHCP agents
2026-04-23 17:37:30.634 6 WARNING neutron.api.rpc.agentnotifiers.dhcp_rpc_agent_api [None req-ab12bd48-7eea-4578-b0b4-e684e8833350 60a65bacb4f14887b0b762e1a487565c cf7fa78f619c44deb6d4d88babb914b0 - - default default] Unable to schedule network 76d923aa-51f9-44a8-bca5-f15ade6bb836: no agents available; will retry on subsequent port and subnet creation events.
2026-04-23 17:37:30.686 7 INFO neutron.plugins.ml2.drivers.ovn.mech_driver.mech_driver [None req-6d7cce3f-67de-43c1-939c-5077a5d1ac20 - - - - - -] OVN reports status down for port: 8525d152-888b-4f72-b3b5-7fff1bbd2c5e
2026-04-23 17:37:30.706 6 INFO neutron.db.ovn_revision_numbers_db [None req-ab12bd48-7eea-4578-b0b4-e684e8833350 60a65bacb4f14887b0b762e1a487565c cf7fa78f619c44deb6d4d88babb914b0 - - default default] Successfully bumped revision number for resource 8525d152-888b-4f72-b3b5-7fff1bbd2c5e (type: ports) to 1 [pid: 6|app: 0|req: 579/1206] 10.0.0.190 () {34 vars in 670 bytes} [Thu Apr 23 17:37:30 2026] POST /v2.0/networks => generated 749 bytes in 437 msecs (HTTP/1.1 201) 4 headers in 162 bytes (1 switches on core 0)
2026-04-23 17:37:30.900 7 INFO neutron.services.segments.plugin [-] Segment 99f5355b-9db1-4987-9d85-2bd4c6792b4b resource provider aggregate not found
2026-04-23 17:37:30.924 7 INFO neutron.services.segments.plugin [-] Segment 99f5355b-9db1-4987-9d85-2bd4c6792b4b resource provider not found; error: Placement Client Error (4xx): {"errors": [{"status": 404, "title": "Not Found", "detail": "The resource could not be found.\n\n No resource provider with uuid 99f5355b-9db1-4987-9d85-2bd4c6792b4b found for delete ", "request_id": "req-376fa649-a1d6-45bc-8cff-776b8b2b67f8"}]}
2026-04-23 17:37:30.938 7 INFO neutron.services.segments.plugin [-] Segment 99f5355b-9db1-4987-9d85-2bd4c6792b4b resource provider aggregate not found
2026-04-23 17:37:30.946 7 WARNING neutron.scheduler.dhcp_agent_scheduler [None req-cfe93442-7a25-47fa-98c5-56fec733607f 60a65bacb4f14887b0b762e1a487565c cf7fa78f619c44deb6d4d88babb914b0 - - default default] No more DHCP agents
2026-04-23 17:37:30.947 7 WARNING neutron.api.rpc.agentnotifiers.dhcp_rpc_agent_api [None req-cfe93442-7a25-47fa-98c5-56fec733607f 60a65bacb4f14887b0b762e1a487565c cf7fa78f619c44deb6d4d88babb914b0 - - default default] Unable to schedule network 76d923aa-51f9-44a8-bca5-f15ade6bb836: no agents available; will retry on subsequent port and subnet creation events.
2026-04-23 17:37:30.950 7 INFO neutron.services.segments.plugin [-] Segment 99f5355b-9db1-4987-9d85-2bd4c6792b4b resource provider not found; error: Placement Client Error (4xx): {"errors": [{"status": 404, "title": "Not Found", "detail": "The resource could not be found.\n\n No resource provider with uuid 99f5355b-9db1-4987-9d85-2bd4c6792b4b found for delete ", "request_id": "req-8b9b23fb-960d-45c0-ac8e-b4837d82420e"}]}
2026-04-23 17:37:31.374 7 INFO neutron.db.ovn_revision_numbers_db [None req-9b12cc8f-e194-492a-ab79-b9c122e40499 - - - - - -] Successfully bumped revision number for resource 8525d152-888b-4f72-b3b5-7fff1bbd2c5e (type: ports) to 2
2026-04-23 17:37:31.409 7 INFO neutron.db.ovn_revision_numbers_db [None req-9b12cc8f-e194-492a-ab79-b9c122e40499 - - - - - -] Successfully bumped revision number for resource 242ea0ed-a156-49e8-bd95-ebeb6c57a14c (type: subnets) to 0 [pid: 7|app: 0|req: 628/1207] 10.0.0.190 () {34 vars in 669 bytes} [Thu Apr 23 17:37:30 2026] POST /v2.0/subnets => generated 647 bytes in 687 msecs (HTTP/1.1 201) 4 headers in 162 bytes (1 switches on core 0) [pid: 7|app: 0|req: 629/1208] 10.0.0.190 () {34 vars in 681 bytes} [Thu Apr 23 17:37:31 2026] POST /v2.0/rbac-policies => generated 324 bytes in 211 msecs (HTTP/1.1 201) 4 headers in 162 bytes (1 switches on core 0) [pid: 7|app: 0|req: 630/1209] 10.0.0.190 () {32 vars in 623 bytes} [Thu Apr 23 17:37:31 2026] GET / => generated 151 bytes in 1 msecs (HTTP/1.1 200) 3 headers in 91 bytes (1 switches on core 0) [pid: 7|app: 0|req: 631/1210] 10.0.0.190 () {32 vars in 633 bytes} [Thu Apr 23 17:37:31 2026] GET /v2.0/ => generated 632 bytes in 50 msecs (HTTP/1.1 200) 4 headers in 157 bytes (1 switches on core 0)
2026-04-23 17:37:31.720 6 INFO neutron.db.ovn_revision_numbers_db [None req-6eb13b77-3e92-44d1-87d5-ca3317d80848 9d32ac38f3074eef8a3dd745f9078efd 27d6e70e26e840d1bf358dcdf1b18aea - - default default] Successfully bumped revision number for resource 3c539e1b-ffc0-475d-be8e-20ef2a740cda (type: security_groups) to 1
2026-04-23 17:37:31.734 6 INFO neutron.db.ovn_revision_numbers_db [None req-6eb13b77-3e92-44d1-87d5-ca3317d80848 9d32ac38f3074eef8a3dd745f9078efd 27d6e70e26e840d1bf358dcdf1b18aea - - default default] Successfully bumped revision number for resource 03e059e5-c5ed-4416-90ec-ea1797ab3d57 (type: security_group_rules) to 0
2026-04-23 17:37:31.748 6 INFO neutron.db.ovn_revision_numbers_db [None req-6eb13b77-3e92-44d1-87d5-ca3317d80848 9d32ac38f3074eef8a3dd745f9078efd 27d6e70e26e840d1bf358dcdf1b18aea - - default default] Successfully bumped revision number for resource 22111fca-ea82-4210-9266-e37bb0b9acff (type: security_group_rules) to 0
2026-04-23 17:37:31.760 6 INFO neutron.db.ovn_revision_numbers_db [None req-6eb13b77-3e92-44d1-87d5-ca3317d80848 9d32ac38f3074eef8a3dd745f9078efd 27d6e70e26e840d1bf358dcdf1b18aea - - default default] Successfully bumped revision number for resource 502219bc-88a4-42f5-9c88-4703fc6be7a4 (type: security_group_rules) to 0
2026-04-23 17:37:31.772 6 INFO neutron.db.ovn_revision_numbers_db [None req-6eb13b77-3e92-44d1-87d5-ca3317d80848 9d32ac38f3074eef8a3dd745f9078efd 27d6e70e26e840d1bf358dcdf1b18aea - - default default] Successfully bumped revision number for resource ce49e857-4cb0-4a41-be9e-d427755614ef (type: security_group_rules) to 0
2026-04-23 17:37:31.862 6 INFO neutron.db.segments_db [None req-6eb13b77-3e92-44d1-87d5-ca3317d80848 9d32ac38f3074eef8a3dd745f9078efd 27d6e70e26e840d1bf358dcdf1b18aea - - default default] Added segment 790a7970-fd9e-4221-8664-0759a19088ca of type geneve for network 927566ed-1ae1-483d-a70e-a6aa16ccf4fd
2026-04-23 17:37:31.995 6 INFO neutron.db.ovn_revision_numbers_db [None req-6eb13b77-3e92-44d1-87d5-ca3317d80848 9d32ac38f3074eef8a3dd745f9078efd 27d6e70e26e840d1bf358dcdf1b18aea - - default default] Successfully bumped revision number for resource 927566ed-1ae1-483d-a70e-a6aa16ccf4fd (type: networks) to 1 [pid: 7|app: 0|req: 632/1211] 10.0.0.190 () {32 vars in 723 bytes} [Thu Apr 23 17:37:32 2026] GET /v2.0/networks/76d923aa-51f9-44a8-bca5-f15ade6bb836 => generated 693 bytes in 147 msecs (HTTP/1.1 200) 4 headers in 157 bytes (1 switches on core 0)
2026-04-23 17:37:32.171 6 WARNING neutron.scheduler.dhcp_agent_scheduler [None req-6eb13b77-3e92-44d1-87d5-ca3317d80848 9d32ac38f3074eef8a3dd745f9078efd 27d6e70e26e840d1bf358dcdf1b18aea - - default default] No more DHCP agents
2026-04-23 17:37:32.173 6 WARNING neutron.api.rpc.agentnotifiers.dhcp_rpc_agent_api [None req-6eb13b77-3e92-44d1-87d5-ca3317d80848 9d32ac38f3074eef8a3dd745f9078efd 27d6e70e26e840d1bf358dcdf1b18aea - - default default] Unable to schedule network 927566ed-1ae1-483d-a70e-a6aa16ccf4fd: no agents available; will retry on subsequent port and subnet creation events.
2026-04-23 17:37:32.224 7 INFO neutron.plugins.ml2.drivers.ovn.mech_driver.mech_driver [None req-6d7cce3f-67de-43c1-939c-5077a5d1ac20 - - - - - -] OVN reports status down for port: 7862b080-202c-4b85-a652-e7c9db1ae0cb
2026-04-23 17:37:32.260 6 INFO neutron.db.ovn_revision_numbers_db [None req-6eb13b77-3e92-44d1-87d5-ca3317d80848 9d32ac38f3074eef8a3dd745f9078efd 27d6e70e26e840d1bf358dcdf1b18aea - - default default] Successfully bumped revision number for resource 7862b080-202c-4b85-a652-e7c9db1ae0cb (type: ports) to 1 [pid: 6|app: 0|req: 580/1212] 10.0.0.190 () {34 vars in 670 bytes} [Thu Apr 23 17:37:31 2026] POST /v2.0/networks => generated 663 bytes in 866 msecs (HTTP/1.1 201) 4 headers in 162 bytes (1 switches on core 0)
2026-04-23 17:37:32.453 7 INFO neutron.db.ovn_revision_numbers_db [None req-29ae5f51-fc47-4f6c-a89c-c9b5ac35176a 86dbc41af04c4023b00809ba6981e623 5377227ebb74401d95b49db24fe12186 - - default default] Successfully bumped revision number for resource 62805d93-1725-4074-a344-bb09b8fad2d8 (type: security_groups) to 1
2026-04-23 17:37:32.465 7 INFO neutron.db.ovn_revision_numbers_db [None req-29ae5f51-fc47-4f6c-a89c-c9b5ac35176a 86dbc41af04c4023b00809ba6981e623 5377227ebb74401d95b49db24fe12186 - - default default] Successfully bumped revision number for resource 548c9cb5-a9ff-491e-b421-6bd07a178916 (type: security_group_rules) to 0
2026-04-23 17:37:32.485 7 INFO neutron.db.ovn_revision_numbers_db [None req-29ae5f51-fc47-4f6c-a89c-c9b5ac35176a 86dbc41af04c4023b00809ba6981e623 5377227ebb74401d95b49db24fe12186 - - default default] Successfully bumped revision number for resource 660e57c1-dc27-422b-93c7-196fc0f8d4fc (type: security_group_rules) to 0
2026-04-23 17:37:32.503 7 INFO neutron.db.ovn_revision_numbers_db [None req-29ae5f51-fc47-4f6c-a89c-c9b5ac35176a 86dbc41af04c4023b00809ba6981e623 5377227ebb74401d95b49db24fe12186 - - default default] Successfully bumped revision number for resource 770cc6b2-c2a7-4f35-870a-3657134ff50f (type: security_group_rules) to 0
2026-04-23 17:37:32.517 7 INFO neutron.db.ovn_revision_numbers_db [None req-29ae5f51-fc47-4f6c-a89c-c9b5ac35176a 86dbc41af04c4023b00809ba6981e623 5377227ebb74401d95b49db24fe12186 - - default default] Successfully bumped revision number for resource ddf52c7a-2151-41d2-a4b4-daeac317c6dc (type: security_group_rules) to 0
2026-04-23 17:37:32.520 6 WARNING neutron.scheduler.dhcp_agent_scheduler [None req-5e4e852e-a8cc-4634-a485-71c25fcff68b 9d32ac38f3074eef8a3dd745f9078efd 27d6e70e26e840d1bf358dcdf1b18aea - - default default] No more DHCP agents
2026-04-23 17:37:32.522 6 WARNING neutron.api.rpc.agentnotifiers.dhcp_rpc_agent_api [None req-5e4e852e-a8cc-4634-a485-71c25fcff68b 9d32ac38f3074eef8a3dd745f9078efd 27d6e70e26e840d1bf358dcdf1b18aea - - default default] Unable to schedule network 927566ed-1ae1-483d-a70e-a6aa16ccf4fd: no agents available; will retry on subsequent port and subnet creation events. [pid: 7|app: 0|req: 633/1213] 10.0.0.190 () {32 vars in 774 bytes} [Thu Apr 23 17:37:32 2026] GET /v2.0/security-groups?tenant_id=744037d749134013987a7f6b9130f0d2&name=default => generated 2925 bytes in 309 msecs (HTTP/1.1 200) 4 headers in 158 bytes (1 switches on core 0)
2026-04-23 17:37:32.586 6 INFO neutron.plugins.ml2.drivers.ovn.mech_driver.mech_driver [None req-190e0f41-02ea-420e-b561-98109e4220ef - - - - - -] OVN reports status down for port: d5ab7438-c2d3-4c3c-bebf-ccbb1b4aea52
2026-04-23 17:37:32.602 7 INFO neutron.pecan_wsgi.hooks.translation [None req-df57b430-3dd9-42a8-a0ec-7d7944169120 413ce9b9729b45118c270e70ed51fd1c feb44cd61be144d1a30d481e136028a8 - - default default] GET failed (client error): The resource could not be found. [pid: 7|app: 0|req: 634/1214] 10.0.0.190 () {32 vars in 723 bytes} [Thu Apr 23 17:37:32 2026] GET /v2.0/networks/76d923aa-51f9-44a8-bca5-f15ade6bb836 => generated 138 bytes in 69 msecs (HTTP/1.1 404) 4 headers in 164 bytes (1 switches on core 0)
2026-04-23 17:37:32.659 6 INFO neutron.db.ovn_revision_numbers_db [None req-5e4e852e-a8cc-4634-a485-71c25fcff68b 9d32ac38f3074eef8a3dd745f9078efd 27d6e70e26e840d1bf358dcdf1b18aea - - default default] Successfully bumped revision number for resource d5ab7438-c2d3-4c3c-bebf-ccbb1b4aea52 (type: ports) to 1 [pid: 6|app: 0|req: 581/1215] 10.0.0.190 () {34 vars in 665 bytes} [Thu Apr 23 17:37:32 2026] POST /v2.0/ports => generated 774 bytes in 469 msecs (HTTP/1.1 201) 4 headers in 162 bytes (1 switches on core 0) /var/lib/openstack/lib/python3.12/site-packages/pycadf/identifier.py:70: UserWarning: Invalid uuid: neutron. To ensure interoperability, identifiers should be a valid uuid. warnings.warn(('Invalid uuid: %s. To ensure interoperability, ' [pid: 7|app: 0|req: 635/1216] 10.0.0.190 () {32 vars in 740 bytes} [Thu Apr 23 17:37:32 2026] DELETE /v2.0/security-groups/62805d93-1725-4074-a344-bb09b8fad2d8 => generated 0 bytes in 301 msecs (HTTP/1.1 204) 2 headers in 112 bytes (1 switches on core 0)
2026-04-23 17:37:32.933 6 INFO neutron_taas.services.taas.taas_plugin [None req-a41c43c5-722a-4496-845b-1db03728347d 60a65bacb4f14887b0b762e1a487565c cf7fa78f619c44deb6d4d88babb914b0 - - default default] TaaS: Handle Delete Port: 8525d152-888b-4f72-b3b5-7fff1bbd2c5e
2026-04-23 17:37:32.936 6 INFO neutron_taas.services.taas.tap_mirror_plugin [None req-a41c43c5-722a-4496-845b-1db03728347d 60a65bacb4f14887b0b762e1a487565c cf7fa78f619c44deb6d4d88babb914b0 - - default default] Tap Mirror: Handle Delete Port: 8525d152-888b-4f72-b3b5-7fff1bbd2c5e
2026-04-23 17:37:33.016 7 INFO neutron.db.segments_db [None req-c1774c48-bc48-4222-a419-dd56674aef0c 9d32ac38f3074eef8a3dd745f9078efd 27d6e70e26e840d1bf358dcdf1b18aea - - default default] Added segment 2f82bf75-0438-45f8-b3e7-7e5e94e19488 of type geneve for network 46d1ddaa-d2cf-4d1a-8061-6558762e2031
2026-04-23 17:37:33.191 7 INFO neutron.db.ovn_revision_numbers_db [None req-c1774c48-bc48-4222-a419-dd56674aef0c 9d32ac38f3074eef8a3dd745f9078efd 27d6e70e26e840d1bf358dcdf1b18aea - - default default] Successfully bumped revision number for resource 46d1ddaa-d2cf-4d1a-8061-6558762e2031 (type: networks) to 1
2026-04-23 17:37:33.260 6 INFO neutron.services.segments.plugin [-] Segment ef0b04fd-495c-4405-b56a-2836e32421d4 resource provider aggregate not found
2026-04-23 17:37:33.268 6 INFO neutron.services.segments.plugin [-] Segment ef0b04fd-495c-4405-b56a-2836e32421d4 resource provider aggregate not found
2026-04-23 17:37:33.283 6 INFO neutron.services.segments.plugin [-] Segment ef0b04fd-495c-4405-b56a-2836e32421d4 resource provider not found; error: Placement Client Error (4xx): {"errors": [{"status": 404, "title": "Not Found", "detail": "The resource could not be found.\n\n No resource provider with uuid ef0b04fd-495c-4405-b56a-2836e32421d4 found for delete ", "request_id": "req-8cf62c24-8ade-4f6e-a956-75124cd8e325"}]}
2026-04-23 17:37:33.285 6 INFO neutron.services.segments.plugin [-] Segment ef0b04fd-495c-4405-b56a-2836e32421d4 resource provider not found; error: Placement Client Error (4xx): {"errors": [{"status": 404, "title": "Not Found", "detail": "The resource could not be found.\n\n No resource provider with uuid ef0b04fd-495c-4405-b56a-2836e32421d4 found for delete ", "request_id": "req-6f48e80e-c3ec-4279-acb8-0cee7a8f73b8"}]} [pid: 6|app: 0|req: 582/1217] 10.0.0.190 () {32 vars in 726 bytes} [Thu Apr 23 17:37:32 2026] DELETE /v2.0/networks/76d923aa-51f9-44a8-bca5-f15ade6bb836 => generated 0 bytes in 564 msecs (HTTP/1.1 204) 3 headers in 131 bytes (1 switches on core 0)
2026-04-23 17:37:33.339 6 INFO neutron.pecan_wsgi.hooks.translation [None req-d0555cce-c8f4-468f-ac29-6ebcf5150ace 60a65bacb4f14887b0b762e1a487565c cf7fa78f619c44deb6d4d88babb914b0 - - default default] DELETE failed (client error): The resource could not be found. [pid: 6|app: 0|req: 583/1218] 10.0.0.190 () {32 vars in 724 bytes} [Thu Apr 23 17:37:33 2026] DELETE /v2.0/subnets/ebf817c7-f805-4bc5-b9a5-5d1273f90d00 => generated 136 bytes in 13 msecs (HTTP/1.1 404) 4 headers in 164 bytes (1 switches on core 0)
2026-04-23 17:37:33.356 6 INFO neutron.pecan_wsgi.hooks.translation [None req-e89345f7-5fc2-4c46-b5d9-81f11ab8fad9 60a65bacb4f14887b0b762e1a487565c cf7fa78f619c44deb6d4d88babb914b0 - - default default] DELETE failed (client error): The resource could not be found.
2026-04-23 17:37:33.357 7 WARNING neutron.scheduler.dhcp_agent_scheduler [None req-c1774c48-bc48-4222-a419-dd56674aef0c 9d32ac38f3074eef8a3dd745f9078efd 27d6e70e26e840d1bf358dcdf1b18aea - - default default] No more DHCP agents [pid: 6|app: 0|req: 584/1219] 10.0.0.190 () {32 vars in 724 bytes} [Thu Apr 23 17:37:33 2026] DELETE /v2.0/subnets/05a13a69-0252-4b44-b9c2-02d9a1a258f4 => generated 136 bytes in 12 msecs (HTTP/1.1 404) 4 headers in 164 bytes (1 switches on core 0)
2026-04-23 17:37:33.359 7 WARNING neutron.api.rpc.agentnotifiers.dhcp_rpc_agent_api [None req-c1774c48-bc48-4222-a419-dd56674aef0c 9d32ac38f3074eef8a3dd745f9078efd 27d6e70e26e840d1bf358dcdf1b18aea - - default default] Unable to schedule network 46d1ddaa-d2cf-4d1a-8061-6558762e2031: no agents available; will retry on subsequent port and subnet creation events.
2026-04-23 17:37:33.371 6 INFO neutron.pecan_wsgi.hooks.translation [None req-11ee5e1e-0547-46ec-87fc-cfdbffe9d502 60a65bacb4f14887b0b762e1a487565c cf7fa78f619c44deb6d4d88babb914b0 - - default default] DELETE failed (client error): The resource could not be found. [pid: 6|app: 0|req: 585/1220] 10.0.0.190 () {32 vars in 724 bytes} [Thu Apr 23 17:37:33 2026] DELETE /v2.0/subnets/242ea0ed-a156-49e8-bd95-ebeb6c57a14c => generated 136 bytes in 12 msecs (HTTP/1.1 404) 4 headers in 164 bytes (1 switches on core 0)
2026-04-23 17:37:33.423 7 INFO neutron.plugins.ml2.drivers.ovn.mech_driver.mech_driver [None req-6d7cce3f-67de-43c1-939c-5077a5d1ac20 - - - - - -] OVN reports status down for port: fb057dc1-1f74-42ab-bb1f-3c094fec218e
2026-04-23 17:37:33.480 7 INFO neutron.db.ovn_revision_numbers_db [None req-c1774c48-bc48-4222-a419-dd56674aef0c 9d32ac38f3074eef8a3dd745f9078efd 27d6e70e26e840d1bf358dcdf1b18aea - - default default] Successfully bumped revision number for resource fb057dc1-1f74-42ab-bb1f-3c094fec218e (type: ports) to 1 [pid: 7|app: 0|req: 636/1221] 10.0.0.190 () {34 vars in 670 bytes} [Thu Apr 23 17:37:32 2026] POST /v2.0/networks => generated 650 bytes in 605 msecs (HTTP/1.1 201) 4 headers in 162 bytes (1 switches on core 0)
2026-04-23 17:37:33.725 6 WARNING neutron.scheduler.dhcp_agent_scheduler [None req-9b5896c4-a5ec-4f00-b1e8-be3fe6d3de21 9d32ac38f3074eef8a3dd745f9078efd 27d6e70e26e840d1bf358dcdf1b18aea - - default default] No more DHCP agents
2026-04-23 17:37:33.726 6 WARNING neutron.api.rpc.agentnotifiers.dhcp_rpc_agent_api [None req-9b5896c4-a5ec-4f00-b1e8-be3fe6d3de21 9d32ac38f3074eef8a3dd745f9078efd 27d6e70e26e840d1bf358dcdf1b18aea - - default default] Unable to schedule network 46d1ddaa-d2cf-4d1a-8061-6558762e2031: no agents available; will retry on subsequent port and subnet creation events.
2026-04-23 17:37:34.156 6 INFO neutron.db.ovn_revision_numbers_db [None req-f56945de-7450-4cf2-9036-b2910dfaf41d - - - - - -] Successfully bumped revision number for resource fb057dc1-1f74-42ab-bb1f-3c094fec218e (type: ports) to 2
2026-04-23 17:37:34.191 6 INFO neutron.db.ovn_revision_numbers_db [None req-f56945de-7450-4cf2-9036-b2910dfaf41d - - - - - -] Successfully bumped revision number for resource 82ed0195-4bf6-4e6a-a34d-d572e85378f8 (type: subnets) to 0 [pid: 7|app: 0|req: 637/1222] 10.0.0.190 () {32 vars in 774 bytes} [Thu Apr 23 17:37:34 2026] GET /v2.0/security-groups?tenant_id=cf7fa78f619c44deb6d4d88babb914b0&name=default => generated 2925 bytes in 152 msecs (HTTP/1.1 200) 4 headers in 158 bytes (1 switches on core 0) [pid: 6|app: 0|req: 586/1223] 10.0.0.190 () {34 vars in 669 bytes} [Thu Apr 23 17:37:33 2026] POST /v2.0/subnets => generated 626 bytes in 671 msecs (HTTP/1.1 201) 4 headers in 162 bytes (1 switches on core 0) [pid: 7|app: 0|req: 638/1224] 10.0.0.190 () {32 vars in 740 bytes} [Thu Apr 23 17:37:34 2026] DELETE /v2.0/security-groups/62b6c18c-79ef-440a-a636-352078f2f55d => generated 0 bytes in 234 msecs (HTTP/1.1 204) 2 headers in 112 bytes (1 switches on core 0)
2026-04-23 17:37:34.518 6 WARNING neutron.scheduler.dhcp_agent_scheduler [None req-2af8411a-0e09-4757-950e-3d7b86593766 9d32ac38f3074eef8a3dd745f9078efd 27d6e70e26e840d1bf358dcdf1b18aea - - default default] No more DHCP agents
2026-04-23 17:37:34.520 6 WARNING neutron.api.rpc.agentnotifiers.dhcp_rpc_agent_api [None req-2af8411a-0e09-4757-950e-3d7b86593766 9d32ac38f3074eef8a3dd745f9078efd 27d6e70e26e840d1bf358dcdf1b18aea - - default default] Unable to schedule network 46d1ddaa-d2cf-4d1a-8061-6558762e2031: no agents available; will retry on subsequent port and subnet creation events.
2026-04-23 17:37:34.643 7 INFO neutron.plugins.ml2.drivers.ovn.mech_driver.mech_driver [None req-6d7cce3f-67de-43c1-939c-5077a5d1ac20 - - - - - -] OVN reports status down for port: 6ff46c37-fcfb-4086-9b96-cc83b1ebce07
2026-04-23 17:37:34.658 6 INFO neutron.db.ovn_revision_numbers_db [None req-2af8411a-0e09-4757-950e-3d7b86593766 9d32ac38f3074eef8a3dd745f9078efd 27d6e70e26e840d1bf358dcdf1b18aea - - default default] Successfully bumped revision number for resource 6ff46c37-fcfb-4086-9b96-cc83b1ebce07 (type: ports) to 1 [pid: 6|app: 0|req: 587/1225] 10.0.0.190 () {34 vars in 665 bytes} [Thu Apr 23 17:37:34 2026] POST /v2.0/ports => generated 950 bytes in 482 msecs (HTTP/1.1 201) 4 headers in 162 bytes (1 switches on core 0) /var/lib/openstack/lib/python3.12/site-packages/pycadf/identifier.py:70: UserWarning: Invalid uuid: neutron. To ensure interoperability, identifiers should be a valid uuid. warnings.warn(('Invalid uuid: %s. To ensure interoperability, '
2026-04-23 17:37:34.836 7 INFO neutron.db.ovn_revision_numbers_db [None req-512167ce-1f73-4543-b5ee-c1d30f388d42 86dbc41af04c4023b00809ba6981e623 5377227ebb74401d95b49db24fe12186 - - default default] Successfully bumped revision number for resource 8e8449cd-af69-4162-9c6b-32f703c673f2 (type: security_groups) to 1
2026-04-23 17:37:34.844 6 INFO neutron_taas.services.taas.taas_plugin [None req-107fbec3-b4a6-4080-b333-2ffaefd3a92d 9d32ac38f3074eef8a3dd745f9078efd 27d6e70e26e840d1bf358dcdf1b18aea - - default default] TaaS: Handle Delete Port: 6ff46c37-fcfb-4086-9b96-cc83b1ebce07
2026-04-23 17:37:34.846 6 INFO neutron_taas.services.taas.tap_mirror_plugin [None req-107fbec3-b4a6-4080-b333-2ffaefd3a92d 9d32ac38f3074eef8a3dd745f9078efd 27d6e70e26e840d1bf358dcdf1b18aea - - default default] Tap Mirror: Handle Delete Port: 6ff46c37-fcfb-4086-9b96-cc83b1ebce07
2026-04-23 17:37:34.850 7 INFO neutron.db.ovn_revision_numbers_db [None req-512167ce-1f73-4543-b5ee-c1d30f388d42 86dbc41af04c4023b00809ba6981e623 5377227ebb74401d95b49db24fe12186 - - default default] Successfully bumped revision number for resource 035c9aba-62ad-44e9-a3cf-fa001ab27ae3 (type: security_group_rules) to 0
2026-04-23 17:37:34.870 7 INFO neutron.db.ovn_revision_numbers_db [None req-512167ce-1f73-4543-b5ee-c1d30f388d42 86dbc41af04c4023b00809ba6981e623 5377227ebb74401d95b49db24fe12186 - - default default] Successfully bumped revision number for resource c98534c4-efc6-4830-a679-6e7650ac670d (type: security_group_rules) to 0
2026-04-23 17:37:34.885 7 INFO neutron.db.ovn_revision_numbers_db [None req-512167ce-1f73-4543-b5ee-c1d30f388d42 86dbc41af04c4023b00809ba6981e623 5377227ebb74401d95b49db24fe12186 - - default default] Successfully bumped revision number for resource dc9ce1f0-6fdc-4836-9681-a5f3a43d4bfd (type: security_group_rules) to 0
2026-04-23 17:37:34.903 7 INFO neutron.db.ovn_revision_numbers_db [None req-512167ce-1f73-4543-b5ee-c1d30f388d42 86dbc41af04c4023b00809ba6981e623 5377227ebb74401d95b49db24fe12186 - - default default] Successfully bumped revision number for resource fafa22fe-8cb0-4da6-ad9c-b53900fb5a75 (type: security_group_rules) to 0 [pid: 7|app: 0|req: 639/1226] 10.0.0.190 () {32 vars in 774 bytes} [Thu Apr 23 17:37:34 2026] GET /v2.0/security-groups?tenant_id=463d880b0e3946088a93f43a7064e7bf&name=default => generated 2925 bytes in 326 msecs (HTTP/1.1 200) 4 headers in 158 bytes (1 switches on core 0) [pid: 6|app: 0|req: 588/1227] 10.0.0.190 () {32 vars in 720 bytes} [Thu Apr 23 17:37:34 2026] DELETE /v2.0/ports/6ff46c37-fcfb-4086-9b96-cc83b1ebce07 => generated 0 bytes in 300 msecs (HTTP/1.1 204) 3 headers in 131 bytes (1 switches on core 0)
2026-04-23 17:37:35.040 6 INFO neutron.pecan_wsgi.hooks.translation [None req-59b271e4-1c6d-46b0-a8bf-fa924fd99aea 9d32ac38f3074eef8a3dd745f9078efd 27d6e70e26e840d1bf358dcdf1b18aea - - default default] DELETE failed (client error): The resource could not be found. [pid: 6|app: 0|req: 589/1228] 10.0.0.190 () {32 vars in 720 bytes} [Thu Apr 23 17:37:35 2026] DELETE /v2.0/ports/6ff46c37-fcfb-4086-9b96-cc83b1ebce07 => generated 132 bytes in 37 msecs (HTTP/1.1 404) 4 headers in 164 bytes (1 switches on core 0)
2026-04-23 17:37:35.073 6 INFO neutron.pecan_wsgi.hooks.translation [None req-810a19b2-47bb-4b4d-8c05-5c645d75fc51 9d32ac38f3074eef8a3dd745f9078efd 27d6e70e26e840d1bf358dcdf1b18aea - - default default] GET failed (client error): The resource could not be found. [pid: 6|app: 0|req: 590/1229] 10.0.0.190 () {32 vars in 717 bytes} [Thu Apr 23 17:37:35 2026] GET /v2.0/ports/6ff46c37-fcfb-4086-9b96-cc83b1ebce07 => generated 132 bytes in 27 msecs (HTTP/1.1 404) 4 headers in 164 bytes (1 switches on core 0) [pid: 7|app: 0|req: 640/1230] 10.0.0.190 () {32 vars in 740 bytes} [Thu Apr 23 17:37:34 2026] DELETE /v2.0/security-groups/8e8449cd-af69-4162-9c6b-32f703c673f2 => generated 0 bytes in 229 msecs (HTTP/1.1 204) 2 headers in 112 bytes (1 switches on core 0) [pid: 6|app: 0|req: 591/1231] 10.0.0.190 () {32 vars in 724 bytes} [Thu Apr 23 17:37:35 2026] DELETE /v2.0/subnets/82ed0195-4bf6-4e6a-a34d-d572e85378f8 => generated 0 bytes in 184 msecs (HTTP/1.1 204) 3 headers in 131 bytes (1 switches on core 0)
2026-04-23 17:37:35.383 7 INFO neutron.db.ovn_revision_numbers_db [None req-c904c9b7-b7c8-48b3-9200-b01d56d1ea1a 86dbc41af04c4023b00809ba6981e623 5377227ebb74401d95b49db24fe12186 - - default default] Successfully bumped revision number for resource db28e713-27f8-437c-b0bd-d2d1b6fd858c (type: security_groups) to 1
2026-04-23 17:37:35.395 7 INFO neutron.db.ovn_revision_numbers_db [None req-c904c9b7-b7c8-48b3-9200-b01d56d1ea1a 86dbc41af04c4023b00809ba6981e623 5377227ebb74401d95b49db24fe12186 - - default default] Successfully bumped revision number for resource 4a04bef8-d205-41f8-8f1b-c28a56f7bae3 (type: security_group_rules) to 0
2026-04-23 17:37:35.409 7 INFO neutron.db.ovn_revision_numbers_db [None req-c904c9b7-b7c8-48b3-9200-b01d56d1ea1a 86dbc41af04c4023b00809ba6981e623 5377227ebb74401d95b49db24fe12186 - - default default] Successfully bumped revision number for resource 557d5751-6c87-4af2-bd5b-35607da1e652 (type: security_group_rules) to 0
2026-04-23 17:37:35.420 6 INFO neutron_taas.services.taas.taas_plugin [None req-bc0f7545-11d3-40eb-b6e3-a2c945ceb90d 9d32ac38f3074eef8a3dd745f9078efd 27d6e70e26e840d1bf358dcdf1b18aea - - default default] TaaS: Handle Delete Port: fb057dc1-1f74-42ab-bb1f-3c094fec218e
2026-04-23 17:37:35.422 6 INFO neutron_taas.services.taas.tap_mirror_plugin [None req-bc0f7545-11d3-40eb-b6e3-a2c945ceb90d 9d32ac38f3074eef8a3dd745f9078efd 27d6e70e26e840d1bf358dcdf1b18aea - - default default] Tap Mirror: Handle Delete Port: fb057dc1-1f74-42ab-bb1f-3c094fec218e
2026-04-23 17:37:35.422 7 INFO neutron.db.ovn_revision_numbers_db [None req-c904c9b7-b7c8-48b3-9200-b01d56d1ea1a 86dbc41af04c4023b00809ba6981e623 5377227ebb74401d95b49db24fe12186 - - default default] Successfully bumped revision number for resource 60e738c9-7c3f-47df-8c94-178dd0f244e9 (type: security_group_rules) to 0
2026-04-23 17:37:35.437 7 INFO neutron.db.ovn_revision_numbers_db [None req-c904c9b7-b7c8-48b3-9200-b01d56d1ea1a 86dbc41af04c4023b00809ba6981e623 5377227ebb74401d95b49db24fe12186 - - default default] Successfully bumped revision number for resource d5fdf574-ced9-4308-8850-7bbde9928a2e (type: security_group_rules) to 0 [pid: 7|app: 0|req: 641/1232] 10.0.0.190 () {32 vars in 774 bytes} [Thu Apr 23 17:37:35 2026] GET /v2.0/security-groups?tenant_id=feb44cd61be144d1a30d481e136028a8&name=default => generated 2925 bytes in 210 msecs (HTTP/1.1 200) 4 headers in 158 bytes (1 switches on core 0)
2026-04-23 17:37:35.613 6 INFO neutron.services.segments.plugin [-] Segment 2f82bf75-0438-45f8-b3e7-7e5e94e19488 resource provider aggregate not found
2026-04-23 17:37:35.618 6 INFO neutron.services.segments.plugin [-] Segment 2f82bf75-0438-45f8-b3e7-7e5e94e19488 resource provider aggregate not found
2026-04-23 17:37:35.631 6 INFO neutron.services.segments.plugin [-] Segment 2f82bf75-0438-45f8-b3e7-7e5e94e19488 resource provider not found; error: Placement Client Error (4xx): {"errors": [{"status": 404, "title": "Not Found", "detail": "The resource could not be found.\n\n No resource provider with uuid 2f82bf75-0438-45f8-b3e7-7e5e94e19488 found for delete ", "request_id": "req-45928cdb-f9ce-4930-8e92-d7a40e8d14a3"}]}
2026-04-23 17:37:35.638 6 INFO neutron.services.segments.plugin [-] Segment 2f82bf75-0438-45f8-b3e7-7e5e94e19488 resource provider not found; error: Placement Client Error (4xx): {"errors": [{"status": 404, "title": "Not Found", "detail": "The resource could not be found.\n\n No resource provider with uuid 2f82bf75-0438-45f8-b3e7-7e5e94e19488 found for delete ", "request_id": "req-c6014277-976e-4c8a-8a41-3d5822d4c866"}]} [pid: 6|app: 0|req: 592/1233] 10.0.0.190 () {32 vars in 726 bytes} [Thu Apr 23 17:37:35 2026] DELETE /v2.0/networks/46d1ddaa-d2cf-4d1a-8061-6558762e2031 => generated 0 bytes in 407 msecs (HTTP/1.1 204) 3 headers in 131 bytes (1 switches on core 0) [pid: 7|app: 0|req: 642/1234] 10.0.0.190 () {32 vars in 740 bytes} [Thu Apr 23 17:37:35 2026] DELETE /v2.0/security-groups/db28e713-27f8-437c-b0bd-d2d1b6fd858c => generated 0 bytes in 222 msecs (HTTP/1.1 204) 2 headers in 112 bytes (1 switches on core 0)
2026-04-23 17:37:35.783 6 INFO neutron.db.segments_db [None req-fb4092f7-d7f1-49db-907f-f1671a89d44e 9d32ac38f3074eef8a3dd745f9078efd 27d6e70e26e840d1bf358dcdf1b18aea - - default default] Added segment 0fc98b52-d0fb-47ef-8319-1bbbc9a2b539 of type geneve for network 3c933a73-b354-4656-8069-078dd988b438
2026-04-23 17:37:35.896 6 INFO neutron.db.ovn_revision_numbers_db [None req-fb4092f7-d7f1-49db-907f-f1671a89d44e 9d32ac38f3074eef8a3dd745f9078efd 27d6e70e26e840d1bf358dcdf1b18aea - - default default] Successfully bumped revision number for resource 3c933a73-b354-4656-8069-078dd988b438 (type: networks) to 1
2026-04-23 17:37:36.057 6 WARNING neutron.scheduler.dhcp_agent_scheduler [None req-fb4092f7-d7f1-49db-907f-f1671a89d44e 9d32ac38f3074eef8a3dd745f9078efd 27d6e70e26e840d1bf358dcdf1b18aea - - default default] No more DHCP agents
2026-04-23 17:37:36.059 6 WARNING neutron.api.rpc.agentnotifiers.dhcp_rpc_agent_api [None req-fb4092f7-d7f1-49db-907f-f1671a89d44e 9d32ac38f3074eef8a3dd745f9078efd 27d6e70e26e840d1bf358dcdf1b18aea - - default default] Unable to schedule network 3c933a73-b354-4656-8069-078dd988b438: no agents available; will retry on subsequent port and subnet creation events.
2026-04-23 17:37:36.111 7 INFO neutron.plugins.ml2.drivers.ovn.mech_driver.mech_driver [None req-6d7cce3f-67de-43c1-939c-5077a5d1ac20 - - - - - -] OVN reports status down for port: a0c6479f-55f1-4386-9b26-82bfae328eb9
2026-04-23 17:37:36.144 6 INFO neutron.db.ovn_revision_numbers_db [None req-fb4092f7-d7f1-49db-907f-f1671a89d44e 9d32ac38f3074eef8a3dd745f9078efd 27d6e70e26e840d1bf358dcdf1b18aea - - default default] Successfully bumped revision number for resource a0c6479f-55f1-4386-9b26-82bfae328eb9 (type: ports) to 1 [pid: 6|app: 0|req: 593/1235] 10.0.0.190 () {34 vars in 670 bytes} [Thu Apr 23 17:37:35 2026] POST /v2.0/networks => generated 651 bytes in 484 msecs (HTTP/1.1 201) 4 headers in 162 bytes (1 switches on core 0)
2026-04-23 17:37:36.383 7 WARNING neutron.scheduler.dhcp_agent_scheduler [None req-76af8461-a778-4d35-abac-1d7835d4b34b 9d32ac38f3074eef8a3dd745f9078efd 27d6e70e26e840d1bf358dcdf1b18aea - - default default] No more DHCP agents
2026-04-23 17:37:36.385 7 WARNING neutron.api.rpc.agentnotifiers.dhcp_rpc_agent_api [None req-76af8461-a778-4d35-abac-1d7835d4b34b 9d32ac38f3074eef8a3dd745f9078efd 27d6e70e26e840d1bf358dcdf1b18aea - - default default] Unable to schedule network 3c933a73-b354-4656-8069-078dd988b438: no agents available; will retry on subsequent port and subnet creation events.
2026-04-23 17:37:36.974 7 INFO neutron.db.ovn_revision_numbers_db [None req-d8112213-83fc-4597-a45f-04548df8dffe - - - - - -] Successfully bumped revision number for resource a0c6479f-55f1-4386-9b26-82bfae328eb9 (type: ports) to 2
2026-04-23 17:37:37.008 7 INFO neutron.db.ovn_revision_numbers_db [None req-d8112213-83fc-4597-a45f-04548df8dffe - - - - - -] Successfully bumped revision number for resource e642fd88-d8ca-4693-9545-c894c08750c7 (type: subnets) to 0 [pid: 7|app: 0|req: 643/1236] 10.0.0.190 () {34 vars in 669 bytes} [Thu Apr 23 17:37:36 2026] POST /v2.0/subnets => generated 626 bytes in 869 msecs (HTTP/1.1 201) 4 headers in 162 bytes (1 switches on core 0)
2026-04-23 17:37:37.323 6 WARNING neutron.scheduler.dhcp_agent_scheduler [None req-5e002827-c099-4eb8-a11b-32e0ad8af2d7 9d32ac38f3074eef8a3dd745f9078efd 27d6e70e26e840d1bf358dcdf1b18aea - - default default] No more DHCP agents
2026-04-23 17:37:37.324 6 WARNING neutron.api.rpc.agentnotifiers.dhcp_rpc_agent_api [None req-5e002827-c099-4eb8-a11b-32e0ad8af2d7 9d32ac38f3074eef8a3dd745f9078efd 27d6e70e26e840d1bf358dcdf1b18aea - - default default] Unable to schedule network 3c933a73-b354-4656-8069-078dd988b438: no agents available; will retry on subsequent port and subnet creation events.
2026-04-23 17:37:37.435 7 INFO neutron.plugins.ml2.drivers.ovn.mech_driver.mech_driver [None req-6d7cce3f-67de-43c1-939c-5077a5d1ac20 - - - - - -] OVN reports status down for port: c03009ed-6332-4067-bbc4-97dcde518bd3
2026-04-23 17:37:37.467 6 INFO neutron.db.ovn_revision_numbers_db [None req-5e002827-c099-4eb8-a11b-32e0ad8af2d7 9d32ac38f3074eef8a3dd745f9078efd 27d6e70e26e840d1bf358dcdf1b18aea - - default default] Successfully bumped revision number for resource c03009ed-6332-4067-bbc4-97dcde518bd3 (type: ports) to 1 [pid: 6|app: 0|req: 594/1237] 10.0.0.190 () {34 vars in 665 bytes} [Thu Apr 23 17:37:37 2026] POST /v2.0/ports => generated 912 bytes in 475 msecs (HTTP/1.1 201) 4 headers in 162 bytes (1 switches on core 0)
2026-04-23 17:37:37.644 7 INFO neutron_taas.services.taas.taas_plugin [None req-7b65fac1-3ff7-41d9-925e-a4c2166917ab 9d32ac38f3074eef8a3dd745f9078efd 27d6e70e26e840d1bf358dcdf1b18aea - - default default] TaaS: Handle Delete Port: c03009ed-6332-4067-bbc4-97dcde518bd3
