2026-04-23 17:46:14.799 7 INFO neutron_taas.services.taas.tap_mirror_plugin [req-740bc63f-1401-4410-8416-c29473917e8b req-17610116-cacc-4b1c-a73c-a93fc9db6f15 3f39615934734d42a584487d8ca39b61 bca543c840bc4a6f8303226c87171340 - - default default] Tap Mirror: Handle Delete Port: 78c2c04f-3381-4a30-b559-111336b2b2fa [pid: 7|app: 0|req: 1643/3292] 199.19.213.161 () {36 vars in 997 bytes} [Thu Apr 23 17:46:14 2026] DELETE /v2.0/ports/78c2c04f-3381-4a30-b559-111336b2b2fa => generated 0 bytes in 267 msecs (HTTP/1.1 204) 3 headers in 131 bytes (1 switches on core 0)
2026-04-23 17:46:14.968 7 INFO neutron.notifiers.nova [-] Nova event matching ['req-d3f979c2-9474-466f-b504-a5e1c4d830cc'] response: {'server_uuid': 'a7129cb3-e358-4c0d-8516-3ff12823fb83', 'name': 'network-vif-deleted', 'tag': '78c2c04f-3381-4a30-b559-111336b2b2fa', 'status': 'completed', 'code': 200}
2026-04-23 17:46:15.593 6 INFO neutron.notifiers.nova [-] Nova event matching ['req-93d13f7a-a6a0-406e-a31a-e4e7fe045159'] response: {'server_uuid': 'a7129cb3-e358-4c0d-8516-3ff12823fb83', 'name': 'network-vif-unplugged', 'status': 'completed', 'tag': '78c2c04f-3381-4a30-b559-111336b2b2fa', 'code': 200} [pid: 6|app: 0|req: 1650/3293] 10.0.0.110 () {34 vars in 990 bytes} [Thu Apr 23 17:46:17 2026] GET /v2.0/ports?device_id=a7129cb3-e358-4c0d-8516-3ff12823fb83 => generated 12 bytes in 22 msecs (HTTP/1.1 200) 4 headers in 156 bytes (1 switches on core 0) [pid: 7|app: 0|req: 1644/3294] 10.0.0.190 () {32 vars in 750 bytes} [Thu Apr 23 17:46:22 2026] DELETE /v2.0/security-group-rules/3676c190-01ab-44e1-9a4d-ac2faf338d3d => generated 0 bytes in 172 msecs (HTTP/1.1 204) 2 headers in 112 bytes (1 switches on core 0)
2026-04-23 17:46:22.832 6 INFO neutron.api.v2.resource [None req-c0a200ae-5967-49a1-be1d-ae4dab50aba8 3f39615934734d42a584487d8ca39b61 bca543c840bc4a6f8303226c87171340 - - default default] show failed (client error): The resource could not be found. [pid: 6|app: 0|req: 1651/3295] 10.0.0.190 () {32 vars in 747 bytes} [Thu Apr 23 17:46:22 2026] GET /v2.0/security-group-rules/3676c190-01ab-44e1-9a4d-ac2faf338d3d => generated 155 bytes in 16 msecs (HTTP/1.1 404) 4 headers in 164 bytes (1 switches on core 0) [pid: 7|app: 0|req: 1645/3296] 10.0.0.190 () {32 vars in 750 bytes} [Thu Apr 23 17:46:22 2026] DELETE /v2.0/security-group-rules/b16491af-8fba-48ae-8291-2c35f2328018 => generated 0 bytes in 128 msecs (HTTP/1.1 204) 2 headers in 112 bytes (1 switches on core 0)
2026-04-23 17:46:22.984 6 INFO neutron.api.v2.resource [None req-807ec421-131f-4f08-b156-471912cbf570 3f39615934734d42a584487d8ca39b61 bca543c840bc4a6f8303226c87171340 - - default default] show failed (client error): The resource could not be found. [pid: 6|app: 0|req: 1652/3297] 10.0.0.190 () {32 vars in 747 bytes} [Thu Apr 23 17:46:22 2026] GET /v2.0/security-group-rules/b16491af-8fba-48ae-8291-2c35f2328018 => generated 155 bytes in 16 msecs (HTTP/1.1 404) 4 headers in 164 bytes (1 switches on core 0) [pid: 7|app: 0|req: 1646/3298] 10.0.0.190 () {32 vars in 750 bytes} [Thu Apr 23 17:46:22 2026] DELETE /v2.0/security-group-rules/5b1fe48f-eb9a-45e2-9528-e17c742c2a4f => generated 0 bytes in 95 msecs (HTTP/1.1 204) 2 headers in 112 bytes (1 switches on core 0)
2026-04-23 17:46:23.104 6 INFO neutron.api.v2.resource [None req-0bfccceb-8b6b-439c-a453-ef198404c007 3f39615934734d42a584487d8ca39b61 bca543c840bc4a6f8303226c87171340 - - default default] show failed (client error): The resource could not be found. [pid: 6|app: 0|req: 1653/3299] 10.0.0.190 () {32 vars in 747 bytes} [Thu Apr 23 17:46:23 2026] GET /v2.0/security-group-rules/5b1fe48f-eb9a-45e2-9528-e17c742c2a4f => generated 155 bytes in 15 msecs (HTTP/1.1 404) 4 headers in 164 bytes (1 switches on core 0) [pid: 7|app: 0|req: 1647/3300] 10.0.0.190 () {32 vars in 750 bytes} [Thu Apr 23 17:46:23 2026] DELETE /v2.0/security-group-rules/bd400b60-9cd2-4331-9040-1cb0aa8431f8 => generated 0 bytes in 130 msecs (HTTP/1.1 204) 2 headers in 112 bytes (1 switches on core 0)
2026-04-23 17:46:23.257 6 INFO neutron.api.v2.resource [None req-4d45b1e7-245d-4f0c-b257-ac5f0d681d65 3f39615934734d42a584487d8ca39b61 bca543c840bc4a6f8303226c87171340 - - default default] show failed (client error): The resource could not be found. [pid: 6|app: 0|req: 1654/3301] 10.0.0.190 () {32 vars in 747 bytes} [Thu Apr 23 17:46:23 2026] GET /v2.0/security-group-rules/bd400b60-9cd2-4331-9040-1cb0aa8431f8 => generated 155 bytes in 14 msecs (HTTP/1.1 404) 4 headers in 164 bytes (1 switches on core 0) [pid: 7|app: 0|req: 1648/3302] 10.0.0.190 () {32 vars in 750 bytes} [Thu Apr 23 17:46:23 2026] DELETE /v2.0/security-group-rules/ced19547-e7ac-4752-9392-365d764b8d04 => generated 0 bytes in 121 msecs (HTTP/1.1 204) 2 headers in 112 bytes (1 switches on core 0)
2026-04-23 17:46:23.401 6 INFO neutron.api.v2.resource [None req-7894a0d3-73ff-4d33-82d1-572618621d55 3f39615934734d42a584487d8ca39b61 bca543c840bc4a6f8303226c87171340 - - default default] show failed (client error): The resource could not be found. [pid: 6|app: 0|req: 1655/3303] 10.0.0.190 () {32 vars in 747 bytes} [Thu Apr 23 17:46:23 2026] GET /v2.0/security-group-rules/ced19547-e7ac-4752-9392-365d764b8d04 => generated 155 bytes in 12 msecs (HTTP/1.1 404) 4 headers in 164 bytes (1 switches on core 0) [pid: 7|app: 0|req: 1649/3304] 10.0.0.190 () {32 vars in 750 bytes} [Thu Apr 23 17:46:23 2026] DELETE /v2.0/security-group-rules/0386a173-3afe-4cfd-a43d-bbf4bba8d2e3 => generated 0 bytes in 115 msecs (HTTP/1.1 204) 2 headers in 112 bytes (1 switches on core 0)
2026-04-23 17:46:23.540 6 INFO neutron.api.v2.resource [None req-ac3d831c-7887-4ff9-8c57-76bcdc05bd3a 3f39615934734d42a584487d8ca39b61 bca543c840bc4a6f8303226c87171340 - - default default] show failed (client error): The resource could not be found. [pid: 6|app: 0|req: 1656/3305] 10.0.0.190 () {32 vars in 747 bytes} [Thu Apr 23 17:46:23 2026] GET /v2.0/security-group-rules/0386a173-3afe-4cfd-a43d-bbf4bba8d2e3 => generated 155 bytes in 15 msecs (HTTP/1.1 404) 4 headers in 164 bytes (1 switches on core 0) [pid: 7|app: 0|req: 1650/3306] 10.0.0.190 () {32 vars in 750 bytes} [Thu Apr 23 17:46:23 2026] DELETE /v2.0/security-group-rules/ff2154ac-e5cb-44e8-8251-6aba2448ed46 => generated 0 bytes in 126 msecs (HTTP/1.1 204) 2 headers in 112 bytes (1 switches on core 0)
2026-04-23 17:46:23.695 6 INFO neutron.api.v2.resource [None req-60a86316-8c8c-45f0-b767-ecc253eef1f3 3f39615934734d42a584487d8ca39b61 bca543c840bc4a6f8303226c87171340 - - default default] show failed (client error): The resource could not be found. [pid: 6|app: 0|req: 1657/3307] 10.0.0.190 () {32 vars in 747 bytes} [Thu Apr 23 17:46:23 2026] GET /v2.0/security-group-rules/ff2154ac-e5cb-44e8-8251-6aba2448ed46 => generated 155 bytes in 18 msecs (HTTP/1.1 404) 4 headers in 164 bytes (1 switches on core 0) [pid: 7|app: 0|req: 1651/3308] 10.0.0.190 () {32 vars in 750 bytes} [Thu Apr 23 17:46:23 2026] DELETE /v2.0/security-group-rules/972a67cc-ba31-4d33-88da-115e7dcdeda8 => generated 0 bytes in 112 msecs (HTTP/1.1 204) 2 headers in 112 bytes (1 switches on core 0)
2026-04-23 17:46:23.831 6 INFO neutron.api.v2.resource [None req-ae25ae94-1673-4f3e-a02a-5f5ac20f69f4 3f39615934734d42a584487d8ca39b61 bca543c840bc4a6f8303226c87171340 - - default default] show failed (client error): The resource could not be found. [pid: 6|app: 0|req: 1658/3309] 10.0.0.190 () {32 vars in 747 bytes} [Thu Apr 23 17:46:23 2026] GET /v2.0/security-group-rules/972a67cc-ba31-4d33-88da-115e7dcdeda8 => generated 155 bytes in 13 msecs (HTTP/1.1 404) 4 headers in 164 bytes (1 switches on core 0) [pid: 7|app: 0|req: 1652/3310] 10.0.0.190 () {32 vars in 750 bytes} [Thu Apr 23 17:46:23 2026] DELETE /v2.0/security-group-rules/6ac6813a-daff-40ff-801f-68101a724f0d => generated 0 bytes in 115 msecs (HTTP/1.1 204) 2 headers in 112 bytes (1 switches on core 0)
2026-04-23 17:46:23.966 6 INFO neutron.api.v2.resource [None req-5157cce8-bb4a-407a-b140-1e9bc0b323da 3f39615934734d42a584487d8ca39b61 bca543c840bc4a6f8303226c87171340 - - default default] show failed (client error): The resource could not be found. [pid: 6|app: 0|req: 1659/3311] 10.0.0.190 () {32 vars in 747 bytes} [Thu Apr 23 17:46:23 2026] GET /v2.0/security-group-rules/6ac6813a-daff-40ff-801f-68101a724f0d => generated 155 bytes in 11 msecs (HTTP/1.1 404) 4 headers in 164 bytes (1 switches on core 0) [pid: 7|app: 0|req: 1653/3312] 10.0.0.190 () {32 vars in 750 bytes} [Thu Apr 23 17:46:23 2026] DELETE /v2.0/security-group-rules/d9c21f93-70cc-4afb-8aaf-4736d6832230 => generated 0 bytes in 115 msecs (HTTP/1.1 204) 2 headers in 112 bytes (1 switches on core 0)
2026-04-23 17:46:24.102 6 INFO neutron.api.v2.resource [None req-e970da99-ea24-4ad5-9c98-9650a757063c 3f39615934734d42a584487d8ca39b61 bca543c840bc4a6f8303226c87171340 - - default default] show failed (client error): The resource could not be found. [pid: 6|app: 0|req: 1660/3313] 10.0.0.190 () {32 vars in 747 bytes} [Thu Apr 23 17:46:24 2026] GET /v2.0/security-group-rules/d9c21f93-70cc-4afb-8aaf-4736d6832230 => generated 155 bytes in 12 msecs (HTTP/1.1 404) 4 headers in 164 bytes (1 switches on core 0) [pid: 7|app: 0|req: 1654/3314] 10.0.0.190 () {32 vars in 750 bytes} [Thu Apr 23 17:46:24 2026] DELETE /v2.0/security-group-rules/754f4907-949d-4d7c-b3c0-d916e47a4a06 => generated 0 bytes in 117 msecs (HTTP/1.1 204) 2 headers in 112 bytes (1 switches on core 0)
2026-04-23 17:46:24.238 6 INFO neutron.api.v2.resource [None req-c33aba87-63af-42a4-9705-a47234e42f7f 3f39615934734d42a584487d8ca39b61 bca543c840bc4a6f8303226c87171340 - - default default] show failed (client error): The resource could not be found. [pid: 6|app: 0|req: 1661/3315] 10.0.0.190 () {32 vars in 747 bytes} [Thu Apr 23 17:46:24 2026] GET /v2.0/security-group-rules/754f4907-949d-4d7c-b3c0-d916e47a4a06 => generated 155 bytes in 11 msecs (HTTP/1.1 404) 4 headers in 164 bytes (1 switches on core 0) [pid: 7|app: 0|req: 1655/3316] 10.0.0.190 () {32 vars in 740 bytes} [Thu Apr 23 17:46:24 2026] DELETE /v2.0/security-groups/2286f2e9-6b3d-4d54-9950-5a4e0e599b7f => generated 0 bytes in 112 msecs (HTTP/1.1 204) 2 headers in 112 bytes (1 switches on core 0)
2026-04-23 17:46:24.372 6 INFO neutron.api.v2.resource [None req-33280750-7d34-4771-a557-8ec4b87cbeef 3f39615934734d42a584487d8ca39b61 bca543c840bc4a6f8303226c87171340 - - default default] show failed (client error): The resource could not be found. [pid: 6|app: 0|req: 1662/3317] 10.0.0.190 () {32 vars in 737 bytes} [Thu Apr 23 17:46:24 2026] GET /v2.0/security-groups/2286f2e9-6b3d-4d54-9950-5a4e0e599b7f => generated 146 bytes in 12 msecs (HTTP/1.1 404) 4 headers in 164 bytes (1 switches on core 0)
2026-04-23 17:46:24.707 7 INFO neutron_taas.services.taas.taas_plugin [None req-ec6c69fb-f3d8-461a-b16f-07069d5cd882 3f39615934734d42a584487d8ca39b61 bca543c840bc4a6f8303226c87171340 - - default default] TaaS: Handle Delete Port: d85324a4-1524-4a52-8f16-d10d38e506a4
2026-04-23 17:46:24.709 7 INFO neutron_taas.services.taas.tap_mirror_plugin [None req-ec6c69fb-f3d8-461a-b16f-07069d5cd882 3f39615934734d42a584487d8ca39b61 bca543c840bc4a6f8303226c87171340 - - default default] Tap Mirror: Handle Delete Port: d85324a4-1524-4a52-8f16-d10d38e506a4 [pid: 7|app: 0|req: 1656/3318] 10.0.0.190 () {34 vars in 789 bytes} [Thu Apr 23 17:46:24 2026] PUT /v2.0/routers/245fc8dd-0c62-4495-ae7b-0b4f31863275/remove_router_interface => generated 309 bytes in 787 msecs (HTTP/1.1 200) 4 headers in 157 bytes (1 switches on core 0)
2026-04-23 17:46:25.318 6 INFO neutron.api.v2.resource [None req-357761e4-2655-4c4a-b391-d84843be8d12 3f39615934734d42a584487d8ca39b61 bca543c840bc4a6f8303226c87171340 - - default default] remove_router_interface failed (client error): The resource could not be found. [pid: 6|app: 0|req: 1663/3319] 10.0.0.190 () {34 vars in 789 bytes} [Thu Apr 23 17:46:25 2026] PUT /v2.0/routers/245fc8dd-0c62-4495-ae7b-0b4f31863275/remove_router_interface => generated 198 bytes in 108 msecs (HTTP/1.1 404) 4 headers in 164 bytes (1 switches on core 0) /var/lib/openstack/lib/python3.12/site-packages/pycadf/identifier.py:70: UserWarning: Invalid uuid: neutron. To ensure interoperability, identifiers should be a valid uuid. warnings.warn(('Invalid uuid: %s. To ensure interoperability, '
2026-04-23 17:46:25.603 7 INFO neutron_taas.services.taas.taas_plugin [None req-94359926-871d-4d92-8896-014c51fc5a82 3f39615934734d42a584487d8ca39b61 bca543c840bc4a6f8303226c87171340 - - default default] TaaS: Handle Delete Port: 6f24f5b1-638d-413e-a95b-ce97a71b7cdb
2026-04-23 17:46:25.606 7 INFO neutron_taas.services.taas.tap_mirror_plugin [None req-94359926-871d-4d92-8896-014c51fc5a82 3f39615934734d42a584487d8ca39b61 bca543c840bc4a6f8303226c87171340 - - default default] Tap Mirror: Handle Delete Port: 6f24f5b1-638d-413e-a95b-ce97a71b7cdb [pid: 7|app: 0|req: 1657/3320] 10.0.0.190 () {34 vars in 789 bytes} [Thu Apr 23 17:46:25 2026] PUT /v2.0/routers/245fc8dd-0c62-4495-ae7b-0b4f31863275/remove_router_interface => generated 309 bytes in 748 msecs (HTTP/1.1 200) 4 headers in 157 bytes (1 switches on core 0)
2026-04-23 17:46:26.202 6 INFO neutron.api.v2.resource [None req-aba9ae5f-18c0-4637-864f-d99a4e25d4e1 3f39615934734d42a584487d8ca39b61 bca543c840bc4a6f8303226c87171340 - - default default] remove_router_interface failed (client error): The resource could not be found. [pid: 6|app: 0|req: 1664/3321] 10.0.0.190 () {34 vars in 789 bytes} [Thu Apr 23 17:46:26 2026] PUT /v2.0/routers/245fc8dd-0c62-4495-ae7b-0b4f31863275/remove_router_interface => generated 198 bytes in 128 msecs (HTTP/1.1 404) 4 headers in 164 bytes (1 switches on core 0) /var/lib/openstack/lib/python3.12/site-packages/pycadf/identifier.py:70: UserWarning: Invalid uuid: neutron. To ensure interoperability, identifiers should be a valid uuid. warnings.warn(('Invalid uuid: %s. To ensure interoperability, '
2026-04-23 17:46:26.495 7 INFO neutron_taas.services.taas.taas_plugin [None req-52932832-6c31-44b8-9c46-35ac83f2c6fa 3f39615934734d42a584487d8ca39b61 bca543c840bc4a6f8303226c87171340 - - default default] TaaS: Handle Delete Port: ea5be74b-3128-489f-90c6-0607f02717b8
2026-04-23 17:46:26.498 7 INFO neutron_taas.services.taas.tap_mirror_plugin [None req-52932832-6c31-44b8-9c46-35ac83f2c6fa 3f39615934734d42a584487d8ca39b61 bca543c840bc4a6f8303226c87171340 - - default default] Tap Mirror: Handle Delete Port: ea5be74b-3128-489f-90c6-0607f02717b8 [pid: 7|app: 0|req: 1658/3324] 10.0.0.190 () {34 vars in 789 bytes} [Thu Apr 23 17:46:26 2026] PUT /v2.0/routers/245fc8dd-0c62-4495-ae7b-0b4f31863275/remove_router_interface => generated 309 bytes in 741 msecs (HTTP/1.1 200) 4 headers in 157 bytes (1 switches on core 0)
2026-04-23 17:46:27.049 6 INFO neutron.api.v2.resource [None req-fecac83d-8277-45ee-b68e-9f9cf24aeae9 3f39615934734d42a584487d8ca39b61 bca543c840bc4a6f8303226c87171340 - - default default] remove_router_interface failed (client error): The resource could not be found. [pid: 6|app: 0|req: 1667/3325] 10.0.0.190 () {34 vars in 789 bytes} [Thu Apr 23 17:46:26 2026] PUT /v2.0/routers/245fc8dd-0c62-4495-ae7b-0b4f31863275/remove_router_interface => generated 198 bytes in 96 msecs (HTTP/1.1 404) 4 headers in 164 bytes (1 switches on core 0) /var/lib/openstack/lib/python3.12/site-packages/pycadf/identifier.py:70: UserWarning: Invalid uuid: neutron. To ensure interoperability, identifiers should be a valid uuid. warnings.warn(('Invalid uuid: %s. To ensure interoperability, '
2026-04-23 17:46:27.354 7 INFO neutron_taas.services.taas.taas_plugin [None req-40c274ec-8b4d-4f11-baa2-99d8c5ce99c0 3f39615934734d42a584487d8ca39b61 bca543c840bc4a6f8303226c87171340 - - default default] TaaS: Handle Delete Port: 77312899-3226-448c-8449-03bb3628df89
2026-04-23 17:46:27.357 7 INFO neutron_taas.services.taas.tap_mirror_plugin [None req-40c274ec-8b4d-4f11-baa2-99d8c5ce99c0 3f39615934734d42a584487d8ca39b61 bca543c840bc4a6f8303226c87171340 - - default default] Tap Mirror: Handle Delete Port: 77312899-3226-448c-8449-03bb3628df89 [pid: 7|app: 0|req: 1659/3326] 10.0.0.190 () {32 vars in 724 bytes} [Thu Apr 23 17:46:27 2026] DELETE /v2.0/routers/245fc8dd-0c62-4495-ae7b-0b4f31863275 => generated 0 bytes in 648 msecs (HTTP/1.1 204) 2 headers in 112 bytes (1 switches on core 0)
2026-04-23 17:46:27.748 6 INFO neutron.api.v2.resource [None req-61054147-2756-49e4-aacd-116a134a2232 3f39615934734d42a584487d8ca39b61 bca543c840bc4a6f8303226c87171340 - - default default] show failed (client error): The resource could not be found. [pid: 6|app: 0|req: 1668/3327] 10.0.0.190 () {32 vars in 721 bytes} [Thu Apr 23 17:46:27 2026] GET /v2.0/routers/245fc8dd-0c62-4495-ae7b-0b4f31863275 => generated 135 bytes in 41 msecs (HTTP/1.1 404) 4 headers in 164 bytes (1 switches on core 0) [pid: 7|app: 0|req: 1660/3328] 10.0.0.190 () {32 vars in 724 bytes} [Thu Apr 23 17:46:27 2026] DELETE /v2.0/subnets/730aa442-a863-45b0-b376-bd0b3f2c2c75 => generated 0 bytes in 141 msecs (HTTP/1.1 204) 3 headers in 131 bytes (1 switches on core 0)
2026-04-23 17:46:27.918 6 INFO neutron.pecan_wsgi.hooks.translation [None req-1a318984-14de-4a51-b429-77a5bdaf77c0 3f39615934734d42a584487d8ca39b61 bca543c840bc4a6f8303226c87171340 - - default default] GET failed (client error): The resource could not be found. [pid: 6|app: 0|req: 1669/3329] 10.0.0.190 () {32 vars in 721 bytes} [Thu Apr 23 17:46:27 2026] GET /v2.0/subnets/730aa442-a863-45b0-b376-bd0b3f2c2c75 => generated 136 bytes in 18 msecs (HTTP/1.1 404) 4 headers in 164 bytes (1 switches on core 0) [pid: 7|app: 0|req: 1661/3330] 10.0.0.190 () {32 vars in 724 bytes} [Thu Apr 23 17:46:27 2026] DELETE /v2.0/subnets/598f3ba1-f4c1-4b26-ab91-f7a615b11fa6 => generated 0 bytes in 158 msecs (HTTP/1.1 204) 3 headers in 131 bytes (1 switches on core 0)
2026-04-23 17:46:28.104 6 INFO neutron.pecan_wsgi.hooks.translation [None req-1a347231-9877-4129-8695-6f5064d50498 3f39615934734d42a584487d8ca39b61 bca543c840bc4a6f8303226c87171340 - - default default] GET failed (client error): The resource could not be found. [pid: 6|app: 0|req: 1670/3331] 10.0.0.190 () {32 vars in 721 bytes} [Thu Apr 23 17:46:28 2026] GET /v2.0/subnets/598f3ba1-f4c1-4b26-ab91-f7a615b11fa6 => generated 136 bytes in 16 msecs (HTTP/1.1 404) 4 headers in 164 bytes (1 switches on core 0)
2026-04-23 17:46:28.234 7 INFO neutron_taas.services.taas.taas_plugin [None req-fe317533-2e67-476a-9e49-d3d4dee6a736 3f39615934734d42a584487d8ca39b61 bca543c840bc4a6f8303226c87171340 - - default default] TaaS: Handle Delete Port: dbc8957e-8c77-4d24-98c7-13878e3892ad
2026-04-23 17:46:28.237 7 INFO neutron_taas.services.taas.tap_mirror_plugin [None req-fe317533-2e67-476a-9e49-d3d4dee6a736 3f39615934734d42a584487d8ca39b61 bca543c840bc4a6f8303226c87171340 - - default default] Tap Mirror: Handle Delete Port: dbc8957e-8c77-4d24-98c7-13878e3892ad [pid: 7|app: 0|req: 1662/3332] 10.0.0.190 () {32 vars in 726 bytes} [Thu Apr 23 17:46:28 2026] DELETE /v2.0/networks/03110510-b39c-49d0-b75c-86ed21a933af => generated 0 bytes in 367 msecs (HTTP/1.1 204) 3 headers in 131 bytes (1 switches on core 0)
2026-04-23 17:46:28.478 7 INFO neutron.services.segments.plugin [-] Segment 63e8ca95-b737-4483-8b90-1187bf6a8f9a resource provider aggregate not found
2026-04-23 17:46:28.479 7 INFO neutron.services.segments.plugin [-] Segment 63e8ca95-b737-4483-8b90-1187bf6a8f9a resource provider aggregate not found
2026-04-23 17:46:28.497 7 INFO neutron.services.segments.plugin [-] Segment 63e8ca95-b737-4483-8b90-1187bf6a8f9a resource provider not found; error: Placement Client Error (4xx): {"errors": [{"status": 404, "title": "Not Found", "detail": "The resource could not be found.\n\n No resource provider with uuid 63e8ca95-b737-4483-8b90-1187bf6a8f9a found for delete ", "request_id": "req-d7a0a3d7-4fca-42d1-8726-34a5bb37f2a8"}]}
2026-04-23 17:46:28.497 6 INFO neutron.pecan_wsgi.hooks.translation [None req-71be1ea6-6036-4b3b-9381-8bb1d989212a 3f39615934734d42a584487d8ca39b61 bca543c840bc4a6f8303226c87171340 - - default default] GET failed (client error): The resource could not be found. [pid: 6|app: 0|req: 1671/3333] 10.0.0.190 () {32 vars in 723 bytes} [Thu Apr 23 17:46:28 2026] GET /v2.0/networks/03110510-b39c-49d0-b75c-86ed21a933af => generated 138 bytes in 15 msecs (HTTP/1.1 404) 4 headers in 164 bytes (1 switches on core 0)
2026-04-23 17:46:28.503 7 INFO neutron.services.segments.plugin [-] Segment 63e8ca95-b737-4483-8b90-1187bf6a8f9a resource provider not found; error: Placement Client Error (4xx): {"errors": [{"status": 404, "title": "Not Found", "detail": "The resource could not be found.\n\n No resource provider with uuid 63e8ca95-b737-4483-8b90-1187bf6a8f9a found for delete ", "request_id": "req-11cc6d2a-f4f0-4877-aa76-ad9b4d88eb4b"}]} [pid: 7|app: 0|req: 1663/3334] 10.0.0.190 () {32 vars in 724 bytes} [Thu Apr 23 17:46:28 2026] DELETE /v2.0/subnets/39f37fda-8823-4d7b-9eb3-0fce4290fc54 => generated 0 bytes in 164 msecs (HTTP/1.1 204) 3 headers in 131 bytes (1 switches on core 0)
2026-04-23 17:46:28.688 6 INFO neutron.pecan_wsgi.hooks.translation [None req-5084e48f-ce88-4cc3-a14a-c54933f04bf7 3f39615934734d42a584487d8ca39b61 bca543c840bc4a6f8303226c87171340 - - default default] GET failed (client error): The resource could not be found. [pid: 6|app: 0|req: 1672/3335] 10.0.0.190 () {32 vars in 721 bytes} [Thu Apr 23 17:46:28 2026] GET /v2.0/subnets/39f37fda-8823-4d7b-9eb3-0fce4290fc54 => generated 136 bytes in 17 msecs (HTTP/1.1 404) 4 headers in 164 bytes (1 switches on core 0) [pid: 7|app: 0|req: 1664/3336] 10.0.0.190 () {32 vars in 724 bytes} [Thu Apr 23 17:46:28 2026] DELETE /v2.0/subnets/960899b8-3a8e-45a1-8237-1c15d2f6dc4b => generated 0 bytes in 163 msecs (HTTP/1.1 204) 3 headers in 131 bytes (1 switches on core 0)
2026-04-23 17:46:28.881 6 INFO neutron.pecan_wsgi.hooks.translation [None req-066e3eb6-8c78-4e27-9e7f-cd7550faf049 3f39615934734d42a584487d8ca39b61 bca543c840bc4a6f8303226c87171340 - - default default] GET failed (client error): The resource could not be found. [pid: 6|app: 0|req: 1673/3337] 10.0.0.190 () {32 vars in 721 bytes} [Thu Apr 23 17:46:28 2026] GET /v2.0/subnets/960899b8-3a8e-45a1-8237-1c15d2f6dc4b => generated 136 bytes in 16 msecs (HTTP/1.1 404) 4 headers in 164 bytes (1 switches on core 0)
2026-04-23 17:46:28.995 7 INFO neutron_taas.services.taas.taas_plugin [None req-36b2af87-1fbd-430f-ad9e-5918581ca47f 3f39615934734d42a584487d8ca39b61 bca543c840bc4a6f8303226c87171340 - - default default] TaaS: Handle Delete Port: 6e8a3ed1-71f3-406b-9b49-2840e085380b
2026-04-23 17:46:28.998 7 INFO neutron_taas.services.taas.tap_mirror_plugin [None req-36b2af87-1fbd-430f-ad9e-5918581ca47f 3f39615934734d42a584487d8ca39b61 bca543c840bc4a6f8303226c87171340 - - default default] Tap Mirror: Handle Delete Port: 6e8a3ed1-71f3-406b-9b49-2840e085380b [pid: 7|app: 0|req: 1665/3338] 10.0.0.190 () {32 vars in 726 bytes} [Thu Apr 23 17:46:28 2026] DELETE /v2.0/networks/aba8c523-e84f-4b70-b07d-fc637bd8818a => generated 0 bytes in 353 msecs (HTTP/1.1 204) 3 headers in 131 bytes (1 switches on core 0)
2026-04-23 17:46:29.262 6 INFO neutron.pecan_wsgi.hooks.translation [None req-ef84fb1c-8807-47b2-bfbd-9a6c231a0006 3f39615934734d42a584487d8ca39b61 bca543c840bc4a6f8303226c87171340 - - default default] GET failed (client error): The resource could not be found. [pid: 6|app: 0|req: 1674/3339] 10.0.0.190 () {32 vars in 723 bytes} [Thu Apr 23 17:46:29 2026] GET /v2.0/networks/aba8c523-e84f-4b70-b07d-fc637bd8818a => generated 138 bytes in 19 msecs (HTTP/1.1 404) 4 headers in 164 bytes (1 switches on core 0) [pid: 7|app: 0|req: 1666/3340] 10.0.0.190 () {32 vars in 724 bytes} [Thu Apr 23 17:46:29 2026] DELETE /v2.0/subnets/e18dc858-6696-4bf5-8de9-ea386fd6ecd0 => generated 0 bytes in 161 msecs (HTTP/1.1 204) 3 headers in 131 bytes (1 switches on core 0)
2026-04-23 17:46:29.452 6 INFO neutron.pecan_wsgi.hooks.translation [None req-0073d245-8d1e-4e59-ba54-ec2b4acc3942 3f39615934734d42a584487d8ca39b61 bca543c840bc4a6f8303226c87171340 - - default default] GET failed (client error): The resource could not be found. [pid: 6|app: 0|req: 1675/3341] 10.0.0.190 () {32 vars in 721 bytes} [Thu Apr 23 17:46:29 2026] GET /v2.0/subnets/e18dc858-6696-4bf5-8de9-ea386fd6ecd0 => generated 136 bytes in 17 msecs (HTTP/1.1 404) 4 headers in 164 bytes (1 switches on core 0) [pid: 7|app: 0|req: 1667/3342] 10.0.0.190 () {32 vars in 724 bytes} [Thu Apr 23 17:46:29 2026] DELETE /v2.0/subnets/5cc3158b-0cb4-4f1a-9a23-38e9bc25304b => generated 0 bytes in 164 msecs (HTTP/1.1 204) 3 headers in 131 bytes (1 switches on core 0)
2026-04-23 17:46:29.646 6 INFO neutron.pecan_wsgi.hooks.translation [None req-9c1399ff-9c1f-4441-88d0-bf1ff70a7281 3f39615934734d42a584487d8ca39b61 bca543c840bc4a6f8303226c87171340 - - default default] GET failed (client error): The resource could not be found. [pid: 6|app: 0|req: 1676/3343] 10.0.0.190 () {32 vars in 721 bytes} [Thu Apr 23 17:46:29 2026] GET /v2.0/subnets/5cc3158b-0cb4-4f1a-9a23-38e9bc25304b => generated 136 bytes in 18 msecs (HTTP/1.1 404) 4 headers in 164 bytes (1 switches on core 0)
2026-04-23 17:46:29.783 7 INFO neutron_taas.services.taas.taas_plugin [None req-a6870649-3363-4211-b34d-77afc90b8601 3f39615934734d42a584487d8ca39b61 bca543c840bc4a6f8303226c87171340 - - default default] TaaS: Handle Delete Port: d16fcbc8-5a70-4904-b6d4-676830b9936b
2026-04-23 17:46:29.787 7 INFO neutron_taas.services.taas.tap_mirror_plugin [None req-a6870649-3363-4211-b34d-77afc90b8601 3f39615934734d42a584487d8ca39b61 bca543c840bc4a6f8303226c87171340 - - default default] Tap Mirror: Handle Delete Port: d16fcbc8-5a70-4904-b6d4-676830b9936b [pid: 7|app: 0|req: 1668/3344] 10.0.0.190 () {32 vars in 726 bytes} [Thu Apr 23 17:46:29 2026] DELETE /v2.0/networks/ebe706b1-b809-4b33-ade0-6c06abc57540 => generated 0 bytes in 342 msecs (HTTP/1.1 204) 3 headers in 131 bytes (1 switches on core 0)
2026-04-23 17:46:30.016 6 INFO neutron.pecan_wsgi.hooks.translation [None req-5fc4e51c-caac-42f3-808d-099a0ea7f6db 3f39615934734d42a584487d8ca39b61 bca543c840bc4a6f8303226c87171340 - - default default] GET failed (client error): The resource could not be found. [pid: 6|app: 0|req: 1677/3345] 10.0.0.190 () {32 vars in 723 bytes} [Thu Apr 23 17:46:29 2026] GET /v2.0/networks/ebe706b1-b809-4b33-ade0-6c06abc57540 => generated 138 bytes in 17 msecs (HTTP/1.1 404) 4 headers in 164 bytes (1 switches on core 0)
2026-04-23 17:46:30.518 7 INFO neutron.services.segments.plugin [-] Segment e4b78d62-0395-4c37-89d4-291a7de17f1e resource provider aggregate not found
2026-04-23 17:46:30.522 7 INFO neutron.services.segments.plugin [-] Segment e4b78d62-0395-4c37-89d4-291a7de17f1e resource provider aggregate not found
2026-04-23 17:46:30.530 7 INFO neutron.services.segments.plugin [-] Segment e4b78d62-0395-4c37-89d4-291a7de17f1e resource provider not found; error: Placement Client Error (4xx): {"errors": [{"status": 404, "title": "Not Found", "detail": "The resource could not be found.\n\n No resource provider with uuid e4b78d62-0395-4c37-89d4-291a7de17f1e found for delete ", "request_id": "req-2e534a66-890d-4df9-8f36-a6053f410b56"}]}
2026-04-23 17:46:30.535 7 INFO neutron.services.segments.plugin [-] Segment e4b78d62-0395-4c37-89d4-291a7de17f1e resource provider not found; error: Placement Client Error (4xx): {"errors": [{"status": 404, "title": "Not Found", "detail": "The resource could not be found.\n\n No resource provider with uuid e4b78d62-0395-4c37-89d4-291a7de17f1e found for delete ", "request_id": "req-373d8d3a-2a28-41b6-9e06-1f094eb43c68"}]}
2026-04-23 17:46:30.545 7 INFO neutron.services.segments.plugin [-] Segment 58288e13-47df-4a24-af29-3b042a4a9e97 resource provider aggregate not found
2026-04-23 17:46:30.553 7 INFO neutron.services.segments.plugin [-] Segment 58288e13-47df-4a24-af29-3b042a4a9e97 resource provider aggregate not found
2026-04-23 17:46:30.557 7 INFO neutron.services.segments.plugin [-] Segment 58288e13-47df-4a24-af29-3b042a4a9e97 resource provider not found; error: Placement Client Error (4xx): {"errors": [{"status": 404, "title": "Not Found", "detail": "The resource could not be found.\n\n No resource provider with uuid 58288e13-47df-4a24-af29-3b042a4a9e97 found for delete ", "request_id": "req-8a744bba-65e2-449e-ad4d-3fe95b4999bf"}]}
2026-04-23 17:46:30.567 7 INFO neutron.services.segments.plugin [-] Segment 58288e13-47df-4a24-af29-3b042a4a9e97 resource provider not found; error: Placement Client Error (4xx): {"errors": [{"status": 404, "title": "Not Found", "detail": "The resource could not be found.\n\n No resource provider with uuid 58288e13-47df-4a24-af29-3b042a4a9e97 found for delete ", "request_id": "req-65a71e60-3133-4acc-a82a-e8ca10098945"}]}
2026-04-23 17:46:31.941 7 INFO neutron.db.ovn_revision_numbers_db [None req-b367c1b5-f015-41c2-8fbe-4b60f94eda30 86dbc41af04c4023b00809ba6981e623 5377227ebb74401d95b49db24fe12186 - - default default] Successfully bumped revision number for resource 3a099b60-2c4f-4671-9476-5e002ebb8d24 (type: security_groups) to 1
2026-04-23 17:46:31.953 7 INFO neutron.db.ovn_revision_numbers_db [None req-b367c1b5-f015-41c2-8fbe-4b60f94eda30 86dbc41af04c4023b00809ba6981e623 5377227ebb74401d95b49db24fe12186 - - default default] Successfully bumped revision number for resource 92f97100-7558-459c-a116-4263b68019ad (type: security_group_rules) to 0
2026-04-23 17:46:31.964 7 INFO neutron.db.ovn_revision_numbers_db [None req-b367c1b5-f015-41c2-8fbe-4b60f94eda30 86dbc41af04c4023b00809ba6981e623 5377227ebb74401d95b49db24fe12186 - - default default] Successfully bumped revision number for resource 9731a57d-030a-4630-ada6-0b7c9e463b9d (type: security_group_rules) to 0
2026-04-23 17:46:31.977 7 INFO neutron.db.ovn_revision_numbers_db [None req-b367c1b5-f015-41c2-8fbe-4b60f94eda30 86dbc41af04c4023b00809ba6981e623 5377227ebb74401d95b49db24fe12186 - - default default] Successfully bumped revision number for resource a3b6a4d5-9573-41a4-9300-29a8a6116ca3 (type: security_group_rules) to 0
2026-04-23 17:46:31.988 7 INFO neutron.db.ovn_revision_numbers_db [None req-b367c1b5-f015-41c2-8fbe-4b60f94eda30 86dbc41af04c4023b00809ba6981e623 5377227ebb74401d95b49db24fe12186 - - default default] Successfully bumped revision number for resource bbea1476-d90a-48b1-bcdc-46b75e6b4a07 (type: security_group_rules) to 0 [pid: 7|app: 0|req: 1669/3346] 10.0.0.190 () {32 vars in 774 bytes} [Thu Apr 23 17:46:31 2026] GET /v2.0/security-groups?tenant_id=4b6ad4a9b9bd42f5889e4fd9672d52f4&name=default => generated 2929 bytes in 369 msecs (HTTP/1.1 200) 4 headers in 158 bytes (1 switches on core 0) [pid: 6|app: 0|req: 1678/3347] 10.0.0.190 () {32 vars in 740 bytes} [Thu Apr 23 17:46:32 2026] DELETE /v2.0/security-groups/3a099b60-2c4f-4671-9476-5e002ebb8d24 => generated 0 bytes in 233 msecs (HTTP/1.1 204) 2 headers in 112 bytes (1 switches on core 0)
2026-04-23 17:46:32.495 7 INFO neutron.db.ovn_revision_numbers_db [None req-7de60377-1883-4539-8c80-93943ac1a4f5 86dbc41af04c4023b00809ba6981e623 5377227ebb74401d95b49db24fe12186 - - default default] Successfully bumped revision number for resource f3839de1-ff13-4de4-b832-a16d53252632 (type: security_groups) to 1
2026-04-23 17:46:32.509 7 INFO neutron.db.ovn_revision_numbers_db [None req-7de60377-1883-4539-8c80-93943ac1a4f5 86dbc41af04c4023b00809ba6981e623 5377227ebb74401d95b49db24fe12186 - - default default] Successfully bumped revision number for resource 1d3c8c97-f8d4-4254-9495-ae3b3863407a (type: security_group_rules) to 0
2026-04-23 17:46:32.522 7 INFO neutron.db.ovn_revision_numbers_db [None req-7de60377-1883-4539-8c80-93943ac1a4f5 86dbc41af04c4023b00809ba6981e623 5377227ebb74401d95b49db24fe12186 - - default default] Successfully bumped revision number for resource 251cfdfd-d91f-4346-a852-3199934c6fb8 (type: security_group_rules) to 0
2026-04-23 17:46:32.538 7 INFO neutron.db.ovn_revision_numbers_db [None req-7de60377-1883-4539-8c80-93943ac1a4f5 86dbc41af04c4023b00809ba6981e623 5377227ebb74401d95b49db24fe12186 - - default default] Successfully bumped revision number for resource 2b4f03fd-ca39-40f1-8484-d7a29e7f27b6 (type: security_group_rules) to 0
2026-04-23 17:46:32.551 7 INFO neutron.db.ovn_revision_numbers_db [None req-7de60377-1883-4539-8c80-93943ac1a4f5 86dbc41af04c4023b00809ba6981e623 5377227ebb74401d95b49db24fe12186 - - default default] Successfully bumped revision number for resource 3590f1ac-a28b-4a78-bb9c-81ddc5486b92 (type: security_group_rules) to 0 [pid: 7|app: 0|req: 1670/3348] 10.0.0.190 () {32 vars in 774 bytes} [Thu Apr 23 17:46:32 2026] GET /v2.0/security-groups?tenant_id=1fdcf8c444a34c538d48ba7ee705aa9f&name=default => generated 2929 bytes in 255 msecs (HTTP/1.1 200) 4 headers in 158 bytes (1 switches on core 0) [pid: 6|app: 0|req: 1679/3349] 10.0.0.190 () {32 vars in 740 bytes} [Thu Apr 23 17:46:32 2026] DELETE /v2.0/security-groups/f3839de1-ff13-4de4-b832-a16d53252632 => generated 0 bytes in 267 msecs (HTTP/1.1 204) 2 headers in 112 bytes (1 switches on core 0)
2026-04-23 17:46:33.188 7 INFO neutron.db.ovn_revision_numbers_db [None req-f99d57f3-3b09-4123-968a-2daa669c6d8c 86dbc41af04c4023b00809ba6981e623 5377227ebb74401d95b49db24fe12186 - - default default] Successfully bumped revision number for resource 137d78cf-fbe2-4b45-90d1-f1c0db33bf52 (type: security_groups) to 1
2026-04-23 17:46:33.200 7 INFO neutron.db.ovn_revision_numbers_db [None req-f99d57f3-3b09-4123-968a-2daa669c6d8c 86dbc41af04c4023b00809ba6981e623 5377227ebb74401d95b49db24fe12186 - - default default] Successfully bumped revision number for resource 17dd7dbe-2c24-4717-ab49-d0cb2210ec29 (type: security_group_rules) to 0
2026-04-23 17:46:33.211 7 INFO neutron.db.ovn_revision_numbers_db [None req-f99d57f3-3b09-4123-968a-2daa669c6d8c 86dbc41af04c4023b00809ba6981e623 5377227ebb74401d95b49db24fe12186 - - default default] Successfully bumped revision number for resource 5bdde3f0-cac8-49af-842d-7f5d70b5a876 (type: security_group_rules) to 0
2026-04-23 17:46:33.221 7 INFO neutron.db.ovn_revision_numbers_db [None req-f99d57f3-3b09-4123-968a-2daa669c6d8c 86dbc41af04c4023b00809ba6981e623 5377227ebb74401d95b49db24fe12186 - - default default] Successfully bumped revision number for resource 8b24c2af-4bb0-48d2-ba4f-bc0e9eb8aeb8 (type: security_group_rules) to 0
2026-04-23 17:46:33.231 7 INFO neutron.db.ovn_revision_numbers_db [None req-f99d57f3-3b09-4123-968a-2daa669c6d8c 86dbc41af04c4023b00809ba6981e623 5377227ebb74401d95b49db24fe12186 - - default default] Successfully bumped revision number for resource e4349229-c077-4d94-8031-43ae8a053047 (type: security_group_rules) to 0 [pid: 7|app: 0|req: 1671/3350] 10.0.0.190 () {32 vars in 774 bytes} [Thu Apr 23 17:46:33 2026] GET /v2.0/security-groups?tenant_id=39b5ee34324b45c98769369474723737&name=default => generated 2929 bytes in 209 msecs (HTTP/1.1 200) 4 headers in 158 bytes (1 switches on core 0) [pid: 6|app: 0|req: 1680/3351] 10.0.0.190 () {32 vars in 740 bytes} [Thu Apr 23 17:46:33 2026] DELETE /v2.0/security-groups/137d78cf-fbe2-4b45-90d1-f1c0db33bf52 => generated 0 bytes in 220 msecs (HTTP/1.1 204) 2 headers in 112 bytes (1 switches on core 0)
2026-04-23 17:46:33.745 7 INFO neutron.db.ovn_revision_numbers_db [None req-6126c705-c7d2-4e7b-b9e8-63ddc4006028 86dbc41af04c4023b00809ba6981e623 5377227ebb74401d95b49db24fe12186 - - default default] Successfully bumped revision number for resource c91d7dcf-dbdd-48d0-934d-d771b42ed71b (type: security_groups) to 1
2026-04-23 17:46:33.759 7 INFO neutron.db.ovn_revision_numbers_db [None req-6126c705-c7d2-4e7b-b9e8-63ddc4006028 86dbc41af04c4023b00809ba6981e623 5377227ebb74401d95b49db24fe12186 - - default default] Successfully bumped revision number for resource 469df854-e3e0-489b-8b67-2fe592a4712d (type: security_group_rules) to 0
2026-04-23 17:46:33.769 7 INFO neutron.db.ovn_revision_numbers_db [None req-6126c705-c7d2-4e7b-b9e8-63ddc4006028 86dbc41af04c4023b00809ba6981e623 5377227ebb74401d95b49db24fe12186 - - default default] Successfully bumped revision number for resource 57fb42d9-7b23-4897-ad6f-ac44ce5136b4 (type: security_group_rules) to 0
2026-04-23 17:46:33.780 7 INFO neutron.db.ovn_revision_numbers_db [None req-6126c705-c7d2-4e7b-b9e8-63ddc4006028 86dbc41af04c4023b00809ba6981e623 5377227ebb74401d95b49db24fe12186 - - default default] Successfully bumped revision number for resource 5c2c1604-40f4-4d50-8ed0-b1a89f601686 (type: security_group_rules) to 0
2026-04-23 17:46:33.791 7 INFO neutron.db.ovn_revision_numbers_db [None req-6126c705-c7d2-4e7b-b9e8-63ddc4006028 86dbc41af04c4023b00809ba6981e623 5377227ebb74401d95b49db24fe12186 - - default default] Successfully bumped revision number for resource f22444b7-50cd-4e57-89db-d119da7f3a89 (type: security_group_rules) to 0 [pid: 7|app: 0|req: 1672/3352] 10.0.0.190 () {32 vars in 774 bytes} [Thu Apr 23 17:46:33 2026] GET /v2.0/security-groups?tenant_id=97c6d9e6c3754da2b360a353f676a172&name=default => generated 2929 bytes in 206 msecs (HTTP/1.1 200) 4 headers in 158 bytes (1 switches on core 0) [pid: 6|app: 0|req: 1681/3353] 10.0.0.190 () {32 vars in 740 bytes} [Thu Apr 23 17:46:33 2026] DELETE /v2.0/security-groups/c91d7dcf-dbdd-48d0-934d-d771b42ed71b => generated 0 bytes in 207 msecs (HTTP/1.1 204) 2 headers in 112 bytes (1 switches on core 0)
2026-04-23 17:46:34.297 7 INFO neutron.db.ovn_revision_numbers_db [None req-0af90df7-2174-4283-b4fa-390d04f38f94 86dbc41af04c4023b00809ba6981e623 5377227ebb74401d95b49db24fe12186 - - default default] Successfully bumped revision number for resource 234a83aa-e123-4988-8820-e8b199846e13 (type: security_groups) to 1
2026-04-23 17:46:34.317 7 INFO neutron.db.ovn_revision_numbers_db [None req-0af90df7-2174-4283-b4fa-390d04f38f94 86dbc41af04c4023b00809ba6981e623 5377227ebb74401d95b49db24fe12186 - - default default] Successfully bumped revision number for resource 174bf275-c6f0-4e70-9007-ad0042be748e (type: security_group_rules) to 0
2026-04-23 17:46:34.330 7 INFO neutron.db.ovn_revision_numbers_db [None req-0af90df7-2174-4283-b4fa-390d04f38f94 86dbc41af04c4023b00809ba6981e623 5377227ebb74401d95b49db24fe12186 - - default default] Successfully bumped revision number for resource 5e3a5fff-ac20-49c5-9a19-5e903276edb8 (type: security_group_rules) to 0
2026-04-23 17:46:34.341 7 INFO neutron.db.ovn_revision_numbers_db [None req-0af90df7-2174-4283-b4fa-390d04f38f94 86dbc41af04c4023b00809ba6981e623 5377227ebb74401d95b49db24fe12186 - - default default] Successfully bumped revision number for resource 8cc2f7bf-1b2c-45cd-8f13-2e2bdde39cb3 (type: security_group_rules) to 0
2026-04-23 17:46:34.352 7 INFO neutron.db.ovn_revision_numbers_db [None req-0af90df7-2174-4283-b4fa-390d04f38f94 86dbc41af04c4023b00809ba6981e623 5377227ebb74401d95b49db24fe12186 - - default default] Successfully bumped revision number for resource a055b856-b409-4e45-bc94-7891fd9358f7 (type: security_group_rules) to 0 [pid: 7|app: 0|req: 1673/3354] 10.0.0.190 () {32 vars in 774 bytes} [Thu Apr 23 17:46:34 2026] GET /v2.0/security-groups?tenant_id=71ef009b7e6440278b192587983ef426&name=default => generated 2929 bytes in 221 msecs (HTTP/1.1 200) 4 headers in 158 bytes (1 switches on core 0) [pid: 6|app: 0|req: 1682/3355] 10.0.0.190 () {32 vars in 740 bytes} [Thu Apr 23 17:46:34 2026] DELETE /v2.0/security-groups/234a83aa-e123-4988-8820-e8b199846e13 => generated 0 bytes in 235 msecs (HTTP/1.1 204) 2 headers in 112 bytes (1 switches on core 0)
2026-04-23 17:46:34.897 7 INFO neutron.db.ovn_revision_numbers_db [None req-26f5d088-1e83-4e98-91fa-a6951f63fe5f 86dbc41af04c4023b00809ba6981e623 5377227ebb74401d95b49db24fe12186 - - default default] Successfully bumped revision number for resource 09cd0ac2-76b6-45fa-84b8-f08187025b87 (type: security_groups) to 1
2026-04-23 17:46:34.907 7 INFO neutron.db.ovn_revision_numbers_db [None req-26f5d088-1e83-4e98-91fa-a6951f63fe5f 86dbc41af04c4023b00809ba6981e623 5377227ebb74401d95b49db24fe12186 - - default default] Successfully bumped revision number for resource 0d8e29ed-cb2a-452e-8251-cc587562938f (type: security_group_rules) to 0
2026-04-23 17:46:34.917 7 INFO neutron.db.ovn_revision_numbers_db [None req-26f5d088-1e83-4e98-91fa-a6951f63fe5f 86dbc41af04c4023b00809ba6981e623 5377227ebb74401d95b49db24fe12186 - - default default] Successfully bumped revision number for resource 56cbae1e-04b5-4728-a626-d6874f261a80 (type: security_group_rules) to 0
2026-04-23 17:46:34.929 7 INFO neutron.db.ovn_revision_numbers_db [None req-26f5d088-1e83-4e98-91fa-a6951f63fe5f 86dbc41af04c4023b00809ba6981e623 5377227ebb74401d95b49db24fe12186 - - default default] Successfully bumped revision number for resource 56d391c6-f97f-4b92-96b0-ce35144386f7 (type: security_group_rules) to 0
