2026-07-02 16:39:01.605 7 INFO placement.requestlog [None req-e9f418f2-d6ca-4b35-b5be-b56f5329fdd2 59dff41060754cd5bcabe9cdceda239d 9c5033dd102e4683a593053dfa0f1385 - - 0cd31e2e8de346e4a0564331fc03fc40 0cd31e2e8de346e4a0564331fc03fc40] 10.0.0.57 "DELETE /resource_providers/30949a0e-2d0e-46b8-aa8a-ccb59c8aa843" status: 404 len: 246 microversion: 1.1 [pid: 7|app: 0|req: 524/1044] 10.0.0.57 () {34 vars in 815 bytes} [Thu Jul 2 16:39:01 2026] DELETE /resource_providers/30949a0e-2d0e-46b8-aa8a-ccb59c8aa843 => generated 246 bytes in 9 msecs (HTTP/1.1 404) 6 headers in 231 bytes (1 switches on core 0)
2026-07-02 16:39:01.609 8 INFO placement.requestlog [None req-f69b08c6-54e1-4128-bb15-80ac99e133f5 59dff41060754cd5bcabe9cdceda239d 9c5033dd102e4683a593053dfa0f1385 - - 0cd31e2e8de346e4a0564331fc03fc40 0cd31e2e8de346e4a0564331fc03fc40] 10.0.0.57 "DELETE /resource_providers/30949a0e-2d0e-46b8-aa8a-ccb59c8aa843" status: 404 len: 246 microversion: 1.1 [pid: 8|app: 0|req: 521/1045] 10.0.0.57 () {34 vars in 815 bytes} [Thu Jul 2 16:39:01 2026] DELETE /resource_providers/30949a0e-2d0e-46b8-aa8a-ccb59c8aa843 => generated 246 bytes in 13 msecs (HTTP/1.1 404) 6 headers in 231 bytes (1 switches on core 0)
2026-07-02 16:39:01.690 8 INFO placement.requestlog [None req-3eecd0b4-0d5c-49f1-ab9c-2cb7e49bd95a 59dff41060754cd5bcabe9cdceda239d 9c5033dd102e4683a593053dfa0f1385 - - 0cd31e2e8de346e4a0564331fc03fc40 0cd31e2e8de346e4a0564331fc03fc40] 10.0.0.57 "GET /resource_providers/7edbbcc1-8263-4980-8e6b-e5f5f9a2d579/aggregates" status: 404 len: 235 microversion: 1.1
2026-07-02 16:39:01.690 7 INFO placement.requestlog [None req-6c60fdad-c35f-449e-a903-9ef559915bd9 59dff41060754cd5bcabe9cdceda239d 9c5033dd102e4683a593053dfa0f1385 - - 0cd31e2e8de346e4a0564331fc03fc40 0cd31e2e8de346e4a0564331fc03fc40] 10.0.0.57 "GET /resource_providers/7edbbcc1-8263-4980-8e6b-e5f5f9a2d579/aggregates" status: 404 len: 235 microversion: 1.1 [pid: 8|app: 0|req: 522/1046] 10.0.0.57 () {32 vars in 815 bytes} [Thu Jul 2 16:39:01 2026] GET /resource_providers/7edbbcc1-8263-4980-8e6b-e5f5f9a2d579/aggregates => generated 235 bytes in 10 msecs (HTTP/1.1 404) 5 headers in 202 bytes (1 switches on core 0) [pid: 7|app: 0|req: 525/1047] 10.0.0.57 () {32 vars in 815 bytes} [Thu Jul 2 16:39:01 2026] GET /resource_providers/7edbbcc1-8263-4980-8e6b-e5f5f9a2d579/aggregates => generated 235 bytes in 10 msecs (HTTP/1.1 404) 5 headers in 202 bytes (1 switches on core 0)
2026-07-02 16:39:01.712 8 INFO placement.requestlog [None req-5a626ea1-e2c7-4726-9de4-319b503eb50b 59dff41060754cd5bcabe9cdceda239d 9c5033dd102e4683a593053dfa0f1385 - - 0cd31e2e8de346e4a0564331fc03fc40 0cd31e2e8de346e4a0564331fc03fc40] 10.0.0.57 "DELETE /resource_providers/7edbbcc1-8263-4980-8e6b-e5f5f9a2d579" status: 404 len: 246 microversion: 1.1 [pid: 8|app: 0|req: 523/1048] 10.0.0.57 () {34 vars in 815 bytes} [Thu Jul 2 16:39:01 2026] DELETE /resource_providers/7edbbcc1-8263-4980-8e6b-e5f5f9a2d579 => generated 246 bytes in 10 msecs (HTTP/1.1 404) 6 headers in 231 bytes (1 switches on core 0)
2026-07-02 16:39:01.720 7 INFO placement.requestlog [None req-0bef8421-5557-4cb9-b292-e58a38a19c2d 59dff41060754cd5bcabe9cdceda239d 9c5033dd102e4683a593053dfa0f1385 - - 0cd31e2e8de346e4a0564331fc03fc40 0cd31e2e8de346e4a0564331fc03fc40] 10.0.0.57 "DELETE /resource_providers/7edbbcc1-8263-4980-8e6b-e5f5f9a2d579" status: 404 len: 246 microversion: 1.1 [pid: 7|app: 0|req: 526/1049] 10.0.0.57 () {34 vars in 815 bytes} [Thu Jul 2 16:39:01 2026] DELETE /resource_providers/7edbbcc1-8263-4980-8e6b-e5f5f9a2d579 => generated 246 bytes in 17 msecs (HTTP/1.1 404) 6 headers in 231 bytes (1 switches on core 0)
2026-07-02 16:39:02.339 8 INFO placement.requestlog [req-d19b7910-e8f3-4f6f-8803-6e24033a0a73 req-303e875d-bbe6-41ae-91e2-84f6fa584d5b 6735c1d1612f4e20b74df8d88310ed88 9c5033dd102e4683a593053dfa0f1385 - - 0cd31e2e8de346e4a0564331fc03fc40 0cd31e2e8de346e4a0564331fc03fc40] 10.0.0.23 "GET /allocation_candidates?limit=1000&resources=DISK_GB%3A1%2CMEMORY_MB%3A512%2CVCPU%3A1&root_required=%21COMPUTE_STATUS_DISABLED" status: 200 len: 2217 microversion: 1.36 [pid: 8|app: 0|req: 524/1050] 10.0.0.23 () {34 vars in 1011 bytes} [Thu Jul 2 16:39:02 2026] GET /allocation_candidates?limit=1000&resources=DISK_GB%3A1%2CMEMORY_MB%3A512%2CVCPU%3A1&root_required=%21COMPUTE_STATUS_DISABLED => generated 2217 bytes in 68 msecs (HTTP/1.1 200) 8 headers in 297 bytes (1 switches on core 0)
2026-07-02 16:39:02.371 7 INFO placement.requestlog [req-d19b7910-e8f3-4f6f-8803-6e24033a0a73 req-d09eab92-cd23-4cbe-bc87-12c31c803b5e 6735c1d1612f4e20b74df8d88310ed88 9c5033dd102e4683a593053dfa0f1385 - - 0cd31e2e8de346e4a0564331fc03fc40 0cd31e2e8de346e4a0564331fc03fc40] 10.0.0.23 "GET /allocations/63ee654b-2ab8-48ae-b1ef-d5ce42fb34c0" status: 200 len: 19 microversion: 1.28 [pid: 7|app: 0|req: 527/1051] 10.0.0.23 () {34 vars in 860 bytes} [Thu Jul 2 16:39:02 2026] GET /allocations/63ee654b-2ab8-48ae-b1ef-d5ce42fb34c0 => generated 19 bytes in 8 msecs (HTTP/1.1 200) 8 headers in 295 bytes (1 switches on core 0)
2026-07-02 16:39:02.472 8 INFO placement.requestlog [req-d19b7910-e8f3-4f6f-8803-6e24033a0a73 req-73e14c7a-711b-4089-be4a-62bb745776f4 6735c1d1612f4e20b74df8d88310ed88 9c5033dd102e4683a593053dfa0f1385 - - 0cd31e2e8de346e4a0564331fc03fc40 0cd31e2e8de346e4a0564331fc03fc40] 10.0.0.23 "PUT /allocations/63ee654b-2ab8-48ae-b1ef-d5ce42fb34c0" status: 204 len: 0 microversion: 1.36 [pid: 8|app: 0|req: 525/1052] 10.0.0.23 () {38 vars in 913 bytes} [Thu Jul 2 16:39:02 2026] PUT /allocations/63ee654b-2ab8-48ae-b1ef-d5ce42fb34c0 => generated 0 bytes in 96 msecs (HTTP/1.1 204) 5 headers in 199 bytes (1 switches on core 0)
2026-07-02 16:39:02.896 7 INFO placement.requestlog [req-d19b7910-e8f3-4f6f-8803-6e24033a0a73 req-e1f14cfe-f4e4-4d2c-a69d-dedb425b63bc 6735c1d1612f4e20b74df8d88310ed88 9c5033dd102e4683a593053dfa0f1385 - - 0cd31e2e8de346e4a0564331fc03fc40 0cd31e2e8de346e4a0564331fc03fc40] 199.19.213.219 "GET /allocations/63ee654b-2ab8-48ae-b1ef-d5ce42fb34c0" status: 200 len: 257 microversion: 1.28 [pid: 7|app: 0|req: 528/1053] 199.19.213.219 () {34 vars in 863 bytes} [Thu Jul 2 16:39:02 2026] GET /allocations/63ee654b-2ab8-48ae-b1ef-d5ce42fb34c0 => generated 257 bytes in 49 msecs (HTTP/1.1 200) 8 headers in 296 bytes (1 switches on core 0)
2026-07-02 16:39:03.024 8 INFO placement.requestlog [req-d19b7910-e8f3-4f6f-8803-6e24033a0a73 req-69002397-352a-4aac-b760-215ab563d1a7 6735c1d1612f4e20b74df8d88310ed88 9c5033dd102e4683a593053dfa0f1385 - - 0cd31e2e8de346e4a0564331fc03fc40 0cd31e2e8de346e4a0564331fc03fc40] 199.19.213.219 "GET /resource_providers/818d7b0c-f59f-427d-baff-92df86ced1f5/allocations" status: 200 len: 152 microversion: 1.0 [pid: 8|app: 0|req: 526/1054] 199.19.213.219 () {32 vars in 857 bytes} [Thu Jul 2 16:39:02 2026] GET /resource_providers/818d7b0c-f59f-427d-baff-92df86ced1f5/allocations => generated 152 bytes in 26 msecs (HTTP/1.1 200) 6 headers in 224 bytes (1 switches on core 0)
2026-07-02 16:39:03.055 7 INFO placement.requestlog [req-d19b7910-e8f3-4f6f-8803-6e24033a0a73 req-5049e3d8-c7a2-4996-893b-e8755c82967a 6735c1d1612f4e20b74df8d88310ed88 9c5033dd102e4683a593053dfa0f1385 - - 0cd31e2e8de346e4a0564331fc03fc40 0cd31e2e8de346e4a0564331fc03fc40] 199.19.213.219 "GET /allocations/63ee654b-2ab8-48ae-b1ef-d5ce42fb34c0" status: 200 len: 257 microversion: 1.28 [pid: 7|app: 0|req: 529/1055] 199.19.213.219 () {34 vars in 863 bytes} [Thu Jul 2 16:39:03 2026] GET /allocations/63ee654b-2ab8-48ae-b1ef-d5ce42fb34c0 => generated 257 bytes in 24 msecs (HTTP/1.1 200) 8 headers in 296 bytes (1 switches on core 0)
2026-07-02 16:39:04.070 7 INFO placement.requestlog [None req-3421b6d7-4e33-458e-8958-2f4a77feb9ff 59dff41060754cd5bcabe9cdceda239d 9c5033dd102e4683a593053dfa0f1385 - - 0cd31e2e8de346e4a0564331fc03fc40 0cd31e2e8de346e4a0564331fc03fc40] 10.0.0.57 "GET /resource_providers/21ad2675-1de4-415e-b6b3-4ee62890feeb/aggregates" status: 404 len: 235 microversion: 1.1 [pid: 7|app: 0|req: 530/1056] 10.0.0.57 () {32 vars in 815 bytes} [Thu Jul 2 16:39:04 2026] GET /resource_providers/21ad2675-1de4-415e-b6b3-4ee62890feeb/aggregates => generated 235 bytes in 11 msecs (HTTP/1.1 404) 5 headers in 202 bytes (1 switches on core 0)
2026-07-02 16:39:04.074 8 INFO placement.requestlog [None req-71a68268-5b16-4e88-8fc5-76944b2e5d7a 59dff41060754cd5bcabe9cdceda239d 9c5033dd102e4683a593053dfa0f1385 - - 0cd31e2e8de346e4a0564331fc03fc40 0cd31e2e8de346e4a0564331fc03fc40] 10.0.0.57 "GET /resource_providers/21ad2675-1de4-415e-b6b3-4ee62890feeb/aggregates" status: 404 len: 235 microversion: 1.1 [pid: 8|app: 0|req: 527/1057] 10.0.0.57 () {32 vars in 815 bytes} [Thu Jul 2 16:39:04 2026] GET /resource_providers/21ad2675-1de4-415e-b6b3-4ee62890feeb/aggregates => generated 235 bytes in 15 msecs (HTTP/1.1 404) 5 headers in 202 bytes (1 switches on core 0)
2026-07-02 16:39:04.083 7 INFO placement.requestlog [None req-24a86abd-a3e7-4591-acac-ec115691a6f3 59dff41060754cd5bcabe9cdceda239d 9c5033dd102e4683a593053dfa0f1385 - - 0cd31e2e8de346e4a0564331fc03fc40 0cd31e2e8de346e4a0564331fc03fc40] 10.0.0.57 "DELETE /resource_providers/21ad2675-1de4-415e-b6b3-4ee62890feeb" status: 404 len: 246 microversion: 1.1 [pid: 7|app: 0|req: 531/1058] 10.0.0.57 () {34 vars in 815 bytes} [Thu Jul 2 16:39:04 2026] DELETE /resource_providers/21ad2675-1de4-415e-b6b3-4ee62890feeb => generated 246 bytes in 7 msecs (HTTP/1.1 404) 6 headers in 231 bytes (1 switches on core 0)
2026-07-02 16:39:04.108 8 INFO placement.requestlog [None req-46df3ef8-29bd-4122-95b7-250e89775ae8 59dff41060754cd5bcabe9cdceda239d 9c5033dd102e4683a593053dfa0f1385 - - 0cd31e2e8de346e4a0564331fc03fc40 0cd31e2e8de346e4a0564331fc03fc40] 10.0.0.57 "DELETE /resource_providers/21ad2675-1de4-415e-b6b3-4ee62890feeb" status: 404 len: 246 microversion: 1.1 [pid: 8|app: 0|req: 528/1059] 10.0.0.57 () {34 vars in 815 bytes} [Thu Jul 2 16:39:04 2026] DELETE /resource_providers/21ad2675-1de4-415e-b6b3-4ee62890feeb => generated 246 bytes in 17 msecs (HTTP/1.1 404) 6 headers in 231 bytes (1 switches on core 0)
2026-07-02 16:39:10.144 8 INFO placement.requestlog [None req-e598e99c-df47-42b6-9ef9-6933da7db8d6 59dff41060754cd5bcabe9cdceda239d 9c5033dd102e4683a593053dfa0f1385 - - 0cd31e2e8de346e4a0564331fc03fc40 0cd31e2e8de346e4a0564331fc03fc40] 10.0.0.57 "GET /resource_providers/a4139ee1-4b9a-4098-a044-4982df063bf5/aggregates" status: 404 len: 235 microversion: 1.1 [pid: 8|app: 0|req: 529/1060] 10.0.0.57 () {32 vars in 815 bytes} [Thu Jul 2 16:39:10 2026] GET /resource_providers/a4139ee1-4b9a-4098-a044-4982df063bf5/aggregates => generated 235 bytes in 23 msecs (HTTP/1.1 404) 5 headers in 202 bytes (1 switches on core 0)
2026-07-02 16:39:10.145 7 INFO placement.requestlog [None req-2ea6b00d-4b34-4bf7-b58f-2e0fc58860da 59dff41060754cd5bcabe9cdceda239d 9c5033dd102e4683a593053dfa0f1385 - - 0cd31e2e8de346e4a0564331fc03fc40 0cd31e2e8de346e4a0564331fc03fc40] 10.0.0.57 "GET /resource_providers/a4139ee1-4b9a-4098-a044-4982df063bf5/aggregates" status: 404 len: 235 microversion: 1.1 [pid: 7|app: 0|req: 532/1061] 10.0.0.57 () {32 vars in 815 bytes} [Thu Jul 2 16:39:10 2026] GET /resource_providers/a4139ee1-4b9a-4098-a044-4982df063bf5/aggregates => generated 235 bytes in 25 msecs (HTTP/1.1 404) 5 headers in 202 bytes (1 switches on core 0)
2026-07-02 16:39:10.172 7 INFO placement.requestlog [None req-75446f4f-4388-4a4f-89a1-9eeb5f3d1240 59dff41060754cd5bcabe9cdceda239d 9c5033dd102e4683a593053dfa0f1385 - - 0cd31e2e8de346e4a0564331fc03fc40 0cd31e2e8de346e4a0564331fc03fc40] 10.0.0.57 "DELETE /resource_providers/a4139ee1-4b9a-4098-a044-4982df063bf5" status: 404 len: 246 microversion: 1.1 [pid: 7|app: 0|req: 533/1062] 10.0.0.57 () {34 vars in 815 bytes} [Thu Jul 2 16:39:10 2026] DELETE /resource_providers/a4139ee1-4b9a-4098-a044-4982df063bf5 => generated 246 bytes in 14 msecs (HTTP/1.1 404) 6 headers in 231 bytes (1 switches on core 0)
2026-07-02 16:39:10.176 8 INFO placement.requestlog [None req-5fc94b2e-1a53-46c9-90cd-21d354ea7f1f 59dff41060754cd5bcabe9cdceda239d 9c5033dd102e4683a593053dfa0f1385 - - 0cd31e2e8de346e4a0564331fc03fc40 0cd31e2e8de346e4a0564331fc03fc40] 10.0.0.57 "DELETE /resource_providers/a4139ee1-4b9a-4098-a044-4982df063bf5" status: 404 len: 246 microversion: 1.1 [pid: 8|app: 0|req: 530/1063] 10.0.0.57 () {34 vars in 815 bytes} [Thu Jul 2 16:39:10 2026] DELETE /resource_providers/a4139ee1-4b9a-4098-a044-4982df063bf5 => generated 246 bytes in 18 msecs (HTTP/1.1 404) 6 headers in 231 bytes (1 switches on core 0)
2026-07-02 16:39:11.299 7 INFO placement.requestlog [None req-6d2b5907-589c-49ea-b149-696560a02fc2 - - - - - -] 10.0.0.87 "GET /" status: 200 len: 136 microversion: 1.0
2026-07-02 16:39:11.299 8 INFO placement.requestlog [None req-98d95713-e3b9-47a6-92f4-0b52cd14f53f - - - - - -] 10.0.0.87 "GET /" status: 200 len: 136 microversion: 1.0
2026-07-02 16:39:12.229 7 INFO placement.requestlog [None req-c7a04147-10c8-4fc6-ae99-fe6d8a3117c1 59dff41060754cd5bcabe9cdceda239d 9c5033dd102e4683a593053dfa0f1385 - - 0cd31e2e8de346e4a0564331fc03fc40 0cd31e2e8de346e4a0564331fc03fc40] 10.0.0.57 "GET /resource_providers/3593636a-71ab-47c9-9aba-cb7102cd8857/aggregates" status: 404 len: 235 microversion: 1.1 [pid: 7|app: 0|req: 535/1066] 10.0.0.57 () {32 vars in 815 bytes} [Thu Jul 2 16:39:12 2026] GET /resource_providers/3593636a-71ab-47c9-9aba-cb7102cd8857/aggregates => generated 235 bytes in 16 msecs (HTTP/1.1 404) 5 headers in 202 bytes (1 switches on core 0)
2026-07-02 16:39:12.232 8 INFO placement.requestlog [None req-1c3c1a66-ea84-488d-bbbb-0c941c9f7857 59dff41060754cd5bcabe9cdceda239d 9c5033dd102e4683a593053dfa0f1385 - - 0cd31e2e8de346e4a0564331fc03fc40 0cd31e2e8de346e4a0564331fc03fc40] 10.0.0.57 "GET /resource_providers/3593636a-71ab-47c9-9aba-cb7102cd8857/aggregates" status: 404 len: 235 microversion: 1.1 [pid: 8|app: 0|req: 532/1067] 10.0.0.57 () {32 vars in 815 bytes} [Thu Jul 2 16:39:12 2026] GET /resource_providers/3593636a-71ab-47c9-9aba-cb7102cd8857/aggregates => generated 235 bytes in 17 msecs (HTTP/1.1 404) 5 headers in 202 bytes (1 switches on core 0)
2026-07-02 16:39:12.262 8 INFO placement.requestlog [None req-2e6710f6-9c8d-4e51-b29a-77e5bf26ed91 59dff41060754cd5bcabe9cdceda239d 9c5033dd102e4683a593053dfa0f1385 - - 0cd31e2e8de346e4a0564331fc03fc40 0cd31e2e8de346e4a0564331fc03fc40] 10.0.0.57 "DELETE /resource_providers/3593636a-71ab-47c9-9aba-cb7102cd8857" status: 404 len: 246 microversion: 1.1 [pid: 8|app: 0|req: 533/1068] 10.0.0.57 () {34 vars in 815 bytes} [Thu Jul 2 16:39:12 2026] DELETE /resource_providers/3593636a-71ab-47c9-9aba-cb7102cd8857 => generated 246 bytes in 12 msecs (HTTP/1.1 404) 6 headers in 231 bytes (1 switches on core 0)
2026-07-02 16:39:12.262 7 INFO placement.requestlog [None req-6e12b6ac-0ec7-49fc-8205-516aaaf18312 59dff41060754cd5bcabe9cdceda239d 9c5033dd102e4683a593053dfa0f1385 - - 0cd31e2e8de346e4a0564331fc03fc40 0cd31e2e8de346e4a0564331fc03fc40] 10.0.0.57 "DELETE /resource_providers/3593636a-71ab-47c9-9aba-cb7102cd8857" status: 404 len: 246 microversion: 1.1 [pid: 7|app: 0|req: 536/1069] 10.0.0.57 () {34 vars in 815 bytes} [Thu Jul 2 16:39:12 2026] DELETE /resource_providers/3593636a-71ab-47c9-9aba-cb7102cd8857 => generated 246 bytes in 16 msecs (HTTP/1.1 404) 6 headers in 231 bytes (1 switches on core 0)
2026-07-02 16:39:21.300 7 INFO placement.requestlog [None req-1820678e-8eae-48a7-8937-7de845676aab - - - - - -] 10.0.0.87 "GET /" status: 200 len: 136 microversion: 1.0
2026-07-02 16:39:21.300 8 INFO placement.requestlog [None req-959905f3-b425-47b8-8087-bef6cbed0472 - - - - - -] 10.0.0.87 "GET /" status: 200 len: 136 microversion: 1.0
2026-07-02 16:39:31.299 7 INFO placement.requestlog [None req-87ced73d-ee53-43c1-b848-d1767dc46679 - - - - - -] 10.0.0.87 "GET /" status: 200 len: 136 microversion: 1.0
2026-07-02 16:39:31.299 8 INFO placement.requestlog [None req-44f11407-8b0c-4b3b-a04c-116f92d2ca84 - - - - - -] 10.0.0.87 "GET /" status: 200 len: 136 microversion: 1.0
2026-07-02 16:39:32.104 7 INFO placement.requestlog [req-2ae21dfd-2cfc-48be-bb37-bd8fedcd198c req-c96f593a-a0df-4ea6-89a0-30f8b126d860 6735c1d1612f4e20b74df8d88310ed88 9c5033dd102e4683a593053dfa0f1385 - - 0cd31e2e8de346e4a0564331fc03fc40 0cd31e2e8de346e4a0564331fc03fc40] 10.0.0.23 "GET /allocation_candidates?limit=1000&resources=DISK_GB%3A1%2CMEMORY_MB%3A512%2CVCPU%3A1&root_required=%21COMPUTE_STATUS_DISABLED" status: 200 len: 2219 microversion: 1.36 [pid: 7|app: 0|req: 539/1074] 10.0.0.23 () {34 vars in 1011 bytes} [Thu Jul 2 16:39:32 2026] GET /allocation_candidates?limit=1000&resources=DISK_GB%3A1%2CMEMORY_MB%3A512%2CVCPU%3A1&root_required=%21COMPUTE_STATUS_DISABLED => generated 2219 bytes in 47 msecs (HTTP/1.1 200) 8 headers in 297 bytes (1 switches on core 0)
2026-07-02 16:39:32.144 8 INFO placement.requestlog [req-2ae21dfd-2cfc-48be-bb37-bd8fedcd198c req-a9a1a01c-4aee-4dc0-b8eb-04b272b83da8 6735c1d1612f4e20b74df8d88310ed88 9c5033dd102e4683a593053dfa0f1385 - - 0cd31e2e8de346e4a0564331fc03fc40 0cd31e2e8de346e4a0564331fc03fc40] 10.0.0.23 "GET /allocations/e0dc8742-2759-47cf-be6b-db447855e6e1" status: 200 len: 19 microversion: 1.28 [pid: 8|app: 0|req: 536/1075] 10.0.0.23 () {34 vars in 860 bytes} [Thu Jul 2 16:39:32 2026] GET /allocations/e0dc8742-2759-47cf-be6b-db447855e6e1 => generated 19 bytes in 14 msecs (HTTP/1.1 200) 8 headers in 295 bytes (1 switches on core 0)
2026-07-02 16:39:32.221 7 INFO placement.requestlog [req-2ae21dfd-2cfc-48be-bb37-bd8fedcd198c req-fa5cadfe-944a-42c0-82b0-19e9d21a3773 6735c1d1612f4e20b74df8d88310ed88 9c5033dd102e4683a593053dfa0f1385 - - 0cd31e2e8de346e4a0564331fc03fc40 0cd31e2e8de346e4a0564331fc03fc40] 10.0.0.23 "PUT /allocations/e0dc8742-2759-47cf-be6b-db447855e6e1" status: 204 len: 0 microversion: 1.36 [pid: 7|app: 0|req: 540/1076] 10.0.0.23 () {38 vars in 913 bytes} [Thu Jul 2 16:39:32 2026] PUT /allocations/e0dc8742-2759-47cf-be6b-db447855e6e1 => generated 0 bytes in 70 msecs (HTTP/1.1 204) 5 headers in 199 bytes (1 switches on core 0)
2026-07-02 16:39:32.502 8 INFO placement.requestlog [req-2ae21dfd-2cfc-48be-bb37-bd8fedcd198c req-7a1a1973-0a9b-447a-b11b-e295f261afa4 6735c1d1612f4e20b74df8d88310ed88 9c5033dd102e4683a593053dfa0f1385 - - 0cd31e2e8de346e4a0564331fc03fc40 0cd31e2e8de346e4a0564331fc03fc40] 199.19.213.219 "GET /allocations/e0dc8742-2759-47cf-be6b-db447855e6e1" status: 200 len: 258 microversion: 1.28 [pid: 8|app: 0|req: 537/1077] 199.19.213.219 () {34 vars in 863 bytes} [Thu Jul 2 16:39:32 2026] GET /allocations/e0dc8742-2759-47cf-be6b-db447855e6e1 => generated 258 bytes in 21 msecs (HTTP/1.1 200) 8 headers in 296 bytes (1 switches on core 0)
2026-07-02 16:39:32.633 7 INFO placement.requestlog [req-2ae21dfd-2cfc-48be-bb37-bd8fedcd198c req-afb1d1b1-7f90-404c-9e2f-d77a7abd524b 6735c1d1612f4e20b74df8d88310ed88 9c5033dd102e4683a593053dfa0f1385 - - 0cd31e2e8de346e4a0564331fc03fc40 0cd31e2e8de346e4a0564331fc03fc40] 199.19.213.219 "GET /resource_providers/818d7b0c-f59f-427d-baff-92df86ced1f5/allocations" status: 200 len: 253 microversion: 1.0 [pid: 7|app: 0|req: 541/1078] 199.19.213.219 () {32 vars in 857 bytes} [Thu Jul 2 16:39:32 2026] GET /resource_providers/818d7b0c-f59f-427d-baff-92df86ced1f5/allocations => generated 253 bytes in 22 msecs (HTTP/1.1 200) 6 headers in 224 bytes (1 switches on core 0)
2026-07-02 16:39:32.662 8 INFO placement.requestlog [req-2ae21dfd-2cfc-48be-bb37-bd8fedcd198c req-8b2c01d0-42b7-4260-bc67-f12cc6ab2178 6735c1d1612f4e20b74df8d88310ed88 9c5033dd102e4683a593053dfa0f1385 - - 0cd31e2e8de346e4a0564331fc03fc40 0cd31e2e8de346e4a0564331fc03fc40] 199.19.213.219 "GET /allocations/e0dc8742-2759-47cf-be6b-db447855e6e1" status: 200 len: 258 microversion: 1.28 [pid: 8|app: 0|req: 538/1079] 199.19.213.219 () {34 vars in 863 bytes} [Thu Jul 2 16:39:32 2026] GET /allocations/e0dc8742-2759-47cf-be6b-db447855e6e1 => generated 258 bytes in 21 msecs (HTTP/1.1 200) 8 headers in 296 bytes (1 switches on core 0)
2026-07-02 16:39:32.684 7 INFO placement.requestlog [req-2ae21dfd-2cfc-48be-bb37-bd8fedcd198c req-c13af058-d9b8-48a6-9eac-390091d93748 6735c1d1612f4e20b74df8d88310ed88 9c5033dd102e4683a593053dfa0f1385 - - 0cd31e2e8de346e4a0564331fc03fc40 0cd31e2e8de346e4a0564331fc03fc40] 199.19.213.219 "GET /allocations/63ee654b-2ab8-48ae-b1ef-d5ce42fb34c0" status: 200 len: 258 microversion: 1.28 [pid: 7|app: 0|req: 542/1080] 199.19.213.219 () {34 vars in 863 bytes} [Thu Jul 2 16:39:32 2026] GET /allocations/63ee654b-2ab8-48ae-b1ef-d5ce42fb34c0 => generated 258 bytes in 15 msecs (HTTP/1.1 200) 8 headers in 296 bytes (1 switches on core 0)
2026-07-02 16:39:33.949 8 INFO placement.requestlog [req-920baee2-ba4d-489f-9ec8-61983181c9ed req-763eb801-ef38-4e8a-b348-d64e4dfb0fbf 6735c1d1612f4e20b74df8d88310ed88 9c5033dd102e4683a593053dfa0f1385 - - 0cd31e2e8de346e4a0564331fc03fc40 0cd31e2e8de346e4a0564331fc03fc40] 10.0.0.23 "GET /allocation_candidates?limit=1000&resources=DISK_GB%3A1%2CMEMORY_MB%3A512%2CVCPU%3A1&root_required=%21COMPUTE_STATUS_DISABLED" status: 200 len: 2220 microversion: 1.36 [pid: 8|app: 0|req: 539/1081] 10.0.0.23 () {34 vars in 1011 bytes} [Thu Jul 2 16:39:33 2026] GET /allocation_candidates?limit=1000&resources=DISK_GB%3A1%2CMEMORY_MB%3A512%2CVCPU%3A1&root_required=%21COMPUTE_STATUS_DISABLED => generated 2220 bytes in 69 msecs (HTTP/1.1 200) 8 headers in 297 bytes (1 switches on core 0)
2026-07-02 16:39:33.983 7 INFO placement.requestlog [req-920baee2-ba4d-489f-9ec8-61983181c9ed req-eff6b626-1680-4c52-b50c-da2847184ac2 6735c1d1612f4e20b74df8d88310ed88 9c5033dd102e4683a593053dfa0f1385 - - 0cd31e2e8de346e4a0564331fc03fc40 0cd31e2e8de346e4a0564331fc03fc40] 10.0.0.23 "GET /allocations/0b165279-f137-4814-8544-2eff3c4396a2" status: 200 len: 19 microversion: 1.28 [pid: 7|app: 0|req: 543/1082] 10.0.0.23 () {34 vars in 860 bytes} [Thu Jul 2 16:39:33 2026] GET /allocations/0b165279-f137-4814-8544-2eff3c4396a2 => generated 19 bytes in 15 msecs (HTTP/1.1 200) 8 headers in 295 bytes (1 switches on core 0)
2026-07-02 16:39:34.070 8 INFO placement.requestlog [req-920baee2-ba4d-489f-9ec8-61983181c9ed req-0565a1bc-7c3a-4544-9259-514e1792cb3b 6735c1d1612f4e20b74df8d88310ed88 9c5033dd102e4683a593053dfa0f1385 - - 0cd31e2e8de346e4a0564331fc03fc40 0cd31e2e8de346e4a0564331fc03fc40] 10.0.0.23 "PUT /allocations/0b165279-f137-4814-8544-2eff3c4396a2" status: 204 len: 0 microversion: 1.36 [pid: 8|app: 0|req: 540/1083] 10.0.0.23 () {38 vars in 913 bytes} [Thu Jul 2 16:39:33 2026] PUT /allocations/0b165279-f137-4814-8544-2eff3c4396a2 => generated 0 bytes in 82 msecs (HTTP/1.1 204) 5 headers in 199 bytes (1 switches on core 0)
2026-07-02 16:39:34.337 7 INFO placement.requestlog [req-920baee2-ba4d-489f-9ec8-61983181c9ed req-e620d267-4f9e-4ee0-b35b-8e10f1b1ca6a 6735c1d1612f4e20b74df8d88310ed88 9c5033dd102e4683a593053dfa0f1385 - - 0cd31e2e8de346e4a0564331fc03fc40 0cd31e2e8de346e4a0564331fc03fc40] 199.19.213.219 "GET /allocations/0b165279-f137-4814-8544-2eff3c4396a2" status: 200 len: 258 microversion: 1.28 [pid: 7|app: 0|req: 544/1084] 199.19.213.219 () {34 vars in 863 bytes} [Thu Jul 2 16:39:34 2026] GET /allocations/0b165279-f137-4814-8544-2eff3c4396a2 => generated 258 bytes in 14 msecs (HTTP/1.1 200) 8 headers in 296 bytes (1 switches on core 0)
2026-07-02 16:39:34.454 8 INFO placement.requestlog [req-920baee2-ba4d-489f-9ec8-61983181c9ed req-1350ce28-758c-4e2a-91ab-66b4ada13a95 6735c1d1612f4e20b74df8d88310ed88 9c5033dd102e4683a593053dfa0f1385 - - 0cd31e2e8de346e4a0564331fc03fc40 0cd31e2e8de346e4a0564331fc03fc40] 199.19.213.219 "GET /resource_providers/818d7b0c-f59f-427d-baff-92df86ced1f5/allocations" status: 200 len: 353 microversion: 1.0 [pid: 8|app: 0|req: 541/1085] 199.19.213.219 () {32 vars in 857 bytes} [Thu Jul 2 16:39:34 2026] GET /resource_providers/818d7b0c-f59f-427d-baff-92df86ced1f5/allocations => generated 353 bytes in 22 msecs (HTTP/1.1 200) 6 headers in 224 bytes (1 switches on core 0)
2026-07-02 16:39:34.482 7 INFO placement.requestlog [req-920baee2-ba4d-489f-9ec8-61983181c9ed req-b5e65434-edb4-49f7-aad4-82c003b4ef07 6735c1d1612f4e20b74df8d88310ed88 9c5033dd102e4683a593053dfa0f1385 - - 0cd31e2e8de346e4a0564331fc03fc40 0cd31e2e8de346e4a0564331fc03fc40] 199.19.213.219 "GET /allocations/0b165279-f137-4814-8544-2eff3c4396a2" status: 200 len: 258 microversion: 1.28 [pid: 7|app: 0|req: 545/1086] 199.19.213.219 () {34 vars in 863 bytes} [Thu Jul 2 16:39:34 2026] GET /allocations/0b165279-f137-4814-8544-2eff3c4396a2 => generated 258 bytes in 19 msecs (HTTP/1.1 200) 8 headers in 296 bytes (1 switches on core 0)
2026-07-02 16:39:34.511 8 INFO placement.requestlog [req-920baee2-ba4d-489f-9ec8-61983181c9ed req-7aa8198b-f29a-48d0-8a02-3b0945c76b65 6735c1d1612f4e20b74df8d88310ed88 9c5033dd102e4683a593053dfa0f1385 - - 0cd31e2e8de346e4a0564331fc03fc40 0cd31e2e8de346e4a0564331fc03fc40] 199.19.213.219 "GET /allocations/e0dc8742-2759-47cf-be6b-db447855e6e1" status: 200 len: 258 microversion: 1.28 [pid: 8|app: 0|req: 542/1087] 199.19.213.219 () {34 vars in 863 bytes} [Thu Jul 2 16:39:34 2026] GET /allocations/e0dc8742-2759-47cf-be6b-db447855e6e1 => generated 258 bytes in 19 msecs (HTTP/1.1 200) 8 headers in 296 bytes (1 switches on core 0)
2026-07-02 16:39:34.539 7 INFO placement.requestlog [req-920baee2-ba4d-489f-9ec8-61983181c9ed req-afddb9c1-c03b-4181-a36a-51433d87b0cf 6735c1d1612f4e20b74df8d88310ed88 9c5033dd102e4683a593053dfa0f1385 - - 0cd31e2e8de346e4a0564331fc03fc40 0cd31e2e8de346e4a0564331fc03fc40] 199.19.213.219 "GET /allocations/63ee654b-2ab8-48ae-b1ef-d5ce42fb34c0" status: 200 len: 258 microversion: 1.28 [pid: 7|app: 0|req: 546/1088] 199.19.213.219 () {34 vars in 863 bytes} [Thu Jul 2 16:39:34 2026] GET /allocations/63ee654b-2ab8-48ae-b1ef-d5ce42fb34c0 => generated 258 bytes in 21 msecs (HTTP/1.1 200) 8 headers in 296 bytes (1 switches on core 0)
2026-07-02 16:39:41.299 8 INFO placement.requestlog [None req-c50e7399-4df1-4726-b1d3-24f0c64e40b8 - - - - - -] 10.0.0.87 "GET /" status: 200 len: 136 microversion: 1.0
2026-07-02 16:39:41.299 7 INFO placement.requestlog [None req-86f73fd2-86e8-40b7-8b4d-71942280b9d7 - - - - - -] 10.0.0.87 "GET /" status: 200 len: 136 microversion: 1.0
2026-07-02 16:39:42.000 8 INFO placement.requestlog [req-f7472eb8-f872-4034-a76f-3001a8dda795 req-25e8da63-5406-4b2c-bb39-bf1329c9a8b2 6735c1d1612f4e20b74df8d88310ed88 9c5033dd102e4683a593053dfa0f1385 - - 0cd31e2e8de346e4a0564331fc03fc40 0cd31e2e8de346e4a0564331fc03fc40] 199.19.213.219 "GET /resource_providers/818d7b0c-f59f-427d-baff-92df86ced1f5/allocations" status: 200 len: 353 microversion: 1.0 [pid: 8|app: 0|req: 544/1091] 199.19.213.219 () {32 vars in 857 bytes} [Thu Jul 2 16:39:41 2026] GET /resource_providers/818d7b0c-f59f-427d-baff-92df86ced1f5/allocations => generated 353 bytes in 22 msecs (HTTP/1.1 200) 6 headers in 224 bytes (1 switches on core 0)
2026-07-02 16:39:42.031 7 INFO placement.requestlog [req-f7472eb8-f872-4034-a76f-3001a8dda795 req-98b493e1-c48c-4031-98cf-39c4d992118a 6735c1d1612f4e20b74df8d88310ed88 9c5033dd102e4683a593053dfa0f1385 - - 0cd31e2e8de346e4a0564331fc03fc40 0cd31e2e8de346e4a0564331fc03fc40] 199.19.213.219 "GET /resource_providers/818d7b0c-f59f-427d-baff-92df86ced1f5/allocations" status: 200 len: 353 microversion: 1.0 [pid: 7|app: 0|req: 548/1092] 199.19.213.219 () {32 vars in 857 bytes} [Thu Jul 2 16:39:42 2026] GET /resource_providers/818d7b0c-f59f-427d-baff-92df86ced1f5/allocations => generated 353 bytes in 19 msecs (HTTP/1.1 200) 6 headers in 224 bytes (1 switches on core 0)
2026-07-02 16:39:42.056 8 INFO placement.requestlog [req-f7472eb8-f872-4034-a76f-3001a8dda795 req-e255239f-1b7b-48f0-bfac-81397e73f10e 6735c1d1612f4e20b74df8d88310ed88 9c5033dd102e4683a593053dfa0f1385 - - 0cd31e2e8de346e4a0564331fc03fc40 0cd31e2e8de346e4a0564331fc03fc40] 199.19.213.219 "GET /allocations/0b165279-f137-4814-8544-2eff3c4396a2" status: 200 len: 258 microversion: 1.28 [pid: 8|app: 0|req: 545/1093] 199.19.213.219 () {34 vars in 863 bytes} [Thu Jul 2 16:39:42 2026] GET /allocations/0b165279-f137-4814-8544-2eff3c4396a2 => generated 258 bytes in 14 msecs (HTTP/1.1 200) 8 headers in 296 bytes (1 switches on core 0)
2026-07-02 16:39:42.082 7 INFO placement.requestlog [req-f7472eb8-f872-4034-a76f-3001a8dda795 req-38fb0f73-12a2-4838-afdd-bf662eb28605 6735c1d1612f4e20b74df8d88310ed88 9c5033dd102e4683a593053dfa0f1385 - - 0cd31e2e8de346e4a0564331fc03fc40 0cd31e2e8de346e4a0564331fc03fc40] 199.19.213.219 "GET /allocations/e0dc8742-2759-47cf-be6b-db447855e6e1" status: 200 len: 258 microversion: 1.28 [pid: 7|app: 0|req: 549/1094] 199.19.213.219 () {34 vars in 863 bytes} [Thu Jul 2 16:39:42 2026] GET /allocations/e0dc8742-2759-47cf-be6b-db447855e6e1 => generated 258 bytes in 17 msecs (HTTP/1.1 200) 8 headers in 296 bytes (1 switches on core 0)
2026-07-02 16:39:42.109 8 INFO placement.requestlog [req-f7472eb8-f872-4034-a76f-3001a8dda795 req-5d0c157f-b16c-4cbb-b31e-229b7bfd8e56 6735c1d1612f4e20b74df8d88310ed88 9c5033dd102e4683a593053dfa0f1385 - - 0cd31e2e8de346e4a0564331fc03fc40 0cd31e2e8de346e4a0564331fc03fc40] 199.19.213.219 "GET /allocations/63ee654b-2ab8-48ae-b1ef-d5ce42fb34c0" status: 200 len: 258 microversion: 1.28 [pid: 8|app: 0|req: 546/1095] 199.19.213.219 () {34 vars in 863 bytes} [Thu Jul 2 16:39:42 2026] GET /allocations/63ee654b-2ab8-48ae-b1ef-d5ce42fb34c0 => generated 258 bytes in 18 msecs (HTTP/1.1 200) 8 headers in 296 bytes (1 switches on core 0)
2026-07-02 16:39:42.198 7 INFO placement.requestlog [req-a0ff6613-5405-41b5-a062-a3720fd6355d req-218f94ed-c14e-4663-a013-1d9edff79fca 6735c1d1612f4e20b74df8d88310ed88 9c5033dd102e4683a593053dfa0f1385 - - 0cd31e2e8de346e4a0564331fc03fc40 0cd31e2e8de346e4a0564331fc03fc40] 199.19.213.219 "GET /resource_providers/818d7b0c-f59f-427d-baff-92df86ced1f5/allocations" status: 200 len: 353 microversion: 1.0 [pid: 7|app: 0|req: 550/1096] 199.19.213.219 () {32 vars in 857 bytes} [Thu Jul 2 16:39:42 2026] GET /resource_providers/818d7b0c-f59f-427d-baff-92df86ced1f5/allocations => generated 353 bytes in 16 msecs (HTTP/1.1 200) 6 headers in 224 bytes (1 switches on core 0)
2026-07-02 16:39:42.226 8 INFO placement.requestlog [req-a0ff6613-5405-41b5-a062-a3720fd6355d req-aaa8ad8b-b926-4e4b-9920-c8af4832f7d6 6735c1d1612f4e20b74df8d88310ed88 9c5033dd102e4683a593053dfa0f1385 - - 0cd31e2e8de346e4a0564331fc03fc40 0cd31e2e8de346e4a0564331fc03fc40] 199.19.213.219 "GET /allocations/0b165279-f137-4814-8544-2eff3c4396a2" status: 200 len: 258 microversion: 1.28 [pid: 8|app: 0|req: 547/1097] 199.19.213.219 () {34 vars in 863 bytes} [Thu Jul 2 16:39:42 2026] GET /allocations/0b165279-f137-4814-8544-2eff3c4396a2 => generated 258 bytes in 21 msecs (HTTP/1.1 200) 8 headers in 296 bytes (1 switches on core 0)
2026-07-02 16:39:42.248 7 INFO placement.requestlog [req-a0ff6613-5405-41b5-a062-a3720fd6355d req-2f6d652d-0037-41b1-8c7d-26bf4c2ce62b 6735c1d1612f4e20b74df8d88310ed88 9c5033dd102e4683a593053dfa0f1385 - - 0cd31e2e8de346e4a0564331fc03fc40 0cd31e2e8de346e4a0564331fc03fc40] 199.19.213.219 "GET /allocations/e0dc8742-2759-47cf-be6b-db447855e6e1" status: 200 len: 258 microversion: 1.28 [pid: 7|app: 0|req: 551/1098] 199.19.213.219 () {34 vars in 863 bytes} [Thu Jul 2 16:39:42 2026] GET /allocations/e0dc8742-2759-47cf-be6b-db447855e6e1 => generated 258 bytes in 15 msecs (HTTP/1.1 200) 8 headers in 296 bytes (1 switches on core 0)
2026-07-02 16:39:42.270 8 INFO placement.requestlog [req-a0ff6613-5405-41b5-a062-a3720fd6355d req-c57b3528-4348-4957-b806-f334a60188a5 6735c1d1612f4e20b74df8d88310ed88 9c5033dd102e4683a593053dfa0f1385 - - 0cd31e2e8de346e4a0564331fc03fc40 0cd31e2e8de346e4a0564331fc03fc40] 199.19.213.219 "GET /allocations/63ee654b-2ab8-48ae-b1ef-d5ce42fb34c0" status: 200 len: 258 microversion: 1.28 [pid: 8|app: 0|req: 548/1099] 199.19.213.219 () {34 vars in 863 bytes} [Thu Jul 2 16:39:42 2026] GET /allocations/63ee654b-2ab8-48ae-b1ef-d5ce42fb34c0 => generated 258 bytes in 13 msecs (HTTP/1.1 200) 8 headers in 296 bytes (1 switches on core 0)
2026-07-02 16:39:42.360 7 INFO placement.requestlog [req-a0ff6613-5405-41b5-a062-a3720fd6355d req-e0597a6f-3e63-4ee9-91d3-3da17f02d527 6735c1d1612f4e20b74df8d88310ed88 9c5033dd102e4683a593053dfa0f1385 - - 0cd31e2e8de346e4a0564331fc03fc40 0cd31e2e8de346e4a0564331fc03fc40] 199.19.213.219 "DELETE /allocations/0b165279-f137-4814-8544-2eff3c4396a2" status: 204 len: 0 microversion: 1.0 [pid: 7|app: 0|req: 552/1100] 199.19.213.219 () {34 vars in 841 bytes} [Thu Jul 2 16:39:42 2026] DELETE /allocations/0b165279-f137-4814-8544-2eff3c4396a2 => generated 0 bytes in 29 msecs (HTTP/1.1 204) 5 headers in 198 bytes (1 switches on core 0)
2026-07-02 16:39:47.674 8 INFO placement.requestlog [None req-43b27b22-691c-4869-aa2b-b4f8d4ca2a07 59dff41060754cd5bcabe9cdceda239d 9c5033dd102e4683a593053dfa0f1385 - - 0cd31e2e8de346e4a0564331fc03fc40 0cd31e2e8de346e4a0564331fc03fc40] 10.0.0.57 "GET /resource_providers/78b07f0d-a351-432b-8560-0607f65484d1/aggregates" status: 404 len: 235 microversion: 1.1 [pid: 8|app: 0|req: 549/1101] 10.0.0.57 () {32 vars in 815 bytes} [Thu Jul 2 16:39:47 2026] GET /resource_providers/78b07f0d-a351-432b-8560-0607f65484d1/aggregates => generated 235 bytes in 14 msecs (HTTP/1.1 404) 5 headers in 202 bytes (1 switches on core 0)
2026-07-02 16:39:47.682 7 INFO placement.requestlog [None req-06122a98-9b92-4458-a435-057d61c15506 59dff41060754cd5bcabe9cdceda239d 9c5033dd102e4683a593053dfa0f1385 - - 0cd31e2e8de346e4a0564331fc03fc40 0cd31e2e8de346e4a0564331fc03fc40] 10.0.0.57 "GET /resource_providers/78b07f0d-a351-432b-8560-0607f65484d1/aggregates" status: 404 len: 235 microversion: 1.1 [pid: 7|app: 0|req: 553/1102] 10.0.0.57 () {32 vars in 815 bytes} [Thu Jul 2 16:39:47 2026] GET /resource_providers/78b07f0d-a351-432b-8560-0607f65484d1/aggregates => generated 235 bytes in 16 msecs (HTTP/1.1 404) 5 headers in 202 bytes (1 switches on core 0)
2026-07-02 16:39:47.695 8 INFO placement.requestlog [None req-886b1ccd-c66a-46c5-b44b-d2844aa57d86 59dff41060754cd5bcabe9cdceda239d 9c5033dd102e4683a593053dfa0f1385 - - 0cd31e2e8de346e4a0564331fc03fc40 0cd31e2e8de346e4a0564331fc03fc40] 10.0.0.57 "DELETE /resource_providers/78b07f0d-a351-432b-8560-0607f65484d1" status: 404 len: 246 microversion: 1.1 [pid: 8|app: 0|req: 550/1103] 10.0.0.57 () {34 vars in 815 bytes} [Thu Jul 2 16:39:47 2026] DELETE /resource_providers/78b07f0d-a351-432b-8560-0607f65484d1 => generated 246 bytes in 11 msecs (HTTP/1.1 404) 6 headers in 231 bytes (1 switches on core 0)
2026-07-02 16:39:47.703 7 INFO placement.requestlog [None req-86a1285a-d5b0-45e4-bf5d-40488adb4fdf 59dff41060754cd5bcabe9cdceda239d 9c5033dd102e4683a593053dfa0f1385 - - 0cd31e2e8de346e4a0564331fc03fc40 0cd31e2e8de346e4a0564331fc03fc40] 10.0.0.57 "DELETE /resource_providers/78b07f0d-a351-432b-8560-0607f65484d1" status: 404 len: 246 microversion: 1.1 [pid: 7|app: 0|req: 554/1104] 10.0.0.57 () {34 vars in 815 bytes} [Thu Jul 2 16:39:47 2026] DELETE /resource_providers/78b07f0d-a351-432b-8560-0607f65484d1 => generated 246 bytes in 14 msecs (HTTP/1.1 404) 6 headers in 231 bytes (1 switches on core 0)
2026-07-02 16:39:50.314 8 INFO placement.requestlog [None req-bacdb527-cc11-4582-a631-2aae734411c9 59dff41060754cd5bcabe9cdceda239d 9c5033dd102e4683a593053dfa0f1385 - - 0cd31e2e8de346e4a0564331fc03fc40 0cd31e2e8de346e4a0564331fc03fc40] 10.0.0.57 "GET /resource_providers/05bd4220-d8e7-49da-84c9-f69cdb67fe66/aggregates" status: 404 len: 235 microversion: 1.1 [pid: 8|app: 0|req: 551/1105] 10.0.0.57 () {32 vars in 815 bytes} [Thu Jul 2 16:39:50 2026] GET /resource_providers/05bd4220-d8e7-49da-84c9-f69cdb67fe66/aggregates => generated 235 bytes in 11 msecs (HTTP/1.1 404) 5 headers in 202 bytes (1 switches on core 0)
2026-07-02 16:39:50.321 7 INFO placement.requestlog [None req-5935c7af-c303-4654-a87c-b0312bab1cb9 59dff41060754cd5bcabe9cdceda239d 9c5033dd102e4683a593053dfa0f1385 - - 0cd31e2e8de346e4a0564331fc03fc40 0cd31e2e8de346e4a0564331fc03fc40] 10.0.0.57 "GET /resource_providers/05bd4220-d8e7-49da-84c9-f69cdb67fe66/aggregates" status: 404 len: 235 microversion: 1.1 [pid: 7|app: 0|req: 555/1106] 10.0.0.57 () {32 vars in 815 bytes} [Thu Jul 2 16:39:50 2026] GET /resource_providers/05bd4220-d8e7-49da-84c9-f69cdb67fe66/aggregates => generated 235 bytes in 18 msecs (HTTP/1.1 404) 5 headers in 202 bytes (1 switches on core 0)
2026-07-02 16:39:50.338 8 INFO placement.requestlog [None req-41819ae0-c3f3-4c9c-bb8f-5f684062c6a1 59dff41060754cd5bcabe9cdceda239d 9c5033dd102e4683a593053dfa0f1385 - - 0cd31e2e8de346e4a0564331fc03fc40 0cd31e2e8de346e4a0564331fc03fc40] 10.0.0.57 "DELETE /resource_providers/05bd4220-d8e7-49da-84c9-f69cdb67fe66" status: 404 len: 246 microversion: 1.1 [pid: 8|app: 0|req: 552/1107] 10.0.0.57 () {34 vars in 815 bytes} [Thu Jul 2 16:39:50 2026] DELETE /resource_providers/05bd4220-d8e7-49da-84c9-f69cdb67fe66 => generated 246 bytes in 13 msecs (HTTP/1.1 404) 6 headers in 231 bytes (1 switches on core 0)
2026-07-02 16:39:50.342 7 INFO placement.requestlog [None req-0a10165c-4184-406f-9a4c-7cdedeead905 59dff41060754cd5bcabe9cdceda239d 9c5033dd102e4683a593053dfa0f1385 - - 0cd31e2e8de346e4a0564331fc03fc40 0cd31e2e8de346e4a0564331fc03fc40] 10.0.0.57 "DELETE /resource_providers/05bd4220-d8e7-49da-84c9-f69cdb67fe66" status: 404 len: 246 microversion: 1.1 [pid: 7|app: 0|req: 556/1108] 10.0.0.57 () {34 vars in 815 bytes} [Thu Jul 2 16:39:50 2026] DELETE /resource_providers/05bd4220-d8e7-49da-84c9-f69cdb67fe66 => generated 246 bytes in 10 msecs (HTTP/1.1 404) 6 headers in 231 bytes (1 switches on core 0)
2026-07-02 16:39:51.299 7 INFO placement.requestlog [None req-b0be3b11-e222-484e-ae5b-9be34b1db2fd - - - - - -] 10.0.0.87 "GET /" status: 200 len: 136 microversion: 1.0
2026-07-02 16:39:51.299 8 INFO placement.requestlog [None req-223d54c8-4458-42d8-8fc7-eb2443e9aef7 - - - - - -] 10.0.0.87 "GET /" status: 200 len: 136 microversion: 1.0
2026-07-02 16:39:56.358 7 INFO placement.requestlog [req-966f30ee-775b-4153-b2e1-068802266811 req-e589fc7e-ff0c-4a19-b6b0-5fe62bbdb951 6735c1d1612f4e20b74df8d88310ed88 9c5033dd102e4683a593053dfa0f1385 - - 0cd31e2e8de346e4a0564331fc03fc40 0cd31e2e8de346e4a0564331fc03fc40] 199.19.213.219 "GET /resource_providers/818d7b0c-f59f-427d-baff-92df86ced1f5/allocations" status: 200 len: 253 microversion: 1.0 [pid: 7|app: 0|req: 558/1111] 199.19.213.219 () {32 vars in 857 bytes} [Thu Jul 2 16:39:56 2026] GET /resource_providers/818d7b0c-f59f-427d-baff-92df86ced1f5/allocations => generated 253 bytes in 24 msecs (HTTP/1.1 200) 6 headers in 224 bytes (1 switches on core 0)
2026-07-02 16:39:56.389 8 INFO placement.requestlog [req-966f30ee-775b-4153-b2e1-068802266811 req-a016d1eb-3929-4e8d-a799-924cc5f7324b 6735c1d1612f4e20b74df8d88310ed88 9c5033dd102e4683a593053dfa0f1385 - - 0cd31e2e8de346e4a0564331fc03fc40 0cd31e2e8de346e4a0564331fc03fc40] 199.19.213.219 "GET /allocations/e0dc8742-2759-47cf-be6b-db447855e6e1" status: 200 len: 258 microversion: 1.28 [pid: 8|app: 0|req: 554/1112] 199.19.213.219 () {34 vars in 863 bytes} [Thu Jul 2 16:39:56 2026] GET /allocations/e0dc8742-2759-47cf-be6b-db447855e6e1 => generated 258 bytes in 23 msecs (HTTP/1.1 200) 8 headers in 296 bytes (1 switches on core 0)
2026-07-02 16:39:56.424 7 INFO placement.requestlog [req-966f30ee-775b-4153-b2e1-068802266811 req-7d86616e-dfaf-4b85-9dc8-25ca9ca8c733 6735c1d1612f4e20b74df8d88310ed88 9c5033dd102e4683a593053dfa0f1385 - - 0cd31e2e8de346e4a0564331fc03fc40 0cd31e2e8de346e4a0564331fc03fc40] 199.19.213.219 "GET /allocations/63ee654b-2ab8-48ae-b1ef-d5ce42fb34c0" status: 200 len: 258 microversion: 1.28 [pid: 7|app: 0|req: 559/1113] 199.19.213.219 () {34 vars in 863 bytes} [Thu Jul 2 16:39:56 2026] GET /allocations/63ee654b-2ab8-48ae-b1ef-d5ce42fb34c0 => generated 258 bytes in 25 msecs (HTTP/1.1 200) 8 headers in 296 bytes (1 switches on core 0)
2026-07-02 16:39:56.519 8 INFO placement.requestlog [req-966f30ee-775b-4153-b2e1-068802266811 req-896372dc-086b-4fb9-872a-b8e72798b580 6735c1d1612f4e20b74df8d88310ed88 9c5033dd102e4683a593053dfa0f1385 - - 0cd31e2e8de346e4a0564331fc03fc40 0cd31e2e8de346e4a0564331fc03fc40] 199.19.213.219 "DELETE /allocations/e0dc8742-2759-47cf-be6b-db447855e6e1" status: 204 len: 0 microversion: 1.0 [pid: 8|app: 0|req: 555/1114] 199.19.213.219 () {34 vars in 841 bytes} [Thu Jul 2 16:39:56 2026] DELETE /allocations/e0dc8742-2759-47cf-be6b-db447855e6e1 => generated 0 bytes in 30 msecs (HTTP/1.1 204) 5 headers in 198 bytes (1 switches on core 0)
2026-07-02 16:39:58.966 7 INFO placement.requestlog [req-7c6f0ff8-addb-408d-b6df-36b8437243f1 req-8b6f03ee-70fa-46a5-8991-857b0d89768d 6735c1d1612f4e20b74df8d88310ed88 9c5033dd102e4683a593053dfa0f1385 - - 0cd31e2e8de346e4a0564331fc03fc40 0cd31e2e8de346e4a0564331fc03fc40] 199.19.213.219 "GET /resource_providers/818d7b0c-f59f-427d-baff-92df86ced1f5/allocations" status: 200 len: 153 microversion: 1.0 [pid: 7|app: 0|req: 560/1115] 199.19.213.219 () {32 vars in 857 bytes} [Thu Jul 2 16:39:58 2026] GET /resource_providers/818d7b0c-f59f-427d-baff-92df86ced1f5/allocations => generated 153 bytes in 21 msecs (HTTP/1.1 200) 6 headers in 224 bytes (1 switches on core 0)
2026-07-02 16:39:58.994 8 INFO placement.requestlog [req-7c6f0ff8-addb-408d-b6df-36b8437243f1 req-914f8866-bb75-4820-b2c0-3f9aa5389dab 6735c1d1612f4e20b74df8d88310ed88 9c5033dd102e4683a593053dfa0f1385 - - 0cd31e2e8de346e4a0564331fc03fc40 0cd31e2e8de346e4a0564331fc03fc40] 199.19.213.219 "GET /allocations/63ee654b-2ab8-48ae-b1ef-d5ce42fb34c0" status: 200 len: 258 microversion: 1.28 [pid: 8|app: 0|req: 556/1116] 199.19.213.219 () {34 vars in 863 bytes} [Thu Jul 2 16:39:58 2026] GET /allocations/63ee654b-2ab8-48ae-b1ef-d5ce42fb34c0 => generated 258 bytes in 19 msecs (HTTP/1.1 200) 8 headers in 296 bytes (1 switches on core 0)
2026-07-02 16:39:59.093 7 INFO placement.requestlog [req-7c6f0ff8-addb-408d-b6df-36b8437243f1 req-dcf4a8bc-c8bd-4929-8854-040866664718 6735c1d1612f4e20b74df8d88310ed88 9c5033dd102e4683a593053dfa0f1385 - - 0cd31e2e8de346e4a0564331fc03fc40 0cd31e2e8de346e4a0564331fc03fc40] 199.19.213.219 "DELETE /allocations/63ee654b-2ab8-48ae-b1ef-d5ce42fb34c0" status: 204 len: 0 microversion: 1.0 [pid: 7|app: 0|req: 561/1117] 199.19.213.219 () {34 vars in 841 bytes} [Thu Jul 2 16:39:59 2026] DELETE /allocations/63ee654b-2ab8-48ae-b1ef-d5ce42fb34c0 => generated 0 bytes in 42 msecs (HTTP/1.1 204) 5 headers in 198 bytes (1 switches on core 0)
2026-07-02 16:40:01.303 7 INFO placement.requestlog [None req-a9630024-1091-4200-94b3-a6b9a201461b - - - - - -] 10.0.0.87 "GET /" status: 200 len: 136 microversion: 1.0
2026-07-02 16:40:01.303 8 INFO placement.requestlog [None req-c73e4b8b-f810-40de-a95e-86134bd64ed4 - - - - - -] 10.0.0.87 "GET /" status: 200 len: 136 microversion: 1.0
2026-07-02 16:40:04.643 8 INFO placement.requestlog [None req-7d026b66-7746-47c9-84c8-1b92029d6276 59dff41060754cd5bcabe9cdceda239d 9c5033dd102e4683a593053dfa0f1385 - - 0cd31e2e8de346e4a0564331fc03fc40 0cd31e2e8de346e4a0564331fc03fc40] 10.0.0.57 "GET /resource_providers/0e816783-e591-4f20-a880-14323222bb84/aggregates" status: 404 len: 235 microversion: 1.1 [pid: 8|app: 0|req: 558/1120] 10.0.0.57 () {32 vars in 815 bytes} [Thu Jul 2 16:40:04 2026] GET /resource_providers/0e816783-e591-4f20-a880-14323222bb84/aggregates => generated 235 bytes in 12 msecs (HTTP/1.1 404) 5 headers in 202 bytes (1 switches on core 0)
2026-07-02 16:40:04.648 7 INFO placement.requestlog [None req-a2c34329-9bf1-41e1-b326-53110ef3eabb 59dff41060754cd5bcabe9cdceda239d 9c5033dd102e4683a593053dfa0f1385 - - 0cd31e2e8de346e4a0564331fc03fc40 0cd31e2e8de346e4a0564331fc03fc40] 10.0.0.57 "GET /resource_providers/0e816783-e591-4f20-a880-14323222bb84/aggregates" status: 404 len: 235 microversion: 1.1 [pid: 7|app: 0|req: 563/1121] 10.0.0.57 () {32 vars in 815 bytes} [Thu Jul 2 16:40:04 2026] GET /resource_providers/0e816783-e591-4f20-a880-14323222bb84/aggregates => generated 235 bytes in 16 msecs (HTTP/1.1 404) 5 headers in 202 bytes (1 switches on core 0)
2026-07-02 16:40:04.667 8 INFO placement.requestlog [None req-424d4d9d-4e21-4c8c-bb9d-057f39138e85 59dff41060754cd5bcabe9cdceda239d 9c5033dd102e4683a593053dfa0f1385 - - 0cd31e2e8de346e4a0564331fc03fc40 0cd31e2e8de346e4a0564331fc03fc40] 10.0.0.57 "DELETE /resource_providers/0e816783-e591-4f20-a880-14323222bb84" status: 404 len: 246 microversion: 1.1 [pid: 8|app: 0|req: 559/1122] 10.0.0.57 () {34 vars in 815 bytes} [Thu Jul 2 16:40:04 2026] DELETE /resource_providers/0e816783-e591-4f20-a880-14323222bb84 => generated 246 bytes in 13 msecs (HTTP/1.1 404) 6 headers in 231 bytes (1 switches on core 0)
2026-07-02 16:40:04.677 7 INFO placement.requestlog [None req-0b093db6-0e0e-40bf-89ba-755f1530f20e 59dff41060754cd5bcabe9cdceda239d 9c5033dd102e4683a593053dfa0f1385 - - 0cd31e2e8de346e4a0564331fc03fc40 0cd31e2e8de346e4a0564331fc03fc40] 10.0.0.57 "DELETE /resource_providers/0e816783-e591-4f20-a880-14323222bb84" status: 404 len: 246 microversion: 1.1 [pid: 7|app: 0|req: 564/1123] 10.0.0.57 () {34 vars in 815 bytes} [Thu Jul 2 16:40:04 2026] DELETE /resource_providers/0e816783-e591-4f20-a880-14323222bb84 => generated 246 bytes in 12 msecs (HTTP/1.1 404) 6 headers in 231 bytes (1 switches on core 0)
2026-07-02 16:40:07.015 8 INFO placement.requestlog [None req-73c7eb66-5402-48c6-9a5b-2d5bdfcaed39 59dff41060754cd5bcabe9cdceda239d 9c5033dd102e4683a593053dfa0f1385 - - 0cd31e2e8de346e4a0564331fc03fc40 0cd31e2e8de346e4a0564331fc03fc40] 10.0.0.57 "GET /resource_providers/dca0abf4-5f67-4fb0-a92a-106f2a45062d/aggregates" status: 404 len: 235 microversion: 1.1 [pid: 8|app: 0|req: 560/1124] 10.0.0.57 () {32 vars in 815 bytes} [Thu Jul 2 16:40:07 2026] GET /resource_providers/dca0abf4-5f67-4fb0-a92a-106f2a45062d/aggregates => generated 235 bytes in 10 msecs (HTTP/1.1 404) 5 headers in 202 bytes (1 switches on core 0)
2026-07-02 16:40:07.023 7 INFO placement.requestlog [None req-fdd16790-13f0-4c04-bc98-a512eb2f16df 59dff41060754cd5bcabe9cdceda239d 9c5033dd102e4683a593053dfa0f1385 - - 0cd31e2e8de346e4a0564331fc03fc40 0cd31e2e8de346e4a0564331fc03fc40] 10.0.0.57 "GET /resource_providers/dca0abf4-5f67-4fb0-a92a-106f2a45062d/aggregates" status: 404 len: 235 microversion: 1.1 [pid: 7|app: 0|req: 565/1125] 10.0.0.57 () {32 vars in 815 bytes} [Thu Jul 2 16:40:07 2026] GET /resource_providers/dca0abf4-5f67-4fb0-a92a-106f2a45062d/aggregates => generated 235 bytes in 11 msecs (HTTP/1.1 404) 5 headers in 202 bytes (1 switches on core 0)
2026-07-02 16:40:07.057 8 INFO placement.requestlog [None req-8c3a0370-ea00-4232-aa2a-5c6bce7e3950 59dff41060754cd5bcabe9cdceda239d 9c5033dd102e4683a593053dfa0f1385 - - 0cd31e2e8de346e4a0564331fc03fc40 0cd31e2e8de346e4a0564331fc03fc40] 10.0.0.57 "DELETE /resource_providers/dca0abf4-5f67-4fb0-a92a-106f2a45062d" status: 404 len: 246 microversion: 1.1 [pid: 8|app: 0|req: 561/1126] 10.0.0.57 () {34 vars in 815 bytes} [Thu Jul 2 16:40:07 2026] DELETE /resource_providers/dca0abf4-5f67-4fb0-a92a-106f2a45062d => generated 246 bytes in 17 msecs (HTTP/1.1 404) 6 headers in 231 bytes (1 switches on core 0)
2026-07-02 16:40:07.075 7 INFO placement.requestlog [None req-5243f8d0-1e07-4489-a294-17dbc4d70aee 59dff41060754cd5bcabe9cdceda239d 9c5033dd102e4683a593053dfa0f1385 - - 0cd31e2e8de346e4a0564331fc03fc40 0cd31e2e8de346e4a0564331fc03fc40] 10.0.0.57 "DELETE /resource_providers/dca0abf4-5f67-4fb0-a92a-106f2a45062d" status: 404 len: 246 microversion: 1.1 [pid: 7|app: 0|req: 566/1127] 10.0.0.57 () {34 vars in 815 bytes} [Thu Jul 2 16:40:07 2026] DELETE /resource_providers/dca0abf4-5f67-4fb0-a92a-106f2a45062d => generated 246 bytes in 18 msecs (HTTP/1.1 404) 6 headers in 231 bytes (1 switches on core 0)
2026-07-02 16:40:11.299 8 INFO placement.requestlog [None req-a47b8aad-8fba-4243-8549-da93fc3029e6 - - - - - -] 10.0.0.87 "GET /" status: 200 len: 136 microversion: 1.0
2026-07-02 16:40:11.300 7 INFO placement.requestlog [None req-aec4dadc-ddde-4d05-9292-c8814a4696f4 - - - - - -] 10.0.0.87 "GET /" status: 200 len: 136 microversion: 1.0
2026-07-02 16:40:19.415 8 INFO placement.requestlog [None req-b3e6cdbb-f105-4829-8062-5ad194eb11f7 59dff41060754cd5bcabe9cdceda239d 9c5033dd102e4683a593053dfa0f1385 - - 0cd31e2e8de346e4a0564331fc03fc40 0cd31e2e8de346e4a0564331fc03fc40] 10.0.0.57 "GET /resource_providers/e463ca7b-9980-43c9-b2e6-438e15a6822d/aggregates" status: 404 len: 235 microversion: 1.1 [pid: 8|app: 0|req: 563/1130] 10.0.0.57 () {32 vars in 815 bytes} [Thu Jul 2 16:40:19 2026] GET /resource_providers/e463ca7b-9980-43c9-b2e6-438e15a6822d/aggregates => generated 235 bytes in 12 msecs (HTTP/1.1 404) 5 headers in 202 bytes (1 switches on core 0)
2026-07-02 16:40:19.419 7 INFO placement.requestlog [None req-294e346e-278d-472f-832c-113affb743bc 59dff41060754cd5bcabe9cdceda239d 9c5033dd102e4683a593053dfa0f1385 - - 0cd31e2e8de346e4a0564331fc03fc40 0cd31e2e8de346e4a0564331fc03fc40] 10.0.0.57 "GET /resource_providers/e463ca7b-9980-43c9-b2e6-438e15a6822d/aggregates" status: 404 len: 235 microversion: 1.1 [pid: 7|app: 0|req: 568/1131] 10.0.0.57 () {32 vars in 815 bytes} [Thu Jul 2 16:40:19 2026] GET /resource_providers/e463ca7b-9980-43c9-b2e6-438e15a6822d/aggregates => generated 235 bytes in 13 msecs (HTTP/1.1 404) 5 headers in 202 bytes (1 switches on core 0)
2026-07-02 16:40:19.443 8 INFO placement.requestlog [None req-2c70590d-3490-4e88-a13c-27a224ecb0ed 59dff41060754cd5bcabe9cdceda239d 9c5033dd102e4683a593053dfa0f1385 - - 0cd31e2e8de346e4a0564331fc03fc40 0cd31e2e8de346e4a0564331fc03fc40] 10.0.0.57 "DELETE /resource_providers/e463ca7b-9980-43c9-b2e6-438e15a6822d" status: 404 len: 246 microversion: 1.1 [pid: 8|app: 0|req: 564/1132] 10.0.0.57 () {34 vars in 815 bytes} [Thu Jul 2 16:40:19 2026] DELETE /resource_providers/e463ca7b-9980-43c9-b2e6-438e15a6822d => generated 246 bytes in 14 msecs (HTTP/1.1 404) 6 headers in 231 bytes (1 switches on core 0)
