2026-07-02 16:34:38.579 8 INFO cinder.api.openstack.wsgi [None req-6636cc84-1b9d-4c84-8357-27170353aa78 1037e19b123a4992835a6df50f40e68c d949905ef1ac42f799230ee977885d8f - - default default] http://cinder-api.openstack.svc.cluster.local:8776/v3/d949905ef1ac42f799230ee977885d8f/os-services returned with HTTP 200 [pid: 8|app: 0|req: 350/698] 10.0.0.192 () {28 vars in 645 bytes} [Thu Jul 2 16:34:38 2026] GET /v3/d949905ef1ac42f799230ee977885d8f/os-services => generated 646 bytes in 19 msecs (HTTP/1.1 200) 7 headers in 285 bytes (1 switches on core 0)
2026-07-02 16:34:38.595 7 INFO cinder.api.openstack.wsgi [None req-051818df-85cb-49e7-ba7e-925e8f7909a5 1037e19b123a4992835a6df50f40e68c d949905ef1ac42f799230ee977885d8f - - default default] GET http://cinder-api.openstack.svc.cluster.local:8776/v3/d949905ef1ac42f799230ee977885d8f/snapshots?all_tenants=true
2026-07-02 16:34:38.603 7 INFO cinder.volume.api [None req-051818df-85cb-49e7-ba7e-925e8f7909a5 1037e19b123a4992835a6df50f40e68c d949905ef1ac42f799230ee977885d8f - - default default] Get all snapshots completed successfully.
2026-07-02 16:34:38.603 7 INFO cinder.api.openstack.wsgi [None req-051818df-85cb-49e7-ba7e-925e8f7909a5 1037e19b123a4992835a6df50f40e68c d949905ef1ac42f799230ee977885d8f - - default default] http://cinder-api.openstack.svc.cluster.local:8776/v3/d949905ef1ac42f799230ee977885d8f/snapshots?all_tenants=true returned with HTTP 200 [pid: 7|app: 0|req: 349/699] 10.0.0.192 () {28 vars in 674 bytes} [Thu Jul 2 16:34:38 2026] GET /v3/d949905ef1ac42f799230ee977885d8f/snapshots?all_tenants=true => generated 17 bytes in 18 msecs (HTTP/1.1 200) 7 headers in 284 bytes (1 switches on core 0)
2026-07-02 16:34:38.616 8 INFO cinder.api.openstack.wsgi [None req-d3086f1e-ef5f-40f9-ba28-6b3f59c8fca9 1037e19b123a4992835a6df50f40e68c d949905ef1ac42f799230ee977885d8f - - default default] GET http://cinder-api.openstack.svc.cluster.local:8776/v3/d949905ef1ac42f799230ee977885d8f/scheduler-stats/get_pools?detail=true
2026-07-02 16:34:38.636 8 INFO cinder.api.openstack.wsgi [None req-d3086f1e-ef5f-40f9-ba28-6b3f59c8fca9 1037e19b123a4992835a6df50f40e68c d949905ef1ac42f799230ee977885d8f - - default default] http://cinder-api.openstack.svc.cluster.local:8776/v3/d949905ef1ac42f799230ee977885d8f/scheduler-stats/get_pools?detail=true returned with HTTP 200 [pid: 8|app: 0|req: 351/700] 10.0.0.192 () {28 vars in 696 bytes} [Thu Jul 2 16:34:38 2026] GET /v3/d949905ef1ac42f799230ee977885d8f/scheduler-stats/get_pools?detail=true => generated 670 bytes in 28 msecs (HTTP/1.1 200) 7 headers in 285 bytes (1 switches on core 0)
2026-07-02 16:34:38.653 7 INFO cinder.api.openstack.wsgi [None req-500cab1f-250f-47dc-ac3e-c1fca6bfc08f 1037e19b123a4992835a6df50f40e68c d949905ef1ac42f799230ee977885d8f - - default default] GET http://cinder-api.openstack.svc.cluster.local:8776/v3/d949905ef1ac42f799230ee977885d8f/volumes/detail?all_tenants=true
2026-07-02 16:34:38.664 7 INFO cinder.volume.api [None req-500cab1f-250f-47dc-ac3e-c1fca6bfc08f 1037e19b123a4992835a6df50f40e68c d949905ef1ac42f799230ee977885d8f - - default default] Get all volumes completed successfully.
2026-07-02 16:34:38.668 7 INFO cinder.api.openstack.wsgi [None req-500cab1f-250f-47dc-ac3e-c1fca6bfc08f 1037e19b123a4992835a6df50f40e68c d949905ef1ac42f799230ee977885d8f - - default default] http://cinder-api.openstack.svc.cluster.local:8776/v3/d949905ef1ac42f799230ee977885d8f/volumes/detail?all_tenants=true returned with HTTP 200 [pid: 7|app: 0|req: 350/701] 10.0.0.192 () {28 vars in 684 bytes} [Thu Jul 2 16:34:38 2026] GET /v3/d949905ef1ac42f799230ee977885d8f/volumes/detail?all_tenants=true => generated 15 bytes in 27 msecs (HTTP/1.1 200) 7 headers in 284 bytes (1 switches on core 0)
2026-07-02 16:34:44.747 7 INFO cinder.api.openstack.wsgi [None req-500cab1f-250f-47dc-ac3e-c1fca6bfc08f 1037e19b123a4992835a6df50f40e68c d949905ef1ac42f799230ee977885d8f - - default default] GET http://10.0.0.162:8776/
2026-07-02 16:34:44.747 8 INFO cinder.api.openstack.wsgi [None req-d3086f1e-ef5f-40f9-ba28-6b3f59c8fca9 1037e19b123a4992835a6df50f40e68c d949905ef1ac42f799230ee977885d8f - - default default] GET http://10.0.0.162:8776/
2026-07-02 16:34:44.748 7 INFO cinder.api.openstack.wsgi [None req-500cab1f-250f-47dc-ac3e-c1fca6bfc08f 1037e19b123a4992835a6df50f40e68c d949905ef1ac42f799230ee977885d8f - - default default] http://10.0.0.162:8776/ returned with HTTP 300
2026-07-02 16:34:44.749 8 INFO cinder.api.openstack.wsgi [None req-d3086f1e-ef5f-40f9-ba28-6b3f59c8fca9 1037e19b123a4992835a6df50f40e68c d949905ef1ac42f799230ee977885d8f - - default default] http://10.0.0.162:8776/ returned with HTTP 300
2026-07-02 16:34:54.746 8 INFO cinder.api.openstack.wsgi [None req-d3086f1e-ef5f-40f9-ba28-6b3f59c8fca9 1037e19b123a4992835a6df50f40e68c d949905ef1ac42f799230ee977885d8f - - default default] GET http://10.0.0.162:8776/
2026-07-02 16:34:54.746 7 INFO cinder.api.openstack.wsgi [None req-500cab1f-250f-47dc-ac3e-c1fca6bfc08f 1037e19b123a4992835a6df50f40e68c d949905ef1ac42f799230ee977885d8f - - default default] GET http://10.0.0.162:8776/
2026-07-02 16:34:54.747 8 INFO cinder.api.openstack.wsgi [None req-d3086f1e-ef5f-40f9-ba28-6b3f59c8fca9 1037e19b123a4992835a6df50f40e68c d949905ef1ac42f799230ee977885d8f - - default default] http://10.0.0.162:8776/ returned with HTTP 300
2026-07-02 16:34:54.748 7 INFO cinder.api.openstack.wsgi [None req-500cab1f-250f-47dc-ac3e-c1fca6bfc08f 1037e19b123a4992835a6df50f40e68c d949905ef1ac42f799230ee977885d8f - - default default] http://10.0.0.162:8776/ returned with HTTP 300
2026-07-02 16:35:01.666 8 INFO cinder.api.openstack.wsgi [None req-547136f9-779f-47ca-99b7-e24b90110eb6 1037e19b123a4992835a6df50f40e68c d949905ef1ac42f799230ee977885d8f - - default default] GET http://cinder-api.openstack.svc.cluster.local:8776/v3/d949905ef1ac42f799230ee977885d8f/snapshots
2026-07-02 16:35:01.679 8 INFO cinder.volume.api [None req-547136f9-779f-47ca-99b7-e24b90110eb6 1037e19b123a4992835a6df50f40e68c d949905ef1ac42f799230ee977885d8f - - default default] Get all snapshots completed successfully.
2026-07-02 16:35:01.680 8 INFO cinder.api.openstack.wsgi [None req-547136f9-779f-47ca-99b7-e24b90110eb6 1037e19b123a4992835a6df50f40e68c d949905ef1ac42f799230ee977885d8f - - default default] http://cinder-api.openstack.svc.cluster.local:8776/v3/d949905ef1ac42f799230ee977885d8f/snapshots returned with HTTP 200 [pid: 8|app: 0|req: 354/706] 10.0.0.145 () {32 vars in 705 bytes} [Thu Jul 2 16:35:01 2026] GET /v3/d949905ef1ac42f799230ee977885d8f/snapshots => generated 17 bytes in 24 msecs (HTTP/1.1 200) 7 headers in 284 bytes (1 switches on core 0)
2026-07-02 16:35:01.697 7 INFO cinder.api.openstack.wsgi [None req-f065410f-e0b3-4907-8c1b-aa3db4ed051a 1037e19b123a4992835a6df50f40e68c d949905ef1ac42f799230ee977885d8f - - default default] GET http://cinder-api.openstack.svc.cluster.local:8776/v3/d949905ef1ac42f799230ee977885d8f/volumes
2026-07-02 16:35:01.726 7 INFO cinder.volume.api [None req-f065410f-e0b3-4907-8c1b-aa3db4ed051a 1037e19b123a4992835a6df50f40e68c d949905ef1ac42f799230ee977885d8f - - default default] Get all volumes completed successfully.
2026-07-02 16:35:01.727 7 INFO cinder.api.openstack.wsgi [None req-f065410f-e0b3-4907-8c1b-aa3db4ed051a 1037e19b123a4992835a6df50f40e68c d949905ef1ac42f799230ee977885d8f - - default default] http://cinder-api.openstack.svc.cluster.local:8776/v3/d949905ef1ac42f799230ee977885d8f/volumes returned with HTTP 200 [pid: 7|app: 0|req: 353/707] 10.0.0.145 () {32 vars in 701 bytes} [Thu Jul 2 16:35:01 2026] GET /v3/d949905ef1ac42f799230ee977885d8f/volumes => generated 15 bytes in 38 msecs (HTTP/1.1 200) 7 headers in 284 bytes (1 switches on core 0)
2026-07-02 16:35:04.745 7 INFO cinder.api.openstack.wsgi [None req-f065410f-e0b3-4907-8c1b-aa3db4ed051a 1037e19b123a4992835a6df50f40e68c d949905ef1ac42f799230ee977885d8f - - default default] GET http://10.0.0.162:8776/
2026-07-02 16:35:04.746 8 INFO cinder.api.openstack.wsgi [None req-547136f9-779f-47ca-99b7-e24b90110eb6 1037e19b123a4992835a6df50f40e68c d949905ef1ac42f799230ee977885d8f - - default default] GET http://10.0.0.162:8776/
2026-07-02 16:35:04.746 7 INFO cinder.api.openstack.wsgi [None req-f065410f-e0b3-4907-8c1b-aa3db4ed051a 1037e19b123a4992835a6df50f40e68c d949905ef1ac42f799230ee977885d8f - - default default] http://10.0.0.162:8776/ returned with HTTP 300
2026-07-02 16:35:04.747 8 INFO cinder.api.openstack.wsgi [None req-547136f9-779f-47ca-99b7-e24b90110eb6 1037e19b123a4992835a6df50f40e68c d949905ef1ac42f799230ee977885d8f - - default default] http://10.0.0.162:8776/ returned with HTTP 300
2026-07-02 16:35:14.747 7 INFO cinder.api.openstack.wsgi [None req-f065410f-e0b3-4907-8c1b-aa3db4ed051a 1037e19b123a4992835a6df50f40e68c d949905ef1ac42f799230ee977885d8f - - default default] GET http://10.0.0.162:8776/
2026-07-02 16:35:14.747 8 INFO cinder.api.openstack.wsgi [None req-547136f9-779f-47ca-99b7-e24b90110eb6 1037e19b123a4992835a6df50f40e68c d949905ef1ac42f799230ee977885d8f - - default default] GET http://10.0.0.162:8776/
2026-07-02 16:35:14.748 7 INFO cinder.api.openstack.wsgi [None req-f065410f-e0b3-4907-8c1b-aa3db4ed051a 1037e19b123a4992835a6df50f40e68c d949905ef1ac42f799230ee977885d8f - - default default] http://10.0.0.162:8776/ returned with HTTP 300
2026-07-02 16:35:14.748 8 INFO cinder.api.openstack.wsgi [None req-547136f9-779f-47ca-99b7-e24b90110eb6 1037e19b123a4992835a6df50f40e68c d949905ef1ac42f799230ee977885d8f - - default default] http://10.0.0.162:8776/ returned with HTTP 300
2026-07-02 16:35:24.746 8 INFO cinder.api.openstack.wsgi [None req-547136f9-779f-47ca-99b7-e24b90110eb6 1037e19b123a4992835a6df50f40e68c d949905ef1ac42f799230ee977885d8f - - default default] GET http://10.0.0.162:8776/
2026-07-02 16:35:24.747 7 INFO cinder.api.openstack.wsgi [None req-f065410f-e0b3-4907-8c1b-aa3db4ed051a 1037e19b123a4992835a6df50f40e68c d949905ef1ac42f799230ee977885d8f - - default default] GET http://10.0.0.162:8776/
2026-07-02 16:35:24.748 8 INFO cinder.api.openstack.wsgi [None req-547136f9-779f-47ca-99b7-e24b90110eb6 1037e19b123a4992835a6df50f40e68c d949905ef1ac42f799230ee977885d8f - - default default] http://10.0.0.162:8776/ returned with HTTP 300
2026-07-02 16:35:24.748 7 INFO cinder.api.openstack.wsgi [None req-f065410f-e0b3-4907-8c1b-aa3db4ed051a 1037e19b123a4992835a6df50f40e68c d949905ef1ac42f799230ee977885d8f - - default default] http://10.0.0.162:8776/ returned with HTTP 300
2026-07-02 16:35:34.745 7 INFO cinder.api.openstack.wsgi [None req-f065410f-e0b3-4907-8c1b-aa3db4ed051a 1037e19b123a4992835a6df50f40e68c d949905ef1ac42f799230ee977885d8f - - default default] GET http://10.0.0.162:8776/
2026-07-02 16:35:34.746 8 INFO cinder.api.openstack.wsgi [None req-547136f9-779f-47ca-99b7-e24b90110eb6 1037e19b123a4992835a6df50f40e68c d949905ef1ac42f799230ee977885d8f - - default default] GET http://10.0.0.162:8776/
2026-07-02 16:35:34.746 7 INFO cinder.api.openstack.wsgi [None req-f065410f-e0b3-4907-8c1b-aa3db4ed051a 1037e19b123a4992835a6df50f40e68c d949905ef1ac42f799230ee977885d8f - - default default] http://10.0.0.162:8776/ returned with HTTP 300
2026-07-02 16:35:34.748 8 INFO cinder.api.openstack.wsgi [None req-547136f9-779f-47ca-99b7-e24b90110eb6 1037e19b123a4992835a6df50f40e68c d949905ef1ac42f799230ee977885d8f - - default default] http://10.0.0.162:8776/ returned with HTTP 300
2026-07-02 16:35:36.154 7 INFO cinder.api.openstack.wsgi [None req-fd75d771-d672-4176-b279-422de83f7d6b db4d0f58108d435eb97b9a5cc825a111 5a68dc4f18024754a6a0224fb171ef0e - - default default] POST http://cinder-api.openstack.svc.cluster.local:8776/v3/5a68dc4f18024754a6a0224fb171ef0e/volumes
2026-07-02 16:35:36.999 7 INFO cinder.api.v3.volumes [None req-fd75d771-d672-4176-b279-422de83f7d6b db4d0f58108d435eb97b9a5cc825a111 5a68dc4f18024754a6a0224fb171ef0e - - default default] Create volume of 1 GB
2026-07-02 16:35:37.050 7 INFO cinder.volume.api [None req-fd75d771-d672-4176-b279-422de83f7d6b db4d0f58108d435eb97b9a5cc825a111 5a68dc4f18024754a6a0224fb171ef0e - - default default] Availability Zones retrieved successfully. /var/lib/openstack/lib/python3.10/site-packages/taskflow/engines/action_engine/process_executor.py:17: DeprecationWarning: The asyncore module is deprecated and will be removed in Python 3.12. The recommended replacement is asyncio import asyncore
2026-07-02 16:35:37.519 7 INFO cinder.volume.api [None req-fd75d771-d672-4176-b279-422de83f7d6b db4d0f58108d435eb97b9a5cc825a111 5a68dc4f18024754a6a0224fb171ef0e - - default default] Create volume request issued successfully.
2026-07-02 16:35:37.521 7 INFO cinder.api.openstack.wsgi [None req-fd75d771-d672-4176-b279-422de83f7d6b db4d0f58108d435eb97b9a5cc825a111 5a68dc4f18024754a6a0224fb171ef0e - - default default] http://cinder-api.openstack.svc.cluster.local:8776/v3/5a68dc4f18024754a6a0224fb171ef0e/volumes returned with HTTP 202 [pid: 7|app: 0|req: 358/716] 10.0.0.145 () {34 vars in 723 bytes} [Thu Jul 2 16:35:36 2026] POST /v3/5a68dc4f18024754a6a0224fb171ef0e/volumes => generated 865 bytes in 1375 msecs (HTTP/1.1 202) 7 headers in 291 bytes (1 switches on core 0)
2026-07-02 16:35:37.547 8 INFO cinder.api.openstack.wsgi [None req-3b843003-922b-4d15-86db-c0734c635b0d db4d0f58108d435eb97b9a5cc825a111 5a68dc4f18024754a6a0224fb171ef0e - - default default] GET http://cinder-api.openstack.svc.cluster.local:8776/v3/5a68dc4f18024754a6a0224fb171ef0e/volumes/8c4d6d7b-e3b8-431f-bbfe-5f1b38059405 /var/lib/openstack/lib/python3.10/site-packages/oslo_context/context.py:100: DeprecationWarning: Policy enforcement is depending on the value of is_admin. This key is deprecated. Please update your policy file to use the standard policy values. warnings.warn('Policy enforcement is depending on the value of '
2026-07-02 16:35:37.625 8 INFO cinder.volume.api [None req-3b843003-922b-4d15-86db-c0734c635b0d db4d0f58108d435eb97b9a5cc825a111 5a68dc4f18024754a6a0224fb171ef0e - - default default] Volume info retrieved successfully.
2026-07-02 16:35:37.637 8 INFO cinder.api.openstack.wsgi [None req-3b843003-922b-4d15-86db-c0734c635b0d db4d0f58108d435eb97b9a5cc825a111 5a68dc4f18024754a6a0224fb171ef0e - - default default] http://cinder-api.openstack.svc.cluster.local:8776/v3/5a68dc4f18024754a6a0224fb171ef0e/volumes/8c4d6d7b-e3b8-431f-bbfe-5f1b38059405 returned with HTTP 200 [pid: 8|app: 0|req: 359/717] 10.0.0.145 () {32 vars in 775 bytes} [Thu Jul 2 16:35:37 2026] GET /v3/5a68dc4f18024754a6a0224fb171ef0e/volumes/8c4d6d7b-e3b8-431f-bbfe-5f1b38059405 => generated 933 bytes in 98 msecs (HTTP/1.1 200) 7 headers in 285 bytes (1 switches on core 0) /var/lib/openstack/lib/python3.10/site-packages/pycadf/identifier.py:71: UserWarning: Invalid uuid: cinderv3. To ensure interoperability, identifiers should be a valid uuid. warnings.warn(('Invalid uuid: %s. To ensure interoperability, '
2026-07-02 16:35:38.484 7 INFO cinder.api.openstack.wsgi [None req-8da8bb58-edff-497c-bf4f-bd1fb5bfb0cb 1037e19b123a4992835a6df50f40e68c d949905ef1ac42f799230ee977885d8f - - default default] GET http://cinder-api.openstack.svc.cluster.local:8776/v3/d949905ef1ac42f799230ee977885d8f/volumes/detail?all_tenants=true /var/lib/openstack/lib/python3.10/site-packages/oslo_context/context.py:100: DeprecationWarning: Policy enforcement is depending on the value of is_admin. This key is deprecated. Please update your policy file to use the standard policy values. warnings.warn('Policy enforcement is depending on the value of '
2026-07-02 16:35:38.504 7 INFO cinder.volume.api [None req-8da8bb58-edff-497c-bf4f-bd1fb5bfb0cb 1037e19b123a4992835a6df50f40e68c d949905ef1ac42f799230ee977885d8f - - default default] Get all volumes completed successfully. /var/lib/openstack/lib/python3.10/site-packages/oslo_context/context.py:100: DeprecationWarning: Policy enforcement is depending on the value of is_admin. This key is deprecated. Please update your policy file to use the standard policy values. warnings.warn('Policy enforcement is depending on the value of '
2026-07-02 16:35:38.516 7 INFO cinder.api.openstack.wsgi [None req-8da8bb58-edff-497c-bf4f-bd1fb5bfb0cb 1037e19b123a4992835a6df50f40e68c d949905ef1ac42f799230ee977885d8f - - default default] http://cinder-api.openstack.svc.cluster.local:8776/v3/d949905ef1ac42f799230ee977885d8f/volumes/detail?all_tenants=true returned with HTTP 200 [pid: 7|app: 0|req: 359/718] 10.0.0.192 () {28 vars in 684 bytes} [Thu Jul 2 16:35:38 2026] GET /v3/d949905ef1ac42f799230ee977885d8f/volumes/detail?all_tenants=true => generated 1125 bytes in 312 msecs (HTTP/1.1 200) 7 headers in 286 bytes (1 switches on core 0) /var/lib/openstack/lib/python3.10/site-packages/pycadf/identifier.py:71: UserWarning: Invalid uuid: cinderv3. To ensure interoperability, identifiers should be a valid uuid. warnings.warn(('Invalid uuid: %s. To ensure interoperability, '
2026-07-02 16:35:38.540 8 INFO cinder.api.openstack.wsgi [None req-9c49f245-592b-4da9-af35-d935acc58c31 1037e19b123a4992835a6df50f40e68c d949905ef1ac42f799230ee977885d8f - - default default] GET http://cinder-api.openstack.svc.cluster.local:8776/v3/d949905ef1ac42f799230ee977885d8f/scheduler-stats/get_pools?detail=true
2026-07-02 16:35:38.562 8 INFO cinder.api.openstack.wsgi [None req-9c49f245-592b-4da9-af35-d935acc58c31 1037e19b123a4992835a6df50f40e68c d949905ef1ac42f799230ee977885d8f - - default default] http://cinder-api.openstack.svc.cluster.local:8776/v3/d949905ef1ac42f799230ee977885d8f/scheduler-stats/get_pools?detail=true returned with HTTP 200 [pid: 8|app: 0|req: 360/719] 10.0.0.192 () {28 vars in 696 bytes} [Thu Jul 2 16:35:38 2026] GET /v3/d949905ef1ac42f799230ee977885d8f/scheduler-stats/get_pools?detail=true => generated 670 bytes in 36 msecs (HTTP/1.1 200) 7 headers in 285 bytes (1 switches on core 0) /var/lib/openstack/lib/python3.10/site-packages/pycadf/identifier.py:71: UserWarning: Invalid uuid: cinderv3. To ensure interoperability, identifiers should be a valid uuid. warnings.warn(('Invalid uuid: %s. To ensure interoperability, '
2026-07-02 16:35:38.587 7 INFO cinder.api.openstack.wsgi [None req-304d262f-0d41-40c5-96d4-49865e121a3c 1037e19b123a4992835a6df50f40e68c d949905ef1ac42f799230ee977885d8f - - default default] GET http://cinder-api.openstack.svc.cluster.local:8776/v3/d949905ef1ac42f799230ee977885d8f/os-services
2026-07-02 16:35:38.593 7 INFO cinder.api.openstack.wsgi [None req-304d262f-0d41-40c5-96d4-49865e121a3c 1037e19b123a4992835a6df50f40e68c d949905ef1ac42f799230ee977885d8f - - default default] http://cinder-api.openstack.svc.cluster.local:8776/v3/d949905ef1ac42f799230ee977885d8f/os-services returned with HTTP 200 [pid: 7|app: 0|req: 360/720] 10.0.0.192 () {28 vars in 645 bytes} [Thu Jul 2 16:35:38 2026] GET /v3/d949905ef1ac42f799230ee977885d8f/os-services => generated 646 bytes in 20 msecs (HTTP/1.1 200) 7 headers in 285 bytes (1 switches on core 0)
2026-07-02 16:35:38.648 8 INFO cinder.api.openstack.wsgi [None req-8158bcb0-e6dc-40c5-898a-abc9865eecf5 1037e19b123a4992835a6df50f40e68c d949905ef1ac42f799230ee977885d8f - - default default] GET http://cinder-api.openstack.svc.cluster.local:8776/v3/d949905ef1ac42f799230ee977885d8f/os-quota-sets/16c1af2407b94971b70dcbfc52902d3e?usage=true
2026-07-02 16:35:38.661 7 INFO cinder.api.openstack.wsgi [None req-fd448a7d-a74a-45fe-9258-c9fe0d661be1 db4d0f58108d435eb97b9a5cc825a111 5a68dc4f18024754a6a0224fb171ef0e - - default default] GET http://cinder-api.openstack.svc.cluster.local:8776/v3/5a68dc4f18024754a6a0224fb171ef0e/volumes/8c4d6d7b-e3b8-431f-bbfe-5f1b38059405 /var/lib/openstack/lib/python3.10/site-packages/oslo_context/context.py:100: DeprecationWarning: Policy enforcement is depending on the value of is_admin. This key is deprecated. Please update your policy file to use the standard policy values. warnings.warn('Policy enforcement is depending on the value of '
2026-07-02 16:35:38.675 8 INFO cinder.api.openstack.wsgi [None req-8158bcb0-e6dc-40c5-898a-abc9865eecf5 1037e19b123a4992835a6df50f40e68c d949905ef1ac42f799230ee977885d8f - - default default] http://cinder-api.openstack.svc.cluster.local:8776/v3/d949905ef1ac42f799230ee977885d8f/os-quota-sets/16c1af2407b94971b70dcbfc52902d3e?usage=true returned with HTTP 200 [pid: 8|app: 0|req: 361/721] 10.0.0.192 () {28 vars in 736 bytes} [Thu Jul 2 16:35:38 2026] GET /v3/d949905ef1ac42f799230ee977885d8f/os-quota-sets/16c1af2407b94971b70dcbfc52902d3e?usage=true => generated 847 bytes in 36 msecs (HTTP/1.1 200) 7 headers in 285 bytes (1 switches on core 0)
2026-07-02 16:35:38.683 7 INFO cinder.volume.api [None req-fd448a7d-a74a-45fe-9258-c9fe0d661be1 db4d0f58108d435eb97b9a5cc825a111 5a68dc4f18024754a6a0224fb171ef0e - - default default] Volume info retrieved successfully.
2026-07-02 16:35:38.690 8 INFO cinder.api.openstack.wsgi [None req-e0675804-e1fa-4542-9122-3189b69c079c 1037e19b123a4992835a6df50f40e68c d949905ef1ac42f799230ee977885d8f - - default default] GET http://cinder-api.openstack.svc.cluster.local:8776/v3/d949905ef1ac42f799230ee977885d8f/os-quota-sets/220a606194624e618805e5f3857bc86b?usage=true
2026-07-02 16:35:38.691 7 INFO cinder.api.openstack.wsgi [None req-fd448a7d-a74a-45fe-9258-c9fe0d661be1 db4d0f58108d435eb97b9a5cc825a111 5a68dc4f18024754a6a0224fb171ef0e - - default default] http://cinder-api.openstack.svc.cluster.local:8776/v3/5a68dc4f18024754a6a0224fb171ef0e/volumes/8c4d6d7b-e3b8-431f-bbfe-5f1b38059405 returned with HTTP 200 [pid: 7|app: 0|req: 361/722] 10.0.0.145 () {32 vars in 775 bytes} [Thu Jul 2 16:35:38 2026] GET /v3/5a68dc4f18024754a6a0224fb171ef0e/volumes/8c4d6d7b-e3b8-431f-bbfe-5f1b38059405 => generated 957 bytes in 39 msecs (HTTP/1.1 200) 7 headers in 285 bytes (1 switches on core 0)
2026-07-02 16:35:38.728 8 INFO cinder.api.openstack.wsgi [None req-e0675804-e1fa-4542-9122-3189b69c079c 1037e19b123a4992835a6df50f40e68c d949905ef1ac42f799230ee977885d8f - - default default] http://cinder-api.openstack.svc.cluster.local:8776/v3/d949905ef1ac42f799230ee977885d8f/os-quota-sets/220a606194624e618805e5f3857bc86b?usage=true returned with HTTP 200 [pid: 8|app: 0|req: 362/723] 10.0.0.192 () {28 vars in 736 bytes} [Thu Jul 2 16:35:38 2026] GET /v3/d949905ef1ac42f799230ee977885d8f/os-quota-sets/220a606194624e618805e5f3857bc86b?usage=true => generated 847 bytes in 50 msecs (HTTP/1.1 200) 7 headers in 285 bytes (1 switches on core 0) /var/lib/openstack/lib/python3.10/site-packages/pycadf/identifier.py:71: UserWarning: Invalid uuid: cinderv3. To ensure interoperability, identifiers should be a valid uuid. warnings.warn(('Invalid uuid: %s. To ensure interoperability, '
2026-07-02 16:35:38.739 7 INFO cinder.api.openstack.wsgi [None req-dc045c0f-d72b-44d5-b390-0e8403604a92 1037e19b123a4992835a6df50f40e68c d949905ef1ac42f799230ee977885d8f - - default default] GET http://cinder-api.openstack.svc.cluster.local:8776/v3/d949905ef1ac42f799230ee977885d8f/os-quota-sets/3903ddf28dfd4542a5ef8fc0dc012049?usage=true
2026-07-02 16:35:38.781 7 INFO cinder.api.openstack.wsgi [None req-dc045c0f-d72b-44d5-b390-0e8403604a92 1037e19b123a4992835a6df50f40e68c d949905ef1ac42f799230ee977885d8f - - default default] http://cinder-api.openstack.svc.cluster.local:8776/v3/d949905ef1ac42f799230ee977885d8f/os-quota-sets/3903ddf28dfd4542a5ef8fc0dc012049?usage=true returned with HTTP 200 [pid: 7|app: 0|req: 362/724] 10.0.0.192 () {28 vars in 736 bytes} [Thu Jul 2 16:35:38 2026] GET /v3/d949905ef1ac42f799230ee977885d8f/os-quota-sets/3903ddf28dfd4542a5ef8fc0dc012049?usage=true => generated 847 bytes in 49 msecs (HTTP/1.1 200) 7 headers in 285 bytes (1 switches on core 0)
2026-07-02 16:35:38.798 8 INFO cinder.api.openstack.wsgi [None req-895fbe4c-c288-43da-806f-4799d4938e35 1037e19b123a4992835a6df50f40e68c d949905ef1ac42f799230ee977885d8f - - default default] GET http://cinder-api.openstack.svc.cluster.local:8776/v3/d949905ef1ac42f799230ee977885d8f/os-quota-sets/5a68dc4f18024754a6a0224fb171ef0e?usage=true
2026-07-02 16:35:38.826 8 INFO cinder.api.openstack.wsgi [None req-895fbe4c-c288-43da-806f-4799d4938e35 1037e19b123a4992835a6df50f40e68c d949905ef1ac42f799230ee977885d8f - - default default] http://cinder-api.openstack.svc.cluster.local:8776/v3/d949905ef1ac42f799230ee977885d8f/os-quota-sets/5a68dc4f18024754a6a0224fb171ef0e?usage=true returned with HTTP 200 [pid: 8|app: 0|req: 363/725] 10.0.0.192 () {28 vars in 736 bytes} [Thu Jul 2 16:35:38 2026] GET /v3/d949905ef1ac42f799230ee977885d8f/os-quota-sets/5a68dc4f18024754a6a0224fb171ef0e?usage=true => generated 847 bytes in 42 msecs (HTTP/1.1 200) 7 headers in 285 bytes (1 switches on core 0)
2026-07-02 16:35:38.839 7 INFO cinder.api.openstack.wsgi [None req-5ef89bd2-ee54-4cd1-aad3-8b70ca061fff 1037e19b123a4992835a6df50f40e68c d949905ef1ac42f799230ee977885d8f - - default default] GET http://cinder-api.openstack.svc.cluster.local:8776/v3/d949905ef1ac42f799230ee977885d8f/os-quota-sets/9c5033dd102e4683a593053dfa0f1385?usage=true
2026-07-02 16:35:38.870 7 INFO cinder.api.openstack.wsgi [None req-5ef89bd2-ee54-4cd1-aad3-8b70ca061fff 1037e19b123a4992835a6df50f40e68c d949905ef1ac42f799230ee977885d8f - - default default] http://cinder-api.openstack.svc.cluster.local:8776/v3/d949905ef1ac42f799230ee977885d8f/os-quota-sets/9c5033dd102e4683a593053dfa0f1385?usage=true returned with HTTP 200 [pid: 7|app: 0|req: 363/726] 10.0.0.192 () {28 vars in 736 bytes} [Thu Jul 2 16:35:38 2026] GET /v3/d949905ef1ac42f799230ee977885d8f/os-quota-sets/9c5033dd102e4683a593053dfa0f1385?usage=true => generated 845 bytes in 39 msecs (HTTP/1.1 200) 7 headers in 285 bytes (1 switches on core 0)
2026-07-02 16:35:38.883 8 INFO cinder.api.openstack.wsgi [None req-6cf37b8f-3fc5-4df5-9531-73708d90e970 1037e19b123a4992835a6df50f40e68c d949905ef1ac42f799230ee977885d8f - - default default] GET http://cinder-api.openstack.svc.cluster.local:8776/v3/d949905ef1ac42f799230ee977885d8f/os-quota-sets/b0ec5988e6e64bfd9ee9cbce2e0867bd?usage=true
2026-07-02 16:35:38.915 8 INFO cinder.api.openstack.wsgi [None req-6cf37b8f-3fc5-4df5-9531-73708d90e970 1037e19b123a4992835a6df50f40e68c d949905ef1ac42f799230ee977885d8f - - default default] http://cinder-api.openstack.svc.cluster.local:8776/v3/d949905ef1ac42f799230ee977885d8f/os-quota-sets/b0ec5988e6e64bfd9ee9cbce2e0867bd?usage=true returned with HTTP 200 [pid: 8|app: 0|req: 364/727] 10.0.0.192 () {28 vars in 736 bytes} [Thu Jul 2 16:35:38 2026] GET /v3/d949905ef1ac42f799230ee977885d8f/os-quota-sets/b0ec5988e6e64bfd9ee9cbce2e0867bd?usage=true => generated 847 bytes in 42 msecs (HTTP/1.1 200) 7 headers in 285 bytes (1 switches on core 0)
2026-07-02 16:35:38.929 7 INFO cinder.api.openstack.wsgi [None req-a2d300b7-ad82-427e-8b56-92026625180f 1037e19b123a4992835a6df50f40e68c d949905ef1ac42f799230ee977885d8f - - default default] GET http://cinder-api.openstack.svc.cluster.local:8776/v3/d949905ef1ac42f799230ee977885d8f/os-quota-sets/d949905ef1ac42f799230ee977885d8f?usage=true
2026-07-02 16:35:38.957 7 INFO cinder.api.openstack.wsgi [None req-a2d300b7-ad82-427e-8b56-92026625180f 1037e19b123a4992835a6df50f40e68c d949905ef1ac42f799230ee977885d8f - - default default] http://cinder-api.openstack.svc.cluster.local:8776/v3/d949905ef1ac42f799230ee977885d8f/os-quota-sets/d949905ef1ac42f799230ee977885d8f?usage=true returned with HTTP 200 [pid: 7|app: 0|req: 364/728] 10.0.0.192 () {28 vars in 736 bytes} [Thu Jul 2 16:35:38 2026] GET /v3/d949905ef1ac42f799230ee977885d8f/os-quota-sets/d949905ef1ac42f799230ee977885d8f?usage=true => generated 845 bytes in 37 msecs (HTTP/1.1 200) 7 headers in 285 bytes (1 switches on core 0)
2026-07-02 16:35:38.967 8 INFO cinder.api.openstack.wsgi [None req-59e01f9c-c479-4331-81b9-803507be66d8 1037e19b123a4992835a6df50f40e68c d949905ef1ac42f799230ee977885d8f - - default default] GET http://cinder-api.openstack.svc.cluster.local:8776/v3/d949905ef1ac42f799230ee977885d8f/volumes/detail?all_tenants=true
2026-07-02 16:35:38.977 8 INFO cinder.volume.api [None req-59e01f9c-c479-4331-81b9-803507be66d8 1037e19b123a4992835a6df50f40e68c d949905ef1ac42f799230ee977885d8f - - default default] Get all volumes completed successfully. /var/lib/openstack/lib/python3.10/site-packages/oslo_context/context.py:100: DeprecationWarning: Policy enforcement is depending on the value of is_admin. This key is deprecated. Please update your policy file to use the standard policy values. warnings.warn('Policy enforcement is depending on the value of '
2026-07-02 16:35:38.984 8 INFO cinder.api.openstack.wsgi [None req-59e01f9c-c479-4331-81b9-803507be66d8 1037e19b123a4992835a6df50f40e68c d949905ef1ac42f799230ee977885d8f - - default default] http://cinder-api.openstack.svc.cluster.local:8776/v3/d949905ef1ac42f799230ee977885d8f/volumes/detail?all_tenants=true returned with HTTP 200 [pid: 8|app: 0|req: 365/729] 10.0.0.192 () {28 vars in 684 bytes} [Thu Jul 2 16:35:38 2026] GET /v3/d949905ef1ac42f799230ee977885d8f/volumes/detail?all_tenants=true => generated 1125 bytes in 24 msecs (HTTP/1.1 200) 7 headers in 286 bytes (1 switches on core 0)
2026-07-02 16:35:38.999 7 INFO cinder.api.openstack.wsgi [None req-4e9c7423-6224-4793-95fb-324ea921741c 1037e19b123a4992835a6df50f40e68c d949905ef1ac42f799230ee977885d8f - - default default] GET http://cinder-api.openstack.svc.cluster.local:8776/v3/d949905ef1ac42f799230ee977885d8f/snapshots?all_tenants=true
2026-07-02 16:35:39.010 7 INFO cinder.volume.api [None req-4e9c7423-6224-4793-95fb-324ea921741c 1037e19b123a4992835a6df50f40e68c d949905ef1ac42f799230ee977885d8f - - default default] Get all snapshots completed successfully.
2026-07-02 16:35:39.011 7 INFO cinder.api.openstack.wsgi [None req-4e9c7423-6224-4793-95fb-324ea921741c 1037e19b123a4992835a6df50f40e68c d949905ef1ac42f799230ee977885d8f - - default default] http://cinder-api.openstack.svc.cluster.local:8776/v3/d949905ef1ac42f799230ee977885d8f/snapshots?all_tenants=true returned with HTTP 200 [pid: 7|app: 0|req: 365/730] 10.0.0.192 () {28 vars in 674 bytes} [Thu Jul 2 16:35:38 2026] GET /v3/d949905ef1ac42f799230ee977885d8f/snapshots?all_tenants=true => generated 17 bytes in 21 msecs (HTTP/1.1 200) 7 headers in 284 bytes (1 switches on core 0) /var/lib/openstack/lib/python3.10/site-packages/pycadf/identifier.py:71: UserWarning: Invalid uuid: cinderv3. To ensure interoperability, identifiers should be a valid uuid. warnings.warn(('Invalid uuid: %s. To ensure interoperability, '
2026-07-02 16:35:39.718 8 INFO cinder.api.openstack.wsgi [None req-0cd6b3e2-00d4-4517-86c7-8c87a6085790 db4d0f58108d435eb97b9a5cc825a111 5a68dc4f18024754a6a0224fb171ef0e - - default default] GET http://cinder-api.openstack.svc.cluster.local:8776/v3/5a68dc4f18024754a6a0224fb171ef0e/volumes/8c4d6d7b-e3b8-431f-bbfe-5f1b38059405 /var/lib/openstack/lib/python3.10/site-packages/oslo_context/context.py:100: DeprecationWarning: Policy enforcement is depending on the value of is_admin. This key is deprecated. Please update your policy file to use the standard policy values. warnings.warn('Policy enforcement is depending on the value of '
2026-07-02 16:35:39.746 8 INFO cinder.volume.api [None req-0cd6b3e2-00d4-4517-86c7-8c87a6085790 db4d0f58108d435eb97b9a5cc825a111 5a68dc4f18024754a6a0224fb171ef0e - - default default] Volume info retrieved successfully.
2026-07-02 16:35:39.753 8 INFO cinder.api.openstack.wsgi [None req-0cd6b3e2-00d4-4517-86c7-8c87a6085790 db4d0f58108d435eb97b9a5cc825a111 5a68dc4f18024754a6a0224fb171ef0e - - default default] http://cinder-api.openstack.svc.cluster.local:8776/v3/5a68dc4f18024754a6a0224fb171ef0e/volumes/8c4d6d7b-e3b8-431f-bbfe-5f1b38059405 returned with HTTP 200 [pid: 8|app: 0|req: 366/731] 10.0.0.145 () {32 vars in 775 bytes} [Thu Jul 2 16:35:39 2026] GET /v3/5a68dc4f18024754a6a0224fb171ef0e/volumes/8c4d6d7b-e3b8-431f-bbfe-5f1b38059405 => generated 957 bytes in 48 msecs (HTTP/1.1 200) 7 headers in 285 bytes (1 switches on core 0)
2026-07-02 16:35:40.777 7 INFO cinder.api.openstack.wsgi [None req-fdf7f1d6-091a-4d26-9fe2-cb7de9b51f44 db4d0f58108d435eb97b9a5cc825a111 5a68dc4f18024754a6a0224fb171ef0e - - default default] GET http://cinder-api.openstack.svc.cluster.local:8776/v3/5a68dc4f18024754a6a0224fb171ef0e/volumes/8c4d6d7b-e3b8-431f-bbfe-5f1b38059405 /var/lib/openstack/lib/python3.10/site-packages/oslo_context/context.py:100: DeprecationWarning: Policy enforcement is depending on the value of is_admin. This key is deprecated. Please update your policy file to use the standard policy values. warnings.warn('Policy enforcement is depending on the value of '
2026-07-02 16:35:40.801 7 INFO cinder.volume.api [None req-fdf7f1d6-091a-4d26-9fe2-cb7de9b51f44 db4d0f58108d435eb97b9a5cc825a111 5a68dc4f18024754a6a0224fb171ef0e - - default default] Volume info retrieved successfully.
2026-07-02 16:35:40.810 7 INFO cinder.api.openstack.wsgi [None req-fdf7f1d6-091a-4d26-9fe2-cb7de9b51f44 db4d0f58108d435eb97b9a5cc825a111 5a68dc4f18024754a6a0224fb171ef0e - - default default] http://cinder-api.openstack.svc.cluster.local:8776/v3/5a68dc4f18024754a6a0224fb171ef0e/volumes/8c4d6d7b-e3b8-431f-bbfe-5f1b38059405 returned with HTTP 200 [pid: 7|app: 0|req: 366/732] 10.0.0.145 () {32 vars in 775 bytes} [Thu Jul 2 16:35:40 2026] GET /v3/5a68dc4f18024754a6a0224fb171ef0e/volumes/8c4d6d7b-e3b8-431f-bbfe-5f1b38059405 => generated 1483 bytes in 40 msecs (HTTP/1.1 200) 7 headers in 286 bytes (1 switches on core 0) /var/lib/openstack/lib/python3.10/site-packages/pycadf/identifier.py:71: UserWarning: Invalid uuid: cinderv3. To ensure interoperability, identifiers should be a valid uuid. warnings.warn(('Invalid uuid: %s. To ensure interoperability, '
2026-07-02 16:35:40.926 8 INFO cinder.api.openstack.wsgi [req-aa4ebd43-f8ce-4891-929e-1aae9b6c5132 req-50fb75c2-ed2f-4abe-9a4d-9c6b5ea606ec db4d0f58108d435eb97b9a5cc825a111 5a68dc4f18024754a6a0224fb171ef0e - - default default] GET http://cinder-api.openstack.svc.cluster.local:8776/v3/5a68dc4f18024754a6a0224fb171ef0e/volumes/8c4d6d7b-e3b8-431f-bbfe-5f1b38059405 /var/lib/openstack/lib/python3.10/site-packages/oslo_context/context.py:100: DeprecationWarning: Policy enforcement is depending on the value of is_admin. This key is deprecated. Please update your policy file to use the standard policy values. warnings.warn('Policy enforcement is depending on the value of '
2026-07-02 16:35:40.964 8 INFO cinder.volume.api [req-aa4ebd43-f8ce-4891-929e-1aae9b6c5132 req-50fb75c2-ed2f-4abe-9a4d-9c6b5ea606ec db4d0f58108d435eb97b9a5cc825a111 5a68dc4f18024754a6a0224fb171ef0e - - default default] Volume info retrieved successfully.
2026-07-02 16:35:40.982 8 INFO cinder.api.openstack.wsgi [req-aa4ebd43-f8ce-4891-929e-1aae9b6c5132 req-50fb75c2-ed2f-4abe-9a4d-9c6b5ea606ec db4d0f58108d435eb97b9a5cc825a111 5a68dc4f18024754a6a0224fb171ef0e - - default default] http://cinder-api.openstack.svc.cluster.local:8776/v3/5a68dc4f18024754a6a0224fb171ef0e/volumes/8c4d6d7b-e3b8-431f-bbfe-5f1b38059405 returned with HTTP 200 [pid: 8|app: 0|req: 367/733] 10.0.0.223 () {34 vars in 1028 bytes} [Thu Jul 2 16:35:40 2026] GET /v3/5a68dc4f18024754a6a0224fb171ef0e/volumes/8c4d6d7b-e3b8-431f-bbfe-5f1b38059405 => generated 1483 bytes in 69 msecs (HTTP/1.1 200) 7 headers in 286 bytes (1 switches on core 0)
2026-07-02 16:35:44.746 7 INFO cinder.api.openstack.wsgi [None req-fdf7f1d6-091a-4d26-9fe2-cb7de9b51f44 db4d0f58108d435eb97b9a5cc825a111 5a68dc4f18024754a6a0224fb171ef0e - - default default] GET http://10.0.0.162:8776/
2026-07-02 16:35:44.746 8 INFO cinder.api.openstack.wsgi [req-aa4ebd43-f8ce-4891-929e-1aae9b6c5132 req-50fb75c2-ed2f-4abe-9a4d-9c6b5ea606ec db4d0f58108d435eb97b9a5cc825a111 5a68dc4f18024754a6a0224fb171ef0e - - default default] GET http://10.0.0.162:8776/
2026-07-02 16:35:44.747 8 INFO cinder.api.openstack.wsgi [req-aa4ebd43-f8ce-4891-929e-1aae9b6c5132 req-50fb75c2-ed2f-4abe-9a4d-9c6b5ea606ec db4d0f58108d435eb97b9a5cc825a111 5a68dc4f18024754a6a0224fb171ef0e - - default default] http://10.0.0.162:8776/ returned with HTTP 300
2026-07-02 16:35:44.752 7 INFO cinder.api.openstack.wsgi [None req-fdf7f1d6-091a-4d26-9fe2-cb7de9b51f44 db4d0f58108d435eb97b9a5cc825a111 5a68dc4f18024754a6a0224fb171ef0e - - default default] http://10.0.0.162:8776/ returned with HTTP 300 /var/lib/openstack/lib/python3.10/site-packages/pycadf/identifier.py:71: UserWarning: Invalid uuid: cinderv3. To ensure interoperability, identifiers should be a valid uuid. warnings.warn(('Invalid uuid: %s. To ensure interoperability, '
2026-07-02 16:35:47.585 8 INFO cinder.api.openstack.wsgi [req-aa4ebd43-f8ce-4891-929e-1aae9b6c5132 req-81d190c4-edda-4a1d-bdac-a6aba8348b88 db4d0f58108d435eb97b9a5cc825a111 5a68dc4f18024754a6a0224fb171ef0e - - default default] GET http://cinder-api.openstack.svc.cluster.local:8776/v3/5a68dc4f18024754a6a0224fb171ef0e/volumes/8c4d6d7b-e3b8-431f-bbfe-5f1b38059405 /var/lib/openstack/lib/python3.10/site-packages/oslo_context/context.py:100: DeprecationWarning: Policy enforcement is depending on the value of is_admin. This key is deprecated. Please update your policy file to use the standard policy values. warnings.warn('Policy enforcement is depending on the value of '
2026-07-02 16:35:47.604 8 INFO cinder.volume.api [req-aa4ebd43-f8ce-4891-929e-1aae9b6c5132 req-81d190c4-edda-4a1d-bdac-a6aba8348b88 db4d0f58108d435eb97b9a5cc825a111 5a68dc4f18024754a6a0224fb171ef0e - - default default] Volume info retrieved successfully.
2026-07-02 16:35:47.612 8 INFO cinder.api.openstack.wsgi [req-aa4ebd43-f8ce-4891-929e-1aae9b6c5132 req-81d190c4-edda-4a1d-bdac-a6aba8348b88 db4d0f58108d435eb97b9a5cc825a111 5a68dc4f18024754a6a0224fb171ef0e - - default default] http://cinder-api.openstack.svc.cluster.local:8776/v3/5a68dc4f18024754a6a0224fb171ef0e/volumes/8c4d6d7b-e3b8-431f-bbfe-5f1b38059405 returned with HTTP 200 [pid: 8|app: 0|req: 369/736] 10.0.0.223 () {34 vars in 1028 bytes} [Thu Jul 2 16:35:47 2026] GET /v3/5a68dc4f18024754a6a0224fb171ef0e/volumes/8c4d6d7b-e3b8-431f-bbfe-5f1b38059405 => generated 1483 bytes in 45 msecs (HTTP/1.1 200) 7 headers in 286 bytes (1 switches on core 0)
2026-07-02 16:35:47.623 7 INFO cinder.api.openstack.wsgi [None req-fdf7f1d6-091a-4d26-9fe2-cb7de9b51f44 db4d0f58108d435eb97b9a5cc825a111 5a68dc4f18024754a6a0224fb171ef0e - - default default] GET http://cinder-api.openstack.svc.cluster.local:8776/
2026-07-02 16:35:47.624 7 INFO cinder.api.openstack.wsgi [None req-fdf7f1d6-091a-4d26-9fe2-cb7de9b51f44 db4d0f58108d435eb97b9a5cc825a111 5a68dc4f18024754a6a0224fb171ef0e - - default default] http://cinder-api.openstack.svc.cluster.local:8776/ returned with HTTP 300 [pid: 7|app: 0|req: 368/737] 10.0.0.223 () {32 vars in 829 bytes} [Thu Jul 2 16:35:47 2026] GET / => generated 411 bytes in 2 msecs (HTTP/1.1 300) 5 headers in 169 bytes (1 switches on core 0) /var/lib/openstack/lib/python3.10/site-packages/pycadf/identifier.py:71: UserWarning: Invalid uuid: cinderv3. To ensure interoperability, identifiers should be a valid uuid. warnings.warn(('Invalid uuid: %s. To ensure interoperability, '
2026-07-02 16:35:47.642 8 INFO cinder.api.openstack.wsgi [req-aa4ebd43-f8ce-4891-929e-1aae9b6c5132 req-81b7b067-8fae-4f83-a29f-7a1837626061 db4d0f58108d435eb97b9a5cc825a111 5a68dc4f18024754a6a0224fb171ef0e - - default default] POST http://cinder-api.openstack.svc.cluster.local:8776/v3/5a68dc4f18024754a6a0224fb171ef0e/attachments /var/lib/openstack/lib/python3.10/site-packages/oslo_context/context.py:100: DeprecationWarning: Policy enforcement is depending on the value of is_admin. This key is deprecated. Please update your policy file to use the standard policy values. warnings.warn('Policy enforcement is depending on the value of '
2026-07-02 16:35:47.722 8 INFO cinder.api.openstack.wsgi [req-aa4ebd43-f8ce-4891-929e-1aae9b6c5132 req-81b7b067-8fae-4f83-a29f-7a1837626061 db4d0f58108d435eb97b9a5cc825a111 5a68dc4f18024754a6a0224fb171ef0e - - default default] http://cinder-api.openstack.svc.cluster.local:8776/v3/5a68dc4f18024754a6a0224fb171ef0e/attachments returned with HTTP 200 [pid: 8|app: 0|req: 370/738] 10.0.0.223 () {40 vars in 1057 bytes} [Thu Jul 2 16:35:47 2026] POST /v3/5a68dc4f18024754a6a0224fb171ef0e/attachments => generated 273 bytes in 89 msecs (HTTP/1.1 200) 7 headers in 286 bytes (1 switches on core 0)
2026-07-02 16:35:48.950 7 INFO cinder.api.openstack.wsgi [None req-fdf7f1d6-091a-4d26-9fe2-cb7de9b51f44 db4d0f58108d435eb97b9a5cc825a111 5a68dc4f18024754a6a0224fb171ef0e - - default default] GET http://cinder-api.openstack.svc.cluster.local:8776/
2026-07-02 16:35:48.951 7 INFO cinder.api.openstack.wsgi [None req-fdf7f1d6-091a-4d26-9fe2-cb7de9b51f44 db4d0f58108d435eb97b9a5cc825a111 5a68dc4f18024754a6a0224fb171ef0e - - default default] http://cinder-api.openstack.svc.cluster.local:8776/ returned with HTTP 300 [pid: 7|app: 0|req: 369/739] 199.19.213.219 () {32 vars in 840 bytes} [Thu Jul 2 16:35:48 2026] GET / => generated 411 bytes in 2 msecs (HTTP/1.1 300) 5 headers in 169 bytes (1 switches on core 0) /var/lib/openstack/lib/python3.10/site-packages/pycadf/identifier.py:71: UserWarning: Invalid uuid: cinderv3. To ensure interoperability, identifiers should be a valid uuid. warnings.warn(('Invalid uuid: %s. To ensure interoperability, '
2026-07-02 16:35:49.001 8 INFO cinder.api.openstack.wsgi [req-aa4ebd43-f8ce-4891-929e-1aae9b6c5132 req-4b3d6638-7f07-41a5-aa77-4dc6e3b52d87 db4d0f58108d435eb97b9a5cc825a111 5a68dc4f18024754a6a0224fb171ef0e - - default default] GET http://cinder-api.openstack.svc.cluster.local:8776/v3/5a68dc4f18024754a6a0224fb171ef0e/volumes/8c4d6d7b-e3b8-431f-bbfe-5f1b38059405 /var/lib/openstack/lib/python3.10/site-packages/oslo_context/context.py:100: DeprecationWarning: Policy enforcement is depending on the value of is_admin. This key is deprecated. Please update your policy file to use the standard policy values. warnings.warn('Policy enforcement is depending on the value of '
2026-07-02 16:35:49.031 8 INFO cinder.volume.api [req-aa4ebd43-f8ce-4891-929e-1aae9b6c5132 req-4b3d6638-7f07-41a5-aa77-4dc6e3b52d87 db4d0f58108d435eb97b9a5cc825a111 5a68dc4f18024754a6a0224fb171ef0e - - default default] Volume info retrieved successfully.
2026-07-02 16:35:49.039 8 INFO cinder.api.openstack.wsgi [req-aa4ebd43-f8ce-4891-929e-1aae9b6c5132 req-4b3d6638-7f07-41a5-aa77-4dc6e3b52d87 db4d0f58108d435eb97b9a5cc825a111 5a68dc4f18024754a6a0224fb171ef0e - - default default] http://cinder-api.openstack.svc.cluster.local:8776/v3/5a68dc4f18024754a6a0224fb171ef0e/volumes/8c4d6d7b-e3b8-431f-bbfe-5f1b38059405 returned with HTTP 200 [pid: 8|app: 0|req: 371/740] 199.19.213.219 () {36 vars in 1073 bytes} [Thu Jul 2 16:35:48 2026] GET /v3/5a68dc4f18024754a6a0224fb171ef0e/volumes/8c4d6d7b-e3b8-431f-bbfe-5f1b38059405 => generated 1581 bytes in 50 msecs (HTTP/1.1 200) 7 headers in 287 bytes (1 switches on core 0) /var/lib/openstack/lib/python3.10/site-packages/pycadf/identifier.py:71: UserWarning: Invalid uuid: cinderv3. To ensure interoperability, identifiers should be a valid uuid. warnings.warn(('Invalid uuid: %s. To ensure interoperability, '
2026-07-02 16:35:50.827 7 INFO cinder.api.openstack.wsgi [req-aa4ebd43-f8ce-4891-929e-1aae9b6c5132 req-d4aa2d13-fbaf-4246-9be7-3b99f82ef611 db4d0f58108d435eb97b9a5cc825a111 5a68dc4f18024754a6a0224fb171ef0e - - default default] PUT http://cinder-api.openstack.svc.cluster.local:8776/v3/5a68dc4f18024754a6a0224fb171ef0e/attachments/37d310cf-8576-44ae-9d02-360ef264676b /var/lib/openstack/lib/python3.10/site-packages/oslo_context/context.py:100: DeprecationWarning: Policy enforcement is depending on the value of is_admin. This key is deprecated. Please update your policy file to use the standard policy values. warnings.warn('Policy enforcement is depending on the value of '
2026-07-02 16:35:51.730 7 INFO cinder.api.openstack.wsgi [req-aa4ebd43-f8ce-4891-929e-1aae9b6c5132 req-d4aa2d13-fbaf-4246-9be7-3b99f82ef611 db4d0f58108d435eb97b9a5cc825a111 5a68dc4f18024754a6a0224fb171ef0e - - default default] http://cinder-api.openstack.svc.cluster.local:8776/v3/5a68dc4f18024754a6a0224fb171ef0e/attachments/37d310cf-8576-44ae-9d02-360ef264676b returned with HTTP 200 [pid: 7|app: 0|req: 370/741] 199.19.213.219 () {40 vars in 1134 bytes} [Thu Jul 2 16:35:50 2026] PUT /v3/5a68dc4f18024754a6a0224fb171ef0e/attachments/37d310cf-8576-44ae-9d02-360ef264676b => generated 775 bytes in 915 msecs (HTTP/1.1 200) 7 headers in 286 bytes (1 switches on core 0) /var/lib/openstack/lib/python3.10/site-packages/pycadf/identifier.py:71: UserWarning: Invalid uuid: cinderv3. To ensure interoperability, identifiers should be a valid uuid. warnings.warn(('Invalid uuid: %s. To ensure interoperability, '
2026-07-02 16:35:51.790 8 INFO cinder.api.openstack.wsgi [req-aa4ebd43-f8ce-4891-929e-1aae9b6c5132 req-7ba7fd02-1f6f-481a-a0a6-48060b220ba1 db4d0f58108d435eb97b9a5cc825a111 5a68dc4f18024754a6a0224fb171ef0e - - default default] POST http://cinder-api.openstack.svc.cluster.local:8776/v3/5a68dc4f18024754a6a0224fb171ef0e/attachments/37d310cf-8576-44ae-9d02-360ef264676b/action /var/lib/openstack/lib/python3.10/site-packages/oslo_context/context.py:100: DeprecationWarning: Policy enforcement is depending on the value of is_admin. This key is deprecated. Please update your policy file to use the standard policy values. warnings.warn('Policy enforcement is depending on the value of '
2026-07-02 16:35:51.859 8 INFO cinder.api.openstack.wsgi [req-aa4ebd43-f8ce-4891-929e-1aae9b6c5132 req-7ba7fd02-1f6f-481a-a0a6-48060b220ba1 db4d0f58108d435eb97b9a5cc825a111 5a68dc4f18024754a6a0224fb171ef0e - - default default] http://cinder-api.openstack.svc.cluster.local:8776/v3/5a68dc4f18024754a6a0224fb171ef0e/attachments/37d310cf-8576-44ae-9d02-360ef264676b/action returned with HTTP 204 [pid: 8|app: 0|req: 372/742] 199.19.213.219 () {40 vars in 1148 bytes} [Thu Jul 2 16:35:51 2026] POST /v3/5a68dc4f18024754a6a0224fb171ef0e/attachments/37d310cf-8576-44ae-9d02-360ef264676b/action => generated 0 bytes in 84 msecs (HTTP/1.1 204) 7 headers in 292 bytes (1 switches on core 0)
2026-07-02 16:35:54.745 7 INFO cinder.api.openstack.wsgi [req-aa4ebd43-f8ce-4891-929e-1aae9b6c5132 req-d4aa2d13-fbaf-4246-9be7-3b99f82ef611 db4d0f58108d435eb97b9a5cc825a111 5a68dc4f18024754a6a0224fb171ef0e - - default default] GET http://10.0.0.162:8776/
2026-07-02 16:35:54.746 7 INFO cinder.api.openstack.wsgi [req-aa4ebd43-f8ce-4891-929e-1aae9b6c5132 req-d4aa2d13-fbaf-4246-9be7-3b99f82ef611 db4d0f58108d435eb97b9a5cc825a111 5a68dc4f18024754a6a0224fb171ef0e - - default default] http://10.0.0.162:8776/ returned with HTTP 300
2026-07-02 16:35:54.748 8 INFO cinder.api.openstack.wsgi [req-aa4ebd43-f8ce-4891-929e-1aae9b6c5132 req-7ba7fd02-1f6f-481a-a0a6-48060b220ba1 db4d0f58108d435eb97b9a5cc825a111 5a68dc4f18024754a6a0224fb171ef0e - - default default] GET http://10.0.0.162:8776/
2026-07-02 16:35:54.749 8 INFO cinder.api.openstack.wsgi [req-aa4ebd43-f8ce-4891-929e-1aae9b6c5132 req-7ba7fd02-1f6f-481a-a0a6-48060b220ba1 db4d0f58108d435eb97b9a5cc825a111 5a68dc4f18024754a6a0224fb171ef0e - - default default] http://10.0.0.162:8776/ returned with HTTP 300 /var/lib/openstack/lib/python3.10/site-packages/pycadf/identifier.py:71: UserWarning: Invalid uuid: cinderv3. To ensure interoperability, identifiers should be a valid uuid. warnings.warn(('Invalid uuid: %s. To ensure interoperability, '
2026-07-02 16:36:02.403 7 INFO cinder.api.openstack.wsgi [req-ce717c9b-72eb-481d-bfb4-278228cfea9f req-54562f9c-13ab-4bc6-ac20-5d1511ca2670 db4d0f58108d435eb97b9a5cc825a111 5a68dc4f18024754a6a0224fb171ef0e - - default default] DELETE http://cinder-api.openstack.svc.cluster.local:8776/v3/5a68dc4f18024754a6a0224fb171ef0e/attachments/37d310cf-8576-44ae-9d02-360ef264676b /var/lib/openstack/lib/python3.10/site-packages/oslo_context/context.py:100: DeprecationWarning: Policy enforcement is depending on the value of is_admin. This key is deprecated. Please update your policy file to use the standard policy values. warnings.warn('Policy enforcement is depending on the value of '
2026-07-02 16:36:02.515 7 INFO cinder.api.openstack.wsgi [req-ce717c9b-72eb-481d-bfb4-278228cfea9f req-54562f9c-13ab-4bc6-ac20-5d1511ca2670 db4d0f58108d435eb97b9a5cc825a111 5a68dc4f18024754a6a0224fb171ef0e - - default default] http://cinder-api.openstack.svc.cluster.local:8776/v3/5a68dc4f18024754a6a0224fb171ef0e/attachments/37d310cf-8576-44ae-9d02-360ef264676b returned with HTTP 200 [pid: 7|app: 0|req: 372/745] 199.19.213.219 () {38 vars in 1103 bytes} [Thu Jul 2 16:36:02 2026] DELETE /v3/5a68dc4f18024754a6a0224fb171ef0e/attachments/37d310cf-8576-44ae-9d02-360ef264676b => generated 19 bytes in 122 msecs (HTTP/1.1 200) 7 headers in 285 bytes (1 switches on core 0) /var/lib/openstack/lib/python3.10/site-packages/pycadf/identifier.py:71: UserWarning: Invalid uuid: cinderv3. To ensure interoperability, identifiers should be a valid uuid. warnings.warn(('Invalid uuid: %s. To ensure interoperability, '
2026-07-02 16:36:02.538 8 INFO cinder.api.openstack.wsgi [req-ce717c9b-72eb-481d-bfb4-278228cfea9f req-de1ee973-0299-4661-b26c-0b1fd229ae74 db4d0f58108d435eb97b9a5cc825a111 5a68dc4f18024754a6a0224fb171ef0e - - default default] DELETE http://cinder-api.openstack.svc.cluster.local:8776/v3/5a68dc4f18024754a6a0224fb171ef0e/volumes/8c4d6d7b-e3b8-431f-bbfe-5f1b38059405
2026-07-02 16:36:02.538 8 INFO cinder.api.v3.volumes [req-ce717c9b-72eb-481d-bfb4-278228cfea9f req-de1ee973-0299-4661-b26c-0b1fd229ae74 db4d0f58108d435eb97b9a5cc825a111 5a68dc4f18024754a6a0224fb171ef0e - - default default] Delete volume with id: 8c4d6d7b-e3b8-431f-bbfe-5f1b38059405  /var/lib/openstack/lib/python3.10/site-packages/oslo_context/context.py:100: DeprecationWarning: Policy enforcement is depending on the value of is_admin. This key is deprecated. Please update your policy file to use the standard policy values. warnings.warn('Policy enforcement is depending on the value of '
2026-07-02 16:36:02.551 8 INFO cinder.volume.api [req-ce717c9b-72eb-481d-bfb4-278228cfea9f req-de1ee973-0299-4661-b26c-0b1fd229ae74 db4d0f58108d435eb97b9a5cc825a111 5a68dc4f18024754a6a0224fb171ef0e - - default default] Volume info retrieved successfully.
