Feb 17 18:01:33.673537 np0000156074 devstack@neutron-api.service[103560]: INFO neutron.quota.resource_registry [None req-3bfe8be5-8133-42e8-8b04-9038ed22c4c6 None None] Creating instance of CountableResource for resource:rbac_policy
Feb 17 18:01:33.674362 np0000156074 devstack@neutron-api.service[103560]: INFO neutron.quota.resource_registry [None req-3bfe8be5-8133-42e8-8b04-9038ed22c4c6 None None] Creating instance of TrackedResource for resource:security_group
Feb 17 18:01:33.674833 np0000156074 devstack@neutron-api.service[103560]: INFO neutron.quota.resource_registry [None req-3bfe8be5-8133-42e8-8b04-9038ed22c4c6 None None] Creating instance of TrackedResource for resource:security_group_rule
Feb 17 18:01:33.675485 np0000156074 devstack@neutron-api.service[103560]: DEBUG neutron.api.v2.resource_helper [None req-3bfe8be5-8133-42e8-8b04-9038ed22c4c6 None None] Service CORE assigned prefix: {{(pid=103560) build_resource_info /opt/stack/neutron/neutron/api/v2/resource_helper.py:77}}
Feb 17 18:01:33.675620 np0000156074 devstack@neutron-api.service[103560]: INFO neutron.quota.resource_registry [None req-3bfe8be5-8133-42e8-8b04-9038ed22c4c6 None None] Creating instance of TrackedResource for resource:subnetpool
Feb 17 18:01:33.675746 np0000156074 devstack@neutron-api.service[103560]: WARNING neutron.quota.resource_registry [None req-3bfe8be5-8133-42e8-8b04-9038ed22c4c6 None None] subnetpool is already registered
Feb 17 18:01:33.678063 np0000156074 devstack@neutron-api.service[103560]: DEBUG neutron.api.v2.resource_helper [None req-3bfe8be5-8133-42e8-8b04-9038ed22c4c6 None None] Service L3_ROUTER_NAT assigned prefix: {{(pid=103560) build_resource_info /opt/stack/neutron/neutron/api/v2/resource_helper.py:77}}
Feb 17 18:01:33.678423 np0000156074 devstack@neutron-api.service[103560]: DEBUG neutron.api.v2.resource_helper [None req-3bfe8be5-8133-42e8-8b04-9038ed22c4c6 None None] Service FLAVORS assigned prefix: {{(pid=103560) build_resource_info /opt/stack/neutron/neutron/api/v2/resource_helper.py:77}}
Feb 17 18:01:33.679321 np0000156074 devstack@neutron-api.service[103560]: DEBUG neutron.api.v2.resource_helper [None req-3bfe8be5-8133-42e8-8b04-9038ed22c4c6 None None] Service L3_ROUTER_NAT assigned prefix: {{(pid=103560) build_resource_info /opt/stack/neutron/neutron/api/v2/resource_helper.py:77}}
Feb 17 18:01:33.679693 np0000156074 devstack@neutron-api.service[103560]: DEBUG neutron.api.v2.resource_helper [None req-3bfe8be5-8133-42e8-8b04-9038ed22c4c6 None None] Service L3_ROUTER_NAT assigned prefix: {{(pid=103560) build_resource_info /opt/stack/neutron/neutron/api/v2/resource_helper.py:77}}
Feb 17 18:01:33.679820 np0000156074 devstack@neutron-api.service[103560]: INFO neutron.quota.resource_registry [None req-3bfe8be5-8133-42e8-8b04-9038ed22c4c6 None None] Creating instance of TrackedResource for resource:router
Feb 17 18:01:33.679954 np0000156074 devstack@neutron-api.service[103560]: WARNING neutron.quota.resource_registry [None req-3bfe8be5-8133-42e8-8b04-9038ed22c4c6 None None] router is already registered
Feb 17 18:01:33.680463 np0000156074 devstack@neutron-api.service[103560]: INFO neutron.quota.resource_registry [None req-3bfe8be5-8133-42e8-8b04-9038ed22c4c6 None None] Creating instance of TrackedResource for resource:floatingip
Feb 17 18:01:33.680574 np0000156074 devstack@neutron-api.service[103560]: WARNING neutron.quota.resource_registry [None req-3bfe8be5-8133-42e8-8b04-9038ed22c4c6 None None] floatingip is already registered
Feb 17 18:01:33.681573 np0000156074 devstack@neutron-api.service[103560]: INFO neutron.quota.resource_registry [None req-3bfe8be5-8133-42e8-8b04-9038ed22c4c6 None None] Creating instance of CountableResource for resource:rbac_policy
Feb 17 18:01:33.681704 np0000156074 devstack@neutron-api.service[103560]: WARNING neutron.quota.resource_registry [None req-3bfe8be5-8133-42e8-8b04-9038ed22c4c6 None None] rbac_policy is already registered
Feb 17 18:01:33.682201 np0000156074 devstack@neutron-api.service[103560]: INFO neutron.quota.resource_registry [None req-3bfe8be5-8133-42e8-8b04-9038ed22c4c6 None None] Creating instance of TrackedResource for resource:security_group
Feb 17 18:01:33.682342 np0000156074 devstack@neutron-api.service[103560]: WARNING neutron.quota.resource_registry [None req-3bfe8be5-8133-42e8-8b04-9038ed22c4c6 None None] security_group is already registered
Feb 17 18:01:33.682749 np0000156074 devstack@neutron-api.service[103560]: INFO neutron.quota.resource_registry [None req-3bfe8be5-8133-42e8-8b04-9038ed22c4c6 None None] Creating instance of TrackedResource for resource:security_group_rule
Feb 17 18:01:33.682906 np0000156074 devstack@neutron-api.service[103560]: WARNING neutron.quota.resource_registry [None req-3bfe8be5-8133-42e8-8b04-9038ed22c4c6 None None] security_group_rule is already registered
Feb 17 18:01:33.683421 np0000156074 devstack@neutron-api.service[103560]: DEBUG neutron.api.v2.resource_helper [None req-3bfe8be5-8133-42e8-8b04-9038ed22c4c6 None None] Service CORE assigned prefix: {{(pid=103560) build_resource_info /opt/stack/neutron/neutron/api/v2/resource_helper.py:77}}
Feb 17 18:01:33.683545 np0000156074 devstack@neutron-api.service[103560]: INFO neutron.quota.resource_registry [None req-3bfe8be5-8133-42e8-8b04-9038ed22c4c6 None None] Creating instance of TrackedResource for resource:subnetpool
Feb 17 18:01:33.683670 np0000156074 devstack@neutron-api.service[103560]: WARNING neutron.quota.resource_registry [None req-3bfe8be5-8133-42e8-8b04-9038ed22c4c6 None None] subnetpool is already registered
Feb 17 18:01:33.684059 np0000156074 devstack@neutron-api.service[103560]: DEBUG neutron.api.extensions [None req-3bfe8be5-8133-42e8-8b04-9038ed22c4c6 None None] Extended resource: extensions {{(pid=103560) __init__ /opt/stack/neutron/neutron/api/extensions.py:156}}
Feb 17 18:01:33.685000 np0000156074 devstack@neutron-api.service[103560]: DEBUG neutron.api.extensions [None req-3bfe8be5-8133-42e8-8b04-9038ed22c4c6 None None] Extended resource: address-groups {{(pid=103560) __init__ /opt/stack/neutron/neutron/api/extensions.py:156}}
Feb 17 18:01:33.685656 np0000156074 devstack@neutron-api.service[103560]: DEBUG neutron.api.extensions [None req-3bfe8be5-8133-42e8-8b04-9038ed22c4c6 None None] Extended resource: address-scopes {{(pid=103560) __init__ /opt/stack/neutron/neutron/api/extensions.py:156}}
Feb 17 18:01:33.686254 np0000156074 devstack@neutron-api.service[103560]: DEBUG neutron.api.extensions [None req-3bfe8be5-8133-42e8-8b04-9038ed22c4c6 None None] Extended resource: agents {{(pid=103560) __init__ /opt/stack/neutron/neutron/api/extensions.py:156}}
Feb 17 18:01:33.686591 np0000156074 devstack@neutron-api.service[103562]: WARNING keystonemiddleware.auth_token [None req-b4298f70-0fe1-4a80-8805-f9695c966b9e None None] AuthToken middleware is set with keystone_authtoken.service_token_roles_required set to False. This is backwards compatible but deprecated behaviour. Please set this to True.
Feb 17 18:01:33.686772 np0000156074 devstack@neutron-api.service[103560]: DEBUG neutron.api.extensions [None req-3bfe8be5-8133-42e8-8b04-9038ed22c4c6 None None] Extended resource: auto-allocated-topology {{(pid=103560) __init__ /opt/stack/neutron/neutron/api/extensions.py:156}}
Feb 17 18:01:33.687295 np0000156074 devstack@neutron-api.service[103560]: DEBUG neutron.api.extensions [None req-3bfe8be5-8133-42e8-8b04-9038ed22c4c6 None None] Extended resource: availability_zones {{(pid=103560) __init__ /opt/stack/neutron/neutron/api/extensions.py:156}}
Feb 17 18:01:33.687838 np0000156074 devstack@neutron-api.service[103560]: DEBUG neutron.api.extensions [None req-3bfe8be5-8133-42e8-8b04-9038ed22c4c6 None None] Extended resource: dhcp-networks {{(pid=103560) __init__ /opt/stack/neutron/neutron/api/extensions.py:156}}
Feb 17 18:01:33.688496 np0000156074 devstack@neutron-api.service[103560]: DEBUG neutron.api.extensions [None req-3bfe8be5-8133-42e8-8b04-9038ed22c4c6 None None] Extended resource: dhcp-agents {{(pid=103560) __init__ /opt/stack/neutron/neutron/api/extensions.py:156}}
Feb 17 18:01:33.689143 np0000156074 devstack@neutron-api.service[103560]: DEBUG neutron.api.extensions [None req-3bfe8be5-8133-42e8-8b04-9038ed22c4c6 None None] Extended resource: routers {{(pid=103560) __init__ /opt/stack/neutron/neutron/api/extensions.py:156}}
Feb 17 18:01:33.689850 np0000156074 devstack@neutron-api.service[103562]: WARNING keystonemiddleware.auth_token [None req-b4298f70-0fe1-4a80-8805-f9695c966b9e None None] Configuring www_authenticate_uri to point to the public identity endpoint is required; clients may not be able to authenticate against an admin endpoint
Feb 17 18:01:33.690109 np0000156074 devstack@neutron-api.service[103560]: DEBUG neutron.api.extensions [None req-3bfe8be5-8133-42e8-8b04-9038ed22c4c6 None None] Extended resource: flavors {{(pid=103560) __init__ /opt/stack/neutron/neutron/api/extensions.py:156}}
Feb 17 18:01:33.690704 np0000156074 devstack@neutron-api.service[103560]: DEBUG neutron.api.extensions [None req-3bfe8be5-8133-42e8-8b04-9038ed22c4c6 None None] Extended resource: service_profiles {{(pid=103560) __init__ /opt/stack/neutron/neutron/api/extensions.py:156}}
Feb 17 18:01:33.691220 np0000156074 devstack@neutron-api.service[103560]: DEBUG neutron.api.extensions [None req-3bfe8be5-8133-42e8-8b04-9038ed22c4c6 None None] Extended resource: next_providers {{(pid=103560) __init__ /opt/stack/neutron/neutron/api/extensions.py:156}}
Feb 17 18:01:33.691879 np0000156074 devstack@neutron-api.service[103560]: DEBUG neutron.api.extensions [None req-3bfe8be5-8133-42e8-8b04-9038ed22c4c6 None None] Extended resource: service_profiles {{(pid=103560) __init__ /opt/stack/neutron/neutron/api/extensions.py:156}}
Feb 17 18:01:33.692562 np0000156074 devstack@neutron-api.service[103560]: DEBUG neutron.api.extensions [None req-3bfe8be5-8133-42e8-8b04-9038ed22c4c6 None None] Extended resource: floatingip-pools {{(pid=103560) __init__ /opt/stack/neutron/neutron/api/extensions.py:156}}
Feb 17 18:01:33.693108 np0000156074 devstack@neutron-api.service[103560]: DEBUG neutron.api.extensions [None req-3bfe8be5-8133-42e8-8b04-9038ed22c4c6 None None] Extended resource: routers {{(pid=103560) __init__ /opt/stack/neutron/neutron/api/extensions.py:156}}
Feb 17 18:01:33.694048 np0000156074 devstack@neutron-api.service[103560]: DEBUG neutron.api.extensions [None req-3bfe8be5-8133-42e8-8b04-9038ed22c4c6 None None] Extended resource: floatingips {{(pid=103560) __init__ /opt/stack/neutron/neutron/api/extensions.py:156}}
Feb 17 18:01:33.694312 np0000156074 devstack@neutron-api.service[103562]: DEBUG neutron_lib.callbacks.manager [None req-b4298f70-0fe1-4a80-8805-f9695c966b9e None None] Publish callbacks ['neutron.plugins.ml2.drivers.ovn.mech_driver.mech_driver.OVNMechanismDriver.pre_fork_initialize-491936'] for process (None), before_spawn {{(pid=103562) _notify_loop /opt/stack/data/venv/lib/python3.12/site-packages/neutron_lib/callbacks/manager.py:184}}
Feb 17 18:01:33.694656 np0000156074 devstack@neutron-api.service[103560]: DEBUG neutron.api.extensions [None req-3bfe8be5-8133-42e8-8b04-9038ed22c4c6 None None] Extended resource: network-ip-availabilities {{(pid=103560) __init__ /opt/stack/neutron/neutron/api/extensions.py:156}}
Feb 17 18:01:33.694728 np0000156074 devstack@neutron-api.service[103562]: DEBUG oslo_concurrency.processutils [None req-b4298f70-0fe1-4a80-8805-f9695c966b9e None None] Running cmd (subprocess): ovsdb-client transact ssl:199.204.45.141:6641 --timeout 180 -p /opt/stack/data/CA/int-ca/private/devstack-cert.key -c /opt/stack/data/CA/int-ca/devstack-cert.crt -C /opt/stack/data/CA/int-ca/ca-chain.pem ["OVN_Northbound", {"op": "wait", "timeout": 0, "table": "Port_Group", "where": [["name", "==", "neutron_pg_drop"]], "until": "==", "rows": []}, {"op": "insert", "table": "ACL", "row": {"action": "drop", "direction": "to-lport", "match": "outport == @neutron_pg_drop && ip", "priority": 1001}, "uuid-name": "droptoport"}, {"op": "insert", "table": "ACL", "row": {"action": "drop", "direction": "from-lport", "match": "inport == @neutron_pg_drop && ip", "priority": 1001}, "uuid-name": "dropfromport"}, {"op": "insert", "table": "Port_Group", "row": {"name": "neutron_pg_drop", "acls": ["set", [["named-uuid", "droptoport"], ["named-uuid", "dropfromport"]]]}}] {{(pid=103562) execute /opt/stack/data/venv/lib/python3.12/site-packages/oslo_concurrency/processutils.py:368}}
Feb 17 18:01:33.695206 np0000156074 devstack@neutron-api.service[103560]: DEBUG neutron.api.extensions [None req-3bfe8be5-8133-42e8-8b04-9038ed22c4c6 None None] Extended resource: network-ip-availabilities {{(pid=103560) __init__ /opt/stack/neutron/neutron/api/extensions.py:156}}
Feb 17 18:01:33.695780 np0000156074 devstack@neutron-api.service[103560]: DEBUG neutron.api.extensions [None req-3bfe8be5-8133-42e8-8b04-9038ed22c4c6 None None] Extended resource: bindings {{(pid=103560) __init__ /opt/stack/neutron/neutron/api/extensions.py:156}}
Feb 17 18:01:33.696500 np0000156074 devstack@neutron-api.service[103560]: DEBUG neutron.api.extensions [None req-3bfe8be5-8133-42e8-8b04-9038ed22c4c6 None None] Extended resource: quotas {{(pid=103560) __init__ /opt/stack/neutron/neutron/api/extensions.py:156}}
Feb 17 18:01:33.697264 np0000156074 devstack@neutron-api.service[103560]: DEBUG neutron.api.extensions [None req-3bfe8be5-8133-42e8-8b04-9038ed22c4c6 None None] Extended resource: quotas {{(pid=103560) __init__ /opt/stack/neutron/neutron/api/extensions.py:156}}
Feb 17 18:01:33.698002 np0000156074 devstack@neutron-api.service[103560]: DEBUG neutron.api.extensions [None req-3bfe8be5-8133-42e8-8b04-9038ed22c4c6 None None] Extended resource: rbac-policies {{(pid=103560) __init__ /opt/stack/neutron/neutron/api/extensions.py:156}}
Feb 17 18:01:33.698653 np0000156074 devstack@neutron-api.service[103560]: DEBUG neutron.api.extensions [None req-3bfe8be5-8133-42e8-8b04-9038ed22c4c6 None None] Extended resource: default-security-group-rules {{(pid=103560) __init__ /opt/stack/neutron/neutron/api/extensions.py:156}}
Feb 17 18:01:33.699277 np0000156074 devstack@neutron-api.service[103560]: DEBUG neutron.api.extensions [None req-3bfe8be5-8133-42e8-8b04-9038ed22c4c6 None None] Extended resource: security-groups {{(pid=103560) __init__ /opt/stack/neutron/neutron/api/extensions.py:156}}
Feb 17 18:01:33.699861 np0000156074 devstack@neutron-api.service[103560]: DEBUG neutron.api.extensions [None req-3bfe8be5-8133-42e8-8b04-9038ed22c4c6 None None] Extended resource: security-group-rules {{(pid=103560) __init__ /opt/stack/neutron/neutron/api/extensions.py:156}}
Feb 17 18:01:33.700527 np0000156074 devstack@neutron-api.service[103560]: DEBUG neutron.api.extensions [None req-3bfe8be5-8133-42e8-8b04-9038ed22c4c6 None None] Extended resource: service-providers {{(pid=103560) __init__ /opt/stack/neutron/neutron/api/extensions.py:156}}
Feb 17 18:01:33.701080 np0000156074 devstack@neutron-api.service[103560]: DEBUG neutron.api.extensions [None req-3bfe8be5-8133-42e8-8b04-9038ed22c4c6 None None] Extended resource: subnetpools {{(pid=103560) __init__ /opt/stack/neutron/neutron/api/extensions.py:156}}
Feb 17 18:01:33.701881 np0000156074 devstack@neutron-api.service[103560]: DEBUG neutron.api.extensions [None req-3bfe8be5-8133-42e8-8b04-9038ed22c4c6 None None] Extended resource: tags {{(pid=103560) __init__ /opt/stack/neutron/neutron/api/extensions.py:156}}
Feb 17 18:01:33.702042 np0000156074 devstack@neutron-api.service[103559]: DEBUG neutron.api.extensions [None req-02ab4820-7220-4d89-8a47-4bf8210dc9aa None None] Extended resource: default-security-group-rules {{(pid=103559) __init__ /opt/stack/neutron/neutron/api/extensions.py:156}}
Feb 17 18:01:33.702589 np0000156074 devstack@neutron-api.service[103559]: DEBUG neutron.api.extensions [None req-02ab4820-7220-4d89-8a47-4bf8210dc9aa None None] Extended resource: security-groups {{(pid=103559) __init__ /opt/stack/neutron/neutron/api/extensions.py:156}}
Feb 17 18:01:33.702638 np0000156074 devstack@neutron-api.service[103560]: DEBUG neutron.api.extensions [None req-3bfe8be5-8133-42e8-8b04-9038ed22c4c6 None None] Extended resource: tags {{(pid=103560) __init__ /opt/stack/neutron/neutron/api/extensions.py:156}}
Feb 17 18:01:33.702992 np0000156074 devstack@neutron-api.service[103559]: DEBUG neutron.api.extensions [None req-02ab4820-7220-4d89-8a47-4bf8210dc9aa None None] Extended resource: security-group-rules {{(pid=103559) __init__ /opt/stack/neutron/neutron/api/extensions.py:156}}
Feb 17 18:01:33.703549 np0000156074 devstack@neutron-api.service[103559]: DEBUG neutron.api.extensions [None req-02ab4820-7220-4d89-8a47-4bf8210dc9aa None None] Extended resource: service-providers {{(pid=103559) __init__ /opt/stack/neutron/neutron/api/extensions.py:156}}
Feb 17 18:01:33.704053 np0000156074 devstack@neutron-api.service[103560]: DEBUG neutron.api.extensions [None req-3bfe8be5-8133-42e8-8b04-9038ed22c4c6 None None] Extended resource: tags {{(pid=103560) __init__ /opt/stack/neutron/neutron/api/extensions.py:156}}
Feb 17 18:01:33.704114 np0000156074 devstack@neutron-api.service[103559]: DEBUG neutron.api.extensions [None req-02ab4820-7220-4d89-8a47-4bf8210dc9aa None None] Extended resource: subnetpools {{(pid=103559) __init__ /opt/stack/neutron/neutron/api/extensions.py:156}}
Feb 17 18:01:33.704842 np0000156074 devstack@neutron-api.service[103559]: DEBUG neutron.api.extensions [None req-02ab4820-7220-4d89-8a47-4bf8210dc9aa None None] Extended resource: tags {{(pid=103559) __init__ /opt/stack/neutron/neutron/api/extensions.py:156}}
Feb 17 18:01:33.704994 np0000156074 devstack@neutron-api.service[103560]: DEBUG neutron.api.extensions [None req-3bfe8be5-8133-42e8-8b04-9038ed22c4c6 None None] Extended resource: tags {{(pid=103560) __init__ /opt/stack/neutron/neutron/api/extensions.py:156}}
Feb 17 18:01:33.705544 np0000156074 devstack@neutron-api.service[103559]: DEBUG neutron.api.extensions [None req-02ab4820-7220-4d89-8a47-4bf8210dc9aa None None] Extended resource: tags {{(pid=103559) __init__ /opt/stack/neutron/neutron/api/extensions.py:156}}
Feb 17 18:01:33.705663 np0000156074 devstack@neutron-api.service[103560]: DEBUG neutron.api.extensions [None req-3bfe8be5-8133-42e8-8b04-9038ed22c4c6 None None] Extended resource: tags {{(pid=103560) __init__ /opt/stack/neutron/neutron/api/extensions.py:156}}
Feb 17 18:01:33.706418 np0000156074 devstack@neutron-api.service[103559]: DEBUG neutron.api.extensions [None req-02ab4820-7220-4d89-8a47-4bf8210dc9aa None None] Extended resource: tags {{(pid=103559) __init__ /opt/stack/neutron/neutron/api/extensions.py:156}}
Feb 17 18:01:33.706604 np0000156074 devstack@neutron-api.service[103560]: DEBUG neutron.api.extensions [None req-3bfe8be5-8133-42e8-8b04-9038ed22c4c6 None None] Extended resource: tags {{(pid=103560) __init__ /opt/stack/neutron/neutron/api/extensions.py:156}}
Feb 17 18:01:33.707184 np0000156074 devstack@neutron-api.service[103559]: DEBUG neutron.api.extensions [None req-02ab4820-7220-4d89-8a47-4bf8210dc9aa None None] Extended resource: tags {{(pid=103559) __init__ /opt/stack/neutron/neutron/api/extensions.py:156}}
Feb 17 18:01:33.707412 np0000156074 devstack@neutron-api.service[103560]: DEBUG neutron.api.extensions [None req-3bfe8be5-8133-42e8-8b04-9038ed22c4c6 None None] Extended resource: tags {{(pid=103560) __init__ /opt/stack/neutron/neutron/api/extensions.py:156}}
Feb 17 18:01:33.707999 np0000156074 devstack@neutron-api.service[103559]: DEBUG neutron.api.extensions [None req-02ab4820-7220-4d89-8a47-4bf8210dc9aa None None] Extended resource: tags {{(pid=103559) __init__ /opt/stack/neutron/neutron/api/extensions.py:156}}
Feb 17 18:01:33.708276 np0000156074 devstack@neutron-api.service[103560]: DEBUG neutron.api.extensions [None req-3bfe8be5-8133-42e8-8b04-9038ed22c4c6 None None] Extended resource: tags {{(pid=103560) __init__ /opt/stack/neutron/neutron/api/extensions.py:156}}
Feb 17 18:01:33.708869 np0000156074 devstack@neutron-api.service[103559]: DEBUG neutron.api.extensions [None req-02ab4820-7220-4d89-8a47-4bf8210dc9aa None None] Extended resource: tags {{(pid=103559) __init__ /opt/stack/neutron/neutron/api/extensions.py:156}}
Feb 17 18:01:33.709072 np0000156074 devstack@neutron-api.service[103560]: DEBUG neutron.api.extensions [None req-3bfe8be5-8133-42e8-8b04-9038ed22c4c6 None None] Extended resource: tags {{(pid=103560) __init__ /opt/stack/neutron/neutron/api/extensions.py:156}}
Feb 17 18:01:33.709668 np0000156074 devstack@neutron-api.service[103559]: DEBUG neutron.api.extensions [None req-02ab4820-7220-4d89-8a47-4bf8210dc9aa None None] Extended resource: tags {{(pid=103559) __init__ /opt/stack/neutron/neutron/api/extensions.py:156}}
Feb 17 18:01:33.709893 np0000156074 devstack@neutron-api.service[103560]: DEBUG neutron.api.extensions [None req-3bfe8be5-8133-42e8-8b04-9038ed22c4c6 None None] Extended resource: tags {{(pid=103560) __init__ /opt/stack/neutron/neutron/api/extensions.py:156}}
Feb 17 18:01:33.710558 np0000156074 devstack@neutron-api.service[103559]: DEBUG neutron.api.extensions [None req-02ab4820-7220-4d89-8a47-4bf8210dc9aa None None] Extended resource: tags {{(pid=103559) __init__ /opt/stack/neutron/neutron/api/extensions.py:156}}
Feb 17 18:01:33.711386 np0000156074 devstack@neutron-api.service[103559]: DEBUG neutron.api.extensions [None req-02ab4820-7220-4d89-8a47-4bf8210dc9aa None None] Extended resource: tags {{(pid=103559) __init__ /opt/stack/neutron/neutron/api/extensions.py:156}}
Feb 17 18:01:33.712153 np0000156074 devstack@neutron-api.service[103559]: DEBUG neutron.api.extensions [None req-02ab4820-7220-4d89-8a47-4bf8210dc9aa None None] Extended resource: tags {{(pid=103559) __init__ /opt/stack/neutron/neutron/api/extensions.py:156}}
Feb 17 18:01:33.713405 np0000156074 devstack@neutron-api.service[103560]: WARNING keystonemiddleware.auth_token [None req-3bfe8be5-8133-42e8-8b04-9038ed22c4c6 None None] AuthToken middleware is set with keystone_authtoken.service_token_roles_required set to False. This is backwards compatible but deprecated behaviour. Please set this to True.
Feb 17 18:01:33.715594 np0000156074 devstack@neutron-api.service[103559]: WARNING keystonemiddleware.auth_token [None req-02ab4820-7220-4d89-8a47-4bf8210dc9aa None None] AuthToken middleware is set with keystone_authtoken.service_token_roles_required set to False. This is backwards compatible but deprecated behaviour. Please set this to True.
Feb 17 18:01:33.716991 np0000156074 devstack@neutron-api.service[103560]: WARNING keystonemiddleware.auth_token [None req-3bfe8be5-8133-42e8-8b04-9038ed22c4c6 None None] Configuring www_authenticate_uri to point to the public identity endpoint is required; clients may not be able to authenticate against an admin endpoint
Feb 17 18:01:33.718697 np0000156074 devstack@neutron-api.service[103559]: WARNING keystonemiddleware.auth_token [None req-02ab4820-7220-4d89-8a47-4bf8210dc9aa None None] Configuring www_authenticate_uri to point to the public identity endpoint is required; clients may not be able to authenticate against an admin endpoint
Feb 17 18:01:33.721813 np0000156074 devstack@neutron-api.service[103560]: DEBUG neutron_lib.callbacks.manager [None req-3bfe8be5-8133-42e8-8b04-9038ed22c4c6 None None] Publish callbacks ['neutron.plugins.ml2.drivers.ovn.mech_driver.mech_driver.OVNMechanismDriver.pre_fork_initialize-295979'] for process (None), before_spawn {{(pid=103560) _notify_loop /opt/stack/data/venv/lib/python3.12/site-packages/neutron_lib/callbacks/manager.py:184}}
Feb 17 18:01:33.722230 np0000156074 devstack@neutron-api.service[103560]: DEBUG oslo_concurrency.processutils [None req-3bfe8be5-8133-42e8-8b04-9038ed22c4c6 None None] Running cmd (subprocess): ovsdb-client transact ssl:199.204.45.141:6641 --timeout 180 -p /opt/stack/data/CA/int-ca/private/devstack-cert.key -c /opt/stack/data/CA/int-ca/devstack-cert.crt -C /opt/stack/data/CA/int-ca/ca-chain.pem ["OVN_Northbound", {"op": "wait", "timeout": 0, "table": "Port_Group", "where": [["name", "==", "neutron_pg_drop"]], "until": "==", "rows": []}, {"op": "insert", "table": "ACL", "row": {"action": "drop", "direction": "to-lport", "match": "outport == @neutron_pg_drop && ip", "priority": 1001}, "uuid-name": "droptoport"}, {"op": "insert", "table": "ACL", "row": {"action": "drop", "direction": "from-lport", "match": "inport == @neutron_pg_drop && ip", "priority": 1001}, "uuid-name": "dropfromport"}, {"op": "insert", "table": "Port_Group", "row": {"name": "neutron_pg_drop", "acls": ["set", [["named-uuid", "droptoport"], ["named-uuid", "dropfromport"]]]}}] {{(pid=103560) execute /opt/stack/data/venv/lib/python3.12/site-packages/oslo_concurrency/processutils.py:368}}
Feb 17 18:01:33.722969 np0000156074 devstack@neutron-api.service[103559]: DEBUG neutron_lib.callbacks.manager [None req-02ab4820-7220-4d89-8a47-4bf8210dc9aa None None] Publish callbacks ['neutron.plugins.ml2.drivers.ovn.mech_driver.mech_driver.OVNMechanismDriver.pre_fork_initialize-486035'] for process (None), before_spawn {{(pid=103559) _notify_loop /opt/stack/data/venv/lib/python3.12/site-packages/neutron_lib/callbacks/manager.py:184}}
Feb 17 18:01:33.723329 np0000156074 devstack@neutron-api.service[103559]: DEBUG oslo_concurrency.processutils [None req-02ab4820-7220-4d89-8a47-4bf8210dc9aa None None] Running cmd (subprocess): ovsdb-client transact ssl:199.204.45.141:6641 --timeout 180 -p /opt/stack/data/CA/int-ca/private/devstack-cert.key -c /opt/stack/data/CA/int-ca/devstack-cert.crt -C /opt/stack/data/CA/int-ca/ca-chain.pem ["OVN_Northbound", {"op": "wait", "timeout": 0, "table": "Port_Group", "where": [["name", "==", "neutron_pg_drop"]], "until": "==", "rows": []}, {"op": "insert", "table": "ACL", "row": {"action": "drop", "direction": "to-lport", "match": "outport == @neutron_pg_drop && ip", "priority": 1001}, "uuid-name": "droptoport"}, {"op": "insert", "table": "ACL", "row": {"action": "drop", "direction": "from-lport", "match": "inport == @neutron_pg_drop && ip", "priority": 1001}, "uuid-name": "dropfromport"}, {"op": "insert", "table": "Port_Group", "row": {"name": "neutron_pg_drop", "acls": ["set", [["named-uuid", "droptoport"], ["named-uuid", "dropfromport"]]]}}] {{(pid=103559) execute /opt/stack/data/venv/lib/python3.12/site-packages/oslo_concurrency/processutils.py:368}}
Feb 17 18:01:33.728387 np0000156074 devstack@neutron-api.service[103562]: DEBUG oslo_concurrency.processutils [None req-b4298f70-0fe1-4a80-8805-f9695c966b9e None None] CMD "ovsdb-client transact ssl:199.204.45.141:6641 --timeout 180 -p /opt/stack/data/CA/int-ca/private/devstack-cert.key -c /opt/stack/data/CA/int-ca/devstack-cert.crt -C /opt/stack/data/CA/int-ca/ca-chain.pem ["OVN_Northbound", {"op": "wait", "timeout": 0, "table": "Port_Group", "where": [["name", "==", "neutron_pg_drop"]], "until": "==", "rows": []}, {"op": "insert", "table": "ACL", "row": {"action": "drop", "direction": "to-lport", "match": "outport == @neutron_pg_drop && ip", "priority": 1001}, "uuid-name": "droptoport"}, {"op": "insert", "table": "ACL", "row": {"action": "drop", "direction": "from-lport", "match": "inport == @neutron_pg_drop && ip", "priority": 1001}, "uuid-name": "dropfromport"}, {"op": "insert", "table": "Port_Group", "row": {"name": "neutron_pg_drop", "acls": ["set", [["named-uuid", "droptoport"], ["named-uuid", "dropfromport"]]]}}]" returned: 0 in 0.033s {{(pid=103562) execute /opt/stack/data/venv/lib/python3.12/site-packages/oslo_concurrency/processutils.py:396}}
Feb 17 18:01:33.728984 np0000156074 devstack@neutron-api.service[103562]: DEBUG neutron_lib.callbacks.manager [None req-b4298f70-0fe1-4a80-8805-f9695c966b9e None None] Publish callbacks ['neutron.plugins.ml2.drivers.ovn.mech_driver.mech_driver.OVNMechanismDriver.post_fork_initialize-492024', 'neutron.services.ovn_l3.plugin.OVNL3RouterPlugin._post_fork_initialize-52162'] for process (None), after_init {{(pid=103562) _notify_loop /opt/stack/data/venv/lib/python3.12/site-packages/neutron_lib/callbacks/manager.py:184}}
Feb 17 18:01:33.729321 np0000156074 devstack@neutron-api.service[103562]: DEBUG oslo_concurrency.lockutils [None req-b4298f70-0fe1-4a80-8805-f9695c966b9e None None] Acquiring lock "singleton_lock" {{(pid=103562) lock /opt/stack/data/venv/lib/python3.12/site-packages/oslo_concurrency/lockutils.py:390}}
Feb 17 18:01:33.729451 np0000156074 devstack@neutron-api.service[103562]: DEBUG oslo_concurrency.lockutils [None req-b4298f70-0fe1-4a80-8805-f9695c966b9e None None] Acquired lock "singleton_lock" {{(pid=103562) lock /opt/stack/data/venv/lib/python3.12/site-packages/oslo_concurrency/lockutils.py:393}}
Feb 17 18:01:33.729628 np0000156074 devstack@neutron-api.service[103562]: DEBUG oslo_concurrency.lockutils [None req-b4298f70-0fe1-4a80-8805-f9695c966b9e None None] Releasing lock "singleton_lock" {{(pid=103562) lock /opt/stack/data/venv/lib/python3.12/site-packages/oslo_concurrency/lockutils.py:413}}
Feb 17 18:01:33.732390 np0000156074 devstack@neutron-api.service[103562]: DEBUG neutron.plugins.ml2.drivers.ovn.mech_driver.mech_driver [None req-b4298f70-0fe1-4a80-8805-f9695c966b9e None None] Hash Ring setup using WSGI start time 2026-02-17 18:01:26+00:00 {{(pid=103562) _init_hash_ring /opt/stack/neutron/neutron/plugins/ml2/drivers/ovn/mech_driver/mech_driver.py:401}}
Feb 17 18:01:33.737027 np0000156074 devstack@neutron-api.service[103562]: INFO neutron.db.ovn_hash_ring_db [None req-b4298f70-0fe1-4a80-8805-f9695c966b9e None None] Nodes from host "np0000156074" and group "mechanism_driver" removed from the Hash Ring created at 2026-02-17 18:01:26+00:00
Feb 17 18:01:33.738905 np0000156074 devstack@neutron-api.service[103562]: INFO neutron.db.ovn_hash_ring_db [None req-b4298f70-0fe1-4a80-8805-f9695c966b9e None None] Node 172d42f6f1dc51f28af7d871781d535b from host "np0000156074" and group "mechanism_driver" added to the Hash Ring
Feb 17 18:01:33.741842 np0000156074 devstack@neutron-api.service[103562]: DEBUG neutron.plugins.ml2.drivers.ovn.mech_driver.mech_driver [None req-b4298f70-0fe1-4a80-8805-f9695c966b9e None None] Hash Ring setup, this worker has detected 2 OVN hash ring registers in the database {{(pid=103562) _init_hash_ring /opt/stack/neutron/neutron/plugins/ml2/drivers/ovn/mech_driver/mech_driver.py:411}}
Feb 17 18:01:33.753466 np0000156074 devstack@neutron-api.service[103562]: DEBUG neutron.plugins.ml2.drivers.ovn.mech_driver.ovsdb.maintenance [None req-b4298f70-0fe1-4a80-8805-f9695c966b9e None None] Periodic task found: HashRingHealthCheckPeriodics.touch_hash_ring_node {{(pid=103562) add_periodics /opt/stack/neutron/neutron/plugins/ml2/drivers/ovn/mech_driver/ovsdb/maintenance.py:97}}
Feb 17 18:01:33.754641 np0000156074 devstack@neutron-api.service[103562]: INFO neutron.plugins.ml2.drivers.ovn.mech_driver.mech_driver [None req-b4298f70-0fe1-4a80-8805-f9695c966b9e None None] Hash Ring probing thread for node 172d42f6f1dc51f28af7d871781d535b has started
Feb 17 18:01:33.755393 np0000156074 devstack@neutron-api.service[103562]: INFO neutron.plugins.ml2.drivers.ovn.mech_driver.ovsdb.impl_idl_ovn [None req-b4298f70-0fe1-4a80-8805-f9695c966b9e None None] Getting OvsdbNbOvnIdl for WorkerService with retry
Feb 17 18:01:33.755894 np0000156074 devstack@neutron-api.service[103559]: DEBUG oslo_concurrency.processutils [None req-02ab4820-7220-4d89-8a47-4bf8210dc9aa None None] CMD "ovsdb-client transact ssl:199.204.45.141:6641 --timeout 180 -p /opt/stack/data/CA/int-ca/private/devstack-cert.key -c /opt/stack/data/CA/int-ca/devstack-cert.crt -C /opt/stack/data/CA/int-ca/ca-chain.pem ["OVN_Northbound", {"op": "wait", "timeout": 0, "table": "Port_Group", "where": [["name", "==", "neutron_pg_drop"]], "until": "==", "rows": []}, {"op": "insert", "table": "ACL", "row": {"action": "drop", "direction": "to-lport", "match": "outport == @neutron_pg_drop && ip", "priority": 1001}, "uuid-name": "droptoport"}, {"op": "insert", "table": "ACL", "row": {"action": "drop", "direction": "from-lport", "match": "inport == @neutron_pg_drop && ip", "priority": 1001}, "uuid-name": "dropfromport"}, {"op": "insert", "table": "Port_Group", "row": {"name": "neutron_pg_drop", "acls": ["set", [["named-uuid", "droptoport"], ["named-uuid", "dropfromport"]]]}}]" returned: 0 in 0.032s {{(pid=103559) execute /opt/stack/data/venv/lib/python3.12/site-packages/oslo_concurrency/processutils.py:396}}
Feb 17 18:01:33.756706 np0000156074 devstack@neutron-api.service[103559]: DEBUG neutron_lib.callbacks.manager [None req-02ab4820-7220-4d89-8a47-4bf8210dc9aa None None] Publish callbacks ['neutron.plugins.ml2.drivers.ovn.mech_driver.mech_driver.OVNMechanismDriver.post_fork_initialize-486139', 'neutron.services.ovn_l3.plugin.OVNL3RouterPlugin._post_fork_initialize-28938'] for process (None), after_init {{(pid=103559) _notify_loop /opt/stack/data/venv/lib/python3.12/site-packages/neutron_lib/callbacks/manager.py:184}}
Feb 17 18:01:33.757118 np0000156074 devstack@neutron-api.service[103559]: DEBUG oslo_concurrency.lockutils [None req-02ab4820-7220-4d89-8a47-4bf8210dc9aa None None] Acquiring lock "singleton_lock" {{(pid=103559) lock /opt/stack/data/venv/lib/python3.12/site-packages/oslo_concurrency/lockutils.py:390}}
Feb 17 18:01:33.757227 np0000156074 devstack@neutron-api.service[103559]: DEBUG oslo_concurrency.lockutils [None req-02ab4820-7220-4d89-8a47-4bf8210dc9aa None None] Acquired lock "singleton_lock" {{(pid=103559) lock /opt/stack/data/venv/lib/python3.12/site-packages/oslo_concurrency/lockutils.py:393}}
Feb 17 18:01:33.757415 np0000156074 devstack@neutron-api.service[103560]: DEBUG oslo_concurrency.processutils [None req-3bfe8be5-8133-42e8-8b04-9038ed22c4c6 None None] CMD "ovsdb-client transact ssl:199.204.45.141:6641 --timeout 180 -p /opt/stack/data/CA/int-ca/private/devstack-cert.key -c /opt/stack/data/CA/int-ca/devstack-cert.crt -C /opt/stack/data/CA/int-ca/ca-chain.pem ["OVN_Northbound", {"op": "wait", "timeout": 0, "table": "Port_Group", "where": [["name", "==", "neutron_pg_drop"]], "until": "==", "rows": []}, {"op": "insert", "table": "ACL", "row": {"action": "drop", "direction": "to-lport", "match": "outport == @neutron_pg_drop && ip", "priority": 1001}, "uuid-name": "droptoport"}, {"op": "insert", "table": "ACL", "row": {"action": "drop", "direction": "from-lport", "match": "inport == @neutron_pg_drop && ip", "priority": 1001}, "uuid-name": "dropfromport"}, {"op": "insert", "table": "Port_Group", "row": {"name": "neutron_pg_drop", "acls": ["set", [["named-uuid", "droptoport"], ["named-uuid", "dropfromport"]]]}}]" returned: 0 in 0.035s {{(pid=103560) execute /opt/stack/data/venv/lib/python3.12/site-packages/oslo_concurrency/processutils.py:396}}
Feb 17 18:01:33.757482 np0000156074 devstack@neutron-api.service[103559]: DEBUG oslo_concurrency.lockutils [None req-02ab4820-7220-4d89-8a47-4bf8210dc9aa None None] Releasing lock "singleton_lock" {{(pid=103559) lock /opt/stack/data/venv/lib/python3.12/site-packages/oslo_concurrency/lockutils.py:413}}
Feb 17 18:01:33.757949 np0000156074 devstack@neutron-api.service[103560]: DEBUG neutron_lib.callbacks.manager [None req-3bfe8be5-8133-42e8-8b04-9038ed22c4c6 None None] Publish callbacks ['neutron.plugins.ml2.drivers.ovn.mech_driver.mech_driver.OVNMechanismDriver.post_fork_initialize-296003', 'neutron.services.ovn_l3.plugin.OVNL3RouterPlugin._post_fork_initialize-37362'] for process (None), after_init {{(pid=103560) _notify_loop /opt/stack/data/venv/lib/python3.12/site-packages/neutron_lib/callbacks/manager.py:184}}
Feb 17 18:01:33.758459 np0000156074 devstack@neutron-api.service[103560]: DEBUG oslo_concurrency.lockutils [None req-3bfe8be5-8133-42e8-8b04-9038ed22c4c6 None None] Acquiring lock "singleton_lock" {{(pid=103560) lock /opt/stack/data/venv/lib/python3.12/site-packages/oslo_concurrency/lockutils.py:390}}
Feb 17 18:01:33.758606 np0000156074 devstack@neutron-api.service[103560]: DEBUG oslo_concurrency.lockutils [None req-3bfe8be5-8133-42e8-8b04-9038ed22c4c6 None None] Acquired lock "singleton_lock" {{(pid=103560) lock /opt/stack/data/venv/lib/python3.12/site-packages/oslo_concurrency/lockutils.py:393}}
Feb 17 18:01:33.758940 np0000156074 devstack@neutron-api.service[103560]: DEBUG oslo_concurrency.lockutils [None req-3bfe8be5-8133-42e8-8b04-9038ed22c4c6 None None] Releasing lock "singleton_lock" {{(pid=103560) lock /opt/stack/data/venv/lib/python3.12/site-packages/oslo_concurrency/lockutils.py:413}}
Feb 17 18:01:33.759500 np0000156074 devstack@neutron-api.service[103559]: DEBUG neutron.plugins.ml2.drivers.ovn.mech_driver.mech_driver [None req-02ab4820-7220-4d89-8a47-4bf8210dc9aa None None] Hash Ring setup using WSGI start time 2026-02-17 18:01:26+00:00 {{(pid=103559) _init_hash_ring /opt/stack/neutron/neutron/plugins/ml2/drivers/ovn/mech_driver/mech_driver.py:401}}
Feb 17 18:01:33.761055 np0000156074 devstack@neutron-api.service[103560]: DEBUG neutron.plugins.ml2.drivers.ovn.mech_driver.mech_driver [None req-3bfe8be5-8133-42e8-8b04-9038ed22c4c6 None None] Hash Ring setup using WSGI start time 2026-02-17 18:01:26+00:00 {{(pid=103560) _init_hash_ring /opt/stack/neutron/neutron/plugins/ml2/drivers/ovn/mech_driver/mech_driver.py:401}}
Feb 17 18:01:33.764557 np0000156074 devstack@neutron-api.service[103559]: INFO neutron.db.ovn_hash_ring_db [None req-02ab4820-7220-4d89-8a47-4bf8210dc9aa None None] Nodes from host "np0000156074" and group "mechanism_driver" removed from the Hash Ring created at 2026-02-17 18:01:26+00:00
Feb 17 18:01:33.766919 np0000156074 devstack@neutron-api.service[103559]: INFO neutron.db.ovn_hash_ring_db [None req-02ab4820-7220-4d89-8a47-4bf8210dc9aa None None] Node f375e2a90ce153268a275f4e372688c8 from host "np0000156074" and group "mechanism_driver" added to the Hash Ring
Feb 17 18:01:33.769941 np0000156074 devstack@neutron-api.service[103559]: DEBUG neutron.plugins.ml2.drivers.ovn.mech_driver.mech_driver [None req-02ab4820-7220-4d89-8a47-4bf8210dc9aa None None] Hash Ring setup, this worker has detected 3 OVN hash ring registers in the database {{(pid=103559) _init_hash_ring /opt/stack/neutron/neutron/plugins/ml2/drivers/ovn/mech_driver/mech_driver.py:411}}
Feb 17 18:01:33.774361 np0000156074 devstack@neutron-api.service[103560]: INFO neutron.db.ovn_hash_ring_db [None req-3bfe8be5-8133-42e8-8b04-9038ed22c4c6 None None] Nodes from host "np0000156074" and group "mechanism_driver" removed from the Hash Ring created at 2026-02-17 18:01:26+00:00
Feb 17 18:01:33.774844 np0000156074 devstack@neutron-api.service[103559]: DEBUG neutron.plugins.ml2.drivers.ovn.mech_driver.ovsdb.maintenance [None req-02ab4820-7220-4d89-8a47-4bf8210dc9aa None None] Periodic task found: HashRingHealthCheckPeriodics.touch_hash_ring_node {{(pid=103559) add_periodics /opt/stack/neutron/neutron/plugins/ml2/drivers/ovn/mech_driver/ovsdb/maintenance.py:97}}
Feb 17 18:01:33.776499 np0000156074 devstack@neutron-api.service[103559]: INFO neutron.plugins.ml2.drivers.ovn.mech_driver.mech_driver [None req-02ab4820-7220-4d89-8a47-4bf8210dc9aa None None] Hash Ring probing thread for node f375e2a90ce153268a275f4e372688c8 has started
Feb 17 18:01:33.776499 np0000156074 devstack@neutron-api.service[103559]: INFO neutron.plugins.ml2.drivers.ovn.mech_driver.ovsdb.impl_idl_ovn [None req-02ab4820-7220-4d89-8a47-4bf8210dc9aa None None] Getting OvsdbNbOvnIdl for WorkerService with retry
Feb 17 18:01:33.780447 np0000156074 devstack@neutron-api.service[103560]: INFO neutron.db.ovn_hash_ring_db [None req-3bfe8be5-8133-42e8-8b04-9038ed22c4c6 None None] Node bf13aa42c9335682ac161e5a566528c2 from host "np0000156074" and group "mechanism_driver" added to the Hash Ring
Feb 17 18:01:33.784991 np0000156074 devstack@neutron-api.service[103560]: DEBUG neutron.plugins.ml2.drivers.ovn.mech_driver.mech_driver [None req-3bfe8be5-8133-42e8-8b04-9038ed22c4c6 None None] Hash Ring setup, this worker has detected 4 OVN hash ring registers in the database {{(pid=103560) _init_hash_ring /opt/stack/neutron/neutron/plugins/ml2/drivers/ovn/mech_driver/mech_driver.py:411}}
Feb 17 18:01:33.790301 np0000156074 devstack@neutron-api.service[103560]: DEBUG neutron.plugins.ml2.drivers.ovn.mech_driver.ovsdb.maintenance [None req-3bfe8be5-8133-42e8-8b04-9038ed22c4c6 None None] Periodic task found: HashRingHealthCheckPeriodics.touch_hash_ring_node {{(pid=103560) add_periodics /opt/stack/neutron/neutron/plugins/ml2/drivers/ovn/mech_driver/ovsdb/maintenance.py:97}}
Feb 17 18:01:33.791432 np0000156074 devstack@neutron-api.service[103560]: INFO neutron.plugins.ml2.drivers.ovn.mech_driver.mech_driver [None req-3bfe8be5-8133-42e8-8b04-9038ed22c4c6 None None] Hash Ring probing thread for node bf13aa42c9335682ac161e5a566528c2 has started
Feb 17 18:01:33.792091 np0000156074 devstack@neutron-api.service[103560]: INFO neutron.plugins.ml2.drivers.ovn.mech_driver.ovsdb.impl_idl_ovn [None req-3bfe8be5-8133-42e8-8b04-9038ed22c4c6 None None] Getting OvsdbNbOvnIdl for WorkerService with retry
Feb 17 18:01:33.805913 np0000156074 devstack@neutron-api.service[103562]: DEBUG ovsdbapp.backend.ovs_idl [None req-b4298f70-0fe1-4a80-8805-f9695c966b9e None None] Created lookup_table index Logical_Switch.name {{(pid=103562) autocreate_indices /opt/stack/data/venv/lib/python3.12/site-packages/ovsdbapp/backend/ovs_idl/__init__.py:87}}
Feb 17 18:01:33.806066 np0000156074 devstack@neutron-api.service[103562]: DEBUG ovsdbapp.backend.ovs_idl [None req-b4298f70-0fe1-4a80-8805-f9695c966b9e None None] Created lookup_table index Logical_Router.name {{(pid=103562) autocreate_indices /opt/stack/data/venv/lib/python3.12/site-packages/ovsdbapp/backend/ovs_idl/__init__.py:87}}
Feb 17 18:01:33.806199 np0000156074 devstack@neutron-api.service[103562]: DEBUG ovsdbapp.backend.ovs_idl [None req-b4298f70-0fe1-4a80-8805-f9695c966b9e None None] Created lookup_table index Load_Balancer.name {{(pid=103562) autocreate_indices /opt/stack/data/venv/lib/python3.12/site-packages/ovsdbapp/backend/ovs_idl/__init__.py:87}}
Feb 17 18:01:33.806346 np0000156074 devstack@neutron-api.service[103562]: DEBUG ovsdbapp.backend.ovs_idl [None req-b4298f70-0fe1-4a80-8805-f9695c966b9e None None] Created schema index Copp.name {{(pid=103562) autocreate_indices /opt/stack/data/venv/lib/python3.12/site-packages/ovsdbapp/backend/ovs_idl/__init__.py:106}}
Feb 17 18:01:33.806503 np0000156074 devstack@neutron-api.service[103562]: DEBUG ovsdbapp.backend.ovs_idl [None req-b4298f70-0fe1-4a80-8805-f9695c966b9e None None] Created schema index Meter.name {{(pid=103562) autocreate_indices /opt/stack/data/venv/lib/python3.12/site-packages/ovsdbapp/backend/ovs_idl/__init__.py:106}}
Feb 17 18:01:33.806640 np0000156074 devstack@neutron-api.service[103562]: DEBUG ovsdbapp.backend.ovs_idl [None req-b4298f70-0fe1-4a80-8805-f9695c966b9e None None] Created schema index Load_Balancer_Group.name {{(pid=103562) autocreate_indices /opt/stack/data/venv/lib/python3.12/site-packages/ovsdbapp/backend/ovs_idl/__init__.py:106}}
Feb 17 18:01:33.806732 np0000156074 devstack@neutron-api.service[103562]: DEBUG ovsdbapp.backend.ovs_idl [None req-b4298f70-0fe1-4a80-8805-f9695c966b9e None None] Created schema index HA_Chassis_Group.name {{(pid=103562) autocreate_indices /opt/stack/data/venv/lib/python3.12/site-packages/ovsdbapp/backend/ovs_idl/__init__.py:106}}
Feb 17 18:01:33.806950 np0000156074 devstack@neutron-api.service[103562]: DEBUG ovsdbapp.backend.ovs_idl [None req-b4298f70-0fe1-4a80-8805-f9695c966b9e None None] Created schema index Address_Set.name {{(pid=103562) autocreate_indices /opt/stack/data/venv/lib/python3.12/site-packages/ovsdbapp/backend/ovs_idl/__init__.py:106}}
Feb 17 18:01:33.807045 np0000156074 devstack@neutron-api.service[103562]: DEBUG ovsdbapp.backend.ovs_idl [None req-b4298f70-0fe1-4a80-8805-f9695c966b9e None None] Created schema index Connection.target {{(pid=103562) autocreate_indices /opt/stack/data/venv/lib/python3.12/site-packages/ovsdbapp/backend/ovs_idl/__init__.py:106}}
Feb 17 18:01:33.807183 np0000156074 devstack@neutron-api.service[103562]: DEBUG ovsdbapp.backend.ovs_idl [None req-b4298f70-0fe1-4a80-8805-f9695c966b9e None None] Created schema index Gateway_Chassis.name {{(pid=103562) autocreate_indices /opt/stack/data/venv/lib/python3.12/site-packages/ovsdbapp/backend/ovs_idl/__init__.py:106}}
Feb 17 18:01:33.807487 np0000156074 devstack@neutron-api.service[103562]: DEBUG ovsdbapp.backend.ovs_idl [None req-b4298f70-0fe1-4a80-8805-f9695c966b9e None None] Created schema index Mirror.name {{(pid=103562) autocreate_indices /opt/stack/data/venv/lib/python3.12/site-packages/ovsdbapp/backend/ovs_idl/__init__.py:106}}
Feb 17 18:01:33.807487 np0000156074 devstack@neutron-api.service[103562]: DEBUG ovsdbapp.backend.ovs_idl [None req-b4298f70-0fe1-4a80-8805-f9695c966b9e None None] Created schema index Chassis_Template_Var.chassis {{(pid=103562) autocreate_indices /opt/stack/data/venv/lib/python3.12/site-packages/ovsdbapp/backend/ovs_idl/__init__.py:106}}
Feb 17 18:01:33.807660 np0000156074 devstack@neutron-api.service[103562]: DEBUG ovsdbapp.backend.ovs_idl [None req-b4298f70-0fe1-4a80-8805-f9695c966b9e None None] Created schema index Logical_Router_Port.name {{(pid=103562) autocreate_indices /opt/stack/data/venv/lib/python3.12/site-packages/ovsdbapp/backend/ovs_idl/__init__.py:106}}
Feb 17 18:01:33.807660 np0000156074 devstack@neutron-api.service[103562]: DEBUG ovsdbapp.backend.ovs_idl [None req-b4298f70-0fe1-4a80-8805-f9695c966b9e None None] Created schema index Port_Group.name {{(pid=103562) autocreate_indices /opt/stack/data/venv/lib/python3.12/site-packages/ovsdbapp/backend/ovs_idl/__init__.py:106}}
Feb 17 18:01:33.807809 np0000156074 devstack@neutron-api.service[103562]: DEBUG ovsdbapp.backend.ovs_idl [None req-b4298f70-0fe1-4a80-8805-f9695c966b9e None None] Created schema index Logical_Switch_Port.name {{(pid=103562) autocreate_indices /opt/stack/data/venv/lib/python3.12/site-packages/ovsdbapp/backend/ovs_idl/__init__.py:106}}
Feb 17 18:01:33.811012 np0000156074 devstack@neutron-api.service[103562]: INFO ovsdbapp.backend.ovs_idl.vlog [None req-b4298f70-0fe1-4a80-8805-f9695c966b9e None None] ssl:199.204.45.141:6641: connecting...
Feb 17 18:01:33.816523 np0000156074 devstack@neutron-api.service[103562]: INFO ovsdbapp.backend.ovs_idl.vlog [None req-b4298f70-0fe1-4a80-8805-f9695c966b9e None None] ssl:199.204.45.141:6641: connected
Feb 17 18:01:33.824914 np0000156074 devstack@neutron-api.service[103559]: DEBUG ovsdbapp.backend.ovs_idl [None req-02ab4820-7220-4d89-8a47-4bf8210dc9aa None None] Created lookup_table index Logical_Switch.name {{(pid=103559) autocreate_indices /opt/stack/data/venv/lib/python3.12/site-packages/ovsdbapp/backend/ovs_idl/__init__.py:87}}
Feb 17 18:01:33.825063 np0000156074 devstack@neutron-api.service[103559]: DEBUG ovsdbapp.backend.ovs_idl [None req-02ab4820-7220-4d89-8a47-4bf8210dc9aa None None] Created lookup_table index Logical_Router.name {{(pid=103559) autocreate_indices /opt/stack/data/venv/lib/python3.12/site-packages/ovsdbapp/backend/ovs_idl/__init__.py:87}}
Feb 17 18:01:33.825149 np0000156074 devstack@neutron-api.service[103559]: DEBUG ovsdbapp.backend.ovs_idl [None req-02ab4820-7220-4d89-8a47-4bf8210dc9aa None None] Created lookup_table index Load_Balancer.name {{(pid=103559) autocreate_indices /opt/stack/data/venv/lib/python3.12/site-packages/ovsdbapp/backend/ovs_idl/__init__.py:87}}
Feb 17 18:01:33.825265 np0000156074 devstack@neutron-api.service[103559]: DEBUG ovsdbapp.backend.ovs_idl [None req-02ab4820-7220-4d89-8a47-4bf8210dc9aa None None] Created schema index Copp.name {{(pid=103559) autocreate_indices /opt/stack/data/venv/lib/python3.12/site-packages/ovsdbapp/backend/ovs_idl/__init__.py:106}}
Feb 17 18:01:33.825347 np0000156074 devstack@neutron-api.service[103559]: DEBUG ovsdbapp.backend.ovs_idl [None req-02ab4820-7220-4d89-8a47-4bf8210dc9aa None None] Created schema index Meter.name {{(pid=103559) autocreate_indices /opt/stack/data/venv/lib/python3.12/site-packages/ovsdbapp/backend/ovs_idl/__init__.py:106}}
Feb 17 18:01:33.825425 np0000156074 devstack@neutron-api.service[103559]: DEBUG ovsdbapp.backend.ovs_idl [None req-02ab4820-7220-4d89-8a47-4bf8210dc9aa None None] Created schema index Load_Balancer_Group.name {{(pid=103559) autocreate_indices /opt/stack/data/venv/lib/python3.12/site-packages/ovsdbapp/backend/ovs_idl/__init__.py:106}}
Feb 17 18:01:33.825522 np0000156074 devstack@neutron-api.service[103559]: DEBUG ovsdbapp.backend.ovs_idl [None req-02ab4820-7220-4d89-8a47-4bf8210dc9aa None None] Created schema index HA_Chassis_Group.name {{(pid=103559) autocreate_indices /opt/stack/data/venv/lib/python3.12/site-packages/ovsdbapp/backend/ovs_idl/__init__.py:106}}
Feb 17 18:01:33.825620 np0000156074 devstack@neutron-api.service[103559]: DEBUG ovsdbapp.backend.ovs_idl [None req-02ab4820-7220-4d89-8a47-4bf8210dc9aa None None] Created schema index Address_Set.name {{(pid=103559) autocreate_indices /opt/stack/data/venv/lib/python3.12/site-packages/ovsdbapp/backend/ovs_idl/__init__.py:106}}
Feb 17 18:01:33.825702 np0000156074 devstack@neutron-api.service[103559]: DEBUG ovsdbapp.backend.ovs_idl [None req-02ab4820-7220-4d89-8a47-4bf8210dc9aa None None] Created schema index Connection.target {{(pid=103559) autocreate_indices /opt/stack/data/venv/lib/python3.12/site-packages/ovsdbapp/backend/ovs_idl/__init__.py:106}}
Feb 17 18:01:33.825792 np0000156074 devstack@neutron-api.service[103559]: DEBUG ovsdbapp.backend.ovs_idl [None req-02ab4820-7220-4d89-8a47-4bf8210dc9aa None None] Created schema index Gateway_Chassis.name {{(pid=103559) autocreate_indices /opt/stack/data/venv/lib/python3.12/site-packages/ovsdbapp/backend/ovs_idl/__init__.py:106}}
Feb 17 18:01:33.825899 np0000156074 devstack@neutron-api.service[103559]: DEBUG ovsdbapp.backend.ovs_idl [None req-02ab4820-7220-4d89-8a47-4bf8210dc9aa None None] Created schema index Mirror.name {{(pid=103559) autocreate_indices /opt/stack/data/venv/lib/python3.12/site-packages/ovsdbapp/backend/ovs_idl/__init__.py:106}}
