2026-07-03 13:19:47.368 8 WARNING neutron.scheduler.dhcp_agent_scheduler [None req-8f501e90-3a23-43c7-a809-a1024d4f6e92 352c29dd61fe4cbd91a801a0bea4661e 33e0e3cd375c4e7aaa72805566eb9a69 - - default default] No more DHCP agents
2026-07-03 13:19:47.369 8 WARNING neutron.api.rpc.agentnotifiers.dhcp_rpc_agent_api [None req-8f501e90-3a23-43c7-a809-a1024d4f6e92 352c29dd61fe4cbd91a801a0bea4661e 33e0e3cd375c4e7aaa72805566eb9a69 - - default default] Unable to schedule network 9df49a10-e219-4187-b3d5-8645f0b15353: no agents available; will retry on subsequent port and subnet creation events. [pid: 7|app: 0|req: 597/1157] 10.0.0.161 () {32 vars in 724 bytes} [Fri Jul 3 13:19:46 2026] DELETE /v2.0/routers/a673e2c3-828b-48c5-a7eb-fa664105f7fd => generated 0 bytes in 903 msecs (HTTP/1.1 204) 2 headers in 112 bytes (1 switches on core 0)
2026-07-03 13:19:47.505 7 INFO neutron.db.segments_db [None req-e26537bd-2a7d-4f60-ad0c-451dd8b3f5ed a36ccdc39b804b059ab484d1e19d0f41 7866adce7ae94a7b834a99dedf06e3ce - - default default] Added segment 73cb2be1-6291-4113-8b6f-ee738f100649 of type geneve for network ca7be4a5-bde4-48be-950a-27f02c600007
2026-07-03 13:19:47.552 7 INFO neutron.services.segments.plugin [-] Segment a1891432-da2b-4648-83ac-94915d25a1f8 resource provider aggregate not found
2026-07-03 13:19:47.568 7 INFO neutron.services.segments.plugin [-] Segment a1891432-da2b-4648-83ac-94915d25a1f8 resource provider aggregate not found
2026-07-03 13:19:47.579 7 INFO neutron.services.segments.plugin [-] Client error retrieving segment a1891432-da2b-4648-83ac-94915d25a1f8 resource provider; error: Placement Client Error (4xx): {"errors": [{"status": 404, "title": "Not Found", "detail": "The resource could not be found.\n\n No resource provider with uuid a1891432-da2b-4648-83ac-94915d25a1f8 found for delete ", "request_id": "req-81489e5f-e758-4e65-8e35-97e63f3cb6a3"}]}
2026-07-03 13:19:47.595 7 INFO neutron.services.segments.plugin [-] Client error retrieving segment a1891432-da2b-4648-83ac-94915d25a1f8 resource provider; error: Placement Client Error (4xx): {"errors": [{"status": 404, "title": "Not Found", "detail": "The resource could not be found.\n\n No resource provider with uuid a1891432-da2b-4648-83ac-94915d25a1f8 found for delete ", "request_id": "req-c0bb453e-4e3d-4555-8891-dffefbc4845b"}]}
2026-07-03 13:19:47.663 7 INFO neutron.db.ovn_revision_numbers_db [None req-e26537bd-2a7d-4f60-ad0c-451dd8b3f5ed a36ccdc39b804b059ab484d1e19d0f41 7866adce7ae94a7b834a99dedf06e3ce - - default default] Successfully bumped revision number for resource ca7be4a5-bde4-48be-950a-27f02c600007 (type: networks) to 1 [pid: 8|app: 0|req: 561/1158] 10.0.0.161 () {34 vars in 676 bytes} [Fri Jul 3 13:19:47 2026] POST /v2.0/floatingips => generated 552 bytes in 552 msecs (HTTP/1.1 201) 4 headers in 162 bytes (1 switches on core 0)
2026-07-03 13:19:47.824 7 WARNING neutron.scheduler.dhcp_agent_scheduler [None req-e26537bd-2a7d-4f60-ad0c-451dd8b3f5ed a36ccdc39b804b059ab484d1e19d0f41 7866adce7ae94a7b834a99dedf06e3ce - - default default] No more DHCP agents
2026-07-03 13:19:47.826 7 WARNING neutron.api.rpc.agentnotifiers.dhcp_rpc_agent_api [None req-e26537bd-2a7d-4f60-ad0c-451dd8b3f5ed a36ccdc39b804b059ab484d1e19d0f41 7866adce7ae94a7b834a99dedf06e3ce - - default default] Unable to schedule network ca7be4a5-bde4-48be-950a-27f02c600007: no agents available; will retry on subsequent port and subnet creation events.
2026-07-03 13:19:47.890 8 INFO neutron.plugins.ml2.drivers.ovn.mech_driver.mech_driver [None req-71e56db0-d87d-421e-a490-f1a46653b192 - - - - - -] OVN reports status down for port: 39256962-89bc-4d64-bc0c-9417af319dbf [pid: 8|app: 0|req: 562/1159] 10.0.0.161 () {32 vars in 724 bytes} [Fri Jul 3 13:19:47 2026] DELETE /v2.0/subnets/7e4d8fa8-2e04-4832-89ba-7441558d1742 => generated 0 bytes in 187 msecs (HTTP/1.1 204) 3 headers in 131 bytes (1 switches on core 0)
2026-07-03 13:19:47.906 7 INFO neutron.db.ovn_revision_numbers_db [None req-e26537bd-2a7d-4f60-ad0c-451dd8b3f5ed a36ccdc39b804b059ab484d1e19d0f41 7866adce7ae94a7b834a99dedf06e3ce - - default default] Successfully bumped revision number for resource 39256962-89bc-4d64-bc0c-9417af319dbf (type: ports) to 1 [pid: 7|app: 0|req: 598/1160] 10.0.0.161 () {34 vars in 670 bytes} [Fri Jul 3 13:19:47 2026] POST /v2.0/networks => generated 686 bytes in 514 msecs (HTTP/1.1 201) 4 headers in 162 bytes (1 switches on core 0)
2026-07-03 13:19:48.060 8 INFO neutron_taas.services.taas.taas_plugin [None req-46e7e359-18a7-4036-ad1b-4359d06cf44c 05c53cff06d7451a9e4b46c93241d3b5 fdc7aa30877c43f2a5bac8b86b8ba201 - - default default] TaaS: Handle Delete Port: 300e60cb-f55a-40bb-a3af-ec1677a48526
2026-07-03 13:19:48.063 8 INFO neutron_taas.services.taas.tap_mirror_plugin [None req-46e7e359-18a7-4036-ad1b-4359d06cf44c 05c53cff06d7451a9e4b46c93241d3b5 fdc7aa30877c43f2a5bac8b86b8ba201 - - default default] Tap Mirror: Handle Delete Port: 300e60cb-f55a-40bb-a3af-ec1677a48526
2026-07-03 13:19:48.255 8 INFO neutron.services.segments.plugin [-] Segment 8276766f-65f7-4710-adc9-d220dc0fd339 resource provider aggregate not found
2026-07-03 13:19:48.261 8 INFO neutron.services.segments.plugin [-] Segment 8276766f-65f7-4710-adc9-d220dc0fd339 resource provider aggregate not found
2026-07-03 13:19:48.278 8 INFO neutron.services.segments.plugin [-] Client error retrieving segment 8276766f-65f7-4710-adc9-d220dc0fd339 resource provider; error: Placement Client Error (4xx): {"errors": [{"status": 404, "title": "Not Found", "detail": "The resource could not be found.\n\n No resource provider with uuid 8276766f-65f7-4710-adc9-d220dc0fd339 found for delete ", "request_id": "req-d5c79385-99eb-4041-b72c-31bc3147b9e1"}]}
2026-07-03 13:19:48.283 8 INFO neutron.services.segments.plugin [-] Client error retrieving segment 8276766f-65f7-4710-adc9-d220dc0fd339 resource provider; error: Placement Client Error (4xx): {"errors": [{"status": 404, "title": "Not Found", "detail": "The resource could not be found.\n\n No resource provider with uuid 8276766f-65f7-4710-adc9-d220dc0fd339 found for delete ", "request_id": "req-9194f2f9-e612-4944-b3fc-70f1f19be3f1"}]} [pid: 8|app: 0|req: 563/1161] 10.0.0.161 () {32 vars in 726 bytes} [Fri Jul 3 13:19:47 2026] DELETE /v2.0/networks/fda0517c-b5ed-426d-8c00-1f04f7226f7e => generated 0 bytes in 410 msecs (HTTP/1.1 204) 3 headers in 131 bytes (1 switches on core 0)
2026-07-03 13:19:48.334 7 WARNING neutron.scheduler.dhcp_agent_scheduler [None req-40049f70-7bf5-4075-8804-34ca0beba2c1 a36ccdc39b804b059ab484d1e19d0f41 7866adce7ae94a7b834a99dedf06e3ce - - default default] No more DHCP agents
2026-07-03 13:19:48.336 7 WARNING neutron.api.rpc.agentnotifiers.dhcp_rpc_agent_api [None req-40049f70-7bf5-4075-8804-34ca0beba2c1 a36ccdc39b804b059ab484d1e19d0f41 7866adce7ae94a7b834a99dedf06e3ce - - default default] Unable to schedule network 619f3177-4a99-427c-8263-ea21fcbc475c: no agents available; will retry on subsequent port and subnet creation events. [pid: 8|app: 0|req: 564/1162] 10.0.0.182 () {34 vars in 1098 bytes} [Fri Jul 3 13:19:48 2026] GET /v2.0/security-groups?name=tempest-securitygroup--679697527&fields=id&tenant_id=33e0e3cd375c4e7aaa72805566eb9a69 => generated 69 bytes in 36 msecs (HTTP/1.1 200) 4 headers in 156 bytes (1 switches on core 0) [pid: 8|app: 0|req: 565/1163] 10.0.0.182 () {34 vars in 982 bytes} [Fri Jul 3 13:19:48 2026] GET /v2.0/networks?id=a1560686-c3d8-4004-8f58-177a6b864cce => generated 714 bytes in 66 msecs (HTTP/1.1 200) 4 headers in 157 bytes (1 switches on core 0) [pid: 8|app: 0|req: 566/1164] 10.0.0.182 () {34 vars in 965 bytes} [Fri Jul 3 13:19:48 2026] GET /v2.0/quotas/33e0e3cd375c4e7aaa72805566eb9a69 => generated 292 bytes in 10 msecs (HTTP/1.1 200) 4 headers in 157 bytes (1 switches on core 0)
2026-07-03 13:19:48.449 7 INFO neutron.db.ovn_revision_numbers_db [None req-40049f70-7bf5-4075-8804-34ca0beba2c1 a36ccdc39b804b059ab484d1e19d0f41 7866adce7ae94a7b834a99dedf06e3ce - - default default] Successfully bumped revision number for resource 6df1215e-4b6b-4739-bae4-0a43a3be7a40 (type: ports) to 1
2026-07-03 13:19:48.503 7 WARNING neutron.scheduler.dhcp_agent_scheduler [None req-40049f70-7bf5-4075-8804-34ca0beba2c1 a36ccdc39b804b059ab484d1e19d0f41 7866adce7ae94a7b834a99dedf06e3ce - - default default] No more DHCP agents
2026-07-03 13:19:48.506 7 WARNING neutron.api.rpc.agentnotifiers.dhcp_rpc_agent_api [None req-40049f70-7bf5-4075-8804-34ca0beba2c1 a36ccdc39b804b059ab484d1e19d0f41 7866adce7ae94a7b834a99dedf06e3ce - - default default] Unable to schedule network ca7be4a5-bde4-48be-950a-27f02c600007: no agents available; will retry on subsequent port and subnet creation events. [pid: 8|app: 0|req: 567/1165] 10.0.0.182 () {34 vars in 1002 bytes} [Fri Jul 3 13:19:48 2026] GET /v2.0/ports?tenant_id=33e0e3cd375c4e7aaa72805566eb9a69&fields=id => generated 103 bytes in 78 msecs (HTTP/1.1 200) 4 headers in 157 bytes (1 switches on core 0) [pid: 8|app: 0|req: 568/1166] 10.0.0.161 () {32 vars in 774 bytes} [Fri Jul 3 13:19:48 2026] GET /v2.0/security-groups?tenant_id=169fa4e4c0634cb4a49258d25540ad71&name=default => generated 2925 bytes in 75 msecs (HTTP/1.1 200) 4 headers in 158 bytes (1 switches on core 0)
2026-07-03 13:19:48.632 7 INFO neutron.db.ovn_revision_numbers_db [None req-40049f70-7bf5-4075-8804-34ca0beba2c1 a36ccdc39b804b059ab484d1e19d0f41 7866adce7ae94a7b834a99dedf06e3ce - - default default] Successfully bumped revision number for resource 3c406ed0-703b-4ede-98e5-3ecb0cf1dc7a (type: ports) to 1 [pid: 8|app: 0|req: 569/1167] 10.0.0.182 () {34 vars in 1008 bytes} [Fri Jul 3 13:19:48 2026] GET /v2.0/networks/a1560686-c3d8-4004-8f58-177a6b864cce?fields=segments => generated 14 bytes in 57 msecs (HTTP/1.1 200) 4 headers in 156 bytes (1 switches on core 0) [pid: 7|app: 0|req: 599/1168] 10.0.0.161 () {34 vars in 665 bytes} [Fri Jul 3 13:19:47 2026] POST /v2.0/ports => generated 1505 bytes in 768 msecs (HTTP/1.1 201) 4 headers in 163 bytes (1 switches on core 0) /var/lib/openstack/lib/python3.12/site-packages/pycadf/identifier.py:70: UserWarning: Invalid uuid: neutron. To ensure interoperability, identifiers should be a valid uuid. warnings.warn(('Invalid uuid: %s. To ensure interoperability, ' [pid: 7|app: 0|req: 600/1169] 10.0.0.182 () {34 vars in 1108 bytes} [Fri Jul 3 13:19:48 2026] GET /v2.0/networks/a1560686-c3d8-4004-8f58-177a6b864cce?fields=provider%3Aphysical_network&fields=provider%3Anetwork_type => generated 79 bytes in 47 msecs (HTTP/1.1 200) 4 headers in 156 bytes (1 switches on core 0) [pid: 7|app: 0|req: 601/1170] 10.0.0.161 () {32 vars in 643 bytes} [Fri Jul 3 13:19:48 2026] GET /v2.0/ports => generated 3017 bytes in 71 msecs (HTTP/1.1 200) 4 headers in 158 bytes (1 switches on core 0) [pid: 8|app: 0|req: 570/1171] 10.0.0.161 () {32 vars in 740 bytes} [Fri Jul 3 13:19:48 2026] DELETE /v2.0/security-groups/6e6d7002-0ad6-4013-a601-6234cc944af9 => generated 0 bytes in 223 msecs (HTTP/1.1 204) 2 headers in 112 bytes (1 switches on core 0) [pid: 8|app: 0|req: 571/1172] 10.0.0.182 () {34 vars in 990 bytes} [Fri Jul 3 13:19:48 2026] GET /v2.0/ports?device_id=f4032d0c-aa02-47f1-b448-8373ddcbec0b => generated 12 bytes in 22 msecs (HTTP/1.1 200) 4 headers in 156 bytes (1 switches on core 0)
2026-07-03 13:19:48.983 7 INFO neutron_taas.services.taas.taas_plugin [None req-536e4c51-10cb-41c7-b62a-1d61c1178d15 a36ccdc39b804b059ab484d1e19d0f41 7866adce7ae94a7b834a99dedf06e3ce - - default default] TaaS: Handle Delete Port: 6df1215e-4b6b-4739-bae4-0a43a3be7a40
2026-07-03 13:19:48.987 7 INFO neutron_taas.services.taas.tap_mirror_plugin [None req-536e4c51-10cb-41c7-b62a-1d61c1178d15 a36ccdc39b804b059ab484d1e19d0f41 7866adce7ae94a7b834a99dedf06e3ce - - default default] Tap Mirror: Handle Delete Port: 6df1215e-4b6b-4739-bae4-0a43a3be7a40 [pid: 7|app: 0|req: 602/1173] 10.0.0.161 () {32 vars in 720 bytes} [Fri Jul 3 13:19:48 2026] DELETE /v2.0/ports/6df1215e-4b6b-4739-bae4-0a43a3be7a40 => generated 0 bytes in 322 msecs (HTTP/1.1 204) 3 headers in 131 bytes (1 switches on core 0)
2026-07-03 13:19:49.305 8 INFO neutron_taas.services.taas.taas_plugin [None req-877f3b5c-2638-49c6-8266-e54ca32c13fe a36ccdc39b804b059ab484d1e19d0f41 7866adce7ae94a7b834a99dedf06e3ce - - default default] TaaS: Handle Delete Port: 3c406ed0-703b-4ede-98e5-3ecb0cf1dc7a
2026-07-03 13:19:49.308 8 INFO neutron_taas.services.taas.tap_mirror_plugin [None req-877f3b5c-2638-49c6-8266-e54ca32c13fe a36ccdc39b804b059ab484d1e19d0f41 7866adce7ae94a7b834a99dedf06e3ce - - default default] Tap Mirror: Handle Delete Port: 3c406ed0-703b-4ede-98e5-3ecb0cf1dc7a [pid: 8|app: 0|req: 572/1174] 10.0.0.161 () {32 vars in 720 bytes} [Fri Jul 3 13:19:49 2026] DELETE /v2.0/ports/3c406ed0-703b-4ede-98e5-3ecb0cf1dc7a => generated 0 bytes in 259 msecs (HTTP/1.1 204) 3 headers in 131 bytes (1 switches on core 0) [pid: 7|app: 0|req: 603/1175] 10.0.0.161 () {32 vars in 643 bytes} [Fri Jul 3 13:19:49 2026] GET /v2.0/ports => generated 1523 bytes in 53 msecs (HTTP/1.1 200) 4 headers in 158 bytes (1 switches on core 0)
2026-07-03 13:19:49.593 8 INFO neutron.db.segments_db [None req-237ddb00-c46c-4985-9740-234f8e9523cb a36ccdc39b804b059ab484d1e19d0f41 7866adce7ae94a7b834a99dedf06e3ce - - default default] Added segment d5cde6f6-9b66-45ae-9d4c-bdb1ea632567 of type geneve for network 8db4b7cb-33db-40de-a48d-0602abbaba2a
2026-07-03 13:19:49.719 8 INFO neutron.db.ovn_revision_numbers_db [None req-237ddb00-c46c-4985-9740-234f8e9523cb a36ccdc39b804b059ab484d1e19d0f41 7866adce7ae94a7b834a99dedf06e3ce - - default default] Successfully bumped revision number for resource 8db4b7cb-33db-40de-a48d-0602abbaba2a (type: networks) to 1 [pid: 7|app: 0|req: 604/1176] 10.0.0.182 () {34 vars in 990 bytes} [Fri Jul 3 13:19:49 2026] GET /v2.0/ports?device_id=faf0a601-016a-4191-983d-d2438dc25abc => generated 971 bytes in 82 msecs (HTTP/1.1 200) 4 headers in 157 bytes (1 switches on core 0) [pid: 7|app: 0|req: 605/1177] 10.0.0.182 () {34 vars in 1040 bytes} [Fri Jul 3 13:19:49 2026] GET /v2.0/security-groups?id=6e5c997d-025e-4e49-a18c-f91c0921ca8e&fields=id&fields=name => generated 114 bytes in 31 msecs (HTTP/1.1 200) 4 headers in 157 bytes (1 switches on core 0)
2026-07-03 13:19:49.895 8 WARNING neutron.scheduler.dhcp_agent_scheduler [None req-237ddb00-c46c-4985-9740-234f8e9523cb a36ccdc39b804b059ab484d1e19d0f41 7866adce7ae94a7b834a99dedf06e3ce - - default default] No more DHCP agents
2026-07-03 13:19:49.896 8 WARNING neutron.api.rpc.agentnotifiers.dhcp_rpc_agent_api [None req-237ddb00-c46c-4985-9740-234f8e9523cb a36ccdc39b804b059ab484d1e19d0f41 7866adce7ae94a7b834a99dedf06e3ce - - default default] Unable to schedule network 8db4b7cb-33db-40de-a48d-0602abbaba2a: no agents available; will retry on subsequent port and subnet creation events.
2026-07-03 13:19:49.973 8 INFO neutron.plugins.ml2.drivers.ovn.mech_driver.mech_driver [None req-71e56db0-d87d-421e-a490-f1a46653b192 - - - - - -] OVN reports status down for port: 1b28df11-802a-4b27-bb79-41f35cecf8ef [pid: 7|app: 0|req: 606/1178] 10.0.0.182 () {34 vars in 990 bytes} [Fri Jul 3 13:19:49 2026] GET /v2.0/ports?device_id=f4032d0c-aa02-47f1-b448-8373ddcbec0b => generated 12 bytes in 20 msecs (HTTP/1.1 200) 4 headers in 156 bytes (1 switches on core 0)
2026-07-03 13:19:50.043 8 INFO neutron.db.ovn_revision_numbers_db [None req-237ddb00-c46c-4985-9740-234f8e9523cb a36ccdc39b804b059ab484d1e19d0f41 7866adce7ae94a7b834a99dedf06e3ce - - default default] Successfully bumped revision number for resource 1b28df11-802a-4b27-bb79-41f35cecf8ef (type: ports) to 1 [pid: 7|app: 0|req: 607/1179] 10.0.0.182 () {34 vars in 990 bytes} [Fri Jul 3 13:19:50 2026] GET /v2.0/ports?device_id=faf0a601-016a-4191-983d-d2438dc25abc => generated 971 bytes in 45 msecs (HTTP/1.1 200) 4 headers in 157 bytes (1 switches on core 0) [pid: 8|app: 0|req: 573/1180] 10.0.0.161 () {34 vars in 670 bytes} [Fri Jul 3 13:19:49 2026] POST /v2.0/networks => generated 687 bytes in 600 msecs (HTTP/1.1 201) 4 headers in 162 bytes (1 switches on core 0) [pid: 7|app: 0|req: 608/1181] 10.0.0.182 () {34 vars in 1040 bytes} [Fri Jul 3 13:19:50 2026] GET /v2.0/security-groups?id=6e5c997d-025e-4e49-a18c-f91c0921ca8e&fields=id&fields=name => generated 114 bytes in 33 msecs (HTTP/1.1 200) 4 headers in 157 bytes (1 switches on core 0)
2026-07-03 13:19:50.180 8 INFO neutron.db.segments_db [None req-3b9cc12a-203e-45c3-a20f-4873675882d1 a36ccdc39b804b059ab484d1e19d0f41 7866adce7ae94a7b834a99dedf06e3ce - - default default] Added segment f354b927-aae3-4ed3-be92-d76e84086647 of type geneve for network 2465eee2-aeca-4e16-9f74-96e4ceaa4ee6
2026-07-03 13:19:50.273 8 INFO neutron.db.ovn_revision_numbers_db [None req-3b9cc12a-203e-45c3-a20f-4873675882d1 a36ccdc39b804b059ab484d1e19d0f41 7866adce7ae94a7b834a99dedf06e3ce - - default default] Successfully bumped revision number for resource 2465eee2-aeca-4e16-9f74-96e4ceaa4ee6 (type: networks) to 1
2026-07-03 13:19:50.424 8 WARNING neutron.scheduler.dhcp_agent_scheduler [None req-3b9cc12a-203e-45c3-a20f-4873675882d1 a36ccdc39b804b059ab484d1e19d0f41 7866adce7ae94a7b834a99dedf06e3ce - - default default] No more DHCP agents
2026-07-03 13:19:50.425 8 WARNING neutron.api.rpc.agentnotifiers.dhcp_rpc_agent_api [None req-3b9cc12a-203e-45c3-a20f-4873675882d1 a36ccdc39b804b059ab484d1e19d0f41 7866adce7ae94a7b834a99dedf06e3ce - - default default] Unable to schedule network 2465eee2-aeca-4e16-9f74-96e4ceaa4ee6: no agents available; will retry on subsequent port and subnet creation events.
2026-07-03 13:19:50.521 8 INFO neutron.db.ovn_revision_numbers_db [None req-3b9cc12a-203e-45c3-a20f-4873675882d1 a36ccdc39b804b059ab484d1e19d0f41 7866adce7ae94a7b834a99dedf06e3ce - - default default] Successfully bumped revision number for resource d0029b86-2ac9-4a97-beb5-21e89a22bbe2 (type: ports) to 1 [pid: 8|app: 0|req: 574/1182] 10.0.0.161 () {34 vars in 670 bytes} [Fri Jul 3 13:19:50 2026] POST /v2.0/networks => generated 687 bytes in 455 msecs (HTTP/1.1 201) 4 headers in 162 bytes (1 switches on core 0)
2026-07-03 13:19:50.895 7 INFO neutron.db.ovn_revision_numbers_db [None req-e45ca686-9778-46b5-839d-84f4a7b39dda 05c53cff06d7451a9e4b46c93241d3b5 fdc7aa30877c43f2a5bac8b86b8ba201 - - default default] Successfully bumped revision number for resource 6d4766f9-0ab1-43de-b272-95cc2cea3e20 (type: security_groups) to 1
2026-07-03 13:19:50.906 7 INFO neutron.db.ovn_revision_numbers_db [None req-e45ca686-9778-46b5-839d-84f4a7b39dda 05c53cff06d7451a9e4b46c93241d3b5 fdc7aa30877c43f2a5bac8b86b8ba201 - - default default] Successfully bumped revision number for resource 1dcd710d-535f-4b09-a128-b44a45ee3b4f (type: security_group_rules) to 0
2026-07-03 13:19:50.918 7 INFO neutron.db.ovn_revision_numbers_db [None req-e45ca686-9778-46b5-839d-84f4a7b39dda 05c53cff06d7451a9e4b46c93241d3b5 fdc7aa30877c43f2a5bac8b86b8ba201 - - default default] Successfully bumped revision number for resource 7238743d-f46e-469b-a80b-27d6d4b4b470 (type: security_group_rules) to 0
2026-07-03 13:19:50.927 8 WARNING neutron.scheduler.dhcp_agent_scheduler [None req-8b15ea10-4a24-42c4-af88-64b812d2783b a36ccdc39b804b059ab484d1e19d0f41 7866adce7ae94a7b834a99dedf06e3ce - - default default] No more DHCP agents
2026-07-03 13:19:50.929 8 WARNING neutron.api.rpc.agentnotifiers.dhcp_rpc_agent_api [None req-8b15ea10-4a24-42c4-af88-64b812d2783b a36ccdc39b804b059ab484d1e19d0f41 7866adce7ae94a7b834a99dedf06e3ce - - default default] Unable to schedule network 8db4b7cb-33db-40de-a48d-0602abbaba2a: no agents available; will retry on subsequent port and subnet creation events.
2026-07-03 13:19:50.931 7 INFO neutron.db.ovn_revision_numbers_db [None req-e45ca686-9778-46b5-839d-84f4a7b39dda 05c53cff06d7451a9e4b46c93241d3b5 fdc7aa30877c43f2a5bac8b86b8ba201 - - default default] Successfully bumped revision number for resource 8c5e9ea9-60ad-40a7-badf-b4352a7d2ff9 (type: security_group_rules) to 0
2026-07-03 13:19:50.943 7 INFO neutron.db.ovn_revision_numbers_db [None req-e45ca686-9778-46b5-839d-84f4a7b39dda 05c53cff06d7451a9e4b46c93241d3b5 fdc7aa30877c43f2a5bac8b86b8ba201 - - default default] Successfully bumped revision number for resource fc016cc2-2cac-402d-8378-064ee77a0f0a (type: security_group_rules) to 0
2026-07-03 13:19:51.013 7 INFO neutron.db.segments_db [None req-e45ca686-9778-46b5-839d-84f4a7b39dda 05c53cff06d7451a9e4b46c93241d3b5 fdc7aa30877c43f2a5bac8b86b8ba201 - - default default] Added segment a9ee9eb5-bdfa-49c9-8499-1e743c4dc0fc of type geneve for network 309a6e3b-6d0e-4405-8878-746171de0aaf
2026-07-03 13:19:51.107 8 INFO neutron.plugins.ml2.drivers.ovn.mech_driver.mech_driver [None req-71e56db0-d87d-421e-a490-f1a46653b192 - - - - - -] OVN reports status down for port: 96f0ca6c-f152-4940-b22d-521d400fda7a
2026-07-03 13:19:51.167 7 INFO neutron.db.ovn_revision_numbers_db [None req-e45ca686-9778-46b5-839d-84f4a7b39dda 05c53cff06d7451a9e4b46c93241d3b5 fdc7aa30877c43f2a5bac8b86b8ba201 - - default default] Successfully bumped revision number for resource 309a6e3b-6d0e-4405-8878-746171de0aaf (type: networks) to 1
2026-07-03 13:19:51.353 7 WARNING neutron.scheduler.dhcp_agent_scheduler [None req-e45ca686-9778-46b5-839d-84f4a7b39dda 05c53cff06d7451a9e4b46c93241d3b5 fdc7aa30877c43f2a5bac8b86b8ba201 - - default default] No more DHCP agents
2026-07-03 13:19:51.354 7 WARNING neutron.api.rpc.agentnotifiers.dhcp_rpc_agent_api [None req-e45ca686-9778-46b5-839d-84f4a7b39dda 05c53cff06d7451a9e4b46c93241d3b5 fdc7aa30877c43f2a5bac8b86b8ba201 - - default default] Unable to schedule network 309a6e3b-6d0e-4405-8878-746171de0aaf: no agents available; will retry on subsequent port and subnet creation events.
2026-07-03 13:19:51.440 7 INFO neutron.db.ovn_revision_numbers_db [None req-e45ca686-9778-46b5-839d-84f4a7b39dda 05c53cff06d7451a9e4b46c93241d3b5 fdc7aa30877c43f2a5bac8b86b8ba201 - - default default] Successfully bumped revision number for resource 031c8a49-5c84-469f-9f5f-eff7d3da13f5 (type: ports) to 1 [pid: 7|app: 0|req: 609/1183] 10.0.0.161 () {34 vars in 671 bytes} [Fri Jul 3 13:19:50 2026] POST /v2.0/networks => generated 786 bytes in 897 msecs (HTTP/1.1 201) 4 headers in 162 bytes (1 switches on core 0) [pid: 7|app: 0|req: 610/1184] 10.0.0.182 () {34 vars in 990 bytes} [Fri Jul 3 13:19:51 2026] GET /v2.0/ports?device_id=f4032d0c-aa02-47f1-b448-8373ddcbec0b => generated 12 bytes in 22 msecs (HTTP/1.1 200) 4 headers in 156 bytes (1 switches on core 0)
2026-07-03 13:19:51.538 8 INFO neutron.notifiers.nova [-] Nova event matching ['req-f9159717-b2c4-4b02-aed3-69f71f5ab87c'] response: {'server_uuid': 'faf0a601-016a-4191-983d-d2438dc25abc', 'name': 'network-vif-unplugged', 'status': 'completed', 'tag': '96f0ca6c-f152-4940-b22d-521d400fda7a', 'code': 200} [pid: 7|app: 0|req: 611/1185] 10.0.0.182 () {34 vars in 990 bytes} [Fri Jul 3 13:19:51 2026] GET /v2.0/ports?device_id=faf0a601-016a-4191-983d-d2438dc25abc => generated 969 bytes in 53 msecs (HTTP/1.1 200) 4 headers in 157 bytes (1 switches on core 0)
2026-07-03 13:19:51.666 8 INFO neutron.db.ovn_revision_numbers_db [None req-71e56db0-d87d-421e-a490-f1a46653b192 - - - - - -] Successfully bumped revision number for resource 96f0ca6c-f152-4940-b22d-521d400fda7a (type: ports) to 8
2026-07-03 13:19:51.713 7 WARNING neutron.scheduler.dhcp_agent_scheduler [None req-fe3be842-a8ad-4bfd-acad-aa6d6d5d059a 05c53cff06d7451a9e4b46c93241d3b5 fdc7aa30877c43f2a5bac8b86b8ba201 - - default default] No more DHCP agents
2026-07-03 13:19:51.715 7 WARNING neutron.api.rpc.agentnotifiers.dhcp_rpc_agent_api [None req-fe3be842-a8ad-4bfd-acad-aa6d6d5d059a 05c53cff06d7451a9e4b46c93241d3b5 fdc7aa30877c43f2a5bac8b86b8ba201 - - default default] Unable to schedule network 309a6e3b-6d0e-4405-8878-746171de0aaf: no agents available; will retry on subsequent port and subnet creation events.
2026-07-03 13:19:51.743 8 INFO neutron.db.ovn_revision_numbers_db [None req-1c6345ef-0ee6-496f-b037-050d781bfad5 - - - - - -] Successfully bumped revision number for resource 1b28df11-802a-4b27-bb79-41f35cecf8ef (type: ports) to 2
2026-07-03 13:19:51.811 8 INFO neutron.db.ovn_revision_numbers_db [None req-1c6345ef-0ee6-496f-b037-050d781bfad5 - - - - - -] Successfully bumped revision number for resource 4bd52512-6a8d-4000-99fc-e7ba57b9c9c7 (type: subnets) to 0
2026-07-03 13:19:51.844 8 WARNING neutron.scheduler.dhcp_agent_scheduler [None req-8b15ea10-4a24-42c4-af88-64b812d2783b a36ccdc39b804b059ab484d1e19d0f41 7866adce7ae94a7b834a99dedf06e3ce - - default default] No more DHCP agents
2026-07-03 13:19:51.846 8 WARNING neutron.api.rpc.agentnotifiers.dhcp_rpc_agent_api [None req-8b15ea10-4a24-42c4-af88-64b812d2783b a36ccdc39b804b059ab484d1e19d0f41 7866adce7ae94a7b834a99dedf06e3ce - - default default] Unable to schedule network 2465eee2-aeca-4e16-9f74-96e4ceaa4ee6: no agents available; will retry on subsequent port and subnet creation events.
2026-07-03 13:19:52.130 7 INFO neutron.db.ovn_revision_numbers_db [None req-6354812a-38d7-41c0-9374-fb37aedb390a - - - - - -] Successfully bumped revision number for resource 031c8a49-5c84-469f-9f5f-eff7d3da13f5 (type: ports) to 2
2026-07-03 13:19:52.155 7 INFO neutron.db.ovn_revision_numbers_db [None req-6354812a-38d7-41c0-9374-fb37aedb390a - - - - - -] Successfully bumped revision number for resource b1ef8424-07ad-42e4-81ca-8f8c07185ed4 (type: subnets) to 0 [pid: 7|app: 0|req: 612/1186] 10.0.0.161 () {34 vars in 669 bytes} [Fri Jul 3 13:19:51 2026] POST /v2.0/subnets => generated 692 bytes in 624 msecs (HTTP/1.1 201) 4 headers in 162 bytes (1 switches on core 0) [pid: 7|app: 0|req: 613/1187] 10.0.0.182 () {34 vars in 1040 bytes} [Fri Jul 3 13:19:52 2026] GET /v2.0/security-groups?id=6e5c997d-025e-4e49-a18c-f91c0921ca8e&fields=id&fields=name => generated 114 bytes in 25 msecs (HTTP/1.1 200) 4 headers in 157 bytes (1 switches on core 0)
2026-07-03 13:19:52.276 8 INFO neutron.db.ovn_revision_numbers_db [None req-ead47df7-6739-4084-977f-b1e92bfe3e7e - - - - - -] Successfully bumped revision number for resource d0029b86-2ac9-4a97-beb5-21e89a22bbe2 (type: ports) to 2
2026-07-03 13:19:52.536 7 WARNING neutron.plugins.ml2.drivers.ovn.mech_driver.ovsdb.ovn_client [None req-1e0bf9b0-e369-4b28-a978-3faebfc8922f - - - - - -] No hosting information found for port 232a7189-3d48-412c-ba1b-f6cff9de05fe: RuntimeError: No hosting information found for port 232a7189-3d48-412c-ba1b-f6cff9de05fe
2026-07-03 13:19:52.539 7 INFO neutron.plugins.ml2.drivers.ovn.mech_driver.mech_driver [None req-1e0bf9b0-e369-4b28-a978-3faebfc8922f - - - - - -] OVN reports status down for port: 06ffc294-c693-4c6f-84cb-295f419cc52c
2026-07-03 13:19:52.710 7 WARNING neutron.scheduler.dhcp_agent_scheduler [None req-7b0384a6-b398-4709-9426-06c36725ade1 05c53cff06d7451a9e4b46c93241d3b5 fdc7aa30877c43f2a5bac8b86b8ba201 - - default default] No more DHCP agents
2026-07-03 13:19:52.714 7 WARNING neutron.api.rpc.agentnotifiers.dhcp_rpc_agent_api [None req-7b0384a6-b398-4709-9426-06c36725ade1 05c53cff06d7451a9e4b46c93241d3b5 fdc7aa30877c43f2a5bac8b86b8ba201 - - default default] Unable to schedule network 9df49a10-e219-4187-b3d5-8645f0b15353: no agents available; will retry on subsequent port and subnet creation events.
2026-07-03 13:19:52.721 7 INFO neutron.db.ovn_revision_numbers_db [None req-1e0bf9b0-e369-4b28-a978-3faebfc8922f - - - - - -] Successfully bumped revision number for resource 232a7189-3d48-412c-ba1b-f6cff9de05fe (type: router_ports) to 2
2026-07-03 13:19:52.722 7 INFO neutron.plugins.ml2.drivers.ovn.mech_driver.mech_driver [None req-1e0bf9b0-e369-4b28-a978-3faebfc8922f - - - - - -] OVN reports status down for port: 221a37e1-7b6d-4864-822c-f8b206b2804e
2026-07-03 13:19:52.815 7 INFO neutron.plugins.ml2.drivers.ovn.mech_driver.mech_driver [None req-1e0bf9b0-e369-4b28-a978-3faebfc8922f - - - - - -] OVN reports status down for port: 48343949-80a2-446e-ae46-afc0b25a523c
2026-07-03 13:19:52.859 8 INFO neutron.db.ovn_revision_numbers_db [None req-ead47df7-6739-4084-977f-b1e92bfe3e7e - - - - - -] Successfully bumped revision number for resource 69027f35-cc34-4f78-b8f8-74a2d7d6d503 (type: subnets) to 0 [pid: 8|app: 0|req: 575/1188] 10.0.0.161 () {34 vars in 669 bytes} [Fri Jul 3 13:19:50 2026] POST /v2.0/subnets => generated 1274 bytes in 2304 msecs (HTTP/1.1 201) 4 headers in 163 bytes (1 switches on core 0) /var/lib/openstack/lib/python3.12/site-packages/pycadf/identifier.py:70: UserWarning: Invalid uuid: neutron. To ensure interoperability, identifiers should be a valid uuid. warnings.warn(('Invalid uuid: %s. To ensure interoperability, '
2026-07-03 13:19:52.914 8 INFO neutron.plugins.ml2.drivers.ovn.mech_driver.mech_driver [None req-b74e6f89-e4c5-43b6-ae53-14c3578e0a03 - - - - - -] OVN reports status down for port: 65c4d107-756c-4cf6-8142-312a9e6bb818
2026-07-03 13:19:52.943 7 INFO neutron.plugins.ml2.drivers.ovn.mech_driver.mech_driver [None req-1e0bf9b0-e369-4b28-a978-3faebfc8922f - - - - - -] OVN reports status down for port: 6df1215e-4b6b-4739-bae4-0a43a3be7a40
2026-07-03 13:19:52.953 7 INFO neutron.db.ovn_revision_numbers_db [None req-7b0384a6-b398-4709-9426-06c36725ade1 05c53cff06d7451a9e4b46c93241d3b5 fdc7aa30877c43f2a5bac8b86b8ba201 - - default default] Successfully bumped revision number for resource 65c4d107-756c-4cf6-8142-312a9e6bb818 (type: ports) to 1
2026-07-03 13:19:52.955 7 INFO neutron.plugins.ml2.drivers.ovn.mech_driver.mech_driver [None req-1e0bf9b0-e369-4b28-a978-3faebfc8922f - - - - - -] OVN reports status down for port: 3c406ed0-703b-4ede-98e5-3ecb0cf1dc7a
2026-07-03 13:19:52.969 7 INFO neutron.plugins.ml2.drivers.ovn.mech_driver.mech_driver [None req-1e0bf9b0-e369-4b28-a978-3faebfc8922f - - - - - -] OVN reports status down for port: d0029b86-2ac9-4a97-beb5-21e89a22bbe2 [pid: 8|app: 0|req: 576/1189] 199.204.45.4 () {34 vars in 992 bytes} [Fri Jul 3 13:19:52 2026] GET /v2.0/ports?device_id=faf0a601-016a-4191-983d-d2438dc25abc => generated 969 bytes in 133 msecs (HTTP/1.1 200) 4 headers in 157 bytes (1 switches on core 0) [pid: 8|app: 0|req: 577/1190] 10.0.0.182 () {34 vars in 990 bytes} [Fri Jul 3 13:19:53 2026] GET /v2.0/ports?device_id=f4032d0c-aa02-47f1-b448-8373ddcbec0b => generated 12 bytes in 28 msecs (HTTP/1.1 200) 4 headers in 156 bytes (1 switches on core 0) [pid: 8|app: 0|req: 578/1191] 10.0.0.161 () {32 vars in 647 bytes} [Fri Jul 3 13:19:53 2026] GET /v2.0/subnets => generated 1910 bytes in 28 msecs (HTTP/1.1 200) 4 headers in 158 bytes (1 switches on core 0)
2026-07-03 13:19:53.128 7 INFO neutron.plugins.ml2.drivers.ovn.mech_driver.mech_driver [None req-1e0bf9b0-e369-4b28-a978-3faebfc8922f - - - - - -] OVN reports status down for port: 031c8a49-5c84-469f-9f5f-eff7d3da13f5
2026-07-03 13:19:53.213 8 INFO neutron_taas.services.taas.taas_plugin [req-895f9684-4c29-4932-a1fc-a5a8230ae9a9 req-e39a7086-f846-4aa2-bf23-9919f46a604c 6eab51a1b3dc42a5af98c4d9753836e5 36f113ed18c645faa0b43852875fefae - - default default] TaaS: Handle Delete Port: 96f0ca6c-f152-4940-b22d-521d400fda7a
2026-07-03 13:19:53.216 8 INFO neutron_taas.services.taas.tap_mirror_plugin [req-895f9684-4c29-4932-a1fc-a5a8230ae9a9 req-e39a7086-f846-4aa2-bf23-9919f46a604c 6eab51a1b3dc42a5af98c4d9753836e5 36f113ed18c645faa0b43852875fefae - - default default] Tap Mirror: Handle Delete Port: 96f0ca6c-f152-4940-b22d-521d400fda7a
2026-07-03 13:19:53.427 8 INFO neutron.db.l3_db [req-895f9684-4c29-4932-a1fc-a5a8230ae9a9 req-e39a7086-f846-4aa2-bf23-9919f46a604c 6eab51a1b3dc42a5af98c4d9753836e5 36f113ed18c645faa0b43852875fefae - - default default] Floating IP 241c2f8d-4eda-42e4-94ac-3f71452cc46d disassociated. External IP: 10.96.250.211, port: 96f0ca6c-f152-4940-b22d-521d400fda7a. [pid: 8|app: 0|req: 579/1192] 199.204.45.4 () {36 vars in 995 bytes} [Fri Jul 3 13:19:53 2026] DELETE /v2.0/ports/96f0ca6c-f152-4940-b22d-521d400fda7a => generated 0 bytes in 507 msecs (HTTP/1.1 204) 3 headers in 131 bytes (1 switches on core 0)
2026-07-03 13:19:53.592 8 INFO neutron.notifiers.nova [-] Nova event matching ['req-db8f3777-0964-4359-b863-1a3068760d69'] response: {'server_uuid': 'faf0a601-016a-4191-983d-d2438dc25abc', 'name': 'network-vif-unplugged', 'status': 'completed', 'tag': '96f0ca6c-f152-4940-b22d-521d400fda7a', 'code': 200} [pid: 8|app: 0|req: 580/1193] 10.0.0.161 () {32 vars in 724 bytes} [Fri Jul 3 13:19:53 2026] DELETE /v2.0/subnets/4bd52512-6a8d-4000-99fc-e7ba57b9c9c7 => generated 0 bytes in 148 msecs (HTTP/1.1 204) 3 headers in 131 bytes (1 switches on core 0)
2026-07-03 13:19:53.766 7 INFO neutron.plugins.ml2.drivers.ovn.mech_driver.ovsdb.commands [None req-c2d0913b-354a-4f46-bd67-41e17a595ee7 - - - - - -] Schedule LRP lrp-65c4d107-756c-4cf6-8142-312a9e6bb818 on gateway df39da26-2fcb-44ce-b44e-799490803836 with priority 1 [pid: 8|app: 0|req: 581/1194] 199.204.45.4 () {34 vars in 984 bytes} [Fri Jul 3 13:19:53 2026] GET /v2.0/networks?id=a1560686-c3d8-4004-8f58-177a6b864cce => generated 714 bytes in 42 msecs (HTTP/1.1 200) 4 headers in 157 bytes (1 switches on core 0) [pid: 8|app: 0|req: 582/1195] 10.0.0.182 () {34 vars in 990 bytes} [Fri Jul 3 13:19:53 2026] GET /v2.0/ports?device_id=faf0a601-016a-4191-983d-d2438dc25abc => generated 12 bytes in 64 msecs (HTTP/1.1 200) 4 headers in 156 bytes (1 switches on core 0)
2026-07-03 13:19:53.857 7 INFO neutron.db.ovn_revision_numbers_db [None req-7b0384a6-b398-4709-9426-06c36725ade1 05c53cff06d7451a9e4b46c93241d3b5 fdc7aa30877c43f2a5bac8b86b8ba201 - - default default] Successfully bumped revision number for resource 65c4d107-756c-4cf6-8142-312a9e6bb818 (type: router_ports) to 1
2026-07-03 13:19:53.878 8 INFO neutron.plugins.ml2.drivers.ovn.mech_driver.mech_driver [None req-b74e6f89-e4c5-43b6-ae53-14c3578e0a03 - - - - - -] OVN reports status up for port: 65c4d107-756c-4cf6-8142-312a9e6bb818
2026-07-03 13:19:53.890 8 INFO neutron.plugins.ml2.drivers.ovn.mech_driver.ovsdb.ovsdb_monitor [None req-681b7060-86e1-4397-9f6d-6e5a998629c1 - - - - - -] Router f486fa12-ad35-445d-9c17-a46735580605 is bound to host instance
2026-07-03 13:19:53.910 8 INFO neutron.plugins.ml2.plugin [None req-b74e6f89-e4c5-43b6-ae53-14c3578e0a03 - - - - - -] Attempt 1 to provision port 65c4d107-756c-4cf6-8142-312a9e6bb818
2026-07-03 13:19:53.949 7 INFO neutron.db.ovn_revision_numbers_db [None req-7b0384a6-b398-4709-9426-06c36725ade1 05c53cff06d7451a9e4b46c93241d3b5 fdc7aa30877c43f2a5bac8b86b8ba201 - - default default] Successfully bumped revision number for resource f486fa12-ad35-445d-9c17-a46735580605 (type: routers) to 2 [pid: 7|app: 0|req: 614/1196] 10.0.0.161 () {34 vars in 669 bytes} [Fri Jul 3 13:19:52 2026] POST /v2.0/routers => generated 970 bytes in 1772 msecs (HTTP/1.1 201) 4 headers in 162 bytes (1 switches on core 0) /var/lib/openstack/lib/python3.12/site-packages/pycadf/identifier.py:70: UserWarning: Invalid uuid: neutron. To ensure interoperability, identifiers should be a valid uuid. warnings.warn(('Invalid uuid: %s. To ensure interoperability, ' [pid: 7|app: 0|req: 615/1197] 199.204.45.4 () {34 vars in 1048 bytes} [Fri Jul 3 13:19:53 2026] GET /v2.0/security-groups?fields=id&fields=name&tenant_id=33e0e3cd375c4e7aaa72805566eb9a69 => generated 180 bytes in 36 msecs (HTTP/1.1 200) 4 headers in 157 bytes (1 switches on core 0) [pid: 8|app: 0|req: 583/1198] 10.0.0.161 () {32 vars in 724 bytes} [Fri Jul 3 13:19:53 2026] DELETE /v2.0/subnets/69027f35-cc34-4f78-b8f8-74a2d7d6d503 => generated 0 bytes in 448 msecs (HTTP/1.1 204) 3 headers in 131 bytes (1 switches on core 0)
2026-07-03 13:19:54.396 7 WARNING neutron.scheduler.dhcp_agent_scheduler [None req-d85806c7-298e-4b52-abbe-1d93ea4ce8dc 05c53cff06d7451a9e4b46c93241d3b5 fdc7aa30877c43f2a5bac8b86b8ba201 - - default default] No more DHCP agents
2026-07-03 13:19:54.397 7 WARNING neutron.api.rpc.agentnotifiers.dhcp_rpc_agent_api [None req-d85806c7-298e-4b52-abbe-1d93ea4ce8dc 05c53cff06d7451a9e4b46c93241d3b5 fdc7aa30877c43f2a5bac8b86b8ba201 - - default default] Unable to schedule network 309a6e3b-6d0e-4405-8878-746171de0aaf: no agents available; will retry on subsequent port and subnet creation events.
2026-07-03 13:19:54.535 7 INFO neutron.plugins.ml2.drivers.ovn.mech_driver.mech_driver [None req-1e0bf9b0-e369-4b28-a978-3faebfc8922f - - - - - -] OVN reports status down for port: 888aa73f-bce6-4612-8ce7-16ccb2b816d8
2026-07-03 13:19:54.617 7 INFO neutron.db.ovn_revision_numbers_db [None req-d85806c7-298e-4b52-abbe-1d93ea4ce8dc 05c53cff06d7451a9e4b46c93241d3b5 fdc7aa30877c43f2a5bac8b86b8ba201 - - default default] Successfully bumped revision number for resource 888aa73f-bce6-4612-8ce7-16ccb2b816d8 (type: ports) to 1
2026-07-03 13:19:54.880 8 WARNING neutron.scheduler.dhcp_agent_scheduler [req-314d3c1c-d687-4e96-92e7-3dd78ed83506 req-74ca68e7-9bc5-4f60-b1e5-e10dbabd0a05 352c29dd61fe4cbd91a801a0bea4661e 33e0e3cd375c4e7aaa72805566eb9a69 - - default default] No more DHCP agents
2026-07-03 13:19:54.882 8 WARNING neutron.api.rpc.agentnotifiers.dhcp_rpc_agent_api [req-314d3c1c-d687-4e96-92e7-3dd78ed83506 req-74ca68e7-9bc5-4f60-b1e5-e10dbabd0a05 352c29dd61fe4cbd91a801a0bea4661e 33e0e3cd375c4e7aaa72805566eb9a69 - - default default] Unable to schedule network a1560686-c3d8-4004-8f58-177a6b864cce: no agents available; will retry on subsequent port and subnet creation events.
2026-07-03 13:19:55.062 7 INFO neutron.plugins.ml2.drivers.ovn.mech_driver.mech_driver [None req-1e0bf9b0-e369-4b28-a978-3faebfc8922f - - - - - -] OVN reports status down for port: 83d35a6c-21a9-41e7-9c14-0cf16eeec05a
2026-07-03 13:19:55.110 8 INFO neutron.db.ovn_revision_numbers_db [req-314d3c1c-d687-4e96-92e7-3dd78ed83506 req-74ca68e7-9bc5-4f60-b1e5-e10dbabd0a05 352c29dd61fe4cbd91a801a0bea4661e 33e0e3cd375c4e7aaa72805566eb9a69 - - default default] Successfully bumped revision number for resource 83d35a6c-21a9-41e7-9c14-0cf16eeec05a (type: ports) to 1 [pid: 8|app: 0|req: 584/1199] 199.204.45.4 () {38 vars in 953 bytes} [Fri Jul 3 13:19:54 2026] POST /v2.0/ports => generated 954 bytes in 926 msecs (HTTP/1.1 201) 4 headers in 162 bytes (1 switches on core 0) /var/lib/openstack/lib/python3.12/site-packages/pycadf/identifier.py:70: UserWarning: Invalid uuid: neutron. To ensure interoperability, identifiers should be a valid uuid. warnings.warn(('Invalid uuid: %s. To ensure interoperability, ' [pid: 8|app: 0|req: 585/1200] 10.0.0.182 () {34 vars in 990 bytes} [Fri Jul 3 13:19:55 2026] GET /v2.0/ports?device_id=f4032d0c-aa02-47f1-b448-8373ddcbec0b => generated 957 bytes in 75 msecs (HTTP/1.1 200) 4 headers in 157 bytes (1 switches on core 0)
2026-07-03 13:19:55.301 7 INFO neutron.plugins.ml2.drivers.ovn.mech_driver.mech_driver [None req-1e0bf9b0-e369-4b28-a978-3faebfc8922f - - - - - -] OVN reports status up for port: 888aa73f-bce6-4612-8ce7-16ccb2b816d8
2026-07-03 13:19:55.328 7 INFO neutron.plugins.ml2.plugin [None req-1e0bf9b0-e369-4b28-a978-3faebfc8922f - - - - - -] Attempt 1 to provision port 888aa73f-bce6-4612-8ce7-16ccb2b816d8 [pid: 8|app: 0|req: 586/1201] 10.0.0.161 () {32 vars in 647 bytes} [Fri Jul 3 13:19:55 2026] GET /v2.0/subnets => generated 649 bytes in 74 msecs (HTTP/1.1 200) 4 headers in 157 bytes (1 switches on core 0) [pid: 8|app: 0|req: 587/1202] 10.0.0.182 () {34 vars in 990 bytes} [Fri Jul 3 13:19:55 2026] GET /v2.0/ports?device_id=faf0a601-016a-4191-983d-d2438dc25abc => generated 12 bytes in 30 msecs (HTTP/1.1 200) 4 headers in 156 bytes (1 switches on core 0)
2026-07-03 13:19:55.445 7 WARNING neutron.scheduler.dhcp_agent_scheduler [None req-d85806c7-298e-4b52-abbe-1d93ea4ce8dc 05c53cff06d7451a9e4b46c93241d3b5 fdc7aa30877c43f2a5bac8b86b8ba201 - - default default] No more DHCP agents
2026-07-03 13:19:55.447 7 WARNING neutron.api.rpc.agentnotifiers.dhcp_rpc_agent_api [None req-d85806c7-298e-4b52-abbe-1d93ea4ce8dc 05c53cff06d7451a9e4b46c93241d3b5 fdc7aa30877c43f2a5bac8b86b8ba201 - - default default] Unable to schedule network 309a6e3b-6d0e-4405-8878-746171de0aaf: no agents available; will retry on subsequent port and subnet creation events.
2026-07-03 13:19:55.495 8 INFO neutron.db.ovn_revision_numbers_db [None req-ed9312ad-7058-45ae-91dc-a5c3dd31a04a - - - - - -] Successfully bumped revision number for resource 65c4d107-756c-4cf6-8142-312a9e6bb818 (type: ports) to 4
2026-07-03 13:19:55.649 8 INFO neutron.notifiers.nova [-] Nova event matching ['req-4cb60439-2fb8-4584-8a35-6277c4b3d752'] response: {'server_uuid': 'faf0a601-016a-4191-983d-d2438dc25abc', 'name': 'network-vif-deleted', 'tag': '96f0ca6c-f152-4940-b22d-521d400fda7a', 'status': 'completed', 'code': 200}
2026-07-03 13:19:55.950 7 INFO neutron.db.ovn_revision_numbers_db [None req-1e0bf9b0-e369-4b28-a978-3faebfc8922f - - - - - -] Successfully bumped revision number for resource 888aa73f-bce6-4612-8ce7-16ccb2b816d8 (type: ports) to 2
2026-07-03 13:19:56.089 8 INFO neutron.db.ovn_revision_numbers_db [None req-ed9312ad-7058-45ae-91dc-a5c3dd31a04a - - - - - -] Successfully bumped revision number for resource 65c4d107-756c-4cf6-8142-312a9e6bb818 (type: ports) to 5
2026-07-03 13:19:56.127 8 INFO neutron.db.ovn_revision_numbers_db [req-314d3c1c-d687-4e96-92e7-3dd78ed83506 req-02cd3937-787a-4995-9066-54adb4989448 ff99417f92754c25818acb0416224a72 5de0fd37adbc4743b310adb0b4eb87ba - - 034ef38ba5964e338528c0214f83eda8 034ef38ba5964e338528c0214f83eda8] Successfully bumped revision number for resource 83d35a6c-21a9-41e7-9c14-0cf16eeec05a (type: ports) to 2
2026-07-03 13:19:56.294 7 INFO neutron.db.ovn_revision_numbers_db [None req-d85806c7-298e-4b52-abbe-1d93ea4ce8dc 05c53cff06d7451a9e4b46c93241d3b5 fdc7aa30877c43f2a5bac8b86b8ba201 - - default default] Successfully bumped revision number for resource 888aa73f-bce6-4612-8ce7-16ccb2b816d8 (type: router_ports) to 1 [pid: 7|app: 0|req: 616/1203] 10.0.0.161 () {34 vars in 783 bytes} [Fri Jul 3 13:19:54 2026] PUT /v2.0/routers/f486fa12-ad35-445d-9c17-a46735580605/add_router_interface => generated 309 bytes in 2292 msecs (HTTP/1.1 200) 4 headers in 157 bytes (1 switches on core 0) [pid: 7|app: 0|req: 617/1204] 10.0.0.182 () {34 vars in 1040 bytes} [Fri Jul 3 13:19:56 2026] GET /v2.0/security-groups?id=fee420c7-321f-4f15-9801-c3f13b102831&fields=id&fields=name => generated 113 bytes in 24 msecs (HTTP/1.1 200) 4 headers in 157 bytes (1 switches on core 0)
2026-07-03 13:19:56.424 8 INFO neutron.db.ovn_revision_numbers_db [req-314d3c1c-d687-4e96-92e7-3dd78ed83506 req-02cd3937-787a-4995-9066-54adb4989448 ff99417f92754c25818acb0416224a72 5de0fd37adbc4743b310adb0b4eb87ba - - 034ef38ba5964e338528c0214f83eda8 034ef38ba5964e338528c0214f83eda8] Successfully bumped revision number for resource 83d35a6c-21a9-41e7-9c14-0cf16eeec05a (type: ports) to 4 [pid: 8|app: 0|req: 588/1205] 199.204.45.4 () {38 vars in 1026 bytes} [Fri Jul 3 13:19:55 2026] PUT /v2.0/ports/83d35a6c-21a9-41e7-9c14-0cf16eeec05a => generated 1204 bytes in 1041 msecs (HTTP/1.1 200) 4 headers in 158 bytes (1 switches on core 0) /var/lib/openstack/lib/python3.12/site-packages/pycadf/identifier.py:70: UserWarning: Invalid uuid: neutron. To ensure interoperability, identifiers should be a valid uuid. warnings.warn(('Invalid uuid: %s. To ensure interoperability, '
2026-07-03 13:19:56.486 7 INFO neutron_taas.services.taas.taas_plugin [None req-c7d2426a-13e9-44bd-a9e1-429b341070fe a36ccdc39b804b059ab484d1e19d0f41 7866adce7ae94a7b834a99dedf06e3ce - - default default] TaaS: Handle Delete Port: d0029b86-2ac9-4a97-beb5-21e89a22bbe2
2026-07-03 13:19:56.489 7 INFO neutron_taas.services.taas.tap_mirror_plugin [None req-c7d2426a-13e9-44bd-a9e1-429b341070fe a36ccdc39b804b059ab484d1e19d0f41 7866adce7ae94a7b834a99dedf06e3ce - - default default] Tap Mirror: Handle Delete Port: d0029b86-2ac9-4a97-beb5-21e89a22bbe2 [pid: 8|app: 0|req: 589/1206] 10.0.0.182 () {34 vars in 990 bytes} [Fri Jul 3 13:19:56 2026] GET /v2.0/ports?device_id=faf0a601-016a-4191-983d-d2438dc25abc => generated 12 bytes in 23 msecs (HTTP/1.1 200) 4 headers in 156 bytes (1 switches on core 0)
2026-07-03 13:19:56.681 7 INFO neutron.services.segments.plugin [-] Segment f354b927-aae3-4ed3-be92-d76e84086647 resource provider aggregate not found
2026-07-03 13:19:56.685 7 INFO neutron.services.segments.plugin [-] Segment f354b927-aae3-4ed3-be92-d76e84086647 resource provider aggregate not found
2026-07-03 13:19:56.695 7 INFO neutron.services.segments.plugin [-] Client error retrieving segment f354b927-aae3-4ed3-be92-d76e84086647 resource provider; error: Placement Client Error (4xx): {"errors": [{"status": 404, "title": "Not Found", "detail": "The resource could not be found.\n\n No resource provider with uuid f354b927-aae3-4ed3-be92-d76e84086647 found for delete ", "request_id": "req-3d131a7f-5631-4ada-9bc3-48034dee24f8"}]}
2026-07-03 13:19:56.704 7 INFO neutron.services.segments.plugin [-] Client error retrieving segment f354b927-aae3-4ed3-be92-d76e84086647 resource provider; error: Placement Client Error (4xx): {"errors": [{"status": 404, "title": "Not Found", "detail": "The resource could not be found.\n\n No resource provider with uuid f354b927-aae3-4ed3-be92-d76e84086647 found for delete ", "request_id": "req-21f96743-b36f-4fd2-836b-f2671d4a482b"}]} [pid: 7|app: 0|req: 618/1207] 10.0.0.161 () {32 vars in 726 bytes} [Fri Jul 3 13:19:56 2026] DELETE /v2.0/networks/2465eee2-aeca-4e16-9f74-96e4ceaa4ee6 => generated 0 bytes in 411 msecs (HTTP/1.1 204) 3 headers in 131 bytes (1 switches on core 0)
2026-07-03 13:19:56.844 8 INFO neutron_taas.services.taas.taas_plugin [None req-35754457-7e84-4275-b6df-4731144362a1 a36ccdc39b804b059ab484d1e19d0f41 7866adce7ae94a7b834a99dedf06e3ce - - default default] TaaS: Handle Delete Port: 1b28df11-802a-4b27-bb79-41f35cecf8ef
2026-07-03 13:19:56.846 8 INFO neutron_taas.services.taas.tap_mirror_plugin [None req-35754457-7e84-4275-b6df-4731144362a1 a36ccdc39b804b059ab484d1e19d0f41 7866adce7ae94a7b834a99dedf06e3ce - - default default] Tap Mirror: Handle Delete Port: 1b28df11-802a-4b27-bb79-41f35cecf8ef
2026-07-03 13:19:57.034 8 INFO neutron.services.segments.plugin [-] Segment d5cde6f6-9b66-45ae-9d4c-bdb1ea632567 resource provider aggregate not found
2026-07-03 13:19:57.034 8 INFO neutron.services.segments.plugin [-] Segment d5cde6f6-9b66-45ae-9d4c-bdb1ea632567 resource provider aggregate not found
2026-07-03 13:19:57.059 8 INFO neutron.services.segments.plugin [-] Client error retrieving segment d5cde6f6-9b66-45ae-9d4c-bdb1ea632567 resource provider; error: Placement Client Error (4xx): {"errors": [{"status": 404, "title": "Not Found", "detail": "The resource could not be found.\n\n No resource provider with uuid d5cde6f6-9b66-45ae-9d4c-bdb1ea632567 found for delete ", "request_id": "req-16e3053f-a379-4af3-b5df-5e193831f31b"}]}
2026-07-03 13:19:57.061 8 INFO neutron.services.segments.plugin [-] Client error retrieving segment d5cde6f6-9b66-45ae-9d4c-bdb1ea632567 resource provider; error: Placement Client Error (4xx): {"errors": [{"status": 404, "title": "Not Found", "detail": "The resource could not be found.\n\n No resource provider with uuid d5cde6f6-9b66-45ae-9d4c-bdb1ea632567 found for delete ", "request_id": "req-397ae8d4-1ba3-484f-91a9-42e47da080fd"}]} [pid: 8|app: 0|req: 590/1208] 10.0.0.161 () {32 vars in 726 bytes} [Fri Jul 3 13:19:56 2026] DELETE /v2.0/networks/8db4b7cb-33db-40de-a48d-0602abbaba2a => generated 0 bytes in 342 msecs (HTTP/1.1 204) 3 headers in 131 bytes (1 switches on core 0) [pid: 8|app: 0|req: 591/1209] 10.0.0.182 () {34 vars in 982 bytes} [Fri Jul 3 13:19:57 2026] GET /v2.0/networks?id=309a6e3b-6d0e-4405-8878-746171de0aaf => generated 715 bytes in 47 msecs (HTTP/1.1 200) 4 headers in 157 bytes (1 switches on core 0)
2026-07-03 13:19:57.198 7 INFO neutron_taas.services.taas.taas_plugin [None req-e9e8435d-f4ac-43c9-97d6-423bbb17fa38 a36ccdc39b804b059ab484d1e19d0f41 7866adce7ae94a7b834a99dedf06e3ce - - default default] TaaS: Handle Delete Port: 39256962-89bc-4d64-bc0c-9417af319dbf
2026-07-03 13:19:57.201 7 INFO neutron_taas.services.taas.tap_mirror_plugin [None req-e9e8435d-f4ac-43c9-97d6-423bbb17fa38 a36ccdc39b804b059ab484d1e19d0f41 7866adce7ae94a7b834a99dedf06e3ce - - default default] Tap Mirror: Handle Delete Port: 39256962-89bc-4d64-bc0c-9417af319dbf [pid: 8|app: 0|req: 592/1210] 10.0.0.182 () {34 vars in 965 bytes} [Fri Jul 3 13:19:57 2026] GET /v2.0/quotas/a38a3d97b4bc4cab97362086594b4b21 => generated 292 bytes in 9 msecs (HTTP/1.1 200) 4 headers in 157 bytes (1 switches on core 0) [pid: 8|app: 0|req: 593/1211] 10.0.0.182 () {34 vars in 1002 bytes} [Fri Jul 3 13:19:57 2026] GET /v2.0/ports?tenant_id=a38a3d97b4bc4cab97362086594b4b21&fields=id => generated 103 bytes in 66 msecs (HTTP/1.1 200) 4 headers in 157 bytes (1 switches on core 0) [pid: 8|app: 0|req: 594/1212] 10.0.0.182 () {34 vars in 1008 bytes} [Fri Jul 3 13:19:57 2026] GET /v2.0/networks/309a6e3b-6d0e-4405-8878-746171de0aaf?fields=segments => generated 14 bytes in 69 msecs (HTTP/1.1 200) 4 headers in 156 bytes (1 switches on core 0) [pid: 7|app: 0|req: 619/1213] 10.0.0.161 () {32 vars in 726 bytes} [Fri Jul 3 13:19:57 2026] DELETE /v2.0/networks/ca7be4a5-bde4-48be-950a-27f02c600007 => generated 0 bytes in 311 msecs (HTTP/1.1 204) 3 headers in 131 bytes (1 switches on core 0) [pid: 8|app: 0|req: 595/1214] 10.0.0.182 () {34 vars in 1108 bytes} [Fri Jul 3 13:19:57 2026] GET /v2.0/networks/309a6e3b-6d0e-4405-8878-746171de0aaf?fields=provider%3Aphysical_network&fields=provider%3Anetwork_type => generated 79 bytes in 51 msecs (HTTP/1.1 200) 4 headers in 156 bytes (1 switches on core 0) [pid: 7|app: 0|req: 620/1215] 10.0.0.182 () {34 vars in 990 bytes} [Fri Jul 3 13:19:57 2026] GET /v2.0/ports?device_id=f4032d0c-aa02-47f1-b448-8373ddcbec0b => generated 969 bytes in 71 msecs (HTTP/1.1 200) 4 headers in 157 bytes (1 switches on core 0) [pid: 7|app: 0|req: 621/1216] 199.204.45.4 () {34 vars in 1078 bytes} [Fri Jul 3 13:19:57 2026] GET /v2.0/ports?tenant_id=33e0e3cd375c4e7aaa72805566eb9a69&device_id=f4032d0c-aa02-47f1-b448-8373ddcbec0b => generated 1207 bytes in 32 msecs (HTTP/1.1 200) 4 headers in 158 bytes (1 switches on core 0)
