2026-07-03 13:23:01.696 7 INFO neutron.db.ovn_revision_numbers_db [None req-d3000e04-641d-4ee4-b170-586af2278703 - - - - - -] Successfully bumped revision number for resource 0af33dc5-aa40-4cb3-8649-fc1b2a822a05 (type: subnets) to 0 [pid: 7|app: 0|req: 1293/2654] 10.0.0.161 () {34 vars in 669 bytes} [Fri Jul 3 13:23:00 2026] POST /v2.0/subnets => generated 655 bytes in 783 msecs (HTTP/1.1 201) 4 headers in 162 bytes (1 switches on core 0) [pid: 7|app: 0|req: 1294/2655] 10.0.0.161 () {32 vars in 671 bytes} [Fri Jul 3 13:23:01 2026] GET /v2.0/vpn/endpoint-groups => generated 910 bytes in 16 msecs (HTTP/1.1 200) 4 headers in 157 bytes (1 switches on core 0) [pid: 8|app: 0|req: 1362/2656] 10.0.0.161 () {34 vars in 742 bytes} [Fri Jul 3 13:23:01 2026] PUT /v2.0/routers/58f4ba66-6712-4056-8dbd-c6c8ac6d5002 => generated 576 bytes in 258 msecs (HTTP/1.1 200) 4 headers in 157 bytes (1 switches on core 0) [pid: 8|app: 0|req: 1363/2657] 10.0.0.161 () {32 vars in 748 bytes} [Fri Jul 3 13:23:01 2026] DELETE /v2.0/vpn/endpoint-groups/1575ab22-af70-4f3b-b8c8-d2452110fb69 => generated 0 bytes in 25 msecs (HTTP/1.1 204) 2 headers in 112 bytes (1 switches on core 0) [pid: 8|app: 0|req: 1364/2658] 10.0.0.161 () {32 vars in 736 bytes} [Fri Jul 3 13:23:01 2026] GET /v2.0/ports?device_id=58f4ba66-6712-4056-8dbd-c6c8ac6d5002 => generated 12 bytes in 17 msecs (HTTP/1.1 200) 4 headers in 156 bytes (1 switches on core 0) [pid: 8|app: 0|req: 1365/2659] 10.0.0.161 () {32 vars in 671 bytes} [Fri Jul 3 13:23:01 2026] GET /v2.0/vpn/endpoint-groups => generated 634 bytes in 8 msecs (HTTP/1.1 200) 4 headers in 157 bytes (1 switches on core 0)
2026-07-03 13:23:01.961 7 WARNING neutron.scheduler.dhcp_agent_scheduler [None req-faf46073-099d-4ab8-ad12-cb05888f2623 dbf54cdf467c4afdb3454a61e2fb6343 2827d90737e5487db75f6d2ac4ec8eb3 - - default default] No more DHCP agents
2026-07-03 13:23:01.962 7 WARNING neutron.api.rpc.agentnotifiers.dhcp_rpc_agent_api [None req-faf46073-099d-4ab8-ad12-cb05888f2623 dbf54cdf467c4afdb3454a61e2fb6343 2827d90737e5487db75f6d2ac4ec8eb3 - - default default] Unable to schedule network 7d250358-95e7-4771-a7f3-b41414d627b8: no agents available; will retry on subsequent port and subnet creation events.
2026-07-03 13:23:02.003 7 INFO neutron.db.ovn_revision_numbers_db [None req-faf46073-099d-4ab8-ad12-cb05888f2623 dbf54cdf467c4afdb3454a61e2fb6343 2827d90737e5487db75f6d2ac4ec8eb3 - - default default] Successfully bumped revision number for resource 4e3769a5-7c83-4c59-83d1-a0007e2594cd (type: subnets) to 0 [pid: 7|app: 0|req: 1295/2660] 10.0.0.161 () {34 vars in 669 bytes} [Fri Jul 3 13:23:01 2026] POST /v2.0/subnets => generated 730 bytes in 302 msecs (HTTP/1.1 201) 4 headers in 162 bytes (1 switches on core 0) [pid: 7|app: 0|req: 1296/2661] 10.0.0.161 () {34 vars in 693 bytes} [Fri Jul 3 13:23:02 2026] POST /v2.0/vpn/endpoint-groups => generated 289 bytes in 45 msecs (HTTP/1.1 201) 4 headers in 162 bytes (1 switches on core 0) [pid: 8|app: 0|req: 1366/2662] 10.0.0.161 () {32 vars in 724 bytes} [Fri Jul 3 13:23:01 2026] DELETE /v2.0/routers/58f4ba66-6712-4056-8dbd-c6c8ac6d5002 => generated 0 bytes in 218 msecs (HTTP/1.1 204) 2 headers in 112 bytes (1 switches on core 0) [pid: 8|app: 0|req: 1367/2663] 10.0.0.161 () {34 vars in 693 bytes} [Fri Jul 3 13:23:02 2026] POST /v2.0/vpn/endpoint-groups => generated 301 bytes in 61 msecs (HTTP/1.1 201) 4 headers in 162 bytes (1 switches on core 0)
2026-07-03 13:23:02.379 8 INFO neutron.plugins.ml2.drivers.ovn.mech_driver.mech_driver [None req-8cfab38b-2452-4146-80c0-b581e81ac4a5 - - - - - -] OVN reports status down for port: 9136526d-43ce-41f3-b9d6-f7dd16c295d3
2026-07-03 13:23:02.604 7 WARNING neutron.scheduler.dhcp_agent_scheduler [None req-5ff37467-43b2-460e-bcb8-d5e62aa5c23e dbf54cdf467c4afdb3454a61e2fb6343 2827d90737e5487db75f6d2ac4ec8eb3 - - default default] No more DHCP agents
2026-07-03 13:23:02.606 7 WARNING neutron.api.rpc.agentnotifiers.dhcp_rpc_agent_api [None req-5ff37467-43b2-460e-bcb8-d5e62aa5c23e dbf54cdf467c4afdb3454a61e2fb6343 2827d90737e5487db75f6d2ac4ec8eb3 - - default default] Unable to schedule network 9df49a10-e219-4187-b3d5-8645f0b15353: no agents available; will retry on subsequent port and subnet creation events.
2026-07-03 13:23:02.675 8 INFO neutron.notifiers.nova [-] Nova event matching ['req-cdd9edd4-9cef-4e86-b00f-bb4998a0e304'] response: {'server_uuid': '81cdb7af-b618-4804-930b-13a6786cc600', 'name': 'network-vif-unplugged', 'status': 'completed', 'tag': '9136526d-43ce-41f3-b9d6-f7dd16c295d3', 'code': 200}
2026-07-03 13:23:02.728 7 INFO neutron.plugins.ml2.drivers.ovn.mech_driver.mech_driver [None req-7810fa49-0d03-40cf-956e-6976ffe4fe33 - - - - - -] OVN reports status down for port: 5f4474f9-f446-4b07-b818-36ef2129ca69
2026-07-03 13:23:02.801 7 INFO neutron.db.ovn_revision_numbers_db [None req-5ff37467-43b2-460e-bcb8-d5e62aa5c23e dbf54cdf467c4afdb3454a61e2fb6343 2827d90737e5487db75f6d2ac4ec8eb3 - - default default] Successfully bumped revision number for resource 5f4474f9-f446-4b07-b818-36ef2129ca69 (type: ports) to 1
2026-07-03 13:23:02.945 8 INFO neutron.db.ovn_revision_numbers_db [None req-8cfab38b-2452-4146-80c0-b581e81ac4a5 - - - - - -] Successfully bumped revision number for resource 9136526d-43ce-41f3-b9d6-f7dd16c295d3 (type: ports) to 6
2026-07-03 13:23:03.308 8 INFO neutron.db.ovn_revision_numbers_db [None req-a4f30c7c-2ab6-4f62-beda-c42980c60500 a1cc5870f2ac4a1682993899af6fa198 3b1d263d914d401d80b957445a64e859 - - default default] Successfully bumped revision number for resource 2b381da8-0f66-48bb-99de-0d162f911a8d (type: routers) to 6 [pid: 8|app: 0|req: 1368/2664] 10.0.0.161 () {34 vars in 707 bytes} [Fri Jul 3 13:23:02 2026] POST /v2.0/vpn/ipsec-site-connections => generated 845 bytes in 1100 msecs (HTTP/1.1 201) 4 headers in 162 bytes (1 switches on core 0) /var/lib/openstack/lib/python3.12/site-packages/pycadf/identifier.py:70: UserWarning: Invalid uuid: neutron. To ensure interoperability, identifiers should be a valid uuid. warnings.warn(('Invalid uuid: %s. To ensure interoperability, ' [pid: 8|app: 0|req: 1369/2665] 10.0.0.182 () {34 vars in 990 bytes} [Fri Jul 3 13:23:03 2026] GET /v2.0/ports?device_id=81cdb7af-b618-4804-930b-13a6786cc600 => generated 969 bytes in 38 msecs (HTTP/1.1 200) 4 headers in 157 bytes (1 switches on core 0)
2026-07-03 13:23:03.495 7 INFO neutron.plugins.ml2.drivers.ovn.mech_driver.ovsdb.commands [None req-c2d0913b-354a-4f46-bd67-41e17a595ee7 - - - - - -] Schedule LRP lrp-5f4474f9-f446-4b07-b818-36ef2129ca69 on gateway df39da26-2fcb-44ce-b44e-799490803836 with priority 1
2026-07-03 13:23:03.567 7 INFO neutron.plugins.ml2.drivers.ovn.mech_driver.mech_driver [None req-7810fa49-0d03-40cf-956e-6976ffe4fe33 - - - - - -] OVN reports status up for port: 5f4474f9-f446-4b07-b818-36ef2129ca69
2026-07-03 13:23:03.600 7 INFO neutron.plugins.ml2.drivers.ovn.mech_driver.ovsdb.ovsdb_monitor [None req-020b1ec1-47f9-4721-bbc5-e3b1c5802d5f - - - - - -] Router 9478f93f-a295-46bd-bd86-ec31d0964cd7 is bound to host instance
2026-07-03 13:23:03.618 7 INFO neutron.plugins.ml2.plugin [None req-7810fa49-0d03-40cf-956e-6976ffe4fe33 - - - - - -] Attempt 1 to provision port 5f4474f9-f446-4b07-b818-36ef2129ca69
2026-07-03 13:23:03.678 7 INFO neutron.db.ovn_revision_numbers_db [None req-5ff37467-43b2-460e-bcb8-d5e62aa5c23e dbf54cdf467c4afdb3454a61e2fb6343 2827d90737e5487db75f6d2ac4ec8eb3 - - default default] Successfully bumped revision number for resource 5f4474f9-f446-4b07-b818-36ef2129ca69 (type: router_ports) to 1
2026-07-03 13:23:03.717 8 INFO neutron.db.ovn_revision_numbers_db [None req-817f7ab7-3876-48fc-941c-14a5925a1f23 05c53cff06d7451a9e4b46c93241d3b5 fdc7aa30877c43f2a5bac8b86b8ba201 - - default default] Successfully bumped revision number for resource cb5629c4-a13c-4c28-a074-1a54abc247b4 (type: security_groups) to 1
2026-07-03 13:23:03.732 8 INFO neutron.db.ovn_revision_numbers_db [None req-817f7ab7-3876-48fc-941c-14a5925a1f23 05c53cff06d7451a9e4b46c93241d3b5 fdc7aa30877c43f2a5bac8b86b8ba201 - - default default] Successfully bumped revision number for resource 4591b36f-5b78-421b-9841-c0040c0ffc98 (type: security_group_rules) to 0
2026-07-03 13:23:03.755 8 INFO neutron.db.ovn_revision_numbers_db [None req-817f7ab7-3876-48fc-941c-14a5925a1f23 05c53cff06d7451a9e4b46c93241d3b5 fdc7aa30877c43f2a5bac8b86b8ba201 - - default default] Successfully bumped revision number for resource 8213803c-89da-4c7f-8434-3fecc857fe32 (type: security_group_rules) to 0
2026-07-03 13:23:03.774 8 INFO neutron.db.ovn_revision_numbers_db [None req-817f7ab7-3876-48fc-941c-14a5925a1f23 05c53cff06d7451a9e4b46c93241d3b5 fdc7aa30877c43f2a5bac8b86b8ba201 - - default default] Successfully bumped revision number for resource b548f59e-4aa4-4e84-961a-eb8087bb71a6 (type: security_group_rules) to 0
2026-07-03 13:23:03.787 8 INFO neutron.db.ovn_revision_numbers_db [None req-817f7ab7-3876-48fc-941c-14a5925a1f23 05c53cff06d7451a9e4b46c93241d3b5 fdc7aa30877c43f2a5bac8b86b8ba201 - - default default] Successfully bumped revision number for resource c0d7786f-a4bb-49df-996c-c31ff1e3cd47 (type: security_group_rules) to 0 [pid: 8|app: 0|req: 1370/2666] 10.0.0.161 () {32 vars in 774 bytes} [Fri Jul 3 13:23:03 2026] GET /v2.0/security-groups?tenant_id=4512d361f6d4408da05778f346a180f2&name=default => generated 2929 bytes in 447 msecs (HTTP/1.1 200) 4 headers in 158 bytes (1 switches on core 0)
2026-07-03 13:23:03.952 7 INFO neutron.db.ovn_revision_numbers_db [None req-5ff37467-43b2-460e-bcb8-d5e62aa5c23e dbf54cdf467c4afdb3454a61e2fb6343 2827d90737e5487db75f6d2ac4ec8eb3 - - default default] Successfully bumped revision number for resource 9478f93f-a295-46bd-bd86-ec31d0964cd7 (type: routers) to 2 [pid: 7|app: 0|req: 1297/2667] 10.0.0.161 () {34 vars in 669 bytes} [Fri Jul 3 13:23:02 2026] POST /v2.0/routers => generated 944 bytes in 1906 msecs (HTTP/1.1 201) 4 headers in 162 bytes (1 switches on core 0) [pid: 7|app: 0|req: 1298/2668] 10.0.0.182 () {34 vars in 1040 bytes} [Fri Jul 3 13:23:03 2026] GET /v2.0/security-groups?id=af8f570d-9f62-4bb5-99da-8a20315cf0b8&fields=id&fields=name => generated 114 bytes in 64 msecs (HTTP/1.1 200) 4 headers in 157 bytes (1 switches on core 0) [pid: 7|app: 0|req: 1299/2669] 199.204.45.4 () {34 vars in 992 bytes} [Fri Jul 3 13:23:04 2026] GET /v2.0/ports?device_id=81cdb7af-b618-4804-930b-13a6786cc600 => generated 969 bytes in 163 msecs (HTTP/1.1 200) 4 headers in 157 bytes (1 switches on core 0)
2026-07-03 13:23:04.412 8 INFO neutron.db.ovn_revision_numbers_db [None req-b1dfba12-af4d-492e-9ac1-479730f68e3d a1cc5870f2ac4a1682993899af6fa198 3b1d263d914d401d80b957445a64e859 - - default default] Successfully bumped revision number for resource 2b381da8-0f66-48bb-99de-0d162f911a8d (type: routers) to 7 [pid: 8|app: 0|req: 1371/2670] 10.0.0.161 () {32 vars in 762 bytes} [Fri Jul 3 13:23:03 2026] DELETE /v2.0/vpn/ipsec-site-connections/da168e50-0d27-4c4d-880f-56152ca0473f => generated 0 bytes in 615 msecs (HTTP/1.1 204) 2 headers in 112 bytes (1 switches on core 0)
2026-07-03 13:23:04.733 8 INFO neutron.notifiers.nova [-] Nova event matching ['req-4749c131-816a-4c2d-9103-849d2e06bef1'] response: {'server_uuid': '81cdb7af-b618-4804-930b-13a6786cc600', 'name': 'network-vif-unplugged', 'status': 'completed', 'tag': '9136526d-43ce-41f3-b9d6-f7dd16c295d3', 'code': 200} [pid: 7|app: 0|req: 1300/2671] 10.0.0.161 () {32 vars in 740 bytes} [Fri Jul 3 13:23:04 2026] DELETE /v2.0/security-groups/cb5629c4-a13c-4c28-a074-1a54abc247b4 => generated 0 bytes in 565 msecs (HTTP/1.1 204) 2 headers in 112 bytes (1 switches on core 0)
2026-07-03 13:23:05.081 7 INFO neutron_taas.services.taas.taas_plugin [req-aa881ef4-6dd1-4b5a-a9cd-eea6d27e624a req-f318b835-58da-42f5-b095-0fcaf0043e83 70f7bfdfea7142769f0487b3cbbe2fe4 367933523bd648c48346db2e4c1b0463 - - default default] TaaS: Handle Delete Port: 9136526d-43ce-41f3-b9d6-f7dd16c295d3
2026-07-03 13:23:05.087 7 INFO neutron_taas.services.taas.tap_mirror_plugin [req-aa881ef4-6dd1-4b5a-a9cd-eea6d27e624a req-f318b835-58da-42f5-b095-0fcaf0043e83 70f7bfdfea7142769f0487b3cbbe2fe4 367933523bd648c48346db2e4c1b0463 - - default default] Tap Mirror: Handle Delete Port: 9136526d-43ce-41f3-b9d6-f7dd16c295d3
2026-07-03 13:23:05.139 8 WARNING neutron.scheduler.dhcp_agent_scheduler [None req-b7924160-c2cc-49f4-99cf-40473bd50031 dbf54cdf467c4afdb3454a61e2fb6343 2827d90737e5487db75f6d2ac4ec8eb3 - - default default] No more DHCP agents
2026-07-03 13:23:05.141 8 WARNING neutron.api.rpc.agentnotifiers.dhcp_rpc_agent_api [None req-b7924160-c2cc-49f4-99cf-40473bd50031 dbf54cdf467c4afdb3454a61e2fb6343 2827d90737e5487db75f6d2ac4ec8eb3 - - default default] Unable to schedule network 598bd1c3-0d5e-43b9-a1ae-b085daba2fb9: no agents available; will retry on subsequent port and subnet creation events.
2026-07-03 13:23:05.288 8 INFO neutron.db.ovn_revision_numbers_db [None req-b7924160-c2cc-49f4-99cf-40473bd50031 dbf54cdf467c4afdb3454a61e2fb6343 2827d90737e5487db75f6d2ac4ec8eb3 - - default default] Successfully bumped revision number for resource 80525c45-a7e8-416b-9fda-5acd0b3dbb49 (type: ports) to 1
2026-07-03 13:23:05.437 7 INFO neutron.db.ovn_revision_numbers_db [None req-fa5353af-94a3-48c9-9a87-70aad16f128f - - - - - -] Successfully bumped revision number for resource 5f4474f9-f446-4b07-b818-36ef2129ca69 (type: ports) to 4
2026-07-03 13:23:05.577 7 INFO neutron.db.l3_db [req-aa881ef4-6dd1-4b5a-a9cd-eea6d27e624a req-f318b835-58da-42f5-b095-0fcaf0043e83 70f7bfdfea7142769f0487b3cbbe2fe4 367933523bd648c48346db2e4c1b0463 - - default default] Floating IP 311e7608-15a7-4893-a5a9-c8c9b127b7a3 disassociated. External IP: 10.96.250.217, port: 9136526d-43ce-41f3-b9d6-f7dd16c295d3. [pid: 7|app: 0|req: 1301/2672] 199.204.45.4 () {36 vars in 995 bytes} [Fri Jul 3 13:23:04 2026] DELETE /v2.0/ports/9136526d-43ce-41f3-b9d6-f7dd16c295d3 => generated 0 bytes in 1138 msecs (HTTP/1.1 204) 3 headers in 131 bytes (1 switches on core 0) [pid: 7|app: 0|req: 1302/2673] 10.0.0.161 () {32 vars in 685 bytes} [Fri Jul 3 13:23:05 2026] GET /v2.0/vpn/ipsec-site-connections => generated 796 bytes in 40 msecs (HTTP/1.1 200) 4 headers in 157 bytes (1 switches on core 0)
2026-07-03 13:23:05.970 7 INFO neutron.notifiers.nova [-] Nova event matching ['req-b73f26fe-71a5-4e09-b4b1-e8d5099f677c'] response: {'server_uuid': '81cdb7af-b618-4804-930b-13a6786cc600', 'name': 'network-vif-deleted', 'tag': '9136526d-43ce-41f3-b9d6-f7dd16c295d3', 'status': 'completed', 'code': 200}
2026-07-03 13:23:06.146 8 WARNING neutron.scheduler.dhcp_agent_scheduler [None req-b7924160-c2cc-49f4-99cf-40473bd50031 dbf54cdf467c4afdb3454a61e2fb6343 2827d90737e5487db75f6d2ac4ec8eb3 - - default default] No more DHCP agents
2026-07-03 13:23:06.147 8 WARNING neutron.api.rpc.agentnotifiers.dhcp_rpc_agent_api [None req-b7924160-c2cc-49f4-99cf-40473bd50031 dbf54cdf467c4afdb3454a61e2fb6343 2827d90737e5487db75f6d2ac4ec8eb3 - - default default] Unable to schedule network 598bd1c3-0d5e-43b9-a1ae-b085daba2fb9: no agents available; will retry on subsequent port and subnet creation events.
2026-07-03 13:23:06.165 7 INFO neutron.db.ovn_revision_numbers_db [None req-fa5353af-94a3-48c9-9a87-70aad16f128f - - - - - -] Successfully bumped revision number for resource 5f4474f9-f446-4b07-b818-36ef2129ca69 (type: ports) to 5
2026-07-03 13:23:06.206 7 INFO neutron.db.ovn_revision_numbers_db [None req-a6c818a9-5a51-42f8-8b05-02210a0018a7 05c53cff06d7451a9e4b46c93241d3b5 fdc7aa30877c43f2a5bac8b86b8ba201 - - default default] Successfully bumped revision number for resource 0a2261f6-05fd-4666-bfa0-b0a2768970fd (type: security_groups) to 1
2026-07-03 13:23:06.224 7 INFO neutron.db.ovn_revision_numbers_db [None req-a6c818a9-5a51-42f8-8b05-02210a0018a7 05c53cff06d7451a9e4b46c93241d3b5 fdc7aa30877c43f2a5bac8b86b8ba201 - - default default] Successfully bumped revision number for resource 0c5b8411-3502-45e3-8e85-615b144fdfee (type: security_group_rules) to 0
2026-07-03 13:23:06.241 7 INFO neutron.db.ovn_revision_numbers_db [None req-a6c818a9-5a51-42f8-8b05-02210a0018a7 05c53cff06d7451a9e4b46c93241d3b5 fdc7aa30877c43f2a5bac8b86b8ba201 - - default default] Successfully bumped revision number for resource 11658fa2-6ce6-4e90-8a3b-bebf03df8e7c (type: security_group_rules) to 0
2026-07-03 13:23:06.260 7 INFO neutron.db.ovn_revision_numbers_db [None req-a6c818a9-5a51-42f8-8b05-02210a0018a7 05c53cff06d7451a9e4b46c93241d3b5 fdc7aa30877c43f2a5bac8b86b8ba201 - - default default] Successfully bumped revision number for resource 3a075c41-ae1e-42f8-8350-5aadc148c5cc (type: security_group_rules) to 0
2026-07-03 13:23:06.285 7 INFO neutron.db.ovn_revision_numbers_db [None req-a6c818a9-5a51-42f8-8b05-02210a0018a7 05c53cff06d7451a9e4b46c93241d3b5 fdc7aa30877c43f2a5bac8b86b8ba201 - - default default] Successfully bumped revision number for resource 6d9104cc-ee29-4195-98e0-4f5ebc5c9989 (type: security_group_rules) to 0 [pid: 7|app: 0|req: 1303/2674] 10.0.0.161 () {32 vars in 774 bytes} [Fri Jul 3 13:23:05 2026] GET /v2.0/security-groups?tenant_id=b1e54f37c3674d2c8519feaf24408705&name=default => generated 2929 bytes in 384 msecs (HTTP/1.1 200) 4 headers in 158 bytes (1 switches on core 0) [pid: 7|app: 0|req: 1304/2675] 10.0.0.182 () {34 vars in 990 bytes} [Fri Jul 3 13:23:06 2026] GET /v2.0/ports?device_id=81cdb7af-b618-4804-930b-13a6786cc600 => generated 12 bytes in 21 msecs (HTTP/1.1 200) 4 headers in 156 bytes (1 switches on core 0)
2026-07-03 13:23:06.406 7 INFO neutron.api.v2.resource [None req-aae2236e-48d5-4708-89a4-128a8f7b9a2e a1cc5870f2ac4a1682993899af6fa198 3b1d263d914d401d80b957445a64e859 - - default default] delete failed (client error): The resource could not be found. [pid: 7|app: 0|req: 1305/2676] 10.0.0.161 () {32 vars in 762 bytes} [Fri Jul 3 13:23:06 2026] DELETE /v2.0/vpn/ipsec-site-connections/da168e50-0d27-4c4d-880f-56152ca0473f => generated 154 bytes in 42 msecs (HTTP/1.1 404) 4 headers in 164 bytes (1 switches on core 0)
2026-07-03 13:23:06.534 8 INFO neutron.db.ovn_revision_numbers_db [None req-b7924160-c2cc-49f4-99cf-40473bd50031 dbf54cdf467c4afdb3454a61e2fb6343 2827d90737e5487db75f6d2ac4ec8eb3 - - default default] Successfully bumped revision number for resource 80525c45-a7e8-416b-9fda-5acd0b3dbb49 (type: router_ports) to 1 [pid: 8|app: 0|req: 1372/2677] 10.0.0.161 () {34 vars in 783 bytes} [Fri Jul 3 13:23:04 2026] PUT /v2.0/routers/9478f93f-a295-46bd-bd86-ec31d0964cd7/add_router_interface => generated 309 bytes in 2096 msecs (HTTP/1.1 200) 4 headers in 157 bytes (1 switches on core 0) [pid: 8|app: 0|req: 1373/2678] 10.0.0.161 () {32 vars in 671 bytes} [Fri Jul 3 13:23:06 2026] GET /v2.0/vpn/endpoint-groups => generated 1188 bytes in 25 msecs (HTTP/1.1 200) 4 headers in 158 bytes (1 switches on core 0)
2026-07-03 13:23:06.730 7 INFO neutron.plugins.ml2.drivers.ovn.mech_driver.mech_driver [None req-7810fa49-0d03-40cf-956e-6976ffe4fe33 - - - - - -] OVN reports status down for port: 80525c45-a7e8-416b-9fda-5acd0b3dbb49 [pid: 7|app: 0|req: 1306/2679] 10.0.0.161 () {32 vars in 740 bytes} [Fri Jul 3 13:23:06 2026] DELETE /v2.0/security-groups/0a2261f6-05fd-4666-bfa0-b0a2768970fd => generated 0 bytes in 377 msecs (HTTP/1.1 204) 2 headers in 112 bytes (1 switches on core 0) [pid: 7|app: 0|req: 1307/2680] 10.0.0.161 () {32 vars in 748 bytes} [Fri Jul 3 13:23:06 2026] DELETE /v2.0/vpn/endpoint-groups/93b7ac68-9e49-4658-a3c6-aa52dbe5eca7 => generated 0 bytes in 34 msecs (HTTP/1.1 204) 2 headers in 112 bytes (1 switches on core 0) [pid: 7|app: 0|req: 1308/2681] 10.0.0.161 () {32 vars in 671 bytes} [Fri Jul 3 13:23:06 2026] GET /v2.0/vpn/endpoint-groups => generated 905 bytes in 16 msecs (HTTP/1.1 200) 4 headers in 157 bytes (1 switches on core 0)
2026-07-03 13:23:06.849 7 WARNING neutron.plugins.ml2.drivers.ovn.mech_driver.ovsdb.ovn_client [None req-7810fa49-0d03-40cf-956e-6976ffe4fe33 - - - - - -] Logical_Switch_Port 80525c45-a7e8-416b-9fda-5acd0b3dbb49 host information not removed, the port state is up /var/lib/openstack/lib/python3.12/site-packages/pycadf/identifier.py:70: UserWarning: Invalid uuid: neutron. To ensure interoperability, identifiers should be a valid uuid. warnings.warn(('Invalid uuid: %s. To ensure interoperability, ' [pid: 7|app: 0|req: 1309/2682] 10.0.0.161 () {32 vars in 671 bytes} [Fri Jul 3 13:23:06 2026] GET /v2.0/vpn/endpoint-groups => generated 905 bytes in 35 msecs (HTTP/1.1 200) 4 headers in 157 bytes (1 switches on core 0)
2026-07-03 13:23:06.886 7 INFO neutron.plugins.ml2.drivers.ovn.mech_driver.mech_driver [None req-7810fa49-0d03-40cf-956e-6976ffe4fe33 - - - - - -] OVN reports status up for port: 80525c45-a7e8-416b-9fda-5acd0b3dbb49
2026-07-03 13:23:06.908 7 INFO neutron.plugins.ml2.plugin [None req-7810fa49-0d03-40cf-956e-6976ffe4fe33 - - - - - -] Attempt 1 to provision port 80525c45-a7e8-416b-9fda-5acd0b3dbb49 [pid: 7|app: 0|req: 1310/2683] 10.0.0.161 () {32 vars in 748 bytes} [Fri Jul 3 13:23:06 2026] DELETE /v2.0/vpn/endpoint-groups/e7482d34-7b8c-4703-98a2-3bd35c457661 => generated 0 bytes in 49 msecs (HTTP/1.1 204) 2 headers in 112 bytes (1 switches on core 0)
2026-07-03 13:23:07.068 8 WARNING neutron.scheduler.dhcp_agent_scheduler [None req-d92fd278-a9f4-4033-89a5-27cfa344d35a dbf54cdf467c4afdb3454a61e2fb6343 2827d90737e5487db75f6d2ac4ec8eb3 - - default default] No more DHCP agents
2026-07-03 13:23:07.070 8 WARNING neutron.api.rpc.agentnotifiers.dhcp_rpc_agent_api [None req-d92fd278-a9f4-4033-89a5-27cfa344d35a dbf54cdf467c4afdb3454a61e2fb6343 2827d90737e5487db75f6d2ac4ec8eb3 - - default default] Unable to schedule network 848d0033-dbca-44ef-adef-1ed7dcf5c44c: no agents available; will retry on subsequent port and subnet creation events.
2026-07-03 13:23:07.190 7 INFO neutron.db.ovn_revision_numbers_db [None req-509c8b7d-9230-4321-8f04-4d615deea286 05c53cff06d7451a9e4b46c93241d3b5 fdc7aa30877c43f2a5bac8b86b8ba201 - - default default] Successfully bumped revision number for resource da81e9ef-1bd0-470d-9ea0-ccb980be53c0 (type: security_groups) to 1
2026-07-03 13:23:07.209 7 INFO neutron.db.ovn_revision_numbers_db [None req-509c8b7d-9230-4321-8f04-4d615deea286 05c53cff06d7451a9e4b46c93241d3b5 fdc7aa30877c43f2a5bac8b86b8ba201 - - default default] Successfully bumped revision number for resource 480520e3-ceee-4d6b-875a-79c76d786a2a (type: security_group_rules) to 0
2026-07-03 13:23:07.212 8 INFO neutron.db.ovn_revision_numbers_db [None req-d92fd278-a9f4-4033-89a5-27cfa344d35a dbf54cdf467c4afdb3454a61e2fb6343 2827d90737e5487db75f6d2ac4ec8eb3 - - default default] Successfully bumped revision number for resource d5d490ed-2b90-4ed3-ac06-169d6535c81c (type: ports) to 1
2026-07-03 13:23:07.228 7 INFO neutron.db.ovn_revision_numbers_db [None req-509c8b7d-9230-4321-8f04-4d615deea286 05c53cff06d7451a9e4b46c93241d3b5 fdc7aa30877c43f2a5bac8b86b8ba201 - - default default] Successfully bumped revision number for resource 98663b79-fabd-40fc-83a3-3125281111ad (type: security_group_rules) to 0
2026-07-03 13:23:07.248 7 INFO neutron.db.ovn_revision_numbers_db [None req-509c8b7d-9230-4321-8f04-4d615deea286 05c53cff06d7451a9e4b46c93241d3b5 fdc7aa30877c43f2a5bac8b86b8ba201 - - default default] Successfully bumped revision number for resource a6abc6e4-f60e-4f07-bf33-85de28a1ae80 (type: security_group_rules) to 0
2026-07-03 13:23:07.271 7 INFO neutron.db.ovn_revision_numbers_db [None req-509c8b7d-9230-4321-8f04-4d615deea286 05c53cff06d7451a9e4b46c93241d3b5 fdc7aa30877c43f2a5bac8b86b8ba201 - - default default] Successfully bumped revision number for resource b1c2a50d-5a3f-4330-999e-29a2a2d0a547 (type: security_group_rules) to 0 [pid: 7|app: 0|req: 1311/2684] 10.0.0.161 () {32 vars in 774 bytes} [Fri Jul 3 13:23:06 2026] GET /v2.0/security-groups?tenant_id=881df1784bd040c496ede966c94f64d5&name=default => generated 2929 bytes in 408 msecs (HTTP/1.1 200) 4 headers in 158 bytes (1 switches on core 0) [pid: 7|app: 0|req: 1312/2685] 10.0.0.161 () {32 vars in 671 bytes} [Fri Jul 3 13:23:07 2026] GET /v2.0/vpn/endpoint-groups => generated 634 bytes in 26 msecs (HTTP/1.1 200) 4 headers in 157 bytes (1 switches on core 0)
2026-07-03 13:23:07.623 7 INFO neutron.db.ovn_revision_numbers_db [None req-7810fa49-0d03-40cf-956e-6976ffe4fe33 - - - - - -] Successfully bumped revision number for resource 80525c45-a7e8-416b-9fda-5acd0b3dbb49 (type: ports) to 2 [pid: 7|app: 0|req: 1313/2686] 10.0.0.161 () {32 vars in 740 bytes} [Fri Jul 3 13:23:07 2026] DELETE /v2.0/security-groups/da81e9ef-1bd0-470d-9ea0-ccb980be53c0 => generated 0 bytes in 443 msecs (HTTP/1.1 204) 2 headers in 112 bytes (1 switches on core 0)
2026-07-03 13:23:08.159 8 WARNING neutron.scheduler.dhcp_agent_scheduler [None req-d92fd278-a9f4-4033-89a5-27cfa344d35a dbf54cdf467c4afdb3454a61e2fb6343 2827d90737e5487db75f6d2ac4ec8eb3 - - default default] No more DHCP agents
2026-07-03 13:23:08.160 8 WARNING neutron.api.rpc.agentnotifiers.dhcp_rpc_agent_api [None req-d92fd278-a9f4-4033-89a5-27cfa344d35a dbf54cdf467c4afdb3454a61e2fb6343 2827d90737e5487db75f6d2ac4ec8eb3 - - default default] Unable to schedule network 848d0033-dbca-44ef-adef-1ed7dcf5c44c: no agents available; will retry on subsequent port and subnet creation events.
2026-07-03 13:23:08.548 8 INFO neutron.db.ovn_revision_numbers_db [None req-d92fd278-a9f4-4033-89a5-27cfa344d35a dbf54cdf467c4afdb3454a61e2fb6343 2827d90737e5487db75f6d2ac4ec8eb3 - - default default] Successfully bumped revision number for resource d5d490ed-2b90-4ed3-ac06-169d6535c81c (type: router_ports) to 1 [pid: 8|app: 0|req: 1374/2687] 10.0.0.161 () {34 vars in 783 bytes} [Fri Jul 3 13:23:06 2026] PUT /v2.0/routers/9478f93f-a295-46bd-bd86-ec31d0964cd7/add_router_interface => generated 309 bytes in 1988 msecs (HTTP/1.1 200) 4 headers in 157 bytes (1 switches on core 0) [pid: 8|app: 0|req: 1375/2688] 10.0.0.182 () {34 vars in 990 bytes} [Fri Jul 3 13:23:08 2026] GET /v2.0/ports?device_id=81cdb7af-b618-4804-930b-13a6786cc600 => generated 12 bytes in 22 msecs (HTTP/1.1 200) 4 headers in 156 bytes (1 switches on core 0)
2026-07-03 13:23:08.689 7 INFO neutron.db.ovn_revision_numbers_db [None req-71dcae74-19cd-47b0-9f05-d3c96fdf8db7 a1cc5870f2ac4a1682993899af6fa198 3b1d263d914d401d80b957445a64e859 - - default default] Successfully bumped revision number for resource 2b381da8-0f66-48bb-99de-0d162f911a8d (type: routers) to 8 [pid: 7|app: 0|req: 1314/2689] 10.0.0.161 () {34 vars in 707 bytes} [Fri Jul 3 13:23:07 2026] POST /v2.0/vpn/ipsec-site-connections => generated 805 bytes in 909 msecs (HTTP/1.1 201) 4 headers in 162 bytes (1 switches on core 0)
2026-07-03 13:23:09.135 8 WARNING neutron.scheduler.dhcp_agent_scheduler [None req-613ca953-5fcb-4370-b5ad-60650648e06a dbf54cdf467c4afdb3454a61e2fb6343 2827d90737e5487db75f6d2ac4ec8eb3 - - default default] No more DHCP agents
2026-07-03 13:23:09.136 8 WARNING neutron.api.rpc.agentnotifiers.dhcp_rpc_agent_api [None req-613ca953-5fcb-4370-b5ad-60650648e06a dbf54cdf467c4afdb3454a61e2fb6343 2827d90737e5487db75f6d2ac4ec8eb3 - - default default] Unable to schedule network 7d250358-95e7-4771-a7f3-b41414d627b8: no agents available; will retry on subsequent port and subnet creation events.
2026-07-03 13:23:09.287 8 INFO neutron.db.ovn_revision_numbers_db [None req-613ca953-5fcb-4370-b5ad-60650648e06a dbf54cdf467c4afdb3454a61e2fb6343 2827d90737e5487db75f6d2ac4ec8eb3 - - default default] Successfully bumped revision number for resource ac5ed2a9-4057-477c-ba20-7ed03b7c4fb6 (type: ports) to 1
2026-07-03 13:23:09.315 7 INFO neutron.db.ovn_revision_numbers_db [None req-47fd2aa4-762a-442e-9c63-658aff5b75b3 a1cc5870f2ac4a1682993899af6fa198 3b1d263d914d401d80b957445a64e859 - - default default] Successfully bumped revision number for resource 2b381da8-0f66-48bb-99de-0d162f911a8d (type: routers) to 9 [pid: 7|app: 0|req: 1315/2690] 10.0.0.161 () {32 vars in 762 bytes} [Fri Jul 3 13:23:08 2026] DELETE /v2.0/vpn/ipsec-site-connections/d872c06a-d2f6-49d0-8f4a-17d632356169 => generated 0 bytes in 599 msecs (HTTP/1.1 204) 2 headers in 112 bytes (1 switches on core 0) [pid: 7|app: 0|req: 1316/2691] 10.0.0.161 () {32 vars in 685 bytes} [Fri Jul 3 13:23:09 2026] GET /v2.0/vpn/ipsec-site-connections => generated 796 bytes in 12 msecs (HTTP/1.1 200) 4 headers in 157 bytes (1 switches on core 0)
2026-07-03 13:23:09.372 7 INFO neutron.api.v2.resource [None req-1be739c1-39b4-4cf9-8c7e-e99ea8d51a20 a1cc5870f2ac4a1682993899af6fa198 3b1d263d914d401d80b957445a64e859 - - default default] delete failed (client error): The resource could not be found. [pid: 7|app: 0|req: 1317/2692] 10.0.0.161 () {32 vars in 762 bytes} [Fri Jul 3 13:23:09 2026] DELETE /v2.0/vpn/ipsec-site-connections/d872c06a-d2f6-49d0-8f4a-17d632356169 => generated 154 bytes in 9 msecs (HTTP/1.1 404) 4 headers in 164 bytes (1 switches on core 0) [pid: 7|app: 0|req: 1318/2693] 10.0.0.161 () {34 vars in 693 bytes} [Fri Jul 3 13:23:09 2026] POST /v2.0/vpn/endpoint-groups => generated 289 bytes in 42 msecs (HTTP/1.1 201) 4 headers in 162 bytes (1 switches on core 0) [pid: 7|app: 0|req: 1319/2694] 10.0.0.161 () {30 vars in 702 bytes} [Fri Jul 3 13:23:09 2026] PUT /v2.0/vpn/endpoint-groups/ddb38695-8ddd-4126-ab42-2aa2dcefbdf9 => generated 289 bytes in 12 msecs (HTTP/1.1 200) 4 headers in 157 bytes (1 switches on core 0) [pid: 7|app: 0|req: 1320/2695] 10.0.0.161 () {32 vars in 745 bytes} [Fri Jul 3 13:23:09 2026] GET /v2.0/vpn/endpoint-groups/ddb38695-8ddd-4126-ab42-2aa2dcefbdf9 => generated 289 bytes in 6 msecs (HTTP/1.1 200) 4 headers in 157 bytes (1 switches on core 0) [pid: 7|app: 0|req: 1321/2696] 10.0.0.161 () {32 vars in 748 bytes} [Fri Jul 3 13:23:09 2026] DELETE /v2.0/vpn/endpoint-groups/ddb38695-8ddd-4126-ab42-2aa2dcefbdf9 => generated 0 bytes in 21 msecs (HTTP/1.1 204) 2 headers in 112 bytes (1 switches on core 0) [pid: 7|app: 0|req: 1322/2697] 10.0.0.161 () {32 vars in 671 bytes} [Fri Jul 3 13:23:09 2026] GET /v2.0/vpn/endpoint-groups => generated 634 bytes in 8 msecs (HTTP/1.1 200) 4 headers in 157 bytes (1 switches on core 0) [pid: 7|app: 0|req: 1323/2698] 10.0.0.161 () {32 vars in 671 bytes} [Fri Jul 3 13:23:09 2026] GET /v2.0/vpn/endpoint-groups => generated 634 bytes in 8 msecs (HTTP/1.1 200) 4 headers in 157 bytes (1 switches on core 0) [pid: 7|app: 0|req: 1324/2699] 10.0.0.161 () {34 vars in 685 bytes} [Fri Jul 3 13:23:09 2026] POST /v2.0/vpn/ikepolicies => generated 402 bytes in 52 msecs (HTTP/1.1 201) 4 headers in 162 bytes (1 switches on core 0) [pid: 7|app: 0|req: 1325/2700] 10.0.0.161 () {30 vars in 695 bytes} [Fri Jul 3 13:23:09 2026] PUT /v2.0/vpn/ikepolicies/918b599c-efe8-40cd-98c1-19d52c12e988 => generated 419 bytes in 39 msecs (HTTP/1.1 200) 4 headers in 157 bytes (1 switches on core 0) [pid: 7|app: 0|req: 1326/2701] 10.0.0.161 () {32 vars in 737 bytes} [Fri Jul 3 13:23:09 2026] GET /v2.0/vpn/ikepolicies/918b599c-efe8-40cd-98c1-19d52c12e988 => generated 419 bytes in 11 msecs (HTTP/1.1 200) 4 headers in 157 bytes (1 switches on core 0) [pid: 7|app: 0|req: 1327/2702] 10.0.0.161 () {32 vars in 740 bytes} [Fri Jul 3 13:23:09 2026] DELETE /v2.0/vpn/ikepolicies/918b599c-efe8-40cd-98c1-19d52c12e988 => generated 0 bytes in 39 msecs (HTTP/1.1 204) 2 headers in 112 bytes (1 switches on core 0) [pid: 7|app: 0|req: 1328/2703] 10.0.0.161 () {32 vars in 740 bytes} [Fri Jul 3 13:23:09 2026] DELETE /v2.0/security-groups/af8f570d-9f62-4bb5-99da-8a20315cf0b8 => generated 0 bytes in 247 msecs (HTTP/1.1 204) 2 headers in 112 bytes (1 switches on core 0) [pid: 7|app: 0|req: 1329/2704] 10.0.0.161 () {32 vars in 663 bytes} [Fri Jul 3 13:23:09 2026] GET /v2.0/vpn/ikepolicies => generated 408 bytes in 13 msecs (HTTP/1.1 200) 4 headers in 157 bytes (1 switches on core 0) [pid: 7|app: 0|req: 1330/2705] 10.0.0.161 () {32 vars in 663 bytes} [Fri Jul 3 13:23:09 2026] GET /v2.0/vpn/ikepolicies => generated 408 bytes in 10 msecs (HTTP/1.1 200) 4 headers in 157 bytes (1 switches on core 0)
2026-07-03 13:23:10.123 7 INFO neutron_taas.services.taas.taas_plugin [None req-e992a92c-c4a8-44fa-b53f-8e4363aa7352 70f7bfdfea7142769f0487b3cbbe2fe4 367933523bd648c48346db2e4c1b0463 - - default default] TaaS: Handle Delete Port: 15757f57-c60b-4082-9a36-c967b2e40382
2026-07-03 13:23:10.126 7 INFO neutron_taas.services.taas.tap_mirror_plugin [None req-e992a92c-c4a8-44fa-b53f-8e4363aa7352 70f7bfdfea7142769f0487b3cbbe2fe4 367933523bd648c48346db2e4c1b0463 - - default default] Tap Mirror: Handle Delete Port: 15757f57-c60b-4082-9a36-c967b2e40382
2026-07-03 13:23:10.126 8 WARNING neutron.scheduler.dhcp_agent_scheduler [None req-613ca953-5fcb-4370-b5ad-60650648e06a dbf54cdf467c4afdb3454a61e2fb6343 2827d90737e5487db75f6d2ac4ec8eb3 - - default default] No more DHCP agents
2026-07-03 13:23:10.128 8 WARNING neutron.api.rpc.agentnotifiers.dhcp_rpc_agent_api [None req-613ca953-5fcb-4370-b5ad-60650648e06a dbf54cdf467c4afdb3454a61e2fb6343 2827d90737e5487db75f6d2ac4ec8eb3 - - default default] Unable to schedule network 7d250358-95e7-4771-a7f3-b41414d627b8: no agents available; will retry on subsequent port and subnet creation events. [pid: 7|app: 0|req: 1331/2706] 10.0.0.161 () {32 vars in 732 bytes} [Fri Jul 3 13:23:09 2026] DELETE /v2.0/floatingips/311e7608-15a7-4893-a5a9-c8c9b127b7a3 => generated 0 bytes in 337 msecs (HTTP/1.1 204) 2 headers in 112 bytes (1 switches on core 0) [pid: 7|app: 0|req: 1332/2707] 10.0.0.161 () {34 vars in 689 bytes} [Fri Jul 3 13:23:10 2026] POST /v2.0/vpn/ipsecpolicies => generated 411 bytes in 58 msecs (HTTP/1.1 201) 4 headers in 162 bytes (1 switches on core 0) [pid: 7|app: 0|req: 1333/2708] 10.0.0.161 () {30 vars in 699 bytes} [Fri Jul 3 13:23:10 2026] PUT /v2.0/vpn/ipsecpolicies/3df67752-09b7-44e6-a79b-f8e8cff214ba => generated 430 bytes in 27 msecs (HTTP/1.1 200) 4 headers in 157 bytes (1 switches on core 0) [pid: 7|app: 0|req: 1334/2709] 10.0.0.161 () {32 vars in 744 bytes} [Fri Jul 3 13:23:10 2026] DELETE /v2.0/vpn/ipsecpolicies/3df67752-09b7-44e6-a79b-f8e8cff214ba => generated 0 bytes in 33 msecs (HTTP/1.1 204) 2 headers in 112 bytes (1 switches on core 0)
2026-07-03 13:23:10.460 7 INFO neutron.api.v2.resource [None req-b3e0087f-984c-4e8d-a920-58b1c491b477 a1cc5870f2ac4a1682993899af6fa198 3b1d263d914d401d80b957445a64e859 - - default default] delete failed (client error): The resource could not be found. [pid: 7|app: 0|req: 1335/2710] 10.0.0.161 () {32 vars in 744 bytes} [Fri Jul 3 13:23:10 2026] DELETE /v2.0/vpn/ipsecpolicies/3df67752-09b7-44e6-a79b-f8e8cff214ba => generated 145 bytes in 29 msecs (HTTP/1.1 404) 4 headers in 164 bytes (1 switches on core 0)
2026-07-03 13:23:10.502 8 INFO neutron.db.ovn_revision_numbers_db [None req-613ca953-5fcb-4370-b5ad-60650648e06a dbf54cdf467c4afdb3454a61e2fb6343 2827d90737e5487db75f6d2ac4ec8eb3 - - default default] Successfully bumped revision number for resource ac5ed2a9-4057-477c-ba20-7ed03b7c4fb6 (type: router_ports) to 1 [pid: 8|app: 0|req: 1376/2711] 10.0.0.161 () {34 vars in 783 bytes} [Fri Jul 3 13:23:08 2026] PUT /v2.0/routers/9478f93f-a295-46bd-bd86-ec31d0964cd7/add_router_interface => generated 309 bytes in 1934 msecs (HTTP/1.1 200) 4 headers in 157 bytes (1 switches on core 0)
2026-07-03 13:23:10.528 8 INFO neutron.api.v2.resource [None req-07070da0-04b3-4268-83b1-1ab46e45a2cd a1cc5870f2ac4a1682993899af6fa198 3b1d263d914d401d80b957445a64e859 - - default default] delete failed (client error): The resource could not be found. [pid: 8|app: 0|req: 1377/2712] 10.0.0.161 () {32 vars in 744 bytes} [Fri Jul 3 13:23:10 2026] DELETE /v2.0/vpn/ipsecpolicies/3df67752-09b7-44e6-a79b-f8e8cff214ba => generated 145 bytes in 16 msecs (HTTP/1.1 404) 4 headers in 164 bytes (1 switches on core 0) [pid: 7|app: 0|req: 1336/2713] 10.0.0.182 () {34 vars in 990 bytes} [Fri Jul 3 13:23:10 2026] GET /v2.0/ports?device_id=768ecefd-efc4-4f14-a5ab-9ce33157a50c => generated 971 bytes in 162 msecs (HTTP/1.1 200) 4 headers in 157 bytes (1 switches on core 0)
2026-07-03 13:23:10.641 8 INFO neutron.db.segments_db [None req-e6d3d40c-9a14-449a-994f-46ddcede79be a1cc5870f2ac4a1682993899af6fa198 3b1d263d914d401d80b957445a64e859 - - default default] Added segment ddd8c836-5ccb-4bdb-a349-9e8cb09554bf of type geneve for network faffb987-aacc-497e-a137-72f05a5d7f3e
2026-07-03 13:23:10.767 7 INFO neutron.db.ovn_revision_numbers_db [None req-d256f12f-7bb2-4660-8f45-dd845903da91 dbf54cdf467c4afdb3454a61e2fb6343 2827d90737e5487db75f6d2ac4ec8eb3 - - default default] Successfully bumped revision number for resource 7d828fe9-34c4-4d0a-ae1f-3ba8b4561fd8 (type: security_groups) to 1
2026-07-03 13:23:10.769 8 INFO neutron.db.ovn_revision_numbers_db [None req-e6d3d40c-9a14-449a-994f-46ddcede79be a1cc5870f2ac4a1682993899af6fa198 3b1d263d914d401d80b957445a64e859 - - default default] Successfully bumped revision number for resource faffb987-aacc-497e-a137-72f05a5d7f3e (type: networks) to 1
2026-07-03 13:23:10.779 7 INFO neutron.db.ovn_revision_numbers_db [None req-d256f12f-7bb2-4660-8f45-dd845903da91 dbf54cdf467c4afdb3454a61e2fb6343 2827d90737e5487db75f6d2ac4ec8eb3 - - default default] Successfully bumped revision number for resource 61651d48-87ab-45fb-8941-ab15bcf85fa4 (type: security_group_rules) to 0
2026-07-03 13:23:10.790 7 INFO neutron.db.ovn_revision_numbers_db [None req-d256f12f-7bb2-4660-8f45-dd845903da91 dbf54cdf467c4afdb3454a61e2fb6343 2827d90737e5487db75f6d2ac4ec8eb3 - - default default] Successfully bumped revision number for resource 8070d8c5-f008-442d-9327-50fbf94af47d (type: security_group_rules) to 0 [pid: 7|app: 0|req: 1337/2714] 10.0.0.161 () {34 vars in 684 bytes} [Fri Jul 3 13:23:10 2026] POST /v2.0/security-groups => generated 1629 bytes in 202 msecs (HTTP/1.1 201) 4 headers in 163 bytes (1 switches on core 0) [pid: 7|app: 0|req: 1338/2715] 10.0.0.182 () {34 vars in 1040 bytes} [Fri Jul 3 13:23:10 2026] GET /v2.0/security-groups?id=d7470a3a-9a60-4a4b-b1ba-321e626daac4&fields=id&fields=name => generated 113 bytes in 29 msecs (HTTP/1.1 200) 4 headers in 157 bytes (1 switches on core 0)
2026-07-03 13:23:10.975 8 WARNING neutron.scheduler.dhcp_agent_scheduler [None req-e6d3d40c-9a14-449a-994f-46ddcede79be a1cc5870f2ac4a1682993899af6fa198 3b1d263d914d401d80b957445a64e859 - - default default] No more DHCP agents
2026-07-03 13:23:10.976 8 WARNING neutron.api.rpc.agentnotifiers.dhcp_rpc_agent_api [None req-e6d3d40c-9a14-449a-994f-46ddcede79be a1cc5870f2ac4a1682993899af6fa198 3b1d263d914d401d80b957445a64e859 - - default default] Unable to schedule network faffb987-aacc-497e-a137-72f05a5d7f3e: no agents available; will retry on subsequent port and subnet creation events.
2026-07-03 13:23:10.989 7 INFO neutron.db.ovn_revision_numbers_db [None req-5758dcec-0fb7-4185-999e-d0ef5b53b8dc dbf54cdf467c4afdb3454a61e2fb6343 2827d90737e5487db75f6d2ac4ec8eb3 - - default default] Successfully bumped revision number for resource dc2c7205-433d-478e-9c22-fa28f8103f26 (type: security_group_rules) to 0
2026-07-03 13:23:11.026 8 INFO neutron.plugins.ml2.drivers.ovn.mech_driver.mech_driver [None req-51a4e978-fb10-49f8-8ff7-7980692c9425 - - - - - -] OVN reports status down for port: d81ac651-6e3a-4596-b4d1-0c30a7d6375f [pid: 7|app: 0|req: 1339/2716] 10.0.0.161 () {34 vars in 695 bytes} [Fri Jul 3 13:23:10 2026] POST /v2.0/security-group-rules => generated 597 bytes in 188 msecs (HTTP/1.1 201) 4 headers in 162 bytes (1 switches on core 0)
2026-07-03 13:23:11.081 8 INFO neutron.db.ovn_revision_numbers_db [None req-e6d3d40c-9a14-449a-994f-46ddcede79be a1cc5870f2ac4a1682993899af6fa198 3b1d263d914d401d80b957445a64e859 - - default default] Successfully bumped revision number for resource d81ac651-6e3a-4596-b4d1-0c30a7d6375f (type: ports) to 1 [pid: 8|app: 0|req: 1378/2717] 10.0.0.161 () {34 vars in 670 bytes} [Fri Jul 3 13:23:10 2026] POST /v2.0/networks => generated 669 bytes in 591 msecs (HTTP/1.1 201) 4 headers in 162 bytes (1 switches on core 0)
2026-07-03 13:23:11.176 7 INFO neutron.db.ovn_revision_numbers_db [None req-fe1c47c5-ed50-45f7-af01-e1db24642f6b dbf54cdf467c4afdb3454a61e2fb6343 2827d90737e5487db75f6d2ac4ec8eb3 - - default default] Successfully bumped revision number for resource 1e64c468-7c31-42c8-9df3-d1e5abb02d55 (type: security_group_rules) to 0 [pid: 7|app: 0|req: 1340/2718] 10.0.0.161 () {34 vars in 695 bytes} [Fri Jul 3 13:23:11 2026] POST /v2.0/security-group-rules => generated 597 bytes in 163 msecs (HTTP/1.1 201) 4 headers in 162 bytes (1 switches on core 0)
2026-07-03 13:23:11.343 8 WARNING neutron.scheduler.dhcp_agent_scheduler [None req-4b6b7602-36d9-48ee-89f9-87e988fdcfde a1cc5870f2ac4a1682993899af6fa198 3b1d263d914d401d80b957445a64e859 - - default default] No more DHCP agents
2026-07-03 13:23:11.346 8 WARNING neutron.api.rpc.agentnotifiers.dhcp_rpc_agent_api [None req-4b6b7602-36d9-48ee-89f9-87e988fdcfde a1cc5870f2ac4a1682993899af6fa198 3b1d263d914d401d80b957445a64e859 - - default default] Unable to schedule network faffb987-aacc-497e-a137-72f05a5d7f3e: no agents available; will retry on subsequent port and subnet creation events.
2026-07-03 13:23:11.365 7 INFO neutron.db.ovn_revision_numbers_db [None req-fe5a8c8c-dfc8-4e55-b8fc-a3f7f556a220 dbf54cdf467c4afdb3454a61e2fb6343 2827d90737e5487db75f6d2ac4ec8eb3 - - default default] Successfully bumped revision number for resource 97e6761b-91af-42c1-ab7e-e6410bcdb288 (type: security_group_rules) to 0 [pid: 7|app: 0|req: 1341/2719] 10.0.0.161 () {34 vars in 695 bytes} [Fri Jul 3 13:23:11 2026] POST /v2.0/security-group-rules => generated 599 bytes in 181 msecs (HTTP/1.1 201) 4 headers in 162 bytes (1 switches on core 0)
2026-07-03 13:23:11.650 7 INFO neutron.db.ovn_revision_numbers_db [None req-a2cdb7e8-a8ba-4025-93fa-7ff793cd5685 dbf54cdf467c4afdb3454a61e2fb6343 2827d90737e5487db75f6d2ac4ec8eb3 - - default default] Successfully bumped revision number for resource bab9152b-2350-456e-a9f0-1e84d3c47d93 (type: security_group_rules) to 0 [pid: 7|app: 0|req: 1342/2720] 10.0.0.161 () {34 vars in 695 bytes} [Fri Jul 3 13:23:11 2026] POST /v2.0/security-group-rules => generated 601 bytes in 294 msecs (HTTP/1.1 201) 4 headers in 162 bytes (1 switches on core 0)
2026-07-03 13:23:11.922 7 INFO neutron.db.ovn_revision_numbers_db [None req-0398fdb8-5c72-4924-bf6f-139a943be586 dbf54cdf467c4afdb3454a61e2fb6343 2827d90737e5487db75f6d2ac4ec8eb3 - - default default] Successfully bumped revision number for resource be141b79-f8bb-4a94-9ee7-d4609a2b04ee (type: security_group_rules) to 0
2026-07-03 13:23:11.962 8 INFO neutron.db.ovn_revision_numbers_db [None req-348dbfc1-3ba6-41d2-8dad-a17f3f47c106 - - - - - -] Successfully bumped revision number for resource d81ac651-6e3a-4596-b4d1-0c30a7d6375f (type: ports) to 2 [pid: 7|app: 0|req: 1343/2721] 10.0.0.161 () {34 vars in 695 bytes} [Fri Jul 3 13:23:11 2026] POST /v2.0/security-group-rules => generated 601 bytes in 254 msecs (HTTP/1.1 201) 4 headers in 162 bytes (1 switches on core 0) [pid: 7|app: 0|req: 1344/2722] 10.0.0.182 () {34 vars in 990 bytes} [Fri Jul 3 13:23:11 2026] GET /v2.0/ports?device_id=768ecefd-efc4-4f14-a5ab-9ce33157a50c => generated 971 bytes in 41 msecs (HTTP/1.1 200) 4 headers in 157 bytes (1 switches on core 0)
2026-07-03 13:23:12.016 8 INFO neutron.db.ovn_revision_numbers_db [None req-348dbfc1-3ba6-41d2-8dad-a17f3f47c106 - - - - - -] Successfully bumped revision number for resource 7aabcdc7-5cba-49d8-a178-cf7d72e01094 (type: subnets) to 0 [pid: 8|app: 0|req: 1379/2723] 10.0.0.161 () {34 vars in 669 bytes} [Fri Jul 3 13:23:11 2026] POST /v2.0/subnets => generated 629 bytes in 909 msecs (HTTP/1.1 201) 4 headers in 162 bytes (1 switches on core 0) [pid: 8|app: 0|req: 1380/2724] 10.0.0.182 () {34 vars in 1040 bytes} [Fri Jul 3 13:23:12 2026] GET /v2.0/security-groups?id=d7470a3a-9a60-4a4b-b1ba-321e626daac4&fields=id&fields=name => generated 113 bytes in 48 msecs (HTTP/1.1 200) 4 headers in 157 bytes (1 switches on core 0)
2026-07-03 13:23:12.193 7 INFO neutron.db.ovn_revision_numbers_db [None req-d220310c-1a81-4b4a-8bd9-b7c463d888ae dbf54cdf467c4afdb3454a61e2fb6343 2827d90737e5487db75f6d2ac4ec8eb3 - - default default] Successfully bumped revision number for resource 9fcea530-2ae0-4e86-9d5b-39fe6923e96e (type: security_group_rules) to 0 [pid: 7|app: 0|req: 1345/2725] 10.0.0.161 () {34 vars in 695 bytes} [Fri Jul 3 13:23:12 2026] POST /v2.0/security-group-rules => generated 597 bytes in 219 msecs (HTTP/1.1 201) 4 headers in 162 bytes (1 switches on core 0) [pid: 7|app: 0|req: 1346/2726] 10.0.0.161 () {34 vars in 676 bytes} [Fri Jul 3 13:23:12 2026] POST /v2.0/subnetpools => generated 516 bytes in 224 msecs (HTTP/1.1 201) 4 headers in 162 bytes (1 switches on core 0)
2026-07-03 13:23:12.530 8 WARNING neutron.scheduler.dhcp_agent_scheduler [None req-e3b02ba8-f132-45ad-802d-e45b9516afe5 a1cc5870f2ac4a1682993899af6fa198 3b1d263d914d401d80b957445a64e859 - - default default] No more DHCP agents
2026-07-03 13:23:12.533 8 WARNING neutron.api.rpc.agentnotifiers.dhcp_rpc_agent_api [None req-e3b02ba8-f132-45ad-802d-e45b9516afe5 a1cc5870f2ac4a1682993899af6fa198 3b1d263d914d401d80b957445a64e859 - - default default] Unable to schedule network 9df49a10-e219-4187-b3d5-8645f0b15353: no agents available; will retry on subsequent port and subnet creation events.
2026-07-03 13:23:12.629 7 INFO neutron.db.ovn_revision_numbers_db [None req-20e0e0c8-b912-420c-8399-4bafb54275a0 dbf54cdf467c4afdb3454a61e2fb6343 2827d90737e5487db75f6d2ac4ec8eb3 - - default default] Successfully bumped revision number for resource ef9d7613-6530-420a-bc2a-3a206a6045a3 (type: security_group_rules) to 0
2026-07-03 13:23:12.657 8 INFO neutron.plugins.ml2.drivers.ovn.mech_driver.mech_driver [None req-51a4e978-fb10-49f8-8ff7-7980692c9425 - - - - - -] OVN reports status down for port: 096dc89d-8185-471b-9a6c-7828798acab3 [pid: 7|app: 0|req: 1347/2727] 10.0.0.161 () {34 vars in 695 bytes} [Fri Jul 3 13:23:12 2026] POST /v2.0/security-group-rules => generated 597 bytes in 230 msecs (HTTP/1.1 201) 4 headers in 162 bytes (1 switches on core 0)
2026-07-03 13:23:12.716 8 INFO neutron.db.ovn_revision_numbers_db [None req-e3b02ba8-f132-45ad-802d-e45b9516afe5 a1cc5870f2ac4a1682993899af6fa198 3b1d263d914d401d80b957445a64e859 - - default default] Successfully bumped revision number for resource 096dc89d-8185-471b-9a6c-7828798acab3 (type: ports) to 1 [pid: 7|app: 0|req: 1348/2728] 10.0.0.161 () {34 vars in 676 bytes} [Fri Jul 3 13:23:12 2026] POST /v2.0/subnetpools => generated 516 bytes in 60 msecs (HTTP/1.1 201) 4 headers in 162 bytes (1 switches on core 0)
2026-07-03 13:23:12.789 7 WARNING neutron.plugins.ml2.drivers.ovn.mech_driver.ovsdb.ovn_client [None req-6292cf1b-0ea9-47bd-8942-233ebf4e3691 - - - - - -] No hosting information found for port 80525c45-a7e8-416b-9fda-5acd0b3dbb49: RuntimeError: No hosting information found for port 80525c45-a7e8-416b-9fda-5acd0b3dbb49
2026-07-03 13:23:12.932 7 INFO neutron.db.ovn_revision_numbers_db [None req-6292cf1b-0ea9-47bd-8942-233ebf4e3691 - - - - - -] Successfully bumped revision number for resource 80525c45-a7e8-416b-9fda-5acd0b3dbb49 (type: router_ports) to 2
2026-07-03 13:23:12.932 7 INFO neutron.plugins.ml2.drivers.ovn.mech_driver.mech_driver [None req-6292cf1b-0ea9-47bd-8942-233ebf4e3691 - - - - - -] OVN reports status down for port: d5d490ed-2b90-4ed3-ac06-169d6535c81c
2026-07-03 13:23:13.016 7 INFO neutron.db.ovn_revision_numbers_db [None req-f0c8e704-30a8-40ba-9c11-6451bbac39e7 dbf54cdf467c4afdb3454a61e2fb6343 2827d90737e5487db75f6d2ac4ec8eb3 - - default default] Successfully bumped revision number for resource f6b67907-e429-4728-b099-7f6d2619fe18 (type: security_group_rules) to 0
2026-07-03 13:23:13.030 7 WARNING neutron.plugins.ml2.drivers.ovn.mech_driver.ovsdb.ovn_client [None req-6292cf1b-0ea9-47bd-8942-233ebf4e3691 - - - - - -] Logical_Switch_Port d5d490ed-2b90-4ed3-ac06-169d6535c81c host information not removed, the port state is up [pid: 7|app: 0|req: 1349/2729] 10.0.0.161 () {34 vars in 695 bytes} [Fri Jul 3 13:23:12 2026] POST /v2.0/security-group-rules => generated 597 bytes in 346 msecs (HTTP/1.1 201) 4 headers in 162 bytes (1 switches on core 0)
2026-07-03 13:23:13.095 7 INFO neutron.plugins.ml2.drivers.ovn.mech_driver.mech_driver [None req-6292cf1b-0ea9-47bd-8942-233ebf4e3691 - - - - - -] OVN reports status up for port: d5d490ed-2b90-4ed3-ac06-169d6535c81c
2026-07-03 13:23:13.120 7 INFO neutron.plugins.ml2.plugin [None req-6292cf1b-0ea9-47bd-8942-233ebf4e3691 - - - - - -] Attempt 1 to provision port d5d490ed-2b90-4ed3-ac06-169d6535c81c [pid: 7|app: 0|req: 1350/2730] 199.204.45.4 () {34 vars in 992 bytes} [Fri Jul 3 13:23:13 2026] GET /v2.0/ports?device_id=768ecefd-efc4-4f14-a5ab-9ce33157a50c => generated 971 bytes in 81 msecs (HTTP/1.1 200) 4 headers in 157 bytes (1 switches on core 0) [pid: 7|app: 0|req: 1351/2731] 10.0.0.161 () {34 vars in 676 bytes} [Fri Jul 3 13:23:13 2026] POST /v2.0/subnetpools => generated 516 bytes in 123 msecs (HTTP/1.1 201) 4 headers in 162 bytes (1 switches on core 0)
2026-07-03 13:23:13.628 7 INFO neutron.db.ovn_revision_numbers_db [None req-ec0f2fae-05bf-446a-a98c-50b892d8d963 dbf54cdf467c4afdb3454a61e2fb6343 2827d90737e5487db75f6d2ac4ec8eb3 - - default default] Successfully bumped revision number for resource 2f87cb4e-add2-4a0d-a235-1f9ec4ee82a0 (type: security_group_rules) to 0 [pid: 7|app: 0|req: 1352/2732] 10.0.0.161 () {34 vars in 695 bytes} [Fri Jul 3 13:23:13 2026] POST /v2.0/security-group-rules => generated 599 bytes in 409 msecs (HTTP/1.1 201) 4 headers in 162 bytes (1 switches on core 0) [pid: 7|app: 0|req: 1353/2733] 10.0.0.182 () {34 vars in 990 bytes} [Fri Jul 3 13:23:13 2026] GET /v2.0/ports?device_id=768ecefd-efc4-4f14-a5ab-9ce33157a50c => generated 971 bytes in 91 msecs (HTTP/1.1 200) 4 headers in 157 bytes (1 switches on core 0)
2026-07-03 13:23:13.834 7 INFO neutron.db.ovn_revision_numbers_db [None req-6292cf1b-0ea9-47bd-8942-233ebf4e3691 - - - - - -] Successfully bumped revision number for resource d5d490ed-2b90-4ed3-ac06-169d6535c81c (type: ports) to 2
