2026-07-03 13:19:36.859 7 INFO neutron_taas.services.taas.tap_mirror_plugin [None req-d11008d7-d8c0-491d-890f-cc27ebeccea5 f19269394592488aa0e9d6ba08cafebb 772d600ef05a4ae3acc581738d7ce32b - - default default] Tap Mirror: Handle Delete Port: 129ec428-9538-4b0a-b491-47ffe1af68d7 [pid: 7|app: 0|req: 573/1109] 10.0.0.161 () {32 vars in 720 bytes} [Fri Jul 3 13:19:36 2026] DELETE /v2.0/ports/129ec428-9538-4b0a-b491-47ffe1af68d7 => generated 0 bytes in 222 msecs (HTTP/1.1 204) 3 headers in 131 bytes (1 switches on core 0)
2026-07-03 13:19:36.994 8 INFO neutron.services.segments.plugin [-] Segment a9d09c80-533a-4b00-8f50-42c6f6513765 resource provider aggregate not found
2026-07-03 13:19:36.999 8 INFO neutron.services.segments.plugin [-] Segment a9d09c80-533a-4b00-8f50-42c6f6513765 resource provider aggregate not found [pid: 7|app: 0|req: 574/1110] 199.204.45.4 () {34 vars in 1110 bytes} [Fri Jul 3 13:19:36 2026] GET /v2.0/networks/fda0517c-b5ed-426d-8c00-1f04f7226f7e?fields=provider%3Aphysical_network&fields=provider%3Anetwork_type => generated 79 bytes in 37 msecs (HTTP/1.1 200) 4 headers in 156 bytes (1 switches on core 0)
2026-07-03 13:19:37.024 8 INFO neutron.services.segments.plugin [-] Client error retrieving segment a9d09c80-533a-4b00-8f50-42c6f6513765 resource provider; error: Placement Client Error (4xx): {"errors": [{"status": 404, "title": "Not Found", "detail": "The resource could not be found.\n\n No resource provider with uuid a9d09c80-533a-4b00-8f50-42c6f6513765 found for delete ", "request_id": "req-844a0a63-faaa-45b2-869b-034b463092a5"}]}
2026-07-03 13:19:37.027 8 INFO neutron.services.segments.plugin [-] Client error retrieving segment a9d09c80-533a-4b00-8f50-42c6f6513765 resource provider; error: Placement Client Error (4xx): {"errors": [{"status": 404, "title": "Not Found", "detail": "The resource could not be found.\n\n No resource provider with uuid a9d09c80-533a-4b00-8f50-42c6f6513765 found for delete ", "request_id": "req-f83a560d-6e59-4cb0-8f6a-0a39166f3a46"}]} [pid: 8|app: 0|req: 537/1111] 10.0.0.161 () {32 vars in 726 bytes} [Fri Jul 3 13:19:36 2026] DELETE /v2.0/networks/f04cb6d2-60a5-409c-a3b8-403a702428e4 => generated 0 bytes in 396 msecs (HTTP/1.1 204) 3 headers in 131 bytes (1 switches on core 0) [pid: 7|app: 0|req: 575/1112] 10.0.0.161 () {32 vars in 643 bytes} [Fri Jul 3 13:19:37 2026] GET /v2.0/ports => generated 1523 bytes in 54 msecs (HTTP/1.1 200) 4 headers in 158 bytes (1 switches on core 0)
2026-07-03 13:19:37.100 7 INFO neutron.plugins.ml2.drivers.ovn.mech_driver.mech_driver [None req-625e94a3-476f-4bd2-bb90-52fcd11d3727 - - - - - -] OVN reports status down for port: 613db5f1-7f5d-45cd-b785-c5d2bdd7f182
2026-07-03 13:19:37.164 8 INFO neutron.db.segments_db [None req-5528d997-c44f-4833-b68c-bb7509f8a8c8 f19269394592488aa0e9d6ba08cafebb 772d600ef05a4ae3acc581738d7ce32b - - default default] Added segment 568dd18f-e0ec-400f-ae51-5d9abe068f3e of type geneve for network cf361624-c4ed-4838-888c-7516bb1825b8
2026-07-03 13:19:37.227 7 INFO neutron.notifiers.nova [-] Nova event matching ['req-0c283853-d5fc-4991-ada4-2d0176be67d2'] response: {'server_uuid': '7adb8a1f-bb24-4f15-896a-8b596c02b0be', 'name': 'network-vif-unplugged', 'status': 'completed', 'tag': '613db5f1-7f5d-45cd-b785-c5d2bdd7f182', 'code': 200} [pid: 7|app: 0|req: 576/1113] 10.0.0.161 () {32 vars in 774 bytes} [Fri Jul 3 13:19:37 2026] GET /v2.0/security-groups?tenant_id=b881202b0c514e30955e1d370d65194f&name=default => generated 2921 bytes in 73 msecs (HTTP/1.1 200) 4 headers in 158 bytes (1 switches on core 0)
2026-07-03 13:19:37.278 8 INFO neutron.db.ovn_revision_numbers_db [None req-5528d997-c44f-4833-b68c-bb7509f8a8c8 f19269394592488aa0e9d6ba08cafebb 772d600ef05a4ae3acc581738d7ce32b - - default default] Successfully bumped revision number for resource cf361624-c4ed-4838-888c-7516bb1825b8 (type: networks) to 1
2026-07-03 13:19:37.426 8 WARNING neutron.scheduler.dhcp_agent_scheduler [None req-5528d997-c44f-4833-b68c-bb7509f8a8c8 f19269394592488aa0e9d6ba08cafebb 772d600ef05a4ae3acc581738d7ce32b - - default default] No more DHCP agents
2026-07-03 13:19:37.428 8 WARNING neutron.api.rpc.agentnotifiers.dhcp_rpc_agent_api [None req-5528d997-c44f-4833-b68c-bb7509f8a8c8 f19269394592488aa0e9d6ba08cafebb 772d600ef05a4ae3acc581738d7ce32b - - default default] Unable to schedule network cf361624-c4ed-4838-888c-7516bb1825b8: no agents available; will retry on subsequent port and subnet creation events.
2026-07-03 13:19:37.471 8 INFO neutron.plugins.ml2.drivers.ovn.mech_driver.mech_driver [None req-71e56db0-d87d-421e-a490-f1a46653b192 - - - - - -] OVN reports status down for port: 43984e8a-3b51-4c67-bc8d-cfdebef9dbaf
2026-07-03 13:19:37.540 8 INFO neutron.db.ovn_revision_numbers_db [None req-5528d997-c44f-4833-b68c-bb7509f8a8c8 f19269394592488aa0e9d6ba08cafebb 772d600ef05a4ae3acc581738d7ce32b - - default default] Successfully bumped revision number for resource 43984e8a-3b51-4c67-bc8d-cfdebef9dbaf (type: ports) to 1 [pid: 8|app: 0|req: 538/1114] 10.0.0.161 () {34 vars in 670 bytes} [Fri Jul 3 13:19:37 2026] POST /v2.0/networks => generated 692 bytes in 538 msecs (HTTP/1.1 201) 4 headers in 162 bytes (1 switches on core 0) [pid: 8|app: 0|req: 539/1115] 10.0.0.182 () {34 vars in 990 bytes} [Fri Jul 3 13:19:37 2026] GET /v2.0/ports?device_id=7adb8a1f-bb24-4f15-896a-8b596c02b0be => generated 969 bytes in 70 msecs (HTTP/1.1 200) 4 headers in 157 bytes (1 switches on core 0)
2026-07-03 13:19:37.777 8 INFO neutron.db.segments_db [None req-d5d5044a-6838-4287-908f-887fc0905a49 f19269394592488aa0e9d6ba08cafebb 772d600ef05a4ae3acc581738d7ce32b - - default default] Added segment eb3ef36c-8b61-4e48-9973-9ed45a8c2250 of type geneve for network f9c59138-8e2d-4fd1-ad74-a69e781cfbff
2026-07-03 13:19:37.921 8 INFO neutron.db.ovn_revision_numbers_db [None req-d5d5044a-6838-4287-908f-887fc0905a49 f19269394592488aa0e9d6ba08cafebb 772d600ef05a4ae3acc581738d7ce32b - - default default] Successfully bumped revision number for resource f9c59138-8e2d-4fd1-ad74-a69e781cfbff (type: networks) to 1
2026-07-03 13:19:38.041 7 INFO neutron.db.ovn_revision_numbers_db [None req-625e94a3-476f-4bd2-bb90-52fcd11d3727 - - - - - -] Successfully bumped revision number for resource 613db5f1-7f5d-45cd-b785-c5d2bdd7f182 (type: ports) to 6
2026-07-03 13:19:38.079 8 WARNING neutron.scheduler.dhcp_agent_scheduler [None req-d5d5044a-6838-4287-908f-887fc0905a49 f19269394592488aa0e9d6ba08cafebb 772d600ef05a4ae3acc581738d7ce32b - - default default] No more DHCP agents
2026-07-03 13:19:38.081 8 WARNING neutron.api.rpc.agentnotifiers.dhcp_rpc_agent_api [None req-d5d5044a-6838-4287-908f-887fc0905a49 f19269394592488aa0e9d6ba08cafebb 772d600ef05a4ae3acc581738d7ce32b - - default default] Unable to schedule network f9c59138-8e2d-4fd1-ad74-a69e781cfbff: no agents available; will retry on subsequent port and subnet creation events.
2026-07-03 13:19:38.111 8 INFO neutron.plugins.ml2.drivers.ovn.mech_driver.mech_driver [None req-71e56db0-d87d-421e-a490-f1a46653b192 - - - - - -] OVN reports status down for port: 83e3f4ef-5098-42dc-8b26-3ff4ffeb83a2
2026-07-03 13:19:38.180 8 INFO neutron.db.ovn_revision_numbers_db [None req-d5d5044a-6838-4287-908f-887fc0905a49 f19269394592488aa0e9d6ba08cafebb 772d600ef05a4ae3acc581738d7ce32b - - default default] Successfully bumped revision number for resource 83e3f4ef-5098-42dc-8b26-3ff4ffeb83a2 (type: ports) to 1 [pid: 8|app: 0|req: 540/1116] 10.0.0.161 () {34 vars in 670 bytes} [Fri Jul 3 13:19:37 2026] POST /v2.0/networks => generated 692 bytes in 544 msecs (HTTP/1.1 201) 4 headers in 162 bytes (1 switches on core 0) [pid: 7|app: 0|req: 577/1117] 10.0.0.161 () {32 vars in 740 bytes} [Fri Jul 3 13:19:37 2026] DELETE /v2.0/security-groups/e621259c-00a5-4634-9a16-79dee635e4d7 => generated 0 bytes in 938 msecs (HTTP/1.1 204) 2 headers in 112 bytes (1 switches on core 0) [pid: 8|app: 0|req: 541/1118] 10.0.0.182 () {34 vars in 1040 bytes} [Fri Jul 3 13:19:38 2026] GET /v2.0/security-groups?id=c50f7c90-a699-431c-875c-efeff005aa1f&fields=id&fields=name => generated 114 bytes in 39 msecs (HTTP/1.1 200) 4 headers in 157 bytes (1 switches on core 0) /var/lib/openstack/lib/python3.12/site-packages/pycadf/identifier.py:70: UserWarning: Invalid uuid: neutron. To ensure interoperability, identifiers should be a valid uuid. warnings.warn(('Invalid uuid: %s. To ensure interoperability, ' [pid: 7|app: 0|req: 578/1119] 199.204.45.4 () {34 vars in 992 bytes} [Fri Jul 3 13:19:38 2026] GET /v2.0/ports?device_id=7adb8a1f-bb24-4f15-896a-8b596c02b0be => generated 969 bytes in 61 msecs (HTTP/1.1 200) 4 headers in 157 bytes (1 switches on core 0)
2026-07-03 13:19:38.541 8 INFO neutron_taas.services.taas.taas_plugin [req-00f986a8-9fe8-4809-81e8-932b2dbfb986 req-7e9213a9-8b53-49ba-97dd-d633ba8a97f0 84616ce799794653a08d3bcd85a5cbe1 169fa4e4c0634cb4a49258d25540ad71 - - default default] TaaS: Handle Delete Port: 613db5f1-7f5d-45cd-b785-c5d2bdd7f182
2026-07-03 13:19:38.549 8 INFO neutron_taas.services.taas.tap_mirror_plugin [req-00f986a8-9fe8-4809-81e8-932b2dbfb986 req-7e9213a9-8b53-49ba-97dd-d633ba8a97f0 84616ce799794653a08d3bcd85a5cbe1 169fa4e4c0634cb4a49258d25540ad71 - - default default] Tap Mirror: Handle Delete Port: 613db5f1-7f5d-45cd-b785-c5d2bdd7f182
2026-07-03 13:19:38.848 8 INFO neutron.db.l3_db [req-00f986a8-9fe8-4809-81e8-932b2dbfb986 req-7e9213a9-8b53-49ba-97dd-d633ba8a97f0 84616ce799794653a08d3bcd85a5cbe1 169fa4e4c0634cb4a49258d25540ad71 - - default default] Floating IP 761a9da1-e7fd-4fbb-8672-d189376ad61d disassociated. External IP: 10.96.250.209, port: 613db5f1-7f5d-45cd-b785-c5d2bdd7f182. [pid: 8|app: 0|req: 542/1120] 199.204.45.4 () {36 vars in 995 bytes} [Fri Jul 3 13:19:38 2026] DELETE /v2.0/ports/613db5f1-7f5d-45cd-b785-c5d2bdd7f182 => generated 0 bytes in 685 msecs (HTTP/1.1 204) 3 headers in 131 bytes (1 switches on core 0)
2026-07-03 13:19:39.047 8 INFO neutron.notifiers.nova [-] Nova event matching ['req-8595689c-1f47-40b0-9c47-6897bfa9fc75'] response: {'server_uuid': '7adb8a1f-bb24-4f15-896a-8b596c02b0be', 'name': 'network-vif-deleted', 'tag': '613db5f1-7f5d-45cd-b785-c5d2bdd7f182', 'status': 'completed', 'code': 200}
2026-07-03 13:19:39.150 7 WARNING neutron.scheduler.dhcp_agent_scheduler [None req-e094f63e-fdf7-4d76-bff2-cc5bce2990f9 f19269394592488aa0e9d6ba08cafebb 772d600ef05a4ae3acc581738d7ce32b - - default default] No more DHCP agents
2026-07-03 13:19:39.151 7 WARNING neutron.api.rpc.agentnotifiers.dhcp_rpc_agent_api [None req-e094f63e-fdf7-4d76-bff2-cc5bce2990f9 f19269394592488aa0e9d6ba08cafebb 772d600ef05a4ae3acc581738d7ce32b - - default default] Unable to schedule network cf361624-c4ed-4838-888c-7516bb1825b8: no agents available; will retry on subsequent port and subnet creation events.
2026-07-03 13:19:39.202 7 INFO neutron.db.ovn_revision_numbers_db [None req-e094f63e-fdf7-4d76-bff2-cc5bce2990f9 f19269394592488aa0e9d6ba08cafebb 772d600ef05a4ae3acc581738d7ce32b - - default default] Successfully bumped revision number for resource 4abf29ef-0637-44ff-a9f8-73fe58c08e05 (type: subnets) to 0
2026-07-03 13:19:39.229 7 WARNING neutron.scheduler.dhcp_agent_scheduler [None req-e094f63e-fdf7-4d76-bff2-cc5bce2990f9 f19269394592488aa0e9d6ba08cafebb 772d600ef05a4ae3acc581738d7ce32b - - default default] No more DHCP agents
2026-07-03 13:19:39.235 7 WARNING neutron.api.rpc.agentnotifiers.dhcp_rpc_agent_api [None req-e094f63e-fdf7-4d76-bff2-cc5bce2990f9 f19269394592488aa0e9d6ba08cafebb 772d600ef05a4ae3acc581738d7ce32b - - default default] Unable to schedule network f9c59138-8e2d-4fd1-ad74-a69e781cfbff: no agents available; will retry on subsequent port and subnet creation events.
2026-07-03 13:19:39.262 7 INFO neutron.db.ovn_revision_numbers_db [None req-e094f63e-fdf7-4d76-bff2-cc5bce2990f9 f19269394592488aa0e9d6ba08cafebb 772d600ef05a4ae3acc581738d7ce32b - - default default] Successfully bumped revision number for resource 77ac4090-1d42-4a4f-9969-bedd22541920 (type: subnets) to 0
2026-07-03 13:19:39.268 7 INFO neutron.notifiers.nova [-] Nova event matching ['req-de4bc036-5d3f-43d2-96f3-7952787a794d'] response: {'server_uuid': '7adb8a1f-bb24-4f15-896a-8b596c02b0be', 'name': 'network-vif-unplugged', 'status': 'completed', 'tag': '613db5f1-7f5d-45cd-b785-c5d2bdd7f182', 'code': 200} [pid: 7|app: 0|req: 579/1121] 10.0.0.161 () {34 vars in 669 bytes} [Fri Jul 3 13:19:38 2026] POST /v2.0/subnets => generated 1323 bytes in 502 msecs (HTTP/1.1 201) 4 headers in 163 bytes (1 switches on core 0) /var/lib/openstack/lib/python3.12/site-packages/pycadf/identifier.py:70: UserWarning: Invalid uuid: neutron. To ensure interoperability, identifiers should be a valid uuid. warnings.warn(('Invalid uuid: %s. To ensure interoperability, ' [pid: 8|app: 0|req: 543/1122] 10.0.0.161 () {32 vars in 647 bytes} [Fri Jul 3 13:19:39 2026] GET /v2.0/subnets => generated 1959 bytes in 60 msecs (HTTP/1.1 200) 4 headers in 158 bytes (1 switches on core 0) [pid: 7|app: 0|req: 580/1123] 10.0.0.182 () {34 vars in 990 bytes} [Fri Jul 3 13:19:39 2026] GET /v2.0/ports?device_id=7adb8a1f-bb24-4f15-896a-8b596c02b0be => generated 12 bytes in 22 msecs (HTTP/1.1 200) 4 headers in 156 bytes (1 switches on core 0) [pid: 8|app: 0|req: 544/1124] 10.0.0.161 () {32 vars in 724 bytes} [Fri Jul 3 13:19:39 2026] DELETE /v2.0/subnets/4abf29ef-0637-44ff-a9f8-73fe58c08e05 => generated 0 bytes in 139 msecs (HTTP/1.1 204) 3 headers in 131 bytes (1 switches on core 0) [pid: 7|app: 0|req: 581/1125] 10.0.0.161 () {32 vars in 724 bytes} [Fri Jul 3 13:19:39 2026] DELETE /v2.0/subnets/77ac4090-1d42-4a4f-9969-bedd22541920 => generated 0 bytes in 204 msecs (HTTP/1.1 204) 3 headers in 131 bytes (1 switches on core 0) [pid: 8|app: 0|req: 545/1126] 10.0.0.161 () {32 vars in 647 bytes} [Fri Jul 3 13:19:39 2026] GET /v2.0/subnets => generated 649 bytes in 33 msecs (HTTP/1.1 200) 4 headers in 157 bytes (1 switches on core 0)
2026-07-03 13:19:39.883 7 INFO neutron_taas.services.taas.taas_plugin [None req-265d9e42-c341-473b-9e86-90779f01392c f19269394592488aa0e9d6ba08cafebb 772d600ef05a4ae3acc581738d7ce32b - - default default] TaaS: Handle Delete Port: 83e3f4ef-5098-42dc-8b26-3ff4ffeb83a2
2026-07-03 13:19:39.886 7 INFO neutron_taas.services.taas.tap_mirror_plugin [None req-265d9e42-c341-473b-9e86-90779f01392c f19269394592488aa0e9d6ba08cafebb 772d600ef05a4ae3acc581738d7ce32b - - default default] Tap Mirror: Handle Delete Port: 83e3f4ef-5098-42dc-8b26-3ff4ffeb83a2
2026-07-03 13:19:40.058 7 INFO neutron.services.segments.plugin [-] Segment eb3ef36c-8b61-4e48-9973-9ed45a8c2250 resource provider aggregate not found
2026-07-03 13:19:40.063 7 INFO neutron.services.segments.plugin [-] Segment eb3ef36c-8b61-4e48-9973-9ed45a8c2250 resource provider aggregate not found
2026-07-03 13:19:40.073 7 INFO neutron.services.segments.plugin [-] Client error retrieving segment eb3ef36c-8b61-4e48-9973-9ed45a8c2250 resource provider; error: Placement Client Error (4xx): {"errors": [{"status": 404, "title": "Not Found", "detail": "The resource could not be found.\n\n No resource provider with uuid eb3ef36c-8b61-4e48-9973-9ed45a8c2250 found for delete ", "request_id": "req-dd0e90ce-1d87-4d74-a9d0-474d6aa120a0"}]}
2026-07-03 13:19:40.085 7 INFO neutron.services.segments.plugin [-] Client error retrieving segment eb3ef36c-8b61-4e48-9973-9ed45a8c2250 resource provider; error: Placement Client Error (4xx): {"errors": [{"status": 404, "title": "Not Found", "detail": "The resource could not be found.\n\n No resource provider with uuid eb3ef36c-8b61-4e48-9973-9ed45a8c2250 found for delete ", "request_id": "req-3f98d647-abc9-461a-8216-ddde7c1f9270"}]} [pid: 7|app: 0|req: 582/1127] 10.0.0.161 () {32 vars in 726 bytes} [Fri Jul 3 13:19:39 2026] DELETE /v2.0/networks/f9c59138-8e2d-4fd1-ad74-a69e781cfbff => generated 0 bytes in 350 msecs (HTTP/1.1 204) 3 headers in 131 bytes (1 switches on core 0)
2026-07-03 13:19:40.227 7 INFO neutron_taas.services.taas.taas_plugin [None req-d6ebc420-0576-48fa-bc2d-e0cc04dc588f f19269394592488aa0e9d6ba08cafebb 772d600ef05a4ae3acc581738d7ce32b - - default default] TaaS: Handle Delete Port: 43984e8a-3b51-4c67-bc8d-cfdebef9dbaf
2026-07-03 13:19:40.230 7 INFO neutron_taas.services.taas.tap_mirror_plugin [None req-d6ebc420-0576-48fa-bc2d-e0cc04dc588f f19269394592488aa0e9d6ba08cafebb 772d600ef05a4ae3acc581738d7ce32b - - default default] Tap Mirror: Handle Delete Port: 43984e8a-3b51-4c67-bc8d-cfdebef9dbaf
2026-07-03 13:19:40.265 8 INFO neutron.db.ovn_revision_numbers_db [None req-4377a205-ab2e-4ddf-8ecc-79f0d8b51858 05c53cff06d7451a9e4b46c93241d3b5 fdc7aa30877c43f2a5bac8b86b8ba201 - - default default] Successfully bumped revision number for resource db837b4a-75d0-4412-a860-4479e41e3014 (type: security_groups) to 1
2026-07-03 13:19:40.278 8 INFO neutron.db.ovn_revision_numbers_db [None req-4377a205-ab2e-4ddf-8ecc-79f0d8b51858 05c53cff06d7451a9e4b46c93241d3b5 fdc7aa30877c43f2a5bac8b86b8ba201 - - default default] Successfully bumped revision number for resource 151d0309-bc21-4250-ba18-dd54a2df483d (type: security_group_rules) to 0
2026-07-03 13:19:40.291 8 INFO neutron.db.ovn_revision_numbers_db [None req-4377a205-ab2e-4ddf-8ecc-79f0d8b51858 05c53cff06d7451a9e4b46c93241d3b5 fdc7aa30877c43f2a5bac8b86b8ba201 - - default default] Successfully bumped revision number for resource 3e30e844-1588-4df6-8aef-6730b2648304 (type: security_group_rules) to 0
2026-07-03 13:19:40.303 8 INFO neutron.db.ovn_revision_numbers_db [None req-4377a205-ab2e-4ddf-8ecc-79f0d8b51858 05c53cff06d7451a9e4b46c93241d3b5 fdc7aa30877c43f2a5bac8b86b8ba201 - - default default] Successfully bumped revision number for resource 5a28387b-a956-447a-af69-5bb4d37759ef (type: security_group_rules) to 0
2026-07-03 13:19:40.318 8 INFO neutron.db.ovn_revision_numbers_db [None req-4377a205-ab2e-4ddf-8ecc-79f0d8b51858 05c53cff06d7451a9e4b46c93241d3b5 fdc7aa30877c43f2a5bac8b86b8ba201 - - default default] Successfully bumped revision number for resource 90e7e268-8526-40d5-9691-b5818db2279c (type: security_group_rules) to 0
2026-07-03 13:19:40.406 8 INFO neutron.db.segments_db [None req-4377a205-ab2e-4ddf-8ecc-79f0d8b51858 05c53cff06d7451a9e4b46c93241d3b5 fdc7aa30877c43f2a5bac8b86b8ba201 - - default default] Added segment 13101b12-d7ed-4f19-94b4-aa19d03dd5bd of type geneve for network a1560686-c3d8-4004-8f58-177a6b864cce [pid: 7|app: 0|req: 583/1128] 10.0.0.161 () {32 vars in 726 bytes} [Fri Jul 3 13:19:40 2026] DELETE /v2.0/networks/cf361624-c4ed-4838-888c-7516bb1825b8 => generated 0 bytes in 320 msecs (HTTP/1.1 204) 3 headers in 131 bytes (1 switches on core 0) [pid: 7|app: 0|req: 584/1129] 10.0.0.182 () {34 vars in 990 bytes} [Fri Jul 3 13:19:40 2026] GET /v2.0/ports?device_id=7adb8a1f-bb24-4f15-896a-8b596c02b0be => generated 12 bytes in 17 msecs (HTTP/1.1 200) 4 headers in 156 bytes (1 switches on core 0)
2026-07-03 13:19:40.522 8 INFO neutron.db.ovn_revision_numbers_db [None req-4377a205-ab2e-4ddf-8ecc-79f0d8b51858 05c53cff06d7451a9e4b46c93241d3b5 fdc7aa30877c43f2a5bac8b86b8ba201 - - default default] Successfully bumped revision number for resource a1560686-c3d8-4004-8f58-177a6b864cce (type: networks) to 1
2026-07-03 13:19:40.619 7 INFO neutron_taas.services.taas.taas_plugin [None req-74f212f5-72d7-44e2-878e-ca2f1e83634e f19269394592488aa0e9d6ba08cafebb 772d600ef05a4ae3acc581738d7ce32b - - default default] TaaS: Handle Delete Port: 3f77fde2-7897-4b61-9e02-6dbaf6921c3e
2026-07-03 13:19:40.625 7 INFO neutron_taas.services.taas.tap_mirror_plugin [None req-74f212f5-72d7-44e2-878e-ca2f1e83634e f19269394592488aa0e9d6ba08cafebb 772d600ef05a4ae3acc581738d7ce32b - - default default] Tap Mirror: Handle Delete Port: 3f77fde2-7897-4b61-9e02-6dbaf6921c3e
2026-07-03 13:19:40.706 8 WARNING neutron.scheduler.dhcp_agent_scheduler [None req-4377a205-ab2e-4ddf-8ecc-79f0d8b51858 05c53cff06d7451a9e4b46c93241d3b5 fdc7aa30877c43f2a5bac8b86b8ba201 - - default default] No more DHCP agents
2026-07-03 13:19:40.708 8 WARNING neutron.api.rpc.agentnotifiers.dhcp_rpc_agent_api [None req-4377a205-ab2e-4ddf-8ecc-79f0d8b51858 05c53cff06d7451a9e4b46c93241d3b5 fdc7aa30877c43f2a5bac8b86b8ba201 - - default default] Unable to schedule network a1560686-c3d8-4004-8f58-177a6b864cce: no agents available; will retry on subsequent port and subnet creation events.
2026-07-03 13:19:40.749 8 INFO neutron.plugins.ml2.drivers.ovn.mech_driver.mech_driver [None req-71e56db0-d87d-421e-a490-f1a46653b192 - - - - - -] OVN reports status down for port: df80da13-1e9b-4250-9af7-adbef275435c
2026-07-03 13:19:40.809 8 INFO neutron.db.ovn_revision_numbers_db [None req-4377a205-ab2e-4ddf-8ecc-79f0d8b51858 05c53cff06d7451a9e4b46c93241d3b5 fdc7aa30877c43f2a5bac8b86b8ba201 - - default default] Successfully bumped revision number for resource df80da13-1e9b-4250-9af7-adbef275435c (type: ports) to 1 [pid: 7|app: 0|req: 585/1130] 10.0.0.161 () {32 vars in 726 bytes} [Fri Jul 3 13:19:40 2026] DELETE /v2.0/networks/55072f70-bc83-4d76-9af9-6ef7010aaff1 => generated 0 bytes in 380 msecs (HTTP/1.1 204) 3 headers in 131 bytes (1 switches on core 0) [pid: 8|app: 0|req: 546/1131] 10.0.0.161 () {34 vars in 671 bytes} [Fri Jul 3 13:19:39 2026] POST /v2.0/networks => generated 785 bytes in 871 msecs (HTTP/1.1 201) 4 headers in 162 bytes (1 switches on core 0)
2026-07-03 13:19:40.962 7 INFO neutron_taas.services.taas.taas_plugin [None req-9ca46f94-24ed-4063-8add-07871988b0f6 f19269394592488aa0e9d6ba08cafebb 772d600ef05a4ae3acc581738d7ce32b - - default default] TaaS: Handle Delete Port: ecf26fd7-25fa-434a-bbe9-92d5d14a01f4
2026-07-03 13:19:40.965 7 INFO neutron_taas.services.taas.tap_mirror_plugin [None req-9ca46f94-24ed-4063-8add-07871988b0f6 f19269394592488aa0e9d6ba08cafebb 772d600ef05a4ae3acc581738d7ce32b - - default default] Tap Mirror: Handle Delete Port: ecf26fd7-25fa-434a-bbe9-92d5d14a01f4
2026-07-03 13:19:41.016 8 WARNING neutron.scheduler.dhcp_agent_scheduler [None req-d994a41f-58e8-46d7-96d3-6fa5f7d0fe90 05c53cff06d7451a9e4b46c93241d3b5 fdc7aa30877c43f2a5bac8b86b8ba201 - - default default] No more DHCP agents
2026-07-03 13:19:41.017 8 WARNING neutron.api.rpc.agentnotifiers.dhcp_rpc_agent_api [None req-d994a41f-58e8-46d7-96d3-6fa5f7d0fe90 05c53cff06d7451a9e4b46c93241d3b5 fdc7aa30877c43f2a5bac8b86b8ba201 - - default default] Unable to schedule network a1560686-c3d8-4004-8f58-177a6b864cce: no agents available; will retry on subsequent port and subnet creation events. [pid: 7|app: 0|req: 586/1132] 10.0.0.161 () {32 vars in 726 bytes} [Fri Jul 3 13:19:40 2026] DELETE /v2.0/networks/5cf1e507-e587-49c2-b069-9f5f2abef0c0 => generated 0 bytes in 317 msecs (HTTP/1.1 204) 3 headers in 131 bytes (1 switches on core 0)
2026-07-03 13:19:41.483 8 INFO neutron.db.ovn_revision_numbers_db [None req-0e28d27a-6252-4e19-b4a6-af7cb8a8986d - - - - - -] Successfully bumped revision number for resource df80da13-1e9b-4250-9af7-adbef275435c (type: ports) to 2
2026-07-03 13:19:41.539 8 INFO neutron.db.ovn_revision_numbers_db [None req-0e28d27a-6252-4e19-b4a6-af7cb8a8986d - - - - - -] Successfully bumped revision number for resource 56d3ef8f-5c37-4b98-bee7-3cb53caad73e (type: subnets) to 0 [pid: 8|app: 0|req: 547/1133] 10.0.0.161 () {34 vars in 669 bytes} [Fri Jul 3 13:19:40 2026] POST /v2.0/subnets => generated 691 bytes in 705 msecs (HTTP/1.1 201) 4 headers in 162 bytes (1 switches on core 0) [pid: 7|app: 0|req: 587/1134] 10.0.0.182 () {34 vars in 990 bytes} [Fri Jul 3 13:19:41 2026] GET /v2.0/ports?device_id=7adb8a1f-bb24-4f15-896a-8b596c02b0be => generated 12 bytes in 43 msecs (HTTP/1.1 200) 4 headers in 156 bytes (1 switches on core 0) [pid: 7|app: 0|req: 588/1135] 10.0.0.161 () {32 vars in 774 bytes} [Fri Jul 3 13:19:41 2026] GET /v2.0/security-groups?tenant_id=772d600ef05a4ae3acc581738d7ce32b&name=default => generated 2925 bytes in 117 msecs (HTTP/1.1 200) 4 headers in 158 bytes (1 switches on core 0) [pid: 7|app: 0|req: 589/1136] 10.0.0.161 () {32 vars in 740 bytes} [Fri Jul 3 13:19:41 2026] DELETE /v2.0/security-groups/a5943871-702b-4dd3-9f50-4e2ec2faf2aa => generated 0 bytes in 218 msecs (HTTP/1.1 204) 2 headers in 112 bytes (1 switches on core 0)
2026-07-03 13:19:42.000 8 WARNING neutron.scheduler.dhcp_agent_scheduler [None req-696757be-c755-44d4-8583-df604336300f 05c53cff06d7451a9e4b46c93241d3b5 fdc7aa30877c43f2a5bac8b86b8ba201 - - default default] No more DHCP agents
2026-07-03 13:19:42.001 8 WARNING neutron.api.rpc.agentnotifiers.dhcp_rpc_agent_api [None req-696757be-c755-44d4-8583-df604336300f 05c53cff06d7451a9e4b46c93241d3b5 fdc7aa30877c43f2a5bac8b86b8ba201 - - default default] Unable to schedule network 9df49a10-e219-4187-b3d5-8645f0b15353: no agents available; will retry on subsequent port and subnet creation events.
2026-07-03 13:19:42.095 7 INFO neutron.plugins.ml2.drivers.ovn.mech_driver.mech_driver [None req-9a6626db-578a-4672-b4b0-466dc72fe6c4 - - - - - -] OVN reports status down for port: cf59ca26-e393-439d-bf54-1cde553175d5
2026-07-03 13:19:42.109 7 INFO neutron.services.segments.plugin [-] Segment 568dd18f-e0ec-400f-ae51-5d9abe068f3e resource provider aggregate not found
2026-07-03 13:19:42.111 7 INFO neutron.services.segments.plugin [-] Segment 568dd18f-e0ec-400f-ae51-5d9abe068f3e resource provider aggregate not found
2026-07-03 13:19:42.126 8 INFO neutron.db.ovn_revision_numbers_db [None req-696757be-c755-44d4-8583-df604336300f 05c53cff06d7451a9e4b46c93241d3b5 fdc7aa30877c43f2a5bac8b86b8ba201 - - default default] Successfully bumped revision number for resource cf59ca26-e393-439d-bf54-1cde553175d5 (type: ports) to 1
2026-07-03 13:19:42.135 7 INFO neutron.services.segments.plugin [-] Client error retrieving segment 568dd18f-e0ec-400f-ae51-5d9abe068f3e resource provider; error: Placement Client Error (4xx): {"errors": [{"status": 404, "title": "Not Found", "detail": "The resource could not be found.\n\n No resource provider with uuid 568dd18f-e0ec-400f-ae51-5d9abe068f3e found for delete ", "request_id": "req-cc55e092-fad0-4fa8-a1de-31beb58b6f57"}]}
2026-07-03 13:19:42.140 7 INFO neutron.services.segments.plugin [-] Client error retrieving segment 568dd18f-e0ec-400f-ae51-5d9abe068f3e resource provider; error: Placement Client Error (4xx): {"errors": [{"status": 404, "title": "Not Found", "detail": "The resource could not be found.\n\n No resource provider with uuid 568dd18f-e0ec-400f-ae51-5d9abe068f3e found for delete ", "request_id": "req-54feae48-ac68-4164-a680-42e799bb3ee6"}]}
2026-07-03 13:19:42.162 7 INFO neutron.services.segments.plugin [-] Segment 4d061f9d-d364-4289-9951-aaadbcb9af7c resource provider aggregate not found
2026-07-03 13:19:42.168 7 INFO neutron.services.segments.plugin [-] Segment 4d061f9d-d364-4289-9951-aaadbcb9af7c resource provider aggregate not found
2026-07-03 13:19:42.182 7 INFO neutron.services.segments.plugin [-] Client error retrieving segment 4d061f9d-d364-4289-9951-aaadbcb9af7c resource provider; error: Placement Client Error (4xx): {"errors": [{"status": 404, "title": "Not Found", "detail": "The resource could not be found.\n\n No resource provider with uuid 4d061f9d-d364-4289-9951-aaadbcb9af7c found for delete ", "request_id": "req-d0d5f199-b36b-4d26-bc90-91409a76aa4b"}]}
2026-07-03 13:19:42.189 7 INFO neutron.services.segments.plugin [-] Client error retrieving segment 4d061f9d-d364-4289-9951-aaadbcb9af7c resource provider; error: Placement Client Error (4xx): {"errors": [{"status": 404, "title": "Not Found", "detail": "The resource could not be found.\n\n No resource provider with uuid 4d061f9d-d364-4289-9951-aaadbcb9af7c found for delete ", "request_id": "req-c24e7bd4-7a88-4cc1-b957-16caa40a15cf"}]}
2026-07-03 13:19:42.204 7 INFO neutron.services.segments.plugin [-] Segment 621594ad-9c2a-4293-b9da-110dc1871be3 resource provider aggregate not found
2026-07-03 13:19:42.208 7 INFO neutron.services.segments.plugin [-] Segment 621594ad-9c2a-4293-b9da-110dc1871be3 resource provider aggregate not found
2026-07-03 13:19:42.221 7 INFO neutron.services.segments.plugin [-] Client error retrieving segment 621594ad-9c2a-4293-b9da-110dc1871be3 resource provider; error: Placement Client Error (4xx): {"errors": [{"status": 404, "title": "Not Found", "detail": "The resource could not be found.\n\n No resource provider with uuid 621594ad-9c2a-4293-b9da-110dc1871be3 found for delete ", "request_id": "req-9a4fde68-67b2-4f44-8e11-5397829ce523"}]}
2026-07-03 13:19:42.226 7 INFO neutron.services.segments.plugin [-] Client error retrieving segment 621594ad-9c2a-4293-b9da-110dc1871be3 resource provider; error: Placement Client Error (4xx): {"errors": [{"status": 404, "title": "Not Found", "detail": "The resource could not be found.\n\n No resource provider with uuid 621594ad-9c2a-4293-b9da-110dc1871be3 found for delete ", "request_id": "req-97206047-f544-48ac-8fda-cd8d59bf901b"}]} [pid: 7|app: 0|req: 590/1137] 10.0.0.182 () {34 vars in 990 bytes} [Fri Jul 3 13:19:42 2026] GET /v2.0/ports?device_id=7adb8a1f-bb24-4f15-896a-8b596c02b0be => generated 12 bytes in 22 msecs (HTTP/1.1 200) 4 headers in 156 bytes (1 switches on core 0)
2026-07-03 13:19:42.707 8 INFO neutron.plugins.ml2.drivers.ovn.mech_driver.ovsdb.commands [None req-7d106380-988c-45fc-982d-316d8b2213d2 - - - - - -] Schedule LRP lrp-cf59ca26-e393-439d-bf54-1cde553175d5 on gateway df39da26-2fcb-44ce-b44e-799490803836 with priority 1
2026-07-03 13:19:42.722 7 INFO neutron.plugins.ml2.drivers.ovn.mech_driver.mech_driver [None req-9a6626db-578a-4672-b4b0-466dc72fe6c4 - - - - - -] OVN reports status up for port: cf59ca26-e393-439d-bf54-1cde553175d5
2026-07-03 13:19:42.739 7 INFO neutron.plugins.ml2.plugin [None req-9a6626db-578a-4672-b4b0-466dc72fe6c4 - - - - - -] Attempt 1 to provision port cf59ca26-e393-439d-bf54-1cde553175d5
2026-07-03 13:19:42.747 8 INFO neutron.plugins.ml2.drivers.ovn.mech_driver.ovsdb.ovsdb_monitor [None req-89150b49-198f-4426-8b46-582978eaa762 - - - - - -] Router 95c22ce5-f21a-48f2-bbaa-cc03772f43f9 is bound to host instance
2026-07-03 13:19:42.793 8 INFO neutron.db.ovn_revision_numbers_db [None req-696757be-c755-44d4-8583-df604336300f 05c53cff06d7451a9e4b46c93241d3b5 fdc7aa30877c43f2a5bac8b86b8ba201 - - default default] Successfully bumped revision number for resource cf59ca26-e393-439d-bf54-1cde553175d5 (type: router_ports) to 1
2026-07-03 13:19:42.935 8 INFO neutron.db.ovn_revision_numbers_db [None req-696757be-c755-44d4-8583-df604336300f 05c53cff06d7451a9e4b46c93241d3b5 fdc7aa30877c43f2a5bac8b86b8ba201 - - default default] Successfully bumped revision number for resource 95c22ce5-f21a-48f2-bbaa-cc03772f43f9 (type: routers) to 2 [pid: 8|app: 0|req: 548/1138] 10.0.0.161 () {34 vars in 669 bytes} [Fri Jul 3 13:19:41 2026] POST /v2.0/routers => generated 969 bytes in 1402 msecs (HTTP/1.1 201) 4 headers in 162 bytes (1 switches on core 0)
2026-07-03 13:19:43.520 7 WARNING neutron.scheduler.dhcp_agent_scheduler [None req-5300da9a-58a8-40a1-9a14-508c8d47be16 05c53cff06d7451a9e4b46c93241d3b5 fdc7aa30877c43f2a5bac8b86b8ba201 - - default default] No more DHCP agents
2026-07-03 13:19:43.524 7 WARNING neutron.api.rpc.agentnotifiers.dhcp_rpc_agent_api [None req-5300da9a-58a8-40a1-9a14-508c8d47be16 05c53cff06d7451a9e4b46c93241d3b5 fdc7aa30877c43f2a5bac8b86b8ba201 - - default default] Unable to schedule network a1560686-c3d8-4004-8f58-177a6b864cce: no agents available; will retry on subsequent port and subnet creation events.
2026-07-03 13:19:43.698 8 INFO neutron.db.ovn_revision_numbers_db [None req-681b7060-86e1-4397-9f6d-6e5a998629c1 - - - - - -] Successfully bumped revision number for resource cf59ca26-e393-439d-bf54-1cde553175d5 (type: ports) to 4
2026-07-03 13:19:43.699 7 INFO neutron.db.ovn_revision_numbers_db [None req-5300da9a-58a8-40a1-9a14-508c8d47be16 05c53cff06d7451a9e4b46c93241d3b5 fdc7aa30877c43f2a5bac8b86b8ba201 - - default default] Successfully bumped revision number for resource 232a7189-3d48-412c-ba1b-f6cff9de05fe (type: ports) to 1
2026-07-03 13:19:44.049 8 INFO neutron.db.ovn_revision_numbers_db [None req-e880cf66-bdba-4ec9-a6f6-d7682ce8243d a36ccdc39b804b059ab484d1e19d0f41 7866adce7ae94a7b834a99dedf06e3ce - - default default] Successfully bumped revision number for resource f7e89c4a-5975-43fa-ad1d-9125874615c9 (type: security_groups) to 1
2026-07-03 13:19:44.092 8 INFO neutron.db.ovn_revision_numbers_db [None req-e880cf66-bdba-4ec9-a6f6-d7682ce8243d a36ccdc39b804b059ab484d1e19d0f41 7866adce7ae94a7b834a99dedf06e3ce - - default default] Successfully bumped revision number for resource 3398b667-5dc8-46b2-9e3f-8adaaf7a1dd0 (type: security_group_rules) to 0
2026-07-03 13:19:44.106 8 INFO neutron.db.ovn_revision_numbers_db [None req-681b7060-86e1-4397-9f6d-6e5a998629c1 - - - - - -] Successfully bumped revision number for resource cf59ca26-e393-439d-bf54-1cde553175d5 (type: ports) to 5
2026-07-03 13:19:44.109 8 INFO neutron.db.ovn_revision_numbers_db [None req-e880cf66-bdba-4ec9-a6f6-d7682ce8243d a36ccdc39b804b059ab484d1e19d0f41 7866adce7ae94a7b834a99dedf06e3ce - - default default] Successfully bumped revision number for resource 4114f5ee-e165-4d00-8d7a-ba4fc772c43b (type: security_group_rules) to 0
2026-07-03 13:19:44.135 8 INFO neutron.db.ovn_revision_numbers_db [None req-e880cf66-bdba-4ec9-a6f6-d7682ce8243d a36ccdc39b804b059ab484d1e19d0f41 7866adce7ae94a7b834a99dedf06e3ce - - default default] Successfully bumped revision number for resource 46dd3962-1c05-4a9d-af26-2ca2409134a4 (type: security_group_rules) to 0
2026-07-03 13:19:44.159 8 INFO neutron.db.ovn_revision_numbers_db [None req-e880cf66-bdba-4ec9-a6f6-d7682ce8243d a36ccdc39b804b059ab484d1e19d0f41 7866adce7ae94a7b834a99dedf06e3ce - - default default] Successfully bumped revision number for resource cb517ff8-f6b2-42b6-822f-db6a88d9c8c5 (type: security_group_rules) to 0
2026-07-03 13:19:44.285 8 INFO neutron.db.segments_db [None req-e880cf66-bdba-4ec9-a6f6-d7682ce8243d a36ccdc39b804b059ab484d1e19d0f41 7866adce7ae94a7b834a99dedf06e3ce - - default default] Added segment 633aeb22-fdb7-4124-8c76-9e3eab471039 of type geneve for network ac39abd8-354a-424e-8488-7be3599a7b9e
2026-07-03 13:19:44.336 7 WARNING neutron.scheduler.dhcp_agent_scheduler [None req-5300da9a-58a8-40a1-9a14-508c8d47be16 05c53cff06d7451a9e4b46c93241d3b5 fdc7aa30877c43f2a5bac8b86b8ba201 - - default default] No more DHCP agents
2026-07-03 13:19:44.338 7 WARNING neutron.api.rpc.agentnotifiers.dhcp_rpc_agent_api [None req-5300da9a-58a8-40a1-9a14-508c8d47be16 05c53cff06d7451a9e4b46c93241d3b5 fdc7aa30877c43f2a5bac8b86b8ba201 - - default default] Unable to schedule network a1560686-c3d8-4004-8f58-177a6b864cce: no agents available; will retry on subsequent port and subnet creation events.
2026-07-03 13:19:44.375 8 INFO neutron.db.segments_db [None req-e880cf66-bdba-4ec9-a6f6-d7682ce8243d a36ccdc39b804b059ab484d1e19d0f41 7866adce7ae94a7b834a99dedf06e3ce - - default default] Added segment a1891432-da2b-4648-83ac-94915d25a1f8 of type geneve for network 5d396d92-d0c6-49e7-a995-e629a0054e06
2026-07-03 13:19:44.492 8 INFO neutron.db.ovn_revision_numbers_db [None req-e880cf66-bdba-4ec9-a6f6-d7682ce8243d a36ccdc39b804b059ab484d1e19d0f41 7866adce7ae94a7b834a99dedf06e3ce - - default default] Successfully bumped revision number for resource ac39abd8-354a-424e-8488-7be3599a7b9e (type: networks) to 1
2026-07-03 13:19:44.675 8 WARNING neutron.scheduler.dhcp_agent_scheduler [None req-e880cf66-bdba-4ec9-a6f6-d7682ce8243d a36ccdc39b804b059ab484d1e19d0f41 7866adce7ae94a7b834a99dedf06e3ce - - default default] No more DHCP agents
2026-07-03 13:19:44.676 8 WARNING neutron.api.rpc.agentnotifiers.dhcp_rpc_agent_api [None req-e880cf66-bdba-4ec9-a6f6-d7682ce8243d a36ccdc39b804b059ab484d1e19d0f41 7866adce7ae94a7b834a99dedf06e3ce - - default default] Unable to schedule network ac39abd8-354a-424e-8488-7be3599a7b9e: no agents available; will retry on subsequent port and subnet creation events.
2026-07-03 13:19:44.776 8 INFO neutron.db.ovn_revision_numbers_db [None req-e880cf66-bdba-4ec9-a6f6-d7682ce8243d a36ccdc39b804b059ab484d1e19d0f41 7866adce7ae94a7b834a99dedf06e3ce - - default default] Successfully bumped revision number for resource 06ffc294-c693-4c6f-84cb-295f419cc52c (type: ports) to 1
2026-07-03 13:19:44.851 8 INFO neutron.db.ovn_revision_numbers_db [None req-e880cf66-bdba-4ec9-a6f6-d7682ce8243d a36ccdc39b804b059ab484d1e19d0f41 7866adce7ae94a7b834a99dedf06e3ce - - default default] Successfully bumped revision number for resource 5d396d92-d0c6-49e7-a995-e629a0054e06 (type: networks) to 1
2026-07-03 13:19:44.942 7 INFO neutron.db.ovn_revision_numbers_db [None req-5300da9a-58a8-40a1-9a14-508c8d47be16 05c53cff06d7451a9e4b46c93241d3b5 fdc7aa30877c43f2a5bac8b86b8ba201 - - default default] Successfully bumped revision number for resource 232a7189-3d48-412c-ba1b-f6cff9de05fe (type: router_ports) to 1 [pid: 7|app: 0|req: 591/1141] 10.0.0.161 () {34 vars in 783 bytes} [Fri Jul 3 13:19:42 2026] PUT /v2.0/routers/95c22ce5-f21a-48f2-bbaa-cc03772f43f9/add_router_interface => generated 309 bytes in 1975 msecs (HTTP/1.1 200) 4 headers in 157 bytes (1 switches on core 0)
2026-07-03 13:19:45.005 8 WARNING neutron.scheduler.dhcp_agent_scheduler [None req-e880cf66-bdba-4ec9-a6f6-d7682ce8243d a36ccdc39b804b059ab484d1e19d0f41 7866adce7ae94a7b834a99dedf06e3ce - - default default] No more DHCP agents
2026-07-03 13:19:45.006 8 WARNING neutron.api.rpc.agentnotifiers.dhcp_rpc_agent_api [None req-e880cf66-bdba-4ec9-a6f6-d7682ce8243d a36ccdc39b804b059ab484d1e19d0f41 7866adce7ae94a7b834a99dedf06e3ce - - default default] Unable to schedule network 5d396d92-d0c6-49e7-a995-e629a0054e06: no agents available; will retry on subsequent port and subnet creation events.
2026-07-03 13:19:45.079 8 INFO neutron.db.ovn_revision_numbers_db [None req-e880cf66-bdba-4ec9-a6f6-d7682ce8243d a36ccdc39b804b059ab484d1e19d0f41 7866adce7ae94a7b834a99dedf06e3ce - - default default] Successfully bumped revision number for resource 221a37e1-7b6d-4864-822c-f8b206b2804e (type: ports) to 1 [pid: 8|app: 0|req: 551/1142] 10.0.0.161 () {34 vars in 670 bytes} [Fri Jul 3 13:19:43 2026] POST /v2.0/networks => generated 1322 bytes in 1470 msecs (HTTP/1.1 201) 4 headers in 163 bytes (1 switches on core 0) [pid: 7|app: 0|req: 592/1143] 10.0.0.161 () {32 vars in 740 bytes} [Fri Jul 3 13:19:44 2026] DELETE /v2.0/security-groups/c50f7c90-a699-431c-875c-efeff005aa1f => generated 0 bytes in 173 msecs (HTTP/1.1 204) 2 headers in 112 bytes (1 switches on core 0) [pid: 8|app: 0|req: 552/1144] 10.0.0.51 () {34 vars in 989 bytes} [Fri Jul 3 13:19:45 2026] GET /v2.0/ports?device_id=faf0a601-016a-4191-983d-d2438dc25abc => generated 1209 bytes in 32 msecs (HTTP/1.1 200) 4 headers in 158 bytes (1 switches on core 0)
2026-07-03 13:19:45.148 8 INFO neutron.api.v2.resource [None req-94b6e759-6ecf-4b2f-ad27-9894ba48d198 84616ce799794653a08d3bcd85a5cbe1 169fa4e4c0634cb4a49258d25540ad71 - - default default] show failed (client error): The resource could not be found. [pid: 8|app: 0|req: 553/1145] 10.0.0.161 () {32 vars in 737 bytes} [Fri Jul 3 13:19:45 2026] GET /v2.0/security-groups/c50f7c90-a699-431c-875c-efeff005aa1f => generated 146 bytes in 7 msecs (HTTP/1.1 404) 4 headers in 164 bytes (1 switches on core 0) [pid: 8|app: 0|req: 554/1146] 10.0.0.51 () {34 vars in 1039 bytes} [Fri Jul 3 13:19:45 2026] GET /v2.0/security-groups?id=6e5c997d-025e-4e49-a18c-f91c0921ca8e&fields=id&fields=name => generated 114 bytes in 21 msecs (HTTP/1.1 200) 4 headers in 157 bytes (1 switches on core 0) [pid: 7|app: 0|req: 593/1147] 10.0.0.161 () {32 vars in 649 bytes} [Fri Jul 3 13:19:45 2026] GET /v2.0/networks => generated 1971 bytes in 62 msecs (HTTP/1.1 200) 4 headers in 158 bytes (1 switches on core 0)
2026-07-03 13:19:45.270 8 INFO neutron_taas.services.taas.taas_plugin [None req-3b5fe5d3-9a52-45ca-9b94-19087612a589 84616ce799794653a08d3bcd85a5cbe1 169fa4e4c0634cb4a49258d25540ad71 - - default default] TaaS: Handle Delete Port: cb48fd5c-668d-42e3-8ec1-05f2cffe9f27
2026-07-03 13:19:45.273 8 INFO neutron_taas.services.taas.tap_mirror_plugin [None req-3b5fe5d3-9a52-45ca-9b94-19087612a589 84616ce799794653a08d3bcd85a5cbe1 169fa4e4c0634cb4a49258d25540ad71 - - default default] Tap Mirror: Handle Delete Port: cb48fd5c-668d-42e3-8ec1-05f2cffe9f27
2026-07-03 13:19:45.311 7 INFO neutron_taas.services.taas.taas_plugin [None req-b4d0c227-dd33-4c00-8ec8-21415306d029 a36ccdc39b804b059ab484d1e19d0f41 7866adce7ae94a7b834a99dedf06e3ce - - default default] TaaS: Handle Delete Port: 06ffc294-c693-4c6f-84cb-295f419cc52c
2026-07-03 13:19:45.314 7 INFO neutron_taas.services.taas.tap_mirror_plugin [None req-b4d0c227-dd33-4c00-8ec8-21415306d029 a36ccdc39b804b059ab484d1e19d0f41 7866adce7ae94a7b834a99dedf06e3ce - - default default] Tap Mirror: Handle Delete Port: 06ffc294-c693-4c6f-84cb-295f419cc52c [pid: 8|app: 0|req: 555/1148] 10.0.0.161 () {32 vars in 732 bytes} [Fri Jul 3 13:19:45 2026] DELETE /v2.0/floatingips/761a9da1-e7fd-4fbb-8672-d189376ad61d => generated 0 bytes in 264 msecs (HTTP/1.1 204) 2 headers in 112 bytes (1 switches on core 0)
2026-07-03 13:19:45.499 7 INFO neutron.services.segments.plugin [-] Segment 633aeb22-fdb7-4124-8c76-9e3eab471039 resource provider aggregate not found
2026-07-03 13:19:45.506 7 INFO neutron.services.segments.plugin [-] Segment 633aeb22-fdb7-4124-8c76-9e3eab471039 resource provider aggregate not found
2026-07-03 13:19:45.523 7 INFO neutron.services.segments.plugin [-] Client error retrieving segment 633aeb22-fdb7-4124-8c76-9e3eab471039 resource provider; error: Placement Client Error (4xx): {"errors": [{"status": 404, "title": "Not Found", "detail": "The resource could not be found.\n\n No resource provider with uuid 633aeb22-fdb7-4124-8c76-9e3eab471039 found for delete ", "request_id": "req-2e15f628-3e81-4cfc-a9ba-b175bcb07dcd"}]}
2026-07-03 13:19:45.540 7 INFO neutron.services.segments.plugin [-] Client error retrieving segment 633aeb22-fdb7-4124-8c76-9e3eab471039 resource provider; error: Placement Client Error (4xx): {"errors": [{"status": 404, "title": "Not Found", "detail": "The resource could not be found.\n\n No resource provider with uuid 633aeb22-fdb7-4124-8c76-9e3eab471039 found for delete ", "request_id": "req-d4b033a1-6ecd-4044-aba0-d95f8a66c0e7"}]} [pid: 7|app: 0|req: 594/1149] 10.0.0.161 () {32 vars in 726 bytes} [Fri Jul 3 13:19:45 2026] DELETE /v2.0/networks/ac39abd8-354a-424e-8488-7be3599a7b9e => generated 0 bytes in 373 msecs (HTTP/1.1 204) 3 headers in 131 bytes (1 switches on core 0)
2026-07-03 13:19:45.691 7 INFO neutron.db.ovn_revision_numbers_db [None req-83f7dea7-757e-4378-a1f9-2f98944fac8c 352c29dd61fe4cbd91a801a0bea4661e 33e0e3cd375c4e7aaa72805566eb9a69 - - default default] Successfully bumped revision number for resource fee420c7-321f-4f15-9801-c3f13b102831 (type: security_groups) to 1
2026-07-03 13:19:45.701 7 INFO neutron.db.ovn_revision_numbers_db [None req-83f7dea7-757e-4378-a1f9-2f98944fac8c 352c29dd61fe4cbd91a801a0bea4661e 33e0e3cd375c4e7aaa72805566eb9a69 - - default default] Successfully bumped revision number for resource 08e41484-6070-424b-afbd-e00d841b30c1 (type: security_group_rules) to 0
2026-07-03 13:19:45.711 7 INFO neutron.db.ovn_revision_numbers_db [None req-83f7dea7-757e-4378-a1f9-2f98944fac8c 352c29dd61fe4cbd91a801a0bea4661e 33e0e3cd375c4e7aaa72805566eb9a69 - - default default] Successfully bumped revision number for resource cbe38a4c-71ac-46bc-9ed3-f8839e29d99a (type: security_group_rules) to 0
2026-07-03 13:19:45.745 8 INFO neutron_taas.services.taas.taas_plugin [None req-8d346942-3e00-4f7e-a3c9-1dd7fbaf3433 05c53cff06d7451a9e4b46c93241d3b5 fdc7aa30877c43f2a5bac8b86b8ba201 - - default default] TaaS: Handle Delete Port: 72ab9f40-81c5-4ff7-9f3d-dc63982c6fe6
2026-07-03 13:19:45.748 8 INFO neutron_taas.services.taas.tap_mirror_plugin [None req-8d346942-3e00-4f7e-a3c9-1dd7fbaf3433 05c53cff06d7451a9e4b46c93241d3b5 fdc7aa30877c43f2a5bac8b86b8ba201 - - default default] Tap Mirror: Handle Delete Port: 72ab9f40-81c5-4ff7-9f3d-dc63982c6fe6
2026-07-03 13:19:45.758 7 INFO neutron.plugins.ml2.drivers.ovn.mech_driver.mech_driver [None req-9a6626db-578a-4672-b4b0-466dc72fe6c4 - - - - - -] OVN reports status down for port: 232a7189-3d48-412c-ba1b-f6cff9de05fe [pid: 7|app: 0|req: 595/1150] 10.0.0.161 () {34 vars in 685 bytes} [Fri Jul 3 13:19:45 2026] POST /v2.0/security-groups => generated 1660 bytes in 221 msecs (HTTP/1.1 201) 4 headers in 163 bytes (1 switches on core 0)
2026-07-03 13:19:45.855 7 WARNING neutron.plugins.ml2.drivers.ovn.mech_driver.ovsdb.ovn_client [None req-9a6626db-578a-4672-b4b0-466dc72fe6c4 - - - - - -] Logical_Switch_Port 232a7189-3d48-412c-ba1b-f6cff9de05fe host information not removed, the port state is up
2026-07-03 13:19:45.856 7 INFO neutron.plugins.ml2.drivers.ovn.mech_driver.mech_driver [None req-9a6626db-578a-4672-b4b0-466dc72fe6c4 - - - - - -] OVN reports status up for port: 232a7189-3d48-412c-ba1b-f6cff9de05fe
2026-07-03 13:19:45.873 7 INFO neutron.plugins.ml2.plugin [None req-9a6626db-578a-4672-b4b0-466dc72fe6c4 - - - - - -] Attempt 1 to provision port 232a7189-3d48-412c-ba1b-f6cff9de05fe
2026-07-03 13:19:46.015 7 INFO neutron_taas.services.taas.taas_plugin [None req-16a78f61-33fd-40a3-a669-1231e40b1898 a36ccdc39b804b059ab484d1e19d0f41 7866adce7ae94a7b834a99dedf06e3ce - - default default] TaaS: Handle Delete Port: 221a37e1-7b6d-4864-822c-f8b206b2804e
2026-07-03 13:19:46.020 7 INFO neutron_taas.services.taas.tap_mirror_plugin [None req-16a78f61-33fd-40a3-a669-1231e40b1898 a36ccdc39b804b059ab484d1e19d0f41 7866adce7ae94a7b834a99dedf06e3ce - - default default] Tap Mirror: Handle Delete Port: 221a37e1-7b6d-4864-822c-f8b206b2804e [pid: 8|app: 0|req: 556/1151] 10.0.0.161 () {34 vars in 789 bytes} [Fri Jul 3 13:19:45 2026] PUT /v2.0/routers/a673e2c3-828b-48c5-a7eb-fa664105f7fd/remove_router_interface => generated 309 bytes in 896 msecs (HTTP/1.1 200) 4 headers in 157 bytes (1 switches on core 0) /var/lib/openstack/lib/python3.12/site-packages/pycadf/identifier.py:70: UserWarning: Invalid uuid: neutron. To ensure interoperability, identifiers should be a valid uuid. warnings.warn(('Invalid uuid: %s. To ensure interoperability, '
2026-07-03 13:19:46.472 8 INFO neutron.db.ovn_revision_numbers_db [None req-b9c2e1b9-d539-4cb7-a883-ce708d12b759 352c29dd61fe4cbd91a801a0bea4661e 33e0e3cd375c4e7aaa72805566eb9a69 - - default default] Successfully bumped revision number for resource 1de4aa7b-b859-48e5-ae8a-6c5b73cfb093 (type: security_group_rules) to 0 [pid: 7|app: 0|req: 596/1152] 10.0.0.161 () {32 vars in 726 bytes} [Fri Jul 3 13:19:45 2026] DELETE /v2.0/networks/5d396d92-d0c6-49e7-a995-e629a0054e06 => generated 0 bytes in 723 msecs (HTTP/1.1 204) 3 headers in 131 bytes (1 switches on core 0) [pid: 8|app: 0|req: 557/1153] 10.0.0.161 () {34 vars in 695 bytes} [Fri Jul 3 13:19:46 2026] POST /v2.0/security-group-rules => generated 597 bytes in 178 msecs (HTTP/1.1 201) 4 headers in 162 bytes (1 switches on core 0) [pid: 8|app: 0|req: 558/1154] 10.0.0.161 () {32 vars in 649 bytes} [Fri Jul 3 13:19:46 2026] GET /v2.0/networks => generated 689 bytes in 64 msecs (HTTP/1.1 200) 4 headers in 157 bytes (1 switches on core 0)
2026-07-03 13:19:46.672 7 INFO neutron.db.ovn_revision_numbers_db [None req-9a6626db-578a-4672-b4b0-466dc72fe6c4 - - - - - -] Successfully bumped revision number for resource 232a7189-3d48-412c-ba1b-f6cff9de05fe (type: ports) to 2
2026-07-03 13:19:46.699 8 INFO neutron.db.ovn_revision_numbers_db [None req-ebb04b52-4119-49a7-b768-2f190426a779 352c29dd61fe4cbd91a801a0bea4661e 33e0e3cd375c4e7aaa72805566eb9a69 - - default default] Successfully bumped revision number for resource cda6f623-597b-4d4a-a2e2-16e13099e9f7 (type: security_group_rules) to 0 [pid: 8|app: 0|req: 559/1155] 10.0.0.161 () {34 vars in 695 bytes} [Fri Jul 3 13:19:46 2026] POST /v2.0/security-group-rules => generated 602 bytes in 150 msecs (HTTP/1.1 201) 4 headers in 162 bytes (1 switches on core 0)
2026-07-03 13:19:46.810 8 INFO neutron.db.segments_db [None req-efe813c5-cb26-4f01-beca-7fb1ae9ebd59 a36ccdc39b804b059ab484d1e19d0f41 7866adce7ae94a7b834a99dedf06e3ce - - default default] Added segment 3f9b8c55-fe4e-4846-af7c-94ac6dca01bb of type geneve for network 619f3177-4a99-427c-8263-ea21fcbc475c
2026-07-03 13:19:46.915 8 INFO neutron.db.ovn_revision_numbers_db [None req-efe813c5-cb26-4f01-beca-7fb1ae9ebd59 a36ccdc39b804b059ab484d1e19d0f41 7866adce7ae94a7b834a99dedf06e3ce - - default default] Successfully bumped revision number for resource 619f3177-4a99-427c-8263-ea21fcbc475c (type: networks) to 1
2026-07-03 13:19:47.010 7 INFO neutron_taas.services.taas.taas_plugin [None req-a6802a77-17ca-40ed-a59d-ad2a054096bd 05c53cff06d7451a9e4b46c93241d3b5 fdc7aa30877c43f2a5bac8b86b8ba201 - - default default] TaaS: Handle Delete Port: 038699f9-ee3a-49a5-8b28-b71b55a7a4f8
2026-07-03 13:19:47.015 7 INFO neutron_taas.services.taas.tap_mirror_plugin [None req-a6802a77-17ca-40ed-a59d-ad2a054096bd 05c53cff06d7451a9e4b46c93241d3b5 fdc7aa30877c43f2a5bac8b86b8ba201 - - default default] Tap Mirror: Handle Delete Port: 038699f9-ee3a-49a5-8b28-b71b55a7a4f8
2026-07-03 13:19:47.064 8 WARNING neutron.scheduler.dhcp_agent_scheduler [None req-efe813c5-cb26-4f01-beca-7fb1ae9ebd59 a36ccdc39b804b059ab484d1e19d0f41 7866adce7ae94a7b834a99dedf06e3ce - - default default] No more DHCP agents
2026-07-03 13:19:47.066 8 WARNING neutron.api.rpc.agentnotifiers.dhcp_rpc_agent_api [None req-efe813c5-cb26-4f01-beca-7fb1ae9ebd59 a36ccdc39b804b059ab484d1e19d0f41 7866adce7ae94a7b834a99dedf06e3ce - - default default] Unable to schedule network 619f3177-4a99-427c-8263-ea21fcbc475c: no agents available; will retry on subsequent port and subnet creation events.
2026-07-03 13:19:47.134 8 INFO neutron.db.ovn_revision_numbers_db [None req-efe813c5-cb26-4f01-beca-7fb1ae9ebd59 a36ccdc39b804b059ab484d1e19d0f41 7866adce7ae94a7b834a99dedf06e3ce - - default default] Successfully bumped revision number for resource 48343949-80a2-446e-ae46-afc0b25a523c (type: ports) to 1 [pid: 8|app: 0|req: 560/1156] 10.0.0.161 () {34 vars in 670 bytes} [Fri Jul 3 13:19:46 2026] POST /v2.0/networks => generated 688 bytes in 423 msecs (HTTP/1.1 201) 4 headers in 162 bytes (1 switches on core 0)
