Apr 06 17:20:36.897656 np0000163547 systemd[1]: Starting devstack@n-api-meta.service - Devstack devstack@n-api-meta.service...
Apr 06 17:20:36.909013 np0000163547 devstack@n-api-meta.service[107460]: [uWSGI] getting INI configuration from /etc/nova/nova-metadata-uwsgi.ini
Apr 06 17:20:36.909655 np0000163547 devstack@n-api-meta.service[107460]: open("./http_plugin.so"): No such file or directory [core/utils.c line 3709]
Apr 06 17:20:36.909655 np0000163547 devstack@n-api-meta.service[107460]: !!! UNABLE to load uWSGI plugin: ./http_plugin.so: cannot open shared object file: No such file or directory !!!
Apr 06 17:20:36.909655 np0000163547 devstack@n-api-meta.service[107460]: open("./python3_plugin.so"): No such file or directory [core/utils.c line 3709]
Apr 06 17:20:36.909655 np0000163547 devstack@n-api-meta.service[107460]: !!! UNABLE to load uWSGI plugin: ./python3_plugin.so: cannot open shared object file: No such file or directory !!!
Apr 06 17:20:36.909655 np0000163547 devstack@n-api-meta.service[107460]: *** Starting uWSGI 2.0.31 (64bit) on [Mon Apr 6 17:20:36 2026] ***
Apr 06 17:20:36.909655 np0000163547 devstack@n-api-meta.service[107460]: compiled with version: 13.3.0 on 06 April 2026 17:10:03
Apr 06 17:20:36.909655 np0000163547 devstack@n-api-meta.service[107460]: os: Linux-6.8.0-107-generic #107-Ubuntu SMP PREEMPT_DYNAMIC Fri Mar 13 19:51:50 UTC 2026
Apr 06 17:20:36.909655 np0000163547 devstack@n-api-meta.service[107460]: nodename: np0000163547
Apr 06 17:20:36.909655 np0000163547 devstack@n-api-meta.service[107460]: machine: x86_64
Apr 06 17:20:36.909655 np0000163547 devstack@n-api-meta.service[107460]: clock source: unix
Apr 06 17:20:36.909655 np0000163547 devstack@n-api-meta.service[107460]: pcre jit disabled
Apr 06 17:20:36.909655 np0000163547 devstack@n-api-meta.service[107460]: detected number of CPU cores: 16
Apr 06 17:20:36.909655 np0000163547 devstack@n-api-meta.service[107460]: current working directory: /
Apr 06 17:20:36.909655 np0000163547 devstack@n-api-meta.service[107460]: detected binary path: /opt/stack/data/venv/bin/uwsgi
Apr 06 17:20:36.909655 np0000163547 devstack@n-api-meta.service[107460]: your processes number limit is 256917
Apr 06 17:20:36.909655 np0000163547 devstack@n-api-meta.service[107460]: your memory page size is 4096 bytes
Apr 06 17:20:36.909655 np0000163547 devstack@n-api-meta.service[107460]: detected max file descriptor number: 2048
Apr 06 17:20:36.909655 np0000163547 devstack@n-api-meta.service[107460]: lock engine: pthread robust mutexes
Apr 06 17:20:36.909655 np0000163547 devstack@n-api-meta.service[107460]: thunder lock: enabled
Apr 06 17:20:36.910547 np0000163547 devstack@n-api-meta.service[107460]: uWSGI http bound on 0.0.0.0:8775 fd 5
Apr 06 17:20:36.910547 np0000163547 devstack@n-api-meta.service[107460]: uwsgi socket 0 bound to TCP address 127.0.0.1:46107 (port auto-assigned) fd 4
Apr 06 17:20:36.910547 np0000163547 devstack@n-api-meta.service[107460]: Python version: 3.12.3 (main, Mar 3 2026, 12:15:18) [GCC 13.3.0]
Apr 06 17:20:36.910547 np0000163547 devstack@n-api-meta.service[107460]: PEP 405 virtualenv detected: /opt/stack/data/venv
Apr 06 17:20:36.910547 np0000163547 devstack@n-api-meta.service[107460]: Set PythonHome to /opt/stack/data/venv
Apr 06 17:20:36.946716 np0000163547 devstack@n-api-meta.service[107460]: Python main interpreter initialized at 0x774ae14a3668
Apr 06 17:20:36.946716 np0000163547 devstack@n-api-meta.service[107460]: python threads support enabled
Apr 06 17:20:36.946716 np0000163547 devstack@n-api-meta.service[107460]: your server socket listen backlog is limited to 100 connections
Apr 06 17:20:36.946716 np0000163547 devstack@n-api-meta.service[107460]: your mercy for graceful operations on workers is 80 seconds
Apr 06 17:20:36.947456 np0000163547 devstack@n-api-meta.service[107460]: mapped 671795 bytes (656 KB) for 4 cores
Apr 06 17:20:36.947665 np0000163547 devstack@n-api-meta.service[107460]: *** Operational MODE: preforking ***
Apr 06 17:20:36.947993 np0000163547 devstack@n-api-meta.service[107460]: *** uWSGI is running in multiple interpreter mode ***
Apr 06 17:20:36.947993 np0000163547 devstack@n-api-meta.service[107460]: spawned uWSGI master process (pid: 107460)
Apr 06 17:20:36.948174 np0000163547 systemd[1]: Started devstack@n-api-meta.service - Devstack devstack@n-api-meta.service.
Apr 06 17:20:36.948766 np0000163547 devstack@n-api-meta.service[107460]: spawned uWSGI worker 1 (pid: 107461, cores: 1)
Apr 06 17:20:36.949572 np0000163547 devstack@n-api-meta.service[107460]: spawned uWSGI worker 2 (pid: 107462, cores: 1)
Apr 06 17:20:36.950178 np0000163547 devstack@n-api-meta.service[107460]: spawned uWSGI worker 3 (pid: 107463, cores: 1)
Apr 06 17:20:36.950749 np0000163547 devstack@n-api-meta.service[107460]: spawned uWSGI worker 4 (pid: 107464, cores: 1)
Apr 06 17:20:36.951399 np0000163547 devstack@n-api-meta.service[107460]: spawned uWSGI http 1 (pid: 107465)
Apr 06 17:20:36.951399 np0000163547 devstack@n-api-meta.service[107460]: running "unix_signal:15 gracefully_kill_them_all" (master-start)...
Apr 06 17:20:37.309907 np0000163547 devstack@n-api-meta.service[107464]: Service is starting with native threading. This is currently experimental. Do not use it in production without first testing it in pre-production.
Apr 06 17:20:37.326522 np0000163547 devstack@n-api-meta.service[107462]: Service is starting with native threading. This is currently experimental. Do not use it in production without first testing it in pre-production.
Apr 06 17:20:37.338536 np0000163547 devstack@n-api-meta.service[107461]: Service is starting with native threading. This is currently experimental. Do not use it in production without first testing it in pre-production.
Apr 06 17:20:37.344493 np0000163547 devstack@n-api-meta.service[107463]: Service is starting with native threading. This is currently experimental. Do not use it in production without first testing it in pre-production.
Apr 06 17:20:38.819999 np0000163547 devstack@n-api-meta.service[107464]: INFO dbcounter [None req-c39e96cd-8da5-4a99-b846-b4f030535765 None None] Registered counter for database nova_api
Apr 06 17:20:38.836835 np0000163547 devstack@n-api-meta.service[107464]: DEBUG oslo_db.sqlalchemy.engines [None req-c39e96cd-8da5-4a99-b846-b4f030535765 None None] MySQL server mode set to STRICT_TRANS_TABLES,STRICT_ALL_TABLES,NO_ZERO_IN_DATE,NO_ZERO_DATE,ERROR_FOR_DIVISION_BY_ZERO,TRADITIONAL,NO_ENGINE_SUBSTITUTION {{(pid=107464) _check_effective_sql_mode /opt/stack/data/venv/lib/python3.12/site-packages/oslo_db/sqlalchemy/engines.py:325}}
Apr 06 17:20:38.843867 np0000163547 devstack@n-api-meta.service[107462]: INFO dbcounter [None req-f0f0d830-61ab-48f1-accc-eaee968ad29d None None] Registered counter for database nova_api
Apr 06 17:20:38.862101 np0000163547 devstack@n-api-meta.service[107462]: DEBUG oslo_db.sqlalchemy.engines [None req-f0f0d830-61ab-48f1-accc-eaee968ad29d None None] MySQL server mode set to STRICT_TRANS_TABLES,STRICT_ALL_TABLES,NO_ZERO_IN_DATE,NO_ZERO_DATE,ERROR_FOR_DIVISION_BY_ZERO,TRADITIONAL,NO_ENGINE_SUBSTITUTION {{(pid=107462) _check_effective_sql_mode /opt/stack/data/venv/lib/python3.12/site-packages/oslo_db/sqlalchemy/engines.py:325}}
Apr 06 17:20:38.866255 np0000163547 devstack@n-api-meta.service[107464]: DEBUG dbcounter [-] [107464] Writer thread running {{(pid=107464) stat_writer /opt/stack/data/venv/lib/python3.12/site-packages/dbcounter.py:102}}
Apr 06 17:20:38.868538 np0000163547 devstack@n-api-meta.service[107461]: INFO dbcounter [None req-167f06c3-d49a-4850-b9e1-ad1514199052 None None] Registered counter for database nova_api
Apr 06 17:20:38.869160 np0000163547 devstack@n-api-meta.service[107464]: DEBUG nova.context [None req-c39e96cd-8da5-4a99-b846-b4f030535765 None None] Found 2 cells: 00000000-0000-0000-0000-000000000000(cell0),89fb7cfb-5ca4-4304-89fd-a00cd41b04dc(cell1) {{(pid=107464) load_cells /opt/stack/nova/nova/context.py:509}}
Apr 06 17:20:38.869160 np0000163547 devstack@n-api-meta.service[107464]: INFO nova.utils [None req-c39e96cd-8da5-4a99-b846-b4f030535765 None None] The cell worker thread pool MainProcess.cell_worker is initialized
Apr 06 17:20:38.870706 np0000163547 devstack@n-api-meta.service[107464]: DEBUG oslo_concurrency.lockutils [None req-c39e96cd-8da5-4a99-b846-b4f030535765 None None] Acquiring lock "00000000-0000-0000-0000-000000000000" by "nova.context.set_target_cell..get_or_set_cached_cell_and_set_connections" {{(pid=107464) inner /opt/stack/data/venv/lib/python3.12/site-packages/oslo_concurrency/lockutils.py:506}}
Apr 06 17:20:38.870870 np0000163547 devstack@n-api-meta.service[107464]: DEBUG oslo_concurrency.lockutils [None req-c39e96cd-8da5-4a99-b846-b4f030535765 None None] Lock "00000000-0000-0000-0000-000000000000" acquired by "nova.context.set_target_cell..get_or_set_cached_cell_and_set_connections" :: waited 0.000s {{(pid=107464) inner /opt/stack/data/venv/lib/python3.12/site-packages/oslo_concurrency/lockutils.py:519}}
Apr 06 17:20:38.871236 np0000163547 devstack@n-api-meta.service[107464]: DEBUG oslo_concurrency.lockutils [None req-c39e96cd-8da5-4a99-b846-b4f030535765 None None] Lock "00000000-0000-0000-0000-000000000000" "released" by "nova.context.set_target_cell..get_or_set_cached_cell_and_set_connections" :: held 0.000s {{(pid=107464) inner /opt/stack/data/venv/lib/python3.12/site-packages/oslo_concurrency/lockutils.py:538}}
Apr 06 17:20:38.871994 np0000163547 devstack@n-api-meta.service[107464]: DEBUG oslo_concurrency.lockutils [None req-c39e96cd-8da5-4a99-b846-b4f030535765 None None] Acquiring lock "89fb7cfb-5ca4-4304-89fd-a00cd41b04dc" by "nova.context.set_target_cell..get_or_set_cached_cell_and_set_connections" {{(pid=107464) inner /opt/stack/data/venv/lib/python3.12/site-packages/oslo_concurrency/lockutils.py:506}}
Apr 06 17:20:38.872133 np0000163547 devstack@n-api-meta.service[107464]: DEBUG oslo_concurrency.lockutils [None req-c39e96cd-8da5-4a99-b846-b4f030535765 None None] Lock "89fb7cfb-5ca4-4304-89fd-a00cd41b04dc" acquired by "nova.context.set_target_cell..get_or_set_cached_cell_and_set_connections" :: waited 0.000s {{(pid=107464) inner /opt/stack/data/venv/lib/python3.12/site-packages/oslo_concurrency/lockutils.py:519}}
Apr 06 17:20:38.872947 np0000163547 devstack@n-api-meta.service[107464]: DEBUG oslo_concurrency.lockutils [None req-c39e96cd-8da5-4a99-b846-b4f030535765 None None] Lock "89fb7cfb-5ca4-4304-89fd-a00cd41b04dc" "released" by "nova.context.set_target_cell..get_or_set_cached_cell_and_set_connections" :: held 0.001s {{(pid=107464) inner /opt/stack/data/venv/lib/python3.12/site-packages/oslo_concurrency/lockutils.py:538}}
Apr 06 17:20:38.875382 np0000163547 devstack@n-api-meta.service[107464]: INFO dbcounter [None req-c39e96cd-8da5-4a99-b846-b4f030535765 None None] Registered counter for database nova_cell0
Apr 06 17:20:38.880145 np0000163547 devstack@n-api-meta.service[107464]: INFO dbcounter [None req-c39e96cd-8da5-4a99-b846-b4f030535765 None None] Registered counter for database nova_cell1
Apr 06 17:20:38.881588 np0000163547 devstack@n-api-meta.service[107463]: INFO dbcounter [None req-e9c4c3aa-379b-4785-9788-f70e914442cb None None] Registered counter for database nova_api
Apr 06 17:20:38.886478 np0000163547 devstack@n-api-meta.service[107461]: DEBUG oslo_db.sqlalchemy.engines [None req-167f06c3-d49a-4850-b9e1-ad1514199052 None None] MySQL server mode set to STRICT_TRANS_TABLES,STRICT_ALL_TABLES,NO_ZERO_IN_DATE,NO_ZERO_DATE,ERROR_FOR_DIVISION_BY_ZERO,TRADITIONAL,NO_ENGINE_SUBSTITUTION {{(pid=107461) _check_effective_sql_mode /opt/stack/data/venv/lib/python3.12/site-packages/oslo_db/sqlalchemy/engines.py:325}}
Apr 06 17:20:38.892215 np0000163547 devstack@n-api-meta.service[107464]: DEBUG oslo_db.sqlalchemy.engines [None req-c39e96cd-8da5-4a99-b846-b4f030535765 None None] MySQL server mode set to STRICT_TRANS_TABLES,STRICT_ALL_TABLES,NO_ZERO_IN_DATE,NO_ZERO_DATE,ERROR_FOR_DIVISION_BY_ZERO,TRADITIONAL,NO_ENGINE_SUBSTITUTION {{(pid=107464) _check_effective_sql_mode /opt/stack/data/venv/lib/python3.12/site-packages/oslo_db/sqlalchemy/engines.py:325}}
Apr 06 17:20:38.897837 np0000163547 devstack@n-api-meta.service[107464]: DEBUG oslo_db.sqlalchemy.engines [None req-c39e96cd-8da5-4a99-b846-b4f030535765 None None] MySQL server mode set to STRICT_TRANS_TABLES,STRICT_ALL_TABLES,NO_ZERO_IN_DATE,NO_ZERO_DATE,ERROR_FOR_DIVISION_BY_ZERO,TRADITIONAL,NO_ENGINE_SUBSTITUTION {{(pid=107464) _check_effective_sql_mode /opt/stack/data/venv/lib/python3.12/site-packages/oslo_db/sqlalchemy/engines.py:325}}
Apr 06 17:20:38.899166 np0000163547 devstack@n-api-meta.service[107462]: DEBUG dbcounter [-] [107462] Writer thread running {{(pid=107462) stat_writer /opt/stack/data/venv/lib/python3.12/site-packages/dbcounter.py:102}}
Apr 06 17:20:38.900363 np0000163547 devstack@n-api-meta.service[107463]: DEBUG oslo_db.sqlalchemy.engines [None req-e9c4c3aa-379b-4785-9788-f70e914442cb None None] MySQL server mode set to STRICT_TRANS_TABLES,STRICT_ALL_TABLES,NO_ZERO_IN_DATE,NO_ZERO_DATE,ERROR_FOR_DIVISION_BY_ZERO,TRADITIONAL,NO_ENGINE_SUBSTITUTION {{(pid=107463) _check_effective_sql_mode /opt/stack/data/venv/lib/python3.12/site-packages/oslo_db/sqlalchemy/engines.py:325}}
Apr 06 17:20:38.901829 np0000163547 devstack@n-api-meta.service[107462]: DEBUG nova.context [None req-f0f0d830-61ab-48f1-accc-eaee968ad29d None None] Found 2 cells: 00000000-0000-0000-0000-000000000000(cell0),89fb7cfb-5ca4-4304-89fd-a00cd41b04dc(cell1) {{(pid=107462) load_cells /opt/stack/nova/nova/context.py:509}}
Apr 06 17:20:38.902073 np0000163547 devstack@n-api-meta.service[107462]: INFO nova.utils [None req-f0f0d830-61ab-48f1-accc-eaee968ad29d None None] The cell worker thread pool MainProcess.cell_worker is initialized
Apr 06 17:20:38.903879 np0000163547 devstack@n-api-meta.service[107462]: DEBUG oslo_concurrency.lockutils [None req-f0f0d830-61ab-48f1-accc-eaee968ad29d None None] Acquiring lock "00000000-0000-0000-0000-000000000000" by "nova.context.set_target_cell..get_or_set_cached_cell_and_set_connections" {{(pid=107462) inner /opt/stack/data/venv/lib/python3.12/site-packages/oslo_concurrency/lockutils.py:506}}
Apr 06 17:20:38.904034 np0000163547 devstack@n-api-meta.service[107462]: DEBUG oslo_concurrency.lockutils [None req-f0f0d830-61ab-48f1-accc-eaee968ad29d None None] Lock "00000000-0000-0000-0000-000000000000" acquired by "nova.context.set_target_cell..get_or_set_cached_cell_and_set_connections" :: waited 0.000s {{(pid=107462) inner /opt/stack/data/venv/lib/python3.12/site-packages/oslo_concurrency/lockutils.py:519}}
Apr 06 17:20:38.904392 np0000163547 devstack@n-api-meta.service[107462]: DEBUG oslo_concurrency.lockutils [None req-f0f0d830-61ab-48f1-accc-eaee968ad29d None None] Lock "00000000-0000-0000-0000-000000000000" "released" by "nova.context.set_target_cell..get_or_set_cached_cell_and_set_connections" :: held 0.000s {{(pid=107462) inner /opt/stack/data/venv/lib/python3.12/site-packages/oslo_concurrency/lockutils.py:538}}
Apr 06 17:20:38.905115 np0000163547 devstack@n-api-meta.service[107462]: DEBUG oslo_concurrency.lockutils [None req-f0f0d830-61ab-48f1-accc-eaee968ad29d None None] Acquiring lock "89fb7cfb-5ca4-4304-89fd-a00cd41b04dc" by "nova.context.set_target_cell..get_or_set_cached_cell_and_set_connections" {{(pid=107462) inner /opt/stack/data/venv/lib/python3.12/site-packages/oslo_concurrency/lockutils.py:506}}
Apr 06 17:20:38.905261 np0000163547 devstack@n-api-meta.service[107462]: DEBUG oslo_concurrency.lockutils [None req-f0f0d830-61ab-48f1-accc-eaee968ad29d None None] Lock "89fb7cfb-5ca4-4304-89fd-a00cd41b04dc" acquired by "nova.context.set_target_cell..get_or_set_cached_cell_and_set_connections" :: waited 0.000s {{(pid=107462) inner /opt/stack/data/venv/lib/python3.12/site-packages/oslo_concurrency/lockutils.py:519}}
Apr 06 17:20:38.906085 np0000163547 devstack@n-api-meta.service[107462]: DEBUG oslo_concurrency.lockutils [None req-f0f0d830-61ab-48f1-accc-eaee968ad29d None None] Lock "89fb7cfb-5ca4-4304-89fd-a00cd41b04dc" "released" by "nova.context.set_target_cell..get_or_set_cached_cell_and_set_connections" :: held 0.001s {{(pid=107462) inner /opt/stack/data/venv/lib/python3.12/site-packages/oslo_concurrency/lockutils.py:538}}
Apr 06 17:20:38.910001 np0000163547 devstack@n-api-meta.service[107462]: INFO dbcounter [None req-f0f0d830-61ab-48f1-accc-eaee968ad29d None None] Registered counter for database nova_cell0
Apr 06 17:20:38.913342 np0000163547 devstack@n-api-meta.service[107462]: INFO dbcounter [None req-f0f0d830-61ab-48f1-accc-eaee968ad29d None None] Registered counter for database nova_cell1
Apr 06 17:20:38.921663 np0000163547 devstack@n-api-meta.service[107462]: DEBUG oslo_db.sqlalchemy.engines [None req-f0f0d830-61ab-48f1-accc-eaee968ad29d None None] MySQL server mode set to STRICT_TRANS_TABLES,STRICT_ALL_TABLES,NO_ZERO_IN_DATE,NO_ZERO_DATE,ERROR_FOR_DIVISION_BY_ZERO,TRADITIONAL,NO_ENGINE_SUBSTITUTION {{(pid=107462) _check_effective_sql_mode /opt/stack/data/venv/lib/python3.12/site-packages/oslo_db/sqlalchemy/engines.py:325}}
Apr 06 17:20:38.922141 np0000163547 devstack@n-api-meta.service[107461]: DEBUG dbcounter [-] [107461] Writer thread running {{(pid=107461) stat_writer /opt/stack/data/venv/lib/python3.12/site-packages/dbcounter.py:102}}
Apr 06 17:20:38.924530 np0000163547 devstack@n-api-meta.service[107461]: DEBUG nova.context [None req-167f06c3-d49a-4850-b9e1-ad1514199052 None None] Found 2 cells: 00000000-0000-0000-0000-000000000000(cell0),89fb7cfb-5ca4-4304-89fd-a00cd41b04dc(cell1) {{(pid=107461) load_cells /opt/stack/nova/nova/context.py:509}}
Apr 06 17:20:38.924755 np0000163547 devstack@n-api-meta.service[107461]: INFO nova.utils [None req-167f06c3-d49a-4850-b9e1-ad1514199052 None None] The cell worker thread pool MainProcess.cell_worker is initialized
Apr 06 17:20:38.926647 np0000163547 devstack@n-api-meta.service[107461]: DEBUG oslo_concurrency.lockutils [None req-167f06c3-d49a-4850-b9e1-ad1514199052 None None] Acquiring lock "00000000-0000-0000-0000-000000000000" by "nova.context.set_target_cell..get_or_set_cached_cell_and_set_connections" {{(pid=107461) inner /opt/stack/data/venv/lib/python3.12/site-packages/oslo_concurrency/lockutils.py:506}}
Apr 06 17:20:38.926821 np0000163547 devstack@n-api-meta.service[107461]: DEBUG oslo_concurrency.lockutils [None req-167f06c3-d49a-4850-b9e1-ad1514199052 None None] Lock "00000000-0000-0000-0000-000000000000" acquired by "nova.context.set_target_cell..get_or_set_cached_cell_and_set_connections" :: waited 0.000s {{(pid=107461) inner /opt/stack/data/venv/lib/python3.12/site-packages/oslo_concurrency/lockutils.py:519}}
Apr 06 17:20:38.927190 np0000163547 devstack@n-api-meta.service[107461]: DEBUG oslo_concurrency.lockutils [None req-167f06c3-d49a-4850-b9e1-ad1514199052 None None] Lock "00000000-0000-0000-0000-000000000000" "released" by "nova.context.set_target_cell..get_or_set_cached_cell_and_set_connections" :: held 0.000s {{(pid=107461) inner /opt/stack/data/venv/lib/python3.12/site-packages/oslo_concurrency/lockutils.py:538}}
Apr 06 17:20:38.928161 np0000163547 devstack@n-api-meta.service[107461]: DEBUG oslo_concurrency.lockutils [None req-167f06c3-d49a-4850-b9e1-ad1514199052 None None] Acquiring lock "89fb7cfb-5ca4-4304-89fd-a00cd41b04dc" by "nova.context.set_target_cell..get_or_set_cached_cell_and_set_connections" {{(pid=107461) inner /opt/stack/data/venv/lib/python3.12/site-packages/oslo_concurrency/lockutils.py:506}}
Apr 06 17:20:38.928307 np0000163547 devstack@n-api-meta.service[107461]: DEBUG oslo_concurrency.lockutils [None req-167f06c3-d49a-4850-b9e1-ad1514199052 None None] Lock "89fb7cfb-5ca4-4304-89fd-a00cd41b04dc" acquired by "nova.context.set_target_cell..get_or_set_cached_cell_and_set_connections" :: waited 0.000s {{(pid=107461) inner /opt/stack/data/venv/lib/python3.12/site-packages/oslo_concurrency/lockutils.py:519}}
Apr 06 17:20:38.929175 np0000163547 devstack@n-api-meta.service[107461]: DEBUG oslo_concurrency.lockutils [None req-167f06c3-d49a-4850-b9e1-ad1514199052 None None] Lock "89fb7cfb-5ca4-4304-89fd-a00cd41b04dc" "released" by "nova.context.set_target_cell..get_or_set_cached_cell_and_set_connections" :: held 0.001s {{(pid=107461) inner /opt/stack/data/venv/lib/python3.12/site-packages/oslo_concurrency/lockutils.py:538}}
Apr 06 17:20:38.932306 np0000163547 devstack@n-api-meta.service[107461]: INFO dbcounter [None req-167f06c3-d49a-4850-b9e1-ad1514199052 None None] Registered counter for database nova_cell0
Apr 06 17:20:38.933381 np0000163547 devstack@n-api-meta.service[107462]: DEBUG oslo_db.sqlalchemy.engines [None req-f0f0d830-61ab-48f1-accc-eaee968ad29d None None] MySQL server mode set to STRICT_TRANS_TABLES,STRICT_ALL_TABLES,NO_ZERO_IN_DATE,NO_ZERO_DATE,ERROR_FOR_DIVISION_BY_ZERO,TRADITIONAL,NO_ENGINE_SUBSTITUTION {{(pid=107462) _check_effective_sql_mode /opt/stack/data/venv/lib/python3.12/site-packages/oslo_db/sqlalchemy/engines.py:325}}
Apr 06 17:20:38.935470 np0000163547 devstack@n-api-meta.service[107463]: DEBUG dbcounter [-] [107463] Writer thread running {{(pid=107463) stat_writer /opt/stack/data/venv/lib/python3.12/site-packages/dbcounter.py:102}}
Apr 06 17:20:38.936588 np0000163547 devstack@n-api-meta.service[107461]: INFO dbcounter [None req-167f06c3-d49a-4850-b9e1-ad1514199052 None None] Registered counter for database nova_cell1
Apr 06 17:20:38.937728 np0000163547 devstack@n-api-meta.service[107463]: DEBUG nova.context [None req-e9c4c3aa-379b-4785-9788-f70e914442cb None None] Found 2 cells: 00000000-0000-0000-0000-000000000000(cell0),89fb7cfb-5ca4-4304-89fd-a00cd41b04dc(cell1) {{(pid=107463) load_cells /opt/stack/nova/nova/context.py:509}}
Apr 06 17:20:38.937955 np0000163547 devstack@n-api-meta.service[107463]: INFO nova.utils [None req-e9c4c3aa-379b-4785-9788-f70e914442cb None None] The cell worker thread pool MainProcess.cell_worker is initialized
Apr 06 17:20:38.939783 np0000163547 devstack@n-api-meta.service[107463]: DEBUG oslo_concurrency.lockutils [None req-e9c4c3aa-379b-4785-9788-f70e914442cb None None] Acquiring lock "00000000-0000-0000-0000-000000000000" by "nova.context.set_target_cell..get_or_set_cached_cell_and_set_connections" {{(pid=107463) inner /opt/stack/data/venv/lib/python3.12/site-packages/oslo_concurrency/lockutils.py:506}}
Apr 06 17:20:38.940010 np0000163547 devstack@n-api-meta.service[107463]: DEBUG oslo_concurrency.lockutils [None req-e9c4c3aa-379b-4785-9788-f70e914442cb None None] Lock "00000000-0000-0000-0000-000000000000" acquired by "nova.context.set_target_cell..get_or_set_cached_cell_and_set_connections" :: waited 0.000s {{(pid=107463) inner /opt/stack/data/venv/lib/python3.12/site-packages/oslo_concurrency/lockutils.py:519}}
Apr 06 17:20:38.940335 np0000163547 devstack@n-api-meta.service[107463]: DEBUG oslo_concurrency.lockutils [None req-e9c4c3aa-379b-4785-9788-f70e914442cb None None] Lock "00000000-0000-0000-0000-000000000000" "released" by "nova.context.set_target_cell..get_or_set_cached_cell_and_set_connections" :: held 0.000s {{(pid=107463) inner /opt/stack/data/venv/lib/python3.12/site-packages/oslo_concurrency/lockutils.py:538}}
Apr 06 17:20:38.941066 np0000163547 devstack@n-api-meta.service[107463]: DEBUG oslo_concurrency.lockutils [None req-e9c4c3aa-379b-4785-9788-f70e914442cb None None] Acquiring lock "89fb7cfb-5ca4-4304-89fd-a00cd41b04dc" by "nova.context.set_target_cell..get_or_set_cached_cell_and_set_connections" {{(pid=107463) inner /opt/stack/data/venv/lib/python3.12/site-packages/oslo_concurrency/lockutils.py:506}}
Apr 06 17:20:38.941224 np0000163547 devstack@n-api-meta.service[107463]: DEBUG oslo_concurrency.lockutils [None req-e9c4c3aa-379b-4785-9788-f70e914442cb None None] Lock "89fb7cfb-5ca4-4304-89fd-a00cd41b04dc" acquired by "nova.context.set_target_cell..get_or_set_cached_cell_and_set_connections" :: waited 0.000s {{(pid=107463) inner /opt/stack/data/venv/lib/python3.12/site-packages/oslo_concurrency/lockutils.py:519}}
Apr 06 17:20:38.942064 np0000163547 devstack@n-api-meta.service[107463]: DEBUG oslo_concurrency.lockutils [None req-e9c4c3aa-379b-4785-9788-f70e914442cb None None] Lock "89fb7cfb-5ca4-4304-89fd-a00cd41b04dc" "released" by "nova.context.set_target_cell..get_or_set_cached_cell_and_set_connections" :: held 0.001s {{(pid=107463) inner /opt/stack/data/venv/lib/python3.12/site-packages/oslo_concurrency/lockutils.py:538}}
Apr 06 17:20:38.944664 np0000163547 devstack@n-api-meta.service[107461]: DEBUG oslo_db.sqlalchemy.engines [None req-167f06c3-d49a-4850-b9e1-ad1514199052 None None] MySQL server mode set to STRICT_TRANS_TABLES,STRICT_ALL_TABLES,NO_ZERO_IN_DATE,NO_ZERO_DATE,ERROR_FOR_DIVISION_BY_ZERO,TRADITIONAL,NO_ENGINE_SUBSTITUTION {{(pid=107461) _check_effective_sql_mode /opt/stack/data/venv/lib/python3.12/site-packages/oslo_db/sqlalchemy/engines.py:325}}
Apr 06 17:20:38.945374 np0000163547 devstack@n-api-meta.service[107463]: INFO dbcounter [None req-e9c4c3aa-379b-4785-9788-f70e914442cb None None] Registered counter for database nova_cell0
Apr 06 17:20:38.950089 np0000163547 devstack@n-api-meta.service[107463]: INFO dbcounter [None req-e9c4c3aa-379b-4785-9788-f70e914442cb None None] Registered counter for database nova_cell1
Apr 06 17:20:38.951827 np0000163547 devstack@n-api-meta.service[107461]: DEBUG oslo_db.sqlalchemy.engines [None req-167f06c3-d49a-4850-b9e1-ad1514199052 None None] MySQL server mode set to STRICT_TRANS_TABLES,STRICT_ALL_TABLES,NO_ZERO_IN_DATE,NO_ZERO_DATE,ERROR_FOR_DIVISION_BY_ZERO,TRADITIONAL,NO_ENGINE_SUBSTITUTION {{(pid=107461) _check_effective_sql_mode /opt/stack/data/venv/lib/python3.12/site-packages/oslo_db/sqlalchemy/engines.py:325}}
Apr 06 17:20:38.961849 np0000163547 devstack@n-api-meta.service[107463]: DEBUG oslo_db.sqlalchemy.engines [None req-e9c4c3aa-379b-4785-9788-f70e914442cb None None] MySQL server mode set to STRICT_TRANS_TABLES,STRICT_ALL_TABLES,NO_ZERO_IN_DATE,NO_ZERO_DATE,ERROR_FOR_DIVISION_BY_ZERO,TRADITIONAL,NO_ENGINE_SUBSTITUTION {{(pid=107463) _check_effective_sql_mode /opt/stack/data/venv/lib/python3.12/site-packages/oslo_db/sqlalchemy/engines.py:325}}
Apr 06 17:20:38.969366 np0000163547 devstack@n-api-meta.service[107463]: DEBUG oslo_db.sqlalchemy.engines [None req-e9c4c3aa-379b-4785-9788-f70e914442cb None None] MySQL server mode set to STRICT_TRANS_TABLES,STRICT_ALL_TABLES,NO_ZERO_IN_DATE,NO_ZERO_DATE,ERROR_FOR_DIVISION_BY_ZERO,TRADITIONAL,NO_ENGINE_SUBSTITUTION {{(pid=107463) _check_effective_sql_mode /opt/stack/data/venv/lib/python3.12/site-packages/oslo_db/sqlalchemy/engines.py:325}}
Apr 06 17:20:38.988603 np0000163547 devstack@n-api-meta.service[107464]: DEBUG dbcounter [-] [107464] Writer thread running {{(pid=107464) stat_writer /opt/stack/data/venv/lib/python3.12/site-packages/dbcounter.py:102}}
Apr 06 17:20:38.997775 np0000163547 devstack@n-api-meta.service[107464]: DEBUG dbcounter [-] [107464] Writer thread running {{(pid=107464) stat_writer /opt/stack/data/venv/lib/python3.12/site-packages/dbcounter.py:102}}
Apr 06 17:20:39.002013 np0000163547 devstack@n-api-meta.service[107464]: INFO dbcounter [None req-c39e96cd-8da5-4a99-b846-b4f030535765 None None] Registered counter for database nova_cell0
Apr 06 17:20:39.012601 np0000163547 devstack@n-api-meta.service[107464]: DEBUG oslo_db.sqlalchemy.engines [None req-c39e96cd-8da5-4a99-b846-b4f030535765 None None] MySQL server mode set to STRICT_TRANS_TABLES,STRICT_ALL_TABLES,NO_ZERO_IN_DATE,NO_ZERO_DATE,ERROR_FOR_DIVISION_BY_ZERO,TRADITIONAL,NO_ENGINE_SUBSTITUTION {{(pid=107464) _check_effective_sql_mode /opt/stack/data/venv/lib/python3.12/site-packages/oslo_db/sqlalchemy/engines.py:325}}
Apr 06 17:20:39.019655 np0000163547 devstack@n-api-meta.service[107464]: DEBUG dbcounter [-] [107464] Writer thread running {{(pid=107464) stat_writer /opt/stack/data/venv/lib/python3.12/site-packages/dbcounter.py:102}}
Apr 06 17:20:39.019865 np0000163547 devstack@n-api-meta.service[107462]: DEBUG dbcounter [-] [107462] Writer thread running {{(pid=107462) stat_writer /opt/stack/data/venv/lib/python3.12/site-packages/dbcounter.py:102}}
Apr 06 17:20:39.026203 np0000163547 devstack@n-api-meta.service[107462]: DEBUG dbcounter [-] [107462] Writer thread running {{(pid=107462) stat_writer /opt/stack/data/venv/lib/python3.12/site-packages/dbcounter.py:102}}
Apr 06 17:20:39.030649 np0000163547 devstack@n-api-meta.service[107462]: INFO dbcounter [None req-f0f0d830-61ab-48f1-accc-eaee968ad29d None None] Registered counter for database nova_cell0
Apr 06 17:20:39.038171 np0000163547 devstack@n-api-meta.service[107461]: DEBUG dbcounter [-] [107461] Writer thread running {{(pid=107461) stat_writer /opt/stack/data/venv/lib/python3.12/site-packages/dbcounter.py:102}}
Apr 06 17:20:39.042239 np0000163547 devstack@n-api-meta.service[107461]: DEBUG dbcounter [-] [107461] Writer thread running {{(pid=107461) stat_writer /opt/stack/data/venv/lib/python3.12/site-packages/dbcounter.py:102}}
Apr 06 17:20:39.047026 np0000163547 devstack@n-api-meta.service[107462]: DEBUG oslo_db.sqlalchemy.engines [None req-f0f0d830-61ab-48f1-accc-eaee968ad29d None None] MySQL server mode set to STRICT_TRANS_TABLES,STRICT_ALL_TABLES,NO_ZERO_IN_DATE,NO_ZERO_DATE,ERROR_FOR_DIVISION_BY_ZERO,TRADITIONAL,NO_ENGINE_SUBSTITUTION {{(pid=107462) _check_effective_sql_mode /opt/stack/data/venv/lib/python3.12/site-packages/oslo_db/sqlalchemy/engines.py:325}}
Apr 06 17:20:39.050610 np0000163547 devstack@n-api-meta.service[107461]: INFO dbcounter [None req-167f06c3-d49a-4850-b9e1-ad1514199052 None None] Registered counter for database nova_cell0
Apr 06 17:20:39.057703 np0000163547 devstack@n-api-meta.service[107462]: DEBUG dbcounter [-] [107462] Writer thread running {{(pid=107462) stat_writer /opt/stack/data/venv/lib/python3.12/site-packages/dbcounter.py:102}}
Apr 06 17:20:39.060480 np0000163547 devstack@n-api-meta.service[107461]: DEBUG oslo_db.sqlalchemy.engines [None req-167f06c3-d49a-4850-b9e1-ad1514199052 None None] MySQL server mode set to STRICT_TRANS_TABLES,STRICT_ALL_TABLES,NO_ZERO_IN_DATE,NO_ZERO_DATE,ERROR_FOR_DIVISION_BY_ZERO,TRADITIONAL,NO_ENGINE_SUBSTITUTION {{(pid=107461) _check_effective_sql_mode /opt/stack/data/venv/lib/python3.12/site-packages/oslo_db/sqlalchemy/engines.py:325}}
Apr 06 17:20:39.063062 np0000163547 devstack@n-api-meta.service[107464]: WARNING nova.api.metadata.handler [None req-c39e96cd-8da5-4a99-b846-b4f030535765 None None] metadata_proxy_shared_secret is not configured, the metadata information returned by the proxy cannot be trusted
Apr 06 17:20:39.064269 np0000163547 devstack@n-api-meta.service[107463]: DEBUG dbcounter [-] [107463] Writer thread running {{(pid=107463) stat_writer /opt/stack/data/venv/lib/python3.12/site-packages/dbcounter.py:102}}
Apr 06 17:20:39.066460 np0000163547 devstack@n-api-meta.service[107464]: DEBUG nova.api.openstack.wsgi_app [None req-c39e96cd-8da5-4a99-b846-b4f030535765 None None] ******************************************************************************** {{(pid=107464) log_opt_values /opt/stack/data/venv/lib/python3.12/site-packages/oslo_config/cfg.py:2979}}
Apr 06 17:20:39.066718 np0000163547 devstack@n-api-meta.service[107464]: DEBUG nova.api.openstack.wsgi_app [None req-c39e96cd-8da5-4a99-b846-b4f030535765 None None] Configuration options gathered from: {{(pid=107464) log_opt_values /opt/stack/data/venv/lib/python3.12/site-packages/oslo_config/cfg.py:2980}}
Apr 06 17:20:39.066949 np0000163547 devstack@n-api-meta.service[107464]: DEBUG nova.api.openstack.wsgi_app [None req-c39e96cd-8da5-4a99-b846-b4f030535765 None None] command line args: [] {{(pid=107464) log_opt_values /opt/stack/data/venv/lib/python3.12/site-packages/oslo_config/cfg.py:2981}}
Apr 06 17:20:39.067072 np0000163547 devstack@n-api-meta.service[107461]: DEBUG dbcounter [-] [107461] Writer thread running {{(pid=107461) stat_writer /opt/stack/data/venv/lib/python3.12/site-packages/dbcounter.py:102}}
Apr 06 17:20:39.067272 np0000163547 devstack@n-api-meta.service[107464]: DEBUG nova.api.openstack.wsgi_app [None req-c39e96cd-8da5-4a99-b846-b4f030535765 None None] config files: ['/etc/nova/api-paste.ini', '/etc/nova/nova.conf'] {{(pid=107464) log_opt_values /opt/stack/data/venv/lib/python3.12/site-packages/oslo_config/cfg.py:2982}}
Apr 06 17:20:39.067437 np0000163547 devstack@n-api-meta.service[107464]: DEBUG nova.api.openstack.wsgi_app [None req-c39e96cd-8da5-4a99-b846-b4f030535765 None None] ================================================================================ {{(pid=107464) log_opt_values /opt/stack/data/venv/lib/python3.12/site-packages/oslo_config/cfg.py:2987}}
Apr 06 17:20:39.067715 np0000163547 devstack@n-api-meta.service[107464]: DEBUG nova.api.openstack.wsgi_app [None req-c39e96cd-8da5-4a99-b846-b4f030535765 None None] allow_resize_to_same_host = True {{(pid=107464) log_opt_values /opt/stack/data/venv/lib/python3.12/site-packages/oslo_config/cfg.py:2995}}
Apr 06 17:20:39.067914 np0000163547 devstack@n-api-meta.service[107464]: DEBUG nova.api.openstack.wsgi_app [None req-c39e96cd-8da5-4a99-b846-b4f030535765 None None] arq_binding_timeout = 300 {{(pid=107464) log_opt_values /opt/stack/data/venv/lib/python3.12/site-packages/oslo_config/cfg.py:2995}}
Apr 06 17:20:39.068121 np0000163547 devstack@n-api-meta.service[107464]: DEBUG nova.api.openstack.wsgi_app [None req-c39e96cd-8da5-4a99-b846-b4f030535765 None None] block_device_allocate_retries = 60 {{(pid=107464) log_opt_values /opt/stack/data/venv/lib/python3.12/site-packages/oslo_config/cfg.py:2995}}
Apr 06 17:20:39.068263 np0000163547 devstack@n-api-meta.service[107464]: DEBUG nova.api.openstack.wsgi_app [None req-c39e96cd-8da5-4a99-b846-b4f030535765 None None] block_device_allocate_retries_interval = 3 {{(pid=107464) log_opt_values /opt/stack/data/venv/lib/python3.12/site-packages/oslo_config/cfg.py:2995}}
Apr 06 17:20:39.068439 np0000163547 devstack@n-api-meta.service[107464]: DEBUG nova.api.openstack.wsgi_app [None req-c39e96cd-8da5-4a99-b846-b4f030535765 None None] cell_worker_thread_pool_size = 5 {{(pid=107464) log_opt_values /opt/stack/data/venv/lib/python3.12/site-packages/oslo_config/cfg.py:2995}}
Apr 06 17:20:39.068600 np0000163547 devstack@n-api-meta.service[107464]: DEBUG nova.api.openstack.wsgi_app [None req-c39e96cd-8da5-4a99-b846-b4f030535765 None None] cert = self.pem {{(pid=107464) log_opt_values /opt/stack/data/venv/lib/python3.12/site-packages/oslo_config/cfg.py:2995}}
Apr 06 17:20:39.068699 np0000163547 devstack@n-api-meta.service[107464]: DEBUG nova.api.openstack.wsgi_app [None req-c39e96cd-8da5-4a99-b846-b4f030535765 None None] compute_driver = libvirt.LibvirtDriver {{(pid=107464) log_opt_values /opt/stack/data/venv/lib/python3.12/site-packages/oslo_config/cfg.py:2995}}
Apr 06 17:20:39.068838 np0000163547 devstack@n-api-meta.service[107464]: DEBUG nova.api.openstack.wsgi_app [None req-c39e96cd-8da5-4a99-b846-b4f030535765 None None] compute_monitors = [] {{(pid=107464) log_opt_values /opt/stack/data/venv/lib/python3.12/site-packages/oslo_config/cfg.py:2995}}
Apr 06 17:20:39.069024 np0000163547 devstack@n-api-meta.service[107464]: DEBUG nova.api.openstack.wsgi_app [None req-c39e96cd-8da5-4a99-b846-b4f030535765 None None] config_dir = [] {{(pid=107464) log_opt_values /opt/stack/data/venv/lib/python3.12/site-packages/oslo_config/cfg.py:2995}}
Apr 06 17:20:39.069169 np0000163547 devstack@n-api-meta.service[107464]: DEBUG nova.api.openstack.wsgi_app [None req-c39e96cd-8da5-4a99-b846-b4f030535765 None None] config_drive_format = iso9660 {{(pid=107464) log_opt_values /opt/stack/data/venv/lib/python3.12/site-packages/oslo_config/cfg.py:2995}}
Apr 06 17:20:39.069253 np0000163547 devstack@n-api-meta.service[107463]: DEBUG dbcounter [-] [107463] Writer thread running {{(pid=107463) stat_writer /opt/stack/data/venv/lib/python3.12/site-packages/dbcounter.py:102}}
Apr 06 17:20:39.069320 np0000163547 devstack@n-api-meta.service[107464]: DEBUG nova.api.openstack.wsgi_app [None req-c39e96cd-8da5-4a99-b846-b4f030535765 None None] config_file = ['/etc/nova/api-paste.ini', '/etc/nova/nova.conf'] {{(pid=107464) log_opt_values /opt/stack/data/venv/lib/python3.12/site-packages/oslo_config/cfg.py:2995}}
Apr 06 17:20:39.069465 np0000163547 devstack@n-api-meta.service[107464]: DEBUG nova.api.openstack.wsgi_app [None req-c39e96cd-8da5-4a99-b846-b4f030535765 None None] config_source = [] {{(pid=107464) log_opt_values /opt/stack/data/venv/lib/python3.12/site-packages/oslo_config/cfg.py:2995}}
Apr 06 17:20:39.069632 np0000163547 devstack@n-api-meta.service[107464]: DEBUG nova.api.openstack.wsgi_app [None req-c39e96cd-8da5-4a99-b846-b4f030535765 None None] console_host = np0000163547 {{(pid=107464) log_opt_values /opt/stack/data/venv/lib/python3.12/site-packages/oslo_config/cfg.py:2995}}
Apr 06 17:20:39.069772 np0000163547 devstack@n-api-meta.service[107464]: DEBUG nova.api.openstack.wsgi_app [None req-c39e96cd-8da5-4a99-b846-b4f030535765 None None] control_exchange = nova {{(pid=107464) log_opt_values /opt/stack/data/venv/lib/python3.12/site-packages/oslo_config/cfg.py:2995}}
Apr 06 17:20:39.069915 np0000163547 devstack@n-api-meta.service[107464]: DEBUG nova.api.openstack.wsgi_app [None req-c39e96cd-8da5-4a99-b846-b4f030535765 None None] cpu_allocation_ratio = None {{(pid=107464) log_opt_values /opt/stack/data/venv/lib/python3.12/site-packages/oslo_config/cfg.py:2995}}
Apr 06 17:20:39.070171 np0000163547 devstack@n-api-meta.service[107464]: DEBUG nova.api.openstack.wsgi_app [None req-c39e96cd-8da5-4a99-b846-b4f030535765 None None] daemon = False {{(pid=107464) log_opt_values /opt/stack/data/venv/lib/python3.12/site-packages/oslo_config/cfg.py:2995}}
Apr 06 17:20:39.070363 np0000163547 devstack@n-api-meta.service[107464]: DEBUG nova.api.openstack.wsgi_app [None req-c39e96cd-8da5-4a99-b846-b4f030535765 None None] debug = True {{(pid=107464) log_opt_values /opt/stack/data/venv/lib/python3.12/site-packages/oslo_config/cfg.py:2995}}
Apr 06 17:20:39.070539 np0000163547 devstack@n-api-meta.service[107464]: DEBUG nova.api.openstack.wsgi_app [None req-c39e96cd-8da5-4a99-b846-b4f030535765 None None] default_access_ip_network_name = None {{(pid=107464) log_opt_values /opt/stack/data/venv/lib/python3.12/site-packages/oslo_config/cfg.py:2995}}
Apr 06 17:20:39.070733 np0000163547 devstack@n-api-meta.service[107464]: DEBUG nova.api.openstack.wsgi_app [None req-c39e96cd-8da5-4a99-b846-b4f030535765 None None] default_availability_zone = nova {{(pid=107464) log_opt_values /opt/stack/data/venv/lib/python3.12/site-packages/oslo_config/cfg.py:2995}}
Apr 06 17:20:39.070930 np0000163547 devstack@n-api-meta.service[107464]: DEBUG nova.api.openstack.wsgi_app [None req-c39e96cd-8da5-4a99-b846-b4f030535765 None None] default_ephemeral_format = ext4 {{(pid=107464) log_opt_values /opt/stack/data/venv/lib/python3.12/site-packages/oslo_config/cfg.py:2995}}
Apr 06 17:20:39.071134 np0000163547 devstack@n-api-meta.service[107464]: DEBUG nova.api.openstack.wsgi_app [None req-c39e96cd-8da5-4a99-b846-b4f030535765 None None] default_green_pool_size = 1000 {{(pid=107464) log_opt_values /opt/stack/data/venv/lib/python3.12/site-packages/oslo_config/cfg.py:2995}}
Apr 06 17:20:39.071366 np0000163547 devstack@n-api-meta.service[107464]: DEBUG nova.api.openstack.wsgi_app [None req-c39e96cd-8da5-4a99-b846-b4f030535765 None None] default_log_levels = ['amqp=WARN', 'boto=WARN', 'sqlalchemy=WARN', 'suds=INFO', 'oslo.messaging=INFO', 'oslo_messaging=INFO', 'iso8601=WARN', 'requests.packages.urllib3.connectionpool=WARN', 'urllib3.connectionpool=WARN', 'websocket=WARN', 'requests.packages.urllib3.util.retry=WARN', 'urllib3.util.retry=WARN', 'keystonemiddleware=WARN', 'routes.middleware=WARN', 'stevedore=WARN', 'taskflow=WARN', 'keystoneauth=WARN', 'oslo.cache=INFO', 'oslo_policy=INFO', 'dogpile.core.dogpile=INFO', 'glanceclient=WARN', 'oslo.privsep.daemon=INFO'] {{(pid=107464) log_opt_values /opt/stack/data/venv/lib/python3.12/site-packages/oslo_config/cfg.py:2995}}
Apr 06 17:20:39.071532 np0000163547 devstack@n-api-meta.service[107464]: DEBUG nova.api.openstack.wsgi_app [None req-c39e96cd-8da5-4a99-b846-b4f030535765 None None] default_schedule_zone = None {{(pid=107464) log_opt_values /opt/stack/data/venv/lib/python3.12/site-packages/oslo_config/cfg.py:2995}}
Apr 06 17:20:39.071601 np0000163547 devstack@n-api-meta.service[107464]: DEBUG nova.api.openstack.wsgi_app [None req-c39e96cd-8da5-4a99-b846-b4f030535765 None None] default_thread_pool_size = 10 {{(pid=107464) log_opt_values /opt/stack/data/venv/lib/python3.12/site-packages/oslo_config/cfg.py:2995}}
Apr 06 17:20:39.071731 np0000163547 devstack@n-api-meta.service[107464]: DEBUG nova.api.openstack.wsgi_app [None req-c39e96cd-8da5-4a99-b846-b4f030535765 None None] disk_allocation_ratio = None {{(pid=107464) log_opt_values /opt/stack/data/venv/lib/python3.12/site-packages/oslo_config/cfg.py:2995}}
Apr 06 17:20:39.071866 np0000163547 devstack@n-api-meta.service[107464]: DEBUG nova.api.openstack.wsgi_app [None req-c39e96cd-8da5-4a99-b846-b4f030535765 None None] enable_new_services = True {{(pid=107464) log_opt_values /opt/stack/data/venv/lib/python3.12/site-packages/oslo_config/cfg.py:2995}}
Apr 06 17:20:39.072039 np0000163547 devstack@n-api-meta.service[107464]: DEBUG nova.api.openstack.wsgi_app [None req-c39e96cd-8da5-4a99-b846-b4f030535765 None None] flat_injected = False {{(pid=107464) log_opt_values /opt/stack/data/venv/lib/python3.12/site-packages/oslo_config/cfg.py:2995}}
Apr 06 17:20:39.072156 np0000163547 devstack@n-api-meta.service[107464]: DEBUG nova.api.openstack.wsgi_app [None req-c39e96cd-8da5-4a99-b846-b4f030535765 None None] force_config_drive = False {{(pid=107464) log_opt_values /opt/stack/data/venv/lib/python3.12/site-packages/oslo_config/cfg.py:2995}}
Apr 06 17:20:39.072288 np0000163547 devstack@n-api-meta.service[107464]: DEBUG nova.api.openstack.wsgi_app [None req-c39e96cd-8da5-4a99-b846-b4f030535765 None None] force_raw_images = True {{(pid=107464) log_opt_values /opt/stack/data/venv/lib/python3.12/site-packages/oslo_config/cfg.py:2995}}
Apr 06 17:20:39.072431 np0000163547 devstack@n-api-meta.service[107464]: DEBUG nova.api.openstack.wsgi_app [None req-c39e96cd-8da5-4a99-b846-b4f030535765 None None] graceful_shutdown_timeout = 5 {{(pid=107464) log_opt_values /opt/stack/data/venv/lib/python3.12/site-packages/oslo_config/cfg.py:2995}}
Apr 06 17:20:39.072603 np0000163547 devstack@n-api-meta.service[107464]: DEBUG nova.api.openstack.wsgi_app [None req-c39e96cd-8da5-4a99-b846-b4f030535765 None None] heal_instance_info_cache_interval = -1 {{(pid=107464) log_opt_values /opt/stack/data/venv/lib/python3.12/site-packages/oslo_config/cfg.py:2995}}
Apr 06 17:20:39.072776 np0000163547 devstack@n-api-meta.service[107464]: DEBUG nova.api.openstack.wsgi_app [None req-c39e96cd-8da5-4a99-b846-b4f030535765 None None] host = np0000163547 {{(pid=107464) log_opt_values /opt/stack/data/venv/lib/python3.12/site-packages/oslo_config/cfg.py:2995}}
Apr 06 17:20:39.072913 np0000163547 devstack@n-api-meta.service[107464]: DEBUG nova.api.openstack.wsgi_app [None req-c39e96cd-8da5-4a99-b846-b4f030535765 None None] initial_cpu_allocation_ratio = 4.0 {{(pid=107464) log_opt_values /opt/stack/data/venv/lib/python3.12/site-packages/oslo_config/cfg.py:2995}}
Apr 06 17:20:39.073082 np0000163547 devstack@n-api-meta.service[107464]: DEBUG nova.api.openstack.wsgi_app [None req-c39e96cd-8da5-4a99-b846-b4f030535765 None None] initial_disk_allocation_ratio = 1.0 {{(pid=107464) log_opt_values /opt/stack/data/venv/lib/python3.12/site-packages/oslo_config/cfg.py:2995}}
Apr 06 17:20:39.073195 np0000163547 devstack@n-api-meta.service[107463]: INFO dbcounter [None req-e9c4c3aa-379b-4785-9788-f70e914442cb None None] Registered counter for database nova_cell0
Apr 06 17:20:39.073264 np0000163547 devstack@n-api-meta.service[107464]: DEBUG nova.api.openstack.wsgi_app [None req-c39e96cd-8da5-4a99-b846-b4f030535765 None None] initial_ram_allocation_ratio = 1.0 {{(pid=107464) log_opt_values /opt/stack/data/venv/lib/python3.12/site-packages/oslo_config/cfg.py:2995}}
Apr 06 17:20:39.073390 np0000163547 devstack@n-api-meta.service[107464]: DEBUG nova.api.openstack.wsgi_app [None req-c39e96cd-8da5-4a99-b846-b4f030535765 None None] injected_network_template = /opt/stack/nova/nova/virt/interfaces.template {{(pid=107464) log_opt_values /opt/stack/data/venv/lib/python3.12/site-packages/oslo_config/cfg.py:2995}}
Apr 06 17:20:39.073551 np0000163547 devstack@n-api-meta.service[107464]: DEBUG nova.api.openstack.wsgi_app [None req-c39e96cd-8da5-4a99-b846-b4f030535765 None None] instance_build_timeout = 0 {{(pid=107464) log_opt_values /opt/stack/data/venv/lib/python3.12/site-packages/oslo_config/cfg.py:2995}}
Apr 06 17:20:39.073760 np0000163547 devstack@n-api-meta.service[107464]: DEBUG nova.api.openstack.wsgi_app [None req-c39e96cd-8da5-4a99-b846-b4f030535765 None None] instance_delete_interval = 300 {{(pid=107464) log_opt_values /opt/stack/data/venv/lib/python3.12/site-packages/oslo_config/cfg.py:2995}}
Apr 06 17:20:39.074060 np0000163547 devstack@n-api-meta.service[107464]: DEBUG nova.api.openstack.wsgi_app [None req-c39e96cd-8da5-4a99-b846-b4f030535765 None None] instance_format = [instance: %(uuid)s] {{(pid=107464) log_opt_values /opt/stack/data/venv/lib/python3.12/site-packages/oslo_config/cfg.py:2995}}
Apr 06 17:20:39.074239 np0000163547 devstack@n-api-meta.service[107464]: DEBUG nova.api.openstack.wsgi_app [None req-c39e96cd-8da5-4a99-b846-b4f030535765 None None] instance_name_template = instance-%08x {{(pid=107464) log_opt_values /opt/stack/data/venv/lib/python3.12/site-packages/oslo_config/cfg.py:2995}}
Apr 06 17:20:39.074375 np0000163547 devstack@n-api-meta.service[107464]: DEBUG nova.api.openstack.wsgi_app [None req-c39e96cd-8da5-4a99-b846-b4f030535765 None None] instance_usage_audit = False {{(pid=107464) log_opt_values /opt/stack/data/venv/lib/python3.12/site-packages/oslo_config/cfg.py:2995}}
Apr 06 17:20:39.074535 np0000163547 devstack@n-api-meta.service[107464]: DEBUG nova.api.openstack.wsgi_app [None req-c39e96cd-8da5-4a99-b846-b4f030535765 None None] instance_usage_audit_period = month {{(pid=107464) log_opt_values /opt/stack/data/venv/lib/python3.12/site-packages/oslo_config/cfg.py:2995}}
Apr 06 17:20:39.074652 np0000163547 devstack@n-api-meta.service[107464]: DEBUG nova.api.openstack.wsgi_app [None req-c39e96cd-8da5-4a99-b846-b4f030535765 None None] instance_uuid_format = [instance: %(uuid)s] {{(pid=107464) log_opt_values /opt/stack/data/venv/lib/python3.12/site-packages/oslo_config/cfg.py:2995}}
Apr 06 17:20:39.074778 np0000163547 devstack@n-api-meta.service[107464]: DEBUG nova.api.openstack.wsgi_app [None req-c39e96cd-8da5-4a99-b846-b4f030535765 None None] instances_path = /opt/stack/data/nova/instances {{(pid=107464) log_opt_values /opt/stack/data/venv/lib/python3.12/site-packages/oslo_config/cfg.py:2995}}
Apr 06 17:20:39.074899 np0000163547 devstack@n-api-meta.service[107464]: DEBUG nova.api.openstack.wsgi_app [None req-c39e96cd-8da5-4a99-b846-b4f030535765 None None] internal_service_availability_zone = internal {{(pid=107464) log_opt_values /opt/stack/data/venv/lib/python3.12/site-packages/oslo_config/cfg.py:2995}}
Apr 06 17:20:39.075065 np0000163547 devstack@n-api-meta.service[107464]: DEBUG nova.api.openstack.wsgi_app [None req-c39e96cd-8da5-4a99-b846-b4f030535765 None None] key = None {{(pid=107464) log_opt_values /opt/stack/data/venv/lib/python3.12/site-packages/oslo_config/cfg.py:2995}}
Apr 06 17:20:39.075196 np0000163547 devstack@n-api-meta.service[107464]: DEBUG nova.api.openstack.wsgi_app [None req-c39e96cd-8da5-4a99-b846-b4f030535765 None None] live_migration_retry_count = 30 {{(pid=107464) log_opt_values /opt/stack/data/venv/lib/python3.12/site-packages/oslo_config/cfg.py:2995}}
Apr 06 17:20:39.075337 np0000163547 devstack@n-api-meta.service[107464]: DEBUG nova.api.openstack.wsgi_app [None req-c39e96cd-8da5-4a99-b846-b4f030535765 None None] log_color = False {{(pid=107464) log_opt_values /opt/stack/data/venv/lib/python3.12/site-packages/oslo_config/cfg.py:2995}}
Apr 06 17:20:39.075493 np0000163547 devstack@n-api-meta.service[107464]: DEBUG nova.api.openstack.wsgi_app [None req-c39e96cd-8da5-4a99-b846-b4f030535765 None None] log_config_append = None {{(pid=107464) log_opt_values /opt/stack/data/venv/lib/python3.12/site-packages/oslo_config/cfg.py:2995}}
Apr 06 17:20:39.075620 np0000163547 devstack@n-api-meta.service[107464]: DEBUG nova.api.openstack.wsgi_app [None req-c39e96cd-8da5-4a99-b846-b4f030535765 None None] log_date_format = %Y-%m-%d %H:%M:%S {{(pid=107464) log_opt_values /opt/stack/data/venv/lib/python3.12/site-packages/oslo_config/cfg.py:2995}}
Apr 06 17:20:39.075763 np0000163547 devstack@n-api-meta.service[107464]: DEBUG nova.api.openstack.wsgi_app [None req-c39e96cd-8da5-4a99-b846-b4f030535765 None None] log_dir = None {{(pid=107464) log_opt_values /opt/stack/data/venv/lib/python3.12/site-packages/oslo_config/cfg.py:2995}}
Apr 06 17:20:39.075907 np0000163547 devstack@n-api-meta.service[107464]: DEBUG nova.api.openstack.wsgi_app [None req-c39e96cd-8da5-4a99-b846-b4f030535765 None None] log_file = None {{(pid=107464) log_opt_values /opt/stack/data/venv/lib/python3.12/site-packages/oslo_config/cfg.py:2995}}
Apr 06 17:20:39.076031 np0000163547 devstack@n-api-meta.service[107464]: DEBUG nova.api.openstack.wsgi_app [None req-c39e96cd-8da5-4a99-b846-b4f030535765 None None] log_options = True {{(pid=107464) log_opt_values /opt/stack/data/venv/lib/python3.12/site-packages/oslo_config/cfg.py:2995}}
Apr 06 17:20:39.076152 np0000163547 devstack@n-api-meta.service[107464]: DEBUG nova.api.openstack.wsgi_app [None req-c39e96cd-8da5-4a99-b846-b4f030535765 None None] log_rotate_interval = 1 {{(pid=107464) log_opt_values /opt/stack/data/venv/lib/python3.12/site-packages/oslo_config/cfg.py:2995}}
