Apr 06 17:20:39.244001 np0000163547 devstack@n-api-meta.service[107463]: DEBUG nova.api.openstack.wsgi_app [None req-e9c4c3aa-379b-4785-9788-f70e914442cb None None] oslo_limit.status_code_retry_delay = None {{(pid=107463) log_opt_values /opt/stack/data/venv/lib/python3.12/site-packages/oslo_config/cfg.py:3006}}
Apr 06 17:20:39.244131 np0000163547 devstack@n-api-meta.service[107463]: DEBUG nova.api.openstack.wsgi_app [None req-e9c4c3aa-379b-4785-9788-f70e914442cb None None] oslo_limit.timeout = None {{(pid=107463) log_opt_values /opt/stack/data/venv/lib/python3.12/site-packages/oslo_config/cfg.py:3006}}
Apr 06 17:20:39.244303 np0000163547 devstack@n-api-meta.service[107463]: DEBUG nova.api.openstack.wsgi_app [None req-e9c4c3aa-379b-4785-9788-f70e914442cb None None] oslo_limit.valid_interfaces = None {{(pid=107463) log_opt_values /opt/stack/data/venv/lib/python3.12/site-packages/oslo_config/cfg.py:3006}}
Apr 06 17:20:39.244429 np0000163547 devstack@n-api-meta.service[107463]: DEBUG nova.api.openstack.wsgi_app [None req-e9c4c3aa-379b-4785-9788-f70e914442cb None None] oslo_limit.version = None {{(pid=107463) log_opt_values /opt/stack/data/venv/lib/python3.12/site-packages/oslo_config/cfg.py:3006}}
Apr 06 17:20:39.244571 np0000163547 devstack@n-api-meta.service[107463]: DEBUG nova.api.openstack.wsgi_app [None req-e9c4c3aa-379b-4785-9788-f70e914442cb None None] oslo_messaging_rabbit.amqp_auto_delete = False {{(pid=107463) log_opt_values /opt/stack/data/venv/lib/python3.12/site-packages/oslo_config/cfg.py:3006}}
Apr 06 17:20:39.244701 np0000163547 devstack@n-api-meta.service[107463]: DEBUG nova.api.openstack.wsgi_app [None req-e9c4c3aa-379b-4785-9788-f70e914442cb None None] oslo_messaging_rabbit.amqp_durable_queues = False {{(pid=107463) log_opt_values /opt/stack/data/venv/lib/python3.12/site-packages/oslo_config/cfg.py:3006}}
Apr 06 17:20:39.244832 np0000163547 devstack@n-api-meta.service[107463]: DEBUG nova.api.openstack.wsgi_app [None req-e9c4c3aa-379b-4785-9788-f70e914442cb None None] oslo_messaging_rabbit.conn_pool_min_size = 2 {{(pid=107463) log_opt_values /opt/stack/data/venv/lib/python3.12/site-packages/oslo_config/cfg.py:3006}}
Apr 06 17:20:39.244969 np0000163547 devstack@n-api-meta.service[107463]: DEBUG nova.api.openstack.wsgi_app [None req-e9c4c3aa-379b-4785-9788-f70e914442cb None None] oslo_messaging_rabbit.conn_pool_ttl = 1200 {{(pid=107463) log_opt_values /opt/stack/data/venv/lib/python3.12/site-packages/oslo_config/cfg.py:3006}}
Apr 06 17:20:39.245108 np0000163547 devstack@n-api-meta.service[107463]: DEBUG nova.api.openstack.wsgi_app [None req-e9c4c3aa-379b-4785-9788-f70e914442cb None None] oslo_messaging_rabbit.direct_mandatory_flag = True {{(pid=107463) log_opt_values /opt/stack/data/venv/lib/python3.12/site-packages/oslo_config/cfg.py:3006}}
Apr 06 17:20:39.245237 np0000163547 devstack@n-api-meta.service[107463]: DEBUG nova.api.openstack.wsgi_app [None req-e9c4c3aa-379b-4785-9788-f70e914442cb None None] oslo_messaging_rabbit.enable_cancel_on_failover = False {{(pid=107463) log_opt_values /opt/stack/data/venv/lib/python3.12/site-packages/oslo_config/cfg.py:3006}}
Apr 06 17:20:39.245369 np0000163547 devstack@n-api-meta.service[107463]: DEBUG nova.api.openstack.wsgi_app [None req-e9c4c3aa-379b-4785-9788-f70e914442cb None None] oslo_messaging_rabbit.heartbeat_in_pthread = False {{(pid=107463) log_opt_values /opt/stack/data/venv/lib/python3.12/site-packages/oslo_config/cfg.py:3006}}
Apr 06 17:20:39.245498 np0000163547 devstack@n-api-meta.service[107463]: DEBUG nova.api.openstack.wsgi_app [None req-e9c4c3aa-379b-4785-9788-f70e914442cb None None] oslo_messaging_rabbit.heartbeat_rate = 3 {{(pid=107463) log_opt_values /opt/stack/data/venv/lib/python3.12/site-packages/oslo_config/cfg.py:3006}}
Apr 06 17:20:39.245626 np0000163547 devstack@n-api-meta.service[107463]: DEBUG nova.api.openstack.wsgi_app [None req-e9c4c3aa-379b-4785-9788-f70e914442cb None None] oslo_messaging_rabbit.heartbeat_timeout_threshold = 60 {{(pid=107463) log_opt_values /opt/stack/data/venv/lib/python3.12/site-packages/oslo_config/cfg.py:3006}}
Apr 06 17:20:39.245765 np0000163547 devstack@n-api-meta.service[107463]: DEBUG nova.api.openstack.wsgi_app [None req-e9c4c3aa-379b-4785-9788-f70e914442cb None None] oslo_messaging_rabbit.hostname = np0000163547 {{(pid=107463) log_opt_values /opt/stack/data/venv/lib/python3.12/site-packages/oslo_config/cfg.py:3006}}
Apr 06 17:20:39.245894 np0000163547 devstack@n-api-meta.service[107463]: DEBUG nova.api.openstack.wsgi_app [None req-e9c4c3aa-379b-4785-9788-f70e914442cb None None] oslo_messaging_rabbit.kombu_compression = None {{(pid=107463) log_opt_values /opt/stack/data/venv/lib/python3.12/site-packages/oslo_config/cfg.py:3006}}
Apr 06 17:20:39.246050 np0000163547 devstack@n-api-meta.service[107463]: DEBUG nova.api.openstack.wsgi_app [None req-e9c4c3aa-379b-4785-9788-f70e914442cb None None] oslo_messaging_rabbit.kombu_failover_strategy = round-robin {{(pid=107463) log_opt_values /opt/stack/data/venv/lib/python3.12/site-packages/oslo_config/cfg.py:3006}}
Apr 06 17:20:39.246180 np0000163547 devstack@n-api-meta.service[107463]: DEBUG nova.api.openstack.wsgi_app [None req-e9c4c3aa-379b-4785-9788-f70e914442cb None None] oslo_messaging_rabbit.kombu_missing_consumer_retry_timeout = 60 {{(pid=107463) log_opt_values /opt/stack/data/venv/lib/python3.12/site-packages/oslo_config/cfg.py:3006}}
Apr 06 17:20:39.246311 np0000163547 devstack@n-api-meta.service[107463]: DEBUG nova.api.openstack.wsgi_app [None req-e9c4c3aa-379b-4785-9788-f70e914442cb None None] oslo_messaging_rabbit.kombu_reconnect_delay = 1.0 {{(pid=107463) log_opt_values /opt/stack/data/venv/lib/python3.12/site-packages/oslo_config/cfg.py:3006}}
Apr 06 17:20:39.246442 np0000163547 devstack@n-api-meta.service[107463]: DEBUG nova.api.openstack.wsgi_app [None req-e9c4c3aa-379b-4785-9788-f70e914442cb None None] oslo_messaging_rabbit.kombu_reconnect_splay = 0.0 {{(pid=107463) log_opt_values /opt/stack/data/venv/lib/python3.12/site-packages/oslo_config/cfg.py:3006}}
Apr 06 17:20:39.246582 np0000163547 devstack@n-api-meta.service[107463]: DEBUG nova.api.openstack.wsgi_app [None req-e9c4c3aa-379b-4785-9788-f70e914442cb None None] oslo_messaging_rabbit.processname = uwsgi {{(pid=107463) log_opt_values /opt/stack/data/venv/lib/python3.12/site-packages/oslo_config/cfg.py:3006}}
Apr 06 17:20:39.246710 np0000163547 devstack@n-api-meta.service[107463]: DEBUG nova.api.openstack.wsgi_app [None req-e9c4c3aa-379b-4785-9788-f70e914442cb None None] oslo_messaging_rabbit.rabbit_ha_queues = False {{(pid=107463) log_opt_values /opt/stack/data/venv/lib/python3.12/site-packages/oslo_config/cfg.py:3006}}
Apr 06 17:20:39.246840 np0000163547 devstack@n-api-meta.service[107463]: DEBUG nova.api.openstack.wsgi_app [None req-e9c4c3aa-379b-4785-9788-f70e914442cb None None] oslo_messaging_rabbit.rabbit_interval_max = 30 {{(pid=107463) log_opt_values /opt/stack/data/venv/lib/python3.12/site-packages/oslo_config/cfg.py:3006}}
Apr 06 17:20:39.246989 np0000163547 devstack@n-api-meta.service[107463]: DEBUG nova.api.openstack.wsgi_app [None req-e9c4c3aa-379b-4785-9788-f70e914442cb None None] oslo_messaging_rabbit.rabbit_login_method = AMQPLAIN {{(pid=107463) log_opt_values /opt/stack/data/venv/lib/python3.12/site-packages/oslo_config/cfg.py:3006}}
Apr 06 17:20:39.247120 np0000163547 devstack@n-api-meta.service[107463]: DEBUG nova.api.openstack.wsgi_app [None req-e9c4c3aa-379b-4785-9788-f70e914442cb None None] oslo_messaging_rabbit.rabbit_qos_prefetch_count = 0 {{(pid=107463) log_opt_values /opt/stack/data/venv/lib/python3.12/site-packages/oslo_config/cfg.py:3006}}
Apr 06 17:20:39.247256 np0000163547 devstack@n-api-meta.service[107463]: DEBUG nova.api.openstack.wsgi_app [None req-e9c4c3aa-379b-4785-9788-f70e914442cb None None] oslo_messaging_rabbit.rabbit_quorum_delivery_limit = 0 {{(pid=107463) log_opt_values /opt/stack/data/venv/lib/python3.12/site-packages/oslo_config/cfg.py:3006}}
Apr 06 17:20:39.247384 np0000163547 devstack@n-api-meta.service[107463]: DEBUG nova.api.openstack.wsgi_app [None req-e9c4c3aa-379b-4785-9788-f70e914442cb None None] oslo_messaging_rabbit.rabbit_quorum_max_memory_bytes = 0 {{(pid=107463) log_opt_values /opt/stack/data/venv/lib/python3.12/site-packages/oslo_config/cfg.py:3006}}
Apr 06 17:20:39.247513 np0000163547 devstack@n-api-meta.service[107463]: DEBUG nova.api.openstack.wsgi_app [None req-e9c4c3aa-379b-4785-9788-f70e914442cb None None] oslo_messaging_rabbit.rabbit_quorum_max_memory_length = 0 {{(pid=107463) log_opt_values /opt/stack/data/venv/lib/python3.12/site-packages/oslo_config/cfg.py:3006}}
Apr 06 17:20:39.247640 np0000163547 devstack@n-api-meta.service[107463]: DEBUG nova.api.openstack.wsgi_app [None req-e9c4c3aa-379b-4785-9788-f70e914442cb None None] oslo_messaging_rabbit.rabbit_quorum_queue = False {{(pid=107463) log_opt_values /opt/stack/data/venv/lib/python3.12/site-packages/oslo_config/cfg.py:3006}}
Apr 06 17:20:39.247795 np0000163547 devstack@n-api-meta.service[107463]: DEBUG nova.api.openstack.wsgi_app [None req-e9c4c3aa-379b-4785-9788-f70e914442cb None None] oslo_messaging_rabbit.rabbit_retry_backoff = 2 {{(pid=107463) log_opt_values /opt/stack/data/venv/lib/python3.12/site-packages/oslo_config/cfg.py:3006}}
Apr 06 17:20:39.247926 np0000163547 devstack@n-api-meta.service[107463]: DEBUG nova.api.openstack.wsgi_app [None req-e9c4c3aa-379b-4785-9788-f70e914442cb None None] oslo_messaging_rabbit.rabbit_retry_interval = 1 {{(pid=107463) log_opt_values /opt/stack/data/venv/lib/python3.12/site-packages/oslo_config/cfg.py:3006}}
Apr 06 17:20:39.248072 np0000163547 devstack@n-api-meta.service[107463]: DEBUG nova.api.openstack.wsgi_app [None req-e9c4c3aa-379b-4785-9788-f70e914442cb None None] oslo_messaging_rabbit.rabbit_stream_fanout = False {{(pid=107463) log_opt_values /opt/stack/data/venv/lib/python3.12/site-packages/oslo_config/cfg.py:3006}}
Apr 06 17:20:39.248202 np0000163547 devstack@n-api-meta.service[107463]: DEBUG nova.api.openstack.wsgi_app [None req-e9c4c3aa-379b-4785-9788-f70e914442cb None None] oslo_messaging_rabbit.rabbit_transient_queues_ttl = 1800 {{(pid=107463) log_opt_values /opt/stack/data/venv/lib/python3.12/site-packages/oslo_config/cfg.py:3006}}
Apr 06 17:20:39.248349 np0000163547 devstack@n-api-meta.service[107463]: DEBUG nova.api.openstack.wsgi_app [None req-e9c4c3aa-379b-4785-9788-f70e914442cb None None] oslo_messaging_rabbit.rabbit_transient_quorum_queue = False {{(pid=107463) log_opt_values /opt/stack/data/venv/lib/python3.12/site-packages/oslo_config/cfg.py:3006}}
Apr 06 17:20:39.248478 np0000163547 devstack@n-api-meta.service[107463]: DEBUG nova.api.openstack.wsgi_app [None req-e9c4c3aa-379b-4785-9788-f70e914442cb None None] oslo_messaging_rabbit.rpc_conn_pool_size = 30 {{(pid=107463) log_opt_values /opt/stack/data/venv/lib/python3.12/site-packages/oslo_config/cfg.py:3006}}
Apr 06 17:20:39.248607 np0000163547 devstack@n-api-meta.service[107463]: DEBUG nova.api.openstack.wsgi_app [None req-e9c4c3aa-379b-4785-9788-f70e914442cb None None] oslo_messaging_rabbit.ssl = False {{(pid=107463) log_opt_values /opt/stack/data/venv/lib/python3.12/site-packages/oslo_config/cfg.py:3006}}
Apr 06 17:20:39.248741 np0000163547 devstack@n-api-meta.service[107463]: DEBUG nova.api.openstack.wsgi_app [None req-e9c4c3aa-379b-4785-9788-f70e914442cb None None] oslo_messaging_rabbit.ssl_ca_file = {{(pid=107463) log_opt_values /opt/stack/data/venv/lib/python3.12/site-packages/oslo_config/cfg.py:3006}}
Apr 06 17:20:39.248875 np0000163547 devstack@n-api-meta.service[107463]: DEBUG nova.api.openstack.wsgi_app [None req-e9c4c3aa-379b-4785-9788-f70e914442cb None None] oslo_messaging_rabbit.ssl_cert_file = {{(pid=107463) log_opt_values /opt/stack/data/venv/lib/python3.12/site-packages/oslo_config/cfg.py:3006}}
Apr 06 17:20:39.249021 np0000163547 devstack@n-api-meta.service[107463]: DEBUG nova.api.openstack.wsgi_app [None req-e9c4c3aa-379b-4785-9788-f70e914442cb None None] oslo_messaging_rabbit.ssl_enforce_fips_mode = False {{(pid=107463) log_opt_values /opt/stack/data/venv/lib/python3.12/site-packages/oslo_config/cfg.py:3006}}
Apr 06 17:20:39.249154 np0000163547 devstack@n-api-meta.service[107463]: DEBUG nova.api.openstack.wsgi_app [None req-e9c4c3aa-379b-4785-9788-f70e914442cb None None] oslo_messaging_rabbit.ssl_key_file = {{(pid=107463) log_opt_values /opt/stack/data/venv/lib/python3.12/site-packages/oslo_config/cfg.py:3006}}
Apr 06 17:20:39.249292 np0000163547 devstack@n-api-meta.service[107463]: DEBUG nova.api.openstack.wsgi_app [None req-e9c4c3aa-379b-4785-9788-f70e914442cb None None] oslo_messaging_rabbit.ssl_version = {{(pid=107463) log_opt_values /opt/stack/data/venv/lib/python3.12/site-packages/oslo_config/cfg.py:3006}}
Apr 06 17:20:39.249415 np0000163547 devstack@n-api-meta.service[107463]: DEBUG nova.api.openstack.wsgi_app [None req-e9c4c3aa-379b-4785-9788-f70e914442cb None None] oslo_messaging_rabbit.use_queue_manager = False {{(pid=107463) log_opt_values /opt/stack/data/venv/lib/python3.12/site-packages/oslo_config/cfg.py:3006}}
Apr 06 17:20:39.249561 np0000163547 devstack@n-api-meta.service[107463]: DEBUG nova.api.openstack.wsgi_app [None req-e9c4c3aa-379b-4785-9788-f70e914442cb None None] oslo_messaging_notifications.driver = ['messagingv2'] {{(pid=107463) log_opt_values /opt/stack/data/venv/lib/python3.12/site-packages/oslo_config/cfg.py:3006}}
Apr 06 17:20:39.249693 np0000163547 devstack@n-api-meta.service[107463]: DEBUG nova.api.openstack.wsgi_app [None req-e9c4c3aa-379b-4785-9788-f70e914442cb None None] oslo_messaging_notifications.retry = -1 {{(pid=107463) log_opt_values /opt/stack/data/venv/lib/python3.12/site-packages/oslo_config/cfg.py:3006}}
Apr 06 17:20:39.249833 np0000163547 devstack@n-api-meta.service[107463]: DEBUG nova.api.openstack.wsgi_app [None req-e9c4c3aa-379b-4785-9788-f70e914442cb None None] oslo_messaging_notifications.topics = ['notifications'] {{(pid=107463) log_opt_values /opt/stack/data/venv/lib/python3.12/site-packages/oslo_config/cfg.py:3006}}
Apr 06 17:20:39.249973 np0000163547 devstack@n-api-meta.service[107463]: DEBUG nova.api.openstack.wsgi_app [None req-e9c4c3aa-379b-4785-9788-f70e914442cb None None] oslo_messaging_notifications.transport_url = **** {{(pid=107463) log_opt_values /opt/stack/data/venv/lib/python3.12/site-packages/oslo_config/cfg.py:3006}}
Apr 06 17:20:39.250118 np0000163547 devstack@n-api-meta.service[107463]: DEBUG nova.api.openstack.wsgi_app [None req-e9c4c3aa-379b-4785-9788-f70e914442cb None None] oslo_reports.file_event_handler = None {{(pid=107463) log_opt_values /opt/stack/data/venv/lib/python3.12/site-packages/oslo_config/cfg.py:3006}}
Apr 06 17:20:39.250248 np0000163547 devstack@n-api-meta.service[107463]: DEBUG nova.api.openstack.wsgi_app [None req-e9c4c3aa-379b-4785-9788-f70e914442cb None None] oslo_reports.file_event_handler_interval = 1 {{(pid=107463) log_opt_values /opt/stack/data/venv/lib/python3.12/site-packages/oslo_config/cfg.py:3006}}
Apr 06 17:20:39.250380 np0000163547 devstack@n-api-meta.service[107463]: DEBUG nova.api.openstack.wsgi_app [None req-e9c4c3aa-379b-4785-9788-f70e914442cb None None] oslo_reports.log_dir = None {{(pid=107463) log_opt_values /opt/stack/data/venv/lib/python3.12/site-packages/oslo_config/cfg.py:3006}}
Apr 06 17:20:39.250482 np0000163547 devstack@n-api-meta.service[107463]: DEBUG nova.api.openstack.wsgi_app [None req-e9c4c3aa-379b-4785-9788-f70e914442cb None None] ******************************************************************************** {{(pid=107463) log_opt_values /opt/stack/data/venv/lib/python3.12/site-packages/oslo_config/cfg.py:3013}}
Apr 06 17:20:39.250616 np0000163547 devstack@n-api-meta.service[107463]: WSGI app 0 (mountpoint='') ready in 3 seconds on interpreter 0x774ae14a3668 pid: 107463 (default app)
Apr 06 17:20:48.867292 np0000163547 devstack@n-api-meta.service[107464]: DEBUG dbcounter [-] [107464] Writing DB stats nova_api:SELECT=1 {{(pid=107464) stat_writer /opt/stack/data/venv/lib/python3.12/site-packages/dbcounter.py:115}}
Apr 06 17:20:48.900054 np0000163547 devstack@n-api-meta.service[107462]: DEBUG dbcounter [-] [107462] Writing DB stats nova_api:SELECT=1 {{(pid=107462) stat_writer /opt/stack/data/venv/lib/python3.12/site-packages/dbcounter.py:115}}
Apr 06 17:20:48.922808 np0000163547 devstack@n-api-meta.service[107461]: DEBUG dbcounter [-] [107461] Writing DB stats nova_api:SELECT=1 {{(pid=107461) stat_writer /opt/stack/data/venv/lib/python3.12/site-packages/dbcounter.py:115}}
Apr 06 17:20:48.936271 np0000163547 devstack@n-api-meta.service[107463]: DEBUG dbcounter [-] [107463] Writing DB stats nova_api:SELECT=1 {{(pid=107463) stat_writer /opt/stack/data/venv/lib/python3.12/site-packages/dbcounter.py:115}}
Apr 06 17:20:48.989300 np0000163547 devstack@n-api-meta.service[107464]: DEBUG dbcounter [-] [107464] Writing DB stats nova_cell0:SELECT=1 {{(pid=107464) stat_writer /opt/stack/data/venv/lib/python3.12/site-packages/dbcounter.py:115}}
Apr 06 17:20:48.998583 np0000163547 devstack@n-api-meta.service[107464]: DEBUG dbcounter [-] [107464] Writing DB stats nova_cell1:SELECT=1 {{(pid=107464) stat_writer /opt/stack/data/venv/lib/python3.12/site-packages/dbcounter.py:115}}
Apr 06 17:20:49.020622 np0000163547 devstack@n-api-meta.service[107462]: DEBUG dbcounter [-] [107462] Writing DB stats nova_cell0:SELECT=1 {{(pid=107462) stat_writer /opt/stack/data/venv/lib/python3.12/site-packages/dbcounter.py:115}}
Apr 06 17:20:49.026830 np0000163547 devstack@n-api-meta.service[107462]: DEBUG dbcounter [-] [107462] Writing DB stats nova_cell1:SELECT=1 {{(pid=107462) stat_writer /opt/stack/data/venv/lib/python3.12/site-packages/dbcounter.py:115}}
Apr 06 17:20:49.027218 np0000163547 devstack@n-api-meta.service[107464]: DEBUG dbcounter [-] [107464] Writing DB stats nova_cell0:SELECT=2,nova_cell0:INSERT=1 {{(pid=107464) stat_writer /opt/stack/data/venv/lib/python3.12/site-packages/dbcounter.py:115}}
Apr 06 17:20:49.040046 np0000163547 devstack@n-api-meta.service[107461]: DEBUG dbcounter [-] [107461] Writing DB stats nova_cell0:SELECT=1 {{(pid=107461) stat_writer /opt/stack/data/venv/lib/python3.12/site-packages/dbcounter.py:115}}
Apr 06 17:20:49.042347 np0000163547 devstack@n-api-meta.service[107461]: DEBUG dbcounter [-] [107461] Writing DB stats nova_cell1:SELECT=1 {{(pid=107461) stat_writer /opt/stack/data/venv/lib/python3.12/site-packages/dbcounter.py:115}}
Apr 06 17:20:49.059107 np0000163547 devstack@n-api-meta.service[107462]: DEBUG dbcounter [-] [107462] Writing DB stats nova_cell0:SELECT=1 {{(pid=107462) stat_writer /opt/stack/data/venv/lib/python3.12/site-packages/dbcounter.py:115}}
Apr 06 17:20:49.067841 np0000163547 devstack@n-api-meta.service[107461]: DEBUG dbcounter [-] [107461] Writing DB stats nova_cell0:SELECT=1 {{(pid=107461) stat_writer /opt/stack/data/venv/lib/python3.12/site-packages/dbcounter.py:115}}
Apr 06 17:20:49.069440 np0000163547 devstack@n-api-meta.service[107463]: DEBUG dbcounter [-] [107463] Writing DB stats nova_cell0:SELECT=1 {{(pid=107463) stat_writer /opt/stack/data/venv/lib/python3.12/site-packages/dbcounter.py:115}}
Apr 06 17:20:49.070436 np0000163547 devstack@n-api-meta.service[107463]: DEBUG dbcounter [-] [107463] Writing DB stats nova_cell1:SELECT=1 {{(pid=107463) stat_writer /opt/stack/data/venv/lib/python3.12/site-packages/dbcounter.py:115}}
Apr 06 17:20:49.097068 np0000163547 devstack@n-api-meta.service[107463]: DEBUG dbcounter [-] [107463] Writing DB stats nova_cell0:SELECT=1 {{(pid=107463) stat_writer /opt/stack/data/venv/lib/python3.12/site-packages/dbcounter.py:115}}
Apr 06 17:28:43.564900 np0000163547 devstack@n-api-meta.service[107464]: DEBUG nova.api.metadata.handler [None req-c39e96cd-8da5-4a99-b846-b4f030535765 None None] Metadata request headers: {'Host': '199.204.45.244:8775', 'User-Agent': 'python-requests/2.33.0', 'Accept-Encoding': 'gzip, deflate', 'Accept': '*/*', 'Connection': 'keep-alive', 'X-Forwarded-For': '192.168.24.79', 'X-Instance-Id': '28a0ec20-72fd-44de-a389-dc03c61e36b9', 'X-Tenant-Id': '6797c2a7dd904e668e649b3b6ab7d870', 'X-Instance-Id-Signature': '10abbda6f1f7e37e9113c11ba8dbe562ce9f1f488bb7172eb7b3ae43d0952f53'} {{(pid=107464) __call__ /opt/stack/nova/nova/api/metadata/handler.py:109}}
Apr 06 17:28:43.578467 np0000163547 devstack@n-api-meta.service[107464]: DEBUG oslo_concurrency.lockutils [None req-cd49900e-699f-4d5b-b98b-10db9c208491 None None] Acquiring lock "89fb7cfb-5ca4-4304-89fd-a00cd41b04dc" by "nova.context.set_target_cell..get_or_set_cached_cell_and_set_connections" {{(pid=107464) inner /opt/stack/data/venv/lib/python3.12/site-packages/oslo_concurrency/lockutils.py:506}}
Apr 06 17:28:43.578787 np0000163547 devstack@n-api-meta.service[107464]: DEBUG oslo_concurrency.lockutils [None req-cd49900e-699f-4d5b-b98b-10db9c208491 None None] Lock "89fb7cfb-5ca4-4304-89fd-a00cd41b04dc" acquired by "nova.context.set_target_cell..get_or_set_cached_cell_and_set_connections" :: waited 0.000s {{(pid=107464) inner /opt/stack/data/venv/lib/python3.12/site-packages/oslo_concurrency/lockutils.py:519}}
Apr 06 17:28:43.578975 np0000163547 devstack@n-api-meta.service[107464]: DEBUG oslo_concurrency.lockutils [None req-cd49900e-699f-4d5b-b98b-10db9c208491 None None] Lock "89fb7cfb-5ca4-4304-89fd-a00cd41b04dc" "released" by "nova.context.set_target_cell..get_or_set_cached_cell_and_set_connections" :: held 0.000s {{(pid=107464) inner /opt/stack/data/venv/lib/python3.12/site-packages/oslo_concurrency/lockutils.py:538}}
Apr 06 17:28:43.645869 np0000163547 devstack@n-api-meta.service[107464]: WARNING neutronclient.v2_0.client [None req-cd49900e-699f-4d5b-b98b-10db9c208491 None None] The python binding code in neutronclient is deprecated in favor of OpenstackSDK, please use that as this will be removed in a future release.
Apr 06 17:28:44.076299 np0000163547 devstack@n-api-meta.service[107464]: [pid: 107464|app: 0|req: 1/1] 199.204.45.244 () {40 vars in 642 bytes} [Mon Apr 6 17:28:43 2026] GET /openstack => generated 116 bytes in 513 msecs (HTTP/1.1 200) 3 headers in 100 bytes (1 switches on core 0)
Apr 06 17:28:44.088755 np0000163547 devstack@n-api-meta.service[107462]: DEBUG nova.api.metadata.handler [None req-f0f0d830-61ab-48f1-accc-eaee968ad29d None None] Metadata request headers: {'Host': '199.204.45.244:8775', 'User-Agent': 'python-requests/2.33.0', 'Accept-Encoding': 'gzip, deflate', 'Accept': '*/*', 'Connection': 'keep-alive', 'X-Forwarded-For': '192.168.24.79', 'X-Instance-Id': '28a0ec20-72fd-44de-a389-dc03c61e36b9', 'X-Tenant-Id': '6797c2a7dd904e668e649b3b6ab7d870', 'X-Instance-Id-Signature': '10abbda6f1f7e37e9113c11ba8dbe562ce9f1f488bb7172eb7b3ae43d0952f53'} {{(pid=107462) __call__ /opt/stack/nova/nova/api/metadata/handler.py:109}}
Apr 06 17:28:44.098491 np0000163547 devstack@n-api-meta.service[107462]: DEBUG nova.api.metadata.handler [None req-f0f0d830-61ab-48f1-accc-eaee968ad29d None None] Using cached metadata for instance 28a0ec20-72fd-44de-a389-dc03c61e36b9 {{(pid=107462) get_metadata_by_instance_id /opt/stack/nova/nova/api/metadata/handler.py:84}}
Apr 06 17:28:44.099012 np0000163547 devstack@n-api-meta.service[107462]: [pid: 107462|app: 0|req: 1/2] 199.204.45.244 () {40 vars in 642 bytes} [Mon Apr 6 17:28:44 2026] GET /openstack => generated 116 bytes in 11 msecs (HTTP/1.1 200) 3 headers in 100 bytes (1 switches on core 0)
Apr 06 17:28:44.110249 np0000163547 devstack@n-api-meta.service[107461]: DEBUG nova.api.metadata.handler [None req-167f06c3-d49a-4850-b9e1-ad1514199052 None None] Metadata request headers: {'Host': '199.204.45.244:8775', 'User-Agent': 'python-requests/2.33.0', 'Accept-Encoding': 'gzip, deflate', 'Accept': '*/*', 'Connection': 'keep-alive', 'X-Forwarded-For': '192.168.24.79', 'X-Instance-Id': '28a0ec20-72fd-44de-a389-dc03c61e36b9', 'X-Tenant-Id': '6797c2a7dd904e668e649b3b6ab7d870', 'X-Instance-Id-Signature': '10abbda6f1f7e37e9113c11ba8dbe562ce9f1f488bb7172eb7b3ae43d0952f53'} {{(pid=107461) __call__ /opt/stack/nova/nova/api/metadata/handler.py:109}}
Apr 06 17:28:44.117608 np0000163547 devstack@n-api-meta.service[107461]: DEBUG nova.api.metadata.handler [None req-167f06c3-d49a-4850-b9e1-ad1514199052 None None] Using cached metadata for instance 28a0ec20-72fd-44de-a389-dc03c61e36b9 {{(pid=107461) get_metadata_by_instance_id /opt/stack/nova/nova/api/metadata/handler.py:84}}
Apr 06 17:28:44.118357 np0000163547 devstack@n-api-meta.service[107461]: [pid: 107461|app: 0|req: 1/3] 199.204.45.244 () {40 vars in 694 bytes} [Mon Apr 6 17:28:44 2026] GET /openstack/2018-08-27/meta_data.json => generated 946 bytes in 9 msecs (HTTP/1.1 200) 3 headers in 91 bytes (1 switches on core 0)
Apr 06 17:28:44.129216 np0000163547 devstack@n-api-meta.service[107463]: DEBUG nova.api.metadata.handler [None req-e9c4c3aa-379b-4785-9788-f70e914442cb None None] Metadata request headers: {'Host': '199.204.45.244:8775', 'User-Agent': 'python-requests/2.33.0', 'Accept-Encoding': 'gzip, deflate', 'Accept': '*/*', 'Connection': 'keep-alive', 'X-Forwarded-For': '192.168.24.79', 'X-Instance-Id': '28a0ec20-72fd-44de-a389-dc03c61e36b9', 'X-Tenant-Id': '6797c2a7dd904e668e649b3b6ab7d870', 'X-Instance-Id-Signature': '10abbda6f1f7e37e9113c11ba8dbe562ce9f1f488bb7172eb7b3ae43d0952f53'} {{(pid=107463) __call__ /opt/stack/nova/nova/api/metadata/handler.py:109}}
Apr 06 17:28:44.135352 np0000163547 devstack@n-api-meta.service[107463]: DEBUG nova.api.metadata.handler [None req-e9c4c3aa-379b-4785-9788-f70e914442cb None None] Using cached metadata for instance 28a0ec20-72fd-44de-a389-dc03c61e36b9 {{(pid=107463) get_metadata_by_instance_id /opt/stack/nova/nova/api/metadata/handler.py:84}}
Apr 06 17:28:44.136093 np0000163547 devstack@n-api-meta.service[107463]: [pid: 107463|app: 0|req: 1/4] 199.204.45.244 () {40 vars in 684 bytes} [Mon Apr 6 17:28:44 2026] GET /openstack/2018-08-27/user_data => generated 26359 bytes in 9 msecs (HTTP/1.1 200) 3 headers in 102 bytes (1 switches on core 0)
Apr 06 17:28:44.147531 np0000163547 devstack@n-api-meta.service[107464]: DEBUG nova.api.metadata.handler [None req-cd49900e-699f-4d5b-b98b-10db9c208491 None None] Metadata request headers: {'Host': '199.204.45.244:8775', 'User-Agent': 'python-requests/2.33.0', 'Accept-Encoding': 'gzip, deflate', 'Accept': '*/*', 'Connection': 'keep-alive', 'X-Forwarded-For': '192.168.24.79', 'X-Instance-Id': '28a0ec20-72fd-44de-a389-dc03c61e36b9', 'X-Tenant-Id': '6797c2a7dd904e668e649b3b6ab7d870', 'X-Instance-Id-Signature': '10abbda6f1f7e37e9113c11ba8dbe562ce9f1f488bb7172eb7b3ae43d0952f53'} {{(pid=107464) __call__ /opt/stack/nova/nova/api/metadata/handler.py:109}}
Apr 06 17:28:44.150502 np0000163547 devstack@n-api-meta.service[107464]: DEBUG nova.api.metadata.handler [None req-cd49900e-699f-4d5b-b98b-10db9c208491 None None] Using cached metadata for instance 28a0ec20-72fd-44de-a389-dc03c61e36b9 {{(pid=107464) get_metadata_by_instance_id /opt/stack/nova/nova/api/metadata/handler.py:84}}
Apr 06 17:28:44.150988 np0000163547 devstack@n-api-meta.service[107464]: [pid: 107464|app: 0|req: 2/5] 199.204.45.244 () {40 vars in 698 bytes} [Mon Apr 6 17:28:44 2026] GET /openstack/2018-08-27/vendor_data.json => generated 2 bytes in 4 msecs (HTTP/1.1 200) 3 headers in 89 bytes (1 switches on core 0)
Apr 06 17:28:44.159645 np0000163547 devstack@n-api-meta.service[107462]: DEBUG nova.api.metadata.handler [None req-f0f0d830-61ab-48f1-accc-eaee968ad29d None None] Metadata request headers: {'Host': '199.204.45.244:8775', 'User-Agent': 'python-requests/2.33.0', 'Accept-Encoding': 'gzip, deflate', 'Accept': '*/*', 'Connection': 'keep-alive', 'X-Forwarded-For': '192.168.24.79', 'X-Instance-Id': '28a0ec20-72fd-44de-a389-dc03c61e36b9', 'X-Tenant-Id': '6797c2a7dd904e668e649b3b6ab7d870', 'X-Instance-Id-Signature': '10abbda6f1f7e37e9113c11ba8dbe562ce9f1f488bb7172eb7b3ae43d0952f53'} {{(pid=107462) __call__ /opt/stack/nova/nova/api/metadata/handler.py:109}}
Apr 06 17:28:44.162871 np0000163547 devstack@n-api-meta.service[107462]: DEBUG nova.api.metadata.handler [None req-f0f0d830-61ab-48f1-accc-eaee968ad29d None None] Using cached metadata for instance 28a0ec20-72fd-44de-a389-dc03c61e36b9 {{(pid=107462) get_metadata_by_instance_id /opt/stack/nova/nova/api/metadata/handler.py:84}}
Apr 06 17:28:44.163462 np0000163547 devstack@n-api-meta.service[107462]: [pid: 107462|app: 0|req: 2/6] 199.204.45.244 () {40 vars in 700 bytes} [Mon Apr 6 17:28:44 2026] GET /openstack/2018-08-27/vendor_data2.json => generated 14 bytes in 4 msecs (HTTP/1.1 200) 3 headers in 90 bytes (1 switches on core 0)
Apr 06 17:28:44.170898 np0000163547 devstack@n-api-meta.service[107461]: DEBUG nova.api.metadata.handler [None req-167f06c3-d49a-4850-b9e1-ad1514199052 None None] Metadata request headers: {'Host': '199.204.45.244:8775', 'User-Agent': 'python-requests/2.33.0', 'Accept-Encoding': 'gzip, deflate', 'Accept': '*/*', 'Connection': 'keep-alive', 'X-Forwarded-For': '192.168.24.79', 'X-Instance-Id': '28a0ec20-72fd-44de-a389-dc03c61e36b9', 'X-Tenant-Id': '6797c2a7dd904e668e649b3b6ab7d870', 'X-Instance-Id-Signature': '10abbda6f1f7e37e9113c11ba8dbe562ce9f1f488bb7172eb7b3ae43d0952f53'} {{(pid=107461) __call__ /opt/stack/nova/nova/api/metadata/handler.py:109}}
Apr 06 17:28:44.173314 np0000163547 devstack@n-api-meta.service[107461]: DEBUG nova.api.metadata.handler [None req-167f06c3-d49a-4850-b9e1-ad1514199052 None None] Using cached metadata for instance 28a0ec20-72fd-44de-a389-dc03c61e36b9 {{(pid=107461) get_metadata_by_instance_id /opt/stack/nova/nova/api/metadata/handler.py:84}}
Apr 06 17:28:44.173904 np0000163547 devstack@n-api-meta.service[107461]: [pid: 107461|app: 0|req: 2/7] 199.204.45.244 () {40 vars in 700 bytes} [Mon Apr 6 17:28:44 2026] GET /openstack/2018-08-27/network_data.json => generated 348 bytes in 4 msecs (HTTP/1.1 200) 3 headers in 100 bytes (1 switches on core 0)
Apr 06 17:28:44.180670 np0000163547 devstack@n-api-meta.service[107463]: DEBUG nova.api.metadata.handler [None req-e9c4c3aa-379b-4785-9788-f70e914442cb None None] Metadata request headers: {'Host': '199.204.45.244:8775', 'User-Agent': 'python-requests/2.33.0', 'Accept-Encoding': 'gzip, deflate', 'Accept': '*/*', 'Connection': 'keep-alive', 'X-Forwarded-For': '192.168.24.79', 'X-Instance-Id': '28a0ec20-72fd-44de-a389-dc03c61e36b9', 'X-Tenant-Id': '6797c2a7dd904e668e649b3b6ab7d870', 'X-Instance-Id-Signature': '10abbda6f1f7e37e9113c11ba8dbe562ce9f1f488bb7172eb7b3ae43d0952f53'} {{(pid=107463) __call__ /opt/stack/nova/nova/api/metadata/handler.py:109}}
Apr 06 17:28:44.183443 np0000163547 devstack@n-api-meta.service[107463]: DEBUG nova.api.metadata.handler [None req-e9c4c3aa-379b-4785-9788-f70e914442cb None None] Using cached metadata for instance 28a0ec20-72fd-44de-a389-dc03c61e36b9 {{(pid=107463) get_metadata_by_instance_id /opt/stack/nova/nova/api/metadata/handler.py:84}}
Apr 06 17:28:44.184253 np0000163547 devstack@n-api-meta.service[107463]: [pid: 107463|app: 0|req: 2/8] 199.204.45.244 () {40 vars in 658 bytes} [Mon Apr 6 17:28:44 2026] GET /latest/meta-data/ => generated 210 bytes in 4 msecs (HTTP/1.1 200) 3 headers in 100 bytes (1 switches on core 0)
Apr 06 17:28:44.193305 np0000163547 devstack@n-api-meta.service[107464]: DEBUG nova.api.metadata.handler [None req-cd49900e-699f-4d5b-b98b-10db9c208491 None None] Metadata request headers: {'Host': '199.204.45.244:8775', 'User-Agent': 'python-requests/2.33.0', 'Accept-Encoding': 'gzip, deflate', 'Accept': '*/*', 'Connection': 'keep-alive', 'X-Forwarded-For': '192.168.24.79', 'X-Instance-Id': '28a0ec20-72fd-44de-a389-dc03c61e36b9', 'X-Tenant-Id': '6797c2a7dd904e668e649b3b6ab7d870', 'X-Instance-Id-Signature': '10abbda6f1f7e37e9113c11ba8dbe562ce9f1f488bb7172eb7b3ae43d0952f53'} {{(pid=107464) __call__ /opt/stack/nova/nova/api/metadata/handler.py:109}}
Apr 06 17:28:44.196028 np0000163547 devstack@n-api-meta.service[107464]: DEBUG nova.api.metadata.handler [None req-cd49900e-699f-4d5b-b98b-10db9c208491 None None] Using cached metadata for instance 28a0ec20-72fd-44de-a389-dc03c61e36b9 {{(pid=107464) get_metadata_by_instance_id /opt/stack/nova/nova/api/metadata/handler.py:84}}
Apr 06 17:28:44.196816 np0000163547 devstack@n-api-meta.service[107464]: [pid: 107464|app: 0|req: 3/9] 199.204.45.244 () {40 vars in 700 bytes} [Mon Apr 6 17:28:44 2026] GET /latest/meta-data/block-device-mapping/ => generated 8 bytes in 4 msecs (HTTP/1.1 200) 3 headers in 98 bytes (1 switches on core 0)
Apr 06 17:28:44.204710 np0000163547 devstack@n-api-meta.service[107462]: DEBUG nova.api.metadata.handler [None req-f0f0d830-61ab-48f1-accc-eaee968ad29d None None] Metadata request headers: {'Host': '199.204.45.244:8775', 'User-Agent': 'python-requests/2.33.0', 'Accept-Encoding': 'gzip, deflate', 'Accept': '*/*', 'Connection': 'keep-alive', 'X-Forwarded-For': '192.168.24.79', 'X-Instance-Id': '28a0ec20-72fd-44de-a389-dc03c61e36b9', 'X-Tenant-Id': '6797c2a7dd904e668e649b3b6ab7d870', 'X-Instance-Id-Signature': '10abbda6f1f7e37e9113c11ba8dbe562ce9f1f488bb7172eb7b3ae43d0952f53'} {{(pid=107462) __call__ /opt/stack/nova/nova/api/metadata/handler.py:109}}
Apr 06 17:28:44.207533 np0000163547 devstack@n-api-meta.service[107462]: DEBUG nova.api.metadata.handler [None req-f0f0d830-61ab-48f1-accc-eaee968ad29d None None] Using cached metadata for instance 28a0ec20-72fd-44de-a389-dc03c61e36b9 {{(pid=107462) get_metadata_by_instance_id /opt/stack/nova/nova/api/metadata/handler.py:84}}
Apr 06 17:28:44.208299 np0000163547 devstack@n-api-meta.service[107462]: [pid: 107462|app: 0|req: 3/10] 199.204.45.244 () {40 vars in 706 bytes} [Mon Apr 6 17:28:44 2026] GET /latest/meta-data/block-device-mapping/ami => generated 3 bytes in 4 msecs (HTTP/1.1 200) 3 headers in 98 bytes (1 switches on core 0)
Apr 06 17:28:44.216101 np0000163547 devstack@n-api-meta.service[107461]: DEBUG nova.api.metadata.handler [None req-167f06c3-d49a-4850-b9e1-ad1514199052 None None] Metadata request headers: {'Host': '199.204.45.244:8775', 'User-Agent': 'python-requests/2.33.0', 'Accept-Encoding': 'gzip, deflate', 'Accept': '*/*', 'Connection': 'keep-alive', 'X-Forwarded-For': '192.168.24.79', 'X-Instance-Id': '28a0ec20-72fd-44de-a389-dc03c61e36b9', 'X-Tenant-Id': '6797c2a7dd904e668e649b3b6ab7d870', 'X-Instance-Id-Signature': '10abbda6f1f7e37e9113c11ba8dbe562ce9f1f488bb7172eb7b3ae43d0952f53'} {{(pid=107461) __call__ /opt/stack/nova/nova/api/metadata/handler.py:109}}
Apr 06 17:28:44.218726 np0000163547 devstack@n-api-meta.service[107461]: DEBUG nova.api.metadata.handler [None req-167f06c3-d49a-4850-b9e1-ad1514199052 None None] Using cached metadata for instance 28a0ec20-72fd-44de-a389-dc03c61e36b9 {{(pid=107461) get_metadata_by_instance_id /opt/stack/nova/nova/api/metadata/handler.py:84}}
Apr 06 17:28:44.219442 np0000163547 devstack@n-api-meta.service[107461]: [pid: 107461|app: 0|req: 3/11] 199.204.45.244 () {40 vars in 708 bytes} [Mon Apr 6 17:28:44 2026] GET /latest/meta-data/block-device-mapping/root => generated 8 bytes in 4 msecs (HTTP/1.1 200) 3 headers in 98 bytes (1 switches on core 0)
Apr 06 17:28:44.227597 np0000163547 devstack@n-api-meta.service[107463]: DEBUG nova.api.metadata.handler [None req-e9c4c3aa-379b-4785-9788-f70e914442cb None None] Metadata request headers: {'Host': '199.204.45.244:8775', 'User-Agent': 'python-requests/2.33.0', 'Accept-Encoding': 'gzip, deflate', 'Accept': '*/*', 'Connection': 'keep-alive', 'X-Forwarded-For': '192.168.24.79', 'X-Instance-Id': '28a0ec20-72fd-44de-a389-dc03c61e36b9', 'X-Tenant-Id': '6797c2a7dd904e668e649b3b6ab7d870', 'X-Instance-Id-Signature': '10abbda6f1f7e37e9113c11ba8dbe562ce9f1f488bb7172eb7b3ae43d0952f53'} {{(pid=107463) __call__ /opt/stack/nova/nova/api/metadata/handler.py:109}}
Apr 06 17:28:44.230102 np0000163547 devstack@n-api-meta.service[107463]: DEBUG nova.api.metadata.handler [None req-e9c4c3aa-379b-4785-9788-f70e914442cb None None] Using cached metadata for instance 28a0ec20-72fd-44de-a389-dc03c61e36b9 {{(pid=107463) get_metadata_by_instance_id /opt/stack/nova/nova/api/metadata/handler.py:84}}
Apr 06 17:28:44.230729 np0000163547 devstack@n-api-meta.service[107463]: [pid: 107463|app: 0|req: 3/12] 199.204.45.244 () {40 vars in 678 bytes} [Mon Apr 6 17:28:44 2026] GET /latest/meta-data/placement/ => generated 17 bytes in 4 msecs (HTTP/1.1 200) 3 headers in 99 bytes (1 switches on core 0)
Apr 06 17:28:44.239985 np0000163547 devstack@n-api-meta.service[107464]: DEBUG nova.api.metadata.handler [None req-cd49900e-699f-4d5b-b98b-10db9c208491 None None] Metadata request headers: {'Host': '199.204.45.244:8775', 'User-Agent': 'python-requests/2.33.0', 'Accept-Encoding': 'gzip, deflate', 'Accept': '*/*', 'Connection': 'keep-alive', 'X-Forwarded-For': '192.168.24.79', 'X-Instance-Id': '28a0ec20-72fd-44de-a389-dc03c61e36b9', 'X-Tenant-Id': '6797c2a7dd904e668e649b3b6ab7d870', 'X-Instance-Id-Signature': '10abbda6f1f7e37e9113c11ba8dbe562ce9f1f488bb7172eb7b3ae43d0952f53'} {{(pid=107464) __call__ /opt/stack/nova/nova/api/metadata/handler.py:109}}
Apr 06 17:28:44.242800 np0000163547 devstack@n-api-meta.service[107464]: DEBUG nova.api.metadata.handler [None req-cd49900e-699f-4d5b-b98b-10db9c208491 None None] Using cached metadata for instance 28a0ec20-72fd-44de-a389-dc03c61e36b9 {{(pid=107464) get_metadata_by_instance_id /opt/stack/nova/nova/api/metadata/handler.py:84}}
Apr 06 17:28:44.243488 np0000163547 devstack@n-api-meta.service[107464]: [pid: 107464|app: 0|req: 4/13] 199.204.45.244 () {40 vars in 712 bytes} [Mon Apr 6 17:28:44 2026] GET /latest/meta-data/placement/availability-zone => generated 4 bytes in 4 msecs (HTTP/1.1 200) 3 headers in 98 bytes (1 switches on core 0)
Apr 06 17:28:44.252082 np0000163547 devstack@n-api-meta.service[107462]: DEBUG nova.api.metadata.handler [None req-f0f0d830-61ab-48f1-accc-eaee968ad29d None None] Metadata request headers: {'Host': '199.204.45.244:8775', 'User-Agent': 'python-requests/2.33.0', 'Accept-Encoding': 'gzip, deflate', 'Accept': '*/*', 'Connection': 'keep-alive', 'X-Forwarded-For': '192.168.24.79', 'X-Instance-Id': '28a0ec20-72fd-44de-a389-dc03c61e36b9', 'X-Tenant-Id': '6797c2a7dd904e668e649b3b6ab7d870', 'X-Instance-Id-Signature': '10abbda6f1f7e37e9113c11ba8dbe562ce9f1f488bb7172eb7b3ae43d0952f53'} {{(pid=107462) __call__ /opt/stack/nova/nova/api/metadata/handler.py:109}}
Apr 06 17:28:44.254857 np0000163547 devstack@n-api-meta.service[107462]: DEBUG nova.api.metadata.handler [None req-f0f0d830-61ab-48f1-accc-eaee968ad29d None None] Using cached metadata for instance 28a0ec20-72fd-44de-a389-dc03c61e36b9 {{(pid=107462) get_metadata_by_instance_id /opt/stack/nova/nova/api/metadata/handler.py:84}}
Apr 06 17:28:44.256108 np0000163547 devstack@n-api-meta.service[107462]: [pid: 107462|app: 0|req: 4/14] 199.204.45.244 () {40 vars in 670 bytes} [Mon Apr 6 17:28:44 2026] GET /latest/meta-data/ami-id => generated 12 bytes in 5 msecs (HTTP/1.1 200) 3 headers in 99 bytes (1 switches on core 0)
Apr 06 17:28:44.265481 np0000163547 devstack@n-api-meta.service[107461]: DEBUG nova.api.metadata.handler [None req-167f06c3-d49a-4850-b9e1-ad1514199052 None None] Metadata request headers: {'Host': '199.204.45.244:8775', 'User-Agent': 'python-requests/2.33.0', 'Accept-Encoding': 'gzip, deflate', 'Accept': '*/*', 'Connection': 'keep-alive', 'X-Forwarded-For': '192.168.24.79', 'X-Instance-Id': '28a0ec20-72fd-44de-a389-dc03c61e36b9', 'X-Tenant-Id': '6797c2a7dd904e668e649b3b6ab7d870', 'X-Instance-Id-Signature': '10abbda6f1f7e37e9113c11ba8dbe562ce9f1f488bb7172eb7b3ae43d0952f53'} {{(pid=107461) __call__ /opt/stack/nova/nova/api/metadata/handler.py:109}}
Apr 06 17:28:44.268567 np0000163547 devstack@n-api-meta.service[107461]: DEBUG nova.api.metadata.handler [None req-167f06c3-d49a-4850-b9e1-ad1514199052 None None] Using cached metadata for instance 28a0ec20-72fd-44de-a389-dc03c61e36b9 {{(pid=107461) get_metadata_by_instance_id /opt/stack/nova/nova/api/metadata/handler.py:84}}
Apr 06 17:28:44.269763 np0000163547 devstack@n-api-meta.service[107461]: [pid: 107461|app: 0|req: 4/15] 199.204.45.244 () {40 vars in 690 bytes} [Mon Apr 6 17:28:44 2026] GET /latest/meta-data/ami-launch-index => generated 1 bytes in 5 msecs (HTTP/1.1 200) 3 headers in 98 bytes (1 switches on core 0)
Apr 06 17:28:44.279698 np0000163547 devstack@n-api-meta.service[107463]: DEBUG nova.api.metadata.handler [None req-e9c4c3aa-379b-4785-9788-f70e914442cb None None] Metadata request headers: {'Host': '199.204.45.244:8775', 'User-Agent': 'python-requests/2.33.0', 'Accept-Encoding': 'gzip, deflate', 'Accept': '*/*', 'Connection': 'keep-alive', 'X-Forwarded-For': '192.168.24.79', 'X-Instance-Id': '28a0ec20-72fd-44de-a389-dc03c61e36b9', 'X-Tenant-Id': '6797c2a7dd904e668e649b3b6ab7d870', 'X-Instance-Id-Signature': '10abbda6f1f7e37e9113c11ba8dbe562ce9f1f488bb7172eb7b3ae43d0952f53'} {{(pid=107463) __call__ /opt/stack/nova/nova/api/metadata/handler.py:109}}
Apr 06 17:28:44.282357 np0000163547 devstack@n-api-meta.service[107463]: DEBUG nova.api.metadata.handler [None req-e9c4c3aa-379b-4785-9788-f70e914442cb None None] Using cached metadata for instance 28a0ec20-72fd-44de-a389-dc03c61e36b9 {{(pid=107463) get_metadata_by_instance_id /opt/stack/nova/nova/api/metadata/handler.py:84}}
Apr 06 17:28:44.282991 np0000163547 devstack@n-api-meta.service[107463]: [pid: 107463|app: 0|req: 4/16] 199.204.45.244 () {40 vars in 690 bytes} [Mon Apr 6 17:28:44 2026] GET /latest/meta-data/ami-manifest-path => generated 5 bytes in 4 msecs (HTTP/1.1 200) 3 headers in 98 bytes (1 switches on core 0)
Apr 06 17:28:44.290774 np0000163547 devstack@n-api-meta.service[107464]: DEBUG nova.api.metadata.handler [None req-cd49900e-699f-4d5b-b98b-10db9c208491 None None] Metadata request headers: {'Host': '199.204.45.244:8775', 'User-Agent': 'python-requests/2.33.0', 'Accept-Encoding': 'gzip, deflate', 'Accept': '*/*', 'Connection': 'keep-alive', 'X-Forwarded-For': '192.168.24.79', 'X-Instance-Id': '28a0ec20-72fd-44de-a389-dc03c61e36b9', 'X-Tenant-Id': '6797c2a7dd904e668e649b3b6ab7d870', 'X-Instance-Id-Signature': '10abbda6f1f7e37e9113c11ba8dbe562ce9f1f488bb7172eb7b3ae43d0952f53'} {{(pid=107464) __call__ /opt/stack/nova/nova/api/metadata/handler.py:109}}
Apr 06 17:28:44.294255 np0000163547 devstack@n-api-meta.service[107464]: DEBUG nova.api.metadata.handler [None req-cd49900e-699f-4d5b-b98b-10db9c208491 None None] Using cached metadata for instance 28a0ec20-72fd-44de-a389-dc03c61e36b9 {{(pid=107464) get_metadata_by_instance_id /opt/stack/nova/nova/api/metadata/handler.py:84}}
Apr 06 17:28:44.295047 np0000163547 devstack@n-api-meta.service[107464]: [pid: 107464|app: 0|req: 5/17] 199.204.45.244 () {40 vars in 673 bytes} [Mon Apr 6 17:28:44 2026] GET /latest/meta-data/hostname => generated 32 bytes in 5 msecs (HTTP/1.1 200) 3 headers in 99 bytes (1 switches on core 0)
Apr 06 17:28:44.305230 np0000163547 devstack@n-api-meta.service[107462]: DEBUG nova.api.metadata.handler [None req-f0f0d830-61ab-48f1-accc-eaee968ad29d None None] Metadata request headers: {'Host': '199.204.45.244:8775', 'User-Agent': 'python-requests/2.33.0', 'Accept-Encoding': 'gzip, deflate', 'Accept': '*/*', 'Connection': 'keep-alive', 'X-Forwarded-For': '192.168.24.79', 'X-Instance-Id': '28a0ec20-72fd-44de-a389-dc03c61e36b9', 'X-Tenant-Id': '6797c2a7dd904e668e649b3b6ab7d870', 'X-Instance-Id-Signature': '10abbda6f1f7e37e9113c11ba8dbe562ce9f1f488bb7172eb7b3ae43d0952f53'} {{(pid=107462) __call__ /opt/stack/nova/nova/api/metadata/handler.py:109}}
Apr 06 17:28:44.308000 np0000163547 devstack@n-api-meta.service[107462]: DEBUG nova.api.metadata.handler [None req-f0f0d830-61ab-48f1-accc-eaee968ad29d None None] Using cached metadata for instance 28a0ec20-72fd-44de-a389-dc03c61e36b9 {{(pid=107462) get_metadata_by_instance_id /opt/stack/nova/nova/api/metadata/handler.py:84}}
Apr 06 17:28:44.308894 np0000163547 devstack@n-api-meta.service[107462]: [pid: 107462|app: 0|req: 5/18] 199.204.45.244 () {40 vars in 687 bytes} [Mon Apr 6 17:28:44 2026] GET /latest/meta-data/instance-action => generated 4 bytes in 4 msecs (HTTP/1.1 200) 3 headers in 98 bytes (1 switches on core 0)
Apr 06 17:28:44.317570 np0000163547 devstack@n-api-meta.service[107461]: DEBUG nova.api.metadata.handler [None req-167f06c3-d49a-4850-b9e1-ad1514199052 None None] Metadata request headers: {'Host': '199.204.45.244:8775', 'User-Agent': 'python-requests/2.33.0', 'Accept-Encoding': 'gzip, deflate', 'Accept': '*/*', 'Connection': 'keep-alive', 'X-Forwarded-For': '192.168.24.79', 'X-Instance-Id': '28a0ec20-72fd-44de-a389-dc03c61e36b9', 'X-Tenant-Id': '6797c2a7dd904e668e649b3b6ab7d870', 'X-Instance-Id-Signature': '10abbda6f1f7e37e9113c11ba8dbe562ce9f1f488bb7172eb7b3ae43d0952f53'} {{(pid=107461) __call__ /opt/stack/nova/nova/api/metadata/handler.py:109}}
Apr 06 17:28:44.319338 np0000163547 devstack@n-api-meta.service[107461]: DEBUG nova.api.metadata.handler [None req-167f06c3-d49a-4850-b9e1-ad1514199052 None None] Using cached metadata for instance 28a0ec20-72fd-44de-a389-dc03c61e36b9 {{(pid=107461) get_metadata_by_instance_id /opt/stack/nova/nova/api/metadata/handler.py:84}}
Apr 06 17:28:44.319768 np0000163547 devstack@n-api-meta.service[107461]: [pid: 107461|app: 0|req: 5/19] 199.204.45.244 () {40 vars in 679 bytes} [Mon Apr 6 17:28:44 2026] GET /latest/meta-data/instance-id => generated 10 bytes in 3 msecs (HTTP/1.1 200) 3 headers in 99 bytes (1 switches on core 0)
Apr 06 17:28:44.327834 np0000163547 devstack@n-api-meta.service[107463]: DEBUG nova.api.metadata.handler [None req-e9c4c3aa-379b-4785-9788-f70e914442cb None None] Metadata request headers: {'Host': '199.204.45.244:8775', 'User-Agent': 'python-requests/2.33.0', 'Accept-Encoding': 'gzip, deflate', 'Accept': '*/*', 'Connection': 'keep-alive', 'X-Forwarded-For': '192.168.24.79', 'X-Instance-Id': '28a0ec20-72fd-44de-a389-dc03c61e36b9', 'X-Tenant-Id': '6797c2a7dd904e668e649b3b6ab7d870', 'X-Instance-Id-Signature': '10abbda6f1f7e37e9113c11ba8dbe562ce9f1f488bb7172eb7b3ae43d0952f53'} {{(pid=107463) __call__ /opt/stack/nova/nova/api/metadata/handler.py:109}}
Apr 06 17:28:44.330662 np0000163547 devstack@n-api-meta.service[107463]: DEBUG nova.api.metadata.handler [None req-e9c4c3aa-379b-4785-9788-f70e914442cb None None] Using cached metadata for instance 28a0ec20-72fd-44de-a389-dc03c61e36b9 {{(pid=107463) get_metadata_by_instance_id /opt/stack/nova/nova/api/metadata/handler.py:84}}
Apr 06 17:28:44.331348 np0000163547 devstack@n-api-meta.service[107463]: [pid: 107463|app: 0|req: 5/20] 199.204.45.244 () {40 vars in 684 bytes} [Mon Apr 6 17:28:44 2026] GET /latest/meta-data/instance-type => generated 8 bytes in 4 msecs (HTTP/1.1 200) 3 headers in 98 bytes (1 switches on core 0)
Apr 06 17:28:44.341361 np0000163547 devstack@n-api-meta.service[107464]: DEBUG nova.api.metadata.handler [None req-cd49900e-699f-4d5b-b98b-10db9c208491 None None] Metadata request headers: {'Host': '199.204.45.244:8775', 'User-Agent': 'python-requests/2.33.0', 'Accept-Encoding': 'gzip, deflate', 'Accept': '*/*', 'Connection': 'keep-alive', 'X-Forwarded-For': '192.168.24.79', 'X-Instance-Id': '28a0ec20-72fd-44de-a389-dc03c61e36b9', 'X-Tenant-Id': '6797c2a7dd904e668e649b3b6ab7d870', 'X-Instance-Id-Signature': '10abbda6f1f7e37e9113c11ba8dbe562ce9f1f488bb7172eb7b3ae43d0952f53'} {{(pid=107464) __call__ /opt/stack/nova/nova/api/metadata/handler.py:109}}
Apr 06 17:28:44.343266 np0000163547 devstack@n-api-meta.service[107464]: DEBUG nova.api.metadata.handler [None req-cd49900e-699f-4d5b-b98b-10db9c208491 None None] Using cached metadata for instance 28a0ec20-72fd-44de-a389-dc03c61e36b9 {{(pid=107464) get_metadata_by_instance_id /opt/stack/nova/nova/api/metadata/handler.py:84}}
Apr 06 17:28:44.343686 np0000163547 devstack@n-api-meta.service[107464]: [pid: 107464|app: 0|req: 6/21] 199.204.45.244 () {40 vars in 686 bytes} [Mon Apr 6 17:28:44 2026] GET /latest/meta-data/local-hostname => generated 32 bytes in 2 msecs (HTTP/1.1 200) 3 headers in 99 bytes (1 switches on core 0)
Apr 06 17:28:44.353628 np0000163547 devstack@n-api-meta.service[107462]: DEBUG nova.api.metadata.handler [None req-f0f0d830-61ab-48f1-accc-eaee968ad29d None None] Metadata request headers: {'Host': '199.204.45.244:8775', 'User-Agent': 'python-requests/2.33.0', 'Accept-Encoding': 'gzip, deflate', 'Accept': '*/*', 'Connection': 'keep-alive', 'X-Forwarded-For': '192.168.24.79', 'X-Instance-Id': '28a0ec20-72fd-44de-a389-dc03c61e36b9', 'X-Tenant-Id': '6797c2a7dd904e668e649b3b6ab7d870', 'X-Instance-Id-Signature': '10abbda6f1f7e37e9113c11ba8dbe562ce9f1f488bb7172eb7b3ae43d0952f53'} {{(pid=107462) __call__ /opt/stack/nova/nova/api/metadata/handler.py:109}}
Apr 06 17:28:44.356580 np0000163547 devstack@n-api-meta.service[107462]: DEBUG nova.api.metadata.handler [None req-f0f0d830-61ab-48f1-accc-eaee968ad29d None None] Using cached metadata for instance 28a0ec20-72fd-44de-a389-dc03c61e36b9 {{(pid=107462) get_metadata_by_instance_id /opt/stack/nova/nova/api/metadata/handler.py:84}}
Apr 06 17:28:44.357708 np0000163547 devstack@n-api-meta.service[107462]: [pid: 107462|app: 0|req: 6/22] 199.204.45.244 () {40 vars in 678 bytes} [Mon Apr 6 17:28:44 2026] GET /latest/meta-data/local-ipv4 => generated 13 bytes in 5 msecs (HTTP/1.1 200) 3 headers in 99 bytes (1 switches on core 0)
Apr 06 17:28:44.366100 np0000163547 devstack@n-api-meta.service[107461]: DEBUG nova.api.metadata.handler [None req-167f06c3-d49a-4850-b9e1-ad1514199052 None None] Metadata request headers: {'Host': '199.204.45.244:8775', 'User-Agent': 'python-requests/2.33.0', 'Accept-Encoding': 'gzip, deflate', 'Accept': '*/*', 'Connection': 'keep-alive', 'X-Forwarded-For': '192.168.24.79', 'X-Instance-Id': '28a0ec20-72fd-44de-a389-dc03c61e36b9', 'X-Tenant-Id': '6797c2a7dd904e668e649b3b6ab7d870', 'X-Instance-Id-Signature': '10abbda6f1f7e37e9113c11ba8dbe562ce9f1f488bb7172eb7b3ae43d0952f53'} {{(pid=107461) __call__ /opt/stack/nova/nova/api/metadata/handler.py:109}}
