2026-07-08 16:38:25.585 7 INFO placement.requestlog [None req-6763799b-1701-4eba-85ef-fc6ef2563f24 cb8f84f163474bbbaca19db2896a6562 dc7db9b88898430286696a4f2c38d6c1 - - 23621ad2b53d454e96a2cf15f2e7de13 23621ad2b53d454e96a2cf15f2e7de13] 10.0.0.135 "GET /resource_providers/3752d1cc-1927-4b9d-990f-c20180180744/aggregates" status: 404 len: 235 microversion: 1.1 [pid: 7|app: 0|req: 339/680] 10.0.0.135 () {32 vars in 825 bytes} [Wed Jul 8 16:38:25 2026] GET /resource_providers/3752d1cc-1927-4b9d-990f-c20180180744/aggregates => generated 235 bytes in 21 msecs (HTTP/1.1 404) 5 headers in 202 bytes (1 switches on core 0)
2026-07-08 16:38:25.604 8 INFO placement.requestlog [None req-e48c49b7-cedb-4250-9ea6-aecacab8d906 cb8f84f163474bbbaca19db2896a6562 dc7db9b88898430286696a4f2c38d6c1 - - 23621ad2b53d454e96a2cf15f2e7de13 23621ad2b53d454e96a2cf15f2e7de13] 10.0.0.135 "DELETE /resource_providers/3752d1cc-1927-4b9d-990f-c20180180744" status: 404 len: 246 microversion: 1.1 [pid: 8|app: 0|req: 342/681] 10.0.0.135 () {34 vars in 825 bytes} [Wed Jul 8 16:38:25 2026] DELETE /resource_providers/3752d1cc-1927-4b9d-990f-c20180180744 => generated 246 bytes in 19 msecs (HTTP/1.1 404) 6 headers in 231 bytes (1 switches on core 0)
2026-07-08 16:38:25.616 7 INFO placement.requestlog [None req-886c0ded-eb12-471c-8fb4-9a1d68f3c65f cb8f84f163474bbbaca19db2896a6562 dc7db9b88898430286696a4f2c38d6c1 - - 23621ad2b53d454e96a2cf15f2e7de13 23621ad2b53d454e96a2cf15f2e7de13] 10.0.0.135 "DELETE /resource_providers/3752d1cc-1927-4b9d-990f-c20180180744" status: 404 len: 246 microversion: 1.1 [pid: 7|app: 0|req: 340/682] 10.0.0.135 () {34 vars in 825 bytes} [Wed Jul 8 16:38:25 2026] DELETE /resource_providers/3752d1cc-1927-4b9d-990f-c20180180744 => generated 246 bytes in 11 msecs (HTTP/1.1 404) 6 headers in 231 bytes (1 switches on core 0)
2026-07-08 16:38:26.170 8 INFO placement.requestlog [None req-046f0c26-f302-419b-89f7-33b04a3a12cd cb8f84f163474bbbaca19db2896a6562 dc7db9b88898430286696a4f2c38d6c1 - - 23621ad2b53d454e96a2cf15f2e7de13 23621ad2b53d454e96a2cf15f2e7de13] 10.0.0.135 "GET /resource_providers/d7a7c84d-b048-45a2-8adf-f31ae804e0d7/aggregates" status: 404 len: 235 microversion: 1.1 [pid: 8|app: 0|req: 343/683] 10.0.0.135 () {32 vars in 825 bytes} [Wed Jul 8 16:38:26 2026] GET /resource_providers/d7a7c84d-b048-45a2-8adf-f31ae804e0d7/aggregates => generated 235 bytes in 14 msecs (HTTP/1.1 404) 5 headers in 202 bytes (1 switches on core 0)
2026-07-08 16:38:26.171 7 INFO placement.requestlog [None req-330f5457-2254-4c57-95f5-52311ec10043 cb8f84f163474bbbaca19db2896a6562 dc7db9b88898430286696a4f2c38d6c1 - - 23621ad2b53d454e96a2cf15f2e7de13 23621ad2b53d454e96a2cf15f2e7de13] 10.0.0.135 "GET /resource_providers/d7a7c84d-b048-45a2-8adf-f31ae804e0d7/aggregates" status: 404 len: 235 microversion: 1.1 [pid: 7|app: 0|req: 341/684] 10.0.0.135 () {32 vars in 825 bytes} [Wed Jul 8 16:38:26 2026] GET /resource_providers/d7a7c84d-b048-45a2-8adf-f31ae804e0d7/aggregates => generated 235 bytes in 14 msecs (HTTP/1.1 404) 5 headers in 202 bytes (1 switches on core 0)
2026-07-08 16:38:26.202 7 INFO placement.requestlog [None req-ac9a8782-5c9f-4c1e-9cae-4a9385087f40 cb8f84f163474bbbaca19db2896a6562 dc7db9b88898430286696a4f2c38d6c1 - - 23621ad2b53d454e96a2cf15f2e7de13 23621ad2b53d454e96a2cf15f2e7de13] 10.0.0.135 "DELETE /resource_providers/d7a7c84d-b048-45a2-8adf-f31ae804e0d7" status: 404 len: 246 microversion: 1.1
2026-07-08 16:38:26.203 8 INFO placement.requestlog [None req-2c44ac02-b87c-4ee5-ad89-e8d39b9e1bcb cb8f84f163474bbbaca19db2896a6562 dc7db9b88898430286696a4f2c38d6c1 - - 23621ad2b53d454e96a2cf15f2e7de13 23621ad2b53d454e96a2cf15f2e7de13] 10.0.0.135 "DELETE /resource_providers/d7a7c84d-b048-45a2-8adf-f31ae804e0d7" status: 404 len: 246 microversion: 1.1 [pid: 7|app: 0|req: 342/685] 10.0.0.135 () {34 vars in 825 bytes} [Wed Jul 8 16:38:26 2026] DELETE /resource_providers/d7a7c84d-b048-45a2-8adf-f31ae804e0d7 => generated 246 bytes in 14 msecs (HTTP/1.1 404) 6 headers in 231 bytes (1 switches on core 0) [pid: 8|app: 0|req: 344/686] 10.0.0.135 () {34 vars in 825 bytes} [Wed Jul 8 16:38:26 2026] DELETE /resource_providers/d7a7c84d-b048-45a2-8adf-f31ae804e0d7 => generated 246 bytes in 14 msecs (HTTP/1.1 404) 6 headers in 231 bytes (1 switches on core 0)
2026-07-08 16:38:32.719 8 INFO placement.requestlog [None req-60cbcc63-c4d3-4ec3-8088-7b81aedaf844 - - - - - -] 10.0.0.59 "GET /" status: 200 len: 136 microversion: 1.0
2026-07-08 16:38:32.719 7 INFO placement.requestlog [None req-5a3fdcc9-6b57-4328-83bd-7cadf86ba954 - - - - - -] 10.0.0.59 "GET /" status: 200 len: 136 microversion: 1.0
2026-07-08 16:38:36.633 8 INFO placement.requestlog [req-0b35b15d-2c94-410c-a22f-f2ca61cf0631 req-b98b4720-c7a9-4884-8967-85b8819a62d9 ce1f85656e214dd593ee21e80f5a40e8 dc7db9b88898430286696a4f2c38d6c1 - - 23621ad2b53d454e96a2cf15f2e7de13 23621ad2b53d454e96a2cf15f2e7de13] 10.0.0.189 "GET /allocation_candidates?limit=1000&resources=DISK_GB%3A1%2CMEMORY_MB%3A512%2CVCPU%3A1&root_required=%21COMPUTE_STATUS_DISABLED" status: 200 len: 2147 microversion: 1.36 [pid: 8|app: 0|req: 346/689] 10.0.0.189 () {34 vars in 1012 bytes} [Wed Jul 8 16:38:36 2026] GET /allocation_candidates?limit=1000&resources=DISK_GB%3A1%2CMEMORY_MB%3A512%2CVCPU%3A1&root_required=%21COMPUTE_STATUS_DISABLED => generated 2147 bytes in 59 msecs (HTTP/1.1 200) 8 headers in 297 bytes (1 switches on core 0)
2026-07-08 16:38:36.676 7 INFO placement.requestlog [req-0b35b15d-2c94-410c-a22f-f2ca61cf0631 req-8de2c47d-c447-4405-b1fa-2a1ba524d12c ce1f85656e214dd593ee21e80f5a40e8 dc7db9b88898430286696a4f2c38d6c1 - - 23621ad2b53d454e96a2cf15f2e7de13 23621ad2b53d454e96a2cf15f2e7de13] 10.0.0.189 "GET /allocations/77c1d9f1-a9fc-4263-ada8-1613448ee5b1" status: 200 len: 19 microversion: 1.28 [pid: 7|app: 0|req: 344/690] 10.0.0.189 () {34 vars in 861 bytes} [Wed Jul 8 16:38:36 2026] GET /allocations/77c1d9f1-a9fc-4263-ada8-1613448ee5b1 => generated 19 bytes in 16 msecs (HTTP/1.1 200) 8 headers in 295 bytes (1 switches on core 0)
2026-07-08 16:38:36.779 7 INFO placement.requestlog [req-3ef4c767-8332-45db-8fd2-6f3842bb7f40 req-11398b92-0426-4323-9780-13291ae857a8 ce1f85656e214dd593ee21e80f5a40e8 dc7db9b88898430286696a4f2c38d6c1 - - 23621ad2b53d454e96a2cf15f2e7de13 23621ad2b53d454e96a2cf15f2e7de13] 10.0.0.189 "GET /allocation_candidates?limit=1000&resources=DISK_GB%3A1%2CMEMORY_MB%3A512%2CVCPU%3A1&root_required=%21COMPUTE_STATUS_DISABLED" status: 200 len: 2147 microversion: 1.36 [pid: 7|app: 0|req: 345/691] 10.0.0.189 () {34 vars in 1012 bytes} [Wed Jul 8 16:38:36 2026] GET /allocation_candidates?limit=1000&resources=DISK_GB%3A1%2CMEMORY_MB%3A512%2CVCPU%3A1&root_required=%21COMPUTE_STATUS_DISABLED => generated 2147 bytes in 56 msecs (HTTP/1.1 200) 8 headers in 297 bytes (1 switches on core 0)
2026-07-08 16:38:36.787 8 INFO placement.requestlog [req-0b35b15d-2c94-410c-a22f-f2ca61cf0631 req-ddf85689-35db-4279-9ea1-5b91fb696e6d ce1f85656e214dd593ee21e80f5a40e8 dc7db9b88898430286696a4f2c38d6c1 - - 23621ad2b53d454e96a2cf15f2e7de13 23621ad2b53d454e96a2cf15f2e7de13] 10.0.0.189 "PUT /allocations/77c1d9f1-a9fc-4263-ada8-1613448ee5b1" status: 204 len: 0 microversion: 1.36 [pid: 8|app: 0|req: 347/692] 10.0.0.189 () {38 vars in 914 bytes} [Wed Jul 8 16:38:36 2026] PUT /allocations/77c1d9f1-a9fc-4263-ada8-1613448ee5b1 => generated 0 bytes in 103 msecs (HTTP/1.1 204) 5 headers in 199 bytes (1 switches on core 0)
2026-07-08 16:38:36.822 7 INFO placement.requestlog [req-3ef4c767-8332-45db-8fd2-6f3842bb7f40 req-7fc106a9-7b05-4830-8c2e-06f8d04863e9 ce1f85656e214dd593ee21e80f5a40e8 dc7db9b88898430286696a4f2c38d6c1 - - 23621ad2b53d454e96a2cf15f2e7de13 23621ad2b53d454e96a2cf15f2e7de13] 10.0.0.189 "GET /allocations/8b686e51-ff39-446c-8eeb-27a93b054e98" status: 200 len: 19 microversion: 1.28 [pid: 7|app: 0|req: 346/693] 10.0.0.189 () {34 vars in 861 bytes} [Wed Jul 8 16:38:36 2026] GET /allocations/8b686e51-ff39-446c-8eeb-27a93b054e98 => generated 19 bytes in 15 msecs (HTTP/1.1 200) 8 headers in 295 bytes (1 switches on core 0)
2026-07-08 16:38:36.926 8 INFO placement.requestlog [req-3ef4c767-8332-45db-8fd2-6f3842bb7f40 req-0d00101c-c69b-4df8-b83b-0c3f17b8a24a ce1f85656e214dd593ee21e80f5a40e8 dc7db9b88898430286696a4f2c38d6c1 - - 23621ad2b53d454e96a2cf15f2e7de13 23621ad2b53d454e96a2cf15f2e7de13] 10.0.0.189 "PUT /allocations/8b686e51-ff39-446c-8eeb-27a93b054e98" status: 204 len: 0 microversion: 1.36 [pid: 8|app: 0|req: 348/694] 10.0.0.189 () {38 vars in 914 bytes} [Wed Jul 8 16:38:36 2026] PUT /allocations/8b686e51-ff39-446c-8eeb-27a93b054e98 => generated 0 bytes in 97 msecs (HTTP/1.1 204) 5 headers in 199 bytes (1 switches on core 0)
2026-07-08 16:38:37.097 7 INFO placement.requestlog [req-0b35b15d-2c94-410c-a22f-f2ca61cf0631 req-52081322-e867-4a99-846f-b0714c892c7a ce1f85656e214dd593ee21e80f5a40e8 dc7db9b88898430286696a4f2c38d6c1 - - 23621ad2b53d454e96a2cf15f2e7de13 23621ad2b53d454e96a2cf15f2e7de13] 199.19.213.163 "GET /allocations/77c1d9f1-a9fc-4263-ada8-1613448ee5b1" status: 200 len: 257 microversion: 1.28 [pid: 7|app: 0|req: 347/695] 199.19.213.163 () {34 vars in 863 bytes} [Wed Jul 8 16:38:37 2026] GET /allocations/77c1d9f1-a9fc-4263-ada8-1613448ee5b1 => generated 257 bytes in 22 msecs (HTTP/1.1 200) 8 headers in 296 bytes (1 switches on core 0)
2026-07-08 16:38:37.190 8 INFO placement.requestlog [req-3ef4c767-8332-45db-8fd2-6f3842bb7f40 req-d69b7e10-4aff-47c7-bb30-c299e25fa466 ce1f85656e214dd593ee21e80f5a40e8 dc7db9b88898430286696a4f2c38d6c1 - - 23621ad2b53d454e96a2cf15f2e7de13 23621ad2b53d454e96a2cf15f2e7de13] 199.19.213.163 "GET /allocations/8b686e51-ff39-446c-8eeb-27a93b054e98" status: 200 len: 257 microversion: 1.28 [pid: 8|app: 0|req: 349/696] 199.19.213.163 () {34 vars in 863 bytes} [Wed Jul 8 16:38:37 2026] GET /allocations/8b686e51-ff39-446c-8eeb-27a93b054e98 => generated 257 bytes in 14 msecs (HTTP/1.1 200) 8 headers in 296 bytes (1 switches on core 0)
2026-07-08 16:38:37.210 7 INFO placement.requestlog [req-0b35b15d-2c94-410c-a22f-f2ca61cf0631 req-c83ab004-d2e2-4efc-bc23-ee4cf2d4928f ce1f85656e214dd593ee21e80f5a40e8 dc7db9b88898430286696a4f2c38d6c1 - - 23621ad2b53d454e96a2cf15f2e7de13 23621ad2b53d454e96a2cf15f2e7de13] 199.19.213.163 "GET /resource_providers/0155cd52-ac04-4f69-a17c-932899eae13a/allocations" status: 200 len: 252 microversion: 1.0 [pid: 7|app: 0|req: 348/697] 199.19.213.163 () {32 vars in 857 bytes} [Wed Jul 8 16:38:37 2026] GET /resource_providers/0155cd52-ac04-4f69-a17c-932899eae13a/allocations => generated 252 bytes in 20 msecs (HTTP/1.1 200) 6 headers in 224 bytes (1 switches on core 0)
2026-07-08 16:38:37.236 8 INFO placement.requestlog [req-0b35b15d-2c94-410c-a22f-f2ca61cf0631 req-6a94ef76-dc88-4cd5-b644-96d77a5e9011 ce1f85656e214dd593ee21e80f5a40e8 dc7db9b88898430286696a4f2c38d6c1 - - 23621ad2b53d454e96a2cf15f2e7de13 23621ad2b53d454e96a2cf15f2e7de13] 199.19.213.163 "GET /allocations/77c1d9f1-a9fc-4263-ada8-1613448ee5b1" status: 200 len: 257 microversion: 1.28 [pid: 8|app: 0|req: 350/698] 199.19.213.163 () {34 vars in 863 bytes} [Wed Jul 8 16:38:37 2026] GET /allocations/77c1d9f1-a9fc-4263-ada8-1613448ee5b1 => generated 257 bytes in 20 msecs (HTTP/1.1 200) 8 headers in 296 bytes (1 switches on core 0)
2026-07-08 16:38:37.257 7 INFO placement.requestlog [req-0b35b15d-2c94-410c-a22f-f2ca61cf0631 req-70c0d7ae-bf95-4447-ba26-19420eb5dcee ce1f85656e214dd593ee21e80f5a40e8 dc7db9b88898430286696a4f2c38d6c1 - - 23621ad2b53d454e96a2cf15f2e7de13 23621ad2b53d454e96a2cf15f2e7de13] 199.19.213.163 "GET /allocations/8b686e51-ff39-446c-8eeb-27a93b054e98" status: 200 len: 257 microversion: 1.28 [pid: 7|app: 0|req: 349/699] 199.19.213.163 () {34 vars in 863 bytes} [Wed Jul 8 16:38:37 2026] GET /allocations/8b686e51-ff39-446c-8eeb-27a93b054e98 => generated 257 bytes in 14 msecs (HTTP/1.1 200) 8 headers in 296 bytes (1 switches on core 0)
2026-07-08 16:38:37.407 8 INFO placement.requestlog [req-3ef4c767-8332-45db-8fd2-6f3842bb7f40 req-2811ae06-d4b5-40f5-a9d8-77b116f9ab95 ce1f85656e214dd593ee21e80f5a40e8 dc7db9b88898430286696a4f2c38d6c1 - - 23621ad2b53d454e96a2cf15f2e7de13 23621ad2b53d454e96a2cf15f2e7de13] 199.19.213.163 "GET /resource_providers/0155cd52-ac04-4f69-a17c-932899eae13a/allocations" status: 200 len: 252 microversion: 1.0 [pid: 8|app: 0|req: 351/700] 199.19.213.163 () {32 vars in 857 bytes} [Wed Jul 8 16:38:37 2026] GET /resource_providers/0155cd52-ac04-4f69-a17c-932899eae13a/allocations => generated 252 bytes in 21 msecs (HTTP/1.1 200) 6 headers in 224 bytes (1 switches on core 0)
2026-07-08 16:38:37.430 7 INFO placement.requestlog [req-3ef4c767-8332-45db-8fd2-6f3842bb7f40 req-7b6713e7-c8ba-4398-b0f6-460ae5eb6ad9 ce1f85656e214dd593ee21e80f5a40e8 dc7db9b88898430286696a4f2c38d6c1 - - 23621ad2b53d454e96a2cf15f2e7de13 23621ad2b53d454e96a2cf15f2e7de13] 199.19.213.163 "GET /allocations/77c1d9f1-a9fc-4263-ada8-1613448ee5b1" status: 200 len: 257 microversion: 1.28 [pid: 7|app: 0|req: 350/701] 199.19.213.163 () {34 vars in 863 bytes} [Wed Jul 8 16:38:37 2026] GET /allocations/77c1d9f1-a9fc-4263-ada8-1613448ee5b1 => generated 257 bytes in 17 msecs (HTTP/1.1 200) 8 headers in 296 bytes (1 switches on core 0)
2026-07-08 16:38:37.451 8 INFO placement.requestlog [req-3ef4c767-8332-45db-8fd2-6f3842bb7f40 req-a041434b-6fd6-4ef0-abfd-8146429a780d ce1f85656e214dd593ee21e80f5a40e8 dc7db9b88898430286696a4f2c38d6c1 - - 23621ad2b53d454e96a2cf15f2e7de13 23621ad2b53d454e96a2cf15f2e7de13] 199.19.213.163 "GET /allocations/8b686e51-ff39-446c-8eeb-27a93b054e98" status: 200 len: 257 microversion: 1.28 [pid: 8|app: 0|req: 352/702] 199.19.213.163 () {34 vars in 863 bytes} [Wed Jul 8 16:38:37 2026] GET /allocations/8b686e51-ff39-446c-8eeb-27a93b054e98 => generated 257 bytes in 13 msecs (HTTP/1.1 200) 8 headers in 296 bytes (1 switches on core 0)
2026-07-08 16:38:42.535 7 INFO placement.requestlog [None req-5222b11d-c601-480e-8d78-a87496a26d29 cb8f84f163474bbbaca19db2896a6562 dc7db9b88898430286696a4f2c38d6c1 - - 23621ad2b53d454e96a2cf15f2e7de13 23621ad2b53d454e96a2cf15f2e7de13] 10.0.0.135 "GET /resource_providers/6dcf20c6-2594-4e0c-a760-e13b66471c5d/aggregates" status: 404 len: 235 microversion: 1.1 [pid: 7|app: 0|req: 351/703] 10.0.0.135 () {32 vars in 825 bytes} [Wed Jul 8 16:38:42 2026] GET /resource_providers/6dcf20c6-2594-4e0c-a760-e13b66471c5d/aggregates => generated 235 bytes in 12 msecs (HTTP/1.1 404) 5 headers in 202 bytes (1 switches on core 0)
2026-07-08 16:38:42.540 8 INFO placement.requestlog [None req-0dbd3b18-8c8c-4e2c-b790-ce27f0074007 cb8f84f163474bbbaca19db2896a6562 dc7db9b88898430286696a4f2c38d6c1 - - 23621ad2b53d454e96a2cf15f2e7de13 23621ad2b53d454e96a2cf15f2e7de13] 10.0.0.135 "GET /resource_providers/6dcf20c6-2594-4e0c-a760-e13b66471c5d/aggregates" status: 404 len: 235 microversion: 1.1 [pid: 8|app: 0|req: 353/704] 10.0.0.135 () {32 vars in 825 bytes} [Wed Jul 8 16:38:42 2026] GET /resource_providers/6dcf20c6-2594-4e0c-a760-e13b66471c5d/aggregates => generated 235 bytes in 12 msecs (HTTP/1.1 404) 5 headers in 202 bytes (1 switches on core 0)
2026-07-08 16:38:42.556 7 INFO placement.requestlog [None req-fc596bb8-ebd2-4202-a49f-008e4a2709ff cb8f84f163474bbbaca19db2896a6562 dc7db9b88898430286696a4f2c38d6c1 - - 23621ad2b53d454e96a2cf15f2e7de13 23621ad2b53d454e96a2cf15f2e7de13] 10.0.0.135 "DELETE /resource_providers/6dcf20c6-2594-4e0c-a760-e13b66471c5d" status: 404 len: 246 microversion: 1.1 [pid: 7|app: 0|req: 352/705] 10.0.0.135 () {34 vars in 825 bytes} [Wed Jul 8 16:38:42 2026] DELETE /resource_providers/6dcf20c6-2594-4e0c-a760-e13b66471c5d => generated 246 bytes in 13 msecs (HTTP/1.1 404) 6 headers in 231 bytes (1 switches on core 0)
2026-07-08 16:38:42.578 8 INFO placement.requestlog [None req-446b45d2-1cc1-46af-92ef-fb23f131fd75 cb8f84f163474bbbaca19db2896a6562 dc7db9b88898430286696a4f2c38d6c1 - - 23621ad2b53d454e96a2cf15f2e7de13 23621ad2b53d454e96a2cf15f2e7de13] 10.0.0.135 "DELETE /resource_providers/6dcf20c6-2594-4e0c-a760-e13b66471c5d" status: 404 len: 246 microversion: 1.1 [pid: 8|app: 0|req: 354/706] 10.0.0.135 () {34 vars in 825 bytes} [Wed Jul 8 16:38:42 2026] DELETE /resource_providers/6dcf20c6-2594-4e0c-a760-e13b66471c5d => generated 246 bytes in 15 msecs (HTTP/1.1 404) 6 headers in 231 bytes (1 switches on core 0)
2026-07-08 16:38:42.719 7 INFO placement.requestlog [None req-6c62974f-06af-4939-90d5-d82126a2430b - - - - - -] 10.0.0.59 "GET /" status: 200 len: 136 microversion: 1.0
2026-07-08 16:38:42.720 8 INFO placement.requestlog [None req-fcb28a2c-8acf-423b-abaa-4ff3a1c61bab - - - - - -] 10.0.0.59 "GET /" status: 200 len: 136 microversion: 1.0
2026-07-08 16:38:43.044 7 INFO placement.requestlog [None req-93621e23-d1e8-4d22-99bd-d7f0a08cba0b cb8f84f163474bbbaca19db2896a6562 dc7db9b88898430286696a4f2c38d6c1 - - 23621ad2b53d454e96a2cf15f2e7de13 23621ad2b53d454e96a2cf15f2e7de13] 10.0.0.135 "GET /resource_providers/8a520a33-28fa-4294-bc51-b969eaef724b/aggregates" status: 404 len: 235 microversion: 1.1 [pid: 7|app: 0|req: 354/709] 10.0.0.135 () {32 vars in 825 bytes} [Wed Jul 8 16:38:43 2026] GET /resource_providers/8a520a33-28fa-4294-bc51-b969eaef724b/aggregates => generated 235 bytes in 12 msecs (HTTP/1.1 404) 5 headers in 202 bytes (1 switches on core 0)
2026-07-08 16:38:43.045 8 INFO placement.requestlog [None req-a3936baa-9d0e-45d5-b9dc-77c4afd29f9c cb8f84f163474bbbaca19db2896a6562 dc7db9b88898430286696a4f2c38d6c1 - - 23621ad2b53d454e96a2cf15f2e7de13 23621ad2b53d454e96a2cf15f2e7de13] 10.0.0.135 "GET /resource_providers/8a520a33-28fa-4294-bc51-b969eaef724b/aggregates" status: 404 len: 235 microversion: 1.1 [pid: 8|app: 0|req: 356/710] 10.0.0.135 () {32 vars in 825 bytes} [Wed Jul 8 16:38:43 2026] GET /resource_providers/8a520a33-28fa-4294-bc51-b969eaef724b/aggregates => generated 235 bytes in 13 msecs (HTTP/1.1 404) 5 headers in 202 bytes (1 switches on core 0)
2026-07-08 16:38:43.062 7 INFO placement.requestlog [None req-77e3423a-cf34-4c3e-b084-0b2cc0a55ec4 cb8f84f163474bbbaca19db2896a6562 dc7db9b88898430286696a4f2c38d6c1 - - 23621ad2b53d454e96a2cf15f2e7de13 23621ad2b53d454e96a2cf15f2e7de13] 10.0.0.135 "DELETE /resource_providers/8a520a33-28fa-4294-bc51-b969eaef724b" status: 404 len: 246 microversion: 1.1 [pid: 7|app: 0|req: 355/711] 10.0.0.135 () {34 vars in 825 bytes} [Wed Jul 8 16:38:43 2026] DELETE /resource_providers/8a520a33-28fa-4294-bc51-b969eaef724b => generated 246 bytes in 13 msecs (HTTP/1.1 404) 6 headers in 231 bytes (1 switches on core 0)
2026-07-08 16:38:43.080 8 INFO placement.requestlog [None req-5ead08a3-b517-4cd5-a1ce-7a306f62d227 cb8f84f163474bbbaca19db2896a6562 dc7db9b88898430286696a4f2c38d6c1 - - 23621ad2b53d454e96a2cf15f2e7de13 23621ad2b53d454e96a2cf15f2e7de13] 10.0.0.135 "DELETE /resource_providers/8a520a33-28fa-4294-bc51-b969eaef724b" status: 404 len: 246 microversion: 1.1 [pid: 8|app: 0|req: 357/712] 10.0.0.135 () {34 vars in 825 bytes} [Wed Jul 8 16:38:43 2026] DELETE /resource_providers/8a520a33-28fa-4294-bc51-b969eaef724b => generated 246 bytes in 11 msecs (HTTP/1.1 404) 6 headers in 231 bytes (1 switches on core 0)
2026-07-08 16:38:48.419 7 INFO placement.requestlog [req-11476265-94f6-4a84-a741-dbd19210261a req-58cb6dbd-c5c8-4446-b6fc-eec86f298504 ce1f85656e214dd593ee21e80f5a40e8 dc7db9b88898430286696a4f2c38d6c1 - - 23621ad2b53d454e96a2cf15f2e7de13 23621ad2b53d454e96a2cf15f2e7de13] 199.19.213.163 "GET /resource_providers/0155cd52-ac04-4f69-a17c-932899eae13a/allocations" status: 200 len: 252 microversion: 1.0 [pid: 7|app: 0|req: 356/713] 199.19.213.163 () {32 vars in 857 bytes} [Wed Jul 8 16:38:48 2026] GET /resource_providers/0155cd52-ac04-4f69-a17c-932899eae13a/allocations => generated 252 bytes in 21 msecs (HTTP/1.1 200) 6 headers in 224 bytes (1 switches on core 0)
2026-07-08 16:38:48.443 8 INFO placement.requestlog [req-11476265-94f6-4a84-a741-dbd19210261a req-6b2c1b93-1ce7-42d7-ab9f-d27ee14d7fb5 ce1f85656e214dd593ee21e80f5a40e8 dc7db9b88898430286696a4f2c38d6c1 - - 23621ad2b53d454e96a2cf15f2e7de13 23621ad2b53d454e96a2cf15f2e7de13] 199.19.213.163 "GET /allocations/77c1d9f1-a9fc-4263-ada8-1613448ee5b1" status: 200 len: 257 microversion: 1.28 [pid: 8|app: 0|req: 358/714] 199.19.213.163 () {34 vars in 863 bytes} [Wed Jul 8 16:38:48 2026] GET /allocations/77c1d9f1-a9fc-4263-ada8-1613448ee5b1 => generated 257 bytes in 16 msecs (HTTP/1.1 200) 8 headers in 296 bytes (1 switches on core 0)
2026-07-08 16:38:48.464 7 INFO placement.requestlog [req-11476265-94f6-4a84-a741-dbd19210261a req-e04afaf7-8b21-450f-805f-0eb49a7e9acf ce1f85656e214dd593ee21e80f5a40e8 dc7db9b88898430286696a4f2c38d6c1 - - 23621ad2b53d454e96a2cf15f2e7de13 23621ad2b53d454e96a2cf15f2e7de13] 199.19.213.163 "GET /allocations/8b686e51-ff39-446c-8eeb-27a93b054e98" status: 200 len: 257 microversion: 1.28 [pid: 7|app: 0|req: 357/715] 199.19.213.163 () {34 vars in 863 bytes} [Wed Jul 8 16:38:48 2026] GET /allocations/8b686e51-ff39-446c-8eeb-27a93b054e98 => generated 257 bytes in 14 msecs (HTTP/1.1 200) 8 headers in 296 bytes (1 switches on core 0)
2026-07-08 16:38:48.519 8 INFO placement.requestlog [req-11476265-94f6-4a84-a741-dbd19210261a req-0f014f45-5b1d-4e13-8df2-379210602e7e ce1f85656e214dd593ee21e80f5a40e8 dc7db9b88898430286696a4f2c38d6c1 - - 23621ad2b53d454e96a2cf15f2e7de13 23621ad2b53d454e96a2cf15f2e7de13] 199.19.213.163 "DELETE /allocations/77c1d9f1-a9fc-4263-ada8-1613448ee5b1" status: 204 len: 0 microversion: 1.0 [pid: 8|app: 0|req: 359/716] 199.19.213.163 () {34 vars in 841 bytes} [Wed Jul 8 16:38:48 2026] DELETE /allocations/77c1d9f1-a9fc-4263-ada8-1613448ee5b1 => generated 0 bytes in 24 msecs (HTTP/1.1 204) 5 headers in 198 bytes (1 switches on core 0)
2026-07-08 16:38:50.161 7 INFO placement.requestlog [None req-e257a0fc-baec-4ab8-9f82-1a4704fcdcf0 cb8f84f163474bbbaca19db2896a6562 dc7db9b88898430286696a4f2c38d6c1 - - 23621ad2b53d454e96a2cf15f2e7de13 23621ad2b53d454e96a2cf15f2e7de13] 10.0.0.135 "GET /resource_providers/2bfe8146-1376-4d03-86f4-24dc2b6bbe59/aggregates" status: 404 len: 235 microversion: 1.1 [pid: 7|app: 0|req: 358/717] 10.0.0.135 () {32 vars in 825 bytes} [Wed Jul 8 16:38:50 2026] GET /resource_providers/2bfe8146-1376-4d03-86f4-24dc2b6bbe59/aggregates => generated 235 bytes in 11 msecs (HTTP/1.1 404) 5 headers in 202 bytes (1 switches on core 0)
2026-07-08 16:38:50.161 8 INFO placement.requestlog [None req-06162c0f-7d86-4228-b114-0b08ce8755ab cb8f84f163474bbbaca19db2896a6562 dc7db9b88898430286696a4f2c38d6c1 - - 23621ad2b53d454e96a2cf15f2e7de13 23621ad2b53d454e96a2cf15f2e7de13] 10.0.0.135 "GET /resource_providers/2bfe8146-1376-4d03-86f4-24dc2b6bbe59/aggregates" status: 404 len: 235 microversion: 1.1 [pid: 8|app: 0|req: 360/718] 10.0.0.135 () {32 vars in 825 bytes} [Wed Jul 8 16:38:50 2026] GET /resource_providers/2bfe8146-1376-4d03-86f4-24dc2b6bbe59/aggregates => generated 235 bytes in 11 msecs (HTTP/1.1 404) 5 headers in 202 bytes (1 switches on core 0)
2026-07-08 16:38:50.195 7 INFO placement.requestlog [None req-b5ec929b-2b3a-4bb1-9846-f6ef9d92c6e5 cb8f84f163474bbbaca19db2896a6562 dc7db9b88898430286696a4f2c38d6c1 - - 23621ad2b53d454e96a2cf15f2e7de13 23621ad2b53d454e96a2cf15f2e7de13] 10.0.0.135 "DELETE /resource_providers/2bfe8146-1376-4d03-86f4-24dc2b6bbe59" status: 404 len: 246 microversion: 1.1 [pid: 7|app: 0|req: 359/719] 10.0.0.135 () {34 vars in 825 bytes} [Wed Jul 8 16:38:50 2026] DELETE /resource_providers/2bfe8146-1376-4d03-86f4-24dc2b6bbe59 => generated 246 bytes in 12 msecs (HTTP/1.1 404) 6 headers in 231 bytes (1 switches on core 0)
2026-07-08 16:38:50.196 8 INFO placement.requestlog [None req-77b1697d-869f-42d4-906e-1b8208e98cef cb8f84f163474bbbaca19db2896a6562 dc7db9b88898430286696a4f2c38d6c1 - - 23621ad2b53d454e96a2cf15f2e7de13 23621ad2b53d454e96a2cf15f2e7de13] 10.0.0.135 "DELETE /resource_providers/2bfe8146-1376-4d03-86f4-24dc2b6bbe59" status: 404 len: 246 microversion: 1.1 [pid: 8|app: 0|req: 361/720] 10.0.0.135 () {34 vars in 825 bytes} [Wed Jul 8 16:38:50 2026] DELETE /resource_providers/2bfe8146-1376-4d03-86f4-24dc2b6bbe59 => generated 246 bytes in 12 msecs (HTTP/1.1 404) 6 headers in 231 bytes (1 switches on core 0)
2026-07-08 16:38:51.727 8 INFO placement.requestlog [None req-2231ffe5-3af4-4516-bf24-cffdd9fb64be cb8f84f163474bbbaca19db2896a6562 dc7db9b88898430286696a4f2c38d6c1 - - 23621ad2b53d454e96a2cf15f2e7de13 23621ad2b53d454e96a2cf15f2e7de13] 10.0.0.135 "GET /resource_providers/ebc9e8fd-85c4-4b49-a8a8-a445296c8a26/aggregates" status: 404 len: 235 microversion: 1.1
2026-07-08 16:38:51.728 7 INFO placement.requestlog [None req-a289fb69-36d2-4ba4-875c-0d8ce0a6864e cb8f84f163474bbbaca19db2896a6562 dc7db9b88898430286696a4f2c38d6c1 - - 23621ad2b53d454e96a2cf15f2e7de13 23621ad2b53d454e96a2cf15f2e7de13] 10.0.0.135 "GET /resource_providers/ebc9e8fd-85c4-4b49-a8a8-a445296c8a26/aggregates" status: 404 len: 235 microversion: 1.1 [pid: 8|app: 0|req: 362/721] 10.0.0.135 () {32 vars in 825 bytes} [Wed Jul 8 16:38:51 2026] GET /resource_providers/ebc9e8fd-85c4-4b49-a8a8-a445296c8a26/aggregates => generated 235 bytes in 13 msecs (HTTP/1.1 404) 5 headers in 202 bytes (1 switches on core 0) [pid: 7|app: 0|req: 360/722] 10.0.0.135 () {32 vars in 825 bytes} [Wed Jul 8 16:38:51 2026] GET /resource_providers/ebc9e8fd-85c4-4b49-a8a8-a445296c8a26/aggregates => generated 235 bytes in 14 msecs (HTTP/1.1 404) 5 headers in 202 bytes (1 switches on core 0)
2026-07-08 16:38:51.765 7 INFO placement.requestlog [None req-63541d4d-53b6-4cee-a46b-e1db67d33e85 cb8f84f163474bbbaca19db2896a6562 dc7db9b88898430286696a4f2c38d6c1 - - 23621ad2b53d454e96a2cf15f2e7de13 23621ad2b53d454e96a2cf15f2e7de13] 10.0.0.135 "DELETE /resource_providers/ebc9e8fd-85c4-4b49-a8a8-a445296c8a26" status: 404 len: 246 microversion: 1.1 [pid: 7|app: 0|req: 361/723] 10.0.0.135 () {34 vars in 825 bytes} [Wed Jul 8 16:38:51 2026] DELETE /resource_providers/ebc9e8fd-85c4-4b49-a8a8-a445296c8a26 => generated 246 bytes in 11 msecs (HTTP/1.1 404) 6 headers in 231 bytes (1 switches on core 0)
2026-07-08 16:38:51.766 8 INFO placement.requestlog [None req-f1ebf17f-8e8b-4ab2-9e06-9b4a59f7e021 cb8f84f163474bbbaca19db2896a6562 dc7db9b88898430286696a4f2c38d6c1 - - 23621ad2b53d454e96a2cf15f2e7de13 23621ad2b53d454e96a2cf15f2e7de13] 10.0.0.135 "DELETE /resource_providers/ebc9e8fd-85c4-4b49-a8a8-a445296c8a26" status: 404 len: 246 microversion: 1.1 [pid: 8|app: 0|req: 363/724] 10.0.0.135 () {34 vars in 825 bytes} [Wed Jul 8 16:38:51 2026] DELETE /resource_providers/ebc9e8fd-85c4-4b49-a8a8-a445296c8a26 => generated 246 bytes in 13 msecs (HTTP/1.1 404) 6 headers in 231 bytes (1 switches on core 0)
2026-07-08 16:38:52.237 7 INFO placement.requestlog [None req-d52aee2f-684e-4df4-affa-0c15b575347f cb8f84f163474bbbaca19db2896a6562 dc7db9b88898430286696a4f2c38d6c1 - - 23621ad2b53d454e96a2cf15f2e7de13 23621ad2b53d454e96a2cf15f2e7de13] 10.0.0.135 "GET /resource_providers/110cd189-11c9-4318-a133-30dafd3fa00b/aggregates" status: 404 len: 235 microversion: 1.1 [pid: 7|app: 0|req: 362/725] 10.0.0.135 () {32 vars in 825 bytes} [Wed Jul 8 16:38:52 2026] GET /resource_providers/110cd189-11c9-4318-a133-30dafd3fa00b/aggregates => generated 235 bytes in 13 msecs (HTTP/1.1 404) 5 headers in 202 bytes (1 switches on core 0)
2026-07-08 16:38:52.238 8 INFO placement.requestlog [None req-8befd3ab-7f0d-4215-abae-377850c4804f cb8f84f163474bbbaca19db2896a6562 dc7db9b88898430286696a4f2c38d6c1 - - 23621ad2b53d454e96a2cf15f2e7de13 23621ad2b53d454e96a2cf15f2e7de13] 10.0.0.135 "GET /resource_providers/110cd189-11c9-4318-a133-30dafd3fa00b/aggregates" status: 404 len: 235 microversion: 1.1 [pid: 8|app: 0|req: 364/726] 10.0.0.135 () {32 vars in 825 bytes} [Wed Jul 8 16:38:52 2026] GET /resource_providers/110cd189-11c9-4318-a133-30dafd3fa00b/aggregates => generated 235 bytes in 14 msecs (HTTP/1.1 404) 5 headers in 202 bytes (1 switches on core 0)
2026-07-08 16:38:52.263 7 INFO placement.requestlog [None req-09474343-3fbf-48be-8b91-85c7bc414442 cb8f84f163474bbbaca19db2896a6562 dc7db9b88898430286696a4f2c38d6c1 - - 23621ad2b53d454e96a2cf15f2e7de13 23621ad2b53d454e96a2cf15f2e7de13] 10.0.0.135 "DELETE /resource_providers/110cd189-11c9-4318-a133-30dafd3fa00b" status: 404 len: 246 microversion: 1.1 [pid: 7|app: 0|req: 363/727] 10.0.0.135 () {34 vars in 825 bytes} [Wed Jul 8 16:38:52 2026] DELETE /resource_providers/110cd189-11c9-4318-a133-30dafd3fa00b => generated 246 bytes in 13 msecs (HTTP/1.1 404) 6 headers in 231 bytes (1 switches on core 0)
2026-07-08 16:38:52.271 8 INFO placement.requestlog [None req-355913dd-d443-439a-aaf7-7903870b629c cb8f84f163474bbbaca19db2896a6562 dc7db9b88898430286696a4f2c38d6c1 - - 23621ad2b53d454e96a2cf15f2e7de13 23621ad2b53d454e96a2cf15f2e7de13] 10.0.0.135 "DELETE /resource_providers/110cd189-11c9-4318-a133-30dafd3fa00b" status: 404 len: 246 microversion: 1.1 [pid: 8|app: 0|req: 365/728] 10.0.0.135 () {34 vars in 825 bytes} [Wed Jul 8 16:38:52 2026] DELETE /resource_providers/110cd189-11c9-4318-a133-30dafd3fa00b => generated 246 bytes in 21 msecs (HTTP/1.1 404) 6 headers in 231 bytes (1 switches on core 0)
2026-07-08 16:38:52.290 7 INFO placement.requestlog [None req-95ab1999-ebea-4f57-845d-e21254f851cd cb8f84f163474bbbaca19db2896a6562 dc7db9b88898430286696a4f2c38d6c1 - - 23621ad2b53d454e96a2cf15f2e7de13 23621ad2b53d454e96a2cf15f2e7de13] 10.0.0.135 "GET /resource_providers/56cbe476-799e-4375-8ea4-3af82f9c4733/aggregates" status: 404 len: 235 microversion: 1.1 [pid: 7|app: 0|req: 364/729] 10.0.0.135 () {32 vars in 825 bytes} [Wed Jul 8 16:38:52 2026] GET /resource_providers/56cbe476-799e-4375-8ea4-3af82f9c4733/aggregates => generated 235 bytes in 12 msecs (HTTP/1.1 404) 5 headers in 202 bytes (1 switches on core 0)
2026-07-08 16:38:52.327 8 INFO placement.requestlog [None req-86e2e304-a2a1-4e9c-aea5-5e9cd1ed3180 cb8f84f163474bbbaca19db2896a6562 dc7db9b88898430286696a4f2c38d6c1 - - 23621ad2b53d454e96a2cf15f2e7de13 23621ad2b53d454e96a2cf15f2e7de13] 10.0.0.135 "GET /resource_providers/56cbe476-799e-4375-8ea4-3af82f9c4733/aggregates" status: 404 len: 235 microversion: 1.1
2026-07-08 16:38:52.327 7 INFO placement.requestlog [None req-98570470-f339-4be9-b40e-adbe2a426550 cb8f84f163474bbbaca19db2896a6562 dc7db9b88898430286696a4f2c38d6c1 - - 23621ad2b53d454e96a2cf15f2e7de13 23621ad2b53d454e96a2cf15f2e7de13] 10.0.0.135 "DELETE /resource_providers/56cbe476-799e-4375-8ea4-3af82f9c4733" status: 404 len: 246 microversion: 1.1 [pid: 7|app: 0|req: 365/731] 10.0.0.135 () {34 vars in 825 bytes} [Wed Jul 8 16:38:52 2026] DELETE /resource_providers/56cbe476-799e-4375-8ea4-3af82f9c4733 => generated 246 bytes in 12 msecs (HTTP/1.1 404) 6 headers in 231 bytes (1 switches on core 0) [pid: 8|app: 0|req: 366/731] 10.0.0.135 () {32 vars in 825 bytes} [Wed Jul 8 16:38:52 2026] GET /resource_providers/56cbe476-799e-4375-8ea4-3af82f9c4733/aggregates => generated 235 bytes in 13 msecs (HTTP/1.1 404) 5 headers in 202 bytes (1 switches on core 0)
2026-07-08 16:38:52.366 7 INFO placement.requestlog [None req-5f385396-49de-4e09-b796-a5cb9c59b0f6 cb8f84f163474bbbaca19db2896a6562 dc7db9b88898430286696a4f2c38d6c1 - - 23621ad2b53d454e96a2cf15f2e7de13 23621ad2b53d454e96a2cf15f2e7de13] 10.0.0.135 "DELETE /resource_providers/56cbe476-799e-4375-8ea4-3af82f9c4733" status: 404 len: 246 microversion: 1.1 [pid: 7|app: 0|req: 366/732] 10.0.0.135 () {34 vars in 825 bytes} [Wed Jul 8 16:38:52 2026] DELETE /resource_providers/56cbe476-799e-4375-8ea4-3af82f9c4733 => generated 246 bytes in 11 msecs (HTTP/1.1 404) 6 headers in 231 bytes (1 switches on core 0)
2026-07-08 16:38:52.367 8 INFO placement.requestlog [None req-0c2c9dee-c019-40a9-8135-19cb86e74ba6 cb8f84f163474bbbaca19db2896a6562 dc7db9b88898430286696a4f2c38d6c1 - - 23621ad2b53d454e96a2cf15f2e7de13 23621ad2b53d454e96a2cf15f2e7de13] 10.0.0.135 "GET /resource_providers/90342122-5644-484c-bedd-e69d8a330d00/aggregates" status: 404 len: 235 microversion: 1.1 [pid: 8|app: 0|req: 367/733] 10.0.0.135 () {32 vars in 825 bytes} [Wed Jul 8 16:38:52 2026] GET /resource_providers/90342122-5644-484c-bedd-e69d8a330d00/aggregates => generated 235 bytes in 12 msecs (HTTP/1.1 404) 5 headers in 202 bytes (1 switches on core 0)
2026-07-08 16:38:52.400 8 INFO placement.requestlog [None req-224bf5dc-e910-43f9-a891-42ede20d7fd9 cb8f84f163474bbbaca19db2896a6562 dc7db9b88898430286696a4f2c38d6c1 - - 23621ad2b53d454e96a2cf15f2e7de13 23621ad2b53d454e96a2cf15f2e7de13] 10.0.0.135 "GET /resource_providers/90342122-5644-484c-bedd-e69d8a330d00/aggregates" status: 404 len: 235 microversion: 1.1 [pid: 8|app: 0|req: 368/734] 10.0.0.135 () {32 vars in 825 bytes} [Wed Jul 8 16:38:52 2026] GET /resource_providers/90342122-5644-484c-bedd-e69d8a330d00/aggregates => generated 235 bytes in 11 msecs (HTTP/1.1 404) 5 headers in 202 bytes (1 switches on core 0)
2026-07-08 16:38:52.404 7 INFO placement.requestlog [None req-84a0a32c-b2e1-40dd-a97f-30463134df59 cb8f84f163474bbbaca19db2896a6562 dc7db9b88898430286696a4f2c38d6c1 - - 23621ad2b53d454e96a2cf15f2e7de13 23621ad2b53d454e96a2cf15f2e7de13] 10.0.0.135 "DELETE /resource_providers/90342122-5644-484c-bedd-e69d8a330d00" status: 404 len: 246 microversion: 1.1 [pid: 7|app: 0|req: 367/735] 10.0.0.135 () {34 vars in 825 bytes} [Wed Jul 8 16:38:52 2026] DELETE /resource_providers/90342122-5644-484c-bedd-e69d8a330d00 => generated 246 bytes in 16 msecs (HTTP/1.1 404) 6 headers in 231 bytes (1 switches on core 0)
2026-07-08 16:38:52.433 8 INFO placement.requestlog [None req-4279051c-11cd-4a63-b542-2fde00b98775 cb8f84f163474bbbaca19db2896a6562 dc7db9b88898430286696a4f2c38d6c1 - - 23621ad2b53d454e96a2cf15f2e7de13 23621ad2b53d454e96a2cf15f2e7de13] 10.0.0.135 "DELETE /resource_providers/90342122-5644-484c-bedd-e69d8a330d00" status: 404 len: 246 microversion: 1.1 [pid: 8|app: 0|req: 369/736] 10.0.0.135 () {34 vars in 825 bytes} [Wed Jul 8 16:38:52 2026] DELETE /resource_providers/90342122-5644-484c-bedd-e69d8a330d00 => generated 246 bytes in 12 msecs (HTTP/1.1 404) 6 headers in 231 bytes (1 switches on core 0)
2026-07-08 16:38:52.719 8 INFO placement.requestlog [None req-f982c3d0-efd1-4c80-9e15-7d6badf0ef7d - - - - - -] 10.0.0.59 "GET /" status: 200 len: 136 microversion: 1.0
2026-07-08 16:38:52.719 7 INFO placement.requestlog [None req-f010b125-16bc-496a-90c7-ff0384864e8e - - - - - -] 10.0.0.59 "GET /" status: 200 len: 136 microversion: 1.0
2026-07-08 16:38:54.433 7 INFO placement.requestlog [None req-62fc7421-b501-4bd5-8fb5-8815e87e05ba cb8f84f163474bbbaca19db2896a6562 dc7db9b88898430286696a4f2c38d6c1 - - 23621ad2b53d454e96a2cf15f2e7de13 23621ad2b53d454e96a2cf15f2e7de13] 10.0.0.135 "GET /resource_providers/1daf080b-4981-4ad4-89a0-71f310a2cd4c/aggregates" status: 404 len: 235 microversion: 1.1 [pid: 7|app: 0|req: 369/739] 10.0.0.135 () {32 vars in 825 bytes} [Wed Jul 8 16:38:54 2026] GET /resource_providers/1daf080b-4981-4ad4-89a0-71f310a2cd4c/aggregates => generated 235 bytes in 14 msecs (HTTP/1.1 404) 5 headers in 202 bytes (1 switches on core 0)
2026-07-08 16:38:54.455 8 INFO placement.requestlog [None req-09d58bcf-557c-4089-9c5b-a2bbb5c8c186 cb8f84f163474bbbaca19db2896a6562 dc7db9b88898430286696a4f2c38d6c1 - - 23621ad2b53d454e96a2cf15f2e7de13 23621ad2b53d454e96a2cf15f2e7de13] 10.0.0.135 "DELETE /resource_providers/1daf080b-4981-4ad4-89a0-71f310a2cd4c" status: 404 len: 246 microversion: 1.1 [pid: 8|app: 0|req: 371/740] 10.0.0.135 () {34 vars in 825 bytes} [Wed Jul 8 16:38:54 2026] DELETE /resource_providers/1daf080b-4981-4ad4-89a0-71f310a2cd4c => generated 246 bytes in 10 msecs (HTTP/1.1 404) 6 headers in 231 bytes (1 switches on core 0)
2026-07-08 16:38:54.459 7 INFO placement.requestlog [None req-f6ee5e0a-6f9a-427b-b21a-1b6cd2730084 cb8f84f163474bbbaca19db2896a6562 dc7db9b88898430286696a4f2c38d6c1 - - 23621ad2b53d454e96a2cf15f2e7de13 23621ad2b53d454e96a2cf15f2e7de13] 10.0.0.135 "GET /resource_providers/1daf080b-4981-4ad4-89a0-71f310a2cd4c/aggregates" status: 404 len: 235 microversion: 1.1 [pid: 7|app: 0|req: 370/741] 10.0.0.135 () {32 vars in 825 bytes} [Wed Jul 8 16:38:54 2026] GET /resource_providers/1daf080b-4981-4ad4-89a0-71f310a2cd4c/aggregates => generated 235 bytes in 14 msecs (HTTP/1.1 404) 5 headers in 202 bytes (1 switches on core 0)
2026-07-08 16:38:54.470 8 INFO placement.requestlog [None req-3559fab4-0650-4c20-a3c1-8453bba47d44 cb8f84f163474bbbaca19db2896a6562 dc7db9b88898430286696a4f2c38d6c1 - - 23621ad2b53d454e96a2cf15f2e7de13 23621ad2b53d454e96a2cf15f2e7de13] 10.0.0.135 "GET /resource_providers/8e6b5101-077a-4ca0-a319-80c6d613ef00/aggregates" status: 404 len: 235 microversion: 1.1 [pid: 8|app: 0|req: 372/742] 10.0.0.135 () {32 vars in 825 bytes} [Wed Jul 8 16:38:54 2026] GET /resource_providers/8e6b5101-077a-4ca0-a319-80c6d613ef00/aggregates => generated 235 bytes in 8 msecs (HTTP/1.1 404) 5 headers in 202 bytes (1 switches on core 0)
2026-07-08 16:38:54.477 7 INFO placement.requestlog [None req-440cf105-c7f5-4201-9a6a-6305443adbd4 cb8f84f163474bbbaca19db2896a6562 dc7db9b88898430286696a4f2c38d6c1 - - 23621ad2b53d454e96a2cf15f2e7de13 23621ad2b53d454e96a2cf15f2e7de13] 10.0.0.135 "DELETE /resource_providers/1daf080b-4981-4ad4-89a0-71f310a2cd4c" status: 404 len: 246 microversion: 1.1 [pid: 7|app: 0|req: 371/743] 10.0.0.135 () {34 vars in 825 bytes} [Wed Jul 8 16:38:54 2026] DELETE /resource_providers/1daf080b-4981-4ad4-89a0-71f310a2cd4c => generated 246 bytes in 9 msecs (HTTP/1.1 404) 6 headers in 231 bytes (1 switches on core 0)
2026-07-08 16:38:54.485 8 INFO placement.requestlog [None req-571c866f-a422-4399-baaf-a59c5d4229fb cb8f84f163474bbbaca19db2896a6562 dc7db9b88898430286696a4f2c38d6c1 - - 23621ad2b53d454e96a2cf15f2e7de13 23621ad2b53d454e96a2cf15f2e7de13] 10.0.0.135 "DELETE /resource_providers/8e6b5101-077a-4ca0-a319-80c6d613ef00" status: 404 len: 246 microversion: 1.1 [pid: 8|app: 0|req: 373/744] 10.0.0.135 () {34 vars in 825 bytes} [Wed Jul 8 16:38:54 2026] DELETE /resource_providers/8e6b5101-077a-4ca0-a319-80c6d613ef00 => generated 246 bytes in 8 msecs (HTTP/1.1 404) 6 headers in 231 bytes (1 switches on core 0)
2026-07-08 16:38:54.491 7 INFO placement.requestlog [None req-d87b852a-8cd8-4b76-a1d4-7b87bef66070 cb8f84f163474bbbaca19db2896a6562 dc7db9b88898430286696a4f2c38d6c1 - - 23621ad2b53d454e96a2cf15f2e7de13 23621ad2b53d454e96a2cf15f2e7de13] 10.0.0.135 "GET /resource_providers/8e6b5101-077a-4ca0-a319-80c6d613ef00/aggregates" status: 404 len: 235 microversion: 1.1 [pid: 7|app: 0|req: 372/745] 10.0.0.135 () {32 vars in 825 bytes} [Wed Jul 8 16:38:54 2026] GET /resource_providers/8e6b5101-077a-4ca0-a319-80c6d613ef00/aggregates => generated 235 bytes in 10 msecs (HTTP/1.1 404) 5 headers in 202 bytes (1 switches on core 0)
2026-07-08 16:38:54.508 8 INFO placement.requestlog [None req-5e72f4e3-0974-4fa1-b748-40be939af02c cb8f84f163474bbbaca19db2896a6562 dc7db9b88898430286696a4f2c38d6c1 - - 23621ad2b53d454e96a2cf15f2e7de13 23621ad2b53d454e96a2cf15f2e7de13] 10.0.0.135 "DELETE /resource_providers/8e6b5101-077a-4ca0-a319-80c6d613ef00" status: 404 len: 246 microversion: 1.1 [pid: 8|app: 0|req: 374/746] 10.0.0.135 () {34 vars in 825 bytes} [Wed Jul 8 16:38:54 2026] DELETE /resource_providers/8e6b5101-077a-4ca0-a319-80c6d613ef00 => generated 246 bytes in 11 msecs (HTTP/1.1 404) 6 headers in 231 bytes (1 switches on core 0)
2026-07-08 16:38:56.472 7 INFO placement.requestlog [None req-3bc136d0-03cf-4bab-bc9f-a4943d56276b cb8f84f163474bbbaca19db2896a6562 dc7db9b88898430286696a4f2c38d6c1 - - 23621ad2b53d454e96a2cf15f2e7de13 23621ad2b53d454e96a2cf15f2e7de13] 10.0.0.135 "GET /resource_providers/62165fce-83f9-461a-98df-ab4a695319e8/aggregates" status: 404 len: 235 microversion: 1.1 [pid: 7|app: 0|req: 373/747] 10.0.0.135 () {32 vars in 825 bytes} [Wed Jul 8 16:38:56 2026] GET /resource_providers/62165fce-83f9-461a-98df-ab4a695319e8/aggregates => generated 235 bytes in 15 msecs (HTTP/1.1 404) 5 headers in 202 bytes (1 switches on core 0)
2026-07-08 16:38:56.476 8 INFO placement.requestlog [None req-0cac3e2c-efb8-4166-92bc-9a09cac3ffcd cb8f84f163474bbbaca19db2896a6562 dc7db9b88898430286696a4f2c38d6c1 - - 23621ad2b53d454e96a2cf15f2e7de13 23621ad2b53d454e96a2cf15f2e7de13] 10.0.0.135 "GET /resource_providers/62165fce-83f9-461a-98df-ab4a695319e8/aggregates" status: 404 len: 235 microversion: 1.1 [pid: 8|app: 0|req: 375/748] 10.0.0.135 () {32 vars in 825 bytes} [Wed Jul 8 16:38:56 2026] GET /resource_providers/62165fce-83f9-461a-98df-ab4a695319e8/aggregates => generated 235 bytes in 13 msecs (HTTP/1.1 404) 5 headers in 202 bytes (1 switches on core 0)
2026-07-08 16:38:56.512 8 INFO placement.requestlog [None req-5f20b32a-b88f-4aa4-8c0d-e906c6abc706 cb8f84f163474bbbaca19db2896a6562 dc7db9b88898430286696a4f2c38d6c1 - - 23621ad2b53d454e96a2cf15f2e7de13 23621ad2b53d454e96a2cf15f2e7de13] 10.0.0.135 "DELETE /resource_providers/62165fce-83f9-461a-98df-ab4a695319e8" status: 404 len: 246 microversion: 1.1
2026-07-08 16:38:56.512 7 INFO placement.requestlog [None req-5451a5fa-7e59-450e-81c9-cc64511afc37 cb8f84f163474bbbaca19db2896a6562 dc7db9b88898430286696a4f2c38d6c1 - - 23621ad2b53d454e96a2cf15f2e7de13 23621ad2b53d454e96a2cf15f2e7de13] 10.0.0.135 "DELETE /resource_providers/62165fce-83f9-461a-98df-ab4a695319e8" status: 404 len: 246 microversion: 1.1 [pid: 7|app: 0|req: 374/749] 10.0.0.135 () {34 vars in 825 bytes} [Wed Jul 8 16:38:56 2026] DELETE /resource_providers/62165fce-83f9-461a-98df-ab4a695319e8 => generated 246 bytes in 20 msecs (HTTP/1.1 404) 6 headers in 231 bytes (1 switches on core 0) [pid: 8|app: 0|req: 376/750] 10.0.0.135 () {34 vars in 825 bytes} [Wed Jul 8 16:38:56 2026] DELETE /resource_providers/62165fce-83f9-461a-98df-ab4a695319e8 => generated 246 bytes in 22 msecs (HTTP/1.1 404) 6 headers in 231 bytes (1 switches on core 0)
2026-07-08 16:38:56.991 8 INFO placement.requestlog [None req-b50e22f8-a811-4b3c-beb0-c51f171122a1 cb8f84f163474bbbaca19db2896a6562 dc7db9b88898430286696a4f2c38d6c1 - - 23621ad2b53d454e96a2cf15f2e7de13 23621ad2b53d454e96a2cf15f2e7de13] 10.0.0.135 "GET /resource_providers/16154b6e-e535-405d-b689-03468b817595/aggregates" status: 404 len: 235 microversion: 1.1 [pid: 8|app: 0|req: 377/751] 10.0.0.135 () {32 vars in 825 bytes} [Wed Jul 8 16:38:56 2026] GET /resource_providers/16154b6e-e535-405d-b689-03468b817595/aggregates => generated 235 bytes in 10 msecs (HTTP/1.1 404) 5 headers in 202 bytes (1 switches on core 0)
2026-07-08 16:38:56.992 7 INFO placement.requestlog [None req-bbb6ee6c-f6bc-4875-b33c-ee0554d132e0 cb8f84f163474bbbaca19db2896a6562 dc7db9b88898430286696a4f2c38d6c1 - - 23621ad2b53d454e96a2cf15f2e7de13 23621ad2b53d454e96a2cf15f2e7de13] 10.0.0.135 "GET /resource_providers/16154b6e-e535-405d-b689-03468b817595/aggregates" status: 404 len: 235 microversion: 1.1 [pid: 7|app: 0|req: 375/752] 10.0.0.135 () {32 vars in 825 bytes} [Wed Jul 8 16:38:56 2026] GET /resource_providers/16154b6e-e535-405d-b689-03468b817595/aggregates => generated 235 bytes in 11 msecs (HTTP/1.1 404) 5 headers in 202 bytes (1 switches on core 0)
2026-07-08 16:38:57.016 7 INFO placement.requestlog [None req-0d1c0bad-263a-4d93-bbaf-10e40243e794 cb8f84f163474bbbaca19db2896a6562 dc7db9b88898430286696a4f2c38d6c1 - - 23621ad2b53d454e96a2cf15f2e7de13 23621ad2b53d454e96a2cf15f2e7de13] 10.0.0.135 "DELETE /resource_providers/16154b6e-e535-405d-b689-03468b817595" status: 404 len: 246 microversion: 1.1 [pid: 7|app: 0|req: 376/753] 10.0.0.135 () {34 vars in 825 bytes} [Wed Jul 8 16:38:57 2026] DELETE /resource_providers/16154b6e-e535-405d-b689-03468b817595 => generated 246 bytes in 12 msecs (HTTP/1.1 404) 6 headers in 231 bytes (1 switches on core 0)
2026-07-08 16:38:57.017 8 INFO placement.requestlog [None req-4dea3c18-d25c-484b-a2e3-ae09091b7166 cb8f84f163474bbbaca19db2896a6562 dc7db9b88898430286696a4f2c38d6c1 - - 23621ad2b53d454e96a2cf15f2e7de13 23621ad2b53d454e96a2cf15f2e7de13] 10.0.0.135 "DELETE /resource_providers/16154b6e-e535-405d-b689-03468b817595" status: 404 len: 246 microversion: 1.1 [pid: 8|app: 0|req: 378/754] 10.0.0.135 () {34 vars in 825 bytes} [Wed Jul 8 16:38:57 2026] DELETE /resource_providers/16154b6e-e535-405d-b689-03468b817595 => generated 246 bytes in 13 msecs (HTTP/1.1 404) 6 headers in 231 bytes (1 switches on core 0)
2026-07-08 16:38:59.041 7 INFO placement.requestlog [None req-497681f1-e1bb-4003-b073-db660be5814a cb8f84f163474bbbaca19db2896a6562 dc7db9b88898430286696a4f2c38d6c1 - - 23621ad2b53d454e96a2cf15f2e7de13 23621ad2b53d454e96a2cf15f2e7de13] 10.0.0.135 "GET /resource_providers/53e63823-7779-4539-879a-2d1037ff015f/aggregates" status: 404 len: 235 microversion: 1.1 [pid: 7|app: 0|req: 377/755] 10.0.0.135 () {32 vars in 825 bytes} [Wed Jul 8 16:38:59 2026] GET /resource_providers/53e63823-7779-4539-879a-2d1037ff015f/aggregates => generated 235 bytes in 10 msecs (HTTP/1.1 404) 5 headers in 202 bytes (1 switches on core 0)
2026-07-08 16:38:59.042 8 INFO placement.requestlog [None req-edc71946-705a-4e94-84d7-7d41d621b971 cb8f84f163474bbbaca19db2896a6562 dc7db9b88898430286696a4f2c38d6c1 - - 23621ad2b53d454e96a2cf15f2e7de13 23621ad2b53d454e96a2cf15f2e7de13] 10.0.0.135 "GET /resource_providers/53e63823-7779-4539-879a-2d1037ff015f/aggregates" status: 404 len: 235 microversion: 1.1 [pid: 8|app: 0|req: 379/756] 10.0.0.135 () {32 vars in 825 bytes} [Wed Jul 8 16:38:59 2026] GET /resource_providers/53e63823-7779-4539-879a-2d1037ff015f/aggregates => generated 235 bytes in 11 msecs (HTTP/1.1 404) 5 headers in 202 bytes (1 switches on core 0)
2026-07-08 16:38:59.073 8 INFO placement.requestlog [None req-c4295e41-7745-4827-929f-e4b07fcc5ef6 cb8f84f163474bbbaca19db2896a6562 dc7db9b88898430286696a4f2c38d6c1 - - 23621ad2b53d454e96a2cf15f2e7de13 23621ad2b53d454e96a2cf15f2e7de13] 10.0.0.135 "DELETE /resource_providers/53e63823-7779-4539-879a-2d1037ff015f" status: 404 len: 246 microversion: 1.1 [pid: 8|app: 0|req: 380/757] 10.0.0.135 () {34 vars in 825 bytes} [Wed Jul 8 16:38:59 2026] DELETE /resource_providers/53e63823-7779-4539-879a-2d1037ff015f => generated 246 bytes in 10 msecs (HTTP/1.1 404) 6 headers in 231 bytes (1 switches on core 0)
2026-07-08 16:38:59.075 7 INFO placement.requestlog [None req-c1971a09-e2bb-4b37-a6e9-8ca0310e7cfe cb8f84f163474bbbaca19db2896a6562 dc7db9b88898430286696a4f2c38d6c1 - - 23621ad2b53d454e96a2cf15f2e7de13 23621ad2b53d454e96a2cf15f2e7de13] 10.0.0.135 "DELETE /resource_providers/53e63823-7779-4539-879a-2d1037ff015f" status: 404 len: 246 microversion: 1.1 [pid: 7|app: 0|req: 378/758] 10.0.0.135 () {34 vars in 825 bytes} [Wed Jul 8 16:38:59 2026] DELETE /resource_providers/53e63823-7779-4539-879a-2d1037ff015f => generated 246 bytes in 12 msecs (HTTP/1.1 404) 6 headers in 231 bytes (1 switches on core 0)
2026-07-08 16:39:01.384 7 INFO placement.requestlog [None req-e7467e9d-c90b-4131-afd8-0be7d149cf26 cb8f84f163474bbbaca19db2896a6562 dc7db9b88898430286696a4f2c38d6c1 - - 23621ad2b53d454e96a2cf15f2e7de13 23621ad2b53d454e96a2cf15f2e7de13] 10.0.0.135 "GET /resource_providers/70c22f46-9d4b-41f8-8c03-f79e1c4ae664/aggregates" status: 404 len: 235 microversion: 1.1 [pid: 7|app: 0|req: 379/759] 10.0.0.135 () {32 vars in 825 bytes} [Wed Jul 8 16:39:01 2026] GET /resource_providers/70c22f46-9d4b-41f8-8c03-f79e1c4ae664/aggregates => generated 235 bytes in 18 msecs (HTTP/1.1 404) 5 headers in 202 bytes (1 switches on core 0)
2026-07-08 16:39:01.388 8 INFO placement.requestlog [None req-0276836b-a16c-4810-8e31-deeed3557fa3 cb8f84f163474bbbaca19db2896a6562 dc7db9b88898430286696a4f2c38d6c1 - - 23621ad2b53d454e96a2cf15f2e7de13 23621ad2b53d454e96a2cf15f2e7de13] 10.0.0.135 "GET /resource_providers/70c22f46-9d4b-41f8-8c03-f79e1c4ae664/aggregates" status: 404 len: 235 microversion: 1.1 [pid: 8|app: 0|req: 381/760] 10.0.0.135 () {32 vars in 825 bytes} [Wed Jul 8 16:39:01 2026] GET /resource_providers/70c22f46-9d4b-41f8-8c03-f79e1c4ae664/aggregates => generated 235 bytes in 23 msecs (HTTP/1.1 404) 5 headers in 202 bytes (1 switches on core 0)
2026-07-08 16:39:01.421 7 INFO placement.requestlog [None req-7fdfe115-ca9d-4d49-849e-6fc75c4d2bd4 cb8f84f163474bbbaca19db2896a6562 dc7db9b88898430286696a4f2c38d6c1 - - 23621ad2b53d454e96a2cf15f2e7de13 23621ad2b53d454e96a2cf15f2e7de13] 10.0.0.135 "DELETE /resource_providers/70c22f46-9d4b-41f8-8c03-f79e1c4ae664" status: 404 len: 246 microversion: 1.1 [pid: 7|app: 0|req: 380/761] 10.0.0.135 () {34 vars in 825 bytes} [Wed Jul 8 16:39:01 2026] DELETE /resource_providers/70c22f46-9d4b-41f8-8c03-f79e1c4ae664 => generated 246 bytes in 10 msecs (HTTP/1.1 404) 6 headers in 231 bytes (1 switches on core 0)
2026-07-08 16:39:01.427 8 INFO placement.requestlog [None req-03636b81-f905-4ba6-976c-d6e5c42bc03f cb8f84f163474bbbaca19db2896a6562 dc7db9b88898430286696a4f2c38d6c1 - - 23621ad2b53d454e96a2cf15f2e7de13 23621ad2b53d454e96a2cf15f2e7de13] 10.0.0.135 "DELETE /resource_providers/70c22f46-9d4b-41f8-8c03-f79e1c4ae664" status: 404 len: 246 microversion: 1.1 [pid: 8|app: 0|req: 382/762] 10.0.0.135 () {34 vars in 825 bytes} [Wed Jul 8 16:39:01 2026] DELETE /resource_providers/70c22f46-9d4b-41f8-8c03-f79e1c4ae664 => generated 246 bytes in 15 msecs (HTTP/1.1 404) 6 headers in 231 bytes (1 switches on core 0)
2026-07-08 16:39:02.719 8 INFO placement.requestlog [None req-c1f1c55e-5ee4-460c-882d-faf6c247adeb - - - - - -] 10.0.0.59 "GET /" status: 200 len: 136 microversion: 1.0
2026-07-08 16:39:02.720 7 INFO placement.requestlog [None req-bb55331a-7f9a-41d6-9459-3b6a5a2579a8 - - - - - -] 10.0.0.59 "GET /" status: 200 len: 136 microversion: 1.0
2026-07-08 16:39:05.056 7 INFO placement.requestlog [None req-e39e97f0-a3a3-402c-8471-10d93dab0b27 cb8f84f163474bbbaca19db2896a6562 dc7db9b88898430286696a4f2c38d6c1 - - 23621ad2b53d454e96a2cf15f2e7de13 23621ad2b53d454e96a2cf15f2e7de13] 10.0.0.135 "GET /resource_providers/20f2052e-4a7c-4ac4-9c8b-0372165aaf7e/aggregates" status: 404 len: 235 microversion: 1.1 [pid: 7|app: 0|req: 382/765] 10.0.0.135 () {32 vars in 825 bytes} [Wed Jul 8 16:39:05 2026] GET /resource_providers/20f2052e-4a7c-4ac4-9c8b-0372165aaf7e/aggregates => generated 235 bytes in 18 msecs (HTTP/1.1 404) 5 headers in 202 bytes (1 switches on core 0)
