2026-07-08 16:39:05.096 7 INFO placement.requestlog [None req-26b57112-1d9f-449c-af8d-f4c8ec8caf0e cb8f84f163474bbbaca19db2896a6562 dc7db9b88898430286696a4f2c38d6c1 - - 23621ad2b53d454e96a2cf15f2e7de13 23621ad2b53d454e96a2cf15f2e7de13] 10.0.0.135 "DELETE /resource_providers/20f2052e-4a7c-4ac4-9c8b-0372165aaf7e" status: 404 len: 246 microversion: 1.1 [pid: 7|app: 0|req: 383/766] 10.0.0.135 () {34 vars in 825 bytes} [Wed Jul 8 16:39:05 2026] DELETE /resource_providers/20f2052e-4a7c-4ac4-9c8b-0372165aaf7e => generated 246 bytes in 19 msecs (HTTP/1.1 404) 6 headers in 231 bytes (1 switches on core 0)
2026-07-08 16:39:05.112 8 INFO placement.requestlog [None req-ea3733da-5a51-4357-975a-72d96fef2b1c cb8f84f163474bbbaca19db2896a6562 dc7db9b88898430286696a4f2c38d6c1 - - 23621ad2b53d454e96a2cf15f2e7de13 23621ad2b53d454e96a2cf15f2e7de13] 10.0.0.135 "GET /resource_providers/20f2052e-4a7c-4ac4-9c8b-0372165aaf7e/aggregates" status: 404 len: 235 microversion: 1.1 [pid: 8|app: 0|req: 384/767] 10.0.0.135 () {32 vars in 825 bytes} [Wed Jul 8 16:39:05 2026] GET /resource_providers/20f2052e-4a7c-4ac4-9c8b-0372165aaf7e/aggregates => generated 235 bytes in 73 msecs (HTTP/1.1 404) 5 headers in 202 bytes (1 switches on core 0)
2026-07-08 16:39:05.133 7 INFO placement.requestlog [None req-ab810a6a-560a-4acb-8622-496f749286d0 cb8f84f163474bbbaca19db2896a6562 dc7db9b88898430286696a4f2c38d6c1 - - 23621ad2b53d454e96a2cf15f2e7de13 23621ad2b53d454e96a2cf15f2e7de13] 10.0.0.135 "DELETE /resource_providers/20f2052e-4a7c-4ac4-9c8b-0372165aaf7e" status: 404 len: 246 microversion: 1.1 [pid: 7|app: 0|req: 384/768] 10.0.0.135 () {34 vars in 825 bytes} [Wed Jul 8 16:39:05 2026] DELETE /resource_providers/20f2052e-4a7c-4ac4-9c8b-0372165aaf7e => generated 246 bytes in 14 msecs (HTTP/1.1 404) 6 headers in 231 bytes (1 switches on core 0)
2026-07-08 16:39:06.234 8 INFO placement.requestlog [None req-4309c43e-7601-4d3e-be3b-993913c1cb40 cb8f84f163474bbbaca19db2896a6562 dc7db9b88898430286696a4f2c38d6c1 - - 23621ad2b53d454e96a2cf15f2e7de13 23621ad2b53d454e96a2cf15f2e7de13] 10.0.0.135 "GET /resource_providers/60d4b1b1-841f-4c88-99bb-18fcc99fa2ba/aggregates" status: 404 len: 235 microversion: 1.1 [pid: 8|app: 0|req: 385/769] 10.0.0.135 () {32 vars in 825 bytes} [Wed Jul 8 16:39:06 2026] GET /resource_providers/60d4b1b1-841f-4c88-99bb-18fcc99fa2ba/aggregates => generated 235 bytes in 12 msecs (HTTP/1.1 404) 5 headers in 202 bytes (1 switches on core 0)
2026-07-08 16:39:06.251 7 INFO placement.requestlog [None req-9f2199bd-d497-40a6-a4f4-c0502346b956 cb8f84f163474bbbaca19db2896a6562 dc7db9b88898430286696a4f2c38d6c1 - - 23621ad2b53d454e96a2cf15f2e7de13 23621ad2b53d454e96a2cf15f2e7de13] 10.0.0.135 "GET /resource_providers/60d4b1b1-841f-4c88-99bb-18fcc99fa2ba/aggregates" status: 404 len: 235 microversion: 1.1 [pid: 7|app: 0|req: 385/770] 10.0.0.135 () {32 vars in 825 bytes} [Wed Jul 8 16:39:06 2026] GET /resource_providers/60d4b1b1-841f-4c88-99bb-18fcc99fa2ba/aggregates => generated 235 bytes in 29 msecs (HTTP/1.1 404) 5 headers in 202 bytes (1 switches on core 0)
2026-07-08 16:39:06.255 8 INFO placement.requestlog [None req-752d913b-b762-4db8-8cb6-0fcc8911b85a cb8f84f163474bbbaca19db2896a6562 dc7db9b88898430286696a4f2c38d6c1 - - 23621ad2b53d454e96a2cf15f2e7de13 23621ad2b53d454e96a2cf15f2e7de13] 10.0.0.135 "DELETE /resource_providers/60d4b1b1-841f-4c88-99bb-18fcc99fa2ba" status: 404 len: 246 microversion: 1.1 [pid: 8|app: 0|req: 386/771] 10.0.0.135 () {34 vars in 825 bytes} [Wed Jul 8 16:39:06 2026] DELETE /resource_providers/60d4b1b1-841f-4c88-99bb-18fcc99fa2ba => generated 246 bytes in 12 msecs (HTTP/1.1 404) 6 headers in 231 bytes (1 switches on core 0)
2026-07-08 16:39:06.284 7 INFO placement.requestlog [None req-bf2ad018-178f-43e6-82a3-ab743fa4a7ab cb8f84f163474bbbaca19db2896a6562 dc7db9b88898430286696a4f2c38d6c1 - - 23621ad2b53d454e96a2cf15f2e7de13 23621ad2b53d454e96a2cf15f2e7de13] 10.0.0.135 "DELETE /resource_providers/60d4b1b1-841f-4c88-99bb-18fcc99fa2ba" status: 404 len: 246 microversion: 1.1 [pid: 7|app: 0|req: 386/772] 10.0.0.135 () {34 vars in 825 bytes} [Wed Jul 8 16:39:06 2026] DELETE /resource_providers/60d4b1b1-841f-4c88-99bb-18fcc99fa2ba => generated 246 bytes in 23 msecs (HTTP/1.1 404) 6 headers in 231 bytes (1 switches on core 0)
2026-07-08 16:39:07.119 8 INFO placement.requestlog [None req-0e4201d4-8c5f-4aef-b275-c4bc68ccf953 cb8f84f163474bbbaca19db2896a6562 dc7db9b88898430286696a4f2c38d6c1 - - 23621ad2b53d454e96a2cf15f2e7de13 23621ad2b53d454e96a2cf15f2e7de13] 10.0.0.135 "GET /resource_providers/8d280da6-1cb5-4f21-bb49-c40a221469c5/aggregates" status: 404 len: 235 microversion: 1.1 [pid: 8|app: 0|req: 387/773] 10.0.0.135 () {32 vars in 825 bytes} [Wed Jul 8 16:39:07 2026] GET /resource_providers/8d280da6-1cb5-4f21-bb49-c40a221469c5/aggregates => generated 235 bytes in 11 msecs (HTTP/1.1 404) 5 headers in 202 bytes (1 switches on core 0)
2026-07-08 16:39:07.142 7 INFO placement.requestlog [None req-b24ec372-afea-4233-93f3-e0f1eb911cfb cb8f84f163474bbbaca19db2896a6562 dc7db9b88898430286696a4f2c38d6c1 - - 23621ad2b53d454e96a2cf15f2e7de13 23621ad2b53d454e96a2cf15f2e7de13] 10.0.0.135 "DELETE /resource_providers/8d280da6-1cb5-4f21-bb49-c40a221469c5" status: 404 len: 246 microversion: 1.1 [pid: 7|app: 0|req: 387/774] 10.0.0.135 () {34 vars in 825 bytes} [Wed Jul 8 16:39:07 2026] DELETE /resource_providers/8d280da6-1cb5-4f21-bb49-c40a221469c5 => generated 246 bytes in 13 msecs (HTTP/1.1 404) 6 headers in 231 bytes (1 switches on core 0)
2026-07-08 16:39:07.152 8 INFO placement.requestlog [None req-a3075b40-041d-498e-bc84-3c170e63ecd0 cb8f84f163474bbbaca19db2896a6562 dc7db9b88898430286696a4f2c38d6c1 - - 23621ad2b53d454e96a2cf15f2e7de13 23621ad2b53d454e96a2cf15f2e7de13] 10.0.0.135 "GET /resource_providers/8d280da6-1cb5-4f21-bb49-c40a221469c5/aggregates" status: 404 len: 235 microversion: 1.1 [pid: 8|app: 0|req: 388/775] 10.0.0.135 () {32 vars in 825 bytes} [Wed Jul 8 16:39:07 2026] GET /resource_providers/8d280da6-1cb5-4f21-bb49-c40a221469c5/aggregates => generated 235 bytes in 9 msecs (HTTP/1.1 404) 5 headers in 202 bytes (1 switches on core 0)
2026-07-08 16:39:07.180 7 INFO placement.requestlog [None req-ea7f2fa6-d68a-4749-8ad5-22d8c12aa0af cb8f84f163474bbbaca19db2896a6562 dc7db9b88898430286696a4f2c38d6c1 - - 23621ad2b53d454e96a2cf15f2e7de13 23621ad2b53d454e96a2cf15f2e7de13] 10.0.0.135 "DELETE /resource_providers/8d280da6-1cb5-4f21-bb49-c40a221469c5" status: 404 len: 246 microversion: 1.1 [pid: 7|app: 0|req: 388/776] 10.0.0.135 () {34 vars in 825 bytes} [Wed Jul 8 16:39:07 2026] DELETE /resource_providers/8d280da6-1cb5-4f21-bb49-c40a221469c5 => generated 246 bytes in 22 msecs (HTTP/1.1 404) 6 headers in 231 bytes (1 switches on core 0)
2026-07-08 16:39:08.279 8 INFO placement.requestlog [None req-38361b36-2d8a-47d4-a497-3743da9331bd cb8f84f163474bbbaca19db2896a6562 dc7db9b88898430286696a4f2c38d6c1 - - 23621ad2b53d454e96a2cf15f2e7de13 23621ad2b53d454e96a2cf15f2e7de13] 10.0.0.135 "GET /resource_providers/c832e315-1fe5-4741-99ca-4ad2945534a9/aggregates" status: 404 len: 235 microversion: 1.1 [pid: 8|app: 0|req: 389/777] 10.0.0.135 () {32 vars in 825 bytes} [Wed Jul 8 16:39:08 2026] GET /resource_providers/c832e315-1fe5-4741-99ca-4ad2945534a9/aggregates => generated 235 bytes in 14 msecs (HTTP/1.1 404) 5 headers in 202 bytes (1 switches on core 0)
2026-07-08 16:39:08.303 7 INFO placement.requestlog [None req-b320e4ef-92a0-41dd-bbc4-69f91ec58857 cb8f84f163474bbbaca19db2896a6562 dc7db9b88898430286696a4f2c38d6c1 - - 23621ad2b53d454e96a2cf15f2e7de13 23621ad2b53d454e96a2cf15f2e7de13] 10.0.0.135 "DELETE /resource_providers/c832e315-1fe5-4741-99ca-4ad2945534a9" status: 404 len: 246 microversion: 1.1 [pid: 7|app: 0|req: 389/778] 10.0.0.135 () {34 vars in 825 bytes} [Wed Jul 8 16:39:08 2026] DELETE /resource_providers/c832e315-1fe5-4741-99ca-4ad2945534a9 => generated 246 bytes in 18 msecs (HTTP/1.1 404) 6 headers in 231 bytes (1 switches on core 0)
2026-07-08 16:39:08.303 8 INFO placement.requestlog [None req-67cc97fe-9d48-4a69-a8a5-cbc23ab386a5 cb8f84f163474bbbaca19db2896a6562 dc7db9b88898430286696a4f2c38d6c1 - - 23621ad2b53d454e96a2cf15f2e7de13 23621ad2b53d454e96a2cf15f2e7de13] 10.0.0.135 "GET /resource_providers/c832e315-1fe5-4741-99ca-4ad2945534a9/aggregates" status: 404 len: 235 microversion: 1.1 [pid: 8|app: 0|req: 390/779] 10.0.0.135 () {32 vars in 825 bytes} [Wed Jul 8 16:39:08 2026] GET /resource_providers/c832e315-1fe5-4741-99ca-4ad2945534a9/aggregates => generated 235 bytes in 12 msecs (HTTP/1.1 404) 5 headers in 202 bytes (1 switches on core 0)
2026-07-08 16:39:08.322 7 INFO placement.requestlog [None req-fd2260d8-34a5-4fb7-bdd0-ddefb957909c cb8f84f163474bbbaca19db2896a6562 dc7db9b88898430286696a4f2c38d6c1 - - 23621ad2b53d454e96a2cf15f2e7de13 23621ad2b53d454e96a2cf15f2e7de13] 10.0.0.135 "DELETE /resource_providers/c832e315-1fe5-4741-99ca-4ad2945534a9" status: 404 len: 246 microversion: 1.1 [pid: 7|app: 0|req: 390/780] 10.0.0.135 () {34 vars in 825 bytes} [Wed Jul 8 16:39:08 2026] DELETE /resource_providers/c832e315-1fe5-4741-99ca-4ad2945534a9 => generated 246 bytes in 10 msecs (HTTP/1.1 404) 6 headers in 231 bytes (1 switches on core 0)
2026-07-08 16:39:12.703 8 INFO placement.requestlog [req-b7abe4c2-e3b9-4598-912f-abf442081b6a req-f12d63cf-3cd9-4a5f-8659-bebcf63ef1a2 ce1f85656e214dd593ee21e80f5a40e8 dc7db9b88898430286696a4f2c38d6c1 - - 23621ad2b53d454e96a2cf15f2e7de13 23621ad2b53d454e96a2cf15f2e7de13] 199.19.213.163 "GET /resource_providers/0155cd52-ac04-4f69-a17c-932899eae13a/allocations" status: 200 len: 152 microversion: 1.0 [pid: 8|app: 0|req: 391/781] 199.19.213.163 () {32 vars in 857 bytes} [Wed Jul 8 16:39:12 2026] GET /resource_providers/0155cd52-ac04-4f69-a17c-932899eae13a/allocations => generated 152 bytes in 19 msecs (HTTP/1.1 200) 6 headers in 224 bytes (1 switches on core 0)
2026-07-08 16:39:12.718 7 INFO placement.requestlog [None req-625f30dd-59b2-42f1-8f52-a86e45a676b7 - - - - - -] 10.0.0.59 "GET /" status: 200 len: 136 microversion: 1.0
2026-07-08 16:39:12.719 8 INFO placement.requestlog [None req-0168af21-0d8a-4b9f-b8dd-2da52e3555bb - - - - - -] 10.0.0.59 "GET /" status: 200 len: 136 microversion: 1.0
2026-07-08 16:39:12.833 7 INFO placement.requestlog [req-b7abe4c2-e3b9-4598-912f-abf442081b6a req-98fca0c2-4e81-4711-8975-a52b58fea468 ce1f85656e214dd593ee21e80f5a40e8 dc7db9b88898430286696a4f2c38d6c1 - - 23621ad2b53d454e96a2cf15f2e7de13 23621ad2b53d454e96a2cf15f2e7de13] 199.19.213.163 "GET /resource_providers/0155cd52-ac04-4f69-a17c-932899eae13a/allocations" status: 200 len: 152 microversion: 1.0 [pid: 7|app: 0|req: 392/784] 199.19.213.163 () {32 vars in 857 bytes} [Wed Jul 8 16:39:12 2026] GET /resource_providers/0155cd52-ac04-4f69-a17c-932899eae13a/allocations => generated 152 bytes in 83 msecs (HTTP/1.1 200) 6 headers in 224 bytes (1 switches on core 0)
2026-07-08 16:39:12.859 8 INFO placement.requestlog [req-b7abe4c2-e3b9-4598-912f-abf442081b6a req-831e9848-53c6-4bb5-9435-f98abc0753ef ce1f85656e214dd593ee21e80f5a40e8 dc7db9b88898430286696a4f2c38d6c1 - - 23621ad2b53d454e96a2cf15f2e7de13 23621ad2b53d454e96a2cf15f2e7de13] 199.19.213.163 "GET /allocations/8b686e51-ff39-446c-8eeb-27a93b054e98" status: 200 len: 257 microversion: 1.28 [pid: 8|app: 0|req: 393/785] 199.19.213.163 () {34 vars in 863 bytes} [Wed Jul 8 16:39:12 2026] GET /allocations/8b686e51-ff39-446c-8eeb-27a93b054e98 => generated 257 bytes in 18 msecs (HTTP/1.1 200) 8 headers in 296 bytes (1 switches on core 0)
2026-07-08 16:39:14.178 7 INFO placement.requestlog [None req-1aba3465-1390-408b-ae48-dfb7f031b46c cb8f84f163474bbbaca19db2896a6562 dc7db9b88898430286696a4f2c38d6c1 - - 23621ad2b53d454e96a2cf15f2e7de13 23621ad2b53d454e96a2cf15f2e7de13] 10.0.0.135 "GET /resource_providers/14c8f0e5-ac33-43f3-9b53-0699e4264d11/aggregates" status: 404 len: 235 microversion: 1.1 [pid: 7|app: 0|req: 393/786] 10.0.0.135 () {32 vars in 825 bytes} [Wed Jul 8 16:39:14 2026] GET /resource_providers/14c8f0e5-ac33-43f3-9b53-0699e4264d11/aggregates => generated 235 bytes in 9 msecs (HTTP/1.1 404) 5 headers in 202 bytes (1 switches on core 0)
2026-07-08 16:39:14.186 8 INFO placement.requestlog [None req-9507f480-48a4-494c-be19-236edaf12b1e cb8f84f163474bbbaca19db2896a6562 dc7db9b88898430286696a4f2c38d6c1 - - 23621ad2b53d454e96a2cf15f2e7de13 23621ad2b53d454e96a2cf15f2e7de13] 10.0.0.135 "GET /resource_providers/14c8f0e5-ac33-43f3-9b53-0699e4264d11/aggregates" status: 404 len: 235 microversion: 1.1 [pid: 8|app: 0|req: 394/787] 10.0.0.135 () {32 vars in 825 bytes} [Wed Jul 8 16:39:14 2026] GET /resource_providers/14c8f0e5-ac33-43f3-9b53-0699e4264d11/aggregates => generated 235 bytes in 10 msecs (HTTP/1.1 404) 5 headers in 202 bytes (1 switches on core 0)
2026-07-08 16:39:14.194 7 INFO placement.requestlog [None req-c435a83d-56c3-4cf5-b944-4ad114519649 cb8f84f163474bbbaca19db2896a6562 dc7db9b88898430286696a4f2c38d6c1 - - 23621ad2b53d454e96a2cf15f2e7de13 23621ad2b53d454e96a2cf15f2e7de13] 10.0.0.135 "DELETE /resource_providers/14c8f0e5-ac33-43f3-9b53-0699e4264d11" status: 404 len: 246 microversion: 1.1 [pid: 7|app: 0|req: 394/788] 10.0.0.135 () {34 vars in 825 bytes} [Wed Jul 8 16:39:14 2026] DELETE /resource_providers/14c8f0e5-ac33-43f3-9b53-0699e4264d11 => generated 246 bytes in 8 msecs (HTTP/1.1 404) 6 headers in 231 bytes (1 switches on core 0)
2026-07-08 16:39:14.222 8 INFO placement.requestlog [None req-310183c7-9d34-46f8-a217-1abf83c3b707 cb8f84f163474bbbaca19db2896a6562 dc7db9b88898430286696a4f2c38d6c1 - - 23621ad2b53d454e96a2cf15f2e7de13 23621ad2b53d454e96a2cf15f2e7de13] 10.0.0.135 "DELETE /resource_providers/14c8f0e5-ac33-43f3-9b53-0699e4264d11" status: 404 len: 246 microversion: 1.1 [pid: 8|app: 0|req: 395/789] 10.0.0.135 () {34 vars in 825 bytes} [Wed Jul 8 16:39:14 2026] DELETE /resource_providers/14c8f0e5-ac33-43f3-9b53-0699e4264d11 => generated 246 bytes in 21 msecs (HTTP/1.1 404) 6 headers in 231 bytes (1 switches on core 0)
2026-07-08 16:39:16.222 7 INFO placement.requestlog [None req-f5b2cd3c-dbfa-45f8-9db3-7435c39cdd13 cb8f84f163474bbbaca19db2896a6562 dc7db9b88898430286696a4f2c38d6c1 - - 23621ad2b53d454e96a2cf15f2e7de13 23621ad2b53d454e96a2cf15f2e7de13] 10.0.0.135 "GET /resource_providers/13394981-5cde-404f-b8cb-a0fc9e893af7/aggregates" status: 404 len: 235 microversion: 1.1 [pid: 7|app: 0|req: 395/790] 10.0.0.135 () {32 vars in 825 bytes} [Wed Jul 8 16:39:16 2026] GET /resource_providers/13394981-5cde-404f-b8cb-a0fc9e893af7/aggregates => generated 235 bytes in 13 msecs (HTTP/1.1 404) 5 headers in 202 bytes (1 switches on core 0)
2026-07-08 16:39:16.253 8 INFO placement.requestlog [None req-2de2d3e6-93cf-4e19-a8a2-d55e491b20b8 cb8f84f163474bbbaca19db2896a6562 dc7db9b88898430286696a4f2c38d6c1 - - 23621ad2b53d454e96a2cf15f2e7de13 23621ad2b53d454e96a2cf15f2e7de13] 10.0.0.135 "DELETE /resource_providers/13394981-5cde-404f-b8cb-a0fc9e893af7" status: 404 len: 246 microversion: 1.1 [pid: 8|app: 0|req: 396/791] 10.0.0.135 () {34 vars in 825 bytes} [Wed Jul 8 16:39:16 2026] DELETE /resource_providers/13394981-5cde-404f-b8cb-a0fc9e893af7 => generated 246 bytes in 17 msecs (HTTP/1.1 404) 6 headers in 231 bytes (1 switches on core 0)
2026-07-08 16:39:16.256 7 INFO placement.requestlog [None req-953c1024-f617-4aac-8425-9da61f2e5bdc cb8f84f163474bbbaca19db2896a6562 dc7db9b88898430286696a4f2c38d6c1 - - 23621ad2b53d454e96a2cf15f2e7de13 23621ad2b53d454e96a2cf15f2e7de13] 10.0.0.135 "GET /resource_providers/13394981-5cde-404f-b8cb-a0fc9e893af7/aggregates" status: 404 len: 235 microversion: 1.1 [pid: 7|app: 0|req: 396/792] 10.0.0.135 () {32 vars in 825 bytes} [Wed Jul 8 16:39:16 2026] GET /resource_providers/13394981-5cde-404f-b8cb-a0fc9e893af7/aggregates => generated 235 bytes in 18 msecs (HTTP/1.1 404) 5 headers in 202 bytes (1 switches on core 0)
2026-07-08 16:39:16.274 8 INFO placement.requestlog [None req-6bd19c9f-0dd2-4fef-a32e-4f99ffebd1e8 cb8f84f163474bbbaca19db2896a6562 dc7db9b88898430286696a4f2c38d6c1 - - 23621ad2b53d454e96a2cf15f2e7de13 23621ad2b53d454e96a2cf15f2e7de13] 10.0.0.135 "DELETE /resource_providers/13394981-5cde-404f-b8cb-a0fc9e893af7" status: 404 len: 246 microversion: 1.1 [pid: 8|app: 0|req: 397/793] 10.0.0.135 () {34 vars in 825 bytes} [Wed Jul 8 16:39:16 2026] DELETE /resource_providers/13394981-5cde-404f-b8cb-a0fc9e893af7 => generated 246 bytes in 12 msecs (HTTP/1.1 404) 6 headers in 231 bytes (1 switches on core 0)
2026-07-08 16:39:22.719 8 INFO placement.requestlog [None req-1dbe06ba-2026-46fd-9399-cb63dce1ff5e - - - - - -] 10.0.0.59 "GET /" status: 200 len: 136 microversion: 1.0
2026-07-08 16:39:22.720 7 INFO placement.requestlog [None req-cc29225b-5a96-4893-9d50-3880916032f4 - - - - - -] 10.0.0.59 "GET /" status: 200 len: 136 microversion: 1.0
2026-07-08 16:39:23.650 7 INFO placement.requestlog [None req-53faed6d-a55f-4884-b37c-828ebe26db1f cb8f84f163474bbbaca19db2896a6562 dc7db9b88898430286696a4f2c38d6c1 - - 23621ad2b53d454e96a2cf15f2e7de13 23621ad2b53d454e96a2cf15f2e7de13] 10.0.0.135 "GET /resource_providers/099ca25a-21f7-4305-bff1-83aa3a13e631/aggregates" status: 404 len: 235 microversion: 1.1 [pid: 7|app: 0|req: 398/796] 10.0.0.135 () {32 vars in 825 bytes} [Wed Jul 8 16:39:23 2026] GET /resource_providers/099ca25a-21f7-4305-bff1-83aa3a13e631/aggregates => generated 235 bytes in 11 msecs (HTTP/1.1 404) 5 headers in 202 bytes (1 switches on core 0)
2026-07-08 16:39:23.652 8 INFO placement.requestlog [None req-9d6a54dd-5adb-47dd-be79-8b0c1f6932ef cb8f84f163474bbbaca19db2896a6562 dc7db9b88898430286696a4f2c38d6c1 - - 23621ad2b53d454e96a2cf15f2e7de13 23621ad2b53d454e96a2cf15f2e7de13] 10.0.0.135 "GET /resource_providers/099ca25a-21f7-4305-bff1-83aa3a13e631/aggregates" status: 404 len: 235 microversion: 1.1 [pid: 8|app: 0|req: 399/797] 10.0.0.135 () {32 vars in 825 bytes} [Wed Jul 8 16:39:23 2026] GET /resource_providers/099ca25a-21f7-4305-bff1-83aa3a13e631/aggregates => generated 235 bytes in 13 msecs (HTTP/1.1 404) 5 headers in 202 bytes (1 switches on core 0)
2026-07-08 16:39:23.682 7 INFO placement.requestlog [None req-3d4cf229-b08c-41d0-952f-cb7f02f7aa04 cb8f84f163474bbbaca19db2896a6562 dc7db9b88898430286696a4f2c38d6c1 - - 23621ad2b53d454e96a2cf15f2e7de13 23621ad2b53d454e96a2cf15f2e7de13] 10.0.0.135 "DELETE /resource_providers/099ca25a-21f7-4305-bff1-83aa3a13e631" status: 404 len: 246 microversion: 1.1
2026-07-08 16:39:23.682 8 INFO placement.requestlog [None req-dd4f7706-3769-46b6-b346-0c9ea6b6d796 cb8f84f163474bbbaca19db2896a6562 dc7db9b88898430286696a4f2c38d6c1 - - 23621ad2b53d454e96a2cf15f2e7de13 23621ad2b53d454e96a2cf15f2e7de13] 10.0.0.135 "DELETE /resource_providers/099ca25a-21f7-4305-bff1-83aa3a13e631" status: 404 len: 246 microversion: 1.1 [pid: 8|app: 0|req: 400/799] 10.0.0.135 () {34 vars in 825 bytes} [Wed Jul 8 16:39:23 2026] DELETE /resource_providers/099ca25a-21f7-4305-bff1-83aa3a13e631 => generated 246 bytes in 10 msecs (HTTP/1.1 404) 6 headers in 231 bytes (1 switches on core 0) [pid: 7|app: 0|req: 399/799] 10.0.0.135 () {34 vars in 825 bytes} [Wed Jul 8 16:39:23 2026] DELETE /resource_providers/099ca25a-21f7-4305-bff1-83aa3a13e631 => generated 246 bytes in 10 msecs (HTTP/1.1 404) 6 headers in 231 bytes (1 switches on core 0)
2026-07-08 16:39:23.933 8 INFO placement.requestlog [req-117ac99b-4b1a-4287-b1df-bd2d870938dd req-963ea114-f708-4f9b-803f-d310d914143a ce1f85656e214dd593ee21e80f5a40e8 dc7db9b88898430286696a4f2c38d6c1 - - 23621ad2b53d454e96a2cf15f2e7de13 23621ad2b53d454e96a2cf15f2e7de13] 199.19.213.163 "GET /resource_providers/0155cd52-ac04-4f69-a17c-932899eae13a/allocations" status: 200 len: 152 microversion: 1.0 [pid: 8|app: 0|req: 401/800] 199.19.213.163 () {32 vars in 857 bytes} [Wed Jul 8 16:39:23 2026] GET /resource_providers/0155cd52-ac04-4f69-a17c-932899eae13a/allocations => generated 152 bytes in 20 msecs (HTTP/1.1 200) 6 headers in 224 bytes (1 switches on core 0)
2026-07-08 16:39:23.969 7 INFO placement.requestlog [req-117ac99b-4b1a-4287-b1df-bd2d870938dd req-9be4165d-f090-486d-a885-f2e49fa7a0e6 ce1f85656e214dd593ee21e80f5a40e8 dc7db9b88898430286696a4f2c38d6c1 - - 23621ad2b53d454e96a2cf15f2e7de13 23621ad2b53d454e96a2cf15f2e7de13] 199.19.213.163 "GET /allocations/8b686e51-ff39-446c-8eeb-27a93b054e98" status: 200 len: 257 microversion: 1.28 [pid: 7|app: 0|req: 400/801] 199.19.213.163 () {34 vars in 863 bytes} [Wed Jul 8 16:39:23 2026] GET /allocations/8b686e51-ff39-446c-8eeb-27a93b054e98 => generated 257 bytes in 26 msecs (HTTP/1.1 200) 8 headers in 296 bytes (1 switches on core 0)
2026-07-08 16:39:24.041 8 INFO placement.requestlog [req-117ac99b-4b1a-4287-b1df-bd2d870938dd req-ba24daa8-2a58-420a-b310-891ff185bc89 ce1f85656e214dd593ee21e80f5a40e8 dc7db9b88898430286696a4f2c38d6c1 - - 23621ad2b53d454e96a2cf15f2e7de13 23621ad2b53d454e96a2cf15f2e7de13] 199.19.213.163 "DELETE /allocations/8b686e51-ff39-446c-8eeb-27a93b054e98" status: 204 len: 0 microversion: 1.0 [pid: 8|app: 0|req: 402/802] 199.19.213.163 () {34 vars in 841 bytes} [Wed Jul 8 16:39:23 2026] DELETE /allocations/8b686e51-ff39-446c-8eeb-27a93b054e98 => generated 0 bytes in 46 msecs (HTTP/1.1 204) 5 headers in 198 bytes (1 switches on core 0)
2026-07-08 16:39:25.774 7 INFO placement.requestlog [None req-ea4e85e6-6ef8-4e2d-829b-000be0ab4997 cb8f84f163474bbbaca19db2896a6562 dc7db9b88898430286696a4f2c38d6c1 - - 23621ad2b53d454e96a2cf15f2e7de13 23621ad2b53d454e96a2cf15f2e7de13] 10.0.0.135 "GET /resource_providers/a663df6a-a78f-47c4-9f12-76e6de92a898/aggregates" status: 404 len: 235 microversion: 1.1
2026-07-08 16:39:25.774 8 INFO placement.requestlog [None req-893d9af4-bffa-435c-85ce-371b86ba0bd5 cb8f84f163474bbbaca19db2896a6562 dc7db9b88898430286696a4f2c38d6c1 - - 23621ad2b53d454e96a2cf15f2e7de13 23621ad2b53d454e96a2cf15f2e7de13] 10.0.0.135 "GET /resource_providers/a663df6a-a78f-47c4-9f12-76e6de92a898/aggregates" status: 404 len: 235 microversion: 1.1 [pid: 7|app: 0|req: 401/803] 10.0.0.135 () {32 vars in 825 bytes} [Wed Jul 8 16:39:25 2026] GET /resource_providers/a663df6a-a78f-47c4-9f12-76e6de92a898/aggregates => generated 235 bytes in 13 msecs (HTTP/1.1 404) 5 headers in 202 bytes (1 switches on core 0) [pid: 8|app: 0|req: 403/804] 10.0.0.135 () {32 vars in 825 bytes} [Wed Jul 8 16:39:25 2026] GET /resource_providers/a663df6a-a78f-47c4-9f12-76e6de92a898/aggregates => generated 235 bytes in 13 msecs (HTTP/1.1 404) 5 headers in 202 bytes (1 switches on core 0)
2026-07-08 16:39:26.081 7 INFO placement.requestlog [None req-d42ad373-5a89-425e-8db8-124c52c49774 cb8f84f163474bbbaca19db2896a6562 dc7db9b88898430286696a4f2c38d6c1 - - 23621ad2b53d454e96a2cf15f2e7de13 23621ad2b53d454e96a2cf15f2e7de13] 10.0.0.135 "DELETE /resource_providers/a663df6a-a78f-47c4-9f12-76e6de92a898" status: 404 len: 246 microversion: 1.1
2026-07-08 16:39:26.082 8 INFO placement.requestlog [None req-3e9cf149-ebf4-4bea-8b75-43e681f00be1 cb8f84f163474bbbaca19db2896a6562 dc7db9b88898430286696a4f2c38d6c1 - - 23621ad2b53d454e96a2cf15f2e7de13 23621ad2b53d454e96a2cf15f2e7de13] 10.0.0.135 "DELETE /resource_providers/a663df6a-a78f-47c4-9f12-76e6de92a898" status: 404 len: 246 microversion: 1.1 [pid: 7|app: 0|req: 402/805] 10.0.0.135 () {34 vars in 825 bytes} [Wed Jul 8 16:39:26 2026] DELETE /resource_providers/a663df6a-a78f-47c4-9f12-76e6de92a898 => generated 246 bytes in 12 msecs (HTTP/1.1 404) 6 headers in 231 bytes (1 switches on core 0) [pid: 8|app: 0|req: 404/806] 10.0.0.135 () {34 vars in 825 bytes} [Wed Jul 8 16:39:26 2026] DELETE /resource_providers/a663df6a-a78f-47c4-9f12-76e6de92a898 => generated 246 bytes in 11 msecs (HTTP/1.1 404) 6 headers in 231 bytes (1 switches on core 0)
2026-07-08 16:39:27.644 7 INFO placement.requestlog [req-79c18bf7-453b-43d2-a512-5c7a9e537cde req-e1384cc7-6fe3-4657-84a3-aa2ad5e33b92 ce1f85656e214dd593ee21e80f5a40e8 dc7db9b88898430286696a4f2c38d6c1 - - 23621ad2b53d454e96a2cf15f2e7de13 23621ad2b53d454e96a2cf15f2e7de13] 10.0.0.189 "GET /allocation_candidates?limit=1000&resources=DISK_GB%3A1%2CMEMORY_MB%3A512%2CVCPU%3A1&root_required=%21COMPUTE_STATUS_DISABLED" status: 200 len: 2147 microversion: 1.36 [pid: 7|app: 0|req: 403/807] 10.0.0.189 () {34 vars in 1012 bytes} [Wed Jul 8 16:39:27 2026] GET /allocation_candidates?limit=1000&resources=DISK_GB%3A1%2CMEMORY_MB%3A512%2CVCPU%3A1&root_required=%21COMPUTE_STATUS_DISABLED => generated 2147 bytes in 40 msecs (HTTP/1.1 200) 8 headers in 297 bytes (1 switches on core 0)
2026-07-08 16:39:27.677 8 INFO placement.requestlog [req-79c18bf7-453b-43d2-a512-5c7a9e537cde req-fbf93387-b466-4320-8ab6-c63fe25c9979 ce1f85656e214dd593ee21e80f5a40e8 dc7db9b88898430286696a4f2c38d6c1 - - 23621ad2b53d454e96a2cf15f2e7de13 23621ad2b53d454e96a2cf15f2e7de13] 10.0.0.189 "GET /allocations/1d1a6857-ae72-485e-a3fa-97b83878a1b7" status: 200 len: 19 microversion: 1.28 [pid: 8|app: 0|req: 405/808] 10.0.0.189 () {34 vars in 861 bytes} [Wed Jul 8 16:39:27 2026] GET /allocations/1d1a6857-ae72-485e-a3fa-97b83878a1b7 => generated 19 bytes in 12 msecs (HTTP/1.1 200) 8 headers in 295 bytes (1 switches on core 0)
2026-07-08 16:39:27.752 7 INFO placement.requestlog [req-79c18bf7-453b-43d2-a512-5c7a9e537cde req-04bf3877-7246-4e47-adde-8ec0b901578d ce1f85656e214dd593ee21e80f5a40e8 dc7db9b88898430286696a4f2c38d6c1 - - 23621ad2b53d454e96a2cf15f2e7de13 23621ad2b53d454e96a2cf15f2e7de13] 10.0.0.189 "PUT /allocations/1d1a6857-ae72-485e-a3fa-97b83878a1b7" status: 204 len: 0 microversion: 1.36 [pid: 7|app: 0|req: 404/809] 10.0.0.189 () {38 vars in 914 bytes} [Wed Jul 8 16:39:27 2026] PUT /allocations/1d1a6857-ae72-485e-a3fa-97b83878a1b7 => generated 0 bytes in 69 msecs (HTTP/1.1 204) 5 headers in 199 bytes (1 switches on core 0)
2026-07-08 16:39:28.034 8 INFO placement.requestlog [req-79c18bf7-453b-43d2-a512-5c7a9e537cde req-023f87f8-8a41-4c2b-8660-f2d9552efebf ce1f85656e214dd593ee21e80f5a40e8 dc7db9b88898430286696a4f2c38d6c1 - - 23621ad2b53d454e96a2cf15f2e7de13 23621ad2b53d454e96a2cf15f2e7de13] 199.19.213.163 "GET /allocations/1d1a6857-ae72-485e-a3fa-97b83878a1b7" status: 200 len: 257 microversion: 1.28 [pid: 8|app: 0|req: 406/810] 199.19.213.163 () {34 vars in 863 bytes} [Wed Jul 8 16:39:28 2026] GET /allocations/1d1a6857-ae72-485e-a3fa-97b83878a1b7 => generated 257 bytes in 15 msecs (HTTP/1.1 200) 8 headers in 296 bytes (1 switches on core 0)
2026-07-08 16:39:28.114 7 INFO placement.requestlog [None req-64e885a4-89b2-4177-aec5-2fc600b09f46 cb8f84f163474bbbaca19db2896a6562 dc7db9b88898430286696a4f2c38d6c1 - - 23621ad2b53d454e96a2cf15f2e7de13 23621ad2b53d454e96a2cf15f2e7de13] 10.0.0.135 "GET /resource_providers/23379f5a-4558-40ed-b92d-2c27f28e8d38/aggregates" status: 404 len: 235 microversion: 1.1 [pid: 7|app: 0|req: 405/811] 10.0.0.135 () {32 vars in 825 bytes} [Wed Jul 8 16:39:28 2026] GET /resource_providers/23379f5a-4558-40ed-b92d-2c27f28e8d38/aggregates => generated 235 bytes in 12 msecs (HTTP/1.1 404) 5 headers in 202 bytes (1 switches on core 0)
2026-07-08 16:39:28.119 8 INFO placement.requestlog [None req-7091deab-4c8d-48b2-bc00-27f2b9e6154d cb8f84f163474bbbaca19db2896a6562 dc7db9b88898430286696a4f2c38d6c1 - - 23621ad2b53d454e96a2cf15f2e7de13 23621ad2b53d454e96a2cf15f2e7de13] 10.0.0.135 "GET /resource_providers/23379f5a-4558-40ed-b92d-2c27f28e8d38/aggregates" status: 404 len: 235 microversion: 1.1 [pid: 8|app: 0|req: 407/812] 10.0.0.135 () {32 vars in 825 bytes} [Wed Jul 8 16:39:28 2026] GET /resource_providers/23379f5a-4558-40ed-b92d-2c27f28e8d38/aggregates => generated 235 bytes in 16 msecs (HTTP/1.1 404) 5 headers in 202 bytes (1 switches on core 0)
2026-07-08 16:39:28.139 7 INFO placement.requestlog [None req-bb2a12bb-cb56-424a-9a03-e78160b806b3 cb8f84f163474bbbaca19db2896a6562 dc7db9b88898430286696a4f2c38d6c1 - - 23621ad2b53d454e96a2cf15f2e7de13 23621ad2b53d454e96a2cf15f2e7de13] 10.0.0.135 "DELETE /resource_providers/23379f5a-4558-40ed-b92d-2c27f28e8d38" status: 404 len: 246 microversion: 1.1 [pid: 7|app: 0|req: 406/813] 10.0.0.135 () {34 vars in 825 bytes} [Wed Jul 8 16:39:28 2026] DELETE /resource_providers/23379f5a-4558-40ed-b92d-2c27f28e8d38 => generated 246 bytes in 13 msecs (HTTP/1.1 404) 6 headers in 231 bytes (1 switches on core 0)
2026-07-08 16:39:28.146 8 INFO placement.requestlog [None req-b528d8b1-370f-4709-b4dc-a7076f61f1ca cb8f84f163474bbbaca19db2896a6562 dc7db9b88898430286696a4f2c38d6c1 - - 23621ad2b53d454e96a2cf15f2e7de13 23621ad2b53d454e96a2cf15f2e7de13] 10.0.0.135 "DELETE /resource_providers/23379f5a-4558-40ed-b92d-2c27f28e8d38" status: 404 len: 246 microversion: 1.1 [pid: 8|app: 0|req: 408/814] 10.0.0.135 () {34 vars in 825 bytes} [Wed Jul 8 16:39:28 2026] DELETE /resource_providers/23379f5a-4558-40ed-b92d-2c27f28e8d38 => generated 246 bytes in 12 msecs (HTTP/1.1 404) 6 headers in 231 bytes (1 switches on core 0)
2026-07-08 16:39:28.203 7 INFO placement.requestlog [req-79c18bf7-453b-43d2-a512-5c7a9e537cde req-87f51618-7741-4318-bb7d-db0b6021dec9 ce1f85656e214dd593ee21e80f5a40e8 dc7db9b88898430286696a4f2c38d6c1 - - 23621ad2b53d454e96a2cf15f2e7de13 23621ad2b53d454e96a2cf15f2e7de13] 199.19.213.163 "GET /resource_providers/0155cd52-ac04-4f69-a17c-932899eae13a/allocations" status: 200 len: 152 microversion: 1.0 [pid: 7|app: 0|req: 407/815] 199.19.213.163 () {32 vars in 857 bytes} [Wed Jul 8 16:39:28 2026] GET /resource_providers/0155cd52-ac04-4f69-a17c-932899eae13a/allocations => generated 152 bytes in 22 msecs (HTTP/1.1 200) 6 headers in 224 bytes (1 switches on core 0)
2026-07-08 16:39:28.227 8 INFO placement.requestlog [req-79c18bf7-453b-43d2-a512-5c7a9e537cde req-4745a5e8-3c94-4ddf-ab39-48f0501cf3f3 ce1f85656e214dd593ee21e80f5a40e8 dc7db9b88898430286696a4f2c38d6c1 - - 23621ad2b53d454e96a2cf15f2e7de13 23621ad2b53d454e96a2cf15f2e7de13] 199.19.213.163 "GET /allocations/1d1a6857-ae72-485e-a3fa-97b83878a1b7" status: 200 len: 257 microversion: 1.28 [pid: 8|app: 0|req: 409/816] 199.19.213.163 () {34 vars in 863 bytes} [Wed Jul 8 16:39:28 2026] GET /allocations/1d1a6857-ae72-485e-a3fa-97b83878a1b7 => generated 257 bytes in 15 msecs (HTTP/1.1 200) 8 headers in 296 bytes (1 switches on core 0)
2026-07-08 16:39:29.308 7 INFO placement.requestlog [None req-982f8731-bcff-424c-a778-339aa700c126 cb8f84f163474bbbaca19db2896a6562 dc7db9b88898430286696a4f2c38d6c1 - - 23621ad2b53d454e96a2cf15f2e7de13 23621ad2b53d454e96a2cf15f2e7de13] 10.0.0.135 "GET /resource_providers/0ff98241-4d2c-44e3-9493-adecceb9bcee/aggregates" status: 404 len: 235 microversion: 1.1
2026-07-08 16:39:29.309 8 INFO placement.requestlog [None req-d346b22a-85a2-4082-b643-62107fc47c5c cb8f84f163474bbbaca19db2896a6562 dc7db9b88898430286696a4f2c38d6c1 - - 23621ad2b53d454e96a2cf15f2e7de13 23621ad2b53d454e96a2cf15f2e7de13] 10.0.0.135 "GET /resource_providers/0ff98241-4d2c-44e3-9493-adecceb9bcee/aggregates" status: 404 len: 235 microversion: 1.1 [pid: 8|app: 0|req: 410/817] 10.0.0.135 () {32 vars in 825 bytes} [Wed Jul 8 16:39:29 2026] GET /resource_providers/0ff98241-4d2c-44e3-9493-adecceb9bcee/aggregates => generated 235 bytes in 11 msecs (HTTP/1.1 404) 5 headers in 202 bytes (1 switches on core 0) [pid: 7|app: 0|req: 408/818] 10.0.0.135 () {32 vars in 825 bytes} [Wed Jul 8 16:39:29 2026] GET /resource_providers/0ff98241-4d2c-44e3-9493-adecceb9bcee/aggregates => generated 235 bytes in 11 msecs (HTTP/1.1 404) 5 headers in 202 bytes (1 switches on core 0)
2026-07-08 16:39:29.349 7 INFO placement.requestlog [None req-3e3a0c92-877e-4e89-b4f8-5806a6d92314 cb8f84f163474bbbaca19db2896a6562 dc7db9b88898430286696a4f2c38d6c1 - - 23621ad2b53d454e96a2cf15f2e7de13 23621ad2b53d454e96a2cf15f2e7de13] 10.0.0.135 "DELETE /resource_providers/0ff98241-4d2c-44e3-9493-adecceb9bcee" status: 404 len: 246 microversion: 1.1 [pid: 7|app: 0|req: 409/819] 10.0.0.135 () {34 vars in 825 bytes} [Wed Jul 8 16:39:29 2026] DELETE /resource_providers/0ff98241-4d2c-44e3-9493-adecceb9bcee => generated 246 bytes in 18 msecs (HTTP/1.1 404) 6 headers in 231 bytes (1 switches on core 0)
2026-07-08 16:39:29.350 8 INFO placement.requestlog [None req-45b9b736-a10f-4d99-ae30-b9467a59e7d6 cb8f84f163474bbbaca19db2896a6562 dc7db9b88898430286696a4f2c38d6c1 - - 23621ad2b53d454e96a2cf15f2e7de13 23621ad2b53d454e96a2cf15f2e7de13] 10.0.0.135 "DELETE /resource_providers/0ff98241-4d2c-44e3-9493-adecceb9bcee" status: 404 len: 246 microversion: 1.1 [pid: 8|app: 0|req: 411/820] 10.0.0.135 () {34 vars in 825 bytes} [Wed Jul 8 16:39:29 2026] DELETE /resource_providers/0ff98241-4d2c-44e3-9493-adecceb9bcee => generated 246 bytes in 20 msecs (HTTP/1.1 404) 6 headers in 231 bytes (1 switches on core 0)
2026-07-08 16:39:30.399 8 INFO placement.requestlog [None req-df3a24d6-881f-47ed-8eed-092f04866731 cb8f84f163474bbbaca19db2896a6562 dc7db9b88898430286696a4f2c38d6c1 - - 23621ad2b53d454e96a2cf15f2e7de13 23621ad2b53d454e96a2cf15f2e7de13] 10.0.0.135 "GET /resource_providers/cd80277a-4bb0-49c0-9028-5ff52a3bed79/aggregates" status: 404 len: 235 microversion: 1.1
2026-07-08 16:39:30.399 7 INFO placement.requestlog [None req-a82bf8d0-9909-49f3-963e-0a65e3277cdc cb8f84f163474bbbaca19db2896a6562 dc7db9b88898430286696a4f2c38d6c1 - - 23621ad2b53d454e96a2cf15f2e7de13 23621ad2b53d454e96a2cf15f2e7de13] 10.0.0.135 "GET /resource_providers/cd80277a-4bb0-49c0-9028-5ff52a3bed79/aggregates" status: 404 len: 235 microversion: 1.1 [pid: 8|app: 0|req: 412/821] 10.0.0.135 () {32 vars in 825 bytes} [Wed Jul 8 16:39:30 2026] GET /resource_providers/cd80277a-4bb0-49c0-9028-5ff52a3bed79/aggregates => generated 235 bytes in 14 msecs (HTTP/1.1 404) 5 headers in 202 bytes (1 switches on core 0) [pid: 7|app: 0|req: 410/822] 10.0.0.135 () {32 vars in 825 bytes} [Wed Jul 8 16:39:30 2026] GET /resource_providers/cd80277a-4bb0-49c0-9028-5ff52a3bed79/aggregates => generated 235 bytes in 14 msecs (HTTP/1.1 404) 5 headers in 202 bytes (1 switches on core 0)
2026-07-08 16:39:30.423 7 INFO placement.requestlog [None req-769d33cc-5658-42a5-8051-6d54ccad65fa cb8f84f163474bbbaca19db2896a6562 dc7db9b88898430286696a4f2c38d6c1 - - 23621ad2b53d454e96a2cf15f2e7de13 23621ad2b53d454e96a2cf15f2e7de13] 10.0.0.135 "DELETE /resource_providers/cd80277a-4bb0-49c0-9028-5ff52a3bed79" status: 404 len: 246 microversion: 1.1 [pid: 7|app: 0|req: 411/823] 10.0.0.135 () {34 vars in 825 bytes} [Wed Jul 8 16:39:30 2026] DELETE /resource_providers/cd80277a-4bb0-49c0-9028-5ff52a3bed79 => generated 246 bytes in 11 msecs (HTTP/1.1 404) 6 headers in 231 bytes (1 switches on core 0)
2026-07-08 16:39:30.423 8 INFO placement.requestlog [None req-a2471eb0-86fa-4ce8-b42a-bce8e90cea00 cb8f84f163474bbbaca19db2896a6562 dc7db9b88898430286696a4f2c38d6c1 - - 23621ad2b53d454e96a2cf15f2e7de13 23621ad2b53d454e96a2cf15f2e7de13] 10.0.0.135 "DELETE /resource_providers/cd80277a-4bb0-49c0-9028-5ff52a3bed79" status: 404 len: 246 microversion: 1.1 [pid: 8|app: 0|req: 413/824] 10.0.0.135 () {34 vars in 825 bytes} [Wed Jul 8 16:39:30 2026] DELETE /resource_providers/cd80277a-4bb0-49c0-9028-5ff52a3bed79 => generated 246 bytes in 12 msecs (HTTP/1.1 404) 6 headers in 231 bytes (1 switches on core 0)
2026-07-08 16:39:31.366 7 INFO placement.requestlog [None req-d5bb6534-4b9e-489d-80b4-eba73a153894 cb8f84f163474bbbaca19db2896a6562 dc7db9b88898430286696a4f2c38d6c1 - - 23621ad2b53d454e96a2cf15f2e7de13 23621ad2b53d454e96a2cf15f2e7de13] 10.0.0.135 "GET /resource_providers/2380db3b-75a9-4f9b-a2af-11df01cba13a/aggregates" status: 404 len: 235 microversion: 1.1 [pid: 7|app: 0|req: 412/825] 10.0.0.135 () {32 vars in 825 bytes} [Wed Jul 8 16:39:31 2026] GET /resource_providers/2380db3b-75a9-4f9b-a2af-11df01cba13a/aggregates => generated 235 bytes in 10 msecs (HTTP/1.1 404) 5 headers in 202 bytes (1 switches on core 0)
2026-07-08 16:39:31.376 8 INFO placement.requestlog [None req-3fc59f9a-e035-460c-a85c-b71c39b7103c cb8f84f163474bbbaca19db2896a6562 dc7db9b88898430286696a4f2c38d6c1 - - 23621ad2b53d454e96a2cf15f2e7de13 23621ad2b53d454e96a2cf15f2e7de13] 10.0.0.135 "GET /resource_providers/2380db3b-75a9-4f9b-a2af-11df01cba13a/aggregates" status: 404 len: 235 microversion: 1.1 [pid: 8|app: 0|req: 414/826] 10.0.0.135 () {32 vars in 825 bytes} [Wed Jul 8 16:39:31 2026] GET /resource_providers/2380db3b-75a9-4f9b-a2af-11df01cba13a/aggregates => generated 235 bytes in 15 msecs (HTTP/1.1 404) 5 headers in 202 bytes (1 switches on core 0)
2026-07-08 16:39:31.380 7 INFO placement.requestlog [None req-4cdf53f8-1dcc-46a5-af51-e27868608ba4 cb8f84f163474bbbaca19db2896a6562 dc7db9b88898430286696a4f2c38d6c1 - - 23621ad2b53d454e96a2cf15f2e7de13 23621ad2b53d454e96a2cf15f2e7de13] 10.0.0.135 "DELETE /resource_providers/2380db3b-75a9-4f9b-a2af-11df01cba13a" status: 404 len: 246 microversion: 1.1 [pid: 7|app: 0|req: 413/827] 10.0.0.135 () {34 vars in 825 bytes} [Wed Jul 8 16:39:31 2026] DELETE /resource_providers/2380db3b-75a9-4f9b-a2af-11df01cba13a => generated 246 bytes in 9 msecs (HTTP/1.1 404) 6 headers in 231 bytes (1 switches on core 0)
2026-07-08 16:39:31.407 8 INFO placement.requestlog [None req-6559d174-3d71-4a0b-b818-fc9c49eb3697 cb8f84f163474bbbaca19db2896a6562 dc7db9b88898430286696a4f2c38d6c1 - - 23621ad2b53d454e96a2cf15f2e7de13 23621ad2b53d454e96a2cf15f2e7de13] 10.0.0.135 "DELETE /resource_providers/2380db3b-75a9-4f9b-a2af-11df01cba13a" status: 404 len: 246 microversion: 1.1 [pid: 8|app: 0|req: 415/828] 10.0.0.135 () {34 vars in 825 bytes} [Wed Jul 8 16:39:31 2026] DELETE /resource_providers/2380db3b-75a9-4f9b-a2af-11df01cba13a => generated 246 bytes in 12 msecs (HTTP/1.1 404) 6 headers in 231 bytes (1 switches on core 0)
2026-07-08 16:39:32.719 8 INFO placement.requestlog [None req-d99eead1-1354-4cb1-91e8-92f6078973f5 - - - - - -] 10.0.0.59 "GET /" status: 200 len: 136 microversion: 1.0
2026-07-08 16:39:32.724 7 INFO placement.requestlog [None req-3f9000bf-3dae-4042-ba96-a699af243d22 - - - - - -] 10.0.0.59 "GET /" status: 200 len: 136 microversion: 1.0
2026-07-08 16:39:33.416 8 INFO placement.requestlog [None req-ae3a93dc-70d0-4dd6-8495-62969bc32b01 cb8f84f163474bbbaca19db2896a6562 dc7db9b88898430286696a4f2c38d6c1 - - 23621ad2b53d454e96a2cf15f2e7de13 23621ad2b53d454e96a2cf15f2e7de13] 10.0.0.135 "GET /resource_providers/9d8851f6-cf9f-4d9c-8827-84d93ae39294/aggregates" status: 404 len: 235 microversion: 1.1 [pid: 8|app: 0|req: 417/831] 10.0.0.135 () {32 vars in 825 bytes} [Wed Jul 8 16:39:33 2026] GET /resource_providers/9d8851f6-cf9f-4d9c-8827-84d93ae39294/aggregates => generated 235 bytes in 13 msecs (HTTP/1.1 404) 5 headers in 202 bytes (1 switches on core 0)
2026-07-08 16:39:33.430 7 INFO placement.requestlog [None req-118d1d54-4b65-45e0-911d-d431bdaef2d1 cb8f84f163474bbbaca19db2896a6562 dc7db9b88898430286696a4f2c38d6c1 - - 23621ad2b53d454e96a2cf15f2e7de13 23621ad2b53d454e96a2cf15f2e7de13] 10.0.0.135 "GET /resource_providers/9d8851f6-cf9f-4d9c-8827-84d93ae39294/aggregates" status: 404 len: 235 microversion: 1.1 [pid: 7|app: 0|req: 415/832] 10.0.0.135 () {32 vars in 825 bytes} [Wed Jul 8 16:39:33 2026] GET /resource_providers/9d8851f6-cf9f-4d9c-8827-84d93ae39294/aggregates => generated 235 bytes in 10 msecs (HTTP/1.1 404) 5 headers in 202 bytes (1 switches on core 0)
2026-07-08 16:39:33.444 8 INFO placement.requestlog [None req-def22c9f-635e-4e6b-9bb0-5fa320bc99dc cb8f84f163474bbbaca19db2896a6562 dc7db9b88898430286696a4f2c38d6c1 - - 23621ad2b53d454e96a2cf15f2e7de13 23621ad2b53d454e96a2cf15f2e7de13] 10.0.0.135 "DELETE /resource_providers/9d8851f6-cf9f-4d9c-8827-84d93ae39294" status: 404 len: 246 microversion: 1.1 [pid: 8|app: 0|req: 418/833] 10.0.0.135 () {34 vars in 825 bytes} [Wed Jul 8 16:39:33 2026] DELETE /resource_providers/9d8851f6-cf9f-4d9c-8827-84d93ae39294 => generated 246 bytes in 16 msecs (HTTP/1.1 404) 6 headers in 231 bytes (1 switches on core 0)
2026-07-08 16:39:33.449 7 INFO placement.requestlog [None req-01689070-65e2-4064-8a1c-7eec564d9b12 cb8f84f163474bbbaca19db2896a6562 dc7db9b88898430286696a4f2c38d6c1 - - 23621ad2b53d454e96a2cf15f2e7de13 23621ad2b53d454e96a2cf15f2e7de13] 10.0.0.135 "DELETE /resource_providers/9d8851f6-cf9f-4d9c-8827-84d93ae39294" status: 404 len: 246 microversion: 1.1 [pid: 7|app: 0|req: 416/834] 10.0.0.135 () {34 vars in 825 bytes} [Wed Jul 8 16:39:33 2026] DELETE /resource_providers/9d8851f6-cf9f-4d9c-8827-84d93ae39294 => generated 246 bytes in 13 msecs (HTTP/1.1 404) 6 headers in 231 bytes (1 switches on core 0)
2026-07-08 16:39:34.330 8 INFO placement.requestlog [req-7489373d-cadd-48e3-be6e-c68d706149b3 req-632d5c6b-b839-4659-957e-1f10dcf79541 ce1f85656e214dd593ee21e80f5a40e8 dc7db9b88898430286696a4f2c38d6c1 - - 23621ad2b53d454e96a2cf15f2e7de13 23621ad2b53d454e96a2cf15f2e7de13] 199.19.213.163 "GET /resource_providers/0155cd52-ac04-4f69-a17c-932899eae13a/allocations" status: 200 len: 152 microversion: 1.0 [pid: 8|app: 0|req: 419/835] 199.19.213.163 () {32 vars in 857 bytes} [Wed Jul 8 16:39:34 2026] GET /resource_providers/0155cd52-ac04-4f69-a17c-932899eae13a/allocations => generated 152 bytes in 19 msecs (HTTP/1.1 200) 6 headers in 224 bytes (1 switches on core 0)
2026-07-08 16:39:34.361 7 INFO placement.requestlog [req-7489373d-cadd-48e3-be6e-c68d706149b3 req-cafdbc03-b083-4bfe-bb23-01e091edf98a ce1f85656e214dd593ee21e80f5a40e8 dc7db9b88898430286696a4f2c38d6c1 - - 23621ad2b53d454e96a2cf15f2e7de13 23621ad2b53d454e96a2cf15f2e7de13] 199.19.213.163 "GET /allocations/1d1a6857-ae72-485e-a3fa-97b83878a1b7" status: 200 len: 257 microversion: 1.28 [pid: 7|app: 0|req: 417/836] 199.19.213.163 () {34 vars in 863 bytes} [Wed Jul 8 16:39:34 2026] GET /allocations/1d1a6857-ae72-485e-a3fa-97b83878a1b7 => generated 257 bytes in 23 msecs (HTTP/1.1 200) 8 headers in 296 bytes (1 switches on core 0)
2026-07-08 16:39:34.419 8 INFO placement.requestlog [req-7489373d-cadd-48e3-be6e-c68d706149b3 req-49bbf7f3-077a-45c0-9766-7bab3bf582dc ce1f85656e214dd593ee21e80f5a40e8 dc7db9b88898430286696a4f2c38d6c1 - - 23621ad2b53d454e96a2cf15f2e7de13 23621ad2b53d454e96a2cf15f2e7de13] 199.19.213.163 "DELETE /allocations/1d1a6857-ae72-485e-a3fa-97b83878a1b7" status: 204 len: 0 microversion: 1.0 [pid: 8|app: 0|req: 420/837] 199.19.213.163 () {34 vars in 841 bytes} [Wed Jul 8 16:39:34 2026] DELETE /allocations/1d1a6857-ae72-485e-a3fa-97b83878a1b7 => generated 0 bytes in 30 msecs (HTTP/1.1 204) 5 headers in 198 bytes (1 switches on core 0)
2026-07-08 16:39:38.213 7 INFO placement.requestlog [None req-ada577e0-54f3-4db6-9451-96f455a6398f cb8f84f163474bbbaca19db2896a6562 dc7db9b88898430286696a4f2c38d6c1 - - 23621ad2b53d454e96a2cf15f2e7de13 23621ad2b53d454e96a2cf15f2e7de13] 10.0.0.135 "GET /resource_providers/1ada2bde-2909-4e7b-9779-97d18a43c1d4/aggregates" status: 404 len: 235 microversion: 1.1 [pid: 7|app: 0|req: 418/838] 10.0.0.135 () {32 vars in 825 bytes} [Wed Jul 8 16:39:38 2026] GET /resource_providers/1ada2bde-2909-4e7b-9779-97d18a43c1d4/aggregates => generated 235 bytes in 12 msecs (HTTP/1.1 404) 5 headers in 202 bytes (1 switches on core 0)
2026-07-08 16:39:38.218 8 INFO placement.requestlog [None req-33a60330-bbfc-448b-91d2-4c9dc2bb513a cb8f84f163474bbbaca19db2896a6562 dc7db9b88898430286696a4f2c38d6c1 - - 23621ad2b53d454e96a2cf15f2e7de13 23621ad2b53d454e96a2cf15f2e7de13] 10.0.0.135 "GET /resource_providers/1ada2bde-2909-4e7b-9779-97d18a43c1d4/aggregates" status: 404 len: 235 microversion: 1.1 [pid: 8|app: 0|req: 421/839] 10.0.0.135 () {32 vars in 825 bytes} [Wed Jul 8 16:39:38 2026] GET /resource_providers/1ada2bde-2909-4e7b-9779-97d18a43c1d4/aggregates => generated 235 bytes in 11 msecs (HTTP/1.1 404) 5 headers in 202 bytes (1 switches on core 0)
2026-07-08 16:39:38.232 7 INFO placement.requestlog [None req-d6785292-8f0d-421e-960d-646d95a12d72 cb8f84f163474bbbaca19db2896a6562 dc7db9b88898430286696a4f2c38d6c1 - - 23621ad2b53d454e96a2cf15f2e7de13 23621ad2b53d454e96a2cf15f2e7de13] 10.0.0.135 "DELETE /resource_providers/1ada2bde-2909-4e7b-9779-97d18a43c1d4" status: 404 len: 246 microversion: 1.1 [pid: 7|app: 0|req: 419/840] 10.0.0.135 () {34 vars in 825 bytes} [Wed Jul 8 16:39:38 2026] DELETE /resource_providers/1ada2bde-2909-4e7b-9779-97d18a43c1d4 => generated 246 bytes in 9 msecs (HTTP/1.1 404) 6 headers in 231 bytes (1 switches on core 0)
2026-07-08 16:39:38.243 8 INFO placement.requestlog [None req-eba1d259-d1d4-48ad-ae15-6c3ba0d4c256 cb8f84f163474bbbaca19db2896a6562 dc7db9b88898430286696a4f2c38d6c1 - - 23621ad2b53d454e96a2cf15f2e7de13 23621ad2b53d454e96a2cf15f2e7de13] 10.0.0.135 "DELETE /resource_providers/1ada2bde-2909-4e7b-9779-97d18a43c1d4" status: 404 len: 246 microversion: 1.1 [pid: 8|app: 0|req: 422/841] 10.0.0.135 () {34 vars in 825 bytes} [Wed Jul 8 16:39:38 2026] DELETE /resource_providers/1ada2bde-2909-4e7b-9779-97d18a43c1d4 => generated 246 bytes in 17 msecs (HTTP/1.1 404) 6 headers in 231 bytes (1 switches on core 0)
2026-07-08 16:39:42.719 8 INFO placement.requestlog [None req-0798f2bb-2c78-43c1-96f2-27c3fefc94a6 - - - - - -] 10.0.0.59 "GET /" status: 200 len: 136 microversion: 1.0
2026-07-08 16:39:42.719 7 INFO placement.requestlog [None req-1331d846-1c83-40d0-837d-306f3e4327a5 - - - - - -] 10.0.0.59 "GET /" status: 200 len: 136 microversion: 1.0
2026-07-08 16:39:48.227 7 INFO placement.requestlog [None req-c1adee5c-eee8-4235-b9ff-fff1bb9c737a cb8f84f163474bbbaca19db2896a6562 dc7db9b88898430286696a4f2c38d6c1 - - 23621ad2b53d454e96a2cf15f2e7de13 23621ad2b53d454e96a2cf15f2e7de13] 10.0.0.135 "GET /resource_providers/bcc7e22d-76da-43a2-9293-53345938617c/aggregates" status: 404 len: 235 microversion: 1.1 [pid: 7|app: 0|req: 421/844] 10.0.0.135 () {32 vars in 825 bytes} [Wed Jul 8 16:39:48 2026] GET /resource_providers/bcc7e22d-76da-43a2-9293-53345938617c/aggregates => generated 235 bytes in 17 msecs (HTTP/1.1 404) 5 headers in 202 bytes (1 switches on core 0)
2026-07-08 16:39:48.228 8 INFO placement.requestlog [None req-3cdc81e7-1b85-4258-99ce-388ece2f347b cb8f84f163474bbbaca19db2896a6562 dc7db9b88898430286696a4f2c38d6c1 - - 23621ad2b53d454e96a2cf15f2e7de13 23621ad2b53d454e96a2cf15f2e7de13] 10.0.0.135 "GET /resource_providers/bcc7e22d-76da-43a2-9293-53345938617c/aggregates" status: 404 len: 235 microversion: 1.1 [pid: 8|app: 0|req: 424/845] 10.0.0.135 () {32 vars in 825 bytes} [Wed Jul 8 16:39:48 2026] GET /resource_providers/bcc7e22d-76da-43a2-9293-53345938617c/aggregates => generated 235 bytes in 19 msecs (HTTP/1.1 404) 5 headers in 202 bytes (1 switches on core 0)
2026-07-08 16:39:48.256 8 INFO placement.requestlog [None req-df81aa90-c972-4c8a-bb19-38d3ace7e91e cb8f84f163474bbbaca19db2896a6562 dc7db9b88898430286696a4f2c38d6c1 - - 23621ad2b53d454e96a2cf15f2e7de13 23621ad2b53d454e96a2cf15f2e7de13] 10.0.0.135 "DELETE /resource_providers/bcc7e22d-76da-43a2-9293-53345938617c" status: 404 len: 246 microversion: 1.1
2026-07-08 16:39:48.256 7 INFO placement.requestlog [None req-40f261db-ec56-460f-89f4-b7462a5d7ea2 cb8f84f163474bbbaca19db2896a6562 dc7db9b88898430286696a4f2c38d6c1 - - 23621ad2b53d454e96a2cf15f2e7de13 23621ad2b53d454e96a2cf15f2e7de13] 10.0.0.135 "DELETE /resource_providers/bcc7e22d-76da-43a2-9293-53345938617c" status: 404 len: 246 microversion: 1.1 [pid: 7|app: 0|req: 422/847] 10.0.0.135 () {34 vars in 825 bytes} [Wed Jul 8 16:39:48 2026] DELETE /resource_providers/bcc7e22d-76da-43a2-9293-53345938617c => generated 246 bytes in 13 msecs (HTTP/1.1 404) 6 headers in 231 bytes (1 switches on core 0) [pid: 8|app: 0|req: 425/847] 10.0.0.135 () {34 vars in 825 bytes} [Wed Jul 8 16:39:48 2026] DELETE /resource_providers/bcc7e22d-76da-43a2-9293-53345938617c => generated 246 bytes in 13 msecs (HTTP/1.1 404) 6 headers in 231 bytes (1 switches on core 0)
2026-07-08 16:39:48.750 7 INFO placement.requestlog [None req-97c05c8d-eca8-49b0-bb62-0e96467a5b4f cb8f84f163474bbbaca19db2896a6562 dc7db9b88898430286696a4f2c38d6c1 - - 23621ad2b53d454e96a2cf15f2e7de13 23621ad2b53d454e96a2cf15f2e7de13] 10.0.0.135 "GET /resource_providers/6de8f79c-986d-4a52-956e-c42ca86c5f06/aggregates" status: 404 len: 235 microversion: 1.1
2026-07-08 16:39:48.751 8 INFO placement.requestlog [None req-38ee8872-f949-42c8-af91-4780320cbcd7 cb8f84f163474bbbaca19db2896a6562 dc7db9b88898430286696a4f2c38d6c1 - - 23621ad2b53d454e96a2cf15f2e7de13 23621ad2b53d454e96a2cf15f2e7de13] 10.0.0.135 "GET /resource_providers/6de8f79c-986d-4a52-956e-c42ca86c5f06/aggregates" status: 404 len: 235 microversion: 1.1 [pid: 7|app: 0|req: 423/848] 10.0.0.135 () {32 vars in 825 bytes} [Wed Jul 8 16:39:48 2026] GET /resource_providers/6de8f79c-986d-4a52-956e-c42ca86c5f06/aggregates => generated 235 bytes in 15 msecs (HTTP/1.1 404) 5 headers in 202 bytes (1 switches on core 0) [pid: 8|app: 0|req: 426/849] 10.0.0.135 () {32 vars in 825 bytes} [Wed Jul 8 16:39:48 2026] GET /resource_providers/6de8f79c-986d-4a52-956e-c42ca86c5f06/aggregates => generated 235 bytes in 15 msecs (HTTP/1.1 404) 5 headers in 202 bytes (1 switches on core 0)
2026-07-08 16:39:48.784 7 INFO placement.requestlog [None req-3f19a0c0-e1f0-4ef0-a369-ce92c4f6d19d cb8f84f163474bbbaca19db2896a6562 dc7db9b88898430286696a4f2c38d6c1 - - 23621ad2b53d454e96a2cf15f2e7de13 23621ad2b53d454e96a2cf15f2e7de13] 10.0.0.135 "DELETE /resource_providers/6de8f79c-986d-4a52-956e-c42ca86c5f06" status: 404 len: 246 microversion: 1.1 [pid: 7|app: 0|req: 424/850] 10.0.0.135 () {34 vars in 825 bytes} [Wed Jul 8 16:39:48 2026] DELETE /resource_providers/6de8f79c-986d-4a52-956e-c42ca86c5f06 => generated 246 bytes in 16 msecs (HTTP/1.1 404) 6 headers in 231 bytes (1 switches on core 0)
2026-07-08 16:39:48.796 8 INFO placement.requestlog [None req-4b608fec-80b8-4fe3-95ff-b142765427ea cb8f84f163474bbbaca19db2896a6562 dc7db9b88898430286696a4f2c38d6c1 - - 23621ad2b53d454e96a2cf15f2e7de13 23621ad2b53d454e96a2cf15f2e7de13] 10.0.0.135 "DELETE /resource_providers/6de8f79c-986d-4a52-956e-c42ca86c5f06" status: 404 len: 246 microversion: 1.1 [pid: 8|app: 0|req: 427/851] 10.0.0.135 () {34 vars in 825 bytes} [Wed Jul 8 16:39:48 2026] DELETE /resource_providers/6de8f79c-986d-4a52-956e-c42ca86c5f06 => generated 246 bytes in 27 msecs (HTTP/1.1 404) 6 headers in 231 bytes (1 switches on core 0)
