2026-07-08 16:40:09.514 10 INFO neutron.db.ovn_revision_numbers_db [None req-9e310a4a-5f84-463f-b9df-5c8cc3e7c247 facb4d24c19b4976888e2bf1d5ef6bd4 60d826a8cf904f289c938b5ffe88aae6 - - - -] Successfully bumped revision number for resource dce67cf1-4145-42d0-b1df-bfbd78bc79fe (type: ports) to 1
2026-07-08 16:40:09.548 10 INFO neutron.wsgi [None req-9e310a4a-5f84-463f-b9df-5c8cc3e7c247 facb4d24c19b4976888e2bf1d5ef6bd4 60d826a8cf904f289c938b5ffe88aae6 - - - -] 10.0.0.81 "POST /v2.0/networks HTTP/1.1" status: 201 len: 843 time: 1.5066020
2026-07-08 16:40:09.687 9 INFO neutron.wsgi [None req-d5bbb0f4-3d67-4e52-938d-ea1371d98d88 cce6e948602c401e94065366bd5747e9 74044e43f3994095a70f396dc572597a - - default default] 10.0.0.81 "GET /v2.0/floatingips?not-tags-any=blue HTTP/1.1" status: 200 len: 1838 time: 0.2690215
2026-07-08 16:40:09.732 9 INFO neutron.wsgi [None req-42e692cc-0137-4097-b1d8-48b816cce939 cce6e948602c401e94065366bd5747e9 74044e43f3994095a70f396dc572597a - - default default] 10.0.0.81 "GET /v2.0/floatingips?not-tags-any=red%2Cblue HTTP/1.1" status: 200 len: 1295 time: 0.0401964
2026-07-08 16:40:10.217 9 INFO neutron.plugins.ml2.drivers.ovn.mech_driver.ovsdb.ovsdb_monitor [None req-8110ff08-c6bf-4939-88e3-ba1bb3375dfe - - - - - -] Router 2a438a42-195f-407b-886d-ac154583d21a is bound to host instance
2026-07-08 16:40:10.249 9 INFO neutron.db.ovn_revision_numbers_db [None req-c5b82d9d-07c4-4a33-b28f-4783b1bddcd5 20c9bc50e3a94fb3a9121cc772a99ad2 77263091a7184d91b9a4b64d52184b9d - - - -] Successfully bumped revision number for resource fe9dd721-e8dc-4321-bf4e-5512a728e2d7 (type: router_ports) to 1
2026-07-08 16:40:10.266 10 WARNING neutron.scheduler.dhcp_agent_scheduler [None req-213e52b3-3812-40b0-9b77-af80153f723d facb4d24c19b4976888e2bf1d5ef6bd4 60d826a8cf904f289c938b5ffe88aae6 - - - -] No more DHCP agents
2026-07-08 16:40:10.271 10 WARNING neutron.api.rpc.agentnotifiers.dhcp_rpc_agent_api [None req-213e52b3-3812-40b0-9b77-af80153f723d facb4d24c19b4976888e2bf1d5ef6bd4 60d826a8cf904f289c938b5ffe88aae6 - - - -] Unable to schedule network 70052b62-4493-44f3-9be1-e80029991f76: no agents available; will retry on subsequent port and subnet creation events.
2026-07-08 16:40:10.396 9 INFO neutron.db.ovn_revision_numbers_db [None req-c5b82d9d-07c4-4a33-b28f-4783b1bddcd5 20c9bc50e3a94fb3a9121cc772a99ad2 77263091a7184d91b9a4b64d52184b9d - - - -] Successfully bumped revision number for resource 2a438a42-195f-407b-886d-ac154583d21a (type: routers) to 3
2026-07-08 16:40:10.425 9 INFO neutron.wsgi [None req-c5b82d9d-07c4-4a33-b28f-4783b1bddcd5 20c9bc50e3a94fb3a9121cc772a99ad2 77263091a7184d91b9a4b64d52184b9d - - - -] 10.0.0.81 "POST /v2.0/routers HTTP/1.1" status: 201 len: 875 time: 2.3906281
2026-07-08 16:40:10.445 10 WARNING neutron.scheduler.dhcp_agent_scheduler [None req-0fd958da-1f04-4e05-b0ea-80ed789c895c 69c0da034c7348c5b5aa6126672c54d2 98af3fba1286450792d13b35ac49dd0d - - - -] No more DHCP agents
2026-07-08 16:40:10.452 10 WARNING neutron.api.rpc.agentnotifiers.dhcp_rpc_agent_api [None req-0fd958da-1f04-4e05-b0ea-80ed789c895c 69c0da034c7348c5b5aa6126672c54d2 98af3fba1286450792d13b35ac49dd0d - - - -] Unable to schedule network 5e3a74fd-7c59-4607-b22b-2dfabad66aaf: no agents available; will retry on subsequent port and subnet creation events.
2026-07-08 16:40:10.600 10 INFO neutron.wsgi [None req-e9263902-cf98-4eee-a6f7-280d019cfceb 13d6ea5eb11740db92f7d89360645277 b39417bead304a868ca175e865b58984 - - default default] 10.0.0.81 "GET /v2.0/subnets?project_id=77263091a7184d91b9a4b64d52184b9d&cidr=10.100.0.0%2F28 HTTP/1.1" status: 200 len: 207 time: 0.1675034
2026-07-08 16:40:10.676 10 INFO neutron.wsgi [None req-d8e620a7-0513-470e-9d54-51ae6aa46664 cce6e948602c401e94065366bd5747e9 74044e43f3994095a70f396dc572597a - - - -] 10.0.0.81 "DELETE /v2.0/floatingips/b4ed7d6c-250b-496c-be4e-49d17220bab3 HTTP/1.1" status: 204 len: 168 time: 0.9235020
2026-07-08 16:40:10.724 9 INFO neutron.wsgi [None req-5c480679-c1b6-4daa-b6b6-0f092433c049 13d6ea5eb11740db92f7d89360645277 b39417bead304a868ca175e865b58984 - - default default] 10.0.0.81 "GET /v2.0/networks?router%3Aexternal=True HTTP/1.1" status: 200 len: 947 time: 0.1180959
2026-07-08 16:40:10.751 10 INFO neutron.db.ovn_revision_numbers_db [None req-0fd958da-1f04-4e05-b0ea-80ed789c895c 69c0da034c7348c5b5aa6126672c54d2 98af3fba1286450792d13b35ac49dd0d - - - -] Successfully bumped revision number for resource 33e14950-1c09-47d1-b7ca-56d956941afb (type: ports) to 1
2026-07-08 16:40:10.758 9 INFO neutron.wsgi [None req-864ea3c3-6b80-454f-ba19-bd8d16e51053 13d6ea5eb11740db92f7d89360645277 b39417bead304a868ca175e865b58984 - - default default] 10.0.0.81 "GET /v2.0/subnets?network_id=5e3a74fd-7c59-4607-b22b-2dfabad66aaf&cidr=10.100.0.0%2F28 HTTP/1.1" status: 200 len: 207 time: 0.0236819
2026-07-08 16:40:10.912 9 INFO neutron.db.ovn_revision_numbers_db [None req-8110ff08-c6bf-4939-88e3-ba1bb3375dfe - - - - - -] Successfully bumped revision number for resource fe9dd721-e8dc-4321-bf4e-5512a728e2d7 (type: ports) to 1
2026-07-08 16:40:11.040 10 WARNING neutron.plugins.ml2.drivers.ovn.mech_driver.ovsdb.ovn_client [None req-ea1f4eae-111f-47cb-8abc-10c4d7819cea - - - - - -] No port found with ID 32298794-6f6f-4408-9540-d29b3417ed6c: RuntimeError: No port found with ID 32298794-6f6f-4408-9540-d29b3417ed6c
2026-07-08 16:40:11.085 10 INFO neutron.plugins.ml2.drivers.ovn.mech_driver.mech_driver [None req-ea1f4eae-111f-47cb-8abc-10c4d7819cea - - - - - -] OVN reports status up for port: fe9dd721-e8dc-4321-bf4e-5512a728e2d7
2026-07-08 16:40:11.196 10 INFO neutron.plugins.ml2.plugin [None req-ea1f4eae-111f-47cb-8abc-10c4d7819cea - - - - - -] Attempt 1 to provision port fe9dd721-e8dc-4321-bf4e-5512a728e2d7
2026-07-08 16:40:11.396 9 INFO neutron.db.ovn_revision_numbers_db [None req-8110ff08-c6bf-4939-88e3-ba1bb3375dfe - - - - - -] Successfully bumped revision number for resource fe9dd721-e8dc-4321-bf4e-5512a728e2d7 (type: router_ports) to 3
2026-07-08 16:40:11.542 9 INFO neutron.db.ovn_revision_numbers_db [None req-8110ff08-c6bf-4939-88e3-ba1bb3375dfe - - - - - -] Successfully bumped revision number for resource fe9dd721-e8dc-4321-bf4e-5512a728e2d7 (type: ports) to 2
2026-07-08 16:40:11.686 10 INFO neutron.db.ovn_revision_numbers_db [None req-213e52b3-3812-40b0-9b77-af80153f723d facb4d24c19b4976888e2bf1d5ef6bd4 60d826a8cf904f289c938b5ffe88aae6 - - - -] Successfully bumped revision number for resource dce67cf1-4145-42d0-b1df-bfbd78bc79fe (type: ports) to 2
2026-07-08 16:40:11.726 10 WARNING neutron.scheduler.dhcp_agent_scheduler [None req-181f7b06-786d-460b-aab9-dc45ef620d09 20c9bc50e3a94fb3a9121cc772a99ad2 77263091a7184d91b9a4b64d52184b9d - - - -] No more DHCP agents
2026-07-08 16:40:11.737 10 WARNING neutron.api.rpc.agentnotifiers.dhcp_rpc_agent_api [None req-181f7b06-786d-460b-aab9-dc45ef620d09 20c9bc50e3a94fb3a9121cc772a99ad2 77263091a7184d91b9a4b64d52184b9d - - - -] Unable to schedule network 91066978-2da1-4276-bdc8-e3034eb0a793: no agents available; will retry on subsequent port and subnet creation events.
2026-07-08 16:40:11.767 10 INFO neutron.db.ovn_revision_numbers_db [None req-213e52b3-3812-40b0-9b77-af80153f723d facb4d24c19b4976888e2bf1d5ef6bd4 60d826a8cf904f289c938b5ffe88aae6 - - - -] Successfully bumped revision number for resource dbc8e8e2-80ab-4de7-884c-984eb6b30e4f (type: subnets) to 0
2026-07-08 16:40:11.781 9 INFO neutron.db.ovn_revision_numbers_db [None req-8110ff08-c6bf-4939-88e3-ba1bb3375dfe - - - - - -] Successfully bumped revision number for resource fe9dd721-e8dc-4321-bf4e-5512a728e2d7 (type: ports) to 4
2026-07-08 16:40:11.810 10 INFO neutron.wsgi [None req-213e52b3-3812-40b0-9b77-af80153f723d facb4d24c19b4976888e2bf1d5ef6bd4 60d826a8cf904f289c938b5ffe88aae6 - - - -] 10.0.0.81 "POST /v2.0/subnets HTTP/1.1" status: 201 len: 816 time: 2.2259417
2026-07-08 16:40:11.872 10 INFO neutron.wsgi [None req-165d96a7-f62e-4509-897a-00aff90cc448 cce6e948602c401e94065366bd5747e9 74044e43f3994095a70f396dc572597a - - - -] 10.0.0.81 "DELETE /v2.0/floatingips/9905f21c-59de-483c-b02f-fb83d1eb51d6 HTTP/1.1" status: 204 len: 168 time: 1.1752925
2026-07-08 16:40:12.010 9 INFO neutron.db.segments_db [None req-a1784250-11ed-4323-bdbb-cd41f1e23ced facb4d24c19b4976888e2bf1d5ef6bd4 60d826a8cf904f289c938b5ffe88aae6 - - - -] Added segment befabb4d-3db5-4848-b7d3-ad7312113d82 of type geneve for network cf0c697c-e2ec-4924-8aee-7d0084e9b8db
2026-07-08 16:40:12.128 9 INFO neutron.db.ovn_revision_numbers_db [None req-8110ff08-c6bf-4939-88e3-ba1bb3375dfe - - - - - -] Successfully bumped revision number for resource fe9dd721-e8dc-4321-bf4e-5512a728e2d7 (type: router_ports) to 4
2026-07-08 16:40:12.216 10 INFO neutron.db.ovn_revision_numbers_db [None req-0fd958da-1f04-4e05-b0ea-80ed789c895c 69c0da034c7348c5b5aa6126672c54d2 98af3fba1286450792d13b35ac49dd0d - - - -] Successfully bumped revision number for resource 33e14950-1c09-47d1-b7ca-56d956941afb (type: router_ports) to 1
2026-07-08 16:40:12.314 9 INFO neutron.wsgi [None req-84732ce1-eb9f-4957-b4aa-0baf06744dff 9cd5ec997f39428da6809704e177ebba 0209aba3cb54462dad77a8ef62be4cb9 - - default default] 10.0.0.108 "GET /v2.0/floatingips HTTP/1.1" status: 200 len: 1836 time: 0.1691155
2026-07-08 16:40:12.316 9 INFO neutron.db.ovn_revision_numbers_db [None req-a1784250-11ed-4323-bdbb-cd41f1e23ced facb4d24c19b4976888e2bf1d5ef6bd4 60d826a8cf904f289c938b5ffe88aae6 - - - -] Successfully bumped revision number for resource cf0c697c-e2ec-4924-8aee-7d0084e9b8db (type: networks) to 1
2026-07-08 16:40:12.326 10 INFO neutron.db.ovn_revision_numbers_db [None req-0fd958da-1f04-4e05-b0ea-80ed789c895c 69c0da034c7348c5b5aa6126672c54d2 98af3fba1286450792d13b35ac49dd0d - - - -] Successfully bumped revision number for resource 5da228b8-ff6a-498c-945e-b63498815a69 (type: routers) to 3
2026-07-08 16:40:12.342 10 INFO neutron.plugins.ml2.drivers.ovn.mech_driver.mech_driver [None req-ea1f4eae-111f-47cb-8abc-10c4d7819cea - - - - - -] OVN reports status up for port: 33e14950-1c09-47d1-b7ca-56d956941afb
2026-07-08 16:40:12.361 10 INFO neutron.plugins.ml2.plugin [None req-ea1f4eae-111f-47cb-8abc-10c4d7819cea - - - - - -] Attempt 1 to provision port 33e14950-1c09-47d1-b7ca-56d956941afb
2026-07-08 16:40:12.367 10 INFO neutron.wsgi [None req-0fd958da-1f04-4e05-b0ea-80ed789c895c 69c0da034c7348c5b5aa6126672c54d2 98af3fba1286450792d13b35ac49dd0d - - - -] 10.0.0.81 "POST /v2.0/routers HTTP/1.1" status: 201 len: 867 time: 2.9550438
2026-07-08 16:40:12.380 10 WARNING keystonemiddleware.audit [None req-b1ed1f8a-eff0-4dfb-aaa3-25108976406d - - - - - -] Skipping service tempest-service-1927587774 as it have no endpoints. /var/lib/openstack/lib/python3.10/site-packages/pycadf/identifier.py:71: UserWarning: Invalid uuid: neutron. To ensure interoperability, identifiers should be a valid uuid. warnings.warn(('Invalid uuid: %s. To ensure interoperability, '
2026-07-08 16:40:12.450 9 INFO neutron.wsgi [None req-bd7ccc8c-9a84-400f-8bc6-f01c2f210b62 9cd5ec997f39428da6809704e177ebba 0209aba3cb54462dad77a8ef62be4cb9 - - default default] 10.0.0.108 "GET /v2.0/networks HTTP/1.1" status: 200 len: 4570 time: 0.1337848
2026-07-08 16:40:12.629 9 INFO neutron.wsgi [None req-62c6ce71-0955-4a59-8da2-b25f53360bc0 9cd5ec997f39428da6809704e177ebba 0209aba3cb54462dad77a8ef62be4cb9 - - default default] 10.0.0.108 "GET /v2.0/security-groups HTTP/1.1" status: 200 len: 25143 time: 0.1693385
2026-07-08 16:40:12.697 9 WARNING neutron.scheduler.dhcp_agent_scheduler [None req-a1784250-11ed-4323-bdbb-cd41f1e23ced facb4d24c19b4976888e2bf1d5ef6bd4 60d826a8cf904f289c938b5ffe88aae6 - - - -] No more DHCP agents
2026-07-08 16:40:12.704 9 WARNING neutron.api.rpc.agentnotifiers.dhcp_rpc_agent_api [None req-a1784250-11ed-4323-bdbb-cd41f1e23ced facb4d24c19b4976888e2bf1d5ef6bd4 60d826a8cf904f289c938b5ffe88aae6 - - - -] Unable to schedule network cf0c697c-e2ec-4924-8aee-7d0084e9b8db: no agents available; will retry on subsequent port and subnet creation events.
2026-07-08 16:40:12.707 10 INFO neutron.wsgi [None req-0722d2d4-2db6-4bc2-be64-2668ca76328f 69c0da034c7348c5b5aa6126672c54d2 98af3fba1286450792d13b35ac49dd0d - - default default] 10.0.0.81 "GET /v2.0/routers/5da228b8-ff6a-498c-945e-b63498815a69 HTTP/1.1" status: 200 len: 868 time: 0.3306696
2026-07-08 16:40:12.707 10 INFO neutron.db.ovn_revision_numbers_db [None req-181f7b06-786d-460b-aab9-dc45ef620d09 20c9bc50e3a94fb3a9121cc772a99ad2 77263091a7184d91b9a4b64d52184b9d - - - -] Successfully bumped revision number for resource 56d03b8e-4fd1-4083-a10f-2f7b4d15a695 (type: ports) to 2
2026-07-08 16:40:12.709 9 INFO neutron.wsgi [None req-31594d80-b0c6-4908-8105-bff1a8473bb9 9cd5ec997f39428da6809704e177ebba 0209aba3cb54462dad77a8ef62be4cb9 - - default default] 10.0.0.108 "GET /v2.0/ports HTTP/1.1" status: 200 len: 12308 time: 0.0708520
2026-07-08 16:40:12.713 10 WARNING keystonemiddleware.audit [None req-84cb45c1-baeb-40dc-82f7-3e259c993c7e - - - - - -] Skipping service tempest-service-1927587774 as it have no endpoints.
2026-07-08 16:40:12.735 9 INFO neutron.wsgi [None req-f129e903-f6a8-444b-81f0-907113f0aaf8 cce6e948602c401e94065366bd5747e9 74044e43f3994095a70f396dc572597a - - - -] 10.0.0.81 "DELETE /v2.0/floatingips/cb7a8f52-4634-435a-b655-56f59cecee69 HTTP/1.1" status: 204 len: 168 time: 0.8591869
2026-07-08 16:40:12.760 10 INFO neutron.db.ovn_revision_numbers_db [None req-181f7b06-786d-460b-aab9-dc45ef620d09 20c9bc50e3a94fb3a9121cc772a99ad2 77263091a7184d91b9a4b64d52184b9d - - - -] Successfully bumped revision number for resource f32f7e75-a365-4716-a87e-b182c45dda32 (type: subnets) to 0
2026-07-08 16:40:12.779 9 INFO neutron.wsgi [None req-776adb8e-b8e6-4009-981e-f64c4173891f 9cd5ec997f39428da6809704e177ebba 0209aba3cb54462dad77a8ef62be4cb9 - - default default] 10.0.0.108 "GET /v2.0/agents HTTP/1.1" status: 200 len: 997 time: 0.0609641
2026-07-08 16:40:12.808 10 INFO neutron.wsgi [None req-181f7b06-786d-460b-aab9-dc45ef620d09 20c9bc50e3a94fb3a9121cc772a99ad2 77263091a7184d91b9a4b64d52184b9d - - - -] 10.0.0.81 "POST /v2.0/subnets HTTP/1.1" status: 201 len: 832 time: 2.0417156
2026-07-08 16:40:12.816 9 INFO neutron.wsgi [None req-5bd885d6-18ad-4633-a341-a77752fd7d9d 9cd5ec997f39428da6809704e177ebba 0209aba3cb54462dad77a8ef62be4cb9 - - default default] 10.0.0.108 "GET /v2.0/network-ip-availabilities HTTP/1.1" status: 200 len: 2438 time: 0.0325506
2026-07-08 16:40:12.862 10 INFO neutron.wsgi [None req-935f7002-aa63-47b4-8a70-c6eb55bc9e30 69c0da034c7348c5b5aa6126672c54d2 98af3fba1286450792d13b35ac49dd0d - - default default] 10.0.0.81 "GET /v2.0/routers HTTP/1.1" status: 200 len: 871 time: 0.1508210
2026-07-08 16:40:12.880 9 INFO neutron.db.ovn_revision_numbers_db [None req-a1784250-11ed-4323-bdbb-cd41f1e23ced facb4d24c19b4976888e2bf1d5ef6bd4 60d826a8cf904f289c938b5ffe88aae6 - - - -] Successfully bumped revision number for resource c3267caa-fa55-41e4-b2b1-7770ed85245f (type: ports) to 1
2026-07-08 16:40:12.887 9 WARNING keystonemiddleware.audit [None req-9b60a74e-07b5-45ff-8806-5e6ceed383fd - - - - - -] Skipping service tempest-service-1927587774 as it have no endpoints.
2026-07-08 16:40:12.918 9 INFO neutron.wsgi [None req-9882fd77-f85a-4f91-9a42-5f4cba7c1a8d 9cd5ec997f39428da6809704e177ebba 0209aba3cb54462dad77a8ef62be4cb9 - - default default] 10.0.0.108 "GET /v2.0/subnets HTTP/1.1" status: 200 len: 2703 time: 0.0949314
2026-07-08 16:40:13.195 9 INFO neutron.wsgi [None req-17aeabff-6185-4d11-a80f-b8b5f29d0bbd 9cd5ec997f39428da6809704e177ebba 0209aba3cb54462dad77a8ef62be4cb9 - - default default] 10.0.0.108 "GET /v2.0/subnetpools HTTP/1.1" status: 200 len: 193 time: 0.2743499
2026-07-08 16:40:13.225 9 INFO neutron.wsgi [None req-a1784250-11ed-4323-bdbb-cd41f1e23ced facb4d24c19b4976888e2bf1d5ef6bd4 60d826a8cf904f289c938b5ffe88aae6 - - - -] 10.0.0.81 "POST /v2.0/networks HTTP/1.1" status: 201 len: 843 time: 1.4026737
2026-07-08 16:40:13.282 9 INFO neutron.wsgi [None req-37566556-047d-473b-b531-2524e6af9157 9cd5ec997f39428da6809704e177ebba 0209aba3cb54462dad77a8ef62be4cb9 - - default default] 10.0.0.108 "GET /v2.0/subnets HTTP/1.1" status: 200 len: 2703 time: 0.0840433
2026-07-08 16:40:13.502 9 INFO neutron.wsgi [None req-6ea82400-4d97-454a-8f8a-07b1b4970444 9cd5ec997f39428da6809704e177ebba 0209aba3cb54462dad77a8ef62be4cb9 - - default default] 10.0.0.108 "GET /v2.0/routers HTTP/1.1" status: 200 len: 1525 time: 0.2136152
2026-07-08 16:40:13.525 10 WARNING neutron.scheduler.dhcp_agent_scheduler [None req-fbe8d155-ab27-40f5-af3c-310e5dd9e8e1 20c9bc50e3a94fb3a9121cc772a99ad2 77263091a7184d91b9a4b64d52184b9d - - default default] No more DHCP agents
2026-07-08 16:40:13.528 10 INFO neutron.db.ovn_revision_numbers_db [None req-2c5bf079-e787-4b47-be26-0deda7534f86 facb4d24c19b4976888e2bf1d5ef6bd4 60d826a8cf904f289c938b5ffe88aae6 - - - -] Successfully bumped revision number for resource cf0c697c-e2ec-4924-8aee-7d0084e9b8db (type: networks) to 2
2026-07-08 16:40:13.532 10 INFO neutron.wsgi [None req-2c5bf079-e787-4b47-be26-0deda7534f86 facb4d24c19b4976888e2bf1d5ef6bd4 60d826a8cf904f289c938b5ffe88aae6 - - - -] 10.0.0.81 "PUT /v2.0/networks/cf0c697c-e2ec-4924-8aee-7d0084e9b8db HTTP/1.1" status: 200 len: 792 time: 0.2980056
2026-07-08 16:40:13.532 10 WARNING neutron.api.rpc.agentnotifiers.dhcp_rpc_agent_api [None req-fbe8d155-ab27-40f5-af3c-310e5dd9e8e1 20c9bc50e3a94fb3a9121cc772a99ad2 77263091a7184d91b9a4b64d52184b9d - - default default] Unable to schedule network 91066978-2da1-4276-bdc8-e3034eb0a793: no agents available; will retry on subsequent port and subnet creation events.
2026-07-08 16:40:13.537 9 INFO neutron.wsgi [None req-ef2c1295-e228-4628-b4a8-592a068b6653 9cd5ec997f39428da6809704e177ebba 0209aba3cb54462dad77a8ef62be4cb9 - - default default] 10.0.0.108 "GET /v2.0/agents?binary=ovn-controller HTTP/1.1" status: 200 len: 591 time: 0.0226617
2026-07-08 16:40:13.693 10 INFO neutron.db.ovn_revision_numbers_db [None req-fbe8d155-ab27-40f5-af3c-310e5dd9e8e1 20c9bc50e3a94fb3a9121cc772a99ad2 77263091a7184d91b9a4b64d52184b9d - - default default] Successfully bumped revision number for resource 8551c9e5-daec-4118-a49c-60d8e738bcea (type: ports) to 1
2026-07-08 16:40:13.855 9 INFO neutron.wsgi [None req-48624c39-4536-4a4e-bb40-96c3653dd23f cce6e948602c401e94065366bd5747e9 74044e43f3994095a70f396dc572597a - - - -] 10.0.0.81 "DELETE /v2.0/floatingips/39f2d2ab-19f1-4998-b885-642549543f08 HTTP/1.1" status: 204 len: 168 time: 1.1114662
2026-07-08 16:40:14.018 9 INFO neutron.db.ovn_revision_numbers_db [None req-01f27c33-214d-4f98-9b1c-b1bedb0291d2 69c0da034c7348c5b5aa6126672c54d2 98af3fba1286450792d13b35ac49dd0d - - - -] Successfully bumped revision number for resource 5da228b8-ff6a-498c-945e-b63498815a69 (type: routers) to 4
2026-07-08 16:40:14.021 9 INFO neutron.wsgi [None req-01f27c33-214d-4f98-9b1c-b1bedb0291d2 69c0da034c7348c5b5aa6126672c54d2 98af3fba1286450792d13b35ac49dd0d - - - -] 10.0.0.81 "PUT /v2.0/routers/5da228b8-ff6a-498c-945e-b63498815a69 HTTP/1.1" status: 200 len: 875 time: 1.1444139
2026-07-08 16:40:14.027 9 WARNING neutron.scheduler.dhcp_agent_scheduler [None req-4d7bf5a5-6b63-492d-8955-12b9ec980eec facb4d24c19b4976888e2bf1d5ef6bd4 60d826a8cf904f289c938b5ffe88aae6 - - - -] No more DHCP agents
2026-07-08 16:40:14.029 9 WARNING neutron.api.rpc.agentnotifiers.dhcp_rpc_agent_api [None req-4d7bf5a5-6b63-492d-8955-12b9ec980eec facb4d24c19b4976888e2bf1d5ef6bd4 60d826a8cf904f289c938b5ffe88aae6 - - - -] Unable to schedule network cf0c697c-e2ec-4924-8aee-7d0084e9b8db: no agents available; will retry on subsequent port and subnet creation events.
2026-07-08 16:40:14.030 10 WARNING keystonemiddleware.audit [None req-24e1e4b9-8b45-410f-b221-8e0f34de10a6 - - - - - -] Skipping service tempest-service-1927587774 as it have no endpoints.
2026-07-08 16:40:14.111 10 INFO neutron.wsgi [None req-5e0ddf13-7b50-40d2-8b48-eb9a04b295ba 69c0da034c7348c5b5aa6126672c54d2 98af3fba1286450792d13b35ac49dd0d - - default default] 10.0.0.81 "GET /v2.0/routers/5da228b8-ff6a-498c-945e-b63498815a69 HTTP/1.1" status: 200 len: 875 time: 0.0839374
2026-07-08 16:40:14.117 10 WARNING keystonemiddleware.audit [None req-846ce38e-6fac-4555-94b6-d5a87cc399e4 - - - - - -] Skipping service tempest-service-1927587774 as it have no endpoints.
2026-07-08 16:40:14.135 10 INFO neutron.wsgi [None req-e3009d3d-fb41-4fe1-bfe2-065d85658303 69c0da034c7348c5b5aa6126672c54d2 98af3fba1286450792d13b35ac49dd0d - - default default] 10.0.0.81 "GET /v2.0/ports?device_id=5da228b8-ff6a-498c-945e-b63498815a69 HTTP/1.1" status: 200 len: 205 time: 0.0196545
2026-07-08 16:40:14.156 9 WARNING keystonemiddleware.audit [None req-d03dafa2-0cc1-48ac-916f-2cd31d6aef24 - - - - - -] Skipping service tempest-service-1927587774 as it have no endpoints.
2026-07-08 16:40:14.240 10 INFO neutron.db.ovn_revision_numbers_db [None req-fbe8d155-ab27-40f5-af3c-310e5dd9e8e1 20c9bc50e3a94fb3a9121cc772a99ad2 77263091a7184d91b9a4b64d52184b9d - - default default] Successfully bumped revision number for resource 8551c9e5-daec-4118-a49c-60d8e738bcea (type: router_ports) to 2
2026-07-08 16:40:14.376 10 INFO neutron.db.ovn_revision_numbers_db [None req-fbe8d155-ab27-40f5-af3c-310e5dd9e8e1 20c9bc50e3a94fb3a9121cc772a99ad2 77263091a7184d91b9a4b64d52184b9d - - default default] Successfully bumped revision number for resource 8551c9e5-daec-4118-a49c-60d8e738bcea (type: ports) to 2
2026-07-08 16:40:14.451 10 WARNING neutron.scheduler.dhcp_agent_scheduler [None req-fbe8d155-ab27-40f5-af3c-310e5dd9e8e1 20c9bc50e3a94fb3a9121cc772a99ad2 77263091a7184d91b9a4b64d52184b9d - - default default] No more DHCP agents
2026-07-08 16:40:14.453 10 WARNING neutron.api.rpc.agentnotifiers.dhcp_rpc_agent_api [None req-fbe8d155-ab27-40f5-af3c-310e5dd9e8e1 20c9bc50e3a94fb3a9121cc772a99ad2 77263091a7184d91b9a4b64d52184b9d - - default default] Unable to schedule network 91066978-2da1-4276-bdc8-e3034eb0a793: no agents available; will retry on subsequent port and subnet creation events.
2026-07-08 16:40:14.519 9 INFO neutron.plugins.ml2.drivers.ovn.mech_driver.mech_driver [None req-0ea90c41-27ca-4959-b11b-19d1de53a0c7 - - - - - -] OVN reports status up for port: 8551c9e5-daec-4118-a49c-60d8e738bcea
2026-07-08 16:40:14.543 9 INFO neutron.plugins.ml2.plugin [None req-0ea90c41-27ca-4959-b11b-19d1de53a0c7 - - - - - -] Attempt 1 to provision port 8551c9e5-daec-4118-a49c-60d8e738bcea
2026-07-08 16:40:14.889 9 INFO neutron.wsgi [None req-ed4a24d9-1692-4eb5-9dff-3dfdaa383454 cce6e948602c401e94065366bd5747e9 74044e43f3994095a70f396dc572597a - - - -] 10.0.0.81 "DELETE /v2.0/floatingips/6198f0c4-0974-4f7f-82a3-e110283bead8 HTTP/1.1" status: 204 len: 168 time: 1.0236757
2026-07-08 16:40:15.037 10 INFO neutron.db.ovn_revision_numbers_db [None req-fbe8d155-ab27-40f5-af3c-310e5dd9e8e1 20c9bc50e3a94fb3a9121cc772a99ad2 77263091a7184d91b9a4b64d52184b9d - - - -] Successfully bumped revision number for resource 8551c9e5-daec-4118-a49c-60d8e738bcea (type: router_ports) to 2
2026-07-08 16:40:15.039 10 INFO neutron.wsgi [None req-fbe8d155-ab27-40f5-af3c-310e5dd9e8e1 20c9bc50e3a94fb3a9121cc772a99ad2 77263091a7184d91b9a4b64d52184b9d - - - -] 10.0.0.81 "PUT /v2.0/routers/2a438a42-195f-407b-886d-ac154583d21a/add_router_interface HTTP/1.1" status: 200 len: 503 time: 2.2268479
2026-07-08 16:40:15.146 9 INFO neutron.db.ovn_revision_numbers_db [None req-0ea90c41-27ca-4959-b11b-19d1de53a0c7 - - - - - -] Successfully bumped revision number for resource 8551c9e5-daec-4118-a49c-60d8e738bcea (type: ports) to 3
2026-07-08 16:40:15.167 10 INFO neutron.wsgi [None req-2b2e1056-9849-4754-ae9c-c89e2ca4fb6e 13d6ea5eb11740db92f7d89360645277 b39417bead304a868ca175e865b58984 - - default default] 10.0.0.81 "GET /v2.0/networks HTTP/1.1" status: 200 len: 4594 time: 0.1235609
2026-07-08 16:40:15.235 9 INFO neutron.db.ovn_revision_numbers_db [None req-4d7bf5a5-6b63-492d-8955-12b9ec980eec facb4d24c19b4976888e2bf1d5ef6bd4 60d826a8cf904f289c938b5ffe88aae6 - - - -] Successfully bumped revision number for resource c3267caa-fa55-41e4-b2b1-7770ed85245f (type: ports) to 2
2026-07-08 16:40:15.246 10 INFO neutron.wsgi [None req-0fb38571-2864-4581-863c-e9b21dd416f2 13d6ea5eb11740db92f7d89360645277 b39417bead304a868ca175e865b58984 - - default default] 10.0.0.81 "GET /v2.0/subnets HTTP/1.1" status: 200 len: 3332 time: 0.0721822
2026-07-08 16:40:15.275 9 INFO neutron.db.ovn_revision_numbers_db [None req-4d7bf5a5-6b63-492d-8955-12b9ec980eec facb4d24c19b4976888e2bf1d5ef6bd4 60d826a8cf904f289c938b5ffe88aae6 - - - -] Successfully bumped revision number for resource ca576f59-2f42-484a-a5e3-13ece39319f7 (type: subnets) to 0
2026-07-08 16:40:15.302 9 INFO neutron.wsgi [None req-4d7bf5a5-6b63-492d-8955-12b9ec980eec facb4d24c19b4976888e2bf1d5ef6bd4 60d826a8cf904f289c938b5ffe88aae6 - - - -] 10.0.0.81 "POST /v2.0/subnets HTTP/1.1" status: 201 len: 801 time: 1.7588942
2026-07-08 16:40:15.304 9 INFO neutron.db.ovn_revision_numbers_db [None req-0ea90c41-27ca-4959-b11b-19d1de53a0c7 - - - - - -] Successfully bumped revision number for resource 8551c9e5-daec-4118-a49c-60d8e738bcea (type: router_ports) to 3
2026-07-08 16:40:15.399 10 INFO neutron.wsgi [None req-f8f0d07f-ae8b-4363-a524-da6d65d7a885 13d6ea5eb11740db92f7d89360645277 b39417bead304a868ca175e865b58984 - - default default] 10.0.0.81 "GET /v2.0/routers HTTP/1.1" status: 200 len: 1370 time: 0.1467083
2026-07-08 16:40:15.499 9 INFO neutron.wsgi [None req-c6c4f6fc-1b85-4d95-b27e-c20eef786e56 69c0da034c7348c5b5aa6126672c54d2 98af3fba1286450792d13b35ac49dd0d - - - -] 10.0.0.81 "DELETE /v2.0/routers/5da228b8-ff6a-498c-945e-b63498815a69 HTTP/1.1" status: 204 len: 168 time: 1.3594849
2026-07-08 16:40:15.508 9 WARNING keystonemiddleware.audit [None req-f2ec9d6e-d021-4ccb-90c4-5b1ff3254d37 - - - - - -] Skipping service tempest-service-1927587774 as it have no endpoints.
2026-07-08 16:40:15.528 9 INFO neutron.wsgi [None req-77513bb5-fed9-4362-b9b2-675a132fe370 69c0da034c7348c5b5aa6126672c54d2 98af3fba1286450792d13b35ac49dd0d - - default default] 10.0.0.81 "GET /v2.0/ports?device_id=5da228b8-ff6a-498c-945e-b63498815a69 HTTP/1.1" status: 200 len: 205 time: 0.0218625
2026-07-08 16:40:15.534 9 WARNING keystonemiddleware.audit [None req-c48ba3e1-7df5-49b6-9753-e62f3a35b84a - - - - - -] Skipping service tempest-service-1927587774 as it have no endpoints.
2026-07-08 16:40:15.558 10 INFO neutron.db.ovn_revision_numbers_db [None req-7d7af4da-eaac-41c7-a158-f3dc3bf97c92 20c9bc50e3a94fb3a9121cc772a99ad2 77263091a7184d91b9a4b64d52184b9d - - - -] Successfully bumped revision number for resource f324f119-613b-46a4-84aa-69bd9c8c85de (type: security_groups) to 1
2026-07-08 16:40:15.568 9 INFO neutron.api.v2.resource [None req-03e85ebc-62d2-4413-89f6-f2d587c2ac09 69c0da034c7348c5b5aa6126672c54d2 98af3fba1286450792d13b35ac49dd0d - - - -] delete failed (client error): The resource could not be found.
2026-07-08 16:40:15.569 9 INFO neutron.wsgi [None req-03e85ebc-62d2-4413-89f6-f2d587c2ac09 69c0da034c7348c5b5aa6126672c54d2 98af3fba1286450792d13b35ac49dd0d - - - -] 10.0.0.81 "DELETE /v2.0/routers/5da228b8-ff6a-498c-945e-b63498815a69 HTTP/1.1" status: 404 len: 336 time: 0.0367258
2026-07-08 16:40:15.577 10 WARNING keystonemiddleware.audit [None req-84480239-8e1c-4d36-8c97-d1590502047c - - - - - -] Skipping service tempest-service-1927587774 as it have no endpoints.
2026-07-08 16:40:15.586 10 INFO neutron.wsgi [None req-7d7af4da-eaac-41c7-a158-f3dc3bf97c92 20c9bc50e3a94fb3a9121cc772a99ad2 77263091a7184d91b9a4b64d52184b9d - - - -] 10.0.0.81 "POST /v2.0/security-groups HTTP/1.1" status: 201 len: 1811 time: 0.1273406
2026-07-08 16:40:15.595 10 INFO neutron.wsgi [None req-f9a5e071-010b-445a-b923-df09d0b2c35b 69c0da034c7348c5b5aa6126672c54d2 98af3fba1286450792d13b35ac49dd0d - - default default] 10.0.0.81 "GET /v2.0/ports?device_id=9e331a2a-4ffe-4811-a685-34e66552d57e HTTP/1.1" status: 200 len: 205 time: 0.0209827
2026-07-08 16:40:15.603 10 WARNING keystonemiddleware.audit [None req-ebd854d7-454b-4ed4-981e-255548777348 - - - - - -] Skipping service tempest-service-1927587774 as it have no endpoints.
2026-07-08 16:40:15.626 10 INFO neutron.api.v2.resource [None req-ef38a26d-4afc-4431-9976-94091e9cb917 69c0da034c7348c5b5aa6126672c54d2 98af3fba1286450792d13b35ac49dd0d - - - -] delete failed (client error): The resource could not be found.
2026-07-08 16:40:15.627 10 INFO neutron.wsgi [None req-ef38a26d-4afc-4431-9976-94091e9cb917 69c0da034c7348c5b5aa6126672c54d2 98af3fba1286450792d13b35ac49dd0d - - - -] 10.0.0.81 "DELETE /v2.0/routers/9e331a2a-4ffe-4811-a685-34e66552d57e HTTP/1.1" status: 404 len: 336 time: 0.0261161
2026-07-08 16:40:15.636 9 WARNING keystonemiddleware.audit [None req-443e8a10-cfd3-4399-8742-1033080451e0 - - - - - -] Skipping service tempest-service-1927587774 as it have no endpoints.
2026-07-08 16:40:15.659 9 INFO neutron.pecan_wsgi.hooks.translation [None req-32148d0b-2b5c-458c-9941-bb3ceccfb2a8 69c0da034c7348c5b5aa6126672c54d2 98af3fba1286450792d13b35ac49dd0d - - - -] DELETE failed (client error): The resource could not be found.
2026-07-08 16:40:15.661 9 INFO neutron.wsgi [None req-32148d0b-2b5c-458c-9941-bb3ceccfb2a8 69c0da034c7348c5b5aa6126672c54d2 98af3fba1286450792d13b35ac49dd0d - - - -] 10.0.0.81 "DELETE /v2.0/subnets/7c6b09e9-bb2d-455d-b6da-e8cca21ca34b HTTP/1.1" status: 404 len: 337 time: 0.0302861
2026-07-08 16:40:15.668 10 WARNING keystonemiddleware.audit [None req-445450a8-df08-4059-b593-f8fc276260c8 - - - - - -] Skipping service tempest-service-1927587774 as it have no endpoints.
2026-07-08 16:40:15.687 10 INFO neutron.wsgi [None req-7c5dc37c-1718-4498-a487-61dd00057eb4 69c0da034c7348c5b5aa6126672c54d2 98af3fba1286450792d13b35ac49dd0d - - default default] 10.0.0.81 "GET /v2.0/ports?device_id=599725f0-4a38-4322-828e-a267794d38be HTTP/1.1" status: 200 len: 205 time: 0.0222991
2026-07-08 16:40:15.693 10 WARNING keystonemiddleware.audit [None req-f5af0b03-a695-4257-9a6e-c5376788fa19 - - - - - -] Skipping service tempest-service-1927587774 as it have no endpoints.
2026-07-08 16:40:15.713 10 INFO neutron.api.v2.resource [None req-89fac23d-0d27-4c98-9af7-35099b78e1ae 69c0da034c7348c5b5aa6126672c54d2 98af3fba1286450792d13b35ac49dd0d - - - -] delete failed (client error): The resource could not be found.
2026-07-08 16:40:15.714 10 INFO neutron.wsgi [None req-89fac23d-0d27-4c98-9af7-35099b78e1ae 69c0da034c7348c5b5aa6126672c54d2 98af3fba1286450792d13b35ac49dd0d - - - -] 10.0.0.81 "DELETE /v2.0/routers/599725f0-4a38-4322-828e-a267794d38be HTTP/1.1" status: 404 len: 336 time: 0.0235138
2026-07-08 16:40:15.721 10 WARNING keystonemiddleware.audit [None req-3166cefd-cf54-4c7d-b909-883b08a13b87 - - - - - -] Skipping service tempest-service-1927587774 as it have no endpoints.
2026-07-08 16:40:15.736 10 INFO neutron.pecan_wsgi.hooks.translation [None req-1bad917b-9499-440d-a165-6e2ebed621a6 69c0da034c7348c5b5aa6126672c54d2 98af3fba1286450792d13b35ac49dd0d - - - -] DELETE failed (client error): The resource could not be found.
2026-07-08 16:40:15.738 10 INFO neutron.wsgi [None req-1bad917b-9499-440d-a165-6e2ebed621a6 69c0da034c7348c5b5aa6126672c54d2 98af3fba1286450792d13b35ac49dd0d - - - -] 10.0.0.81 "DELETE /v2.0/subnets/ae2e7a8d-a66c-4d6a-af00-c76e308c76f4 HTTP/1.1" status: 404 len: 337 time: 0.0191920
2026-07-08 16:40:15.743 10 WARNING keystonemiddleware.audit [None req-6c562750-fb1b-469a-95a1-942504571387 - - - - - -] Skipping service tempest-service-1927587774 as it have no endpoints.
2026-07-08 16:40:15.764 10 INFO neutron.wsgi [None req-a8b09707-a2d7-45c4-b31a-262c24bd084c 69c0da034c7348c5b5aa6126672c54d2 98af3fba1286450792d13b35ac49dd0d - - default default] 10.0.0.81 "GET /v2.0/ports?device_id=90994f91-4948-4471-9829-2c5f73a89f0e HTTP/1.1" status: 200 len: 205 time: 0.0235207
2026-07-08 16:40:15.770 10 WARNING keystonemiddleware.audit [None req-8f979664-1f22-48e9-8389-947371be9ea3 - - - - - -] Skipping service tempest-service-1927587774 as it have no endpoints.
2026-07-08 16:40:15.787 10 INFO neutron.api.v2.resource [None req-e666e178-b7a6-402a-94fe-cf52aaf95578 69c0da034c7348c5b5aa6126672c54d2 98af3fba1286450792d13b35ac49dd0d - - - -] delete failed (client error): The resource could not be found.
2026-07-08 16:40:15.788 10 INFO neutron.wsgi [None req-e666e178-b7a6-402a-94fe-cf52aaf95578 69c0da034c7348c5b5aa6126672c54d2 98af3fba1286450792d13b35ac49dd0d - - - -] 10.0.0.81 "DELETE /v2.0/routers/90994f91-4948-4471-9829-2c5f73a89f0e HTTP/1.1" status: 404 len: 336 time: 0.0199578
2026-07-08 16:40:15.800 10 WARNING keystonemiddleware.audit [None req-92878c37-69ad-496e-a95e-0ebe45d62a83 - - - - - -] Skipping service tempest-service-1927587774 as it have no endpoints.
2026-07-08 16:40:15.820 10 INFO neutron.pecan_wsgi.hooks.translation [None req-69aadcef-c03c-4d3d-8bc8-847277449bf9 69c0da034c7348c5b5aa6126672c54d2 98af3fba1286450792d13b35ac49dd0d - - - -] DELETE failed (client error): The resource could not be found.
2026-07-08 16:40:15.823 10 INFO neutron.wsgi [None req-69aadcef-c03c-4d3d-8bc8-847277449bf9 69c0da034c7348c5b5aa6126672c54d2 98af3fba1286450792d13b35ac49dd0d - - - -] 10.0.0.81 "DELETE /v2.0/subnets/19cb42b6-c061-456e-b70e-c7b0910a2313 HTTP/1.1" status: 404 len: 337 time: 0.0256677
2026-07-08 16:40:15.831 10 WARNING keystonemiddleware.audit [None req-12daac72-9f6e-4e3e-9400-2bf363f7d65e - - - - - -] Skipping service tempest-service-1927587774 as it have no endpoints.
2026-07-08 16:40:15.852 10 INFO neutron.pecan_wsgi.hooks.translation [None req-68f9fc8b-d7b6-439f-af51-3bdab6343b05 69c0da034c7348c5b5aa6126672c54d2 98af3fba1286450792d13b35ac49dd0d - - - -] DELETE failed (client error): The resource could not be found.
2026-07-08 16:40:15.855 10 INFO neutron.wsgi [None req-68f9fc8b-d7b6-439f-af51-3bdab6343b05 69c0da034c7348c5b5aa6126672c54d2 98af3fba1286450792d13b35ac49dd0d - - - -] 10.0.0.81 "DELETE /v2.0/subnets/66446bf7-4ec9-4a0a-8eed-47aa1b46469b HTTP/1.1" status: 404 len: 337 time: 0.0265706
2026-07-08 16:40:15.994 9 INFO neutron.db.ovn_revision_numbers_db [None req-fc65c146-f242-4ca6-b4df-d49fa6b61505 facb4d24c19b4976888e2bf1d5ef6bd4 60d826a8cf904f289c938b5ffe88aae6 - - - -] Successfully bumped revision number for resource ca576f59-2f42-484a-a5e3-13ece39319f7 (type: subnets) to 1
2026-07-08 16:40:15.999 9 INFO neutron.wsgi [None req-fc65c146-f242-4ca6-b4df-d49fa6b61505 facb4d24c19b4976888e2bf1d5ef6bd4 60d826a8cf904f289c938b5ffe88aae6 - - - -] 10.0.0.81 "PUT /v2.0/subnets/ca576f59-2f42-484a-a5e3-13ece39319f7 HTTP/1.1" status: 200 len: 806 time: 0.6912520
2026-07-08 16:40:16.012 9 INFO neutron.db.ovn_revision_numbers_db [None req-7ea340f0-16f8-4bd9-8508-058cb64767bd 20c9bc50e3a94fb3a9121cc772a99ad2 77263091a7184d91b9a4b64d52184b9d - - - -] Successfully bumped revision number for resource 4f31851e-1f20-429c-a94e-e213022447ef (type: security_group_rules) to 0
2026-07-08 16:40:16.037 9 INFO neutron.wsgi [None req-7ea340f0-16f8-4bd9-8508-058cb64767bd 20c9bc50e3a94fb3a9121cc772a99ad2 77263091a7184d91b9a4b64d52184b9d - - - -] 10.0.0.81 "POST /v2.0/security-group-rules HTTP/1.1" status: 201 len: 764 time: 0.4460418
2026-07-08 16:40:16.085 10 INFO neutron.db.ovn_revision_numbers_db [None req-8644e7f4-bee7-4be0-9bb0-9bfcc134643a 9cd5ec997f39428da6809704e177ebba 0209aba3cb54462dad77a8ef62be4cb9 - - default default] Successfully bumped revision number for resource 1a0baf41-753b-4b34-8709-9941504436d1 (type: security_groups) to 1
2026-07-08 16:40:16.121 10 INFO neutron.wsgi [None req-8644e7f4-bee7-4be0-9bb0-9bfcc134643a 9cd5ec997f39428da6809704e177ebba 0209aba3cb54462dad77a8ef62be4cb9 - - default default] 10.0.0.81 "GET /v2.0/security-groups?tenant_id=78fe5893b8a24d969b6048e60f4aac74&name=default HTTP/1.1" status: 200 len: 2996 time: 0.3720829
2026-07-08 16:40:16.160 9 INFO neutron.db.ovn_revision_numbers_db [None req-3485b719-fc26-473f-9c73-ed393965cff3 20c9bc50e3a94fb3a9121cc772a99ad2 77263091a7184d91b9a4b64d52184b9d - - - -] Successfully bumped revision number for resource a9d7a357-91d5-4a8c-823c-61983d988d44 (type: security_group_rules) to 0
2026-07-08 16:40:16.192 9 INFO neutron.wsgi [None req-3485b719-fc26-473f-9c73-ed393965cff3 20c9bc50e3a94fb3a9121cc772a99ad2 77263091a7184d91b9a4b64d52184b9d - - - -] 10.0.0.81 "POST /v2.0/security-group-rules HTTP/1.1" status: 201 len: 763 time: 0.1484165
2026-07-08 16:40:16.324 9 INFO neutron.wsgi [None req-69915ec1-bb19-4915-9592-03e5183b1b6d 9cd5ec997f39428da6809704e177ebba 0209aba3cb54462dad77a8ef62be4cb9 - - - -] 10.0.0.81 "DELETE /v2.0/security-groups/1a0baf41-753b-4b34-8709-9941504436d1 HTTP/1.1" status: 204 len: 168 time: 0.1992421
2026-07-08 16:40:16.370 10 INFO neutron.db.ovn_revision_numbers_db [None req-a6d6f916-8a69-4485-af13-c5e1be717d93 20c9bc50e3a94fb3a9121cc772a99ad2 77263091a7184d91b9a4b64d52184b9d - - - -] Successfully bumped revision number for resource 29be6a49-af1e-409f-81a5-ccf6dbe1fa17 (type: security_group_rules) to 0
2026-07-08 16:40:16.406 10 INFO neutron.wsgi [None req-a6d6f916-8a69-4485-af13-c5e1be717d93 20c9bc50e3a94fb3a9121cc772a99ad2 77263091a7184d91b9a4b64d52184b9d - - - -] 10.0.0.81 "POST /v2.0/security-group-rules HTTP/1.1" status: 201 len: 769 time: 0.2034271
2026-07-08 16:40:16.468 9 INFO neutron.wsgi [None req-d311b42b-0b58-4a04-9deb-a0c8162ef306 9cd5ec997f39428da6809704e177ebba 0209aba3cb54462dad77a8ef62be4cb9 - - default default] 10.0.0.81 "GET /v2.0/security-groups?tenant_id=98af3fba1286450792d13b35ac49dd0d&name=default HTTP/1.1" status: 200 len: 2996 time: 0.1407363
2026-07-08 16:40:16.553 9 INFO neutron.db.ovn_revision_numbers_db [None req-cae910fe-0568-4cd8-9fce-7dee02e02ae8 20c9bc50e3a94fb3a9121cc772a99ad2 77263091a7184d91b9a4b64d52184b9d - - - -] Successfully bumped revision number for resource 6ffde685-d697-48b1-81e4-3b99ccab4649 (type: security_group_rules) to 0
2026-07-08 16:40:16.586 9 INFO neutron.wsgi [None req-cae910fe-0568-4cd8-9fce-7dee02e02ae8 20c9bc50e3a94fb3a9121cc772a99ad2 77263091a7184d91b9a4b64d52184b9d - - - -] 10.0.0.81 "POST /v2.0/security-group-rules HTTP/1.1" status: 201 len: 768 time: 0.1666372
2026-07-08 16:40:16.616 10 INFO neutron.db.ovn_revision_numbers_db [None req-b41b22ab-f373-4f31-ae92-020c581fa028 9cd5ec997f39428da6809704e177ebba 0209aba3cb54462dad77a8ef62be4cb9 - - default default] Successfully bumped revision number for resource 81786c0b-2e26-4301-9454-5f93c6cb7b62 (type: security_groups) to 1
2026-07-08 16:40:16.630 10 INFO neutron.db.securitygroups_db [None req-ba5ebdd6-54ef-4ecf-8eb4-8be01d9637a9 20c9bc50e3a94fb3a9121cc772a99ad2 77263091a7184d91b9a4b64d52184b9d - - - -] Project 77263091a7184d91b9a4b64d52184b9d added a security group rule with legacy IPv6 ICMP protocol name icmp, ipv6-icmp should be used instead. It was automatically converted.
2026-07-08 16:40:16.647 10 INFO neutron.wsgi [None req-b41b22ab-f373-4f31-ae92-020c581fa028 9cd5ec997f39428da6809704e177ebba 0209aba3cb54462dad77a8ef62be4cb9 - - default default] 10.0.0.81 "GET /v2.0/security-groups?tenant_id=74044e43f3994095a70f396dc572597a&name=default HTTP/1.1" status: 200 len: 2996 time: 0.1902077
2026-07-08 16:40:16.686 9 INFO neutron.wsgi [None req-ddccf5e5-5c4f-44dd-8cb5-2cfd47e0f071 9cd5ec997f39428da6809704e177ebba 0209aba3cb54462dad77a8ef62be4cb9 - - - -] 10.0.0.81 "DELETE /v2.0/security-groups/e6f78069-886c-4a5b-a9f2-120f9fcc580d HTTP/1.1" status: 204 len: 168 time: 0.2114668
2026-07-08 16:40:16.691 10 INFO neutron.services.segments.plugin [-] Segment befabb4d-3db5-4848-b7d3-ad7312113d82 resource provider aggregate not found
2026-07-08 16:40:16.699 10 INFO neutron.services.segments.plugin [-] Segment befabb4d-3db5-4848-b7d3-ad7312113d82 resource provider aggregate not found
2026-07-08 16:40:16.718 10 INFO neutron.services.segments.plugin [-] Segment befabb4d-3db5-4848-b7d3-ad7312113d82 resource provider not found; error: Placement Client Error (4xx): {"errors": [{"status": 404, "title": "Not Found", "detail": "The resource could not be found.\n\n No resource provider with uuid befabb4d-3db5-4848-b7d3-ad7312113d82 found for delete ", "request_id": "req-66094925-c165-44db-9eee-b12262044b69"}]}
2026-07-08 16:40:16.732 10 INFO neutron.services.segments.plugin [-] Segment befabb4d-3db5-4848-b7d3-ad7312113d82 resource provider not found; error: Placement Client Error (4xx): {"errors": [{"status": 404, "title": "Not Found", "detail": "The resource could not be found.\n\n No resource provider with uuid befabb4d-3db5-4848-b7d3-ad7312113d82 found for delete ", "request_id": "req-94eb79a5-fa6e-4e15-8ea5-61c91422a15e"}]}
2026-07-08 16:40:16.745 10 INFO neutron.wsgi [None req-4f9109fe-f461-4ddb-9412-6a4657204c96 facb4d24c19b4976888e2bf1d5ef6bd4 60d826a8cf904f289c938b5ffe88aae6 - - - -] 10.0.0.81 "DELETE /v2.0/networks/cf0c697c-e2ec-4924-8aee-7d0084e9b8db HTTP/1.1" status: 204 len: 168 time: 0.7422037
2026-07-08 16:40:16.779 10 INFO neutron.pecan_wsgi.hooks.translation [None req-7b8f330c-9d84-43e4-83f2-cd30037a4e77 facb4d24c19b4976888e2bf1d5ef6bd4 60d826a8cf904f289c938b5ffe88aae6 - - - -] DELETE failed (client error): The resource could not be found.
2026-07-08 16:40:16.781 10 INFO neutron.wsgi [None req-7b8f330c-9d84-43e4-83f2-cd30037a4e77 facb4d24c19b4976888e2bf1d5ef6bd4 60d826a8cf904f289c938b5ffe88aae6 - - - -] 10.0.0.81 "DELETE /v2.0/networks/cf0c697c-e2ec-4924-8aee-7d0084e9b8db HTTP/1.1" status: 404 len: 339 time: 0.0181456
2026-07-08 16:40:16.839 10 INFO neutron.db.ovn_revision_numbers_db [None req-ba5ebdd6-54ef-4ecf-8eb4-8be01d9637a9 20c9bc50e3a94fb3a9121cc772a99ad2 77263091a7184d91b9a4b64d52184b9d - - - -] Successfully bumped revision number for resource cf2aa620-1ba6-4878-9b74-9170da6870ae (type: security_group_rules) to 0
2026-07-08 16:40:16.873 9 INFO neutron.wsgi [None req-67cfb8b0-d748-4763-a83a-6d99040f864e 9cd5ec997f39428da6809704e177ebba 0209aba3cb54462dad77a8ef62be4cb9 - - - -] 10.0.0.81 "DELETE /v2.0/security-groups/81786c0b-2e26-4301-9454-5f93c6cb7b62 HTTP/1.1" status: 204 len: 168 time: 0.2193725
2026-07-08 16:40:16.911 10 INFO neutron.wsgi [None req-ba5ebdd6-54ef-4ecf-8eb4-8be01d9637a9 20c9bc50e3a94fb3a9121cc772a99ad2 77263091a7184d91b9a4b64d52184b9d - - - -] 10.0.0.81 "POST /v2.0/security-group-rules HTTP/1.1" status: 201 len: 774 time: 0.3194513
2026-07-08 16:40:16.926 10 INFO neutron.wsgi [None req-ba02ee8e-16e6-4fa8-998f-71c29a33da2e facb4d24c19b4976888e2bf1d5ef6bd4 60d826a8cf904f289c938b5ffe88aae6 - - default default] 10.0.0.81 "GET /v2.0/networks?router%3Aexternal=True HTTP/1.1" status: 200 len: 845 time: 0.1361830
2026-07-08 16:40:16.957 10 INFO neutron.db.securitygroups_db [None req-83cee872-8ebe-436a-841e-aa2523542981 20c9bc50e3a94fb3a9121cc772a99ad2 77263091a7184d91b9a4b64d52184b9d - - - -] Project 77263091a7184d91b9a4b64d52184b9d added a security group rule with legacy IPv6 ICMP protocol name icmp, ipv6-icmp should be used instead. It was automatically converted.
2026-07-08 16:40:16.973 10 INFO neutron.wsgi [None req-8a230ece-eab5-4905-a979-cd94114f72f8 facb4d24c19b4976888e2bf1d5ef6bd4 60d826a8cf904f289c938b5ffe88aae6 - - default default] 10.0.0.81 "GET /v2.0/subnets?network_id=5e3a74fd-7c59-4607-b22b-2dfabad66aaf HTTP/1.1" status: 200 len: 820 time: 0.0424356
2026-07-08 16:40:16.985 10 INFO neutron.wsgi [None req-f309b3b3-ae27-4728-9b1a-4f45a0e5e765 facb4d24c19b4976888e2bf1d5ef6bd4 60d826a8cf904f289c938b5ffe88aae6 - - default default] 10.0.0.81 "GET /v2.0/extensions HTTP/1.1" status: 200 len: 16520 time: 0.0065877
2026-07-08 16:40:17.138 9 INFO neutron.db.ovn_revision_numbers_db [None req-de186a6f-c51d-42bc-95b2-01d8a188af6a 9cd5ec997f39428da6809704e177ebba 0209aba3cb54462dad77a8ef62be4cb9 - - default default] Successfully bumped revision number for resource e26a54e5-415d-4153-8a97-ba57dcb4fcda (type: security_groups) to 1
2026-07-08 16:40:17.160 9 INFO neutron.wsgi [None req-de186a6f-c51d-42bc-95b2-01d8a188af6a 9cd5ec997f39428da6809704e177ebba 0209aba3cb54462dad77a8ef62be4cb9 - - default default] 10.0.0.81 "GET /v2.0/security-groups?tenant_id=4d0c8e1d0d3e47d19fd04da5dc68ec40&name=default HTTP/1.1" status: 200 len: 2996 time: 0.1157007
2026-07-08 16:40:17.312 10 INFO neutron.wsgi [None req-c20cbd23-e14e-4afd-9181-743df818f90e facb4d24c19b4976888e2bf1d5ef6bd4 60d826a8cf904f289c938b5ffe88aae6 - - default default] 10.0.0.81 "GET /v2.0/networks HTTP/1.1" status: 200 len: 1504 time: 0.3223059
2026-07-08 16:40:17.365 10 INFO neutron.db.ovn_revision_numbers_db [None req-83cee872-8ebe-436a-841e-aa2523542981 20c9bc50e3a94fb3a9121cc772a99ad2 77263091a7184d91b9a4b64d52184b9d - - - -] Successfully bumped revision number for resource 6a98f6d2-b596-49b2-9d72-e0d3c4a3a575 (type: security_group_rules) to 0
2026-07-08 16:40:17.379 10 INFO neutron.wsgi [None req-a49de7c5-8fea-401a-bf32-36b538ee7615 facb4d24c19b4976888e2bf1d5ef6bd4 60d826a8cf904f289c938b5ffe88aae6 - - default default] 10.0.0.81 "GET /v2.0/subnets HTTP/1.1" status: 200 len: 1428 time: 0.0605719
2026-07-08 16:40:17.378 9 INFO neutron.wsgi [None req-d1f20c22-00f3-494c-a00c-bbec627156f8 9cd5ec997f39428da6809704e177ebba 0209aba3cb54462dad77a8ef62be4cb9 - - - -] 10.0.0.81 "DELETE /v2.0/security-groups/e26a54e5-415d-4153-8a97-ba57dcb4fcda HTTP/1.1" status: 204 len: 168 time: 0.2139475
2026-07-08 16:40:17.409 10 INFO neutron.wsgi [None req-83cee872-8ebe-436a-841e-aa2523542981 20c9bc50e3a94fb3a9121cc772a99ad2 77263091a7184d91b9a4b64d52184b9d - - - -] 10.0.0.81 "POST /v2.0/security-group-rules HTTP/1.1" status: 201 len: 773 time: 0.4934862
2026-07-08 16:40:17.465 10 INFO neutron.wsgi [None req-7a096a36-908c-4b3c-9ec7-9c3a87113ede facb4d24c19b4976888e2bf1d5ef6bd4 60d826a8cf904f289c938b5ffe88aae6 - - default default] 10.0.0.81 "GET /v2.0/networks/70052b62-4493-44f3-9be1-e80029991f76 HTTP/1.1" status: 200 len: 863 time: 0.0787692
2026-07-08 16:40:17.515 10 INFO neutron.wsgi [None req-67e5dda1-14d5-4242-873e-c77f2d429e7e facb4d24c19b4976888e2bf1d5ef6bd4 60d826a8cf904f289c938b5ffe88aae6 - - default default] 10.0.0.81 "GET /v2.0/subnets/dbc8e8e2-80ab-4de7-884c-984eb6b30e4f HTTP/1.1" status: 200 len: 811 time: 0.0434935
2026-07-08 16:40:17.541 10 INFO neutron.pecan_wsgi.hooks.translation [None req-fc031ac1-f25e-4fec-bb9a-3f41bc1210a8 facb4d24c19b4976888e2bf1d5ef6bd4 60d826a8cf904f289c938b5ffe88aae6 - - - -] DELETE failed (client error): The resource could not be found.
2026-07-08 16:40:17.543 10 INFO neutron.wsgi [None req-fc031ac1-f25e-4fec-bb9a-3f41bc1210a8 facb4d24c19b4976888e2bf1d5ef6bd4 60d826a8cf904f289c938b5ffe88aae6 - - - -] 10.0.0.81 "DELETE /v2.0/subnets/ca576f59-2f42-484a-a5e3-13ece39319f7 HTTP/1.1" status: 404 len: 337 time: 0.0200002
2026-07-08 16:40:17.568 9 INFO neutron.pecan_wsgi.hooks.translation [None req-682a114e-d1d1-4ba6-93ad-96c39c1b3b32 facb4d24c19b4976888e2bf1d5ef6bd4 60d826a8cf904f289c938b5ffe88aae6 - - - -] DELETE failed (client error): The resource could not be found.
2026-07-08 16:40:17.571 9 INFO neutron.wsgi [None req-682a114e-d1d1-4ba6-93ad-96c39c1b3b32 facb4d24c19b4976888e2bf1d5ef6bd4 60d826a8cf904f289c938b5ffe88aae6 - - - -] 10.0.0.81 "DELETE /v2.0/networks/cf0c697c-e2ec-4924-8aee-7d0084e9b8db HTTP/1.1" status: 404 len: 339 time: 0.0232193
2026-07-08 16:40:17.614 10 WARNING neutron.plugins.ml2.drivers.ovn.mech_driver.ovsdb.ovn_client [None req-ea1f4eae-111f-47cb-8abc-10c4d7819cea - - - - - -] No port found with ID 33e14950-1c09-47d1-b7ca-56d956941afb: RuntimeError: No port found with ID 33e14950-1c09-47d1-b7ca-56d956941afb
2026-07-08 16:40:17.849 9 INFO neutron.wsgi [None req-453a83b5-f7d2-4700-8317-d4d2e52c7ecf facb4d24c19b4976888e2bf1d5ef6bd4 60d826a8cf904f289c938b5ffe88aae6 - - - -] 10.0.0.81 "DELETE /v2.0/subnets/dbc8e8e2-80ab-4de7-884c-984eb6b30e4f HTTP/1.1" status: 204 len: 168 time: 0.2733462
2026-07-08 16:40:17.880 10 INFO neutron.wsgi [-] 10.0.0.59 "GET / HTTP/1.1" status: 200 len: 247 time: 0.0019610
2026-07-08 16:40:17.881 10 INFO neutron.wsgi [-] 10.0.0.59 "GET / HTTP/1.1" status: 200 len: 247 time: 0.0010309
2026-07-08 16:40:18.107 9 INFO neutron.wsgi [None req-2dd1b5ea-2e3a-4891-9aaa-110620bbc4ac 20c9bc50e3a94fb3a9121cc772a99ad2 77263091a7184d91b9a4b64d52184b9d - - default default] 10.0.0.81 "GET /v2.0/networks HTTP/1.1" status: 200 len: 1493 time: 0.3124590
2026-07-08 16:40:18.236 10 INFO neutron.wsgi [req-42a26b28-98ea-4d9e-910e-c1ede27fdab5 req-593cca50-f7be-4174-8655-1b03f2362a4e 20c9bc50e3a94fb3a9121cc772a99ad2 77263091a7184d91b9a4b64d52184b9d - - default default] 10.0.0.90 "GET /v2.0/security-groups?name=tempest-secgroup-smoke-1531595342&fields=id&tenant_id=77263091a7184d91b9a4b64d52184b9d HTTP/1.1" status: 200 len: 267 time: 0.0485439
2026-07-08 16:40:18.357 10 INFO neutron.wsgi [None req-12be6408-68ec-479b-b3fa-7e969057b0a5 facb4d24c19b4976888e2bf1d5ef6bd4 60d826a8cf904f289c938b5ffe88aae6 - - - -] 10.0.0.81 "DELETE /v2.0/networks/70052b62-4493-44f3-9be1-e80029991f76 HTTP/1.1" status: 204 len: 168 time: 0.5032284
2026-07-08 16:40:18.381 10 INFO neutron.wsgi [req-42a26b28-98ea-4d9e-910e-c1ede27fdab5 req-ee76c75a-72a0-42a9-9372-1275058e2482 20c9bc50e3a94fb3a9121cc772a99ad2 77263091a7184d91b9a4b64d52184b9d - - default default] 10.0.0.90 "GET /v2.0/networks?id=91066978-2da1-4276-bdc8-e3034eb0a793 HTTP/1.1" status: 200 len: 860 time: 0.1314018
2026-07-08 16:40:18.402 10 INFO neutron.wsgi [req-42a26b28-98ea-4d9e-910e-c1ede27fdab5 req-6bcaac5e-f4f7-4312-b244-11c164eb0bbb 20c9bc50e3a94fb3a9121cc772a99ad2 77263091a7184d91b9a4b64d52184b9d - - default default] 10.0.0.90 "GET /v2.0/quotas/77263091a7184d91b9a4b64d52184b9d HTTP/1.1" status: 200 len: 386 time: 0.0127094
2026-07-08 16:40:18.533 10 INFO neutron.wsgi [req-42a26b28-98ea-4d9e-910e-c1ede27fdab5 req-fa17adb1-ded4-402d-8b8b-68701e12c194 20c9bc50e3a94fb3a9121cc772a99ad2 77263091a7184d91b9a4b64d52184b9d - - default default] 10.0.0.90 "GET /v2.0/ports?tenant_id=77263091a7184d91b9a4b64d52184b9d&fields=id HTTP/1.1" status: 200 len: 302 time: 0.1232393
2026-07-08 16:40:18.598 10 INFO neutron.wsgi [req-42a26b28-98ea-4d9e-910e-c1ede27fdab5 req-9e4cb5a9-e980-4603-8e1f-8cf9c1d2e3e2 cb8f84f163474bbbaca19db2896a6562 dc7db9b88898430286696a4f2c38d6c1 - - 23621ad2b53d454e96a2cf15f2e7de13 23621ad2b53d454e96a2cf15f2e7de13] 10.0.0.90 "GET /v2.0/networks/91066978-2da1-4276-bdc8-e3034eb0a793?fields=segments HTTP/1.1" status: 200 len: 212 time: 0.0513341
