2026-07-08 16:08:01.782 15 INFO neutron.plugins.ml2.drivers.ovn.mech_driver.ovsdb.maintenance [None req-0528d7f0-3e21-4219-967c-2b9ec7095101 - - - - - -] Maintenance task: Synchronization finished (took 0.10 seconds)
2026-07-08 16:08:02.881 9 INFO neutron.wsgi [-] 10.0.0.59 "GET / HTTP/1.1" status: 200 len: 247 time: 0.0028577
2026-07-08 16:08:02.883 10 INFO neutron.wsgi [-] 10.0.0.59 "GET / HTTP/1.1" status: 200 len: 247 time: 0.0041325
2026-07-08 16:08:17.879 9 INFO neutron.wsgi [-] 10.0.0.59 "GET / HTTP/1.1" status: 200 len: 247 time: 0.0018146
2026-07-08 16:08:17.882 9 INFO neutron.wsgi [-] 10.0.0.59 "GET / HTTP/1.1" status: 200 len: 247 time: 0.0026886
2026-07-08 16:08:32.880 9 INFO neutron.wsgi [-] 10.0.0.59 "GET / HTTP/1.1" status: 200 len: 247 time: 0.0028446
2026-07-08 16:08:32.881 10 INFO neutron.wsgi [-] 10.0.0.59 "GET / HTTP/1.1" status: 200 len: 247 time: 0.0033083
2026-07-08 16:08:47.878 10 INFO neutron.wsgi [-] 10.0.0.59 "GET / HTTP/1.1" status: 200 len: 247 time: 0.0016403
2026-07-08 16:08:47.880 9 INFO neutron.wsgi [-] 10.0.0.59 "GET / HTTP/1.1" status: 200 len: 247 time: 0.0027308
2026-07-08 16:09:02.878 9 INFO neutron.wsgi [-] 10.0.0.59 "GET / HTTP/1.1" status: 200 len: 247 time: 0.0017171
2026-07-08 16:09:02.880 9 INFO neutron.wsgi [-] 10.0.0.59 "GET / HTTP/1.1" status: 200 len: 247 time: 0.0013745
2026-07-08 16:09:17.878 9 INFO neutron.wsgi [-] 10.0.0.59 "GET / HTTP/1.1" status: 200 len: 247 time: 0.0013385
2026-07-08 16:09:17.880 10 INFO neutron.wsgi [-] 10.0.0.59 "GET / HTTP/1.1" status: 200 len: 247 time: 0.0033319
2026-07-08 16:09:32.879 10 INFO neutron.wsgi [-] 10.0.0.59 "GET / HTTP/1.1" status: 200 len: 247 time: 0.0016448
2026-07-08 16:09:32.881 9 INFO neutron.wsgi [-] 10.0.0.59 "GET / HTTP/1.1" status: 200 len: 247 time: 0.0032818
2026-07-08 16:09:47.879 10 INFO neutron.wsgi [-] 10.0.0.59 "GET / HTTP/1.1" status: 200 len: 247 time: 0.0021751
2026-07-08 16:09:47.881 9 INFO neutron.wsgi [-] 10.0.0.59 "GET / HTTP/1.1" status: 200 len: 247 time: 0.0031686
2026-07-08 16:10:00.702 9 INFO neutron.wsgi [None req-f1c3fa05-8fa3-444f-bb0f-7dac5f2dfed5 9cd5ec997f39428da6809704e177ebba 0209aba3cb54462dad77a8ef62be4cb9 - - default default] 199.19.213.163,10.0.0.59 "GET /v2.0/networks HTTP/1.1" status: 200 len: 928 time: 0.1978676
2026-07-08 16:10:00.802 9 INFO neutron.db.segments_db [None req-a3acb00d-d5e1-4f0c-9aa4-0252187000d5 9cd5ec997f39428da6809704e177ebba 0209aba3cb54462dad77a8ef62be4cb9 - - - -] Added segment d8f4f139-b12b-4c9d-b689-ebf1ac01990c of type geneve for network 434745ff-4be8-46b4-b108-7e5444bf11dd
2026-07-08 16:10:00.977 9 INFO neutron.db.ovn_revision_numbers_db [None req-a3acb00d-d5e1-4f0c-9aa4-0252187000d5 9cd5ec997f39428da6809704e177ebba 0209aba3cb54462dad77a8ef62be4cb9 - - - -] Successfully bumped revision number for resource 434745ff-4be8-46b4-b108-7e5444bf11dd (type: networks) to 1
2026-07-08 16:10:01.149 9 WARNING neutron.scheduler.dhcp_agent_scheduler [None req-a3acb00d-d5e1-4f0c-9aa4-0252187000d5 9cd5ec997f39428da6809704e177ebba 0209aba3cb54462dad77a8ef62be4cb9 - - - -] No more DHCP agents
2026-07-08 16:10:01.151 9 WARNING neutron.api.rpc.agentnotifiers.dhcp_rpc_agent_api [None req-a3acb00d-d5e1-4f0c-9aa4-0252187000d5 9cd5ec997f39428da6809704e177ebba 0209aba3cb54462dad77a8ef62be4cb9 - - - -] Unable to schedule network 434745ff-4be8-46b4-b108-7e5444bf11dd: no agents available; will retry on subsequent port and subnet creation events.
2026-07-08 16:10:01.219 9 INFO neutron.db.ovn_revision_numbers_db [None req-a3acb00d-d5e1-4f0c-9aa4-0252187000d5 9cd5ec997f39428da6809704e177ebba 0209aba3cb54462dad77a8ef62be4cb9 - - - -] Successfully bumped revision number for resource 527de915-7135-4386-b49e-c40bc44aa634 (type: ports) to 1
2026-07-08 16:10:01.241 9 INFO neutron.wsgi [None req-a3acb00d-d5e1-4f0c-9aa4-0252187000d5 9cd5ec997f39428da6809704e177ebba 0209aba3cb54462dad77a8ef62be4cb9 - - - -] 199.19.213.163,10.0.0.59 "POST /v2.0/networks HTTP/1.1" status: 201 len: 890 time: 0.5345676
2026-07-08 16:10:02.135 9 INFO neutron.wsgi [None req-0653ef51-6bc1-4091-96c1-01b281bc65b0 9cd5ec997f39428da6809704e177ebba 0209aba3cb54462dad77a8ef62be4cb9 - - default default] 199.19.213.163,10.0.0.59 "GET /v2.0/subnets HTTP/1.1" status: 200 len: 819 time: 0.0801919
2026-07-08 16:10:02.243 9 INFO neutron.wsgi [None req-5c42d98d-2452-45e5-82e2-b5b3d2f651a8 9cd5ec997f39428da6809704e177ebba 0209aba3cb54462dad77a8ef62be4cb9 - - default default] 199.19.213.163,10.0.0.59 "GET /v2.0/networks HTTP/1.1" status: 200 len: 1615 time: 0.0997279
2026-07-08 16:10:02.390 9 WARNING neutron.scheduler.dhcp_agent_scheduler [None req-1a7f1fd2-c082-4c5a-b2e2-a0ca0c674587 9cd5ec997f39428da6809704e177ebba 0209aba3cb54462dad77a8ef62be4cb9 - - - -] No more DHCP agents
2026-07-08 16:10:02.392 9 WARNING neutron.api.rpc.agentnotifiers.dhcp_rpc_agent_api [None req-1a7f1fd2-c082-4c5a-b2e2-a0ca0c674587 9cd5ec997f39428da6809704e177ebba 0209aba3cb54462dad77a8ef62be4cb9 - - - -] Unable to schedule network 434745ff-4be8-46b4-b108-7e5444bf11dd: no agents available; will retry on subsequent port and subnet creation events.
2026-07-08 16:10:02.810 9 INFO neutron.db.ovn_revision_numbers_db [None req-1a7f1fd2-c082-4c5a-b2e2-a0ca0c674587 9cd5ec997f39428da6809704e177ebba 0209aba3cb54462dad77a8ef62be4cb9 - - - -] Successfully bumped revision number for resource 527de915-7135-4386-b49e-c40bc44aa634 (type: ports) to 2
2026-07-08 16:10:02.838 9 INFO neutron.db.ovn_revision_numbers_db [None req-1a7f1fd2-c082-4c5a-b2e2-a0ca0c674587 9cd5ec997f39428da6809704e177ebba 0209aba3cb54462dad77a8ef62be4cb9 - - - -] Successfully bumped revision number for resource c6cc6a3b-da0c-497b-96e3-06ea866e8539 (type: subnets) to 0
2026-07-08 16:10:02.856 9 INFO neutron.wsgi [None req-1a7f1fd2-c082-4c5a-b2e2-a0ca0c674587 9cd5ec997f39428da6809704e177ebba 0209aba3cb54462dad77a8ef62be4cb9 - - - -] 199.19.213.163,10.0.0.59 "POST /v2.0/subnets HTTP/1.1" status: 201 len: 807 time: 0.6085041
2026-07-08 16:10:02.878 10 INFO neutron.wsgi [-] 10.0.0.59 "GET / HTTP/1.1" status: 200 len: 247 time: 0.0013800
2026-07-08 16:10:02.879 10 INFO neutron.wsgi [-] 10.0.0.59 "GET / HTTP/1.1" status: 200 len: 247 time: 0.0008738
2026-07-08 16:10:03.993 9 INFO neutron.wsgi [None req-efe62320-d843-4e0c-ae8f-e2488a66b27b 9cd5ec997f39428da6809704e177ebba 0209aba3cb54462dad77a8ef62be4cb9 - - default default] 199.19.213.163,10.0.0.59 "GET /v2.0/security-groups?tenant_id=0209aba3cb54462dad77a8ef62be4cb9 HTTP/1.1" status: 200 len: 2969 time: 0.0698962
2026-07-08 16:10:04.100 9 INFO neutron.db.ovn_revision_numbers_db [None req-0dac1158-0df8-4fea-9228-15e4619f4ff3 9cd5ec997f39428da6809704e177ebba 0209aba3cb54462dad77a8ef62be4cb9 - - - -] Successfully bumped revision number for resource 0dd651e0-1570-4fb7-869f-69d79ae5a1bd (type: security_groups) to 1
2026-07-08 16:10:04.123 9 INFO neutron.wsgi [None req-0dac1158-0df8-4fea-9228-15e4619f4ff3 9cd5ec997f39428da6809704e177ebba 0209aba3cb54462dad77a8ef62be4cb9 - - - -] 199.19.213.163,10.0.0.59 "POST /v2.0/security-groups HTTP/1.1" status: 201 len: 1733 time: 0.1211421
2026-07-08 16:10:05.331 9 INFO neutron.wsgi [None req-1b943e2e-1226-4e93-b6de-66502b1109bc 9cd5ec997f39428da6809704e177ebba 0209aba3cb54462dad77a8ef62be4cb9 - - default default] 199.19.213.163,10.0.0.59 "GET /v2.0/security-groups?tenant_id=0209aba3cb54462dad77a8ef62be4cb9 HTTP/1.1" status: 200 len: 4503 time: 0.1122892
2026-07-08 16:10:05.373 9 INFO neutron.wsgi [None req-49564ecd-08e9-4ce2-b05c-4b0c2bd28f95 9cd5ec997f39428da6809704e177ebba 0209aba3cb54462dad77a8ef62be4cb9 - - default default] 199.19.213.163,10.0.0.59 "GET /v2.0/security-groups HTTP/1.1" status: 200 len: 4503 time: 0.0326421
2026-07-08 16:10:05.515 9 INFO neutron.db.ovn_revision_numbers_db [None req-a7cec02c-b982-4f17-84f0-a1a253e809a3 9cd5ec997f39428da6809704e177ebba 0209aba3cb54462dad77a8ef62be4cb9 - - - -] Successfully bumped revision number for resource 79eb937a-a4f2-4366-b3e8-9b8d4235545d (type: security_group_rules) to 0
2026-07-08 16:10:05.549 9 INFO neutron.wsgi [None req-a7cec02c-b982-4f17-84f0-a1a253e809a3 9cd5ec997f39428da6809704e177ebba 0209aba3cb54462dad77a8ef62be4cb9 - - - -] 199.19.213.163,10.0.0.59 "POST /v2.0/security-group-rules HTTP/1.1" status: 201 len: 749 time: 0.1636086
2026-07-08 16:10:06.427 9 INFO neutron.wsgi [None req-b6de1ca6-82cc-4709-9152-f3a3044dd25c 9cd5ec997f39428da6809704e177ebba 0209aba3cb54462dad77a8ef62be4cb9 - - default default] 199.19.213.163,10.0.0.59 "GET /v2.0/security-groups?tenant_id=0209aba3cb54462dad77a8ef62be4cb9 HTTP/1.1" status: 200 len: 5085 time: 0.0802984
2026-07-08 16:10:06.485 9 INFO neutron.wsgi [None req-f211e883-4106-494d-ad92-302156f1d3a8 9cd5ec997f39428da6809704e177ebba 0209aba3cb54462dad77a8ef62be4cb9 - - default default] 199.19.213.163,10.0.0.59 "GET /v2.0/security-groups HTTP/1.1" status: 200 len: 5085 time: 0.0490503
2026-07-08 16:10:06.600 9 INFO neutron.db.ovn_revision_numbers_db [None req-cbe8dd9d-e048-4d58-aa82-f8a2a1de04e2 9cd5ec997f39428da6809704e177ebba 0209aba3cb54462dad77a8ef62be4cb9 - - - -] Successfully bumped revision number for resource f044ea44-fc7a-4ee9-868d-a6c27788a60c (type: security_group_rules) to 0
2026-07-08 16:10:06.626 9 INFO neutron.wsgi [None req-cbe8dd9d-e048-4d58-aa82-f8a2a1de04e2 9cd5ec997f39428da6809704e177ebba 0209aba3cb54462dad77a8ef62be4cb9 - - - -] 199.19.213.163,10.0.0.59 "POST /v2.0/security-group-rules HTTP/1.1" status: 201 len: 751 time: 0.1317241
2026-07-08 16:10:07.510 9 INFO neutron.wsgi [None req-6f20e048-87f4-47fb-b240-e052d317867b 9cd5ec997f39428da6809704e177ebba 0209aba3cb54462dad77a8ef62be4cb9 - - default default] 199.19.213.163,10.0.0.59 "GET /v2.0/security-groups?tenant_id=0209aba3cb54462dad77a8ef62be4cb9 HTTP/1.1" status: 200 len: 5669 time: 0.0785148
2026-07-08 16:10:07.549 9 INFO neutron.wsgi [None req-08c61fca-8b5c-47f5-a875-ef68f1172926 9cd5ec997f39428da6809704e177ebba 0209aba3cb54462dad77a8ef62be4cb9 - - default default] 199.19.213.163,10.0.0.59 "GET /v2.0/security-groups HTTP/1.1" status: 200 len: 5669 time: 0.0336478
2026-07-08 16:10:07.657 9 INFO neutron.db.ovn_revision_numbers_db [None req-255c673b-4295-4e12-985a-e528798baf9f 9cd5ec997f39428da6809704e177ebba 0209aba3cb54462dad77a8ef62be4cb9 - - - -] Successfully bumped revision number for resource f5190125-3676-4132-b674-49a1acee1e0c (type: security_group_rules) to 0
2026-07-08 16:10:07.684 9 INFO neutron.wsgi [None req-255c673b-4295-4e12-985a-e528798baf9f 9cd5ec997f39428da6809704e177ebba 0209aba3cb54462dad77a8ef62be4cb9 - - - -] 199.19.213.163,10.0.0.59 "POST /v2.0/security-group-rules HTTP/1.1" status: 201 len: 751 time: 0.1234865
2026-07-08 16:10:08.547 9 INFO neutron.wsgi [None req-46c7a9a4-9b77-4c36-b1f5-325124a34718 9cd5ec997f39428da6809704e177ebba 0209aba3cb54462dad77a8ef62be4cb9 - - default default] 199.19.213.163,10.0.0.59 "GET /v2.0/security-groups?tenant_id=0209aba3cb54462dad77a8ef62be4cb9 HTTP/1.1" status: 200 len: 6253 time: 0.0881040
2026-07-08 16:10:08.592 9 INFO neutron.wsgi [None req-8c894bc9-92e3-41d9-af0d-b7392d4a11c0 9cd5ec997f39428da6809704e177ebba 0209aba3cb54462dad77a8ef62be4cb9 - - default default] 199.19.213.163,10.0.0.59 "GET /v2.0/security-groups HTTP/1.1" status: 200 len: 6253 time: 0.0359523
2026-07-08 16:10:08.709 9 INFO neutron.db.ovn_revision_numbers_db [None req-0198b1c0-5c6c-4ad9-b4a7-0eee3c495e53 9cd5ec997f39428da6809704e177ebba 0209aba3cb54462dad77a8ef62be4cb9 - - - -] Successfully bumped revision number for resource 980f8600-13d0-4252-b561-51ff674cf282 (type: security_group_rules) to 0
2026-07-08 16:10:08.733 9 INFO neutron.wsgi [None req-0198b1c0-5c6c-4ad9-b4a7-0eee3c495e53 9cd5ec997f39428da6809704e177ebba 0209aba3cb54462dad77a8ef62be4cb9 - - - -] 199.19.213.163,10.0.0.59 "POST /v2.0/security-group-rules HTTP/1.1" status: 201 len: 751 time: 0.1230352
2026-07-08 16:10:09.594 9 INFO neutron.wsgi [None req-3ae1c46c-20d5-4298-b74f-783a8d7de898 9cd5ec997f39428da6809704e177ebba 0209aba3cb54462dad77a8ef62be4cb9 - - default default] 199.19.213.163,10.0.0.59 "GET /v2.0/security-groups?tenant_id=0209aba3cb54462dad77a8ef62be4cb9 HTTP/1.1" status: 200 len: 6837 time: 0.0760312
2026-07-08 16:10:09.633 9 INFO neutron.wsgi [None req-953b6345-c677-4c21-98b9-95b66e8c58fe 9cd5ec997f39428da6809704e177ebba 0209aba3cb54462dad77a8ef62be4cb9 - - default default] 199.19.213.163,10.0.0.59 "GET /v2.0/security-groups HTTP/1.1" status: 200 len: 6837 time: 0.0323327
2026-07-08 16:10:09.737 9 INFO neutron.db.ovn_revision_numbers_db [None req-0b310bc5-37b2-4015-9267-1d5c2584a373 9cd5ec997f39428da6809704e177ebba 0209aba3cb54462dad77a8ef62be4cb9 - - - -] Successfully bumped revision number for resource 8e4115be-5fb6-473e-be82-9cf03a2456ed (type: security_group_rules) to 0
2026-07-08 16:10:09.761 9 INFO neutron.wsgi [None req-0b310bc5-37b2-4015-9267-1d5c2584a373 9cd5ec997f39428da6809704e177ebba 0209aba3cb54462dad77a8ef62be4cb9 - - - -] 199.19.213.163,10.0.0.59 "POST /v2.0/security-group-rules HTTP/1.1" status: 201 len: 751 time: 0.1185484
2026-07-08 16:10:10.872 9 INFO neutron.wsgi [None req-d67e6763-36bc-4ba5-b93f-f0303f7659fe 9cd5ec997f39428da6809704e177ebba 0209aba3cb54462dad77a8ef62be4cb9 - - default default] 199.19.213.163,10.0.0.59 "GET /v2.0/security-groups HTTP/1.1" status: 200 len: 7421 time: 0.0931768
2026-07-08 16:10:10.929 9 INFO neutron.wsgi [None req-2f1bb3d8-67a8-4a6b-a79a-645f1b658be6 9cd5ec997f39428da6809704e177ebba 0209aba3cb54462dad77a8ef62be4cb9 - - default default] 199.19.213.163,10.0.0.59 "GET /v2.0/ports HTTP/1.1" status: 200 len: 2301 time: 0.0493293
2026-07-08 16:10:11.009 9 INFO neutron.wsgi [None req-925e7031-fb78-4232-a7ca-08043634e702 9cd5ec997f39428da6809704e177ebba 0209aba3cb54462dad77a8ef62be4cb9 - - default default] 199.19.213.163,10.0.0.59 "GET /v2.0/networks HTTP/1.1" status: 200 len: 1653 time: 0.0701239
2026-07-08 16:10:11.329 9 WARNING neutron.scheduler.dhcp_agent_scheduler [None req-42760a96-402b-4307-992b-eaba5b8288a5 9cd5ec997f39428da6809704e177ebba 0209aba3cb54462dad77a8ef62be4cb9 - - - -] No more DHCP agents
2026-07-08 16:10:11.332 9 WARNING neutron.api.rpc.agentnotifiers.dhcp_rpc_agent_api [None req-42760a96-402b-4307-992b-eaba5b8288a5 9cd5ec997f39428da6809704e177ebba 0209aba3cb54462dad77a8ef62be4cb9 - - - -] Unable to schedule network 434745ff-4be8-46b4-b108-7e5444bf11dd: no agents available; will retry on subsequent port and subnet creation events.
2026-07-08 16:10:11.448 9 INFO neutron.db.ovn_revision_numbers_db [None req-42760a96-402b-4307-992b-eaba5b8288a5 9cd5ec997f39428da6809704e177ebba 0209aba3cb54462dad77a8ef62be4cb9 - - - -] Successfully bumped revision number for resource 17f6d3fd-d579-4810-a29c-0926f7120465 (type: ports) to 1
2026-07-08 16:10:11.465 9 INFO neutron.wsgi [None req-42760a96-402b-4307-992b-eaba5b8288a5 9cd5ec997f39428da6809704e177ebba 0209aba3cb54462dad77a8ef62be4cb9 - - - -] 199.19.213.163,10.0.0.59 "POST /v2.0/ports HTTP/1.1" status: 201 len: 1281 time: 0.4508834 /var/lib/openstack/lib/python3.10/site-packages/pycadf/identifier.py:71: UserWarning: Invalid uuid: unknown. To ensure interoperability, identifiers should be a valid uuid. warnings.warn(('Invalid uuid: %s. To ensure interoperability, '
2026-07-08 16:10:17.499 9 INFO neutron.pecan_wsgi.hooks.translation [None req-90ddb502-dd3b-41bc-af20-efd3659af538 9cd5ec997f39428da6809704e177ebba 0209aba3cb54462dad77a8ef62be4cb9 - - default default] GET failed (client error): The resource could not be found.
2026-07-08 16:10:17.502 9 INFO neutron.wsgi [None req-90ddb502-dd3b-41bc-af20-efd3659af538 9cd5ec997f39428da6809704e177ebba 0209aba3cb54462dad77a8ef62be4cb9 - - default default] 199.19.213.163,10.0.0.59 "GET /v2.0/ports/octavia-health-manager-port-instance HTTP/1.1" status: 404 len: 314 time: 0.0651634
2026-07-08 16:10:17.554 9 INFO neutron.wsgi [None req-d06f1425-4318-4788-a1b9-a7ec82226ee2 9cd5ec997f39428da6809704e177ebba 0209aba3cb54462dad77a8ef62be4cb9 - - default default] 199.19.213.163,10.0.0.59 "GET /v2.0/ports?name=octavia-health-manager-port-instance HTTP/1.1" status: 200 len: 1279 time: 0.0470192
2026-07-08 16:10:17.880 9 INFO neutron.wsgi [-] 10.0.0.59 "GET / HTTP/1.1" status: 200 len: 247 time: 0.0018256
2026-07-08 16:10:17.880 10 INFO neutron.wsgi [-] 10.0.0.59 "GET / HTTP/1.1" status: 200 len: 247 time: 0.0030968
2026-07-08 16:10:17.964 9 INFO neutron.db.ovn_revision_numbers_db [None req-a8ea0ab5-b1da-4904-a274-1bf86b59a357 9cd5ec997f39428da6809704e177ebba 0209aba3cb54462dad77a8ef62be4cb9 - - - -] Successfully bumped revision number for resource 17f6d3fd-d579-4810-a29c-0926f7120465 (type: ports) to 1
2026-07-08 16:10:18.186 9 INFO neutron.db.ovn_revision_numbers_db [None req-a8ea0ab5-b1da-4904-a274-1bf86b59a357 9cd5ec997f39428da6809704e177ebba 0209aba3cb54462dad77a8ef62be4cb9 - - - -] Successfully bumped revision number for resource 17f6d3fd-d579-4810-a29c-0926f7120465 (type: ports) to 2
2026-07-08 16:10:18.202 9 INFO neutron.wsgi [None req-a8ea0ab5-b1da-4904-a274-1bf86b59a357 9cd5ec997f39428da6809704e177ebba 0209aba3cb54462dad77a8ef62be4cb9 - - - -] 199.19.213.163,10.0.0.59 "PUT /v2.0/ports/17f6d3fd-d579-4810-a29c-0926f7120465 HTTP/1.1" status: 200 len: 1318 time: 0.6398749 /var/lib/openstack/lib/python3.10/site-packages/pycadf/identifier.py:71: UserWarning: Invalid uuid: unknown. To ensure interoperability, identifiers should be a valid uuid. warnings.warn(('Invalid uuid: %s. To ensure interoperability, '
2026-07-08 16:10:19.515 9 INFO neutron.wsgi [None req-9f6125cc-7fe1-4f5b-a230-e118374f1bdc 9cd5ec997f39428da6809704e177ebba 0209aba3cb54462dad77a8ef62be4cb9 - - default default] 199.19.213.163,10.0.0.59 "GET /v2.0/ports HTTP/1.1" status: 200 len: 3463 time: 0.0593154
2026-07-08 16:10:20.516 9 INFO neutron.wsgi [None req-7baab9cc-d00e-407c-be88-c1c381d09c04 9cd5ec997f39428da6809704e177ebba 0209aba3cb54462dad77a8ef62be4cb9 - - default default] 199.19.213.163,10.0.0.59 "GET /v2.0/security-groups?tenant_id=0209aba3cb54462dad77a8ef62be4cb9 HTTP/1.1" status: 200 len: 7421 time: 0.0734107
2026-07-08 16:10:20.615 9 INFO neutron.db.ovn_revision_numbers_db [None req-e2c1e615-e3fb-4a1f-b852-f7ce26e9fb13 9cd5ec997f39428da6809704e177ebba 0209aba3cb54462dad77a8ef62be4cb9 - - - -] Successfully bumped revision number for resource de556394-b28d-4e07-aa86-95d7d55654f8 (type: security_groups) to 1
2026-07-08 16:10:20.636 9 INFO neutron.wsgi [None req-e2c1e615-e3fb-4a1f-b852-f7ce26e9fb13 9cd5ec997f39428da6809704e177ebba 0209aba3cb54462dad77a8ef62be4cb9 - - - -] 199.19.213.163,10.0.0.59 "POST /v2.0/security-groups HTTP/1.1" status: 201 len: 1727 time: 0.1107209
2026-07-08 16:10:21.524 9 INFO neutron.wsgi [None req-fdf036d0-a762-4d50-88c0-bb067321a854 9cd5ec997f39428da6809704e177ebba 0209aba3cb54462dad77a8ef62be4cb9 - - default default] 199.19.213.163,10.0.0.59 "GET /v2.0/security-groups?tenant_id=0209aba3cb54462dad77a8ef62be4cb9 HTTP/1.1" status: 200 len: 8949 time: 0.0727317
2026-07-08 16:10:21.578 9 INFO neutron.wsgi [None req-97b26fdc-3f06-4c62-b8ef-4dd045f45475 9cd5ec997f39428da6809704e177ebba 0209aba3cb54462dad77a8ef62be4cb9 - - default default] 199.19.213.163,10.0.0.59 "GET /v2.0/security-groups HTTP/1.1" status: 200 len: 8949 time: 0.0443928
2026-07-08 16:10:21.679 9 INFO neutron.db.ovn_revision_numbers_db [None req-df3ac580-cca1-4d8e-a398-198b7683162b 9cd5ec997f39428da6809704e177ebba 0209aba3cb54462dad77a8ef62be4cb9 - - - -] Successfully bumped revision number for resource 8fd51814-514b-44c5-8d42-6e87b399f93c (type: security_group_rules) to 0
2026-07-08 16:10:21.704 9 INFO neutron.wsgi [None req-df3ac580-cca1-4d8e-a398-198b7683162b 9cd5ec997f39428da6809704e177ebba 0209aba3cb54462dad77a8ef62be4cb9 - - - -] 199.19.213.163,10.0.0.59 "POST /v2.0/security-group-rules HTTP/1.1" status: 201 len: 771 time: 0.1162517
2026-07-08 16:10:22.578 9 INFO neutron.wsgi [None req-9b2d14f8-96f2-419d-a648-641158b642d2 9cd5ec997f39428da6809704e177ebba 0209aba3cb54462dad77a8ef62be4cb9 - - default default] 199.19.213.163,10.0.0.59 "GET /v2.0/security-groups?tenant_id=0209aba3cb54462dad77a8ef62be4cb9 HTTP/1.1" status: 200 len: 9553 time: 0.1303437
2026-07-08 16:10:22.643 9 INFO neutron.wsgi [None req-c6468fca-a87a-43d6-830f-9e88a20e2531 9cd5ec997f39428da6809704e177ebba 0209aba3cb54462dad77a8ef62be4cb9 - - default default] 199.19.213.163,10.0.0.59 "GET /v2.0/security-groups HTTP/1.1" status: 200 len: 9553 time: 0.0547318
2026-07-08 16:10:22.757 9 INFO neutron.db.ovn_revision_numbers_db [None req-76dc18ca-590f-4f18-85ed-a833a55535c5 9cd5ec997f39428da6809704e177ebba 0209aba3cb54462dad77a8ef62be4cb9 - - - -] Successfully bumped revision number for resource 3cd6fce6-b9ff-4a4c-baa3-adc9cca1d512 (type: security_group_rules) to 0
2026-07-08 16:10:22.780 9 INFO neutron.wsgi [None req-76dc18ca-590f-4f18-85ed-a833a55535c5 9cd5ec997f39428da6809704e177ebba 0209aba3cb54462dad77a8ef62be4cb9 - - - -] 199.19.213.163,10.0.0.59 "POST /v2.0/security-group-rules HTTP/1.1" status: 201 len: 775 time: 0.1292734
2026-07-08 16:10:32.879 10 INFO neutron.wsgi [-] 10.0.0.59 "GET / HTTP/1.1" status: 200 len: 247 time: 0.0021904
2026-07-08 16:10:32.881 9 INFO neutron.wsgi [-] 10.0.0.59 "GET / HTTP/1.1" status: 200 len: 247 time: 0.0033216
2026-07-08 16:10:47.879 9 INFO neutron.wsgi [-] 10.0.0.59 "GET / HTTP/1.1" status: 200 len: 247 time: 0.0023699
2026-07-08 16:10:47.880 10 INFO neutron.wsgi [-] 10.0.0.59 "GET / HTTP/1.1" status: 200 len: 247 time: 0.0035608
2026-07-08 16:11:02.879 9 INFO neutron.wsgi [-] 10.0.0.59 "GET / HTTP/1.1" status: 200 len: 247 time: 0.0016918
2026-07-08 16:11:02.880 10 INFO neutron.wsgi [-] 10.0.0.59 "GET / HTTP/1.1" status: 200 len: 247 time: 0.0033112
2026-07-08 16:11:17.880 10 INFO neutron.wsgi [-] 10.0.0.59 "GET / HTTP/1.1" status: 200 len: 247 time: 0.0019078
2026-07-08 16:11:17.880 9 INFO neutron.wsgi [-] 10.0.0.59 "GET / HTTP/1.1" status: 200 len: 247 time: 0.0028389 /var/lib/openstack/lib/python3.10/site-packages/memcache.py:1303: SyntaxWarning: "is" with a literal. Did you mean "=="? if key is '': /var/lib/openstack/lib/python3.10/site-packages/memcache.py:1304: SyntaxWarning: "is" with a literal. Did you mean "=="? if key_extra_len is 0: /var/lib/openstack/lib/python3.10/site-packages/pycadf/identifier.py:71: UserWarning: Invalid uuid: unknown. To ensure interoperability, identifiers should be a valid uuid. warnings.warn(('Invalid uuid: %s. To ensure interoperability, '
2026-07-08 16:11:23.531 10 WARNING oslo_policy.policy [None req-cb0012e5-9f00-4b30-be38-ea8a52e965cf 9cd5ec997f39428da6809704e177ebba 0209aba3cb54462dad77a8ef62be4cb9 - - default default] Policies ['delete_port', 'update_port:allowed_address_pairs', 'update_port:allowed_address_pairs:ip_address', 'update_port:allowed_address_pairs:mac_address', 'update_port:fixed_ips', 'update_port:mac_address'] reference a rule that is not defined.
2026-07-08 16:11:23.672 10 INFO neutron.wsgi [None req-cb0012e5-9f00-4b30-be38-ea8a52e965cf 9cd5ec997f39428da6809704e177ebba 0209aba3cb54462dad77a8ef62be4cb9 - - default default] 199.19.213.163,10.0.0.59 "GET /v2.0/quotas/0209aba3cb54462dad77a8ef62be4cb9 HTTP/1.1" status: 200 len: 362 time: 0.1984296 /var/lib/openstack/lib/python3.10/site-packages/neutron/extensions/quotasv2.py:140: UserWarning: Neutron quota engine will require "--force" parameter to set a quota limit without checking the resource usage. warnings.warn('Neutron quota engine will require "--force" '
2026-07-08 16:11:24.113 10 INFO neutron.wsgi [None req-a4462677-621c-459c-9376-74b145c00ddb 9cd5ec997f39428da6809704e177ebba 0209aba3cb54462dad77a8ef62be4cb9 - - default default] 199.19.213.163,10.0.0.59 "PUT /v2.0/quotas/0209aba3cb54462dad77a8ef62be4cb9 HTTP/1.1" status: 200 len: 361 time: 0.1155837
2026-07-08 16:11:24.389 10 INFO neutron.wsgi [None req-2a6dace0-af04-4644-9145-3c3d027c087f 9cd5ec997f39428da6809704e177ebba 0209aba3cb54462dad77a8ef62be4cb9 - - default default] 199.19.213.163,10.0.0.59 "GET /v2.0/quotas/0209aba3cb54462dad77a8ef62be4cb9 HTTP/1.1" status: 200 len: 361 time: 0.0139663
2026-07-08 16:11:32.880 9 INFO neutron.wsgi [-] 10.0.0.59 "GET / HTTP/1.1" status: 200 len: 247 time: 0.0024252
2026-07-08 16:11:32.880 10 INFO neutron.wsgi [-] 10.0.0.59 "GET / HTTP/1.1" status: 200 len: 247 time: 0.0030725
2026-07-08 16:11:47.880 9 INFO neutron.wsgi [-] 10.0.0.59 "GET / HTTP/1.1" status: 200 len: 247 time: 0.0037608
2026-07-08 16:11:47.883 9 INFO neutron.wsgi [-] 10.0.0.59 "GET / HTTP/1.1" status: 200 len: 247 time: 0.0016384
2026-07-08 16:12:02.880 9 INFO neutron.wsgi [-] 10.0.0.59 "GET / HTTP/1.1" status: 200 len: 247 time: 0.0031509
2026-07-08 16:12:02.884 10 INFO neutron.wsgi [-] 10.0.0.59 "GET / HTTP/1.1" status: 200 len: 247 time: 0.0061650
2026-07-08 16:12:17.878 10 INFO neutron.wsgi [-] 10.0.0.59 "GET / HTTP/1.1" status: 200 len: 247 time: 0.0019963
2026-07-08 16:12:17.879 9 INFO neutron.wsgi [-] 10.0.0.59 "GET / HTTP/1.1" status: 200 len: 247 time: 0.0028124
2026-07-08 16:12:32.879 9 INFO neutron.wsgi [-] 10.0.0.59 "GET / HTTP/1.1" status: 200 len: 247 time: 0.0017431
2026-07-08 16:12:32.881 10 INFO neutron.wsgi [-] 10.0.0.59 "GET / HTTP/1.1" status: 200 len: 247 time: 0.0034382
2026-07-08 16:12:47.879 10 INFO neutron.wsgi [-] 10.0.0.59 "GET / HTTP/1.1" status: 200 len: 247 time: 0.0025580
2026-07-08 16:12:47.880 9 INFO neutron.wsgi [-] 10.0.0.59 "GET / HTTP/1.1" status: 200 len: 247 time: 0.0026820
2026-07-08 16:13:01.798 15 INFO neutron.db.ovn_revision_numbers_db [None req-0528d7f0-3e21-4219-967c-2b9ec7095101 - - - - - -] Successfully bumped revision number for resource 434745ff-4be8-46b4-b108-7e5444bf11dd (type: networks) to 2
2026-07-08 16:13:01.848 15 INFO neutron.db.ovn_revision_numbers_db [None req-0528d7f0-3e21-4219-967c-2b9ec7095101 - - - - - -] Successfully bumped revision number for resource 0dd651e0-1570-4fb7-869f-69d79ae5a1bd (type: security_groups) to 6
2026-07-08 16:13:01.887 15 INFO neutron.db.ovn_revision_numbers_db [None req-0528d7f0-3e21-4219-967c-2b9ec7095101 - - - - - -] Successfully bumped revision number for resource de556394-b28d-4e07-aa86-95d7d55654f8 (type: security_groups) to 3
2026-07-08 16:13:02.049 15 INFO neutron.db.ovn_revision_numbers_db [None req-0528d7f0-3e21-4219-967c-2b9ec7095101 - - - - - -] Successfully bumped revision number for resource 17f6d3fd-d579-4810-a29c-0926f7120465 (type: ports) to 3
2026-07-08 16:13:02.049 15 INFO neutron.plugins.ml2.drivers.ovn.mech_driver.ovsdb.maintenance [None req-0528d7f0-3e21-4219-967c-2b9ec7095101 - - - - - -] Maintenance task: Synchronization finished (took 0.33 seconds)
2026-07-08 16:13:02.881 9 INFO neutron.wsgi [-] 10.0.0.59 "GET / HTTP/1.1" status: 200 len: 247 time: 0.0034471
2026-07-08 16:13:02.886 9 INFO neutron.wsgi [-] 10.0.0.59 "GET / HTTP/1.1" status: 200 len: 247 time: 0.0025964
2026-07-08 16:13:17.878 9 INFO neutron.wsgi [-] 10.0.0.59 "GET / HTTP/1.1" status: 200 len: 247 time: 0.0015914
2026-07-08 16:13:17.879 10 INFO neutron.wsgi [-] 10.0.0.59 "GET / HTTP/1.1" status: 200 len: 247 time: 0.0023763 /var/lib/openstack/lib/python3.10/site-packages/pycadf/identifier.py:71: UserWarning: Invalid uuid: neutron. To ensure interoperability, identifiers should be a valid uuid. warnings.warn(('Invalid uuid: %s. To ensure interoperability, '
2026-07-08 16:13:26.010 10 INFO neutron.pecan_wsgi.hooks.translation [None req-80b9a72b-ff7f-478d-9d3e-fe6979a0f712 9cd5ec997f39428da6809704e177ebba 0209aba3cb54462dad77a8ef62be4cb9 - - default default] GET failed (client error): The resource could not be found.
2026-07-08 16:13:26.012 10 INFO neutron.wsgi [None req-80b9a72b-ff7f-478d-9d3e-fe6979a0f712 9cd5ec997f39428da6809704e177ebba 0209aba3cb54462dad77a8ef62be4cb9 - - default default] 199.19.213.163 "GET /v2.0/ports/octavia-health-manager-port-instance HTTP/1.1" status: 404 len: 338 time: 0.5669732
2026-07-08 16:13:26.070 10 INFO neutron.wsgi [None req-2a6c6182-2147-4a3c-847b-00a1a06e672e 9cd5ec997f39428da6809704e177ebba 0209aba3cb54462dad77a8ef62be4cb9 - - default default] 199.19.213.163 "GET /v2.0/ports?name=octavia-health-manager-port-instance HTTP/1.1" status: 200 len: 1373 time: 0.0525644
2026-07-08 16:13:27.933 10 INFO neutron.pecan_wsgi.hooks.translation [None req-28fe4e39-93d2-449a-be2e-53f55bdc8829 9cd5ec997f39428da6809704e177ebba 0209aba3cb54462dad77a8ef62be4cb9 - - default default] GET failed (client error): The resource could not be found.
2026-07-08 16:13:27.934 10 INFO neutron.wsgi [None req-28fe4e39-93d2-449a-be2e-53f55bdc8829 9cd5ec997f39428da6809704e177ebba 0209aba3cb54462dad77a8ef62be4cb9 - - default default] 199.19.213.163 "GET /v2.0/ports/octavia-health-manager-port-instance HTTP/1.1" status: 404 len: 338 time: 0.1191249
2026-07-08 16:13:27.970 10 INFO neutron.wsgi [None req-ce130304-4c6d-4c79-a839-8d3ee909c5b3 9cd5ec997f39428da6809704e177ebba 0209aba3cb54462dad77a8ef62be4cb9 - - default default] 199.19.213.163 "GET /v2.0/ports?name=octavia-health-manager-port-instance HTTP/1.1" status: 200 len: 1373 time: 0.0303321
2026-07-08 16:13:29.483 9 INFO neutron.plugins.ml2.drivers.ovn.mech_driver.mech_driver [-] OVN reports status up for port: 17f6d3fd-d579-4810-a29c-0926f7120465
2026-07-08 16:13:29.537 9 INFO neutron.plugins.ml2.plugin [None req-0ea90c41-27ca-4959-b11b-19d1de53a0c7 - - - - - -] Attempt 1 to provision port 17f6d3fd-d579-4810-a29c-0926f7120465
2026-07-08 16:13:29.901 9 INFO neutron.db.ovn_revision_numbers_db [None req-0ea90c41-27ca-4959-b11b-19d1de53a0c7 - - - - - -] Successfully bumped revision number for resource 17f6d3fd-d579-4810-a29c-0926f7120465 (type: ports) to 4
2026-07-08 16:13:32.879 10 INFO neutron.wsgi [-] 10.0.0.59 "GET / HTTP/1.1" status: 200 len: 247 time: 0.0015888
2026-07-08 16:13:32.883 10 INFO neutron.wsgi [-] 10.0.0.59 "GET / HTTP/1.1" status: 200 len: 247 time: 0.0024736
2026-07-08 16:13:47.879 9 INFO neutron.wsgi [-] 10.0.0.59 "GET / HTTP/1.1" status: 200 len: 247 time: 0.0024447
2026-07-08 16:13:47.880 10 INFO neutron.wsgi [-] 10.0.0.59 "GET / HTTP/1.1" status: 200 len: 247 time: 0.0024652
2026-07-08 16:14:02.881 10 INFO neutron.wsgi [-] 10.0.0.59 "GET / HTTP/1.1" status: 200 len: 247 time: 0.0023746
2026-07-08 16:14:02.883 10 INFO neutron.wsgi [-] 10.0.0.59 "GET / HTTP/1.1" status: 200 len: 247 time: 0.0014117
2026-07-08 16:14:17.879 10 INFO neutron.wsgi [-] 10.0.0.59 "GET / HTTP/1.1" status: 200 len: 247 time: 0.0020831
2026-07-08 16:14:17.880 9 INFO neutron.wsgi [-] 10.0.0.59 "GET / HTTP/1.1" status: 200 len: 247 time: 0.0032785
2026-07-08 16:14:32.880 9 INFO neutron.wsgi [-] 10.0.0.59 "GET / HTTP/1.1" status: 200 len: 247 time: 0.0024550
2026-07-08 16:14:32.883 10 INFO neutron.wsgi [-] 10.0.0.59 "GET / HTTP/1.1" status: 200 len: 247 time: 0.0052409
2026-07-08 16:14:47.878 10 INFO neutron.wsgi [-] 10.0.0.59 "GET / HTTP/1.1" status: 200 len: 247 time: 0.0016508
2026-07-08 16:14:47.881 9 INFO neutron.wsgi [-] 10.0.0.59 "GET / HTTP/1.1" status: 200 len: 247 time: 0.0043831
2026-07-08 16:15:02.880 9 INFO neutron.wsgi [-] 10.0.0.59 "GET / HTTP/1.1" status: 200 len: 247 time: 0.0022833
2026-07-08 16:15:02.880 10 INFO neutron.wsgi [-] 10.0.0.59 "GET / HTTP/1.1" status: 200 len: 247 time: 0.0024173
2026-07-08 16:15:17.878 9 INFO neutron.wsgi [-] 10.0.0.59 "GET / HTTP/1.1" status: 200 len: 247 time: 0.0017109
2026-07-08 16:15:17.880 10 INFO neutron.wsgi [-] 10.0.0.59 "GET / HTTP/1.1" status: 200 len: 247 time: 0.0028305
2026-07-08 16:15:32.881 10 INFO neutron.wsgi [-] 10.0.0.59 "GET / HTTP/1.1" status: 200 len: 247 time: 0.0030024
2026-07-08 16:15:32.883 9 INFO neutron.wsgi [-] 10.0.0.59 "GET / HTTP/1.1" status: 200 len: 247 time: 0.0040295
2026-07-08 16:15:47.878 9 INFO neutron.wsgi [-] 10.0.0.59 "GET / HTTP/1.1" status: 200 len: 247 time: 0.0015886
2026-07-08 16:15:47.878 10 INFO neutron.wsgi [-] 10.0.0.59 "GET / HTTP/1.1" status: 200 len: 247 time: 0.0016997
2026-07-08 16:16:02.878 9 INFO neutron.wsgi [-] 10.0.0.59 "GET / HTTP/1.1" status: 200 len: 247 time: 0.0018060
2026-07-08 16:16:02.879 10 INFO neutron.wsgi [-] 10.0.0.59 "GET / HTTP/1.1" status: 200 len: 247 time: 0.0024145
2026-07-08 16:16:17.879 9 INFO neutron.wsgi [-] 10.0.0.59 "GET / HTTP/1.1" status: 200 len: 247 time: 0.0021498
2026-07-08 16:16:17.881 10 INFO neutron.wsgi [-] 10.0.0.59 "GET / HTTP/1.1" status: 200 len: 247 time: 0.0023243
2026-07-08 16:16:32.878 9 INFO neutron.wsgi [-] 10.0.0.59 "GET / HTTP/1.1" status: 200 len: 247 time: 0.0013940
2026-07-08 16:16:32.879 10 INFO neutron.wsgi [-] 10.0.0.59 "GET / HTTP/1.1" status: 200 len: 247 time: 0.0024829
2026-07-08 16:16:47.879 10 INFO neutron.wsgi [-] 10.0.0.59 "GET / HTTP/1.1" status: 200 len: 247 time: 0.0021462
2026-07-08 16:16:47.882 10 INFO neutron.wsgi [-] 10.0.0.59 "GET / HTTP/1.1" status: 200 len: 247 time: 0.0018651
2026-07-08 16:17:02.880 9 INFO neutron.wsgi [-] 10.0.0.59 "GET / HTTP/1.1" status: 200 len: 247 time: 0.0026550
2026-07-08 16:17:02.882 10 INFO neutron.wsgi [-] 10.0.0.59 "GET / HTTP/1.1" status: 200 len: 247 time: 0.0033019
2026-07-08 16:17:17.879 9 INFO neutron.wsgi [-] 10.0.0.59 "GET / HTTP/1.1" status: 200 len: 247 time: 0.0025008
2026-07-08 16:17:17.882 9 INFO neutron.wsgi [-] 10.0.0.59 "GET / HTTP/1.1" status: 200 len: 247 time: 0.0020320
2026-07-08 16:17:32.889 10 INFO neutron.wsgi [-] 10.0.0.59 "GET / HTTP/1.1" status: 200 len: 247 time: 0.0123675
2026-07-08 16:17:32.894 10 INFO neutron.wsgi [-] 10.0.0.59 "GET / HTTP/1.1" status: 200 len: 247 time: 0.0031264
2026-07-08 16:17:47.879 10 INFO neutron.wsgi [-] 10.0.0.59 "GET / HTTP/1.1" status: 200 len: 247 time: 0.0017190
2026-07-08 16:17:47.881 9 INFO neutron.wsgi [-] 10.0.0.59 "GET / HTTP/1.1" status: 200 len: 247 time: 0.0032268
2026-07-08 16:18:02.878 9 INFO neutron.wsgi [-] 10.0.0.59 "GET / HTTP/1.1" status: 200 len: 247 time: 0.0017412
2026-07-08 16:18:02.881 10 INFO neutron.wsgi [-] 10.0.0.59 "GET / HTTP/1.1" status: 200 len: 247 time: 0.0028348
2026-07-08 16:18:17.878 10 INFO neutron.wsgi [-] 10.0.0.59 "GET / HTTP/1.1" status: 200 len: 247 time: 0.0022836
2026-07-08 16:18:17.881 9 INFO neutron.wsgi [-] 10.0.0.59 "GET / HTTP/1.1" status: 200 len: 247 time: 0.0024791
2026-07-08 16:18:32.878 10 INFO neutron.wsgi [-] 10.0.0.59 "GET / HTTP/1.1" status: 200 len: 247 time: 0.0016232
2026-07-08 16:18:32.879 9 INFO neutron.wsgi [-] 10.0.0.59 "GET / HTTP/1.1" status: 200 len: 247 time: 0.0023265
2026-07-08 16:18:47.880 9 INFO neutron.wsgi [-] 10.0.0.59 "GET / HTTP/1.1" status: 200 len: 247 time: 0.0024316
2026-07-08 16:18:47.881 10 INFO neutron.wsgi [-] 10.0.0.59 "GET / HTTP/1.1" status: 200 len: 247 time: 0.0036314
2026-07-08 16:19:02.880 10 INFO neutron.wsgi [-] 10.0.0.59 "GET / HTTP/1.1" status: 200 len: 247 time: 0.0020616
2026-07-08 16:19:02.880 9 INFO neutron.wsgi [-] 10.0.0.59 "GET / HTTP/1.1" status: 200 len: 247 time: 0.0024419
2026-07-08 16:19:17.880 10 INFO neutron.wsgi [-] 10.0.0.59 "GET / HTTP/1.1" status: 200 len: 247 time: 0.0027709
2026-07-08 16:19:17.881 9 INFO neutron.wsgi [-] 10.0.0.59 "GET / HTTP/1.1" status: 200 len: 247 time: 0.0038893
2026-07-08 16:19:32.880 9 INFO neutron.wsgi [-] 10.0.0.59 "GET / HTTP/1.1" status: 200 len: 247 time: 0.0026090
2026-07-08 16:19:32.881 10 INFO neutron.wsgi [-] 10.0.0.59 "GET / HTTP/1.1" status: 200 len: 247 time: 0.0026653
2026-07-08 16:19:39.483 10 INFO neutron.plugins.ml2.drivers.ovn.mech_driver.ovsdb.extensions.qos [None req-30039909-16bc-4786-9d00-442ef41260e5 9cd5ec997f39428da6809704e177ebba 0209aba3cb54462dad77a8ef62be4cb9 - - default default] Starting OVNClientQosExtension
2026-07-08 16:19:39.484 10 INFO neutron.plugins.ml2.drivers.ovn.mech_driver.ovsdb.extensions.placement [None req-30039909-16bc-4786-9d00-442ef41260e5 9cd5ec997f39428da6809704e177ebba 0209aba3cb54462dad77a8ef62be4cb9 - - default default] Starting OVNClientPlacementExtension
2026-07-08 16:19:39.522 10 INFO neutron.db.ovn_revision_numbers_db [None req-30039909-16bc-4786-9d00-442ef41260e5 9cd5ec997f39428da6809704e177ebba 0209aba3cb54462dad77a8ef62be4cb9 - - default default] Successfully bumped revision number for resource 09262fe4-06f6-45e4-8b91-72404940f641 (type: security_groups) to 1
2026-07-08 16:19:39.546 10 INFO neutron.wsgi [None req-30039909-16bc-4786-9d00-442ef41260e5 9cd5ec997f39428da6809704e177ebba 0209aba3cb54462dad77a8ef62be4cb9 - - default default] 199.19.213.163,10.0.0.59 "GET /v2.0/security-groups?tenant_id=dc7db9b88898430286696a4f2c38d6c1 HTTP/1.1" status: 200 len: 2973 time: 0.3051281
2026-07-08 16:19:39.666 10 INFO neutron.db.ovn_revision_numbers_db [None req-dadc1019-bd80-45ed-bc56-7fedd4b0d868 9cd5ec997f39428da6809704e177ebba 0209aba3cb54462dad77a8ef62be4cb9 - - - -] Successfully bumped revision number for resource 23b9ac9c-884a-4b55-801a-94b1352a44a7 (type: security_groups) to 1
2026-07-08 16:19:39.691 10 INFO neutron.wsgi [None req-dadc1019-bd80-45ed-bc56-7fedd4b0d868 9cd5ec997f39428da6809704e177ebba 0209aba3cb54462dad77a8ef62be4cb9 - - - -] 199.19.213.163,10.0.0.59 "POST /v2.0/security-groups HTTP/1.1" status: 201 len: 1741 time: 0.1356661
2026-07-08 16:19:40.646 10 INFO neutron.wsgi [None req-fe6afd7c-2d2b-469a-9007-481da49eeb2c 9cd5ec997f39428da6809704e177ebba 0209aba3cb54462dad77a8ef62be4cb9 - - default default] 199.19.213.163,10.0.0.59 "GET /v2.0/security-groups?tenant_id=dc7db9b88898430286696a4f2c38d6c1 HTTP/1.1" status: 200 len: 4515 time: 0.0724273
2026-07-08 16:19:40.706 10 INFO neutron.wsgi [None req-0ddc376d-4f52-4afd-8ea6-97d916164c1c 9cd5ec997f39428da6809704e177ebba 0209aba3cb54462dad77a8ef62be4cb9 - - default default] 199.19.213.163,10.0.0.59 "GET /v2.0/security-groups HTTP/1.1" status: 200 len: 14480 time: 0.0503194
2026-07-08 16:19:40.830 10 INFO neutron.db.ovn_revision_numbers_db [None req-950aa170-2c85-45dd-b4c0-b7fcea34ca85 9cd5ec997f39428da6809704e177ebba 0209aba3cb54462dad77a8ef62be4cb9 - - - -] Successfully bumped revision number for resource f3905b60-a389-4a04-aa32-125c0c4835b2 (type: security_group_rules) to 0
2026-07-08 16:19:40.861 10 INFO neutron.wsgi [None req-950aa170-2c85-45dd-b4c0-b7fcea34ca85 9cd5ec997f39428da6809704e177ebba 0209aba3cb54462dad77a8ef62be4cb9 - - - -] 199.19.213.163,10.0.0.59 "POST /v2.0/security-group-rules HTTP/1.1" status: 201 len: 745 time: 0.1438248
2026-07-08 16:19:41.747 10 INFO neutron.wsgi [None req-8459fe9a-d05b-46f7-863e-b8cbe8a2aba6 9cd5ec997f39428da6809704e177ebba 0209aba3cb54462dad77a8ef62be4cb9 - - default default] 199.19.213.163,10.0.0.59 "GET /v2.0/security-groups?tenant_id=dc7db9b88898430286696a4f2c38d6c1 HTTP/1.1" status: 200 len: 5093 time: 0.0679834
2026-07-08 16:19:41.813 10 INFO neutron.wsgi [None req-75c4e39f-dd76-4d48-bad0-351510016fdf 9cd5ec997f39428da6809704e177ebba 0209aba3cb54462dad77a8ef62be4cb9 - - default default] 199.19.213.163,10.0.0.59 "GET /v2.0/security-groups HTTP/1.1" status: 200 len: 15058 time: 0.0574913
2026-07-08 16:19:41.958 10 INFO neutron.db.ovn_revision_numbers_db [None req-f6d0307e-1b97-4229-b8ce-bb6ea907c3d1 9cd5ec997f39428da6809704e177ebba 0209aba3cb54462dad77a8ef62be4cb9 - - - -] Successfully bumped revision number for resource 9772218b-9bb3-4966-a83e-a5dbca57cb80 (type: security_group_rules) to 0
2026-07-08 16:19:41.985 10 INFO neutron.wsgi [None req-f6d0307e-1b97-4229-b8ce-bb6ea907c3d1 9cd5ec997f39428da6809704e177ebba 0209aba3cb54462dad77a8ef62be4cb9 - - - -] 199.19.213.163,10.0.0.59 "POST /v2.0/security-group-rules HTTP/1.1" status: 201 len: 747 time: 0.1579654
2026-07-08 16:19:42.814 10 INFO neutron.wsgi [None req-ed3fb316-f94e-425f-b74b-e38b5d0cdfb6 9cd5ec997f39428da6809704e177ebba 0209aba3cb54462dad77a8ef62be4cb9 - - default default] 199.19.213.163,10.0.0.59 "GET /v2.0/security-groups?tenant_id=dc7db9b88898430286696a4f2c38d6c1 HTTP/1.1" status: 200 len: 5673 time: 0.0847044
2026-07-08 16:19:42.875 10 INFO neutron.wsgi [None req-2934d778-9d53-46ca-aeec-09e648d2696c 9cd5ec997f39428da6809704e177ebba 0209aba3cb54462dad77a8ef62be4cb9 - - default default] 199.19.213.163,10.0.0.59 "GET /v2.0/security-groups HTTP/1.1" status: 200 len: 15638 time: 0.0545614
2026-07-08 16:19:42.986 10 INFO neutron.db.ovn_revision_numbers_db [None req-e17c751f-edfc-4e7b-9eb0-99f31f116e38 9cd5ec997f39428da6809704e177ebba 0209aba3cb54462dad77a8ef62be4cb9 - - - -] Successfully bumped revision number for resource a9260cd1-89ec-40e5-b332-9c3bce17f6c9 (type: security_group_rules) to 0
2026-07-08 16:19:43.007 10 INFO neutron.wsgi [None req-e17c751f-edfc-4e7b-9eb0-99f31f116e38 9cd5ec997f39428da6809704e177ebba 0209aba3cb54462dad77a8ef62be4cb9 - - - -] 199.19.213.163,10.0.0.59 "POST /v2.0/security-group-rules HTTP/1.1" status: 201 len: 749 time: 0.1234910 /var/lib/openstack/lib/python3.10/site-packages/pycadf/identifier.py:71: UserWarning: Invalid uuid: unknown. To ensure interoperability, identifiers should be a valid uuid. warnings.warn(('Invalid uuid: %s. To ensure interoperability, '
2026-07-08 16:19:43.946 9 INFO neutron.wsgi [None req-d5843b34-d406-4553-b916-89e767d7ab0d 9cd5ec997f39428da6809704e177ebba 0209aba3cb54462dad77a8ef62be4cb9 - - default default] 199.19.213.163,10.0.0.59 "GET /v2.0/security-groups?tenant_id=dc7db9b88898430286696a4f2c38d6c1 HTTP/1.1" status: 200 len: 6255 time: 0.0849597
2026-07-08 16:19:44.016 9 INFO neutron.wsgi [None req-74635e31-60b0-482d-8342-1980dd9f0391 9cd5ec997f39428da6809704e177ebba 0209aba3cb54462dad77a8ef62be4cb9 - - default default] 199.19.213.163,10.0.0.59 "GET /v2.0/security-groups HTTP/1.1" status: 200 len: 16220 time: 0.0600882
2026-07-08 16:19:44.124 9 INFO neutron.db.ovn_revision_numbers_db [None req-c4dd0463-c580-4cb2-8796-4faa5bfe39d1 9cd5ec997f39428da6809704e177ebba 0209aba3cb54462dad77a8ef62be4cb9 - - - -] Successfully bumped revision number for resource 5e8498cc-4023-4c33-8ad0-df2e7fdb3bb3 (type: security_group_rules) to 0
2026-07-08 16:19:44.149 9 INFO neutron.wsgi [None req-c4dd0463-c580-4cb2-8796-4faa5bfe39d1 9cd5ec997f39428da6809704e177ebba 0209aba3cb54462dad77a8ef62be4cb9 - - - -] 199.19.213.163,10.0.0.59 "POST /v2.0/security-group-rules HTTP/1.1" status: 201 len: 750 time: 0.1218584
2026-07-08 16:19:47.879 9 INFO neutron.wsgi [-] 10.0.0.59 "GET / HTTP/1.1" status: 200 len: 247 time: 0.0017505
2026-07-08 16:19:47.880 10 INFO neutron.wsgi [-] 10.0.0.59 "GET / HTTP/1.1" status: 200 len: 247 time: 0.0031557
2026-07-08 16:20:02.879 9 INFO neutron.wsgi [-] 10.0.0.59 "GET / HTTP/1.1" status: 200 len: 247 time: 0.0017366
2026-07-08 16:20:02.882 10 INFO neutron.wsgi [-] 10.0.0.59 "GET / HTTP/1.1" status: 200 len: 247 time: 0.0035462
2026-07-08 16:20:17.880 10 INFO neutron.wsgi [-] 10.0.0.59 "GET / HTTP/1.1" status: 200 len: 247 time: 0.0035403
2026-07-08 16:20:17.884 10 INFO neutron.wsgi [-] 10.0.0.59 "GET / HTTP/1.1" status: 200 len: 247 time: 0.0021138
2026-07-08 16:20:32.881 10 INFO neutron.wsgi [-] 10.0.0.59 "GET / HTTP/1.1" status: 200 len: 247 time: 0.0029647
2026-07-08 16:20:32.883 9 INFO neutron.wsgi [-] 10.0.0.59 "GET / HTTP/1.1" status: 200 len: 247 time: 0.0053444
2026-07-08 16:20:47.878 10 INFO neutron.wsgi [-] 10.0.0.59 "GET / HTTP/1.1" status: 200 len: 247 time: 0.0015779
2026-07-08 16:20:47.879 9 INFO neutron.wsgi [-] 10.0.0.59 "GET / HTTP/1.1" status: 200 len: 247 time: 0.0025883
2026-07-08 16:21:02.880 10 INFO neutron.wsgi [-] 10.0.0.59 "GET / HTTP/1.1" status: 200 len: 247 time: 0.0031457
2026-07-08 16:21:02.883 10 INFO neutron.wsgi [-] 10.0.0.59 "GET / HTTP/1.1" status: 200 len: 247 time: 0.0015380
2026-07-08 16:21:17.878 10 INFO neutron.wsgi [-] 10.0.0.59 "GET / HTTP/1.1" status: 200 len: 247 time: 0.0015838
2026-07-08 16:21:17.880 9 INFO neutron.wsgi [-] 10.0.0.59 "GET / HTTP/1.1" status: 200 len: 247 time: 0.0032427
2026-07-08 16:21:32.881 9 INFO neutron.wsgi [-] 10.0.0.59 "GET / HTTP/1.1" status: 200 len: 247 time: 0.0046256
2026-07-08 16:21:32.886 9 INFO neutron.wsgi [-] 10.0.0.59 "GET / HTTP/1.1" status: 200 len: 247 time: 0.0026391
2026-07-08 16:21:44.095 10 INFO neutron.wsgi [None req-4d832291-cea6-4312-b550-2bc404ddc2a1 caf51bed8bb045bf83bed289a8d07529 dc7db9b88898430286696a4f2c38d6c1 - - 23621ad2b53d454e96a2cf15f2e7de13 23621ad2b53d454e96a2cf15f2e7de13] 199.19.213.163 "GET /v2.0/networks?tenant_id=dc7db9b88898430286696a4f2c38d6c1&shared=False HTTP/1.1" status: 200 len: 213 time: 0.1635072
2026-07-08 16:21:44.199 10 INFO neutron.db.segments_db [None req-d1c1c1d8-ea4a-4494-a81f-d2d0d2ee17a6 caf51bed8bb045bf83bed289a8d07529 dc7db9b88898430286696a4f2c38d6c1 - - - -] Added segment 15940b38-e62d-42b1-8b2d-c2b78873d3bb of type geneve for network da868733-e3e8-4ef1-bf24-6cca15ee5d66
2026-07-08 16:21:44.385 10 INFO neutron.db.ovn_revision_numbers_db [None req-d1c1c1d8-ea4a-4494-a81f-d2d0d2ee17a6 caf51bed8bb045bf83bed289a8d07529 dc7db9b88898430286696a4f2c38d6c1 - - - -] Successfully bumped revision number for resource da868733-e3e8-4ef1-bf24-6cca15ee5d66 (type: networks) to 1
2026-07-08 16:21:44.697 10 WARNING neutron.scheduler.dhcp_agent_scheduler [None req-d1c1c1d8-ea4a-4494-a81f-d2d0d2ee17a6 caf51bed8bb045bf83bed289a8d07529 dc7db9b88898430286696a4f2c38d6c1 - - - -] No more DHCP agents
2026-07-08 16:21:44.698 10 WARNING neutron.api.rpc.agentnotifiers.dhcp_rpc_agent_api [None req-d1c1c1d8-ea4a-4494-a81f-d2d0d2ee17a6 caf51bed8bb045bf83bed289a8d07529 dc7db9b88898430286696a4f2c38d6c1 - - - -] Unable to schedule network da868733-e3e8-4ef1-bf24-6cca15ee5d66: no agents available; will retry on subsequent port and subnet creation events.
2026-07-08 16:21:44.801 10 INFO neutron.db.ovn_revision_numbers_db [None req-d1c1c1d8-ea4a-4494-a81f-d2d0d2ee17a6 caf51bed8bb045bf83bed289a8d07529 dc7db9b88898430286696a4f2c38d6c1 - - - -] Successfully bumped revision number for resource 37ef8297-874e-456f-83f1-66566d8fc596 (type: ports) to 1
2026-07-08 16:21:44.825 10 INFO neutron.wsgi [None req-d1c1c1d8-ea4a-4494-a81f-d2d0d2ee17a6 caf51bed8bb045bf83bed289a8d07529 dc7db9b88898430286696a4f2c38d6c1 - - - -] 199.19.213.163 "POST /v2.0/networks HTTP/1.1" status: 201 len: 924 time: 0.7223833
2026-07-08 16:21:44.875 10 INFO neutron.wsgi [None req-d39d19c8-4a8d-4c3e-a82e-c56bfd7bea3f caf51bed8bb045bf83bed289a8d07529 dc7db9b88898430286696a4f2c38d6c1 - - 23621ad2b53d454e96a2cf15f2e7de13 23621ad2b53d454e96a2cf15f2e7de13] 199.19.213.163 "GET /v2.0/ports?device_id=manila-share&binding%3Ahost_id=instance HTTP/1.1" status: 200 len: 210 time: 0.0420163
2026-07-08 16:21:44.893 10 INFO neutron.wsgi [None req-d5fb3787-5aff-45ae-8bbf-72ba47996805 caf51bed8bb045bf83bed289a8d07529 dc7db9b88898430286696a4f2c38d6c1 - - 23621ad2b53d454e96a2cf15f2e7de13 23621ad2b53d454e96a2cf15f2e7de13] 199.19.213.163 "GET /v2.0/extensions HTTP/1.1" status: 200 len: 16525 time: 0.0087271
2026-07-08 16:21:45.137 10 WARNING neutron.scheduler.dhcp_agent_scheduler [None req-a4dbba04-6ec2-4059-b5b3-7ef246ab2350 caf51bed8bb045bf83bed289a8d07529 dc7db9b88898430286696a4f2c38d6c1 - - - -] No more DHCP agents
2026-07-08 16:21:45.141 10 WARNING neutron.api.rpc.agentnotifiers.dhcp_rpc_agent_api [None req-a4dbba04-6ec2-4059-b5b3-7ef246ab2350 caf51bed8bb045bf83bed289a8d07529 dc7db9b88898430286696a4f2c38d6c1 - - - -] Unable to schedule network da868733-e3e8-4ef1-bf24-6cca15ee5d66: no agents available; will retry on subsequent port and subnet creation events.
2026-07-08 16:21:45.202 10 INFO neutron.db.ovn_revision_numbers_db [None req-a4dbba04-6ec2-4059-b5b3-7ef246ab2350 caf51bed8bb045bf83bed289a8d07529 dc7db9b88898430286696a4f2c38d6c1 - - - -] Successfully bumped revision number for resource 7e559ccf-936a-4c66-a8ad-4000eb86c0f9 (type: ports) to 1
2026-07-08 16:21:45.349 10 INFO neutron.db.ovn_revision_numbers_db [None req-a4dbba04-6ec2-4059-b5b3-7ef246ab2350 caf51bed8bb045bf83bed289a8d07529 dc7db9b88898430286696a4f2c38d6c1 - - - -] Successfully bumped revision number for resource 7e559ccf-936a-4c66-a8ad-4000eb86c0f9 (type: ports) to 1
2026-07-08 16:21:45.374 10 INFO neutron.wsgi [None req-a4dbba04-6ec2-4059-b5b3-7ef246ab2350 caf51bed8bb045bf83bed289a8d07529 dc7db9b88898430286696a4f2c38d6c1 - - - -] 199.19.213.163 "POST /v2.0/ports HTTP/1.1" status: 201 len: 1096 time: 0.4759848
2026-07-08 16:21:45.428 10 INFO neutron.wsgi [None req-86bdbcad-093b-4d22-b073-018c11a83b64 caf51bed8bb045bf83bed289a8d07529 dc7db9b88898430286696a4f2c38d6c1 - - 23621ad2b53d454e96a2cf15f2e7de13 23621ad2b53d454e96a2cf15f2e7de13] 199.19.213.163 "GET /v2.0/networks/da868733-e3e8-4ef1-bf24-6cca15ee5d66 HTTP/1.1" status: 200 len: 906 time: 0.0450530
2026-07-08 16:21:46.224 10 INFO neutron.plugins.ml2.drivers.ovn.mech_driver.mech_driver [-] OVN reports status up for port: 7e559ccf-936a-4c66-a8ad-4000eb86c0f9
2026-07-08 16:21:46.234 10 INFO neutron.plugins.ml2.plugin [None req-ea1f4eae-111f-47cb-8abc-10c4d7819cea - - - - - -] Attempt 1 to provision port 7e559ccf-936a-4c66-a8ad-4000eb86c0f9
2026-07-08 16:21:46.465 10 INFO neutron.db.ovn_revision_numbers_db [None req-ea1f4eae-111f-47cb-8abc-10c4d7819cea - - - - - -] Successfully bumped revision number for resource 7e559ccf-936a-4c66-a8ad-4000eb86c0f9 (type: ports) to 3
2026-07-08 16:21:47.836 10 INFO neutron.wsgi [None req-12358817-e4a5-4b49-94a1-3cbc1316639f caf51bed8bb045bf83bed289a8d07529 dc7db9b88898430286696a4f2c38d6c1 - - 23621ad2b53d454e96a2cf15f2e7de13 23621ad2b53d454e96a2cf15f2e7de13] 199.19.213.163 "GET /v2.0/ports?device_id=manila-share&binding%3Ahost_id=instance HTTP/1.1" status: 200 len: 1124 time: 0.0399253
2026-07-08 16:21:47.879 9 INFO neutron.wsgi [-] 10.0.0.59 "GET / HTTP/1.1" status: 200 len: 247 time: 0.0023019
2026-07-08 16:21:47.886 9 INFO neutron.wsgi [-] 10.0.0.59 "GET / HTTP/1.1" status: 200 len: 247 time: 0.0053017
2026-07-08 16:21:47.895 10 INFO neutron.wsgi [None req-f659df18-ea17-4b7b-bba3-f0abbddb25ed caf51bed8bb045bf83bed289a8d07529 dc7db9b88898430286696a4f2c38d6c1 - - 23621ad2b53d454e96a2cf15f2e7de13 23621ad2b53d454e96a2cf15f2e7de13] 199.19.213.163 "GET /v2.0/networks/da868733-e3e8-4ef1-bf24-6cca15ee5d66 HTTP/1.1" status: 200 len: 906 time: 0.0514338
2026-07-08 16:21:59.565 10 INFO neutron.wsgi [None req-a1ac7e3d-0df8-41bf-82ca-8c2f11262ada 9cd5ec997f39428da6809704e177ebba 0209aba3cb54462dad77a8ef62be4cb9 - - default default] 199.19.213.163,10.0.0.59 "GET /v2.0/quotas/dc7db9b88898430286696a4f2c38d6c1 HTTP/1.1" status: 200 len: 362 time: 0.0123150
