2026-07-08 16:34:17.880 10 INFO neutron.wsgi [-] 10.0.0.59 "GET / HTTP/1.1" status: 200 len: 247 time: 0.0023248
2026-07-08 16:34:17.882 10 INFO neutron.wsgi [-] 10.0.0.59 "GET / HTTP/1.1" status: 200 len: 247 time: 0.0015008
2026-07-08 16:34:18.166 10 INFO neutron.wsgi [None req-6a399313-41f4-45d9-8559-6a981585879d 9cd5ec997f39428da6809704e177ebba 0209aba3cb54462dad77a8ef62be4cb9 - - default default] 199.19.213.163,10.0.0.59 "GET /v2.0/security-groups?tenant_id=0209aba3cb54462dad77a8ef62be4cb9 HTTP/1.1" status: 200 len: 10161 time: 0.0896306
2026-07-08 16:34:19.386 10 INFO neutron.wsgi [None req-4235f138-f5f6-4c32-a23a-6074a5ae9b47 9cd5ec997f39428da6809704e177ebba 0209aba3cb54462dad77a8ef62be4cb9 - - default default] 199.19.213.163,10.0.0.59 "GET /v2.0/security-groups HTTP/1.1" status: 200 len: 16803 time: 0.0979874
2026-07-08 16:34:19.441 10 INFO neutron.wsgi [None req-7394343a-6db8-420a-9dc6-efac33434976 9cd5ec997f39428da6809704e177ebba 0209aba3cb54462dad77a8ef62be4cb9 - - default default] 199.19.213.163,10.0.0.59 "GET /v2.0/ports HTTP/1.1" status: 200 len: 5255 time: 0.0485411
2026-07-08 16:34:26.029 10 INFO neutron.pecan_wsgi.hooks.translation [None req-d8865499-ec59-44d0-a29b-a26e8b27116d 9cd5ec997f39428da6809704e177ebba 0209aba3cb54462dad77a8ef62be4cb9 - - default default] GET failed (client error): The resource could not be found.
2026-07-08 16:34:26.030 10 INFO neutron.wsgi [None req-d8865499-ec59-44d0-a29b-a26e8b27116d 9cd5ec997f39428da6809704e177ebba 0209aba3cb54462dad77a8ef62be4cb9 - - default default] 199.19.213.163,10.0.0.59 "GET /v2.0/ports/octavia-health-manager-port-instance HTTP/1.1" status: 404 len: 314 time: 0.0677426
2026-07-08 16:34:26.066 10 INFO neutron.wsgi [None req-dccd8aa9-73db-43c0-b0af-908c3136a79f 9cd5ec997f39428da6809704e177ebba 0209aba3cb54462dad77a8ef62be4cb9 - - default default] 199.19.213.163,10.0.0.59 "GET /v2.0/ports?name=octavia-health-manager-port-instance HTTP/1.1" status: 200 len: 1351 time: 0.0304677
2026-07-08 16:34:27.476 9 INFO neutron.wsgi [None req-e35412b0-62a6-4a00-a8b4-d4b0230835eb 9cd5ec997f39428da6809704e177ebba 0209aba3cb54462dad77a8ef62be4cb9 - - default default] 199.19.213.163,10.0.0.59 "GET /v2.0/ports HTTP/1.1" status: 200 len: 5255 time: 0.1001947
2026-07-08 16:34:28.503 10 INFO neutron.wsgi [None req-3d47c949-91c3-45ed-affc-7fa98592815c 9cd5ec997f39428da6809704e177ebba 0209aba3cb54462dad77a8ef62be4cb9 - - default default] 199.19.213.163,10.0.0.59 "GET /v2.0/security-groups?tenant_id=0209aba3cb54462dad77a8ef62be4cb9 HTTP/1.1" status: 200 len: 10161 time: 0.0897717
2026-07-08 16:34:29.442 10 INFO neutron.wsgi [None req-d3dafa76-9777-4818-88c2-fde2ee3d3596 9cd5ec997f39428da6809704e177ebba 0209aba3cb54462dad77a8ef62be4cb9 - - default default] 199.19.213.163,10.0.0.59 "GET /v2.0/security-groups?tenant_id=0209aba3cb54462dad77a8ef62be4cb9 HTTP/1.1" status: 200 len: 10161 time: 0.0775771
2026-07-08 16:34:30.330 10 INFO neutron.wsgi [None req-6065c9b8-4f53-4100-8cb5-a6c776ce6e84 9cd5ec997f39428da6809704e177ebba 0209aba3cb54462dad77a8ef62be4cb9 - - default default] 199.19.213.163,10.0.0.59 "GET /v2.0/security-groups?tenant_id=0209aba3cb54462dad77a8ef62be4cb9 HTTP/1.1" status: 200 len: 10161 time: 0.0860782
2026-07-08 16:34:32.878 10 INFO neutron.wsgi [-] 10.0.0.59 "GET / HTTP/1.1" status: 200 len: 247 time: 0.0017138
2026-07-08 16:34:32.879 9 INFO neutron.wsgi [-] 10.0.0.59 "GET / HTTP/1.1" status: 200 len: 247 time: 0.0023417
2026-07-08 16:34:41.415 9 INFO neutron.wsgi [None req-7686f97b-c26a-4c8f-9f2c-c4e15e0a5963 9cd5ec997f39428da6809704e177ebba 0209aba3cb54462dad77a8ef62be4cb9 - - default default] 199.19.213.163,10.0.0.59 "GET /v2.0/quotas/0209aba3cb54462dad77a8ef62be4cb9 HTTP/1.1" status: 200 len: 361 time: 0.0145235
2026-07-08 16:34:47.879 9 INFO neutron.wsgi [-] 10.0.0.59 "GET / HTTP/1.1" status: 200 len: 247 time: 0.0016913
2026-07-08 16:34:47.880 10 INFO neutron.wsgi [-] 10.0.0.59 "GET / HTTP/1.1" status: 200 len: 247 time: 0.0031912
2026-07-08 16:35:02.879 9 INFO neutron.wsgi [-] 10.0.0.59 "GET / HTTP/1.1" status: 200 len: 247 time: 0.0022724
2026-07-08 16:35:02.882 9 INFO neutron.wsgi [-] 10.0.0.59 "GET / HTTP/1.1" status: 200 len: 247 time: 0.0017104
2026-07-08 16:35:12.172 9 INFO neutron.wsgi [None req-5b8ffd85-17e8-4aa9-9c6d-a9fba726a8bf 9cd5ec997f39428da6809704e177ebba 0209aba3cb54462dad77a8ef62be4cb9 - - default default] 10.0.0.108 "GET /v2.0/floatingips HTTP/1.1" status: 200 len: 193 time: 0.0709178
2026-07-08 16:35:12.320 9 INFO neutron.wsgi [None req-03bc3aca-9bec-4e4b-8ee5-edf90cd449a6 9cd5ec997f39428da6809704e177ebba 0209aba3cb54462dad77a8ef62be4cb9 - - default default] 10.0.0.108 "GET /v2.0/networks HTTP/1.1" status: 200 len: 2349 time: 0.1467702
2026-07-08 16:35:12.382 9 INFO neutron.wsgi [None req-1ef06de0-e0cc-4cbf-a92a-6f3acbcf3c4d 9cd5ec997f39428da6809704e177ebba 0209aba3cb54462dad77a8ef62be4cb9 - - default default] 10.0.0.108 "GET /v2.0/security-groups HTTP/1.1" status: 200 len: 16803 time: 0.0601881
2026-07-08 16:35:12.417 9 INFO neutron.wsgi [None req-fc7442b1-6ead-489d-b706-6870541277c8 9cd5ec997f39428da6809704e177ebba 0209aba3cb54462dad77a8ef62be4cb9 - - default default] 10.0.0.108 "GET /v2.0/ports HTTP/1.1" status: 200 len: 5255 time: 0.0290856
2026-07-08 16:35:12.435 9 INFO neutron.wsgi [None req-03f64637-5549-4ea8-95f2-b84f93229bf9 9cd5ec997f39428da6809704e177ebba 0209aba3cb54462dad77a8ef62be4cb9 - - default default] 10.0.0.108 "GET /v2.0/network-ip-availabilities HTTP/1.1" status: 200 len: 1280 time: 0.0138757
2026-07-08 16:35:12.465 9 INFO neutron.wsgi [None req-2155b7d1-a357-419a-be4e-4d494480f5d9 9cd5ec997f39428da6809704e177ebba 0209aba3cb54462dad77a8ef62be4cb9 - - default default] 10.0.0.108 "GET /v2.0/subnets HTTP/1.1" status: 200 len: 1437 time: 0.0290380
2026-07-08 16:35:12.482 9 INFO neutron.wsgi [None req-6b5205c6-dd17-4d64-82b8-d2667aa0d8b5 9cd5ec997f39428da6809704e177ebba 0209aba3cb54462dad77a8ef62be4cb9 - - default default] 10.0.0.108 "GET /v2.0/subnetpools HTTP/1.1" status: 200 len: 193 time: 0.0148427
2026-07-08 16:35:12.509 9 INFO neutron.wsgi [None req-4ce23643-625f-4775-922a-6cc527dde786 9cd5ec997f39428da6809704e177ebba 0209aba3cb54462dad77a8ef62be4cb9 - - default default] 10.0.0.108 "GET /v2.0/agents HTTP/1.1" status: 200 len: 997 time: 0.0270078
2026-07-08 16:35:12.541 9 INFO neutron.wsgi [None req-61c514d5-b47b-456a-b22a-07590bad22da 9cd5ec997f39428da6809704e177ebba 0209aba3cb54462dad77a8ef62be4cb9 - - default default] 10.0.0.108 "GET /v2.0/subnets HTTP/1.1" status: 200 len: 1437 time: 0.0296569
2026-07-08 16:35:12.570 9 INFO neutron.wsgi [None req-1716e6ba-aa78-421e-829e-25eef8ff732a 9cd5ec997f39428da6809704e177ebba 0209aba3cb54462dad77a8ef62be4cb9 - - default default] 10.0.0.108 "GET /v2.0/routers HTTP/1.1" status: 200 len: 189 time: 0.0274839
2026-07-08 16:35:12.580 9 INFO neutron.wsgi [None req-17c1e753-df8e-448f-bc80-735b6abab97d 9cd5ec997f39428da6809704e177ebba 0209aba3cb54462dad77a8ef62be4cb9 - - default default] 10.0.0.108 "GET /v2.0/agents?binary=ovn-controller HTTP/1.1" status: 200 len: 591 time: 0.0092969
2026-07-08 16:35:17.879 10 INFO neutron.wsgi [-] 10.0.0.59 "GET / HTTP/1.1" status: 200 len: 247 time: 0.0018065
2026-07-08 16:35:17.881 9 INFO neutron.wsgi [-] 10.0.0.59 "GET / HTTP/1.1" status: 200 len: 247 time: 0.0033252
2026-07-08 16:35:32.880 9 INFO neutron.wsgi [-] 10.0.0.59 "GET / HTTP/1.1" status: 200 len: 247 time: 0.0025628
2026-07-08 16:35:32.883 10 INFO neutron.wsgi [-] 10.0.0.59 "GET / HTTP/1.1" status: 200 len: 247 time: 0.0043395
2026-07-08 16:35:35.908 9 INFO neutron.wsgi [None req-904cd5d1-2b5d-482d-a663-c71df8d5ff9b 9cd5ec997f39428da6809704e177ebba 0209aba3cb54462dad77a8ef62be4cb9 - - default default] 199.19.213.163,10.0.0.59 "GET /v2.0/security-groups?tenant_id=dc7db9b88898430286696a4f2c38d6c1 HTTP/1.1" status: 200 len: 6838 time: 0.1222489
2026-07-08 16:35:36.867 9 INFO neutron.wsgi [None req-7a49b4ac-8079-4de3-a86f-e5f05a901cc4 9cd5ec997f39428da6809704e177ebba 0209aba3cb54462dad77a8ef62be4cb9 - - default default] 199.19.213.163,10.0.0.59 "GET /v2.0/security-groups?tenant_id=dc7db9b88898430286696a4f2c38d6c1 HTTP/1.1" status: 200 len: 6838 time: 0.0794063
2026-07-08 16:35:37.751 9 INFO neutron.wsgi [None req-d016da95-6ca6-4531-8a64-f24b2f52499d 9cd5ec997f39428da6809704e177ebba 0209aba3cb54462dad77a8ef62be4cb9 - - default default] 199.19.213.163,10.0.0.59 "GET /v2.0/security-groups?tenant_id=dc7db9b88898430286696a4f2c38d6c1 HTTP/1.1" status: 200 len: 6838 time: 0.0807042
2026-07-08 16:35:38.687 9 INFO neutron.wsgi [None req-70d7ba0f-8471-4b01-8183-7b0387c436d0 9cd5ec997f39428da6809704e177ebba 0209aba3cb54462dad77a8ef62be4cb9 - - default default] 199.19.213.163,10.0.0.59 "GET /v2.0/security-groups?tenant_id=dc7db9b88898430286696a4f2c38d6c1 HTTP/1.1" status: 200 len: 6838 time: 0.0895762
2026-07-08 16:35:39.654 10 INFO neutron.wsgi [None req-005b838f-e438-44c7-a35e-9f353e2827eb 9cd5ec997f39428da6809704e177ebba 0209aba3cb54462dad77a8ef62be4cb9 - - default default] 199.19.213.163,10.0.0.59 "GET /v2.0/security-groups?tenant_id=dc7db9b88898430286696a4f2c38d6c1 HTTP/1.1" status: 200 len: 6838 time: 0.0811570
2026-07-08 16:35:47.033 9 INFO neutron.wsgi [None req-2a1aa6bf-0975-4186-b6bc-fb53a85742f5 9cd5ec997f39428da6809704e177ebba 0209aba3cb54462dad77a8ef62be4cb9 - - default default] 199.19.213.163,10.0.0.59 "GET /v2.0/quotas/dc7db9b88898430286696a4f2c38d6c1 HTTP/1.1" status: 200 len: 361 time: 0.0129402
2026-07-08 16:35:47.879 10 INFO neutron.wsgi [-] 10.0.0.59 "GET / HTTP/1.1" status: 200 len: 247 time: 0.0017843
2026-07-08 16:35:47.881 9 INFO neutron.wsgi [-] 10.0.0.59 "GET / HTTP/1.1" status: 200 len: 247 time: 0.0032556
2026-07-08 16:36:02.881 9 INFO neutron.wsgi [-] 10.0.0.59 "GET / HTTP/1.1" status: 200 len: 247 time: 0.0033834
2026-07-08 16:36:02.885 9 INFO neutron.wsgi [-] 10.0.0.59 "GET / HTTP/1.1" status: 200 len: 247 time: 0.0030313
2026-07-08 16:36:12.204 9 INFO neutron.wsgi [None req-d09c8c58-d421-4482-8814-17ffc9ec0038 9cd5ec997f39428da6809704e177ebba 0209aba3cb54462dad77a8ef62be4cb9 - - default default] 10.0.0.108 "GET /v2.0/ports HTTP/1.1" status: 200 len: 5255 time: 0.0811961
2026-07-08 16:36:12.243 9 INFO neutron.wsgi [None req-b009a318-9dcf-4e7d-a502-e603f13c627c 9cd5ec997f39428da6809704e177ebba 0209aba3cb54462dad77a8ef62be4cb9 - - default default] 10.0.0.108 "GET /v2.0/subnets HTTP/1.1" status: 200 len: 1437 time: 0.0351868
2026-07-08 16:36:12.255 9 INFO neutron.wsgi [None req-4e84e1f0-8f65-438d-9441-560134f6b3be 9cd5ec997f39428da6809704e177ebba 0209aba3cb54462dad77a8ef62be4cb9 - - default default] 10.0.0.108 "GET /v2.0/subnetpools HTTP/1.1" status: 200 len: 193 time: 0.0107534
2026-07-08 16:36:12.281 9 INFO neutron.wsgi [None req-80cffd0d-d5ab-4da6-82d6-9c8aa58cac6d 9cd5ec997f39428da6809704e177ebba 0209aba3cb54462dad77a8ef62be4cb9 - - default default] 10.0.0.108 "GET /v2.0/floatingips HTTP/1.1" status: 200 len: 193 time: 0.0253530
2026-07-08 16:36:12.334 9 INFO neutron.wsgi [None req-d77a578a-ea7d-4632-928d-365e793b42e9 9cd5ec997f39428da6809704e177ebba 0209aba3cb54462dad77a8ef62be4cb9 - - default default] 10.0.0.108 "GET /v2.0/networks HTTP/1.1" status: 200 len: 2349 time: 0.0515001
2026-07-08 16:36:12.395 9 INFO neutron.wsgi [None req-5a3e378e-a4a8-4e0f-81f0-5865ba731533 9cd5ec997f39428da6809704e177ebba 0209aba3cb54462dad77a8ef62be4cb9 - - default default] 10.0.0.108 "GET /v2.0/security-groups HTTP/1.1" status: 200 len: 16803 time: 0.0562942
2026-07-08 16:36:12.425 9 INFO neutron.wsgi [None req-39c7a8a5-2971-474a-b0cb-e3bca06be93f 9cd5ec997f39428da6809704e177ebba 0209aba3cb54462dad77a8ef62be4cb9 - - default default] 10.0.0.108 "GET /v2.0/subnets HTTP/1.1" status: 200 len: 1437 time: 0.0273058
2026-07-08 16:36:12.448 9 INFO neutron.wsgi [None req-ecf3e456-e258-4e94-becc-79b937a8d2a1 9cd5ec997f39428da6809704e177ebba 0209aba3cb54462dad77a8ef62be4cb9 - - default default] 10.0.0.108 "GET /v2.0/routers HTTP/1.1" status: 200 len: 189 time: 0.0215037
2026-07-08 16:36:12.473 9 INFO neutron.wsgi [None req-0ecbcc20-eb79-467e-9224-8303594d3b66 9cd5ec997f39428da6809704e177ebba 0209aba3cb54462dad77a8ef62be4cb9 - - default default] 10.0.0.108 "GET /v2.0/agents?binary=ovn-controller HTTP/1.1" status: 200 len: 591 time: 0.0248866
2026-07-08 16:36:12.483 9 INFO neutron.wsgi [None req-b363fbf8-c70d-4641-930e-fe250e905137 9cd5ec997f39428da6809704e177ebba 0209aba3cb54462dad77a8ef62be4cb9 - - default default] 10.0.0.108 "GET /v2.0/agents HTTP/1.1" status: 200 len: 997 time: 0.0088758
2026-07-08 16:36:12.493 9 INFO neutron.wsgi [None req-9851317c-83b7-4fe6-b823-ed7cd6f0dc3d 9cd5ec997f39428da6809704e177ebba 0209aba3cb54462dad77a8ef62be4cb9 - - default default] 10.0.0.108 "GET /v2.0/network-ip-availabilities HTTP/1.1" status: 200 len: 1280 time: 0.0089128
2026-07-08 16:36:17.879 10 INFO neutron.wsgi [-] 10.0.0.59 "GET / HTTP/1.1" status: 200 len: 247 time: 0.0017364
2026-07-08 16:36:17.881 9 INFO neutron.wsgi [-] 10.0.0.59 "GET / HTTP/1.1" status: 200 len: 247 time: 0.0034871
2026-07-08 16:36:32.879 9 INFO neutron.wsgi [-] 10.0.0.59 "GET / HTTP/1.1" status: 200 len: 247 time: 0.0016909
2026-07-08 16:36:32.881 10 INFO neutron.wsgi [-] 10.0.0.59 "GET / HTTP/1.1" status: 200 len: 247 time: 0.0030818
2026-07-08 16:36:42.100 9 INFO neutron.wsgi [None req-6d097778-4662-45a6-80b2-46dc8fac3e33 9cd5ec997f39428da6809704e177ebba 0209aba3cb54462dad77a8ef62be4cb9 - - default default] 199.19.213.163,10.0.0.59 "GET /v2.0/networks HTTP/1.1" status: 200 len: 2349 time: 0.1016605
2026-07-08 16:36:47.879 10 INFO neutron.wsgi [-] 10.0.0.59 "GET / HTTP/1.1" status: 200 len: 247 time: 0.0025811
2026-07-08 16:36:47.879 9 INFO neutron.wsgi [-] 10.0.0.59 "GET / HTTP/1.1" status: 200 len: 247 time: 0.0028930
2026-07-08 16:37:02.879 10 INFO neutron.wsgi [-] 10.0.0.59 "GET / HTTP/1.1" status: 200 len: 247 time: 0.0016670
2026-07-08 16:37:02.882 10 INFO neutron.wsgi [-] 10.0.0.59 "GET / HTTP/1.1" status: 200 len: 247 time: 0.0014224
2026-07-08 16:37:12.388 9 INFO neutron.wsgi [None req-6e99bf64-246a-4a3b-b986-b469eb547d59 9cd5ec997f39428da6809704e177ebba 0209aba3cb54462dad77a8ef62be4cb9 - - default default] 10.0.0.108 "GET /v2.0/routers HTTP/1.1" status: 200 len: 189 time: 0.1531210
2026-07-08 16:37:12.423 9 INFO neutron.wsgi [None req-652a024f-b8ba-429f-abe3-49e1bf0f3ec2 9cd5ec997f39428da6809704e177ebba 0209aba3cb54462dad77a8ef62be4cb9 - - default default] 10.0.0.108 "GET /v2.0/agents?binary=ovn-controller HTTP/1.1" status: 200 len: 591 time: 0.0337627
2026-07-08 16:37:12.457 9 INFO neutron.wsgi [None req-edbe6411-86c7-4979-bab5-368495e3406c 9cd5ec997f39428da6809704e177ebba 0209aba3cb54462dad77a8ef62be4cb9 - - default default] 10.0.0.108 "GET /v2.0/subnets HTTP/1.1" status: 200 len: 1437 time: 0.0332816
2026-07-08 16:37:12.485 9 INFO neutron.wsgi [None req-917d83d5-a5dd-4ead-8ca5-607e730b69bc 9cd5ec997f39428da6809704e177ebba 0209aba3cb54462dad77a8ef62be4cb9 - - default default] 10.0.0.108 "GET /v2.0/subnetpools HTTP/1.1" status: 200 len: 193 time: 0.0259533
2026-07-08 16:37:12.547 9 INFO neutron.wsgi [None req-302fdc71-4061-4c84-b646-52935cf64eab 9cd5ec997f39428da6809704e177ebba 0209aba3cb54462dad77a8ef62be4cb9 - - default default] 10.0.0.108 "GET /v2.0/networks HTTP/1.1" status: 200 len: 2349 time: 0.0610230
2026-07-08 16:37:12.640 9 INFO neutron.wsgi [None req-d5ae9024-2467-4500-9617-f12b1b63c5e5 9cd5ec997f39428da6809704e177ebba 0209aba3cb54462dad77a8ef62be4cb9 - - default default] 10.0.0.108 "GET /v2.0/security-groups HTTP/1.1" status: 200 len: 16803 time: 0.0890129
2026-07-08 16:37:12.653 9 INFO neutron.wsgi [None req-5530d901-04de-4e67-8786-1abb66d22f69 9cd5ec997f39428da6809704e177ebba 0209aba3cb54462dad77a8ef62be4cb9 - - default default] 10.0.0.108 "GET /v2.0/network-ip-availabilities HTTP/1.1" status: 200 len: 1280 time: 0.0105720
2026-07-08 16:37:12.688 9 INFO neutron.wsgi [None req-16d9148a-5a06-4e07-ba3c-d94faf02bd69 9cd5ec997f39428da6809704e177ebba 0209aba3cb54462dad77a8ef62be4cb9 - - default default] 10.0.0.108 "GET /v2.0/ports HTTP/1.1" status: 200 len: 5255 time: 0.0341635
2026-07-08 16:37:12.714 9 INFO neutron.wsgi [None req-674420aa-782c-4c6f-8f83-e4d0880d7006 9cd5ec997f39428da6809704e177ebba 0209aba3cb54462dad77a8ef62be4cb9 - - default default] 10.0.0.108 "GET /v2.0/floatingips HTTP/1.1" status: 200 len: 193 time: 0.0218017
2026-07-08 16:37:12.728 9 INFO neutron.wsgi [None req-ddfbb71b-5982-4e50-a9d8-1befd9275390 9cd5ec997f39428da6809704e177ebba 0209aba3cb54462dad77a8ef62be4cb9 - - default default] 10.0.0.108 "GET /v2.0/agents HTTP/1.1" status: 200 len: 997 time: 0.0133631
2026-07-08 16:37:12.755 9 INFO neutron.wsgi [None req-0dbd02ca-40a3-4df6-b9e2-9eebbc982edb 9cd5ec997f39428da6809704e177ebba 0209aba3cb54462dad77a8ef62be4cb9 - - default default] 10.0.0.108 "GET /v2.0/subnets HTTP/1.1" status: 200 len: 1437 time: 0.0262365
2026-07-08 16:37:17.880 9 INFO neutron.wsgi [-] 10.0.0.59 "GET / HTTP/1.1" status: 200 len: 247 time: 0.0026512
2026-07-08 16:37:17.880 10 INFO neutron.wsgi [-] 10.0.0.59 "GET / HTTP/1.1" status: 200 len: 247 time: 0.0042121
2026-07-08 16:37:21.983 9 INFO neutron.wsgi [None req-3ca833e8-6a86-4942-96ea-f9d6354af6d0 9cd5ec997f39428da6809704e177ebba 0209aba3cb54462dad77a8ef62be4cb9 - - default default] 10.0.0.81 "GET /v2.0/networks HTTP/1.1" status: 200 len: 2368 time: 0.1203990
2026-07-08 16:37:23.191 10 INFO neutron.wsgi [None req-66c6c761-b494-4237-97d4-afa7f5ace172 9cd5ec997f39428da6809704e177ebba 0209aba3cb54462dad77a8ef62be4cb9 - - default default] 10.0.0.81 "GET /v2.0/floatingips HTTP/1.1" status: 200 len: 212 time: 0.0433385
2026-07-08 16:37:23.229 10 INFO neutron.wsgi [None req-5cd1e1c8-1181-4326-8c5b-6322dfe972ef 9cd5ec997f39428da6809704e177ebba 0209aba3cb54462dad77a8ef62be4cb9 - - default default] 10.0.0.81 "GET /v2.0/routers HTTP/1.1" status: 200 len: 208 time: 0.0333323
2026-07-08 16:37:23.264 10 INFO neutron.wsgi [None req-68c87101-d6bb-4558-b662-d9ebf0a88f49 9cd5ec997f39428da6809704e177ebba 0209aba3cb54462dad77a8ef62be4cb9 - - default default] 10.0.0.81 "GET /v2.0/ports HTTP/1.1" status: 200 len: 5274 time: 0.0302725
2026-07-08 16:37:23.300 9 INFO neutron.wsgi [None req-75c9156e-93f8-4654-8d08-13eabd2bf126 9cd5ec997f39428da6809704e177ebba 0209aba3cb54462dad77a8ef62be4cb9 - - default default] 10.0.0.81 "GET /v2.0/subnets HTTP/1.1" status: 200 len: 1456 time: 0.0299563
2026-07-08 16:37:23.360 9 INFO neutron.wsgi [None req-9caf64cc-1451-46ba-87fb-e1a42053a7bf 9cd5ec997f39428da6809704e177ebba 0209aba3cb54462dad77a8ef62be4cb9 - - default default] 10.0.0.81 "GET /v2.0/networks HTTP/1.1" status: 200 len: 2368 time: 0.0555339
2026-07-08 16:37:23.416 9 INFO neutron.wsgi [None req-63e07a27-0a43-4e6c-b51b-990b3aa96597 9cd5ec997f39428da6809704e177ebba 0209aba3cb54462dad77a8ef62be4cb9 - - default default] 10.0.0.81 "GET /v2.0/security-groups HTTP/1.1" status: 200 len: 16822 time: 0.0512447
2026-07-08 16:37:23.431 9 INFO neutron.wsgi [None req-58caa8c7-9ed3-4230-ac28-2349d8ef72e2 9cd5ec997f39428da6809704e177ebba 0209aba3cb54462dad77a8ef62be4cb9 - - default default] 10.0.0.81 "GET /v2.0/subnetpools HTTP/1.1" status: 200 len: 212 time: 0.0104983
2026-07-08 16:37:32.879 9 INFO neutron.wsgi [-] 10.0.0.59 "GET / HTTP/1.1" status: 200 len: 247 time: 0.0018744
2026-07-08 16:37:32.879 10 INFO neutron.wsgi [-] 10.0.0.59 "GET / HTTP/1.1" status: 200 len: 247 time: 0.0019658
2026-07-08 16:37:34.688 9 INFO neutron.db.ovn_revision_numbers_db [None req-33ab279c-6126-4b5f-94df-f4b39adcdfe9 9cd5ec997f39428da6809704e177ebba 0209aba3cb54462dad77a8ef62be4cb9 - - - -] Successfully bumped revision number for resource 603d8f20-3179-410a-b1ae-3c66197fac92 (type: security_groups) to 1
2026-07-08 16:37:34.711 10 INFO neutron.db.ovn_revision_numbers_db [None req-75340cc3-8f61-4369-a594-07a9ae4bf83a 9cd5ec997f39428da6809704e177ebba 0209aba3cb54462dad77a8ef62be4cb9 - - - -] Successfully bumped revision number for resource bdf496ce-23ca-451c-b2b0-e1ffab82048f (type: security_groups) to 1
2026-07-08 16:37:34.769 9 INFO neutron.db.segments_db [None req-33ab279c-6126-4b5f-94df-f4b39adcdfe9 9cd5ec997f39428da6809704e177ebba 0209aba3cb54462dad77a8ef62be4cb9 - - - -] Added segment 6cc3b3f6-e46b-4036-9fea-9bae052ff56b of type geneve for network 6edec9a4-7671-494d-8750-fd7abe6a0639
2026-07-08 16:37:34.780 10 INFO neutron.db.segments_db [None req-75340cc3-8f61-4369-a594-07a9ae4bf83a 9cd5ec997f39428da6809704e177ebba 0209aba3cb54462dad77a8ef62be4cb9 - - - -] Added segment d7a7c84d-b048-45a2-8adf-f31ae804e0d7 of type geneve for network 63d28a13-5ced-4583-bc12-6a87f12bc97c
2026-07-08 16:37:34.862 9 INFO neutron.db.ovn_revision_numbers_db [None req-dfae93fe-5ac0-44d8-9e24-5bfdf7e357c6 9cd5ec997f39428da6809704e177ebba 0209aba3cb54462dad77a8ef62be4cb9 - - - -] Successfully bumped revision number for resource becd8a39-090c-44ef-b585-f8d34f9b390b (type: security_groups) to 1
2026-07-08 16:37:34.924 10 INFO neutron.db.ovn_revision_numbers_db [None req-75340cc3-8f61-4369-a594-07a9ae4bf83a 9cd5ec997f39428da6809704e177ebba 0209aba3cb54462dad77a8ef62be4cb9 - - - -] Successfully bumped revision number for resource 63d28a13-5ced-4583-bc12-6a87f12bc97c (type: networks) to 1
2026-07-08 16:37:34.927 9 INFO neutron.db.ovn_revision_numbers_db [None req-33ab279c-6126-4b5f-94df-f4b39adcdfe9 9cd5ec997f39428da6809704e177ebba 0209aba3cb54462dad77a8ef62be4cb9 - - - -] Successfully bumped revision number for resource 6edec9a4-7671-494d-8750-fd7abe6a0639 (type: networks) to 1
2026-07-08 16:37:34.944 9 INFO neutron.db.segments_db [None req-dfae93fe-5ac0-44d8-9e24-5bfdf7e357c6 9cd5ec997f39428da6809704e177ebba 0209aba3cb54462dad77a8ef62be4cb9 - - - -] Added segment 4b919b3d-7af7-4941-a628-b398dbc02431 of type geneve for network 60fb76df-5cee-4a98-916d-1202861b8196
2026-07-08 16:37:35.131 10 WARNING neutron.scheduler.dhcp_agent_scheduler [None req-75340cc3-8f61-4369-a594-07a9ae4bf83a 9cd5ec997f39428da6809704e177ebba 0209aba3cb54462dad77a8ef62be4cb9 - - - -] No more DHCP agents
2026-07-08 16:37:35.132 10 WARNING neutron.api.rpc.agentnotifiers.dhcp_rpc_agent_api [None req-75340cc3-8f61-4369-a594-07a9ae4bf83a 9cd5ec997f39428da6809704e177ebba 0209aba3cb54462dad77a8ef62be4cb9 - - - -] Unable to schedule network 63d28a13-5ced-4583-bc12-6a87f12bc97c: no agents available; will retry on subsequent port and subnet creation events.
2026-07-08 16:37:35.137 9 INFO neutron.db.ovn_revision_numbers_db [None req-dfae93fe-5ac0-44d8-9e24-5bfdf7e357c6 9cd5ec997f39428da6809704e177ebba 0209aba3cb54462dad77a8ef62be4cb9 - - - -] Successfully bumped revision number for resource 60fb76df-5cee-4a98-916d-1202861b8196 (type: networks) to 1
2026-07-08 16:37:35.193 9 WARNING neutron.scheduler.dhcp_agent_scheduler [None req-33ab279c-6126-4b5f-94df-f4b39adcdfe9 9cd5ec997f39428da6809704e177ebba 0209aba3cb54462dad77a8ef62be4cb9 - - - -] No more DHCP agents
2026-07-08 16:37:35.209 10 INFO neutron.db.ovn_revision_numbers_db [None req-75340cc3-8f61-4369-a594-07a9ae4bf83a 9cd5ec997f39428da6809704e177ebba 0209aba3cb54462dad77a8ef62be4cb9 - - - -] Successfully bumped revision number for resource 6c4c1902-967d-4113-b01c-9fd5317679c8 (type: ports) to 1
2026-07-08 16:37:35.211 9 WARNING neutron.api.rpc.agentnotifiers.dhcp_rpc_agent_api [None req-33ab279c-6126-4b5f-94df-f4b39adcdfe9 9cd5ec997f39428da6809704e177ebba 0209aba3cb54462dad77a8ef62be4cb9 - - - -] Unable to schedule network 6edec9a4-7671-494d-8750-fd7abe6a0639: no agents available; will retry on subsequent port and subnet creation events.
2026-07-08 16:37:35.226 10 INFO neutron.wsgi [None req-75340cc3-8f61-4369-a594-07a9ae4bf83a 9cd5ec997f39428da6809704e177ebba 0209aba3cb54462dad77a8ef62be4cb9 - - - -] 10.0.0.81 "POST /v2.0/networks HTTP/1.1" status: 201 len: 953 time: 0.7614484
2026-07-08 16:37:35.435 10 WARNING neutron.scheduler.dhcp_agent_scheduler [None req-73832539-e730-408e-b7d9-16c731fb39aa 9cd5ec997f39428da6809704e177ebba 0209aba3cb54462dad77a8ef62be4cb9 - - - -] No more DHCP agents
2026-07-08 16:37:35.439 10 WARNING neutron.api.rpc.agentnotifiers.dhcp_rpc_agent_api [None req-73832539-e730-408e-b7d9-16c731fb39aa 9cd5ec997f39428da6809704e177ebba 0209aba3cb54462dad77a8ef62be4cb9 - - - -] Unable to schedule network 63d28a13-5ced-4583-bc12-6a87f12bc97c: no agents available; will retry on subsequent port and subnet creation events.
2026-07-08 16:37:35.440 9 INFO neutron.db.ovn_revision_numbers_db [None req-33ab279c-6126-4b5f-94df-f4b39adcdfe9 9cd5ec997f39428da6809704e177ebba 0209aba3cb54462dad77a8ef62be4cb9 - - - -] Successfully bumped revision number for resource c02553a7-8b6e-417c-be1f-5c846cae5267 (type: ports) to 1
2026-07-08 16:37:35.442 9 INFO neutron.db.ovn_revision_numbers_db [None req-890c85e1-01ea-4574-94fb-14716e048fc0 9cd5ec997f39428da6809704e177ebba 0209aba3cb54462dad77a8ef62be4cb9 - - default default] Successfully bumped revision number for resource 7989789b-0837-40d2-af2e-35fbc09b107d (type: security_groups) to 1
2026-07-08 16:37:35.487 9 INFO neutron.wsgi [None req-890c85e1-01ea-4574-94fb-14716e048fc0 9cd5ec997f39428da6809704e177ebba 0209aba3cb54462dad77a8ef62be4cb9 - - default default] 10.0.0.81 "GET /v2.0/security-groups?tenant_id=b4db57a08d4a48aeb9b0747ac15f0783&name=default HTTP/1.1" status: 200 len: 2992 time: 0.4979939
2026-07-08 16:37:35.493 9 INFO neutron.wsgi [None req-33ab279c-6126-4b5f-94df-f4b39adcdfe9 9cd5ec997f39428da6809704e177ebba 0209aba3cb54462dad77a8ef62be4cb9 - - - -] 10.0.0.81 "POST /v2.0/networks HTTP/1.1" status: 201 len: 950 time: 1.0363142
2026-07-08 16:37:35.540 9 WARNING neutron.scheduler.dhcp_agent_scheduler [None req-dfae93fe-5ac0-44d8-9e24-5bfdf7e357c6 9cd5ec997f39428da6809704e177ebba 0209aba3cb54462dad77a8ef62be4cb9 - - - -] No more DHCP agents
2026-07-08 16:37:35.542 9 WARNING neutron.api.rpc.agentnotifiers.dhcp_rpc_agent_api [None req-dfae93fe-5ac0-44d8-9e24-5bfdf7e357c6 9cd5ec997f39428da6809704e177ebba 0209aba3cb54462dad77a8ef62be4cb9 - - - -] Unable to schedule network 60fb76df-5cee-4a98-916d-1202861b8196: no agents available; will retry on subsequent port and subnet creation events.
2026-07-08 16:37:35.650 9 INFO neutron.db.ovn_revision_numbers_db [None req-dfae93fe-5ac0-44d8-9e24-5bfdf7e357c6 9cd5ec997f39428da6809704e177ebba 0209aba3cb54462dad77a8ef62be4cb9 - - - -] Successfully bumped revision number for resource 7ff28d58-df49-462b-8383-8afcd3ebed9d (type: ports) to 1
2026-07-08 16:37:35.688 9 INFO neutron.wsgi [None req-dfae93fe-5ac0-44d8-9e24-5bfdf7e357c6 9cd5ec997f39428da6809704e177ebba 0209aba3cb54462dad77a8ef62be4cb9 - - - -] 10.0.0.81 "POST /v2.0/networks HTTP/1.1" status: 201 len: 945 time: 1.2058656
2026-07-08 16:37:35.735 9 WARNING neutron.scheduler.dhcp_agent_scheduler [None req-2a086671-144a-4410-beb2-c2c9b006753e 9cd5ec997f39428da6809704e177ebba 0209aba3cb54462dad77a8ef62be4cb9 - - - -] No more DHCP agents
2026-07-08 16:37:35.741 9 WARNING neutron.api.rpc.agentnotifiers.dhcp_rpc_agent_api [None req-2a086671-144a-4410-beb2-c2c9b006753e 9cd5ec997f39428da6809704e177ebba 0209aba3cb54462dad77a8ef62be4cb9 - - - -] Unable to schedule network 6edec9a4-7671-494d-8750-fd7abe6a0639: no agents available; will retry on subsequent port and subnet creation events.
2026-07-08 16:37:35.910 10 INFO neutron.wsgi [None req-30466f6b-848d-4f74-abdf-9f6afb538485 9cd5ec997f39428da6809704e177ebba 0209aba3cb54462dad77a8ef62be4cb9 - - - -] 10.0.0.81 "DELETE /v2.0/security-groups/7989789b-0837-40d2-af2e-35fbc09b107d HTTP/1.1" status: 204 len: 168 time: 0.4171562
2026-07-08 16:37:35.967 9 WARNING neutron.scheduler.dhcp_agent_scheduler [None req-07e4d233-2a0e-4f18-9047-a7a62e0646f6 9cd5ec997f39428da6809704e177ebba 0209aba3cb54462dad77a8ef62be4cb9 - - - -] No more DHCP agents
2026-07-08 16:37:35.989 9 WARNING neutron.api.rpc.agentnotifiers.dhcp_rpc_agent_api [None req-07e4d233-2a0e-4f18-9047-a7a62e0646f6 9cd5ec997f39428da6809704e177ebba 0209aba3cb54462dad77a8ef62be4cb9 - - - -] Unable to schedule network 60fb76df-5cee-4a98-916d-1202861b8196: no agents available; will retry on subsequent port and subnet creation events.
2026-07-08 16:37:36.094 10 INFO neutron.db.ovn_revision_numbers_db [None req-73832539-e730-408e-b7d9-16c731fb39aa 9cd5ec997f39428da6809704e177ebba 0209aba3cb54462dad77a8ef62be4cb9 - - - -] Successfully bumped revision number for resource 6c4c1902-967d-4113-b01c-9fd5317679c8 (type: ports) to 2
2026-07-08 16:37:36.113 10 INFO neutron.db.ovn_revision_numbers_db [None req-73832539-e730-408e-b7d9-16c731fb39aa 9cd5ec997f39428da6809704e177ebba 0209aba3cb54462dad77a8ef62be4cb9 - - - -] Successfully bumped revision number for resource a385a11c-0151-472c-a11e-d9cd8f41cd8b (type: subnets) to 0
2026-07-08 16:37:36.133 10 INFO neutron.wsgi [None req-73832539-e730-408e-b7d9-16c731fb39aa 9cd5ec997f39428da6809704e177ebba 0209aba3cb54462dad77a8ef62be4cb9 - - - -] 10.0.0.81 "POST /v2.0/subnets HTTP/1.1" status: 201 len: 873 time: 0.9026887
2026-07-08 16:37:36.771 9 INFO neutron.db.ovn_revision_numbers_db [None req-2a086671-144a-4410-beb2-c2c9b006753e 9cd5ec997f39428da6809704e177ebba 0209aba3cb54462dad77a8ef62be4cb9 - - - -] Successfully bumped revision number for resource c02553a7-8b6e-417c-be1f-5c846cae5267 (type: ports) to 2
2026-07-08 16:37:36.807 9 INFO neutron.db.ovn_revision_numbers_db [None req-2a086671-144a-4410-beb2-c2c9b006753e 9cd5ec997f39428da6809704e177ebba 0209aba3cb54462dad77a8ef62be4cb9 - - - -] Successfully bumped revision number for resource c006f2eb-c6fa-4d7b-8aab-638418fc09f4 (type: subnets) to 0
2026-07-08 16:37:36.843 9 INFO neutron.wsgi [None req-2a086671-144a-4410-beb2-c2c9b006753e 9cd5ec997f39428da6809704e177ebba 0209aba3cb54462dad77a8ef62be4cb9 - - - -] 10.0.0.81 "POST /v2.0/subnets HTTP/1.1" status: 201 len: 870 time: 1.3453958
2026-07-08 16:37:36.907 10 WARNING neutron.scheduler.dhcp_agent_scheduler [None req-1a8c1485-b846-49ca-b5e1-e076042e6fc1 9cd5ec997f39428da6809704e177ebba 0209aba3cb54462dad77a8ef62be4cb9 - - - -] No more DHCP agents
2026-07-08 16:37:36.915 10 WARNING neutron.api.rpc.agentnotifiers.dhcp_rpc_agent_api [None req-1a8c1485-b846-49ca-b5e1-e076042e6fc1 9cd5ec997f39428da6809704e177ebba 0209aba3cb54462dad77a8ef62be4cb9 - - - -] Unable to schedule network 5e3a74fd-7c59-4607-b22b-2dfabad66aaf: no agents available; will retry on subsequent port and subnet creation events.
2026-07-08 16:37:36.965 9 INFO neutron.db.ovn_revision_numbers_db [None req-07e4d233-2a0e-4f18-9047-a7a62e0646f6 9cd5ec997f39428da6809704e177ebba 0209aba3cb54462dad77a8ef62be4cb9 - - - -] Successfully bumped revision number for resource 7ff28d58-df49-462b-8383-8afcd3ebed9d (type: ports) to 2
2026-07-08 16:37:36.984 9 INFO neutron.db.ovn_revision_numbers_db [None req-07e4d233-2a0e-4f18-9047-a7a62e0646f6 9cd5ec997f39428da6809704e177ebba 0209aba3cb54462dad77a8ef62be4cb9 - - - -] Successfully bumped revision number for resource dbb36f14-facf-4ebe-a3e1-c706c501c8e0 (type: subnets) to 0
2026-07-08 16:37:37.001 9 INFO neutron.wsgi [None req-07e4d233-2a0e-4f18-9047-a7a62e0646f6 9cd5ec997f39428da6809704e177ebba 0209aba3cb54462dad77a8ef62be4cb9 - - - -] 10.0.0.81 "POST /v2.0/subnets HTTP/1.1" status: 201 len: 865 time: 1.3073051
2026-07-08 16:37:37.338 10 INFO neutron.db.ovn_revision_numbers_db [None req-1a8c1485-b846-49ca-b5e1-e076042e6fc1 9cd5ec997f39428da6809704e177ebba 0209aba3cb54462dad77a8ef62be4cb9 - - - -] Successfully bumped revision number for resource e756f14c-d503-48a8-acdd-e70e0ba09cbd (type: ports) to 1
2026-07-08 16:37:37.883 10 INFO neutron.plugins.ml2.drivers.ovn.mech_driver.ovsdb.extensions.qos [None req-1a8c1485-b846-49ca-b5e1-e076042e6fc1 9cd5ec997f39428da6809704e177ebba 0209aba3cb54462dad77a8ef62be4cb9 - - - -] Starting OVNClientQosExtension
2026-07-08 16:37:38.057 10 WARNING neutron.scheduler.dhcp_agent_scheduler [None req-ea4c94fa-7c0b-4562-bc74-0bfa84edf698 9cd5ec997f39428da6809704e177ebba 0209aba3cb54462dad77a8ef62be4cb9 - - - -] No more DHCP agents
2026-07-08 16:37:38.065 9 INFO neutron.db.ovn_revision_numbers_db [None req-e021aad8-ef11-41f1-a910-af98e2602359 9cd5ec997f39428da6809704e177ebba 0209aba3cb54462dad77a8ef62be4cb9 - - - -] Successfully bumped revision number for resource fed464a9-79db-4877-97cd-b7e978735561 (type: security_groups) to 1
2026-07-08 16:37:38.068 10 WARNING neutron.api.rpc.agentnotifiers.dhcp_rpc_agent_api [None req-ea4c94fa-7c0b-4562-bc74-0bfa84edf698 9cd5ec997f39428da6809704e177ebba 0209aba3cb54462dad77a8ef62be4cb9 - - - -] Unable to schedule network 5e3a74fd-7c59-4607-b22b-2dfabad66aaf: no agents available; will retry on subsequent port and subnet creation events.
2026-07-08 16:37:38.120 9 INFO neutron.db.segments_db [None req-e021aad8-ef11-41f1-a910-af98e2602359 9cd5ec997f39428da6809704e177ebba 0209aba3cb54462dad77a8ef62be4cb9 - - - -] Added segment 6a7d54e0-550e-4369-b6d1-9000ff1ed082 of type geneve for network 92ff69d2-097f-457b-960f-6c2df7acf65b
2026-07-08 16:37:38.168 10 WARNING neutron.scheduler.dhcp_agent_scheduler [None req-f49a42ea-7daf-410a-bcb6-456b3427a392 9cd5ec997f39428da6809704e177ebba 0209aba3cb54462dad77a8ef62be4cb9 - - - -] No more DHCP agents
2026-07-08 16:37:38.176 10 WARNING neutron.api.rpc.agentnotifiers.dhcp_rpc_agent_api [None req-f49a42ea-7daf-410a-bcb6-456b3427a392 9cd5ec997f39428da6809704e177ebba 0209aba3cb54462dad77a8ef62be4cb9 - - - -] Unable to schedule network 5e3a74fd-7c59-4607-b22b-2dfabad66aaf: no agents available; will retry on subsequent port and subnet creation events.
2026-07-08 16:37:38.231 9 INFO neutron.db.ovn_revision_numbers_db [None req-e021aad8-ef11-41f1-a910-af98e2602359 9cd5ec997f39428da6809704e177ebba 0209aba3cb54462dad77a8ef62be4cb9 - - - -] Successfully bumped revision number for resource 92ff69d2-097f-457b-960f-6c2df7acf65b (type: networks) to 1
2026-07-08 16:37:38.289 10 INFO neutron.db.ovn_revision_numbers_db [None req-ea4c94fa-7c0b-4562-bc74-0bfa84edf698 9cd5ec997f39428da6809704e177ebba 0209aba3cb54462dad77a8ef62be4cb9 - - - -] Successfully bumped revision number for resource 55808c1f-cb72-4ff6-9917-1515464a9779 (type: ports) to 1
2026-07-08 16:37:38.413 9 WARNING neutron.scheduler.dhcp_agent_scheduler [None req-e021aad8-ef11-41f1-a910-af98e2602359 9cd5ec997f39428da6809704e177ebba 0209aba3cb54462dad77a8ef62be4cb9 - - - -] No more DHCP agents
2026-07-08 16:37:38.415 9 WARNING neutron.api.rpc.agentnotifiers.dhcp_rpc_agent_api [None req-e021aad8-ef11-41f1-a910-af98e2602359 9cd5ec997f39428da6809704e177ebba 0209aba3cb54462dad77a8ef62be4cb9 - - - -] Unable to schedule network 92ff69d2-097f-457b-960f-6c2df7acf65b: no agents available; will retry on subsequent port and subnet creation events.
2026-07-08 16:37:38.418 10 INFO neutron.db.ovn_revision_numbers_db [None req-f49a42ea-7daf-410a-bcb6-456b3427a392 9cd5ec997f39428da6809704e177ebba 0209aba3cb54462dad77a8ef62be4cb9 - - - -] Successfully bumped revision number for resource fcfe8ab7-ef0b-4846-953b-be4e3c109c79 (type: ports) to 1
2026-07-08 16:37:38.482 9 INFO neutron.db.ovn_revision_numbers_db [None req-e021aad8-ef11-41f1-a910-af98e2602359 9cd5ec997f39428da6809704e177ebba 0209aba3cb54462dad77a8ef62be4cb9 - - - -] Successfully bumped revision number for resource b21372e8-7b64-4daa-8eca-b6da9587583a (type: ports) to 1
2026-07-08 16:37:38.500 9 INFO neutron.wsgi [None req-e021aad8-ef11-41f1-a910-af98e2602359 9cd5ec997f39428da6809704e177ebba 0209aba3cb54462dad77a8ef62be4cb9 - - - -] 10.0.0.81 "POST /v2.0/networks HTTP/1.1" status: 201 len: 946 time: 0.7538276
2026-07-08 16:37:38.563 10 INFO neutron.plugins.ml2.drivers.ovn.mech_driver.mech_driver [None req-ea1f4eae-111f-47cb-8abc-10c4d7819cea - - - - - -] OVN reports status up for port: e756f14c-d503-48a8-acdd-e70e0ba09cbd
2026-07-08 16:37:38.571 10 INFO neutron.plugins.ml2.drivers.ovn.mech_driver.ovsdb.ovsdb_monitor [-] Router 1bf51539-4382-444c-8b92-10c11b1ed8ef is bound to host instance
2026-07-08 16:37:38.603 10 INFO neutron.db.ovn_revision_numbers_db [None req-1a8c1485-b846-49ca-b5e1-e076042e6fc1 9cd5ec997f39428da6809704e177ebba 0209aba3cb54462dad77a8ef62be4cb9 - - - -] Successfully bumped revision number for resource e756f14c-d503-48a8-acdd-e70e0ba09cbd (type: router_ports) to 1
2026-07-08 16:37:38.667 9 WARNING neutron.scheduler.dhcp_agent_scheduler [None req-e9cd20bd-1efc-4656-a46a-51e72a85fb53 9cd5ec997f39428da6809704e177ebba 0209aba3cb54462dad77a8ef62be4cb9 - - - -] No more DHCP agents
2026-07-08 16:37:38.669 9 WARNING neutron.api.rpc.agentnotifiers.dhcp_rpc_agent_api [None req-e9cd20bd-1efc-4656-a46a-51e72a85fb53 9cd5ec997f39428da6809704e177ebba 0209aba3cb54462dad77a8ef62be4cb9 - - - -] Unable to schedule network 92ff69d2-097f-457b-960f-6c2df7acf65b: no agents available; will retry on subsequent port and subnet creation events.
2026-07-08 16:37:38.730 10 INFO neutron.plugins.ml2.plugin [None req-ea1f4eae-111f-47cb-8abc-10c4d7819cea - - - - - -] Attempt 1 to provision port e756f14c-d503-48a8-acdd-e70e0ba09cbd
2026-07-08 16:37:38.935 10 INFO neutron.db.ovn_revision_numbers_db [None req-1a8c1485-b846-49ca-b5e1-e076042e6fc1 9cd5ec997f39428da6809704e177ebba 0209aba3cb54462dad77a8ef62be4cb9 - - - -] Successfully bumped revision number for resource 1bf51539-4382-444c-8b92-10c11b1ed8ef (type: routers) to 3
2026-07-08 16:37:39.006 10 INFO neutron.wsgi [None req-1a8c1485-b846-49ca-b5e1-e076042e6fc1 9cd5ec997f39428da6809704e177ebba 0209aba3cb54462dad77a8ef62be4cb9 - - - -] 10.0.0.81 "POST /v2.0/routers HTTP/1.1" status: 201 len: 884 time: 2.8660769
2026-07-08 16:37:39.104 9 INFO neutron.db.ovn_revision_numbers_db [None req-e9cd20bd-1efc-4656-a46a-51e72a85fb53 9cd5ec997f39428da6809704e177ebba 0209aba3cb54462dad77a8ef62be4cb9 - - - -] Successfully bumped revision number for resource b21372e8-7b64-4daa-8eca-b6da9587583a (type: ports) to 2
2026-07-08 16:37:39.119 9 INFO neutron.db.ovn_revision_numbers_db [None req-e9cd20bd-1efc-4656-a46a-51e72a85fb53 9cd5ec997f39428da6809704e177ebba 0209aba3cb54462dad77a8ef62be4cb9 - - - -] Successfully bumped revision number for resource 9d81c217-b56e-4fde-9b59-f0b18f7bc836 (type: subnets) to 0
2026-07-08 16:37:39.133 9 INFO neutron.wsgi [None req-e9cd20bd-1efc-4656-a46a-51e72a85fb53 9cd5ec997f39428da6809704e177ebba 0209aba3cb54462dad77a8ef62be4cb9 - - - -] 10.0.0.81 "POST /v2.0/subnets HTTP/1.1" status: 201 len: 866 time: 0.6288807
2026-07-08 16:37:39.718 9 WARNING neutron.scheduler.dhcp_agent_scheduler [None req-85e2cad8-a4eb-4040-a95a-bc262bc326de 9cd5ec997f39428da6809704e177ebba 0209aba3cb54462dad77a8ef62be4cb9 - - - -] No more DHCP agents
2026-07-08 16:37:39.725 9 WARNING neutron.api.rpc.agentnotifiers.dhcp_rpc_agent_api [None req-85e2cad8-a4eb-4040-a95a-bc262bc326de 9cd5ec997f39428da6809704e177ebba 0209aba3cb54462dad77a8ef62be4cb9 - - - -] Unable to schedule network 5e3a74fd-7c59-4607-b22b-2dfabad66aaf: no agents available; will retry on subsequent port and subnet creation events.
2026-07-08 16:37:39.847 9 INFO neutron.db.ovn_revision_numbers_db [None req-85e2cad8-a4eb-4040-a95a-bc262bc326de 9cd5ec997f39428da6809704e177ebba 0209aba3cb54462dad77a8ef62be4cb9 - - - -] Successfully bumped revision number for resource e604930a-4c3a-4820-9db3-7a2950710682 (type: ports) to 1
2026-07-08 16:37:39.882 9 INFO neutron.plugins.ml2.drivers.ovn.mech_driver.mech_driver [None req-0ea90c41-27ca-4959-b11b-19d1de53a0c7 - - - - - -] OVN reports status up for port: 55808c1f-cb72-4ff6-9917-1515464a9779
2026-07-08 16:37:39.913 9 INFO neutron.plugins.ml2.drivers.ovn.mech_driver.ovsdb.ovsdb_monitor [-] Router 4ac6b9a0-8a3f-4b58-9ac0-de00b4121000 is bound to host instance
2026-07-08 16:37:39.914 9 INFO neutron.plugins.ml2.plugin [None req-0ea90c41-27ca-4959-b11b-19d1de53a0c7 - - - - - -] Attempt 1 to provision port 55808c1f-cb72-4ff6-9917-1515464a9779
2026-07-08 16:37:39.929 10 INFO neutron.db.ovn_revision_numbers_db [None req-ea4c94fa-7c0b-4562-bc74-0bfa84edf698 9cd5ec997f39428da6809704e177ebba 0209aba3cb54462dad77a8ef62be4cb9 - - - -] Successfully bumped revision number for resource 55808c1f-cb72-4ff6-9917-1515464a9779 (type: router_ports) to 1
2026-07-08 16:37:40.185 10 INFO neutron.db.ovn_revision_numbers_db [None req-95bdc3c1-47cb-471b-9bba-1c584b11c933 - - - - - -] Successfully bumped revision number for resource e756f14c-d503-48a8-acdd-e70e0ba09cbd (type: ports) to 1
2026-07-08 16:37:40.194 10 INFO neutron.db.ovn_revision_numbers_db [None req-ea4c94fa-7c0b-4562-bc74-0bfa84edf698 9cd5ec997f39428da6809704e177ebba 0209aba3cb54462dad77a8ef62be4cb9 - - - -] Successfully bumped revision number for resource 4ac6b9a0-8a3f-4b58-9ac0-de00b4121000 (type: routers) to 3
2026-07-08 16:37:40.217 10 INFO neutron.db.ovn_revision_numbers_db [None req-f49a42ea-7daf-410a-bcb6-456b3427a392 9cd5ec997f39428da6809704e177ebba 0209aba3cb54462dad77a8ef62be4cb9 - - - -] Successfully bumped revision number for resource fcfe8ab7-ef0b-4846-953b-be4e3c109c79 (type: router_ports) to 1
2026-07-08 16:37:40.227 10 INFO neutron.wsgi [None req-ea4c94fa-7c0b-4562-bc74-0bfa84edf698 9cd5ec997f39428da6809704e177ebba 0209aba3cb54462dad77a8ef62be4cb9 - - - -] 10.0.0.81 "POST /v2.0/routers HTTP/1.1" status: 201 len: 881 time: 3.3740900
2026-07-08 16:37:40.352 9 INFO neutron.plugins.ml2.drivers.ovn.mech_driver.ovsdb.extensions.qos [None req-85e2cad8-a4eb-4040-a95a-bc262bc326de 9cd5ec997f39428da6809704e177ebba 0209aba3cb54462dad77a8ef62be4cb9 - - - -] Starting OVNClientQosExtension
2026-07-08 16:37:40.357 10 WARNING neutron.scheduler.dhcp_agent_scheduler [None req-3ae32e23-1833-4714-9f88-65cadd01dcc5 9cd5ec997f39428da6809704e177ebba 0209aba3cb54462dad77a8ef62be4cb9 - - default default] No more DHCP agents
2026-07-08 16:37:40.360 10 WARNING neutron.api.rpc.agentnotifiers.dhcp_rpc_agent_api [None req-3ae32e23-1833-4714-9f88-65cadd01dcc5 9cd5ec997f39428da6809704e177ebba 0209aba3cb54462dad77a8ef62be4cb9 - - default default] Unable to schedule network 63d28a13-5ced-4583-bc12-6a87f12bc97c: no agents available; will retry on subsequent port and subnet creation events.
2026-07-08 16:37:40.365 10 INFO neutron.db.ovn_revision_numbers_db [None req-f49a42ea-7daf-410a-bcb6-456b3427a392 9cd5ec997f39428da6809704e177ebba 0209aba3cb54462dad77a8ef62be4cb9 - - - -] Successfully bumped revision number for resource bbf62e3c-5df0-4930-86ea-a767c7fa2f38 (type: routers) to 3
2026-07-08 16:37:40.432 10 INFO neutron.wsgi [None req-f49a42ea-7daf-410a-bcb6-456b3427a392 9cd5ec997f39428da6809704e177ebba 0209aba3cb54462dad77a8ef62be4cb9 - - - -] 10.0.0.81 "POST /v2.0/routers HTTP/1.1" status: 201 len: 876 time: 3.4254863
2026-07-08 16:37:40.623 10 INFO neutron.db.ovn_revision_numbers_db [None req-3ae32e23-1833-4714-9f88-65cadd01dcc5 9cd5ec997f39428da6809704e177ebba 0209aba3cb54462dad77a8ef62be4cb9 - - default default] Successfully bumped revision number for resource b8d45727-b23a-4884-b4c8-25406e5e7123 (type: ports) to 1
2026-07-08 16:37:40.733 10 INFO neutron.db.ovn_revision_numbers_db [None req-95bdc3c1-47cb-471b-9bba-1c584b11c933 - - - - - -] Successfully bumped revision number for resource e756f14c-d503-48a8-acdd-e70e0ba09cbd (type: router_ports) to 3
2026-07-08 16:37:41.032 9 INFO neutron.db.ovn_revision_numbers_db [None req-8110ff08-c6bf-4939-88e3-ba1bb3375dfe - - - - - -] Successfully bumped revision number for resource 55808c1f-cb72-4ff6-9917-1515464a9779 (type: ports) to 1
2026-07-08 16:37:41.081 9 INFO neutron.db.ovn_revision_numbers_db [None req-85e2cad8-a4eb-4040-a95a-bc262bc326de 9cd5ec997f39428da6809704e177ebba 0209aba3cb54462dad77a8ef62be4cb9 - - - -] Successfully bumped revision number for resource e604930a-4c3a-4820-9db3-7a2950710682 (type: router_ports) to 1
2026-07-08 16:37:41.127 10 INFO neutron.plugins.ml2.drivers.ovn.mech_driver.mech_driver [None req-ea1f4eae-111f-47cb-8abc-10c4d7819cea - - - - - -] OVN reports status up for port: e604930a-4c3a-4820-9db3-7a2950710682
2026-07-08 16:37:41.148 10 INFO neutron.plugins.ml2.plugin [None req-ea1f4eae-111f-47cb-8abc-10c4d7819cea - - - - - -] Attempt 1 to provision port e604930a-4c3a-4820-9db3-7a2950710682
2026-07-08 16:37:41.179 10 INFO neutron.db.ovn_revision_numbers_db [None req-95bdc3c1-47cb-471b-9bba-1c584b11c933 - - - - - -] Successfully bumped revision number for resource e756f14c-d503-48a8-acdd-e70e0ba09cbd (type: ports) to 2
2026-07-08 16:37:41.212 9 INFO neutron.db.ovn_revision_numbers_db [None req-85e2cad8-a4eb-4040-a95a-bc262bc326de 9cd5ec997f39428da6809704e177ebba 0209aba3cb54462dad77a8ef62be4cb9 - - - -] Successfully bumped revision number for resource d8ab2020-a58a-4251-bab5-4e4ced01e40d (type: routers) to 3
2026-07-08 16:37:41.216 10 WARNING neutron.scheduler.dhcp_agent_scheduler [None req-5b84dddc-fc0b-4f17-b298-9efc657d7efb 9cd5ec997f39428da6809704e177ebba 0209aba3cb54462dad77a8ef62be4cb9 - - default default] No more DHCP agents
2026-07-08 16:37:41.229 10 WARNING neutron.api.rpc.agentnotifiers.dhcp_rpc_agent_api [None req-5b84dddc-fc0b-4f17-b298-9efc657d7efb 9cd5ec997f39428da6809704e177ebba 0209aba3cb54462dad77a8ef62be4cb9 - - default default] Unable to schedule network 6edec9a4-7671-494d-8750-fd7abe6a0639: no agents available; will retry on subsequent port and subnet creation events.
2026-07-08 16:37:41.238 9 INFO neutron.wsgi [None req-85e2cad8-a4eb-4040-a95a-bc262bc326de 9cd5ec997f39428da6809704e177ebba 0209aba3cb54462dad77a8ef62be4cb9 - - - -] 10.0.0.81 "POST /v2.0/routers HTTP/1.1" status: 201 len: 877 time: 2.0966754
2026-07-08 16:37:41.313 9 WARNING neutron.scheduler.dhcp_agent_scheduler [None req-603a7580-d675-4497-92d7-32daa3fbbae6 9cd5ec997f39428da6809704e177ebba 0209aba3cb54462dad77a8ef62be4cb9 - - default default] No more DHCP agents
2026-07-08 16:37:41.319 9 WARNING neutron.api.rpc.agentnotifiers.dhcp_rpc_agent_api [None req-603a7580-d675-4497-92d7-32daa3fbbae6 9cd5ec997f39428da6809704e177ebba 0209aba3cb54462dad77a8ef62be4cb9 - - default default] Unable to schedule network 60fb76df-5cee-4a98-916d-1202861b8196: no agents available; will retry on subsequent port and subnet creation events.
2026-07-08 16:37:41.489 9 INFO neutron.db.ovn_revision_numbers_db [None req-8110ff08-c6bf-4939-88e3-ba1bb3375dfe - - - - - -] Successfully bumped revision number for resource 55808c1f-cb72-4ff6-9917-1515464a9779 (type: router_ports) to 3
2026-07-08 16:37:41.508 10 INFO neutron.db.ovn_revision_numbers_db [None req-5b84dddc-fc0b-4f17-b298-9efc657d7efb 9cd5ec997f39428da6809704e177ebba 0209aba3cb54462dad77a8ef62be4cb9 - - default default] Successfully bumped revision number for resource 9029e217-1453-4ad7-be1c-c75af375651b (type: ports) to 1
2026-07-08 16:37:41.544 9 INFO neutron.db.ovn_revision_numbers_db [None req-603a7580-d675-4497-92d7-32daa3fbbae6 9cd5ec997f39428da6809704e177ebba 0209aba3cb54462dad77a8ef62be4cb9 - - default default] Successfully bumped revision number for resource dbec1de5-56a8-40df-83fa-bc041369a19f (type: ports) to 1
2026-07-08 16:37:41.630 10 INFO neutron.db.ovn_revision_numbers_db [None req-3ae32e23-1833-4714-9f88-65cadd01dcc5 9cd5ec997f39428da6809704e177ebba 0209aba3cb54462dad77a8ef62be4cb9 - - default default] Successfully bumped revision number for resource b8d45727-b23a-4884-b4c8-25406e5e7123 (type: router_ports) to 2
2026-07-08 16:37:41.694 10 INFO neutron.db.ovn_revision_numbers_db [None req-95bdc3c1-47cb-471b-9bba-1c584b11c933 - - - - - -] Successfully bumped revision number for resource e756f14c-d503-48a8-acdd-e70e0ba09cbd (type: ports) to 4
2026-07-08 16:37:41.840 9 INFO neutron.db.ovn_revision_numbers_db [None req-8110ff08-c6bf-4939-88e3-ba1bb3375dfe - - - - - -] Successfully bumped revision number for resource 55808c1f-cb72-4ff6-9917-1515464a9779 (type: ports) to 2
2026-07-08 16:37:41.855 10 INFO neutron.db.ovn_revision_numbers_db [None req-3ae32e23-1833-4714-9f88-65cadd01dcc5 9cd5ec997f39428da6809704e177ebba 0209aba3cb54462dad77a8ef62be4cb9 - - default default] Successfully bumped revision number for resource b8d45727-b23a-4884-b4c8-25406e5e7123 (type: ports) to 2
2026-07-08 16:37:42.121 9 WARNING neutron.scheduler.dhcp_agent_scheduler [None req-7d1c6659-ce4d-4455-942e-8ac6c7bae348 9cd5ec997f39428da6809704e177ebba 0209aba3cb54462dad77a8ef62be4cb9 - - default default] No more DHCP agents
2026-07-08 16:37:42.124 9 WARNING neutron.api.rpc.agentnotifiers.dhcp_rpc_agent_api [None req-7d1c6659-ce4d-4455-942e-8ac6c7bae348 9cd5ec997f39428da6809704e177ebba 0209aba3cb54462dad77a8ef62be4cb9 - - default default] Unable to schedule network 92ff69d2-097f-457b-960f-6c2df7acf65b: no agents available; will retry on subsequent port and subnet creation events.
2026-07-08 16:37:42.132 10 WARNING neutron.scheduler.dhcp_agent_scheduler [None req-3ae32e23-1833-4714-9f88-65cadd01dcc5 9cd5ec997f39428da6809704e177ebba 0209aba3cb54462dad77a8ef62be4cb9 - - default default] No more DHCP agents
2026-07-08 16:37:42.144 10 WARNING neutron.api.rpc.agentnotifiers.dhcp_rpc_agent_api [None req-3ae32e23-1833-4714-9f88-65cadd01dcc5 9cd5ec997f39428da6809704e177ebba 0209aba3cb54462dad77a8ef62be4cb9 - - default default] Unable to schedule network 63d28a13-5ced-4583-bc12-6a87f12bc97c: no agents available; will retry on subsequent port and subnet creation events.
2026-07-08 16:37:42.254 9 INFO neutron.db.ovn_revision_numbers_db [None req-8110ff08-c6bf-4939-88e3-ba1bb3375dfe - - - - - -] Successfully bumped revision number for resource 55808c1f-cb72-4ff6-9917-1515464a9779 (type: ports) to 4
2026-07-08 16:37:42.305 10 INFO neutron.db.ovn_revision_numbers_db [None req-95bdc3c1-47cb-471b-9bba-1c584b11c933 - - - - - -] Successfully bumped revision number for resource e756f14c-d503-48a8-acdd-e70e0ba09cbd (type: router_ports) to 4
2026-07-08 16:37:42.360 10 INFO neutron.plugins.ml2.drivers.ovn.mech_driver.ovsdb.ovsdb_monitor [None req-95bdc3c1-47cb-471b-9bba-1c584b11c933 - - - - - -] Router bbf62e3c-5df0-4930-86ea-a767c7fa2f38 is bound to host instance
2026-07-08 16:37:42.385 9 INFO neutron.db.ovn_revision_numbers_db [None req-7d1c6659-ce4d-4455-942e-8ac6c7bae348 9cd5ec997f39428da6809704e177ebba 0209aba3cb54462dad77a8ef62be4cb9 - - default default] Successfully bumped revision number for resource 0207e90f-3d6d-4262-9175-054fa78a729a (type: ports) to 1
