2026-07-08 16:39:56.482 10 INFO neutron.wsgi [None req-4d217505-bb56-414d-8d3a-ff6399ddfe90 eae91e79a70e4642b960598fda7c2280 8315ba5b53504441a8dedb5c2ece1a8b - - - -] 10.0.0.81 "DELETE /v2.0/subnets/de6c774a-fd01-404c-bd2b-d9338290c89c HTTP/1.1" status: 404 len: 337 time: 0.0306504 /var/lib/openstack/lib/python3.10/site-packages/pycadf/identifier.py:71: UserWarning: Invalid uuid: neutron. To ensure interoperability, identifiers should be a valid uuid. warnings.warn(('Invalid uuid: %s. To ensure interoperability, '
2026-07-08 16:39:56.507 9 INFO neutron.pecan_wsgi.hooks.translation [None req-44a7a64b-2294-42b8-a319-74ef33b65875 eae91e79a70e4642b960598fda7c2280 8315ba5b53504441a8dedb5c2ece1a8b - - - -] DELETE failed (client error): The resource could not be found.
2026-07-08 16:39:56.509 9 INFO neutron.wsgi [None req-44a7a64b-2294-42b8-a319-74ef33b65875 eae91e79a70e4642b960598fda7c2280 8315ba5b53504441a8dedb5c2ece1a8b - - - -] 10.0.0.81 "DELETE /v2.0/subnets/e1ee52f6-19ae-4c51-b28b-215090c87d03 HTTP/1.1" status: 404 len: 337 time: 0.0210876
2026-07-08 16:39:56.537 10 WARNING neutron.scheduler.dhcp_agent_scheduler [None req-d008d9ae-49cc-470a-83d3-88ec45c5e6c4 0702f890f6cc4b8d90325c2b2e9ce73a a0c0f229ae7848bfab7c97ac643f5057 - - - -] No more DHCP agents
2026-07-08 16:39:56.539 10 WARNING neutron.api.rpc.agentnotifiers.dhcp_rpc_agent_api [None req-d008d9ae-49cc-470a-83d3-88ec45c5e6c4 0702f890f6cc4b8d90325c2b2e9ce73a a0c0f229ae7848bfab7c97ac643f5057 - - - -] Unable to schedule network 5e3a74fd-7c59-4607-b22b-2dfabad66aaf: no agents available; will retry on subsequent port and subnet creation events.
2026-07-08 16:39:56.539 9 INFO neutron.pecan_wsgi.hooks.translation [None req-2d5e0bd2-f924-4238-8fe5-a3571545a714 eae91e79a70e4642b960598fda7c2280 8315ba5b53504441a8dedb5c2ece1a8b - - - -] DELETE failed (client error): The resource could not be found.
2026-07-08 16:39:56.541 9 INFO neutron.wsgi [None req-2d5e0bd2-f924-4238-8fe5-a3571545a714 eae91e79a70e4642b960598fda7c2280 8315ba5b53504441a8dedb5c2ece1a8b - - - -] 10.0.0.81 "DELETE /v2.0/subnets/afd7adb9-18ed-4c39-83ab-cf257673b9d2 HTTP/1.1" status: 404 len: 337 time: 0.0265298
2026-07-08 16:39:56.667 10 INFO neutron.wsgi [None req-e5467d77-3060-4120-a9a3-d4b2269e775e 69c0da034c7348c5b5aa6126672c54d2 98af3fba1286450792d13b35ac49dd0d - - - -] 10.0.0.81 "DELETE /v2.0/subnets/ae2e7a8d-a66c-4d6a-af00-c76e308c76f4 HTTP/1.1" status: 204 len: 168 time: 0.2885911
2026-07-08 16:39:56.676 9 WARNING keystonemiddleware.audit [None req-4ecb671a-b84a-4822-9977-21981a365b8a - - - - - -] Skipping service tempest-service-1927587774 as it have no endpoints.
2026-07-08 16:39:57.044 10 INFO neutron.db.l3_db [None req-d008d9ae-49cc-470a-83d3-88ec45c5e6c4 0702f890f6cc4b8d90325c2b2e9ce73a a0c0f229ae7848bfab7c97ac643f5057 - - - -] Floating IP b3860959-97e9-4178-8b6c-f2b3cb1408fa associated. External IP: 10.96.250.208, port: 0b9ba864-829b-4be3-9c61-60d655759715.
2026-07-08 16:39:57.113 9 INFO neutron.wsgi [None req-816a05bb-7004-4d81-aa24-31f105f0d0a8 69c0da034c7348c5b5aa6126672c54d2 98af3fba1286450792d13b35ac49dd0d - - - -] 10.0.0.81 "DELETE /v2.0/networks/18bdf813-a3bd-4744-ac95-b420acf8b7c9 HTTP/1.1" status: 204 len: 168 time: 0.4410515
2026-07-08 16:39:57.123 10 WARNING keystonemiddleware.audit [None req-d3e3965e-9e50-470e-8b59-d9eec366c2d9 - - - - - -] Skipping service tempest-service-1927587774 as it have no endpoints.
2026-07-08 16:39:57.139 9 WARNING neutron.plugins.ml2.drivers.ovn.mech_driver.ovsdb.ovn_client [None req-0ea90c41-27ca-4959-b11b-19d1de53a0c7 - - - - - -] No hosting information found for port 62003f91-39ac-482e-a08e-5d468806defa: RuntimeError: No hosting information found for port 62003f91-39ac-482e-a08e-5d468806defa
2026-07-08 16:39:57.230 10 INFO neutron.db.ovn_revision_numbers_db [None req-d008d9ae-49cc-470a-83d3-88ec45c5e6c4 0702f890f6cc4b8d90325c2b2e9ce73a a0c0f229ae7848bfab7c97ac643f5057 - - - -] Successfully bumped revision number for resource b3860959-97e9-4178-8b6c-f2b3cb1408fa (type: floatingips) to 0
2026-07-08 16:39:57.267 10 INFO neutron.db.segments_db [None req-a1f3335c-986f-4442-a01d-4ef08a3c703b 69c0da034c7348c5b5aa6126672c54d2 98af3fba1286450792d13b35ac49dd0d - - - -] Added segment 111e9e21-fa29-4346-b2a2-6a5094c94a30 of type geneve for network f968d384-4ab0-4b51-92a9-d82e67a3564a
2026-07-08 16:39:57.348 10 INFO neutron.db.ovn_revision_numbers_db [None req-d008d9ae-49cc-470a-83d3-88ec45c5e6c4 0702f890f6cc4b8d90325c2b2e9ce73a a0c0f229ae7848bfab7c97ac643f5057 - - - -] Successfully bumped revision number for resource b3860959-97e9-4178-8b6c-f2b3cb1408fa (type: floatingips) to 1
2026-07-08 16:39:57.410 10 INFO neutron.wsgi [None req-d008d9ae-49cc-470a-83d3-88ec45c5e6c4 0702f890f6cc4b8d90325c2b2e9ce73a a0c0f229ae7848bfab7c97ac643f5057 - - - -] 10.0.0.81 "POST /v2.0/floatingips HTTP/1.1" status: 201 len: 1041 time: 1.3129239
2026-07-08 16:39:57.424 10 INFO neutron.db.ovn_revision_numbers_db [None req-a1f3335c-986f-4442-a01d-4ef08a3c703b 69c0da034c7348c5b5aa6126672c54d2 98af3fba1286450792d13b35ac49dd0d - - - -] Successfully bumped revision number for resource f968d384-4ab0-4b51-92a9-d82e67a3564a (type: networks) to 1
2026-07-08 16:39:57.579 10 INFO neutron.db.l3_db [None req-173d92ca-6653-4c3c-b704-841935fd0e78 0702f890f6cc4b8d90325c2b2e9ce73a a0c0f229ae7848bfab7c97ac643f5057 - - - -] Floating IP b3860959-97e9-4178-8b6c-f2b3cb1408fa disassociated. External IP: 10.96.250.208, port: 0b9ba864-829b-4be3-9c61-60d655759715.
2026-07-08 16:39:57.603 10 INFO neutron.db.ovn_revision_numbers_db [None req-173d92ca-6653-4c3c-b704-841935fd0e78 0702f890f6cc4b8d90325c2b2e9ce73a a0c0f229ae7848bfab7c97ac643f5057 - - - -] Successfully bumped revision number for resource b3860959-97e9-4178-8b6c-f2b3cb1408fa (type: floatingips) to 2
2026-07-08 16:39:57.695 10 INFO neutron.wsgi [None req-173d92ca-6653-4c3c-b704-841935fd0e78 0702f890f6cc4b8d90325c2b2e9ce73a a0c0f229ae7848bfab7c97ac643f5057 - - - -] 10.0.0.81 "PUT /v2.0/floatingips/b3860959-97e9-4178-8b6c-f2b3cb1408fa HTTP/1.1" status: 200 len: 748 time: 0.2781677
2026-07-08 16:39:57.697 10 WARNING neutron.scheduler.dhcp_agent_scheduler [None req-a1f3335c-986f-4442-a01d-4ef08a3c703b 69c0da034c7348c5b5aa6126672c54d2 98af3fba1286450792d13b35ac49dd0d - - - -] No more DHCP agents
2026-07-08 16:39:57.699 10 WARNING neutron.api.rpc.agentnotifiers.dhcp_rpc_agent_api [None req-a1f3335c-986f-4442-a01d-4ef08a3c703b 69c0da034c7348c5b5aa6126672c54d2 98af3fba1286450792d13b35ac49dd0d - - - -] Unable to schedule network f968d384-4ab0-4b51-92a9-d82e67a3564a: no agents available; will retry on subsequent port and subnet creation events.
2026-07-08 16:39:57.756 10 INFO neutron.db.ovn_revision_numbers_db [None req-a1f3335c-986f-4442-a01d-4ef08a3c703b 69c0da034c7348c5b5aa6126672c54d2 98af3fba1286450792d13b35ac49dd0d - - - -] Successfully bumped revision number for resource 837a1b38-d9b9-4ed5-b5fb-67b9ccf2e93b (type: ports) to 1
2026-07-08 16:39:57.774 10 INFO neutron.wsgi [None req-a1f3335c-986f-4442-a01d-4ef08a3c703b 69c0da034c7348c5b5aa6126672c54d2 98af3fba1286450792d13b35ac49dd0d - - - -] 10.0.0.81 "POST /v2.0/networks HTTP/1.1" status: 201 len: 828 time: 0.6537852
2026-07-08 16:39:57.787 10 WARNING keystonemiddleware.audit [None req-8823779a-c27e-48d0-96ba-0b96f38243f8 - - - - - -] Skipping service tempest-service-1927587774 as it have no endpoints.
2026-07-08 16:39:57.815 9 INFO neutron.db.ovn_revision_numbers_db [None req-7984489f-5758-4ce7-94b2-9ebd3ba22d04 9cd5ec997f39428da6809704e177ebba 0209aba3cb54462dad77a8ef62be4cb9 - - default default] Successfully bumped revision number for resource 02a22a2d-916e-4998-bfca-d846bb1bf8ff (type: security_groups) to 1
2026-07-08 16:39:57.853 9 INFO neutron.wsgi [None req-7984489f-5758-4ce7-94b2-9ebd3ba22d04 9cd5ec997f39428da6809704e177ebba 0209aba3cb54462dad77a8ef62be4cb9 - - default default] 10.0.0.81 "GET /v2.0/security-groups?tenant_id=73a47c1d214047fea687cac83a15fd5c&name=default HTTP/1.1" status: 200 len: 2996 time: 0.3511693
2026-07-08 16:39:58.072 10 WARNING neutron.scheduler.dhcp_agent_scheduler [None req-774bb4ff-c04c-422d-aaa3-aafb5548cc24 69c0da034c7348c5b5aa6126672c54d2 98af3fba1286450792d13b35ac49dd0d - - - -] No more DHCP agents
2026-07-08 16:39:58.076 10 WARNING neutron.api.rpc.agentnotifiers.dhcp_rpc_agent_api [None req-774bb4ff-c04c-422d-aaa3-aafb5548cc24 69c0da034c7348c5b5aa6126672c54d2 98af3fba1286450792d13b35ac49dd0d - - - -] Unable to schedule network f968d384-4ab0-4b51-92a9-d82e67a3564a: no agents available; will retry on subsequent port and subnet creation events.
2026-07-08 16:39:58.123 10 INFO neutron.wsgi [None req-43cd9dba-ed6a-4619-8b20-22558179adf9 9cd5ec997f39428da6809704e177ebba 0209aba3cb54462dad77a8ef62be4cb9 - - - -] 10.0.0.81 "DELETE /v2.0/security-groups/02a22a2d-916e-4998-bfca-d846bb1bf8ff HTTP/1.1" status: 204 len: 168 time: 0.2624092
2026-07-08 16:39:58.186 9 INFO neutron.wsgi [None req-ea2ab472-d58d-4373-8f7c-be31bcee068e 0702f890f6cc4b8d90325c2b2e9ce73a a0c0f229ae7848bfab7c97ac643f5057 - - - -] 10.0.0.81 "DELETE /v2.0/floatingips/b3860959-97e9-4178-8b6c-f2b3cb1408fa HTTP/1.1" status: 204 len: 168 time: 0.4858196
2026-07-08 16:39:58.431 9 INFO neutron.services.segments.plugin [-] Segment 3d11dbab-7cd1-4239-ae53-c8ab7b0fb3f2 resource provider aggregate not found
2026-07-08 16:39:58.451 9 INFO neutron.services.segments.plugin [-] Segment 3d11dbab-7cd1-4239-ae53-c8ab7b0fb3f2 resource provider not found; error: Placement Client Error (4xx): {"errors": [{"status": 404, "title": "Not Found", "detail": "The resource could not be found.\n\n No resource provider with uuid 3d11dbab-7cd1-4239-ae53-c8ab7b0fb3f2 found for delete ", "request_id": "req-49a078d6-3a8d-4ebe-b5d0-ceb445a6e01d"}]}
2026-07-08 16:39:58.453 9 INFO neutron.services.segments.plugin [-] Segment 3d11dbab-7cd1-4239-ae53-c8ab7b0fb3f2 resource provider aggregate not found
2026-07-08 16:39:58.478 9 INFO neutron.services.segments.plugin [-] Segment 3d11dbab-7cd1-4239-ae53-c8ab7b0fb3f2 resource provider not found; error: Placement Client Error (4xx): {"errors": [{"status": 404, "title": "Not Found", "detail": "The resource could not be found.\n\n No resource provider with uuid 3d11dbab-7cd1-4239-ae53-c8ab7b0fb3f2 found for delete ", "request_id": "req-3dbfde84-0327-4fcd-9d2e-bfb6540c32b4"}]}
2026-07-08 16:39:58.482 9 INFO neutron.db.ovn_revision_numbers_db [None req-bf5cec12-397c-4a6b-833b-ba2577c4b39a 9cd5ec997f39428da6809704e177ebba 0209aba3cb54462dad77a8ef62be4cb9 - - default default] Successfully bumped revision number for resource 7787bbf6-7ad9-4ccf-bb26-cd9262ce4ea9 (type: security_groups) to 1
2026-07-08 16:39:58.503 9 INFO neutron.wsgi [None req-bf5cec12-397c-4a6b-833b-ba2577c4b39a 9cd5ec997f39428da6809704e177ebba 0209aba3cb54462dad77a8ef62be4cb9 - - default default] 10.0.0.81 "GET /v2.0/security-groups?tenant_id=c81c4fd102df4e5d90c272002b5e70b2&name=default HTTP/1.1" status: 200 len: 2996 time: 0.2287209
2026-07-08 16:39:58.540 9 WARNING neutron.scheduler.dhcp_agent_scheduler [None req-a30b879b-54d0-4a12-af17-16ed5228085c 0702f890f6cc4b8d90325c2b2e9ce73a a0c0f229ae7848bfab7c97ac643f5057 - - - -] No more DHCP agents
2026-07-08 16:39:58.542 10 INFO neutron.db.ovn_revision_numbers_db [None req-774bb4ff-c04c-422d-aaa3-aafb5548cc24 69c0da034c7348c5b5aa6126672c54d2 98af3fba1286450792d13b35ac49dd0d - - - -] Successfully bumped revision number for resource 837a1b38-d9b9-4ed5-b5fb-67b9ccf2e93b (type: ports) to 2
2026-07-08 16:39:58.547 9 WARNING neutron.api.rpc.agentnotifiers.dhcp_rpc_agent_api [None req-a30b879b-54d0-4a12-af17-16ed5228085c 0702f890f6cc4b8d90325c2b2e9ce73a a0c0f229ae7848bfab7c97ac643f5057 - - - -] Unable to schedule network 5e3a74fd-7c59-4607-b22b-2dfabad66aaf: no agents available; will retry on subsequent port and subnet creation events.
2026-07-08 16:39:58.555 10 INFO neutron.db.ovn_revision_numbers_db [None req-774bb4ff-c04c-422d-aaa3-aafb5548cc24 69c0da034c7348c5b5aa6126672c54d2 98af3fba1286450792d13b35ac49dd0d - - - -] Successfully bumped revision number for resource 7c6b09e9-bb2d-455d-b6da-e8cca21ca34b (type: subnets) to 0
2026-07-08 16:39:58.573 10 INFO neutron.wsgi [None req-774bb4ff-c04c-422d-aaa3-aafb5548cc24 69c0da034c7348c5b5aa6126672c54d2 98af3fba1286450792d13b35ac49dd0d - - - -] 10.0.0.81 "POST /v2.0/subnets HTTP/1.1" status: 201 len: 801 time: 0.7906451
2026-07-08 16:39:58.582 10 WARNING keystonemiddleware.audit [None req-dcdee8e7-3958-4d21-857d-7c8f23b5e2aa - - - - - -] Skipping service tempest-service-1927587774 as it have no endpoints.
2026-07-08 16:39:58.764 10 INFO neutron.db.ovn_revision_numbers_db [None req-c0805d54-a9d5-4dd2-a98c-0d68a81fe46c 69c0da034c7348c5b5aa6126672c54d2 98af3fba1286450792d13b35ac49dd0d - - - -] Successfully bumped revision number for resource 9e331a2a-4ffe-4811-a685-34e66552d57e (type: routers) to 1
2026-07-08 16:39:58.783 10 INFO neutron.wsgi [None req-c0805d54-a9d5-4dd2-a98c-0d68a81fe46c 69c0da034c7348c5b5aa6126672c54d2 98af3fba1286450792d13b35ac49dd0d - - - -] 10.0.0.81 "POST /v2.0/routers HTTP/1.1" status: 201 len: 687 time: 0.2046392
2026-07-08 16:39:58.791 10 WARNING keystonemiddleware.audit [None req-b9818e1c-f68a-4d77-8886-162cb97d85de - - - - - -] Skipping service tempest-service-1927587774 as it have no endpoints.
2026-07-08 16:39:59.167 9 INFO neutron.wsgi [None req-ccd1493b-ac92-4ac1-b154-7586391a1671 9cd5ec997f39428da6809704e177ebba 0209aba3cb54462dad77a8ef62be4cb9 - - - -] 10.0.0.81 "DELETE /v2.0/security-groups/7787bbf6-7ad9-4ccf-bb26-cd9262ce4ea9 HTTP/1.1" status: 204 len: 168 time: 0.6540501
2026-07-08 16:39:59.268 10 WARNING neutron.plugins.ml2.drivers.ovn.mech_driver.ovsdb.ovn_client [None req-ea1f4eae-111f-47cb-8abc-10c4d7819cea - - - - - -] No port found with ID 714cf2c6-6fba-4f62-a2cb-e3d82633d8a2: RuntimeError: No port found with ID 714cf2c6-6fba-4f62-a2cb-e3d82633d8a2
2026-07-08 16:39:59.269 10 INFO neutron.plugins.ml2.drivers.ovn.mech_driver.mech_driver [None req-ea1f4eae-111f-47cb-8abc-10c4d7819cea - - - - - -] OVN reports status up for port: 45062b5b-9c8f-431e-bbab-50fbd1dc651b
2026-07-08 16:39:59.282 10 INFO neutron.plugins.ml2.plugin [None req-ea1f4eae-111f-47cb-8abc-10c4d7819cea - - - - - -] Attempt 1 to provision port 45062b5b-9c8f-431e-bbab-50fbd1dc651b
2026-07-08 16:39:59.368 9 INFO neutron.db.l3_db [None req-a30b879b-54d0-4a12-af17-16ed5228085c 0702f890f6cc4b8d90325c2b2e9ce73a a0c0f229ae7848bfab7c97ac643f5057 - - - -] Floating IP 44853194-1df0-4413-9d69-651f49eaabe0 associated. External IP: 10.96.250.218, port: 7b839a40-12dc-406e-9b3f-062540149216.
2026-07-08 16:39:59.408 10 INFO neutron.wsgi [None req-07d5ec73-8cfd-4f32-8f2a-8e546551916a 9cd5ec997f39428da6809704e177ebba 0209aba3cb54462dad77a8ef62be4cb9 - - default default] 10.0.0.81 "GET /v2.0/security-groups?tenant_id=8315ba5b53504441a8dedb5c2ece1a8b&name=default HTTP/1.1" status: 200 len: 2996 time: 0.0776794
2026-07-08 16:39:59.614 9 INFO neutron.db.ovn_revision_numbers_db [None req-a30b879b-54d0-4a12-af17-16ed5228085c 0702f890f6cc4b8d90325c2b2e9ce73a a0c0f229ae7848bfab7c97ac643f5057 - - - -] Successfully bumped revision number for resource 44853194-1df0-4413-9d69-651f49eaabe0 (type: floatingips) to 0
2026-07-08 16:39:59.730 10 WARNING neutron.scheduler.dhcp_agent_scheduler [None req-997a0aaa-5d8e-4bd8-819e-6550a276b021 69c0da034c7348c5b5aa6126672c54d2 98af3fba1286450792d13b35ac49dd0d - - default default] No more DHCP agents
2026-07-08 16:39:59.731 9 INFO neutron.db.ovn_revision_numbers_db [None req-a30b879b-54d0-4a12-af17-16ed5228085c 0702f890f6cc4b8d90325c2b2e9ce73a a0c0f229ae7848bfab7c97ac643f5057 - - - -] Successfully bumped revision number for resource 44853194-1df0-4413-9d69-651f49eaabe0 (type: floatingips) to 1
2026-07-08 16:39:59.732 10 WARNING neutron.api.rpc.agentnotifiers.dhcp_rpc_agent_api [None req-997a0aaa-5d8e-4bd8-819e-6550a276b021 69c0da034c7348c5b5aa6126672c54d2 98af3fba1286450792d13b35ac49dd0d - - default default] Unable to schedule network f968d384-4ab0-4b51-92a9-d82e67a3564a: no agents available; will retry on subsequent port and subnet creation events.
2026-07-08 16:39:59.744 10 INFO neutron.db.ovn_revision_numbers_db [None req-ea1f4eae-111f-47cb-8abc-10c4d7819cea - - - - - -] Successfully bumped revision number for resource 45062b5b-9c8f-431e-bbab-50fbd1dc651b (type: ports) to 3
2026-07-08 16:39:59.781 9 INFO neutron.wsgi [None req-a30b879b-54d0-4a12-af17-16ed5228085c 0702f890f6cc4b8d90325c2b2e9ce73a a0c0f229ae7848bfab7c97ac643f5057 - - - -] 10.0.0.81 "POST /v2.0/floatingips HTTP/1.1" status: 201 len: 1042 time: 1.5888872 /var/lib/openstack/lib/python3.10/site-packages/pycadf/identifier.py:71: UserWarning: Invalid uuid: neutron. To ensure interoperability, identifiers should be a valid uuid. warnings.warn(('Invalid uuid: %s. To ensure interoperability, '
2026-07-08 16:39:59.820 10 INFO neutron.wsgi [None req-342190cc-a832-4439-a0d9-af8e1b6460f7 9cd5ec997f39428da6809704e177ebba 0209aba3cb54462dad77a8ef62be4cb9 - - - -] 10.0.0.81 "DELETE /v2.0/security-groups/80f49914-bcd6-4593-ac93-df51398ac816 HTTP/1.1" status: 204 len: 168 time: 0.4043603
2026-07-08 16:39:59.850 9 INFO neutron.wsgi [None req-cdfd8d3b-a385-4585-9a1a-9e3a72dd36f9 0702f890f6cc4b8d90325c2b2e9ce73a a0c0f229ae7848bfab7c97ac643f5057 - - default default] 10.0.0.81 "GET /v2.0/floatingips/44853194-1df0-4413-9d69-651f49eaabe0 HTTP/1.1" status: 200 len: 1039 time: 0.0632555
2026-07-08 16:39:59.955 10 INFO neutron.wsgi [None req-7f541f61-eaf2-413f-b34b-bf54746418b8 0702f890f6cc4b8d90325c2b2e9ce73a a0c0f229ae7848bfab7c97ac643f5057 - - default default] 10.0.0.81 "GET /v2.0/floatingips HTTP/1.1" status: 200 len: 1042 time: 0.1001146
2026-07-08 16:39:59.989 10 INFO neutron.db.ovn_revision_numbers_db [None req-ea1f4eae-111f-47cb-8abc-10c4d7819cea - - - - - -] Successfully bumped revision number for resource 45062b5b-9c8f-431e-bbab-50fbd1dc651b (type: router_ports) to 3
2026-07-08 16:40:00.017 10 INFO neutron.db.ovn_revision_numbers_db [None req-997a0aaa-5d8e-4bd8-819e-6550a276b021 69c0da034c7348c5b5aa6126672c54d2 98af3fba1286450792d13b35ac49dd0d - - default default] Successfully bumped revision number for resource 32298794-6f6f-4408-9540-d29b3417ed6c (type: ports) to 1
2026-07-08 16:40:00.341 10 INFO neutron.db.l3_db [None req-7e78c726-2c4d-43cd-9290-f1f923cee209 0702f890f6cc4b8d90325c2b2e9ce73a a0c0f229ae7848bfab7c97ac643f5057 - - - -] Floating IP 44853194-1df0-4413-9d69-651f49eaabe0 associated. External IP: 10.96.250.218, port: 7b839a40-12dc-406e-9b3f-062540149216.
2026-07-08 16:40:00.617 10 INFO neutron.db.ovn_revision_numbers_db [None req-7e78c726-2c4d-43cd-9290-f1f923cee209 0702f890f6cc4b8d90325c2b2e9ce73a a0c0f229ae7848bfab7c97ac643f5057 - - - -] Successfully bumped revision number for resource 44853194-1df0-4413-9d69-651f49eaabe0 (type: floatingips) to 2
2026-07-08 16:40:00.682 10 INFO neutron.db.ovn_revision_numbers_db [None req-997a0aaa-5d8e-4bd8-819e-6550a276b021 69c0da034c7348c5b5aa6126672c54d2 98af3fba1286450792d13b35ac49dd0d - - default default] Successfully bumped revision number for resource 32298794-6f6f-4408-9540-d29b3417ed6c (type: router_ports) to 2
2026-07-08 16:40:00.746 10 INFO neutron.db.ovn_revision_numbers_db [None req-7e78c726-2c4d-43cd-9290-f1f923cee209 0702f890f6cc4b8d90325c2b2e9ce73a a0c0f229ae7848bfab7c97ac643f5057 - - - -] Successfully bumped revision number for resource 44853194-1df0-4413-9d69-651f49eaabe0 (type: floatingips) to 3
2026-07-08 16:40:01.106 10 INFO neutron.wsgi [None req-7e78c726-2c4d-43cd-9290-f1f923cee209 0702f890f6cc4b8d90325c2b2e9ce73a a0c0f229ae7848bfab7c97ac643f5057 - - - -] 10.0.0.81 "PUT /v2.0/floatingips/44853194-1df0-4413-9d69-651f49eaabe0 HTTP/1.1" status: 200 len: 1038 time: 1.1465065 /var/lib/openstack/lib/python3.10/site-packages/pycadf/identifier.py:71: UserWarning: Invalid uuid: neutron. To ensure interoperability, identifiers should be a valid uuid. warnings.warn(('Invalid uuid: %s. To ensure interoperability, '
2026-07-08 16:40:01.200 10 INFO neutron.db.ovn_revision_numbers_db [None req-997a0aaa-5d8e-4bd8-819e-6550a276b021 69c0da034c7348c5b5aa6126672c54d2 98af3fba1286450792d13b35ac49dd0d - - default default] Successfully bumped revision number for resource 32298794-6f6f-4408-9540-d29b3417ed6c (type: ports) to 2
2026-07-08 16:40:01.283 10 WARNING neutron.scheduler.dhcp_agent_scheduler [None req-997a0aaa-5d8e-4bd8-819e-6550a276b021 69c0da034c7348c5b5aa6126672c54d2 98af3fba1286450792d13b35ac49dd0d - - default default] No more DHCP agents
2026-07-08 16:40:01.285 10 WARNING neutron.api.rpc.agentnotifiers.dhcp_rpc_agent_api [None req-997a0aaa-5d8e-4bd8-819e-6550a276b021 69c0da034c7348c5b5aa6126672c54d2 98af3fba1286450792d13b35ac49dd0d - - default default] Unable to schedule network f968d384-4ab0-4b51-92a9-d82e67a3564a: no agents available; will retry on subsequent port and subnet creation events.
2026-07-08 16:40:01.286 9 INFO neutron.db.l3_db [None req-197976bc-68f5-46bf-9842-cbe6f5287b0a 0702f890f6cc4b8d90325c2b2e9ce73a a0c0f229ae7848bfab7c97ac643f5057 - - - -] Floating IP 44853194-1df0-4413-9d69-651f49eaabe0 disassociated. External IP: 10.96.250.218, port: 0b9ba864-829b-4be3-9c61-60d655759715.
2026-07-08 16:40:01.313 9 INFO neutron.db.ovn_revision_numbers_db [None req-197976bc-68f5-46bf-9842-cbe6f5287b0a 0702f890f6cc4b8d90325c2b2e9ce73a a0c0f229ae7848bfab7c97ac643f5057 - - - -] Successfully bumped revision number for resource 44853194-1df0-4413-9d69-651f49eaabe0 (type: floatingips) to 4
2026-07-08 16:40:01.413 9 INFO neutron.wsgi [None req-197976bc-68f5-46bf-9842-cbe6f5287b0a 0702f890f6cc4b8d90325c2b2e9ce73a a0c0f229ae7848bfab7c97ac643f5057 - - - -] 10.0.0.81 "PUT /v2.0/floatingips/44853194-1df0-4413-9d69-651f49eaabe0 HTTP/1.1" status: 200 len: 748 time: 0.3018651
2026-07-08 16:40:01.468 10 INFO neutron.db.ovn_revision_numbers_db [None req-997a0aaa-5d8e-4bd8-819e-6550a276b021 69c0da034c7348c5b5aa6126672c54d2 98af3fba1286450792d13b35ac49dd0d - - - -] Successfully bumped revision number for resource 32298794-6f6f-4408-9540-d29b3417ed6c (type: router_ports) to 2
2026-07-08 16:40:01.471 10 INFO neutron.wsgi [None req-997a0aaa-5d8e-4bd8-819e-6550a276b021 69c0da034c7348c5b5aa6126672c54d2 98af3fba1286450792d13b35ac49dd0d - - - -] 10.0.0.81 "PUT /v2.0/routers/9e331a2a-4ffe-4811-a685-34e66552d57e/add_router_interface HTTP/1.1" status: 200 len: 503 time: 2.6830163
2026-07-08 16:40:01.488 10 WARNING keystonemiddleware.audit [None req-442269cb-f379-4eea-9dc6-e1fa501ae570 - - - - - -] Skipping service tempest-service-1927587774 as it have no endpoints.
2026-07-08 16:40:01.513 10 INFO neutron.wsgi [None req-ecb3633d-134e-4cbc-88cb-3eac55924381 69c0da034c7348c5b5aa6126672c54d2 98af3fba1286450792d13b35ac49dd0d - - default default] 10.0.0.81 "GET /v2.0/ports/32298794-6f6f-4408-9540-d29b3417ed6c HTTP/1.1" status: 200 len: 1135 time: 0.0277176
2026-07-08 16:40:01.520 10 WARNING keystonemiddleware.audit [None req-3e61068b-0c78-4982-b556-6b5807ef8424 - - - - - -] Skipping service tempest-service-1927587774 as it have no endpoints.
2026-07-08 16:40:01.556 10 INFO neutron.wsgi [None req-a7ebe061-cb5f-4303-aee8-c8f7bbdc7dfe 69c0da034c7348c5b5aa6126672c54d2 98af3fba1286450792d13b35ac49dd0d - - default default] 10.0.0.81 "GET /v2.0/ports/32298794-6f6f-4408-9540-d29b3417ed6c HTTP/1.1" status: 200 len: 1135 time: 0.0372915
2026-07-08 16:40:01.823 9 INFO neutron.wsgi [None req-9c567404-685a-4127-a712-4191072e978d 0702f890f6cc4b8d90325c2b2e9ce73a a0c0f229ae7848bfab7c97ac643f5057 - - - -] 10.0.0.81 "DELETE /v2.0/floatingips/44853194-1df0-4413-9d69-651f49eaabe0 HTTP/1.1" status: 204 len: 168 time: 0.4043634
2026-07-08 16:40:01.851 9 INFO neutron.api.v2.resource [None req-889a26ee-f14b-439c-a24b-06f0e72806b9 0702f890f6cc4b8d90325c2b2e9ce73a a0c0f229ae7848bfab7c97ac643f5057 - - - -] delete failed (client error): The resource could not be found.
2026-07-08 16:40:01.853 9 INFO neutron.wsgi [None req-889a26ee-f14b-439c-a24b-06f0e72806b9 0702f890f6cc4b8d90325c2b2e9ce73a a0c0f229ae7848bfab7c97ac643f5057 - - - -] 10.0.0.81 "DELETE /v2.0/floatingips/44853194-1df0-4413-9d69-651f49eaabe0 HTTP/1.1" status: 404 len: 345 time: 0.0254588
2026-07-08 16:40:02.250 9 INFO neutron.wsgi [None req-8d56c414-9ee2-48f4-901f-c28e6584ec87 0702f890f6cc4b8d90325c2b2e9ce73a a0c0f229ae7848bfab7c97ac643f5057 - - - -] 10.0.0.81 "DELETE /v2.0/ports/0b9ba864-829b-4be3-9c61-60d655759715 HTTP/1.1" status: 204 len: 168 time: 0.3904581
2026-07-08 16:40:02.560 9 INFO neutron.wsgi [None req-c604f7bf-2882-4ec6-b37c-d7e1ad1b6798 0702f890f6cc4b8d90325c2b2e9ce73a a0c0f229ae7848bfab7c97ac643f5057 - - - -] 10.0.0.81 "DELETE /v2.0/ports/7b839a40-12dc-406e-9b3f-062540149216 HTTP/1.1" status: 204 len: 168 time: 0.3051162
2026-07-08 16:40:02.563 10 WARNING keystonemiddleware.audit [None req-27c16972-d6d1-4280-b7b1-9f3484b28a78 - - - - - -] Skipping service tempest-service-1927587774 as it have no endpoints.
2026-07-08 16:40:02.598 10 INFO neutron.wsgi [None req-d887f4c1-2257-42b1-962f-ca0e4e8b4869 69c0da034c7348c5b5aa6126672c54d2 98af3fba1286450792d13b35ac49dd0d - - default default] 10.0.0.81 "GET /v2.0/ports/32298794-6f6f-4408-9540-d29b3417ed6c HTTP/1.1" status: 200 len: 1135 time: 0.0371554
2026-07-08 16:40:02.646 9 INFO neutron.wsgi [None req-e6e48c7c-7bae-422a-95d0-17a80249b98f 0702f890f6cc4b8d90325c2b2e9ce73a a0c0f229ae7848bfab7c97ac643f5057 - - default default] 10.0.0.81 "GET /v2.0/ports?device_id=101b8ff6-343a-4413-a36b-2bda2d961a75 HTTP/1.1" status: 200 len: 1140 time: 0.0826969
2026-07-08 16:40:02.878 9 INFO neutron.wsgi [-] 10.0.0.59 "GET / HTTP/1.1" status: 200 len: 247 time: 0.0019145
2026-07-08 16:40:02.880 10 INFO neutron.wsgi [-] 10.0.0.59 "GET / HTTP/1.1" status: 200 len: 247 time: 0.0031953
2026-07-08 16:40:03.607 10 WARNING keystonemiddleware.audit [None req-7a2ac6a6-1e81-48ce-80fd-1c10dda2228e - - - - - -] Skipping service tempest-service-1927587774 as it have no endpoints.
2026-07-08 16:40:03.628 9 INFO neutron.wsgi [None req-c246b52c-7662-4885-93ff-33c04b461106 0702f890f6cc4b8d90325c2b2e9ce73a a0c0f229ae7848bfab7c97ac643f5057 - - - -] 10.0.0.81 "PUT /v2.0/routers/101b8ff6-343a-4413-a36b-2bda2d961a75/remove_router_interface HTTP/1.1" status: 200 len: 503 time: 0.9764657
2026-07-08 16:40:03.731 10 INFO neutron.wsgi [None req-22ea5581-b448-4d53-bf79-b6015b5d5a76 69c0da034c7348c5b5aa6126672c54d2 98af3fba1286450792d13b35ac49dd0d - - default default] 10.0.0.81 "GET /v2.0/ports/32298794-6f6f-4408-9540-d29b3417ed6c HTTP/1.1" status: 200 len: 1135 time: 0.1275170
2026-07-08 16:40:03.879 10 INFO neutron.db.ovn_revision_numbers_db [None req-59d38565-54d9-4356-b551-49a7ed9b80d1 9cd5ec997f39428da6809704e177ebba 0209aba3cb54462dad77a8ef62be4cb9 - - default default] Successfully bumped revision number for resource ed59646c-8a9d-4392-a137-fca88d7d1bf8 (type: security_groups) to 1
2026-07-08 16:40:03.912 10 INFO neutron.wsgi [None req-59d38565-54d9-4356-b551-49a7ed9b80d1 9cd5ec997f39428da6809704e177ebba 0209aba3cb54462dad77a8ef62be4cb9 - - default default] 10.0.0.81 "GET /v2.0/security-groups?tenant_id=1c9f1e1924f04ade9c2ee16cd9e14419&name=default HTTP/1.1" status: 200 len: 2996 time: 0.3945091 /var/lib/openstack/lib/python3.10/site-packages/pycadf/identifier.py:71: UserWarning: Invalid uuid: neutron. To ensure interoperability, identifiers should be a valid uuid. warnings.warn(('Invalid uuid: %s. To ensure interoperability, '
2026-07-08 16:40:04.090 9 INFO neutron.wsgi [None req-00bf853c-d91e-4e38-af01-098d849905cf 9cd5ec997f39428da6809704e177ebba 0209aba3cb54462dad77a8ef62be4cb9 - - - -] 10.0.0.81 "DELETE /v2.0/security-groups/ed59646c-8a9d-4392-a137-fca88d7d1bf8 HTTP/1.1" status: 204 len: 168 time: 0.1696475
2026-07-08 16:40:04.426 10 INFO neutron.wsgi [None req-48288bbc-58ce-4966-8041-8a6c7aaf0868 0702f890f6cc4b8d90325c2b2e9ce73a a0c0f229ae7848bfab7c97ac643f5057 - - - -] 10.0.0.81 "DELETE /v2.0/routers/101b8ff6-343a-4413-a36b-2bda2d961a75 HTTP/1.1" status: 204 len: 168 time: 0.7923832
2026-07-08 16:40:04.683 9 INFO neutron.wsgi [None req-6642182d-715a-4d6d-b888-7ffb63c9c2f2 0702f890f6cc4b8d90325c2b2e9ce73a a0c0f229ae7848bfab7c97ac643f5057 - - - -] 10.0.0.81 "DELETE /v2.0/subnets/072ff4a4-026a-4c98-999a-cb6e0c79047c HTTP/1.1" status: 204 len: 168 time: 0.2527995
2026-07-08 16:40:04.741 9 WARNING keystonemiddleware.audit [None req-f92e9e9e-6d18-4383-93b2-b8c45a4551f2 - - - - - -] Skipping service tempest-service-1927587774 as it have no endpoints.
2026-07-08 16:40:04.780 9 WARNING neutron.scheduler.dhcp_agent_scheduler [None req-32d793e2-48a1-47ce-9b94-acee3b7b0f8d cce6e948602c401e94065366bd5747e9 74044e43f3994095a70f396dc572597a - - - -] No more DHCP agents
2026-07-08 16:40:04.781 9 WARNING neutron.api.rpc.agentnotifiers.dhcp_rpc_agent_api [None req-32d793e2-48a1-47ce-9b94-acee3b7b0f8d cce6e948602c401e94065366bd5747e9 74044e43f3994095a70f396dc572597a - - - -] Unable to schedule network 5e3a74fd-7c59-4607-b22b-2dfabad66aaf: no agents available; will retry on subsequent port and subnet creation events.
2026-07-08 16:40:04.873 9 INFO neutron.wsgi [None req-79715989-bbe3-4daf-844a-1a716ee626f7 69c0da034c7348c5b5aa6126672c54d2 98af3fba1286450792d13b35ac49dd0d - - default default] 10.0.0.81 "GET /v2.0/ports/32298794-6f6f-4408-9540-d29b3417ed6c HTTP/1.1" status: 200 len: 1135 time: 0.1356835
2026-07-08 16:40:05.132 10 INFO neutron.services.segments.plugin [-] Segment 52ddabc7-aa47-49da-ad24-5a6ef207fd26 resource provider aggregate not found
2026-07-08 16:40:05.137 10 INFO neutron.services.segments.plugin [-] Segment 52ddabc7-aa47-49da-ad24-5a6ef207fd26 resource provider aggregate not found
2026-07-08 16:40:05.154 10 INFO neutron.services.segments.plugin [-] Segment 52ddabc7-aa47-49da-ad24-5a6ef207fd26 resource provider not found; error: Placement Client Error (4xx): {"errors": [{"status": 404, "title": "Not Found", "detail": "The resource could not be found.\n\n No resource provider with uuid 52ddabc7-aa47-49da-ad24-5a6ef207fd26 found for delete ", "request_id": "req-6e4926a7-d040-4bea-9c3c-94713982f961"}]}
2026-07-08 16:40:05.158 10 INFO neutron.services.segments.plugin [-] Segment 52ddabc7-aa47-49da-ad24-5a6ef207fd26 resource provider not found; error: Placement Client Error (4xx): {"errors": [{"status": 404, "title": "Not Found", "detail": "The resource could not be found.\n\n No resource provider with uuid 52ddabc7-aa47-49da-ad24-5a6ef207fd26 found for delete ", "request_id": "req-a2c69874-b548-4e02-bde9-bfcc6950d22e"}]}
2026-07-08 16:40:05.185 10 INFO neutron.wsgi [None req-0b0325f6-10f5-44cf-84fa-df5a776293ae 0702f890f6cc4b8d90325c2b2e9ce73a a0c0f229ae7848bfab7c97ac643f5057 - - - -] 10.0.0.81 "DELETE /v2.0/networks/3f5544e7-9e3e-41e8-85bd-ed5c1d909176 HTTP/1.1" status: 204 len: 168 time: 0.4956639
2026-07-08 16:40:05.467 9 INFO neutron.db.ovn_revision_numbers_db [None req-32d793e2-48a1-47ce-9b94-acee3b7b0f8d cce6e948602c401e94065366bd5747e9 74044e43f3994095a70f396dc572597a - - - -] Successfully bumped revision number for resource b4ed7d6c-250b-496c-be4e-49d17220bab3 (type: floatingips) to 0
2026-07-08 16:40:05.477 9 INFO neutron.wsgi [None req-32d793e2-48a1-47ce-9b94-acee3b7b0f8d cce6e948602c401e94065366bd5747e9 74044e43f3994095a70f396dc572597a - - - -] 10.0.0.81 "POST /v2.0/floatingips HTTP/1.1" status: 201 len: 751 time: 1.2509904
2026-07-08 16:40:05.724 9 WARNING neutron.scheduler.dhcp_agent_scheduler [None req-b0beea0f-72d3-46bd-85cc-1a68c3bf9314 cce6e948602c401e94065366bd5747e9 74044e43f3994095a70f396dc572597a - - - -] No more DHCP agents
2026-07-08 16:40:05.728 9 WARNING neutron.api.rpc.agentnotifiers.dhcp_rpc_agent_api [None req-b0beea0f-72d3-46bd-85cc-1a68c3bf9314 cce6e948602c401e94065366bd5747e9 74044e43f3994095a70f396dc572597a - - - -] Unable to schedule network 5e3a74fd-7c59-4607-b22b-2dfabad66aaf: no agents available; will retry on subsequent port and subnet creation events.
2026-07-08 16:40:05.842 10 WARNING neutron.plugins.ml2.drivers.ovn.mech_driver.ovsdb.ovn_client [None req-ea1f4eae-111f-47cb-8abc-10c4d7819cea - - - - - -] No port found with ID 45062b5b-9c8f-431e-bbab-50fbd1dc651b: RuntimeError: No port found with ID 45062b5b-9c8f-431e-bbab-50fbd1dc651b /var/lib/openstack/lib/python3.10/site-packages/pycadf/identifier.py:71: UserWarning: Invalid uuid: neutron. To ensure interoperability, identifiers should be a valid uuid. warnings.warn(('Invalid uuid: %s. To ensure interoperability, '
2026-07-08 16:40:05.882 9 WARNING keystonemiddleware.audit [None req-00c24a81-9adf-40b5-934e-7e9fc7123a11 - - - - - -] Skipping service tempest-service-1927587774 as it have no endpoints.
2026-07-08 16:40:05.925 9 INFO neutron.wsgi [None req-475d77e2-72a4-414c-a395-127cd9cd4789 69c0da034c7348c5b5aa6126672c54d2 98af3fba1286450792d13b35ac49dd0d - - default default] 10.0.0.81 "GET /v2.0/ports/32298794-6f6f-4408-9540-d29b3417ed6c HTTP/1.1" status: 200 len: 1135 time: 0.0456338
2026-07-08 16:40:05.947 10 INFO neutron.plugins.ml2.drivers.ovn.mech_driver.mech_driver [None req-ea1f4eae-111f-47cb-8abc-10c4d7819cea - - - - - -] OVN reports status up for port: 32298794-6f6f-4408-9540-d29b3417ed6c
2026-07-08 16:40:05.956 10 INFO neutron.plugins.ml2.plugin [None req-ea1f4eae-111f-47cb-8abc-10c4d7819cea - - - - - -] Attempt 1 to provision port 32298794-6f6f-4408-9540-d29b3417ed6c
2026-07-08 16:40:06.003 10 INFO neutron.wsgi [None req-298a4285-6183-43a2-904c-2471af681446 9cd5ec997f39428da6809704e177ebba 0209aba3cb54462dad77a8ef62be4cb9 - - default default] 10.0.0.81 "GET /v2.0/security-groups?tenant_id=a0c0f229ae7848bfab7c97ac643f5057&name=default HTTP/1.1" status: 200 len: 2996 time: 0.3507681 /var/lib/openstack/lib/python3.10/site-packages/pycadf/identifier.py:71: UserWarning: Invalid uuid: neutron. To ensure interoperability, identifiers should be a valid uuid. warnings.warn(('Invalid uuid: %s. To ensure interoperability, '
2026-07-08 16:40:06.049 9 INFO neutron.db.ovn_revision_numbers_db [None req-b0beea0f-72d3-46bd-85cc-1a68c3bf9314 cce6e948602c401e94065366bd5747e9 74044e43f3994095a70f396dc572597a - - - -] Successfully bumped revision number for resource 9905f21c-59de-483c-b02f-fb83d1eb51d6 (type: floatingips) to 0
2026-07-08 16:40:06.072 9 INFO neutron.wsgi [None req-b0beea0f-72d3-46bd-85cc-1a68c3bf9314 cce6e948602c401e94065366bd5747e9 74044e43f3994095a70f396dc572597a - - - -] 10.0.0.81 "POST /v2.0/floatingips HTTP/1.1" status: 201 len: 751 time: 0.5902209
2026-07-08 16:40:06.298 10 INFO neutron.db.ovn_revision_numbers_db [None req-ea1f4eae-111f-47cb-8abc-10c4d7819cea - - - - - -] Successfully bumped revision number for resource 32298794-6f6f-4408-9540-d29b3417ed6c (type: ports) to 3
2026-07-08 16:40:06.314 10 INFO neutron.wsgi [None req-409c936e-5c7f-4db5-bdf7-af147debe881 9cd5ec997f39428da6809704e177ebba 0209aba3cb54462dad77a8ef62be4cb9 - - - -] 10.0.0.81 "DELETE /v2.0/security-groups/8777ee84-066b-430c-9941-9812e261e448 HTTP/1.1" status: 204 len: 168 time: 0.3053648
2026-07-08 16:40:06.353 9 WARNING neutron.scheduler.dhcp_agent_scheduler [None req-af6edd31-910a-49cc-9e25-ded096c291ef cce6e948602c401e94065366bd5747e9 74044e43f3994095a70f396dc572597a - - - -] No more DHCP agents
2026-07-08 16:40:06.356 9 WARNING neutron.api.rpc.agentnotifiers.dhcp_rpc_agent_api [None req-af6edd31-910a-49cc-9e25-ded096c291ef cce6e948602c401e94065366bd5747e9 74044e43f3994095a70f396dc572597a - - - -] Unable to schedule network 5e3a74fd-7c59-4607-b22b-2dfabad66aaf: no agents available; will retry on subsequent port and subnet creation events.
2026-07-08 16:40:06.418 10 INFO neutron.db.ovn_revision_numbers_db [None req-ea1f4eae-111f-47cb-8abc-10c4d7819cea - - - - - -] Successfully bumped revision number for resource 32298794-6f6f-4408-9540-d29b3417ed6c (type: router_ports) to 3
2026-07-08 16:40:06.679 9 INFO neutron.db.ovn_revision_numbers_db [None req-af6edd31-910a-49cc-9e25-ded096c291ef cce6e948602c401e94065366bd5747e9 74044e43f3994095a70f396dc572597a - - - -] Successfully bumped revision number for resource cb7a8f52-4634-435a-b655-56f59cecee69 (type: floatingips) to 0
2026-07-08 16:40:06.695 9 INFO neutron.wsgi [None req-af6edd31-910a-49cc-9e25-ded096c291ef cce6e948602c401e94065366bd5747e9 74044e43f3994095a70f396dc572597a - - - -] 10.0.0.81 "POST /v2.0/floatingips HTTP/1.1" status: 201 len: 751 time: 0.6187537
2026-07-08 16:40:06.933 10 WARNING keystonemiddleware.audit [None req-03808986-8297-4e47-9e92-6e3ccd2f3190 - - - - - -] Skipping service tempest-service-1927587774 as it have no endpoints.
2026-07-08 16:40:06.969 10 INFO neutron.wsgi [None req-f70560fe-dec4-4df5-a442-5b25c1f12c84 69c0da034c7348c5b5aa6126672c54d2 98af3fba1286450792d13b35ac49dd0d - - default default] 10.0.0.81 "GET /v2.0/ports/32298794-6f6f-4408-9540-d29b3417ed6c HTTP/1.1" status: 200 len: 1137 time: 0.0387657
2026-07-08 16:40:06.978 10 WARNING keystonemiddleware.audit [None req-fcc9fa1b-b0f5-4c74-b0a2-f588b5e35707 - - - - - -] Skipping service tempest-service-1927587774 as it have no endpoints.
2026-07-08 16:40:07.020 9 WARNING neutron.scheduler.dhcp_agent_scheduler [None req-57e8ea87-a32a-4cbb-8fe8-a08d16e8d518 cce6e948602c401e94065366bd5747e9 74044e43f3994095a70f396dc572597a - - - -] No more DHCP agents
2026-07-08 16:40:07.022 9 WARNING neutron.api.rpc.agentnotifiers.dhcp_rpc_agent_api [None req-57e8ea87-a32a-4cbb-8fe8-a08d16e8d518 cce6e948602c401e94065366bd5747e9 74044e43f3994095a70f396dc572597a - - - -] Unable to schedule network 5e3a74fd-7c59-4607-b22b-2dfabad66aaf: no agents available; will retry on subsequent port and subnet creation events.
2026-07-08 16:40:07.361 9 INFO neutron.db.ovn_revision_numbers_db [None req-cd9cd340-0a2c-4203-ab0a-18ca9c46bf97 20c9bc50e3a94fb3a9121cc772a99ad2 77263091a7184d91b9a4b64d52184b9d - - - -] Successfully bumped revision number for resource 4d6f0eb9-25af-49fc-b860-0a692c7be555 (type: security_groups) to 1
2026-07-08 16:40:07.398 9 INFO neutron.db.ovn_revision_numbers_db [None req-57e8ea87-a32a-4cbb-8fe8-a08d16e8d518 cce6e948602c401e94065366bd5747e9 74044e43f3994095a70f396dc572597a - - - -] Successfully bumped revision number for resource 39f2d2ab-19f1-4998-b885-642549543f08 (type: floatingips) to 0
2026-07-08 16:40:07.413 9 INFO neutron.wsgi [None req-57e8ea87-a32a-4cbb-8fe8-a08d16e8d518 cce6e948602c401e94065366bd5747e9 74044e43f3994095a70f396dc572597a - - - -] 10.0.0.81 "POST /v2.0/floatingips HTTP/1.1" status: 201 len: 751 time: 0.7126405
2026-07-08 16:40:07.417 9 INFO neutron.db.segments_db [None req-cd9cd340-0a2c-4203-ab0a-18ca9c46bf97 20c9bc50e3a94fb3a9121cc772a99ad2 77263091a7184d91b9a4b64d52184b9d - - - -] Added segment 62a66cb3-d6d4-4029-9998-369100a413f2 of type geneve for network 91066978-2da1-4276-bdc8-e3034eb0a793
2026-07-08 16:40:07.639 9 INFO neutron.db.ovn_revision_numbers_db [None req-cd9cd340-0a2c-4203-ab0a-18ca9c46bf97 20c9bc50e3a94fb3a9121cc772a99ad2 77263091a7184d91b9a4b64d52184b9d - - - -] Successfully bumped revision number for resource 91066978-2da1-4276-bdc8-e3034eb0a793 (type: networks) to 1
2026-07-08 16:40:07.761 10 INFO neutron.wsgi [None req-4edfefe0-57af-488c-9724-e22f97f43c0d 69c0da034c7348c5b5aa6126672c54d2 98af3fba1286450792d13b35ac49dd0d - - - -] 10.0.0.81 "PUT /v2.0/routers/9e331a2a-4ffe-4811-a685-34e66552d57e/remove_router_interface HTTP/1.1" status: 200 len: 503 time: 0.7852786
2026-07-08 16:40:07.769 10 WARNING keystonemiddleware.audit [None req-6e17a451-35d1-4836-b054-f9f98fd621b5 - - - - - -] Skipping service tempest-service-1927587774 as it have no endpoints. /var/lib/openstack/lib/python3.10/site-packages/pycadf/identifier.py:71: UserWarning: Invalid uuid: neutron. To ensure interoperability, identifiers should be a valid uuid. warnings.warn(('Invalid uuid: %s. To ensure interoperability, '
2026-07-08 16:40:07.790 10 INFO neutron.wsgi [None req-1de9a84a-2a89-44af-9e32-4484b7f0ef8e 69c0da034c7348c5b5aa6126672c54d2 98af3fba1286450792d13b35ac49dd0d - - default default] 10.0.0.81 "GET /v2.0/ports?device_id=9e331a2a-4ffe-4811-a685-34e66552d57e HTTP/1.1" status: 200 len: 205 time: 0.0246487
2026-07-08 16:40:07.797 10 WARNING keystonemiddleware.audit [None req-8348a917-9096-4615-b269-08c8f2de4983 - - - - - -] Skipping service tempest-service-1927587774 as it have no endpoints.
2026-07-08 16:40:07.878 9 WARNING neutron.scheduler.dhcp_agent_scheduler [None req-46f63a8c-c428-4f38-b983-c6e12698fb34 cce6e948602c401e94065366bd5747e9 74044e43f3994095a70f396dc572597a - - - -] No more DHCP agents
2026-07-08 16:40:07.883 9 WARNING neutron.api.rpc.agentnotifiers.dhcp_rpc_agent_api [None req-46f63a8c-c428-4f38-b983-c6e12698fb34 cce6e948602c401e94065366bd5747e9 74044e43f3994095a70f396dc572597a - - - -] Unable to schedule network 5e3a74fd-7c59-4607-b22b-2dfabad66aaf: no agents available; will retry on subsequent port and subnet creation events.
2026-07-08 16:40:07.927 9 WARNING neutron.scheduler.dhcp_agent_scheduler [None req-cd9cd340-0a2c-4203-ab0a-18ca9c46bf97 20c9bc50e3a94fb3a9121cc772a99ad2 77263091a7184d91b9a4b64d52184b9d - - - -] No more DHCP agents
2026-07-08 16:40:07.930 9 WARNING neutron.api.rpc.agentnotifiers.dhcp_rpc_agent_api [None req-cd9cd340-0a2c-4203-ab0a-18ca9c46bf97 20c9bc50e3a94fb3a9121cc772a99ad2 77263091a7184d91b9a4b64d52184b9d - - - -] Unable to schedule network 91066978-2da1-4276-bdc8-e3034eb0a793: no agents available; will retry on subsequent port and subnet creation events.
2026-07-08 16:40:08.007 9 INFO neutron.db.ovn_revision_numbers_db [None req-cd9cd340-0a2c-4203-ab0a-18ca9c46bf97 20c9bc50e3a94fb3a9121cc772a99ad2 77263091a7184d91b9a4b64d52184b9d - - - -] Successfully bumped revision number for resource 56d03b8e-4fd1-4083-a10f-2f7b4d15a695 (type: ports) to 1
2026-07-08 16:40:08.029 9 INFO neutron.wsgi [None req-cd9cd340-0a2c-4203-ab0a-18ca9c46bf97 20c9bc50e3a94fb3a9121cc772a99ad2 77263091a7184d91b9a4b64d52184b9d - - - -] 10.0.0.81 "POST /v2.0/networks HTTP/1.1" status: 201 len: 832 time: 1.0525947
2026-07-08 16:40:08.051 10 INFO neutron.wsgi [None req-1e4c7ad8-18e3-4c46-b33d-d610a3011e48 69c0da034c7348c5b5aa6126672c54d2 98af3fba1286450792d13b35ac49dd0d - - - -] 10.0.0.81 "DELETE /v2.0/routers/9e331a2a-4ffe-4811-a685-34e66552d57e HTTP/1.1" status: 204 len: 168 time: 0.2557695
2026-07-08 16:40:08.058 10 WARNING keystonemiddleware.audit [None req-81eb7e13-a862-4640-9cb0-0ca8ac622dc9 - - - - - -] Skipping service tempest-service-1927587774 as it have no endpoints.
2026-07-08 16:40:08.310 10 INFO neutron.wsgi [None req-c28741f4-cd66-444e-9445-d22fcbdfa2cc 69c0da034c7348c5b5aa6126672c54d2 98af3fba1286450792d13b35ac49dd0d - - - -] 10.0.0.81 "DELETE /v2.0/subnets/7c6b09e9-bb2d-455d-b6da-e8cca21ca34b HTTP/1.1" status: 204 len: 168 time: 0.2539117
2026-07-08 16:40:08.335 10 WARNING keystonemiddleware.audit [None req-09667a1a-087b-4660-a066-8bd7fc05a533 - - - - - -] Skipping service tempest-service-1927587774 as it have no endpoints.
2026-07-08 16:40:08.407 10 INFO neutron.db.ovn_revision_numbers_db [None req-9e310a4a-5f84-463f-b9df-5c8cc3e7c247 facb4d24c19b4976888e2bf1d5ef6bd4 60d826a8cf904f289c938b5ffe88aae6 - - - -] Successfully bumped revision number for resource 7692d8cf-9caa-419a-af9c-ebcce160a349 (type: security_groups) to 1
2026-07-08 16:40:08.478 10 INFO neutron.db.segments_db [None req-9e310a4a-5f84-463f-b9df-5c8cc3e7c247 facb4d24c19b4976888e2bf1d5ef6bd4 60d826a8cf904f289c938b5ffe88aae6 - - - -] Added segment ae148b43-05a3-4aba-a8e2-371ae7c774eb of type geneve for network 70052b62-4493-44f3-9be1-e80029991f76
2026-07-08 16:40:08.638 9 INFO neutron.db.ovn_revision_numbers_db [None req-46f63a8c-c428-4f38-b983-c6e12698fb34 cce6e948602c401e94065366bd5747e9 74044e43f3994095a70f396dc572597a - - - -] Successfully bumped revision number for resource 6198f0c4-0974-4f7f-82a3-e110283bead8 (type: floatingips) to 0
2026-07-08 16:40:08.661 9 INFO neutron.wsgi [None req-46f63a8c-c428-4f38-b983-c6e12698fb34 cce6e948602c401e94065366bd5747e9 74044e43f3994095a70f396dc572597a - - - -] 10.0.0.81 "POST /v2.0/floatingips HTTP/1.1" status: 201 len: 751 time: 1.2347822
2026-07-08 16:40:08.661 10 INFO neutron.db.ovn_revision_numbers_db [None req-9e310a4a-5f84-463f-b9df-5c8cc3e7c247 facb4d24c19b4976888e2bf1d5ef6bd4 60d826a8cf904f289c938b5ffe88aae6 - - - -] Successfully bumped revision number for resource 70052b62-4493-44f3-9be1-e80029991f76 (type: networks) to 1
2026-07-08 16:40:08.779 10 INFO neutron.wsgi [None req-b52dd28b-c796-451d-8c7e-94ceac221993 cce6e948602c401e94065366bd5747e9 74044e43f3994095a70f396dc572597a - - - -] 10.0.0.81 "PUT /v2.0/floatingips/b4ed7d6c-250b-496c-be4e-49d17220bab3/tags HTTP/1.1" status: 200 len: 210 time: 0.1043177
2026-07-08 16:40:08.855 9 INFO neutron.wsgi [None req-49e7010f-4cc2-46de-bd78-cb0626ae85d6 cce6e948602c401e94065366bd5747e9 74044e43f3994095a70f396dc572597a - - - -] 10.0.0.81 "PUT /v2.0/floatingips/9905f21c-59de-483c-b02f-fb83d1eb51d6/tags HTTP/1.1" status: 200 len: 218 time: 0.0689814
2026-07-08 16:40:08.929 9 INFO neutron.wsgi [None req-b4f4d175-e3e1-447c-924f-7bbc1652111a cce6e948602c401e94065366bd5747e9 74044e43f3994095a70f396dc572597a - - - -] 10.0.0.81 "PUT /v2.0/floatingips/cb7a8f52-4634-435a-b655-56f59cecee69/tags HTTP/1.1" status: 200 len: 227 time: 0.0679750
2026-07-08 16:40:08.964 9 WARNING neutron.scheduler.dhcp_agent_scheduler [None req-c5b82d9d-07c4-4a33-b28f-4783b1bddcd5 20c9bc50e3a94fb3a9121cc772a99ad2 77263091a7184d91b9a4b64d52184b9d - - - -] No more DHCP agents
2026-07-08 16:40:08.968 9 WARNING neutron.api.rpc.agentnotifiers.dhcp_rpc_agent_api [None req-c5b82d9d-07c4-4a33-b28f-4783b1bddcd5 20c9bc50e3a94fb3a9121cc772a99ad2 77263091a7184d91b9a4b64d52184b9d - - - -] Unable to schedule network 5e3a74fd-7c59-4607-b22b-2dfabad66aaf: no agents available; will retry on subsequent port and subnet creation events.
2026-07-08 16:40:08.987 9 INFO neutron.wsgi [None req-3071dfd0-8604-4f55-826e-7281218235a1 cce6e948602c401e94065366bd5747e9 74044e43f3994095a70f396dc572597a - - - -] 10.0.0.81 "PUT /v2.0/floatingips/39f2d2ab-19f1-4998-b885-642549543f08/tags HTTP/1.1" status: 200 len: 212 time: 0.0528576
2026-07-08 16:40:09.065 9 INFO neutron.wsgi [None req-3ea250ed-eb53-4a25-ad2e-b2cdb6cd280a cce6e948602c401e94065366bd5747e9 74044e43f3994095a70f396dc572597a - - default default] 10.0.0.81 "GET /v2.0/floatingips?tags=red HTTP/1.1" status: 200 len: 1866 time: 0.0664434
2026-07-08 16:40:09.135 9 INFO neutron.wsgi [None req-53e674bd-626a-49c9-a129-4af9d4715422 cce6e948602c401e94065366bd5747e9 74044e43f3994095a70f396dc572597a - - default default] 10.0.0.81 "GET /v2.0/floatingips?tags=red%2Cblue HTTP/1.1" status: 200 len: 1323 time: 0.0628488
2026-07-08 16:40:09.205 9 INFO neutron.wsgi [None req-7c005d0c-0a80-4ba2-8421-09018a3ff8d8 cce6e948602c401e94065366bd5747e9 74044e43f3994095a70f396dc572597a - - default default] 10.0.0.81 "GET /v2.0/floatingips?tags-any=blue HTTP/1.1" status: 200 len: 1323 time: 0.0595489
2026-07-08 16:40:09.254 9 INFO neutron.wsgi [None req-19055a14-c661-42a5-ab6c-bf072227b1bd cce6e948602c401e94065366bd5747e9 74044e43f3994095a70f396dc572597a - - default default] 10.0.0.81 "GET /v2.0/floatingips?tags-any=red%2Cblue HTTP/1.1" status: 200 len: 1866 time: 0.0437744
2026-07-08 16:40:09.280 10 INFO neutron.services.segments.plugin [-] Segment 111e9e21-fa29-4346-b2a2-6a5094c94a30 resource provider aggregate not found
2026-07-08 16:40:09.291 10 INFO neutron.services.segments.plugin [-] Segment 111e9e21-fa29-4346-b2a2-6a5094c94a30 resource provider aggregate not found
2026-07-08 16:40:09.302 10 INFO neutron.services.segments.plugin [-] Segment 111e9e21-fa29-4346-b2a2-6a5094c94a30 resource provider not found; error: Placement Client Error (4xx): {"errors": [{"status": 404, "title": "Not Found", "detail": "The resource could not be found.\n\n No resource provider with uuid 111e9e21-fa29-4346-b2a2-6a5094c94a30 found for delete ", "request_id": "req-af4a143a-7eec-4056-b7e3-15909b73a6be"}]}
2026-07-08 16:40:09.324 10 INFO neutron.services.segments.plugin [-] Segment 111e9e21-fa29-4346-b2a2-6a5094c94a30 resource provider not found; error: Placement Client Error (4xx): {"errors": [{"status": 404, "title": "Not Found", "detail": "The resource could not be found.\n\n No resource provider with uuid 111e9e21-fa29-4346-b2a2-6a5094c94a30 found for delete ", "request_id": "req-bb991d74-79d9-4780-82af-9ce52b2e6c0c"}]}
2026-07-08 16:40:09.329 9 INFO neutron.wsgi [None req-20b79702-adb7-4cea-ab6d-041348496514 cce6e948602c401e94065366bd5747e9 74044e43f3994095a70f396dc572597a - - default default] 10.0.0.81 "GET /v2.0/floatingips?not-tags=red HTTP/1.1" status: 200 len: 1295 time: 0.0690529
2026-07-08 16:40:09.356 9 INFO neutron.db.ovn_revision_numbers_db [None req-c5b82d9d-07c4-4a33-b28f-4783b1bddcd5 20c9bc50e3a94fb3a9121cc772a99ad2 77263091a7184d91b9a4b64d52184b9d - - - -] Successfully bumped revision number for resource fe9dd721-e8dc-4321-bf4e-5512a728e2d7 (type: ports) to 1
2026-07-08 16:40:09.399 10 INFO neutron.wsgi [None req-886414b3-d99b-4f47-a674-3fb5eaf5c2c4 69c0da034c7348c5b5aa6126672c54d2 98af3fba1286450792d13b35ac49dd0d - - - -] 10.0.0.81 "DELETE /v2.0/networks/f968d384-4ab0-4b51-92a9-d82e67a3564a HTTP/1.1" status: 204 len: 168 time: 1.0655808
2026-07-08 16:40:09.410 10 INFO neutron.wsgi [None req-73b4fcd5-e54d-4214-8488-8154dc2b5ad9 cce6e948602c401e94065366bd5747e9 74044e43f3994095a70f396dc572597a - - default default] 10.0.0.81 "GET /v2.0/floatingips?not-tags=red%2Cblue HTTP/1.1" status: 200 len: 1838 time: 0.0740969
2026-07-08 16:40:09.410 10 WARNING neutron.scheduler.dhcp_agent_scheduler [None req-9e310a4a-5f84-463f-b9df-5c8cc3e7c247 facb4d24c19b4976888e2bf1d5ef6bd4 60d826a8cf904f289c938b5ffe88aae6 - - - -] No more DHCP agents
2026-07-08 16:40:09.415 10 WARNING keystonemiddleware.audit [None req-049e8983-119c-450b-88d4-17370ed01033 - - - - - -] Skipping service tempest-service-1927587774 as it have no endpoints.
2026-07-08 16:40:09.421 10 WARNING neutron.api.rpc.agentnotifiers.dhcp_rpc_agent_api [None req-9e310a4a-5f84-463f-b9df-5c8cc3e7c247 facb4d24c19b4976888e2bf1d5ef6bd4 60d826a8cf904f289c938b5ffe88aae6 - - - -] Unable to schedule network 70052b62-4493-44f3-9be1-e80029991f76: no agents available; will retry on subsequent port and subnet creation events.
