2026-07-08 16:42:01.310 9 INFO neutron.wsgi [None req-38ee3f76-c548-40f6-a9a1-f951b24aa9ae 9cd5ec997f39428da6809704e177ebba 0209aba3cb54462dad77a8ef62be4cb9 - - - -] 10.0.0.81 "DELETE /v2.0/security-groups/86d66214-8727-4d40-9452-61b9c387112d HTTP/1.1" status: 204 len: 168 time: 0.2258053
2026-07-08 16:42:01.319 10 INFO neutron.db.l3_db [None req-b9446ad9-a7c6-4ce3-826d-ef5b135676ff 69c93a2e27eb428482ccab526c1ccaed 589edc3a0d544dc590e5afd7cca97cea - - - -] Floating IP a6081ec0-4073-483e-8f0e-41a8ac3bea57 associated. External IP: 10.96.250.213, port: 2b80f7d2-e37e-4218-ba00-fc8c65faac72.
2026-07-08 16:42:01.485 10 INFO neutron.db.ovn_revision_numbers_db [None req-b9446ad9-a7c6-4ce3-826d-ef5b135676ff 69c93a2e27eb428482ccab526c1ccaed 589edc3a0d544dc590e5afd7cca97cea - - - -] Successfully bumped revision number for resource a6081ec0-4073-483e-8f0e-41a8ac3bea57 (type: floatingips) to 0 /var/lib/openstack/lib/python3.10/site-packages/pycadf/identifier.py:71: UserWarning: Invalid uuid: neutron. To ensure interoperability, identifiers should be a valid uuid. warnings.warn(('Invalid uuid: %s. To ensure interoperability, '
2026-07-08 16:42:01.536 10 INFO neutron.services.segments.plugin [-] Segment adfa5fbf-5327-480f-a095-7e42da111f35 resource provider aggregate not found
2026-07-08 16:42:01.561 9 INFO neutron.wsgi [None req-76055200-b675-45a7-b624-ca2613f2ed46 9cd5ec997f39428da6809704e177ebba 0209aba3cb54462dad77a8ef62be4cb9 - - default default] 10.0.0.81 "GET /v2.0/security-groups?tenant_id=2bd4de982ef64f928954947f5970ae30&name=default HTTP/1.1" status: 200 len: 3000 time: 0.0431552
2026-07-08 16:42:01.561 10 INFO neutron.services.segments.plugin [-] Segment adfa5fbf-5327-480f-a095-7e42da111f35 resource provider aggregate not found
2026-07-08 16:42:01.566 10 INFO neutron.services.segments.plugin [-] Segment adfa5fbf-5327-480f-a095-7e42da111f35 resource provider not found; error: Placement Client Error (4xx): {"errors": [{"status": 404, "title": "Not Found", "detail": "The resource could not be found.\n\n No resource provider with uuid adfa5fbf-5327-480f-a095-7e42da111f35 found for delete ", "request_id": "req-42055526-d890-4dcf-9d36-40f8a08a1d74"}]}
2026-07-08 16:42:01.586 10 INFO neutron.services.segments.plugin [-] Segment adfa5fbf-5327-480f-a095-7e42da111f35 resource provider not found; error: Placement Client Error (4xx): {"errors": [{"status": 404, "title": "Not Found", "detail": "The resource could not be found.\n\n No resource provider with uuid adfa5fbf-5327-480f-a095-7e42da111f35 found for delete ", "request_id": "req-974897df-1981-4f40-a0ed-38d61dadfcb7"}]}
2026-07-08 16:42:01.615 10 INFO neutron.db.ovn_revision_numbers_db [None req-b9446ad9-a7c6-4ce3-826d-ef5b135676ff 69c93a2e27eb428482ccab526c1ccaed 589edc3a0d544dc590e5afd7cca97cea - - - -] Successfully bumped revision number for resource a6081ec0-4073-483e-8f0e-41a8ac3bea57 (type: floatingips) to 1
2026-07-08 16:42:01.657 10 INFO neutron.wsgi [None req-b9446ad9-a7c6-4ce3-826d-ef5b135676ff 69c93a2e27eb428482ccab526c1ccaed 589edc3a0d544dc590e5afd7cca97cea - - - -] 10.0.0.81 "POST /v2.0/floatingips HTTP/1.1" status: 201 len: 1054 time: 1.0673048
2026-07-08 16:42:01.701 10 INFO neutron.notifiers.nova [-] Nova event matching ['req-65a53705-94c9-42a0-8535-af27e3b2db31'] response: {'name': 'network-changed', 'server_uuid': 'ff67a7ce-35e5-4e4d-b39d-1d783d63ddab', 'tag': '2b80f7d2-e37e-4218-ba00-fc8c65faac72', 'status': 'completed', 'code': 200}
2026-07-08 16:42:01.761 9 INFO neutron.wsgi [req-9292ceb2-e068-4d04-8dc2-45d6483ca6ed req-05f9a7e0-a6e3-408e-9f44-b51063cff419 cb8f84f163474bbbaca19db2896a6562 dc7db9b88898430286696a4f2c38d6c1 - - 23621ad2b53d454e96a2cf15f2e7de13 23621ad2b53d454e96a2cf15f2e7de13] 199.19.213.163 "GET /v2.0/ports?tenant_id=589edc3a0d544dc590e5afd7cca97cea&device_id=ff67a7ce-35e5-4e4d-b39d-1d783d63ddab HTTP/1.1" status: 200 len: 1594 time: 0.0356493
2026-07-08 16:42:01.831 9 INFO neutron.wsgi [None req-2fff0666-48ba-45b4-b812-b6ff83c83fcb 9cd5ec997f39428da6809704e177ebba 0209aba3cb54462dad77a8ef62be4cb9 - - - -] 10.0.0.81 "DELETE /v2.0/security-groups/341585e7-c2ac-422b-94b4-9ccbfc558d6b HTTP/1.1" status: 204 len: 168 time: 0.2659843
2026-07-08 16:42:01.852 9 INFO neutron.wsgi [req-9292ceb2-e068-4d04-8dc2-45d6483ca6ed req-82ac2f00-22e6-4ffc-be91-051896e93d43 cb8f84f163474bbbaca19db2896a6562 dc7db9b88898430286696a4f2c38d6c1 - - 23621ad2b53d454e96a2cf15f2e7de13 23621ad2b53d454e96a2cf15f2e7de13] 199.19.213.163 "GET /v2.0/networks?id=fbbde19f-6ef3-4fbb-b558-467615c52356 HTTP/1.1" status: 200 len: 1003 time: 0.0862968
2026-07-08 16:42:01.908 9 INFO neutron.wsgi [req-9292ceb2-e068-4d04-8dc2-45d6483ca6ed req-087c503c-63e5-480d-94a5-a8a1e96d19b2 cb8f84f163474bbbaca19db2896a6562 dc7db9b88898430286696a4f2c38d6c1 - - 23621ad2b53d454e96a2cf15f2e7de13 23621ad2b53d454e96a2cf15f2e7de13] 199.19.213.163 "GET /v2.0/floatingips?fixed_ip_address=10.2.2.168&port_id=2b80f7d2-e37e-4218-ba00-fc8c65faac72 HTTP/1.1" status: 200 len: 1059 time: 0.0490859
2026-07-08 16:42:01.947 9 INFO neutron.wsgi [req-9292ceb2-e068-4d04-8dc2-45d6483ca6ed req-83704d5f-2a2e-44d7-ae22-1b987ad118fe cb8f84f163474bbbaca19db2896a6562 dc7db9b88898430286696a4f2c38d6c1 - - 23621ad2b53d454e96a2cf15f2e7de13 23621ad2b53d454e96a2cf15f2e7de13] 199.19.213.163 "GET /v2.0/floatingips?fixed_ip_address=fd77%3A1457%3A4cf0%3A26a8%3A%3A1e1&port_id=2b80f7d2-e37e-4218-ba00-fc8c65faac72 HTTP/1.1" status: 200 len: 217 time: 0.0312684
2026-07-08 16:42:01.995 9 INFO neutron.wsgi [req-9292ceb2-e068-4d04-8dc2-45d6483ca6ed req-f50cecbc-b66e-4d54-811d-fe7f6d94cafe cb8f84f163474bbbaca19db2896a6562 dc7db9b88898430286696a4f2c38d6c1 - - 23621ad2b53d454e96a2cf15f2e7de13 23621ad2b53d454e96a2cf15f2e7de13] 199.19.213.163 "GET /v2.0/subnets?id=9c8f329c-cd6d-48a2-9e29-4b1deafd1c1d&id=0bb16328-2e29-416b-b34b-b622de748570 HTTP/1.1" status: 200 len: 1566 time: 0.0351236
2026-07-08 16:42:02.031 9 INFO neutron.wsgi [req-9292ceb2-e068-4d04-8dc2-45d6483ca6ed req-ab70a263-6b7c-45fb-bd13-849621d8b6d4 cb8f84f163474bbbaca19db2896a6562 dc7db9b88898430286696a4f2c38d6c1 - - 23621ad2b53d454e96a2cf15f2e7de13 23621ad2b53d454e96a2cf15f2e7de13] 199.19.213.163 "GET /v2.0/ports?network_id=fbbde19f-6ef3-4fbb-b558-467615c52356&device_owner=network%3Adhcp HTTP/1.1" status: 200 len: 210 time: 0.0280271
2026-07-08 16:42:02.045 10 INFO neutron.db.ovn_revision_numbers_db [None req-c9f429f4-f6fb-4389-bfa3-8990cf086378 9cd5ec997f39428da6809704e177ebba 0209aba3cb54462dad77a8ef62be4cb9 - - default default] Successfully bumped revision number for resource f5b3b1ae-b2d2-4d35-9273-b199d9f799c7 (type: security_groups) to 1
2026-07-08 16:42:02.077 9 INFO neutron.wsgi [req-9292ceb2-e068-4d04-8dc2-45d6483ca6ed req-6f4c9dbb-6e77-49ec-a73d-2cb711bdae5b cb8f84f163474bbbaca19db2896a6562 dc7db9b88898430286696a4f2c38d6c1 - - 23621ad2b53d454e96a2cf15f2e7de13 23621ad2b53d454e96a2cf15f2e7de13] 199.19.213.163 "GET /v2.0/ports?network_id=fbbde19f-6ef3-4fbb-b558-467615c52356&device_owner=network%3Adhcp HTTP/1.1" status: 200 len: 210 time: 0.0351679
2026-07-08 16:42:02.080 10 INFO neutron.wsgi [None req-c9f429f4-f6fb-4389-bfa3-8990cf086378 9cd5ec997f39428da6809704e177ebba 0209aba3cb54462dad77a8ef62be4cb9 - - default default] 10.0.0.81 "GET /v2.0/security-groups?tenant_id=182ee7d372ad43bbbf876cff4053b66d&name=default HTTP/1.1" status: 200 len: 3000 time: 0.1382711
2026-07-08 16:42:02.153 9 INFO neutron.wsgi [req-9292ceb2-e068-4d04-8dc2-45d6483ca6ed req-b369188f-a90b-45be-88c8-10d3e36566fc cb8f84f163474bbbaca19db2896a6562 dc7db9b88898430286696a4f2c38d6c1 - - 23621ad2b53d454e96a2cf15f2e7de13 23621ad2b53d454e96a2cf15f2e7de13] 199.19.213.163 "GET /v2.0/networks/fbbde19f-6ef3-4fbb-b558-467615c52356?fields=segments HTTP/1.1" status: 200 len: 212 time: 0.0693989
2026-07-08 16:42:02.225 9 INFO neutron.wsgi [req-9292ceb2-e068-4d04-8dc2-45d6483ca6ed req-019d4fbf-cb17-4bda-a7a5-0669d7944e2e cb8f84f163474bbbaca19db2896a6562 dc7db9b88898430286696a4f2c38d6c1 - - 23621ad2b53d454e96a2cf15f2e7de13 23621ad2b53d454e96a2cf15f2e7de13] 199.19.213.163 "GET /v2.0/networks/fbbde19f-6ef3-4fbb-b558-467615c52356?fields=provider%3Aphysical_network&fields=provider%3Anetwork_type HTTP/1.1" status: 200 len: 277 time: 0.0615740
2026-07-08 16:42:02.281 10 INFO neutron.wsgi [None req-b05323ac-4e78-4121-8192-2b277f0b72b8 9cd5ec997f39428da6809704e177ebba 0209aba3cb54462dad77a8ef62be4cb9 - - - -] 10.0.0.81 "DELETE /v2.0/security-groups/f5b3b1ae-b2d2-4d35-9273-b199d9f799c7 HTTP/1.1" status: 204 len: 168 time: 0.1960814
2026-07-08 16:42:02.879 9 INFO neutron.wsgi [-] 10.0.0.59 "GET / HTTP/1.1" status: 200 len: 247 time: 0.0023084
2026-07-08 16:42:02.881 10 INFO neutron.wsgi [-] 10.0.0.59 "GET / HTTP/1.1" status: 200 len: 247 time: 0.0032125
2026-07-08 16:42:03.146 10 INFO neutron.wsgi [req-004eca83-bff4-47ad-9d19-1cf7d203d36d req-bcb82d9e-7c02-4e3a-a85a-10f0817990cd cb8f84f163474bbbaca19db2896a6562 dc7db9b88898430286696a4f2c38d6c1 - - 23621ad2b53d454e96a2cf15f2e7de13 23621ad2b53d454e96a2cf15f2e7de13] 10.0.0.254 "GET /v2.0/ports?device_id=5c9db9f7-91fd-4720-b346-28553d5e18ab HTTP/1.1" status: 200 len: 1586 time: 0.0272098
2026-07-08 16:42:03.184 10 INFO neutron.wsgi [req-004eca83-bff4-47ad-9d19-1cf7d203d36d req-88975801-fad0-4c57-ac0a-02677d1438c8 cb8f84f163474bbbaca19db2896a6562 dc7db9b88898430286696a4f2c38d6c1 - - 23621ad2b53d454e96a2cf15f2e7de13 23621ad2b53d454e96a2cf15f2e7de13] 10.0.0.254 "GET /v2.0/security-groups?id=7bd4780c-73f0-4756-bb55-f43db64be16b&fields=id&fields=name HTTP/1.1" status: 200 len: 311 time: 0.0317736
2026-07-08 16:42:03.330 10 INFO neutron.db.ovn_revision_numbers_db [None req-0905f3d4-4a30-4b1d-b563-0cb9dbd06256 47b6702de98e44d3a48377b3af019094 e3f4cd322e2948e19086662ca1700174 - - - -] Successfully bumped revision number for resource 3e758b3d-8f36-4409-b707-ebe315657abe (type: security_groups) to 1
2026-07-08 16:42:03.386 10 INFO neutron.db.segments_db [None req-0905f3d4-4a30-4b1d-b563-0cb9dbd06256 47b6702de98e44d3a48377b3af019094 e3f4cd322e2948e19086662ca1700174 - - - -] Added segment b44a4951-6db5-4710-9f7e-9603bb266090 of type geneve for network 6042907d-ea75-4ff8-b8b3-39ad08ea139c
2026-07-08 16:42:03.529 10 INFO neutron.db.ovn_revision_numbers_db [None req-0905f3d4-4a30-4b1d-b563-0cb9dbd06256 47b6702de98e44d3a48377b3af019094 e3f4cd322e2948e19086662ca1700174 - - - -] Successfully bumped revision number for resource 6042907d-ea75-4ff8-b8b3-39ad08ea139c (type: networks) to 1
2026-07-08 16:42:03.746 10 WARNING neutron.scheduler.dhcp_agent_scheduler [None req-0905f3d4-4a30-4b1d-b563-0cb9dbd06256 47b6702de98e44d3a48377b3af019094 e3f4cd322e2948e19086662ca1700174 - - - -] No more DHCP agents
2026-07-08 16:42:03.748 10 WARNING neutron.api.rpc.agentnotifiers.dhcp_rpc_agent_api [None req-0905f3d4-4a30-4b1d-b563-0cb9dbd06256 47b6702de98e44d3a48377b3af019094 e3f4cd322e2948e19086662ca1700174 - - - -] Unable to schedule network 6042907d-ea75-4ff8-b8b3-39ad08ea139c: no agents available; will retry on subsequent port and subnet creation events.
2026-07-08 16:42:03.820 10 INFO neutron.db.ovn_revision_numbers_db [None req-0905f3d4-4a30-4b1d-b563-0cb9dbd06256 47b6702de98e44d3a48377b3af019094 e3f4cd322e2948e19086662ca1700174 - - - -] Successfully bumped revision number for resource 0ac1749e-691f-4a99-898b-1abc99137c60 (type: ports) to 1
2026-07-08 16:42:03.854 10 INFO neutron.wsgi [None req-0905f3d4-4a30-4b1d-b563-0cb9dbd06256 47b6702de98e44d3a48377b3af019094 e3f4cd322e2948e19086662ca1700174 - - - -] 10.0.0.81 "POST /v2.0/networks HTTP/1.1" status: 201 len: 831 time: 0.8171792
2026-07-08 16:42:04.186 10 WARNING neutron.scheduler.dhcp_agent_scheduler [None req-18be4658-5705-4f72-8fba-f314dd382e04 47b6702de98e44d3a48377b3af019094 e3f4cd322e2948e19086662ca1700174 - - - -] No more DHCP agents
2026-07-08 16:42:04.191 10 WARNING neutron.api.rpc.agentnotifiers.dhcp_rpc_agent_api [None req-18be4658-5705-4f72-8fba-f314dd382e04 47b6702de98e44d3a48377b3af019094 e3f4cd322e2948e19086662ca1700174 - - - -] Unable to schedule network 6042907d-ea75-4ff8-b8b3-39ad08ea139c: no agents available; will retry on subsequent port and subnet creation events.
2026-07-08 16:42:04.733 10 INFO neutron.db.ovn_revision_numbers_db [None req-18be4658-5705-4f72-8fba-f314dd382e04 47b6702de98e44d3a48377b3af019094 e3f4cd322e2948e19086662ca1700174 - - - -] Successfully bumped revision number for resource 0ac1749e-691f-4a99-898b-1abc99137c60 (type: ports) to 2
2026-07-08 16:42:04.747 10 INFO neutron.db.ovn_revision_numbers_db [None req-18be4658-5705-4f72-8fba-f314dd382e04 47b6702de98e44d3a48377b3af019094 e3f4cd322e2948e19086662ca1700174 - - - -] Successfully bumped revision number for resource 751ac5b7-bc7e-485e-afda-c723b4b8af09 (type: subnets) to 0
2026-07-08 16:42:04.765 10 INFO neutron.wsgi [None req-18be4658-5705-4f72-8fba-f314dd382e04 47b6702de98e44d3a48377b3af019094 e3f4cd322e2948e19086662ca1700174 - - - -] 10.0.0.81 "POST /v2.0/subnets HTTP/1.1" status: 201 len: 801 time: 0.9045105
2026-07-08 16:42:04.817 10 INFO neutron.wsgi [None req-d17c997a-b918-467d-8220-9c0d66aeca37 47b6702de98e44d3a48377b3af019094 e3f4cd322e2948e19086662ca1700174 - - - -] 10.0.0.81 "PUT /v2.0/subnets/751ac5b7-bc7e-485e-afda-c723b4b8af09/tags HTTP/1.1" status: 200 len: 218 time: 0.0441303
2026-07-08 16:42:04.860 10 INFO neutron.wsgi [None req-7e6f02db-fc13-4a63-8924-b7198f5ae15a 47b6702de98e44d3a48377b3af019094 e3f4cd322e2948e19086662ca1700174 - - default default] 10.0.0.81 "GET /v2.0/subnets/751ac5b7-bc7e-485e-afda-c723b4b8af09/tags HTTP/1.1" status: 200 len: 218 time: 0.0365794
2026-07-08 16:42:04.925 10 INFO neutron.wsgi [None req-c87b2e66-8ede-4cfc-9ced-72427baf8f53 47b6702de98e44d3a48377b3af019094 e3f4cd322e2948e19086662ca1700174 - - - -] 10.0.0.81 "PUT /v2.0/subnets/751ac5b7-bc7e-485e-afda-c723b4b8af09/tags/green HTTP/1.1" status: 201 len: 201 time: 0.0592556
2026-07-08 16:42:04.963 10 INFO neutron.wsgi [None req-432c9d6b-5848-40a2-b346-1742fce6b8ff 47b6702de98e44d3a48377b3af019094 e3f4cd322e2948e19086662ca1700174 - - default default] 10.0.0.81 "GET /v2.0/subnets/751ac5b7-bc7e-485e-afda-c723b4b8af09/tags HTTP/1.1" status: 200 len: 227 time: 0.0330596
2026-07-08 16:42:05.003 10 INFO neutron.wsgi [None req-62852000-1da3-485e-81df-8666893bccd8 47b6702de98e44d3a48377b3af019094 e3f4cd322e2948e19086662ca1700174 - - - -] 10.0.0.81 "PUT /v2.0/subnets/751ac5b7-bc7e-485e-afda-c723b4b8af09/tags/red HTTP/1.1" status: 201 len: 201 time: 0.0347428
2026-07-08 16:42:05.042 10 INFO neutron.wsgi [None req-66defd46-acd2-407b-940e-7049a2066636 47b6702de98e44d3a48377b3af019094 e3f4cd322e2948e19086662ca1700174 - - default default] 10.0.0.81 "GET /v2.0/subnets/751ac5b7-bc7e-485e-afda-c723b4b8af09/tags HTTP/1.1" status: 200 len: 227 time: 0.0337362
2026-07-08 16:42:05.098 10 INFO neutron.wsgi [None req-17c61c84-6234-4f0b-a6e8-967ed9ee4019 47b6702de98e44d3a48377b3af019094 e3f4cd322e2948e19086662ca1700174 - - - -] 10.0.0.81 "PUT /v2.0/subnets/751ac5b7-bc7e-485e-afda-c723b4b8af09/tags/black.or.white HTTP/1.1" status: 201 len: 201 time: 0.0503385
2026-07-08 16:42:05.143 10 INFO neutron.wsgi [None req-9ed2bd8c-c139-4324-a145-e19a11429dd5 47b6702de98e44d3a48377b3af019094 e3f4cd322e2948e19086662ca1700174 - - default default] 10.0.0.81 "GET /v2.0/subnets/751ac5b7-bc7e-485e-afda-c723b4b8af09/tags HTTP/1.1" status: 200 len: 245 time: 0.0383277
2026-07-08 16:42:05.192 10 INFO neutron.wsgi [None req-d1ddd80f-bbb9-4dc9-82f5-e35c066d41df 47b6702de98e44d3a48377b3af019094 e3f4cd322e2948e19086662ca1700174 - - - -] 10.0.0.81 "PUT /v2.0/subnets/751ac5b7-bc7e-485e-afda-c723b4b8af09/tags HTTP/1.1" status: 200 len: 230 time: 0.0435638
2026-07-08 16:42:05.226 10 INFO neutron.wsgi [None req-e9cdb338-8578-451d-aba2-484e8975641b 47b6702de98e44d3a48377b3af019094 e3f4cd322e2948e19086662ca1700174 - - default default] 10.0.0.81 "GET /v2.0/subnets/751ac5b7-bc7e-485e-afda-c723b4b8af09/tags HTTP/1.1" status: 200 len: 230 time: 0.0284574
2026-07-08 16:42:05.264 10 INFO neutron.wsgi [None req-56286748-7ba1-4d81-90f2-12262e99ae03 47b6702de98e44d3a48377b3af019094 e3f4cd322e2948e19086662ca1700174 - - default default] 10.0.0.81 "GET /v2.0/subnets/751ac5b7-bc7e-485e-afda-c723b4b8af09/tags/red HTTP/1.1" status: 204 len: 168 time: 0.0329051
2026-07-08 16:42:05.304 10 INFO neutron.api.v2.resource [None req-9735edc3-1172-440d-8cc1-cc50ecfe90a2 47b6702de98e44d3a48377b3af019094 e3f4cd322e2948e19086662ca1700174 - - default default] show failed (client error): The resource could not be found.
2026-07-08 16:42:05.306 10 INFO neutron.wsgi [None req-9735edc3-1172-440d-8cc1-cc50ecfe90a2 47b6702de98e44d3a48377b3af019094 e3f4cd322e2948e19086662ca1700174 - - default default] 10.0.0.81 "GET /v2.0/subnets/751ac5b7-bc7e-485e-afda-c723b4b8af09/tags/green HTTP/1.1" status: 404 len: 299 time: 0.0347340
2026-07-08 16:42:05.357 10 INFO neutron.wsgi [None req-097d52b1-8609-484b-9228-3b88ff946e64 47b6702de98e44d3a48377b3af019094 e3f4cd322e2948e19086662ca1700174 - - - -] 10.0.0.81 "DELETE /v2.0/subnets/751ac5b7-bc7e-485e-afda-c723b4b8af09/tags/red HTTP/1.1" status: 204 len: 168 time: 0.0420554
2026-07-08 16:42:05.394 10 INFO neutron.wsgi [None req-9dbe0636-0fb9-41e6-b4c7-250aeb6b8a17 47b6702de98e44d3a48377b3af019094 e3f4cd322e2948e19086662ca1700174 - - default default] 10.0.0.81 "GET /v2.0/subnets/751ac5b7-bc7e-485e-afda-c723b4b8af09/tags HTTP/1.1" status: 200 len: 223 time: 0.0331333
2026-07-08 16:42:05.445 10 INFO neutron.api.v2.resource [None req-5a30d575-cd5d-4a66-8f44-e709be77f377 47b6702de98e44d3a48377b3af019094 e3f4cd322e2948e19086662ca1700174 - - - -] delete failed (client error): The resource could not be found.
2026-07-08 16:42:05.447 10 INFO neutron.wsgi [None req-5a30d575-cd5d-4a66-8f44-e709be77f377 47b6702de98e44d3a48377b3af019094 e3f4cd322e2948e19086662ca1700174 - - - -] 10.0.0.81 "DELETE /v2.0/subnets/751ac5b7-bc7e-485e-afda-c723b4b8af09/tags/green HTTP/1.1" status: 404 len: 299 time: 0.0453815
2026-07-08 16:42:05.494 10 INFO neutron.wsgi [None req-693d80b0-5cce-4689-80be-6d3a2c8b9527 47b6702de98e44d3a48377b3af019094 e3f4cd322e2948e19086662ca1700174 - - - -] 10.0.0.81 "DELETE /v2.0/subnets/751ac5b7-bc7e-485e-afda-c723b4b8af09/tags HTTP/1.1" status: 204 len: 168 time: 0.0414767
2026-07-08 16:42:05.531 10 INFO neutron.wsgi [None req-76d67faa-a198-4698-ad8e-a40e69643230 47b6702de98e44d3a48377b3af019094 e3f4cd322e2948e19086662ca1700174 - - default default] 10.0.0.81 "GET /v2.0/subnets/751ac5b7-bc7e-485e-afda-c723b4b8af09/tags HTTP/1.1" status: 200 len: 205 time: 0.0319824
2026-07-08 16:42:05.768 10 INFO neutron.wsgi [None req-128a22ac-566b-413d-8de6-55fb88f72fe1 47b6702de98e44d3a48377b3af019094 e3f4cd322e2948e19086662ca1700174 - - - -] 10.0.0.81 "DELETE /v2.0/subnets/751ac5b7-bc7e-485e-afda-c723b4b8af09 HTTP/1.1" status: 204 len: 168 time: 0.2286110
2026-07-08 16:42:06.383 10 INFO neutron.db.ovn_revision_numbers_db [None req-ab23a9e5-28ef-49e3-822f-dbd26c4d07e8 0975933a26ff484ba6101c2adb1af6e9 580306a504f4453cbe8e1a8ab650b183 - - - -] Successfully bumped revision number for resource 15d30cf4-0efe-4fe6-9416-4af4970b8202 (type: routers) to 1
2026-07-08 16:42:06.408 10 INFO neutron.wsgi [None req-ab23a9e5-28ef-49e3-822f-dbd26c4d07e8 0975933a26ff484ba6101c2adb1af6e9 580306a504f4453cbe8e1a8ab650b183 - - - -] 10.0.0.81 "POST /v2.0/routers HTTP/1.1" status: 201 len: 654 time: 0.7842231
2026-07-08 16:42:06.479 10 INFO neutron.wsgi [None req-4134eea3-a261-4927-bccf-36db1969571f 0975933a26ff484ba6101c2adb1af6e9 580306a504f4453cbe8e1a8ab650b183 - - - -] 10.0.0.81 "PUT /v2.0/routers/15d30cf4-0efe-4fe6-9416-4af4970b8202/tags HTTP/1.1" status: 200 len: 218 time: 0.0642188
2026-07-08 16:42:06.552 9 INFO neutron.wsgi [None req-79a581d8-ea10-4070-b213-660e543b9cee 0975933a26ff484ba6101c2adb1af6e9 580306a504f4453cbe8e1a8ab650b183 - - default default] 10.0.0.81 "GET /v2.0/routers/15d30cf4-0efe-4fe6-9416-4af4970b8202/tags HTTP/1.1" status: 200 len: 218 time: 0.0661173
2026-07-08 16:42:06.636 9 INFO neutron.wsgi [None req-5bbc99d2-46d0-435c-9965-ccfb83d554e0 0975933a26ff484ba6101c2adb1af6e9 580306a504f4453cbe8e1a8ab650b183 - - - -] 10.0.0.81 "PUT /v2.0/routers/15d30cf4-0efe-4fe6-9416-4af4970b8202/tags/green HTTP/1.1" status: 201 len: 201 time: 0.0642257
2026-07-08 16:42:06.676 10 INFO neutron.services.segments.plugin [-] Segment b44a4951-6db5-4710-9f7e-9603bb266090 resource provider aggregate not found
2026-07-08 16:42:06.698 10 INFO neutron.services.segments.plugin [-] Segment b44a4951-6db5-4710-9f7e-9603bb266090 resource provider not found; error: Placement Client Error (4xx): {"errors": [{"status": 404, "title": "Not Found", "detail": "The resource could not be found.\n\n No resource provider with uuid b44a4951-6db5-4710-9f7e-9603bb266090 found for delete ", "request_id": "req-6f69f67e-2533-4363-9b5d-de8040dac6c3"}]}
2026-07-08 16:42:06.699 10 INFO neutron.services.segments.plugin [-] Segment b44a4951-6db5-4710-9f7e-9603bb266090 resource provider aggregate not found
2026-07-08 16:42:06.709 9 INFO neutron.wsgi [None req-9ccc7273-53b0-4242-9178-2141b4965591 0975933a26ff484ba6101c2adb1af6e9 580306a504f4453cbe8e1a8ab650b183 - - default default] 10.0.0.81 "GET /v2.0/routers/15d30cf4-0efe-4fe6-9416-4af4970b8202/tags HTTP/1.1" status: 200 len: 227 time: 0.0680730
2026-07-08 16:42:06.716 10 INFO neutron.services.segments.plugin [-] Segment b44a4951-6db5-4710-9f7e-9603bb266090 resource provider not found; error: Placement Client Error (4xx): {"errors": [{"status": 404, "title": "Not Found", "detail": "The resource could not be found.\n\n No resource provider with uuid b44a4951-6db5-4710-9f7e-9603bb266090 found for delete ", "request_id": "req-5eeb8164-e8a4-461a-ba79-1e6c1cb525ee"}]}
2026-07-08 16:42:06.745 10 INFO neutron.wsgi [None req-fdf2bd55-4597-4d53-9737-4bdd1992e534 47b6702de98e44d3a48377b3af019094 e3f4cd322e2948e19086662ca1700174 - - - -] 10.0.0.81 "DELETE /v2.0/networks/6042907d-ea75-4ff8-b8b3-39ad08ea139c HTTP/1.1" status: 204 len: 168 time: 0.9699459
2026-07-08 16:42:06.796 9 INFO neutron.wsgi [None req-aa3639d7-ac62-42f4-9ada-5cd0d90f42c7 0975933a26ff484ba6101c2adb1af6e9 580306a504f4453cbe8e1a8ab650b183 - - - -] 10.0.0.81 "PUT /v2.0/routers/15d30cf4-0efe-4fe6-9416-4af4970b8202/tags/red HTTP/1.1" status: 201 len: 201 time: 0.0817776
2026-07-08 16:42:06.878 9 INFO neutron.wsgi [None req-10d957b4-7dde-46eb-9948-986354843e81 0975933a26ff484ba6101c2adb1af6e9 580306a504f4453cbe8e1a8ab650b183 - - default default] 10.0.0.81 "GET /v2.0/routers/15d30cf4-0efe-4fe6-9416-4af4970b8202/tags HTTP/1.1" status: 200 len: 227 time: 0.0779738
2026-07-08 16:42:06.967 9 INFO neutron.wsgi [None req-ea12895f-6cb0-488e-9d9f-f0191ff3b591 0975933a26ff484ba6101c2adb1af6e9 580306a504f4453cbe8e1a8ab650b183 - - - -] 10.0.0.81 "PUT /v2.0/routers/15d30cf4-0efe-4fe6-9416-4af4970b8202/tags/black.or.white HTTP/1.1" status: 201 len: 201 time: 0.0852442
2026-07-08 16:42:07.029 9 INFO neutron.wsgi [None req-1ab6d339-e5b8-417e-b5cf-02900f6b26b8 0975933a26ff484ba6101c2adb1af6e9 580306a504f4453cbe8e1a8ab650b183 - - default default] 10.0.0.81 "GET /v2.0/routers/15d30cf4-0efe-4fe6-9416-4af4970b8202/tags HTTP/1.1" status: 200 len: 245 time: 0.0571842
2026-07-08 16:42:07.105 9 INFO neutron.wsgi [None req-8ab7c2cb-3498-43a6-b281-430fe9e133e6 0975933a26ff484ba6101c2adb1af6e9 580306a504f4453cbe8e1a8ab650b183 - - - -] 10.0.0.81 "PUT /v2.0/routers/15d30cf4-0efe-4fe6-9416-4af4970b8202/tags HTTP/1.1" status: 200 len: 230 time: 0.0695734
2026-07-08 16:42:07.161 9 INFO neutron.wsgi [None req-d997f912-0325-4ff5-94fc-73f8dcc7490c 0975933a26ff484ba6101c2adb1af6e9 580306a504f4453cbe8e1a8ab650b183 - - default default] 10.0.0.81 "GET /v2.0/routers/15d30cf4-0efe-4fe6-9416-4af4970b8202/tags HTTP/1.1" status: 200 len: 230 time: 0.0509713
2026-07-08 16:42:07.222 10 INFO neutron.wsgi [None req-8ccc6d81-f0e1-4295-813c-777ba9f059f1 0975933a26ff484ba6101c2adb1af6e9 580306a504f4453cbe8e1a8ab650b183 - - default default] 10.0.0.81 "GET /v2.0/routers/15d30cf4-0efe-4fe6-9416-4af4970b8202/tags/red HTTP/1.1" status: 204 len: 168 time: 0.0553575
2026-07-08 16:42:07.292 10 INFO neutron.api.v2.resource [None req-120adf1d-4e3e-45ef-8151-761e1e9b9d44 0975933a26ff484ba6101c2adb1af6e9 580306a504f4453cbe8e1a8ab650b183 - - default default] show failed (client error): The resource could not be found.
2026-07-08 16:42:07.293 10 INFO neutron.wsgi [None req-120adf1d-4e3e-45ef-8151-761e1e9b9d44 0975933a26ff484ba6101c2adb1af6e9 580306a504f4453cbe8e1a8ab650b183 - - default default] 10.0.0.81 "GET /v2.0/routers/15d30cf4-0efe-4fe6-9416-4af4970b8202/tags/green HTTP/1.1" status: 404 len: 299 time: 0.0669436
2026-07-08 16:42:07.381 10 INFO neutron.wsgi [None req-9f46ee3a-b5fd-4d43-ba12-1f8becef5f08 0975933a26ff484ba6101c2adb1af6e9 580306a504f4453cbe8e1a8ab650b183 - - - -] 10.0.0.81 "DELETE /v2.0/routers/15d30cf4-0efe-4fe6-9416-4af4970b8202/tags/red HTTP/1.1" status: 204 len: 168 time: 0.0757146
2026-07-08 16:42:07.449 9 INFO neutron.wsgi [None req-88f06adb-0e7b-4453-96e4-5cf739ee8939 0975933a26ff484ba6101c2adb1af6e9 580306a504f4453cbe8e1a8ab650b183 - - default default] 10.0.0.81 "GET /v2.0/routers/15d30cf4-0efe-4fe6-9416-4af4970b8202/tags HTTP/1.1" status: 200 len: 223 time: 0.0596561
2026-07-08 16:42:07.712 10 INFO neutron.wsgi [None req-d170d892-9c36-424b-ae41-c398903e40e8 9cd5ec997f39428da6809704e177ebba 0209aba3cb54462dad77a8ef62be4cb9 - - default default] 10.0.0.81 "GET /v2.0/security-groups?tenant_id=e3f4cd322e2948e19086662ca1700174&name=default HTTP/1.1" status: 200 len: 3000 time: 0.1413815
2026-07-08 16:42:07.796 9 INFO neutron.api.v2.resource [None req-9eb1848d-240a-47ed-9c8e-fa9f8550f725 0975933a26ff484ba6101c2adb1af6e9 580306a504f4453cbe8e1a8ab650b183 - - - -] delete failed (client error): The resource could not be found.
2026-07-08 16:42:07.800 9 INFO neutron.wsgi [None req-9eb1848d-240a-47ed-9c8e-fa9f8550f725 0975933a26ff484ba6101c2adb1af6e9 580306a504f4453cbe8e1a8ab650b183 - - - -] 10.0.0.81 "DELETE /v2.0/routers/15d30cf4-0efe-4fe6-9416-4af4970b8202/tags/green HTTP/1.1" status: 404 len: 299 time: 0.3464503
2026-07-08 16:42:07.877 9 INFO neutron.wsgi [None req-c648cc93-b90f-4063-bba1-6269b4866d5a 0975933a26ff484ba6101c2adb1af6e9 580306a504f4453cbe8e1a8ab650b183 - - - -] 10.0.0.81 "DELETE /v2.0/routers/15d30cf4-0efe-4fe6-9416-4af4970b8202/tags HTTP/1.1" status: 204 len: 168 time: 0.0723469
2026-07-08 16:42:07.935 9 INFO neutron.wsgi [None req-f0e3b625-9134-4ad0-ad7b-06cc76f0bbe4 0975933a26ff484ba6101c2adb1af6e9 580306a504f4453cbe8e1a8ab650b183 - - default default] 10.0.0.81 "GET /v2.0/routers/15d30cf4-0efe-4fe6-9416-4af4970b8202/tags HTTP/1.1" status: 200 len: 205 time: 0.0526035
2026-07-08 16:42:07.946 10 INFO neutron.wsgi [None req-281d0dd5-2367-4d1e-98e3-f026840655b8 9cd5ec997f39428da6809704e177ebba 0209aba3cb54462dad77a8ef62be4cb9 - - - -] 10.0.0.81 "DELETE /v2.0/security-groups/3e758b3d-8f36-4409-b707-ebe315657abe HTTP/1.1" status: 204 len: 168 time: 0.2295265
2026-07-08 16:42:07.998 10 INFO neutron.wsgi [None req-73276d62-b2f0-49c4-a228-68a5b3b9f128 0975933a26ff484ba6101c2adb1af6e9 580306a504f4453cbe8e1a8ab650b183 - - default default] 10.0.0.81 "GET /v2.0/routers/15d30cf4-0efe-4fe6-9416-4af4970b8202 HTTP/1.1" status: 200 len: 655 time: 0.0489166
2026-07-08 16:42:08.131 9 INFO neutron.db.ovn_revision_numbers_db [None req-22bd0db6-5264-4d81-b63c-ce500e7d53e8 9cd5ec997f39428da6809704e177ebba 0209aba3cb54462dad77a8ef62be4cb9 - - default default] Successfully bumped revision number for resource bbf3aa12-5b87-4468-ac8b-c92da81821e3 (type: security_groups) to 1
2026-07-08 16:42:08.156 9 INFO neutron.wsgi [None req-22bd0db6-5264-4d81-b63c-ce500e7d53e8 9cd5ec997f39428da6809704e177ebba 0209aba3cb54462dad77a8ef62be4cb9 - - default default] 10.0.0.81 "GET /v2.0/security-groups?tenant_id=79cd726fc4a24c30aa1f7ce100640a0b&name=default HTTP/1.1" status: 200 len: 3000 time: 0.1094081
2026-07-08 16:42:08.336 9 INFO neutron.wsgi [None req-cc8a8957-87da-4ca0-ac7e-3184a698eed3 9cd5ec997f39428da6809704e177ebba 0209aba3cb54462dad77a8ef62be4cb9 - - - -] 10.0.0.81 "DELETE /v2.0/security-groups/bbf3aa12-5b87-4468-ac8b-c92da81821e3 HTTP/1.1" status: 204 len: 168 time: 0.1756876
2026-07-08 16:42:08.514 10 INFO neutron.db.ovn_revision_numbers_db [None req-0a938adb-455d-43ef-98e7-0ee570ccebf4 0975933a26ff484ba6101c2adb1af6e9 580306a504f4453cbe8e1a8ab650b183 - - - -] Successfully bumped revision number for resource 15d30cf4-0efe-4fe6-9416-4af4970b8202 (type: routers) to 9
2026-07-08 16:42:08.518 10 INFO neutron.wsgi [None req-0a938adb-455d-43ef-98e7-0ee570ccebf4 0975933a26ff484ba6101c2adb1af6e9 580306a504f4453cbe8e1a8ab650b183 - - - -] 10.0.0.81 "PUT /v2.0/routers/15d30cf4-0efe-4fe6-9416-4af4970b8202 HTTP/1.1" status: 200 len: 655 time: 0.5142207
2026-07-08 16:42:08.548 10 INFO neutron.wsgi [None req-e95f3531-a524-4f5b-8ae0-13bfd3b8ebfe 0975933a26ff484ba6101c2adb1af6e9 580306a504f4453cbe8e1a8ab650b183 - - default default] 10.0.0.81 "GET /v2.0/ports?device_id=15d30cf4-0efe-4fe6-9416-4af4970b8202 HTTP/1.1" status: 200 len: 205 time: 0.0248194
2026-07-08 16:42:09.128 10 INFO neutron.wsgi [None req-51c7bc93-45c6-4ff7-9b90-8a6f59f616b7 0975933a26ff484ba6101c2adb1af6e9 580306a504f4453cbe8e1a8ab650b183 - - - -] 10.0.0.81 "DELETE /v2.0/routers/15d30cf4-0efe-4fe6-9416-4af4970b8202 HTTP/1.1" status: 204 len: 168 time: 0.5740917
2026-07-08 16:42:10.125 9 INFO neutron.db.ovn_revision_numbers_db [None req-a87a2057-c48a-465a-9654-1c84904497b3 9cd5ec997f39428da6809704e177ebba 0209aba3cb54462dad77a8ef62be4cb9 - - default default] Successfully bumped revision number for resource c2ad1d81-4168-4de9-8fee-4fb229393b4f (type: security_groups) to 1
2026-07-08 16:42:10.153 9 INFO neutron.wsgi [None req-a87a2057-c48a-465a-9654-1c84904497b3 9cd5ec997f39428da6809704e177ebba 0209aba3cb54462dad77a8ef62be4cb9 - - default default] 10.0.0.81 "GET /v2.0/security-groups?tenant_id=c231c06ba70a483db7fdaa516a8b8afd&name=default HTTP/1.1" status: 200 len: 3000 time: 0.3742585
2026-07-08 16:42:10.356 10 INFO neutron.wsgi [None req-7aaada65-9751-4531-af34-6dbc90d3331b 9cd5ec997f39428da6809704e177ebba 0209aba3cb54462dad77a8ef62be4cb9 - - - -] 10.0.0.81 "DELETE /v2.0/security-groups/c2ad1d81-4168-4de9-8fee-4fb229393b4f HTTP/1.1" status: 204 len: 168 time: 0.1900420
2026-07-08 16:42:10.637 9 INFO neutron.db.ovn_revision_numbers_db [None req-6c78bd94-87e9-4e39-95e7-8a68991aebee 9cd5ec997f39428da6809704e177ebba 0209aba3cb54462dad77a8ef62be4cb9 - - default default] Successfully bumped revision number for resource 0d266344-716f-469a-a33b-de555b143c05 (type: security_groups) to 1
2026-07-08 16:42:10.661 9 INFO neutron.wsgi [None req-6c78bd94-87e9-4e39-95e7-8a68991aebee 9cd5ec997f39428da6809704e177ebba 0209aba3cb54462dad77a8ef62be4cb9 - - default default] 10.0.0.81 "GET /v2.0/security-groups?tenant_id=580306a504f4453cbe8e1a8ab650b183&name=default HTTP/1.1" status: 200 len: 3000 time: 0.1335673
2026-07-08 16:42:10.840 9 INFO neutron.wsgi [None req-13c87ad8-d9dd-44de-8176-9e908b951e8f 9cd5ec997f39428da6809704e177ebba 0209aba3cb54462dad77a8ef62be4cb9 - - - -] 10.0.0.81 "DELETE /v2.0/security-groups/0d266344-716f-469a-a33b-de555b143c05 HTTP/1.1" status: 204 len: 168 time: 0.1752100
2026-07-08 16:42:11.631 10 INFO neutron.wsgi [req-49af8a7e-4c32-42b7-91ca-77f01a305a27 req-574dfacf-90a7-4383-9168-33cc549de4a4 cb8f84f163474bbbaca19db2896a6562 dc7db9b88898430286696a4f2c38d6c1 - - 23621ad2b53d454e96a2cf15f2e7de13 23621ad2b53d454e96a2cf15f2e7de13] 10.0.0.254 "GET /v2.0/ports?device_id=ff67a7ce-35e5-4e4d-b39d-1d783d63ddab HTTP/1.1" status: 200 len: 1594 time: 0.0306184
2026-07-08 16:42:11.667 10 INFO neutron.wsgi [req-49af8a7e-4c32-42b7-91ca-77f01a305a27 req-72f91213-9c30-4b88-a8fd-8b2a5e685c16 cb8f84f163474bbbaca19db2896a6562 dc7db9b88898430286696a4f2c38d6c1 - - 23621ad2b53d454e96a2cf15f2e7de13 23621ad2b53d454e96a2cf15f2e7de13] 10.0.0.254 "GET /v2.0/security-groups?id=7bd4780c-73f0-4756-bb55-f43db64be16b&fields=id&fields=name HTTP/1.1" status: 200 len: 311 time: 0.0287342
2026-07-08 16:42:11.866 9 INFO neutron.db.ovn_revision_numbers_db [None req-85b2fe8c-a1fb-4581-90cb-f61c11ffba68 56cfa68b610845f79c51ebdb09ac278b 20e445633cad4765a7fd92192fca5c37 - - - -] Successfully bumped revision number for resource fb674deb-a94d-4a08-a76c-f0945ddd3700 (type: security_groups) to 1
2026-07-08 16:42:11.948 9 INFO neutron.db.segments_db [None req-85b2fe8c-a1fb-4581-90cb-f61c11ffba68 56cfa68b610845f79c51ebdb09ac278b 20e445633cad4765a7fd92192fca5c37 - - - -] Added segment 62ab9875-f149-4852-bf1b-b7497ca1d006 of type geneve for network 56e0dc09-2404-4312-9b04-3b10838aec3b
2026-07-08 16:42:12.088 9 INFO neutron.db.ovn_revision_numbers_db [None req-85b2fe8c-a1fb-4581-90cb-f61c11ffba68 56cfa68b610845f79c51ebdb09ac278b 20e445633cad4765a7fd92192fca5c37 - - - -] Successfully bumped revision number for resource 56e0dc09-2404-4312-9b04-3b10838aec3b (type: networks) to 1
2026-07-08 16:42:12.303 9 WARNING neutron.scheduler.dhcp_agent_scheduler [None req-85b2fe8c-a1fb-4581-90cb-f61c11ffba68 56cfa68b610845f79c51ebdb09ac278b 20e445633cad4765a7fd92192fca5c37 - - - -] No more DHCP agents
2026-07-08 16:42:12.311 9 WARNING neutron.api.rpc.agentnotifiers.dhcp_rpc_agent_api [None req-85b2fe8c-a1fb-4581-90cb-f61c11ffba68 56cfa68b610845f79c51ebdb09ac278b 20e445633cad4765a7fd92192fca5c37 - - - -] Unable to schedule network 56e0dc09-2404-4312-9b04-3b10838aec3b: no agents available; will retry on subsequent port and subnet creation events.
2026-07-08 16:42:12.328 9 INFO neutron.wsgi [None req-c363c1fb-ae78-4673-8f90-b98366032d95 9cd5ec997f39428da6809704e177ebba 0209aba3cb54462dad77a8ef62be4cb9 - - default default] 10.0.0.108 "GET /v2.0/floatingips HTTP/1.1" status: 200 len: 1878 time: 0.1269906
2026-07-08 16:42:12.411 9 INFO neutron.wsgi [None req-4c30f7bd-7fe1-4757-ab39-5e670096aa96 9cd5ec997f39428da6809704e177ebba 0209aba3cb54462dad77a8ef62be4cb9 - - default default] 10.0.0.108 "GET /v2.0/networks HTTP/1.1" status: 200 len: 5426 time: 0.0814748
2026-07-08 16:42:12.411 9 INFO neutron.db.ovn_revision_numbers_db [None req-85b2fe8c-a1fb-4581-90cb-f61c11ffba68 56cfa68b610845f79c51ebdb09ac278b 20e445633cad4765a7fd92192fca5c37 - - - -] Successfully bumped revision number for resource 2c94d6f7-ad2b-40bb-b634-77b901714b83 (type: ports) to 1
2026-07-08 16:42:12.434 9 INFO neutron.wsgi [None req-227ca98b-679a-453f-a878-d961a4898203 9cd5ec997f39428da6809704e177ebba 0209aba3cb54462dad77a8ef62be4cb9 - - default default] 10.0.0.108 "GET /v2.0/network-ip-availabilities HTTP/1.1" status: 200 len: 3632 time: 0.0199122
2026-07-08 16:42:12.443 9 INFO neutron.wsgi [None req-85b2fe8c-a1fb-4581-90cb-f61c11ffba68 56cfa68b610845f79c51ebdb09ac278b 20e445633cad4765a7fd92192fca5c37 - - - -] 10.0.0.81 "POST /v2.0/networks HTTP/1.1" status: 201 len: 831 time: 0.8143532
2026-07-08 16:42:12.475 9 INFO neutron.wsgi [None req-9fa6faf3-0bb9-4469-95ea-56b115a0ecd9 9cd5ec997f39428da6809704e177ebba 0209aba3cb54462dad77a8ef62be4cb9 - - default default] 10.0.0.108 "GET /v2.0/ports HTTP/1.1" status: 200 len: 18219 time: 0.0400565
2026-07-08 16:42:12.505 9 INFO neutron.wsgi [None req-b4827ac0-a684-45b4-8556-926df3fa9df0 9cd5ec997f39428da6809704e177ebba 0209aba3cb54462dad77a8ef62be4cb9 - - default default] 10.0.0.108 "GET /v2.0/agents HTTP/1.1" status: 200 len: 997 time: 0.0165055
2026-07-08 16:42:12.548 9 INFO neutron.wsgi [None req-b351a5cb-f28d-45a4-aaba-363c7e35820c 9cd5ec997f39428da6809704e177ebba 0209aba3cb54462dad77a8ef62be4cb9 - - default default] 10.0.0.108 "GET /v2.0/subnets HTTP/1.1" status: 200 len: 5496 time: 0.0398195
2026-07-08 16:42:12.569 9 INFO neutron.wsgi [None req-57bcd4f2-3001-4f9b-8c18-36cdd2de13d3 9cd5ec997f39428da6809704e177ebba 0209aba3cb54462dad77a8ef62be4cb9 - - default default] 10.0.0.108 "GET /v2.0/subnetpools HTTP/1.1" status: 200 len: 193 time: 0.0185440
2026-07-08 16:42:12.665 9 INFO neutron.wsgi [None req-0afc0e86-02e3-43cc-a46e-20872da83f55 9cd5ec997f39428da6809704e177ebba 0209aba3cb54462dad77a8ef62be4cb9 - - default default] 10.0.0.108 "GET /v2.0/security-groups HTTP/1.1" status: 200 len: 30316 time: 0.0955372
2026-07-08 16:42:12.699 10 WARNING neutron.scheduler.dhcp_agent_scheduler [None req-a0730c4c-7faa-4994-9e3e-2cf16923777b 56cfa68b610845f79c51ebdb09ac278b 20e445633cad4765a7fd92192fca5c37 - - - -] No more DHCP agents
2026-07-08 16:42:12.701 10 WARNING neutron.api.rpc.agentnotifiers.dhcp_rpc_agent_api [None req-a0730c4c-7faa-4994-9e3e-2cf16923777b 56cfa68b610845f79c51ebdb09ac278b 20e445633cad4765a7fd92192fca5c37 - - - -] Unable to schedule network 56e0dc09-2404-4312-9b04-3b10838aec3b: no agents available; will retry on subsequent port and subnet creation events.
2026-07-08 16:42:12.715 9 INFO neutron.wsgi [None req-d7fa9dfc-ac70-4070-8c58-57496a82e7b5 9cd5ec997f39428da6809704e177ebba 0209aba3cb54462dad77a8ef62be4cb9 - - default default] 10.0.0.108 "GET /v2.0/subnets HTTP/1.1" status: 200 len: 5496 time: 0.0421557
2026-07-08 16:42:12.770 10 INFO neutron.db.ovn_revision_numbers_db [None req-a0730c4c-7faa-4994-9e3e-2cf16923777b 56cfa68b610845f79c51ebdb09ac278b 20e445633cad4765a7fd92192fca5c37 - - - -] Successfully bumped revision number for resource bbef4d6d-d4eb-4201-8635-6ad2db8585b2 (type: ports) to 1
2026-07-08 16:42:12.792 10 INFO neutron.wsgi [None req-a0730c4c-7faa-4994-9e3e-2cf16923777b 56cfa68b610845f79c51ebdb09ac278b 20e445633cad4765a7fd92192fca5c37 - - - -] 10.0.0.81 "POST /v2.0/ports HTTP/1.1" status: 201 len: 942 time: 0.3435459 /var/lib/openstack/lib/python3.10/site-packages/pycadf/identifier.py:71: UserWarning: Invalid uuid: neutron. To ensure interoperability, identifiers should be a valid uuid. warnings.warn(('Invalid uuid: %s. To ensure interoperability, '
2026-07-08 16:42:12.839 9 INFO neutron.wsgi [None req-29c1a338-4732-4066-bcb3-b0f5b6574a40 9cd5ec997f39428da6809704e177ebba 0209aba3cb54462dad77a8ef62be4cb9 - - default default] 10.0.0.108 "GET /v2.0/routers HTTP/1.1" status: 200 len: 849 time: 0.1199431
2026-07-08 16:42:12.856 9 INFO neutron.wsgi [None req-0c80b133-ef0a-48d5-92e4-04372c075e9e 9cd5ec997f39428da6809704e177ebba 0209aba3cb54462dad77a8ef62be4cb9 - - default default] 10.0.0.108 "GET /v2.0/agents?binary=ovn-controller HTTP/1.1" status: 200 len: 591 time: 0.0163991
2026-07-08 16:42:13.038 10 INFO neutron.wsgi [None req-e8fbf166-f0a3-428e-a3ea-d4e339802768 56cfa68b610845f79c51ebdb09ac278b 20e445633cad4765a7fd92192fca5c37 - - - -] 10.0.0.81 "POST /v2.0/trunks HTTP/1.1" status: 201 len: 608 time: 0.2413666
2026-07-08 16:42:13.072 10 INFO neutron.wsgi [None req-2df3c672-0b0e-4787-8e7f-b9ef819462d9 56cfa68b610845f79c51ebdb09ac278b 20e445633cad4765a7fd92192fca5c37 - - - -] 10.0.0.81 "PUT /v2.0/trunks/a448fd60-e3cd-4cfb-98f8-f071302ebae7/tags HTTP/1.1" status: 200 len: 218 time: 0.0280733
2026-07-08 16:42:13.092 10 INFO neutron.wsgi [None req-4f5bba01-3801-4127-a941-9beb41ed6670 56cfa68b610845f79c51ebdb09ac278b 20e445633cad4765a7fd92192fca5c37 - - default default] 10.0.0.81 "GET /v2.0/trunks/a448fd60-e3cd-4cfb-98f8-f071302ebae7/tags HTTP/1.1" status: 200 len: 218 time: 0.0139267
2026-07-08 16:42:13.121 10 INFO neutron.wsgi [None req-5620d8f9-881c-4630-a6ba-9ac1b38a6b14 56cfa68b610845f79c51ebdb09ac278b 20e445633cad4765a7fd92192fca5c37 - - - -] 10.0.0.81 "PUT /v2.0/trunks/a448fd60-e3cd-4cfb-98f8-f071302ebae7/tags/green HTTP/1.1" status: 201 len: 201 time: 0.0243223
2026-07-08 16:42:13.144 10 INFO neutron.wsgi [None req-fc59a151-8a03-4af5-a9db-c95219cf7eea 56cfa68b610845f79c51ebdb09ac278b 20e445633cad4765a7fd92192fca5c37 - - default default] 10.0.0.81 "GET /v2.0/trunks/a448fd60-e3cd-4cfb-98f8-f071302ebae7/tags HTTP/1.1" status: 200 len: 227 time: 0.0183125
2026-07-08 16:42:13.167 10 INFO neutron.wsgi [None req-79b0b6bb-5147-424e-8a65-c94f43c12aa0 56cfa68b610845f79c51ebdb09ac278b 20e445633cad4765a7fd92192fca5c37 - - - -] 10.0.0.81 "PUT /v2.0/trunks/a448fd60-e3cd-4cfb-98f8-f071302ebae7/tags/red HTTP/1.1" status: 201 len: 201 time: 0.0183048
2026-07-08 16:42:13.185 10 INFO neutron.wsgi [None req-c7e9b5ff-2817-492c-b262-e12e34d91055 56cfa68b610845f79c51ebdb09ac278b 20e445633cad4765a7fd92192fca5c37 - - default default] 10.0.0.81 "GET /v2.0/trunks/a448fd60-e3cd-4cfb-98f8-f071302ebae7/tags HTTP/1.1" status: 200 len: 227 time: 0.0121455
2026-07-08 16:42:13.212 10 INFO neutron.wsgi [None req-03ca7a88-8010-4589-abd5-6f553513df6b 56cfa68b610845f79c51ebdb09ac278b 20e445633cad4765a7fd92192fca5c37 - - - -] 10.0.0.81 "PUT /v2.0/trunks/a448fd60-e3cd-4cfb-98f8-f071302ebae7/tags/black.or.white HTTP/1.1" status: 201 len: 201 time: 0.0234170
2026-07-08 16:42:13.230 10 INFO neutron.wsgi [None req-d4386e8f-744e-40bd-b9fc-d5ca5e041848 56cfa68b610845f79c51ebdb09ac278b 20e445633cad4765a7fd92192fca5c37 - - default default] 10.0.0.81 "GET /v2.0/trunks/a448fd60-e3cd-4cfb-98f8-f071302ebae7/tags HTTP/1.1" status: 200 len: 245 time: 0.0137129
2026-07-08 16:42:13.260 10 INFO neutron.wsgi [None req-2517cbff-48ea-40e7-a993-9ec9e9b96442 56cfa68b610845f79c51ebdb09ac278b 20e445633cad4765a7fd92192fca5c37 - - - -] 10.0.0.81 "PUT /v2.0/trunks/a448fd60-e3cd-4cfb-98f8-f071302ebae7/tags HTTP/1.1" status: 200 len: 230 time: 0.0240996
2026-07-08 16:42:13.280 10 INFO neutron.wsgi [None req-eadb319a-265d-42ba-8939-2fa960242ecb 56cfa68b610845f79c51ebdb09ac278b 20e445633cad4765a7fd92192fca5c37 - - default default] 10.0.0.81 "GET /v2.0/trunks/a448fd60-e3cd-4cfb-98f8-f071302ebae7/tags HTTP/1.1" status: 200 len: 230 time: 0.0140851
2026-07-08 16:42:13.296 10 INFO neutron.wsgi [None req-7e3e87b1-a222-44f0-b45a-c039b408313f 56cfa68b610845f79c51ebdb09ac278b 20e445633cad4765a7fd92192fca5c37 - - default default] 10.0.0.81 "GET /v2.0/trunks/a448fd60-e3cd-4cfb-98f8-f071302ebae7/tags/red HTTP/1.1" status: 204 len: 168 time: 0.0126929
2026-07-08 16:42:13.313 10 INFO neutron.api.v2.resource [None req-04430cf3-2285-42c1-9bb7-e1180ed5a8f5 56cfa68b610845f79c51ebdb09ac278b 20e445633cad4765a7fd92192fca5c37 - - default default] show failed (client error): The resource could not be found.
2026-07-08 16:42:13.314 10 INFO neutron.wsgi [None req-04430cf3-2285-42c1-9bb7-e1180ed5a8f5 56cfa68b610845f79c51ebdb09ac278b 20e445633cad4765a7fd92192fca5c37 - - default default] 10.0.0.81 "GET /v2.0/trunks/a448fd60-e3cd-4cfb-98f8-f071302ebae7/tags/green HTTP/1.1" status: 404 len: 299 time: 0.0131071
2026-07-08 16:42:13.342 10 INFO neutron.wsgi [None req-b5896798-287a-40f5-9f93-e98604dbfe0b 56cfa68b610845f79c51ebdb09ac278b 20e445633cad4765a7fd92192fca5c37 - - - -] 10.0.0.81 "DELETE /v2.0/trunks/a448fd60-e3cd-4cfb-98f8-f071302ebae7/tags/red HTTP/1.1" status: 204 len: 168 time: 0.0240657
2026-07-08 16:42:13.362 10 INFO neutron.wsgi [None req-d20e3047-3e56-401b-8b44-b262085d0be5 56cfa68b610845f79c51ebdb09ac278b 20e445633cad4765a7fd92192fca5c37 - - default default] 10.0.0.81 "GET /v2.0/trunks/a448fd60-e3cd-4cfb-98f8-f071302ebae7/tags HTTP/1.1" status: 200 len: 223 time: 0.0138552
2026-07-08 16:42:13.385 10 INFO neutron.api.v2.resource [None req-60768cb5-8b07-4e2f-8090-dd91228e3aa6 56cfa68b610845f79c51ebdb09ac278b 20e445633cad4765a7fd92192fca5c37 - - - -] delete failed (client error): The resource could not be found.
2026-07-08 16:42:13.387 10 INFO neutron.wsgi [None req-60768cb5-8b07-4e2f-8090-dd91228e3aa6 56cfa68b610845f79c51ebdb09ac278b 20e445633cad4765a7fd92192fca5c37 - - - -] 10.0.0.81 "DELETE /v2.0/trunks/a448fd60-e3cd-4cfb-98f8-f071302ebae7/tags/green HTTP/1.1" status: 404 len: 299 time: 0.0190513
2026-07-08 16:42:13.421 10 INFO neutron.wsgi [None req-76721bed-ef75-4f09-a1d3-5922c87d374b 56cfa68b610845f79c51ebdb09ac278b 20e445633cad4765a7fd92192fca5c37 - - - -] 10.0.0.81 "DELETE /v2.0/trunks/a448fd60-e3cd-4cfb-98f8-f071302ebae7/tags HTTP/1.1" status: 204 len: 168 time: 0.0295386
2026-07-08 16:42:13.444 10 INFO neutron.wsgi [None req-b9087742-2b33-4c10-baaa-7c09ca9263b7 56cfa68b610845f79c51ebdb09ac278b 20e445633cad4765a7fd92192fca5c37 - - default default] 10.0.0.81 "GET /v2.0/trunks/a448fd60-e3cd-4cfb-98f8-f071302ebae7/tags HTTP/1.1" status: 200 len: 205 time: 0.0179121
2026-07-08 16:42:13.482 10 INFO neutron.wsgi [None req-d84ba179-3942-4394-8202-db076402552f 56cfa68b610845f79c51ebdb09ac278b 20e445633cad4765a7fd92192fca5c37 - - default default] 10.0.0.81 "GET /v2.0/trunks/a448fd60-e3cd-4cfb-98f8-f071302ebae7 HTTP/1.1" status: 200 len: 603 time: 0.0225899
2026-07-08 16:42:13.573 10 INFO neutron.wsgi [None req-90dcc462-39be-4cc2-92f4-572c64a05b93 56cfa68b610845f79c51ebdb09ac278b 20e445633cad4765a7fd92192fca5c37 - - default default] 10.0.0.81 "GET /v2.0/ports/bbef4d6d-d4eb-4201-8635-6ad2db8585b2 HTTP/1.1" status: 200 len: 1020 time: 0.0858138
2026-07-08 16:42:13.662 10 INFO neutron.wsgi [None req-5ec14fbe-a9e8-49dd-b351-321ae93d84a9 56cfa68b610845f79c51ebdb09ac278b 20e445633cad4765a7fd92192fca5c37 - - - -] 10.0.0.81 "DELETE /v2.0/trunks/a448fd60-e3cd-4cfb-98f8-f071302ebae7 HTTP/1.1" status: 204 len: 168 time: 0.0854146
2026-07-08 16:42:13.999 10 INFO neutron.wsgi [None req-aa3b7a73-7e15-4c93-9141-66b357d2e67f 56cfa68b610845f79c51ebdb09ac278b 20e445633cad4765a7fd92192fca5c37 - - - -] 10.0.0.81 "DELETE /v2.0/ports/bbef4d6d-d4eb-4201-8635-6ad2db8585b2 HTTP/1.1" status: 204 len: 168 time: 0.3308415
2026-07-08 16:42:14.243 9 INFO neutron.wsgi [None req-0aead555-9ae4-4db3-9c80-4217582f65b0 695c106265804d79ae3248a6b4032b46 9e46e21e61dd4d05a1e15e8d2654a7b3 - - default default] 10.0.0.81 "GET /v2.0/subnets/6aabaeca-d60a-4799-bd1a-6d6af9c38fae HTTP/1.1" status: 200 len: 846 time: 0.0388055
2026-07-08 16:42:14.413 10 INFO neutron.services.segments.plugin [-] Segment 62ab9875-f149-4852-bf1b-b7497ca1d006 resource provider aggregate not found
2026-07-08 16:42:14.418 10 INFO neutron.services.segments.plugin [-] Segment 62ab9875-f149-4852-bf1b-b7497ca1d006 resource provider aggregate not found
2026-07-08 16:42:14.442 10 INFO neutron.services.segments.plugin [-] Segment 62ab9875-f149-4852-bf1b-b7497ca1d006 resource provider not found; error: Placement Client Error (4xx): {"errors": [{"status": 404, "title": "Not Found", "detail": "The resource could not be found.\n\n No resource provider with uuid 62ab9875-f149-4852-bf1b-b7497ca1d006 found for delete ", "request_id": "req-001c0bcf-7d41-471d-b6ec-b912a68ebfd8"}]}
2026-07-08 16:42:14.442 10 INFO neutron.services.segments.plugin [-] Segment 62ab9875-f149-4852-bf1b-b7497ca1d006 resource provider not found; error: Placement Client Error (4xx): {"errors": [{"status": 404, "title": "Not Found", "detail": "The resource could not be found.\n\n No resource provider with uuid 62ab9875-f149-4852-bf1b-b7497ca1d006 found for delete ", "request_id": "req-d49f609d-346b-4453-9129-2eeaec5ea246"}]}
2026-07-08 16:42:14.469 10 INFO neutron.wsgi [None req-54bd5819-cedc-4370-96d2-390d3533d7af 56cfa68b610845f79c51ebdb09ac278b 20e445633cad4765a7fd92192fca5c37 - - - -] 10.0.0.81 "DELETE /v2.0/networks/56e0dc09-2404-4312-9b04-3b10838aec3b HTTP/1.1" status: 204 len: 168 time: 0.4645505
2026-07-08 16:42:15.040 10 INFO neutron.wsgi [None req-32c326dc-2889-446c-905b-583729e5b29b 9cd5ec997f39428da6809704e177ebba 0209aba3cb54462dad77a8ef62be4cb9 - - default default] 10.0.0.126 "GET /v2.0/extensions/security-group HTTP/1.1" status: 200 len: 369 time: 0.2265065
2026-07-08 16:42:15.053 10 INFO neutron.wsgi [None req-93770169-cecb-48f9-926c-69cd8cb5323c 9cd5ec997f39428da6809704e177ebba 0209aba3cb54462dad77a8ef62be4cb9 - - default default] 10.0.0.126 "GET /v2.0/extensions/dns-integration HTTP/1.1" status: 200 len: 371 time: 0.0061812
2026-07-08 16:42:15.071 10 INFO neutron.wsgi [None req-66d17054-f32f-47bd-b7eb-d529a719ce5f 9cd5ec997f39428da6809704e177ebba 0209aba3cb54462dad77a8ef62be4cb9 - - default default] 10.0.0.126 "GET /v2.0/extensions/qos HTTP/1.1" status: 200 len: 365 time: 0.0087605
2026-07-08 16:42:15.087 10 INFO neutron.wsgi [None req-3c806cb8-82cd-4441-8516-4892a8a102f6 9cd5ec997f39428da6809704e177ebba 0209aba3cb54462dad77a8ef62be4cb9 - - default default] 10.0.0.126 "GET /v2.0/extensions/allowed-address-pairs HTTP/1.1" status: 200 len: 383 time: 0.0063102
2026-07-08 16:42:15.171 9 INFO neutron.db.ovn_revision_numbers_db [None req-f3093c01-f114-4891-8b9b-db5615aff6b3 9cd5ec997f39428da6809704e177ebba 0209aba3cb54462dad77a8ef62be4cb9 - - default default] Successfully bumped revision number for resource a1fcdd5b-505d-4ad1-b4eb-8d1f59f010d9 (type: security_groups) to 1
2026-07-08 16:42:15.196 9 INFO neutron.wsgi [None req-f3093c01-f114-4891-8b9b-db5615aff6b3 9cd5ec997f39428da6809704e177ebba 0209aba3cb54462dad77a8ef62be4cb9 - - default default] 10.0.0.81 "GET /v2.0/security-groups?tenant_id=b68685795c82412e890faa84e2e8b3f3&name=default HTTP/1.1" status: 200 len: 3000 time: 0.1610045
2026-07-08 16:42:15.380 10 INFO neutron.wsgi [None req-6786123e-7727-444d-bedd-69b25bffe6da 9cd5ec997f39428da6809704e177ebba 0209aba3cb54462dad77a8ef62be4cb9 - - - -] 10.0.0.81 "DELETE /v2.0/security-groups/a1fcdd5b-505d-4ad1-b4eb-8d1f59f010d9 HTTP/1.1" status: 204 len: 168 time: 0.1796055
2026-07-08 16:42:15.529 9 INFO neutron.wsgi [None req-91cff6b0-24a3-42b1-917a-44f717b50738 9cd5ec997f39428da6809704e177ebba 0209aba3cb54462dad77a8ef62be4cb9 - - default default] 10.0.0.81 "GET /v2.0/security-groups?tenant_id=20e445633cad4765a7fd92192fca5c37&name=default HTTP/1.1" status: 200 len: 3000 time: 0.0307751
2026-07-08 16:42:15.623 9 INFO neutron.wsgi [-] 10.0.0.126 "GET / HTTP/1.1" status: 200 len: 284 time: 0.0018063
2026-07-08 16:42:15.672 10 INFO neutron.wsgi [None req-3982e386-eeb4-4eaf-96f8-a3bd6b86dda5 69c93a2e27eb428482ccab526c1ccaed 589edc3a0d544dc590e5afd7cca97cea - - default default] 10.0.0.126 "GET /v2.0/subnets/6aabaeca-d60a-4799-bd1a-6d6af9c38fae HTTP/1.1" status: 200 len: 833 time: 0.0419810
2026-07-08 16:42:15.684 10 INFO neutron.wsgi [None req-5bf6fde8-c612-4a9d-b525-b160e63e4c2e 9cd5ec997f39428da6809704e177ebba 0209aba3cb54462dad77a8ef62be4cb9 - - default default] 10.0.0.126 "GET /v2.0/extensions/security-group HTTP/1.1" status: 200 len: 369 time: 0.0049486
2026-07-08 16:42:15.693 10 INFO neutron.wsgi [None req-e53d3f8b-2f97-44ae-bf92-03cf18b96034 9cd5ec997f39428da6809704e177ebba 0209aba3cb54462dad77a8ef62be4cb9 - - default default] 10.0.0.126 "GET /v2.0/extensions/dns-integration HTTP/1.1" status: 200 len: 371 time: 0.0044813
