2026-07-08 16:40:44.304 9 INFO neutron.wsgi [None req-2b5c56ef-0408-4ecb-8342-5d111e817ede 9cd5ec997f39428da6809704e177ebba 0209aba3cb54462dad77a8ef62be4cb9 - - - -] 10.0.0.81 "DELETE /v2.0/security-groups/cfaf4ed7-80bd-49bd-a3b8-07d60488f10c HTTP/1.1" status: 204 len: 168 time: 0.2679811
2026-07-08 16:40:44.325 10 INFO neutron.db.segments_db [None req-7f8f04e6-e32c-4f6f-b50a-44b41289ad87 a643121fb17745c09f5fc4f2bd615419 a03dad9363a74da8b06f8de7eda5b0dc - - - -] Added segment 710d190f-0371-40d1-a213-83ef7f569c5f of type geneve for network 1e8c4289-0554-44fa-b270-5eba4d0f5b7a
2026-07-08 16:40:44.344 9 WARNING neutron.scheduler.dhcp_agent_scheduler [None req-f248448b-f14e-40d4-aea0-7a3fd7295d56 20c9bc50e3a94fb3a9121cc772a99ad2 77263091a7184d91b9a4b64d52184b9d - - - -] No more DHCP agents
2026-07-08 16:40:44.347 9 WARNING neutron.api.rpc.agentnotifiers.dhcp_rpc_agent_api [None req-f248448b-f14e-40d4-aea0-7a3fd7295d56 20c9bc50e3a94fb3a9121cc772a99ad2 77263091a7184d91b9a4b64d52184b9d - - - -] Unable to schedule network 91066978-2da1-4276-bdc8-e3034eb0a793: no agents available; will retry on subsequent port and subnet creation events.
2026-07-08 16:40:44.451 10 INFO neutron.db.ovn_revision_numbers_db [None req-7f8f04e6-e32c-4f6f-b50a-44b41289ad87 a643121fb17745c09f5fc4f2bd615419 a03dad9363a74da8b06f8de7eda5b0dc - - - -] Successfully bumped revision number for resource 1e8c4289-0554-44fa-b270-5eba4d0f5b7a (type: networks) to 1
2026-07-08 16:40:44.510 9 INFO neutron.db.ovn_revision_numbers_db [None req-f248448b-f14e-40d4-aea0-7a3fd7295d56 20c9bc50e3a94fb3a9121cc772a99ad2 77263091a7184d91b9a4b64d52184b9d - - - -] Successfully bumped revision number for resource fd0a428e-2c48-496e-891a-867524dc26f2 (type: ports) to 1
2026-07-08 16:40:44.533 9 INFO neutron.wsgi [None req-f248448b-f14e-40d4-aea0-7a3fd7295d56 20c9bc50e3a94fb3a9121cc772a99ad2 77263091a7184d91b9a4b64d52184b9d - - - -] 199.19.213.163 "POST /v2.0/ports HTTP/1.1" status: 201 len: 1162 time: 0.5584314 /var/lib/openstack/lib/python3.10/site-packages/pycadf/identifier.py:71: UserWarning: Invalid uuid: neutron. To ensure interoperability, identifiers should be a valid uuid. warnings.warn(('Invalid uuid: %s. To ensure interoperability, '
2026-07-08 16:40:44.658 10 WARNING neutron.scheduler.dhcp_agent_scheduler [None req-7f8f04e6-e32c-4f6f-b50a-44b41289ad87 a643121fb17745c09f5fc4f2bd615419 a03dad9363a74da8b06f8de7eda5b0dc - - - -] No more DHCP agents
2026-07-08 16:40:44.660 10 WARNING neutron.api.rpc.agentnotifiers.dhcp_rpc_agent_api [None req-7f8f04e6-e32c-4f6f-b50a-44b41289ad87 a643121fb17745c09f5fc4f2bd615419 a03dad9363a74da8b06f8de7eda5b0dc - - - -] Unable to schedule network 1e8c4289-0554-44fa-b270-5eba4d0f5b7a: no agents available; will retry on subsequent port and subnet creation events.
2026-07-08 16:40:44.754 10 INFO neutron.db.ovn_revision_numbers_db [None req-7f8f04e6-e32c-4f6f-b50a-44b41289ad87 a643121fb17745c09f5fc4f2bd615419 a03dad9363a74da8b06f8de7eda5b0dc - - - -] Successfully bumped revision number for resource 803f4335-f300-4c20-9202-e8be6719817a (type: ports) to 1
2026-07-08 16:40:44.774 10 INFO neutron.wsgi [None req-7f8f04e6-e32c-4f6f-b50a-44b41289ad87 a643121fb17745c09f5fc4f2bd615419 a03dad9363a74da8b06f8de7eda5b0dc - - - -] 10.0.0.81 "POST /v2.0/networks HTTP/1.1" status: 201 len: 830 time: 0.5285311
2026-07-08 16:40:45.031 9 INFO neutron.db.ovn_revision_numbers_db [None req-42be06e8-eb7e-49d8-bb2c-719fa6ecb038 cb8f84f163474bbbaca19db2896a6562 dc7db9b88898430286696a4f2c38d6c1 - - - -] Successfully bumped revision number for resource fd0a428e-2c48-496e-891a-867524dc26f2 (type: ports) to 2
2026-07-08 16:40:45.069 10 WARNING neutron.scheduler.dhcp_agent_scheduler [None req-c2b19cdc-ce24-48ef-970a-f88c500c3071 a643121fb17745c09f5fc4f2bd615419 a03dad9363a74da8b06f8de7eda5b0dc - - - -] No more DHCP agents
2026-07-08 16:40:45.071 10 WARNING neutron.api.rpc.agentnotifiers.dhcp_rpc_agent_api [None req-c2b19cdc-ce24-48ef-970a-f88c500c3071 a643121fb17745c09f5fc4f2bd615419 a03dad9363a74da8b06f8de7eda5b0dc - - - -] Unable to schedule network 1e8c4289-0554-44fa-b270-5eba4d0f5b7a: no agents available; will retry on subsequent port and subnet creation events. /var/lib/openstack/lib/python3.10/site-packages/pycadf/identifier.py:71: UserWarning: Invalid uuid: neutron. To ensure interoperability, identifiers should be a valid uuid. warnings.warn(('Invalid uuid: %s. To ensure interoperability, '
2026-07-08 16:40:45.137 10 INFO neutron.db.ovn_revision_numbers_db [None req-c2b19cdc-ce24-48ef-970a-f88c500c3071 a643121fb17745c09f5fc4f2bd615419 a03dad9363a74da8b06f8de7eda5b0dc - - - -] Successfully bumped revision number for resource 069686fd-3350-4c0d-b9b4-39ef85d7176e (type: ports) to 1
2026-07-08 16:40:45.171 10 INFO neutron.wsgi [None req-c2b19cdc-ce24-48ef-970a-f88c500c3071 a643121fb17745c09f5fc4f2bd615419 a03dad9363a74da8b06f8de7eda5b0dc - - - -] 10.0.0.81 "POST /v2.0/ports HTTP/1.1" status: 201 len: 942 time: 0.3912923 /var/lib/openstack/lib/python3.10/site-packages/pycadf/identifier.py:71: UserWarning: Invalid uuid: neutron. To ensure interoperability, identifiers should be a valid uuid. warnings.warn(('Invalid uuid: %s. To ensure interoperability, '
2026-07-08 16:40:45.404 10 INFO neutron.wsgi [None req-5e341349-2567-4501-b072-71380967effe a643121fb17745c09f5fc4f2bd615419 a03dad9363a74da8b06f8de7eda5b0dc - - - -] 10.0.0.81 "POST /v2.0/trunks HTTP/1.1" status: 201 len: 608 time: 0.2283421
2026-07-08 16:40:45.486 10 INFO neutron.db.segments_db [None req-109de1d8-f1d1-429f-89b2-46651d4ffa3c a643121fb17745c09f5fc4f2bd615419 a03dad9363a74da8b06f8de7eda5b0dc - - - -] Added segment d087cb40-ff4b-4912-a937-480eae08e83f of type geneve for network 25bf3e0a-4928-4cbd-86ea-20d6c53e39b3
2026-07-08 16:40:45.621 9 INFO neutron.wsgi [req-0af38aab-83da-4505-83a1-69be6f7071af req-eb8cd732-17e8-44a1-a8a7-bbdc737fc5ee 20c9bc50e3a94fb3a9121cc772a99ad2 77263091a7184d91b9a4b64d52184b9d - - default default] 10.0.0.90 "GET /v2.0/ports?device_id=6f905d51-36cb-4729-8533-9aee5900b579 HTTP/1.1" status: 200 len: 1172 time: 0.1330912
2026-07-08 16:40:45.622 10 INFO neutron.db.ovn_revision_numbers_db [None req-109de1d8-f1d1-429f-89b2-46651d4ffa3c a643121fb17745c09f5fc4f2bd615419 a03dad9363a74da8b06f8de7eda5b0dc - - - -] Successfully bumped revision number for resource 25bf3e0a-4928-4cbd-86ea-20d6c53e39b3 (type: networks) to 1 /var/lib/openstack/lib/python3.10/site-packages/pycadf/identifier.py:71: UserWarning: Invalid uuid: neutron. To ensure interoperability, identifiers should be a valid uuid. warnings.warn(('Invalid uuid: %s. To ensure interoperability, '
2026-07-08 16:40:45.650 9 INFO neutron.db.ovn_revision_numbers_db [None req-42be06e8-eb7e-49d8-bb2c-719fa6ecb038 cb8f84f163474bbbaca19db2896a6562 dc7db9b88898430286696a4f2c38d6c1 - - - -] Successfully bumped revision number for resource fd0a428e-2c48-496e-891a-867524dc26f2 (type: ports) to 2
2026-07-08 16:40:45.674 9 INFO neutron.wsgi [req-0af38aab-83da-4505-83a1-69be6f7071af req-10664dba-361d-496e-a259-80c3ae01177b 20c9bc50e3a94fb3a9121cc772a99ad2 77263091a7184d91b9a4b64d52184b9d - - default default] 10.0.0.90 "GET /v2.0/security-groups?id=1d0d7e0f-5ee3-45dd-85ae-eecba8faf8a5&fields=id&fields=name HTTP/1.1" status: 200 len: 312 time: 0.0469191
2026-07-08 16:40:45.680 9 INFO neutron.wsgi [None req-42be06e8-eb7e-49d8-bb2c-719fa6ecb038 cb8f84f163474bbbaca19db2896a6562 dc7db9b88898430286696a4f2c38d6c1 - - - -] 199.19.213.163 "PUT /v2.0/ports/fd0a428e-2c48-496e-891a-867524dc26f2 HTTP/1.1" status: 200 len: 1332 time: 1.1415389
2026-07-08 16:40:45.708 9 INFO neutron.db.ovn_revision_numbers_db [None req-9ab9ee99-c880-45ab-bce8-08fc63cbad6d 9cd5ec997f39428da6809704e177ebba 0209aba3cb54462dad77a8ef62be4cb9 - - - -] Successfully bumped revision number for resource 3ff21681-7b11-4d8d-a0ea-b0b0b1f8f276 (type: security_groups) to 1
2026-07-08 16:40:45.726 9 INFO neutron.notifiers.nova [-] Nova event matching ['req-16f04cfa-e210-4c40-9c76-45ad482c5004'] response: {'name': 'network-changed', 'server_uuid': '6f905d51-36cb-4729-8533-9aee5900b579', 'tag': 'fd0a428e-2c48-496e-891a-867524dc26f2', 'status': 'completed', 'code': 200}
2026-07-08 16:40:45.757 9 INFO neutron.wsgi [req-99c6c9e9-6643-480e-b368-b04eb4d4823b req-d0f09c2d-c65f-4257-b756-2bb69f2895a3 cb8f84f163474bbbaca19db2896a6562 dc7db9b88898430286696a4f2c38d6c1 - - 23621ad2b53d454e96a2cf15f2e7de13 23621ad2b53d454e96a2cf15f2e7de13] 199.19.213.163 "GET /v2.0/ports?tenant_id=77263091a7184d91b9a4b64d52184b9d&device_id=6f905d51-36cb-4729-8533-9aee5900b579 HTTP/1.1" status: 200 len: 1363 time: 0.0331767
2026-07-08 16:40:45.795 9 INFO neutron.wsgi [req-99c6c9e9-6643-480e-b368-b04eb4d4823b req-a874481b-f36c-4d1d-9431-d988b9229573 cb8f84f163474bbbaca19db2896a6562 dc7db9b88898430286696a4f2c38d6c1 - - 23621ad2b53d454e96a2cf15f2e7de13 23621ad2b53d454e96a2cf15f2e7de13] 199.19.213.163 "GET /v2.0/floatingips?fixed_ip_address=10.100.0.14&port_id=fd0a428e-2c48-496e-891a-867524dc26f2 HTTP/1.1" status: 200 len: 217 time: 0.0298691
2026-07-08 16:40:45.800 9 INFO neutron.db.segments_db [None req-9ab9ee99-c880-45ab-bce8-08fc63cbad6d 9cd5ec997f39428da6809704e177ebba 0209aba3cb54462dad77a8ef62be4cb9 - - - -] Added segment b4a7c3d7-4f05-4885-b98f-4a375c2097d1 of type geneve for network d77ab1b2-b5dd-4980-899a-7d12bdf0de22
2026-07-08 16:40:45.851 9 INFO neutron.wsgi [req-99c6c9e9-6643-480e-b368-b04eb4d4823b req-c2ad29b9-9ba5-4cd9-bb1b-0457be7a4370 cb8f84f163474bbbaca19db2896a6562 dc7db9b88898430286696a4f2c38d6c1 - - 23621ad2b53d454e96a2cf15f2e7de13 23621ad2b53d454e96a2cf15f2e7de13] 199.19.213.163 "GET /v2.0/subnets?id=f32f7e75-a365-4716-a87e-b182c45dda32 HTTP/1.1" status: 200 len: 853 time: 0.0497618
2026-07-08 16:40:45.862 10 WARNING neutron.scheduler.dhcp_agent_scheduler [None req-109de1d8-f1d1-429f-89b2-46651d4ffa3c a643121fb17745c09f5fc4f2bd615419 a03dad9363a74da8b06f8de7eda5b0dc - - - -] No more DHCP agents
2026-07-08 16:40:45.864 10 WARNING neutron.api.rpc.agentnotifiers.dhcp_rpc_agent_api [None req-109de1d8-f1d1-429f-89b2-46651d4ffa3c a643121fb17745c09f5fc4f2bd615419 a03dad9363a74da8b06f8de7eda5b0dc - - - -] Unable to schedule network 25bf3e0a-4928-4cbd-86ea-20d6c53e39b3: no agents available; will retry on subsequent port and subnet creation events.
2026-07-08 16:40:45.893 9 INFO neutron.wsgi [req-99c6c9e9-6643-480e-b368-b04eb4d4823b req-8dd6822f-6805-4751-ba75-135acd2634d8 cb8f84f163474bbbaca19db2896a6562 dc7db9b88898430286696a4f2c38d6c1 - - 23621ad2b53d454e96a2cf15f2e7de13 23621ad2b53d454e96a2cf15f2e7de13] 199.19.213.163 "GET /v2.0/ports?network_id=91066978-2da1-4276-bdc8-e3034eb0a793&device_owner=network%3Adhcp HTTP/1.1" status: 200 len: 210 time: 0.0301831
2026-07-08 16:40:45.957 10 INFO neutron.db.ovn_revision_numbers_db [None req-109de1d8-f1d1-429f-89b2-46651d4ffa3c a643121fb17745c09f5fc4f2bd615419 a03dad9363a74da8b06f8de7eda5b0dc - - - -] Successfully bumped revision number for resource 36155dff-0682-4568-9751-fff3b6f87855 (type: ports) to 1
2026-07-08 16:40:46.006 10 INFO neutron.wsgi [None req-109de1d8-f1d1-429f-89b2-46651d4ffa3c a643121fb17745c09f5fc4f2bd615419 a03dad9363a74da8b06f8de7eda5b0dc - - - -] 10.0.0.81 "POST /v2.0/networks HTTP/1.1" status: 201 len: 830 time: 0.5961273
2026-07-08 16:40:46.009 9 INFO neutron.wsgi [req-99c6c9e9-6643-480e-b368-b04eb4d4823b req-2de97e7f-2d6f-4011-b97a-33733088acff cb8f84f163474bbbaca19db2896a6562 dc7db9b88898430286696a4f2c38d6c1 - - 23621ad2b53d454e96a2cf15f2e7de13 23621ad2b53d454e96a2cf15f2e7de13] 199.19.213.163 "GET /v2.0/networks/91066978-2da1-4276-bdc8-e3034eb0a793?fields=segments HTTP/1.1" status: 200 len: 212 time: 0.1012433
2026-07-08 16:40:46.010 9 INFO neutron.db.ovn_revision_numbers_db [None req-9ab9ee99-c880-45ab-bce8-08fc63cbad6d 9cd5ec997f39428da6809704e177ebba 0209aba3cb54462dad77a8ef62be4cb9 - - - -] Successfully bumped revision number for resource d77ab1b2-b5dd-4980-899a-7d12bdf0de22 (type: networks) to 1
2026-07-08 16:40:46.130 9 INFO neutron.wsgi [req-99c6c9e9-6643-480e-b368-b04eb4d4823b req-d7abe694-63a4-44a0-b6fd-1f36be2c2a7c cb8f84f163474bbbaca19db2896a6562 dc7db9b88898430286696a4f2c38d6c1 - - 23621ad2b53d454e96a2cf15f2e7de13 23621ad2b53d454e96a2cf15f2e7de13] 199.19.213.163 "GET /v2.0/networks/91066978-2da1-4276-bdc8-e3034eb0a793?fields=provider%3Aphysical_network&fields=provider%3Anetwork_type HTTP/1.1" status: 200 len: 277 time: 0.1167834
2026-07-08 16:40:46.254 9 INFO neutron.wsgi [req-e42ab935-86da-46e8-95da-44ad0c545f1b req-74619be9-9d4b-49cc-8d7a-b8fb6d5ec1d4 cb8f84f163474bbbaca19db2896a6562 dc7db9b88898430286696a4f2c38d6c1 - - 23621ad2b53d454e96a2cf15f2e7de13 23621ad2b53d454e96a2cf15f2e7de13] 199.19.213.163 "GET /v2.0/ports?tenant_id=77263091a7184d91b9a4b64d52184b9d&device_id=6f905d51-36cb-4729-8533-9aee5900b579 HTTP/1.1" status: 200 len: 1363 time: 0.0489855
2026-07-08 16:40:46.269 10 WARNING neutron.scheduler.dhcp_agent_scheduler [None req-d2821365-4d15-4880-b2c5-243305b70a4f a643121fb17745c09f5fc4f2bd615419 a03dad9363a74da8b06f8de7eda5b0dc - - - -] No more DHCP agents
2026-07-08 16:40:46.273 10 WARNING neutron.api.rpc.agentnotifiers.dhcp_rpc_agent_api [None req-d2821365-4d15-4880-b2c5-243305b70a4f a643121fb17745c09f5fc4f2bd615419 a03dad9363a74da8b06f8de7eda5b0dc - - - -] Unable to schedule network 25bf3e0a-4928-4cbd-86ea-20d6c53e39b3: no agents available; will retry on subsequent port and subnet creation events.
2026-07-08 16:40:46.354 9 WARNING neutron.scheduler.dhcp_agent_scheduler [None req-9ab9ee99-c880-45ab-bce8-08fc63cbad6d 9cd5ec997f39428da6809704e177ebba 0209aba3cb54462dad77a8ef62be4cb9 - - - -] No more DHCP agents
2026-07-08 16:40:46.356 10 INFO neutron.db.ovn_revision_numbers_db [None req-d2821365-4d15-4880-b2c5-243305b70a4f a643121fb17745c09f5fc4f2bd615419 a03dad9363a74da8b06f8de7eda5b0dc - - - -] Successfully bumped revision number for resource c037b28d-2c51-4055-ae96-9ab3c656c1ef (type: ports) to 1
2026-07-08 16:40:46.361 9 WARNING neutron.api.rpc.agentnotifiers.dhcp_rpc_agent_api [None req-9ab9ee99-c880-45ab-bce8-08fc63cbad6d 9cd5ec997f39428da6809704e177ebba 0209aba3cb54462dad77a8ef62be4cb9 - - - -] Unable to schedule network d77ab1b2-b5dd-4980-899a-7d12bdf0de22: no agents available; will retry on subsequent port and subnet creation events.
2026-07-08 16:40:46.363 9 INFO neutron.plugins.ml2.drivers.ovn.mech_driver.mech_driver [None req-0ea90c41-27ca-4959-b11b-19d1de53a0c7 - - - - - -] OVN reports status up for port: fd0a428e-2c48-496e-891a-867524dc26f2
2026-07-08 16:40:46.384 9 INFO neutron.plugins.ml2.plugin [None req-0ea90c41-27ca-4959-b11b-19d1de53a0c7 - - - - - -] Attempt 1 to provision port fd0a428e-2c48-496e-891a-867524dc26f2
2026-07-08 16:40:46.389 10 INFO neutron.wsgi [None req-d2821365-4d15-4880-b2c5-243305b70a4f a643121fb17745c09f5fc4f2bd615419 a03dad9363a74da8b06f8de7eda5b0dc - - - -] 10.0.0.81 "POST /v2.0/ports HTTP/1.1" status: 201 len: 942 time: 0.3772044
2026-07-08 16:40:46.397 9 INFO neutron.wsgi [req-e42ab935-86da-46e8-95da-44ad0c545f1b req-090ee947-46bb-4837-9d2d-4865b20278bb cb8f84f163474bbbaca19db2896a6562 dc7db9b88898430286696a4f2c38d6c1 - - 23621ad2b53d454e96a2cf15f2e7de13 23621ad2b53d454e96a2cf15f2e7de13] 199.19.213.163 "GET /v2.0/networks?id=91066978-2da1-4276-bdc8-e3034eb0a793 HTTP/1.1" status: 200 len: 958 time: 0.1304016 /var/lib/openstack/lib/python3.10/site-packages/pycadf/identifier.py:71: UserWarning: Invalid uuid: neutron. To ensure interoperability, identifiers should be a valid uuid. warnings.warn(('Invalid uuid: %s. To ensure interoperability, '
2026-07-08 16:40:46.449 9 INFO neutron.wsgi [req-e42ab935-86da-46e8-95da-44ad0c545f1b req-17168ee8-12b5-44b3-93d4-ef2a07212ae3 cb8f84f163474bbbaca19db2896a6562 dc7db9b88898430286696a4f2c38d6c1 - - 23621ad2b53d454e96a2cf15f2e7de13 23621ad2b53d454e96a2cf15f2e7de13] 199.19.213.163 "GET /v2.0/floatingips?fixed_ip_address=10.100.0.14&port_id=fd0a428e-2c48-496e-891a-867524dc26f2 HTTP/1.1" status: 200 len: 217 time: 0.0374370
2026-07-08 16:40:46.485 9 INFO neutron.db.ovn_revision_numbers_db [None req-9ab9ee99-c880-45ab-bce8-08fc63cbad6d 9cd5ec997f39428da6809704e177ebba 0209aba3cb54462dad77a8ef62be4cb9 - - - -] Successfully bumped revision number for resource 8a95ea1a-faac-48b5-a32a-b442cb467c06 (type: ports) to 1
2026-07-08 16:40:46.493 9 INFO neutron.wsgi [req-e42ab935-86da-46e8-95da-44ad0c545f1b req-03246b55-1bfd-4391-8ee2-2bcebc8845a1 cb8f84f163474bbbaca19db2896a6562 dc7db9b88898430286696a4f2c38d6c1 - - 23621ad2b53d454e96a2cf15f2e7de13 23621ad2b53d454e96a2cf15f2e7de13] 199.19.213.163 "GET /v2.0/subnets?id=f32f7e75-a365-4716-a87e-b182c45dda32 HTTP/1.1" status: 200 len: 853 time: 0.0373044
2026-07-08 16:40:46.531 9 INFO neutron.wsgi [None req-9ab9ee99-c880-45ab-bce8-08fc63cbad6d 9cd5ec997f39428da6809704e177ebba 0209aba3cb54462dad77a8ef62be4cb9 - - - -] 10.0.0.81 "POST /v2.0/networks HTTP/1.1" status: 201 len: 942 time: 1.5400410
2026-07-08 16:40:46.534 9 INFO neutron.wsgi [req-e42ab935-86da-46e8-95da-44ad0c545f1b req-dfd9ad28-7ab8-4a69-8c36-4a18a6af130b cb8f84f163474bbbaca19db2896a6562 dc7db9b88898430286696a4f2c38d6c1 - - 23621ad2b53d454e96a2cf15f2e7de13 23621ad2b53d454e96a2cf15f2e7de13] 199.19.213.163 "GET /v2.0/ports?network_id=91066978-2da1-4276-bdc8-e3034eb0a793&device_owner=network%3Adhcp HTTP/1.1" status: 200 len: 210 time: 0.0303042
2026-07-08 16:40:46.621 10 INFO neutron.wsgi [None req-664427bb-d625-4754-8cbf-1597ad76ff0a a643121fb17745c09f5fc4f2bd615419 a03dad9363a74da8b06f8de7eda5b0dc - - - -] 10.0.0.81 "POST /v2.0/trunks HTTP/1.1" status: 201 len: 608 time: 0.2238960
2026-07-08 16:40:46.638 9 INFO neutron.wsgi [req-e42ab935-86da-46e8-95da-44ad0c545f1b req-cda4c779-86c4-4d1e-ae59-e0b216fb7088 cb8f84f163474bbbaca19db2896a6562 dc7db9b88898430286696a4f2c38d6c1 - - 23621ad2b53d454e96a2cf15f2e7de13 23621ad2b53d454e96a2cf15f2e7de13] 199.19.213.163 "GET /v2.0/networks/91066978-2da1-4276-bdc8-e3034eb0a793?fields=segments HTTP/1.1" status: 200 len: 212 time: 0.0950854
2026-07-08 16:40:46.665 10 INFO neutron.wsgi [None req-04c11f25-a9b8-4746-b43f-f2ea2eb86383 a643121fb17745c09f5fc4f2bd615419 a03dad9363a74da8b06f8de7eda5b0dc - - - -] 10.0.0.81 "PUT /v2.0/trunks/33a5a6cc-b336-478c-b987-ff732b11cf18/tags HTTP/1.1" status: 200 len: 210 time: 0.0386229
2026-07-08 16:40:46.697 10 INFO neutron.wsgi [None req-6052f4cf-95dd-440a-9758-b5d6be14c501 a643121fb17745c09f5fc4f2bd615419 a03dad9363a74da8b06f8de7eda5b0dc - - - -] 10.0.0.81 "PUT /v2.0/trunks/f56bee67-8da4-4939-ae04-cf6e0bed17d3/tags HTTP/1.1" status: 200 len: 218 time: 0.0273762
2026-07-08 16:40:46.738 10 INFO neutron.wsgi [None req-8fd175fb-f3bc-4bbd-968c-035f350d673a a643121fb17745c09f5fc4f2bd615419 a03dad9363a74da8b06f8de7eda5b0dc - - - -] 10.0.0.81 "PUT /v2.0/trunks/76823238-448c-4789-b59d-d09ef750f2c3/tags HTTP/1.1" status: 200 len: 227 time: 0.0371966
2026-07-08 16:40:46.771 10 INFO neutron.wsgi [None req-c281c7bd-7da0-455f-8d68-e4f6089d9d96 a643121fb17745c09f5fc4f2bd615419 a03dad9363a74da8b06f8de7eda5b0dc - - - -] 10.0.0.81 "PUT /v2.0/trunks/4a7e50f3-9faa-4c6b-85c6-ebb1af74a089/tags HTTP/1.1" status: 200 len: 212 time: 0.0268049
2026-07-08 16:40:46.773 9 INFO neutron.wsgi [req-e42ab935-86da-46e8-95da-44ad0c545f1b req-e1a221bb-a4fb-4501-8fa8-57d6559c4b0c cb8f84f163474bbbaca19db2896a6562 dc7db9b88898430286696a4f2c38d6c1 - - 23621ad2b53d454e96a2cf15f2e7de13 23621ad2b53d454e96a2cf15f2e7de13] 199.19.213.163 "GET /v2.0/networks/91066978-2da1-4276-bdc8-e3034eb0a793?fields=provider%3Aphysical_network&fields=provider%3Anetwork_type HTTP/1.1" status: 200 len: 277 time: 0.1306651
2026-07-08 16:40:46.821 10 INFO neutron.wsgi [None req-81761c4e-b810-4bc1-8708-69d3d032bba8 a643121fb17745c09f5fc4f2bd615419 a03dad9363a74da8b06f8de7eda5b0dc - - default default] 10.0.0.81 "GET /v2.0/trunks?tags=red HTTP/1.1" status: 200 len: 1447 time: 0.0442414
2026-07-08 16:40:46.825 9 INFO neutron.wsgi [req-99333a55-9b8e-4cfa-a7ff-4cec416085b5 req-2aebaaaa-fab1-4b27-80cc-8359c1a98f32 20c9bc50e3a94fb3a9121cc772a99ad2 77263091a7184d91b9a4b64d52184b9d - - default default] 10.0.0.90 "GET /v2.0/ports?device_id=6f905d51-36cb-4729-8533-9aee5900b579 HTTP/1.1" status: 200 len: 1174 time: 0.0721552
2026-07-08 16:40:46.856 10 INFO neutron.wsgi [None req-5ecd9a96-16e5-4a29-9c85-b78cb0d91d57 a643121fb17745c09f5fc4f2bd615419 a03dad9363a74da8b06f8de7eda5b0dc - - default default] 10.0.0.81 "GET /v2.0/trunks?tags=red%2Cblue HTTP/1.1" status: 200 len: 1041 time: 0.0299766
2026-07-08 16:40:46.900 10 INFO neutron.wsgi [None req-b52c442c-e677-4e9d-af68-7bcd070461e2 a643121fb17745c09f5fc4f2bd615419 a03dad9363a74da8b06f8de7eda5b0dc - - default default] 10.0.0.81 "GET /v2.0/trunks?tags-any=blue HTTP/1.1" status: 200 len: 1041 time: 0.0378757
2026-07-08 16:40:46.917 9 INFO neutron.wsgi [req-99333a55-9b8e-4cfa-a7ff-4cec416085b5 req-44376079-bcab-46c1-a5ba-c08227b72f67 20c9bc50e3a94fb3a9121cc772a99ad2 77263091a7184d91b9a4b64d52184b9d - - default default] 10.0.0.90 "GET /v2.0/security-groups?id=1d0d7e0f-5ee3-45dd-85ae-eecba8faf8a5&fields=id&fields=name HTTP/1.1" status: 200 len: 312 time: 0.0777938
2026-07-08 16:40:46.921 9 WARNING neutron.scheduler.dhcp_agent_scheduler [None req-41f8dc6a-6c49-403f-b0c6-700958d3830e 9cd5ec997f39428da6809704e177ebba 0209aba3cb54462dad77a8ef62be4cb9 - - - -] No more DHCP agents
2026-07-08 16:40:46.928 9 WARNING neutron.api.rpc.agentnotifiers.dhcp_rpc_agent_api [None req-41f8dc6a-6c49-403f-b0c6-700958d3830e 9cd5ec997f39428da6809704e177ebba 0209aba3cb54462dad77a8ef62be4cb9 - - - -] Unable to schedule network d77ab1b2-b5dd-4980-899a-7d12bdf0de22: no agents available; will retry on subsequent port and subnet creation events.
2026-07-08 16:40:46.929 10 INFO neutron.wsgi [None req-aa1a319e-c186-41fb-a1ce-3c3cfbe19716 a643121fb17745c09f5fc4f2bd615419 a03dad9363a74da8b06f8de7eda5b0dc - - default default] 10.0.0.81 "GET /v2.0/trunks?tags-any=red%2Cblue HTTP/1.1" status: 200 len: 1447 time: 0.0217688
2026-07-08 16:40:46.945 9 INFO neutron.db.ovn_revision_numbers_db [None req-0ea90c41-27ca-4959-b11b-19d1de53a0c7 - - - - - -] Successfully bumped revision number for resource fd0a428e-2c48-496e-891a-867524dc26f2 (type: ports) to 4
2026-07-08 16:40:46.960 10 INFO neutron.wsgi [None req-762bbbbd-9fc0-431f-8164-9488112d035a a643121fb17745c09f5fc4f2bd615419 a03dad9363a74da8b06f8de7eda5b0dc - - default default] 10.0.0.81 "GET /v2.0/trunks?not-tags=red HTTP/1.1" status: 200 len: 1013 time: 0.0260382
2026-07-08 16:40:46.993 10 INFO neutron.wsgi [None req-408926e1-d7bd-44fa-923b-d5a10a8b9be2 a643121fb17745c09f5fc4f2bd615419 a03dad9363a74da8b06f8de7eda5b0dc - - default default] 10.0.0.81 "GET /v2.0/trunks?not-tags=red%2Cblue HTTP/1.1" status: 200 len: 1419 time: 0.0285940
2026-07-08 16:40:47.278 10 INFO neutron.wsgi [None req-6fc73485-7e72-4a46-bee2-52ac9b534bc0 a643121fb17745c09f5fc4f2bd615419 a03dad9363a74da8b06f8de7eda5b0dc - - default default] 10.0.0.81 "GET /v2.0/trunks?not-tags-any=blue HTTP/1.1" status: 200 len: 1419 time: 0.2816985
2026-07-08 16:40:47.300 10 INFO neutron.wsgi [None req-add920c0-10ad-4926-ae41-1c877abb18cf a643121fb17745c09f5fc4f2bd615419 a03dad9363a74da8b06f8de7eda5b0dc - - default default] 10.0.0.81 "GET /v2.0/trunks?not-tags-any=red%2Cblue HTTP/1.1" status: 200 len: 1013 time: 0.0163746
2026-07-08 16:40:47.329 10 INFO neutron.wsgi [None req-897d9c98-6f72-4077-8e93-1c1b730eba3d a643121fb17745c09f5fc4f2bd615419 a03dad9363a74da8b06f8de7eda5b0dc - - default default] 10.0.0.81 "GET /v2.0/trunks/33a5a6cc-b336-478c-b987-ff732b11cf18 HTTP/1.1" status: 200 len: 608 time: 0.0208778
2026-07-08 16:40:47.484 9 INFO neutron.db.ovn_revision_numbers_db [None req-41f8dc6a-6c49-403f-b0c6-700958d3830e 9cd5ec997f39428da6809704e177ebba 0209aba3cb54462dad77a8ef62be4cb9 - - - -] Successfully bumped revision number for resource 8a95ea1a-faac-48b5-a32a-b442cb467c06 (type: ports) to 2
2026-07-08 16:40:47.487 10 INFO neutron.wsgi [None req-54f579af-cddd-4986-9a3a-3396d408d28a a643121fb17745c09f5fc4f2bd615419 a03dad9363a74da8b06f8de7eda5b0dc - - default default] 10.0.0.81 "GET /v2.0/ports/ccc97ccf-3e40-49cf-a8ef-a73a4d16f32d HTTP/1.1" status: 200 len: 1020 time: 0.1518092
2026-07-08 16:40:47.503 9 INFO neutron.db.ovn_revision_numbers_db [None req-41f8dc6a-6c49-403f-b0c6-700958d3830e 9cd5ec997f39428da6809704e177ebba 0209aba3cb54462dad77a8ef62be4cb9 - - - -] Successfully bumped revision number for resource 446dbc5d-4717-4228-8ff6-481ed73b8a0e (type: subnets) to 0
2026-07-08 16:40:47.521 9 INFO neutron.wsgi [None req-41f8dc6a-6c49-403f-b0c6-700958d3830e 9cd5ec997f39428da6809704e177ebba 0209aba3cb54462dad77a8ef62be4cb9 - - - -] 10.0.0.81 "POST /v2.0/subnets HTTP/1.1" status: 201 len: 862 time: 0.9825702 /var/lib/openstack/lib/python3.10/site-packages/pycadf/identifier.py:71: UserWarning: Invalid uuid: neutron. To ensure interoperability, identifiers should be a valid uuid. warnings.warn(('Invalid uuid: %s. To ensure interoperability, '
2026-07-08 16:40:47.606 10 INFO neutron.wsgi [None req-ebf352aa-f261-43d1-8844-077d86566fa0 a643121fb17745c09f5fc4f2bd615419 a03dad9363a74da8b06f8de7eda5b0dc - - - -] 10.0.0.81 "DELETE /v2.0/trunks/33a5a6cc-b336-478c-b987-ff732b11cf18 HTTP/1.1" status: 204 len: 168 time: 0.1104443
2026-07-08 16:40:47.626 10 INFO neutron.wsgi [None req-033dcd57-1b6d-49ff-8bc5-5d416e430155 a643121fb17745c09f5fc4f2bd615419 a03dad9363a74da8b06f8de7eda5b0dc - - default default] 10.0.0.81 "GET /v2.0/trunks/f56bee67-8da4-4939-ae04-cf6e0bed17d3 HTTP/1.1" status: 200 len: 616 time: 0.0157800
2026-07-08 16:40:47.711 10 INFO neutron.wsgi [None req-eb7634bf-4ab2-4623-917c-b641fa14d4c4 a643121fb17745c09f5fc4f2bd615419 a03dad9363a74da8b06f8de7eda5b0dc - - default default] 10.0.0.81 "GET /v2.0/ports/b2c9c78d-d3fe-4c39-baf6-72bd5d2939df HTTP/1.1" status: 200 len: 1020 time: 0.0805557
2026-07-08 16:40:47.764 9 INFO neutron.notifiers.nova [-] Nova event matching ['req-058e0a74-d24b-42f9-8b35-f87baaea1e62'] response: {'server_uuid': '6f905d51-36cb-4729-8533-9aee5900b579', 'name': 'network-vif-plugged', 'status': 'completed', 'tag': 'fd0a428e-2c48-496e-891a-867524dc26f2', 'code': 200}
2026-07-08 16:40:47.764 9 INFO neutron.notifiers.nova [-] Nova event matching ['req-058e0a74-d24b-42f9-8b35-f87baaea1e62'] response: {'server_uuid': '6f905d51-36cb-4729-8533-9aee5900b579', 'name': 'network-vif-plugged', 'status': 'completed', 'tag': 'fd0a428e-2c48-496e-891a-867524dc26f2', 'code': 200}
2026-07-08 16:40:47.833 10 INFO neutron.wsgi [None req-3619beb4-a900-4bb2-97a4-ef82e3617e57 a643121fb17745c09f5fc4f2bd615419 a03dad9363a74da8b06f8de7eda5b0dc - - - -] 10.0.0.81 "DELETE /v2.0/trunks/f56bee67-8da4-4939-ae04-cf6e0bed17d3 HTTP/1.1" status: 204 len: 168 time: 0.1152754
2026-07-08 16:40:47.873 10 INFO neutron.wsgi [None req-bee46b50-6c77-448a-9691-fc9aa70fe577 a643121fb17745c09f5fc4f2bd615419 a03dad9363a74da8b06f8de7eda5b0dc - - default default] 10.0.0.81 "GET /v2.0/trunks/76823238-448c-4789-b59d-d09ef750f2c3 HTTP/1.1" status: 200 len: 625 time: 0.0327959
2026-07-08 16:40:47.879 9 INFO neutron.wsgi [-] 10.0.0.59 "GET / HTTP/1.1" status: 200 len: 247 time: 0.0020230
2026-07-08 16:40:47.881 10 INFO neutron.wsgi [-] 10.0.0.59 "GET / HTTP/1.1" status: 200 len: 247 time: 0.0026155
2026-07-08 16:40:47.991 10 INFO neutron.wsgi [None req-36ba9e88-2c91-4760-a5cc-553d3bac4c17 a643121fb17745c09f5fc4f2bd615419 a03dad9363a74da8b06f8de7eda5b0dc - - default default] 10.0.0.81 "GET /v2.0/ports/24dc07e0-26bb-4090-855a-7e2fa6d493db HTTP/1.1" status: 200 len: 1020 time: 0.1143167
2026-07-08 16:40:48.044 9 INFO neutron.wsgi [req-11e296b2-dc1b-43a8-b666-deec138bba6a req-4cc0ee9a-c38f-4913-8697-abcb440d09f1 20c9bc50e3a94fb3a9121cc772a99ad2 77263091a7184d91b9a4b64d52184b9d - - default default] 10.0.0.90 "GET /v2.0/ports?device_id=6f905d51-36cb-4729-8533-9aee5900b579 HTTP/1.1" status: 200 len: 1174 time: 0.0438221
2026-07-08 16:40:48.150 9 INFO neutron.wsgi [req-11e296b2-dc1b-43a8-b666-deec138bba6a req-b31f4370-3687-4a13-bef1-eead740eaf22 20c9bc50e3a94fb3a9121cc772a99ad2 77263091a7184d91b9a4b64d52184b9d - - default default] 10.0.0.90 "GET /v2.0/security-groups?id=1d0d7e0f-5ee3-45dd-85ae-eecba8faf8a5&fields=id&fields=name HTTP/1.1" status: 200 len: 312 time: 0.0939465
2026-07-08 16:40:48.201 9 INFO neutron.wsgi [None req-7f3e4be5-9590-4e32-b44d-2343762f1dab a643121fb17745c09f5fc4f2bd615419 a03dad9363a74da8b06f8de7eda5b0dc - - - -] 10.0.0.81 "DELETE /v2.0/trunks/76823238-448c-4789-b59d-d09ef750f2c3 HTTP/1.1" status: 204 len: 168 time: 0.2035103
2026-07-08 16:40:48.239 10 INFO neutron.wsgi [None req-74ef55ab-6795-4398-afbf-8350389c773d a643121fb17745c09f5fc4f2bd615419 a03dad9363a74da8b06f8de7eda5b0dc - - default default] 10.0.0.81 "GET /v2.0/trunks/4a7e50f3-9faa-4c6b-85c6-ebb1af74a089 HTTP/1.1" status: 200 len: 610 time: 0.0302434
2026-07-08 16:40:48.256 9 WARNING neutron.scheduler.dhcp_agent_scheduler [None req-41885289-159f-4a08-9890-875ce2ee7ff8 9cd5ec997f39428da6809704e177ebba 0209aba3cb54462dad77a8ef62be4cb9 - - - -] No more DHCP agents
2026-07-08 16:40:48.258 9 WARNING neutron.api.rpc.agentnotifiers.dhcp_rpc_agent_api [None req-41885289-159f-4a08-9890-875ce2ee7ff8 9cd5ec997f39428da6809704e177ebba 0209aba3cb54462dad77a8ef62be4cb9 - - - -] Unable to schedule network 5e3a74fd-7c59-4607-b22b-2dfabad66aaf: no agents available; will retry on subsequent port and subnet creation events.
2026-07-08 16:40:48.318 10 INFO neutron.wsgi [req-1e914398-b1a4-4709-8fce-8eeafa5127a9 req-e8229536-87f7-47f1-9678-34bc98f08f50 20c9bc50e3a94fb3a9121cc772a99ad2 77263091a7184d91b9a4b64d52184b9d - - default default] 10.0.0.90 "GET /v2.0/ports?device_id=6f905d51-36cb-4729-8533-9aee5900b579 HTTP/1.1" status: 200 len: 1174 time: 0.0892167
2026-07-08 16:40:48.367 10 INFO neutron.wsgi [req-1e914398-b1a4-4709-8fce-8eeafa5127a9 req-d98f35af-de4c-4746-a5dd-b5dbb9dbb4e4 20c9bc50e3a94fb3a9121cc772a99ad2 77263091a7184d91b9a4b64d52184b9d - - default default] 10.0.0.90 "GET /v2.0/security-groups?id=1d0d7e0f-5ee3-45dd-85ae-eecba8faf8a5&fields=id&fields=name HTTP/1.1" status: 200 len: 312 time: 0.0414133
2026-07-08 16:40:48.367 9 INFO neutron.wsgi [None req-c6195f46-4d5c-4271-b68d-3148d660f59e a643121fb17745c09f5fc4f2bd615419 a03dad9363a74da8b06f8de7eda5b0dc - - default default] 10.0.0.81 "GET /v2.0/ports/069686fd-3350-4c0d-b9b4-39ef85d7176e HTTP/1.1" status: 200 len: 1020 time: 0.1213996
2026-07-08 16:40:48.456 10 INFO neutron.wsgi [None req-70451c8d-bba5-4b27-9e2d-77248688f48d 13d6ea5eb11740db92f7d89360645277 b39417bead304a868ca175e865b58984 - - default default] 10.0.0.81 "GET /v2.0/ports?device_id=6f905d51-36cb-4729-8533-9aee5900b579 HTTP/1.1" status: 200 len: 1360 time: 0.0588505
2026-07-08 16:40:48.547 10 INFO neutron.wsgi [None req-71f7b90b-a478-412f-af18-8a64cf23013a a643121fb17745c09f5fc4f2bd615419 a03dad9363a74da8b06f8de7eda5b0dc - - - -] 10.0.0.81 "DELETE /v2.0/trunks/4a7e50f3-9faa-4c6b-85c6-ebb1af74a089 HTTP/1.1" status: 204 len: 168 time: 0.1746428
2026-07-08 16:40:48.582 10 INFO neutron.wsgi [None req-f7a0394f-bdd7-4154-a14a-48f9a4e1f945 a643121fb17745c09f5fc4f2bd615419 a03dad9363a74da8b06f8de7eda5b0dc - - default default] 10.0.0.81 "GET /v2.0/trunks/3a2389fe-a83c-4b81-a303-484bb1bca531 HTTP/1.1" status: 200 len: 603 time: 0.0264587
2026-07-08 16:40:48.723 10 INFO neutron.wsgi [None req-30df8d8a-be39-4c98-86b9-222d7fab746d a643121fb17745c09f5fc4f2bd615419 a03dad9363a74da8b06f8de7eda5b0dc - - default default] 10.0.0.81 "GET /v2.0/ports/c037b28d-2c51-4055-ae96-9ab3c656c1ef HTTP/1.1" status: 200 len: 1020 time: 0.1329207
2026-07-08 16:40:48.749 9 INFO neutron.db.ovn_revision_numbers_db [None req-41885289-159f-4a08-9890-875ce2ee7ff8 9cd5ec997f39428da6809704e177ebba 0209aba3cb54462dad77a8ef62be4cb9 - - - -] Successfully bumped revision number for resource f596a19a-7842-45aa-9550-d647b2752313 (type: ports) to 1
2026-07-08 16:40:48.782 10 INFO neutron.db.l3_db [None req-f53084a1-eab0-438b-8d57-3884ea2c7d5c 20c9bc50e3a94fb3a9121cc772a99ad2 77263091a7184d91b9a4b64d52184b9d - - - -] Floating IP af587c9e-9df4-4795-bc58-6aa6a75e1226 associated. External IP: 10.96.250.202, port: fd0a428e-2c48-496e-891a-867524dc26f2.
2026-07-08 16:40:48.937 9 INFO neutron.wsgi [None req-1b637370-13af-42b1-bd26-7c44616aa047 a643121fb17745c09f5fc4f2bd615419 a03dad9363a74da8b06f8de7eda5b0dc - - - -] 10.0.0.81 "DELETE /v2.0/trunks/3a2389fe-a83c-4b81-a303-484bb1bca531 HTTP/1.1" status: 204 len: 168 time: 0.2067499
2026-07-08 16:40:48.969 10 INFO neutron.db.ovn_revision_numbers_db [None req-f53084a1-eab0-438b-8d57-3884ea2c7d5c 20c9bc50e3a94fb3a9121cc772a99ad2 77263091a7184d91b9a4b64d52184b9d - - - -] Successfully bumped revision number for resource af587c9e-9df4-4795-bc58-6aa6a75e1226 (type: floatingips) to 4
2026-07-08 16:40:49.088 10 INFO neutron.db.ovn_revision_numbers_db [None req-f53084a1-eab0-438b-8d57-3884ea2c7d5c 20c9bc50e3a94fb3a9121cc772a99ad2 77263091a7184d91b9a4b64d52184b9d - - - -] Successfully bumped revision number for resource af587c9e-9df4-4795-bc58-6aa6a75e1226 (type: floatingips) to 5
2026-07-08 16:40:49.144 10 INFO neutron.wsgi [None req-f53084a1-eab0-438b-8d57-3884ea2c7d5c 20c9bc50e3a94fb3a9121cc772a99ad2 77263091a7184d91b9a4b64d52184b9d - - - -] 10.0.0.81 "PUT /v2.0/floatingips/af587c9e-9df4-4795-bc58-6aa6a75e1226 HTTP/1.1" status: 200 len: 1050 time: 0.6811163 /var/lib/openstack/lib/python3.10/site-packages/pycadf/identifier.py:71: UserWarning: Invalid uuid: neutron. To ensure interoperability, identifiers should be a valid uuid. warnings.warn(('Invalid uuid: %s. To ensure interoperability, '
2026-07-08 16:40:49.205 10 INFO neutron.notifiers.nova [-] Nova event matching ['req-121c9a58-5c57-4a7e-8426-dcc06bdbe7cb'] response: {'name': 'network-changed', 'server_uuid': '6f905d51-36cb-4729-8533-9aee5900b579', 'tag': 'fd0a428e-2c48-496e-891a-867524dc26f2', 'status': 'completed', 'code': 200}
2026-07-08 16:40:49.208 9 INFO neutron.db.ovn_revision_numbers_db [None req-29a9c162-de8b-4108-a64a-5c222e765260 3fdd9e435d7d4ab6b940c147c506d758 2d490f8373884316a0e9d8ccb2443651 - - - -] Successfully bumped revision number for resource a7d85336-a0a1-4af1-b69e-fd33282a4939 (type: routers) to 1
2026-07-08 16:40:49.271 10 INFO neutron.wsgi [None req-7270dace-eb23-47c5-980b-a1113df33b45 a643121fb17745c09f5fc4f2bd615419 a03dad9363a74da8b06f8de7eda5b0dc - - - -] 10.0.0.81 "DELETE /v2.0/ports/ccc97ccf-3e40-49cf-a8ef-a73a4d16f32d HTTP/1.1" status: 204 len: 168 time: 0.3232052
2026-07-08 16:40:49.282 9 INFO neutron.wsgi [None req-ff0af6ca-6b20-467d-8738-1f46bd473757 20c9bc50e3a94fb3a9121cc772a99ad2 77263091a7184d91b9a4b64d52184b9d - - default default] 10.0.0.81 "GET /v2.0/floatingips/af587c9e-9df4-4795-bc58-6aa6a75e1226 HTTP/1.1" status: 200 len: 1052 time: 0.1303222
2026-07-08 16:40:49.285 9 INFO neutron.wsgi [None req-29a9c162-de8b-4108-a64a-5c222e765260 3fdd9e435d7d4ab6b940c147c506d758 2d490f8373884316a0e9d8ccb2443651 - - - -] 10.0.0.81 "POST /v2.0/routers HTTP/1.1" status: 201 len: 654 time: 0.6049740
2026-07-08 16:40:49.306 9 INFO neutron.wsgi [req-3fbfff31-37d6-4b84-982b-32535597e9d1 req-ce3d5de6-eaa1-4a47-af8c-76e6fab15ff1 cb8f84f163474bbbaca19db2896a6562 dc7db9b88898430286696a4f2c38d6c1 - - 23621ad2b53d454e96a2cf15f2e7de13 23621ad2b53d454e96a2cf15f2e7de13] 199.19.213.163 "GET /v2.0/ports?tenant_id=77263091a7184d91b9a4b64d52184b9d&device_id=6f905d51-36cb-4729-8533-9aee5900b579 HTTP/1.1" status: 200 len: 1365 time: 0.0685694
2026-07-08 16:40:49.459 9 INFO neutron.wsgi [req-3fbfff31-37d6-4b84-982b-32535597e9d1 req-e5b85c4b-8a7f-469d-b0e4-8e654bce5644 cb8f84f163474bbbaca19db2896a6562 dc7db9b88898430286696a4f2c38d6c1 - - 23621ad2b53d454e96a2cf15f2e7de13 23621ad2b53d454e96a2cf15f2e7de13] 199.19.213.163 "GET /v2.0/networks?id=91066978-2da1-4276-bdc8-e3034eb0a793 HTTP/1.1" status: 200 len: 958 time: 0.1455643
2026-07-08 16:40:49.516 10 INFO neutron.wsgi [None req-0e1f243a-8fc6-4a30-9d0c-baa9d075cbb1 a643121fb17745c09f5fc4f2bd615419 a03dad9363a74da8b06f8de7eda5b0dc - - - -] 10.0.0.81 "DELETE /v2.0/ports/b2c9c78d-d3fe-4c39-baf6-72bd5d2939df HTTP/1.1" status: 204 len: 168 time: 0.2393749
2026-07-08 16:40:49.555 9 INFO neutron.wsgi [req-3fbfff31-37d6-4b84-982b-32535597e9d1 req-6d466a41-e3b3-485f-9a52-a631894bbcfa cb8f84f163474bbbaca19db2896a6562 dc7db9b88898430286696a4f2c38d6c1 - - 23621ad2b53d454e96a2cf15f2e7de13 23621ad2b53d454e96a2cf15f2e7de13] 199.19.213.163 "GET /v2.0/floatingips?fixed_ip_address=10.100.0.14&port_id=fd0a428e-2c48-496e-891a-867524dc26f2 HTTP/1.1" status: 200 len: 1060 time: 0.0756741
2026-07-08 16:40:49.627 9 INFO neutron.wsgi [req-3fbfff31-37d6-4b84-982b-32535597e9d1 req-7be7fe51-8a53-4732-a339-b450561cd330 cb8f84f163474bbbaca19db2896a6562 dc7db9b88898430286696a4f2c38d6c1 - - 23621ad2b53d454e96a2cf15f2e7de13 23621ad2b53d454e96a2cf15f2e7de13] 199.19.213.163 "GET /v2.0/subnets?id=f32f7e75-a365-4716-a87e-b182c45dda32 HTTP/1.1" status: 200 len: 853 time: 0.0575964
2026-07-08 16:40:49.629 9 INFO neutron.db.ovn_revision_numbers_db [None req-9f0b893e-bb88-4659-884a-05d821a860f7 3fdd9e435d7d4ab6b940c147c506d758 2d490f8373884316a0e9d8ccb2443651 - - - -] Successfully bumped revision number for resource 10b49da7-7245-4006-81a6-2d711761df43 (type: routers) to 1
2026-07-08 16:40:49.671 9 INFO neutron.wsgi [None req-9f0b893e-bb88-4659-884a-05d821a860f7 3fdd9e435d7d4ab6b940c147c506d758 2d490f8373884316a0e9d8ccb2443651 - - - -] 10.0.0.81 "POST /v2.0/routers HTTP/1.1" status: 201 len: 654 time: 0.3786287
2026-07-08 16:40:49.674 9 INFO neutron.wsgi [req-3fbfff31-37d6-4b84-982b-32535597e9d1 req-f2135dbb-bffa-4ad9-aa4b-b3059a470863 cb8f84f163474bbbaca19db2896a6562 dc7db9b88898430286696a4f2c38d6c1 - - 23621ad2b53d454e96a2cf15f2e7de13 23621ad2b53d454e96a2cf15f2e7de13] 199.19.213.163 "GET /v2.0/ports?network_id=91066978-2da1-4276-bdc8-e3034eb0a793&device_owner=network%3Adhcp HTTP/1.1" status: 200 len: 210 time: 0.0356538
2026-07-08 16:40:49.783 10 INFO neutron.wsgi [None req-a807ab73-34e4-4c08-9336-88805b606d24 a643121fb17745c09f5fc4f2bd615419 a03dad9363a74da8b06f8de7eda5b0dc - - - -] 10.0.0.81 "DELETE /v2.0/ports/24dc07e0-26bb-4090-855a-7e2fa6d493db HTTP/1.1" status: 204 len: 168 time: 0.2609103
2026-07-08 16:40:49.829 9 INFO neutron.wsgi [req-3fbfff31-37d6-4b84-982b-32535597e9d1 req-3689da22-3bf3-4fc4-8c12-2ee38d7470b8 cb8f84f163474bbbaca19db2896a6562 dc7db9b88898430286696a4f2c38d6c1 - - 23621ad2b53d454e96a2cf15f2e7de13 23621ad2b53d454e96a2cf15f2e7de13] 199.19.213.163 "GET /v2.0/networks/91066978-2da1-4276-bdc8-e3034eb0a793?fields=segments HTTP/1.1" status: 200 len: 212 time: 0.1373746
2026-07-08 16:40:49.974 9 INFO neutron.wsgi [req-3fbfff31-37d6-4b84-982b-32535597e9d1 req-d4352bf8-3961-4011-ad89-ba78075cb9b8 cb8f84f163474bbbaca19db2896a6562 dc7db9b88898430286696a4f2c38d6c1 - - 23621ad2b53d454e96a2cf15f2e7de13 23621ad2b53d454e96a2cf15f2e7de13] 199.19.213.163 "GET /v2.0/networks/91066978-2da1-4276-bdc8-e3034eb0a793?fields=provider%3Aphysical_network&fields=provider%3Anetwork_type HTTP/1.1" status: 200 len: 277 time: 0.1290250
2026-07-08 16:40:50.048 10 INFO neutron.wsgi [None req-7530143a-be45-45ac-816a-c3483f1424ce a643121fb17745c09f5fc4f2bd615419 a03dad9363a74da8b06f8de7eda5b0dc - - - -] 10.0.0.81 "DELETE /v2.0/ports/069686fd-3350-4c0d-b9b4-39ef85d7176e HTTP/1.1" status: 204 len: 168 time: 0.2603462
2026-07-08 16:40:50.313 10 INFO neutron.wsgi [None req-5a71cc61-ac6a-4ef0-a2de-2d8c60eb466e a643121fb17745c09f5fc4f2bd615419 a03dad9363a74da8b06f8de7eda5b0dc - - - -] 10.0.0.81 "DELETE /v2.0/ports/c037b28d-2c51-4055-ae96-9ab3c656c1ef HTTP/1.1" status: 204 len: 168 time: 0.2590904
2026-07-08 16:40:50.612 9 INFO neutron.db.ovn_revision_numbers_db [None req-c4237c95-e911-4b1c-aabb-de5135db09b5 3fdd9e435d7d4ab6b940c147c506d758 2d490f8373884316a0e9d8ccb2443651 - - - -] Successfully bumped revision number for resource 48dea3ee-ea9e-4451-96e2-f47938b5f198 (type: routers) to 1
2026-07-08 16:40:50.637 9 INFO neutron.wsgi [None req-c4237c95-e911-4b1c-aabb-de5135db09b5 3fdd9e435d7d4ab6b940c147c506d758 2d490f8373884316a0e9d8ccb2443651 - - - -] 10.0.0.81 "POST /v2.0/routers HTTP/1.1" status: 201 len: 654 time: 0.9543579
2026-07-08 16:40:50.667 9 INFO neutron.plugins.ml2.drivers.ovn.mech_driver.mech_driver [None req-0ea90c41-27ca-4959-b11b-19d1de53a0c7 - - - - - -] OVN reports status up for port: f596a19a-7842-45aa-9550-d647b2752313
2026-07-08 16:40:50.681 9 INFO neutron.db.ovn_revision_numbers_db [None req-41885289-159f-4a08-9890-875ce2ee7ff8 9cd5ec997f39428da6809704e177ebba 0209aba3cb54462dad77a8ef62be4cb9 - - - -] Successfully bumped revision number for resource f596a19a-7842-45aa-9550-d647b2752313 (type: router_ports) to 1
2026-07-08 16:40:50.684 9 INFO neutron.plugins.ml2.plugin [None req-0ea90c41-27ca-4959-b11b-19d1de53a0c7 - - - - - -] Attempt 1 to provision port f596a19a-7842-45aa-9550-d647b2752313
2026-07-08 16:40:50.685 10 INFO neutron.plugins.ml2.drivers.ovn.mech_driver.ovsdb.ovsdb_monitor [None req-95bdc3c1-47cb-471b-9bba-1c584b11c933 - - - - - -] Router d76f3a96-0b94-4e55-ad7c-e377991a393d is bound to host instance
2026-07-08 16:40:50.732 10 INFO neutron.services.segments.plugin [-] Segment 06d25ac4-eab1-4500-a16a-a8ac8d98e5eb resource provider aggregate not found
2026-07-08 16:40:50.742 10 INFO neutron.services.segments.plugin [-] Segment 06d25ac4-eab1-4500-a16a-a8ac8d98e5eb resource provider aggregate not found
2026-07-08 16:40:50.750 10 INFO neutron.services.segments.plugin [-] Segment 06d25ac4-eab1-4500-a16a-a8ac8d98e5eb resource provider not found; error: Placement Client Error (4xx): {"errors": [{"status": 404, "title": "Not Found", "detail": "The resource could not be found.\n\n No resource provider with uuid 06d25ac4-eab1-4500-a16a-a8ac8d98e5eb found for delete ", "request_id": "req-b2d2c448-d88d-4450-8b8c-1adff027ab8d"}]}
2026-07-08 16:40:50.767 10 INFO neutron.services.segments.plugin [-] Segment 06d25ac4-eab1-4500-a16a-a8ac8d98e5eb resource provider not found; error: Placement Client Error (4xx): {"errors": [{"status": 404, "title": "Not Found", "detail": "The resource could not be found.\n\n No resource provider with uuid 06d25ac4-eab1-4500-a16a-a8ac8d98e5eb found for delete ", "request_id": "req-5b1a5cf1-4619-4da7-b498-c753ab8c12d8"}]}
2026-07-08 16:40:50.808 10 INFO neutron.wsgi [None req-7cfe5ec1-103d-41e4-bd02-5941f69a7f4b a643121fb17745c09f5fc4f2bd615419 a03dad9363a74da8b06f8de7eda5b0dc - - - -] 10.0.0.81 "DELETE /v2.0/networks/37e14373-63dc-4f7f-85a2-2d700ae25526 HTTP/1.1" status: 204 len: 168 time: 0.4900677
2026-07-08 16:40:50.866 9 INFO neutron.db.ovn_revision_numbers_db [None req-41885289-159f-4a08-9890-875ce2ee7ff8 9cd5ec997f39428da6809704e177ebba 0209aba3cb54462dad77a8ef62be4cb9 - - - -] Successfully bumped revision number for resource d76f3a96-0b94-4e55-ad7c-e377991a393d (type: routers) to 3
2026-07-08 16:40:50.891 9 INFO neutron.wsgi [None req-41885289-159f-4a08-9890-875ce2ee7ff8 9cd5ec997f39428da6809704e177ebba 0209aba3cb54462dad77a8ef62be4cb9 - - - -] 10.0.0.81 "POST /v2.0/routers HTTP/1.1" status: 201 len: 873 time: 3.3597469
2026-07-08 16:40:50.983 9 INFO neutron.db.ovn_revision_numbers_db [None req-84e8c611-a2b0-4515-91e5-a0364cdf107a 3fdd9e435d7d4ab6b940c147c506d758 2d490f8373884316a0e9d8ccb2443651 - - - -] Successfully bumped revision number for resource 6470661a-1794-4034-b0cb-15bef3a145f8 (type: routers) to 1
2026-07-08 16:40:51.002 9 INFO neutron.wsgi [None req-84e8c611-a2b0-4515-91e5-a0364cdf107a 3fdd9e435d7d4ab6b940c147c506d758 2d490f8373884316a0e9d8ccb2443651 - - - -] 10.0.0.81 "POST /v2.0/routers HTTP/1.1" status: 201 len: 654 time: 0.3578410
2026-07-08 16:40:51.216 9 INFO neutron.db.ovn_revision_numbers_db [None req-a1bafd6c-5544-45af-800e-2ef060e66e7f 3fdd9e435d7d4ab6b940c147c506d758 2d490f8373884316a0e9d8ccb2443651 - - - -] Successfully bumped revision number for resource 7172efd2-33ac-4f99-be4b-3e8db8924b0f (type: routers) to 1
2026-07-08 16:40:51.239 9 INFO neutron.wsgi [None req-a1bafd6c-5544-45af-800e-2ef060e66e7f 3fdd9e435d7d4ab6b940c147c506d758 2d490f8373884316a0e9d8ccb2443651 - - - -] 10.0.0.81 "POST /v2.0/routers HTTP/1.1" status: 201 len: 654 time: 0.2303720
2026-07-08 16:40:51.347 10 INFO neutron.wsgi [None req-0d539783-f16c-4880-9ddc-3f96f804766a 3fdd9e435d7d4ab6b940c147c506d758 2d490f8373884316a0e9d8ccb2443651 - - - -] 10.0.0.81 "PUT /v2.0/routers/a7d85336-a0a1-4af1-b69e-fd33282a4939/tags HTTP/1.1" status: 200 len: 210 time: 0.0914299
2026-07-08 16:40:51.427 9 INFO neutron.wsgi [None req-0cb8bd04-9931-4a8e-80e0-bcb51568ee84 3fdd9e435d7d4ab6b940c147c506d758 2d490f8373884316a0e9d8ccb2443651 - - - -] 10.0.0.81 "PUT /v2.0/routers/10b49da7-7245-4006-81a6-2d711761df43/tags HTTP/1.1" status: 200 len: 218 time: 0.0748887
2026-07-08 16:40:51.539 9 INFO neutron.wsgi [None req-a675657c-718b-40ef-980a-eea27bfb0193 3fdd9e435d7d4ab6b940c147c506d758 2d490f8373884316a0e9d8ccb2443651 - - - -] 10.0.0.81 "PUT /v2.0/routers/48dea3ee-ea9e-4451-96e2-f47938b5f198/tags HTTP/1.1" status: 200 len: 227 time: 0.1064365
2026-07-08 16:40:51.549 9 WARNING neutron.scheduler.dhcp_agent_scheduler [None req-66e1e923-2d0a-43ab-8952-e0f28ce7623f 9cd5ec997f39428da6809704e177ebba 0209aba3cb54462dad77a8ef62be4cb9 - - default default] No more DHCP agents
2026-07-08 16:40:51.552 9 WARNING neutron.api.rpc.agentnotifiers.dhcp_rpc_agent_api [None req-66e1e923-2d0a-43ab-8952-e0f28ce7623f 9cd5ec997f39428da6809704e177ebba 0209aba3cb54462dad77a8ef62be4cb9 - - default default] Unable to schedule network d77ab1b2-b5dd-4980-899a-7d12bdf0de22: no agents available; will retry on subsequent port and subnet creation events.
2026-07-08 16:40:51.650 10 INFO neutron.wsgi [None req-ed372e9d-2b73-4d9e-8a44-440afa9fd99e 3fdd9e435d7d4ab6b940c147c506d758 2d490f8373884316a0e9d8ccb2443651 - - - -] 10.0.0.81 "PUT /v2.0/routers/6470661a-1794-4034-b0cb-15bef3a145f8/tags HTTP/1.1" status: 200 len: 212 time: 0.1002057
2026-07-08 16:40:51.731 10 INFO neutron.wsgi [None req-66c3aca4-8f7f-428f-872d-44a111714297 a643121fb17745c09f5fc4f2bd615419 a03dad9363a74da8b06f8de7eda5b0dc - - - -] 10.0.0.81 "DELETE /v2.0/networks/d458363f-8284-4b73-98c7-5c8a48302db1 HTTP/1.1" status: 204 len: 168 time: 0.9142470
2026-07-08 16:40:51.750 9 INFO neutron.wsgi [None req-3c621f6f-1bb4-4fa9-b398-f1c4cb5d1e74 3fdd9e435d7d4ab6b940c147c506d758 2d490f8373884316a0e9d8ccb2443651 - - default default] 10.0.0.81 "GET /v2.0/routers?tags=red HTTP/1.1" status: 200 len: 1601 time: 0.0933735
2026-07-08 16:40:51.775 9 INFO neutron.db.ovn_revision_numbers_db [None req-66e1e923-2d0a-43ab-8952-e0f28ce7623f 9cd5ec997f39428da6809704e177ebba 0209aba3cb54462dad77a8ef62be4cb9 - - default default] Successfully bumped revision number for resource f1f099d9-7d13-46d0-9969-c2e4cbad7e6f (type: ports) to 1
2026-07-08 16:40:51.840 10 INFO neutron.db.ovn_revision_numbers_db [None req-95bdc3c1-47cb-471b-9bba-1c584b11c933 - - - - - -] Successfully bumped revision number for resource f596a19a-7842-45aa-9550-d647b2752313 (type: ports) to 1
2026-07-08 16:40:51.866 10 INFO neutron.wsgi [None req-68b6311d-3116-495b-b7a8-7327c483cd59 3fdd9e435d7d4ab6b940c147c506d758 2d490f8373884316a0e9d8ccb2443651 - - default default] 10.0.0.81 "GET /v2.0/routers?tags=red%2Cblue HTTP/1.1" status: 200 len: 1144 time: 0.1061678
2026-07-08 16:40:51.979 10 INFO neutron.wsgi [None req-f07404de-7700-4baa-8b45-53b7ccc03e9f 3fdd9e435d7d4ab6b940c147c506d758 2d490f8373884316a0e9d8ccb2443651 - - default default] 10.0.0.81 "GET /v2.0/routers?tags-any=blue HTTP/1.1" status: 200 len: 1144 time: 0.1046093
2026-07-08 16:40:52.430 9 INFO neutron.wsgi [None req-64b35450-3bf1-401c-888e-ee3e0e330852 3fdd9e435d7d4ab6b940c147c506d758 2d490f8373884316a0e9d8ccb2443651 - - default default] 10.0.0.81 "GET /v2.0/routers?tags-any=red%2Cblue HTTP/1.1" status: 200 len: 1601 time: 0.4444141
2026-07-08 16:40:52.544 9 INFO neutron.wsgi [None req-3269b073-18a5-43ac-90ac-a377d18acaec 3fdd9e435d7d4ab6b940c147c506d758 2d490f8373884316a0e9d8ccb2443651 - - default default] 10.0.0.81 "GET /v2.0/routers?not-tags=red HTTP/1.1" status: 200 len: 1116 time: 0.1079564
2026-07-08 16:40:52.659 10 INFO neutron.db.ovn_revision_numbers_db [None req-95bdc3c1-47cb-471b-9bba-1c584b11c933 - - - - - -] Successfully bumped revision number for resource f596a19a-7842-45aa-9550-d647b2752313 (type: router_ports) to 3
2026-07-08 16:40:52.659 9 INFO neutron.wsgi [None req-b5340056-729d-4634-9397-43f0cf3173ab 3fdd9e435d7d4ab6b940c147c506d758 2d490f8373884316a0e9d8ccb2443651 - - default default] 10.0.0.81 "GET /v2.0/routers?not-tags=red%2Cblue HTTP/1.1" status: 200 len: 1573 time: 0.1080971
2026-07-08 16:40:52.729 10 INFO neutron.wsgi [None req-dc691850-9000-4ff8-8637-d2b3a96004fd a643121fb17745c09f5fc4f2bd615419 a03dad9363a74da8b06f8de7eda5b0dc - - - -] 10.0.0.81 "DELETE /v2.0/networks/bb5f3a91-2552-4401-b338-4a8a0c3ae084 HTTP/1.1" status: 204 len: 168 time: 0.9914954
2026-07-08 16:40:52.759 9 INFO neutron.wsgi [None req-f1baa501-4dfd-4119-8269-77636a4fa76c 3fdd9e435d7d4ab6b940c147c506d758 2d490f8373884316a0e9d8ccb2443651 - - default default] 10.0.0.81 "GET /v2.0/routers?not-tags-any=blue HTTP/1.1" status: 200 len: 1573 time: 0.0920348
2026-07-08 16:40:52.773 10 INFO neutron.services.segments.plugin [-] Segment 56785c9a-afc3-492b-bffe-0f252cd448f3 resource provider aggregate not found
2026-07-08 16:40:52.802 10 INFO neutron.services.segments.plugin [-] Segment 56785c9a-afc3-492b-bffe-0f252cd448f3 resource provider not found; error: Placement Client Error (4xx): {"errors": [{"status": 404, "title": "Not Found", "detail": "The resource could not be found.\n\n No resource provider with uuid 56785c9a-afc3-492b-bffe-0f252cd448f3 found for delete ", "request_id": "req-c1350275-42cc-4c05-ba70-4f6bb4a9a964"}]}
2026-07-08 16:40:52.809 10 INFO neutron.services.segments.plugin [-] Segment 56785c9a-afc3-492b-bffe-0f252cd448f3 resource provider aggregate not found
2026-07-08 16:40:52.838 10 INFO neutron.services.segments.plugin [-] Segment 56785c9a-afc3-492b-bffe-0f252cd448f3 resource provider not found; error: Placement Client Error (4xx): {"errors": [{"status": 404, "title": "Not Found", "detail": "The resource could not be found.\n\n No resource provider with uuid 56785c9a-afc3-492b-bffe-0f252cd448f3 found for delete ", "request_id": "req-b38f9dd7-5d79-41f8-9574-4faef3be7d3c"}]}
