2026-07-08 16:38:54.457 10 INFO neutron.services.segments.plugin [-] Segment 1daf080b-4981-4ad4-89a0-71f310a2cd4c resource provider not found; error: Placement Client Error (4xx): {"errors": [{"status": 404, "title": "Not Found", "detail": "The resource could not be found.\n\n No resource provider with uuid 1daf080b-4981-4ad4-89a0-71f310a2cd4c found for delete ", "request_id": "req-09d58bcf-557c-4089-9c5b-a2bbb5c8c186"}]}
2026-07-08 16:38:54.463 10 INFO neutron.services.segments.plugin [-] Segment 1daf080b-4981-4ad4-89a0-71f310a2cd4c resource provider aggregate not found
2026-07-08 16:38:54.471 10 INFO neutron.services.segments.plugin [-] Segment 8e6b5101-077a-4ca0-a319-80c6d613ef00 resource provider aggregate not found
2026-07-08 16:38:54.471 9 WARNING neutron.scheduler.dhcp_agent_scheduler [None req-a8c5b0a4-318d-478c-8030-dc715d360e4a a2344dcdbba54d91aa5b7fea89746b0a 43d05604a8f34f1597c38aee5b2606dc - - default default] No more DHCP agents
2026-07-08 16:38:54.474 9 WARNING neutron.api.rpc.agentnotifiers.dhcp_rpc_agent_api [None req-a8c5b0a4-318d-478c-8030-dc715d360e4a a2344dcdbba54d91aa5b7fea89746b0a 43d05604a8f34f1597c38aee5b2606dc - - default default] Unable to schedule network f5cc4d10-088f-4466-a827-ef0e5ff89427: no agents available; will retry on subsequent port and subnet creation events.
2026-07-08 16:38:54.478 10 INFO neutron.services.segments.plugin [-] Segment 1daf080b-4981-4ad4-89a0-71f310a2cd4c resource provider not found; error: Placement Client Error (4xx): {"errors": [{"status": 404, "title": "Not Found", "detail": "The resource could not be found.\n\n No resource provider with uuid 1daf080b-4981-4ad4-89a0-71f310a2cd4c found for delete ", "request_id": "req-440cf105-c7f5-4201-9a6a-6305443adbd4"}]}
2026-07-08 16:38:54.486 10 INFO neutron.services.segments.plugin [-] Segment 8e6b5101-077a-4ca0-a319-80c6d613ef00 resource provider not found; error: Placement Client Error (4xx): {"errors": [{"status": 404, "title": "Not Found", "detail": "The resource could not be found.\n\n No resource provider with uuid 8e6b5101-077a-4ca0-a319-80c6d613ef00 found for delete ", "request_id": "req-571c866f-a422-4399-baaf-a59c5d4229fb"}]}
2026-07-08 16:38:54.493 10 INFO neutron.services.segments.plugin [-] Segment 8e6b5101-077a-4ca0-a319-80c6d613ef00 resource provider aggregate not found
2026-07-08 16:38:54.510 10 INFO neutron.services.segments.plugin [-] Segment 8e6b5101-077a-4ca0-a319-80c6d613ef00 resource provider not found; error: Placement Client Error (4xx): {"errors": [{"status": 404, "title": "Not Found", "detail": "The resource could not be found.\n\n No resource provider with uuid 8e6b5101-077a-4ca0-a319-80c6d613ef00 found for delete ", "request_id": "req-5e72f4e3-0974-4fa1-b748-40be939af02c"}]}
2026-07-08 16:38:54.670 9 INFO neutron.db.ovn_revision_numbers_db [None req-a8c5b0a4-318d-478c-8030-dc715d360e4a a2344dcdbba54d91aa5b7fea89746b0a 43d05604a8f34f1597c38aee5b2606dc - - - -] Successfully bumped revision number for resource 8dbcff2f-3dae-4630-b961-8a055c57b09b (type: router_ports) to 4
2026-07-08 16:38:54.673 9 INFO neutron.wsgi [None req-a8c5b0a4-318d-478c-8030-dc715d360e4a a2344dcdbba54d91aa5b7fea89746b0a 43d05604a8f34f1597c38aee5b2606dc - - - -] 10.0.0.81 "PUT /v2.0/routers/02a640ed-0af9-434c-b66b-a8fa2fec1c59/add_router_interface HTTP/1.1" status: 200 len: 503 time: 1.7462916 /var/lib/openstack/lib/python3.10/site-packages/pycadf/identifier.py:71: UserWarning: Invalid uuid: neutron. To ensure interoperability, identifiers should be a valid uuid. warnings.warn(('Invalid uuid: %s. To ensure interoperability, '
2026-07-08 16:38:54.724 9 INFO neutron.wsgi [None req-2c42b23d-432d-4b85-a5f4-9362f159f566 a2344dcdbba54d91aa5b7fea89746b0a 43d05604a8f34f1597c38aee5b2606dc - - default default] 10.0.0.81 "GET /v2.0/ports/8dbcff2f-3dae-4630-b961-8a055c57b09b HTTP/1.1" status: 200 len: 1215 time: 0.0457141
2026-07-08 16:38:55.446 9 INFO neutron.wsgi [None req-a21e0c75-c4ab-474b-9141-b3ccd6efe86d a2344dcdbba54d91aa5b7fea89746b0a 43d05604a8f34f1597c38aee5b2606dc - - - -] 10.0.0.81 "PUT /v2.0/routers/02a640ed-0af9-434c-b66b-a8fa2fec1c59/remove_router_interface HTTP/1.1" status: 200 len: 503 time: 0.7160637 /var/lib/openstack/lib/python3.10/site-packages/pycadf/identifier.py:71: UserWarning: Invalid uuid: neutron. To ensure interoperability, identifiers should be a valid uuid. warnings.warn(('Invalid uuid: %s. To ensure interoperability, '
2026-07-08 16:38:55.531 10 INFO neutron.db.ovn_revision_numbers_db [None req-4fee193f-7bef-4e17-98ef-5137532b4d5f eabe87ebc4cf487ca8c0ef6587411de0 360d84aff4f64002b20c8c638c3e227f - - - -] Successfully bumped revision number for resource b8714f0f-2821-4027-90cc-d730c863ba75 (type: security_groups) to 1
2026-07-08 16:38:55.537 9 INFO neutron.api.v2.resource [None req-8fca2ae7-4fd0-48ed-8fe2-3bdac233d4dd a2344dcdbba54d91aa5b7fea89746b0a 43d05604a8f34f1597c38aee5b2606dc - - default default] remove_router_interface failed (client error): The resource could not be found.
2026-07-08 16:38:55.538 9 INFO neutron.wsgi [None req-8fca2ae7-4fd0-48ed-8fe2-3bdac233d4dd a2344dcdbba54d91aa5b7fea89746b0a 43d05604a8f34f1597c38aee5b2606dc - - default default] 10.0.0.81 "PUT /v2.0/routers/02a640ed-0af9-434c-b66b-a8fa2fec1c59/remove_router_interface HTTP/1.1" status: 404 len: 398 time: 0.0863500
2026-07-08 16:38:55.567 9 INFO neutron.wsgi [None req-c5039448-a119-435b-af0a-5c4ab9e992f2 a2344dcdbba54d91aa5b7fea89746b0a 43d05604a8f34f1597c38aee5b2606dc - - default default] 10.0.0.81 "GET /v2.0/ports?device_id=02a640ed-0af9-434c-b66b-a8fa2fec1c59 HTTP/1.1" status: 200 len: 205 time: 0.0240667
2026-07-08 16:38:55.592 10 INFO neutron.db.segments_db [None req-4fee193f-7bef-4e17-98ef-5137532b4d5f eabe87ebc4cf487ca8c0ef6587411de0 360d84aff4f64002b20c8c638c3e227f - - - -] Added segment 16154b6e-e535-405d-b689-03468b817595 of type geneve for network 4b026db1-62f0-430b-bb0b-c7abf0039ddf
2026-07-08 16:38:55.727 10 INFO neutron.db.segments_db [None req-4fee193f-7bef-4e17-98ef-5137532b4d5f eabe87ebc4cf487ca8c0ef6587411de0 360d84aff4f64002b20c8c638c3e227f - - - -] Added segment 53e63823-7779-4539-879a-2d1037ff015f of type geneve for network e558414c-a32b-4629-a238-45c049b56c22
2026-07-08 16:38:55.815 9 INFO neutron.wsgi [None req-db1a4116-cb31-4a1b-a063-c25843baa50b a2344dcdbba54d91aa5b7fea89746b0a 43d05604a8f34f1597c38aee5b2606dc - - - -] 10.0.0.81 "DELETE /v2.0/routers/02a640ed-0af9-434c-b66b-a8fa2fec1c59 HTTP/1.1" status: 204 len: 168 time: 0.2423670
2026-07-08 16:38:55.863 10 INFO neutron.db.ovn_revision_numbers_db [None req-4fee193f-7bef-4e17-98ef-5137532b4d5f eabe87ebc4cf487ca8c0ef6587411de0 360d84aff4f64002b20c8c638c3e227f - - - -] Successfully bumped revision number for resource 4b026db1-62f0-430b-bb0b-c7abf0039ddf (type: networks) to 1
2026-07-08 16:38:56.030 9 INFO neutron.wsgi [None req-57ef4fe7-bb86-465e-878c-623b60c407bf a2344dcdbba54d91aa5b7fea89746b0a 43d05604a8f34f1597c38aee5b2606dc - - - -] 10.0.0.81 "DELETE /v2.0/subnets/a9242334-d948-4a24-a76f-160bdd5b160d HTTP/1.1" status: 204 len: 168 time: 0.2098355
2026-07-08 16:38:56.081 10 WARNING neutron.scheduler.dhcp_agent_scheduler [None req-4fee193f-7bef-4e17-98ef-5137532b4d5f eabe87ebc4cf487ca8c0ef6587411de0 360d84aff4f64002b20c8c638c3e227f - - - -] No more DHCP agents
2026-07-08 16:38:56.085 10 WARNING neutron.api.rpc.agentnotifiers.dhcp_rpc_agent_api [None req-4fee193f-7bef-4e17-98ef-5137532b4d5f eabe87ebc4cf487ca8c0ef6587411de0 360d84aff4f64002b20c8c638c3e227f - - - -] Unable to schedule network 4b026db1-62f0-430b-bb0b-c7abf0039ddf: no agents available; will retry on subsequent port and subnet creation events.
2026-07-08 16:38:56.158 10 INFO neutron.db.ovn_revision_numbers_db [None req-1dcdcdac-fb7d-48bf-88fa-6428c9b4eff7 9cd5ec997f39428da6809704e177ebba 0209aba3cb54462dad77a8ef62be4cb9 - - default default] Successfully bumped revision number for resource 4587539f-dd52-4494-ad61-4a182ec8679c (type: security_groups) to 1
2026-07-08 16:38:56.161 10 INFO neutron.db.ovn_revision_numbers_db [None req-4fee193f-7bef-4e17-98ef-5137532b4d5f eabe87ebc4cf487ca8c0ef6587411de0 360d84aff4f64002b20c8c638c3e227f - - - -] Successfully bumped revision number for resource 219a4aa7-f6a0-4ac2-a3da-ed71da71ee1a (type: ports) to 1
2026-07-08 16:38:56.182 10 INFO neutron.wsgi [None req-1dcdcdac-fb7d-48bf-88fa-6428c9b4eff7 9cd5ec997f39428da6809704e177ebba 0209aba3cb54462dad77a8ef62be4cb9 - - default default] 10.0.0.81 "GET /v2.0/security-groups?tenant_id=8449a7727878435e9498ea67c63f2f92&name=default HTTP/1.1" status: 200 len: 2996 time: 0.2768183
2026-07-08 16:38:56.226 10 INFO neutron.db.ovn_revision_numbers_db [None req-4fee193f-7bef-4e17-98ef-5137532b4d5f eabe87ebc4cf487ca8c0ef6587411de0 360d84aff4f64002b20c8c638c3e227f - - - -] Successfully bumped revision number for resource e558414c-a32b-4629-a238-45c049b56c22 (type: networks) to 1
2026-07-08 16:38:56.430 10 WARNING neutron.scheduler.dhcp_agent_scheduler [None req-4fee193f-7bef-4e17-98ef-5137532b4d5f eabe87ebc4cf487ca8c0ef6587411de0 360d84aff4f64002b20c8c638c3e227f - - - -] No more DHCP agents
2026-07-08 16:38:56.433 10 WARNING neutron.api.rpc.agentnotifiers.dhcp_rpc_agent_api [None req-4fee193f-7bef-4e17-98ef-5137532b4d5f eabe87ebc4cf487ca8c0ef6587411de0 360d84aff4f64002b20c8c638c3e227f - - - -] Unable to schedule network e558414c-a32b-4629-a238-45c049b56c22: no agents available; will retry on subsequent port and subnet creation events.
2026-07-08 16:38:56.484 9 INFO neutron.services.segments.plugin [-] Segment 62165fce-83f9-461a-98df-ab4a695319e8 resource provider aggregate not found
2026-07-08 16:38:56.488 9 INFO neutron.services.segments.plugin [-] Segment 62165fce-83f9-461a-98df-ab4a695319e8 resource provider aggregate not found
2026-07-08 16:38:56.516 9 INFO neutron.services.segments.plugin [-] Segment 62165fce-83f9-461a-98df-ab4a695319e8 resource provider not found; error: Placement Client Error (4xx): {"errors": [{"status": 404, "title": "Not Found", "detail": "The resource could not be found.\n\n No resource provider with uuid 62165fce-83f9-461a-98df-ab4a695319e8 found for delete ", "request_id": "req-5451a5fa-7e59-450e-81c9-cc64511afc37"}]}
2026-07-08 16:38:56.517 9 INFO neutron.services.segments.plugin [-] Segment 62165fce-83f9-461a-98df-ab4a695319e8 resource provider not found; error: Placement Client Error (4xx): {"errors": [{"status": 404, "title": "Not Found", "detail": "The resource could not be found.\n\n No resource provider with uuid 62165fce-83f9-461a-98df-ab4a695319e8 found for delete ", "request_id": "req-5f20b32a-b88f-4aa4-8c0d-e906c6abc706"}]}
2026-07-08 16:38:56.521 9 INFO neutron.wsgi [None req-32c98429-bde0-4317-9873-d53d780c2078 9cd5ec997f39428da6809704e177ebba 0209aba3cb54462dad77a8ef62be4cb9 - - - -] 10.0.0.81 "DELETE /v2.0/security-groups/4587539f-dd52-4494-ad61-4a182ec8679c HTTP/1.1" status: 204 len: 168 time: 0.3324051
2026-07-08 16:38:56.523 10 INFO neutron.db.ovn_revision_numbers_db [None req-4fee193f-7bef-4e17-98ef-5137532b4d5f eabe87ebc4cf487ca8c0ef6587411de0 360d84aff4f64002b20c8c638c3e227f - - - -] Successfully bumped revision number for resource 97df701a-239a-4dde-a8b3-8325484da0a1 (type: ports) to 1
2026-07-08 16:38:56.545 9 INFO neutron.wsgi [None req-04190119-fe5d-44f7-91df-e6b19eceda8b a2344dcdbba54d91aa5b7fea89746b0a 43d05604a8f34f1597c38aee5b2606dc - - - -] 10.0.0.81 "DELETE /v2.0/networks/f5cc4d10-088f-4466-a827-ef0e5ff89427 HTTP/1.1" status: 204 len: 168 time: 0.5117674
2026-07-08 16:38:56.563 10 INFO neutron.wsgi [None req-4fee193f-7bef-4e17-98ef-5137532b4d5f eabe87ebc4cf487ca8c0ef6587411de0 360d84aff4f64002b20c8c638c3e227f - - - -] 10.0.0.81 "POST /v2.0/networks HTTP/1.1" status: 201 len: 1443 time: 1.2703750
2026-07-08 16:38:56.633 10 INFO neutron.wsgi [None req-4b654db3-d169-4fe1-ad4f-a468e96e108e eabe87ebc4cf487ca8c0ef6587411de0 360d84aff4f64002b20c8c638c3e227f - - default default] 10.0.0.81 "GET /v2.0/networks HTTP/1.1" status: 200 len: 2049 time: 0.0663128
2026-07-08 16:38:56.643 9 INFO neutron.db.segments_db [None req-f055eadf-6ed1-4564-b4b1-1a406b8c9d75 a2344dcdbba54d91aa5b7fea89746b0a 43d05604a8f34f1597c38aee5b2606dc - - - -] Added segment 70c22f46-9d4b-41f8-8c03-f79e1c4ae664 of type geneve for network dbb14a87-f158-443d-9c0f-41ac322a27f2
2026-07-08 16:38:56.766 9 INFO neutron.db.ovn_revision_numbers_db [None req-f055eadf-6ed1-4564-b4b1-1a406b8c9d75 a2344dcdbba54d91aa5b7fea89746b0a 43d05604a8f34f1597c38aee5b2606dc - - - -] Successfully bumped revision number for resource dbb14a87-f158-443d-9c0f-41ac322a27f2 (type: networks) to 1
2026-07-08 16:38:56.960 9 WARNING neutron.scheduler.dhcp_agent_scheduler [None req-f055eadf-6ed1-4564-b4b1-1a406b8c9d75 a2344dcdbba54d91aa5b7fea89746b0a 43d05604a8f34f1597c38aee5b2606dc - - - -] No more DHCP agents
2026-07-08 16:38:56.961 9 WARNING neutron.api.rpc.agentnotifiers.dhcp_rpc_agent_api [None req-f055eadf-6ed1-4564-b4b1-1a406b8c9d75 a2344dcdbba54d91aa5b7fea89746b0a 43d05604a8f34f1597c38aee5b2606dc - - - -] Unable to schedule network dbb14a87-f158-443d-9c0f-41ac322a27f2: no agents available; will retry on subsequent port and subnet creation events.
2026-07-08 16:38:56.994 10 INFO neutron.services.segments.plugin [-] Segment 16154b6e-e535-405d-b689-03468b817595 resource provider aggregate not found
2026-07-08 16:38:56.999 10 INFO neutron.services.segments.plugin [-] Segment 16154b6e-e535-405d-b689-03468b817595 resource provider aggregate not found
2026-07-08 16:38:57.021 10 INFO neutron.services.segments.plugin [-] Segment 16154b6e-e535-405d-b689-03468b817595 resource provider not found; error: Placement Client Error (4xx): {"errors": [{"status": 404, "title": "Not Found", "detail": "The resource could not be found.\n\n No resource provider with uuid 16154b6e-e535-405d-b689-03468b817595 found for delete ", "request_id": "req-0d1c0bad-263a-4d93-bbaf-10e40243e794"}]}
2026-07-08 16:38:57.022 10 INFO neutron.services.segments.plugin [-] Segment 16154b6e-e535-405d-b689-03468b817595 resource provider not found; error: Placement Client Error (4xx): {"errors": [{"status": 404, "title": "Not Found", "detail": "The resource could not be found.\n\n No resource provider with uuid 16154b6e-e535-405d-b689-03468b817595 found for delete ", "request_id": "req-4dea3c18-d25c-484b-a2e3-ae09091b7166"}]}
2026-07-08 16:38:57.044 9 INFO neutron.wsgi [req-8af7e312-e347-4655-9e71-95455921cdde req-277a4e73-679f-4cc2-b348-1dcb6b722756 cb8f84f163474bbbaca19db2896a6562 dc7db9b88898430286696a4f2c38d6c1 - - 23621ad2b53d454e96a2cf15f2e7de13 23621ad2b53d454e96a2cf15f2e7de13] 10.0.0.254 "GET /v2.0/ports?device_id=8b686e51-ff39-446c-8eeb-27a93b054e98 HTTP/1.1" status: 200 len: 1365 time: 0.0392690
2026-07-08 16:38:57.051 9 INFO neutron.db.ovn_revision_numbers_db [None req-f055eadf-6ed1-4564-b4b1-1a406b8c9d75 a2344dcdbba54d91aa5b7fea89746b0a 43d05604a8f34f1597c38aee5b2606dc - - - -] Successfully bumped revision number for resource ebc055e8-b9a7-41c6-b653-18380df2b228 (type: ports) to 1
2026-07-08 16:38:57.057 10 INFO neutron.wsgi [None req-20249065-4f37-4335-b450-2c486902031a eabe87ebc4cf487ca8c0ef6587411de0 360d84aff4f64002b20c8c638c3e227f - - - -] 10.0.0.81 "DELETE /v2.0/networks/4b026db1-62f0-430b-bb0b-c7abf0039ddf HTTP/1.1" status: 204 len: 168 time: 0.4192219
2026-07-08 16:38:57.083 9 INFO neutron.wsgi [None req-f055eadf-6ed1-4564-b4b1-1a406b8c9d75 a2344dcdbba54d91aa5b7fea89746b0a 43d05604a8f34f1597c38aee5b2606dc - - - -] 10.0.0.81 "POST /v2.0/networks HTTP/1.1" status: 201 len: 833 time: 0.5343089
2026-07-08 16:38:57.090 9 INFO neutron.wsgi [req-8af7e312-e347-4655-9e71-95455921cdde req-478268ac-b9b8-4358-889c-43af44c5d3d6 cb8f84f163474bbbaca19db2896a6562 dc7db9b88898430286696a4f2c38d6c1 - - 23621ad2b53d454e96a2cf15f2e7de13 23621ad2b53d454e96a2cf15f2e7de13] 10.0.0.254 "GET /v2.0/security-groups?id=acfe9a34-014a-4be3-98dc-3d26a8ec32b3&fields=id&fields=name HTTP/1.1" status: 200 len: 313 time: 0.0371130
2026-07-08 16:38:57.416 10 WARNING neutron.scheduler.dhcp_agent_scheduler [None req-b6b70687-3eb8-45f1-9966-5f86dc3f728a a2344dcdbba54d91aa5b7fea89746b0a 43d05604a8f34f1597c38aee5b2606dc - - - -] No more DHCP agents
2026-07-08 16:38:57.420 10 WARNING neutron.api.rpc.agentnotifiers.dhcp_rpc_agent_api [None req-b6b70687-3eb8-45f1-9966-5f86dc3f728a a2344dcdbba54d91aa5b7fea89746b0a 43d05604a8f34f1597c38aee5b2606dc - - - -] Unable to schedule network dbb14a87-f158-443d-9c0f-41ac322a27f2: no agents available; will retry on subsequent port and subnet creation events.
2026-07-08 16:38:57.449 10 INFO neutron.db.ovn_revision_numbers_db [None req-b6b70687-3eb8-45f1-9966-5f86dc3f728a a2344dcdbba54d91aa5b7fea89746b0a 43d05604a8f34f1597c38aee5b2606dc - - - -] Successfully bumped revision number for resource 3bbcfc9e-456f-4ef8-a761-7212d05faaee (type: subnets) to 0
2026-07-08 16:38:57.467 10 INFO neutron.wsgi [None req-b6b70687-3eb8-45f1-9966-5f86dc3f728a a2344dcdbba54d91aa5b7fea89746b0a 43d05604a8f34f1597c38aee5b2606dc - - - -] 10.0.0.81 "POST /v2.0/subnets HTTP/1.1" status: 201 len: 821 time: 0.3796003
2026-07-08 16:38:57.543 10 INFO neutron.wsgi [None req-7d2cd2df-6d20-463a-b7e2-6d6f767a8ffe eabe87ebc4cf487ca8c0ef6587411de0 360d84aff4f64002b20c8c638c3e227f - - - -] 10.0.0.81 "DELETE /v2.0/networks/e558414c-a32b-4629-a238-45c049b56c22 HTTP/1.1" status: 204 len: 168 time: 0.4778867
2026-07-08 16:38:57.980 9 INFO neutron.wsgi [None req-770177ec-fd60-4367-9826-9f7117cc431e eabe87ebc4cf487ca8c0ef6587411de0 360d84aff4f64002b20c8c638c3e227f - - default default] 10.0.0.81 "GET /v2.0/networks HTTP/1.1" status: 200 len: 845 time: 0.4328423
2026-07-08 16:38:57.997 9 INFO neutron.db.ovn_revision_numbers_db [None req-f89c166f-ffb4-48a1-9c66-58ae0ef71828 a2344dcdbba54d91aa5b7fea89746b0a 43d05604a8f34f1597c38aee5b2606dc - - - -] Successfully bumped revision number for resource 8de31d01-b3c6-46ab-b76c-f75df365680b (type: routers) to 1
2026-07-08 16:38:58.016 9 INFO neutron.wsgi [None req-f89c166f-ffb4-48a1-9c66-58ae0ef71828 a2344dcdbba54d91aa5b7fea89746b0a 43d05604a8f34f1597c38aee5b2606dc - - - -] 10.0.0.81 "POST /v2.0/routers HTTP/1.1" status: 201 len: 691 time: 0.5420716
2026-07-08 16:38:58.081 9 INFO neutron.db.segments_db [None req-8fd9ab9d-5607-49d1-8ab6-9b3c8d3d5822 eabe87ebc4cf487ca8c0ef6587411de0 360d84aff4f64002b20c8c638c3e227f - - - -] Added segment c832e315-1fe5-4741-99ca-4ad2945534a9 of type geneve for network c434ea9b-021e-4a75-a2a7-7ac5836f77b1
2026-07-08 16:38:58.233 9 INFO neutron.db.ovn_revision_numbers_db [None req-8fd9ab9d-5607-49d1-8ab6-9b3c8d3d5822 eabe87ebc4cf487ca8c0ef6587411de0 360d84aff4f64002b20c8c638c3e227f - - - -] Successfully bumped revision number for resource c434ea9b-021e-4a75-a2a7-7ac5836f77b1 (type: networks) to 1
2026-07-08 16:38:58.447 9 WARNING neutron.scheduler.dhcp_agent_scheduler [None req-8fd9ab9d-5607-49d1-8ab6-9b3c8d3d5822 eabe87ebc4cf487ca8c0ef6587411de0 360d84aff4f64002b20c8c638c3e227f - - - -] No more DHCP agents
2026-07-08 16:38:58.449 9 WARNING neutron.api.rpc.agentnotifiers.dhcp_rpc_agent_api [None req-8fd9ab9d-5607-49d1-8ab6-9b3c8d3d5822 eabe87ebc4cf487ca8c0ef6587411de0 360d84aff4f64002b20c8c638c3e227f - - - -] Unable to schedule network c434ea9b-021e-4a75-a2a7-7ac5836f77b1: no agents available; will retry on subsequent port and subnet creation events.
2026-07-08 16:38:58.515 9 INFO neutron.db.ovn_revision_numbers_db [None req-8fd9ab9d-5607-49d1-8ab6-9b3c8d3d5822 eabe87ebc4cf487ca8c0ef6587411de0 360d84aff4f64002b20c8c638c3e227f - - - -] Successfully bumped revision number for resource 4c40bdd2-cdab-4d03-891d-5320dd624d9e (type: ports) to 1
2026-07-08 16:38:58.538 9 INFO neutron.wsgi [None req-8fd9ab9d-5607-49d1-8ab6-9b3c8d3d5822 eabe87ebc4cf487ca8c0ef6587411de0 360d84aff4f64002b20c8c638c3e227f - - - -] 10.0.0.81 "POST /v2.0/networks HTTP/1.1" status: 201 len: 849 time: 0.5485530
2026-07-08 16:38:58.623 9 INFO neutron.db.segments_db [None req-ebfd6dae-2e2f-4f11-9559-497c57b0a3cc eabe87ebc4cf487ca8c0ef6587411de0 360d84aff4f64002b20c8c638c3e227f - - - -] Added segment 60d4b1b1-841f-4c88-99bb-18fcc99fa2ba of type geneve for network 20ca7da8-1221-4265-9486-63d20263629c
2026-07-08 16:38:58.699 10 WARNING neutron.scheduler.dhcp_agent_scheduler [None req-c94d6c68-9589-48df-93f7-d1114350f12f a2344dcdbba54d91aa5b7fea89746b0a 43d05604a8f34f1597c38aee5b2606dc - - default default] No more DHCP agents
2026-07-08 16:38:58.702 10 WARNING neutron.api.rpc.agentnotifiers.dhcp_rpc_agent_api [None req-c94d6c68-9589-48df-93f7-d1114350f12f a2344dcdbba54d91aa5b7fea89746b0a 43d05604a8f34f1597c38aee5b2606dc - - default default] Unable to schedule network dbb14a87-f158-443d-9c0f-41ac322a27f2: no agents available; will retry on subsequent port and subnet creation events.
2026-07-08 16:38:58.777 9 INFO neutron.db.ovn_revision_numbers_db [None req-ebfd6dae-2e2f-4f11-9559-497c57b0a3cc eabe87ebc4cf487ca8c0ef6587411de0 360d84aff4f64002b20c8c638c3e227f - - - -] Successfully bumped revision number for resource 20ca7da8-1221-4265-9486-63d20263629c (type: networks) to 1
2026-07-08 16:38:58.789 10 INFO neutron.db.ovn_revision_numbers_db [None req-c94d6c68-9589-48df-93f7-d1114350f12f a2344dcdbba54d91aa5b7fea89746b0a 43d05604a8f34f1597c38aee5b2606dc - - default default] Successfully bumped revision number for resource 1472c65a-ec14-46e5-9117-3cd053378992 (type: ports) to 1
2026-07-08 16:38:58.803 9 WARNING neutron.plugins.ml2.drivers.ovn.mech_driver.ovsdb.ovn_client [None req-0ea90c41-27ca-4959-b11b-19d1de53a0c7 - - - - - -] No port found with ID 8dbcff2f-3dae-4630-b961-8a055c57b09b: RuntimeError: No port found with ID 8dbcff2f-3dae-4630-b961-8a055c57b09b
2026-07-08 16:38:59.025 9 WARNING neutron.scheduler.dhcp_agent_scheduler [None req-ebfd6dae-2e2f-4f11-9559-497c57b0a3cc eabe87ebc4cf487ca8c0ef6587411de0 360d84aff4f64002b20c8c638c3e227f - - - -] No more DHCP agents
2026-07-08 16:38:59.029 9 WARNING neutron.api.rpc.agentnotifiers.dhcp_rpc_agent_api [None req-ebfd6dae-2e2f-4f11-9559-497c57b0a3cc eabe87ebc4cf487ca8c0ef6587411de0 360d84aff4f64002b20c8c638c3e227f - - - -] Unable to schedule network 20ca7da8-1221-4265-9486-63d20263629c: no agents available; will retry on subsequent port and subnet creation events.
2026-07-08 16:38:59.052 10 INFO neutron.services.segments.plugin [-] Segment 53e63823-7779-4539-879a-2d1037ff015f resource provider aggregate not found
2026-07-08 16:38:59.057 10 INFO neutron.services.segments.plugin [-] Segment 53e63823-7779-4539-879a-2d1037ff015f resource provider aggregate not found
2026-07-08 16:38:59.076 10 INFO neutron.services.segments.plugin [-] Segment 53e63823-7779-4539-879a-2d1037ff015f resource provider not found; error: Placement Client Error (4xx): {"errors": [{"status": 404, "title": "Not Found", "detail": "The resource could not be found.\n\n No resource provider with uuid 53e63823-7779-4539-879a-2d1037ff015f found for delete ", "request_id": "req-c1971a09-e2bb-4b37-a6e9-8ca0310e7cfe"}]}
2026-07-08 16:38:59.077 10 INFO neutron.services.segments.plugin [-] Segment 53e63823-7779-4539-879a-2d1037ff015f resource provider not found; error: Placement Client Error (4xx): {"errors": [{"status": 404, "title": "Not Found", "detail": "The resource could not be found.\n\n No resource provider with uuid 53e63823-7779-4539-879a-2d1037ff015f found for delete ", "request_id": "req-c4295e41-7745-4827-929f-e4b07fcc5ef6"}]}
2026-07-08 16:38:59.104 9 INFO neutron.db.ovn_revision_numbers_db [None req-ebfd6dae-2e2f-4f11-9559-497c57b0a3cc eabe87ebc4cf487ca8c0ef6587411de0 360d84aff4f64002b20c8c638c3e227f - - - -] Successfully bumped revision number for resource b9447737-29e9-41cb-b905-caa7775c7d51 (type: ports) to 1
2026-07-08 16:38:59.129 9 INFO neutron.wsgi [None req-ebfd6dae-2e2f-4f11-9559-497c57b0a3cc eabe87ebc4cf487ca8c0ef6587411de0 360d84aff4f64002b20c8c638c3e227f - - - -] 10.0.0.81 "POST /v2.0/networks HTTP/1.1" status: 201 len: 849 time: 0.5840561
2026-07-08 16:38:59.221 10 INFO neutron.plugins.ml2.drivers.ovn.mech_driver.mech_driver [None req-ea1f4eae-111f-47cb-8abc-10c4d7819cea - - - - - -] OVN reports status up for port: 1472c65a-ec14-46e5-9117-3cd053378992
2026-07-08 16:38:59.228 10 INFO neutron.plugins.ml2.plugin [None req-ea1f4eae-111f-47cb-8abc-10c4d7819cea - - - - - -] Attempt 1 to provision port 1472c65a-ec14-46e5-9117-3cd053378992
2026-07-08 16:38:59.230 10 INFO neutron.db.ovn_revision_numbers_db [None req-c94d6c68-9589-48df-93f7-d1114350f12f a2344dcdbba54d91aa5b7fea89746b0a 43d05604a8f34f1597c38aee5b2606dc - - default default] Successfully bumped revision number for resource 1472c65a-ec14-46e5-9117-3cd053378992 (type: router_ports) to 2
2026-07-08 16:38:59.340 10 INFO neutron.db.ovn_revision_numbers_db [None req-c94d6c68-9589-48df-93f7-d1114350f12f a2344dcdbba54d91aa5b7fea89746b0a 43d05604a8f34f1597c38aee5b2606dc - - default default] Successfully bumped revision number for resource 1472c65a-ec14-46e5-9117-3cd053378992 (type: ports) to 2
2026-07-08 16:38:59.426 10 WARNING neutron.scheduler.dhcp_agent_scheduler [None req-c94d6c68-9589-48df-93f7-d1114350f12f a2344dcdbba54d91aa5b7fea89746b0a 43d05604a8f34f1597c38aee5b2606dc - - default default] No more DHCP agents
2026-07-08 16:38:59.428 10 WARNING neutron.api.rpc.agentnotifiers.dhcp_rpc_agent_api [None req-c94d6c68-9589-48df-93f7-d1114350f12f a2344dcdbba54d91aa5b7fea89746b0a 43d05604a8f34f1597c38aee5b2606dc - - default default] Unable to schedule network dbb14a87-f158-443d-9c0f-41ac322a27f2: no agents available; will retry on subsequent port and subnet creation events.
2026-07-08 16:38:59.535 10 INFO neutron.db.ovn_revision_numbers_db [None req-ea1f4eae-111f-47cb-8abc-10c4d7819cea - - - - - -] Successfully bumped revision number for resource 1472c65a-ec14-46e5-9117-3cd053378992 (type: ports) to 3
2026-07-08 16:38:59.598 9 WARNING neutron.scheduler.dhcp_agent_scheduler [None req-64851dd8-92e1-4959-bb26-885bbdacfc5b eabe87ebc4cf487ca8c0ef6587411de0 360d84aff4f64002b20c8c638c3e227f - - - -] No more DHCP agents
2026-07-08 16:38:59.600 9 WARNING neutron.api.rpc.agentnotifiers.dhcp_rpc_agent_api [None req-64851dd8-92e1-4959-bb26-885bbdacfc5b eabe87ebc4cf487ca8c0ef6587411de0 360d84aff4f64002b20c8c638c3e227f - - - -] Unable to schedule network c434ea9b-021e-4a75-a2a7-7ac5836f77b1: no agents available; will retry on subsequent port and subnet creation events.
2026-07-08 16:38:59.648 10 INFO neutron.db.ovn_revision_numbers_db [None req-c94d6c68-9589-48df-93f7-d1114350f12f a2344dcdbba54d91aa5b7fea89746b0a 43d05604a8f34f1597c38aee5b2606dc - - - -] Successfully bumped revision number for resource 1472c65a-ec14-46e5-9117-3cd053378992 (type: router_ports) to 3
2026-07-08 16:38:59.650 10 INFO neutron.wsgi [None req-c94d6c68-9589-48df-93f7-d1114350f12f a2344dcdbba54d91aa5b7fea89746b0a 43d05604a8f34f1597c38aee5b2606dc - - - -] 10.0.0.81 "PUT /v2.0/routers/8de31d01-b3c6-46ab-b76c-f75df365680b/add_router_interface HTTP/1.1" status: 200 len: 503 time: 1.6292157 /var/lib/openstack/lib/python3.10/site-packages/pycadf/identifier.py:71: UserWarning: Invalid uuid: neutron. To ensure interoperability, identifiers should be a valid uuid. warnings.warn(('Invalid uuid: %s. To ensure interoperability, '
2026-07-08 16:38:59.682 9 INFO neutron.db.ovn_revision_numbers_db [None req-64851dd8-92e1-4959-bb26-885bbdacfc5b eabe87ebc4cf487ca8c0ef6587411de0 360d84aff4f64002b20c8c638c3e227f - - - -] Successfully bumped revision number for resource 88871341-c578-4d41-8cb0-22d1b67347f1 (type: ports) to 1
2026-07-08 16:38:59.731 9 WARNING neutron.scheduler.dhcp_agent_scheduler [None req-64851dd8-92e1-4959-bb26-885bbdacfc5b eabe87ebc4cf487ca8c0ef6587411de0 360d84aff4f64002b20c8c638c3e227f - - - -] No more DHCP agents
2026-07-08 16:38:59.735 9 WARNING neutron.api.rpc.agentnotifiers.dhcp_rpc_agent_api [None req-64851dd8-92e1-4959-bb26-885bbdacfc5b eabe87ebc4cf487ca8c0ef6587411de0 360d84aff4f64002b20c8c638c3e227f - - - -] Unable to schedule network 20ca7da8-1221-4265-9486-63d20263629c: no agents available; will retry on subsequent port and subnet creation events.
2026-07-08 16:38:59.761 9 INFO neutron.wsgi [None req-3eff6649-d3c7-460e-97b6-344d2f891861 a2344dcdbba54d91aa5b7fea89746b0a 43d05604a8f34f1597c38aee5b2606dc - - default default] 10.0.0.81 "GET /v2.0/ports/1472c65a-ec14-46e5-9117-3cd053378992 HTTP/1.1" status: 200 len: 1141 time: 0.1067586
2026-07-08 16:38:59.798 9 INFO neutron.db.ovn_revision_numbers_db [None req-64851dd8-92e1-4959-bb26-885bbdacfc5b eabe87ebc4cf487ca8c0ef6587411de0 360d84aff4f64002b20c8c638c3e227f - - - -] Successfully bumped revision number for resource 313cd7d0-f8f8-431f-98fb-4799097b3cfe (type: ports) to 1
2026-07-08 16:38:59.816 10 INFO neutron.wsgi [None req-6e794cef-0533-48e0-a477-aca7c4e5656c a2344dcdbba54d91aa5b7fea89746b0a 43d05604a8f34f1597c38aee5b2606dc - - default default] 10.0.0.81 "GET /v2.0/ports/1472c65a-ec14-46e5-9117-3cd053378992 HTTP/1.1" status: 200 len: 1141 time: 0.0481253 /var/lib/openstack/lib/python3.10/site-packages/pycadf/identifier.py:71: UserWarning: Invalid uuid: neutron. To ensure interoperability, identifiers should be a valid uuid. warnings.warn(('Invalid uuid: %s. To ensure interoperability, '
2026-07-08 16:38:59.836 9 INFO neutron.wsgi [None req-64851dd8-92e1-4959-bb26-885bbdacfc5b eabe87ebc4cf487ca8c0ef6587411de0 360d84aff4f64002b20c8c638c3e227f - - - -] 10.0.0.81 "POST /v2.0/ports HTTP/1.1" status: 201 len: 1706 time: 0.7018166
2026-07-08 16:39:00.000 10 INFO neutron.wsgi [None req-0bbad277-b915-44af-9bef-1a7a7d2b99c7 eabe87ebc4cf487ca8c0ef6587411de0 360d84aff4f64002b20c8c638c3e227f - - default default] 10.0.0.81 "GET /v2.0/ports HTTP/1.1" status: 200 len: 3213 time: 0.1572084
2026-07-08 16:39:00.258 10 INFO neutron.wsgi [None req-f0926243-1ec2-4fc1-9907-f8a5220fd2d0 eabe87ebc4cf487ca8c0ef6587411de0 360d84aff4f64002b20c8c638c3e227f - - - -] 10.0.0.81 "DELETE /v2.0/ports/88871341-c578-4d41-8cb0-22d1b67347f1 HTTP/1.1" status: 204 len: 168 time: 0.2549849
2026-07-08 16:39:00.474 9 INFO neutron.wsgi [None req-677a7184-f25a-4d50-bef5-85b8e65cbf09 a2344dcdbba54d91aa5b7fea89746b0a 43d05604a8f34f1597c38aee5b2606dc - - - -] 10.0.0.81 "PUT /v2.0/routers/8de31d01-b3c6-46ab-b76c-f75df365680b/remove_router_interface HTTP/1.1" status: 200 len: 503 time: 0.6520362 /var/lib/openstack/lib/python3.10/site-packages/pycadf/identifier.py:71: UserWarning: Invalid uuid: neutron. To ensure interoperability, identifiers should be a valid uuid. warnings.warn(('Invalid uuid: %s. To ensure interoperability, '
2026-07-08 16:39:00.504 9 INFO neutron.wsgi [None req-d14b27dc-7fea-426a-806c-4642e974b47e a2344dcdbba54d91aa5b7fea89746b0a 43d05604a8f34f1597c38aee5b2606dc - - default default] 10.0.0.81 "GET /v2.0/ports?device_id=8de31d01-b3c6-46ab-b76c-f75df365680b HTTP/1.1" status: 200 len: 205 time: 0.0251391
2026-07-08 16:39:00.519 10 INFO neutron.wsgi [None req-c794acb3-4cd7-4bc1-b729-52a0e8173ee9 eabe87ebc4cf487ca8c0ef6587411de0 360d84aff4f64002b20c8c638c3e227f - - - -] 10.0.0.81 "DELETE /v2.0/ports/313cd7d0-f8f8-431f-98fb-4799097b3cfe HTTP/1.1" status: 204 len: 168 time: 0.2554216
2026-07-08 16:39:00.560 10 INFO neutron.wsgi [None req-c395342f-a17a-4340-a330-8e938cb9d905 eabe87ebc4cf487ca8c0ef6587411de0 360d84aff4f64002b20c8c638c3e227f - - default default] 10.0.0.81 "GET /v2.0/ports HTTP/1.1" status: 200 len: 1718 time: 0.0370617
2026-07-08 16:39:00.643 10 INFO neutron.db.segments_db [None req-9e598c00-0439-4596-86a3-f156c3c867b5 eabe87ebc4cf487ca8c0ef6587411de0 360d84aff4f64002b20c8c638c3e227f - - - -] Added segment 8d280da6-1cb5-4f21-bb49-c40a221469c5 of type geneve for network 7eba4059-25dc-4d6d-9c2b-dc67512fb2fe
2026-07-08 16:39:00.746 9 INFO neutron.wsgi [None req-ed2d4b57-2bbe-49c7-aaa3-c0b25bdd43c1 a2344dcdbba54d91aa5b7fea89746b0a 43d05604a8f34f1597c38aee5b2606dc - - - -] 10.0.0.81 "DELETE /v2.0/routers/8de31d01-b3c6-46ab-b76c-f75df365680b HTTP/1.1" status: 204 len: 168 time: 0.2364693
2026-07-08 16:39:00.759 10 INFO neutron.db.ovn_revision_numbers_db [None req-9e598c00-0439-4596-86a3-f156c3c867b5 eabe87ebc4cf487ca8c0ef6587411de0 360d84aff4f64002b20c8c638c3e227f - - - -] Successfully bumped revision number for resource 7eba4059-25dc-4d6d-9c2b-dc67512fb2fe (type: networks) to 1
2026-07-08 16:39:00.974 9 INFO neutron.wsgi [None req-7d875049-9010-4afe-a933-14375ef2f25c a2344dcdbba54d91aa5b7fea89746b0a 43d05604a8f34f1597c38aee5b2606dc - - - -] 10.0.0.81 "DELETE /v2.0/subnets/3bbcfc9e-456f-4ef8-a761-7212d05faaee HTTP/1.1" status: 204 len: 168 time: 0.2233052
2026-07-08 16:39:01.001 10 WARNING neutron.scheduler.dhcp_agent_scheduler [None req-9e598c00-0439-4596-86a3-f156c3c867b5 eabe87ebc4cf487ca8c0ef6587411de0 360d84aff4f64002b20c8c638c3e227f - - - -] No more DHCP agents
2026-07-08 16:39:01.004 10 WARNING neutron.api.rpc.agentnotifiers.dhcp_rpc_agent_api [None req-9e598c00-0439-4596-86a3-f156c3c867b5 eabe87ebc4cf487ca8c0ef6587411de0 360d84aff4f64002b20c8c638c3e227f - - - -] Unable to schedule network 7eba4059-25dc-4d6d-9c2b-dc67512fb2fe: no agents available; will retry on subsequent port and subnet creation events.
2026-07-08 16:39:01.092 10 INFO neutron.db.ovn_revision_numbers_db [None req-9e598c00-0439-4596-86a3-f156c3c867b5 eabe87ebc4cf487ca8c0ef6587411de0 360d84aff4f64002b20c8c638c3e227f - - - -] Successfully bumped revision number for resource 93cc0b0f-fe21-4656-ba7b-a68bd72f3f04 (type: ports) to 1
2026-07-08 16:39:01.115 10 INFO neutron.wsgi [None req-9e598c00-0439-4596-86a3-f156c3c867b5 eabe87ebc4cf487ca8c0ef6587411de0 360d84aff4f64002b20c8c638c3e227f - - - -] 10.0.0.81 "POST /v2.0/networks HTTP/1.1" status: 201 len: 849 time: 0.5482519
2026-07-08 16:39:01.219 10 INFO neutron.db.segments_db [None req-b95a8f76-5d6e-4d02-97b8-9b91e9226907 eabe87ebc4cf487ca8c0ef6587411de0 360d84aff4f64002b20c8c638c3e227f - - - -] Added segment 20f2052e-4a7c-4ac4-9c8b-0372165aaf7e of type geneve for network bfaf1d18-0612-4431-9565-99cbcd1e485c
2026-07-08 16:39:01.363 10 INFO neutron.db.ovn_revision_numbers_db [None req-b95a8f76-5d6e-4d02-97b8-9b91e9226907 eabe87ebc4cf487ca8c0ef6587411de0 360d84aff4f64002b20c8c638c3e227f - - - -] Successfully bumped revision number for resource bfaf1d18-0612-4431-9565-99cbcd1e485c (type: networks) to 1
2026-07-08 16:39:01.387 9 INFO neutron.services.segments.plugin [-] Segment 70c22f46-9d4b-41f8-8c03-f79e1c4ae664 resource provider aggregate not found
2026-07-08 16:39:01.406 9 INFO neutron.services.segments.plugin [-] Segment 70c22f46-9d4b-41f8-8c03-f79e1c4ae664 resource provider aggregate not found
2026-07-08 16:39:01.423 9 INFO neutron.services.segments.plugin [-] Segment 70c22f46-9d4b-41f8-8c03-f79e1c4ae664 resource provider not found; error: Placement Client Error (4xx): {"errors": [{"status": 404, "title": "Not Found", "detail": "The resource could not be found.\n\n No resource provider with uuid 70c22f46-9d4b-41f8-8c03-f79e1c4ae664 found for delete ", "request_id": "req-7fdfe115-ca9d-4d49-849e-6fc75c4d2bd4"}]}
2026-07-08 16:39:01.428 9 INFO neutron.services.segments.plugin [-] Segment 70c22f46-9d4b-41f8-8c03-f79e1c4ae664 resource provider not found; error: Placement Client Error (4xx): {"errors": [{"status": 404, "title": "Not Found", "detail": "The resource could not be found.\n\n No resource provider with uuid 70c22f46-9d4b-41f8-8c03-f79e1c4ae664 found for delete ", "request_id": "req-03636b81-f905-4ba6-976c-d6e5c42bc03f"}]}
2026-07-08 16:39:01.453 9 INFO neutron.wsgi [None req-880390ba-3d7c-489a-b593-598e861a5acf a2344dcdbba54d91aa5b7fea89746b0a 43d05604a8f34f1597c38aee5b2606dc - - - -] 10.0.0.81 "DELETE /v2.0/networks/dbb14a87-f158-443d-9c0f-41ac322a27f2 HTTP/1.1" status: 204 len: 168 time: 0.4724700
2026-07-08 16:39:01.603 10 WARNING neutron.scheduler.dhcp_agent_scheduler [None req-b95a8f76-5d6e-4d02-97b8-9b91e9226907 eabe87ebc4cf487ca8c0ef6587411de0 360d84aff4f64002b20c8c638c3e227f - - - -] No more DHCP agents
2026-07-08 16:39:01.605 10 WARNING neutron.api.rpc.agentnotifiers.dhcp_rpc_agent_api [None req-b95a8f76-5d6e-4d02-97b8-9b91e9226907 eabe87ebc4cf487ca8c0ef6587411de0 360d84aff4f64002b20c8c638c3e227f - - - -] Unable to schedule network bfaf1d18-0612-4431-9565-99cbcd1e485c: no agents available; will retry on subsequent port and subnet creation events.
2026-07-08 16:39:01.695 10 INFO neutron.db.ovn_revision_numbers_db [None req-b95a8f76-5d6e-4d02-97b8-9b91e9226907 eabe87ebc4cf487ca8c0ef6587411de0 360d84aff4f64002b20c8c638c3e227f - - - -] Successfully bumped revision number for resource b4ae7212-88c1-4d7a-b8b8-e76c3dd123d2 (type: ports) to 1
2026-07-08 16:39:01.730 10 INFO neutron.wsgi [None req-b95a8f76-5d6e-4d02-97b8-9b91e9226907 eabe87ebc4cf487ca8c0ef6587411de0 360d84aff4f64002b20c8c638c3e227f - - - -] 10.0.0.81 "POST /v2.0/networks HTTP/1.1" status: 201 len: 849 time: 0.6095095
2026-07-08 16:39:02.283 9 INFO neutron.wsgi [req-39bbc3d9-0a6f-4c3a-a798-ed845ee7d3a9 req-03d49797-7908-4453-a2e7-8a96382308d7 89d9473041ba40ffaccf56a5f2018e1c 43a5bc72032d45d1a6fda93367aff6c3 - - default default] 10.0.0.90 "GET /v2.0/ports?device_id=8b686e51-ff39-446c-8eeb-27a93b054e98 HTTP/1.1" status: 200 len: 1174 time: 0.1044741
2026-07-08 16:39:02.360 9 INFO neutron.wsgi [req-39bbc3d9-0a6f-4c3a-a798-ed845ee7d3a9 req-983b9930-b4cb-4361-bfa7-05e8e68174c1 89d9473041ba40ffaccf56a5f2018e1c 43a5bc72032d45d1a6fda93367aff6c3 - - default default] 10.0.0.90 "GET /v2.0/security-groups?id=acfe9a34-014a-4be3-98dc-3d26a8ec32b3&fields=id&fields=name HTTP/1.1" status: 200 len: 313 time: 0.0564308
2026-07-08 16:39:02.434 9 WARNING neutron.scheduler.dhcp_agent_scheduler [None req-55d57e1b-dc32-42b6-8358-8092824c9d40 a2344dcdbba54d91aa5b7fea89746b0a 43d05604a8f34f1597c38aee5b2606dc - - - -] No more DHCP agents
2026-07-08 16:39:02.439 9 WARNING neutron.api.rpc.agentnotifiers.dhcp_rpc_agent_api [None req-55d57e1b-dc32-42b6-8358-8092824c9d40 a2344dcdbba54d91aa5b7fea89746b0a 43d05604a8f34f1597c38aee5b2606dc - - - -] Unable to schedule network 5e3a74fd-7c59-4607-b22b-2dfabad66aaf: no agents available; will retry on subsequent port and subnet creation events.
2026-07-08 16:39:02.535 10 INFO neutron.wsgi [req-955c11ab-301c-4725-b512-fc7875179b77 req-2448f5ce-8891-4fce-912f-02a5a7ac5b9b 89d9473041ba40ffaccf56a5f2018e1c 43a5bc72032d45d1a6fda93367aff6c3 - - default default] 10.0.0.90 "GET /v2.0/ports?device_id=8b686e51-ff39-446c-8eeb-27a93b054e98 HTTP/1.1" status: 200 len: 1174 time: 0.1037588
2026-07-08 16:39:02.568 10 WARNING neutron.scheduler.dhcp_agent_scheduler [None req-fcba016f-21b4-4c3d-aa1e-583f05433246 eabe87ebc4cf487ca8c0ef6587411de0 360d84aff4f64002b20c8c638c3e227f - - - -] No more DHCP agents
2026-07-08 16:39:02.572 10 WARNING neutron.api.rpc.agentnotifiers.dhcp_rpc_agent_api [None req-fcba016f-21b4-4c3d-aa1e-583f05433246 eabe87ebc4cf487ca8c0ef6587411de0 360d84aff4f64002b20c8c638c3e227f - - - -] Unable to schedule network 7eba4059-25dc-4d6d-9c2b-dc67512fb2fe: no agents available; will retry on subsequent port and subnet creation events.
2026-07-08 16:39:02.581 9 INFO neutron.db.ovn_revision_numbers_db [None req-c17f353d-e050-4844-b2e1-39ec9cc5a4cc 9cd5ec997f39428da6809704e177ebba 0209aba3cb54462dad77a8ef62be4cb9 - - default default] Successfully bumped revision number for resource ad90d269-a410-4e14-a39b-2b367271c31e (type: security_groups) to 1
2026-07-08 16:39:02.595 10 INFO neutron.wsgi [req-955c11ab-301c-4725-b512-fc7875179b77 req-7598fc50-0d79-4016-b0f3-8b1d51e79cb1 89d9473041ba40ffaccf56a5f2018e1c 43a5bc72032d45d1a6fda93367aff6c3 - - default default] 10.0.0.90 "GET /v2.0/security-groups?id=acfe9a34-014a-4be3-98dc-3d26a8ec32b3&fields=id&fields=name HTTP/1.1" status: 200 len: 313 time: 0.0467074
2026-07-08 16:39:02.611 9 INFO neutron.wsgi [None req-c17f353d-e050-4844-b2e1-39ec9cc5a4cc 9cd5ec997f39428da6809704e177ebba 0209aba3cb54462dad77a8ef62be4cb9 - - default default] 10.0.0.81 "GET /v2.0/security-groups?tenant_id=da56f3fd93b94510a8bf2ac59addf3b5&name=default HTTP/1.1" status: 200 len: 2996 time: 0.4318805
2026-07-08 16:39:02.631 9 INFO neutron.db.ovn_revision_numbers_db [None req-55d57e1b-dc32-42b6-8358-8092824c9d40 a2344dcdbba54d91aa5b7fea89746b0a 43d05604a8f34f1597c38aee5b2606dc - - - -] Successfully bumped revision number for resource fec55256-4f3d-4394-857a-e8155e624847 (type: ports) to 1
2026-07-08 16:39:02.878 10 INFO neutron.wsgi [-] 10.0.0.59 "GET / HTTP/1.1" status: 200 len: 247 time: 0.0016747
2026-07-08 16:39:02.880 10 INFO neutron.wsgi [-] 10.0.0.59 "GET / HTTP/1.1" status: 200 len: 247 time: 0.0013144
2026-07-08 16:39:02.955 9 INFO neutron.wsgi [None req-23cc6eff-d37b-403b-8298-91b42f4f7e89 9cd5ec997f39428da6809704e177ebba 0209aba3cb54462dad77a8ef62be4cb9 - - - -] 10.0.0.81 "DELETE /v2.0/security-groups/ad90d269-a410-4e14-a39b-2b367271c31e HTTP/1.1" status: 204 len: 168 time: 0.3395398
2026-07-08 16:39:03.022 9 INFO neutron.wsgi [req-bdaf91f2-1ed3-4d87-9cf7-7b5874faba5d req-94a1e72a-c5b2-4145-8e76-d1bfb9d299b0 cb8f84f163474bbbaca19db2896a6562 dc7db9b88898430286696a4f2c38d6c1 - - 23621ad2b53d454e96a2cf15f2e7de13 23621ad2b53d454e96a2cf15f2e7de13] 199.19.213.163 "GET /v2.0/ports?tenant_id=43a5bc72032d45d1a6fda93367aff6c3&device_id=8b686e51-ff39-446c-8eeb-27a93b054e98 HTTP/1.1" status: 200 len: 1365 time: 0.0291717
2026-07-08 16:39:03.029 10 INFO neutron.wsgi [req-6d474e4d-3a8d-4989-8151-94e4ce4e673f req-b4b2574f-2e0b-4ce7-a19c-90370ffb8d36 89d9473041ba40ffaccf56a5f2018e1c 43a5bc72032d45d1a6fda93367aff6c3 - - default default] 10.0.0.90 "GET /v2.0/ports?device_id=8b686e51-ff39-446c-8eeb-27a93b054e98 HTTP/1.1" status: 200 len: 1174 time: 0.0474043
2026-07-08 16:39:03.078 10 INFO neutron.wsgi [req-6d474e4d-3a8d-4989-8151-94e4ce4e673f req-dac349ff-88ab-4e5a-a459-815e2f9630db 89d9473041ba40ffaccf56a5f2018e1c 43a5bc72032d45d1a6fda93367aff6c3 - - default default] 10.0.0.90 "GET /v2.0/security-groups?id=acfe9a34-014a-4be3-98dc-3d26a8ec32b3&fields=id&fields=name HTTP/1.1" status: 200 len: 313 time: 0.0371616
2026-07-08 16:39:03.105 9 INFO neutron.wsgi [req-bdaf91f2-1ed3-4d87-9cf7-7b5874faba5d req-a73f7657-217b-4ee2-9119-353de3ca88e0 cb8f84f163474bbbaca19db2896a6562 dc7db9b88898430286696a4f2c38d6c1 - - 23621ad2b53d454e96a2cf15f2e7de13 23621ad2b53d454e96a2cf15f2e7de13] 199.19.213.163 "GET /v2.0/networks?id=5833c753-6940-44cd-b7b3-703c9f40fbb2 HTTP/1.1" status: 200 len: 973 time: 0.0752897
2026-07-08 16:39:03.163 10 INFO neutron.db.ovn_revision_numbers_db [None req-fcba016f-21b4-4c3d-aa1e-583f05433246 eabe87ebc4cf487ca8c0ef6587411de0 360d84aff4f64002b20c8c638c3e227f - - - -] Successfully bumped revision number for resource 93cc0b0f-fe21-4656-ba7b-a68bd72f3f04 (type: ports) to 2
2026-07-08 16:39:03.180 10 INFO neutron.db.ovn_revision_numbers_db [None req-fcba016f-21b4-4c3d-aa1e-583f05433246 eabe87ebc4cf487ca8c0ef6587411de0 360d84aff4f64002b20c8c638c3e227f - - - -] Successfully bumped revision number for resource 2962c312-81a9-4242-984b-da839cea6882 (type: subnets) to 0
2026-07-08 16:39:03.181 9 INFO neutron.wsgi [req-bdaf91f2-1ed3-4d87-9cf7-7b5874faba5d req-08bade1c-7067-490e-8260-0dbf866ade91 cb8f84f163474bbbaca19db2896a6562 dc7db9b88898430286696a4f2c38d6c1 - - 23621ad2b53d454e96a2cf15f2e7de13 23621ad2b53d454e96a2cf15f2e7de13] 199.19.213.163 "GET /v2.0/floatingips?fixed_ip_address=10.100.0.14&port_id=400544dc-5e59-4ac7-be12-ec6810a94ade HTTP/1.1" status: 200 len: 1060 time: 0.0642421
2026-07-08 16:39:03.210 10 WARNING neutron.scheduler.dhcp_agent_scheduler [None req-fcba016f-21b4-4c3d-aa1e-583f05433246 eabe87ebc4cf487ca8c0ef6587411de0 360d84aff4f64002b20c8c638c3e227f - - - -] No more DHCP agents
2026-07-08 16:39:03.212 10 WARNING neutron.api.rpc.agentnotifiers.dhcp_rpc_agent_api [None req-fcba016f-21b4-4c3d-aa1e-583f05433246 eabe87ebc4cf487ca8c0ef6587411de0 360d84aff4f64002b20c8c638c3e227f - - - -] Unable to schedule network bfaf1d18-0612-4431-9565-99cbcd1e485c: no agents available; will retry on subsequent port and subnet creation events.
2026-07-08 16:39:03.274 9 INFO neutron.wsgi [req-bdaf91f2-1ed3-4d87-9cf7-7b5874faba5d req-a5a7fac6-0117-41e5-940a-0924aa7c1585 cb8f84f163474bbbaca19db2896a6562 dc7db9b88898430286696a4f2c38d6c1 - - 23621ad2b53d454e96a2cf15f2e7de13 23621ad2b53d454e96a2cf15f2e7de13] 199.19.213.163 "GET /v2.0/subnets?id=66e91e5a-bfad-43ac-afd3-0c2090d27d8d HTTP/1.1" status: 200 len: 868 time: 0.0823131
2026-07-08 16:39:03.292 9 INFO neutron.db.ovn_revision_numbers_db [None req-beb71535-6c22-4363-b44b-a6dc201a9ab6 9cd5ec997f39428da6809704e177ebba 0209aba3cb54462dad77a8ef62be4cb9 - - default default] Successfully bumped revision number for resource 5f206734-47cb-4e21-8d53-8261bacb92f7 (type: security_groups) to 1
2026-07-08 16:39:03.319 9 INFO neutron.wsgi [req-bdaf91f2-1ed3-4d87-9cf7-7b5874faba5d req-01e47944-72fd-407e-ad18-06457078263e cb8f84f163474bbbaca19db2896a6562 dc7db9b88898430286696a4f2c38d6c1 - - 23621ad2b53d454e96a2cf15f2e7de13 23621ad2b53d454e96a2cf15f2e7de13] 199.19.213.163 "GET /v2.0/ports?network_id=5833c753-6940-44cd-b7b3-703c9f40fbb2&device_owner=network%3Adhcp HTTP/1.1" status: 200 len: 210 time: 0.0401666
2026-07-08 16:39:03.342 9 INFO neutron.wsgi [None req-beb71535-6c22-4363-b44b-a6dc201a9ab6 9cd5ec997f39428da6809704e177ebba 0209aba3cb54462dad77a8ef62be4cb9 - - default default] 10.0.0.81 "GET /v2.0/security-groups?tenant_id=72680f21a93c42059065de3f8ad5be7c&name=default HTTP/1.1" status: 200 len: 2996 time: 0.2747793
2026-07-08 16:39:03.405 9 INFO neutron.wsgi [req-bdaf91f2-1ed3-4d87-9cf7-7b5874faba5d req-94c407db-9708-4960-ba5d-c99822eb39e8 cb8f84f163474bbbaca19db2896a6562 dc7db9b88898430286696a4f2c38d6c1 - - 23621ad2b53d454e96a2cf15f2e7de13 23621ad2b53d454e96a2cf15f2e7de13] 199.19.213.163 "GET /v2.0/networks/5833c753-6940-44cd-b7b3-703c9f40fbb2?fields=segments HTTP/1.1" status: 200 len: 212 time: 0.0773613
2026-07-08 16:39:03.465 9 INFO neutron.db.ovn_revision_numbers_db [None req-55d57e1b-dc32-42b6-8358-8092824c9d40 a2344dcdbba54d91aa5b7fea89746b0a 43d05604a8f34f1597c38aee5b2606dc - - - -] Successfully bumped revision number for resource fec55256-4f3d-4394-857a-e8155e624847 (type: router_ports) to 1
2026-07-08 16:39:03.492 9 INFO neutron.wsgi [req-bdaf91f2-1ed3-4d87-9cf7-7b5874faba5d req-70d82d72-12bb-4077-8623-3647bcb3cd90 cb8f84f163474bbbaca19db2896a6562 dc7db9b88898430286696a4f2c38d6c1 - - 23621ad2b53d454e96a2cf15f2e7de13 23621ad2b53d454e96a2cf15f2e7de13] 199.19.213.163 "GET /v2.0/networks/5833c753-6940-44cd-b7b3-703c9f40fbb2?fields=provider%3Aphysical_network&fields=provider%3Anetwork_type HTTP/1.1" status: 200 len: 277 time: 0.0783310
2026-07-08 16:39:03.529 9 INFO neutron.db.ovn_revision_numbers_db [None req-55d57e1b-dc32-42b6-8358-8092824c9d40 a2344dcdbba54d91aa5b7fea89746b0a 43d05604a8f34f1597c38aee5b2606dc - - - -] Successfully bumped revision number for resource 8b639b63-bb7a-4618-a2ed-0b744a35afd6 (type: routers) to 3
2026-07-08 16:39:03.544 9 INFO neutron.wsgi [None req-55d57e1b-dc32-42b6-8358-8092824c9d40 a2344dcdbba54d91aa5b7fea89746b0a 43d05604a8f34f1597c38aee5b2606dc - - - -] 10.0.0.81 "POST /v2.0/routers HTTP/1.1" status: 201 len: 870 time: 2.0829520
2026-07-08 16:39:03.636 9 INFO neutron.wsgi [None req-6ab8eb8c-a03b-4df3-8087-01ab3c3ae5a4 a2344dcdbba54d91aa5b7fea89746b0a 43d05604a8f34f1597c38aee5b2606dc - - default default] 10.0.0.81 "GET /v2.0/routers/8b639b63-bb7a-4618-a2ed-0b744a35afd6 HTTP/1.1" status: 200 len: 871 time: 0.0862856
2026-07-08 16:39:03.727 9 INFO neutron.plugins.ml2.drivers.ovn.mech_driver.mech_driver [None req-0ea90c41-27ca-4959-b11b-19d1de53a0c7 - - - - - -] OVN reports status down for port: 400544dc-5e59-4ac7-be12-ec6810a94ade
2026-07-08 16:39:03.747 10 INFO neutron.wsgi [None req-e554617a-a762-4a46-9ef9-c2a5204c038f 9cd5ec997f39428da6809704e177ebba 0209aba3cb54462dad77a8ef62be4cb9 - - - -] 10.0.0.81 "DELETE /v2.0/security-groups/5f206734-47cb-4e21-8d53-8261bacb92f7 HTTP/1.1" status: 204 len: 168 time: 0.3983419
2026-07-08 16:39:03.795 9 INFO neutron.wsgi [None req-876996a8-131c-441f-835c-395ca150da2a a2344dcdbba54d91aa5b7fea89746b0a 43d05604a8f34f1597c38aee5b2606dc - - default default] 10.0.0.81 "GET /v2.0/routers HTTP/1.1" status: 200 len: 874 time: 0.1555262
2026-07-08 16:39:03.836 10 INFO neutron.db.ovn_revision_numbers_db [None req-fcba016f-21b4-4c3d-aa1e-583f05433246 eabe87ebc4cf487ca8c0ef6587411de0 360d84aff4f64002b20c8c638c3e227f - - - -] Successfully bumped revision number for resource b4ae7212-88c1-4d7a-b8b8-e76c3dd123d2 (type: ports) to 2
2026-07-08 16:39:03.870 10 INFO neutron.db.ovn_revision_numbers_db [None req-fcba016f-21b4-4c3d-aa1e-583f05433246 eabe87ebc4cf487ca8c0ef6587411de0 360d84aff4f64002b20c8c638c3e227f - - - -] Successfully bumped revision number for resource d082324c-7713-4406-87c1-207e3ebe1d28 (type: subnets) to 0
2026-07-08 16:39:03.889 10 INFO neutron.wsgi [None req-fcba016f-21b4-4c3d-aa1e-583f05433246 eabe87ebc4cf487ca8c0ef6587411de0 360d84aff4f64002b20c8c638c3e227f - - - -] 10.0.0.81 "POST /v2.0/subnets HTTP/1.1" status: 201 len: 1425 time: 2.1255467
2026-07-08 16:39:03.955 9 INFO neutron.notifiers.nova [-] Nova event matching ['req-70b26fe1-8183-4606-aeb1-609c304b2542'] response: {'server_uuid': '8b686e51-ff39-446c-8eeb-27a93b054e98', 'name': 'network-vif-unplugged', 'status': 'completed', 'tag': '400544dc-5e59-4ac7-be12-ec6810a94ade', 'code': 200}
2026-07-08 16:39:03.955 10 INFO neutron.wsgi [None req-80f2c1f3-3ae1-481b-8e75-b6f31d2d3fe1 eabe87ebc4cf487ca8c0ef6587411de0 360d84aff4f64002b20c8c638c3e227f - - default default] 10.0.0.81 "GET /v2.0/subnets HTTP/1.1" status: 200 len: 2033 time: 0.0593405
2026-07-08 16:39:04.217 10 INFO neutron.wsgi [req-cfb5e517-0322-4c3a-bc55-17bcb8812483 req-5255135e-874e-44ab-9a5d-81ad56f2c8b7 89d9473041ba40ffaccf56a5f2018e1c 43a5bc72032d45d1a6fda93367aff6c3 - - default default] 10.0.0.90 "GET /v2.0/ports?device_id=8b686e51-ff39-446c-8eeb-27a93b054e98 HTTP/1.1" status: 200 len: 1172 time: 0.0640259
2026-07-08 16:39:04.262 10 INFO neutron.wsgi [None req-ae7f8cac-655c-413e-b401-b7d3b9ed4776 eabe87ebc4cf487ca8c0ef6587411de0 360d84aff4f64002b20c8c638c3e227f - - - -] 10.0.0.81 "DELETE /v2.0/subnets/2962c312-81a9-4242-984b-da839cea6882 HTTP/1.1" status: 204 len: 168 time: 0.3008664
