2026-07-08 16:38:13.501 10 INFO neutron.wsgi [None req-1f366ed1-07ea-4cdb-82d4-81a383a430aa 9cd5ec997f39428da6809704e177ebba 0209aba3cb54462dad77a8ef62be4cb9 - - default default] 10.0.0.81 "GET /v2.0/security-groups?tenant_id=64dd36952d904f279e9bdd7bba4c2d4d&name=default HTTP/1.1" status: 200 len: 2996 time: 0.3284287
2026-07-08 16:38:13.502 9 INFO neutron.wsgi [None req-ae799575-26b9-48fb-a702-8cc7c88174b7 a29d5d4e2d2d4230952fd5b5a499ebd1 e3805115273a4c0fb60bc735b23678e7 - - - -] 10.0.0.81 "PUT /v2.0/floatingips/657393f3-abc2-401b-9b3f-8914a62a62c9 HTTP/1.1" status: 200 len: 1049 time: 1.5073836
2026-07-08 16:38:13.518 10 INFO neutron.wsgi [req-6e841316-007e-44e6-b92a-75ace37dc45b req-7453bb89-ec4e-481f-a656-a068ef3e0ea7 bcf8a0c490894a5d9eded0175de21163 4ead616067e54ddcbe72884e556e2431 - - default default] 199.19.213.163 "GET /v2.0/security-groups?fields=id&fields=name&tenant_id=4ead616067e54ddcbe72884e556e2431 HTTP/1.1" status: 200 len: 380 time: 0.0579755
2026-07-08 16:38:13.518 9 INFO neutron.wsgi [None req-9a6e7c40-85a4-4514-abbf-9ba1f12a68f9 9cd5ec997f39428da6809704e177ebba 0209aba3cb54462dad77a8ef62be4cb9 - - default default] 10.0.0.108 "GET /v2.0/security-groups HTTP/1.1" status: 200 len: 33361 time: 0.2075126
2026-07-08 16:38:13.537 9 INFO neutron.notifiers.nova [-] Nova event matching ['req-1aa1e2d3-501a-42d8-9ad8-43ca3afe8b5e'] response: {'name': 'network-changed', 'server_uuid': 'e91aa6a6-c5b7-4bd8-a70a-a6982aa877fc', 'tag': '3d82efa5-e9a7-4917-a192-3e2242602ee6', 'status': 'completed', 'code': 200}
2026-07-08 16:38:13.594 9 INFO neutron.wsgi [None req-163f2bc1-db81-474f-9da0-6fdeb3e7438e 9cd5ec997f39428da6809704e177ebba 0209aba3cb54462dad77a8ef62be4cb9 - - default default] 10.0.0.108 "GET /v2.0/floatingips HTTP/1.1" status: 200 len: 2417 time: 0.0689449
2026-07-08 16:38:13.615 10 INFO neutron.wsgi [req-5d64ef34-f21f-4bb6-b6b2-df58565e5d68 req-948291cc-1294-4baf-b057-7ac91da903ce a29d5d4e2d2d4230952fd5b5a499ebd1 e3805115273a4c0fb60bc735b23678e7 - - default default] 10.0.0.90 "GET /v2.0/ports?device_id=e91aa6a6-c5b7-4bd8-a70a-a6982aa877fc HTTP/1.1" status: 200 len: 1170 time: 0.0475321
2026-07-08 16:38:13.635 9 INFO neutron.wsgi [req-bf65f11a-7127-4b74-9a1d-00c08456d511 req-722e83fb-093d-449d-87b6-8f472fae2c01 cb8f84f163474bbbaca19db2896a6562 dc7db9b88898430286696a4f2c38d6c1 - - 23621ad2b53d454e96a2cf15f2e7de13 23621ad2b53d454e96a2cf15f2e7de13] 199.19.213.163 "GET /v2.0/ports?tenant_id=e3805115273a4c0fb60bc735b23678e7&device_id=e91aa6a6-c5b7-4bd8-a70a-a6982aa877fc HTTP/1.1" status: 200 len: 1361 time: 0.0694771
2026-07-08 16:38:13.663 10 INFO neutron.wsgi [req-5d64ef34-f21f-4bb6-b6b2-df58565e5d68 req-3c75e859-10f6-4b8d-bad6-cbf8b3babd14 a29d5d4e2d2d4230952fd5b5a499ebd1 e3805115273a4c0fb60bc735b23678e7 - - default default] 10.0.0.90 "GET /v2.0/security-groups?id=33e825f9-3bfa-444d-abb5-5025dcefcc47&fields=id&fields=name HTTP/1.1" status: 200 len: 312 time: 0.0392857
2026-07-08 16:38:13.693 9 INFO neutron.wsgi [req-bb19e255-4480-4e49-9c25-fee4caac6a6b req-5921ae85-a695-4123-949a-cd6d7e408395 bcf8a0c490894a5d9eded0175de21163 4ead616067e54ddcbe72884e556e2431 - - default default] 10.0.0.90 "GET /v2.0/ports?device_id=7d76740a-38d9-4f04-aae0-954a300e7eb7 HTTP/1.1" status: 200 len: 210 time: 0.0395589
2026-07-08 16:38:13.728 9 INFO neutron.wsgi [None req-23bdc72d-7153-4b20-8283-882ece254353 9cd5ec997f39428da6809704e177ebba 0209aba3cb54462dad77a8ef62be4cb9 - - default default] 10.0.0.108 "GET /v2.0/networks HTTP/1.1" status: 200 len: 4636 time: 0.1230571
2026-07-08 16:38:13.776 9 INFO neutron.wsgi [req-bf65f11a-7127-4b74-9a1d-00c08456d511 req-0783dcc6-fadb-4a43-b385-3ff4be567401 cb8f84f163474bbbaca19db2896a6562 dc7db9b88898430286696a4f2c38d6c1 - - 23621ad2b53d454e96a2cf15f2e7de13 23621ad2b53d454e96a2cf15f2e7de13] 199.19.213.163 "GET /v2.0/networks?id=86402c5c-6269-4988-9efd-6dc332cef6aa HTTP/1.1" status: 200 len: 967 time: 0.1217737
2026-07-08 16:38:13.798 9 INFO neutron.wsgi [None req-90219590-f2ec-4b01-8fff-25d7333dae77 9cd5ec997f39428da6809704e177ebba 0209aba3cb54462dad77a8ef62be4cb9 - - default default] 10.0.0.108 "GET /v2.0/subnets HTTP/1.1" status: 200 len: 3412 time: 0.0633216
2026-07-08 16:38:13.821 10 INFO neutron.wsgi [None req-3fe2e8b3-9e03-4b08-8932-cf18a7fa7afc 9cd5ec997f39428da6809704e177ebba 0209aba3cb54462dad77a8ef62be4cb9 - - - -] 10.0.0.81 "DELETE /v2.0/security-groups/f196defb-9a00-4cf2-8cb5-3d23b6c8227f HTTP/1.1" status: 204 len: 168 time: 0.3125253
2026-07-08 16:38:13.882 9 INFO neutron.wsgi [req-bf65f11a-7127-4b74-9a1d-00c08456d511 req-cf005c23-79ba-4565-a199-bab157bd2219 cb8f84f163474bbbaca19db2896a6562 dc7db9b88898430286696a4f2c38d6c1 - - 23621ad2b53d454e96a2cf15f2e7de13 23621ad2b53d454e96a2cf15f2e7de13] 199.19.213.163 "GET /v2.0/floatingips?fixed_ip_address=10.100.0.4&port_id=3d82efa5-e9a7-4917-a192-3e2242602ee6 HTTP/1.1" status: 200 len: 1059 time: 0.0974741
2026-07-08 16:38:13.896 9 INFO neutron.wsgi [None req-328a1b12-0641-4615-bb5f-99b08bb44d56 9cd5ec997f39428da6809704e177ebba 0209aba3cb54462dad77a8ef62be4cb9 - - default default] 10.0.0.108 "GET /v2.0/subnets HTTP/1.1" status: 200 len: 3412 time: 0.0964432
2026-07-08 16:38:13.916 9 INFO neutron.wsgi [None req-08c9f8bc-6f4a-4d0b-8908-3aac77a9c779 9cd5ec997f39428da6809704e177ebba 0209aba3cb54462dad77a8ef62be4cb9 - - default default] 10.0.0.108 "GET /v2.0/subnetpools HTTP/1.1" status: 200 len: 193 time: 0.0173090
2026-07-08 16:38:13.925 10 WARNING neutron.scheduler.dhcp_agent_scheduler [None req-1cfe0b02-e3df-47b8-afd3-389fd591bb76 bcf8a0c490894a5d9eded0175de21163 4ead616067e54ddcbe72884e556e2431 - - - -] No more DHCP agents
2026-07-08 16:38:13.925 9 INFO neutron.wsgi [req-bf65f11a-7127-4b74-9a1d-00c08456d511 req-e82eb099-3e56-46fb-b42d-fbf391b14be5 cb8f84f163474bbbaca19db2896a6562 dc7db9b88898430286696a4f2c38d6c1 - - 23621ad2b53d454e96a2cf15f2e7de13 23621ad2b53d454e96a2cf15f2e7de13] 199.19.213.163 "GET /v2.0/subnets?id=9de67885-1924-493a-92d9-2d80ad856f04 HTTP/1.1" status: 200 len: 862 time: 0.0381632
2026-07-08 16:38:13.929 10 WARNING neutron.api.rpc.agentnotifiers.dhcp_rpc_agent_api [None req-1cfe0b02-e3df-47b8-afd3-389fd591bb76 bcf8a0c490894a5d9eded0175de21163 4ead616067e54ddcbe72884e556e2431 - - - -] Unable to schedule network 7e26e631-ce5f-4152-a135-276501f79cdd: no agents available; will retry on subsequent port and subnet creation events.
2026-07-08 16:38:13.974 9 INFO neutron.wsgi [req-bf65f11a-7127-4b74-9a1d-00c08456d511 req-507c5c00-7fa7-421a-8c8e-85188eadf647 cb8f84f163474bbbaca19db2896a6562 dc7db9b88898430286696a4f2c38d6c1 - - 23621ad2b53d454e96a2cf15f2e7de13 23621ad2b53d454e96a2cf15f2e7de13] 199.19.213.163 "GET /v2.0/ports?network_id=86402c5c-6269-4988-9efd-6dc332cef6aa&device_owner=network%3Adhcp HTTP/1.1" status: 200 len: 210 time: 0.0437963 /var/lib/openstack/lib/python3.10/site-packages/pycadf/identifier.py:71: UserWarning: Invalid uuid: neutron. To ensure interoperability, identifiers should be a valid uuid. warnings.warn(('Invalid uuid: %s. To ensure interoperability, '
2026-07-08 16:38:13.997 9 INFO neutron.plugins.ml2.drivers.ovn.mech_driver.mech_driver [None req-0ea90c41-27ca-4959-b11b-19d1de53a0c7 - - - - - -] OVN reports status down for port: 3d82efa5-e9a7-4917-a192-3e2242602ee6
2026-07-08 16:38:14.052 10 INFO neutron.wsgi [req-8534aba8-4311-4191-8f4c-d022f70928c8 req-673e8740-73ec-48d2-8729-cf1b78d04bed a29d5d4e2d2d4230952fd5b5a499ebd1 e3805115273a4c0fb60bc735b23678e7 - - default default] 10.0.0.90 "GET /v2.0/ports?device_id=e91aa6a6-c5b7-4bd8-a70a-a6982aa877fc HTTP/1.1" status: 200 len: 1170 time: 0.0590909
2026-07-08 16:38:14.061 9 INFO neutron.wsgi [req-bf65f11a-7127-4b74-9a1d-00c08456d511 req-8c0a78a8-1b26-4df1-bcf7-8694453e2343 cb8f84f163474bbbaca19db2896a6562 dc7db9b88898430286696a4f2c38d6c1 - - 23621ad2b53d454e96a2cf15f2e7de13 23621ad2b53d454e96a2cf15f2e7de13] 199.19.213.163 "GET /v2.0/networks/86402c5c-6269-4988-9efd-6dc332cef6aa?fields=segments HTTP/1.1" status: 200 len: 212 time: 0.0767910
2026-07-08 16:38:14.150 9 INFO neutron.wsgi [req-bf65f11a-7127-4b74-9a1d-00c08456d511 req-7c9ecdc2-e869-4003-8c89-5c0f95d508cb cb8f84f163474bbbaca19db2896a6562 dc7db9b88898430286696a4f2c38d6c1 - - 23621ad2b53d454e96a2cf15f2e7de13 23621ad2b53d454e96a2cf15f2e7de13] 199.19.213.163 "GET /v2.0/networks/86402c5c-6269-4988-9efd-6dc332cef6aa?fields=provider%3Aphysical_network&fields=provider%3Anetwork_type HTTP/1.1" status: 200 len: 277 time: 0.0714264
2026-07-08 16:38:14.163 10 INFO neutron.db.ovn_revision_numbers_db [None req-1cfe0b02-e3df-47b8-afd3-389fd591bb76 bcf8a0c490894a5d9eded0175de21163 4ead616067e54ddcbe72884e556e2431 - - - -] Successfully bumped revision number for resource e5571ab3-5d45-43de-8a83-d9a7a2bfa8c6 (type: ports) to 1
2026-07-08 16:38:14.170 10 INFO neutron.wsgi [req-8534aba8-4311-4191-8f4c-d022f70928c8 req-6b00c5b9-abbb-4c09-afb0-d09cb41bfc02 a29d5d4e2d2d4230952fd5b5a499ebd1 e3805115273a4c0fb60bc735b23678e7 - - default default] 10.0.0.90 "GET /v2.0/security-groups?id=33e825f9-3bfa-444d-abb5-5025dcefcc47&fields=id&fields=name HTTP/1.1" status: 200 len: 312 time: 0.1016600
2026-07-08 16:38:14.200 10 INFO neutron.wsgi [None req-1cfe0b02-e3df-47b8-afd3-389fd591bb76 bcf8a0c490894a5d9eded0175de21163 4ead616067e54ddcbe72884e556e2431 - - - -] 199.19.213.163 "POST /v2.0/ports HTTP/1.1" status: 201 len: 1162 time: 0.6712184
2026-07-08 16:38:14.203 10 INFO neutron.db.ovn_revision_numbers_db [None req-9a939a6c-d2b8-42b0-95d5-705e38396032 9cd5ec997f39428da6809704e177ebba 0209aba3cb54462dad77a8ef62be4cb9 - - default default] Successfully bumped revision number for resource f17a37f8-2d87-477d-93c4-0c429e44840f (type: security_groups) to 1
2026-07-08 16:38:14.227 10 INFO neutron.wsgi [None req-9a939a6c-d2b8-42b0-95d5-705e38396032 9cd5ec997f39428da6809704e177ebba 0209aba3cb54462dad77a8ef62be4cb9 - - default default] 10.0.0.81 "GET /v2.0/security-groups?tenant_id=130ee7479af940f797a4c67a6f617dc9&name=default HTTP/1.1" status: 200 len: 2996 time: 0.2432654
2026-07-08 16:38:14.347 9 INFO neutron.wsgi [req-d0a697ba-b053-4c24-a1a6-8b2512450887 req-47c04eeb-44c9-41d6-a4ef-eaa92c2b7f72 a29d5d4e2d2d4230952fd5b5a499ebd1 e3805115273a4c0fb60bc735b23678e7 - - default default] 199.19.213.163 "GET /v2.0/ports?device_id=e91aa6a6-c5b7-4bd8-a70a-a6982aa877fc HTTP/1.1" status: 200 len: 1168 time: 0.0512474
2026-07-08 16:38:14.361 9 INFO neutron.db.ovn_revision_numbers_db [None req-0ea90c41-27ca-4959-b11b-19d1de53a0c7 - - - - - -] Successfully bumped revision number for resource 3d82efa5-e9a7-4917-a192-3e2242602ee6 (type: ports) to 5
2026-07-08 16:38:14.589 10 INFO neutron.db.ovn_revision_numbers_db [None req-83a4d809-0b10-4881-9931-20a2ed7bec69 cb8f84f163474bbbaca19db2896a6562 dc7db9b88898430286696a4f2c38d6c1 - - - -] Successfully bumped revision number for resource e5571ab3-5d45-43de-8a83-d9a7a2bfa8c6 (type: ports) to 2
2026-07-08 16:38:14.634 9 INFO neutron.wsgi [None req-c4e51c23-a820-4caf-b607-5fceda8d15bd 9cd5ec997f39428da6809704e177ebba 0209aba3cb54462dad77a8ef62be4cb9 - - - -] 10.0.0.81 "DELETE /v2.0/security-groups/f17a37f8-2d87-477d-93c4-0c429e44840f HTTP/1.1" status: 204 len: 168 time: 0.3966444
2026-07-08 16:38:14.764 9 INFO neutron.db.l3_db [None req-a3cc5bd0-5091-407b-8507-c231c0c64357 a29d5d4e2d2d4230952fd5b5a499ebd1 e3805115273a4c0fb60bc735b23678e7 - - - -] Floating IP 657393f3-abc2-401b-9b3f-8914a62a62c9 disassociated. External IP: 10.96.250.204, port: 3d82efa5-e9a7-4917-a192-3e2242602ee6. /var/lib/openstack/lib/python3.10/site-packages/pycadf/identifier.py:71: UserWarning: Invalid uuid: neutron. To ensure interoperability, identifiers should be a valid uuid. warnings.warn(('Invalid uuid: %s. To ensure interoperability, '
2026-07-08 16:38:14.812 10 INFO neutron.db.ovn_revision_numbers_db [None req-83a4d809-0b10-4881-9931-20a2ed7bec69 cb8f84f163474bbbaca19db2896a6562 dc7db9b88898430286696a4f2c38d6c1 - - - -] Successfully bumped revision number for resource e5571ab3-5d45-43de-8a83-d9a7a2bfa8c6 (type: ports) to 2
2026-07-08 16:38:14.832 10 INFO neutron.wsgi [None req-83a4d809-0b10-4881-9931-20a2ed7bec69 cb8f84f163474bbbaca19db2896a6562 dc7db9b88898430286696a4f2c38d6c1 - - - -] 199.19.213.163 "PUT /v2.0/ports/e5571ab3-5d45-43de-8a83-d9a7a2bfa8c6 HTTP/1.1" status: 200 len: 1332 time: 0.6210299
2026-07-08 16:38:14.877 10 INFO neutron.notifiers.nova [-] Nova event matching ['req-d8a10047-7ab7-49aa-bc87-1d2217edbbc7'] response: {'name': 'network-changed', 'server_uuid': '7d76740a-38d9-4f04-aae0-954a300e7eb7', 'tag': 'e5571ab3-5d45-43de-8a83-d9a7a2bfa8c6', 'status': 'completed', 'code': 200}
2026-07-08 16:38:14.888 9 INFO neutron.wsgi [req-c2d00c87-26df-4315-b201-e3a20893050a req-0bd0db42-5c40-471d-85da-462152fe0b64 bcf8a0c490894a5d9eded0175de21163 4ead616067e54ddcbe72884e556e2431 - - default default] 10.0.0.90 "GET /v2.0/ports?device_id=7d76740a-38d9-4f04-aae0-954a300e7eb7 HTTP/1.1" status: 200 len: 1172 time: 0.1219709 /var/lib/openstack/lib/python3.10/site-packages/pycadf/identifier.py:71: UserWarning: Invalid uuid: neutron. To ensure interoperability, identifiers should be a valid uuid. warnings.warn(('Invalid uuid: %s. To ensure interoperability, '
2026-07-08 16:38:14.942 10 INFO neutron.wsgi [req-6e841316-007e-44e6-b92a-75ace37dc45b req-43f30568-4003-4473-bf76-877cc5661661 cb8f84f163474bbbaca19db2896a6562 dc7db9b88898430286696a4f2c38d6c1 - - 23621ad2b53d454e96a2cf15f2e7de13 23621ad2b53d454e96a2cf15f2e7de13] 199.19.213.163 "GET /v2.0/ports?tenant_id=4ead616067e54ddcbe72884e556e2431&device_id=7d76740a-38d9-4f04-aae0-954a300e7eb7 HTTP/1.1" status: 200 len: 1363 time: 0.0477862
2026-07-08 16:38:14.953 9 INFO neutron.wsgi [req-c2d00c87-26df-4315-b201-e3a20893050a req-1da8dd4b-02fb-47b2-94f7-57336361eafe bcf8a0c490894a5d9eded0175de21163 4ead616067e54ddcbe72884e556e2431 - - default default] 10.0.0.90 "GET /v2.0/security-groups?id=f8f7eaac-af87-413f-83c4-94e648f98b5f&fields=id&fields=name HTTP/1.1" status: 200 len: 313 time: 0.0578053
2026-07-08 16:38:14.985 10 INFO neutron.wsgi [req-6e841316-007e-44e6-b92a-75ace37dc45b req-0350b641-1bb2-4144-a218-1107ee2debe0 cb8f84f163474bbbaca19db2896a6562 dc7db9b88898430286696a4f2c38d6c1 - - 23621ad2b53d454e96a2cf15f2e7de13 23621ad2b53d454e96a2cf15f2e7de13] 199.19.213.163 "GET /v2.0/floatingips?fixed_ip_address=10.100.0.12&port_id=e5571ab3-5d45-43de-8a83-d9a7a2bfa8c6 HTTP/1.1" status: 200 len: 217 time: 0.0345681
2026-07-08 16:38:15.028 10 INFO neutron.wsgi [req-6e841316-007e-44e6-b92a-75ace37dc45b req-5fbbca0e-f32e-4760-8a15-a37651e69cc0 cb8f84f163474bbbaca19db2896a6562 dc7db9b88898430286696a4f2c38d6c1 - - 23621ad2b53d454e96a2cf15f2e7de13 23621ad2b53d454e96a2cf15f2e7de13] 199.19.213.163 "GET /v2.0/subnets?id=8dbf2f13-81e4-4c02-9aae-4e5fbd7f0065 HTTP/1.1" status: 200 len: 873 time: 0.0375330
2026-07-08 16:38:15.057 9 INFO neutron.wsgi [None req-a3cc5bd0-5091-407b-8507-c231c0c64357 a29d5d4e2d2d4230952fd5b5a499ebd1 e3805115273a4c0fb60bc735b23678e7 - - - -] 199.19.213.163 "DELETE /v2.0/ports/3d82efa5-e9a7-4917-a192-3e2242602ee6 HTTP/1.1" status: 204 len: 173 time: 0.7064505
2026-07-08 16:38:15.062 10 INFO neutron.wsgi [req-6e841316-007e-44e6-b92a-75ace37dc45b req-6325061b-b338-4d0b-a18c-34c312aec8f6 cb8f84f163474bbbaca19db2896a6562 dc7db9b88898430286696a4f2c38d6c1 - - 23621ad2b53d454e96a2cf15f2e7de13 23621ad2b53d454e96a2cf15f2e7de13] 199.19.213.163 "GET /v2.0/ports?network_id=7e26e631-ce5f-4152-a135-276501f79cdd&device_owner=network%3Adhcp HTTP/1.1" status: 200 len: 210 time: 0.0289469
2026-07-08 16:38:15.361 10 INFO neutron.wsgi [req-6e841316-007e-44e6-b92a-75ace37dc45b req-02b50f9e-ed46-4089-93a8-1011c41a603b cb8f84f163474bbbaca19db2896a6562 dc7db9b88898430286696a4f2c38d6c1 - - 23621ad2b53d454e96a2cf15f2e7de13 23621ad2b53d454e96a2cf15f2e7de13] 199.19.213.163 "GET /v2.0/networks/7e26e631-ce5f-4152-a135-276501f79cdd?fields=segments HTTP/1.1" status: 200 len: 212 time: 0.2907429
2026-07-08 16:38:15.363 10 INFO neutron.wsgi [req-d3bde588-20d1-4fad-b21f-9a77618bfe3b req-8eea4f04-4e82-465e-b2ef-9a32caa407ae a29d5d4e2d2d4230952fd5b5a499ebd1 e3805115273a4c0fb60bc735b23678e7 - - default default] 10.0.0.90 "GET /v2.0/ports?device_id=e91aa6a6-c5b7-4bd8-a70a-a6982aa877fc HTTP/1.1" status: 200 len: 210 time: 0.0247543
2026-07-08 16:38:15.364 10 WARNING neutron.plugins.ml2.drivers.ovn.mech_driver.ovsdb.ovn_client [None req-ea1f4eae-111f-47cb-8abc-10c4d7819cea - - - - - -] No hosting information found for port 02a3f4ad-a234-44bc-ba62-ed68a7273192: RuntimeError: No hosting information found for port 02a3f4ad-a234-44bc-ba62-ed68a7273192 /var/lib/openstack/lib/python3.10/site-packages/pycadf/identifier.py:71: UserWarning: Invalid uuid: neutron. To ensure interoperability, identifiers should be a valid uuid. warnings.warn(('Invalid uuid: %s. To ensure interoperability, '
2026-07-08 16:38:15.481 10 INFO neutron.wsgi [req-6e841316-007e-44e6-b92a-75ace37dc45b req-39f5a750-f8f4-4204-af28-bd300fd9d3ab cb8f84f163474bbbaca19db2896a6562 dc7db9b88898430286696a4f2c38d6c1 - - 23621ad2b53d454e96a2cf15f2e7de13 23621ad2b53d454e96a2cf15f2e7de13] 199.19.213.163 "GET /v2.0/networks/7e26e631-ce5f-4152-a135-276501f79cdd?fields=provider%3Aphysical_network&fields=provider%3Anetwork_type HTTP/1.1" status: 200 len: 277 time: 0.0933962
2026-07-08 16:38:15.579 9 INFO neutron.notifiers.nova [-] Nova event matching ['req-fe0e598c-7658-4948-8b23-21024997cfba'] response: {'server_uuid': 'e91aa6a6-c5b7-4bd8-a70a-a6982aa877fc', 'name': 'network-vif-unplugged', 'status': 'completed', 'tag': '3d82efa5-e9a7-4917-a192-3e2242602ee6', 'code': 200}
2026-07-08 16:38:15.579 9 INFO neutron.notifiers.nova [-] Nova event matching ['req-fe0e598c-7658-4948-8b23-21024997cfba'] response: {'server_uuid': 'e91aa6a6-c5b7-4bd8-a70a-a6982aa877fc', 'name': 'network-vif-plugged', 'status': 'completed', 'tag': '3d82efa5-e9a7-4917-a192-3e2242602ee6', 'code': 200}
2026-07-08 16:38:15.580 9 INFO neutron.notifiers.nova [-] Nova event matching ['req-fe0e598c-7658-4948-8b23-21024997cfba'] response: {'server_uuid': 'e91aa6a6-c5b7-4bd8-a70a-a6982aa877fc', 'name': 'network-vif-deleted', 'tag': '3d82efa5-e9a7-4917-a192-3e2242602ee6', 'status': 'completed', 'code': 200} /var/lib/openstack/lib/python3.10/site-packages/pycadf/identifier.py:71: UserWarning: Invalid uuid: neutron. To ensure interoperability, identifiers should be a valid uuid. warnings.warn(('Invalid uuid: %s. To ensure interoperability, '
2026-07-08 16:38:15.686 10 INFO neutron.wsgi [req-a72bec71-4d3f-4bf7-aee2-a6b44dd3ba0f req-66b80ab7-6cde-4ced-b1d6-b33ede94a744 cb8f84f163474bbbaca19db2896a6562 dc7db9b88898430286696a4f2c38d6c1 - - 23621ad2b53d454e96a2cf15f2e7de13 23621ad2b53d454e96a2cf15f2e7de13] 199.19.213.163 "GET /v2.0/ports?tenant_id=4ead616067e54ddcbe72884e556e2431&device_id=7d76740a-38d9-4f04-aae0-954a300e7eb7 HTTP/1.1" status: 200 len: 1363 time: 0.0443501
2026-07-08 16:38:15.775 10 INFO neutron.wsgi [req-a72bec71-4d3f-4bf7-aee2-a6b44dd3ba0f req-10184cfc-bd8c-4189-83ba-443656a4b520 cb8f84f163474bbbaca19db2896a6562 dc7db9b88898430286696a4f2c38d6c1 - - 23621ad2b53d454e96a2cf15f2e7de13 23621ad2b53d454e96a2cf15f2e7de13] 199.19.213.163 "GET /v2.0/networks?id=7e26e631-ce5f-4152-a135-276501f79cdd HTTP/1.1" status: 200 len: 978 time: 0.0774138
2026-07-08 16:38:15.830 10 INFO neutron.wsgi [req-a72bec71-4d3f-4bf7-aee2-a6b44dd3ba0f req-b83fd894-9f1a-45ec-acef-bc3a2b0afe72 cb8f84f163474bbbaca19db2896a6562 dc7db9b88898430286696a4f2c38d6c1 - - 23621ad2b53d454e96a2cf15f2e7de13 23621ad2b53d454e96a2cf15f2e7de13] 199.19.213.163 "GET /v2.0/floatingips?fixed_ip_address=10.100.0.12&port_id=e5571ab3-5d45-43de-8a83-d9a7a2bfa8c6 HTTP/1.1" status: 200 len: 217 time: 0.0469742
2026-07-08 16:38:15.890 10 INFO neutron.wsgi [req-a72bec71-4d3f-4bf7-aee2-a6b44dd3ba0f req-48436d3c-16cc-465b-9abf-fbc293fa2697 cb8f84f163474bbbaca19db2896a6562 dc7db9b88898430286696a4f2c38d6c1 - - 23621ad2b53d454e96a2cf15f2e7de13 23621ad2b53d454e96a2cf15f2e7de13] 199.19.213.163 "GET /v2.0/subnets?id=8dbf2f13-81e4-4c02-9aae-4e5fbd7f0065 HTTP/1.1" status: 200 len: 873 time: 0.0526416
2026-07-08 16:38:15.925 10 INFO neutron.wsgi [req-a72bec71-4d3f-4bf7-aee2-a6b44dd3ba0f req-c34eb313-9715-4d70-bc3b-0d54d5ed8c9f cb8f84f163474bbbaca19db2896a6562 dc7db9b88898430286696a4f2c38d6c1 - - 23621ad2b53d454e96a2cf15f2e7de13 23621ad2b53d454e96a2cf15f2e7de13] 199.19.213.163 "GET /v2.0/ports?network_id=7e26e631-ce5f-4152-a135-276501f79cdd&device_owner=network%3Adhcp HTTP/1.1" status: 200 len: 210 time: 0.0296361
2026-07-08 16:38:15.989 10 INFO neutron.wsgi [req-a72bec71-4d3f-4bf7-aee2-a6b44dd3ba0f req-c777bb90-7201-4a35-8f8b-0d1c6e256b99 cb8f84f163474bbbaca19db2896a6562 dc7db9b88898430286696a4f2c38d6c1 - - 23621ad2b53d454e96a2cf15f2e7de13 23621ad2b53d454e96a2cf15f2e7de13] 199.19.213.163 "GET /v2.0/networks/7e26e631-ce5f-4152-a135-276501f79cdd?fields=segments HTTP/1.1" status: 200 len: 212 time: 0.0579212
2026-07-08 16:38:16.086 10 INFO neutron.wsgi [req-7ca90e42-e3e8-41fc-91c4-96f79ab7c0b8 req-17679544-58e2-42a9-bf1d-eca7d0731546 bcf8a0c490894a5d9eded0175de21163 4ead616067e54ddcbe72884e556e2431 - - default default] 10.0.0.90 "GET /v2.0/ports?device_id=7d76740a-38d9-4f04-aae0-954a300e7eb7 HTTP/1.1" status: 200 len: 1172 time: 0.0491998
2026-07-08 16:38:16.090 10 INFO neutron.wsgi [req-a72bec71-4d3f-4bf7-aee2-a6b44dd3ba0f req-0e18afcc-67df-4bb5-92aa-269093795811 cb8f84f163474bbbaca19db2896a6562 dc7db9b88898430286696a4f2c38d6c1 - - 23621ad2b53d454e96a2cf15f2e7de13 23621ad2b53d454e96a2cf15f2e7de13] 199.19.213.163 "GET /v2.0/networks/7e26e631-ce5f-4152-a135-276501f79cdd?fields=provider%3Aphysical_network&fields=provider%3Anetwork_type HTTP/1.1" status: 200 len: 277 time: 0.0912981
2026-07-08 16:38:16.139 10 INFO neutron.wsgi [req-7ca90e42-e3e8-41fc-91c4-96f79ab7c0b8 req-de2b9f50-cc6a-4345-a3e2-683ccd8a6daf bcf8a0c490894a5d9eded0175de21163 4ead616067e54ddcbe72884e556e2431 - - default default] 10.0.0.90 "GET /v2.0/security-groups?id=f8f7eaac-af87-413f-83c4-94e648f98b5f&fields=id&fields=name HTTP/1.1" status: 200 len: 313 time: 0.0452828
2026-07-08 16:38:16.505 9 INFO neutron.wsgi [req-ae0d5f59-1498-48d8-b09a-a4a8a464e729 req-7a8ff2a9-8f4c-4592-8985-aed02d0b495e 9b04416b3e664be085ff99bb029060d0 bebee10da6f647dfa1c0fc046799bf42 - - default default] 10.0.0.90 "GET /v2.0/ports?device_id=b73630da-5503-4303-ad43-a99360efe019 HTTP/1.1" status: 200 len: 1170 time: 0.1143112
2026-07-08 16:38:16.623 10 INFO neutron.wsgi [None req-58dcca53-d277-4557-8fd6-bf026d5049f4 a29d5d4e2d2d4230952fd5b5a499ebd1 e3805115273a4c0fb60bc735b23678e7 - - - -] 10.0.0.81 "DELETE /v2.0/security-groups/33e825f9-3bfa-444d-abb5-5025dcefcc47 HTTP/1.1" status: 204 len: 168 time: 0.1689425
2026-07-08 16:38:16.647 9 INFO neutron.api.v2.resource [None req-4ac02214-38ee-4745-a0f6-8d28e8d72777 a29d5d4e2d2d4230952fd5b5a499ebd1 e3805115273a4c0fb60bc735b23678e7 - - default default] show failed (client error): The resource could not be found.
2026-07-08 16:38:16.648 10 INFO neutron.wsgi [req-014fa836-55b4-48d2-be37-5034b3e02d2a req-f470be10-160a-43a4-8355-d3a6760e298e 9b04416b3e664be085ff99bb029060d0 bebee10da6f647dfa1c0fc046799bf42 - - default default] 10.0.0.90 "GET /v2.0/ports/1c086d81-aa77-4252-a75a-d9b2172583fe HTTP/1.1" status: 200 len: 1167 time: 0.0927413
2026-07-08 16:38:16.650 9 INFO neutron.wsgi [None req-4ac02214-38ee-4745-a0f6-8d28e8d72777 a29d5d4e2d2d4230952fd5b5a499ebd1 e3805115273a4c0fb60bc735b23678e7 - - default default] 10.0.0.81 "GET /v2.0/security-groups/33e825f9-3bfa-444d-abb5-5025dcefcc47 HTTP/1.1" status: 404 len: 347 time: 0.0199156
2026-07-08 16:38:16.790 10 INFO neutron.plugins.ml2.drivers.ovn.mech_driver.mech_driver [None req-ea1f4eae-111f-47cb-8abc-10c4d7819cea - - - - - -] OVN reports status up for port: e5571ab3-5d45-43de-8a83-d9a7a2bfa8c6
2026-07-08 16:38:16.832 10 INFO neutron.plugins.ml2.plugin [None req-ea1f4eae-111f-47cb-8abc-10c4d7819cea - - - - - -] Attempt 1 to provision port e5571ab3-5d45-43de-8a83-d9a7a2bfa8c6
2026-07-08 16:38:16.903 10 INFO neutron.wsgi [req-2f62a114-778d-4762-b720-a27bb22d6dc7 req-f75e17ef-d63e-4116-961a-cc48138d930d 9b04416b3e664be085ff99bb029060d0 bebee10da6f647dfa1c0fc046799bf42 - - default default] 199.19.213.163 "GET /v2.0/subnets?network_id=63d28a13-5ced-4583-bc12-6a87f12bc97c HTTP/1.1" status: 200 len: 858 time: 0.0980194
2026-07-08 16:38:17.009 10 INFO neutron.wsgi [req-2f62a114-778d-4762-b720-a27bb22d6dc7 req-c67b769e-5011-4bb0-849d-68c8a58ff2a6 9b04416b3e664be085ff99bb029060d0 bebee10da6f647dfa1c0fc046799bf42 - - default default] 199.19.213.163 "GET /v2.0/ports?device_id=b73630da-5503-4303-ad43-a99360efe019&device_owner=compute%3Anova&network_id=63d28a13-5ced-4583-bc12-6a87f12bc97c HTTP/1.1" status: 200 len: 1170 time: 0.0974519
2026-07-08 16:38:17.107 10 INFO neutron.notifiers.nova [-] Nova event matching ['req-ebb0315d-0fb8-4cb5-bbbd-4e61ce837df2'] response: {'server_uuid': '7d76740a-38d9-4f04-aae0-954a300e7eb7', 'name': 'network-vif-plugged', 'status': 'completed', 'tag': 'e5571ab3-5d45-43de-8a83-d9a7a2bfa8c6', 'code': 200}
2026-07-08 16:38:17.261 9 INFO neutron.wsgi [req-2e3252f7-8280-43ce-87a5-4651280fd4b4 req-0355f8b7-3c41-46a6-807b-fcda2082d2c6 bcf8a0c490894a5d9eded0175de21163 4ead616067e54ddcbe72884e556e2431 - - default default] 10.0.0.90 "GET /v2.0/ports?device_id=7d76740a-38d9-4f04-aae0-954a300e7eb7 HTTP/1.1" status: 200 len: 1174 time: 0.0331917
2026-07-08 16:38:17.304 9 INFO neutron.wsgi [req-2e3252f7-8280-43ce-87a5-4651280fd4b4 req-8529204c-c449-45f7-b870-1dac320c21f3 bcf8a0c490894a5d9eded0175de21163 4ead616067e54ddcbe72884e556e2431 - - default default] 10.0.0.90 "GET /v2.0/security-groups?id=f8f7eaac-af87-413f-83c4-94e648f98b5f&fields=id&fields=name HTTP/1.1" status: 200 len: 313 time: 0.0372183
2026-07-08 16:38:17.418 10 INFO neutron.wsgi [None req-422dc099-c363-4865-9c43-f83df2bc402e a29d5d4e2d2d4230952fd5b5a499ebd1 e3805115273a4c0fb60bc735b23678e7 - - - -] 10.0.0.81 "DELETE /v2.0/floatingips/657393f3-abc2-401b-9b3f-8914a62a62c9 HTTP/1.1" status: 204 len: 168 time: 0.7617257
2026-07-08 16:38:17.458 10 INFO neutron.db.ovn_revision_numbers_db [None req-ea1f4eae-111f-47cb-8abc-10c4d7819cea - - - - - -] Successfully bumped revision number for resource e5571ab3-5d45-43de-8a83-d9a7a2bfa8c6 (type: ports) to 4
2026-07-08 16:38:17.645 10 INFO neutron.db.ovn_revision_numbers_db [None req-16cd00d5-d576-49b8-af23-3e6d4e4671f6 9b04416b3e664be085ff99bb029060d0 bebee10da6f647dfa1c0fc046799bf42 - - - -] Successfully bumped revision number for resource 1c086d81-aa77-4252-a75a-d9b2172583fe (type: ports) to 5
2026-07-08 16:38:17.657 10 INFO neutron.wsgi [None req-16cd00d5-d576-49b8-af23-3e6d4e4671f6 9b04416b3e664be085ff99bb029060d0 bebee10da6f647dfa1c0fc046799bf42 - - - -] 199.19.213.163 "PUT /v2.0/ports/1c086d81-aa77-4252-a75a-d9b2172583fe HTTP/1.1" status: 200 len: 1349 time: 0.6399469 /var/lib/openstack/lib/python3.10/site-packages/pycadf/identifier.py:71: UserWarning: Invalid uuid: neutron. To ensure interoperability, identifiers should be a valid uuid. warnings.warn(('Invalid uuid: %s. To ensure interoperability, '
2026-07-08 16:38:17.716 10 INFO neutron.wsgi [req-2f62a114-778d-4762-b720-a27bb22d6dc7 req-59bbec20-2081-41b7-b56c-65803222ba6b cb8f84f163474bbbaca19db2896a6562 dc7db9b88898430286696a4f2c38d6c1 - - 23621ad2b53d454e96a2cf15f2e7de13 23621ad2b53d454e96a2cf15f2e7de13] 199.19.213.163 "GET /v2.0/ports?tenant_id=bebee10da6f647dfa1c0fc046799bf42&device_id=b73630da-5503-4303-ad43-a99360efe019 HTTP/1.1" status: 200 len: 1542 time: 0.0388010
2026-07-08 16:38:17.814 10 INFO neutron.wsgi [req-2f62a114-778d-4762-b720-a27bb22d6dc7 req-daeb00c7-6570-4e9d-b499-1a8c11e98ad9 cb8f84f163474bbbaca19db2896a6562 dc7db9b88898430286696a4f2c38d6c1 - - 23621ad2b53d454e96a2cf15f2e7de13 23621ad2b53d454e96a2cf15f2e7de13] 199.19.213.163 "GET /v2.0/networks?id=63d28a13-5ced-4583-bc12-6a87f12bc97c HTTP/1.1" status: 200 len: 981 time: 0.0925062
2026-07-08 16:38:17.875 10 INFO neutron.wsgi [req-2f62a114-778d-4762-b720-a27bb22d6dc7 req-4b19a5cb-8d93-4ea1-b281-5bc8b75b7012 cb8f84f163474bbbaca19db2896a6562 dc7db9b88898430286696a4f2c38d6c1 - - 23621ad2b53d454e96a2cf15f2e7de13 23621ad2b53d454e96a2cf15f2e7de13] 199.19.213.163 "GET /v2.0/floatingips?fixed_ip_address=10.100.0.14&port_id=1c086d81-aa77-4252-a75a-d9b2172583fe HTTP/1.1" status: 200 len: 217 time: 0.0430295
2026-07-08 16:38:17.878 10 INFO neutron.wsgi [-] 10.0.0.59 "GET / HTTP/1.1" status: 200 len: 247 time: 0.0012941
2026-07-08 16:38:17.879 10 INFO neutron.wsgi [-] 10.0.0.59 "GET / HTTP/1.1" status: 200 len: 247 time: 0.0010924
2026-07-08 16:38:17.970 10 INFO neutron.wsgi [req-2f62a114-778d-4762-b720-a27bb22d6dc7 req-510e4e9a-444a-449a-ab13-56d36700fce8 cb8f84f163474bbbaca19db2896a6562 dc7db9b88898430286696a4f2c38d6c1 - - 23621ad2b53d454e96a2cf15f2e7de13 23621ad2b53d454e96a2cf15f2e7de13] 199.19.213.163 "GET /v2.0/floatingips?fixed_ip_address=10.100.0.5&port_id=1c086d81-aa77-4252-a75a-d9b2172583fe HTTP/1.1" status: 200 len: 1059 time: 0.0830424
2026-07-08 16:38:18.007 10 INFO neutron.wsgi [req-2f62a114-778d-4762-b720-a27bb22d6dc7 req-ec04e07f-78a2-4f68-a99a-9a484fef47ed cb8f84f163474bbbaca19db2896a6562 dc7db9b88898430286696a4f2c38d6c1 - - 23621ad2b53d454e96a2cf15f2e7de13 23621ad2b53d454e96a2cf15f2e7de13] 199.19.213.163 "GET /v2.0/subnets?id=a385a11c-0151-472c-a11e-d9cd8f41cd8b HTTP/1.1" status: 200 len: 876 time: 0.0308461
2026-07-08 16:38:18.043 10 INFO neutron.wsgi [req-2f62a114-778d-4762-b720-a27bb22d6dc7 req-9282f8c9-9c58-4e8a-afbf-843124a37463 cb8f84f163474bbbaca19db2896a6562 dc7db9b88898430286696a4f2c38d6c1 - - 23621ad2b53d454e96a2cf15f2e7de13 23621ad2b53d454e96a2cf15f2e7de13] 199.19.213.163 "GET /v2.0/ports?network_id=63d28a13-5ced-4583-bc12-6a87f12bc97c&device_owner=network%3Adhcp HTTP/1.1" status: 200 len: 210 time: 0.0285950
2026-07-08 16:38:18.137 10 INFO neutron.wsgi [req-2f62a114-778d-4762-b720-a27bb22d6dc7 req-782ad280-6ffc-427f-a292-cf5c9bc74f9c cb8f84f163474bbbaca19db2896a6562 dc7db9b88898430286696a4f2c38d6c1 - - 23621ad2b53d454e96a2cf15f2e7de13 23621ad2b53d454e96a2cf15f2e7de13] 199.19.213.163 "GET /v2.0/networks/63d28a13-5ced-4583-bc12-6a87f12bc97c?fields=segments HTTP/1.1" status: 200 len: 212 time: 0.0875628
2026-07-08 16:38:18.215 10 INFO neutron.wsgi [req-2f62a114-778d-4762-b720-a27bb22d6dc7 req-f7f5e373-03ef-4cb2-8603-6f60f64617ff cb8f84f163474bbbaca19db2896a6562 dc7db9b88898430286696a4f2c38d6c1 - - 23621ad2b53d454e96a2cf15f2e7de13 23621ad2b53d454e96a2cf15f2e7de13] 199.19.213.163 "GET /v2.0/networks/63d28a13-5ced-4583-bc12-6a87f12bc97c?fields=provider%3Aphysical_network&fields=provider%3Anetwork_type HTTP/1.1" status: 200 len: 277 time: 0.0714884
2026-07-08 16:38:18.423 9 INFO neutron.wsgi [req-44e4edc1-09a3-4c87-9534-b5069e969b76 req-57a716f2-4668-493d-baf0-09d2cbb88c0a bcf8a0c490894a5d9eded0175de21163 4ead616067e54ddcbe72884e556e2431 - - default default] 10.0.0.90 "GET /v2.0/ports?device_id=7d76740a-38d9-4f04-aae0-954a300e7eb7 HTTP/1.1" status: 200 len: 1174 time: 0.0458267
2026-07-08 16:38:18.475 9 INFO neutron.wsgi [req-44e4edc1-09a3-4c87-9534-b5069e969b76 req-44e8efe5-bb84-458f-a32a-e516a751ac39 bcf8a0c490894a5d9eded0175de21163 4ead616067e54ddcbe72884e556e2431 - - default default] 10.0.0.90 "GET /v2.0/security-groups?id=f8f7eaac-af87-413f-83c4-94e648f98b5f&fields=id&fields=name HTTP/1.1" status: 200 len: 313 time: 0.0455382
2026-07-08 16:38:18.646 10 INFO neutron.wsgi [req-4dce7ed4-5c3f-4e21-91a1-051ef6d6160f req-65bbd23a-4879-4748-a142-c883915c9fb4 bcf8a0c490894a5d9eded0175de21163 4ead616067e54ddcbe72884e556e2431 - - default default] 10.0.0.90 "GET /v2.0/ports?device_id=7d76740a-38d9-4f04-aae0-954a300e7eb7 HTTP/1.1" status: 200 len: 1174 time: 0.1003854
2026-07-08 16:38:18.982 9 INFO neutron.wsgi [None req-83c3339b-8656-464e-8af9-c57ec5f33ed3 9cd5ec997f39428da6809704e177ebba 0209aba3cb54462dad77a8ef62be4cb9 - - - -] 10.0.0.81 "PUT /v2.0/routers/54885d6d-1284-40bd-b7cc-a5c82c4679f8/remove_router_interface HTTP/1.1" status: 200 len: 503 time: 1.5583351 /var/lib/openstack/lib/python3.10/site-packages/pycadf/identifier.py:71: UserWarning: Invalid uuid: neutron. To ensure interoperability, identifiers should be a valid uuid. warnings.warn(('Invalid uuid: %s. To ensure interoperability, '
2026-07-08 16:38:19.104 10 INFO neutron.wsgi [req-e550c7a1-b2f2-4071-aca6-e6c4d780b8cc req-7e191633-1ed0-40bb-9af0-9c1d837712fa 9b04416b3e664be085ff99bb029060d0 bebee10da6f647dfa1c0fc046799bf42 - - default default] 10.0.0.90 "GET /v2.0/ports?device_id=b73630da-5503-4303-ad43-a99360efe019 HTTP/1.1" status: 200 len: 1352 time: 0.0356853
2026-07-08 16:38:19.162 10 INFO neutron.notifiers.nova [-] Nova event matching ['req-d134c906-050c-457d-9bca-dfe632ee1771'] response: {'server_uuid': '7d76740a-38d9-4f04-aae0-954a300e7eb7', 'name': 'network-vif-plugged', 'status': 'completed', 'tag': 'e5571ab3-5d45-43de-8a83-d9a7a2bfa8c6', 'code': 200}
2026-07-08 16:38:19.162 10 INFO neutron.notifiers.nova [-] Nova event matching ['req-d134c906-050c-457d-9bca-dfe632ee1771'] response: {'name': 'network-changed', 'server_uuid': 'b73630da-5503-4303-ad43-a99360efe019', 'tag': '1c086d81-aa77-4252-a75a-d9b2172583fe', 'status': 'completed', 'code': 200}
2026-07-08 16:38:19.172 10 INFO neutron.wsgi [req-e550c7a1-b2f2-4071-aca6-e6c4d780b8cc req-389086e7-5346-4804-9a3f-182b482cc6dc 9b04416b3e664be085ff99bb029060d0 bebee10da6f647dfa1c0fc046799bf42 - - default default] 10.0.0.90 "GET /v2.0/security-groups?id=87b0912f-9801-426c-a744-71124b59fd1b&fields=id&fields=name HTTP/1.1" status: 200 len: 313 time: 0.0466828
2026-07-08 16:38:19.173 10 INFO neutron.db.l3_db [None req-b210edf9-3b8f-4cfd-9273-be9887f14e2c bcf8a0c490894a5d9eded0175de21163 4ead616067e54ddcbe72884e556e2431 - - - -] Floating IP 3a94b044-52e3-4ba8-8a52-8fcfe1b9872c associated. External IP: 10.96.250.207, port: e5571ab3-5d45-43de-8a83-d9a7a2bfa8c6.
2026-07-08 16:38:19.224 10 INFO neutron.wsgi [req-ee50794b-b7a2-466b-9ced-f77d339f4d17 req-4daf387e-bd16-4e0b-b850-9db1392c1966 cb8f84f163474bbbaca19db2896a6562 dc7db9b88898430286696a4f2c38d6c1 - - 23621ad2b53d454e96a2cf15f2e7de13 23621ad2b53d454e96a2cf15f2e7de13] 199.19.213.163 "GET /v2.0/ports?tenant_id=bebee10da6f647dfa1c0fc046799bf42&device_id=b73630da-5503-4303-ad43-a99360efe019 HTTP/1.1" status: 200 len: 1542 time: 0.0333202
2026-07-08 16:38:19.322 10 INFO neutron.wsgi [req-ee50794b-b7a2-466b-9ced-f77d339f4d17 req-f5ec6e85-6f11-4e95-b380-70ef4c12b534 cb8f84f163474bbbaca19db2896a6562 dc7db9b88898430286696a4f2c38d6c1 - - 23621ad2b53d454e96a2cf15f2e7de13 23621ad2b53d454e96a2cf15f2e7de13] 199.19.213.163 "GET /v2.0/networks?id=63d28a13-5ced-4583-bc12-6a87f12bc97c HTTP/1.1" status: 200 len: 981 time: 0.0882769
2026-07-08 16:38:19.349 10 INFO neutron.wsgi [req-ee50794b-b7a2-466b-9ced-f77d339f4d17 req-c09ff377-8d58-4264-8b1a-cdd72fd6d11d cb8f84f163474bbbaca19db2896a6562 dc7db9b88898430286696a4f2c38d6c1 - - 23621ad2b53d454e96a2cf15f2e7de13 23621ad2b53d454e96a2cf15f2e7de13] 199.19.213.163 "GET /v2.0/floatingips?fixed_ip_address=10.100.0.14&port_id=1c086d81-aa77-4252-a75a-d9b2172583fe HTTP/1.1" status: 200 len: 217 time: 0.0211422
2026-07-08 16:38:19.429 10 INFO neutron.wsgi [req-ee50794b-b7a2-466b-9ced-f77d339f4d17 req-179ff66c-a72c-44d9-b9c1-8bb58a519cd5 cb8f84f163474bbbaca19db2896a6562 dc7db9b88898430286696a4f2c38d6c1 - - 23621ad2b53d454e96a2cf15f2e7de13 23621ad2b53d454e96a2cf15f2e7de13] 199.19.213.163 "GET /v2.0/floatingips?fixed_ip_address=10.100.0.5&port_id=1c086d81-aa77-4252-a75a-d9b2172583fe HTTP/1.1" status: 200 len: 1059 time: 0.0681176
2026-07-08 16:38:19.430 10 INFO neutron.db.ovn_revision_numbers_db [None req-b210edf9-3b8f-4cfd-9273-be9887f14e2c bcf8a0c490894a5d9eded0175de21163 4ead616067e54ddcbe72884e556e2431 - - - -] Successfully bumped revision number for resource 3a94b044-52e3-4ba8-8a52-8fcfe1b9872c (type: floatingips) to 1 /var/lib/openstack/lib/python3.10/site-packages/pycadf/identifier.py:71: UserWarning: Invalid uuid: neutron. To ensure interoperability, identifiers should be a valid uuid. warnings.warn(('Invalid uuid: %s. To ensure interoperability, '
2026-07-08 16:38:19.489 10 INFO neutron.wsgi [req-ee50794b-b7a2-466b-9ced-f77d339f4d17 req-83aa3d59-3b59-4fde-b29c-80a6cd541012 cb8f84f163474bbbaca19db2896a6562 dc7db9b88898430286696a4f2c38d6c1 - - 23621ad2b53d454e96a2cf15f2e7de13 23621ad2b53d454e96a2cf15f2e7de13] 199.19.213.163 "GET /v2.0/subnets?id=a385a11c-0151-472c-a11e-d9cd8f41cd8b HTTP/1.1" status: 200 len: 876 time: 0.0436721
2026-07-08 16:38:19.520 10 INFO neutron.wsgi [req-ee50794b-b7a2-466b-9ced-f77d339f4d17 req-27378c12-af12-4be5-9bec-5c5e505b1a58 cb8f84f163474bbbaca19db2896a6562 dc7db9b88898430286696a4f2c38d6c1 - - 23621ad2b53d454e96a2cf15f2e7de13 23621ad2b53d454e96a2cf15f2e7de13] 199.19.213.163 "GET /v2.0/ports?network_id=63d28a13-5ced-4583-bc12-6a87f12bc97c&device_owner=network%3Adhcp HTTP/1.1" status: 200 len: 210 time: 0.0244582
2026-07-08 16:38:19.566 10 INFO neutron.db.ovn_revision_numbers_db [None req-b210edf9-3b8f-4cfd-9273-be9887f14e2c bcf8a0c490894a5d9eded0175de21163 4ead616067e54ddcbe72884e556e2431 - - - -] Successfully bumped revision number for resource 3a94b044-52e3-4ba8-8a52-8fcfe1b9872c (type: floatingips) to 2
2026-07-08 16:38:19.594 10 INFO neutron.wsgi [None req-b210edf9-3b8f-4cfd-9273-be9887f14e2c bcf8a0c490894a5d9eded0175de21163 4ead616067e54ddcbe72884e556e2431 - - - -] 10.0.0.81 "PUT /v2.0/floatingips/3a94b044-52e3-4ba8-8a52-8fcfe1b9872c HTTP/1.1" status: 200 len: 1050 time: 0.9353616
2026-07-08 16:38:19.599 10 INFO neutron.wsgi [req-ee50794b-b7a2-466b-9ced-f77d339f4d17 req-ff59a3b7-3a72-46ca-8fda-da376d04c534 cb8f84f163474bbbaca19db2896a6562 dc7db9b88898430286696a4f2c38d6c1 - - 23621ad2b53d454e96a2cf15f2e7de13 23621ad2b53d454e96a2cf15f2e7de13] 199.19.213.163 "GET /v2.0/networks/63d28a13-5ced-4583-bc12-6a87f12bc97c?fields=segments HTTP/1.1" status: 200 len: 212 time: 0.0721884
2026-07-08 16:38:19.621 9 INFO neutron.wsgi [None req-3eb60722-8954-4da1-9bc2-7656747bc0a1 9cd5ec997f39428da6809704e177ebba 0209aba3cb54462dad77a8ef62be4cb9 - - - -] 10.0.0.81 "DELETE /v2.0/routers/54885d6d-1284-40bd-b7cc-a5c82c4679f8 HTTP/1.1" status: 204 len: 168 time: 0.6345682
2026-07-08 16:38:19.691 9 INFO neutron.wsgi [req-7d664d88-4cb8-4864-b32f-7b2e0cbd801c req-c1bd9d53-c296-4639-b2ce-d5b48c50f3c1 bcf8a0c490894a5d9eded0175de21163 4ead616067e54ddcbe72884e556e2431 - - default default] 10.0.0.90 "GET /v2.0/ports?device_id=7d76740a-38d9-4f04-aae0-954a300e7eb7 HTTP/1.1" status: 200 len: 1174 time: 0.0357521
2026-07-08 16:38:19.702 10 INFO neutron.wsgi [req-ee50794b-b7a2-466b-9ced-f77d339f4d17 req-83ed89d3-890b-47ba-a874-25b3c5e408ea cb8f84f163474bbbaca19db2896a6562 dc7db9b88898430286696a4f2c38d6c1 - - 23621ad2b53d454e96a2cf15f2e7de13 23621ad2b53d454e96a2cf15f2e7de13] 199.19.213.163 "GET /v2.0/networks/63d28a13-5ced-4583-bc12-6a87f12bc97c?fields=provider%3Aphysical_network&fields=provider%3Anetwork_type HTTP/1.1" status: 200 len: 277 time: 0.0890334
2026-07-08 16:38:19.736 9 INFO neutron.wsgi [req-7d664d88-4cb8-4864-b32f-7b2e0cbd801c req-f15f2eb6-d09f-4eff-839e-15e2b66c252d bcf8a0c490894a5d9eded0175de21163 4ead616067e54ddcbe72884e556e2431 - - default default] 10.0.0.90 "GET /v2.0/security-groups?id=f8f7eaac-af87-413f-83c4-94e648f98b5f&fields=id&fields=name HTTP/1.1" status: 200 len: 313 time: 0.0352144
2026-07-08 16:38:19.786 10 INFO neutron.wsgi [req-ae84c19e-9da6-4308-a213-1e5c2aa73f5f req-63ff13af-a4ae-43a1-ab96-3fbe5c97aea9 9b04416b3e664be085ff99bb029060d0 bebee10da6f647dfa1c0fc046799bf42 - - default default] 199.19.213.163 "GET /v2.0/ports?device_id=b73630da-5503-4303-ad43-a99360efe019&device_owner=compute%3Anova&fixed_ips=ip_address%3D10.100.0.14 HTTP/1.1" status: 200 len: 1352 time: 0.0624945
2026-07-08 16:38:19.943 10 INFO neutron.wsgi [None req-f63b2e8e-1290-4e22-8fd6-164db1e9a09b 9cd5ec997f39428da6809704e177ebba 0209aba3cb54462dad77a8ef62be4cb9 - - - -] 10.0.0.81 "DELETE /v2.0/subnets/9de67885-1924-493a-92d9-2d80ad856f04 HTTP/1.1" status: 204 len: 168 time: 0.3160846
2026-07-08 16:38:20.059 10 INFO neutron.plugins.ml2.drivers.ovn.mech_driver.mech_driver [None req-ea1f4eae-111f-47cb-8abc-10c4d7819cea - - - - - -] OVN reports status down for port: e5571ab3-5d45-43de-8a83-d9a7a2bfa8c6
2026-07-08 16:38:20.094 10 INFO neutron.wsgi [req-06b7ab76-976a-41b0-b40c-105dd1e5c363 req-19180f1e-c384-41c1-ac2b-153d880f4941 bcf8a0c490894a5d9eded0175de21163 4ead616067e54ddcbe72884e556e2431 - - default default] 10.0.0.90 "GET /v2.0/ports?device_id=7d76740a-38d9-4f04-aae0-954a300e7eb7 HTTP/1.1" status: 200 len: 1174 time: 0.0952506
2026-07-08 16:38:20.157 10 INFO neutron.wsgi [req-06b7ab76-976a-41b0-b40c-105dd1e5c363 req-f3befc78-15e7-4da9-9526-c96388db939a bcf8a0c490894a5d9eded0175de21163 4ead616067e54ddcbe72884e556e2431 - - default default] 10.0.0.90 "GET /v2.0/security-groups?id=f8f7eaac-af87-413f-83c4-94e648f98b5f&fields=id&fields=name HTTP/1.1" status: 200 len: 313 time: 0.0563538
2026-07-08 16:38:20.355 9 INFO neutron.services.segments.plugin [-] Segment b0e0d10e-4d58-4095-a7a9-3dfe05d5a5a7 resource provider aggregate not found
2026-07-08 16:38:20.361 9 INFO neutron.services.segments.plugin [-] Segment b0e0d10e-4d58-4095-a7a9-3dfe05d5a5a7 resource provider aggregate not found
2026-07-08 16:38:20.380 9 INFO neutron.services.segments.plugin [-] Segment b0e0d10e-4d58-4095-a7a9-3dfe05d5a5a7 resource provider not found; error: Placement Client Error (4xx): {"errors": [{"status": 404, "title": "Not Found", "detail": "The resource could not be found.\n\n No resource provider with uuid b0e0d10e-4d58-4095-a7a9-3dfe05d5a5a7 found for delete ", "request_id": "req-98772590-f2c0-4607-8a53-3359c9e1ddf7"}]}
2026-07-08 16:38:20.389 9 INFO neutron.services.segments.plugin [-] Segment b0e0d10e-4d58-4095-a7a9-3dfe05d5a5a7 resource provider not found; error: Placement Client Error (4xx): {"errors": [{"status": 404, "title": "Not Found", "detail": "The resource could not be found.\n\n No resource provider with uuid b0e0d10e-4d58-4095-a7a9-3dfe05d5a5a7 found for delete ", "request_id": "req-788e7549-a6f8-4cfd-b97f-b478aa63ea35"}]}
2026-07-08 16:38:20.401 9 INFO neutron.wsgi [None req-6ff62729-797f-4200-8877-639cbba38afb 9cd5ec997f39428da6809704e177ebba 0209aba3cb54462dad77a8ef62be4cb9 - - - -] 10.0.0.81 "DELETE /v2.0/networks/86402c5c-6269-4988-9efd-6dc332cef6aa HTTP/1.1" status: 204 len: 168 time: 0.4507518
2026-07-08 16:38:20.435 9 INFO neutron.wsgi [req-ee63af3f-a05e-40ac-8473-23b33bf4cf78 req-882c35e7-2e7d-487a-9970-3f088266fe34 bcf8a0c490894a5d9eded0175de21163 4ead616067e54ddcbe72884e556e2431 - - default default] 199.19.213.163 "GET /v2.0/ports?device_id=7d76740a-38d9-4f04-aae0-954a300e7eb7 HTTP/1.1" status: 200 len: 1172 time: 0.1436133
2026-07-08 16:38:20.487 10 INFO neutron.db.ovn_revision_numbers_db [None req-8b7d1417-da73-45e2-a4d1-d99edca3f4bf 9b04416b3e664be085ff99bb029060d0 bebee10da6f647dfa1c0fc046799bf42 - - - -] Successfully bumped revision number for resource 1c086d81-aa77-4252-a75a-d9b2172583fe (type: ports) to 6
2026-07-08 16:38:20.491 10 INFO neutron.db.ovn_revision_numbers_db [None req-ea1f4eae-111f-47cb-8abc-10c4d7819cea - - - - - -] Successfully bumped revision number for resource e5571ab3-5d45-43de-8a83-d9a7a2bfa8c6 (type: ports) to 5
2026-07-08 16:38:20.499 10 INFO neutron.wsgi [None req-8b7d1417-da73-45e2-a4d1-d99edca3f4bf 9b04416b3e664be085ff99bb029060d0 bebee10da6f647dfa1c0fc046799bf42 - - - -] 199.19.213.163 "PUT /v2.0/ports/1c086d81-aa77-4252-a75a-d9b2172583fe HTTP/1.1" status: 200 len: 1167 time: 0.6893246 /var/lib/openstack/lib/python3.10/site-packages/pycadf/identifier.py:71: UserWarning: Invalid uuid: neutron. To ensure interoperability, identifiers should be a valid uuid. warnings.warn(('Invalid uuid: %s. To ensure interoperability, '
2026-07-08 16:38:20.554 10 INFO neutron.wsgi [req-ae84c19e-9da6-4308-a213-1e5c2aa73f5f req-81c2c621-b063-42c6-8e5d-ecfd093c9009 cb8f84f163474bbbaca19db2896a6562 dc7db9b88898430286696a4f2c38d6c1 - - 23621ad2b53d454e96a2cf15f2e7de13 23621ad2b53d454e96a2cf15f2e7de13] 199.19.213.163 "GET /v2.0/ports?tenant_id=bebee10da6f647dfa1c0fc046799bf42&device_id=b73630da-5503-4303-ad43-a99360efe019 HTTP/1.1" status: 200 len: 1361 time: 0.0323586 /var/lib/openstack/lib/python3.10/site-packages/pycadf/identifier.py:71: UserWarning: Invalid uuid: neutron. To ensure interoperability, identifiers should be a valid uuid. warnings.warn(('Invalid uuid: %s. To ensure interoperability, '
2026-07-08 16:38:20.617 10 INFO neutron.wsgi [req-ae84c19e-9da6-4308-a213-1e5c2aa73f5f req-551391c7-3fdb-4c11-97b1-fd4c719efe60 cb8f84f163474bbbaca19db2896a6562 dc7db9b88898430286696a4f2c38d6c1 - - 23621ad2b53d454e96a2cf15f2e7de13 23621ad2b53d454e96a2cf15f2e7de13] 199.19.213.163 "GET /v2.0/networks?id=63d28a13-5ced-4583-bc12-6a87f12bc97c HTTP/1.1" status: 200 len: 981 time: 0.0574207
2026-07-08 16:38:20.666 10 INFO neutron.wsgi [req-ae84c19e-9da6-4308-a213-1e5c2aa73f5f req-1b426c6d-9098-4485-a7eb-1dcc866ece44 cb8f84f163474bbbaca19db2896a6562 dc7db9b88898430286696a4f2c38d6c1 - - 23621ad2b53d454e96a2cf15f2e7de13 23621ad2b53d454e96a2cf15f2e7de13] 199.19.213.163 "GET /v2.0/floatingips?fixed_ip_address=10.100.0.5&port_id=1c086d81-aa77-4252-a75a-d9b2172583fe HTTP/1.1" status: 200 len: 1059 time: 0.0438521
2026-07-08 16:38:20.687 9 INFO neutron.wsgi [None req-b4a8adf8-9e82-4105-ac8e-a143562caaea 9cd5ec997f39428da6809704e177ebba 0209aba3cb54462dad77a8ef62be4cb9 - - default default] 10.0.0.81 "GET /v2.0/security-groups?tenant_id=e3805115273a4c0fb60bc735b23678e7&name=default HTTP/1.1" status: 200 len: 2996 time: 0.0401769
2026-07-08 16:38:20.705 10 INFO neutron.wsgi [req-ae84c19e-9da6-4308-a213-1e5c2aa73f5f req-a9ab9ea0-a8eb-4632-ad27-67262622b01a cb8f84f163474bbbaca19db2896a6562 dc7db9b88898430286696a4f2c38d6c1 - - 23621ad2b53d454e96a2cf15f2e7de13 23621ad2b53d454e96a2cf15f2e7de13] 199.19.213.163 "GET /v2.0/subnets?id=a385a11c-0151-472c-a11e-d9cd8f41cd8b HTTP/1.1" status: 200 len: 876 time: 0.0313599
2026-07-08 16:38:20.736 10 INFO neutron.wsgi [req-ae84c19e-9da6-4308-a213-1e5c2aa73f5f req-a260e514-7f14-4d43-835b-fbf0a50a4fda cb8f84f163474bbbaca19db2896a6562 dc7db9b88898430286696a4f2c38d6c1 - - 23621ad2b53d454e96a2cf15f2e7de13 23621ad2b53d454e96a2cf15f2e7de13] 199.19.213.163 "GET /v2.0/ports?network_id=63d28a13-5ced-4583-bc12-6a87f12bc97c&device_owner=network%3Adhcp HTTP/1.1" status: 200 len: 210 time: 0.0250862
2026-07-08 16:38:20.767 9 INFO neutron.db.l3_db [None req-49e43535-531d-450c-bde0-a15b04003d65 bcf8a0c490894a5d9eded0175de21163 4ead616067e54ddcbe72884e556e2431 - - - -] Floating IP 3a94b044-52e3-4ba8-8a52-8fcfe1b9872c disassociated. External IP: 10.96.250.207, port: e5571ab3-5d45-43de-8a83-d9a7a2bfa8c6.
2026-07-08 16:38:20.841 10 INFO neutron.wsgi [req-ae84c19e-9da6-4308-a213-1e5c2aa73f5f req-b4b05162-fcd3-4bb3-a9c6-8302a4c82e75 cb8f84f163474bbbaca19db2896a6562 dc7db9b88898430286696a4f2c38d6c1 - - 23621ad2b53d454e96a2cf15f2e7de13 23621ad2b53d454e96a2cf15f2e7de13] 199.19.213.163 "GET /v2.0/networks/63d28a13-5ced-4583-bc12-6a87f12bc97c?fields=segments HTTP/1.1" status: 200 len: 212 time: 0.0980067 /var/lib/openstack/lib/python3.10/site-packages/pycadf/identifier.py:71: UserWarning: Invalid uuid: neutron. To ensure interoperability, identifiers should be a valid uuid. warnings.warn(('Invalid uuid: %s. To ensure interoperability, '
2026-07-08 16:38:20.917 10 INFO neutron.wsgi [req-ae84c19e-9da6-4308-a213-1e5c2aa73f5f req-1e72ae44-d0be-4406-a1b1-305c4bc92d0f cb8f84f163474bbbaca19db2896a6562 dc7db9b88898430286696a4f2c38d6c1 - - 23621ad2b53d454e96a2cf15f2e7de13 23621ad2b53d454e96a2cf15f2e7de13] 199.19.213.163 "GET /v2.0/networks/63d28a13-5ced-4583-bc12-6a87f12bc97c?fields=provider%3Aphysical_network&fields=provider%3Anetwork_type HTTP/1.1" status: 200 len: 277 time: 0.0678389
2026-07-08 16:38:20.994 9 INFO neutron.wsgi [None req-49e43535-531d-450c-bde0-a15b04003d65 bcf8a0c490894a5d9eded0175de21163 4ead616067e54ddcbe72884e556e2431 - - - -] 199.19.213.163 "DELETE /v2.0/ports/e5571ab3-5d45-43de-8a83-d9a7a2bfa8c6 HTTP/1.1" status: 204 len: 173 time: 0.5533638
2026-07-08 16:38:21.004 9 INFO neutron.wsgi [None req-1a6d0f28-b27a-4085-b547-d72ad788b5fe 9cd5ec997f39428da6809704e177ebba 0209aba3cb54462dad77a8ef62be4cb9 - - - -] 10.0.0.81 "DELETE /v2.0/security-groups/56921730-2d29-4478-a269-58e5a52d3e2d HTTP/1.1" status: 204 len: 168 time: 0.3124716
2026-07-08 16:38:21.035 9 INFO neutron.notifiers.nova [-] Nova event matching ['req-251df8b4-354d-49e5-ab86-58350a5c53e2'] response: {'server_uuid': '7d76740a-38d9-4f04-aae0-954a300e7eb7', 'name': 'network-vif-deleted', 'tag': 'e5571ab3-5d45-43de-8a83-d9a7a2bfa8c6', 'status': 'completed', 'code': 200}
2026-07-08 16:38:21.198 10 INFO neutron.notifiers.nova [-] Nova event matching ['req-5842bba0-685e-4cd4-a257-eca28f85eda8'] response: {'name': 'network-changed', 'server_uuid': '7d76740a-38d9-4f04-aae0-954a300e7eb7', 'tag': 'e5571ab3-5d45-43de-8a83-d9a7a2bfa8c6', 'status': 'completed', 'code': 200}
2026-07-08 16:38:21.198 10 INFO neutron.notifiers.nova [-] Nova event matching ['req-5842bba0-685e-4cd4-a257-eca28f85eda8'] response: {'server_uuid': '7d76740a-38d9-4f04-aae0-954a300e7eb7', 'name': 'network-vif-unplugged', 'status': 'completed', 'tag': 'e5571ab3-5d45-43de-8a83-d9a7a2bfa8c6', 'code': 200}
2026-07-08 16:38:21.198 10 INFO neutron.notifiers.nova [-] Nova event matching ['req-5842bba0-685e-4cd4-a257-eca28f85eda8'] response: {'name': 'network-changed', 'server_uuid': 'b73630da-5503-4303-ad43-a99360efe019', 'tag': '1c086d81-aa77-4252-a75a-d9b2172583fe', 'status': 'completed', 'code': 200}
2026-07-08 16:38:21.198 10 INFO neutron.notifiers.nova [-] Nova event matching ['req-5842bba0-685e-4cd4-a257-eca28f85eda8'] response: {'server_uuid': '7d76740a-38d9-4f04-aae0-954a300e7eb7', 'name': 'network-vif-plugged', 'status': 'completed', 'tag': 'e5571ab3-5d45-43de-8a83-d9a7a2bfa8c6', 'code': 200}
