2026-07-08 16:38:43.217 10 INFO neutron.wsgi [None req-d9837563-0f98-4b16-a2be-5147e02dd1c7 c095466827794d9e94c58189e8432339 7ac1058845c044bdb937971a0de21b03 - - default default] 10.0.0.81 "GET /v2.0/networks HTTP/1.1" status: 200 len: 845 time: 0.0739675
2026-07-08 16:38:43.309 10 INFO neutron.db.segments_db [None req-f6b2cafd-fa48-462e-b3b4-56a76751e9a8 c095466827794d9e94c58189e8432339 7ac1058845c044bdb937971a0de21b03 - - - -] Added segment 8e6b5101-077a-4ca0-a319-80c6d613ef00 of type geneve for network cebcee3a-2481-4888-b320-655cf3d12c4c
2026-07-08 16:38:43.427 10 INFO neutron.db.ovn_revision_numbers_db [None req-f6b2cafd-fa48-462e-b3b4-56a76751e9a8 c095466827794d9e94c58189e8432339 7ac1058845c044bdb937971a0de21b03 - - - -] Successfully bumped revision number for resource cebcee3a-2481-4888-b320-655cf3d12c4c (type: networks) to 1
2026-07-08 16:38:43.483 9 INFO neutron.wsgi [None req-484b44dc-89d6-45ee-8fb9-0be0165bb14c a2344dcdbba54d91aa5b7fea89746b0a 43d05604a8f34f1597c38aee5b2606dc - - default default] 10.0.0.81 "GET /v2.0/ports/4a978528-89a8-4c16-b088-4a7661a459b0 HTTP/1.1" status: 200 len: 1147 time: 0.0437720
2026-07-08 16:38:43.629 10 WARNING neutron.scheduler.dhcp_agent_scheduler [None req-f6b2cafd-fa48-462e-b3b4-56a76751e9a8 c095466827794d9e94c58189e8432339 7ac1058845c044bdb937971a0de21b03 - - - -] No more DHCP agents
2026-07-08 16:38:43.631 10 WARNING neutron.api.rpc.agentnotifiers.dhcp_rpc_agent_api [None req-f6b2cafd-fa48-462e-b3b4-56a76751e9a8 c095466827794d9e94c58189e8432339 7ac1058845c044bdb937971a0de21b03 - - - -] Unable to schedule network cebcee3a-2481-4888-b320-655cf3d12c4c: no agents available; will retry on subsequent port and subnet creation events.
2026-07-08 16:38:43.698 10 INFO neutron.db.ovn_revision_numbers_db [None req-f6b2cafd-fa48-462e-b3b4-56a76751e9a8 c095466827794d9e94c58189e8432339 7ac1058845c044bdb937971a0de21b03 - - - -] Successfully bumped revision number for resource 11d0f6eb-77e9-4af0-9c01-bcf126785d94 (type: ports) to 1
2026-07-08 16:38:43.719 10 INFO neutron.wsgi [None req-f6b2cafd-fa48-462e-b3b4-56a76751e9a8 c095466827794d9e94c58189e8432339 7ac1058845c044bdb937971a0de21b03 - - - -] 10.0.0.81 "POST /v2.0/networks HTTP/1.1" status: 201 len: 852 time: 0.4915655
2026-07-08 16:38:43.834 10 INFO neutron.db.segments_db [None req-4154111d-4dd3-461b-8a1e-8c8f079c8f84 c095466827794d9e94c58189e8432339 7ac1058845c044bdb937971a0de21b03 - - - -] Added segment ebc9e8fd-85c4-4b49-a8a8-a445296c8a26 of type geneve for network 9cc79508-d59d-497e-860c-c6338cc719a8
2026-07-08 16:38:44.012 10 INFO neutron.db.ovn_revision_numbers_db [None req-4154111d-4dd3-461b-8a1e-8c8f079c8f84 c095466827794d9e94c58189e8432339 7ac1058845c044bdb937971a0de21b03 - - - -] Successfully bumped revision number for resource 9cc79508-d59d-497e-860c-c6338cc719a8 (type: networks) to 1
2026-07-08 16:38:44.064 9 INFO neutron.wsgi [req-3f1c3417-f4c6-4b57-bcd3-f3404459d323 req-51b9975d-78b9-422a-9684-42cdea419ebb 4d930b3d19844b59a8550951edd1dfff 2a96256d1b144fa0b2b5ee25f1ab0c29 - - default default] 10.0.0.90 "GET /v2.0/ports?device_id=77c1d9f1-a9fc-4263-ada8-1613448ee5b1 HTTP/1.1" status: 200 len: 1168 time: 0.0375264
2026-07-08 16:38:44.098 10 INFO neutron.wsgi [req-3fd94d1f-9c20-4236-ad21-5091f8b22971 req-63c0b38e-5c23-4639-a41a-a51bda5d234e 89d9473041ba40ffaccf56a5f2018e1c 43a5bc72032d45d1a6fda93367aff6c3 - - default default] 10.0.0.90 "GET /v2.0/ports?device_id=8b686e51-ff39-446c-8eeb-27a93b054e98 HTTP/1.1" status: 200 len: 1172 time: 0.0565343
2026-07-08 16:38:44.105 9 INFO neutron.wsgi [req-3f1c3417-f4c6-4b57-bcd3-f3404459d323 req-33516d6e-567f-43d7-ac30-2ba1d176c4fc 4d930b3d19844b59a8550951edd1dfff 2a96256d1b144fa0b2b5ee25f1ab0c29 - - default default] 10.0.0.90 "GET /v2.0/security-groups?id=58c88801-35e3-4470-b6f1-6ac23c7de3fb&fields=id&fields=name HTTP/1.1" status: 200 len: 286 time: 0.0319123
2026-07-08 16:38:44.156 10 INFO neutron.wsgi [req-3fd94d1f-9c20-4236-ad21-5091f8b22971 req-c745509a-e3d4-4894-b87d-75d553939f0b 89d9473041ba40ffaccf56a5f2018e1c 43a5bc72032d45d1a6fda93367aff6c3 - - default default] 10.0.0.90 "GET /v2.0/security-groups?id=acfe9a34-014a-4be3-98dc-3d26a8ec32b3&fields=id&fields=name HTTP/1.1" status: 200 len: 313 time: 0.0490696
2026-07-08 16:38:44.222 10 WARNING neutron.scheduler.dhcp_agent_scheduler [None req-4154111d-4dd3-461b-8a1e-8c8f079c8f84 c095466827794d9e94c58189e8432339 7ac1058845c044bdb937971a0de21b03 - - - -] No more DHCP agents
2026-07-08 16:38:44.224 10 WARNING neutron.api.rpc.agentnotifiers.dhcp_rpc_agent_api [None req-4154111d-4dd3-461b-8a1e-8c8f079c8f84 c095466827794d9e94c58189e8432339 7ac1058845c044bdb937971a0de21b03 - - - -] Unable to schedule network 9cc79508-d59d-497e-860c-c6338cc719a8: no agents available; will retry on subsequent port and subnet creation events.
2026-07-08 16:38:44.285 10 INFO neutron.db.ovn_revision_numbers_db [None req-4154111d-4dd3-461b-8a1e-8c8f079c8f84 c095466827794d9e94c58189e8432339 7ac1058845c044bdb937971a0de21b03 - - - -] Successfully bumped revision number for resource ebd289bb-90fb-4bb0-9345-add16c4e34d6 (type: ports) to 1
2026-07-08 16:38:44.309 10 INFO neutron.wsgi [None req-4154111d-4dd3-461b-8a1e-8c8f079c8f84 c095466827794d9e94c58189e8432339 7ac1058845c044bdb937971a0de21b03 - - - -] 10.0.0.81 "POST /v2.0/networks HTTP/1.1" status: 201 len: 852 time: 0.5847747
2026-07-08 16:38:44.521 9 INFO neutron.wsgi [None req-97c62656-6f32-425f-8c3f-b61f5e556d6b a2344dcdbba54d91aa5b7fea89746b0a 43d05604a8f34f1597c38aee5b2606dc - - default default] 10.0.0.81 "GET /v2.0/ports/4a978528-89a8-4c16-b088-4a7661a459b0 HTTP/1.1" status: 200 len: 1147 time: 0.0323157
2026-07-08 16:38:44.656 9 WARNING neutron.plugins.ml2.drivers.ovn.mech_driver.ovsdb.ovn_client [None req-0ea90c41-27ca-4959-b11b-19d1de53a0c7 - - - - - -] No hosting information found for port 9a60c889-fb27-4abe-9329-6f8264fcb25a: RuntimeError: No hosting information found for port 9a60c889-fb27-4abe-9329-6f8264fcb25a
2026-07-08 16:38:44.656 9 INFO neutron.plugins.ml2.drivers.ovn.mech_driver.mech_driver [None req-0ea90c41-27ca-4959-b11b-19d1de53a0c7 - - - - - -] OVN reports status up for port: 400544dc-5e59-4ac7-be12-ec6810a94ade
2026-07-08 16:38:44.667 9 INFO neutron.plugins.ml2.plugin [None req-0ea90c41-27ca-4959-b11b-19d1de53a0c7 - - - - - -] Attempt 1 to provision port 400544dc-5e59-4ac7-be12-ec6810a94ade
2026-07-08 16:38:44.795 9 INFO neutron.notifiers.nova [-] Nova event matching ['req-e7713010-3b3d-4e9a-aaae-aaad650407d2'] response: {'server_uuid': '8b686e51-ff39-446c-8eeb-27a93b054e98', 'name': 'network-vif-plugged', 'status': 'completed', 'tag': '400544dc-5e59-4ac7-be12-ec6810a94ade', 'code': 200}
2026-07-08 16:38:44.847 10 WARNING neutron.scheduler.dhcp_agent_scheduler [None req-4476cd17-0876-474e-9458-3f5bba12896b c095466827794d9e94c58189e8432339 7ac1058845c044bdb937971a0de21b03 - - - -] No more DHCP agents
2026-07-08 16:38:44.849 10 WARNING neutron.api.rpc.agentnotifiers.dhcp_rpc_agent_api [None req-4476cd17-0876-474e-9458-3f5bba12896b c095466827794d9e94c58189e8432339 7ac1058845c044bdb937971a0de21b03 - - - -] Unable to schedule network cebcee3a-2481-4888-b320-655cf3d12c4c: no agents available; will retry on subsequent port and subnet creation events.
2026-07-08 16:38:44.939 10 INFO neutron.db.ovn_revision_numbers_db [None req-4476cd17-0876-474e-9458-3f5bba12896b c095466827794d9e94c58189e8432339 7ac1058845c044bdb937971a0de21b03 - - - -] Successfully bumped revision number for resource 828575db-08ae-444a-b537-2c496f25b718 (type: ports) to 1
2026-07-08 16:38:44.984 10 WARNING neutron.scheduler.dhcp_agent_scheduler [None req-4476cd17-0876-474e-9458-3f5bba12896b c095466827794d9e94c58189e8432339 7ac1058845c044bdb937971a0de21b03 - - - -] No more DHCP agents
2026-07-08 16:38:44.987 10 WARNING neutron.api.rpc.agentnotifiers.dhcp_rpc_agent_api [None req-4476cd17-0876-474e-9458-3f5bba12896b c095466827794d9e94c58189e8432339 7ac1058845c044bdb937971a0de21b03 - - - -] Unable to schedule network 9cc79508-d59d-497e-860c-c6338cc719a8: no agents available; will retry on subsequent port and subnet creation events.
2026-07-08 16:38:44.994 9 INFO neutron.db.ovn_revision_numbers_db [None req-0ea90c41-27ca-4959-b11b-19d1de53a0c7 - - - - - -] Successfully bumped revision number for resource 400544dc-5e59-4ac7-be12-ec6810a94ade (type: ports) to 4
2026-07-08 16:38:45.054 10 WARNING neutron.plugins.ml2.drivers.ovn.mech_driver.ovsdb.ovn_client [None req-ea1f4eae-111f-47cb-8abc-10c4d7819cea - - - - - -] No hosting information found for port e7da457b-dac7-4027-871b-3ca3b052eef4: RuntimeError: No hosting information found for port e7da457b-dac7-4027-871b-3ca3b052eef4
2026-07-08 16:38:45.054 10 INFO neutron.plugins.ml2.drivers.ovn.mech_driver.mech_driver [None req-ea1f4eae-111f-47cb-8abc-10c4d7819cea - - - - - -] OVN reports status up for port: 338582bb-63bd-404f-a593-28c7926f29a4
2026-07-08 16:38:45.073 10 INFO neutron.db.ovn_revision_numbers_db [None req-4476cd17-0876-474e-9458-3f5bba12896b c095466827794d9e94c58189e8432339 7ac1058845c044bdb937971a0de21b03 - - - -] Successfully bumped revision number for resource 10d94453-258e-4ac8-a069-cd69875fc2dd (type: ports) to 1
2026-07-08 16:38:45.083 10 INFO neutron.plugins.ml2.plugin [None req-ea1f4eae-111f-47cb-8abc-10c4d7819cea - - - - - -] Attempt 1 to provision port 338582bb-63bd-404f-a593-28c7926f29a4
2026-07-08 16:38:45.102 10 INFO neutron.wsgi [None req-4476cd17-0876-474e-9458-3f5bba12896b c095466827794d9e94c58189e8432339 7ac1058845c044bdb937971a0de21b03 - - - -] 10.0.0.81 "POST /v2.0/ports HTTP/1.1" status: 201 len: 1706 time: 0.7872727 /var/lib/openstack/lib/python3.10/site-packages/pycadf/identifier.py:71: UserWarning: Invalid uuid: neutron. To ensure interoperability, identifiers should be a valid uuid. warnings.warn(('Invalid uuid: %s. To ensure interoperability, ' /var/lib/openstack/lib/python3.10/site-packages/pycadf/identifier.py:71: UserWarning: Invalid uuid: neutron. To ensure interoperability, identifiers should be a valid uuid. warnings.warn(('Invalid uuid: %s. To ensure interoperability, '
2026-07-08 16:38:45.213 10 INFO neutron.notifiers.nova [-] Nova event matching ['req-4d042fe7-6d1f-4da1-8bc0-e7f3fadbec69'] response: {'server_uuid': '77c1d9f1-a9fc-4263-ada8-1613448ee5b1', 'name': 'network-vif-plugged', 'status': 'completed', 'tag': '338582bb-63bd-404f-a593-28c7926f29a4', 'code': 200}
2026-07-08 16:38:45.301 10 INFO neutron.wsgi [req-cde60077-7f48-4244-baf0-f18c0f8ff56a req-55b9a928-502f-47be-bbf6-ce1d2f973ae2 4d930b3d19844b59a8550951edd1dfff 2a96256d1b144fa0b2b5ee25f1ab0c29 - - default default] 10.0.0.90 "GET /v2.0/ports?device_id=77c1d9f1-a9fc-4263-ada8-1613448ee5b1 HTTP/1.1" status: 200 len: 1170 time: 0.1197987
2026-07-08 16:38:45.309 9 INFO neutron.wsgi [None req-ab946295-6c67-4279-b387-a75ca473d5b4 c095466827794d9e94c58189e8432339 7ac1058845c044bdb937971a0de21b03 - - default default] 10.0.0.81 "GET /v2.0/ports HTTP/1.1" status: 200 len: 3213 time: 0.1989224
2026-07-08 16:38:45.364 10 INFO neutron.wsgi [req-cde60077-7f48-4244-baf0-f18c0f8ff56a req-c8ee3f40-e5c4-4f20-83c6-2aed097477af 4d930b3d19844b59a8550951edd1dfff 2a96256d1b144fa0b2b5ee25f1ab0c29 - - default default] 10.0.0.90 "GET /v2.0/security-groups?id=58c88801-35e3-4470-b6f1-6ac23c7de3fb&fields=id&fields=name HTTP/1.1" status: 200 len: 286 time: 0.0572433
2026-07-08 16:38:45.399 10 INFO neutron.db.ovn_revision_numbers_db [None req-ea1f4eae-111f-47cb-8abc-10c4d7819cea - - - - - -] Successfully bumped revision number for resource 338582bb-63bd-404f-a593-28c7926f29a4 (type: ports) to 4
2026-07-08 16:38:45.401 9 INFO neutron.wsgi [req-11a96685-78a2-4b43-a905-ccaf41cddeba req-88a71ba9-8c1b-4f58-bc3a-ffdfff25fa0b 89d9473041ba40ffaccf56a5f2018e1c 43a5bc72032d45d1a6fda93367aff6c3 - - default default] 10.0.0.90 "GET /v2.0/ports?device_id=8b686e51-ff39-446c-8eeb-27a93b054e98 HTTP/1.1" status: 200 len: 1174 time: 0.1098998
2026-07-08 16:38:45.445 9 INFO neutron.wsgi [req-11a96685-78a2-4b43-a905-ccaf41cddeba req-7e5c36f1-38a1-4994-ac73-01fb1b109ae0 89d9473041ba40ffaccf56a5f2018e1c 43a5bc72032d45d1a6fda93367aff6c3 - - default default] 10.0.0.90 "GET /v2.0/security-groups?id=acfe9a34-014a-4be3-98dc-3d26a8ec32b3&fields=id&fields=name HTTP/1.1" status: 200 len: 313 time: 0.0358095
2026-07-08 16:38:45.461 10 INFO neutron.plugins.ml2.drivers.ovn.mech_driver.mech_driver [None req-ea1f4eae-111f-47cb-8abc-10c4d7819cea - - - - - -] OVN reports status up for port: 4a978528-89a8-4c16-b088-4a7661a459b0
2026-07-08 16:38:45.492 10 INFO neutron.plugins.ml2.plugin [None req-ea1f4eae-111f-47cb-8abc-10c4d7819cea - - - - - -] Attempt 1 to provision port 4a978528-89a8-4c16-b088-4a7661a459b0 /var/lib/openstack/lib/python3.10/site-packages/pycadf/identifier.py:71: UserWarning: Invalid uuid: neutron. To ensure interoperability, identifiers should be a valid uuid. warnings.warn(('Invalid uuid: %s. To ensure interoperability, '
2026-07-08 16:38:45.566 9 INFO neutron.wsgi [None req-8a95c806-976a-4d84-a984-3eeea170b80a a2344dcdbba54d91aa5b7fea89746b0a 43d05604a8f34f1597c38aee5b2606dc - - default default] 10.0.0.81 "GET /v2.0/ports/4a978528-89a8-4c16-b088-4a7661a459b0 HTTP/1.1" status: 200 len: 1147 time: 0.0365720
2026-07-08 16:38:45.584 10 INFO neutron.wsgi [req-4f7cd0ce-29dc-4e1c-ac3e-c655175636f1 req-303b1e2b-3b28-4b7b-8316-df5ac37548b0 89d9473041ba40ffaccf56a5f2018e1c 43a5bc72032d45d1a6fda93367aff6c3 - - default default] 10.0.0.90 "GET /v2.0/ports?device_id=8b686e51-ff39-446c-8eeb-27a93b054e98 HTTP/1.1" status: 200 len: 1174 time: 0.0702565
2026-07-08 16:38:46.000 10 INFO neutron.wsgi [None req-67b4962e-59c9-421c-9162-def6c9522008 c095466827794d9e94c58189e8432339 7ac1058845c044bdb937971a0de21b03 - - - -] 10.0.0.81 "DELETE /v2.0/ports/828575db-08ae-444a-b537-2c496f25b718 HTTP/1.1" status: 204 len: 168 time: 0.6830788
2026-07-08 16:38:46.132 10 INFO neutron.db.l3_db [None req-26a99807-9b0b-43cc-98cf-7dc2c6d00e98 89d9473041ba40ffaccf56a5f2018e1c 43a5bc72032d45d1a6fda93367aff6c3 - - - -] Floating IP e70f5d94-84c7-4607-a823-2a71f9ab98c5 associated. External IP: 10.96.250.216, port: 400544dc-5e59-4ac7-be12-ec6810a94ade.
2026-07-08 16:38:46.243 10 INFO neutron.db.ovn_revision_numbers_db [None req-ea1f4eae-111f-47cb-8abc-10c4d7819cea - - - - - -] Successfully bumped revision number for resource 4a978528-89a8-4c16-b088-4a7661a459b0 (type: ports) to 3
2026-07-08 16:38:46.314 9 INFO neutron.wsgi [None req-13c4eb48-8936-401c-8ff8-1e0ba226dbd3 c095466827794d9e94c58189e8432339 7ac1058845c044bdb937971a0de21b03 - - - -] 10.0.0.81 "DELETE /v2.0/ports/10d94453-258e-4ac8-a069-cd69875fc2dd HTTP/1.1" status: 204 len: 168 time: 0.3076100
2026-07-08 16:38:46.360 9 INFO neutron.wsgi [None req-8843049c-b782-4cd7-b330-0d67aee76993 c095466827794d9e94c58189e8432339 7ac1058845c044bdb937971a0de21b03 - - default default] 10.0.0.81 "GET /v2.0/ports HTTP/1.1" status: 200 len: 1718 time: 0.0416079
2026-07-08 16:38:46.379 10 INFO neutron.db.ovn_revision_numbers_db [None req-26a99807-9b0b-43cc-98cf-7dc2c6d00e98 89d9473041ba40ffaccf56a5f2018e1c 43a5bc72032d45d1a6fda93367aff6c3 - - - -] Successfully bumped revision number for resource e70f5d94-84c7-4607-a823-2a71f9ab98c5 (type: floatingips) to 1
2026-07-08 16:38:46.409 10 INFO neutron.db.ovn_revision_numbers_db [None req-ea1f4eae-111f-47cb-8abc-10c4d7819cea - - - - - -] Successfully bumped revision number for resource 4a978528-89a8-4c16-b088-4a7661a459b0 (type: router_ports) to 3
2026-07-08 16:38:46.447 9 INFO neutron.db.segments_db [None req-12e80166-2c15-432d-a9d9-99cc3b44ebd5 c095466827794d9e94c58189e8432339 7ac1058845c044bdb937971a0de21b03 - - - -] Added segment 90342122-5644-484c-bedd-e69d8a330d00 of type geneve for network 81d19ba1-c32d-410a-a286-497cc692b8ca
2026-07-08 16:38:46.476 10 INFO neutron.wsgi [req-0beffbae-f2b3-4f24-9280-50c7ec4ba631 req-f722e69e-0932-447b-9c1c-da2f844b0a9b 4d930b3d19844b59a8550951edd1dfff 2a96256d1b144fa0b2b5ee25f1ab0c29 - - default default] 10.0.0.90 "GET /v2.0/ports?device_id=77c1d9f1-a9fc-4263-ada8-1613448ee5b1 HTTP/1.1" status: 200 len: 1170 time: 0.0398865
2026-07-08 16:38:46.490 10 INFO neutron.db.ovn_revision_numbers_db [None req-26a99807-9b0b-43cc-98cf-7dc2c6d00e98 89d9473041ba40ffaccf56a5f2018e1c 43a5bc72032d45d1a6fda93367aff6c3 - - - -] Successfully bumped revision number for resource e70f5d94-84c7-4607-a823-2a71f9ab98c5 (type: floatingips) to 2
2026-07-08 16:38:46.511 10 INFO neutron.wsgi [None req-26a99807-9b0b-43cc-98cf-7dc2c6d00e98 89d9473041ba40ffaccf56a5f2018e1c 43a5bc72032d45d1a6fda93367aff6c3 - - - -] 10.0.0.81 "PUT /v2.0/floatingips/e70f5d94-84c7-4607-a823-2a71f9ab98c5 HTTP/1.1" status: 200 len: 1050 time: 0.9147177
2026-07-08 16:38:46.542 10 INFO neutron.wsgi [req-0beffbae-f2b3-4f24-9280-50c7ec4ba631 req-d1c289be-bb51-4b9c-81d1-7d084ccd467a 4d930b3d19844b59a8550951edd1dfff 2a96256d1b144fa0b2b5ee25f1ab0c29 - - default default] 10.0.0.90 "GET /v2.0/security-groups?id=58c88801-35e3-4470-b6f1-6ac23c7de3fb&fields=id&fields=name HTTP/1.1" status: 200 len: 286 time: 0.0577559
2026-07-08 16:38:46.588 9 INFO neutron.db.ovn_revision_numbers_db [None req-12e80166-2c15-432d-a9d9-99cc3b44ebd5 c095466827794d9e94c58189e8432339 7ac1058845c044bdb937971a0de21b03 - - - -] Successfully bumped revision number for resource 81d19ba1-c32d-410a-a286-497cc692b8ca (type: networks) to 1
2026-07-08 16:38:46.673 10 INFO neutron.wsgi [None req-5755a179-b173-4eff-81d4-2303b36d12dd a2344dcdbba54d91aa5b7fea89746b0a 43d05604a8f34f1597c38aee5b2606dc - - default default] 10.0.0.81 "GET /v2.0/ports/4a978528-89a8-4c16-b088-4a7661a459b0 HTTP/1.1" status: 200 len: 1149 time: 0.1014068
2026-07-08 16:38:46.855 9 INFO neutron.notifiers.nova [-] Nova event matching ['req-80abb1c5-d6c6-403a-b2f7-858b0eef5bbe'] response: {'server_uuid': '8b686e51-ff39-446c-8eeb-27a93b054e98', 'name': 'network-vif-plugged', 'status': 'completed', 'tag': '400544dc-5e59-4ac7-be12-ec6810a94ade', 'code': 200}
2026-07-08 16:38:46.877 9 WARNING neutron.scheduler.dhcp_agent_scheduler [None req-12e80166-2c15-432d-a9d9-99cc3b44ebd5 c095466827794d9e94c58189e8432339 7ac1058845c044bdb937971a0de21b03 - - - -] No more DHCP agents
2026-07-08 16:38:46.894 9 WARNING neutron.api.rpc.agentnotifiers.dhcp_rpc_agent_api [None req-12e80166-2c15-432d-a9d9-99cc3b44ebd5 c095466827794d9e94c58189e8432339 7ac1058845c044bdb937971a0de21b03 - - - -] Unable to schedule network 81d19ba1-c32d-410a-a286-497cc692b8ca: no agents available; will retry on subsequent port and subnet creation events.
2026-07-08 16:38:46.918 10 INFO neutron.wsgi [req-7fbee61c-0c1d-4982-9705-5df049397fd5 req-9a3fd7d2-dad5-4714-906e-fdbca067ce8c 4d930b3d19844b59a8550951edd1dfff 2a96256d1b144fa0b2b5ee25f1ab0c29 - - default default] 10.0.0.90 "GET /v2.0/ports?device_id=77c1d9f1-a9fc-4263-ada8-1613448ee5b1 HTTP/1.1" status: 200 len: 1170 time: 0.0579753
2026-07-08 16:38:46.971 10 INFO neutron.wsgi [req-7fbee61c-0c1d-4982-9705-5df049397fd5 req-326aaba1-4b25-4503-a351-454a812de534 4d930b3d19844b59a8550951edd1dfff 2a96256d1b144fa0b2b5ee25f1ab0c29 - - default default] 10.0.0.90 "GET /v2.0/security-groups?id=58c88801-35e3-4470-b6f1-6ac23c7de3fb&fields=id&fields=name HTTP/1.1" status: 200 len: 286 time: 0.0453432
2026-07-08 16:38:47.007 9 INFO neutron.db.ovn_revision_numbers_db [None req-12e80166-2c15-432d-a9d9-99cc3b44ebd5 c095466827794d9e94c58189e8432339 7ac1058845c044bdb937971a0de21b03 - - - -] Successfully bumped revision number for resource fdf25aaf-eb88-477d-9134-08cff1350238 (type: ports) to 1
2026-07-08 16:38:47.059 9 INFO neutron.wsgi [None req-12e80166-2c15-432d-a9d9-99cc3b44ebd5 c095466827794d9e94c58189e8432339 7ac1058845c044bdb937971a0de21b03 - - - -] 10.0.0.81 "POST /v2.0/networks HTTP/1.1" status: 201 len: 852 time: 0.6907630
2026-07-08 16:38:47.212 9 INFO neutron.db.segments_db [None req-e81ea3cb-e37d-4668-bb45-6f6c28a974bb c095466827794d9e94c58189e8432339 7ac1058845c044bdb937971a0de21b03 - - - -] Added segment 110cd189-11c9-4318-a133-30dafd3fa00b of type geneve for network 7d83da2d-9fae-4bea-ba49-2abbe2200fe1
2026-07-08 16:38:47.269 10 INFO neutron.notifiers.nova [-] Nova event matching ['req-125d2e3d-95a1-4276-9d56-3177bb5d23bd'] response: {'server_uuid': '77c1d9f1-a9fc-4263-ada8-1613448ee5b1', 'name': 'network-vif-plugged', 'status': 'completed', 'tag': '338582bb-63bd-404f-a593-28c7926f29a4', 'code': 200}
2026-07-08 16:38:47.271 10 INFO neutron.notifiers.nova [-] Nova event matching ['req-125d2e3d-95a1-4276-9d56-3177bb5d23bd'] response: {'name': 'network-changed', 'server_uuid': '8b686e51-ff39-446c-8eeb-27a93b054e98', 'tag': '400544dc-5e59-4ac7-be12-ec6810a94ade', 'status': 'completed', 'code': 200}
2026-07-08 16:38:47.338 10 INFO neutron.wsgi [req-2f298d0c-9341-4133-9a08-70828953d159 req-89c20ed2-cd35-403d-9165-9b31af420a88 cb8f84f163474bbbaca19db2896a6562 dc7db9b88898430286696a4f2c38d6c1 - - 23621ad2b53d454e96a2cf15f2e7de13 23621ad2b53d454e96a2cf15f2e7de13] 199.19.213.163 "GET /v2.0/ports?tenant_id=43a5bc72032d45d1a6fda93367aff6c3&device_id=8b686e51-ff39-446c-8eeb-27a93b054e98 HTTP/1.1" status: 200 len: 1365 time: 0.0408080
2026-07-08 16:38:47.360 9 INFO neutron.wsgi [req-11476265-94f6-4a84-a741-dbd19210261a req-c91d92f5-963d-4f3a-a8f3-0b400655a2da 4d930b3d19844b59a8550951edd1dfff 2a96256d1b144fa0b2b5ee25f1ab0c29 - - default default] 199.19.213.163 "GET /v2.0/ports?device_id=77c1d9f1-a9fc-4263-ada8-1613448ee5b1 HTTP/1.1" status: 200 len: 1170 time: 0.1722620
2026-07-08 16:38:47.400 10 INFO neutron.wsgi [req-2f298d0c-9341-4133-9a08-70828953d159 req-b22b4221-568b-46e7-9714-696c0ae66922 cb8f84f163474bbbaca19db2896a6562 dc7db9b88898430286696a4f2c38d6c1 - - 23621ad2b53d454e96a2cf15f2e7de13 23621ad2b53d454e96a2cf15f2e7de13] 199.19.213.163 "GET /v2.0/networks?id=5833c753-6940-44cd-b7b3-703c9f40fbb2 HTTP/1.1" status: 200 len: 973 time: 0.0541954
2026-07-08 16:38:47.418 9 INFO neutron.db.ovn_revision_numbers_db [None req-e81ea3cb-e37d-4668-bb45-6f6c28a974bb c095466827794d9e94c58189e8432339 7ac1058845c044bdb937971a0de21b03 - - - -] Successfully bumped revision number for resource 7d83da2d-9fae-4bea-ba49-2abbe2200fe1 (type: networks) to 1
2026-07-08 16:38:47.456 10 INFO neutron.wsgi [req-2f298d0c-9341-4133-9a08-70828953d159 req-00ff78c1-d96f-435b-91c4-d39a569b1bee cb8f84f163474bbbaca19db2896a6562 dc7db9b88898430286696a4f2c38d6c1 - - 23621ad2b53d454e96a2cf15f2e7de13 23621ad2b53d454e96a2cf15f2e7de13] 199.19.213.163 "GET /v2.0/floatingips?fixed_ip_address=10.100.0.14&port_id=400544dc-5e59-4ac7-be12-ec6810a94ade HTTP/1.1" status: 200 len: 1060 time: 0.0491214
2026-07-08 16:38:47.512 10 INFO neutron.wsgi [req-2f298d0c-9341-4133-9a08-70828953d159 req-fef2b61d-27a1-4d03-8180-473accfa385f cb8f84f163474bbbaca19db2896a6562 dc7db9b88898430286696a4f2c38d6c1 - - 23621ad2b53d454e96a2cf15f2e7de13 23621ad2b53d454e96a2cf15f2e7de13] 199.19.213.163 "GET /v2.0/subnets?id=66e91e5a-bfad-43ac-afd3-0c2090d27d8d HTTP/1.1" status: 200 len: 868 time: 0.0501726
2026-07-08 16:38:47.538 10 INFO neutron.wsgi [req-2f298d0c-9341-4133-9a08-70828953d159 req-f0d2b987-77d4-435b-aecf-aa139a5741ae cb8f84f163474bbbaca19db2896a6562 dc7db9b88898430286696a4f2c38d6c1 - - 23621ad2b53d454e96a2cf15f2e7de13 23621ad2b53d454e96a2cf15f2e7de13] 199.19.213.163 "GET /v2.0/ports?network_id=5833c753-6940-44cd-b7b3-703c9f40fbb2&device_owner=network%3Adhcp HTTP/1.1" status: 200 len: 210 time: 0.0219414
2026-07-08 16:38:47.603 10 INFO neutron.wsgi [req-2f298d0c-9341-4133-9a08-70828953d159 req-0c76c745-c6f4-4e5a-b251-957d72429e01 cb8f84f163474bbbaca19db2896a6562 dc7db9b88898430286696a4f2c38d6c1 - - 23621ad2b53d454e96a2cf15f2e7de13 23621ad2b53d454e96a2cf15f2e7de13] 199.19.213.163 "GET /v2.0/networks/5833c753-6940-44cd-b7b3-703c9f40fbb2?fields=segments HTTP/1.1" status: 200 len: 212 time: 0.0583892
2026-07-08 16:38:47.680 10 INFO neutron.wsgi [req-2f298d0c-9341-4133-9a08-70828953d159 req-980099ac-70e5-4ad2-839b-6be394498435 cb8f84f163474bbbaca19db2896a6562 dc7db9b88898430286696a4f2c38d6c1 - - 23621ad2b53d454e96a2cf15f2e7de13 23621ad2b53d454e96a2cf15f2e7de13] 199.19.213.163 "GET /v2.0/networks/5833c753-6940-44cd-b7b3-703c9f40fbb2?fields=provider%3Aphysical_network&fields=provider%3Anetwork_type HTTP/1.1" status: 200 len: 277 time: 0.0698085
2026-07-08 16:38:47.879 10 INFO neutron.wsgi [-] 10.0.0.59 "GET / HTTP/1.1" status: 200 len: 247 time: 0.0021436
2026-07-08 16:38:47.883 10 INFO neutron.wsgi [-] 10.0.0.59 "GET / HTTP/1.1" status: 200 len: 247 time: 0.0029714
2026-07-08 16:38:48.068 9 INFO neutron.wsgi [None req-322d2578-26ae-4650-901d-12be8ba876bc a2344dcdbba54d91aa5b7fea89746b0a 43d05604a8f34f1597c38aee5b2606dc - - - -] 10.0.0.81 "PUT /v2.0/routers/0fb05d3b-f661-4508-856c-2bc9898b48af/remove_router_interface HTTP/1.1" status: 200 len: 503 time: 1.3874297
2026-07-08 16:38:48.070 9 WARNING neutron.scheduler.dhcp_agent_scheduler [None req-e81ea3cb-e37d-4668-bb45-6f6c28a974bb c095466827794d9e94c58189e8432339 7ac1058845c044bdb937971a0de21b03 - - - -] No more DHCP agents
2026-07-08 16:38:48.076 9 WARNING neutron.api.rpc.agentnotifiers.dhcp_rpc_agent_api [None req-e81ea3cb-e37d-4668-bb45-6f6c28a974bb c095466827794d9e94c58189e8432339 7ac1058845c044bdb937971a0de21b03 - - - -] Unable to schedule network 7d83da2d-9fae-4bea-ba49-2abbe2200fe1: no agents available; will retry on subsequent port and subnet creation events.
2026-07-08 16:38:48.165 10 INFO neutron.wsgi [req-f00cd578-6557-47b1-b6b7-93acb4c213c4 req-f7944552-f21d-467a-8fab-3e900cc1e75e 4d930b3d19844b59a8550951edd1dfff 2a96256d1b144fa0b2b5ee25f1ab0c29 - - default default] 10.0.0.90 "GET /v2.0/ports?device_id=77c1d9f1-a9fc-4263-ada8-1613448ee5b1 HTTP/1.1" status: 200 len: 1170 time: 0.0537415
2026-07-08 16:38:48.186 9 INFO neutron.db.ovn_revision_numbers_db [None req-e81ea3cb-e37d-4668-bb45-6f6c28a974bb c095466827794d9e94c58189e8432339 7ac1058845c044bdb937971a0de21b03 - - - -] Successfully bumped revision number for resource 38f5d562-3c07-4d73-8f17-5de6cf421dd4 (type: ports) to 1
2026-07-08 16:38:48.205 10 INFO neutron.wsgi [None req-2679c010-f0a3-444f-be00-5141ca020f5b a2344dcdbba54d91aa5b7fea89746b0a 43d05604a8f34f1597c38aee5b2606dc - - default default] 10.0.0.81 "GET /v2.0/ports/e7da457b-dac7-4027-871b-3ca3b052eef4 HTTP/1.1" status: 200 len: 1141 time: 0.1304688 /var/lib/openstack/lib/python3.10/site-packages/pycadf/identifier.py:71: UserWarning: Invalid uuid: neutron. To ensure interoperability, identifiers should be a valid uuid. warnings.warn(('Invalid uuid: %s. To ensure interoperability, '
2026-07-08 16:38:48.232 10 INFO neutron.wsgi [req-f00cd578-6557-47b1-b6b7-93acb4c213c4 req-3d30337b-f751-4e88-aca6-e7399b2f7a7f 4d930b3d19844b59a8550951edd1dfff 2a96256d1b144fa0b2b5ee25f1ab0c29 - - default default] 10.0.0.90 "GET /v2.0/security-groups?id=58c88801-35e3-4470-b6f1-6ac23c7de3fb&fields=id&fields=name HTTP/1.1" status: 200 len: 286 time: 0.0520074
2026-07-08 16:38:48.265 9 INFO neutron.wsgi [None req-e81ea3cb-e37d-4668-bb45-6f6c28a974bb c095466827794d9e94c58189e8432339 7ac1058845c044bdb937971a0de21b03 - - - -] 10.0.0.81 "POST /v2.0/networks HTTP/1.1" status: 201 len: 853 time: 1.2011700
2026-07-08 16:38:48.270 9 INFO neutron.wsgi [None req-ce583c46-bfee-4b8c-a4b4-09fc0317cdb0 4d930b3d19844b59a8550951edd1dfff 2a96256d1b144fa0b2b5ee25f1ab0c29 - - - -] 199.19.213.163 "DELETE /v2.0/ports/338582bb-63bd-404f-a593-28c7926f29a4 HTTP/1.1" status: 204 len: 173 time: 0.9039516
2026-07-08 16:38:48.902 9 INFO neutron.wsgi [None req-90facc9a-3b61-445b-9b82-4bea47738445 a2344dcdbba54d91aa5b7fea89746b0a 43d05604a8f34f1597c38aee5b2606dc - - - -] 10.0.0.81 "PUT /v2.0/routers/0fb05d3b-f661-4508-856c-2bc9898b48af/remove_router_interface HTTP/1.1" status: 200 len: 503 time: 0.6911526
2026-07-08 16:38:48.930 9 INFO neutron.notifiers.nova [-] Nova event matching ['req-b50455ea-39c4-4d35-886d-6e997aaecc96'] response: {'server_uuid': '77c1d9f1-a9fc-4263-ada8-1613448ee5b1', 'name': 'network-vif-deleted', 'tag': '338582bb-63bd-404f-a593-28c7926f29a4', 'status': 'completed', 'code': 200}
2026-07-08 16:38:48.951 10 INFO neutron.wsgi [None req-c0b156de-5ee4-4b1f-8597-539047f3c241 a2344dcdbba54d91aa5b7fea89746b0a 43d05604a8f34f1597c38aee5b2606dc - - default default] 10.0.0.81 "GET /v2.0/ports?device_id=0fb05d3b-f661-4508-856c-2bc9898b48af HTTP/1.1" status: 200 len: 205 time: 0.0365105 /var/lib/openstack/lib/python3.10/site-packages/pycadf/identifier.py:71: UserWarning: Invalid uuid: neutron. To ensure interoperability, identifiers should be a valid uuid. warnings.warn(('Invalid uuid: %s. To ensure interoperability, '
2026-07-08 16:38:49.175 9 INFO neutron.wsgi [None req-0af9cb2e-e09a-4603-9de2-89ebf9bd5ddb a2344dcdbba54d91aa5b7fea89746b0a 43d05604a8f34f1597c38aee5b2606dc - - - -] 10.0.0.81 "DELETE /v2.0/routers/0fb05d3b-f661-4508-856c-2bc9898b48af HTTP/1.1" status: 204 len: 168 time: 0.2185194
2026-07-08 16:38:49.256 10 WARNING neutron.scheduler.dhcp_agent_scheduler [None req-27008e74-67fb-4c58-8814-1fab441446ab c095466827794d9e94c58189e8432339 7ac1058845c044bdb937971a0de21b03 - - - -] No more DHCP agents
2026-07-08 16:38:49.258 10 WARNING neutron.api.rpc.agentnotifiers.dhcp_rpc_agent_api [None req-27008e74-67fb-4c58-8814-1fab441446ab c095466827794d9e94c58189e8432339 7ac1058845c044bdb937971a0de21b03 - - - -] Unable to schedule network 81d19ba1-c32d-410a-a286-497cc692b8ca: no agents available; will retry on subsequent port and subnet creation events.
2026-07-08 16:38:49.273 10 INFO neutron.db.ovn_revision_numbers_db [None req-27008e74-67fb-4c58-8814-1fab441446ab c095466827794d9e94c58189e8432339 7ac1058845c044bdb937971a0de21b03 - - - -] Successfully bumped revision number for resource f1b256f8-6a33-48e1-b880-08a8e55c6160 (type: subnets) to 0
2026-07-08 16:38:49.297 10 WARNING neutron.scheduler.dhcp_agent_scheduler [None req-27008e74-67fb-4c58-8814-1fab441446ab c095466827794d9e94c58189e8432339 7ac1058845c044bdb937971a0de21b03 - - - -] No more DHCP agents
2026-07-08 16:38:49.299 10 WARNING neutron.api.rpc.agentnotifiers.dhcp_rpc_agent_api [None req-27008e74-67fb-4c58-8814-1fab441446ab c095466827794d9e94c58189e8432339 7ac1058845c044bdb937971a0de21b03 - - - -] Unable to schedule network 7d83da2d-9fae-4bea-ba49-2abbe2200fe1: no agents available; will retry on subsequent port and subnet creation events.
2026-07-08 16:38:49.311 10 INFO neutron.db.ovn_revision_numbers_db [None req-27008e74-67fb-4c58-8814-1fab441446ab c095466827794d9e94c58189e8432339 7ac1058845c044bdb937971a0de21b03 - - - -] Successfully bumped revision number for resource ccb59413-6da3-49f2-8642-0eaa4ca693eb (type: subnets) to 0
2026-07-08 16:38:49.324 10 INFO neutron.wsgi [None req-27008e74-67fb-4c58-8814-1fab441446ab c095466827794d9e94c58189e8432339 7ac1058845c044bdb937971a0de21b03 - - - -] 10.0.0.81 "POST /v2.0/subnets HTTP/1.1" status: 201 len: 1475 time: 0.5977829
2026-07-08 16:38:49.384 10 INFO neutron.wsgi [None req-97b8be69-77ec-4e66-8b14-dbe66a3923f7 c095466827794d9e94c58189e8432339 7ac1058845c044bdb937971a0de21b03 - - default default] 10.0.0.81 "GET /v2.0/subnets HTTP/1.1" status: 200 len: 2083 time: 0.0544305
2026-07-08 16:38:49.401 9 INFO neutron.wsgi [None req-2fd1e38a-ab15-48cc-a8d6-65eacf168662 a2344dcdbba54d91aa5b7fea89746b0a 43d05604a8f34f1597c38aee5b2606dc - - - -] 10.0.0.81 "DELETE /v2.0/subnets/69f55f3a-0aff-4925-98b7-8859d7d254b9 HTTP/1.1" status: 204 len: 168 time: 0.2217474
2026-07-08 16:38:49.544 10 INFO neutron.wsgi [None req-7d04f7db-9a89-43c5-9891-eefa852a65bb c095466827794d9e94c58189e8432339 7ac1058845c044bdb937971a0de21b03 - - - -] 10.0.0.81 "DELETE /v2.0/subnets/f1b256f8-6a33-48e1-b880-08a8e55c6160 HTTP/1.1" status: 204 len: 168 time: 0.1485991
2026-07-08 16:38:49.660 9 INFO neutron.wsgi [None req-1fb0c6dc-3806-439b-af1a-6e1ebb023a8d a2344dcdbba54d91aa5b7fea89746b0a 43d05604a8f34f1597c38aee5b2606dc - - - -] 10.0.0.81 "DELETE /v2.0/subnets/221ea485-ef81-4941-ab15-b499890633fd HTTP/1.1" status: 204 len: 168 time: 0.2503958
2026-07-08 16:38:49.748 10 INFO neutron.wsgi [None req-98e7c930-968f-4287-8962-bbce472eaccb c095466827794d9e94c58189e8432339 7ac1058845c044bdb937971a0de21b03 - - - -] 10.0.0.81 "DELETE /v2.0/subnets/ccb59413-6da3-49f2-8642-0eaa4ca693eb HTTP/1.1" status: 204 len: 168 time: 0.1988218
2026-07-08 16:38:49.805 10 INFO neutron.wsgi [None req-f66a0d86-71df-485c-a818-0a4f94f0859c c095466827794d9e94c58189e8432339 7ac1058845c044bdb937971a0de21b03 - - default default] 10.0.0.81 "GET /v2.0/subnets HTTP/1.1" status: 200 len: 820 time: 0.0500836
2026-07-08 16:38:50.162 10 INFO neutron.services.segments.plugin [-] Segment 2bfe8146-1376-4d03-86f4-24dc2b6bbe59 resource provider aggregate not found
2026-07-08 16:38:50.168 10 INFO neutron.services.segments.plugin [-] Segment 2bfe8146-1376-4d03-86f4-24dc2b6bbe59 resource provider aggregate not found
2026-07-08 16:38:50.198 10 INFO neutron.services.segments.plugin [-] Segment 2bfe8146-1376-4d03-86f4-24dc2b6bbe59 resource provider not found; error: Placement Client Error (4xx): {"errors": [{"status": 404, "title": "Not Found", "detail": "The resource could not be found.\n\n No resource provider with uuid 2bfe8146-1376-4d03-86f4-24dc2b6bbe59 found for delete ", "request_id": "req-b5ec929b-2b3a-4bb1-9846-f6ef9d92c6e5"}]}
2026-07-08 16:38:50.200 10 INFO neutron.services.segments.plugin [-] Segment 2bfe8146-1376-4d03-86f4-24dc2b6bbe59 resource provider not found; error: Placement Client Error (4xx): {"errors": [{"status": 404, "title": "Not Found", "detail": "The resource could not be found.\n\n No resource provider with uuid 2bfe8146-1376-4d03-86f4-24dc2b6bbe59 found for delete ", "request_id": "req-77b1697d-869f-42d4-906e-1b8208e98cef"}]}
2026-07-08 16:38:50.229 10 INFO neutron.wsgi [None req-af233424-87b7-4e8f-9d0b-57d90d270bf3 a2344dcdbba54d91aa5b7fea89746b0a 43d05604a8f34f1597c38aee5b2606dc - - - -] 10.0.0.81 "DELETE /v2.0/networks/0c924438-ae56-42f5-ace3-03948e77102e HTTP/1.1" status: 204 len: 168 time: 0.5626721
2026-07-08 16:38:50.391 10 INFO neutron.wsgi [None req-3cba3238-13f9-4e36-a980-c5b26446066a c095466827794d9e94c58189e8432339 7ac1058845c044bdb937971a0de21b03 - - - -] 10.0.0.81 "DELETE /v2.0/networks/7d83da2d-9fae-4bea-ba49-2abbe2200fe1 HTTP/1.1" status: 204 len: 168 time: 0.5775554
2026-07-08 16:38:50.432 9 INFO neutron.wsgi [None req-d63e6ef2-2890-4938-8eec-a272956faa26 9cd5ec997f39428da6809704e177ebba 0209aba3cb54462dad77a8ef62be4cb9 - - - -] 10.0.0.81 "PUT /v2.0/routers/7f84d8b1-1a92-4bb9-ab5a-a96afd486cee/remove_router_interface HTTP/1.1" status: 200 len: 503 time: 1.1420801 /var/lib/openstack/lib/python3.10/site-packages/pycadf/identifier.py:71: UserWarning: Invalid uuid: neutron. To ensure interoperability, identifiers should be a valid uuid. warnings.warn(('Invalid uuid: %s. To ensure interoperability, '
2026-07-08 16:38:51.099 10 INFO neutron.wsgi [None req-12b6673b-9797-4aeb-8372-da5c3915b947 a2344dcdbba54d91aa5b7fea89746b0a 43d05604a8f34f1597c38aee5b2606dc - - - -] 10.0.0.81 "DELETE /v2.0/networks/e23b7794-9c9d-479a-b2c5-36ceb3d32ba5 HTTP/1.1" status: 204 len: 168 time: 0.8607829
2026-07-08 16:38:51.233 10 INFO neutron.db.segments_db [None req-ecbe7857-0c13-422c-87c6-8c5f4a2a3142 a2344dcdbba54d91aa5b7fea89746b0a 43d05604a8f34f1597c38aee5b2606dc - - - -] Added segment 62165fce-83f9-461a-98df-ab4a695319e8 of type geneve for network f5cc4d10-088f-4466-a827-ef0e5ff89427
2026-07-08 16:38:51.282 10 INFO neutron.wsgi [None req-d2957007-cff8-49f7-8afa-2e799b421b30 c095466827794d9e94c58189e8432339 7ac1058845c044bdb937971a0de21b03 - - - -] 10.0.0.81 "DELETE /v2.0/networks/81d19ba1-c32d-410a-a286-497cc692b8ca HTTP/1.1" status: 204 len: 168 time: 0.8723621
2026-07-08 16:38:51.364 10 WARNING neutron.plugins.ml2.drivers.ovn.mech_driver.ovsdb.ovn_client [None req-ea1f4eae-111f-47cb-8abc-10c4d7819cea - - - - - -] No port found with ID 4a978528-89a8-4c16-b088-4a7661a459b0: RuntimeError: No port found with ID 4a978528-89a8-4c16-b088-4a7661a459b0
2026-07-08 16:38:51.405 10 INFO neutron.plugins.ml2.drivers.ovn.mech_driver.mech_driver [None req-ea1f4eae-111f-47cb-8abc-10c4d7819cea - - - - - -] OVN reports status down for port: 338582bb-63bd-404f-a593-28c7926f29a4
2026-07-08 16:38:51.417 9 INFO neutron.wsgi [None req-5f3d0dca-cff6-4669-96e4-1df7cad1c014 9cd5ec997f39428da6809704e177ebba 0209aba3cb54462dad77a8ef62be4cb9 - - - -] 10.0.0.81 "DELETE /v2.0/routers/7f84d8b1-1a92-4bb9-ab5a-a96afd486cee HTTP/1.1" status: 204 len: 168 time: 0.9754984 /var/lib/openstack/lib/python3.10/site-packages/pycadf/identifier.py:71: UserWarning: Invalid uuid: neutron. To ensure interoperability, identifiers should be a valid uuid. warnings.warn(('Invalid uuid: %s. To ensure interoperability, '
2026-07-08 16:38:51.481 10 INFO neutron.db.ovn_revision_numbers_db [None req-ecbe7857-0c13-422c-87c6-8c5f4a2a3142 a2344dcdbba54d91aa5b7fea89746b0a 43d05604a8f34f1597c38aee5b2606dc - - - -] Successfully bumped revision number for resource f5cc4d10-088f-4466-a827-ef0e5ff89427 (type: networks) to 1
2026-07-08 16:38:51.711 10 WARNING neutron.scheduler.dhcp_agent_scheduler [None req-ecbe7857-0c13-422c-87c6-8c5f4a2a3142 a2344dcdbba54d91aa5b7fea89746b0a 43d05604a8f34f1597c38aee5b2606dc - - - -] No more DHCP agents
2026-07-08 16:38:51.713 10 WARNING neutron.api.rpc.agentnotifiers.dhcp_rpc_agent_api [None req-ecbe7857-0c13-422c-87c6-8c5f4a2a3142 a2344dcdbba54d91aa5b7fea89746b0a 43d05604a8f34f1597c38aee5b2606dc - - - -] Unable to schedule network f5cc4d10-088f-4466-a827-ef0e5ff89427: no agents available; will retry on subsequent port and subnet creation events.
2026-07-08 16:38:51.736 9 INFO neutron.services.segments.plugin [-] Segment ebc9e8fd-85c4-4b49-a8a8-a445296c8a26 resource provider aggregate not found
2026-07-08 16:38:51.736 10 INFO neutron.wsgi [None req-db319c8e-e936-4aac-8be7-9c4eafb7911a 9cd5ec997f39428da6809704e177ebba 0209aba3cb54462dad77a8ef62be4cb9 - - - -] 10.0.0.81 "DELETE /v2.0/subnets/7568a891-4b4b-4a66-b539-37dcabb81335 HTTP/1.1" status: 204 len: 168 time: 0.3053882
2026-07-08 16:38:51.740 9 INFO neutron.services.segments.plugin [-] Segment ebc9e8fd-85c4-4b49-a8a8-a445296c8a26 resource provider aggregate not found
2026-07-08 16:38:51.767 9 INFO neutron.services.segments.plugin [-] Segment ebc9e8fd-85c4-4b49-a8a8-a445296c8a26 resource provider not found; error: Placement Client Error (4xx): {"errors": [{"status": 404, "title": "Not Found", "detail": "The resource could not be found.\n\n No resource provider with uuid ebc9e8fd-85c4-4b49-a8a8-a445296c8a26 found for delete ", "request_id": "req-63541d4d-53b6-4cee-a46b-e1db67d33e85"}]}
2026-07-08 16:38:51.769 9 INFO neutron.services.segments.plugin [-] Segment ebc9e8fd-85c4-4b49-a8a8-a445296c8a26 resource provider not found; error: Placement Client Error (4xx): {"errors": [{"status": 404, "title": "Not Found", "detail": "The resource could not be found.\n\n No resource provider with uuid ebc9e8fd-85c4-4b49-a8a8-a445296c8a26 found for delete ", "request_id": "req-f1ebf17f-8e8b-4ab2-9e06-9b4a59f7e021"}]}
2026-07-08 16:38:51.787 9 INFO neutron.wsgi [None req-71fcb6ed-765d-4998-96ee-a63ed7184a37 c095466827794d9e94c58189e8432339 7ac1058845c044bdb937971a0de21b03 - - - -] 10.0.0.81 "DELETE /v2.0/networks/9cc79508-d59d-497e-860c-c6338cc719a8 HTTP/1.1" status: 204 len: 168 time: 0.4984553
2026-07-08 16:38:51.871 10 INFO neutron.db.ovn_revision_numbers_db [None req-ecbe7857-0c13-422c-87c6-8c5f4a2a3142 a2344dcdbba54d91aa5b7fea89746b0a 43d05604a8f34f1597c38aee5b2606dc - - - -] Successfully bumped revision number for resource 39524c21-8456-45a3-899a-697a1c1cc7ae (type: ports) to 1
2026-07-08 16:38:51.906 10 INFO neutron.wsgi [None req-ecbe7857-0c13-422c-87c6-8c5f4a2a3142 a2344dcdbba54d91aa5b7fea89746b0a 43d05604a8f34f1597c38aee5b2606dc - - - -] 10.0.0.81 "POST /v2.0/networks HTTP/1.1" status: 201 len: 833 time: 0.7990456
2026-07-08 16:38:52.184 9 WARNING neutron.scheduler.dhcp_agent_scheduler [None req-202fd495-429a-441c-a5c0-f98dfc55509d a2344dcdbba54d91aa5b7fea89746b0a 43d05604a8f34f1597c38aee5b2606dc - - - -] No more DHCP agents
2026-07-08 16:38:52.186 9 WARNING neutron.api.rpc.agentnotifiers.dhcp_rpc_agent_api [None req-202fd495-429a-441c-a5c0-f98dfc55509d a2344dcdbba54d91aa5b7fea89746b0a 43d05604a8f34f1597c38aee5b2606dc - - - -] Unable to schedule network f5cc4d10-088f-4466-a827-ef0e5ff89427: no agents available; will retry on subsequent port and subnet creation events.
2026-07-08 16:38:52.200 9 INFO neutron.db.ovn_revision_numbers_db [None req-202fd495-429a-441c-a5c0-f98dfc55509d a2344dcdbba54d91aa5b7fea89746b0a 43d05604a8f34f1597c38aee5b2606dc - - - -] Successfully bumped revision number for resource a9242334-d948-4a24-a76f-160bdd5b160d (type: subnets) to 0
2026-07-08 16:38:52.214 9 INFO neutron.wsgi [None req-202fd495-429a-441c-a5c0-f98dfc55509d a2344dcdbba54d91aa5b7fea89746b0a 43d05604a8f34f1597c38aee5b2606dc - - - -] 10.0.0.81 "POST /v2.0/subnets HTTP/1.1" status: 201 len: 821 time: 0.3019984
2026-07-08 16:38:52.240 10 INFO neutron.services.segments.plugin [-] Segment 110cd189-11c9-4318-a133-30dafd3fa00b resource provider aggregate not found
2026-07-08 16:38:52.246 10 INFO neutron.services.segments.plugin [-] Segment 110cd189-11c9-4318-a133-30dafd3fa00b resource provider aggregate not found
2026-07-08 16:38:52.271 10 INFO neutron.services.segments.plugin [-] Segment 110cd189-11c9-4318-a133-30dafd3fa00b resource provider not found; error: Placement Client Error (4xx): {"errors": [{"status": 404, "title": "Not Found", "detail": "The resource could not be found.\n\n No resource provider with uuid 110cd189-11c9-4318-a133-30dafd3fa00b found for delete ", "request_id": "req-09474343-3fbf-48be-8b91-85c7bc414442"}]}
2026-07-08 16:38:52.280 10 INFO neutron.services.segments.plugin [-] Segment 110cd189-11c9-4318-a133-30dafd3fa00b resource provider not found; error: Placement Client Error (4xx): {"errors": [{"status": 404, "title": "Not Found", "detail": "The resource could not be found.\n\n No resource provider with uuid 110cd189-11c9-4318-a133-30dafd3fa00b found for delete ", "request_id": "req-355913dd-d443-439a-aaf7-7903870b629c"}]}
2026-07-08 16:38:52.298 10 INFO neutron.services.segments.plugin [-] Segment 56cbe476-799e-4375-8ea4-3af82f9c4733 resource provider aggregate not found
2026-07-08 16:38:52.328 10 INFO neutron.services.segments.plugin [-] Segment 56cbe476-799e-4375-8ea4-3af82f9c4733 resource provider not found; error: Placement Client Error (4xx): {"errors": [{"status": 404, "title": "Not Found", "detail": "The resource could not be found.\n\n No resource provider with uuid 56cbe476-799e-4375-8ea4-3af82f9c4733 found for delete ", "request_id": "req-98570470-f339-4be9-b40e-adbe2a426550"}]}
2026-07-08 16:38:52.344 10 INFO neutron.services.segments.plugin [-] Segment 56cbe476-799e-4375-8ea4-3af82f9c4733 resource provider aggregate not found
2026-07-08 16:38:52.369 10 INFO neutron.services.segments.plugin [-] Segment 90342122-5644-484c-bedd-e69d8a330d00 resource provider aggregate not found
2026-07-08 16:38:52.378 10 INFO neutron.services.segments.plugin [-] Segment 56cbe476-799e-4375-8ea4-3af82f9c4733 resource provider not found; error: Placement Client Error (4xx): {"errors": [{"status": 404, "title": "Not Found", "detail": "The resource could not be found.\n\n No resource provider with uuid 56cbe476-799e-4375-8ea4-3af82f9c4733 found for delete ", "request_id": "req-5f385396-49de-4e09-b796-a5cb9c59b0f6"}]}
2026-07-08 16:38:52.401 9 INFO neutron.db.ovn_revision_numbers_db [None req-e9b91272-bd6d-4aaa-b9ef-814f5b13e365 a2344dcdbba54d91aa5b7fea89746b0a 43d05604a8f34f1597c38aee5b2606dc - - - -] Successfully bumped revision number for resource 02a640ed-0af9-434c-b66b-a8fa2fec1c59 (type: routers) to 1
2026-07-08 16:38:52.413 10 INFO neutron.services.segments.plugin [-] Segment 90342122-5644-484c-bedd-e69d8a330d00 resource provider not found; error: Placement Client Error (4xx): {"errors": [{"status": 404, "title": "Not Found", "detail": "The resource could not be found.\n\n No resource provider with uuid 90342122-5644-484c-bedd-e69d8a330d00 found for delete ", "request_id": "req-84a0a32c-b2e1-40dd-a97f-30463134df59"}]}
2026-07-08 16:38:52.416 10 INFO neutron.services.segments.plugin [-] Segment 90342122-5644-484c-bedd-e69d8a330d00 resource provider aggregate not found
2026-07-08 16:38:52.424 9 INFO neutron.wsgi [None req-e9b91272-bd6d-4aaa-b9ef-814f5b13e365 a2344dcdbba54d91aa5b7fea89746b0a 43d05604a8f34f1597c38aee5b2606dc - - - -] 10.0.0.81 "POST /v2.0/routers HTTP/1.1" status: 201 len: 691 time: 0.2047904
2026-07-08 16:38:52.437 10 INFO neutron.services.segments.plugin [-] Segment 90342122-5644-484c-bedd-e69d8a330d00 resource provider not found; error: Placement Client Error (4xx): {"errors": [{"status": 404, "title": "Not Found", "detail": "The resource could not be found.\n\n No resource provider with uuid 90342122-5644-484c-bedd-e69d8a330d00 found for delete ", "request_id": "req-4279051c-11cd-4a63-b542-2fde00b98775"}]}
2026-07-08 16:38:52.492 10 INFO neutron.wsgi [None req-e072ac1e-e0c7-45e8-bc46-48d5189367f0 9cd5ec997f39428da6809704e177ebba 0209aba3cb54462dad77a8ef62be4cb9 - - - -] 10.0.0.81 "DELETE /v2.0/networks/0df34948-a64c-47ff-ba8e-e89a3d37db1b HTTP/1.1" status: 204 len: 168 time: 0.7472596
2026-07-08 16:38:52.519 10 INFO neutron.wsgi [None req-ad56f233-a865-42de-8bbc-6a97a98eaed0 c095466827794d9e94c58189e8432339 7ac1058845c044bdb937971a0de21b03 - - - -] 10.0.0.81 "DELETE /v2.0/networks/cebcee3a-2481-4888-b320-655cf3d12c4c HTTP/1.1" status: 204 len: 168 time: 0.7149251
2026-07-08 16:38:52.715 10 INFO neutron.wsgi [None req-e51224f7-758c-4f5d-8f2d-2eef60a6b3c1 9cd5ec997f39428da6809704e177ebba 0209aba3cb54462dad77a8ef62be4cb9 - - default default] 10.0.0.81 "GET /v2.0/security-groups?tenant_id=2a96256d1b144fa0b2b5ee25f1ab0c29&name=default HTTP/1.1" status: 200 len: 2996 time: 0.0418539
2026-07-08 16:38:52.788 9 WARNING neutron.scheduler.dhcp_agent_scheduler [None req-a896b871-1ada-4843-8d3d-f3cddcbe524c a2344dcdbba54d91aa5b7fea89746b0a 43d05604a8f34f1597c38aee5b2606dc - - - -] No more DHCP agents
2026-07-08 16:38:52.791 9 WARNING neutron.api.rpc.agentnotifiers.dhcp_rpc_agent_api [None req-a896b871-1ada-4843-8d3d-f3cddcbe524c a2344dcdbba54d91aa5b7fea89746b0a 43d05604a8f34f1597c38aee5b2606dc - - - -] Unable to schedule network f5cc4d10-088f-4466-a827-ef0e5ff89427: no agents available; will retry on subsequent port and subnet creation events.
2026-07-08 16:38:52.893 9 INFO neutron.db.ovn_revision_numbers_db [None req-a896b871-1ada-4843-8d3d-f3cddcbe524c a2344dcdbba54d91aa5b7fea89746b0a 43d05604a8f34f1597c38aee5b2606dc - - - -] Successfully bumped revision number for resource 8dbcff2f-3dae-4630-b961-8a055c57b09b (type: ports) to 1
2026-07-08 16:38:52.922 9 INFO neutron.wsgi [None req-a896b871-1ada-4843-8d3d-f3cddcbe524c a2344dcdbba54d91aa5b7fea89746b0a 43d05604a8f34f1597c38aee5b2606dc - - - -] 10.0.0.81 "POST /v2.0/ports HTTP/1.1" status: 201 len: 1157 time: 0.4923952 /var/lib/openstack/lib/python3.10/site-packages/pycadf/identifier.py:71: UserWarning: Invalid uuid: neutron. To ensure interoperability, identifiers should be a valid uuid. warnings.warn(('Invalid uuid: %s. To ensure interoperability, '
2026-07-08 16:38:52.947 10 INFO neutron.wsgi [None req-d5313b05-45c2-4845-9d84-98adc893eb2b 9cd5ec997f39428da6809704e177ebba 0209aba3cb54462dad77a8ef62be4cb9 - - - -] 10.0.0.81 "DELETE /v2.0/security-groups/58c88801-35e3-4470-b6f1-6ac23c7de3fb HTTP/1.1" status: 204 len: 168 time: 0.2279797
2026-07-08 16:38:53.340 10 INFO neutron.wsgi [None req-9e2232ad-389d-4ab0-9880-a4b0dc710ea4 9cd5ec997f39428da6809704e177ebba 0209aba3cb54462dad77a8ef62be4cb9 - - default default] 10.0.0.81 "GET /v2.0/security-groups?tenant_id=7ac1058845c044bdb937971a0de21b03&name=default HTTP/1.1" status: 200 len: 2996 time: 0.2739151
2026-07-08 16:38:53.377 9 INFO neutron.plugins.ml2.drivers.ovn.mech_driver.mech_driver [None req-0ea90c41-27ca-4959-b11b-19d1de53a0c7 - - - - - -] OVN reports status up for port: 8dbcff2f-3dae-4630-b961-8a055c57b09b
2026-07-08 16:38:53.386 9 INFO neutron.db.ovn_revision_numbers_db [None req-a8c5b0a4-318d-478c-8030-dc715d360e4a a2344dcdbba54d91aa5b7fea89746b0a 43d05604a8f34f1597c38aee5b2606dc - - default default] Successfully bumped revision number for resource 8dbcff2f-3dae-4630-b961-8a055c57b09b (type: router_ports) to 2
2026-07-08 16:38:53.387 9 INFO neutron.plugins.ml2.plugin [None req-0ea90c41-27ca-4959-b11b-19d1de53a0c7 - - - - - -] Attempt 1 to provision port 8dbcff2f-3dae-4630-b961-8a055c57b09b
2026-07-08 16:38:53.542 10 INFO neutron.wsgi [None req-5a8df965-00e2-49c1-bb25-7bec43853a81 9cd5ec997f39428da6809704e177ebba 0209aba3cb54462dad77a8ef62be4cb9 - - - -] 10.0.0.81 "DELETE /v2.0/security-groups/3774edba-e894-484f-881b-0ec5462721e3 HTTP/1.1" status: 204 len: 168 time: 0.1964207
2026-07-08 16:38:53.553 9 INFO neutron.db.ovn_revision_numbers_db [None req-a8c5b0a4-318d-478c-8030-dc715d360e4a a2344dcdbba54d91aa5b7fea89746b0a 43d05604a8f34f1597c38aee5b2606dc - - default default] Successfully bumped revision number for resource 8dbcff2f-3dae-4630-b961-8a055c57b09b (type: ports) to 2
2026-07-08 16:38:53.769 9 INFO neutron.db.ovn_revision_numbers_db [None req-0ea90c41-27ca-4959-b11b-19d1de53a0c7 - - - - - -] Successfully bumped revision number for resource 8dbcff2f-3dae-4630-b961-8a055c57b09b (type: ports) to 3
2026-07-08 16:38:54.165 9 INFO neutron.db.ovn_revision_numbers_db [None req-0ea90c41-27ca-4959-b11b-19d1de53a0c7 - - - - - -] Successfully bumped revision number for resource 8dbcff2f-3dae-4630-b961-8a055c57b09b (type: router_ports) to 3
2026-07-08 16:38:54.397 9 INFO neutron.db.ovn_revision_numbers_db [None req-a8c5b0a4-318d-478c-8030-dc715d360e4a a2344dcdbba54d91aa5b7fea89746b0a 43d05604a8f34f1597c38aee5b2606dc - - default default] Successfully bumped revision number for resource 8dbcff2f-3dae-4630-b961-8a055c57b09b (type: ports) to 4
2026-07-08 16:38:54.435 10 INFO neutron.services.segments.plugin [-] Segment 1daf080b-4981-4ad4-89a0-71f310a2cd4c resource provider aggregate not found
