2026-07-08 16:37:42.427 10 INFO neutron.db.ovn_revision_numbers_db [None req-5b84dddc-fc0b-4f17-b298-9efc657d7efb 9cd5ec997f39428da6809704e177ebba 0209aba3cb54462dad77a8ef62be4cb9 - - default default] Successfully bumped revision number for resource 9029e217-1453-4ad7-be1c-c75af375651b (type: router_ports) to 2
2026-07-08 16:37:42.513 9 INFO neutron.db.ovn_revision_numbers_db [None req-603a7580-d675-4497-92d7-32daa3fbbae6 9cd5ec997f39428da6809704e177ebba 0209aba3cb54462dad77a8ef62be4cb9 - - default default] Successfully bumped revision number for resource dbec1de5-56a8-40df-83fa-bc041369a19f (type: router_ports) to 2
2026-07-08 16:37:42.669 9 INFO neutron.plugins.ml2.drivers.ovn.mech_driver.mech_driver [None req-0ea90c41-27ca-4959-b11b-19d1de53a0c7 - - - - - -] OVN reports status up for port: fcfe8ab7-ef0b-4846-953b-be4e3c109c79
2026-07-08 16:37:42.677 10 INFO neutron.db.ovn_revision_numbers_db [None req-5b84dddc-fc0b-4f17-b298-9efc657d7efb 9cd5ec997f39428da6809704e177ebba 0209aba3cb54462dad77a8ef62be4cb9 - - default default] Successfully bumped revision number for resource 9029e217-1453-4ad7-be1c-c75af375651b (type: ports) to 2
2026-07-08 16:37:42.700 9 INFO neutron.plugins.ml2.plugin [None req-0ea90c41-27ca-4959-b11b-19d1de53a0c7 - - - - - -] Attempt 1 to provision port fcfe8ab7-ef0b-4846-953b-be4e3c109c79
2026-07-08 16:37:42.937 9 INFO neutron.db.ovn_revision_numbers_db [None req-8110ff08-c6bf-4939-88e3-ba1bb3375dfe - - - - - -] Successfully bumped revision number for resource 55808c1f-cb72-4ff6-9917-1515464a9779 (type: router_ports) to 4
2026-07-08 16:37:42.941 9 INFO neutron.db.ovn_revision_numbers_db [None req-603a7580-d675-4497-92d7-32daa3fbbae6 9cd5ec997f39428da6809704e177ebba 0209aba3cb54462dad77a8ef62be4cb9 - - default default] Successfully bumped revision number for resource dbec1de5-56a8-40df-83fa-bc041369a19f (type: ports) to 2
2026-07-08 16:37:42.975 9 INFO neutron.plugins.ml2.drivers.ovn.mech_driver.ovsdb.ovsdb_monitor [None req-8110ff08-c6bf-4939-88e3-ba1bb3375dfe - - - - - -] Router d8ab2020-a58a-4251-bab5-4e4ced01e40d is bound to host instance
2026-07-08 16:37:43.029 10 WARNING neutron.scheduler.dhcp_agent_scheduler [None req-5b84dddc-fc0b-4f17-b298-9efc657d7efb 9cd5ec997f39428da6809704e177ebba 0209aba3cb54462dad77a8ef62be4cb9 - - default default] No more DHCP agents
2026-07-08 16:37:43.041 10 WARNING neutron.api.rpc.agentnotifiers.dhcp_rpc_agent_api [None req-5b84dddc-fc0b-4f17-b298-9efc657d7efb 9cd5ec997f39428da6809704e177ebba 0209aba3cb54462dad77a8ef62be4cb9 - - default default] Unable to schedule network 6edec9a4-7671-494d-8750-fd7abe6a0639: no agents available; will retry on subsequent port and subnet creation events.
2026-07-08 16:37:43.073 9 WARNING neutron.scheduler.dhcp_agent_scheduler [None req-603a7580-d675-4497-92d7-32daa3fbbae6 9cd5ec997f39428da6809704e177ebba 0209aba3cb54462dad77a8ef62be4cb9 - - default default] No more DHCP agents
2026-07-08 16:37:43.079 9 WARNING neutron.api.rpc.agentnotifiers.dhcp_rpc_agent_api [None req-603a7580-d675-4497-92d7-32daa3fbbae6 9cd5ec997f39428da6809704e177ebba 0209aba3cb54462dad77a8ef62be4cb9 - - default default] Unable to schedule network 60fb76df-5cee-4a98-916d-1202861b8196: no agents available; will retry on subsequent port and subnet creation events.
2026-07-08 16:37:43.512 9 INFO neutron.db.ovn_revision_numbers_db [None req-7d1c6659-ce4d-4455-942e-8ac6c7bae348 9cd5ec997f39428da6809704e177ebba 0209aba3cb54462dad77a8ef62be4cb9 - - default default] Successfully bumped revision number for resource 0207e90f-3d6d-4262-9175-054fa78a729a (type: router_ports) to 2
2026-07-08 16:37:43.600 10 INFO neutron.db.ovn_revision_numbers_db [None req-95bdc3c1-47cb-471b-9bba-1c584b11c933 - - - - - -] Successfully bumped revision number for resource fcfe8ab7-ef0b-4846-953b-be4e3c109c79 (type: ports) to 1
2026-07-08 16:37:43.761 9 INFO neutron.db.ovn_revision_numbers_db [None req-7d1c6659-ce4d-4455-942e-8ac6c7bae348 9cd5ec997f39428da6809704e177ebba 0209aba3cb54462dad77a8ef62be4cb9 - - default default] Successfully bumped revision number for resource 0207e90f-3d6d-4262-9175-054fa78a729a (type: ports) to 2
2026-07-08 16:37:43.902 10 INFO neutron.db.ovn_revision_numbers_db [None req-3ae32e23-1833-4714-9f88-65cadd01dcc5 9cd5ec997f39428da6809704e177ebba 0209aba3cb54462dad77a8ef62be4cb9 - - - -] Successfully bumped revision number for resource b8d45727-b23a-4884-b4c8-25406e5e7123 (type: router_ports) to 2
2026-07-08 16:37:43.904 10 INFO neutron.wsgi [None req-3ae32e23-1833-4714-9f88-65cadd01dcc5 9cd5ec997f39428da6809704e177ebba 0209aba3cb54462dad77a8ef62be4cb9 - - - -] 10.0.0.81 "PUT /v2.0/routers/1bf51539-4382-444c-8b92-10c11b1ed8ef/add_router_interface HTTP/1.1" status: 200 len: 503 time: 4.8856053
2026-07-08 16:37:43.906 10 INFO neutron.plugins.ml2.drivers.ovn.mech_driver.mech_driver [None req-ea1f4eae-111f-47cb-8abc-10c4d7819cea - - - - - -] OVN reports status up for port: 9029e217-1453-4ad7-be1c-c75af375651b
2026-07-08 16:37:43.924 10 INFO neutron.plugins.ml2.plugin [None req-ea1f4eae-111f-47cb-8abc-10c4d7819cea - - - - - -] Attempt 1 to provision port 9029e217-1453-4ad7-be1c-c75af375651b
2026-07-08 16:37:43.938 9 WARNING neutron.scheduler.dhcp_agent_scheduler [None req-7d1c6659-ce4d-4455-942e-8ac6c7bae348 9cd5ec997f39428da6809704e177ebba 0209aba3cb54462dad77a8ef62be4cb9 - - default default] No more DHCP agents
2026-07-08 16:37:43.941 9 WARNING neutron.api.rpc.agentnotifiers.dhcp_rpc_agent_api [None req-7d1c6659-ce4d-4455-942e-8ac6c7bae348 9cd5ec997f39428da6809704e177ebba 0209aba3cb54462dad77a8ef62be4cb9 - - default default] Unable to schedule network 92ff69d2-097f-457b-960f-6c2df7acf65b: no agents available; will retry on subsequent port and subnet creation events.
2026-07-08 16:37:44.044 9 INFO neutron.db.ovn_revision_numbers_db [None req-8110ff08-c6bf-4939-88e3-ba1bb3375dfe - - - - - -] Successfully bumped revision number for resource e604930a-4c3a-4820-9db3-7a2950710682 (type: ports) to 1
2026-07-08 16:37:44.316 10 INFO neutron.db.ovn_revision_numbers_db [None req-95bdc3c1-47cb-471b-9bba-1c584b11c933 - - - - - -] Successfully bumped revision number for resource fcfe8ab7-ef0b-4846-953b-be4e3c109c79 (type: router_ports) to 3
2026-07-08 16:37:44.566 10 INFO neutron.db.ovn_revision_numbers_db [None req-ea1f4eae-111f-47cb-8abc-10c4d7819cea - - - - - -] Successfully bumped revision number for resource 9029e217-1453-4ad7-be1c-c75af375651b (type: ports) to 3
2026-07-08 16:37:44.574 10 INFO neutron.db.ovn_revision_numbers_db [None req-95bdc3c1-47cb-471b-9bba-1c584b11c933 - - - - - -] Successfully bumped revision number for resource fcfe8ab7-ef0b-4846-953b-be4e3c109c79 (type: ports) to 2
2026-07-08 16:37:44.655 9 INFO neutron.db.ovn_revision_numbers_db [None req-603a7580-d675-4497-92d7-32daa3fbbae6 9cd5ec997f39428da6809704e177ebba 0209aba3cb54462dad77a8ef62be4cb9 - - - -] Successfully bumped revision number for resource dbec1de5-56a8-40df-83fa-bc041369a19f (type: router_ports) to 2
2026-07-08 16:37:44.658 9 INFO neutron.wsgi [None req-603a7580-d675-4497-92d7-32daa3fbbae6 9cd5ec997f39428da6809704e177ebba 0209aba3cb54462dad77a8ef62be4cb9 - - - -] 10.0.0.81 "PUT /v2.0/routers/bbf62e3c-5df0-4930-86ea-a767c7fa2f38/add_router_interface HTTP/1.1" status: 200 len: 503 time: 4.2164457
2026-07-08 16:37:44.716 10 INFO neutron.db.ovn_revision_numbers_db [None req-133d3e51-9c06-43de-bd00-c56fd5a8db41 9b04416b3e664be085ff99bb029060d0 bebee10da6f647dfa1c0fc046799bf42 - - - -] Successfully bumped revision number for resource 87b0912f-9801-426c-a744-71124b59fd1b (type: security_groups) to 1
2026-07-08 16:37:44.727 10 INFO neutron.db.ovn_revision_numbers_db [None req-5b84dddc-fc0b-4f17-b298-9efc657d7efb 9cd5ec997f39428da6809704e177ebba 0209aba3cb54462dad77a8ef62be4cb9 - - - -] Successfully bumped revision number for resource 9029e217-1453-4ad7-be1c-c75af375651b (type: router_ports) to 2
2026-07-08 16:37:44.729 10 INFO neutron.wsgi [None req-5b84dddc-fc0b-4f17-b298-9efc657d7efb 9cd5ec997f39428da6809704e177ebba 0209aba3cb54462dad77a8ef62be4cb9 - - - -] 10.0.0.81 "PUT /v2.0/routers/4ac6b9a0-8a3f-4b58-9ac0-de00b4121000/add_router_interface HTTP/1.1" status: 200 len: 503 time: 4.4865360
2026-07-08 16:37:44.756 10 INFO neutron.wsgi [None req-133d3e51-9c06-43de-bd00-c56fd5a8db41 9b04416b3e664be085ff99bb029060d0 bebee10da6f647dfa1c0fc046799bf42 - - - -] 10.0.0.81 "POST /v2.0/security-groups HTTP/1.1" status: 201 len: 1795 time: 0.3142066
2026-07-08 16:37:44.768 9 INFO neutron.db.ovn_revision_numbers_db [None req-8110ff08-c6bf-4939-88e3-ba1bb3375dfe - - - - - -] Successfully bumped revision number for resource e604930a-4c3a-4820-9db3-7a2950710682 (type: router_ports) to 3
2026-07-08 16:37:44.806 10 INFO neutron.db.ovn_revision_numbers_db [None req-ea1f4eae-111f-47cb-8abc-10c4d7819cea - - - - - -] Successfully bumped revision number for resource 9029e217-1453-4ad7-be1c-c75af375651b (type: router_ports) to 3
2026-07-08 16:37:44.926 9 INFO neutron.db.ovn_revision_numbers_db [None req-8110ff08-c6bf-4939-88e3-ba1bb3375dfe - - - - - -] Successfully bumped revision number for resource e604930a-4c3a-4820-9db3-7a2950710682 (type: ports) to 2
2026-07-08 16:37:44.978 10 INFO neutron.db.ovn_revision_numbers_db [None req-4e1fd197-410d-44d0-a3c3-39ad8816b09b 9b04416b3e664be085ff99bb029060d0 bebee10da6f647dfa1c0fc046799bf42 - - - -] Successfully bumped revision number for resource 536dc8cb-bec1-4dbd-a4ee-adb812bc7825 (type: security_group_rules) to 0
2026-07-08 16:37:44.989 10 INFO neutron.db.ovn_revision_numbers_db [None req-95bdc3c1-47cb-471b-9bba-1c584b11c933 - - - - - -] Successfully bumped revision number for resource fcfe8ab7-ef0b-4846-953b-be4e3c109c79 (type: ports) to 4
2026-07-08 16:37:45.003 10 INFO neutron.wsgi [None req-4e1fd197-410d-44d0-a3c3-39ad8816b09b 9b04416b3e664be085ff99bb029060d0 bebee10da6f647dfa1c0fc046799bf42 - - - -] 10.0.0.81 "POST /v2.0/security-group-rules HTTP/1.1" status: 201 len: 764 time: 0.2395360
2026-07-08 16:37:45.191 10 INFO neutron.db.ovn_revision_numbers_db [None req-4d415a4e-a41d-4ad6-bed3-c59ddc519db0 9b04416b3e664be085ff99bb029060d0 bebee10da6f647dfa1c0fc046799bf42 - - - -] Successfully bumped revision number for resource d55c178d-66c0-404c-be5e-4c75a18c8761 (type: security_group_rules) to 0
2026-07-08 16:37:45.346 9 INFO neutron.db.ovn_revision_numbers_db [None req-8110ff08-c6bf-4939-88e3-ba1bb3375dfe - - - - - -] Successfully bumped revision number for resource e604930a-4c3a-4820-9db3-7a2950710682 (type: ports) to 4
2026-07-08 16:37:45.354 9 INFO neutron.db.ovn_revision_numbers_db [None req-7d1c6659-ce4d-4455-942e-8ac6c7bae348 9cd5ec997f39428da6809704e177ebba 0209aba3cb54462dad77a8ef62be4cb9 - - - -] Successfully bumped revision number for resource 0207e90f-3d6d-4262-9175-054fa78a729a (type: router_ports) to 2
2026-07-08 16:37:45.356 9 INFO neutron.wsgi [None req-7d1c6659-ce4d-4455-942e-8ac6c7bae348 9cd5ec997f39428da6809704e177ebba 0209aba3cb54462dad77a8ef62be4cb9 - - - -] 10.0.0.81 "PUT /v2.0/routers/d8ab2020-a58a-4251-bab5-4e4ced01e40d/add_router_interface HTTP/1.1" status: 200 len: 503 time: 4.1059988
2026-07-08 16:37:45.361 10 INFO neutron.wsgi [None req-4d415a4e-a41d-4ad6-bed3-c59ddc519db0 9b04416b3e664be085ff99bb029060d0 bebee10da6f647dfa1c0fc046799bf42 - - - -] 10.0.0.81 "POST /v2.0/security-group-rules HTTP/1.1" status: 201 len: 769 time: 0.3392553
2026-07-08 16:37:45.371 10 INFO neutron.db.ovn_revision_numbers_db [None req-95bdc3c1-47cb-471b-9bba-1c584b11c933 - - - - - -] Successfully bumped revision number for resource fcfe8ab7-ef0b-4846-953b-be4e3c109c79 (type: router_ports) to 4
2026-07-08 16:37:45.441 10 INFO neutron.db.ovn_revision_numbers_db [None req-38a962fc-c85c-4db7-94f4-6aee3289f4ef e889ad8e37fb4fc08fb63de37f923de4 1434d268eb654b1cafb520d54454da4b - - - -] Successfully bumped revision number for resource 5dd47ec8-953c-497d-9c9e-69fb27efd35a (type: security_groups) to 1
2026-07-08 16:37:45.461 10 INFO neutron.wsgi [None req-38a962fc-c85c-4db7-94f4-6aee3289f4ef e889ad8e37fb4fc08fb63de37f923de4 1434d268eb654b1cafb520d54454da4b - - - -] 10.0.0.81 "POST /v2.0/security-groups HTTP/1.1" status: 201 len: 1797 time: 0.2650352
2026-07-08 16:37:45.592 10 INFO neutron.db.ovn_revision_numbers_db [None req-9fdf1780-dad7-4a87-b64a-f75e875b8efe e889ad8e37fb4fc08fb63de37f923de4 1434d268eb654b1cafb520d54454da4b - - - -] Successfully bumped revision number for resource 819220e7-06a6-49d1-bd00-3c1aa9249102 (type: security_group_rules) to 0
2026-07-08 16:37:45.615 10 INFO neutron.wsgi [None req-9fdf1780-dad7-4a87-b64a-f75e875b8efe e889ad8e37fb4fc08fb63de37f923de4 1434d268eb654b1cafb520d54454da4b - - - -] 10.0.0.81 "POST /v2.0/security-group-rules HTTP/1.1" status: 201 len: 764 time: 0.1499054
2026-07-08 16:37:45.728 10 INFO neutron.db.ovn_revision_numbers_db [None req-5a3f4b4b-dc5c-4af2-be12-ca83a0527c85 e889ad8e37fb4fc08fb63de37f923de4 1434d268eb654b1cafb520d54454da4b - - - -] Successfully bumped revision number for resource 76242634-8134-4c2d-9f78-b6c0b0615835 (type: security_group_rules) to 0
2026-07-08 16:37:45.758 10 INFO neutron.wsgi [None req-5a3f4b4b-dc5c-4af2-be12-ca83a0527c85 e889ad8e37fb4fc08fb63de37f923de4 1434d268eb654b1cafb520d54454da4b - - - -] 10.0.0.81 "POST /v2.0/security-group-rules HTTP/1.1" status: 201 len: 769 time: 0.1395919
2026-07-08 16:37:45.797 9 INFO neutron.db.ovn_revision_numbers_db [None req-2fb82d88-f971-41dc-bd35-8782d171121c 32027ab1d9c94c93bd2655827cb2c2c8 356e3d6e5700473786420f1494e8e71f - - - -] Successfully bumped revision number for resource a96fae8e-df1f-4a85-808e-a17e07516e06 (type: security_groups) to 1
2026-07-08 16:37:45.850 9 INFO neutron.db.ovn_revision_numbers_db [None req-8110ff08-c6bf-4939-88e3-ba1bb3375dfe - - - - - -] Successfully bumped revision number for resource e604930a-4c3a-4820-9db3-7a2950710682 (type: router_ports) to 4
2026-07-08 16:37:45.855 9 INFO neutron.wsgi [None req-2fb82d88-f971-41dc-bd35-8782d171121c 32027ab1d9c94c93bd2655827cb2c2c8 356e3d6e5700473786420f1494e8e71f - - - -] 10.0.0.90 "POST /v2.0/security-groups HTTP/1.1" status: 201 len: 1826 time: 0.3251922
2026-07-08 16:37:45.872 9 INFO neutron.plugins.ml2.drivers.ovn.mech_driver.mech_driver [None req-0ea90c41-27ca-4959-b11b-19d1de53a0c7 - - - - - -] OVN reports status up for port: b8d45727-b23a-4884-b4c8-25406e5e7123
2026-07-08 16:37:45.898 9 INFO neutron.plugins.ml2.plugin [None req-0ea90c41-27ca-4959-b11b-19d1de53a0c7 - - - - - -] Attempt 1 to provision port b8d45727-b23a-4884-b4c8-25406e5e7123
2026-07-08 16:37:45.941 9 WARNING neutron.scheduler.dhcp_agent_scheduler [None req-2164296e-e4e7-4e90-bb57-12dbbed45193 9b04416b3e664be085ff99bb029060d0 bebee10da6f647dfa1c0fc046799bf42 - - - -] No more DHCP agents
2026-07-08 16:37:45.944 9 WARNING neutron.api.rpc.agentnotifiers.dhcp_rpc_agent_api [None req-2164296e-e4e7-4e90-bb57-12dbbed45193 9b04416b3e664be085ff99bb029060d0 bebee10da6f647dfa1c0fc046799bf42 - - - -] Unable to schedule network 5e3a74fd-7c59-4607-b22b-2dfabad66aaf: no agents available; will retry on subsequent port and subnet creation events.
2026-07-08 16:37:46.075 10 WARNING neutron.scheduler.dhcp_agent_scheduler [None req-272e4358-2394-44f9-9b66-5d97c296f8bf e889ad8e37fb4fc08fb63de37f923de4 1434d268eb654b1cafb520d54454da4b - - - -] No more DHCP agents
2026-07-08 16:37:46.077 10 WARNING neutron.api.rpc.agentnotifiers.dhcp_rpc_agent_api [None req-272e4358-2394-44f9-9b66-5d97c296f8bf e889ad8e37fb4fc08fb63de37f923de4 1434d268eb654b1cafb520d54454da4b - - - -] Unable to schedule network 5e3a74fd-7c59-4607-b22b-2dfabad66aaf: no agents available; will retry on subsequent port and subnet creation events.
2026-07-08 16:37:46.082 9 INFO neutron.wsgi [req-c7f082b9-8488-4d46-babf-42376e9affdd req-22e87e39-9eec-4edf-ac43-93671c9fbffb 32027ab1d9c94c93bd2655827cb2c2c8 356e3d6e5700473786420f1494e8e71f - - default default] 10.0.0.90 "GET /v2.0/security-groups/a96fae8e-df1f-4a85-808e-a17e07516e06 HTTP/1.1" status: 200 len: 1821 time: 0.1969690
2026-07-08 16:37:46.334 9 INFO neutron.db.ovn_revision_numbers_db [None req-8bdea275-970c-477d-b275-0459d01862e9 32027ab1d9c94c93bd2655827cb2c2c8 356e3d6e5700473786420f1494e8e71f - - - -] Successfully bumped revision number for resource 3ed2f47c-30fc-43d3-87e5-4597d1b6a1d1 (type: security_group_rules) to 0
2026-07-08 16:37:46.386 10 INFO neutron.db.ovn_revision_numbers_db [None req-165785f5-1d21-4ffb-a408-d4c570011f99 d5cc370cc69a466c9c092b1922f2092d e34ce224d5e24d5987ddf9754e093164 - - - -] Successfully bumped revision number for resource e5fab0ad-3985-48bc-99cb-ef95de51fc73 (type: security_groups) to 1
2026-07-08 16:37:46.389 10 INFO neutron.db.ovn_revision_numbers_db [None req-272e4358-2394-44f9-9b66-5d97c296f8bf e889ad8e37fb4fc08fb63de37f923de4 1434d268eb654b1cafb520d54454da4b - - - -] Successfully bumped revision number for resource b2e600e6-02d6-4051-a8f8-9858b007a4c9 (type: floatingips) to 0
2026-07-08 16:37:46.406 9 INFO neutron.wsgi [None req-8bdea275-970c-477d-b275-0459d01862e9 32027ab1d9c94c93bd2655827cb2c2c8 356e3d6e5700473786420f1494e8e71f - - - -] 10.0.0.90 "POST /v2.0/security-group-rules HTTP/1.1" status: 201 len: 786 time: 0.3173075
2026-07-08 16:37:46.411 10 INFO neutron.wsgi [None req-272e4358-2394-44f9-9b66-5d97c296f8bf e889ad8e37fb4fc08fb63de37f923de4 1434d268eb654b1cafb520d54454da4b - - - -] 10.0.0.81 "POST /v2.0/floatingips HTTP/1.1" status: 201 len: 751 time: 0.6487827
2026-07-08 16:37:46.414 10 INFO neutron.wsgi [None req-165785f5-1d21-4ffb-a408-d4c570011f99 d5cc370cc69a466c9c092b1922f2092d e34ce224d5e24d5987ddf9754e093164 - - - -] 10.0.0.90 "POST /v2.0/security-groups HTTP/1.1" status: 201 len: 1821 time: 0.2146311
2026-07-08 16:37:46.473 9 INFO neutron.db.ovn_revision_numbers_db [None req-0ea90c41-27ca-4959-b11b-19d1de53a0c7 - - - - - -] Successfully bumped revision number for resource b8d45727-b23a-4884-b4c8-25406e5e7123 (type: ports) to 3
2026-07-08 16:37:46.503 9 INFO neutron.db.ovn_revision_numbers_db [None req-2164296e-e4e7-4e90-bb57-12dbbed45193 9b04416b3e664be085ff99bb029060d0 bebee10da6f647dfa1c0fc046799bf42 - - - -] Successfully bumped revision number for resource a4c25b0c-6ef2-4020-b8e0-2b6b31e0f7c5 (type: floatingips) to 0
2026-07-08 16:37:46.524 9 INFO neutron.wsgi [None req-2164296e-e4e7-4e90-bb57-12dbbed45193 9b04416b3e664be085ff99bb029060d0 bebee10da6f647dfa1c0fc046799bf42 - - - -] 10.0.0.81 "POST /v2.0/floatingips HTTP/1.1" status: 201 len: 751 time: 1.1571541
2026-07-08 16:37:46.546 10 INFO neutron.db.ovn_revision_numbers_db [None req-01f9a69e-ab38-499b-b2ed-1d57b5d344fd 32027ab1d9c94c93bd2655827cb2c2c8 356e3d6e5700473786420f1494e8e71f - - - -] Successfully bumped revision number for resource a6efb380-3c0b-4cba-88e2-3a5745d2cb3e (type: security_groups) to 1
2026-07-08 16:37:46.571 10 INFO neutron.wsgi [None req-01f9a69e-ab38-499b-b2ed-1d57b5d344fd 32027ab1d9c94c93bd2655827cb2c2c8 356e3d6e5700473786420f1494e8e71f - - - -] 10.0.0.90 "POST /v2.0/security-groups HTTP/1.1" status: 201 len: 1826 time: 0.1225014
2026-07-08 16:37:46.598 9 INFO neutron.db.ovn_revision_numbers_db [None req-0ea90c41-27ca-4959-b11b-19d1de53a0c7 - - - - - -] Successfully bumped revision number for resource b8d45727-b23a-4884-b4c8-25406e5e7123 (type: router_ports) to 3
2026-07-08 16:37:46.623 9 INFO neutron.db.ovn_revision_numbers_db [None req-8f8d1847-9df4-4d65-a398-b545892dedd4 d5cc370cc69a466c9c092b1922f2092d e34ce224d5e24d5987ddf9754e093164 - - - -] Successfully bumped revision number for resource 2ee21999-3d56-4790-953e-3aaf085a7660 (type: security_groups) to 1
2026-07-08 16:37:46.625 10 INFO neutron.wsgi [req-b7919443-57b8-470d-be2a-c00f2919d590 req-339fff25-3869-4e03-bd23-1c3ed0894374 32027ab1d9c94c93bd2655827cb2c2c8 356e3d6e5700473786420f1494e8e71f - - default default] 10.0.0.90 "GET /v2.0/security-groups/a6efb380-3c0b-4cba-88e2-3a5745d2cb3e HTTP/1.1" status: 200 len: 1821 time: 0.0319235
2026-07-08 16:37:46.655 9 INFO neutron.wsgi [None req-8f8d1847-9df4-4d65-a398-b545892dedd4 d5cc370cc69a466c9c092b1922f2092d e34ce224d5e24d5987ddf9754e093164 - - - -] 10.0.0.90 "POST /v2.0/security-groups HTTP/1.1" status: 201 len: 1822 time: 0.2177517
2026-07-08 16:37:46.763 10 INFO neutron.db.ovn_revision_numbers_db [None req-bcc717d0-1532-43ff-8729-4874382b935a 32027ab1d9c94c93bd2655827cb2c2c8 356e3d6e5700473786420f1494e8e71f - - - -] Successfully bumped revision number for resource d80107c5-5660-4ed4-9168-2f80a568364a (type: security_group_rules) to 0
2026-07-08 16:37:46.789 10 INFO neutron.wsgi [None req-bcc717d0-1532-43ff-8729-4874382b935a 32027ab1d9c94c93bd2655827cb2c2c8 356e3d6e5700473786420f1494e8e71f - - - -] 10.0.0.90 "POST /v2.0/security-group-rules HTTP/1.1" status: 201 len: 786 time: 0.1573906
2026-07-08 16:37:46.789 9 INFO neutron.db.ovn_revision_numbers_db [None req-c835d001-549f-4ebd-929a-721916bedcbb d5cc370cc69a466c9c092b1922f2092d e34ce224d5e24d5987ddf9754e093164 - - - -] Successfully bumped revision number for resource 81361a29-b2b3-4dcd-a921-80f490724b7c (type: security_groups) to 1
2026-07-08 16:37:46.815 9 INFO neutron.wsgi [None req-c835d001-549f-4ebd-929a-721916bedcbb d5cc370cc69a466c9c092b1922f2092d e34ce224d5e24d5987ddf9754e093164 - - - -] 10.0.0.90 "POST /v2.0/security-groups HTTP/1.1" status: 201 len: 1821 time: 0.1158221
2026-07-08 16:37:46.888 9 INFO neutron.wsgi [req-1b5e67bf-ddcf-4a7f-a932-e82153071074 req-5c0f9f7e-32de-4a20-9e61-9266aa6d4775 32027ab1d9c94c93bd2655827cb2c2c8 356e3d6e5700473786420f1494e8e71f - - default default] 10.0.0.90 "GET /v2.0/security-groups/a6efb380-3c0b-4cba-88e2-3a5745d2cb3e HTTP/1.1" status: 200 len: 2414 time: 0.0522227
2026-07-08 16:37:46.935 10 INFO neutron.wsgi [req-a41b6a60-1005-4ffb-8c4b-2cda97f2ff7e req-0967b84a-ab29-4d87-b8ab-a09395db7f4f e889ad8e37fb4fc08fb63de37f923de4 1434d268eb654b1cafb520d54454da4b - - default default] 10.0.0.90 "GET /v2.0/security-groups?name=tempest-securitygroup--1803013816&fields=id&tenant_id=1434d268eb654b1cafb520d54454da4b HTTP/1.1" status: 200 len: 267 time: 0.0435681
2026-07-08 16:37:47.007 9 INFO neutron.db.ovn_revision_numbers_db [None req-01687c23-61f1-446f-94e4-e654513febc8 32027ab1d9c94c93bd2655827cb2c2c8 356e3d6e5700473786420f1494e8e71f - - - -] Successfully bumped revision number for resource dd38b37b-2955-40d0-aa4e-4da35603301b (type: security_group_rules) to 0
2026-07-08 16:37:47.033 9 INFO neutron.wsgi [None req-01687c23-61f1-446f-94e4-e654513febc8 32027ab1d9c94c93bd2655827cb2c2c8 356e3d6e5700473786420f1494e8e71f - - - -] 10.0.0.90 "POST /v2.0/security-group-rules HTTP/1.1" status: 201 len: 791 time: 0.1381738
2026-07-08 16:37:47.072 10 INFO neutron.wsgi [req-a41b6a60-1005-4ffb-8c4b-2cda97f2ff7e req-b5ea229e-8b28-4c60-a863-2b381dd8447a e889ad8e37fb4fc08fb63de37f923de4 1434d268eb654b1cafb520d54454da4b - - default default] 10.0.0.90 "GET /v2.0/networks?id=60fb76df-5cee-4a98-916d-1202861b8196 HTTP/1.1" status: 200 len: 874 time: 0.1270175
2026-07-08 16:37:47.093 10 INFO neutron.wsgi [req-a41b6a60-1005-4ffb-8c4b-2cda97f2ff7e req-d6177eb4-a476-4d58-b062-78c5e361ebe9 e889ad8e37fb4fc08fb63de37f923de4 1434d268eb654b1cafb520d54454da4b - - default default] 10.0.0.90 "GET /v2.0/quotas/1434d268eb654b1cafb520d54454da4b HTTP/1.1" status: 200 len: 386 time: 0.0119178
2026-07-08 16:37:47.120 9 INFO neutron.wsgi [req-bc6eec4f-fd17-4dd7-9083-4f7424ed3187 req-69b6756d-ab88-4b8c-a859-85657bb74a66 d5cc370cc69a466c9c092b1922f2092d e34ce224d5e24d5987ddf9754e093164 - - default default] 10.0.0.90 "GET /v2.0/security-groups?tenant_id=e34ce224d5e24d5987ddf9754e093164 HTTP/1.1" status: 200 len: 7792 time: 0.0623112
2026-07-08 16:37:47.168 9 INFO neutron.wsgi [req-bc6eec4f-fd17-4dd7-9083-4f7424ed3187 req-76c6c326-5647-4b50-85dc-2dc13f912e33 d5cc370cc69a466c9c092b1922f2092d e34ce224d5e24d5987ddf9754e093164 - - default default] 10.0.0.90 "GET /v2.0/security-groups/fed464a9-79db-4877-97cd-b7e978735561 HTTP/1.1" status: 200 len: 2994 time: 0.0381882
2026-07-08 16:37:47.209 9 INFO neutron.wsgi [req-bc6eec4f-fd17-4dd7-9083-4f7424ed3187 req-9c1e8470-2b92-4558-8b1d-2284eb6956f3 d5cc370cc69a466c9c092b1922f2092d e34ce224d5e24d5987ddf9754e093164 - - default default] 10.0.0.90 "GET /v2.0/security-groups/fed464a9-79db-4877-97cd-b7e978735561 HTTP/1.1" status: 200 len: 2994 time: 0.0342391
2026-07-08 16:37:47.335 9 INFO neutron.wsgi [req-996c08ad-ed07-492d-9df0-0df2dc2696c8 req-34e0a4cd-85d4-4219-8e9e-903d533d0670 9b04416b3e664be085ff99bb029060d0 bebee10da6f647dfa1c0fc046799bf42 - - default default] 10.0.0.90 "GET /v2.0/security-groups?name=tempest-securitygroup--1909799654&fields=id&tenant_id=bebee10da6f647dfa1c0fc046799bf42 HTTP/1.1" status: 200 len: 267 time: 0.0497143
2026-07-08 16:37:47.351 10 INFO neutron.wsgi [req-a41b6a60-1005-4ffb-8c4b-2cda97f2ff7e req-2ceddda5-27b1-412f-988a-c84ccde3e718 e889ad8e37fb4fc08fb63de37f923de4 1434d268eb654b1cafb520d54454da4b - - default default] 10.0.0.90 "GET /v2.0/ports?tenant_id=1434d268eb654b1cafb520d54454da4b&fields=id HTTP/1.1" status: 200 len: 302 time: 0.2494011
2026-07-08 16:37:47.460 9 INFO neutron.wsgi [req-996c08ad-ed07-492d-9df0-0df2dc2696c8 req-20161cfc-b09e-4afc-b79b-b81ef95c51a3 9b04416b3e664be085ff99bb029060d0 bebee10da6f647dfa1c0fc046799bf42 - - default default] 10.0.0.90 "GET /v2.0/networks?id=63d28a13-5ced-4583-bc12-6a87f12bc97c HTTP/1.1" status: 200 len: 882 time: 0.1156263
2026-07-08 16:37:47.487 9 INFO neutron.wsgi [req-996c08ad-ed07-492d-9df0-0df2dc2696c8 req-b666ca3b-b290-416e-b88a-a319b016d761 9b04416b3e664be085ff99bb029060d0 bebee10da6f647dfa1c0fc046799bf42 - - default default] 10.0.0.90 "GET /v2.0/quotas/bebee10da6f647dfa1c0fc046799bf42 HTTP/1.1" status: 200 len: 386 time: 0.0192151
2026-07-08 16:37:47.600 9 INFO neutron.wsgi [req-996c08ad-ed07-492d-9df0-0df2dc2696c8 req-649cb044-fa27-42d4-b62f-4c00463ea7ca 9b04416b3e664be085ff99bb029060d0 bebee10da6f647dfa1c0fc046799bf42 - - default default] 10.0.0.90 "GET /v2.0/ports?tenant_id=bebee10da6f647dfa1c0fc046799bf42&fields=id HTTP/1.1" status: 200 len: 302 time: 0.1062984
2026-07-08 16:37:47.745 10 INFO neutron.wsgi [req-a41b6a60-1005-4ffb-8c4b-2cda97f2ff7e req-d707a1bf-1f6d-406c-b871-58da43d6f3d5 cb8f84f163474bbbaca19db2896a6562 dc7db9b88898430286696a4f2c38d6c1 - - 23621ad2b53d454e96a2cf15f2e7de13 23621ad2b53d454e96a2cf15f2e7de13] 10.0.0.90 "GET /v2.0/extensions HTTP/1.1" status: 200 len: 16525 time: 0.0460687
2026-07-08 16:37:47.811 10 INFO neutron.wsgi [req-a41b6a60-1005-4ffb-8c4b-2cda97f2ff7e req-9e180e91-4297-40f9-91e1-c5d0d32556d1 cb8f84f163474bbbaca19db2896a6562 dc7db9b88898430286696a4f2c38d6c1 - - 23621ad2b53d454e96a2cf15f2e7de13 23621ad2b53d454e96a2cf15f2e7de13] 10.0.0.90 "GET /v2.0/networks/60fb76df-5cee-4a98-916d-1202861b8196?fields=segments HTTP/1.1" status: 200 len: 212 time: 0.0578065
2026-07-08 16:37:47.878 10 INFO neutron.wsgi [-] 10.0.0.59 "GET / HTTP/1.1" status: 200 len: 247 time: 0.0016136
2026-07-08 16:37:47.879 9 INFO neutron.wsgi [-] 10.0.0.59 "GET / HTTP/1.1" status: 200 len: 247 time: 0.0021019
2026-07-08 16:37:47.883 10 INFO neutron.wsgi [req-a41b6a60-1005-4ffb-8c4b-2cda97f2ff7e req-bebb95c0-3c2e-4743-b9a4-777f0ba8b6b9 cb8f84f163474bbbaca19db2896a6562 dc7db9b88898430286696a4f2c38d6c1 - - 23621ad2b53d454e96a2cf15f2e7de13 23621ad2b53d454e96a2cf15f2e7de13] 10.0.0.90 "GET /v2.0/networks/60fb76df-5cee-4a98-916d-1202861b8196?fields=provider%3Aphysical_network&fields=provider%3Anetwork_type HTTP/1.1" status: 200 len: 277 time: 0.0668430
2026-07-08 16:37:47.974 9 INFO neutron.wsgi [req-996c08ad-ed07-492d-9df0-0df2dc2696c8 req-4b35cee1-90aa-4ea1-bad6-feb8a0a13b61 cb8f84f163474bbbaca19db2896a6562 dc7db9b88898430286696a4f2c38d6c1 - - 23621ad2b53d454e96a2cf15f2e7de13 23621ad2b53d454e96a2cf15f2e7de13] 10.0.0.90 "GET /v2.0/extensions HTTP/1.1" status: 200 len: 16525 time: 0.0573187
2026-07-08 16:37:48.037 9 INFO neutron.wsgi [req-996c08ad-ed07-492d-9df0-0df2dc2696c8 req-dc092298-ebc0-461f-852e-370cc86ff111 cb8f84f163474bbbaca19db2896a6562 dc7db9b88898430286696a4f2c38d6c1 - - 23621ad2b53d454e96a2cf15f2e7de13 23621ad2b53d454e96a2cf15f2e7de13] 10.0.0.90 "GET /v2.0/networks/63d28a13-5ced-4583-bc12-6a87f12bc97c?fields=segments HTTP/1.1" status: 200 len: 212 time: 0.0573204
2026-07-08 16:37:48.070 10 INFO neutron.wsgi [req-5a83ee5c-6efe-4061-a36b-4f72497df7d0 req-8e83038c-d14a-4f83-b7f8-4572c983a2e5 32027ab1d9c94c93bd2655827cb2c2c8 356e3d6e5700473786420f1494e8e71f - - default default] 10.0.0.90 "GET /v2.0/security-groups/a6efb380-3c0b-4cba-88e2-3a5745d2cb3e HTTP/1.1" status: 200 len: 3012 time: 0.0389171
2026-07-08 16:37:48.106 9 INFO neutron.wsgi [req-996c08ad-ed07-492d-9df0-0df2dc2696c8 req-04c39401-66d9-4c5e-b160-09875ebdc959 cb8f84f163474bbbaca19db2896a6562 dc7db9b88898430286696a4f2c38d6c1 - - 23621ad2b53d454e96a2cf15f2e7de13 23621ad2b53d454e96a2cf15f2e7de13] 10.0.0.90 "GET /v2.0/networks/63d28a13-5ced-4583-bc12-6a87f12bc97c?fields=provider%3Aphysical_network&fields=provider%3Anetwork_type HTTP/1.1" status: 200 len: 277 time: 0.0624828
2026-07-08 16:37:48.125 10 INFO neutron.wsgi [req-8e333ce5-15f4-48d7-a194-4dcf4f2a300c req-f2c7df11-9cb4-472f-9628-0e779e1418af d5cc370cc69a466c9c092b1922f2092d e34ce224d5e24d5987ddf9754e093164 - - default default] 10.0.0.90 "GET /v2.0/security-groups/e5fab0ad-3985-48bc-99cb-ef95de51fc73 HTTP/1.1" status: 200 len: 1816 time: 0.0375059
2026-07-08 16:37:48.248 10 INFO neutron.wsgi [None req-6c7b0239-38e2-45ec-bfc4-40b33497c564 d5cc370cc69a466c9c092b1922f2092d e34ce224d5e24d5987ddf9754e093164 - - - -] 10.0.0.90 "DELETE /v2.0/security-groups/e5fab0ad-3985-48bc-99cb-ef95de51fc73 HTTP/1.1" status: 204 len: 173 time: 0.1175101
2026-07-08 16:37:48.278 10 INFO neutron.wsgi [req-60038332-28b4-4c1c-9996-ec94af2f2cdd req-30dfd463-b746-4551-8041-cdff25932793 32027ab1d9c94c93bd2655827cb2c2c8 356e3d6e5700473786420f1494e8e71f - - default default] 10.0.0.90 "GET /v2.0/security-group-rules/dd38b37b-2955-40d0-aa4e-4da35603301b HTTP/1.1" status: 200 len: 783 time: 0.0160472
2026-07-08 16:37:48.295 9 INFO neutron.wsgi [req-c77ae90b-4ad8-4777-9dac-fc3336a5ea3e req-f62a761e-2ce6-49ff-a7a6-4a1d1c92f3db e889ad8e37fb4fc08fb63de37f923de4 1434d268eb654b1cafb520d54454da4b - - default default] 10.0.0.90 "GET /v2.0/ports?device_id=980b9579-5347-44a7-a884-6f2514b99d09 HTTP/1.1" status: 200 len: 210 time: 0.0316279
2026-07-08 16:37:48.324 10 INFO neutron.wsgi [req-60038332-28b4-4c1c-9996-ec94af2f2cdd req-0dc431f8-57bf-4711-9df0-24ef9fc59723 32027ab1d9c94c93bd2655827cb2c2c8 356e3d6e5700473786420f1494e8e71f - - default default] 10.0.0.90 "GET /v2.0/security-groups/a6efb380-3c0b-4cba-88e2-3a5745d2cb3e HTTP/1.1" status: 200 len: 3012 time: 0.0376914
2026-07-08 16:37:48.369 9 INFO neutron.wsgi [req-80b305dd-c1f9-4184-bb82-f9dae316518e req-9e8cb615-c8ae-4c7b-8c23-01460d4b842b 9b04416b3e664be085ff99bb029060d0 bebee10da6f647dfa1c0fc046799bf42 - - default default] 10.0.0.90 "GET /v2.0/ports?device_id=b73630da-5503-4303-ad43-a99360efe019 HTTP/1.1" status: 200 len: 210 time: 0.0269065
2026-07-08 16:37:48.466 10 INFO neutron.wsgi [None req-5cec8d66-18cf-4f99-8f88-18b939d1f1be 32027ab1d9c94c93bd2655827cb2c2c8 356e3d6e5700473786420f1494e8e71f - - - -] 10.0.0.90 "DELETE /v2.0/security-group-rules/dd38b37b-2955-40d0-aa4e-4da35603301b HTTP/1.1" status: 204 len: 173 time: 0.1335011
2026-07-08 16:37:48.519 10 INFO neutron.wsgi [req-2eb81f6b-d8ae-45f1-8d87-d710e8259a39 req-71d908aa-4fd9-4e59-bbba-6364921356c7 32027ab1d9c94c93bd2655827cb2c2c8 356e3d6e5700473786420f1494e8e71f - - default default] 10.0.0.90 "GET /v2.0/security-groups/a6efb380-3c0b-4cba-88e2-3a5745d2cb3e HTTP/1.1" status: 200 len: 2414 time: 0.0329819
2026-07-08 16:37:48.545 9 INFO neutron.api.v2.resource [req-9626451b-3620-447b-b36e-15666e0b1b0f req-fdc89dc3-b7a3-43bd-b14a-89372c12d12f d5cc370cc69a466c9c092b1922f2092d e34ce224d5e24d5987ddf9754e093164 - - default default] show failed (client error): The resource could not be found.
2026-07-08 16:37:48.546 9 INFO neutron.wsgi [req-9626451b-3620-447b-b36e-15666e0b1b0f req-fdc89dc3-b7a3-43bd-b14a-89372c12d12f d5cc370cc69a466c9c092b1922f2092d e34ce224d5e24d5987ddf9754e093164 - - default default] 10.0.0.90 "GET /v2.0/security-groups/e5fab0ad-3985-48bc-99cb-ef95de51fc73 HTTP/1.1" status: 404 len: 352 time: 0.1577113
2026-07-08 16:37:48.597 9 INFO neutron.wsgi [req-890ac346-b3a6-4dc9-93cb-a8e395ef3fc1 req-999e4b56-6cfb-4685-b294-252a8b85ece9 d5cc370cc69a466c9c092b1922f2092d e34ce224d5e24d5987ddf9754e093164 - - default default] 10.0.0.90 "GET /v2.0/security-groups/2ee21999-3d56-4790-953e-3aaf085a7660 HTTP/1.1" status: 200 len: 1817 time: 0.0292344
2026-07-08 16:37:48.693 10 INFO neutron.wsgi [None req-236b8bba-b480-4f39-b8da-254be61df0cd 32027ab1d9c94c93bd2655827cb2c2c8 356e3d6e5700473786420f1494e8e71f - - - -] 10.0.0.90 "DELETE /v2.0/security-groups/a6efb380-3c0b-4cba-88e2-3a5745d2cb3e HTTP/1.1" status: 204 len: 173 time: 0.1664319
2026-07-08 16:37:48.750 10 INFO neutron.wsgi [req-e8edb528-bdb5-449c-ba5e-153e9bab6e28 req-149940cd-fbfd-46e8-9451-9069786df700 32027ab1d9c94c93bd2655827cb2c2c8 356e3d6e5700473786420f1494e8e71f - - default default] 10.0.0.90 "GET /v2.0/security-groups/a96fae8e-df1f-4a85-808e-a17e07516e06 HTTP/1.1" status: 200 len: 2414 time: 0.0391085
2026-07-08 16:37:48.764 9 INFO neutron.wsgi [None req-38201e3c-a056-477d-874b-5b1e8ebabcb6 d5cc370cc69a466c9c092b1922f2092d e34ce224d5e24d5987ddf9754e093164 - - - -] 10.0.0.90 "DELETE /v2.0/security-groups/2ee21999-3d56-4790-953e-3aaf085a7660 HTTP/1.1" status: 204 len: 173 time: 0.1612258
2026-07-08 16:37:48.802 9 INFO neutron.api.v2.resource [req-e426953e-b90c-4967-bdaa-31f1c48b8028 req-b197ac2d-90f0-455b-a8ea-1105bd00cce8 d5cc370cc69a466c9c092b1922f2092d e34ce224d5e24d5987ddf9754e093164 - - default default] show failed (client error): The resource could not be found.
2026-07-08 16:37:48.805 9 INFO neutron.wsgi [req-e426953e-b90c-4967-bdaa-31f1c48b8028 req-b197ac2d-90f0-455b-a8ea-1105bd00cce8 d5cc370cc69a466c9c092b1922f2092d e34ce224d5e24d5987ddf9754e093164 - - default default] 10.0.0.90 "GET /v2.0/security-groups/2ee21999-3d56-4790-953e-3aaf085a7660 HTTP/1.1" status: 404 len: 352 time: 0.0206118
2026-07-08 16:37:48.891 9 INFO neutron.wsgi [req-d99b4322-c260-4e1c-8b20-a67e00f9c34d req-e02eb440-a26e-484b-a857-f073ba86274e d5cc370cc69a466c9c092b1922f2092d e34ce224d5e24d5987ddf9754e093164 - - default default] 10.0.0.90 "GET /v2.0/security-groups/81361a29-b2b3-4dcd-a921-80f490724b7c HTTP/1.1" status: 200 len: 1816 time: 0.0540149
2026-07-08 16:37:48.943 10 INFO neutron.wsgi [None req-40b967ad-979a-4c59-9a33-16cba0ed94af 32027ab1d9c94c93bd2655827cb2c2c8 356e3d6e5700473786420f1494e8e71f - - - -] 10.0.0.90 "DELETE /v2.0/security-groups/a96fae8e-df1f-4a85-808e-a17e07516e06 HTTP/1.1" status: 204 len: 173 time: 0.1867886
2026-07-08 16:37:49.049 9 INFO neutron.wsgi [None req-db53ff2f-445c-418e-8a09-c25575d7d66e d5cc370cc69a466c9c092b1922f2092d e34ce224d5e24d5987ddf9754e093164 - - - -] 10.0.0.90 "DELETE /v2.0/security-groups/81361a29-b2b3-4dcd-a921-80f490724b7c HTTP/1.1" status: 204 len: 173 time: 0.1502397
2026-07-08 16:37:49.108 10 INFO neutron.api.v2.resource [req-a47bca49-b522-4e72-82f2-95e250c72ed3 req-9692fcbf-0282-4efe-a2ee-6acb6a76fb72 d5cc370cc69a466c9c092b1922f2092d e34ce224d5e24d5987ddf9754e093164 - - default default] show failed (client error): The resource could not be found.
2026-07-08 16:37:49.109 10 INFO neutron.wsgi [req-a47bca49-b522-4e72-82f2-95e250c72ed3 req-9692fcbf-0282-4efe-a2ee-6acb6a76fb72 d5cc370cc69a466c9c092b1922f2092d e34ce224d5e24d5987ddf9754e093164 - - default default] 10.0.0.90 "GET /v2.0/security-groups/81361a29-b2b3-4dcd-a921-80f490724b7c HTTP/1.1" status: 404 len: 352 time: 0.0257528
2026-07-08 16:37:49.167 9 INFO neutron.wsgi [req-eedda7c0-c60d-44b8-a06b-8c53bbafcd6a req-0021c3f8-4984-4785-8801-9fb2d89d6e42 d5cc370cc69a466c9c092b1922f2092d e34ce224d5e24d5987ddf9754e093164 - - default default] 10.0.0.90 "GET /v2.0/security-groups?tenant_id=e34ce224d5e24d5987ddf9754e093164 HTTP/1.1" status: 200 len: 2997 time: 0.0336132
2026-07-08 16:37:49.208 9 INFO neutron.wsgi [req-eedda7c0-c60d-44b8-a06b-8c53bbafcd6a req-462be9a2-d0c0-4c90-b85e-7b5d434d50c6 d5cc370cc69a466c9c092b1922f2092d e34ce224d5e24d5987ddf9754e093164 - - default default] 10.0.0.90 "GET /v2.0/security-groups/fed464a9-79db-4877-97cd-b7e978735561 HTTP/1.1" status: 200 len: 2994 time: 0.0321426
2026-07-08 16:37:49.254 9 INFO neutron.wsgi [req-eedda7c0-c60d-44b8-a06b-8c53bbafcd6a req-b661b62a-9ac0-4c5e-a8c8-6343952e9366 d5cc370cc69a466c9c092b1922f2092d e34ce224d5e24d5987ddf9754e093164 - - default default] 10.0.0.90 "GET /v2.0/security-groups/fed464a9-79db-4877-97cd-b7e978735561 HTTP/1.1" status: 200 len: 2994 time: 0.0368857
2026-07-08 16:37:49.295 10 INFO neutron.api.v2.resource [req-5773f855-0dc5-44a0-8fc0-c28471ae7b6d req-45acd717-1a0f-47d9-80d3-4a4fba42a340 d5cc370cc69a466c9c092b1922f2092d e34ce224d5e24d5987ddf9754e093164 - - default default] show failed (client error): The resource could not be found.
2026-07-08 16:37:49.296 10 INFO neutron.wsgi [req-5773f855-0dc5-44a0-8fc0-c28471ae7b6d req-45acd717-1a0f-47d9-80d3-4a4fba42a340 d5cc370cc69a466c9c092b1922f2092d e34ce224d5e24d5987ddf9754e093164 - - default default] 10.0.0.90 "GET /v2.0/security-groups/81361a29-b2b3-4dcd-a921-80f490724b7c HTTP/1.1" status: 404 len: 352 time: 0.0141418
2026-07-08 16:37:49.331 9 INFO neutron.api.v2.resource [req-232bc1ab-b63e-4c45-a1a4-54be9c4b8426 req-701690a2-9321-48b6-af81-25a6b4978c14 d5cc370cc69a466c9c092b1922f2092d e34ce224d5e24d5987ddf9754e093164 - - default default] show failed (client error): The resource could not be found.
2026-07-08 16:37:49.332 9 INFO neutron.wsgi [req-232bc1ab-b63e-4c45-a1a4-54be9c4b8426 req-701690a2-9321-48b6-af81-25a6b4978c14 d5cc370cc69a466c9c092b1922f2092d e34ce224d5e24d5987ddf9754e093164 - - default default] 10.0.0.90 "GET /v2.0/security-groups/2ee21999-3d56-4790-953e-3aaf085a7660 HTTP/1.1" status: 404 len: 352 time: 0.0134115
2026-07-08 16:37:49.366 9 INFO neutron.api.v2.resource [req-e0dff19b-be20-450b-b295-55b0f52f2526 req-8ef3817e-ca66-4079-b86b-df7be0d19592 d5cc370cc69a466c9c092b1922f2092d e34ce224d5e24d5987ddf9754e093164 - - default default] show failed (client error): The resource could not be found.
2026-07-08 16:37:49.368 9 INFO neutron.wsgi [req-e0dff19b-be20-450b-b295-55b0f52f2526 req-8ef3817e-ca66-4079-b86b-df7be0d19592 d5cc370cc69a466c9c092b1922f2092d e34ce224d5e24d5987ddf9754e093164 - - default default] 10.0.0.90 "GET /v2.0/security-groups/e5fab0ad-3985-48bc-99cb-ef95de51fc73 HTTP/1.1" status: 404 len: 352 time: 0.0153689
2026-07-08 16:37:49.623 10 INFO neutron.wsgi [req-85657a0e-c593-4b79-82bd-a2efd46e426e req-2b63a094-ea06-40a1-a4ff-c210d242a8ae e889ad8e37fb4fc08fb63de37f923de4 1434d268eb654b1cafb520d54454da4b - - default default] 10.0.0.90 "GET /v2.0/ports?device_id=980b9579-5347-44a7-a884-6f2514b99d09 HTTP/1.1" status: 200 len: 210 time: 0.0659487
2026-07-08 16:37:49.633 10 WARNING neutron.plugins.ml2.drivers.ovn.mech_driver.ovsdb.ovn_client [None req-ea1f4eae-111f-47cb-8abc-10c4d7819cea - - - - - -] No port found with ID 9029e217-1453-4ad7-be1c-c75af375651b: RuntimeError: No port found with ID 9029e217-1453-4ad7-be1c-c75af375651b
2026-07-08 16:37:49.633 10 INFO neutron.plugins.ml2.drivers.ovn.mech_driver.mech_driver [None req-ea1f4eae-111f-47cb-8abc-10c4d7819cea - - - - - -] OVN reports status up for port: dbec1de5-56a8-40df-83fa-bc041369a19f
2026-07-08 16:37:49.645 10 INFO neutron.plugins.ml2.plugin [None req-ea1f4eae-111f-47cb-8abc-10c4d7819cea - - - - - -] Attempt 1 to provision port dbec1de5-56a8-40df-83fa-bc041369a19f
2026-07-08 16:37:49.682 9 INFO neutron.wsgi [req-009d92e4-530f-45eb-b3de-732146cf6548 req-1430489c-7e76-488e-8771-ca93427d2dd6 9b04416b3e664be085ff99bb029060d0 bebee10da6f647dfa1c0fc046799bf42 - - default default] 10.0.0.90 "GET /v2.0/ports?device_id=b73630da-5503-4303-ad43-a99360efe019 HTTP/1.1" status: 200 len: 210 time: 0.0411878
2026-07-08 16:37:49.810 9 INFO neutron.wsgi [req-a41b6a60-1005-4ffb-8c4b-2cda97f2ff7e req-50bb8aef-2fdc-410b-b9e6-a1613cc24eeb e889ad8e37fb4fc08fb63de37f923de4 1434d268eb654b1cafb520d54454da4b - - default default] 199.19.213.163 "GET /v2.0/networks?id=60fb76df-5cee-4a98-916d-1202861b8196 HTTP/1.1" status: 200 len: 874 time: 0.1779871
2026-07-08 16:37:49.951 9 INFO neutron.wsgi [req-a41b6a60-1005-4ffb-8c4b-2cda97f2ff7e req-ec54c000-3f9e-4cfe-aba3-31fb4c4d9f33 e889ad8e37fb4fc08fb63de37f923de4 1434d268eb654b1cafb520d54454da4b - - default default] 199.19.213.163 "GET /v2.0/security-groups?fields=id&fields=name&tenant_id=1434d268eb654b1cafb520d54454da4b HTTP/1.1" status: 200 len: 380 time: 0.0988460
2026-07-08 16:37:50.007 10 INFO neutron.wsgi [req-996c08ad-ed07-492d-9df0-0df2dc2696c8 req-a5d2e943-1839-445c-888c-d16d711c2a45 9b04416b3e664be085ff99bb029060d0 bebee10da6f647dfa1c0fc046799bf42 - - default default] 199.19.213.163 "GET /v2.0/networks?id=63d28a13-5ced-4583-bc12-6a87f12bc97c HTTP/1.1" status: 200 len: 882 time: 0.3678591
2026-07-08 16:37:50.107 10 INFO neutron.wsgi [req-996c08ad-ed07-492d-9df0-0df2dc2696c8 req-cd154d5f-f71e-4a90-a83b-46332fe289a6 9b04416b3e664be085ff99bb029060d0 bebee10da6f647dfa1c0fc046799bf42 - - default default] 199.19.213.163 "GET /v2.0/security-groups?fields=id&fields=name&tenant_id=bebee10da6f647dfa1c0fc046799bf42 HTTP/1.1" status: 200 len: 380 time: 0.0889592
2026-07-08 16:37:50.298 10 INFO neutron.db.ovn_revision_numbers_db [None req-ea1f4eae-111f-47cb-8abc-10c4d7819cea - - - - - -] Successfully bumped revision number for resource dbec1de5-56a8-40df-83fa-bc041369a19f (type: ports) to 3
2026-07-08 16:37:50.525 10 INFO neutron.db.ovn_revision_numbers_db [None req-ea1f4eae-111f-47cb-8abc-10c4d7819cea - - - - - -] Successfully bumped revision number for resource dbec1de5-56a8-40df-83fa-bc041369a19f (type: router_ports) to 3
2026-07-08 16:37:50.716 9 WARNING neutron.scheduler.dhcp_agent_scheduler [None req-1452518b-dfb0-4061-b4b9-780bffbc15d0 e889ad8e37fb4fc08fb63de37f923de4 1434d268eb654b1cafb520d54454da4b - - - -] No more DHCP agents
2026-07-08 16:37:50.725 9 WARNING neutron.api.rpc.agentnotifiers.dhcp_rpc_agent_api [None req-1452518b-dfb0-4061-b4b9-780bffbc15d0 e889ad8e37fb4fc08fb63de37f923de4 1434d268eb654b1cafb520d54454da4b - - - -] Unable to schedule network 60fb76df-5cee-4a98-916d-1202861b8196: no agents available; will retry on subsequent port and subnet creation events. /var/lib/openstack/lib/python3.10/site-packages/pycadf/identifier.py:71: UserWarning: Invalid uuid: neutron. To ensure interoperability, identifiers should be a valid uuid. warnings.warn(('Invalid uuid: %s. To ensure interoperability, '
2026-07-08 16:37:50.814 9 INFO neutron.wsgi [req-daacd656-3898-4022-b1ad-874b09f978ee req-8c31887d-4482-47d8-b81a-346d9c805e22 9b04416b3e664be085ff99bb029060d0 bebee10da6f647dfa1c0fc046799bf42 - - default default] 10.0.0.90 "GET /v2.0/ports?device_id=b73630da-5503-4303-ad43-a99360efe019 HTTP/1.1" status: 200 len: 210 time: 0.0454872
2026-07-08 16:37:50.845 10 INFO neutron.wsgi [req-67d1fd58-ad99-49b0-b584-393c0a2ef550 req-74f36ee2-0968-4dea-b6ba-bbc8ee97daf4 e889ad8e37fb4fc08fb63de37f923de4 1434d268eb654b1cafb520d54454da4b - - default default] 10.0.0.90 "GET /v2.0/ports?device_id=980b9579-5347-44a7-a884-6f2514b99d09 HTTP/1.1" status: 200 len: 1156 time: 0.0534222 /var/lib/openstack/lib/python3.10/site-packages/pycadf/identifier.py:71: UserWarning: Invalid uuid: neutron. To ensure interoperability, identifiers should be a valid uuid. warnings.warn(('Invalid uuid: %s. To ensure interoperability, '
2026-07-08 16:37:50.901 10 WARNING neutron.scheduler.dhcp_agent_scheduler [None req-8a567d20-fe88-4d3e-ae19-2e5f8b2904a0 9b04416b3e664be085ff99bb029060d0 bebee10da6f647dfa1c0fc046799bf42 - - - -] No more DHCP agents
2026-07-08 16:37:50.908 10 WARNING neutron.api.rpc.agentnotifiers.dhcp_rpc_agent_api [None req-8a567d20-fe88-4d3e-ae19-2e5f8b2904a0 9b04416b3e664be085ff99bb029060d0 bebee10da6f647dfa1c0fc046799bf42 - - - -] Unable to schedule network 63d28a13-5ced-4583-bc12-6a87f12bc97c: no agents available; will retry on subsequent port and subnet creation events.
2026-07-08 16:37:50.949 9 INFO neutron.db.ovn_revision_numbers_db [None req-1452518b-dfb0-4061-b4b9-780bffbc15d0 e889ad8e37fb4fc08fb63de37f923de4 1434d268eb654b1cafb520d54454da4b - - - -] Successfully bumped revision number for resource 29566cae-0e1b-4309-84f4-e2f310291031 (type: ports) to 1
2026-07-08 16:37:50.950 10 INFO neutron.wsgi [req-67d1fd58-ad99-49b0-b584-393c0a2ef550 req-1bd8bf73-ae5e-418a-91f4-bee1e0995dc8 e889ad8e37fb4fc08fb63de37f923de4 1434d268eb654b1cafb520d54454da4b - - default default] 10.0.0.90 "GET /v2.0/security-groups?id=5dd47ec8-953c-497d-9c9e-69fb27efd35a&fields=id&fields=name HTTP/1.1" status: 200 len: 313 time: 0.0906644
2026-07-08 16:37:50.989 9 INFO neutron.wsgi [None req-1452518b-dfb0-4061-b4b9-780bffbc15d0 e889ad8e37fb4fc08fb63de37f923de4 1434d268eb654b1cafb520d54454da4b - - - -] 199.19.213.163 "POST /v2.0/ports HTTP/1.1" status: 201 len: 1158 time: 1.0236719
2026-07-08 16:37:51.019 9 INFO neutron.wsgi [req-a41b6a60-1005-4ffb-8c4b-2cda97f2ff7e req-fe84e448-24f8-4130-bc62-7ddc0e37aec4 e889ad8e37fb4fc08fb63de37f923de4 1434d268eb654b1cafb520d54454da4b - - default default] 199.19.213.163 "GET /v2.0/extensions HTTP/1.1" status: 200 len: 16525 time: 0.0101438
2026-07-08 16:37:51.097 10 INFO neutron.db.ovn_revision_numbers_db [None req-8a567d20-fe88-4d3e-ae19-2e5f8b2904a0 9b04416b3e664be085ff99bb029060d0 bebee10da6f647dfa1c0fc046799bf42 - - - -] Successfully bumped revision number for resource 1c086d81-aa77-4252-a75a-d9b2172583fe (type: ports) to 1
2026-07-08 16:37:51.127 10 INFO neutron.wsgi [None req-8a567d20-fe88-4d3e-ae19-2e5f8b2904a0 9b04416b3e664be085ff99bb029060d0 bebee10da6f647dfa1c0fc046799bf42 - - - -] 199.19.213.163 "POST /v2.0/ports HTTP/1.1" status: 201 len: 1158 time: 1.0148134
2026-07-08 16:37:51.217 10 INFO neutron.wsgi [None req-ead8fd7c-1e50-481b-a776-41e22bdc8134 9cd5ec997f39428da6809704e177ebba 0209aba3cb54462dad77a8ef62be4cb9 - - - -] 10.0.0.81 "PUT /v2.0/routers/4ac6b9a0-8a3f-4b58-9ac0-de00b4121000/remove_router_interface HTTP/1.1" status: 200 len: 503 time: 2.2661791
2026-07-08 16:37:51.286 9 WARNING neutron.plugins.ml2.drivers.ovn.mech_driver.ovsdb.ovn_client [None req-0ea90c41-27ca-4959-b11b-19d1de53a0c7 - - - - - -] No hosting information found for port b8d45727-b23a-4884-b4c8-25406e5e7123: RuntimeError: No hosting information found for port b8d45727-b23a-4884-b4c8-25406e5e7123 /var/lib/openstack/lib/python3.10/site-packages/pycadf/identifier.py:71: UserWarning: Invalid uuid: neutron. To ensure interoperability, identifiers should be a valid uuid. warnings.warn(('Invalid uuid: %s. To ensure interoperability, '
2026-07-08 16:37:51.659 9 INFO neutron.wsgi [None req-4c304a21-5f68-4853-8adb-4847653ee23e 9cd5ec997f39428da6809704e177ebba 0209aba3cb54462dad77a8ef62be4cb9 - - - -] 10.0.0.81 "PUT /v2.0/routers/d8ab2020-a58a-4251-bab5-4e4ced01e40d/remove_router_interface HTTP/1.1" status: 200 len: 503 time: 2.2839642
2026-07-08 16:37:51.904 10 INFO neutron.db.ovn_revision_numbers_db [None req-55ac2bb5-f657-4aad-8970-000687499aa5 cb8f84f163474bbbaca19db2896a6562 dc7db9b88898430286696a4f2c38d6c1 - - - -] Successfully bumped revision number for resource 29566cae-0e1b-4309-84f4-e2f310291031 (type: ports) to 2 /var/lib/openstack/lib/python3.10/site-packages/pycadf/identifier.py:71: UserWarning: Invalid uuid: neutron. To ensure interoperability, identifiers should be a valid uuid. warnings.warn(('Invalid uuid: %s. To ensure interoperability, '
2026-07-08 16:37:51.969 9 INFO neutron.wsgi [req-7a89c21b-9888-430b-8a7f-8b523a860109 req-9e9ee87a-4783-4c2b-89f3-2f6e1eb55dce 9b04416b3e664be085ff99bb029060d0 bebee10da6f647dfa1c0fc046799bf42 - - default default] 10.0.0.90 "GET /v2.0/ports?device_id=b73630da-5503-4303-ad43-a99360efe019 HTTP/1.1" status: 200 len: 1156 time: 0.0586870
2026-07-08 16:37:52.066 9 INFO neutron.wsgi [req-7a89c21b-9888-430b-8a7f-8b523a860109 req-4d0dd2a6-8f0c-414a-adbb-1480b7ac982a 9b04416b3e664be085ff99bb029060d0 bebee10da6f647dfa1c0fc046799bf42 - - default default] 10.0.0.90 "GET /v2.0/security-groups?id=87b0912f-9801-426c-a744-71124b59fd1b&fields=id&fields=name HTTP/1.1" status: 200 len: 313 time: 0.0820830
2026-07-08 16:37:52.159 9 INFO neutron.db.ovn_revision_numbers_db [None req-032b645f-f651-4d92-8d89-bf5667ade479 cb8f84f163474bbbaca19db2896a6562 dc7db9b88898430286696a4f2c38d6c1 - - - -] Successfully bumped revision number for resource 1c086d81-aa77-4252-a75a-d9b2172583fe (type: ports) to 2 /var/lib/openstack/lib/python3.10/site-packages/pycadf/identifier.py:71: UserWarning: Invalid uuid: neutron. To ensure interoperability, identifiers should be a valid uuid. warnings.warn(('Invalid uuid: %s. To ensure interoperability, '
2026-07-08 16:37:52.276 10 INFO neutron.wsgi [req-87395ac0-de19-4c74-a454-878f797ffb4c req-954903e7-fd81-4a55-b7b1-2c8cb7230c0d e889ad8e37fb4fc08fb63de37f923de4 1434d268eb654b1cafb520d54454da4b - - default default] 10.0.0.90 "GET /v2.0/ports?device_id=980b9579-5347-44a7-a884-6f2514b99d09 HTTP/1.1" status: 200 len: 1168 time: 0.2429559 /var/lib/openstack/lib/python3.10/site-packages/pycadf/identifier.py:71: UserWarning: Invalid uuid: neutron. To ensure interoperability, identifiers should be a valid uuid. warnings.warn(('Invalid uuid: %s. To ensure interoperability, '
2026-07-08 16:37:52.343 9 INFO neutron.wsgi [None req-30528cad-2bd2-4879-a465-9a4de6587b91 9cd5ec997f39428da6809704e177ebba 0209aba3cb54462dad77a8ef62be4cb9 - - - -] 10.0.0.81 "DELETE /v2.0/routers/4ac6b9a0-8a3f-4b58-9ac0-de00b4121000 HTTP/1.1" status: 204 len: 168 time: 1.1219320 /var/lib/openstack/lib/python3.10/site-packages/pycadf/identifier.py:71: UserWarning: Invalid uuid: neutron. To ensure interoperability, identifiers should be a valid uuid. warnings.warn(('Invalid uuid: %s. To ensure interoperability, '
2026-07-08 16:37:52.371 10 INFO neutron.wsgi [req-87395ac0-de19-4c74-a454-878f797ffb4c req-bb76d481-34ec-43f0-a599-656ac90c7685 e889ad8e37fb4fc08fb63de37f923de4 1434d268eb654b1cafb520d54454da4b - - default default] 10.0.0.90 "GET /v2.0/security-groups?id=5dd47ec8-953c-497d-9c9e-69fb27efd35a&fields=id&fields=name HTTP/1.1" status: 200 len: 313 time: 0.0769074
