2026-07-08 16:41:29.620 10 WARNING neutron.scheduler.dhcp_agent_scheduler [None req-eb5d1037-c4fa-414f-8662-e3b617ece273 ebc97f9aa9bc4e62a1cefeb8f1c91f96 0a8ecaa1cfb44566ad19552ca06420a4 - - - -] No more DHCP agents
2026-07-08 16:41:29.632 10 WARNING neutron.api.rpc.agentnotifiers.dhcp_rpc_agent_api [None req-eb5d1037-c4fa-414f-8662-e3b617ece273 ebc97f9aa9bc4e62a1cefeb8f1c91f96 0a8ecaa1cfb44566ad19552ca06420a4 - - - -] Unable to schedule network da7a70c2-cb4b-404a-b8be-5d44b8a179a3: no agents available; will retry on subsequent port and subnet creation events.
2026-07-08 16:41:29.712 10 INFO neutron.db.segments_db [None req-7d1f20d3-75ce-4a3a-aa57-5c6834472230 69c93a2e27eb428482ccab526c1ccaed 589edc3a0d544dc590e5afd7cca97cea - - - -] Added segment a64aa8ad-2e3f-40b1-a8ac-22abd7da0b18 of type geneve for network f13de451-2279-4b09-a3d5-17ac328be516
2026-07-08 16:41:29.907 10 INFO neutron.db.ovn_revision_numbers_db [None req-7d1f20d3-75ce-4a3a-aa57-5c6834472230 69c93a2e27eb428482ccab526c1ccaed 589edc3a0d544dc590e5afd7cca97cea - - - -] Successfully bumped revision number for resource f13de451-2279-4b09-a3d5-17ac328be516 (type: networks) to 1
2026-07-08 16:41:30.173 10 WARNING neutron.scheduler.dhcp_agent_scheduler [None req-7d1f20d3-75ce-4a3a-aa57-5c6834472230 69c93a2e27eb428482ccab526c1ccaed 589edc3a0d544dc590e5afd7cca97cea - - - -] No more DHCP agents
2026-07-08 16:41:30.177 10 WARNING neutron.api.rpc.agentnotifiers.dhcp_rpc_agent_api [None req-7d1f20d3-75ce-4a3a-aa57-5c6834472230 69c93a2e27eb428482ccab526c1ccaed 589edc3a0d544dc590e5afd7cca97cea - - - -] Unable to schedule network f13de451-2279-4b09-a3d5-17ac328be516: no agents available; will retry on subsequent port and subnet creation events.
2026-07-08 16:41:30.254 10 INFO neutron.db.ovn_revision_numbers_db [None req-7d1f20d3-75ce-4a3a-aa57-5c6834472230 69c93a2e27eb428482ccab526c1ccaed 589edc3a0d544dc590e5afd7cca97cea - - - -] Successfully bumped revision number for resource 9bae5db6-98d6-46f3-9268-3aabcbdf0a00 (type: ports) to 1
2026-07-08 16:41:30.281 10 INFO neutron.wsgi [None req-7d1f20d3-75ce-4a3a-aa57-5c6834472230 69c93a2e27eb428482ccab526c1ccaed 589edc3a0d544dc590e5afd7cca97cea - - - -] 10.0.0.81 "POST /v2.0/networks HTTP/1.1" status: 201 len: 837 time: 0.6901774
2026-07-08 16:41:30.320 10 INFO neutron.db.ovn_revision_numbers_db [None req-eb5d1037-c4fa-414f-8662-e3b617ece273 ebc97f9aa9bc4e62a1cefeb8f1c91f96 0a8ecaa1cfb44566ad19552ca06420a4 - - - -] Successfully bumped revision number for resource 06121cc6-bd69-4ad0-a83d-907f7f93608f (type: ports) to 2
2026-07-08 16:41:30.335 10 INFO neutron.db.ovn_revision_numbers_db [None req-eb5d1037-c4fa-414f-8662-e3b617ece273 ebc97f9aa9bc4e62a1cefeb8f1c91f96 0a8ecaa1cfb44566ad19552ca06420a4 - - - -] Successfully bumped revision number for resource 3e5ae23b-279b-471d-b66a-24b9bc8eaf92 (type: subnets) to 0
2026-07-08 16:41:30.355 10 INFO neutron.wsgi [None req-eb5d1037-c4fa-414f-8662-e3b617ece273 ebc97f9aa9bc4e62a1cefeb8f1c91f96 0a8ecaa1cfb44566ad19552ca06420a4 - - - -] 10.0.0.81 "POST /v2.0/subnets HTTP/1.1" status: 201 len: 804 time: 0.9949183
2026-07-08 16:41:30.460 10 INFO neutron.db.segments_db [None req-69f70bcb-72c1-4065-bf95-613713099660 ebc97f9aa9bc4e62a1cefeb8f1c91f96 0a8ecaa1cfb44566ad19552ca06420a4 - - - -] Added segment 03eced63-71a1-47d9-800d-afa5281d7b4c of type geneve for network 4a24e3fb-9f3c-44be-9101-624b3132fee6
2026-07-08 16:41:30.563 9 WARNING neutron.scheduler.dhcp_agent_scheduler [None req-d7d49fed-0b83-465f-acf8-8cb9d077e9ef 69c93a2e27eb428482ccab526c1ccaed 589edc3a0d544dc590e5afd7cca97cea - - - -] No more DHCP agents
2026-07-08 16:41:30.566 9 WARNING neutron.api.rpc.agentnotifiers.dhcp_rpc_agent_api [None req-d7d49fed-0b83-465f-acf8-8cb9d077e9ef 69c93a2e27eb428482ccab526c1ccaed 589edc3a0d544dc590e5afd7cca97cea - - - -] Unable to schedule network f13de451-2279-4b09-a3d5-17ac328be516: no agents available; will retry on subsequent port and subnet creation events.
2026-07-08 16:41:30.601 10 INFO neutron.db.ovn_revision_numbers_db [None req-69f70bcb-72c1-4065-bf95-613713099660 ebc97f9aa9bc4e62a1cefeb8f1c91f96 0a8ecaa1cfb44566ad19552ca06420a4 - - - -] Successfully bumped revision number for resource 4a24e3fb-9f3c-44be-9101-624b3132fee6 (type: networks) to 1
2026-07-08 16:41:30.827 10 WARNING neutron.scheduler.dhcp_agent_scheduler [None req-69f70bcb-72c1-4065-bf95-613713099660 ebc97f9aa9bc4e62a1cefeb8f1c91f96 0a8ecaa1cfb44566ad19552ca06420a4 - - - -] No more DHCP agents
2026-07-08 16:41:30.830 10 WARNING neutron.api.rpc.agentnotifiers.dhcp_rpc_agent_api [None req-69f70bcb-72c1-4065-bf95-613713099660 ebc97f9aa9bc4e62a1cefeb8f1c91f96 0a8ecaa1cfb44566ad19552ca06420a4 - - - -] Unable to schedule network 4a24e3fb-9f3c-44be-9101-624b3132fee6: no agents available; will retry on subsequent port and subnet creation events.
2026-07-08 16:41:30.913 10 INFO neutron.db.ovn_revision_numbers_db [None req-69f70bcb-72c1-4065-bf95-613713099660 ebc97f9aa9bc4e62a1cefeb8f1c91f96 0a8ecaa1cfb44566ad19552ca06420a4 - - - -] Successfully bumped revision number for resource a5305897-0428-4250-af60-e5b3e9837478 (type: ports) to 1
2026-07-08 16:41:30.939 10 INFO neutron.wsgi [None req-69f70bcb-72c1-4065-bf95-613713099660 ebc97f9aa9bc4e62a1cefeb8f1c91f96 0a8ecaa1cfb44566ad19552ca06420a4 - - - -] 10.0.0.81 "POST /v2.0/networks HTTP/1.1" status: 201 len: 831 time: 0.5800853
2026-07-08 16:41:31.458 9 INFO neutron.db.ovn_revision_numbers_db [None req-d7d49fed-0b83-465f-acf8-8cb9d077e9ef 69c93a2e27eb428482ccab526c1ccaed 589edc3a0d544dc590e5afd7cca97cea - - - -] Successfully bumped revision number for resource 9bae5db6-98d6-46f3-9268-3aabcbdf0a00 (type: ports) to 2
2026-07-08 16:41:31.492 9 INFO neutron.db.ovn_revision_numbers_db [None req-d7d49fed-0b83-465f-acf8-8cb9d077e9ef 69c93a2e27eb428482ccab526c1ccaed 589edc3a0d544dc590e5afd7cca97cea - - - -] Successfully bumped revision number for resource c2674740-d2ee-4211-bdd0-ddec17152824 (type: subnets) to 0
2026-07-08 16:41:31.515 10 INFO neutron.plugins.ml2.drivers.ovn.mech_driver.mech_driver [None req-ea1f4eae-111f-47cb-8abc-10c4d7819cea - - - - - -] OVN reports status down for port: 10375c3e-a23b-447a-aca2-e2f664c0e555
2026-07-08 16:41:31.524 9 INFO neutron.wsgi [None req-d7d49fed-0b83-465f-acf8-8cb9d077e9ef 69c93a2e27eb428482ccab526c1ccaed 589edc3a0d544dc590e5afd7cca97cea - - - -] 10.0.0.81 "POST /v2.0/subnets HTTP/1.1" status: 201 len: 829 time: 1.2374532
2026-07-08 16:41:31.573 10 INFO neutron.wsgi [req-03578f28-8269-4e15-b28c-3f95d1239aa3 req-1d79ddbd-11ee-41ac-a8bb-5082d1f1cbd5 e6c33931bff24469833b812fad20c3da 14d6662f6ac34853a395c5497d7dbbc0 - - default default] 10.0.0.90 "GET /v2.0/ports?device_id=e0c597d3-d818-4cc9-bfac-d6560edc1b28 HTTP/1.1" status: 200 len: 1214 time: 0.1441236
2026-07-08 16:41:31.652 9 WARNING neutron.scheduler.dhcp_agent_scheduler [None req-cab6c017-5216-4b01-8c99-e37fc66cdb74 ebc97f9aa9bc4e62a1cefeb8f1c91f96 0a8ecaa1cfb44566ad19552ca06420a4 - - - -] No more DHCP agents
2026-07-08 16:41:31.659 9 WARNING neutron.api.rpc.agentnotifiers.dhcp_rpc_agent_api [None req-cab6c017-5216-4b01-8c99-e37fc66cdb74 ebc97f9aa9bc4e62a1cefeb8f1c91f96 0a8ecaa1cfb44566ad19552ca06420a4 - - - -] Unable to schedule network 4a24e3fb-9f3c-44be-9101-624b3132fee6: no agents available; will retry on subsequent port and subnet creation events.
2026-07-08 16:41:31.664 10 INFO neutron.wsgi [req-03578f28-8269-4e15-b28c-3f95d1239aa3 req-ac4cb89d-b7ea-4fd9-aa6d-586fd9c5e85a e6c33931bff24469833b812fad20c3da 14d6662f6ac34853a395c5497d7dbbc0 - - default default] 10.0.0.90 "GET /v2.0/security-groups?id=db8e8311-b685-4cb6-a954-4674662744fe&id=6c039082-b6ac-4fd3-9acb-ce2778d0aa1f&fields=id&fields=name HTTP/1.1" status: 200 len: 406 time: 0.0855923
2026-07-08 16:41:31.695 10 INFO neutron.notifiers.nova [-] Nova event matching ['req-83ee7daf-52bb-4d3f-a0de-a307e34fcaf8'] response: {'server_uuid': 'e0c597d3-d818-4cc9-bfac-d6560edc1b28', 'name': 'network-vif-unplugged', 'status': 'completed', 'tag': '10375c3e-a23b-447a-aca2-e2f664c0e555', 'code': 200}
2026-07-08 16:41:31.828 9 INFO neutron.wsgi [req-0c36b6a8-9b9a-4921-bda5-9691f5764d2a req-c876261d-f582-4f5e-8713-026e0a9d6775 e6c33931bff24469833b812fad20c3da 14d6662f6ac34853a395c5497d7dbbc0 - - default default] 199.19.213.163 "GET /v2.0/ports?device_id=e0c597d3-d818-4cc9-bfac-d6560edc1b28 HTTP/1.1" status: 200 len: 1212 time: 0.0624089
2026-07-08 16:41:31.851 10 INFO neutron.db.ovn_revision_numbers_db [None req-ea1f4eae-111f-47cb-8abc-10c4d7819cea - - - - - -] Successfully bumped revision number for resource 10375c3e-a23b-447a-aca2-e2f664c0e555 (type: ports) to 5
2026-07-08 16:41:31.977 9 WARNING neutron.scheduler.dhcp_agent_scheduler [None req-c1ec7998-e4c0-4f02-a5d6-1da9731abe4c 69c93a2e27eb428482ccab526c1ccaed 589edc3a0d544dc590e5afd7cca97cea - - - -] No more DHCP agents
2026-07-08 16:41:31.983 9 WARNING neutron.api.rpc.agentnotifiers.dhcp_rpc_agent_api [None req-c1ec7998-e4c0-4f02-a5d6-1da9731abe4c 69c93a2e27eb428482ccab526c1ccaed 589edc3a0d544dc590e5afd7cca97cea - - - -] Unable to schedule network f13de451-2279-4b09-a3d5-17ac328be516: no agents available; will retry on subsequent port and subnet creation events.
2026-07-08 16:41:32.020 9 INFO neutron.db.ovn_revision_numbers_db [None req-c1ec7998-e4c0-4f02-a5d6-1da9731abe4c 69c93a2e27eb428482ccab526c1ccaed 589edc3a0d544dc590e5afd7cca97cea - - - -] Successfully bumped revision number for resource 4be3c6e2-b9fb-4baa-aff5-d2cf414fbea4 (type: subnets) to 0
2026-07-08 16:41:32.067 9 INFO neutron.wsgi [None req-c1ec7998-e4c0-4f02-a5d6-1da9731abe4c 69c93a2e27eb428482ccab526c1ccaed 589edc3a0d544dc590e5afd7cca97cea - - - -] 10.0.0.81 "POST /v2.0/subnets HTTP/1.1" status: 201 len: 901 time: 0.5322728 /var/lib/openstack/lib/python3.10/site-packages/pycadf/identifier.py:71: UserWarning: Invalid uuid: neutron. To ensure interoperability, identifiers should be a valid uuid. warnings.warn(('Invalid uuid: %s. To ensure interoperability, '
2026-07-08 16:41:32.155 10 INFO neutron.db.segments_db [None req-17b9893b-7acf-4cc6-88f7-d33ee1679bfe 69c93a2e27eb428482ccab526c1ccaed 589edc3a0d544dc590e5afd7cca97cea - - - -] Added segment a380e657-42bb-4ea9-8493-cc311baeec14 of type geneve for network fbbde19f-6ef3-4fbb-b558-467615c52356
2026-07-08 16:41:32.291 10 INFO neutron.db.ovn_revision_numbers_db [None req-17b9893b-7acf-4cc6-88f7-d33ee1679bfe 69c93a2e27eb428482ccab526c1ccaed 589edc3a0d544dc590e5afd7cca97cea - - - -] Successfully bumped revision number for resource fbbde19f-6ef3-4fbb-b558-467615c52356 (type: networks) to 1
2026-07-08 16:41:32.317 9 INFO neutron.db.l3_db [None req-db7b2df7-2d3a-4d6d-b512-b3d9b2ecf823 e6c33931bff24469833b812fad20c3da 14d6662f6ac34853a395c5497d7dbbc0 - - - -] Floating IP a1415706-78a6-455a-b36e-4588d74588a8 disassociated. External IP: 10.96.250.212, port: 10375c3e-a23b-447a-aca2-e2f664c0e555.
2026-07-08 16:41:32.481 9 INFO neutron.db.ovn_revision_numbers_db [None req-cab6c017-5216-4b01-8c99-e37fc66cdb74 ebc97f9aa9bc4e62a1cefeb8f1c91f96 0a8ecaa1cfb44566ad19552ca06420a4 - - - -] Successfully bumped revision number for resource a5305897-0428-4250-af60-e5b3e9837478 (type: ports) to 2
2026-07-08 16:41:32.490 10 WARNING neutron.scheduler.dhcp_agent_scheduler [None req-17b9893b-7acf-4cc6-88f7-d33ee1679bfe 69c93a2e27eb428482ccab526c1ccaed 589edc3a0d544dc590e5afd7cca97cea - - - -] No more DHCP agents
2026-07-08 16:41:32.493 10 WARNING neutron.api.rpc.agentnotifiers.dhcp_rpc_agent_api [None req-17b9893b-7acf-4cc6-88f7-d33ee1679bfe 69c93a2e27eb428482ccab526c1ccaed 589edc3a0d544dc590e5afd7cca97cea - - - -] Unable to schedule network fbbde19f-6ef3-4fbb-b558-467615c52356: no agents available; will retry on subsequent port and subnet creation events.
2026-07-08 16:41:32.503 9 INFO neutron.db.ovn_revision_numbers_db [None req-cab6c017-5216-4b01-8c99-e37fc66cdb74 ebc97f9aa9bc4e62a1cefeb8f1c91f96 0a8ecaa1cfb44566ad19552ca06420a4 - - - -] Successfully bumped revision number for resource 9b698d80-5bff-49fd-9c38-b8683d39dc2a (type: subnets) to 0
2026-07-08 16:41:32.524 9 INFO neutron.wsgi [None req-cab6c017-5216-4b01-8c99-e37fc66cdb74 ebc97f9aa9bc4e62a1cefeb8f1c91f96 0a8ecaa1cfb44566ad19552ca06420a4 - - - -] 10.0.0.81 "POST /v2.0/subnets HTTP/1.1" status: 201 len: 804 time: 1.5795467 /var/lib/openstack/lib/python3.10/site-packages/pycadf/identifier.py:71: UserWarning: Invalid uuid: neutron. To ensure interoperability, identifiers should be a valid uuid. warnings.warn(('Invalid uuid: %s. To ensure interoperability, '
2026-07-08 16:41:32.558 10 INFO neutron.db.ovn_revision_numbers_db [None req-17b9893b-7acf-4cc6-88f7-d33ee1679bfe 69c93a2e27eb428482ccab526c1ccaed 589edc3a0d544dc590e5afd7cca97cea - - - -] Successfully bumped revision number for resource 9fbd99d8-1bfd-4aa9-9f85-e6bec22936a2 (type: ports) to 1
2026-07-08 16:41:32.582 10 INFO neutron.wsgi [None req-17b9893b-7acf-4cc6-88f7-d33ee1679bfe 69c93a2e27eb428482ccab526c1ccaed 589edc3a0d544dc590e5afd7cca97cea - - - -] 10.0.0.81 "POST /v2.0/networks HTTP/1.1" status: 201 len: 837 time: 0.5075588
2026-07-08 16:41:32.598 9 INFO neutron.wsgi [None req-db7b2df7-2d3a-4d6d-b512-b3d9b2ecf823 e6c33931bff24469833b812fad20c3da 14d6662f6ac34853a395c5497d7dbbc0 - - - -] 199.19.213.163 "DELETE /v2.0/ports/10375c3e-a23b-447a-aca2-e2f664c0e555 HTTP/1.1" status: 204 len: 173 time: 0.7647488
2026-07-08 16:41:32.641 9 INFO neutron.notifiers.nova [-] Nova event matching ['req-eb6a94f8-0fad-4c76-bcb2-38bc292eccfd'] response: {'server_uuid': 'e0c597d3-d818-4cc9-bfac-d6560edc1b28', 'name': 'network-vif-deleted', 'tag': '10375c3e-a23b-447a-aca2-e2f664c0e555', 'status': 'completed', 'code': 200}
2026-07-08 16:41:32.650 9 INFO neutron.db.segments_db [None req-2abfc6b1-b282-41da-ae8c-23489bfd0429 ebc97f9aa9bc4e62a1cefeb8f1c91f96 0a8ecaa1cfb44566ad19552ca06420a4 - - - -] Added segment d2f13310-a0e8-40e2-a892-8a9160b57ede of type geneve for network ca97f779-b6c2-4b42-8584-3b7b3eb8d9e9
2026-07-08 16:41:32.790 9 INFO neutron.wsgi [req-8af3648e-3fbc-40d7-86b0-2e69cfa72e66 req-82d4faa3-20f7-4cfe-b319-c224a0f836ad e6c33931bff24469833b812fad20c3da 14d6662f6ac34853a395c5497d7dbbc0 - - default default] 10.0.0.90 "GET /v2.0/ports?device_id=e0c597d3-d818-4cc9-bfac-d6560edc1b28 HTTP/1.1" status: 200 len: 210 time: 0.0474164
2026-07-08 16:41:32.826 9 INFO neutron.db.ovn_revision_numbers_db [None req-2abfc6b1-b282-41da-ae8c-23489bfd0429 ebc97f9aa9bc4e62a1cefeb8f1c91f96 0a8ecaa1cfb44566ad19552ca06420a4 - - - -] Successfully bumped revision number for resource ca97f779-b6c2-4b42-8584-3b7b3eb8d9e9 (type: networks) to 1
2026-07-08 16:41:32.881 9 INFO neutron.wsgi [-] 10.0.0.59 "GET / HTTP/1.1" status: 200 len: 247 time: 0.0027318
2026-07-08 16:41:32.884 9 INFO neutron.wsgi [-] 10.0.0.59 "GET / HTTP/1.1" status: 200 len: 247 time: 0.0015960
2026-07-08 16:41:32.890 10 WARNING neutron.scheduler.dhcp_agent_scheduler [None req-eab3a3e0-2ceb-4a79-bb12-cad6e9019d5a 69c93a2e27eb428482ccab526c1ccaed 589edc3a0d544dc590e5afd7cca97cea - - - -] No more DHCP agents
2026-07-08 16:41:32.891 10 WARNING neutron.api.rpc.agentnotifiers.dhcp_rpc_agent_api [None req-eab3a3e0-2ceb-4a79-bb12-cad6e9019d5a 69c93a2e27eb428482ccab526c1ccaed 589edc3a0d544dc590e5afd7cca97cea - - - -] Unable to schedule network fbbde19f-6ef3-4fbb-b558-467615c52356: no agents available; will retry on subsequent port and subnet creation events.
2026-07-08 16:41:33.035 9 WARNING neutron.scheduler.dhcp_agent_scheduler [None req-2abfc6b1-b282-41da-ae8c-23489bfd0429 ebc97f9aa9bc4e62a1cefeb8f1c91f96 0a8ecaa1cfb44566ad19552ca06420a4 - - - -] No more DHCP agents
2026-07-08 16:41:33.037 9 WARNING neutron.api.rpc.agentnotifiers.dhcp_rpc_agent_api [None req-2abfc6b1-b282-41da-ae8c-23489bfd0429 ebc97f9aa9bc4e62a1cefeb8f1c91f96 0a8ecaa1cfb44566ad19552ca06420a4 - - - -] Unable to schedule network ca97f779-b6c2-4b42-8584-3b7b3eb8d9e9: no agents available; will retry on subsequent port and subnet creation events.
2026-07-08 16:41:33.102 9 INFO neutron.db.ovn_revision_numbers_db [None req-2abfc6b1-b282-41da-ae8c-23489bfd0429 ebc97f9aa9bc4e62a1cefeb8f1c91f96 0a8ecaa1cfb44566ad19552ca06420a4 - - - -] Successfully bumped revision number for resource e916cdbb-1cd7-49f7-ae58-e5266a46ac63 (type: ports) to 1
2026-07-08 16:41:33.122 9 INFO neutron.wsgi [None req-2abfc6b1-b282-41da-ae8c-23489bfd0429 ebc97f9aa9bc4e62a1cefeb8f1c91f96 0a8ecaa1cfb44566ad19552ca06420a4 - - - -] 10.0.0.81 "POST /v2.0/networks HTTP/1.1" status: 201 len: 830 time: 0.5888197
2026-07-08 16:41:33.458 10 WARNING neutron.scheduler.dhcp_agent_scheduler [None req-a78e0877-a48a-4289-b7d2-7ba5cd6acf51 ebc97f9aa9bc4e62a1cefeb8f1c91f96 0a8ecaa1cfb44566ad19552ca06420a4 - - - -] No more DHCP agents
2026-07-08 16:41:33.463 10 WARNING neutron.api.rpc.agentnotifiers.dhcp_rpc_agent_api [None req-a78e0877-a48a-4289-b7d2-7ba5cd6acf51 ebc97f9aa9bc4e62a1cefeb8f1c91f96 0a8ecaa1cfb44566ad19552ca06420a4 - - - -] Unable to schedule network ca97f779-b6c2-4b42-8584-3b7b3eb8d9e9: no agents available; will retry on subsequent port and subnet creation events.
2026-07-08 16:41:33.496 10 INFO neutron.db.ovn_revision_numbers_db [None req-eab3a3e0-2ceb-4a79-bb12-cad6e9019d5a 69c93a2e27eb428482ccab526c1ccaed 589edc3a0d544dc590e5afd7cca97cea - - - -] Successfully bumped revision number for resource 9fbd99d8-1bfd-4aa9-9f85-e6bec22936a2 (type: ports) to 2
2026-07-08 16:41:33.522 10 INFO neutron.db.ovn_revision_numbers_db [None req-eab3a3e0-2ceb-4a79-bb12-cad6e9019d5a 69c93a2e27eb428482ccab526c1ccaed 589edc3a0d544dc590e5afd7cca97cea - - - -] Successfully bumped revision number for resource 9c8f329c-cd6d-48a2-9e29-4b1deafd1c1d (type: subnets) to 0
2026-07-08 16:41:33.541 10 INFO neutron.wsgi [None req-eab3a3e0-2ceb-4a79-bb12-cad6e9019d5a 69c93a2e27eb428482ccab526c1ccaed 589edc3a0d544dc590e5afd7cca97cea - - - -] 10.0.0.81 "POST /v2.0/subnets HTTP/1.1" status: 201 len: 831 time: 0.9494131
2026-07-08 16:41:33.884 9 WARNING neutron.scheduler.dhcp_agent_scheduler [None req-c2a3e12e-034c-4902-b4aa-88b8070f3b62 69c93a2e27eb428482ccab526c1ccaed 589edc3a0d544dc590e5afd7cca97cea - - - -] No more DHCP agents
2026-07-08 16:41:33.886 9 WARNING neutron.api.rpc.agentnotifiers.dhcp_rpc_agent_api [None req-c2a3e12e-034c-4902-b4aa-88b8070f3b62 69c93a2e27eb428482ccab526c1ccaed 589edc3a0d544dc590e5afd7cca97cea - - - -] Unable to schedule network fbbde19f-6ef3-4fbb-b558-467615c52356: no agents available; will retry on subsequent port and subnet creation events.
2026-07-08 16:41:33.902 9 INFO neutron.db.ovn_revision_numbers_db [None req-c2a3e12e-034c-4902-b4aa-88b8070f3b62 69c93a2e27eb428482ccab526c1ccaed 589edc3a0d544dc590e5afd7cca97cea - - - -] Successfully bumped revision number for resource 0bb16328-2e29-416b-b34b-b622de748570 (type: subnets) to 0
2026-07-08 16:41:33.924 9 INFO neutron.wsgi [None req-c2a3e12e-034c-4902-b4aa-88b8070f3b62 69c93a2e27eb428482ccab526c1ccaed 589edc3a0d544dc590e5afd7cca97cea - - - -] 10.0.0.81 "POST /v2.0/subnets HTTP/1.1" status: 201 len: 904 time: 0.3775713
2026-07-08 16:41:33.960 10 INFO neutron.notifiers.nova [-] Nova event matching ['req-79f5e55d-15d7-4289-8e16-25b2fd20f75e'] response: {'server_uuid': 'e0c597d3-d818-4cc9-bfac-d6560edc1b28', 'name': 'network-vif-plugged', 'status': 'completed', 'tag': '10375c3e-a23b-447a-aca2-e2f664c0e555', 'code': 200}
2026-07-08 16:41:34.078 9 INFO neutron.wsgi [None req-8da1c941-54ad-4330-b386-eda0ac4e0119 e6c33931bff24469833b812fad20c3da 14d6662f6ac34853a395c5497d7dbbc0 - - - -] 10.0.0.81 "DELETE /v2.0/security-groups/db8e8311-b685-4cb6-a954-4674662744fe HTTP/1.1" status: 204 len: 168 time: 0.1164854
2026-07-08 16:41:34.093 9 INFO neutron.api.v2.resource [None req-3b58c3c2-b8e4-4f50-89c8-63967069fad3 e6c33931bff24469833b812fad20c3da 14d6662f6ac34853a395c5497d7dbbc0 - - default default] show failed (client error): The resource could not be found.
2026-07-08 16:41:34.094 9 INFO neutron.wsgi [None req-3b58c3c2-b8e4-4f50-89c8-63967069fad3 e6c33931bff24469833b812fad20c3da 14d6662f6ac34853a395c5497d7dbbc0 - - default default] 10.0.0.81 "GET /v2.0/security-groups/db8e8311-b685-4cb6-a954-4674662744fe HTTP/1.1" status: 404 len: 347 time: 0.0116634
2026-07-08 16:41:34.344 10 INFO neutron.db.ovn_revision_numbers_db [None req-a78e0877-a48a-4289-b7d2-7ba5cd6acf51 ebc97f9aa9bc4e62a1cefeb8f1c91f96 0a8ecaa1cfb44566ad19552ca06420a4 - - - -] Successfully bumped revision number for resource e916cdbb-1cd7-49f7-ae58-e5266a46ac63 (type: ports) to 2
2026-07-08 16:41:34.370 10 INFO neutron.db.ovn_revision_numbers_db [None req-a78e0877-a48a-4289-b7d2-7ba5cd6acf51 ebc97f9aa9bc4e62a1cefeb8f1c91f96 0a8ecaa1cfb44566ad19552ca06420a4 - - - -] Successfully bumped revision number for resource 7688de86-4107-4bf2-b85d-e159d4e47f81 (type: subnets) to 0
2026-07-08 16:41:34.386 10 INFO neutron.wsgi [None req-a78e0877-a48a-4289-b7d2-7ba5cd6acf51 ebc97f9aa9bc4e62a1cefeb8f1c91f96 0a8ecaa1cfb44566ad19552ca06420a4 - - - -] 10.0.0.81 "POST /v2.0/subnets HTTP/1.1" status: 201 len: 804 time: 1.2590275
2026-07-08 16:41:34.461 9 INFO neutron.wsgi [None req-9bf2f15a-99d9-4b57-9e81-1bdb5af09fed e6c33931bff24469833b812fad20c3da 14d6662f6ac34853a395c5497d7dbbc0 - - - -] 10.0.0.81 "DELETE /v2.0/floatingips/a1415706-78a6-455a-b36e-4588d74588a8 HTTP/1.1" status: 204 len: 168 time: 0.3619850
2026-07-08 16:41:34.500 9 INFO neutron.db.segments_db [None req-a8e85b91-1363-428c-96ff-4e7edd1e290b ebc97f9aa9bc4e62a1cefeb8f1c91f96 0a8ecaa1cfb44566ad19552ca06420a4 - - - -] Added segment 78e1f04a-b8b8-4ee3-a86c-e51850e90e03 of type geneve for network a0f2cd83-13f8-4cfa-a3c8-d830a5407b02
2026-07-08 16:41:34.500 10 WARNING neutron.scheduler.dhcp_agent_scheduler [None req-0133fb49-b965-4476-b3ae-e565b7cd134e 69c93a2e27eb428482ccab526c1ccaed 589edc3a0d544dc590e5afd7cca97cea - - - -] No more DHCP agents
2026-07-08 16:41:34.506 10 WARNING neutron.api.rpc.agentnotifiers.dhcp_rpc_agent_api [None req-0133fb49-b965-4476-b3ae-e565b7cd134e 69c93a2e27eb428482ccab526c1ccaed 589edc3a0d544dc590e5afd7cca97cea - - - -] Unable to schedule network 5e3a74fd-7c59-4607-b22b-2dfabad66aaf: no agents available; will retry on subsequent port and subnet creation events.
2026-07-08 16:41:34.634 9 INFO neutron.db.ovn_revision_numbers_db [None req-a8e85b91-1363-428c-96ff-4e7edd1e290b ebc97f9aa9bc4e62a1cefeb8f1c91f96 0a8ecaa1cfb44566ad19552ca06420a4 - - - -] Successfully bumped revision number for resource a0f2cd83-13f8-4cfa-a3c8-d830a5407b02 (type: networks) to 1
2026-07-08 16:41:34.635 10 INFO neutron.db.ovn_revision_numbers_db [None req-0133fb49-b965-4476-b3ae-e565b7cd134e 69c93a2e27eb428482ccab526c1ccaed 589edc3a0d544dc590e5afd7cca97cea - - - -] Successfully bumped revision number for resource b0d0c29e-afa7-475d-b58c-b2f6345c7532 (type: ports) to 1
2026-07-08 16:41:34.670 9 INFO neutron.wsgi [None req-b401bdae-7e03-490b-b1b2-1939703ed999 e6c33931bff24469833b812fad20c3da 14d6662f6ac34853a395c5497d7dbbc0 - - - -] 10.0.0.81 "DELETE /v2.0/security-groups/6c039082-b6ac-4fd3-9acb-ce2778d0aa1f HTTP/1.1" status: 204 len: 168 time: 0.2038598
2026-07-08 16:41:34.847 9 WARNING neutron.scheduler.dhcp_agent_scheduler [None req-a8e85b91-1363-428c-96ff-4e7edd1e290b ebc97f9aa9bc4e62a1cefeb8f1c91f96 0a8ecaa1cfb44566ad19552ca06420a4 - - - -] No more DHCP agents
2026-07-08 16:41:34.851 9 WARNING neutron.api.rpc.agentnotifiers.dhcp_rpc_agent_api [None req-a8e85b91-1363-428c-96ff-4e7edd1e290b ebc97f9aa9bc4e62a1cefeb8f1c91f96 0a8ecaa1cfb44566ad19552ca06420a4 - - - -] Unable to schedule network a0f2cd83-13f8-4cfa-a3c8-d830a5407b02: no agents available; will retry on subsequent port and subnet creation events.
2026-07-08 16:41:34.942 9 INFO neutron.db.ovn_revision_numbers_db [None req-a8e85b91-1363-428c-96ff-4e7edd1e290b ebc97f9aa9bc4e62a1cefeb8f1c91f96 0a8ecaa1cfb44566ad19552ca06420a4 - - - -] Successfully bumped revision number for resource bbe4bc5a-2ac6-490a-afb1-351018e75ab3 (type: ports) to 1
2026-07-08 16:41:34.973 9 INFO neutron.wsgi [None req-a8e85b91-1363-428c-96ff-4e7edd1e290b ebc97f9aa9bc4e62a1cefeb8f1c91f96 0a8ecaa1cfb44566ad19552ca06420a4 - - - -] 10.0.0.81 "POST /v2.0/networks HTTP/1.1" status: 201 len: 830 time: 0.5825198
2026-07-08 16:41:35.233 9 WARNING neutron.scheduler.dhcp_agent_scheduler [None req-752f441f-d3c3-422a-9f7e-fb19d8b61dd1 ebc97f9aa9bc4e62a1cefeb8f1c91f96 0a8ecaa1cfb44566ad19552ca06420a4 - - - -] No more DHCP agents
2026-07-08 16:41:35.234 9 WARNING neutron.api.rpc.agentnotifiers.dhcp_rpc_agent_api [None req-752f441f-d3c3-422a-9f7e-fb19d8b61dd1 ebc97f9aa9bc4e62a1cefeb8f1c91f96 0a8ecaa1cfb44566ad19552ca06420a4 - - - -] Unable to schedule network a0f2cd83-13f8-4cfa-a3c8-d830a5407b02: no agents available; will retry on subsequent port and subnet creation events.
2026-07-08 16:41:35.609 10 INFO neutron.plugins.ml2.drivers.ovn.mech_driver.mech_driver [None req-ea1f4eae-111f-47cb-8abc-10c4d7819cea - - - - - -] OVN reports status up for port: b0d0c29e-afa7-475d-b58c-b2f6345c7532
2026-07-08 16:41:35.637 10 INFO neutron.plugins.ml2.drivers.ovn.mech_driver.ovsdb.ovsdb_monitor [None req-95bdc3c1-47cb-471b-9bba-1c584b11c933 - - - - - -] Router b205c2aa-3bd9-4c5c-85d9-7acffa408129 is bound to host instance
2026-07-08 16:41:35.644 10 INFO neutron.db.ovn_revision_numbers_db [None req-0133fb49-b965-4476-b3ae-e565b7cd134e 69c93a2e27eb428482ccab526c1ccaed 589edc3a0d544dc590e5afd7cca97cea - - - -] Successfully bumped revision number for resource b0d0c29e-afa7-475d-b58c-b2f6345c7532 (type: router_ports) to 1
2026-07-08 16:41:35.645 10 INFO neutron.plugins.ml2.plugin [None req-ea1f4eae-111f-47cb-8abc-10c4d7819cea - - - - - -] Attempt 1 to provision port b0d0c29e-afa7-475d-b58c-b2f6345c7532
2026-07-08 16:41:35.798 10 INFO neutron.db.ovn_revision_numbers_db [None req-0133fb49-b965-4476-b3ae-e565b7cd134e 69c93a2e27eb428482ccab526c1ccaed 589edc3a0d544dc590e5afd7cca97cea - - - -] Successfully bumped revision number for resource b205c2aa-3bd9-4c5c-85d9-7acffa408129 (type: routers) to 3
2026-07-08 16:41:35.856 10 INFO neutron.wsgi [None req-0133fb49-b965-4476-b3ae-e565b7cd134e 69c93a2e27eb428482ccab526c1ccaed 589edc3a0d544dc590e5afd7cca97cea - - - -] 10.0.0.81 "POST /v2.0/routers HTTP/1.1" status: 201 len: 864 time: 1.9242790
2026-07-08 16:41:36.132 9 INFO neutron.db.ovn_revision_numbers_db [None req-752f441f-d3c3-422a-9f7e-fb19d8b61dd1 ebc97f9aa9bc4e62a1cefeb8f1c91f96 0a8ecaa1cfb44566ad19552ca06420a4 - - - -] Successfully bumped revision number for resource bbe4bc5a-2ac6-490a-afb1-351018e75ab3 (type: ports) to 2
2026-07-08 16:41:36.151 9 INFO neutron.db.ovn_revision_numbers_db [None req-752f441f-d3c3-422a-9f7e-fb19d8b61dd1 ebc97f9aa9bc4e62a1cefeb8f1c91f96 0a8ecaa1cfb44566ad19552ca06420a4 - - - -] Successfully bumped revision number for resource 03ae877f-cf47-4482-859b-81e29c73695d (type: subnets) to 0
2026-07-08 16:41:36.172 9 INFO neutron.wsgi [None req-752f441f-d3c3-422a-9f7e-fb19d8b61dd1 ebc97f9aa9bc4e62a1cefeb8f1c91f96 0a8ecaa1cfb44566ad19552ca06420a4 - - - -] 10.0.0.81 "POST /v2.0/subnets HTTP/1.1" status: 201 len: 804 time: 1.1945705
2026-07-08 16:41:36.275 10 INFO neutron.wsgi [None req-37f60bfc-0f9d-4ef8-aba2-fdcd445075d4 ebc97f9aa9bc4e62a1cefeb8f1c91f96 0a8ecaa1cfb44566ad19552ca06420a4 - - - -] 10.0.0.81 "PUT /v2.0/subnets/227ad032-3ea0-4a2e-994e-78c19a555b16/tags HTTP/1.1" status: 200 len: 210 time: 0.0859327
2026-07-08 16:41:36.403 9 INFO neutron.wsgi [None req-568fdea2-638f-4d46-8cb1-7b2071c815c1 ebc97f9aa9bc4e62a1cefeb8f1c91f96 0a8ecaa1cfb44566ad19552ca06420a4 - - - -] 10.0.0.81 "PUT /v2.0/subnets/3e5ae23b-279b-471d-b66a-24b9bc8eaf92/tags HTTP/1.1" status: 200 len: 218 time: 0.1221788
2026-07-08 16:41:36.457 9 INFO neutron.wsgi [None req-7db28e65-ce55-4a50-8ff5-6efe9534443f ebc97f9aa9bc4e62a1cefeb8f1c91f96 0a8ecaa1cfb44566ad19552ca06420a4 - - - -] 10.0.0.81 "PUT /v2.0/subnets/9b698d80-5bff-49fd-9c38-b8683d39dc2a/tags HTTP/1.1" status: 200 len: 227 time: 0.0493717
2026-07-08 16:41:36.525 9 INFO neutron.wsgi [None req-74b09b0e-f09b-40ac-b97d-cd13c237f25f ebc97f9aa9bc4e62a1cefeb8f1c91f96 0a8ecaa1cfb44566ad19552ca06420a4 - - - -] 10.0.0.81 "PUT /v2.0/subnets/7688de86-4107-4bf2-b85d-e159d4e47f81/tags HTTP/1.1" status: 200 len: 212 time: 0.0633321
2026-07-08 16:41:36.625 9 INFO neutron.wsgi [None req-2f3577e9-6339-4bed-91bf-5849e330e00c ebc97f9aa9bc4e62a1cefeb8f1c91f96 0a8ecaa1cfb44566ad19552ca06420a4 - - default default] 10.0.0.81 "GET /v2.0/subnets?tags=red HTTP/1.1" status: 200 len: 2027 time: 0.0911050
2026-07-08 16:41:36.704 9 INFO neutron.wsgi [None req-7ffab888-105b-4ef0-a1cb-6ebbd0b8279e ebc97f9aa9bc4e62a1cefeb8f1c91f96 0a8ecaa1cfb44566ad19552ca06420a4 - - default default] 10.0.0.81 "GET /v2.0/subnets?tags=red%2Cblue HTTP/1.1" status: 200 len: 1430 time: 0.0732634
2026-07-08 16:41:36.712 9 WARNING neutron.scheduler.dhcp_agent_scheduler [None req-471d5fd0-d45f-4a6b-b649-efa992bf8acb 69c93a2e27eb428482ccab526c1ccaed 589edc3a0d544dc590e5afd7cca97cea - - default default] No more DHCP agents
2026-07-08 16:41:36.721 9 WARNING neutron.api.rpc.agentnotifiers.dhcp_rpc_agent_api [None req-471d5fd0-d45f-4a6b-b649-efa992bf8acb 69c93a2e27eb428482ccab526c1ccaed 589edc3a0d544dc590e5afd7cca97cea - - default default] Unable to schedule network 16c4b91d-427e-4e47-9a03-0f112a845523: no agents available; will retry on subsequent port and subnet creation events.
2026-07-08 16:41:36.808 9 INFO neutron.wsgi [None req-5fea30b8-4dfc-465e-a99b-9f29929e54e8 ebc97f9aa9bc4e62a1cefeb8f1c91f96 0a8ecaa1cfb44566ad19552ca06420a4 - - default default] 10.0.0.81 "GET /v2.0/subnets?tags-any=blue HTTP/1.1" status: 200 len: 1430 time: 0.0947931
2026-07-08 16:41:36.873 9 INFO neutron.wsgi [None req-ad6ce133-95ea-4ff9-b2b2-310752f7cdaf ebc97f9aa9bc4e62a1cefeb8f1c91f96 0a8ecaa1cfb44566ad19552ca06420a4 - - default default] 10.0.0.81 "GET /v2.0/subnets?tags-any=red%2Cblue HTTP/1.1" status: 200 len: 2027 time: 0.0593786
2026-07-08 16:41:36.956 9 INFO neutron.db.ovn_revision_numbers_db [None req-471d5fd0-d45f-4a6b-b649-efa992bf8acb 69c93a2e27eb428482ccab526c1ccaed 589edc3a0d544dc590e5afd7cca97cea - - default default] Successfully bumped revision number for resource e2100e90-2c71-45b8-b922-c7ed6c1a0c68 (type: ports) to 1
2026-07-08 16:41:36.975 10 INFO neutron.wsgi [None req-de6438bd-a906-4123-9d4b-513442a8d9d3 ebc97f9aa9bc4e62a1cefeb8f1c91f96 0a8ecaa1cfb44566ad19552ca06420a4 - - default default] 10.0.0.81 "GET /v2.0/subnets?not-tags=red HTTP/1.1" status: 200 len: 2018 time: 0.0921707
2026-07-08 16:41:37.086 10 INFO neutron.wsgi [None req-3328bdc3-e715-4dea-9fe8-ec66a358134c ebc97f9aa9bc4e62a1cefeb8f1c91f96 0a8ecaa1cfb44566ad19552ca06420a4 - - default default] 10.0.0.81 "GET /v2.0/subnets?not-tags=red%2Cblue HTTP/1.1" status: 200 len: 2615 time: 0.1025779
2026-07-08 16:41:37.093 10 INFO neutron.db.ovn_revision_numbers_db [None req-95bdc3c1-47cb-471b-9bba-1c584b11c933 - - - - - -] Successfully bumped revision number for resource b0d0c29e-afa7-475d-b58c-b2f6345c7532 (type: ports) to 1
2026-07-08 16:41:37.161 10 INFO neutron.wsgi [None req-1f95a391-98ec-4667-a295-388327d6a8e9 ebc97f9aa9bc4e62a1cefeb8f1c91f96 0a8ecaa1cfb44566ad19552ca06420a4 - - default default] 10.0.0.81 "GET /v2.0/subnets?not-tags-any=blue HTTP/1.1" status: 200 len: 2615 time: 0.0687516
2026-07-08 16:41:37.241 9 INFO neutron.wsgi [None req-55195174-e414-40ee-9040-0f0cd723584d ebc97f9aa9bc4e62a1cefeb8f1c91f96 0a8ecaa1cfb44566ad19552ca06420a4 - - default default] 10.0.0.81 "GET /v2.0/subnets?not-tags-any=red%2Cblue HTTP/1.1" status: 200 len: 2018 time: 0.0741057
2026-07-08 16:41:37.267 10 INFO neutron.wsgi [None req-f359bd5d-c88c-46ab-a7d3-bae529a58b04 9cd5ec997f39428da6809704e177ebba 0209aba3cb54462dad77a8ef62be4cb9 - - - -] 10.0.0.81 "PUT /v2.0/routers/d76f3a96-0b94-4e55-ad7c-e377991a393d/remove_router_interface HTTP/1.1" status: 200 len: 503 time: 2.5507491 /var/lib/openstack/lib/python3.10/site-packages/pycadf/identifier.py:71: UserWarning: Invalid uuid: neutron. To ensure interoperability, identifiers should be a valid uuid. warnings.warn(('Invalid uuid: %s. To ensure interoperability, '
2026-07-08 16:41:37.569 10 INFO neutron.db.ovn_revision_numbers_db [None req-95bdc3c1-47cb-471b-9bba-1c584b11c933 - - - - - -] Successfully bumped revision number for resource b0d0c29e-afa7-475d-b58c-b2f6345c7532 (type: router_ports) to 3
2026-07-08 16:41:37.831 9 INFO neutron.wsgi [None req-1303ef5e-b6f3-4452-897e-1bc7cf9458d8 ebc97f9aa9bc4e62a1cefeb8f1c91f96 0a8ecaa1cfb44566ad19552ca06420a4 - - - -] 10.0.0.81 "DELETE /v2.0/subnets/227ad032-3ea0-4a2e-994e-78c19a555b16 HTTP/1.1" status: 204 len: 168 time: 0.5824382
2026-07-08 16:41:37.984 9 INFO neutron.plugins.ml2.drivers.ovn.mech_driver.mech_driver [None req-0ea90c41-27ca-4959-b11b-19d1de53a0c7 - - - - - -] OVN reports status up for port: e2100e90-2c71-45b8-b922-c7ed6c1a0c68
2026-07-08 16:41:37.994 9 INFO neutron.db.ovn_revision_numbers_db [None req-471d5fd0-d45f-4a6b-b649-efa992bf8acb 69c93a2e27eb428482ccab526c1ccaed 589edc3a0d544dc590e5afd7cca97cea - - default default] Successfully bumped revision number for resource e2100e90-2c71-45b8-b922-c7ed6c1a0c68 (type: router_ports) to 2
2026-07-08 16:41:37.995 9 INFO neutron.plugins.ml2.plugin [None req-0ea90c41-27ca-4959-b11b-19d1de53a0c7 - - - - - -] Attempt 1 to provision port e2100e90-2c71-45b8-b922-c7ed6c1a0c68
2026-07-08 16:41:38.125 10 INFO neutron.db.ovn_revision_numbers_db [None req-95bdc3c1-47cb-471b-9bba-1c584b11c933 - - - - - -] Successfully bumped revision number for resource b0d0c29e-afa7-475d-b58c-b2f6345c7532 (type: ports) to 2
2026-07-08 16:41:38.195 9 INFO neutron.wsgi [None req-fa2d6908-8a2d-4ee7-ba00-7bfbfa1aff51 ebc97f9aa9bc4e62a1cefeb8f1c91f96 0a8ecaa1cfb44566ad19552ca06420a4 - - - -] 10.0.0.81 "DELETE /v2.0/subnets/3e5ae23b-279b-471d-b66a-24b9bc8eaf92 HTTP/1.1" status: 204 len: 168 time: 0.3583496
2026-07-08 16:41:38.261 9 INFO neutron.db.ovn_revision_numbers_db [None req-471d5fd0-d45f-4a6b-b649-efa992bf8acb 69c93a2e27eb428482ccab526c1ccaed 589edc3a0d544dc590e5afd7cca97cea - - default default] Successfully bumped revision number for resource e2100e90-2c71-45b8-b922-c7ed6c1a0c68 (type: ports) to 2
2026-07-08 16:41:38.361 9 WARNING neutron.scheduler.dhcp_agent_scheduler [None req-471d5fd0-d45f-4a6b-b649-efa992bf8acb 69c93a2e27eb428482ccab526c1ccaed 589edc3a0d544dc590e5afd7cca97cea - - default default] No more DHCP agents
2026-07-08 16:41:38.363 9 WARNING neutron.api.rpc.agentnotifiers.dhcp_rpc_agent_api [None req-471d5fd0-d45f-4a6b-b649-efa992bf8acb 69c93a2e27eb428482ccab526c1ccaed 589edc3a0d544dc590e5afd7cca97cea - - default default] Unable to schedule network 16c4b91d-427e-4e47-9a03-0f112a845523: no agents available; will retry on subsequent port and subnet creation events.
2026-07-08 16:41:38.410 9 INFO neutron.db.ovn_revision_numbers_db [None req-0ea90c41-27ca-4959-b11b-19d1de53a0c7 - - - - - -] Successfully bumped revision number for resource e2100e90-2c71-45b8-b922-c7ed6c1a0c68 (type: ports) to 3
2026-07-08 16:41:38.547 10 INFO neutron.db.ovn_revision_numbers_db [None req-95bdc3c1-47cb-471b-9bba-1c584b11c933 - - - - - -] Successfully bumped revision number for resource b0d0c29e-afa7-475d-b58c-b2f6345c7532 (type: ports) to 4
2026-07-08 16:41:38.573 9 INFO neutron.db.ovn_revision_numbers_db [None req-0ea90c41-27ca-4959-b11b-19d1de53a0c7 - - - - - -] Successfully bumped revision number for resource e2100e90-2c71-45b8-b922-c7ed6c1a0c68 (type: router_ports) to 3
2026-07-08 16:41:38.604 10 INFO neutron.wsgi [None req-5cc7d321-66a2-4544-ba52-eba4916a6272 9cd5ec997f39428da6809704e177ebba 0209aba3cb54462dad77a8ef62be4cb9 - - - -] 10.0.0.81 "DELETE /v2.0/routers/d76f3a96-0b94-4e55-ad7c-e377991a393d HTTP/1.1" status: 204 len: 168 time: 1.3313150
2026-07-08 16:41:38.608 10 INFO neutron.wsgi [None req-28dc0f0a-4eed-4d56-a2e8-7c19b2a5cada ebc97f9aa9bc4e62a1cefeb8f1c91f96 0a8ecaa1cfb44566ad19552ca06420a4 - - - -] 10.0.0.81 "DELETE /v2.0/subnets/9b698d80-5bff-49fd-9c38-b8683d39dc2a HTTP/1.1" status: 204 len: 168 time: 0.4045138
2026-07-08 16:41:38.748 9 INFO neutron.db.ovn_revision_numbers_db [None req-471d5fd0-d45f-4a6b-b649-efa992bf8acb 69c93a2e27eb428482ccab526c1ccaed 589edc3a0d544dc590e5afd7cca97cea - - - -] Successfully bumped revision number for resource e2100e90-2c71-45b8-b922-c7ed6c1a0c68 (type: router_ports) to 3
2026-07-08 16:41:38.752 9 INFO neutron.wsgi [None req-471d5fd0-d45f-4a6b-b649-efa992bf8acb 69c93a2e27eb428482ccab526c1ccaed 589edc3a0d544dc590e5afd7cca97cea - - - -] 10.0.0.81 "PUT /v2.0/routers/b205c2aa-3bd9-4c5c-85d9-7acffa408129/add_router_interface HTTP/1.1" status: 200 len: 503 time: 2.8900511
2026-07-08 16:41:38.987 10 INFO neutron.db.ovn_revision_numbers_db [None req-95bdc3c1-47cb-471b-9bba-1c584b11c933 - - - - - -] Successfully bumped revision number for resource b0d0c29e-afa7-475d-b58c-b2f6345c7532 (type: router_ports) to 4
2026-07-08 16:41:39.009 10 INFO neutron.wsgi [None req-c641936e-68f5-4208-9431-b889fe4d3f09 9cd5ec997f39428da6809704e177ebba 0209aba3cb54462dad77a8ef62be4cb9 - - - -] 10.0.0.81 "DELETE /v2.0/subnets/446dbc5d-4717-4228-8ff6-481ed73b8a0e HTTP/1.1" status: 204 len: 168 time: 0.3902080
2026-07-08 16:41:39.020 10 INFO neutron.wsgi [None req-da60bc96-2957-487a-9bd9-347daef46455 ebc97f9aa9bc4e62a1cefeb8f1c91f96 0a8ecaa1cfb44566ad19552ca06420a4 - - - -] 10.0.0.81 "DELETE /v2.0/subnets/7688de86-4107-4bf2-b85d-e159d4e47f81 HTTP/1.1" status: 204 len: 168 time: 0.4027777
2026-07-08 16:41:39.277 10 INFO neutron.wsgi [None req-d2cfcc2d-873d-47de-97d4-8d33638e418d ebc97f9aa9bc4e62a1cefeb8f1c91f96 0a8ecaa1cfb44566ad19552ca06420a4 - - - -] 10.0.0.81 "DELETE /v2.0/subnets/03ae877f-cf47-4482-859b-81e29c73695d HTTP/1.1" status: 204 len: 168 time: 0.2423379
2026-07-08 16:41:39.651 10 INFO neutron.services.segments.plugin [-] Segment b30a0cc5-b8d4-4072-bd61-088fcf70de84 resource provider aggregate not found
2026-07-08 16:41:39.654 9 WARNING neutron.scheduler.dhcp_agent_scheduler [None req-e5e826bc-7c3a-48cf-8148-c1d5652b3c46 69c93a2e27eb428482ccab526c1ccaed 589edc3a0d544dc590e5afd7cca97cea - - default default] No more DHCP agents
2026-07-08 16:41:39.656 10 INFO neutron.services.segments.plugin [-] Segment b30a0cc5-b8d4-4072-bd61-088fcf70de84 resource provider aggregate not found
2026-07-08 16:41:39.659 9 WARNING neutron.api.rpc.agentnotifiers.dhcp_rpc_agent_api [None req-e5e826bc-7c3a-48cf-8148-c1d5652b3c46 69c93a2e27eb428482ccab526c1ccaed 589edc3a0d544dc590e5afd7cca97cea - - default default] Unable to schedule network f13de451-2279-4b09-a3d5-17ac328be516: no agents available; will retry on subsequent port and subnet creation events.
2026-07-08 16:41:39.677 10 INFO neutron.services.segments.plugin [-] Segment b30a0cc5-b8d4-4072-bd61-088fcf70de84 resource provider not found; error: Placement Client Error (4xx): {"errors": [{"status": 404, "title": "Not Found", "detail": "The resource could not be found.\n\n No resource provider with uuid b30a0cc5-b8d4-4072-bd61-088fcf70de84 found for delete ", "request_id": "req-333ad40f-4b1a-41db-a34f-337339b1a92a"}]}
2026-07-08 16:41:39.677 10 INFO neutron.services.segments.plugin [-] Segment b30a0cc5-b8d4-4072-bd61-088fcf70de84 resource provider not found; error: Placement Client Error (4xx): {"errors": [{"status": 404, "title": "Not Found", "detail": "The resource could not be found.\n\n No resource provider with uuid b30a0cc5-b8d4-4072-bd61-088fcf70de84 found for delete ", "request_id": "req-10fc6cba-f025-494e-8227-50444492ab88"}]}
2026-07-08 16:41:39.710 10 INFO neutron.wsgi [None req-d0676285-5f43-41fb-a1da-33d7996cad29 ebc97f9aa9bc4e62a1cefeb8f1c91f96 0a8ecaa1cfb44566ad19552ca06420a4 - - - -] 10.0.0.81 "DELETE /v2.0/networks/bb4c0dff-b8c0-4a13-ac32-ef655b092a78 HTTP/1.1" status: 204 len: 168 time: 0.4249897
2026-07-08 16:41:39.733 9 INFO neutron.services.segments.plugin [-] Segment b4a7c3d7-4f05-4885-b98f-4a375c2097d1 resource provider aggregate not found
2026-07-08 16:41:39.743 9 INFO neutron.services.segments.plugin [-] Segment b4a7c3d7-4f05-4885-b98f-4a375c2097d1 resource provider aggregate not found
2026-07-08 16:41:39.762 9 INFO neutron.services.segments.plugin [-] Segment b4a7c3d7-4f05-4885-b98f-4a375c2097d1 resource provider not found; error: Placement Client Error (4xx): {"errors": [{"status": 404, "title": "Not Found", "detail": "The resource could not be found.\n\n No resource provider with uuid b4a7c3d7-4f05-4885-b98f-4a375c2097d1 found for delete ", "request_id": "req-0381d870-53fc-4bed-935b-8da4113e3103"}]}
2026-07-08 16:41:39.764 9 INFO neutron.services.segments.plugin [-] Segment b4a7c3d7-4f05-4885-b98f-4a375c2097d1 resource provider not found; error: Placement Client Error (4xx): {"errors": [{"status": 404, "title": "Not Found", "detail": "The resource could not be found.\n\n No resource provider with uuid b4a7c3d7-4f05-4885-b98f-4a375c2097d1 found for delete ", "request_id": "req-57c0d803-df3e-4598-afd2-c0b052f5b2cf"}]}
2026-07-08 16:41:39.801 9 INFO neutron.wsgi [None req-bd7cd340-ef4d-4a9f-9807-01cf776b7859 9cd5ec997f39428da6809704e177ebba 0209aba3cb54462dad77a8ef62be4cb9 - - - -] 10.0.0.81 "DELETE /v2.0/networks/d77ab1b2-b5dd-4980-899a-7d12bdf0de22 HTTP/1.1" status: 204 len: 168 time: 0.7865777
2026-07-08 16:41:39.888 9 INFO neutron.db.ovn_revision_numbers_db [None req-e5e826bc-7c3a-48cf-8148-c1d5652b3c46 69c93a2e27eb428482ccab526c1ccaed 589edc3a0d544dc590e5afd7cca97cea - - default default] Successfully bumped revision number for resource 742df544-0d88-4667-8ab9-9494cd8722c1 (type: ports) to 1
2026-07-08 16:41:40.258 10 INFO neutron.wsgi [None req-3b4eb091-4730-48d7-92ce-51ad9222f661 ebc97f9aa9bc4e62a1cefeb8f1c91f96 0a8ecaa1cfb44566ad19552ca06420a4 - - - -] 10.0.0.81 "DELETE /v2.0/networks/da7a70c2-cb4b-404a-b8be-5d44b8a179a3 HTTP/1.1" status: 204 len: 168 time: 0.5398855
2026-07-08 16:41:40.569 9 INFO neutron.db.ovn_revision_numbers_db [None req-e5e826bc-7c3a-48cf-8148-c1d5652b3c46 69c93a2e27eb428482ccab526c1ccaed 589edc3a0d544dc590e5afd7cca97cea - - default default] Successfully bumped revision number for resource 742df544-0d88-4667-8ab9-9494cd8722c1 (type: router_ports) to 2
2026-07-08 16:41:40.784 9 INFO neutron.db.ovn_revision_numbers_db [None req-e5e826bc-7c3a-48cf-8148-c1d5652b3c46 69c93a2e27eb428482ccab526c1ccaed 589edc3a0d544dc590e5afd7cca97cea - - default default] Successfully bumped revision number for resource 742df544-0d88-4667-8ab9-9494cd8722c1 (type: ports) to 2
2026-07-08 16:41:40.809 9 INFO neutron.wsgi [None req-7b2f3b5e-cffd-43dc-a2ff-6ed06dea53c3 ebc97f9aa9bc4e62a1cefeb8f1c91f96 0a8ecaa1cfb44566ad19552ca06420a4 - - - -] 10.0.0.81 "DELETE /v2.0/networks/4a24e3fb-9f3c-44be-9101-624b3132fee6 HTTP/1.1" status: 204 len: 168 time: 0.5451825
2026-07-08 16:41:40.864 9 WARNING neutron.scheduler.dhcp_agent_scheduler [None req-e5e826bc-7c3a-48cf-8148-c1d5652b3c46 69c93a2e27eb428482ccab526c1ccaed 589edc3a0d544dc590e5afd7cca97cea - - default default] No more DHCP agents
2026-07-08 16:41:40.866 9 WARNING neutron.api.rpc.agentnotifiers.dhcp_rpc_agent_api [None req-e5e826bc-7c3a-48cf-8148-c1d5652b3c46 69c93a2e27eb428482ccab526c1ccaed 589edc3a0d544dc590e5afd7cca97cea - - default default] Unable to schedule network f13de451-2279-4b09-a3d5-17ac328be516: no agents available; will retry on subsequent port and subnet creation events.
2026-07-08 16:41:41.194 9 INFO neutron.db.ovn_revision_numbers_db [None req-e5e826bc-7c3a-48cf-8148-c1d5652b3c46 69c93a2e27eb428482ccab526c1ccaed 589edc3a0d544dc590e5afd7cca97cea - - - -] Successfully bumped revision number for resource 742df544-0d88-4667-8ab9-9494cd8722c1 (type: router_ports) to 2
2026-07-08 16:41:41.196 9 INFO neutron.wsgi [None req-e5e826bc-7c3a-48cf-8148-c1d5652b3c46 69c93a2e27eb428482ccab526c1ccaed 589edc3a0d544dc590e5afd7cca97cea - - - -] 10.0.0.81 "PUT /v2.0/routers/b205c2aa-3bd9-4c5c-85d9-7acffa408129/add_router_interface HTTP/1.1" status: 200 len: 503 time: 2.4393213
2026-07-08 16:41:41.381 10 INFO neutron.wsgi [None req-8b5ed542-178c-4525-b1bc-46a2b0b06664 9cd5ec997f39428da6809704e177ebba 0209aba3cb54462dad77a8ef62be4cb9 - - - -] 10.0.0.81 "PUT /v2.0/routers/1387ad1c-c76d-487a-bcc2-7c80c6339e8f/remove_router_interface HTTP/1.1" status: 200 len: 503 time: 1.5713401
2026-07-08 16:41:41.390 10 INFO neutron.wsgi [None req-b2f33cdf-b0bc-40e5-988b-85cb16361877 ebc97f9aa9bc4e62a1cefeb8f1c91f96 0a8ecaa1cfb44566ad19552ca06420a4 - - - -] 10.0.0.81 "DELETE /v2.0/networks/ca97f779-b6c2-4b42-8584-3b7b3eb8d9e9 HTTP/1.1" status: 204 len: 168 time: 0.5741320 /var/lib/openstack/lib/python3.10/site-packages/pycadf/identifier.py:71: UserWarning: Invalid uuid: neutron. To ensure interoperability, identifiers should be a valid uuid. warnings.warn(('Invalid uuid: %s. To ensure interoperability, '
2026-07-08 16:41:41.708 10 INFO neutron.services.segments.plugin [-] Segment 895314fd-08b4-452a-8da7-4bdc3c3ed29f resource provider aggregate not found
2026-07-08 16:41:41.720 10 INFO neutron.services.segments.plugin [-] Segment 895314fd-08b4-452a-8da7-4bdc3c3ed29f resource provider aggregate not found
2026-07-08 16:41:41.754 10 INFO neutron.services.segments.plugin [-] Segment 895314fd-08b4-452a-8da7-4bdc3c3ed29f resource provider not found; error: Placement Client Error (4xx): {"errors": [{"status": 404, "title": "Not Found", "detail": "The resource could not be found.\n\n No resource provider with uuid 895314fd-08b4-452a-8da7-4bdc3c3ed29f found for delete ", "request_id": "req-c03b73db-9cd9-47a9-9bc9-6f4481cd7acd"}]}
2026-07-08 16:41:41.758 10 INFO neutron.services.segments.plugin [-] Segment 895314fd-08b4-452a-8da7-4bdc3c3ed29f resource provider not found; error: Placement Client Error (4xx): {"errors": [{"status": 404, "title": "Not Found", "detail": "The resource could not be found.\n\n No resource provider with uuid 895314fd-08b4-452a-8da7-4bdc3c3ed29f found for delete ", "request_id": "req-1787c1c1-8fa2-46e0-b70e-7fe4f7003586"}]}
2026-07-08 16:41:41.787 10 INFO neutron.services.segments.plugin [-] Segment d2f13310-a0e8-40e2-a892-8a9160b57ede resource provider aggregate not found
2026-07-08 16:41:41.787 9 INFO neutron.services.segments.plugin [-] Segment 03eced63-71a1-47d9-800d-afa5281d7b4c resource provider aggregate not found
2026-07-08 16:41:41.791 10 INFO neutron.services.segments.plugin [-] Segment d2f13310-a0e8-40e2-a892-8a9160b57ede resource provider aggregate not found
2026-07-08 16:41:41.792 9 INFO neutron.services.segments.plugin [-] Segment 03eced63-71a1-47d9-800d-afa5281d7b4c resource provider aggregate not found
2026-07-08 16:41:41.809 9 INFO neutron.services.segments.plugin [-] Segment 03eced63-71a1-47d9-800d-afa5281d7b4c resource provider not found; error: Placement Client Error (4xx): {"errors": [{"status": 404, "title": "Not Found", "detail": "The resource could not be found.\n\n No resource provider with uuid 03eced63-71a1-47d9-800d-afa5281d7b4c found for delete ", "request_id": "req-009239e5-731a-4816-b22c-216b708f93d4"}]}
2026-07-08 16:41:41.810 10 INFO neutron.services.segments.plugin [-] Segment d2f13310-a0e8-40e2-a892-8a9160b57ede resource provider not found; error: Placement Client Error (4xx): {"errors": [{"status": 404, "title": "Not Found", "detail": "The resource could not be found.\n\n No resource provider with uuid d2f13310-a0e8-40e2-a892-8a9160b57ede found for delete ", "request_id": "req-6ee4408f-c5ed-40b9-9d74-e9c81de9d645"}]}
2026-07-08 16:41:41.823 10 INFO neutron.services.segments.plugin [-] Segment d2f13310-a0e8-40e2-a892-8a9160b57ede resource provider not found; error: Placement Client Error (4xx): {"errors": [{"status": 404, "title": "Not Found", "detail": "The resource could not be found.\n\n No resource provider with uuid d2f13310-a0e8-40e2-a892-8a9160b57ede found for delete ", "request_id": "req-2a4a42eb-3123-4a55-8048-9456b0d2b3e0"}]}
2026-07-08 16:41:41.829 9 INFO neutron.services.segments.plugin [-] Segment 03eced63-71a1-47d9-800d-afa5281d7b4c resource provider not found; error: Placement Client Error (4xx): {"errors": [{"status": 404, "title": "Not Found", "detail": "The resource could not be found.\n\n No resource provider with uuid 03eced63-71a1-47d9-800d-afa5281d7b4c found for delete ", "request_id": "req-fa731dd9-62dd-434f-a98c-1434353c84c8"}]}
2026-07-08 16:41:42.097 10 INFO neutron.wsgi [None req-b4f32bff-037a-405f-a8ff-555bb0cd16e6 9cd5ec997f39428da6809704e177ebba 0209aba3cb54462dad77a8ef62be4cb9 - - - -] 10.0.0.81 "DELETE /v2.0/routers/1387ad1c-c76d-487a-bcc2-7c80c6339e8f HTTP/1.1" status: 204 len: 168 time: 0.7054253
2026-07-08 16:41:42.162 9 WARNING neutron.scheduler.dhcp_agent_scheduler [None req-374633bf-2812-4591-9538-a6dfce1336d4 69c93a2e27eb428482ccab526c1ccaed 589edc3a0d544dc590e5afd7cca97cea - - default default] No more DHCP agents
2026-07-08 16:41:42.166 9 WARNING neutron.api.rpc.agentnotifiers.dhcp_rpc_agent_api [None req-374633bf-2812-4591-9538-a6dfce1336d4 69c93a2e27eb428482ccab526c1ccaed 589edc3a0d544dc590e5afd7cca97cea - - default default] Unable to schedule network fbbde19f-6ef3-4fbb-b558-467615c52356: no agents available; will retry on subsequent port and subnet creation events.
2026-07-08 16:41:42.251 9 INFO neutron.wsgi [None req-19bf5bab-35c2-4874-9ad7-3d5226c22120 ebc97f9aa9bc4e62a1cefeb8f1c91f96 0a8ecaa1cfb44566ad19552ca06420a4 - - - -] 10.0.0.81 "DELETE /v2.0/networks/a0f2cd83-13f8-4cfa-a3c8-d830a5407b02 HTTP/1.1" status: 204 len: 168 time: 0.8558881
2026-07-08 16:41:42.303 10 INFO neutron.wsgi [None req-add07e74-fe45-4d57-979c-4c0ba4e27041 9cd5ec997f39428da6809704e177ebba 0209aba3cb54462dad77a8ef62be4cb9 - - - -] 10.0.0.81 "DELETE /v2.0/subnets/a7207082-03e1-4ea2-963b-e2b5116fe9ff HTTP/1.1" status: 204 len: 168 time: 0.2014961
2026-07-08 16:41:42.341 9 INFO neutron.db.ovn_revision_numbers_db [None req-374633bf-2812-4591-9538-a6dfce1336d4 69c93a2e27eb428482ccab526c1ccaed 589edc3a0d544dc590e5afd7cca97cea - - default default] Successfully bumped revision number for resource 708e68fd-93f5-48a9-bfc1-b0d19f7db1e8 (type: ports) to 1
2026-07-08 16:41:42.681 10 INFO neutron.wsgi [None req-3291672d-75ef-4995-963b-dee89ede1252 9cd5ec997f39428da6809704e177ebba 0209aba3cb54462dad77a8ef62be4cb9 - - - -] 10.0.0.81 "DELETE /v2.0/networks/72ec069b-a6a8-49f8-ba13-bdb4aea36b15 HTTP/1.1" status: 204 len: 168 time: 0.3725650
