Apr 02 21:34:05.256061 np0000163155 devstack@neutron-api.service[102444]: INFO neutron.api.extensions [None req-3a0425aa-141a-4368-8c89-48ce9fb2241e None None] Loaded extension: router
Apr 02 21:34:05.256061 np0000163155 devstack@neutron-api.service[102444]: DEBUG neutron.api.extensions [None req-3a0425aa-141a-4368-8c89-48ce9fb2241e None None] Loading extension file: l3_conntrack_helper.py {{(pid=102444) _load_all_extensions_from_path /opt/stack/neutron/neutron/api/extensions.py:449}}
Apr 02 21:34:05.256061 np0000163155 devstack@neutron-api.service[102444]: DEBUG neutron.api.extensions [None req-3a0425aa-141a-4368-8c89-48ce9fb2241e None None] Ext name="L3 Conntrack helper" alias="l3-conntrack-helper" description="Allow adding CT target rules for conntrack helper" updated="2019-04-04T10:00:00-00:00" {{(pid=102444) _check_extension /opt/stack/neutron/neutron/api/extensions.py:415}}
Apr 02 21:34:05.256460 np0000163155 devstack@neutron-api.service[102444]: INFO neutron.api.extensions [None req-3a0425aa-141a-4368-8c89-48ce9fb2241e None None] Extension l3-conntrack-helper not supported by any of loaded plugins
Apr 02 21:34:05.256460 np0000163155 devstack@neutron-api.service[102444]: DEBUG neutron.api.extensions [None req-3a0425aa-141a-4368-8c89-48ce9fb2241e None None] Loading extension file: l3_enable_default_route_bfd.py {{(pid=102444) _load_all_extensions_from_path /opt/stack/neutron/neutron/api/extensions.py:449}}
Apr 02 21:34:05.256460 np0000163155 devstack@neutron-api.service[102444]: DEBUG neutron.api.extensions [None req-3a0425aa-141a-4368-8c89-48ce9fb2241e None None] Ext name="Enable Default Route BFD" alias="enable-default-route-bfd" description="Enables configurable BFD behavior for default routes" updated="2023-02-27T00:00:00-00:00" {{(pid=102444) _check_extension /opt/stack/neutron/neutron/api/extensions.py:415}}
Apr 02 21:34:05.256460 np0000163155 devstack@neutron-api.service[102444]: INFO neutron.api.extensions [None req-3a0425aa-141a-4368-8c89-48ce9fb2241e None None] Loaded extension: enable-default-route-bfd
Apr 02 21:34:05.256460 np0000163155 devstack@neutron-api.service[102444]: DEBUG neutron.api.extensions [None req-3a0425aa-141a-4368-8c89-48ce9fb2241e None None] Loading extension file: l3_enable_default_route_ecmp.py {{(pid=102444) _load_all_extensions_from_path /opt/stack/neutron/neutron/api/extensions.py:449}}
Apr 02 21:34:05.256460 np0000163155 devstack@neutron-api.service[102444]: DEBUG neutron.api.extensions [None req-3a0425aa-141a-4368-8c89-48ce9fb2241e None None] Ext name="Enable Default Route ECMP" alias="enable-default-route-ecmp" description="Enables configurable ECMP behavior for default routes" updated="2023-02-27T00:00:00-00:00" {{(pid=102444) _check_extension /opt/stack/neutron/neutron/api/extensions.py:415}}
Apr 02 21:34:05.256460 np0000163155 devstack@neutron-api.service[102444]: INFO neutron.api.extensions [None req-3a0425aa-141a-4368-8c89-48ce9fb2241e None None] Loaded extension: enable-default-route-ecmp
Apr 02 21:34:05.256931 np0000163155 devstack@neutron-api.service[102444]: DEBUG neutron.api.extensions [None req-3a0425aa-141a-4368-8c89-48ce9fb2241e None None] Loading extension file: l3_ext_gw_mode.py {{(pid=102444) _load_all_extensions_from_path /opt/stack/neutron/neutron/api/extensions.py:449}}
Apr 02 21:34:05.256931 np0000163155 devstack@neutron-api.service[102444]: DEBUG neutron.api.extensions [None req-3a0425aa-141a-4368-8c89-48ce9fb2241e None None] Ext name="Neutron L3 Configurable external gateway mode" alias="ext-gw-mode" description="Extension of the router abstraction for specifying whether SNAT should occur on the external gateway" updated="2013-03-28T10:00:00-00:00" {{(pid=102444) _check_extension /opt/stack/neutron/neutron/api/extensions.py:415}}
Apr 02 21:34:05.256931 np0000163155 devstack@neutron-api.service[102444]: INFO neutron.api.extensions [None req-3a0425aa-141a-4368-8c89-48ce9fb2241e None None] Loaded extension: ext-gw-mode
Apr 02 21:34:05.256931 np0000163155 devstack@neutron-api.service[102444]: DEBUG neutron.api.extensions [None req-3a0425aa-141a-4368-8c89-48ce9fb2241e None None] Loading extension file: l3_ext_ha_mode.py {{(pid=102444) _load_all_extensions_from_path /opt/stack/neutron/neutron/api/extensions.py:449}}
Apr 02 21:34:05.256931 np0000163155 devstack@neutron-api.service[102444]: DEBUG neutron.api.extensions [None req-3a0425aa-141a-4368-8c89-48ce9fb2241e None None] Ext name="HA Router extension" alias="l3-ha" description="Adds HA capability to routers." updated="2014-04-26T00:00:00-00:00" {{(pid=102444) _check_extension /opt/stack/neutron/neutron/api/extensions.py:415}}
Apr 02 21:34:05.256931 np0000163155 devstack@neutron-api.service[102444]: INFO neutron.api.extensions [None req-3a0425aa-141a-4368-8c89-48ce9fb2241e None None] Loaded extension: l3-ha
Apr 02 21:34:05.256931 np0000163155 devstack@neutron-api.service[102444]: DEBUG neutron.api.extensions [None req-3a0425aa-141a-4368-8c89-48ce9fb2241e None None] Loading extension file: l3_ext_ndp_proxy.py {{(pid=102444) _load_all_extensions_from_path /opt/stack/neutron/neutron/api/extensions.py:449}}
Apr 02 21:34:05.257391 np0000163155 devstack@neutron-api.service[102444]: DEBUG neutron.api.extensions [None req-3a0425aa-141a-4368-8c89-48ce9fb2241e None None] Ext name="Router support to enable NDP proxy" alias="l3-ext-ndp-proxy" description="Router extension to enable ndp proxy" updated="2020-08-25T00:00:00-00:00" {{(pid=102444) _check_extension /opt/stack/neutron/neutron/api/extensions.py:415}}
Apr 02 21:34:05.257391 np0000163155 devstack@neutron-api.service[102444]: INFO neutron.api.extensions [None req-3a0425aa-141a-4368-8c89-48ce9fb2241e None None] Extension l3-ext-ndp-proxy not supported by any of loaded plugins
Apr 02 21:34:05.257391 np0000163155 devstack@neutron-api.service[102444]: DEBUG neutron.api.extensions [None req-3a0425aa-141a-4368-8c89-48ce9fb2241e None None] Loading extension file: l3_extra_gws.py {{(pid=102444) _load_all_extensions_from_path /opt/stack/neutron/neutron/api/extensions.py:449}}
Apr 02 21:34:05.257638 np0000163155 devstack@neutron-api.service[102444]: DEBUG neutron.api.extensions [None req-3a0425aa-141a-4368-8c89-48ce9fb2241e None None] Ext name="Neutron L3 External Gateway Multihoming" alias="external-gateway-multihoming" description="Allow multiple external gateway ports per router" updated="2023-01-18T00:00:00-00:00" {{(pid=102444) _check_extension /opt/stack/neutron/neutron/api/extensions.py:415}}
Apr 02 21:34:05.257638 np0000163155 devstack@neutron-api.service[102444]: INFO neutron.api.extensions [None req-3a0425aa-141a-4368-8c89-48ce9fb2241e None None] Loaded extension: external-gateway-multihoming
Apr 02 21:34:05.257820 np0000163155 devstack@neutron-api.service[102444]: DEBUG neutron.api.extensions [None req-3a0425aa-141a-4368-8c89-48ce9fb2241e None None] Loading extension file: l3_flavors.py {{(pid=102444) _load_all_extensions_from_path /opt/stack/neutron/neutron/api/extensions.py:449}}
Apr 02 21:34:05.258074 np0000163155 devstack@neutron-api.service[102444]: DEBUG neutron.api.extensions [None req-3a0425aa-141a-4368-8c89-48ce9fb2241e None None] Ext name="Router Flavor Extension" alias="l3-flavors" description="Flavor support for routers." updated="2016-05-17T00:00:00-00:00" {{(pid=102444) _check_extension /opt/stack/neutron/neutron/api/extensions.py:415}}
Apr 02 21:34:05.258347 np0000163155 devstack@neutron-api.service[102444]: INFO neutron.api.extensions [None req-3a0425aa-141a-4368-8c89-48ce9fb2241e None None] Loaded extension: l3-flavors
Apr 02 21:34:05.258347 np0000163155 devstack@neutron-api.service[102444]: DEBUG neutron.api.extensions [None req-3a0425aa-141a-4368-8c89-48ce9fb2241e None None] Loading extension file: l3_ndp_proxy.py {{(pid=102444) _load_all_extensions_from_path /opt/stack/neutron/neutron/api/extensions.py:449}}
Apr 02 21:34:05.258663 np0000163155 devstack@neutron-api.service[102444]: DEBUG neutron.api.extensions [None req-3a0425aa-141a-4368-8c89-48ce9fb2241e None None] Ext name="name" alias="l3-ndp-proxy" description="description" updated="2021-06-29T10:00:00-00:00" {{(pid=102444) _check_extension /opt/stack/neutron/neutron/api/extensions.py:415}}
Apr 02 21:34:05.258894 np0000163155 devstack@neutron-api.service[102444]: INFO neutron.api.extensions [None req-3a0425aa-141a-4368-8c89-48ce9fb2241e None None] Extension l3-ndp-proxy not supported by any of loaded plugins
Apr 02 21:34:05.259020 np0000163155 devstack@neutron-api.service[102444]: DEBUG neutron.api.extensions [None req-3a0425aa-141a-4368-8c89-48ce9fb2241e None None] Loading extension file: l3_port_ip_change_not_allowed.py {{(pid=102444) _load_all_extensions_from_path /opt/stack/neutron/neutron/api/extensions.py:449}}
Apr 02 21:34:05.259393 np0000163155 devstack@neutron-api.service[102444]: DEBUG neutron.api.extensions [None req-3a0425aa-141a-4368-8c89-48ce9fb2241e None None] Ext name="Prevent L3 router ports IP address change extension" alias="l3-port-ip-change-not-allowed" description="Prevent change of IP address for some L3 router ports" updated="2018-10-09T10:00:00-00:00" {{(pid=102444) _check_extension /opt/stack/neutron/neutron/api/extensions.py:415}}
Apr 02 21:34:05.259464 np0000163155 devstack@neutron-api.service[102444]: INFO neutron.api.extensions [None req-3a0425aa-141a-4368-8c89-48ce9fb2241e None None] Extension l3-port-ip-change-not-allowed not supported by any of loaded plugins
Apr 02 21:34:05.259556 np0000163155 devstack@neutron-api.service[102444]: DEBUG neutron.api.extensions [None req-3a0425aa-141a-4368-8c89-48ce9fb2241e None None] Loading extension file: l3agentscheduler.py {{(pid=102444) _load_all_extensions_from_path /opt/stack/neutron/neutron/api/extensions.py:449}}
Apr 02 21:34:05.260241 np0000163155 devstack@neutron-api.service[102446]: DEBUG neutron_lib.callbacks.manager [None req-3672f2ef-9fdc-4cc0-a5c1-84ca3ef0595a None None] Subscribe: > router before_delete 55550000, False {{(pid=102446) subscribe /opt/stack/data/venv/lib/python3.12/site-packages/neutron_lib/callbacks/manager.py:52}}
Apr 02 21:34:05.260305 np0000163155 devstack@neutron-api.service[102444]: DEBUG neutron.api.extensions [None req-3a0425aa-141a-4368-8c89-48ce9fb2241e None None] Ext name="L3 Agent Scheduler" alias="l3_agent_scheduler" description="Schedule routers among l3 agents" updated="2013-02-07T10:00:00-00:00" {{(pid=102444) _check_extension /opt/stack/neutron/neutron/api/extensions.py:415}}
Apr 02 21:34:05.260439 np0000163155 devstack@neutron-api.service[102446]: DEBUG neutron_lib.callbacks.manager [None req-3672f2ef-9fdc-4cc0-a5c1-84ca3ef0595a None None] Subscribe: port after_update 55550000, False {{(pid=102446) subscribe /opt/stack/data/venv/lib/python3.12/site-packages/neutron_lib/callbacks/manager.py:52}}
Apr 02 21:34:05.260509 np0000163155 devstack@neutron-api.service[102444]: INFO neutron.api.extensions [None req-3a0425aa-141a-4368-8c89-48ce9fb2241e None None] Extension l3_agent_scheduler not supported by any of loaded plugins
Apr 02 21:34:05.260576 np0000163155 devstack@neutron-api.service[102446]: DEBUG neutron_lib.callbacks.manager [None req-3672f2ef-9fdc-4cc0-a5c1-84ca3ef0595a None None] Subscribe: port after_delete 55550000, False {{(pid=102446) subscribe /opt/stack/data/venv/lib/python3.12/site-packages/neutron_lib/callbacks/manager.py:52}}
Apr 02 21:34:05.260640 np0000163155 devstack@neutron-api.service[102444]: DEBUG neutron.api.extensions [None req-3a0425aa-141a-4368-8c89-48ce9fb2241e None None] Loading extension file: local_ip.py {{(pid=102444) _load_all_extensions_from_path /opt/stack/neutron/neutron/api/extensions.py:449}}
Apr 02 21:34:05.260732 np0000163155 devstack@neutron-api.service[102446]: DEBUG neutron_lib.callbacks.manager [None req-3672f2ef-9fdc-4cc0-a5c1-84ca3ef0595a None None] Subscribe: subnet after_update 55550000, False {{(pid=102446) subscribe /opt/stack/data/venv/lib/python3.12/site-packages/neutron_lib/callbacks/manager.py:52}}
Apr 02 21:34:05.260846 np0000163155 devstack@neutron-api.service[102446]: DEBUG neutron_lib.callbacks.manager [None req-3672f2ef-9fdc-4cc0-a5c1-84ca3ef0595a None None] Subscribe: subnetpool_address_scope after_update 55550000, False {{(pid=102446) subscribe /opt/stack/data/venv/lib/python3.12/site-packages/neutron_lib/callbacks/manager.py:52}}
Apr 02 21:34:05.260948 np0000163155 devstack@neutron-api.service[102444]: DEBUG neutron.api.extensions [None req-3a0425aa-141a-4368-8c89-48ce9fb2241e None None] Ext name="Local IP" alias="local_ip" description="Support Node Local Virtual IP" updated="2021-07-26T10:00:00-00:00" {{(pid=102444) _check_extension /opt/stack/neutron/neutron/api/extensions.py:415}}
Apr 02 21:34:05.261085 np0000163155 devstack@neutron-api.service[102446]: DEBUG neutron_lib.callbacks.manager [None req-3672f2ef-9fdc-4cc0-a5c1-84ca3ef0595a None None] Subscribe: port before_update 55550000, False {{(pid=102446) subscribe /opt/stack/data/venv/lib/python3.12/site-packages/neutron_lib/callbacks/manager.py:52}}
Apr 02 21:34:05.261085 np0000163155 devstack@neutron-api.service[102446]: DEBUG neutron_lib.callbacks.manager [None req-3672f2ef-9fdc-4cc0-a5c1-84ca3ef0595a None None] Subscribe: port after_update 55550000, False {{(pid=102446) subscribe /opt/stack/data/venv/lib/python3.12/site-packages/neutron_lib/callbacks/manager.py:52}}
Apr 02 21:34:05.261197 np0000163155 devstack@neutron-api.service[102444]: INFO neutron.api.extensions [None req-3a0425aa-141a-4368-8c89-48ce9fb2241e None None] Extension local_ip not supported by any of loaded plugins
Apr 02 21:34:05.261255 np0000163155 devstack@neutron-api.service[102446]: DEBUG neutron_lib.callbacks.manager [None req-3672f2ef-9fdc-4cc0-a5c1-84ca3ef0595a None None] Subscribe: > port precommit_delete 55550000, False {{(pid=102446) subscribe /opt/stack/data/venv/lib/python3.12/site-packages/neutron_lib/callbacks/manager.py:52}}
Apr 02 21:34:05.261317 np0000163155 devstack@neutron-api.service[102444]: DEBUG neutron.api.extensions [None req-3a0425aa-141a-4368-8c89-48ce9fb2241e None None] Loading extension file: logging.py {{(pid=102444) _load_all_extensions_from_path /opt/stack/neutron/neutron/api/extensions.py:449}}
Apr 02 21:34:05.261383 np0000163155 devstack@neutron-api.service[102446]: DEBUG neutron_lib.callbacks.manager [None req-3672f2ef-9fdc-4cc0-a5c1-84ca3ef0595a None None] Subscribe: port before_update 55550000, False {{(pid=102446) subscribe /opt/stack/data/venv/lib/python3.12/site-packages/neutron_lib/callbacks/manager.py:52}}
Apr 02 21:34:05.261383 np0000163155 devstack@neutron-api.service[102446]: DEBUG neutron_lib.callbacks.manager [None req-3672f2ef-9fdc-4cc0-a5c1-84ca3ef0595a None None] Subscribe: port before_delete 55550000, False {{(pid=102446) subscribe /opt/stack/data/venv/lib/python3.12/site-packages/neutron_lib/callbacks/manager.py:52}}
Apr 02 21:34:05.261543 np0000163155 devstack@neutron-api.service[102446]: DEBUG neutron_lib.callbacks.manager [None req-3672f2ef-9fdc-4cc0-a5c1-84ca3ef0595a None None] Subscribe: > router precommit_create 55550000, False {{(pid=102446) subscribe /opt/stack/data/venv/lib/python3.12/site-packages/neutron_lib/callbacks/manager.py:52}}
Apr 02 21:34:05.261612 np0000163155 devstack@neutron-api.service[102444]: DEBUG neutron.api.extensions [None req-3a0425aa-141a-4368-8c89-48ce9fb2241e None None] Ext name="Logging API Extension" alias="logging" description="Provides a logging API for resources such as security group and firewall." updated="2017-01-01T10:00:00-00:00" {{(pid=102444) _check_extension /opt/stack/neutron/neutron/api/extensions.py:415}}
Apr 02 21:34:05.261668 np0000163155 devstack@neutron-api.service[102446]: DEBUG neutron_lib.callbacks.manager [None req-3672f2ef-9fdc-4cc0-a5c1-84ca3ef0595a None None] Subscribe: > router precommit_create 55550000, False {{(pid=102446) subscribe /opt/stack/data/venv/lib/python3.12/site-packages/neutron_lib/callbacks/manager.py:52}}
Apr 02 21:34:05.261770 np0000163155 devstack@neutron-api.service[102446]: DEBUG neutron_lib.callbacks.manager [None req-3672f2ef-9fdc-4cc0-a5c1-84ca3ef0595a None None] Subscribe: > router precommit_update 55550000, False {{(pid=102446) subscribe /opt/stack/data/venv/lib/python3.12/site-packages/neutron_lib/callbacks/manager.py:52}}
Apr 02 21:34:05.261857 np0000163155 devstack@neutron-api.service[102444]: INFO neutron.api.extensions [None req-3a0425aa-141a-4368-8c89-48ce9fb2241e None None] Extension logging not supported by any of loaded plugins
Apr 02 21:34:05.261953 np0000163155 devstack@neutron-api.service[102446]: DEBUG neutron_lib.callbacks.manager [None req-3672f2ef-9fdc-4cc0-a5c1-84ca3ef0595a None None] Subscribe: subnet after_update 55550000, False {{(pid=102446) subscribe /opt/stack/data/venv/lib/python3.12/site-packages/neutron_lib/callbacks/manager.py:52}}
Apr 02 21:34:05.262015 np0000163155 devstack@neutron-api.service[102444]: DEBUG neutron.api.extensions [None req-3a0425aa-141a-4368-8c89-48ce9fb2241e None None] Loading extension file: metering.py {{(pid=102444) _load_all_extensions_from_path /opt/stack/neutron/neutron/api/extensions.py:449}}
Apr 02 21:34:05.262618 np0000163155 devstack@neutron-api.service[102444]: DEBUG neutron.api.extensions [None req-3a0425aa-141a-4368-8c89-48ce9fb2241e None None] Ext name="Neutron Metering" alias="metering" description="Neutron Metering extension." updated="2013-06-12T10:00:00-00:00" {{(pid=102444) _check_extension /opt/stack/neutron/neutron/api/extensions.py:415}}
Apr 02 21:34:05.262807 np0000163155 devstack@neutron-api.service[102446]: DEBUG neutron.quota.resource_registry [None req-3672f2ef-9fdc-4cc0-a5c1-84ca3ef0595a None None] Tracking information for resource: router configured {{(pid=102446) set_tracked_resource /opt/stack/neutron/neutron/quota/resource_registry.py:203}}
Apr 02 21:34:05.262867 np0000163155 devstack@neutron-api.service[102444]: INFO neutron.api.extensions [None req-3a0425aa-141a-4368-8c89-48ce9fb2241e None None] Extension metering not supported by any of loaded plugins
Apr 02 21:34:05.262867 np0000163155 devstack@neutron-api.service[102444]: DEBUG neutron.api.extensions [None req-3a0425aa-141a-4368-8c89-48ce9fb2241e None None] Loading extension file: metering_source_and_destination_fields.py {{(pid=102444) _load_all_extensions_from_path /opt/stack/neutron/neutron/api/extensions.py:449}}
Apr 02 21:34:05.263104 np0000163155 devstack@neutron-api.service[102446]: DEBUG neutron.quota.resource_registry [None req-3672f2ef-9fdc-4cc0-a5c1-84ca3ef0595a None None] Tracking information for resource: floatingip configured {{(pid=102446) set_tracked_resource /opt/stack/neutron/neutron/quota/resource_registry.py:203}}
Apr 02 21:34:05.263104 np0000163155 devstack@neutron-api.service[102446]: INFO neutron.services.ovn_l3.plugin [None req-3672f2ef-9fdc-4cc0-a5c1-84ca3ef0595a None None] Starting OVNL3RouterPlugin
Apr 02 21:34:05.263198 np0000163155 devstack@neutron-api.service[102444]: DEBUG neutron.api.extensions [None req-3a0425aa-141a-4368-8c89-48ce9fb2241e None None] Ext name="Neutron Metering with source and destination filtering" alias="metering_source_and_destination_fields" description="Neutron Metering extension that enables the use of source and destination IP prefixes to create metering label rules." updated="2020-08-21T08:12:00-00:00" {{(pid=102444) _check_extension /opt/stack/neutron/neutron/api/extensions.py:415}}
Apr 02 21:34:05.263328 np0000163155 devstack@neutron-api.service[102446]: DEBUG neutron_lib.callbacks.manager [None req-3672f2ef-9fdc-4cc0-a5c1-84ca3ef0595a None None] Subscribe: > port_forwarding_plugin after_init 55550000, False {{(pid=102446) subscribe /opt/stack/data/venv/lib/python3.12/site-packages/neutron_lib/callbacks/manager.py:52}}
Apr 02 21:34:05.263392 np0000163155 devstack@neutron-api.service[102444]: INFO neutron.api.extensions [None req-3a0425aa-141a-4368-8c89-48ce9fb2241e None None] Extension metering_source_and_destination_fields not supported by any of loaded plugins
Apr 02 21:34:05.263451 np0000163155 devstack@neutron-api.service[102444]: DEBUG neutron.api.extensions [None req-3a0425aa-141a-4368-8c89-48ce9fb2241e None None] Loading extension file: multiprovidernet.py {{(pid=102444) _load_all_extensions_from_path /opt/stack/neutron/neutron/api/extensions.py:449}}
Apr 02 21:34:05.263539 np0000163155 devstack@neutron-api.service[102446]: DEBUG neutron_lib.callbacks.manager [None req-3672f2ef-9fdc-4cc0-a5c1-84ca3ef0595a None None] Subscribe: > router before_create 55550100, False {{(pid=102446) subscribe /opt/stack/data/venv/lib/python3.12/site-packages/neutron_lib/callbacks/manager.py:52}}
Apr 02 21:34:05.263643 np0000163155 devstack@neutron-api.service[102446]: DEBUG neutron_lib.callbacks.manager [None req-3672f2ef-9fdc-4cc0-a5c1-84ca3ef0595a None None] Subscribe: > router precommit_delete 55550100, False {{(pid=102446) subscribe /opt/stack/data/venv/lib/python3.12/site-packages/neutron_lib/callbacks/manager.py:52}}
Apr 02 21:34:05.263707 np0000163155 devstack@neutron-api.service[102444]: DEBUG neutron.api.extensions [None req-3a0425aa-141a-4368-8c89-48ce9fb2241e None None] Ext name="Multi Provider Network" alias="multi-provider" description="Expose mapping of virtual networks to multiple physical networks" updated="2013-06-27T10:00:00-00:00" {{(pid=102444) _check_extension /opt/stack/neutron/neutron/api/extensions.py:415}}
Apr 02 21:34:05.263783 np0000163155 devstack@neutron-api.service[102446]: DEBUG neutron_lib.callbacks.manager [None req-3672f2ef-9fdc-4cc0-a5c1-84ca3ef0595a None None] Subscribe: > router precommit_create 55550100, False {{(pid=102446) subscribe /opt/stack/data/venv/lib/python3.12/site-packages/neutron_lib/callbacks/manager.py:52}}
Apr 02 21:34:05.263923 np0000163155 devstack@neutron-api.service[102444]: INFO neutron.api.extensions [None req-3a0425aa-141a-4368-8c89-48ce9fb2241e None None] Loaded extension: multi-provider
Apr 02 21:34:05.263985 np0000163155 devstack@neutron-api.service[102446]: DEBUG neutron_lib.callbacks.manager [None req-3672f2ef-9fdc-4cc0-a5c1-84ca3ef0595a None None] Subscribe: > router precommit_update 55550100, False {{(pid=102446) subscribe /opt/stack/data/venv/lib/python3.12/site-packages/neutron_lib/callbacks/manager.py:52}}
Apr 02 21:34:05.264047 np0000163155 devstack@neutron-api.service[102444]: DEBUG neutron.api.extensions [None req-3a0425aa-141a-4368-8c89-48ce9fb2241e None None] Loading extension file: netmtu.py {{(pid=102444) _load_all_extensions_from_path /opt/stack/neutron/neutron/api/extensions.py:449}}
Apr 02 21:34:05.264326 np0000163155 devstack@neutron-api.service[102444]: DEBUG neutron.api.extensions [None req-3a0425aa-141a-4368-8c89-48ce9fb2241e None None] Ext name="Network MTU" alias="net-mtu" description="Provides MTU attribute for a network resource." updated="2015-03-25T10:00:00-00:00" {{(pid=102444) _check_extension /opt/stack/neutron/neutron/api/extensions.py:415}}
Apr 02 21:34:05.264513 np0000163155 devstack@neutron-api.service[102444]: INFO neutron.api.extensions [None req-3a0425aa-141a-4368-8c89-48ce9fb2241e None None] Loaded extension: net-mtu
Apr 02 21:34:05.264664 np0000163155 devstack@neutron-api.service[102444]: DEBUG neutron.api.extensions [None req-3a0425aa-141a-4368-8c89-48ce9fb2241e None None] Loading extension file: netmtu_writable.py {{(pid=102444) _load_all_extensions_from_path /opt/stack/neutron/neutron/api/extensions.py:449}}
Apr 02 21:34:05.264837 np0000163155 devstack@neutron-api.service[102444]: DEBUG neutron.api.extensions [None req-3a0425aa-141a-4368-8c89-48ce9fb2241e None None] Ext name="Network MTU (writable)" alias="net-mtu-writable" description="Provides a writable MTU attribute for a network resource." updated="2017-07-12T00:00:00-00:00" {{(pid=102444) _check_extension /opt/stack/neutron/neutron/api/extensions.py:415}}
Apr 02 21:34:05.265043 np0000163155 devstack@neutron-api.service[102444]: INFO neutron.api.extensions [None req-3a0425aa-141a-4368-8c89-48ce9fb2241e None None] Loaded extension: net-mtu-writable
Apr 02 21:34:05.265136 np0000163155 devstack@neutron-api.service[102444]: DEBUG neutron.api.extensions [None req-3a0425aa-141a-4368-8c89-48ce9fb2241e None None] Loading extension file: network_availability_zone.py {{(pid=102444) _load_all_extensions_from_path /opt/stack/neutron/neutron/api/extensions.py:449}}
Apr 02 21:34:05.265673 np0000163155 devstack@neutron-api.service[102444]: DEBUG neutron.api.extensions [None req-3a0425aa-141a-4368-8c89-48ce9fb2241e None None] Ext name="Network Availability Zone" alias="network_availability_zone" description="Availability zone support for network." updated="2015-01-01T10:00:00-00:00" {{(pid=102444) _check_extension /opt/stack/neutron/neutron/api/extensions.py:415}}
Apr 02 21:34:05.265673 np0000163155 devstack@neutron-api.service[102444]: INFO neutron.api.extensions [None req-3a0425aa-141a-4368-8c89-48ce9fb2241e None None] Loaded extension: network_availability_zone
Apr 02 21:34:05.265787 np0000163155 devstack@neutron-api.service[102444]: DEBUG neutron.api.extensions [None req-3a0425aa-141a-4368-8c89-48ce9fb2241e None None] Loading extension file: network_ha.py {{(pid=102444) _load_all_extensions_from_path /opt/stack/neutron/neutron/api/extensions.py:449}}
Apr 02 21:34:05.266082 np0000163155 devstack@neutron-api.service[102444]: DEBUG neutron.api.extensions [None req-3a0425aa-141a-4368-8c89-48ce9fb2241e None None] Ext name="Network HA creation flag" alias="network_ha" description="Network high availability creation flag." updated="2023-04-27T10:00:00-00:00" {{(pid=102444) _check_extension /opt/stack/neutron/neutron/api/extensions.py:415}}
Apr 02 21:34:05.266315 np0000163155 devstack@neutron-api.service[102444]: INFO neutron.api.extensions [None req-3a0425aa-141a-4368-8c89-48ce9fb2241e None None] Extension network_ha not supported by any of loaded plugins
Apr 02 21:34:05.266477 np0000163155 devstack@neutron-api.service[102444]: DEBUG neutron.api.extensions [None req-3a0425aa-141a-4368-8c89-48ce9fb2241e None None] Loading extension file: network_ip_availability.py {{(pid=102444) _load_all_extensions_from_path /opt/stack/neutron/neutron/api/extensions.py:449}}
Apr 02 21:34:05.266764 np0000163155 devstack@neutron-api.service[102444]: DEBUG neutron.api.extensions [None req-3a0425aa-141a-4368-8c89-48ce9fb2241e None None] Ext name="Network IP Availability" alias="network-ip-availability" description="Provides IP availability data for each network and subnet." updated="2015-09-24T00:00:00-00:00" {{(pid=102444) _check_extension /opt/stack/neutron/neutron/api/extensions.py:415}}
Apr 02 21:34:05.267028 np0000163155 devstack@neutron-api.service[102444]: INFO neutron.api.extensions [None req-3a0425aa-141a-4368-8c89-48ce9fb2241e None None] Loaded extension: network-ip-availability
Apr 02 21:34:05.267152 np0000163155 devstack@neutron-api.service[102444]: DEBUG neutron.api.extensions [None req-3a0425aa-141a-4368-8c89-48ce9fb2241e None None] Loading extension file: network_ip_availability_details.py {{(pid=102444) _load_all_extensions_from_path /opt/stack/neutron/neutron/api/extensions.py:449}}
Apr 02 21:34:05.267399 np0000163155 devstack@neutron-api.service[102446]: DEBUG neutron.services.provider_configuration [None req-3672f2ef-9fdc-4cc0-a5c1-84ca3ef0595a None None] Service providers = [] {{(pid=102446) parse_service_provider_opt /opt/stack/neutron/neutron/services/provider_configuration.py:170}}
Apr 02 21:34:05.267554 np0000163155 devstack@neutron-api.service[102444]: DEBUG neutron.api.extensions [None req-3a0425aa-141a-4368-8c89-48ce9fb2241e None None] Ext name="Network IP Availability Details Extension" alias="network-ip-availability-details" description="Add ip_availability_details attribute to network-ip-availabilities resource." updated="2025-10-31T00:00:00-00:00" {{(pid=102444) _check_extension /opt/stack/neutron/neutron/api/extensions.py:415}}
Apr 02 21:34:05.267617 np0000163155 devstack@neutron-api.service[102446]: DEBUG neutron.db.servicetype_db [None req-3672f2ef-9fdc-4cc0-a5c1-84ca3ef0595a None None] Adding provider configuration for service L3_ROUTER_NAT {{(pid=102446) add_provider_configuration /opt/stack/neutron/neutron/db/servicetype_db.py:42}}
Apr 02 21:34:05.267715 np0000163155 devstack@neutron-api.service[102444]: INFO neutron.api.extensions [None req-3a0425aa-141a-4368-8c89-48ce9fb2241e None None] Loaded extension: network-ip-availability-details
Apr 02 21:34:05.267880 np0000163155 devstack@neutron-api.service[102444]: DEBUG neutron.api.extensions [None req-3a0425aa-141a-4368-8c89-48ce9fb2241e None None] Loading extension file: network_segment_range.py {{(pid=102444) _load_all_extensions_from_path /opt/stack/neutron/neutron/api/extensions.py:449}}
Apr 02 21:34:05.268206 np0000163155 devstack@neutron-api.service[102444]: DEBUG neutron.api.extensions [None req-3a0425aa-141a-4368-8c89-48ce9fb2241e None None] Ext name="Neutron Network Segment Range" alias="network-segment-range" description="Provides support for the network segment range management" updated="2018-11-29T00:00:00-00:00" {{(pid=102444) _check_extension /opt/stack/neutron/neutron/api/extensions.py:415}}
Apr 02 21:34:05.268375 np0000163155 devstack@neutron-api.service[102444]: INFO neutron.api.extensions [None req-3a0425aa-141a-4368-8c89-48ce9fb2241e None None] Extension network-segment-range not supported by any of loaded plugins
Apr 02 21:34:05.268467 np0000163155 devstack@neutron-api.service[102444]: DEBUG neutron.api.extensions [None req-3a0425aa-141a-4368-8c89-48ce9fb2241e None None] Loading extension file: pagination.py {{(pid=102444) _load_all_extensions_from_path /opt/stack/neutron/neutron/api/extensions.py:449}}
Apr 02 21:34:05.268727 np0000163155 devstack@neutron-api.service[102444]: DEBUG neutron.api.extensions [None req-3a0425aa-141a-4368-8c89-48ce9fb2241e None None] Ext name="Pagination support" alias="pagination" description="Extension that indicates that pagination is enabled." updated="2016-06-12T00:00:00-00:00" {{(pid=102444) _check_extension /opt/stack/neutron/neutron/api/extensions.py:415}}
Apr 02 21:34:05.268845 np0000163155 devstack@neutron-api.service[102444]: INFO neutron.api.extensions [None req-3a0425aa-141a-4368-8c89-48ce9fb2241e None None] Loaded extension: pagination
Apr 02 21:34:05.268911 np0000163155 devstack@neutron-api.service[102444]: DEBUG neutron.api.extensions [None req-3a0425aa-141a-4368-8c89-48ce9fb2241e None None] Loading extension file: port_device_profile.py {{(pid=102444) _load_all_extensions_from_path /opt/stack/neutron/neutron/api/extensions.py:449}}
Apr 02 21:34:05.269151 np0000163155 devstack@neutron-api.service[102444]: DEBUG neutron.api.extensions [None req-3a0425aa-141a-4368-8c89-48ce9fb2241e None None] Ext name="Port device profile" alias="port-device-profile" description="Expose the port device profile (Cyborg)" updated="2020-12-17T10:00:00-00:00" {{(pid=102444) _check_extension /opt/stack/neutron/neutron/api/extensions.py:415}}
Apr 02 21:34:05.269330 np0000163155 devstack@neutron-api.service[102444]: INFO neutron.api.extensions [None req-3a0425aa-141a-4368-8c89-48ce9fb2241e None None] Loaded extension: port-device-profile
Apr 02 21:34:05.269390 np0000163155 devstack@neutron-api.service[102446]: DEBUG neutron_lib.callbacks.manager [None req-3672f2ef-9fdc-4cc0-a5c1-84ca3ef0595a None None] Subscribe: > router precommit_create 55549900, False {{(pid=102446) subscribe /opt/stack/data/venv/lib/python3.12/site-packages/neutron_lib/callbacks/manager.py:52}}
Apr 02 21:34:05.269452 np0000163155 devstack@neutron-api.service[102444]: DEBUG neutron.api.extensions [None req-3a0425aa-141a-4368-8c89-48ce9fb2241e None None] Loading extension file: port_hardware_offload_type.py {{(pid=102444) _load_all_extensions_from_path /opt/stack/neutron/neutron/api/extensions.py:449}}
Apr 02 21:34:05.269520 np0000163155 devstack@neutron-api.service[102446]: DEBUG neutron_lib.callbacks.manager [None req-3672f2ef-9fdc-4cc0-a5c1-84ca3ef0595a None None] Subscribe: > router_interface after_create 55550000, False {{(pid=102446) subscribe /opt/stack/data/venv/lib/python3.12/site-packages/neutron_lib/callbacks/manager.py:52}}
Apr 02 21:34:05.269610 np0000163155 devstack@neutron-api.service[102446]: DEBUG neutron_lib.callbacks.manager [None req-3672f2ef-9fdc-4cc0-a5c1-84ca3ef0595a None None] Subscribe: > floatingip after_create 55550000, False {{(pid=102446) subscribe /opt/stack/data/venv/lib/python3.12/site-packages/neutron_lib/callbacks/manager.py:52}}
Apr 02 21:34:05.269664 np0000163155 devstack@neutron-api.service[102444]: DEBUG neutron.api.extensions [None req-3a0425aa-141a-4368-8c89-48ce9fb2241e None None] Ext name="Port hardware offload" alias="port-hardware-offload-type" description="Expose port hardware offload extension" updated="2023-05-09T10:00:00-00:00" {{(pid=102444) _check_extension /opt/stack/neutron/neutron/api/extensions.py:415}}
Apr 02 21:34:05.269717 np0000163155 devstack@neutron-api.service[102446]: DEBUG neutron_lib.callbacks.manager [None req-3672f2ef-9fdc-4cc0-a5c1-84ca3ef0595a None None] Subscribe: > floatingip precommit_create 55550000, False {{(pid=102446) subscribe /opt/stack/data/venv/lib/python3.12/site-packages/neutron_lib/callbacks/manager.py:52}}
Apr 02 21:34:05.269840 np0000163155 devstack@neutron-api.service[102446]: DEBUG neutron_lib.callbacks.manager [None req-3672f2ef-9fdc-4cc0-a5c1-84ca3ef0595a None None] Subscribe: > floatingip precommit_update 55550000, False {{(pid=102446) subscribe /opt/stack/data/venv/lib/python3.12/site-packages/neutron_lib/callbacks/manager.py:52}}
Apr 02 21:34:05.269918 np0000163155 devstack@neutron-api.service[102444]: INFO neutron.api.extensions [None req-3a0425aa-141a-4368-8c89-48ce9fb2241e None None] Extension port-hardware-offload-type not supported by any of loaded plugins
Apr 02 21:34:05.269918 np0000163155 devstack@neutron-api.service[102444]: DEBUG neutron.api.extensions [None req-3a0425aa-141a-4368-8c89-48ce9fb2241e None None] Loading extension file: port_hint_ovs_tx_steering.py {{(pid=102444) _load_all_extensions_from_path /opt/stack/neutron/neutron/api/extensions.py:449}}
Apr 02 21:34:05.270003 np0000163155 devstack@neutron-api.service[102446]: DEBUG neutron_lib.callbacks.manager [None req-3672f2ef-9fdc-4cc0-a5c1-84ca3ef0595a None None] Subscribe: > floatingip after_delete 55550000, False {{(pid=102446) subscribe /opt/stack/data/venv/lib/python3.12/site-packages/neutron_lib/callbacks/manager.py:52}}
Apr 02 21:34:05.270003 np0000163155 devstack@neutron-api.service[102446]: DEBUG neutron_lib.callbacks.manager [None req-3672f2ef-9fdc-4cc0-a5c1-84ca3ef0595a None None] Subscribe: > floatingip after_status_update 55550000, False {{(pid=102446) subscribe /opt/stack/data/venv/lib/python3.12/site-packages/neutron_lib/callbacks/manager.py:52}}
Apr 02 21:34:05.270125 np0000163155 devstack@neutron-api.service[102446]: DEBUG neutron_lib.callbacks.manager [None req-3672f2ef-9fdc-4cc0-a5c1-84ca3ef0595a None None] Subscribe: > floatingip after_update 55550000, False {{(pid=102446) subscribe /opt/stack/data/venv/lib/python3.12/site-packages/neutron_lib/callbacks/manager.py:52}}
Apr 02 21:34:05.270213 np0000163155 devstack@neutron-api.service[102444]: DEBUG neutron.api.extensions [None req-3a0425aa-141a-4368-8c89-48ce9fb2241e None None] Ext name="Port hint: Open vSwitch Tx steering" alias="port-hint-ovs-tx-steering" description="Enable Port hint: Open vSwitch Tx steering" updated="2023-01-01T00:00:00-00:00" {{(pid=102444) _check_extension /opt/stack/neutron/neutron/api/extensions.py:415}}
Apr 02 21:34:05.270279 np0000163155 devstack@neutron-api.service[102446]: DEBUG neutron_lib.callbacks.manager [None req-3672f2ef-9fdc-4cc0-a5c1-84ca3ef0595a None None] Subscribe: > port_forwarding after_create 55550000, False {{(pid=102446) subscribe /opt/stack/data/venv/lib/python3.12/site-packages/neutron_lib/callbacks/manager.py:52}}
Apr 02 21:34:05.270352 np0000163155 devstack@neutron-api.service[102444]: INFO neutron.api.extensions [None req-3a0425aa-141a-4368-8c89-48ce9fb2241e None None] Extension port-hint-ovs-tx-steering not supported by any of loaded plugins
Apr 02 21:34:05.270416 np0000163155 devstack@neutron-api.service[102446]: DEBUG neutron_lib.callbacks.manager [None req-3672f2ef-9fdc-4cc0-a5c1-84ca3ef0595a None None] Subscribe: > router_interface after_delete 55550000, False {{(pid=102446) subscribe /opt/stack/data/venv/lib/python3.12/site-packages/neutron_lib/callbacks/manager.py:52}}
Apr 02 21:34:05.270506 np0000163155 devstack@neutron-api.service[102444]: DEBUG neutron.api.extensions [None req-3a0425aa-141a-4368-8c89-48ce9fb2241e None None] Loading extension file: port_hints.py {{(pid=102444) _load_all_extensions_from_path /opt/stack/neutron/neutron/api/extensions.py:449}}
Apr 02 21:34:05.270576 np0000163155 devstack@neutron-api.service[102446]: DEBUG neutron_lib.callbacks.manager [None req-3672f2ef-9fdc-4cc0-a5c1-84ca3ef0595a None None] Subscribe: > router after_create 55550000, False {{(pid=102446) subscribe /opt/stack/data/venv/lib/python3.12/site-packages/neutron_lib/callbacks/manager.py:52}}
Apr 02 21:34:05.270576 np0000163155 devstack@neutron-api.service[102446]: DEBUG neutron_lib.callbacks.manager [None req-3672f2ef-9fdc-4cc0-a5c1-84ca3ef0595a None None] Subscribe: > router precommit_create 55550000, False {{(pid=102446) subscribe /opt/stack/data/venv/lib/python3.12/site-packages/neutron_lib/callbacks/manager.py:52}}
Apr 02 21:34:05.270576 np0000163155 devstack@neutron-api.service[102446]: DEBUG neutron_lib.callbacks.manager [None req-3672f2ef-9fdc-4cc0-a5c1-84ca3ef0595a None None] Subscribe: > router after_delete 55550000, False {{(pid=102446) subscribe /opt/stack/data/venv/lib/python3.12/site-packages/neutron_lib/callbacks/manager.py:52}}
Apr 02 21:34:05.270699 np0000163155 devstack@neutron-api.service[102444]: DEBUG neutron.api.extensions [None req-3a0425aa-141a-4368-8c89-48ce9fb2241e None None] Ext name="Port hints" alias="port-hints" description="Backend specific port hints to allow backend specific tuning" updated="2023-01-01T00:00:00-00:00" {{(pid=102444) _check_extension /opt/stack/neutron/neutron/api/extensions.py:415}}
Apr 02 21:34:05.270782 np0000163155 devstack@neutron-api.service[102443]: INFO neutron.plugins.ml2.drivers.type_vlan [None req-947f7cfd-3693-4049-a46f-88bc29ba0af4 None None] VlanTypeDriver initialization complete
Apr 02 21:34:05.271043 np0000163155 devstack@neutron-api.service[102446]: DEBUG neutron_lib.callbacks.manager [None req-3672f2ef-9fdc-4cc0-a5c1-84ca3ef0595a None None] Subscribe: > router after_update 55550000, False {{(pid=102446) subscribe /opt/stack/data/venv/lib/python3.12/site-packages/neutron_lib/callbacks/manager.py:52}}
Apr 02 21:34:05.271111 np0000163155 devstack@neutron-api.service[102444]: INFO neutron.api.extensions [None req-3a0425aa-141a-4368-8c89-48ce9fb2241e None None] Extension port-hints not supported by any of loaded plugins
Apr 02 21:34:05.271175 np0000163155 devstack@neutron-api.service[102443]: INFO neutron.plugins.ml2.managers [None req-947f7cfd-3693-4049-a46f-88bc29ba0af4 None None] Initializing extension driver 'port_security'
Apr 02 21:34:05.271240 np0000163155 devstack@neutron-api.service[102446]: DEBUG neutron.services.service_base [None req-3672f2ef-9fdc-4cc0-a5c1-84ca3ef0595a None None] Loaded 'neutron.services.ovn_l3.service_providers.ovn.OvnDriver' provider for service L3_ROUTER_NAT {{(pid=102446) load_drivers /opt/stack/neutron/neutron/services/service_base.py:49}}
Apr 02 21:34:05.271309 np0000163155 devstack@neutron-api.service[102444]: DEBUG neutron.api.extensions [None req-3a0425aa-141a-4368-8c89-48ce9fb2241e None None] Loading extension file: port_mac_address_override.py {{(pid=102444) _load_all_extensions_from_path /opt/stack/neutron/neutron/api/extensions.py:449}}
Apr 02 21:34:05.271377 np0000163155 devstack@neutron-api.service[102443]: INFO neutron.plugins.ml2.extensions.port_security [None req-947f7cfd-3693-4049-a46f-88bc29ba0af4 None None] PortSecurityExtensionDriver initialization complete
Apr 02 21:34:05.271472 np0000163155 devstack@neutron-api.service[102446]: DEBUG neutron_lib.callbacks.manager [None req-3672f2ef-9fdc-4cc0-a5c1-84ca3ef0595a None None] Subscribe: > process after_init 55550001, True {{(pid=102446) subscribe /opt/stack/data/venv/lib/python3.12/site-packages/neutron_lib/callbacks/manager.py:52}}
Apr 02 21:34:05.271534 np0000163155 devstack@neutron-api.service[102443]: INFO neutron.plugins.ml2.managers [None req-947f7cfd-3693-4049-a46f-88bc29ba0af4 None None] Initializing extension driver 'qos'
Apr 02 21:34:05.271600 np0000163155 devstack@neutron-api.service[102446]: DEBUG neutron.manager [None req-3672f2ef-9fdc-4cc0-a5c1-84ca3ef0595a None None] Successfully loaded L3_ROUTER_NAT plugin. Description: L3 Router Service Plugin for basic L3 forwarding using OVN {{(pid=102446) _create_and_add_service_plugin /opt/stack/neutron/neutron/manager.py:239}}
Apr 02 21:34:05.271660 np0000163155 devstack@neutron-api.service[102443]: DEBUG neutron.plugins.ml2.extensions.qos [None req-947f7cfd-3693-4049-a46f-88bc29ba0af4 None None] QosExtensionDriver initialization complete {{(pid=102443) initialize /opt/stack/neutron/neutron/plugins/ml2/extensions/qos.py:31}}
Apr 02 21:34:05.271730 np0000163155 devstack@neutron-api.service[102444]: DEBUG neutron.api.extensions [None req-3a0425aa-141a-4368-8c89-48ce9fb2241e None None] Ext name="Neutron Port MAC address override" alias="port-mac-override" description="Allow overriding the MAC address of a direct-physical Port via the active binding profile" updated="2022-03-18T10:00:00-00:00" {{(pid=102444) _check_extension /opt/stack/neutron/neutron/api/extensions.py:415}}
Apr 02 21:34:05.271813 np0000163155 devstack@neutron-api.service[102446]: INFO neutron.manager [None req-3672f2ef-9fdc-4cc0-a5c1-84ca3ef0595a None None] Loading Plugin: auto_allocate
Apr 02 21:34:05.271945 np0000163155 devstack@neutron-api.service[102443]: INFO neutron.plugins.ml2.managers [None req-947f7cfd-3693-4049-a46f-88bc29ba0af4 None None] Initializing mechanism driver 'ovn'
Apr 02 21:34:05.272016 np0000163155 devstack@neutron-api.service[102444]: INFO neutron.api.extensions [None req-3a0425aa-141a-4368-8c89-48ce9fb2241e None None] Extension port-mac-override not supported by any of loaded plugins
Apr 02 21:34:05.272175 np0000163155 devstack@neutron-api.service[102443]: INFO neutron.plugins.ml2.drivers.ovn.mech_driver.mech_driver [None req-947f7cfd-3693-4049-a46f-88bc29ba0af4 None None] Starting OVNMechanismDriver
Apr 02 21:34:05.272334 np0000163155 devstack@neutron-api.service[102444]: DEBUG neutron.api.extensions [None req-3a0425aa-141a-4368-8c89-48ce9fb2241e None None] Loading extension file: port_mac_address_regenerate.py {{(pid=102444) _load_all_extensions_from_path /opt/stack/neutron/neutron/api/extensions.py:449}}
Apr 02 21:34:05.272334 np0000163155 devstack@neutron-api.service[102444]: DEBUG neutron.api.extensions [None req-3a0425aa-141a-4368-8c89-48ce9fb2241e None None] Ext name="Neutron Port MAC address regenerate" alias="port-mac-address-regenerate" description="Network port MAC address regenerate" updated="2018-05-03T10:00:00-00:00" {{(pid=102444) _check_extension /opt/stack/neutron/neutron/api/extensions.py:415}}
Apr 02 21:34:05.272334 np0000163155 devstack@neutron-api.service[102444]: INFO neutron.api.extensions [None req-3a0425aa-141a-4368-8c89-48ce9fb2241e None None] Loaded extension: port-mac-address-regenerate
Apr 02 21:34:05.272334 np0000163155 devstack@neutron-api.service[102444]: DEBUG neutron.api.extensions [None req-3a0425aa-141a-4368-8c89-48ce9fb2241e None None] Loading extension file: port_numa_affinity_policy.py {{(pid=102444) _load_all_extensions_from_path /opt/stack/neutron/neutron/api/extensions.py:449}}
Apr 02 21:34:05.272507 np0000163155 devstack@neutron-api.service[102446]: DEBUG neutron_lib.callbacks.manager [None req-3672f2ef-9fdc-4cc0-a5c1-84ca3ef0595a None None] Subscribe: network precommit_update 55550000, False {{(pid=102446) subscribe /opt/stack/data/venv/lib/python3.12/site-packages/neutron_lib/callbacks/manager.py:52}}
Apr 02 21:34:05.272570 np0000163155 devstack@neutron-api.service[102444]: DEBUG neutron.api.extensions [None req-3a0425aa-141a-4368-8c89-48ce9fb2241e None None] Ext name="Port NUMA affinity policy" alias="port-numa-affinity-policy" description="Expose the port NUMA affinity policy" updated="2020-07-08T10:00:00-00:00" {{(pid=102444) _check_extension /opt/stack/neutron/neutron/api/extensions.py:415}}
Apr 02 21:34:05.272637 np0000163155 devstack@neutron-api.service[102446]: DEBUG neutron_lib.callbacks.manager [None req-3672f2ef-9fdc-4cc0-a5c1-84ca3ef0595a None None] Subscribe: network precommit_create 55550000, False {{(pid=102446) subscribe /opt/stack/data/venv/lib/python3.12/site-packages/neutron_lib/callbacks/manager.py:52}}
Apr 02 21:34:05.272707 np0000163155 devstack@neutron-api.service[102444]: INFO neutron.api.extensions [None req-3a0425aa-141a-4368-8c89-48ce9fb2241e None None] Loaded extension: port-numa-affinity-policy
Apr 02 21:34:05.272787 np0000163155 devstack@neutron-api.service[102446]: DEBUG neutron.manager [None req-3672f2ef-9fdc-4cc0-a5c1-84ca3ef0595a None None] Successfully loaded auto-allocated-topology plugin. Description: Auto Allocated Topology - aka get me a network. {{(pid=102446) _create_and_add_service_plugin /opt/stack/neutron/neutron/manager.py:239}}
Apr 02 21:34:05.272839 np0000163155 devstack@neutron-api.service[102444]: DEBUG neutron.api.extensions [None req-3a0425aa-141a-4368-8c89-48ce9fb2241e None None] Loading extension file: port_numa_affinity_policy_socket.py {{(pid=102444) _load_all_extensions_from_path /opt/stack/neutron/neutron/api/extensions.py:449}}
Apr 02 21:34:05.272912 np0000163155 devstack@neutron-api.service[102446]: INFO neutron.manager [None req-3672f2ef-9fdc-4cc0-a5c1-84ca3ef0595a None None] Loading Plugin: tag
Apr 02 21:34:05.272974 np0000163155 devstack@neutron-api.service[102444]: DEBUG neutron.api.extensions [None req-3a0425aa-141a-4368-8c89-48ce9fb2241e None None] Ext name="Port NUMA affinity policy "socket"" alias="port-numa-affinity-policy-socket" description="Adds "socket" to the supported port NUMA affinity policies" updated="2024-02-09T10:00:00-00:00" {{(pid=102444) _check_extension /opt/stack/neutron/neutron/api/extensions.py:415}}
Apr 02 21:34:05.272974 np0000163155 devstack@neutron-api.service[102444]: INFO neutron.api.extensions [None req-3a0425aa-141a-4368-8c89-48ce9fb2241e None None] Loaded extension: port-numa-affinity-policy-socket
Apr 02 21:34:05.273087 np0000163155 devstack@neutron-api.service[102444]: DEBUG neutron.api.extensions [None req-3a0425aa-141a-4368-8c89-48ce9fb2241e None None] Loading extension file: port_resource_request.py {{(pid=102444) _load_all_extensions_from_path /opt/stack/neutron/neutron/api/extensions.py:449}}
Apr 02 21:34:05.273206 np0000163155 devstack@neutron-api.service[102443]: DEBUG neutron_lib.callbacks.manager [None req-947f7cfd-3693-4049-a46f-88bc29ba0af4 None None] Subscribe: > process before_spawn 55550000, False {{(pid=102443) subscribe /opt/stack/data/venv/lib/python3.12/site-packages/neutron_lib/callbacks/manager.py:52}}
Apr 02 21:34:05.273326 np0000163155 devstack@neutron-api.service[102443]: DEBUG neutron_lib.callbacks.manager [None req-947f7cfd-3693-4049-a46f-88bc29ba0af4 None None] Subscribe: > process after_init 55550000, True {{(pid=102443) subscribe /opt/stack/data/venv/lib/python3.12/site-packages/neutron_lib/callbacks/manager.py:52}}
Apr 02 21:34:05.273393 np0000163155 devstack@neutron-api.service[102444]: DEBUG neutron.api.extensions [None req-3a0425aa-141a-4368-8c89-48ce9fb2241e None None] Ext name="Port Resource Request" alias="port-resource-request" description="Expose resource request to Port" updated="2018-05-08T10:00:00-00:00" {{(pid=102444) _check_extension /opt/stack/neutron/neutron/api/extensions.py:415}}
Apr 02 21:34:05.273496 np0000163155 devstack@neutron-api.service[102443]: DEBUG neutron_lib.callbacks.manager [None req-947f7cfd-3693-4049-a46f-88bc29ba0af4 None None] Subscribe: > segment after_create 55550000, False {{(pid=102443) subscribe /opt/stack/data/venv/lib/python3.12/site-packages/neutron_lib/callbacks/manager.py:52}}
Apr 02 21:34:05.273587 np0000163155 devstack@neutron-api.service[102444]: INFO neutron.api.extensions [None req-3a0425aa-141a-4368-8c89-48ce9fb2241e None None] Extension port-resource-request not supported by any of loaded plugins
Apr 02 21:34:05.273654 np0000163155 devstack@neutron-api.service[102443]: DEBUG neutron_lib.callbacks.manager [None req-947f7cfd-3693-4049-a46f-88bc29ba0af4 None None] Subscribe: > segment after_create 55550000, False {{(pid=102443) subscribe /opt/stack/data/venv/lib/python3.12/site-packages/neutron_lib/callbacks/manager.py:52}}
Apr 02 21:34:05.273762 np0000163155 devstack@neutron-api.service[102444]: DEBUG neutron.api.extensions [None req-3a0425aa-141a-4368-8c89-48ce9fb2241e None None] Loading extension file: port_resource_request_groups.py {{(pid=102444) _load_all_extensions_from_path /opt/stack/neutron/neutron/api/extensions.py:449}}
Apr 02 21:34:05.273826 np0000163155 devstack@neutron-api.service[102443]: DEBUG neutron_lib.callbacks.manager [None req-947f7cfd-3693-4049-a46f-88bc29ba0af4 None None] Subscribe: > segment after_delete 55550000, False {{(pid=102443) subscribe /opt/stack/data/venv/lib/python3.12/site-packages/neutron_lib/callbacks/manager.py:52}}
Apr 02 21:34:05.273826 np0000163155 devstack@neutron-api.service[102443]: DEBUG neutron_lib.callbacks.manager [None req-947f7cfd-3693-4049-a46f-88bc29ba0af4 None None] Subscribe: > allowed_address_pair before_create 55550000, False {{(pid=102443) subscribe /opt/stack/data/venv/lib/python3.12/site-packages/neutron_lib/callbacks/manager.py:52}}
Apr 02 21:34:05.273826 np0000163155 devstack@neutron-api.service[102443]: DEBUG neutron_lib.callbacks.manager [None req-947f7cfd-3693-4049-a46f-88bc29ba0af4 None None] Subscribe: > security_group precommit_create 55550000, False {{(pid=102443) subscribe /opt/stack/data/venv/lib/python3.12/site-packages/neutron_lib/callbacks/manager.py:52}}
