2026-04-15 08:15:45.429 7 INFO cinder.api.openstack.wsgi [None req-c8a80bb8-3b13-4244-8fb2-e3e804ee80d4 ac239feb53ef4c57b152d55913722ec0 9808714b46eb416988cbbfc86704e82a - - default default] http://cinder-api.openstack.svc.cluster.local:8776/v3/9808714b46eb416988cbbfc86704e82a/os-quota-sets/d8ad6a16dc1f461c889eb251f6934f64?usage=true returned with HTTP 200 [pid: 7|app: 0|req: 225/453] 10.0.0.12 () {28 vars in 734 bytes} [Wed Apr 15 08:15:45 2026] GET /v3/9808714b46eb416988cbbfc86704e82a/os-quota-sets/d8ad6a16dc1f461c889eb251f6934f64?usage=true => generated 847 bytes in 25 msecs (HTTP/1.1 200) 7 headers in 285 bytes (1 switches on core 0)
2026-04-15 08:15:45.441 8 INFO cinder.api.openstack.wsgi [None req-9ae63bcf-29ad-4460-a6d3-ec4fd1015dab ac239feb53ef4c57b152d55913722ec0 9808714b46eb416988cbbfc86704e82a - - default default] GET http://cinder-api.openstack.svc.cluster.local:8776/v3/9808714b46eb416988cbbfc86704e82a/volumes/detail?all_tenants=true
2026-04-15 08:15:45.456 8 INFO cinder.volume.api [None req-9ae63bcf-29ad-4460-a6d3-ec4fd1015dab ac239feb53ef4c57b152d55913722ec0 9808714b46eb416988cbbfc86704e82a - - default default] Get all volumes completed successfully.
2026-04-15 08:15:45.458 8 INFO cinder.api.openstack.wsgi [None req-9ae63bcf-29ad-4460-a6d3-ec4fd1015dab ac239feb53ef4c57b152d55913722ec0 9808714b46eb416988cbbfc86704e82a - - default default] http://cinder-api.openstack.svc.cluster.local:8776/v3/9808714b46eb416988cbbfc86704e82a/volumes/detail?all_tenants=true returned with HTTP 200 [pid: 8|app: 0|req: 229/454] 10.0.0.12 () {28 vars in 682 bytes} [Wed Apr 15 08:15:45 2026] GET /v3/9808714b46eb416988cbbfc86704e82a/volumes/detail?all_tenants=true => generated 15 bytes in 25 msecs (HTTP/1.1 200) 7 headers in 284 bytes (1 switches on core 0)
2026-04-15 08:15:50.917 7 INFO cinder.api.openstack.wsgi [None req-c8a80bb8-3b13-4244-8fb2-e3e804ee80d4 ac239feb53ef4c57b152d55913722ec0 9808714b46eb416988cbbfc86704e82a - - default default] GET http://10.0.0.219:8776/
2026-04-15 08:15:50.917 8 INFO cinder.api.openstack.wsgi [None req-9ae63bcf-29ad-4460-a6d3-ec4fd1015dab ac239feb53ef4c57b152d55913722ec0 9808714b46eb416988cbbfc86704e82a - - default default] GET http://10.0.0.219:8776/
2026-04-15 08:15:50.917 7 INFO cinder.api.openstack.wsgi [None req-c8a80bb8-3b13-4244-8fb2-e3e804ee80d4 ac239feb53ef4c57b152d55913722ec0 9808714b46eb416988cbbfc86704e82a - - default default] http://10.0.0.219:8776/ returned with HTTP 300
2026-04-15 08:15:50.918 8 INFO cinder.api.openstack.wsgi [None req-9ae63bcf-29ad-4460-a6d3-ec4fd1015dab ac239feb53ef4c57b152d55913722ec0 9808714b46eb416988cbbfc86704e82a - - default default] http://10.0.0.219:8776/ returned with HTTP 300
2026-04-15 08:16:00.913 8 INFO cinder.api.openstack.wsgi [None req-9ae63bcf-29ad-4460-a6d3-ec4fd1015dab ac239feb53ef4c57b152d55913722ec0 9808714b46eb416988cbbfc86704e82a - - default default] GET http://10.0.0.219:8776/
2026-04-15 08:16:00.913 8 INFO cinder.api.openstack.wsgi [None req-9ae63bcf-29ad-4460-a6d3-ec4fd1015dab ac239feb53ef4c57b152d55913722ec0 9808714b46eb416988cbbfc86704e82a - - default default] http://10.0.0.219:8776/ returned with HTTP 300
2026-04-15 08:16:00.913 7 INFO cinder.api.openstack.wsgi [None req-c8a80bb8-3b13-4244-8fb2-e3e804ee80d4 ac239feb53ef4c57b152d55913722ec0 9808714b46eb416988cbbfc86704e82a - - default default] GET http://10.0.0.219:8776/
2026-04-15 08:16:00.914 7 INFO cinder.api.openstack.wsgi [None req-c8a80bb8-3b13-4244-8fb2-e3e804ee80d4 ac239feb53ef4c57b152d55913722ec0 9808714b46eb416988cbbfc86704e82a - - default default] http://10.0.0.219:8776/ returned with HTTP 300
2026-04-15 08:16:10.913 7 INFO cinder.api.openstack.wsgi [None req-c8a80bb8-3b13-4244-8fb2-e3e804ee80d4 ac239feb53ef4c57b152d55913722ec0 9808714b46eb416988cbbfc86704e82a - - default default] GET http://10.0.0.219:8776/
2026-04-15 08:16:10.913 8 INFO cinder.api.openstack.wsgi [None req-9ae63bcf-29ad-4460-a6d3-ec4fd1015dab ac239feb53ef4c57b152d55913722ec0 9808714b46eb416988cbbfc86704e82a - - default default] GET http://10.0.0.219:8776/
2026-04-15 08:16:10.914 8 INFO cinder.api.openstack.wsgi [None req-9ae63bcf-29ad-4460-a6d3-ec4fd1015dab ac239feb53ef4c57b152d55913722ec0 9808714b46eb416988cbbfc86704e82a - - default default] http://10.0.0.219:8776/ returned with HTTP 300
2026-04-15 08:16:10.914 7 INFO cinder.api.openstack.wsgi [None req-c8a80bb8-3b13-4244-8fb2-e3e804ee80d4 ac239feb53ef4c57b152d55913722ec0 9808714b46eb416988cbbfc86704e82a - - default default] http://10.0.0.219:8776/ returned with HTTP 300
2026-04-15 08:16:20.912 8 INFO cinder.api.openstack.wsgi [None req-9ae63bcf-29ad-4460-a6d3-ec4fd1015dab ac239feb53ef4c57b152d55913722ec0 9808714b46eb416988cbbfc86704e82a - - default default] GET http://10.0.0.219:8776/
2026-04-15 08:16:20.912 7 INFO cinder.api.openstack.wsgi [None req-c8a80bb8-3b13-4244-8fb2-e3e804ee80d4 ac239feb53ef4c57b152d55913722ec0 9808714b46eb416988cbbfc86704e82a - - default default] GET http://10.0.0.219:8776/
2026-04-15 08:16:20.913 8 INFO cinder.api.openstack.wsgi [None req-9ae63bcf-29ad-4460-a6d3-ec4fd1015dab ac239feb53ef4c57b152d55913722ec0 9808714b46eb416988cbbfc86704e82a - - default default] http://10.0.0.219:8776/ returned with HTTP 300
2026-04-15 08:16:20.913 7 INFO cinder.api.openstack.wsgi [None req-c8a80bb8-3b13-4244-8fb2-e3e804ee80d4 ac239feb53ef4c57b152d55913722ec0 9808714b46eb416988cbbfc86704e82a - - default default] http://10.0.0.219:8776/ returned with HTTP 300
2026-04-15 08:16:30.913 8 INFO cinder.api.openstack.wsgi [None req-9ae63bcf-29ad-4460-a6d3-ec4fd1015dab ac239feb53ef4c57b152d55913722ec0 9808714b46eb416988cbbfc86704e82a - - default default] GET http://10.0.0.219:8776/
2026-04-15 08:16:30.913 7 INFO cinder.api.openstack.wsgi [None req-c8a80bb8-3b13-4244-8fb2-e3e804ee80d4 ac239feb53ef4c57b152d55913722ec0 9808714b46eb416988cbbfc86704e82a - - default default] GET http://10.0.0.219:8776/
2026-04-15 08:16:30.914 8 INFO cinder.api.openstack.wsgi [None req-9ae63bcf-29ad-4460-a6d3-ec4fd1015dab ac239feb53ef4c57b152d55913722ec0 9808714b46eb416988cbbfc86704e82a - - default default] http://10.0.0.219:8776/ returned with HTTP 300
2026-04-15 08:16:30.914 7 INFO cinder.api.openstack.wsgi [None req-c8a80bb8-3b13-4244-8fb2-e3e804ee80d4 ac239feb53ef4c57b152d55913722ec0 9808714b46eb416988cbbfc86704e82a - - default default] http://10.0.0.219:8776/ returned with HTTP 300
2026-04-15 08:16:40.913 7 INFO cinder.api.openstack.wsgi [None req-c8a80bb8-3b13-4244-8fb2-e3e804ee80d4 ac239feb53ef4c57b152d55913722ec0 9808714b46eb416988cbbfc86704e82a - - default default] GET http://10.0.0.219:8776/
2026-04-15 08:16:40.914 8 INFO cinder.api.openstack.wsgi [None req-9ae63bcf-29ad-4460-a6d3-ec4fd1015dab ac239feb53ef4c57b152d55913722ec0 9808714b46eb416988cbbfc86704e82a - - default default] GET http://10.0.0.219:8776/
2026-04-15 08:16:40.914 7 INFO cinder.api.openstack.wsgi [None req-c8a80bb8-3b13-4244-8fb2-e3e804ee80d4 ac239feb53ef4c57b152d55913722ec0 9808714b46eb416988cbbfc86704e82a - - default default] http://10.0.0.219:8776/ returned with HTTP 300
2026-04-15 08:16:40.915 8 INFO cinder.api.openstack.wsgi [None req-9ae63bcf-29ad-4460-a6d3-ec4fd1015dab ac239feb53ef4c57b152d55913722ec0 9808714b46eb416988cbbfc86704e82a - - default default] http://10.0.0.219:8776/ returned with HTTP 300
2026-04-15 08:16:44.359 7 INFO cinder.api.openstack.wsgi [None req-bf09df6a-c20f-4cdb-a346-2aed5c7c51f5 ac239feb53ef4c57b152d55913722ec0 9808714b46eb416988cbbfc86704e82a - - default default] GET http://cinder-api.openstack.svc.cluster.local:8776/v3/9808714b46eb416988cbbfc86704e82a/os-services
2026-04-15 08:16:44.364 7 INFO cinder.api.openstack.wsgi [None req-bf09df6a-c20f-4cdb-a346-2aed5c7c51f5 ac239feb53ef4c57b152d55913722ec0 9808714b46eb416988cbbfc86704e82a - - default default] http://cinder-api.openstack.svc.cluster.local:8776/v3/9808714b46eb416988cbbfc86704e82a/os-services returned with HTTP 200 [pid: 7|app: 0|req: 232/467] 10.0.0.12 () {28 vars in 643 bytes} [Wed Apr 15 08:16:44 2026] GET /v3/9808714b46eb416988cbbfc86704e82a/os-services => generated 646 bytes in 189 msecs (HTTP/1.1 200) 7 headers in 285 bytes (1 switches on core 0)
2026-04-15 08:16:44.493 8 INFO cinder.api.openstack.wsgi [None req-d4d729fd-f84e-4bce-9e23-19ed014032d1 ac239feb53ef4c57b152d55913722ec0 9808714b46eb416988cbbfc86704e82a - - default default] GET http://cinder-api.openstack.svc.cluster.local:8776/v3/9808714b46eb416988cbbfc86704e82a/os-quota-sets/04cda873e1ff4513933d11dbcf22f7cf?usage=true
2026-04-15 08:16:44.523 8 INFO cinder.api.openstack.wsgi [None req-d4d729fd-f84e-4bce-9e23-19ed014032d1 ac239feb53ef4c57b152d55913722ec0 9808714b46eb416988cbbfc86704e82a - - default default] http://cinder-api.openstack.svc.cluster.local:8776/v3/9808714b46eb416988cbbfc86704e82a/os-quota-sets/04cda873e1ff4513933d11dbcf22f7cf?usage=true returned with HTTP 200 [pid: 8|app: 0|req: 236/468] 10.0.0.12 () {28 vars in 734 bytes} [Wed Apr 15 08:16:44 2026] GET /v3/9808714b46eb416988cbbfc86704e82a/os-quota-sets/04cda873e1ff4513933d11dbcf22f7cf?usage=true => generated 847 bytes in 39 msecs (HTTP/1.1 200) 7 headers in 285 bytes (1 switches on core 0)
2026-04-15 08:16:44.533 7 INFO cinder.api.openstack.wsgi [None req-4b0d493a-6586-4b52-a220-b7213877a005 ac239feb53ef4c57b152d55913722ec0 9808714b46eb416988cbbfc86704e82a - - default default] GET http://cinder-api.openstack.svc.cluster.local:8776/v3/9808714b46eb416988cbbfc86704e82a/os-quota-sets/348a56b237ac49fc897ab62f987816e9?usage=true
2026-04-15 08:16:44.571 7 INFO cinder.api.openstack.wsgi [None req-4b0d493a-6586-4b52-a220-b7213877a005 ac239feb53ef4c57b152d55913722ec0 9808714b46eb416988cbbfc86704e82a - - default default] http://cinder-api.openstack.svc.cluster.local:8776/v3/9808714b46eb416988cbbfc86704e82a/os-quota-sets/348a56b237ac49fc897ab62f987816e9?usage=true returned with HTTP 200 [pid: 7|app: 0|req: 233/469] 10.0.0.12 () {28 vars in 734 bytes} [Wed Apr 15 08:16:44 2026] GET /v3/9808714b46eb416988cbbfc86704e82a/os-quota-sets/348a56b237ac49fc897ab62f987816e9?usage=true => generated 847 bytes in 46 msecs (HTTP/1.1 200) 7 headers in 285 bytes (1 switches on core 0)
2026-04-15 08:16:44.583 8 INFO cinder.api.openstack.wsgi [None req-c2e6ba36-15cb-4f24-82b9-ac79fda15060 ac239feb53ef4c57b152d55913722ec0 9808714b46eb416988cbbfc86704e82a - - default default] GET http://cinder-api.openstack.svc.cluster.local:8776/v3/9808714b46eb416988cbbfc86704e82a/os-quota-sets/34e52d811f524a07b783283ae4358710?usage=true
2026-04-15 08:16:44.636 8 INFO cinder.api.openstack.wsgi [None req-c2e6ba36-15cb-4f24-82b9-ac79fda15060 ac239feb53ef4c57b152d55913722ec0 9808714b46eb416988cbbfc86704e82a - - default default] http://cinder-api.openstack.svc.cluster.local:8776/v3/9808714b46eb416988cbbfc86704e82a/os-quota-sets/34e52d811f524a07b783283ae4358710?usage=true returned with HTTP 200 [pid: 8|app: 0|req: 237/470] 10.0.0.12 () {28 vars in 734 bytes} [Wed Apr 15 08:16:44 2026] GET /v3/9808714b46eb416988cbbfc86704e82a/os-quota-sets/34e52d811f524a07b783283ae4358710?usage=true => generated 847 bytes in 60 msecs (HTTP/1.1 200) 7 headers in 285 bytes (1 switches on core 0)
2026-04-15 08:16:44.648 7 INFO cinder.api.openstack.wsgi [None req-3c93bc6f-28c7-4db0-9365-82ebb3efe9cf ac239feb53ef4c57b152d55913722ec0 9808714b46eb416988cbbfc86704e82a - - default default] GET http://cinder-api.openstack.svc.cluster.local:8776/v3/9808714b46eb416988cbbfc86704e82a/os-quota-sets/3d164fadd8d74b5e97f2671466bb6152?usage=true
2026-04-15 08:16:44.669 7 INFO cinder.api.openstack.wsgi [None req-3c93bc6f-28c7-4db0-9365-82ebb3efe9cf ac239feb53ef4c57b152d55913722ec0 9808714b46eb416988cbbfc86704e82a - - default default] http://cinder-api.openstack.svc.cluster.local:8776/v3/9808714b46eb416988cbbfc86704e82a/os-quota-sets/3d164fadd8d74b5e97f2671466bb6152?usage=true returned with HTTP 200 [pid: 7|app: 0|req: 234/471] 10.0.0.12 () {28 vars in 734 bytes} [Wed Apr 15 08:16:44 2026] GET /v3/9808714b46eb416988cbbfc86704e82a/os-quota-sets/3d164fadd8d74b5e97f2671466bb6152?usage=true => generated 847 bytes in 27 msecs (HTTP/1.1 200) 7 headers in 285 bytes (1 switches on core 0)
2026-04-15 08:16:44.681 8 INFO cinder.api.openstack.wsgi [None req-c2b72f21-b739-424d-83ff-15df312aa34a ac239feb53ef4c57b152d55913722ec0 9808714b46eb416988cbbfc86704e82a - - default default] GET http://cinder-api.openstack.svc.cluster.local:8776/v3/9808714b46eb416988cbbfc86704e82a/os-quota-sets/4e9739cdfb7b4217a3a34dfbc4da5f5a?usage=true
2026-04-15 08:16:44.701 8 INFO cinder.api.openstack.wsgi [None req-c2b72f21-b739-424d-83ff-15df312aa34a ac239feb53ef4c57b152d55913722ec0 9808714b46eb416988cbbfc86704e82a - - default default] http://cinder-api.openstack.svc.cluster.local:8776/v3/9808714b46eb416988cbbfc86704e82a/os-quota-sets/4e9739cdfb7b4217a3a34dfbc4da5f5a?usage=true returned with HTTP 200 [pid: 8|app: 0|req: 238/472] 10.0.0.12 () {28 vars in 734 bytes} [Wed Apr 15 08:16:44 2026] GET /v3/9808714b46eb416988cbbfc86704e82a/os-quota-sets/4e9739cdfb7b4217a3a34dfbc4da5f5a?usage=true => generated 847 bytes in 29 msecs (HTTP/1.1 200) 7 headers in 285 bytes (1 switches on core 0)
2026-04-15 08:16:44.716 7 INFO cinder.api.openstack.wsgi [None req-4087b252-11c0-404a-97f2-9eade04b7709 ac239feb53ef4c57b152d55913722ec0 9808714b46eb416988cbbfc86704e82a - - default default] GET http://cinder-api.openstack.svc.cluster.local:8776/v3/9808714b46eb416988cbbfc86704e82a/os-quota-sets/63c688d840a648f2bf8787e5b8773541?usage=true
2026-04-15 08:16:44.742 7 INFO cinder.api.openstack.wsgi [None req-4087b252-11c0-404a-97f2-9eade04b7709 ac239feb53ef4c57b152d55913722ec0 9808714b46eb416988cbbfc86704e82a - - default default] http://cinder-api.openstack.svc.cluster.local:8776/v3/9808714b46eb416988cbbfc86704e82a/os-quota-sets/63c688d840a648f2bf8787e5b8773541?usage=true returned with HTTP 200 [pid: 7|app: 0|req: 235/473] 10.0.0.12 () {28 vars in 734 bytes} [Wed Apr 15 08:16:44 2026] GET /v3/9808714b46eb416988cbbfc86704e82a/os-quota-sets/63c688d840a648f2bf8787e5b8773541?usage=true => generated 847 bytes in 37 msecs (HTTP/1.1 200) 7 headers in 285 bytes (1 switches on core 0)
2026-04-15 08:16:44.752 8 INFO cinder.api.openstack.wsgi [None req-021a2493-47a6-4ea6-a961-5277043d8bc7 ac239feb53ef4c57b152d55913722ec0 9808714b46eb416988cbbfc86704e82a - - default default] GET http://cinder-api.openstack.svc.cluster.local:8776/v3/9808714b46eb416988cbbfc86704e82a/os-quota-sets/69212c7a5d6e472fa38bb140b2428bc9?usage=true
2026-04-15 08:16:44.775 8 INFO cinder.api.openstack.wsgi [None req-021a2493-47a6-4ea6-a961-5277043d8bc7 ac239feb53ef4c57b152d55913722ec0 9808714b46eb416988cbbfc86704e82a - - default default] http://cinder-api.openstack.svc.cluster.local:8776/v3/9808714b46eb416988cbbfc86704e82a/os-quota-sets/69212c7a5d6e472fa38bb140b2428bc9?usage=true returned with HTTP 200 [pid: 8|app: 0|req: 239/474] 10.0.0.12 () {28 vars in 734 bytes} [Wed Apr 15 08:16:44 2026] GET /v3/9808714b46eb416988cbbfc86704e82a/os-quota-sets/69212c7a5d6e472fa38bb140b2428bc9?usage=true => generated 845 bytes in 30 msecs (HTTP/1.1 200) 7 headers in 285 bytes (1 switches on core 0)
2026-04-15 08:16:44.785 7 INFO cinder.api.openstack.wsgi [None req-8dab685e-ef18-427f-b6f3-436c67450c85 ac239feb53ef4c57b152d55913722ec0 9808714b46eb416988cbbfc86704e82a - - default default] GET http://cinder-api.openstack.svc.cluster.local:8776/v3/9808714b46eb416988cbbfc86704e82a/os-quota-sets/6987a81072f74cbeb3acc6e05358f4b5?usage=true
2026-04-15 08:16:44.811 7 INFO cinder.api.openstack.wsgi [None req-8dab685e-ef18-427f-b6f3-436c67450c85 ac239feb53ef4c57b152d55913722ec0 9808714b46eb416988cbbfc86704e82a - - default default] http://cinder-api.openstack.svc.cluster.local:8776/v3/9808714b46eb416988cbbfc86704e82a/os-quota-sets/6987a81072f74cbeb3acc6e05358f4b5?usage=true returned with HTTP 200 [pid: 7|app: 0|req: 236/475] 10.0.0.12 () {28 vars in 734 bytes} [Wed Apr 15 08:16:44 2026] GET /v3/9808714b46eb416988cbbfc86704e82a/os-quota-sets/6987a81072f74cbeb3acc6e05358f4b5?usage=true => generated 847 bytes in 32 msecs (HTTP/1.1 200) 7 headers in 285 bytes (1 switches on core 0)
2026-04-15 08:16:44.826 8 INFO cinder.api.openstack.wsgi [None req-87f8ab32-20e0-4ff9-bc8f-ef6f181a9039 ac239feb53ef4c57b152d55913722ec0 9808714b46eb416988cbbfc86704e82a - - default default] GET http://cinder-api.openstack.svc.cluster.local:8776/v3/9808714b46eb416988cbbfc86704e82a/os-quota-sets/9808714b46eb416988cbbfc86704e82a?usage=true
2026-04-15 08:16:44.869 8 INFO cinder.api.openstack.wsgi [None req-87f8ab32-20e0-4ff9-bc8f-ef6f181a9039 ac239feb53ef4c57b152d55913722ec0 9808714b46eb416988cbbfc86704e82a - - default default] http://cinder-api.openstack.svc.cluster.local:8776/v3/9808714b46eb416988cbbfc86704e82a/os-quota-sets/9808714b46eb416988cbbfc86704e82a?usage=true returned with HTTP 200 [pid: 8|app: 0|req: 240/476] 10.0.0.12 () {28 vars in 734 bytes} [Wed Apr 15 08:16:44 2026] GET /v3/9808714b46eb416988cbbfc86704e82a/os-quota-sets/9808714b46eb416988cbbfc86704e82a?usage=true => generated 845 bytes in 51 msecs (HTTP/1.1 200) 7 headers in 285 bytes (1 switches on core 0)
2026-04-15 08:16:44.879 7 INFO cinder.api.openstack.wsgi [None req-5e095fa3-5372-4250-90f5-f84a2a553a26 ac239feb53ef4c57b152d55913722ec0 9808714b46eb416988cbbfc86704e82a - - default default] GET http://cinder-api.openstack.svc.cluster.local:8776/v3/9808714b46eb416988cbbfc86704e82a/os-quota-sets/991ba0ad89594523af8953b1e6e4a322?usage=true
2026-04-15 08:16:44.903 7 INFO cinder.api.openstack.wsgi [None req-5e095fa3-5372-4250-90f5-f84a2a553a26 ac239feb53ef4c57b152d55913722ec0 9808714b46eb416988cbbfc86704e82a - - default default] http://cinder-api.openstack.svc.cluster.local:8776/v3/9808714b46eb416988cbbfc86704e82a/os-quota-sets/991ba0ad89594523af8953b1e6e4a322?usage=true returned with HTTP 200 [pid: 7|app: 0|req: 237/477] 10.0.0.12 () {28 vars in 734 bytes} [Wed Apr 15 08:16:44 2026] GET /v3/9808714b46eb416988cbbfc86704e82a/os-quota-sets/991ba0ad89594523af8953b1e6e4a322?usage=true => generated 847 bytes in 30 msecs (HTTP/1.1 200) 7 headers in 285 bytes (1 switches on core 0)
2026-04-15 08:16:44.912 8 INFO cinder.api.openstack.wsgi [None req-9c5b9768-47c3-4bab-9ecf-bb84d2139484 ac239feb53ef4c57b152d55913722ec0 9808714b46eb416988cbbfc86704e82a - - default default] GET http://cinder-api.openstack.svc.cluster.local:8776/v3/9808714b46eb416988cbbfc86704e82a/os-quota-sets/caf8ea2ce52b4e6f9470803ae11cef5e?usage=true
2026-04-15 08:16:44.936 8 INFO cinder.api.openstack.wsgi [None req-9c5b9768-47c3-4bab-9ecf-bb84d2139484 ac239feb53ef4c57b152d55913722ec0 9808714b46eb416988cbbfc86704e82a - - default default] http://cinder-api.openstack.svc.cluster.local:8776/v3/9808714b46eb416988cbbfc86704e82a/os-quota-sets/caf8ea2ce52b4e6f9470803ae11cef5e?usage=true returned with HTTP 200 [pid: 8|app: 0|req: 241/478] 10.0.0.12 () {28 vars in 734 bytes} [Wed Apr 15 08:16:44 2026] GET /v3/9808714b46eb416988cbbfc86704e82a/os-quota-sets/caf8ea2ce52b4e6f9470803ae11cef5e?usage=true => generated 847 bytes in 30 msecs (HTTP/1.1 200) 7 headers in 285 bytes (1 switches on core 0)
2026-04-15 08:16:44.950 7 INFO cinder.api.openstack.wsgi [None req-46a2bf29-6338-49d8-a9d4-10b00dd5bac7 ac239feb53ef4c57b152d55913722ec0 9808714b46eb416988cbbfc86704e82a - - default default] GET http://cinder-api.openstack.svc.cluster.local:8776/v3/9808714b46eb416988cbbfc86704e82a/os-quota-sets/cba4ebc5d1ee4a1fb75c3002d9ab4c5d?usage=true
2026-04-15 08:16:44.974 7 INFO cinder.api.openstack.wsgi [None req-46a2bf29-6338-49d8-a9d4-10b00dd5bac7 ac239feb53ef4c57b152d55913722ec0 9808714b46eb416988cbbfc86704e82a - - default default] http://cinder-api.openstack.svc.cluster.local:8776/v3/9808714b46eb416988cbbfc86704e82a/os-quota-sets/cba4ebc5d1ee4a1fb75c3002d9ab4c5d?usage=true returned with HTTP 200 [pid: 7|app: 0|req: 238/479] 10.0.0.12 () {28 vars in 734 bytes} [Wed Apr 15 08:16:44 2026] GET /v3/9808714b46eb416988cbbfc86704e82a/os-quota-sets/cba4ebc5d1ee4a1fb75c3002d9ab4c5d?usage=true => generated 847 bytes in 32 msecs (HTTP/1.1 200) 7 headers in 285 bytes (1 switches on core 0)
2026-04-15 08:16:44.986 8 INFO cinder.api.openstack.wsgi [None req-a573dc93-cbbd-489b-a417-6d67f39187a6 ac239feb53ef4c57b152d55913722ec0 9808714b46eb416988cbbfc86704e82a - - default default] GET http://cinder-api.openstack.svc.cluster.local:8776/v3/9808714b46eb416988cbbfc86704e82a/os-quota-sets/d8ad6a16dc1f461c889eb251f6934f64?usage=true
2026-04-15 08:16:45.010 8 INFO cinder.api.openstack.wsgi [None req-a573dc93-cbbd-489b-a417-6d67f39187a6 ac239feb53ef4c57b152d55913722ec0 9808714b46eb416988cbbfc86704e82a - - default default] http://cinder-api.openstack.svc.cluster.local:8776/v3/9808714b46eb416988cbbfc86704e82a/os-quota-sets/d8ad6a16dc1f461c889eb251f6934f64?usage=true returned with HTTP 200 [pid: 8|app: 0|req: 242/480] 10.0.0.12 () {28 vars in 734 bytes} [Wed Apr 15 08:16:44 2026] GET /v3/9808714b46eb416988cbbfc86704e82a/os-quota-sets/d8ad6a16dc1f461c889eb251f6934f64?usage=true => generated 847 bytes in 31 msecs (HTTP/1.1 200) 7 headers in 285 bytes (1 switches on core 0)
2026-04-15 08:16:45.022 7 INFO cinder.api.openstack.wsgi [None req-a3c7718a-4039-42dc-9e2d-ad5cb44e86b7 ac239feb53ef4c57b152d55913722ec0 9808714b46eb416988cbbfc86704e82a - - default default] GET http://cinder-api.openstack.svc.cluster.local:8776/v3/9808714b46eb416988cbbfc86704e82a/scheduler-stats/get_pools?detail=true
2026-04-15 08:16:45.526 7 INFO cinder.api.openstack.wsgi [None req-a3c7718a-4039-42dc-9e2d-ad5cb44e86b7 ac239feb53ef4c57b152d55913722ec0 9808714b46eb416988cbbfc86704e82a - - default default] http://cinder-api.openstack.svc.cluster.local:8776/v3/9808714b46eb416988cbbfc86704e82a/scheduler-stats/get_pools?detail=true returned with HTTP 200 [pid: 7|app: 0|req: 239/481] 10.0.0.12 () {28 vars in 694 bytes} [Wed Apr 15 08:16:45 2026] GET /v3/9808714b46eb416988cbbfc86704e82a/scheduler-stats/get_pools?detail=true => generated 670 bytes in 512 msecs (HTTP/1.1 200) 7 headers in 285 bytes (1 switches on core 0)
2026-04-15 08:16:45.536 8 INFO cinder.api.openstack.wsgi [None req-71de95ba-5b06-4e5d-89f8-ac8f99edb2f3 ac239feb53ef4c57b152d55913722ec0 9808714b46eb416988cbbfc86704e82a - - default default] GET http://cinder-api.openstack.svc.cluster.local:8776/v3/9808714b46eb416988cbbfc86704e82a/snapshots?all_tenants=true
2026-04-15 08:16:45.543 8 INFO cinder.volume.api [None req-71de95ba-5b06-4e5d-89f8-ac8f99edb2f3 ac239feb53ef4c57b152d55913722ec0 9808714b46eb416988cbbfc86704e82a - - default default] Get all snapshots completed successfully.
2026-04-15 08:16:45.543 8 INFO cinder.api.openstack.wsgi [None req-71de95ba-5b06-4e5d-89f8-ac8f99edb2f3 ac239feb53ef4c57b152d55913722ec0 9808714b46eb416988cbbfc86704e82a - - default default] http://cinder-api.openstack.svc.cluster.local:8776/v3/9808714b46eb416988cbbfc86704e82a/snapshots?all_tenants=true returned with HTTP 200 [pid: 8|app: 0|req: 243/482] 10.0.0.12 () {28 vars in 672 bytes} [Wed Apr 15 08:16:45 2026] GET /v3/9808714b46eb416988cbbfc86704e82a/snapshots?all_tenants=true => generated 17 bytes in 13 msecs (HTTP/1.1 200) 7 headers in 284 bytes (1 switches on core 0)
2026-04-15 08:16:45.555 7 INFO cinder.api.openstack.wsgi [None req-6113e578-3b34-41b7-b4c3-5b2a28b03ec1 ac239feb53ef4c57b152d55913722ec0 9808714b46eb416988cbbfc86704e82a - - default default] GET http://cinder-api.openstack.svc.cluster.local:8776/v3/9808714b46eb416988cbbfc86704e82a/volumes/detail?all_tenants=true
2026-04-15 08:16:45.566 7 INFO cinder.volume.api [None req-6113e578-3b34-41b7-b4c3-5b2a28b03ec1 ac239feb53ef4c57b152d55913722ec0 9808714b46eb416988cbbfc86704e82a - - default default] Get all volumes completed successfully.
2026-04-15 08:16:45.568 7 INFO cinder.api.openstack.wsgi [None req-6113e578-3b34-41b7-b4c3-5b2a28b03ec1 ac239feb53ef4c57b152d55913722ec0 9808714b46eb416988cbbfc86704e82a - - default default] http://cinder-api.openstack.svc.cluster.local:8776/v3/9808714b46eb416988cbbfc86704e82a/volumes/detail?all_tenants=true returned with HTTP 200 [pid: 7|app: 0|req: 240/483] 10.0.0.12 () {28 vars in 682 bytes} [Wed Apr 15 08:16:45 2026] GET /v3/9808714b46eb416988cbbfc86704e82a/volumes/detail?all_tenants=true => generated 15 bytes in 20 msecs (HTTP/1.1 200) 7 headers in 284 bytes (1 switches on core 0)
2026-04-15 08:16:45.579 8 INFO cinder.api.openstack.wsgi [None req-dd229d16-f841-4556-acbf-1399deaf52a8 ac239feb53ef4c57b152d55913722ec0 9808714b46eb416988cbbfc86704e82a - - default default] GET http://cinder-api.openstack.svc.cluster.local:8776/v3/9808714b46eb416988cbbfc86704e82a/volumes/detail?all_tenants=true
2026-04-15 08:16:45.588 8 INFO cinder.volume.api [None req-dd229d16-f841-4556-acbf-1399deaf52a8 ac239feb53ef4c57b152d55913722ec0 9808714b46eb416988cbbfc86704e82a - - default default] Get all volumes completed successfully.
2026-04-15 08:16:45.591 8 INFO cinder.api.openstack.wsgi [None req-dd229d16-f841-4556-acbf-1399deaf52a8 ac239feb53ef4c57b152d55913722ec0 9808714b46eb416988cbbfc86704e82a - - default default] http://cinder-api.openstack.svc.cluster.local:8776/v3/9808714b46eb416988cbbfc86704e82a/volumes/detail?all_tenants=true returned with HTTP 200 [pid: 8|app: 0|req: 244/484] 10.0.0.12 () {28 vars in 682 bytes} [Wed Apr 15 08:16:45 2026] GET /v3/9808714b46eb416988cbbfc86704e82a/volumes/detail?all_tenants=true => generated 15 bytes in 19 msecs (HTTP/1.1 200) 7 headers in 284 bytes (1 switches on core 0)
2026-04-15 08:16:50.912 7 INFO cinder.api.openstack.wsgi [None req-6113e578-3b34-41b7-b4c3-5b2a28b03ec1 ac239feb53ef4c57b152d55913722ec0 9808714b46eb416988cbbfc86704e82a - - default default] GET http://10.0.0.219:8776/
2026-04-15 08:16:50.913 8 INFO cinder.api.openstack.wsgi [None req-dd229d16-f841-4556-acbf-1399deaf52a8 ac239feb53ef4c57b152d55913722ec0 9808714b46eb416988cbbfc86704e82a - - default default] GET http://10.0.0.219:8776/
2026-04-15 08:16:50.913 7 INFO cinder.api.openstack.wsgi [None req-6113e578-3b34-41b7-b4c3-5b2a28b03ec1 ac239feb53ef4c57b152d55913722ec0 9808714b46eb416988cbbfc86704e82a - - default default] http://10.0.0.219:8776/ returned with HTTP 300
2026-04-15 08:16:50.914 8 INFO cinder.api.openstack.wsgi [None req-dd229d16-f841-4556-acbf-1399deaf52a8 ac239feb53ef4c57b152d55913722ec0 9808714b46eb416988cbbfc86704e82a - - default default] http://10.0.0.219:8776/ returned with HTTP 300
2026-04-15 08:17:00.913 8 INFO cinder.api.openstack.wsgi [None req-dd229d16-f841-4556-acbf-1399deaf52a8 ac239feb53ef4c57b152d55913722ec0 9808714b46eb416988cbbfc86704e82a - - default default] GET http://10.0.0.219:8776/
2026-04-15 08:17:00.913 7 INFO cinder.api.openstack.wsgi [None req-6113e578-3b34-41b7-b4c3-5b2a28b03ec1 ac239feb53ef4c57b152d55913722ec0 9808714b46eb416988cbbfc86704e82a - - default default] GET http://10.0.0.219:8776/
2026-04-15 08:17:00.914 8 INFO cinder.api.openstack.wsgi [None req-dd229d16-f841-4556-acbf-1399deaf52a8 ac239feb53ef4c57b152d55913722ec0 9808714b46eb416988cbbfc86704e82a - - default default] http://10.0.0.219:8776/ returned with HTTP 300
2026-04-15 08:17:00.914 7 INFO cinder.api.openstack.wsgi [None req-6113e578-3b34-41b7-b4c3-5b2a28b03ec1 ac239feb53ef4c57b152d55913722ec0 9808714b46eb416988cbbfc86704e82a - - default default] http://10.0.0.219:8776/ returned with HTTP 300
2026-04-15 08:17:09.275 7 INFO cinder.api.openstack.wsgi [None req-6418ad7b-3b05-4a57-9e34-04b435608cd1 c7778933962542cf8089f45ab6d29545 9dc9dc9671114e42a6c6046242739ef8 - - default default] POST http://cinder-api.openstack.svc.cluster.local:8776/v3/9dc9dc9671114e42a6c6046242739ef8/volumes
2026-04-15 08:17:09.278 7 INFO cinder.api.v3.volumes [None req-6418ad7b-3b05-4a57-9e34-04b435608cd1 c7778933962542cf8089f45ab6d29545 9dc9dc9671114e42a6c6046242739ef8 - - default default] Create volume of 1 GB
2026-04-15 08:17:09.291 7 INFO cinder.volume.api [None req-6418ad7b-3b05-4a57-9e34-04b435608cd1 c7778933962542cf8089f45ab6d29545 9dc9dc9671114e42a6c6046242739ef8 - - default default] Availability Zones retrieved successfully.
2026-04-15 08:17:09.432 7 INFO cinder.volume.api [None req-6418ad7b-3b05-4a57-9e34-04b435608cd1 c7778933962542cf8089f45ab6d29545 9dc9dc9671114e42a6c6046242739ef8 - - default default] Create volume request issued successfully.
2026-04-15 08:17:09.433 7 INFO cinder.api.openstack.wsgi [None req-6418ad7b-3b05-4a57-9e34-04b435608cd1 c7778933962542cf8089f45ab6d29545 9dc9dc9671114e42a6c6046242739ef8 - - default default] http://cinder-api.openstack.svc.cluster.local:8776/v3/9dc9dc9671114e42a6c6046242739ef8/volumes returned with HTTP 202 [pid: 7|app: 0|req: 243/489] 10.0.0.21 () {34 vars in 720 bytes} [Wed Apr 15 08:17:09 2026] POST /v3/9dc9dc9671114e42a6c6046242739ef8/volumes => generated 861 bytes in 298 msecs (HTTP/1.1 202) 7 headers in 291 bytes (1 switches on core 0)
2026-04-15 08:17:09.462 8 INFO cinder.api.openstack.wsgi [None req-aaa5ab88-dcaa-4644-9744-9834a5844946 c7778933962542cf8089f45ab6d29545 9dc9dc9671114e42a6c6046242739ef8 - - default default] GET http://cinder-api.openstack.svc.cluster.local:8776/v3/9dc9dc9671114e42a6c6046242739ef8/volumes/0ea1fef5-5a40-4565-85b7-0161af93855c /var/lib/openstack/lib/python3.12/site-packages/oslo_context/context.py:101: DeprecationWarning: Policy enforcement is depending on the value of is_admin. This key is deprecated. Please update your policy file to use the standard policy values. warnings.warn(
2026-04-15 08:17:09.479 8 INFO cinder.volume.api [None req-aaa5ab88-dcaa-4644-9744-9834a5844946 c7778933962542cf8089f45ab6d29545 9dc9dc9671114e42a6c6046242739ef8 - - default default] Volume info retrieved successfully.
2026-04-15 08:17:09.503 8 INFO cinder.api.openstack.wsgi [None req-aaa5ab88-dcaa-4644-9744-9834a5844946 c7778933962542cf8089f45ab6d29545 9dc9dc9671114e42a6c6046242739ef8 - - default default] http://cinder-api.openstack.svc.cluster.local:8776/v3/9dc9dc9671114e42a6c6046242739ef8/volumes/0ea1fef5-5a40-4565-85b7-0161af93855c returned with HTTP 200 [pid: 8|app: 0|req: 247/490] 10.0.0.21 () {32 vars in 773 bytes} [Wed Apr 15 08:17:09 2026] GET /v3/9dc9dc9671114e42a6c6046242739ef8/volumes/0ea1fef5-5a40-4565-85b7-0161af93855c => generated 929 bytes in 47 msecs (HTTP/1.1 200) 7 headers in 285 bytes (1 switches on core 0) /var/lib/openstack/lib/python3.12/site-packages/pycadf/identifier.py:70: UserWarning: Invalid uuid: cinderv3. To ensure interoperability, identifiers should be a valid uuid. warnings.warn(('Invalid uuid: %s. To ensure interoperability, '
2026-04-15 08:17:10.530 7 INFO cinder.api.openstack.wsgi [None req-e40687cc-4908-4f46-8d79-9742daf7e172 c7778933962542cf8089f45ab6d29545 9dc9dc9671114e42a6c6046242739ef8 - - default default] GET http://cinder-api.openstack.svc.cluster.local:8776/v3/9dc9dc9671114e42a6c6046242739ef8/volumes/0ea1fef5-5a40-4565-85b7-0161af93855c /var/lib/openstack/lib/python3.12/site-packages/oslo_context/context.py:101: DeprecationWarning: Policy enforcement is depending on the value of is_admin. This key is deprecated. Please update your policy file to use the standard policy values. warnings.warn(
2026-04-15 08:17:10.544 7 INFO cinder.volume.api [None req-e40687cc-4908-4f46-8d79-9742daf7e172 c7778933962542cf8089f45ab6d29545 9dc9dc9671114e42a6c6046242739ef8 - - default default] Volume info retrieved successfully.
2026-04-15 08:17:10.556 7 INFO cinder.api.openstack.wsgi [None req-e40687cc-4908-4f46-8d79-9742daf7e172 c7778933962542cf8089f45ab6d29545 9dc9dc9671114e42a6c6046242739ef8 - - default default] http://cinder-api.openstack.svc.cluster.local:8776/v3/9dc9dc9671114e42a6c6046242739ef8/volumes/0ea1fef5-5a40-4565-85b7-0161af93855c returned with HTTP 200 [pid: 7|app: 0|req: 244/491] 10.0.0.21 () {32 vars in 773 bytes} [Wed Apr 15 08:17:10 2026] GET /v3/9dc9dc9671114e42a6c6046242739ef8/volumes/0ea1fef5-5a40-4565-85b7-0161af93855c => generated 954 bytes in 31 msecs (HTTP/1.1 200) 7 headers in 285 bytes (1 switches on core 0)
2026-04-15 08:17:10.913 7 INFO cinder.api.openstack.wsgi [None req-e40687cc-4908-4f46-8d79-9742daf7e172 c7778933962542cf8089f45ab6d29545 9dc9dc9671114e42a6c6046242739ef8 - - default default] GET http://10.0.0.219:8776/
2026-04-15 08:17:10.913 8 INFO cinder.api.openstack.wsgi [None req-aaa5ab88-dcaa-4644-9744-9834a5844946 c7778933962542cf8089f45ab6d29545 9dc9dc9671114e42a6c6046242739ef8 - - default default] GET http://10.0.0.219:8776/
2026-04-15 08:17:10.914 7 INFO cinder.api.openstack.wsgi [None req-e40687cc-4908-4f46-8d79-9742daf7e172 c7778933962542cf8089f45ab6d29545 9dc9dc9671114e42a6c6046242739ef8 - - default default] http://10.0.0.219:8776/ returned with HTTP 300
2026-04-15 08:17:10.914 8 INFO cinder.api.openstack.wsgi [None req-aaa5ab88-dcaa-4644-9744-9834a5844946 c7778933962542cf8089f45ab6d29545 9dc9dc9671114e42a6c6046242739ef8 - - default default] http://10.0.0.219:8776/ returned with HTTP 300
2026-04-15 08:17:20.913 8 INFO cinder.api.openstack.wsgi [None req-aaa5ab88-dcaa-4644-9744-9834a5844946 c7778933962542cf8089f45ab6d29545 9dc9dc9671114e42a6c6046242739ef8 - - default default] GET http://10.0.0.219:8776/
2026-04-15 08:17:20.913 7 INFO cinder.api.openstack.wsgi [None req-e40687cc-4908-4f46-8d79-9742daf7e172 c7778933962542cf8089f45ab6d29545 9dc9dc9671114e42a6c6046242739ef8 - - default default] GET http://10.0.0.219:8776/
2026-04-15 08:17:20.914 8 INFO cinder.api.openstack.wsgi [None req-aaa5ab88-dcaa-4644-9744-9834a5844946 c7778933962542cf8089f45ab6d29545 9dc9dc9671114e42a6c6046242739ef8 - - default default] http://10.0.0.219:8776/ returned with HTTP 300
2026-04-15 08:17:20.914 7 INFO cinder.api.openstack.wsgi [None req-e40687cc-4908-4f46-8d79-9742daf7e172 c7778933962542cf8089f45ab6d29545 9dc9dc9671114e42a6c6046242739ef8 - - default default] http://10.0.0.219:8776/ returned with HTTP 300 /var/lib/openstack/lib/python3.12/site-packages/pycadf/identifier.py:70: UserWarning: Invalid uuid: cinderv3. To ensure interoperability, identifiers should be a valid uuid. warnings.warn(('Invalid uuid: %s. To ensure interoperability, '
2026-04-15 08:17:26.790 8 INFO cinder.api.openstack.wsgi [None req-8468bffa-cd65-4736-b52f-763a5ad38266 c7778933962542cf8089f45ab6d29545 9dc9dc9671114e42a6c6046242739ef8 - - default default] POST http://cinder-api.openstack.svc.cluster.local:8776/v3/9dc9dc9671114e42a6c6046242739ef8/volumes/0ea1fef5-5a40-4565-85b7-0161af93855c/action /var/lib/openstack/lib/python3.12/site-packages/oslo_context/context.py:101: DeprecationWarning: Policy enforcement is depending on the value of is_admin. This key is deprecated. Please update your policy file to use the standard policy values. warnings.warn(
2026-04-15 08:17:26.813 8 INFO cinder.volume.api [None req-8468bffa-cd65-4736-b52f-763a5ad38266 c7778933962542cf8089f45ab6d29545 9dc9dc9671114e42a6c6046242739ef8 - - default default] Volume info retrieved successfully.
2026-04-15 08:17:26.835 8 INFO cinder.volume.api [None req-8468bffa-cd65-4736-b52f-763a5ad38266 c7778933962542cf8089f45ab6d29545 9dc9dc9671114e42a6c6046242739ef8 - - default default] Update volume admin metadata completed successfully.
2026-04-15 08:17:27.342 8 INFO cinder.volume.api [None req-8468bffa-cd65-4736-b52f-763a5ad38266 c7778933962542cf8089f45ab6d29545 9dc9dc9671114e42a6c6046242739ef8 - - default default] Attach volume completed successfully.
2026-04-15 08:17:27.343 8 INFO cinder.api.openstack.wsgi [None req-8468bffa-cd65-4736-b52f-763a5ad38266 c7778933962542cf8089f45ab6d29545 9dc9dc9671114e42a6c6046242739ef8 - - default default] http://cinder-api.openstack.svc.cluster.local:8776/v3/9dc9dc9671114e42a6c6046242739ef8/volumes/0ea1fef5-5a40-4565-85b7-0161af93855c/action returned with HTTP 202 [pid: 8|app: 0|req: 250/496] 10.0.0.21 () {34 vars in 808 bytes} [Wed Apr 15 08:17:26 2026] POST /v3/9dc9dc9671114e42a6c6046242739ef8/volumes/0ea1fef5-5a40-4565-85b7-0161af93855c/action => generated 0 bytes in 560 msecs (HTTP/1.1 202) 7 headers in 289 bytes (1 switches on core 0) /var/lib/openstack/lib/python3.12/site-packages/pycadf/identifier.py:70: UserWarning: Invalid uuid: cinderv3. To ensure interoperability, identifiers should be a valid uuid. warnings.warn(('Invalid uuid: %s. To ensure interoperability, '
2026-04-15 08:17:27.356 7 INFO cinder.api.openstack.wsgi [None req-f09801ec-4204-4ffc-9c13-d7a201b55fd6 c7778933962542cf8089f45ab6d29545 9dc9dc9671114e42a6c6046242739ef8 - - default default] GET http://cinder-api.openstack.svc.cluster.local:8776/v3/9dc9dc9671114e42a6c6046242739ef8/volumes/0ea1fef5-5a40-4565-85b7-0161af93855c /var/lib/openstack/lib/python3.12/site-packages/oslo_context/context.py:101: DeprecationWarning: Policy enforcement is depending on the value of is_admin. This key is deprecated. Please update your policy file to use the standard policy values. warnings.warn(
2026-04-15 08:17:27.385 7 INFO cinder.volume.api [None req-f09801ec-4204-4ffc-9c13-d7a201b55fd6 c7778933962542cf8089f45ab6d29545 9dc9dc9671114e42a6c6046242739ef8 - - default default] Volume info retrieved successfully.
2026-04-15 08:17:27.392 7 INFO cinder.api.openstack.wsgi [None req-f09801ec-4204-4ffc-9c13-d7a201b55fd6 c7778933962542cf8089f45ab6d29545 9dc9dc9671114e42a6c6046242739ef8 - - default default] http://cinder-api.openstack.svc.cluster.local:8776/v3/9dc9dc9671114e42a6c6046242739ef8/volumes/0ea1fef5-5a40-4565-85b7-0161af93855c returned with HTTP 200 [pid: 7|app: 0|req: 247/497] 10.0.0.21 () {32 vars in 773 bytes} [Wed Apr 15 08:17:27 2026] GET /v3/9dc9dc9671114e42a6c6046242739ef8/volumes/0ea1fef5-5a40-4565-85b7-0161af93855c => generated 1288 bytes in 42 msecs (HTTP/1.1 200) 7 headers in 286 bytes (1 switches on core 0) /var/lib/openstack/lib/python3.12/site-packages/pycadf/identifier.py:70: UserWarning: Invalid uuid: cinderv3. To ensure interoperability, identifiers should be a valid uuid. warnings.warn(('Invalid uuid: %s. To ensure interoperability, '
2026-04-15 08:17:27.414 8 INFO cinder.api.openstack.wsgi [None req-78548107-5b5b-4afe-948a-41607ecc1c3e c7778933962542cf8089f45ab6d29545 9dc9dc9671114e42a6c6046242739ef8 - - default default] POST http://cinder-api.openstack.svc.cluster.local:8776/v3/9dc9dc9671114e42a6c6046242739ef8/volumes/0ea1fef5-5a40-4565-85b7-0161af93855c/action /var/lib/openstack/lib/python3.12/site-packages/oslo_context/context.py:101: DeprecationWarning: Policy enforcement is depending on the value of is_admin. This key is deprecated. Please update your policy file to use the standard policy values. warnings.warn(
2026-04-15 08:17:27.434 8 INFO cinder.volume.api [None req-78548107-5b5b-4afe-948a-41607ecc1c3e c7778933962542cf8089f45ab6d29545 9dc9dc9671114e42a6c6046242739ef8 - - default default] Volume info retrieved successfully.
2026-04-15 08:17:27.938 8 INFO cinder.volume.api [None req-78548107-5b5b-4afe-948a-41607ecc1c3e c7778933962542cf8089f45ab6d29545 9dc9dc9671114e42a6c6046242739ef8 - - default default] Detach volume completed successfully.
2026-04-15 08:17:27.939 8 INFO cinder.api.openstack.wsgi [None req-78548107-5b5b-4afe-948a-41607ecc1c3e c7778933962542cf8089f45ab6d29545 9dc9dc9671114e42a6c6046242739ef8 - - default default] http://cinder-api.openstack.svc.cluster.local:8776/v3/9dc9dc9671114e42a6c6046242739ef8/volumes/0ea1fef5-5a40-4565-85b7-0161af93855c/action returned with HTTP 202 [pid: 8|app: 0|req: 251/498] 10.0.0.21 () {34 vars in 808 bytes} [Wed Apr 15 08:17:27 2026] POST /v3/9dc9dc9671114e42a6c6046242739ef8/volumes/0ea1fef5-5a40-4565-85b7-0161af93855c/action => generated 0 bytes in 535 msecs (HTTP/1.1 202) 7 headers in 289 bytes (1 switches on core 0) /var/lib/openstack/lib/python3.12/site-packages/pycadf/identifier.py:70: UserWarning: Invalid uuid: cinderv3. To ensure interoperability, identifiers should be a valid uuid. warnings.warn(('Invalid uuid: %s. To ensure interoperability, '
2026-04-15 08:17:27.954 7 INFO cinder.api.openstack.wsgi [None req-17deb70f-8e97-4603-afab-05d841ca0b55 c7778933962542cf8089f45ab6d29545 9dc9dc9671114e42a6c6046242739ef8 - - default default] GET http://cinder-api.openstack.svc.cluster.local:8776/v3/9dc9dc9671114e42a6c6046242739ef8/volumes/0ea1fef5-5a40-4565-85b7-0161af93855c /var/lib/openstack/lib/python3.12/site-packages/oslo_context/context.py:101: DeprecationWarning: Policy enforcement is depending on the value of is_admin. This key is deprecated. Please update your policy file to use the standard policy values. warnings.warn(
2026-04-15 08:17:27.970 7 INFO cinder.volume.api [None req-17deb70f-8e97-4603-afab-05d841ca0b55 c7778933962542cf8089f45ab6d29545 9dc9dc9671114e42a6c6046242739ef8 - - default default] Volume info retrieved successfully.
2026-04-15 08:17:27.975 7 INFO cinder.api.openstack.wsgi [None req-17deb70f-8e97-4603-afab-05d841ca0b55 c7778933962542cf8089f45ab6d29545 9dc9dc9671114e42a6c6046242739ef8 - - default default] http://cinder-api.openstack.svc.cluster.local:8776/v3/9dc9dc9671114e42a6c6046242739ef8/volumes/0ea1fef5-5a40-4565-85b7-0161af93855c returned with HTTP 200 [pid: 7|app: 0|req: 248/499] 10.0.0.21 () {32 vars in 773 bytes} [Wed Apr 15 08:17:27 2026] GET /v3/9dc9dc9671114e42a6c6046242739ef8/volumes/0ea1fef5-5a40-4565-85b7-0161af93855c => generated 973 bytes in 29 msecs (HTTP/1.1 200) 7 headers in 285 bytes (1 switches on core 0)
2026-04-15 08:17:30.914 7 INFO cinder.api.openstack.wsgi [None req-17deb70f-8e97-4603-afab-05d841ca0b55 c7778933962542cf8089f45ab6d29545 9dc9dc9671114e42a6c6046242739ef8 - - default default] GET http://10.0.0.219:8776/
2026-04-15 08:17:30.914 8 INFO cinder.api.openstack.wsgi [None req-78548107-5b5b-4afe-948a-41607ecc1c3e c7778933962542cf8089f45ab6d29545 9dc9dc9671114e42a6c6046242739ef8 - - default default] GET http://10.0.0.219:8776/
2026-04-15 08:17:30.915 7 INFO cinder.api.openstack.wsgi [None req-17deb70f-8e97-4603-afab-05d841ca0b55 c7778933962542cf8089f45ab6d29545 9dc9dc9671114e42a6c6046242739ef8 - - default default] http://10.0.0.219:8776/ returned with HTTP 300
2026-04-15 08:17:30.916 8 INFO cinder.api.openstack.wsgi [None req-78548107-5b5b-4afe-948a-41607ecc1c3e c7778933962542cf8089f45ab6d29545 9dc9dc9671114e42a6c6046242739ef8 - - default default] http://10.0.0.219:8776/ returned with HTTP 300 /var/lib/openstack/lib/python3.12/site-packages/pycadf/identifier.py:70: UserWarning: Invalid uuid: cinderv3. To ensure interoperability, identifiers should be a valid uuid. warnings.warn(('Invalid uuid: %s. To ensure interoperability, '
2026-04-15 08:17:35.175 7 INFO cinder.api.openstack.wsgi [None req-0ebc96b2-3c73-4b0e-9abd-de05edc9f8c6 c7778933962542cf8089f45ab6d29545 9dc9dc9671114e42a6c6046242739ef8 - - default default] GET http://cinder-api.openstack.svc.cluster.local:8776/v3/9dc9dc9671114e42a6c6046242739ef8/volumes/0ea1fef5-5a40-4565-85b7-0161af93855c /var/lib/openstack/lib/python3.12/site-packages/oslo_context/context.py:101: DeprecationWarning: Policy enforcement is depending on the value of is_admin. This key is deprecated. Please update your policy file to use the standard policy values. warnings.warn(
2026-04-15 08:17:35.196 7 INFO cinder.volume.api [None req-0ebc96b2-3c73-4b0e-9abd-de05edc9f8c6 c7778933962542cf8089f45ab6d29545 9dc9dc9671114e42a6c6046242739ef8 - - default default] Volume info retrieved successfully.
2026-04-15 08:17:35.201 7 INFO cinder.api.openstack.wsgi [None req-0ebc96b2-3c73-4b0e-9abd-de05edc9f8c6 c7778933962542cf8089f45ab6d29545 9dc9dc9671114e42a6c6046242739ef8 - - default default] http://cinder-api.openstack.svc.cluster.local:8776/v3/9dc9dc9671114e42a6c6046242739ef8/volumes/0ea1fef5-5a40-4565-85b7-0161af93855c returned with HTTP 200 [pid: 7|app: 0|req: 250/502] 10.0.0.21 () {32 vars in 773 bytes} [Wed Apr 15 08:17:35 2026] GET /v3/9dc9dc9671114e42a6c6046242739ef8/volumes/0ea1fef5-5a40-4565-85b7-0161af93855c => generated 973 bytes in 33 msecs (HTTP/1.1 200) 7 headers in 285 bytes (1 switches on core 0) /var/lib/openstack/lib/python3.12/site-packages/pycadf/identifier.py:70: UserWarning: Invalid uuid: cinderv3. To ensure interoperability, identifiers should be a valid uuid. warnings.warn(('Invalid uuid: %s. To ensure interoperability, '
2026-04-15 08:17:35.221 8 INFO cinder.api.openstack.wsgi [None req-f07bfc59-9276-4ba5-9027-63195cc6a6d5 c7778933962542cf8089f45ab6d29545 9dc9dc9671114e42a6c6046242739ef8 - - default default] DELETE http://cinder-api.openstack.svc.cluster.local:8776/v3/9dc9dc9671114e42a6c6046242739ef8/volumes/0ea1fef5-5a40-4565-85b7-0161af93855c
2026-04-15 08:17:35.222 8 INFO cinder.api.v3.volumes [None req-f07bfc59-9276-4ba5-9027-63195cc6a6d5 c7778933962542cf8089f45ab6d29545 9dc9dc9671114e42a6c6046242739ef8 - - default default] Delete volume with id: 0ea1fef5-5a40-4565-85b7-0161af93855c /var/lib/openstack/lib/python3.12/site-packages/oslo_context/context.py:101: DeprecationWarning: Policy enforcement is depending on the value of is_admin. This key is deprecated. Please update your policy file to use the standard policy values. warnings.warn(
2026-04-15 08:17:35.234 8 INFO cinder.volume.api [None req-f07bfc59-9276-4ba5-9027-63195cc6a6d5 c7778933962542cf8089f45ab6d29545 9dc9dc9671114e42a6c6046242739ef8 - - default default] Volume info retrieved successfully.
2026-04-15 08:17:35.269 8 INFO cinder.volume.api [None req-f07bfc59-9276-4ba5-9027-63195cc6a6d5 c7778933962542cf8089f45ab6d29545 9dc9dc9671114e42a6c6046242739ef8 - - default default] Delete volume request issued successfully.
2026-04-15 08:17:35.269 8 INFO cinder.api.openstack.wsgi [None req-f07bfc59-9276-4ba5-9027-63195cc6a6d5 c7778933962542cf8089f45ab6d29545 9dc9dc9671114e42a6c6046242739ef8 - - default default] http://cinder-api.openstack.svc.cluster.local:8776/v3/9dc9dc9671114e42a6c6046242739ef8/volumes/0ea1fef5-5a40-4565-85b7-0161af93855c returned with HTTP 202 [pid: 8|app: 0|req: 253/503] 10.0.0.21 () {32 vars in 776 bytes} [Wed Apr 15 08:17:35 2026] DELETE /v3/9dc9dc9671114e42a6c6046242739ef8/volumes/0ea1fef5-5a40-4565-85b7-0161af93855c => generated 0 bytes in 55 msecs (HTTP/1.1 202) 6 headers in 233 bytes (1 switches on core 0) /var/lib/openstack/lib/python3.12/site-packages/pycadf/identifier.py:70: UserWarning: Invalid uuid: cinderv3. To ensure interoperability, identifiers should be a valid uuid. warnings.warn(('Invalid uuid: %s. To ensure interoperability, '
2026-04-15 08:17:35.283 7 INFO cinder.api.openstack.wsgi [None req-537d17f1-1d36-4202-aa00-36cb13ddf68a c7778933962542cf8089f45ab6d29545 9dc9dc9671114e42a6c6046242739ef8 - - default default] GET http://cinder-api.openstack.svc.cluster.local:8776/v3/9dc9dc9671114e42a6c6046242739ef8/volumes/0ea1fef5-5a40-4565-85b7-0161af93855c /var/lib/openstack/lib/python3.12/site-packages/oslo_context/context.py:101: DeprecationWarning: Policy enforcement is depending on the value of is_admin. This key is deprecated. Please update your policy file to use the standard policy values. warnings.warn(
2026-04-15 08:17:35.308 7 INFO cinder.volume.api [None req-537d17f1-1d36-4202-aa00-36cb13ddf68a c7778933962542cf8089f45ab6d29545 9dc9dc9671114e42a6c6046242739ef8 - - default default] Volume info retrieved successfully.
2026-04-15 08:17:35.324 7 INFO cinder.api.openstack.wsgi [None req-537d17f1-1d36-4202-aa00-36cb13ddf68a c7778933962542cf8089f45ab6d29545 9dc9dc9671114e42a6c6046242739ef8 - - default default] http://cinder-api.openstack.svc.cluster.local:8776/v3/9dc9dc9671114e42a6c6046242739ef8/volumes/0ea1fef5-5a40-4565-85b7-0161af93855c returned with HTTP 200 [pid: 7|app: 0|req: 251/504] 10.0.0.21 () {32 vars in 773 bytes} [Wed Apr 15 08:17:35 2026] GET /v3/9dc9dc9671114e42a6c6046242739ef8/volumes/0ea1fef5-5a40-4565-85b7-0161af93855c => generated 972 bytes in 51 msecs (HTTP/1.1 200) 7 headers in 285 bytes (1 switches on core 0) /var/lib/openstack/lib/python3.12/site-packages/pycadf/identifier.py:70: UserWarning: Invalid uuid: cinderv3. To ensure interoperability, identifiers should be a valid uuid. warnings.warn(('Invalid uuid: %s. To ensure interoperability, '
2026-04-15 08:17:36.346 8 INFO cinder.api.openstack.wsgi [None req-0a412fab-1d3e-41ae-a50b-56e98381f1ce c7778933962542cf8089f45ab6d29545 9dc9dc9671114e42a6c6046242739ef8 - - default default] GET http://cinder-api.openstack.svc.cluster.local:8776/v3/9dc9dc9671114e42a6c6046242739ef8/volumes/0ea1fef5-5a40-4565-85b7-0161af93855c
2026-04-15 08:17:36.353 8 INFO cinder.api.openstack.wsgi [None req-0a412fab-1d3e-41ae-a50b-56e98381f1ce c7778933962542cf8089f45ab6d29545 9dc9dc9671114e42a6c6046242739ef8 - - default default] http://cinder-api.openstack.svc.cluster.local:8776/v3/9dc9dc9671114e42a6c6046242739ef8/volumes/0ea1fef5-5a40-4565-85b7-0161af93855c returned with HTTP 404 [pid: 8|app: 0|req: 254/505] 10.0.0.21 () {32 vars in 773 bytes} [Wed Apr 15 08:17:36 2026] GET /v3/9dc9dc9671114e42a6c6046242739ef8/volumes/0ea1fef5-5a40-4565-85b7-0161af93855c => generated 109 bytes in 13 msecs (HTTP/1.1 404) 7 headers in 292 bytes (1 switches on core 0) /var/lib/openstack/lib/python3.12/site-packages/pycadf/identifier.py:70: UserWarning: Invalid uuid: cinderv3. To ensure interoperability, identifiers should be a valid uuid. warnings.warn(('Invalid uuid: %s. To ensure interoperability, '
2026-04-15 08:17:40.788 7 INFO cinder.api.openstack.wsgi [None req-b1719cf8-061a-4ea4-93b7-2849ff342543 4daa8d48b0ae49f492b2c0a13af7ceaa 4d8f34af28c5463189c18955622a5082 - - default default] GET http://cinder-api.openstack.svc.cluster.local:8776/v3/4d8f34af28c5463189c18955622a5082/volumes
2026-04-15 08:17:40.913 8 INFO cinder.api.openstack.wsgi [None req-0a412fab-1d3e-41ae-a50b-56e98381f1ce c7778933962542cf8089f45ab6d29545 9dc9dc9671114e42a6c6046242739ef8 - - default default] GET http://10.0.0.219:8776/
2026-04-15 08:17:40.914 8 INFO cinder.api.openstack.wsgi [None req-0a412fab-1d3e-41ae-a50b-56e98381f1ce c7778933962542cf8089f45ab6d29545 9dc9dc9671114e42a6c6046242739ef8 - - default default] http://10.0.0.219:8776/ returned with HTTP 300
2026-04-15 08:17:40.915 8 INFO cinder.api.openstack.wsgi [None req-0a412fab-1d3e-41ae-a50b-56e98381f1ce c7778933962542cf8089f45ab6d29545 9dc9dc9671114e42a6c6046242739ef8 - - default default] GET http://10.0.0.219:8776/
2026-04-15 08:17:40.915 8 INFO cinder.api.openstack.wsgi [None req-0a412fab-1d3e-41ae-a50b-56e98381f1ce c7778933962542cf8089f45ab6d29545 9dc9dc9671114e42a6c6046242739ef8 - - default default] http://10.0.0.219:8776/ returned with HTTP 300
