2026-03-31 06:22:00.741 8 WARNING neutron.scheduler.dhcp_agent_scheduler [None req-cea66e48-de5c-4072-8149-a36896dce557 72d7e6fa170c44b98c6c8001dd5dab48 7f9dab8d9524464b8e6006501140890d - - default default] No more DHCP agents
2026-03-31 06:22:00.742 8 WARNING neutron.api.rpc.agentnotifiers.dhcp_rpc_agent_api [None req-cea66e48-de5c-4072-8149-a36896dce557 72d7e6fa170c44b98c6c8001dd5dab48 7f9dab8d9524464b8e6006501140890d - - default default] Unable to schedule network 8567812b-d428-4fd1-9c93-a525c13c7e18: no agents available; will retry on subsequent port and subnet creation events.
2026-03-31 06:22:00.839 8 INFO neutron.plugins.ml2.drivers.ovn.mech_driver.mech_driver [None req-ad547a19-53b7-4731-afdf-82fabfdbf946 - - - - - -] OVN reports status down for port: 88e588f3-7967-4fe3-8d93-50c8fed4f412
2026-03-31 06:22:00.846 7 INFO neutron.db.ovn_revision_numbers_db [None req-a45d3ddf-cce6-48ad-8b09-f0b4c15804fc - - - - - -] Successfully bumped revision number for resource 06c5932f-213b-4c56-9f3d-d65fd2fd8248 (type: ports) to 2
2026-03-31 06:22:00.877 7 INFO neutron.db.ovn_revision_numbers_db [None req-a45d3ddf-cce6-48ad-8b09-f0b4c15804fc - - - - - -] Successfully bumped revision number for resource 4c655a24-c59a-4921-829a-2ca6ebf02b5a (type: subnets) to 0 [pid: 7|app: 0|req: 919/1707] 10.0.0.135 () {34 vars in 669 bytes} [Tue Mar 31 06:22:00 2026] POST /v2.0/subnets => generated 629 bytes in 779 msecs (HTTP/1.1 201) 4 headers in 162 bytes (1 switches on core 0)
2026-03-31 06:22:00.899 8 INFO neutron.db.ovn_revision_numbers_db [None req-cea66e48-de5c-4072-8149-a36896dce557 72d7e6fa170c44b98c6c8001dd5dab48 7f9dab8d9524464b8e6006501140890d - - default default] Successfully bumped revision number for resource 88e588f3-7967-4fe3-8d93-50c8fed4f412 (type: ports) to 1 [pid: 7|app: 0|req: 920/1708] 10.0.0.224 () {34 vars in 1040 bytes} [Tue Mar 31 06:22:00 2026] GET /v2.0/security-groups?id=40107187-f303-408c-b543-04ba2012d2ce&fields=id&fields=name => generated 113 bytes in 28 msecs (HTTP/1.1 200) 4 headers in 157 bytes (1 switches on core 0) [pid: 8|app: 0|req: 789/1709] 10.0.0.135 () {34 vars in 670 bytes} [Tue Mar 31 06:22:00 2026] POST /v2.0/networks => generated 670 bytes in 577 msecs (HTTP/1.1 201) 4 headers in 162 bytes (1 switches on core 0)
2026-03-31 06:22:01.016 7 INFO neutron.db.segments_db [None req-63faf5a6-1c03-4506-92f8-cd05dce79b1c 32c6a80bab29451c96ccf79654b737d6 c2e55e6740d8480e9db78060ac6bb5bc - - default default] Added segment f0b0009e-f19e-4db6-9fcc-4a517020fcb1 of type geneve for network be3e99dc-9e46-4e1a-8cb8-beb8c703e996
2026-03-31 06:22:01.158 7 INFO neutron.db.ovn_revision_numbers_db [None req-63faf5a6-1c03-4506-92f8-cd05dce79b1c 32c6a80bab29451c96ccf79654b737d6 c2e55e6740d8480e9db78060ac6bb5bc - - default default] Successfully bumped revision number for resource be3e99dc-9e46-4e1a-8cb8-beb8c703e996 (type: networks) to 1
2026-03-31 06:22:01.158 8 WARNING neutron.scheduler.dhcp_agent_scheduler [None req-e868c604-a20f-497f-ad59-cae65f3cc4e3 72d7e6fa170c44b98c6c8001dd5dab48 7f9dab8d9524464b8e6006501140890d - - default default] No more DHCP agents
2026-03-31 06:22:01.159 8 WARNING neutron.api.rpc.agentnotifiers.dhcp_rpc_agent_api [None req-e868c604-a20f-497f-ad59-cae65f3cc4e3 72d7e6fa170c44b98c6c8001dd5dab48 7f9dab8d9524464b8e6006501140890d - - default default] Unable to schedule network 8567812b-d428-4fd1-9c93-a525c13c7e18: no agents available; will retry on subsequent port and subnet creation events.
2026-03-31 06:22:01.309 7 WARNING neutron.scheduler.dhcp_agent_scheduler [None req-63faf5a6-1c03-4506-92f8-cd05dce79b1c 32c6a80bab29451c96ccf79654b737d6 c2e55e6740d8480e9db78060ac6bb5bc - - default default] No more DHCP agents
2026-03-31 06:22:01.311 7 WARNING neutron.api.rpc.agentnotifiers.dhcp_rpc_agent_api [None req-63faf5a6-1c03-4506-92f8-cd05dce79b1c 32c6a80bab29451c96ccf79654b737d6 c2e55e6740d8480e9db78060ac6bb5bc - - default default] Unable to schedule network be3e99dc-9e46-4e1a-8cb8-beb8c703e996: no agents available; will retry on subsequent port and subnet creation events.
2026-03-31 06:22:01.441 7 INFO neutron.db.ovn_revision_numbers_db [None req-63faf5a6-1c03-4506-92f8-cd05dce79b1c 32c6a80bab29451c96ccf79654b737d6 c2e55e6740d8480e9db78060ac6bb5bc - - default default] Successfully bumped revision number for resource bc91a327-56ad-4602-836b-f8039d5832cb (type: ports) to 1
2026-03-31 06:22:01.447 8 INFO neutron.plugins.ml2.drivers.ovn.mech_driver.mech_driver [None req-ad547a19-53b7-4731-afdf-82fabfdbf946 - - - - - -] OVN reports status down for port: bc91a327-56ad-4602-836b-f8039d5832cb [pid: 7|app: 0|req: 921/1710] 10.0.0.135 () {34 vars in 670 bytes} [Tue Mar 31 06:22:00 2026] POST /v2.0/networks => generated 670 bytes in 540 msecs (HTTP/1.1 201) 4 headers in 162 bytes (1 switches on core 0) [pid: 7|app: 0|req: 922/1711] 10.0.0.224 () {34 vars in 990 bytes} [Tue Mar 31 06:22:01 2026] GET /v2.0/ports?device_id=e0cbc5bb-18c9-4fe9-b252-c4604acf74ce => generated 975 bytes in 82 msecs (HTTP/1.1 200) 4 headers in 157 bytes (1 switches on core 0)
2026-03-31 06:22:01.735 8 INFO neutron.db.ovn_revision_numbers_db [None req-9dd71585-f58d-4c01-853f-a5ff105b3138 - - - - - -] Successfully bumped revision number for resource 88e588f3-7967-4fe3-8d93-50c8fed4f412 (type: ports) to 2
2026-03-31 06:22:01.766 8 INFO neutron.db.ovn_revision_numbers_db [None req-9dd71585-f58d-4c01-853f-a5ff105b3138 - - - - - -] Successfully bumped revision number for resource 654d789f-2723-45b3-9cc9-5ca93ae4289a (type: subnets) to 0
2026-03-31 06:22:01.778 7 WARNING neutron.scheduler.dhcp_agent_scheduler [None req-0a656a52-3126-4fcd-852e-e87644e6ff15 32c6a80bab29451c96ccf79654b737d6 c2e55e6740d8480e9db78060ac6bb5bc - - default default] No more DHCP agents
2026-03-31 06:22:01.780 7 WARNING neutron.api.rpc.agentnotifiers.dhcp_rpc_agent_api [None req-0a656a52-3126-4fcd-852e-e87644e6ff15 32c6a80bab29451c96ccf79654b737d6 c2e55e6740d8480e9db78060ac6bb5bc - - default default] Unable to schedule network be3e99dc-9e46-4e1a-8cb8-beb8c703e996: no agents available; will retry on subsequent port and subnet creation events. [pid: 8|app: 0|req: 790/1712] 10.0.0.135 () {34 vars in 669 bytes} [Tue Mar 31 06:22:00 2026] POST /v2.0/subnets => generated 626 bytes in 821 msecs (HTTP/1.1 201) 4 headers in 162 bytes (1 switches on core 0) [pid: 8|app: 0|req: 791/1713] 10.0.0.224 () {34 vars in 1040 bytes} [Tue Mar 31 06:22:01 2026] GET /v2.0/security-groups?id=40107187-f303-408c-b543-04ba2012d2ce&fields=id&fields=name => generated 113 bytes in 24 msecs (HTTP/1.1 200) 4 headers in 157 bytes (1 switches on core 0)
2026-03-31 06:22:02.055 8 WARNING neutron.scheduler.dhcp_agent_scheduler [None req-1c2307a5-db65-4899-be27-cf90ab6ee02f 72d7e6fa170c44b98c6c8001dd5dab48 7f9dab8d9524464b8e6006501140890d - - default default] No more DHCP agents
2026-03-31 06:22:02.056 8 WARNING neutron.api.rpc.agentnotifiers.dhcp_rpc_agent_api [None req-1c2307a5-db65-4899-be27-cf90ab6ee02f 72d7e6fa170c44b98c6c8001dd5dab48 7f9dab8d9524464b8e6006501140890d - - default default] Unable to schedule network 8567812b-d428-4fd1-9c93-a525c13c7e18: no agents available; will retry on subsequent port and subnet creation events.
2026-03-31 06:22:02.195 8 INFO neutron.plugins.ml2.drivers.ovn.mech_driver.mech_driver [None req-ad547a19-53b7-4731-afdf-82fabfdbf946 - - - - - -] OVN reports status down for port: ee682c31-9fa3-41ee-aafe-5ac63e2d117e
2026-03-31 06:22:02.276 8 INFO neutron.db.ovn_revision_numbers_db [None req-1c2307a5-db65-4899-be27-cf90ab6ee02f 72d7e6fa170c44b98c6c8001dd5dab48 7f9dab8d9524464b8e6006501140890d - - default default] Successfully bumped revision number for resource ee682c31-9fa3-41ee-aafe-5ac63e2d117e (type: ports) to 1
2026-03-31 06:22:02.308 7 INFO neutron.db.ovn_revision_numbers_db [None req-eb06b293-80bd-4c14-ab31-fe4ca73a38f5 - - - - - -] Successfully bumped revision number for resource bc91a327-56ad-4602-836b-f8039d5832cb (type: ports) to 2
2026-03-31 06:22:02.338 7 INFO neutron.db.ovn_revision_numbers_db [None req-eb06b293-80bd-4c14-ab31-fe4ca73a38f5 - - - - - -] Successfully bumped revision number for resource 40fcca22-0535-411e-956d-0086210a8abb (type: subnets) to 0 [pid: 8|app: 0|req: 792/1714] 10.0.0.135 () {34 vars in 665 bytes} [Tue Mar 31 06:22:01 2026] POST /v2.0/ports => generated 912 bytes in 540 msecs (HTTP/1.1 201) 4 headers in 162 bytes (1 switches on core 0) [pid: 7|app: 0|req: 923/1715] 10.0.0.135 () {34 vars in 669 bytes} [Tue Mar 31 06:22:01 2026] POST /v2.0/subnets => generated 629 bytes in 810 msecs (HTTP/1.1 201) 4 headers in 162 bytes (1 switches on core 0) [pid: 8|app: 0|req: 793/1716] 10.0.0.135 () {32 vars in 736 bytes} [Tue Mar 31 06:22:02 2026] GET /v2.0/ports?device_id=e0cbc5bb-18c9-4fe9-b252-c4604acf74ce => generated 1213 bytes in 42 msecs (HTTP/1.1 200) 4 headers in 158 bytes (1 switches on core 0)
2026-03-31 06:22:02.473 8 INFO neutron.db.segments_db [None req-367a0a4c-ec97-4ef4-90a2-f4986cc36516 32c6a80bab29451c96ccf79654b737d6 c2e55e6740d8480e9db78060ac6bb5bc - - default default] Added segment 29aa49db-0f2f-482d-845c-4152492d754d of type geneve for network 55f98a66-4efb-4d54-8753-def8cb441a42
2026-03-31 06:22:02.502 7 INFO neutron_taas.services.taas.taas_plugin [None req-d59fca42-a0c2-473e-84cb-809f52f1c593 72d7e6fa170c44b98c6c8001dd5dab48 7f9dab8d9524464b8e6006501140890d - - default default] TaaS: Handle Delete Port: ee682c31-9fa3-41ee-aafe-5ac63e2d117e
2026-03-31 06:22:02.506 7 INFO neutron_taas.services.taas.tap_mirror_plugin [None req-d59fca42-a0c2-473e-84cb-809f52f1c593 72d7e6fa170c44b98c6c8001dd5dab48 7f9dab8d9524464b8e6006501140890d - - default default] Tap Mirror: Handle Delete Port: ee682c31-9fa3-41ee-aafe-5ac63e2d117e
2026-03-31 06:22:02.577 8 INFO neutron.db.ovn_revision_numbers_db [None req-367a0a4c-ec97-4ef4-90a2-f4986cc36516 32c6a80bab29451c96ccf79654b737d6 c2e55e6740d8480e9db78060ac6bb5bc - - default default] Successfully bumped revision number for resource 55f98a66-4efb-4d54-8753-def8cb441a42 (type: networks) to 1 [pid: 7|app: 0|req: 924/1717] 10.0.0.135 () {32 vars in 720 bytes} [Tue Mar 31 06:22:02 2026] DELETE /v2.0/ports/ee682c31-9fa3-41ee-aafe-5ac63e2d117e => generated 0 bytes in 351 msecs (HTTP/1.1 204) 3 headers in 131 bytes (1 switches on core 0)
2026-03-31 06:22:02.777 8 WARNING neutron.scheduler.dhcp_agent_scheduler [None req-367a0a4c-ec97-4ef4-90a2-f4986cc36516 32c6a80bab29451c96ccf79654b737d6 c2e55e6740d8480e9db78060ac6bb5bc - - default default] No more DHCP agents
2026-03-31 06:22:02.778 8 WARNING neutron.api.rpc.agentnotifiers.dhcp_rpc_agent_api [None req-367a0a4c-ec97-4ef4-90a2-f4986cc36516 32c6a80bab29451c96ccf79654b737d6 c2e55e6740d8480e9db78060ac6bb5bc - - default default] Unable to schedule network 55f98a66-4efb-4d54-8753-def8cb441a42: no agents available; will retry on subsequent port and subnet creation events.
2026-03-31 06:22:02.845 8 INFO neutron.plugins.ml2.drivers.ovn.mech_driver.mech_driver [None req-ad547a19-53b7-4731-afdf-82fabfdbf946 - - - - - -] OVN reports status down for port: 42754c49-8c64-43c1-9ba9-408bcc29297d
2026-03-31 06:22:02.893 8 INFO neutron.db.ovn_revision_numbers_db [None req-367a0a4c-ec97-4ef4-90a2-f4986cc36516 32c6a80bab29451c96ccf79654b737d6 c2e55e6740d8480e9db78060ac6bb5bc - - default default] Successfully bumped revision number for resource 42754c49-8c64-43c1-9ba9-408bcc29297d (type: ports) to 1 [pid: 8|app: 0|req: 794/1718] 10.0.0.135 () {34 vars in 670 bytes} [Tue Mar 31 06:22:02 2026] POST /v2.0/networks => generated 669 bytes in 531 msecs (HTTP/1.1 201) 4 headers in 162 bytes (1 switches on core 0)
2026-03-31 06:22:02.935 8 INFO neutron.pecan_wsgi.hooks.translation [None req-613547ad-8da6-4d1e-a1b4-a692a4bace0b 72d7e6fa170c44b98c6c8001dd5dab48 7f9dab8d9524464b8e6006501140890d - - default default] GET failed (client error): The resource could not be found. [pid: 8|app: 0|req: 795/1719] 10.0.0.135 () {32 vars in 717 bytes} [Tue Mar 31 06:22:02 2026] GET /v2.0/ports/ee682c31-9fa3-41ee-aafe-5ac63e2d117e => generated 132 bytes in 16 msecs (HTTP/1.1 404) 4 headers in 164 bytes (1 switches on core 0)
2026-03-31 06:22:02.946 7 WARNING neutron.scheduler.dhcp_agent_scheduler [None req-26f7b039-443b-469b-89b9-36e357f4e076 6014a3ef942a4f779181f7f32e4cc205 eb9d326ffed443df8dffd7e83fba917a - - default default] No more DHCP agents
2026-03-31 06:22:02.947 7 WARNING neutron.api.rpc.agentnotifiers.dhcp_rpc_agent_api [None req-26f7b039-443b-469b-89b9-36e357f4e076 6014a3ef942a4f779181f7f32e4cc205 eb9d326ffed443df8dffd7e83fba917a - - default default] Unable to schedule network 4ef9fcbd-47d4-4f5d-98f4-c7fec7faef5c: no agents available; will retry on subsequent port and subnet creation events.
2026-03-31 06:22:03.144 8 WARNING neutron.scheduler.dhcp_agent_scheduler [None req-5850e30d-7b80-4d0c-bb69-ab9d33b974dd 32c6a80bab29451c96ccf79654b737d6 c2e55e6740d8480e9db78060ac6bb5bc - - default default] No more DHCP agents
2026-03-31 06:22:03.147 8 WARNING neutron.api.rpc.agentnotifiers.dhcp_rpc_agent_api [None req-5850e30d-7b80-4d0c-bb69-ab9d33b974dd 32c6a80bab29451c96ccf79654b737d6 c2e55e6740d8480e9db78060ac6bb5bc - - default default] Unable to schedule network 55f98a66-4efb-4d54-8753-def8cb441a42: no agents available; will retry on subsequent port and subnet creation events.
2026-03-31 06:22:03.614 8 INFO neutron.db.ovn_revision_numbers_db [None req-801d0c93-8eca-403e-a0b9-0c898adaad89 - - - - - -] Successfully bumped revision number for resource 42754c49-8c64-43c1-9ba9-408bcc29297d (type: ports) to 2
2026-03-31 06:22:03.714 8 INFO neutron.db.ovn_revision_numbers_db [None req-801d0c93-8eca-403e-a0b9-0c898adaad89 - - - - - -] Successfully bumped revision number for resource 0c915c36-2daa-4bae-845c-1f6371d9fe6c (type: subnets) to 0 [pid: 8|app: 0|req: 796/1720] 10.0.0.135 () {34 vars in 669 bytes} [Tue Mar 31 06:22:02 2026] POST /v2.0/subnets => generated 629 bytes in 797 msecs (HTTP/1.1 201) 4 headers in 162 bytes (1 switches on core 0) /var/lib/openstack/lib/python3.12/site-packages/pycadf/identifier.py:70: UserWarning: Invalid uuid: neutron. To ensure interoperability, identifiers should be a valid uuid. warnings.warn(('Invalid uuid: %s. To ensure interoperability, '
2026-03-31 06:22:03.837 7 INFO neutron.db.ovn_revision_numbers_db [None req-26f7b039-443b-469b-89b9-36e357f4e076 6014a3ef942a4f779181f7f32e4cc205 eb9d326ffed443df8dffd7e83fba917a - - default default] Successfully bumped revision number for resource 0af2a218-b95b-45db-a2f9-d96cdc0493ee (type: floatingips) to 1
2026-03-31 06:22:03.838 7 INFO neutron.db.l3_db [None req-26f7b039-443b-469b-89b9-36e357f4e076 6014a3ef942a4f779181f7f32e4cc205 eb9d326ffed443df8dffd7e83fba917a - - default default] Floating IP 0af2a218-b95b-45db-a2f9-d96cdc0493ee associated. External IP: 10.96.250.202, port: 14587d7d-0307-4383-8808-810a9d072978. [pid: 7|app: 0|req: 925/1721] 10.0.0.135 () {34 vars in 677 bytes} [Tue Mar 31 06:22:02 2026] POST /v2.0/floatingips => generated 856 bytes in 1177 msecs (HTTP/1.1 201) 4 headers in 162 bytes (1 switches on core 0) [pid: 8|app: 0|req: 797/1722] 10.0.0.135 () {32 vars in 724 bytes} [Tue Mar 31 06:22:03 2026] DELETE /v2.0/subnets/654d789f-2723-45b3-9cc9-5ca93ae4289a => generated 0 bytes in 182 msecs (HTTP/1.1 204) 3 headers in 131 bytes (1 switches on core 0)
2026-03-31 06:22:03.941 7 INFO neutron.notifiers.nova [-] Nova event matching ['req-b556d5f3-135a-4b8b-bcdf-f354cfdadf03'] response: {'name': 'network-changed', 'server_uuid': 'e0cbc5bb-18c9-4fe9-b252-c4604acf74ce', 'tag': '14587d7d-0307-4383-8808-810a9d072978', 'status': 'completed', 'code': 200} [pid: 8|app: 0|req: 798/1723] 10.0.0.135 () {32 vars in 729 bytes} [Tue Mar 31 06:22:03 2026] GET /v2.0/floatingips/0af2a218-b95b-45db-a2f9-d96cdc0493ee => generated 858 bytes in 44 msecs (HTTP/1.1 200) 4 headers in 157 bytes (1 switches on core 0) [pid: 7|app: 0|req: 926/1724] 10.0.0.135 () {34 vars in 751 bytes} [Tue Mar 31 06:22:03 2026] PUT /v2.0/subnets/4f50b2c8-e7a9-4613-8927-582958d28bfe/tags => generated 17 bytes in 83 msecs (HTTP/1.1 200) 4 headers in 156 bytes (1 switches on core 0) [pid: 7|app: 0|req: 927/1725] 10.0.0.135 () {34 vars in 751 bytes} [Tue Mar 31 06:22:03 2026] PUT /v2.0/subnets/5bcdf08f-bdcd-4d91-9a13-075ebdd8003a/tags => generated 25 bytes in 53 msecs (HTTP/1.1 200) 4 headers in 156 bytes (1 switches on core 0)
2026-03-31 06:22:04.070 8 INFO neutron_taas.services.taas.taas_plugin [None req-4780035c-956e-404d-a2cd-dd2600afb1c5 72d7e6fa170c44b98c6c8001dd5dab48 7f9dab8d9524464b8e6006501140890d - - default default] TaaS: Handle Delete Port: 88e588f3-7967-4fe3-8d93-50c8fed4f412
2026-03-31 06:22:04.073 8 INFO neutron_taas.services.taas.tap_mirror_plugin [None req-4780035c-956e-404d-a2cd-dd2600afb1c5 72d7e6fa170c44b98c6c8001dd5dab48 7f9dab8d9524464b8e6006501140890d - - default default] Tap Mirror: Handle Delete Port: 88e588f3-7967-4fe3-8d93-50c8fed4f412 [pid: 7|app: 0|req: 928/1726] 10.0.0.135 () {34 vars in 751 bytes} [Tue Mar 31 06:22:04 2026] PUT /v2.0/subnets/4c655a24-c59a-4921-829a-2ca6ebf02b5a/tags => generated 34 bytes in 49 msecs (HTTP/1.1 200) 4 headers in 156 bytes (1 switches on core 0) [pid: 7|app: 0|req: 929/1727] 10.0.0.135 () {34 vars in 751 bytes} [Tue Mar 31 06:22:04 2026] PUT /v2.0/subnets/40fcca22-0535-411e-956d-0086210a8abb/tags => generated 19 bytes in 59 msecs (HTTP/1.1 200) 4 headers in 156 bytes (1 switches on core 0) [pid: 7|app: 0|req: 930/1728] 10.0.0.135 () {32 vars in 664 bytes} [Tue Mar 31 06:22:04 2026] GET /v2.0/subnets?tags=red => generated 1904 bytes in 81 msecs (HTTP/1.1 200) 4 headers in 158 bytes (1 switches on core 0)
2026-03-31 06:22:04.254 8 INFO neutron.services.segments.plugin [-] Segment 698950ee-ed2b-4c3b-858d-3e2596824209 resource provider aggregate not found
2026-03-31 06:22:04.256 8 INFO neutron.services.segments.plugin [-] Segment 698950ee-ed2b-4c3b-858d-3e2596824209 resource provider aggregate not found
2026-03-31 06:22:04.269 8 INFO neutron.services.segments.plugin [-] Segment 698950ee-ed2b-4c3b-858d-3e2596824209 resource provider not found; error: Placement Client Error (4xx): {"errors": [{"status": 404, "title": "Not Found", "detail": "The resource could not be found.\n\n No resource provider with uuid 698950ee-ed2b-4c3b-858d-3e2596824209 found for delete ", "request_id": "req-4fa00761-2ae1-4488-8076-c2d4f0152cd8"}]}
2026-03-31 06:22:04.269 8 INFO neutron.services.segments.plugin [-] Segment 698950ee-ed2b-4c3b-858d-3e2596824209 resource provider not found; error: Placement Client Error (4xx): {"errors": [{"status": 404, "title": "Not Found", "detail": "The resource could not be found.\n\n No resource provider with uuid 698950ee-ed2b-4c3b-858d-3e2596824209 found for delete ", "request_id": "req-78e60d61-8952-4a83-b798-410a7966378f"}]} [pid: 7|app: 0|req: 931/1729] 10.0.0.135 () {32 vars in 678 bytes} [Tue Mar 31 06:22:04 2026] GET /v2.0/subnets?tags=red%2Cblue => generated 1283 bytes in 72 msecs (HTTP/1.1 200) 4 headers in 158 bytes (1 switches on core 0) [pid: 8|app: 0|req: 799/1730] 10.0.0.135 () {32 vars in 726 bytes} [Tue Mar 31 06:22:03 2026] DELETE /v2.0/networks/8567812b-d428-4fd1-9c93-a525c13c7e18 => generated 0 bytes in 350 msecs (HTTP/1.1 204) 3 headers in 131 bytes (1 switches on core 0) [pid: 7|app: 0|req: 932/1731] 10.0.0.135 () {32 vars in 674 bytes} [Tue Mar 31 06:22:04 2026] GET /v2.0/subnets?tags-any=blue => generated 1283 bytes in 51 msecs (HTTP/1.1 200) 4 headers in 158 bytes (1 switches on core 0) [pid: 7|app: 0|req: 933/1732] 10.0.0.135 () {32 vars in 686 bytes} [Tue Mar 31 06:22:04 2026] GET /v2.0/subnets?tags-any=red%2Cblue => generated 1904 bytes in 31 msecs (HTTP/1.1 200) 4 headers in 158 bytes (1 switches on core 0) [pid: 7|app: 0|req: 934/1733] 10.0.0.135 () {32 vars in 672 bytes} [Tue Mar 31 06:22:04 2026] GET /v2.0/subnets?not-tags=red => generated 1894 bytes in 46 msecs (HTTP/1.1 200) 4 headers in 158 bytes (1 switches on core 0) [pid: 7|app: 0|req: 935/1734] 199.19.213.234 () {34 vars in 1080 bytes} [Tue Mar 31 06:22:04 2026] GET /v2.0/ports?tenant_id=eb9d326ffed443df8dffd7e83fba917a&device_id=e0cbc5bb-18c9-4fe9-b252-c4604acf74ce => generated 1213 bytes in 34 msecs (HTTP/1.1 200) 4 headers in 158 bytes (1 switches on core 0)
2026-03-31 06:22:04.503 8 WARNING neutron.scheduler.dhcp_agent_scheduler [None req-797cf6a7-c7fb-4b8e-9b1a-2bb32fc47c39 72d7e6fa170c44b98c6c8001dd5dab48 7f9dab8d9524464b8e6006501140890d - - default default] No more DHCP agents
2026-03-31 06:22:04.505 8 WARNING neutron.api.rpc.agentnotifiers.dhcp_rpc_agent_api [None req-797cf6a7-c7fb-4b8e-9b1a-2bb32fc47c39 72d7e6fa170c44b98c6c8001dd5dab48 7f9dab8d9524464b8e6006501140890d - - default default] Unable to schedule network cdbbe318-666d-49a3-b82c-009967899a59: no agents available; will retry on subsequent port and subnet creation events. [pid: 7|app: 0|req: 936/1735] 10.0.0.135 () {32 vars in 686 bytes} [Tue Mar 31 06:22:04 2026] GET /v2.0/subnets?not-tags=red%2Cblue => generated 2515 bytes in 39 msecs (HTTP/1.1 200) 4 headers in 158 bytes (1 switches on core 0)
2026-03-31 06:22:04.577 8 INFO neutron.plugins.ml2.drivers.ovn.mech_driver.mech_driver [None req-ad547a19-53b7-4731-afdf-82fabfdbf946 - - - - - -] OVN reports status down for port: a67cb4a4-c4cc-4de9-8daf-0d75d14f65f3 [pid: 7|app: 0|req: 937/1736] 199.19.213.234 () {34 vars in 986 bytes} [Tue Mar 31 06:22:04 2026] GET /v2.0/networks?id=3a5a95bf-3f2a-4cb7-8a96-17f99328658a => generated 797 bytes in 109 msecs (HTTP/1.1 200) 4 headers in 157 bytes (1 switches on core 0)
2026-03-31 06:22:04.668 8 INFO neutron.db.ovn_revision_numbers_db [None req-797cf6a7-c7fb-4b8e-9b1a-2bb32fc47c39 72d7e6fa170c44b98c6c8001dd5dab48 7f9dab8d9524464b8e6006501140890d - - default default] Successfully bumped revision number for resource a67cb4a4-c4cc-4de9-8daf-0d75d14f65f3 (type: ports) to 1 [pid: 7|app: 0|req: 938/1737] 10.0.0.135 () {32 vars in 682 bytes} [Tue Mar 31 06:22:04 2026] GET /v2.0/subnets?not-tags-any=blue => generated 2515 bytes in 57 msecs (HTTP/1.1 200) 4 headers in 158 bytes (1 switches on core 0) [pid: 7|app: 0|req: 939/1738] 199.19.213.234 () {34 vars in 1060 bytes} [Tue Mar 31 06:22:04 2026] GET /v2.0/floatingips?fixed_ip_address=10.100.0.11&port_id=14587d7d-0307-4383-8808-810a9d072978 => generated 861 bytes in 34 msecs (HTTP/1.1 200) 4 headers in 157 bytes (1 switches on core 0) [pid: 8|app: 0|req: 800/1739] 10.0.0.135 () {34 vars in 665 bytes} [Tue Mar 31 06:22:04 2026] POST /v2.0/ports => generated 775 bytes in 429 msecs (HTTP/1.1 201) 4 headers in 162 bytes (1 switches on core 0) /var/lib/openstack/lib/python3.12/site-packages/pycadf/identifier.py:70: UserWarning: Invalid uuid: neutron. To ensure interoperability, identifiers should be a valid uuid. warnings.warn(('Invalid uuid: %s. To ensure interoperability, ' [pid: 7|app: 0|req: 940/1740] 10.0.0.135 () {32 vars in 694 bytes} [Tue Mar 31 06:22:04 2026] GET /v2.0/subnets?not-tags-any=red%2Cblue => generated 1894 bytes in 39 msecs (HTTP/1.1 200) 4 headers in 158 bytes (1 switches on core 0) [pid: 8|app: 0|req: 801/1741] 199.19.213.234 () {34 vars in 984 bytes} [Tue Mar 31 06:22:04 2026] GET /v2.0/subnets?id=0b1ac4cb-22cd-4be4-aefd-4d86780f477a => generated 678 bytes in 26 msecs (HTTP/1.1 200) 4 headers in 157 bytes (1 switches on core 0) [pid: 8|app: 0|req: 802/1742] 10.0.0.135 () {32 vars in 724 bytes} [Tue Mar 31 06:22:04 2026] DELETE /v2.0/subnets/4f50b2c8-e7a9-4613-8927-582958d28bfe => generated 0 bytes in 213 msecs (HTTP/1.1 204) 3 headers in 131 bytes (1 switches on core 0) [pid: 8|app: 0|req: 803/1743] 199.19.213.234 () {34 vars in 1052 bytes} [Tue Mar 31 06:22:04 2026] GET /v2.0/ports?network_id=3a5a95bf-3f2a-4cb7-8a96-17f99328658a&device_owner=network%3Adhcp => generated 12 bytes in 22 msecs (HTTP/1.1 200) 4 headers in 156 bytes (1 switches on core 0)
2026-03-31 06:22:05.059 8 INFO neutron.plugins.ml2.drivers.ovn.mech_driver.mech_driver [None req-ad547a19-53b7-4731-afdf-82fabfdbf946 - - - - - -] OVN reports status down for port: a67cb4a4-c4cc-4de9-8daf-0d75d14f65f3
2026-03-31 06:22:05.066 7 INFO neutron.db.ovn_revision_numbers_db [None req-bdd5c83f-eddb-4821-9273-2120ab0614b7 72d7e6fa170c44b98c6c8001dd5dab48 7f9dab8d9524464b8e6006501140890d - - default default] Successfully bumped revision number for resource a67cb4a4-c4cc-4de9-8daf-0d75d14f65f3 (type: ports) to 2 [pid: 7|app: 0|req: 941/1744] 10.0.0.135 () {34 vars in 737 bytes} [Tue Mar 31 06:22:04 2026] PUT /v2.0/ports/a67cb4a4-c4cc-4de9-8daf-0d75d14f65f3 => generated 752 bytes in 348 msecs (HTTP/1.1 200) 4 headers in 157 bytes (1 switches on core 0) /var/lib/openstack/lib/python3.12/site-packages/pycadf/identifier.py:70: UserWarning: Invalid uuid: neutron. To ensure interoperability, identifiers should be a valid uuid. warnings.warn(('Invalid uuid: %s. To ensure interoperability, ' [pid: 7|app: 0|req: 942/1745] 199.19.213.234 () {34 vars in 1012 bytes} [Tue Mar 31 06:22:05 2026] GET /v2.0/networks/3a5a95bf-3f2a-4cb7-8a96-17f99328658a?fields=segments => generated 14 bytes in 42 msecs (HTTP/1.1 200) 4 headers in 156 bytes (1 switches on core 0) [pid: 8|app: 0|req: 804/1746] 10.0.0.135 () {32 vars in 724 bytes} [Tue Mar 31 06:22:05 2026] DELETE /v2.0/subnets/5bcdf08f-bdcd-4d91-9a13-075ebdd8003a => generated 0 bytes in 226 msecs (HTTP/1.1 204) 3 headers in 131 bytes (1 switches on core 0)
2026-03-31 06:22:05.267 7 INFO neutron_taas.services.taas.taas_plugin [None req-30e0d962-70ee-47b1-beaf-02e5e040c4b7 72d7e6fa170c44b98c6c8001dd5dab48 7f9dab8d9524464b8e6006501140890d - - default default] TaaS: Handle Delete Port: a67cb4a4-c4cc-4de9-8daf-0d75d14f65f3
2026-03-31 06:22:05.270 7 INFO neutron_taas.services.taas.tap_mirror_plugin [None req-30e0d962-70ee-47b1-beaf-02e5e040c4b7 72d7e6fa170c44b98c6c8001dd5dab48 7f9dab8d9524464b8e6006501140890d - - default default] Tap Mirror: Handle Delete Port: a67cb4a4-c4cc-4de9-8daf-0d75d14f65f3 [pid: 8|app: 0|req: 805/1747] 199.19.213.234 () {34 vars in 1112 bytes} [Tue Mar 31 06:22:05 2026] GET /v2.0/networks/3a5a95bf-3f2a-4cb7-8a96-17f99328658a?fields=provider%3Aphysical_network&fields=provider%3Anetwork_type => generated 79 bytes in 39 msecs (HTTP/1.1 200) 4 headers in 156 bytes (1 switches on core 0) [pid: 7|app: 0|req: 943/1748] 10.0.0.135 () {32 vars in 720 bytes} [Tue Mar 31 06:22:05 2026] DELETE /v2.0/ports/a67cb4a4-c4cc-4de9-8daf-0d75d14f65f3 => generated 0 bytes in 264 msecs (HTTP/1.1 204) 3 headers in 131 bytes (1 switches on core 0) [pid: 8|app: 0|req: 806/1749] 10.0.0.135 () {32 vars in 724 bytes} [Tue Mar 31 06:22:05 2026] DELETE /v2.0/subnets/4c655a24-c59a-4921-829a-2ca6ebf02b5a => generated 0 bytes in 211 msecs (HTTP/1.1 204) 3 headers in 131 bytes (1 switches on core 0) [pid: 8|app: 0|req: 807/1750] 10.0.0.135 () {32 vars in 643 bytes} [Tue Mar 31 06:22:05 2026] GET /v2.0/ports => generated 1534 bytes in 39 msecs (HTTP/1.1 200) 4 headers in 158 bytes (1 switches on core 0) [pid: 7|app: 0|req: 944/1751] 10.0.0.24 () {34 vars in 989 bytes} [Tue Mar 31 06:22:05 2026] GET /v2.0/ports?device_id=36e69de5-d8c1-4eec-8632-19edea4ac7f7 => generated 1209 bytes in 114 msecs (HTTP/1.1 200) 4 headers in 158 bytes (1 switches on core 0)
2026-03-31 06:22:05.540 7 INFO neutron.pecan_wsgi.hooks.translation [None req-1eafb196-3e5c-48bc-8da4-f652dea91c0d 72d7e6fa170c44b98c6c8001dd5dab48 7f9dab8d9524464b8e6006501140890d - - default default] GET failed (client error): The resource could not be found. [pid: 7|app: 0|req: 945/1752] 10.0.0.135 () {32 vars in 717 bytes} [Tue Mar 31 06:22:05 2026] GET /v2.0/ports/a67cb4a4-c4cc-4de9-8daf-0d75d14f65f3 => generated 132 bytes in 12 msecs (HTTP/1.1 404) 4 headers in 164 bytes (1 switches on core 0) [pid: 7|app: 0|req: 946/1753] 10.0.0.24 () {34 vars in 1039 bytes} [Tue Mar 31 06:22:05 2026] GET /v2.0/security-groups?id=7a9c2ef2-4c32-46f1-800d-cb26ae312674&fields=id&fields=name => generated 113 bytes in 34 msecs (HTTP/1.1 200) 4 headers in 157 bytes (1 switches on core 0) [pid: 7|app: 0|req: 947/1754] 10.0.0.135 () {32 vars in 643 bytes} [Tue Mar 31 06:22:05 2026] GET /v2.0/ports => generated 1534 bytes in 36 msecs (HTTP/1.1 200) 4 headers in 158 bytes (1 switches on core 0) [pid: 7|app: 0|req: 948/1755] 10.0.0.135 () {32 vars in 717 bytes} [Tue Mar 31 06:22:05 2026] GET /v2.0/ports/17451cdc-002a-4c97-9126-2b86cf3a1e46 => generated 775 bytes in 35 msecs (HTTP/1.1 200) 4 headers in 157 bytes (1 switches on core 0)
2026-03-31 06:22:05.682 7 INFO neutron.pecan_wsgi.hooks.translation [None req-9d341209-30f4-4f80-860b-94b2d787b34e 72d7e6fa170c44b98c6c8001dd5dab48 7f9dab8d9524464b8e6006501140890d - - default default] DELETE failed (client error): The resource could not be found. [pid: 7|app: 0|req: 949/1756] 10.0.0.135 () {32 vars in 720 bytes} [Tue Mar 31 06:22:05 2026] DELETE /v2.0/ports/ee682c31-9fa3-41ee-aafe-5ac63e2d117e => generated 132 bytes in 26 msecs (HTTP/1.1 404) 4 headers in 164 bytes (1 switches on core 0) [pid: 8|app: 0|req: 808/1757] 10.0.0.135 () {32 vars in 724 bytes} [Tue Mar 31 06:22:05 2026] DELETE /v2.0/subnets/40fcca22-0535-411e-956d-0086210a8abb => generated 0 bytes in 177 msecs (HTTP/1.1 204) 3 headers in 131 bytes (1 switches on core 0)
2026-03-31 06:22:05.704 7 INFO neutron.pecan_wsgi.hooks.translation [None req-7957127e-4f94-464f-bc2b-e8025285f074 72d7e6fa170c44b98c6c8001dd5dab48 7f9dab8d9524464b8e6006501140890d - - default default] DELETE failed (client error): The resource could not be found. [pid: 7|app: 0|req: 950/1758] 10.0.0.135 () {32 vars in 724 bytes} [Tue Mar 31 06:22:05 2026] DELETE /v2.0/subnets/654d789f-2723-45b3-9cc9-5ca93ae4289a => generated 136 bytes in 18 msecs (HTTP/1.1 404) 4 headers in 164 bytes (1 switches on core 0)
2026-03-31 06:22:05.723 7 INFO neutron.pecan_wsgi.hooks.translation [None req-dd5b15e7-c7e6-4901-acfa-5d9dce2311db 72d7e6fa170c44b98c6c8001dd5dab48 7f9dab8d9524464b8e6006501140890d - - default default] DELETE failed (client error): The resource could not be found. [pid: 7|app: 0|req: 951/1759] 10.0.0.135 () {32 vars in 724 bytes} [Tue Mar 31 06:22:05 2026] DELETE /v2.0/subnets/68874d4c-4651-49c9-beed-5e48fdc1ebac => generated 136 bytes in 17 msecs (HTTP/1.1 404) 4 headers in 164 bytes (1 switches on core 0)
2026-03-31 06:22:05.855 7 INFO neutron_taas.services.taas.taas_plugin [None req-211bbf01-111f-4f36-8cd0-b724947253c5 72d7e6fa170c44b98c6c8001dd5dab48 7f9dab8d9524464b8e6006501140890d - - default default] TaaS: Handle Delete Port: 17451cdc-002a-4c97-9126-2b86cf3a1e46
2026-03-31 06:22:05.858 7 INFO neutron_taas.services.taas.tap_mirror_plugin [None req-211bbf01-111f-4f36-8cd0-b724947253c5 72d7e6fa170c44b98c6c8001dd5dab48 7f9dab8d9524464b8e6006501140890d - - default default] Tap Mirror: Handle Delete Port: 17451cdc-002a-4c97-9126-2b86cf3a1e46 [pid: 8|app: 0|req: 809/1760] 10.0.0.135 () {32 vars in 724 bytes} [Tue Mar 31 06:22:05 2026] DELETE /v2.0/subnets/0c915c36-2daa-4bae-845c-1f6371d9fe6c => generated 0 bytes in 199 msecs (HTTP/1.1 204) 3 headers in 131 bytes (1 switches on core 0) [pid: 7|app: 0|req: 952/1761] 10.0.0.135 () {32 vars in 720 bytes} [Tue Mar 31 06:22:05 2026] DELETE /v2.0/ports/17451cdc-002a-4c97-9126-2b86cf3a1e46 => generated 0 bytes in 277 msecs (HTTP/1.1 204) 3 headers in 131 bytes (1 switches on core 0)
2026-03-31 06:22:06.061 8 INFO neutron_taas.services.taas.taas_plugin [None req-e9253a6d-4637-4928-b09a-5fec60cd2c2c 32c6a80bab29451c96ccf79654b737d6 c2e55e6740d8480e9db78060ac6bb5bc - - default default] TaaS: Handle Delete Port: 0fd00fc6-a4d9-464e-b8f4-7f906830d669
2026-03-31 06:22:06.064 8 INFO neutron_taas.services.taas.tap_mirror_plugin [None req-e9253a6d-4637-4928-b09a-5fec60cd2c2c 32c6a80bab29451c96ccf79654b737d6 c2e55e6740d8480e9db78060ac6bb5bc - - default default] Tap Mirror: Handle Delete Port: 0fd00fc6-a4d9-464e-b8f4-7f906830d669
2026-03-31 06:22:06.125 7 INFO neutron_taas.services.taas.taas_plugin [None req-e12eae50-09d4-4076-a42a-f30fd4a99ecf 72d7e6fa170c44b98c6c8001dd5dab48 7f9dab8d9524464b8e6006501140890d - - default default] TaaS: Handle Delete Port: 066cee41-830c-4666-84b0-110a8270d90a
2026-03-31 06:22:06.128 7 INFO neutron_taas.services.taas.tap_mirror_plugin [None req-e12eae50-09d4-4076-a42a-f30fd4a99ecf 72d7e6fa170c44b98c6c8001dd5dab48 7f9dab8d9524464b8e6006501140890d - - default default] Tap Mirror: Handle Delete Port: 066cee41-830c-4666-84b0-110a8270d90a
2026-03-31 06:22:06.288 8 INFO neutron.services.segments.plugin [-] Segment 2126104d-abdf-403b-89e1-5d5f05a84026 resource provider aggregate not found
2026-03-31 06:22:06.294 8 INFO neutron.services.segments.plugin [-] Segment 2126104d-abdf-403b-89e1-5d5f05a84026 resource provider aggregate not found
2026-03-31 06:22:06.304 8 INFO neutron.services.segments.plugin [-] Segment 2126104d-abdf-403b-89e1-5d5f05a84026 resource provider not found; error: Placement Client Error (4xx): {"errors": [{"status": 404, "title": "Not Found", "detail": "The resource could not be found.\n\n No resource provider with uuid 2126104d-abdf-403b-89e1-5d5f05a84026 found for delete ", "request_id": "req-54b7922d-90a2-493f-bc3b-ff62e9aa1680"}]}
2026-03-31 06:22:06.321 8 INFO neutron.services.segments.plugin [-] Segment 2126104d-abdf-403b-89e1-5d5f05a84026 resource provider not found; error: Placement Client Error (4xx): {"errors": [{"status": 404, "title": "Not Found", "detail": "The resource could not be found.\n\n No resource provider with uuid 2126104d-abdf-403b-89e1-5d5f05a84026 found for delete ", "request_id": "req-a01f5ba6-28cc-44cd-b9d8-48b9058000bd"}]} [pid: 8|app: 0|req: 810/1762] 10.0.0.135 () {32 vars in 726 bytes} [Tue Mar 31 06:22:05 2026] DELETE /v2.0/networks/cfc50832-ac76-4a2b-bf36-67624721cdec => generated 0 bytes in 437 msecs (HTTP/1.1 204) 3 headers in 131 bytes (1 switches on core 0)
2026-03-31 06:22:06.375 7 INFO neutron.services.segments.plugin [-] Segment a211cd0a-cc2b-4f1d-be13-a1c45bb52171 resource provider aggregate not found
2026-03-31 06:22:06.379 7 INFO neutron.services.segments.plugin [-] Segment a211cd0a-cc2b-4f1d-be13-a1c45bb52171 resource provider aggregate not found
2026-03-31 06:22:06.391 7 INFO neutron.services.segments.plugin [-] Segment a211cd0a-cc2b-4f1d-be13-a1c45bb52171 resource provider not found; error: Placement Client Error (4xx): {"errors": [{"status": 404, "title": "Not Found", "detail": "The resource could not be found.\n\n No resource provider with uuid a211cd0a-cc2b-4f1d-be13-a1c45bb52171 found for delete ", "request_id": "req-ddb739cc-56f5-4fdc-81fb-dc31d926aa55"}]}
2026-03-31 06:22:06.394 7 INFO neutron.services.segments.plugin [-] Segment a211cd0a-cc2b-4f1d-be13-a1c45bb52171 resource provider not found; error: Placement Client Error (4xx): {"errors": [{"status": 404, "title": "Not Found", "detail": "The resource could not be found.\n\n No resource provider with uuid a211cd0a-cc2b-4f1d-be13-a1c45bb52171 found for delete ", "request_id": "req-14c5d648-976e-4a82-b792-c81b562e5021"}]} [pid: 7|app: 0|req: 953/1763] 10.0.0.135 () {32 vars in 726 bytes} [Tue Mar 31 06:22:06 2026] DELETE /v2.0/networks/cdbbe318-666d-49a3-b82c-009967899a59 => generated 0 bytes in 416 msecs (HTTP/1.1 204) 3 headers in 131 bytes (1 switches on core 0)
2026-03-31 06:22:06.493 8 INFO neutron_taas.services.taas.taas_plugin [None req-23c7280e-9a13-4fb7-8bf3-0e853acbfe6f 32c6a80bab29451c96ccf79654b737d6 c2e55e6740d8480e9db78060ac6bb5bc - - default default] TaaS: Handle Delete Port: 1f47c0ca-62b5-41aa-a038-3a798bf69b85
2026-03-31 06:22:06.496 8 INFO neutron_taas.services.taas.tap_mirror_plugin [None req-23c7280e-9a13-4fb7-8bf3-0e853acbfe6f 32c6a80bab29451c96ccf79654b737d6 c2e55e6740d8480e9db78060ac6bb5bc - - default default] Tap Mirror: Handle Delete Port: 1f47c0ca-62b5-41aa-a038-3a798bf69b85 [pid: 8|app: 0|req: 811/1764] 10.0.0.135 () {32 vars in 726 bytes} [Tue Mar 31 06:22:06 2026] DELETE /v2.0/networks/ca324fca-9952-41c7-925a-51e138813cd2 => generated 0 bytes in 387 msecs (HTTP/1.1 204) 3 headers in 131 bytes (1 switches on core 0)
2026-03-31 06:22:06.851 7 INFO neutron_taas.services.taas.taas_plugin [None req-4ffab419-5c8b-4eba-b1a8-4720d12e17d8 32c6a80bab29451c96ccf79654b737d6 c2e55e6740d8480e9db78060ac6bb5bc - - default default] TaaS: Handle Delete Port: 06c5932f-213b-4c56-9f3d-d65fd2fd8248
2026-03-31 06:22:06.854 7 INFO neutron_taas.services.taas.tap_mirror_plugin [None req-4ffab419-5c8b-4eba-b1a8-4720d12e17d8 32c6a80bab29451c96ccf79654b737d6 c2e55e6740d8480e9db78060ac6bb5bc - - default default] Tap Mirror: Handle Delete Port: 06c5932f-213b-4c56-9f3d-d65fd2fd8248 [pid: 8|app: 0|req: 812/1765] 10.0.0.135 () {32 vars in 774 bytes} [Tue Mar 31 06:22:06 2026] GET /v2.0/security-groups?tenant_id=7f9dab8d9524464b8e6006501140890d&name=default => generated 2925 bytes in 159 msecs (HTTP/1.1 200) 4 headers in 158 bytes (1 switches on core 0) [pid: 7|app: 0|req: 954/1766] 10.0.0.135 () {32 vars in 726 bytes} [Tue Mar 31 06:22:06 2026] DELETE /v2.0/networks/49803460-1f2e-4a4e-a959-3329acb25d18 => generated 0 bytes in 342 msecs (HTTP/1.1 204) 3 headers in 131 bytes (1 switches on core 0)
2026-03-31 06:22:07.189 7 INFO neutron_taas.services.taas.taas_plugin [None req-c26ee4a0-20f2-4d2d-9a2b-7d0b7b7acf54 32c6a80bab29451c96ccf79654b737d6 c2e55e6740d8480e9db78060ac6bb5bc - - default default] TaaS: Handle Delete Port: bc91a327-56ad-4602-836b-f8039d5832cb
2026-03-31 06:22:07.197 7 INFO neutron_taas.services.taas.tap_mirror_plugin [None req-c26ee4a0-20f2-4d2d-9a2b-7d0b7b7acf54 32c6a80bab29451c96ccf79654b737d6 c2e55e6740d8480e9db78060ac6bb5bc - - default default] Tap Mirror: Handle Delete Port: bc91a327-56ad-4602-836b-f8039d5832cb [pid: 8|app: 0|req: 813/1767] 10.0.0.135 () {32 vars in 740 bytes} [Tue Mar 31 06:22:07 2026] DELETE /v2.0/security-groups/f6fa2204-160e-4f04-a011-b4187fbbac36 => generated 0 bytes in 305 msecs (HTTP/1.1 204) 2 headers in 112 bytes (1 switches on core 0) [pid: 7|app: 0|req: 955/1768] 10.0.0.135 () {32 vars in 726 bytes} [Tue Mar 31 06:22:07 2026] DELETE /v2.0/networks/be3e99dc-9e46-4e1a-8cb8-beb8c703e996 => generated 0 bytes in 376 msecs (HTTP/1.1 204) 3 headers in 131 bytes (1 switches on core 0)
2026-03-31 06:22:07.583 8 INFO neutron_taas.services.taas.taas_plugin [None req-a1f0043c-67a7-48df-b77f-a0047bbdd290 32c6a80bab29451c96ccf79654b737d6 c2e55e6740d8480e9db78060ac6bb5bc - - default default] TaaS: Handle Delete Port: 42754c49-8c64-43c1-9ba9-408bcc29297d
2026-03-31 06:22:07.587 8 INFO neutron_taas.services.taas.tap_mirror_plugin [None req-a1f0043c-67a7-48df-b77f-a0047bbdd290 32c6a80bab29451c96ccf79654b737d6 c2e55e6740d8480e9db78060ac6bb5bc - - default default] Tap Mirror: Handle Delete Port: 42754c49-8c64-43c1-9ba9-408bcc29297d [pid: 8|app: 0|req: 814/1769] 10.0.0.135 () {32 vars in 726 bytes} [Tue Mar 31 06:22:07 2026] DELETE /v2.0/networks/55f98a66-4efb-4d54-8753-def8cb441a42 => generated 0 bytes in 339 msecs (HTTP/1.1 204) 3 headers in 131 bytes (1 switches on core 0)
2026-03-31 06:22:08.321 8 INFO neutron.services.segments.plugin [-] Segment b84757e0-049e-4b4c-a184-ce61f68e02c3 resource provider aggregate not found
2026-03-31 06:22:08.336 8 INFO neutron.services.segments.plugin [-] Segment b84757e0-049e-4b4c-a184-ce61f68e02c3 resource provider not found; error: Placement Client Error (4xx): {"errors": [{"status": 404, "title": "Not Found", "detail": "The resource could not be found.\n\n No resource provider with uuid b84757e0-049e-4b4c-a184-ce61f68e02c3 found for delete ", "request_id": "req-d74f994a-effb-4ee7-9ba3-d5e04ac9c34d"}]}
2026-03-31 06:22:08.345 8 INFO neutron.services.segments.plugin [-] Segment b84757e0-049e-4b4c-a184-ce61f68e02c3 resource provider aggregate not found
2026-03-31 06:22:08.353 8 INFO neutron.services.segments.plugin [-] Segment 29aa49db-0f2f-482d-845c-4152492d754d resource provider aggregate not found
2026-03-31 06:22:08.364 8 INFO neutron.services.segments.plugin [-] Segment b84757e0-049e-4b4c-a184-ce61f68e02c3 resource provider not found; error: Placement Client Error (4xx): {"errors": [{"status": 404, "title": "Not Found", "detail": "The resource could not be found.\n\n No resource provider with uuid b84757e0-049e-4b4c-a184-ce61f68e02c3 found for delete ", "request_id": "req-7bab4ffd-f076-443e-9ab6-2371738d70a9"}]}
2026-03-31 06:22:08.373 8 INFO neutron.services.segments.plugin [-] Segment 29aa49db-0f2f-482d-845c-4152492d754d resource provider not found; error: Placement Client Error (4xx): {"errors": [{"status": 404, "title": "Not Found", "detail": "The resource could not be found.\n\n No resource provider with uuid 29aa49db-0f2f-482d-845c-4152492d754d found for delete ", "request_id": "req-f656de5e-7981-498e-97f7-e5276acb9835"}]}
2026-03-31 06:22:08.391 8 INFO neutron.services.segments.plugin [-] Segment 29aa49db-0f2f-482d-845c-4152492d754d resource provider aggregate not found
2026-03-31 06:22:08.409 8 INFO neutron.services.segments.plugin [-] Segment 29aa49db-0f2f-482d-845c-4152492d754d resource provider not found; error: Placement Client Error (4xx): {"errors": [{"status": 404, "title": "Not Found", "detail": "The resource could not be found.\n\n No resource provider with uuid 29aa49db-0f2f-482d-845c-4152492d754d found for delete ", "request_id": "req-4e3ed194-d172-4ddb-b70c-e18e874c23b9"}]}
2026-03-31 06:22:08.416 7 INFO neutron.services.segments.plugin [-] Segment 6184ba0c-2566-4ba6-8853-b17ed5e73a62 resource provider aggregate not found
2026-03-31 06:22:08.419 7 INFO neutron.services.segments.plugin [-] Segment 6184ba0c-2566-4ba6-8853-b17ed5e73a62 resource provider aggregate not found
2026-03-31 06:22:08.435 7 INFO neutron.services.segments.plugin [-] Segment 6184ba0c-2566-4ba6-8853-b17ed5e73a62 resource provider not found; error: Placement Client Error (4xx): {"errors": [{"status": 404, "title": "Not Found", "detail": "The resource could not be found.\n\n No resource provider with uuid 6184ba0c-2566-4ba6-8853-b17ed5e73a62 found for delete ", "request_id": "req-aa8caa00-d056-4ea4-83c9-b866dcfbdb89"}]}
2026-03-31 06:22:08.436 7 INFO neutron.services.segments.plugin [-] Segment 6184ba0c-2566-4ba6-8853-b17ed5e73a62 resource provider not found; error: Placement Client Error (4xx): {"errors": [{"status": 404, "title": "Not Found", "detail": "The resource could not be found.\n\n No resource provider with uuid 6184ba0c-2566-4ba6-8853-b17ed5e73a62 found for delete ", "request_id": "req-ea6ced98-98d8-45e9-b90b-03e7e82f413b"}]}
2026-03-31 06:22:08.451 7 INFO neutron.services.segments.plugin [-] Segment f0b0009e-f19e-4db6-9fcc-4a517020fcb1 resource provider aggregate not found
2026-03-31 06:22:08.456 7 INFO neutron.services.segments.plugin [-] Segment f0b0009e-f19e-4db6-9fcc-4a517020fcb1 resource provider aggregate not found
2026-03-31 06:22:08.468 7 INFO neutron.services.segments.plugin [-] Segment f0b0009e-f19e-4db6-9fcc-4a517020fcb1 resource provider not found; error: Placement Client Error (4xx): {"errors": [{"status": 404, "title": "Not Found", "detail": "The resource could not be found.\n\n No resource provider with uuid f0b0009e-f19e-4db6-9fcc-4a517020fcb1 found for delete ", "request_id": "req-aeb0384d-5095-436e-9b15-6680e81c2354"}]}
2026-03-31 06:22:08.469 7 INFO neutron.services.segments.plugin [-] Segment f0b0009e-f19e-4db6-9fcc-4a517020fcb1 resource provider not found; error: Placement Client Error (4xx): {"errors": [{"status": 404, "title": "Not Found", "detail": "The resource could not be found.\n\n No resource provider with uuid f0b0009e-f19e-4db6-9fcc-4a517020fcb1 found for delete ", "request_id": "req-db0352f9-5ca1-4ee5-bd62-3232142bcbe7"}]} [pid: 7|app: 0|req: 956/1770] 10.0.0.135 () {32 vars in 774 bytes} [Tue Mar 31 06:22:08 2026] GET /v2.0/security-groups?tenant_id=c2e55e6740d8480e9db78060ac6bb5bc&name=default => generated 2925 bytes in 171 msecs (HTTP/1.1 200) 4 headers in 158 bytes (1 switches on core 0) [pid: 8|app: 0|req: 815/1771] 10.0.0.135 () {32 vars in 740 bytes} [Tue Mar 31 06:22:08 2026] DELETE /v2.0/security-groups/7ad14865-1838-4f82-819b-577125803900 => generated 0 bytes in 283 msecs (HTTP/1.1 204) 2 headers in 112 bytes (1 switches on core 0)
2026-03-31 06:22:09.267 8 INFO neutron.db.ovn_revision_numbers_db [None req-edeb4766-ca2a-4fe9-b0a5-4e3e3777048f f65637590aca47999e5bdd8487b51307 6f8bfadbd058458888f2b589d1e2a3dc - - default default] Successfully bumped revision number for resource 664da7cd-e434-4052-96ae-97d3e81df4c4 (type: security_groups) to 1
2026-03-31 06:22:09.291 8 INFO neutron.db.ovn_revision_numbers_db [None req-edeb4766-ca2a-4fe9-b0a5-4e3e3777048f f65637590aca47999e5bdd8487b51307 6f8bfadbd058458888f2b589d1e2a3dc - - default default] Successfully bumped revision number for resource 3f7e7a64-045d-4568-b48c-21c8c19a4f3b (type: security_group_rules) to 0
2026-03-31 06:22:09.305 8 INFO neutron.db.ovn_revision_numbers_db [None req-edeb4766-ca2a-4fe9-b0a5-4e3e3777048f f65637590aca47999e5bdd8487b51307 6f8bfadbd058458888f2b589d1e2a3dc - - default default] Successfully bumped revision number for resource 5f2f644c-4baa-4dfe-aef5-f51cd6df9cff (type: security_group_rules) to 0
2026-03-31 06:22:09.327 8 INFO neutron.db.ovn_revision_numbers_db [None req-edeb4766-ca2a-4fe9-b0a5-4e3e3777048f f65637590aca47999e5bdd8487b51307 6f8bfadbd058458888f2b589d1e2a3dc - - default default] Successfully bumped revision number for resource 743b07f6-52f9-403c-abab-607b1c6e45e0 (type: security_group_rules) to 0
2026-03-31 06:22:09.346 8 INFO neutron.db.ovn_revision_numbers_db [None req-edeb4766-ca2a-4fe9-b0a5-4e3e3777048f f65637590aca47999e5bdd8487b51307 6f8bfadbd058458888f2b589d1e2a3dc - - default default] Successfully bumped revision number for resource b4e8a1b4-f5bf-4118-958a-778d96b3d976 (type: security_group_rules) to 0 [pid: 8|app: 0|req: 816/1772] 10.0.0.135 () {32 vars in 774 bytes} [Tue Mar 31 06:22:09 2026] GET /v2.0/security-groups?tenant_id=e6fd1e56242e4c5daefdc0646ab5b678&name=default => generated 2925 bytes in 289 msecs (HTTP/1.1 200) 4 headers in 158 bytes (1 switches on core 0)
2026-03-31 06:22:09.467 7 INFO neutron.db.ovn_revision_numbers_db [None req-97b5a813-9c67-4a35-ad8a-ba9d71cdd87d fc7b6fa400e1478dbb75b99584d5eed0 80d42fef07364a149fb16754d031665e - - default default] Successfully bumped revision number for resource fd65a5b0-43e7-4f4d-b780-839700fce595 (type: security_groups) to 1
2026-03-31 06:22:09.496 7 INFO neutron.db.ovn_revision_numbers_db [None req-97b5a813-9c67-4a35-ad8a-ba9d71cdd87d fc7b6fa400e1478dbb75b99584d5eed0 80d42fef07364a149fb16754d031665e - - default default] Successfully bumped revision number for resource 87e64380-f554-4bad-aa47-76840aaf125e (type: security_group_rules) to 0
2026-03-31 06:22:09.529 7 INFO neutron.db.ovn_revision_numbers_db [None req-97b5a813-9c67-4a35-ad8a-ba9d71cdd87d fc7b6fa400e1478dbb75b99584d5eed0 80d42fef07364a149fb16754d031665e - - default default] Successfully bumped revision number for resource a26a13a8-fb3a-41cf-a46f-78c542724952 (type: security_group_rules) to 0
2026-03-31 06:22:09.558 7 INFO neutron.db.ovn_revision_numbers_db [None req-97b5a813-9c67-4a35-ad8a-ba9d71cdd87d fc7b6fa400e1478dbb75b99584d5eed0 80d42fef07364a149fb16754d031665e - - default default] Successfully bumped revision number for resource c3ddae0b-6c54-4d04-bbde-63c5c45bd6dc (type: security_group_rules) to 0
2026-03-31 06:22:09.590 7 INFO neutron.db.ovn_revision_numbers_db [None req-97b5a813-9c67-4a35-ad8a-ba9d71cdd87d fc7b6fa400e1478dbb75b99584d5eed0 80d42fef07364a149fb16754d031665e - - default default] Successfully bumped revision number for resource d5993f05-84cd-4539-8b3c-7c04deeb4fb8 (type: security_group_rules) to 0 [pid: 8|app: 0|req: 817/1773] 10.0.0.135 () {32 vars in 740 bytes} [Tue Mar 31 06:22:09 2026] DELETE /v2.0/security-groups/664da7cd-e434-4052-96ae-97d3e81df4c4 => generated 0 bytes in 386 msecs (HTTP/1.1 204) 2 headers in 112 bytes (1 switches on core 0)
2026-03-31 06:22:09.796 7 INFO neutron.db.ovn_revision_numbers_db [None req-97b5a813-9c67-4a35-ad8a-ba9d71cdd87d fc7b6fa400e1478dbb75b99584d5eed0 80d42fef07364a149fb16754d031665e - - default default] Successfully bumped revision number for resource 91a6a96e-00fa-4a00-a881-3ea76a3f197a (type: security_groups) to 1
2026-03-31 06:22:09.837 7 INFO neutron.db.ovn_revision_numbers_db [None req-97b5a813-9c67-4a35-ad8a-ba9d71cdd87d fc7b6fa400e1478dbb75b99584d5eed0 80d42fef07364a149fb16754d031665e - - default default] Successfully bumped revision number for resource 5b52845d-79a9-40b4-aaec-7dee53a8da36 (type: security_group_rules) to 0
2026-03-31 06:22:09.860 7 INFO neutron.db.ovn_revision_numbers_db [None req-97b5a813-9c67-4a35-ad8a-ba9d71cdd87d fc7b6fa400e1478dbb75b99584d5eed0 80d42fef07364a149fb16754d031665e - - default default] Successfully bumped revision number for resource d9d3450a-d38c-4484-b679-777f5728be3c (type: security_group_rules) to 0 [pid: 7|app: 0|req: 957/1774] 10.0.0.135 () {34 vars in 684 bytes} [Tue Mar 31 06:22:09 2026] POST /v2.0/security-groups => generated 1625 bytes in 833 msecs (HTTP/1.1 201) 4 headers in 163 bytes (1 switches on core 0) [pid: 7|app: 0|req: 958/1775] 10.0.0.135 () {32 vars in 663 bytes} [Tue Mar 31 06:22:09 2026] GET /v2.0/security-groups => generated 4530 bytes in 35 msecs (HTTP/1.1 200) 4 headers in 158 bytes (1 switches on core 0)
2026-03-31 06:22:10.081 7 INFO neutron.db.ovn_revision_numbers_db [None req-a2ff743d-11df-4c90-adb6-ef36dd7a6b1c fc7b6fa400e1478dbb75b99584d5eed0 80d42fef07364a149fb16754d031665e - - default default] Successfully bumped revision number for resource 91a6a96e-00fa-4a00-a881-3ea76a3f197a (type: security_groups) to 2 [pid: 7|app: 0|req: 959/1776] 10.0.0.135 () {34 vars in 758 bytes} [Tue Mar 31 06:22:09 2026] PUT /v2.0/security-groups/91a6a96e-00fa-4a00-a881-3ea76a3f197a => generated 1662 bytes in 151 msecs (HTTP/1.1 200) 4 headers in 158 bytes (1 switches on core 0)
2026-03-31 06:22:10.109 8 INFO neutron.db.ovn_revision_numbers_db [None req-61c3c4ff-2f35-47d3-b56e-6861227b9e04 f65637590aca47999e5bdd8487b51307 6f8bfadbd058458888f2b589d1e2a3dc - - default default] Successfully bumped revision number for resource 220e9a38-8822-4903-b22a-e6042dadd837 (type: security_groups) to 1
