2026-03-31 06:21:34.013 7 INFO neutron.api.v2.resource [None req-fd2daee0-126b-4e13-94a6-bd4b315e1f04 0b2887dc196c4bc399219c9706ed5327 ade217b9f5f643fabcb37e654815e1e2 - - default default] delete failed (client error): The resource could not be found. [pid: 7|app: 0|req: 795/1496] 10.0.0.135 () {32 vars in 732 bytes} [Tue Mar 31 06:21:33 2026] DELETE /v2.0/floatingips/45fb0c9a-2480-42fa-922b-aeb049ff9338 => generated 144 bytes in 55 msecs (HTTP/1.1 404) 4 headers in 164 bytes (1 switches on core 0)
2026-03-31 06:21:34.099 8 INFO neutron.db.ovn_revision_numbers_db [None req-3f84c4f7-e16e-4c4e-8be1-e6fb3159ca12 f774926754c8414c894d2502cb57ad4e cfa19d12fd6b4cfcb377e865e836306a - - default default] Successfully bumped revision number for resource 1e4785ec-3442-43c7-b16b-6940f5265dc2 (type: networks) to 1
2026-03-31 06:21:34.214 7 INFO neutron.db.ovn_revision_numbers_db [None req-45d2bb6c-0fe2-4332-afef-cb0aad16323c 88c34e8d90fd4e07a3a5abe5efa2df22 213f8408b6bd4df4a376d70614afbc6e - - default default] Successfully bumped revision number for resource 9963ee82-3d00-4d99-8c7f-c73eb1bf41d3 (type: security_group_rules) to 0 [pid: 7|app: 0|req: 796/1497] 10.0.0.135 () {34 vars in 695 bytes} [Tue Mar 31 06:21:34 2026] POST /v2.0/security-group-rules => generated 602 bytes in 238 msecs (HTTP/1.1 201) 4 headers in 162 bytes (1 switches on core 0)
2026-03-31 06:21:34.375 8 WARNING neutron.scheduler.dhcp_agent_scheduler [None req-3f84c4f7-e16e-4c4e-8be1-e6fb3159ca12 f774926754c8414c894d2502cb57ad4e cfa19d12fd6b4cfcb377e865e836306a - - default default] No more DHCP agents
2026-03-31 06:21:34.380 8 WARNING neutron.api.rpc.agentnotifiers.dhcp_rpc_agent_api [None req-3f84c4f7-e16e-4c4e-8be1-e6fb3159ca12 f774926754c8414c894d2502cb57ad4e cfa19d12fd6b4cfcb377e865e836306a - - default default] Unable to schedule network 1e4785ec-3442-43c7-b16b-6940f5265dc2: no agents available; will retry on subsequent port and subnet creation events.
2026-03-31 06:21:34.449 7 INFO neutron_taas.services.taas.taas_plugin [None req-e1dec7ca-15c6-494f-8b70-ad17f2097240 0b2887dc196c4bc399219c9706ed5327 ade217b9f5f643fabcb37e654815e1e2 - - default default] TaaS: Handle Delete Port: e1882ed6-4f12-45a1-8dcd-ffa8190e9fbb
2026-03-31 06:21:34.455 7 INFO neutron_taas.services.taas.tap_mirror_plugin [None req-e1dec7ca-15c6-494f-8b70-ad17f2097240 0b2887dc196c4bc399219c9706ed5327 ade217b9f5f643fabcb37e654815e1e2 - - default default] Tap Mirror: Handle Delete Port: e1882ed6-4f12-45a1-8dcd-ffa8190e9fbb
2026-03-31 06:21:34.549 8 INFO neutron.db.ovn_revision_numbers_db [None req-72a0e9dd-6dcc-456f-91bd-bd8bfcd4ab29 - - - - - -] Successfully bumped revision number for resource 874ae929-42a9-4369-825c-c39fae4ca677 (type: ports) to 7
2026-03-31 06:21:34.641 8 INFO neutron.db.ovn_revision_numbers_db [None req-3f84c4f7-e16e-4c4e-8be1-e6fb3159ca12 f774926754c8414c894d2502cb57ad4e cfa19d12fd6b4cfcb377e865e836306a - - default default] Successfully bumped revision number for resource e3036d0e-61ed-4a5d-944d-a476729017b2 (type: ports) to 1 [pid: 8|app: 0|req: 702/1498] 10.0.0.135 () {34 vars in 670 bytes} [Tue Mar 31 06:21:33 2026] POST /v2.0/networks => generated 767 bytes in 1089 msecs (HTTP/1.1 201) 4 headers in 162 bytes (1 switches on core 0) [pid: 7|app: 0|req: 797/1499] 10.0.0.135 () {32 vars in 720 bytes} [Tue Mar 31 06:21:34 2026] DELETE /v2.0/ports/e1882ed6-4f12-45a1-8dcd-ffa8190e9fbb => generated 0 bytes in 482 msecs (HTTP/1.1 204) 3 headers in 131 bytes (1 switches on core 0)
2026-03-31 06:21:34.776 8 INFO neutron.plugins.ml2.drivers.ovn.mech_driver.mech_driver [None req-80827d85-e8aa-4e75-a60a-f5f96ec1fdff - - - - - -] OVN reports status down for port: 16336073-4a3d-4bab-aeab-404c9854ce0c
2026-03-31 06:21:34.854 8 INFO neutron.plugins.ml2.drivers.ovn.mech_driver.mech_driver [None req-80827d85-e8aa-4e75-a60a-f5f96ec1fdff - - - - - -] OVN reports status down for port: 81410010-a81b-4803-88a0-8692945291c6
2026-03-31 06:21:34.883 7 WARNING neutron.scheduler.dhcp_agent_scheduler [None req-d93e1376-388d-4bf9-9dc9-aee667b28eaa f774926754c8414c894d2502cb57ad4e cfa19d12fd6b4cfcb377e865e836306a - - default default] No more DHCP agents
2026-03-31 06:21:34.885 7 WARNING neutron.api.rpc.agentnotifiers.dhcp_rpc_agent_api [None req-d93e1376-388d-4bf9-9dc9-aee667b28eaa f774926754c8414c894d2502cb57ad4e cfa19d12fd6b4cfcb377e865e836306a - - default default] Unable to schedule network 1e4785ec-3442-43c7-b16b-6940f5265dc2: no agents available; will retry on subsequent port and subnet creation events.
2026-03-31 06:21:34.956 8 WARNING neutron.plugins.ml2.drivers.ovn.mech_driver.ovsdb.ovn_client [None req-80827d85-e8aa-4e75-a60a-f5f96ec1fdff - - - - - -] Logical_Switch_Port 81410010-a81b-4803-88a0-8692945291c6 host information not removed, the port state is up
2026-03-31 06:21:34.956 8 INFO neutron.plugins.ml2.drivers.ovn.mech_driver.mech_driver [None req-80827d85-e8aa-4e75-a60a-f5f96ec1fdff - - - - - -] OVN reports status up for port: 81410010-a81b-4803-88a0-8692945291c6
2026-03-31 06:21:34.995 8 INFO neutron.plugins.ml2.plugin [None req-80827d85-e8aa-4e75-a60a-f5f96ec1fdff - - - - - -] Attempt 1 to provision port 81410010-a81b-4803-88a0-8692945291c6
2026-03-31 06:21:35.082 8 WARNING neutron.scheduler.dhcp_agent_scheduler [None req-189115a4-f2b9-47ef-8df2-0acb35ca0845 88c34e8d90fd4e07a3a5abe5efa2df22 213f8408b6bd4df4a376d70614afbc6e - - default default] No more DHCP agents
2026-03-31 06:21:35.083 8 WARNING neutron.api.rpc.agentnotifiers.dhcp_rpc_agent_api [None req-189115a4-f2b9-47ef-8df2-0acb35ca0845 88c34e8d90fd4e07a3a5abe5efa2df22 213f8408b6bd4df4a376d70614afbc6e - - default default] Unable to schedule network 4ef9fcbd-47d4-4f5d-98f4-c7fec7faef5c: no agents available; will retry on subsequent port and subnet creation events.
2026-03-31 06:21:35.316 7 INFO neutron.db.ovn_revision_numbers_db [None req-c0d3ac89-354d-4beb-b730-6b06784c4c10 - - - - - -] Successfully bumped revision number for resource e3036d0e-61ed-4a5d-944d-a476729017b2 (type: ports) to 2
2026-03-31 06:21:35.358 7 INFO neutron.db.ovn_revision_numbers_db [None req-c0d3ac89-354d-4beb-b730-6b06784c4c10 - - - - - -] Successfully bumped revision number for resource aa156d89-1d77-416a-b0d3-de317d9d4fbe (type: subnets) to 0 [pid: 7|app: 0|req: 798/1500] 10.0.0.135 () {34 vars in 669 bytes} [Tue Mar 31 06:21:34 2026] POST /v2.0/subnets => generated 647 bytes in 662 msecs (HTTP/1.1 201) 4 headers in 162 bytes (1 switches on core 0)
2026-03-31 06:21:35.524 7 INFO neutron_taas.services.taas.taas_plugin [None req-7185051c-7d44-43a9-9ce4-e02c1319ebb1 0b2887dc196c4bc399219c9706ed5327 ade217b9f5f643fabcb37e654815e1e2 - - default default] TaaS: Handle Delete Port: a0fde921-7541-4311-9e62-fa46bd7dc0fa
2026-03-31 06:21:35.527 7 INFO neutron_taas.services.taas.tap_mirror_plugin [None req-7185051c-7d44-43a9-9ce4-e02c1319ebb1 0b2887dc196c4bc399219c9706ed5327 ade217b9f5f643fabcb37e654815e1e2 - - default default] Tap Mirror: Handle Delete Port: a0fde921-7541-4311-9e62-fa46bd7dc0fa [pid: 8|app: 0|req: 703/1501] 10.0.0.135 () {34 vars in 676 bytes} [Tue Mar 31 06:21:34 2026] POST /v2.0/floatingips => generated 552 bytes in 1041 msecs (HTTP/1.1 201) 4 headers in 162 bytes (1 switches on core 0) /var/lib/openstack/lib/python3.12/site-packages/pycadf/identifier.py:70: UserWarning: Invalid uuid: neutron. To ensure interoperability, identifiers should be a valid uuid. warnings.warn(('Invalid uuid: %s. To ensure interoperability, ' [pid: 7|app: 0|req: 799/1502] 10.0.0.135 () {32 vars in 720 bytes} [Tue Mar 31 06:21:35 2026] DELETE /v2.0/ports/a0fde921-7541-4311-9e62-fa46bd7dc0fa => generated 0 bytes in 362 msecs (HTTP/1.1 204) 3 headers in 131 bytes (1 switches on core 0)
2026-03-31 06:21:35.844 8 INFO neutron.db.ovn_revision_numbers_db [None req-80827d85-e8aa-4e75-a60a-f5f96ec1fdff - - - - - -] Successfully bumped revision number for resource 81410010-a81b-4803-88a0-8692945291c6 (type: ports) to 2 [pid: 8|app: 0|req: 704/1503] 10.0.0.135 () {34 vars in 681 bytes} [Tue Mar 31 06:21:35 2026] POST /v2.0/rbac-policies => generated 324 bytes in 343 msecs (HTTP/1.1 201) 4 headers in 162 bytes (1 switches on core 0)
2026-03-31 06:21:36.180 7 INFO neutron.db.ovn_revision_numbers_db [None req-e7964421-72fb-46d0-af98-c9a685fd66a3 6014a3ef942a4f779181f7f32e4cc205 eb9d326ffed443df8dffd7e83fba917a - - default default] Successfully bumped revision number for resource 6376f9a2-d281-4937-a157-8411b85bef14 (type: security_groups) to 1 [pid: 8|app: 0|req: 705/1504] 10.0.0.135 () {32 vars in 736 bytes} [Tue Mar 31 06:21:36 2026] GET /v2.0/ports?device_id=a3cab5ea-d9da-4ea5-a37e-08ffa6eb78f6 => generated 946 bytes in 97 msecs (HTTP/1.1 200) 4 headers in 157 bytes (1 switches on core 0)
2026-03-31 06:21:36.209 7 INFO neutron.db.ovn_revision_numbers_db [None req-e7964421-72fb-46d0-af98-c9a685fd66a3 6014a3ef942a4f779181f7f32e4cc205 eb9d326ffed443df8dffd7e83fba917a - - default default] Successfully bumped revision number for resource 3ab3b54e-8298-4bba-9d24-8dd30ea5d6ef (type: security_group_rules) to 0
2026-03-31 06:21:36.225 7 INFO neutron.db.ovn_revision_numbers_db [None req-e7964421-72fb-46d0-af98-c9a685fd66a3 6014a3ef942a4f779181f7f32e4cc205 eb9d326ffed443df8dffd7e83fba917a - - default default] Successfully bumped revision number for resource 654c25e9-be51-46da-a99e-1735615c7753 (type: security_group_rules) to 0 [pid: 8|app: 0|req: 706/1505] 10.0.0.224 () {34 vars in 1098 bytes} [Tue Mar 31 06:21:36 2026] GET /v2.0/security-groups?name=tempest-securitygroup--495930238&fields=id&tenant_id=213f8408b6bd4df4a376d70614afbc6e => generated 69 bytes in 43 msecs (HTTP/1.1 200) 4 headers in 156 bytes (1 switches on core 0)
2026-03-31 06:21:36.244 7 INFO neutron.db.ovn_revision_numbers_db [None req-e7964421-72fb-46d0-af98-c9a685fd66a3 6014a3ef942a4f779181f7f32e4cc205 eb9d326ffed443df8dffd7e83fba917a - - default default] Successfully bumped revision number for resource 6ad23ea2-46f8-45ab-ba99-d4cc344d0173 (type: security_group_rules) to 0
2026-03-31 06:21:36.268 7 INFO neutron.db.ovn_revision_numbers_db [None req-e7964421-72fb-46d0-af98-c9a685fd66a3 6014a3ef942a4f779181f7f32e4cc205 eb9d326ffed443df8dffd7e83fba917a - - default default] Successfully bumped revision number for resource 8901b03a-2582-434a-bad3-20fa85d2cd95 (type: security_group_rules) to 0
2026-03-31 06:21:36.344 7 INFO neutron.db.segments_db [None req-e7964421-72fb-46d0-af98-c9a685fd66a3 6014a3ef942a4f779181f7f32e4cc205 eb9d326ffed443df8dffd7e83fba917a - - default default] Added segment ae31ae7e-032c-4040-8f34-d367276903fe of type geneve for network 3a5a95bf-3f2a-4cb7-8a96-17f99328658a
2026-03-31 06:21:36.494 7 INFO neutron.db.ovn_revision_numbers_db [None req-e7964421-72fb-46d0-af98-c9a685fd66a3 6014a3ef942a4f779181f7f32e4cc205 eb9d326ffed443df8dffd7e83fba917a - - default default] Successfully bumped revision number for resource 3a5a95bf-3f2a-4cb7-8a96-17f99328658a (type: networks) to 1
2026-03-31 06:21:36.521 8 INFO neutron_taas.services.taas.taas_plugin [None req-dd8034f6-15d4-47c7-98c7-c9da4fab4e7d 0b2887dc196c4bc399219c9706ed5327 ade217b9f5f643fabcb37e654815e1e2 - - default default] TaaS: Handle Delete Port: 91a04e5f-eef8-4197-9138-4ef7bbf57d92
2026-03-31 06:21:36.524 8 INFO neutron_taas.services.taas.tap_mirror_plugin [None req-dd8034f6-15d4-47c7-98c7-c9da4fab4e7d 0b2887dc196c4bc399219c9706ed5327 ade217b9f5f643fabcb37e654815e1e2 - - default default] Tap Mirror: Handle Delete Port: 91a04e5f-eef8-4197-9138-4ef7bbf57d92
2026-03-31 06:21:36.683 7 WARNING neutron.scheduler.dhcp_agent_scheduler [None req-e7964421-72fb-46d0-af98-c9a685fd66a3 6014a3ef942a4f779181f7f32e4cc205 eb9d326ffed443df8dffd7e83fba917a - - default default] No more DHCP agents
2026-03-31 06:21:36.684 7 WARNING neutron.api.rpc.agentnotifiers.dhcp_rpc_agent_api [None req-e7964421-72fb-46d0-af98-c9a685fd66a3 6014a3ef942a4f779181f7f32e4cc205 eb9d326ffed443df8dffd7e83fba917a - - default default] Unable to schedule network 3a5a95bf-3f2a-4cb7-8a96-17f99328658a: no agents available; will retry on subsequent port and subnet creation events.
2026-03-31 06:21:36.821 7 INFO neutron.db.ovn_revision_numbers_db [None req-e7964421-72fb-46d0-af98-c9a685fd66a3 6014a3ef942a4f779181f7f32e4cc205 eb9d326ffed443df8dffd7e83fba917a - - default default] Successfully bumped revision number for resource 31dab85d-c05a-41ed-ba70-b8517c730fef (type: ports) to 1 [pid: 7|app: 0|req: 800/1506] 10.0.0.135 () {34 vars in 671 bytes} [Tue Mar 31 06:21:35 2026] POST /v2.0/networks => generated 671 bytes in 1098 msecs (HTTP/1.1 201) 4 headers in 162 bytes (1 switches on core 0) [pid: 7|app: 0|req: 801/1507] 10.0.0.224 () {34 vars in 982 bytes} [Tue Mar 31 06:21:36 2026] GET /v2.0/networks?id=ae135ea2-7f99-4156-95da-4c3478f30c38 => generated 714 bytes in 37 msecs (HTTP/1.1 200) 4 headers in 157 bytes (1 switches on core 0) [pid: 7|app: 0|req: 802/1508] 10.0.0.135 () {32 vars in 723 bytes} [Tue Mar 31 06:21:36 2026] GET /v2.0/networks/1e4785ec-3442-43c7-b16b-6940f5265dc2 => generated 692 bytes in 67 msecs (HTTP/1.1 200) 4 headers in 157 bytes (1 switches on core 0) [pid: 8|app: 0|req: 707/1509] 10.0.0.135 () {34 vars in 789 bytes} [Tue Mar 31 06:21:36 2026] PUT /v2.0/routers/a3cab5ea-d9da-4ea5-a37e-08ffa6eb78f6/remove_router_interface => generated 309 bytes in 962 msecs (HTTP/1.1 200) 4 headers in 157 bytes (1 switches on core 0) /var/lib/openstack/lib/python3.12/site-packages/pycadf/identifier.py:70: UserWarning: Invalid uuid: neutron. To ensure interoperability, identifiers should be a valid uuid. warnings.warn(('Invalid uuid: %s. To ensure interoperability, ' [pid: 8|app: 0|req: 708/1510] 10.0.0.224 () {34 vars in 965 bytes} [Tue Mar 31 06:21:37 2026] GET /v2.0/quotas/213f8408b6bd4df4a376d70614afbc6e => generated 292 bytes in 11 msecs (HTTP/1.1 200) 4 headers in 157 bytes (1 switches on core 0)
2026-03-31 06:21:37.526 8 INFO neutron_taas.services.taas.taas_plugin [None req-ffbe0ff6-28c2-4dc3-bb9c-e6f6abe3de5d 0b2887dc196c4bc399219c9706ed5327 ade217b9f5f643fabcb37e654815e1e2 - - default default] TaaS: Handle Delete Port: 0ba4b311-9979-4b80-9c1c-b73671b8047a
2026-03-31 06:21:37.530 8 INFO neutron_taas.services.taas.tap_mirror_plugin [None req-ffbe0ff6-28c2-4dc3-bb9c-e6f6abe3de5d 0b2887dc196c4bc399219c9706ed5327 ade217b9f5f643fabcb37e654815e1e2 - - default default] Tap Mirror: Handle Delete Port: 0ba4b311-9979-4b80-9c1c-b73671b8047a
2026-03-31 06:21:37.873 7 WARNING neutron.scheduler.dhcp_agent_scheduler [None req-295bf076-06e9-4bf5-9447-812db0b18419 6014a3ef942a4f779181f7f32e4cc205 eb9d326ffed443df8dffd7e83fba917a - - default default] No more DHCP agents
2026-03-31 06:21:37.874 7 WARNING neutron.api.rpc.agentnotifiers.dhcp_rpc_agent_api [None req-295bf076-06e9-4bf5-9447-812db0b18419 6014a3ef942a4f779181f7f32e4cc205 eb9d326ffed443df8dffd7e83fba917a - - default default] Unable to schedule network 4ef9fcbd-47d4-4f5d-98f4-c7fec7faef5c: no agents available; will retry on subsequent port and subnet creation events. [pid: 8|app: 0|req: 709/1511] 10.0.0.135 () {32 vars in 724 bytes} [Tue Mar 31 06:21:37 2026] DELETE /v2.0/routers/a3cab5ea-d9da-4ea5-a37e-08ffa6eb78f6 => generated 0 bytes in 762 msecs (HTTP/1.1 204) 2 headers in 112 bytes (1 switches on core 0)
2026-03-31 06:21:38.061 7 INFO neutron.db.ovn_revision_numbers_db [None req-295bf076-06e9-4bf5-9447-812db0b18419 6014a3ef942a4f779181f7f32e4cc205 eb9d326ffed443df8dffd7e83fba917a - - default default] Successfully bumped revision number for resource fb062689-da14-4c87-b224-725d835ad8f9 (type: ports) to 1 [pid: 8|app: 0|req: 710/1512] 10.0.0.224 () {34 vars in 1002 bytes} [Tue Mar 31 06:21:37 2026] GET /v2.0/ports?tenant_id=213f8408b6bd4df4a376d70614afbc6e&fields=id => generated 103 bytes in 113 msecs (HTTP/1.1 200) 4 headers in 157 bytes (1 switches on core 0)
2026-03-31 06:21:38.138 8 INFO neutron.pecan_wsgi.hooks.translation [None req-83b7d7a0-a157-4706-9c6f-a99aed55d329 531d9d4dc65f448f84adc5277e24fde5 d714a5f6d8d84d528c974df192a69d43 - - default default] GET failed (client error): The resource could not be found. [pid: 8|app: 0|req: 711/1513] 10.0.0.135 () {32 vars in 723 bytes} [Tue Mar 31 06:21:38 2026] GET /v2.0/networks/1e4785ec-3442-43c7-b16b-6940f5265dc2 => generated 138 bytes in 61 msecs (HTTP/1.1 404) 4 headers in 164 bytes (1 switches on core 0) [pid: 8|app: 0|req: 712/1514] 10.0.0.135 () {32 vars in 724 bytes} [Tue Mar 31 06:21:38 2026] DELETE /v2.0/subnets/cecdc97d-550c-4994-bc0d-6b3131d9bb24 => generated 0 bytes in 137 msecs (HTTP/1.1 204) 3 headers in 131 bytes (1 switches on core 0) [pid: 8|app: 0|req: 713/1515] 10.0.0.224 () {34 vars in 1008 bytes} [Tue Mar 31 06:21:38 2026] GET /v2.0/networks/ae135ea2-7f99-4156-95da-4c3478f30c38?fields=segments => generated 14 bytes in 34 msecs (HTTP/1.1 200) 4 headers in 156 bytes (1 switches on core 0)
2026-03-31 06:21:38.446 8 INFO neutron_taas.services.taas.taas_plugin [None req-81418fab-99a4-460e-bb7f-654b0d45cbcf f774926754c8414c894d2502cb57ad4e cfa19d12fd6b4cfcb377e865e836306a - - default default] TaaS: Handle Delete Port: e3036d0e-61ed-4a5d-944d-a476729017b2
2026-03-31 06:21:38.449 8 INFO neutron_taas.services.taas.tap_mirror_plugin [None req-81418fab-99a4-460e-bb7f-654b0d45cbcf f774926754c8414c894d2502cb57ad4e cfa19d12fd6b4cfcb377e865e836306a - - default default] Tap Mirror: Handle Delete Port: e3036d0e-61ed-4a5d-944d-a476729017b2
2026-03-31 06:21:38.579 7 INFO neutron.plugins.ml2.drivers.ovn.mech_driver.ovsdb.commands [-] Schedule LRP lrp-fb062689-da14-4c87-b224-725d835ad8f9 on gateway 0ad169be-09c5-4ef7-bc6f-8edeb7ec8df7 with priority 1
2026-03-31 06:21:38.669 8 INFO neutron.plugins.ml2.drivers.ovn.mech_driver.ovsdb.ovsdb_monitor [None req-47d59b18-0c6b-410c-a785-feae552ee6bf - - - - - -] Router 60cc2ffd-56ec-406b-afab-49af47feae21 is bound to host instance
2026-03-31 06:21:38.750 7 INFO neutron.db.ovn_revision_numbers_db [None req-295bf076-06e9-4bf5-9447-812db0b18419 6014a3ef942a4f779181f7f32e4cc205 eb9d326ffed443df8dffd7e83fba917a - - default default] Successfully bumped revision number for resource fb062689-da14-4c87-b224-725d835ad8f9 (type: router_ports) to 1
2026-03-31 06:21:38.818 7 INFO neutron.db.ovn_revision_numbers_db [None req-295bf076-06e9-4bf5-9447-812db0b18419 6014a3ef942a4f779181f7f32e4cc205 eb9d326ffed443df8dffd7e83fba917a - - default default] Successfully bumped revision number for resource 60cc2ffd-56ec-406b-afab-49af47feae21 (type: routers) to 2 [pid: 7|app: 0|req: 803/1516] 10.0.0.135 () {34 vars in 669 bytes} [Tue Mar 31 06:21:36 2026] POST /v2.0/routers => generated 955 bytes in 1868 msecs (HTTP/1.1 201) 4 headers in 162 bytes (1 switches on core 0)
2026-03-31 06:21:38.957 7 INFO neutron_taas.services.taas.taas_plugin [None req-8db52812-5285-4000-8caa-8aca3f047436 0b2887dc196c4bc399219c9706ed5327 ade217b9f5f643fabcb37e654815e1e2 - - default default] TaaS: Handle Delete Port: ba80b254-2c4d-45d5-96a5-7203f1424b9c
2026-03-31 06:21:38.960 7 INFO neutron_taas.services.taas.tap_mirror_plugin [None req-8db52812-5285-4000-8caa-8aca3f047436 0b2887dc196c4bc399219c9706ed5327 ade217b9f5f643fabcb37e654815e1e2 - - default default] Tap Mirror: Handle Delete Port: ba80b254-2c4d-45d5-96a5-7203f1424b9c
2026-03-31 06:21:39.057 8 INFO neutron.services.segments.plugin [-] Segment a3b3eb8a-1a09-4262-8546-50742710344b resource provider aggregate not found
2026-03-31 06:21:39.071 8 INFO neutron.services.segments.plugin [-] Segment a3b3eb8a-1a09-4262-8546-50742710344b resource provider aggregate not found
2026-03-31 06:21:39.082 8 INFO neutron.services.segments.plugin [-] Segment a3b3eb8a-1a09-4262-8546-50742710344b resource provider not found; error: Placement Client Error (4xx): {"errors": [{"status": 404, "title": "Not Found", "detail": "The resource could not be found.\n\n No resource provider with uuid a3b3eb8a-1a09-4262-8546-50742710344b found for delete ", "request_id": "req-81ab769a-18f8-474e-96df-b0079a30284e"}]}
2026-03-31 06:21:39.090 8 INFO neutron.services.segments.plugin [-] Segment a3b3eb8a-1a09-4262-8546-50742710344b resource provider not found; error: Placement Client Error (4xx): {"errors": [{"status": 404, "title": "Not Found", "detail": "The resource could not be found.\n\n No resource provider with uuid a3b3eb8a-1a09-4262-8546-50742710344b found for delete ", "request_id": "req-be7814e6-30ba-454c-8c6f-62523b3c0b72"}]}
2026-03-31 06:21:39.129 7 INFO neutron.services.segments.plugin [-] Segment 46895228-3eec-4790-88e4-148edc751d87 resource provider aggregate not found
2026-03-31 06:21:39.135 7 INFO neutron.services.segments.plugin [-] Segment 46895228-3eec-4790-88e4-148edc751d87 resource provider aggregate not found
2026-03-31 06:21:39.153 7 INFO neutron.services.segments.plugin [-] Segment 46895228-3eec-4790-88e4-148edc751d87 resource provider not found; error: Placement Client Error (4xx): {"errors": [{"status": 404, "title": "Not Found", "detail": "The resource could not be found.\n\n No resource provider with uuid 46895228-3eec-4790-88e4-148edc751d87 found for delete ", "request_id": "req-0c37c46a-3d27-4a0c-a3d2-5e4f2b7ddc0a"}]}
2026-03-31 06:21:39.154 7 INFO neutron.services.segments.plugin [-] Segment 46895228-3eec-4790-88e4-148edc751d87 resource provider not found; error: Placement Client Error (4xx): {"errors": [{"status": 404, "title": "Not Found", "detail": "The resource could not be found.\n\n No resource provider with uuid 46895228-3eec-4790-88e4-148edc751d87 found for delete ", "request_id": "req-aabaaba7-a091-44eb-87c5-2b04cc863142"}]} [pid: 7|app: 0|req: 804/1517] 10.0.0.135 () {32 vars in 726 bytes} [Tue Mar 31 06:21:38 2026] DELETE /v2.0/networks/b12459aa-404e-4299-8691-dab64040b328 => generated 0 bytes in 364 msecs (HTTP/1.1 204) 3 headers in 131 bytes (1 switches on core 0) [pid: 8|app: 0|req: 714/1518] 10.0.0.135 () {32 vars in 726 bytes} [Tue Mar 31 06:21:38 2026] DELETE /v2.0/networks/1e4785ec-3442-43c7-b16b-6940f5265dc2 => generated 0 bytes in 918 msecs (HTTP/1.1 204) 3 headers in 131 bytes (1 switches on core 0) [pid: 7|app: 0|req: 805/1519] 10.0.0.224 () {34 vars in 1108 bytes} [Tue Mar 31 06:21:39 2026] GET /v2.0/networks/ae135ea2-7f99-4156-95da-4c3478f30c38?fields=provider%3Aphysical_network&fields=provider%3Anetwork_type => generated 79 bytes in 38 msecs (HTTP/1.1 200) 4 headers in 156 bytes (1 switches on core 0)
2026-03-31 06:21:39.248 7 INFO neutron.pecan_wsgi.hooks.translation [None req-1a4cf9db-9c9f-4986-a5eb-637276cdc799 f774926754c8414c894d2502cb57ad4e cfa19d12fd6b4cfcb377e865e836306a - - default default] DELETE failed (client error): The resource could not be found. [pid: 7|app: 0|req: 806/1520] 10.0.0.135 () {32 vars in 724 bytes} [Tue Mar 31 06:21:39 2026] DELETE /v2.0/subnets/a97ee93f-1be7-44ee-8b80-2b31c9801dfe => generated 136 bytes in 11 msecs (HTTP/1.1 404) 4 headers in 164 bytes (1 switches on core 0)
2026-03-31 06:21:39.263 7 INFO neutron.pecan_wsgi.hooks.translation [None req-23395a0c-650f-4e8f-b996-41153c259e50 f774926754c8414c894d2502cb57ad4e cfa19d12fd6b4cfcb377e865e836306a - - default default] DELETE failed (client error): The resource could not be found. [pid: 7|app: 0|req: 807/1521] 10.0.0.135 () {32 vars in 724 bytes} [Tue Mar 31 06:21:39 2026] DELETE /v2.0/subnets/1ae5d3c7-1c01-4ca7-8fa9-bcc4a670b1c3 => generated 136 bytes in 12 msecs (HTTP/1.1 404) 4 headers in 164 bytes (1 switches on core 0)
2026-03-31 06:21:39.279 7 INFO neutron.pecan_wsgi.hooks.translation [None req-60f659ea-7dc6-447b-be7f-08be5184ac13 f774926754c8414c894d2502cb57ad4e cfa19d12fd6b4cfcb377e865e836306a - - default default] DELETE failed (client error): The resource could not be found. [pid: 7|app: 0|req: 808/1522] 10.0.0.135 () {32 vars in 724 bytes} [Tue Mar 31 06:21:39 2026] DELETE /v2.0/subnets/aa156d89-1d77-416a-b0d3-de317d9d4fbe => generated 136 bytes in 10 msecs (HTTP/1.1 404) 4 headers in 164 bytes (1 switches on core 0) [pid: 8|app: 0|req: 715/1523] 10.0.0.135 () {32 vars in 776 bytes} [Tue Mar 31 06:21:39 2026] GET /v2.0/subnets?project_id=eb9d326ffed443df8dffd7e83fba917a&cidr=10.100.0.0%2F28 => generated 14 bytes in 65 msecs (HTTP/1.1 200) 4 headers in 156 bytes (1 switches on core 0) [pid: 7|app: 0|req: 809/1524] 10.0.0.135 () {32 vars in 694 bytes} [Tue Mar 31 06:21:39 2026] GET /v2.0/networks?router%3Aexternal=True => generated 791 bytes in 48 msecs (HTTP/1.1 200) 4 headers in 157 bytes (1 switches on core 0) [pid: 7|app: 0|req: 810/1525] 10.0.0.224 () {34 vars in 990 bytes} [Tue Mar 31 06:21:39 2026] GET /v2.0/ports?device_id=36e69de5-d8c1-4eec-8632-19edea4ac7f7 => generated 12 bytes in 26 msecs (HTTP/1.1 200) 4 headers in 156 bytes (1 switches on core 0) [pid: 8|app: 0|req: 716/1526] 10.0.0.135 () {32 vars in 784 bytes} [Tue Mar 31 06:21:39 2026] GET /v2.0/subnets?network_id=4ef9fcbd-47d4-4f5d-98f4-c7fec7faef5c&cidr=10.100.0.0%2F28 => generated 14 bytes in 47 msecs (HTTP/1.1 200) 4 headers in 156 bytes (1 switches on core 0)
2026-03-31 06:21:39.569 7 WARNING neutron.scheduler.dhcp_agent_scheduler [None req-1ff60a4c-268b-4fc1-8745-b8e5f9daeec3 6014a3ef942a4f779181f7f32e4cc205 eb9d326ffed443df8dffd7e83fba917a - - default default] No more DHCP agents
2026-03-31 06:21:39.571 7 WARNING neutron.api.rpc.agentnotifiers.dhcp_rpc_agent_api [None req-1ff60a4c-268b-4fc1-8745-b8e5f9daeec3 6014a3ef942a4f779181f7f32e4cc205 eb9d326ffed443df8dffd7e83fba917a - - default default] Unable to schedule network 3a5a95bf-3f2a-4cb7-8a96-17f99328658a: no agents available; will retry on subsequent port and subnet creation events.
2026-03-31 06:21:39.719 8 INFO neutron.db.ovn_revision_numbers_db [None req-4abf3c01-40b2-40e2-a5f6-dcff7f4e2f75 - - - - - -] Successfully bumped revision number for resource fb062689-da14-4c87-b224-725d835ad8f9 (type: ports) to 4 [pid: 8|app: 0|req: 717/1527] 10.0.0.135 () {32 vars in 774 bytes} [Tue Mar 31 06:21:39 2026] GET /v2.0/security-groups?tenant_id=ade217b9f5f643fabcb37e654815e1e2&name=default => generated 2925 bytes in 217 msecs (HTTP/1.1 200) 4 headers in 158 bytes (1 switches on core 0)
2026-03-31 06:21:40.052 7 INFO neutron.db.ovn_revision_numbers_db [None req-3575d67f-1fd7-4f60-b42d-84d434d95714 - - - - - -] Successfully bumped revision number for resource 31dab85d-c05a-41ed-ba70-b8517c730fef (type: ports) to 2
2026-03-31 06:21:40.082 7 INFO neutron.db.ovn_revision_numbers_db [None req-3575d67f-1fd7-4f60-b42d-84d434d95714 - - - - - -] Successfully bumped revision number for resource 0b1ac4cb-22cd-4be4-aefd-4d86780f477a (type: subnets) to 0 [pid: 7|app: 0|req: 811/1528] 10.0.0.135 () {34 vars in 669 bytes} [Tue Mar 31 06:21:39 2026] POST /v2.0/subnets => generated 657 bytes in 698 msecs (HTTP/1.1 201) 4 headers in 162 bytes (1 switches on core 0)
2026-03-31 06:21:40.203 8 INFO neutron.db.ovn_revision_numbers_db [None req-4abf3c01-40b2-40e2-a5f6-dcff7f4e2f75 - - - - - -] Successfully bumped revision number for resource fb062689-da14-4c87-b224-725d835ad8f9 (type: ports) to 5
2026-03-31 06:21:40.338 7 INFO neutron.db.ovn_revision_numbers_db [None req-8df71853-6f05-48ec-ade3-3f79bc2ebedd f65637590aca47999e5bdd8487b51307 6f8bfadbd058458888f2b589d1e2a3dc - - default default] Successfully bumped revision number for resource 52ce7dca-823a-401b-8ae8-e8ce05efa208 (type: security_groups) to 1
2026-03-31 06:21:40.353 7 INFO neutron.db.ovn_revision_numbers_db [None req-8df71853-6f05-48ec-ade3-3f79bc2ebedd f65637590aca47999e5bdd8487b51307 6f8bfadbd058458888f2b589d1e2a3dc - - default default] Successfully bumped revision number for resource 688b7094-0b03-4335-aa56-96a6389cccfc (type: security_group_rules) to 0
2026-03-31 06:21:40.364 7 INFO neutron.db.ovn_revision_numbers_db [None req-8df71853-6f05-48ec-ade3-3f79bc2ebedd f65637590aca47999e5bdd8487b51307 6f8bfadbd058458888f2b589d1e2a3dc - - default default] Successfully bumped revision number for resource 6d2eab21-812b-42b7-bd27-b1e09364093f (type: security_group_rules) to 0
2026-03-31 06:21:40.377 7 INFO neutron.db.ovn_revision_numbers_db [None req-8df71853-6f05-48ec-ade3-3f79bc2ebedd f65637590aca47999e5bdd8487b51307 6f8bfadbd058458888f2b589d1e2a3dc - - default default] Successfully bumped revision number for resource 874c0f35-e559-456c-9977-d51dbd4c00d3 (type: security_group_rules) to 0
2026-03-31 06:21:40.390 7 INFO neutron.db.ovn_revision_numbers_db [None req-8df71853-6f05-48ec-ade3-3f79bc2ebedd f65637590aca47999e5bdd8487b51307 6f8bfadbd058458888f2b589d1e2a3dc - - default default] Successfully bumped revision number for resource d58a9025-a416-4899-89d5-793dea6d641f (type: security_group_rules) to 0 [pid: 7|app: 0|req: 812/1529] 10.0.0.135 () {32 vars in 774 bytes} [Tue Mar 31 06:21:40 2026] GET /v2.0/security-groups?tenant_id=278a04424ede4a69b6702344267665d1&name=default => generated 2925 bytes in 340 msecs (HTTP/1.1 200) 4 headers in 158 bytes (1 switches on core 0) [pid: 8|app: 0|req: 718/1530] 10.0.0.135 () {32 vars in 740 bytes} [Tue Mar 31 06:21:39 2026] DELETE /v2.0/security-groups/c2500953-1ed9-494f-99d0-3c864af2dab1 => generated 0 bytes in 535 msecs (HTTP/1.1 204) 2 headers in 112 bytes (1 switches on core 0) [pid: 8|app: 0|req: 721/1533] 10.0.0.135 () {32 vars in 740 bytes} [Tue Mar 31 06:21:40 2026] DELETE /v2.0/security-groups/52ce7dca-823a-401b-8ae8-e8ce05efa208 => generated 0 bytes in 253 msecs (HTTP/1.1 204) 2 headers in 112 bytes (1 switches on core 0) [pid: 8|app: 0|req: 722/1534] 10.0.0.224 () {34 vars in 990 bytes} [Tue Mar 31 06:21:40 2026] GET /v2.0/ports?device_id=36e69de5-d8c1-4eec-8632-19edea4ac7f7 => generated 12 bytes in 22 msecs (HTTP/1.1 200) 4 headers in 156 bytes (1 switches on core 0) [pid: 8|app: 0|req: 723/1535] 10.0.0.135 () {32 vars in 774 bytes} [Tue Mar 31 06:21:40 2026] GET /v2.0/security-groups?tenant_id=cfa19d12fd6b4cfcb377e865e836306a&name=default => generated 2925 bytes in 26 msecs (HTTP/1.1 200) 4 headers in 158 bytes (1 switches on core 0)
2026-03-31 06:21:40.991 7 WARNING neutron.scheduler.dhcp_agent_scheduler [None req-42bd47d3-c1a9-459a-b402-02171b500ac7 6014a3ef942a4f779181f7f32e4cc205 eb9d326ffed443df8dffd7e83fba917a - - default default] No more DHCP agents
2026-03-31 06:21:40.992 7 WARNING neutron.api.rpc.agentnotifiers.dhcp_rpc_agent_api [None req-42bd47d3-c1a9-459a-b402-02171b500ac7 6014a3ef942a4f779181f7f32e4cc205 eb9d326ffed443df8dffd7e83fba917a - - default default] Unable to schedule network 3a5a95bf-3f2a-4cb7-8a96-17f99328658a: no agents available; will retry on subsequent port and subnet creation events.
2026-03-31 06:21:41.000 8 WARNING neutron.plugins.ml2.drivers.ovn.mech_driver.ovsdb.ovn_client [None req-2197dc3b-bebf-4431-855c-a1e150be9c99 - - - - - -] No hosting information found for port 81410010-a81b-4803-88a0-8692945291c6: RuntimeError: No hosting information found for port 81410010-a81b-4803-88a0-8692945291c6
2026-03-31 06:21:41.156 8 INFO neutron.db.ovn_revision_numbers_db [None req-2197dc3b-bebf-4431-855c-a1e150be9c99 - - - - - -] Successfully bumped revision number for resource 81410010-a81b-4803-88a0-8692945291c6 (type: router_ports) to 2
2026-03-31 06:21:41.189 8 INFO neutron.plugins.ml2.drivers.ovn.mech_driver.mech_driver [None req-2197dc3b-bebf-4431-855c-a1e150be9c99 - - - - - -] OVN reports status down for port: e3036d0e-61ed-4a5d-944d-a476729017b2
2026-03-31 06:21:41.263 7 INFO neutron.db.ovn_revision_numbers_db [None req-42bd47d3-c1a9-459a-b402-02171b500ac7 6014a3ef942a4f779181f7f32e4cc205 eb9d326ffed443df8dffd7e83fba917a - - default default] Successfully bumped revision number for resource 9848f2ff-f72a-448a-8e21-85c50382fd93 (type: ports) to 1
2026-03-31 06:21:41.330 8 INFO neutron.plugins.ml2.drivers.ovn.mech_driver.mech_driver [None req-2197dc3b-bebf-4431-855c-a1e150be9c99 - - - - - -] OVN reports status down for port: 31dab85d-c05a-41ed-ba70-b8517c730fef [pid: 8|app: 0|req: 724/1536] 10.0.0.135 () {32 vars in 740 bytes} [Tue Mar 31 06:21:40 2026] DELETE /v2.0/security-groups/c1b77c46-9424-4042-b005-cbbf7d2f0cf9 => generated 0 bytes in 471 msecs (HTTP/1.1 204) 2 headers in 112 bytes (1 switches on core 0)
2026-03-31 06:21:41.412 8 INFO neutron.plugins.ml2.drivers.ovn.mech_driver.mech_driver [None req-2197dc3b-bebf-4431-855c-a1e150be9c99 - - - - - -] OVN reports status down for port: fb062689-da14-4c87-b224-725d835ad8f9 /var/lib/openstack/lib/python3.12/site-packages/pycadf/identifier.py:70: UserWarning: Invalid uuid: neutron. To ensure interoperability, identifiers should be a valid uuid. warnings.warn(('Invalid uuid: %s. To ensure interoperability, '
2026-03-31 06:21:41.709 8 INFO neutron.db.ovn_revision_numbers_db [None req-fd47c754-28e8-4365-95d5-5cc4595db3cb f65637590aca47999e5bdd8487b51307 6f8bfadbd058458888f2b589d1e2a3dc - - default default] Successfully bumped revision number for resource 1d38cbf3-a3e0-43ca-b76d-0282e154d79f (type: security_groups) to 1
2026-03-31 06:21:41.730 8 INFO neutron.db.ovn_revision_numbers_db [None req-fd47c754-28e8-4365-95d5-5cc4595db3cb f65637590aca47999e5bdd8487b51307 6f8bfadbd058458888f2b589d1e2a3dc - - default default] Successfully bumped revision number for resource 2dea6d62-e8ee-4caa-a829-485f3dcecb04 (type: security_group_rules) to 0
2026-03-31 06:21:41.757 8 INFO neutron.db.ovn_revision_numbers_db [None req-fd47c754-28e8-4365-95d5-5cc4595db3cb f65637590aca47999e5bdd8487b51307 6f8bfadbd058458888f2b589d1e2a3dc - - default default] Successfully bumped revision number for resource 64df9a9d-d616-4aba-a109-f39b2254c378 (type: security_group_rules) to 0
2026-03-31 06:21:41.777 8 INFO neutron.db.ovn_revision_numbers_db [None req-fd47c754-28e8-4365-95d5-5cc4595db3cb f65637590aca47999e5bdd8487b51307 6f8bfadbd058458888f2b589d1e2a3dc - - default default] Successfully bumped revision number for resource 860866f0-dbee-4cfd-9661-2bd62b744dae (type: security_group_rules) to 0
2026-03-31 06:21:41.794 8 INFO neutron.db.ovn_revision_numbers_db [None req-fd47c754-28e8-4365-95d5-5cc4595db3cb f65637590aca47999e5bdd8487b51307 6f8bfadbd058458888f2b589d1e2a3dc - - default default] Successfully bumped revision number for resource caddce49-2fab-4250-b212-4476e8db68fc (type: security_group_rules) to 0 [pid: 8|app: 0|req: 725/1537] 10.0.0.135 () {32 vars in 774 bytes} [Tue Mar 31 06:21:41 2026] GET /v2.0/security-groups?tenant_id=d714a5f6d8d84d528c974df192a69d43&name=default => generated 2925 bytes in 422 msecs (HTTP/1.1 200) 4 headers in 158 bytes (1 switches on core 0) [pid: 8|app: 0|req: 726/1538] 10.0.0.224 () {34 vars in 990 bytes} [Tue Mar 31 06:21:41 2026] GET /v2.0/ports?device_id=36e69de5-d8c1-4eec-8632-19edea4ac7f7 => generated 12 bytes in 34 msecs (HTTP/1.1 200) 4 headers in 156 bytes (1 switches on core 0)
2026-03-31 06:21:42.033 7 WARNING neutron.scheduler.dhcp_agent_scheduler [None req-42bd47d3-c1a9-459a-b402-02171b500ac7 6014a3ef942a4f779181f7f32e4cc205 eb9d326ffed443df8dffd7e83fba917a - - default default] No more DHCP agents
2026-03-31 06:21:42.035 7 WARNING neutron.api.rpc.agentnotifiers.dhcp_rpc_agent_api [None req-42bd47d3-c1a9-459a-b402-02171b500ac7 6014a3ef942a4f779181f7f32e4cc205 eb9d326ffed443df8dffd7e83fba917a - - default default] Unable to schedule network 3a5a95bf-3f2a-4cb7-8a96-17f99328658a: no agents available; will retry on subsequent port and subnet creation events.
2026-03-31 06:21:42.059 8 INFO neutron.db.ovn_revision_numbers_db [None req-2197dc3b-bebf-4431-855c-a1e150be9c99 - - - - - -] Successfully bumped revision number for resource fb062689-da14-4c87-b224-725d835ad8f9 (type: ports) to 6
2026-03-31 06:21:42.195 8 WARNING neutron.plugins.ml2.drivers.ovn.mech_driver.ovsdb.ovn_client [None req-62706dcd-f0ed-4325-9622-fb519ea9e930 - - - - - -] Logical_Switch_Port fb062689-da14-4c87-b224-725d835ad8f9 host information not removed, the port state is up
2026-03-31 06:21:42.196 8 INFO neutron.plugins.ml2.drivers.ovn.mech_driver.mech_driver [None req-62706dcd-f0ed-4325-9622-fb519ea9e930 - - - - - -] OVN reports status up for port: fb062689-da14-4c87-b224-725d835ad8f9
2026-03-31 06:21:42.216 8 INFO neutron.plugins.ml2.plugin [None req-62706dcd-f0ed-4325-9622-fb519ea9e930 - - - - - -] Attempt 1 to provision port fb062689-da14-4c87-b224-725d835ad8f9 [pid: 8|app: 0|req: 727/1539] 10.0.0.135 () {32 vars in 740 bytes} [Tue Mar 31 06:21:41 2026] DELETE /v2.0/security-groups/1d38cbf3-a3e0-43ca-b76d-0282e154d79f => generated 0 bytes in 453 msecs (HTTP/1.1 204) 2 headers in 112 bytes (1 switches on core 0)
2026-03-31 06:21:42.450 7 INFO neutron.db.ovn_revision_numbers_db [None req-42bd47d3-c1a9-459a-b402-02171b500ac7 6014a3ef942a4f779181f7f32e4cc205 eb9d326ffed443df8dffd7e83fba917a - - default default] Successfully bumped revision number for resource 9848f2ff-f72a-448a-8e21-85c50382fd93 (type: router_ports) to 1 [pid: 7|app: 0|req: 813/1540] 10.0.0.135 () {34 vars in 783 bytes} [Tue Mar 31 06:21:40 2026] PUT /v2.0/routers/60cc2ffd-56ec-406b-afab-49af47feae21/add_router_interface => generated 309 bytes in 2019 msecs (HTTP/1.1 200) 4 headers in 157 bytes (1 switches on core 0) [pid: 7|app: 0|req: 814/1541] 10.0.0.135 () {32 vars in 649 bytes} [Tue Mar 31 06:21:42 2026] GET /v2.0/networks => generated 3870 bytes in 59 msecs (HTTP/1.1 200) 4 headers in 158 bytes (1 switches on core 0) [pid: 7|app: 0|req: 815/1542] 10.0.0.135 () {32 vars in 647 bytes} [Tue Mar 31 06:21:42 2026] GET /v2.0/subnets => generated 2654 bytes in 39 msecs (HTTP/1.1 200) 4 headers in 158 bytes (1 switches on core 0) [pid: 7|app: 0|req: 816/1543] 10.0.0.135 () {32 vars in 647 bytes} [Tue Mar 31 06:21:42 2026] GET /v2.0/routers => generated 1941 bytes in 67 msecs (HTTP/1.1 200) 4 headers in 158 bytes (1 switches on core 0)
2026-03-31 06:21:42.800 8 INFO neutron.db.ovn_revision_numbers_db [None req-238cb20c-aed5-4873-b93b-e05041985fb2 73713380f0b0434eb15954d091922e28 2add16bec3b34fbeb122253efe584212 - - default default] Successfully bumped revision number for resource 224ff417-c8b4-4249-8876-708942afa0bd (type: security_groups) to 1
2026-03-31 06:21:42.821 8 INFO neutron.db.ovn_revision_numbers_db [None req-238cb20c-aed5-4873-b93b-e05041985fb2 73713380f0b0434eb15954d091922e28 2add16bec3b34fbeb122253efe584212 - - default default] Successfully bumped revision number for resource 4535508b-c69a-421b-b2c2-e1bd3eb7bf38 (type: security_group_rules) to 0
2026-03-31 06:21:42.852 8 INFO neutron.db.ovn_revision_numbers_db [None req-238cb20c-aed5-4873-b93b-e05041985fb2 73713380f0b0434eb15954d091922e28 2add16bec3b34fbeb122253efe584212 - - default default] Successfully bumped revision number for resource 839753d7-5839-40b8-a773-6ecfa6b01eed (type: security_group_rules) to 0
2026-03-31 06:21:42.854 8 INFO neutron.db.ovn_revision_numbers_db [None req-62706dcd-f0ed-4325-9622-fb519ea9e930 - - - - - -] Successfully bumped revision number for resource fb062689-da14-4c87-b224-725d835ad8f9 (type: ports) to 7
2026-03-31 06:21:42.866 7 INFO neutron.db.ovn_revision_numbers_db [None req-6572ab40-c785-465f-8a0b-fc7d202978bc 6014a3ef942a4f779181f7f32e4cc205 eb9d326ffed443df8dffd7e83fba917a - - default default] Successfully bumped revision number for resource 40107187-f303-408c-b543-04ba2012d2ce (type: security_groups) to 1
2026-03-31 06:21:42.898 8 INFO neutron.db.ovn_revision_numbers_db [None req-238cb20c-aed5-4873-b93b-e05041985fb2 73713380f0b0434eb15954d091922e28 2add16bec3b34fbeb122253efe584212 - - default default] Successfully bumped revision number for resource 973f5295-544e-4878-b01d-9dc61196b163 (type: security_group_rules) to 0
2026-03-31 06:21:42.921 7 INFO neutron.db.ovn_revision_numbers_db [None req-6572ab40-c785-465f-8a0b-fc7d202978bc 6014a3ef942a4f779181f7f32e4cc205 eb9d326ffed443df8dffd7e83fba917a - - default default] Successfully bumped revision number for resource 2d95abf7-012e-4860-a1c0-5e568b989416 (type: security_group_rules) to 0
2026-03-31 06:21:42.942 7 INFO neutron.db.ovn_revision_numbers_db [None req-6572ab40-c785-465f-8a0b-fc7d202978bc 6014a3ef942a4f779181f7f32e4cc205 eb9d326ffed443df8dffd7e83fba917a - - default default] Successfully bumped revision number for resource 7fd1041c-fc0a-4bf3-a990-4806feb3f2fb (type: security_group_rules) to 0
2026-03-31 06:21:42.952 8 INFO neutron.db.ovn_revision_numbers_db [None req-238cb20c-aed5-4873-b93b-e05041985fb2 73713380f0b0434eb15954d091922e28 2add16bec3b34fbeb122253efe584212 - - default default] Successfully bumped revision number for resource 9ca301e0-4c18-40c1-bf0a-711824c90487 (type: security_group_rules) to 0 [pid: 7|app: 0|req: 817/1544] 10.0.0.135 () {34 vars in 685 bytes} [Tue Mar 31 06:21:42 2026] POST /v2.0/security-groups => generated 1673 bytes in 320 msecs (HTTP/1.1 201) 4 headers in 163 bytes (1 switches on core 0) [pid: 7|app: 0|req: 818/1545] 10.0.0.224 () {34 vars in 990 bytes} [Tue Mar 31 06:21:42 2026] GET /v2.0/ports?device_id=36e69de5-d8c1-4eec-8632-19edea4ac7f7 => generated 12 bytes in 17 msecs (HTTP/1.1 200) 4 headers in 156 bytes (1 switches on core 0)
2026-03-31 06:21:43.018 8 INFO neutron.plugins.ml2.drivers.ovn.mech_driver.mech_driver [None req-467383f6-220f-4caa-a314-1c6c94ec4dc8 - - - - - -] OVN reports status down for port: 9848f2ff-f72a-448a-8e21-85c50382fd93
2026-03-31 06:21:43.060 8 INFO neutron.db.segments_db [None req-238cb20c-aed5-4873-b93b-e05041985fb2 73713380f0b0434eb15954d091922e28 2add16bec3b34fbeb122253efe584212 - - default default] Added segment 1a0ffd8b-60e9-4006-b102-22be28da7177 of type geneve for network 572f39ae-cf1f-452a-abdd-3ba83a58ce85
2026-03-31 06:21:43.124 8 WARNING neutron.plugins.ml2.drivers.ovn.mech_driver.ovsdb.ovn_client [None req-467383f6-220f-4caa-a314-1c6c94ec4dc8 - - - - - -] Logical_Switch_Port 9848f2ff-f72a-448a-8e21-85c50382fd93 host information not removed, the port state is up
2026-03-31 06:21:43.124 8 INFO neutron.plugins.ml2.drivers.ovn.mech_driver.mech_driver [None req-467383f6-220f-4caa-a314-1c6c94ec4dc8 - - - - - -] OVN reports status up for port: 9848f2ff-f72a-448a-8e21-85c50382fd93
2026-03-31 06:21:43.168 8 INFO neutron.plugins.ml2.plugin [None req-467383f6-220f-4caa-a314-1c6c94ec4dc8 - - - - - -] Attempt 1 to provision port 9848f2ff-f72a-448a-8e21-85c50382fd93
2026-03-31 06:21:43.178 7 INFO neutron.db.ovn_revision_numbers_db [None req-2be45a4c-fc8e-49e6-9a89-e98b8f69c2c5 6014a3ef942a4f779181f7f32e4cc205 eb9d326ffed443df8dffd7e83fba917a - - default default] Successfully bumped revision number for resource 01e327f8-adc4-4612-bcf2-fee8403684d4 (type: security_group_rules) to 0 [pid: 7|app: 0|req: 819/1546] 10.0.0.135 () {34 vars in 695 bytes} [Tue Mar 31 06:21:43 2026] POST /v2.0/security-group-rules => generated 597 bytes in 214 msecs (HTTP/1.1 201) 4 headers in 162 bytes (1 switches on core 0)
2026-03-31 06:21:43.295 8 INFO neutron.db.ovn_revision_numbers_db [None req-238cb20c-aed5-4873-b93b-e05041985fb2 73713380f0b0434eb15954d091922e28 2add16bec3b34fbeb122253efe584212 - - default default] Successfully bumped revision number for resource 572f39ae-cf1f-452a-abdd-3ba83a58ce85 (type: networks) to 1
2026-03-31 06:21:43.416 7 INFO neutron.db.ovn_revision_numbers_db [None req-c2683110-525f-4bfe-9cb4-9f35a202d9d9 6014a3ef942a4f779181f7f32e4cc205 eb9d326ffed443df8dffd7e83fba917a - - default default] Successfully bumped revision number for resource 960e82bf-66fc-48b4-bbfa-9eefe17d12a8 (type: security_group_rules) to 0 [pid: 7|app: 0|req: 820/1547] 10.0.0.135 () {34 vars in 695 bytes} [Tue Mar 31 06:21:43 2026] POST /v2.0/security-group-rules => generated 596 bytes in 224 msecs (HTTP/1.1 201) 4 headers in 162 bytes (1 switches on core 0)
2026-03-31 06:21:43.657 8 WARNING neutron.scheduler.dhcp_agent_scheduler [None req-238cb20c-aed5-4873-b93b-e05041985fb2 73713380f0b0434eb15954d091922e28 2add16bec3b34fbeb122253efe584212 - - default default] No more DHCP agents
2026-03-31 06:21:43.666 8 WARNING neutron.api.rpc.agentnotifiers.dhcp_rpc_agent_api [None req-238cb20c-aed5-4873-b93b-e05041985fb2 73713380f0b0434eb15954d091922e28 2add16bec3b34fbeb122253efe584212 - - default default] Unable to schedule network 572f39ae-cf1f-452a-abdd-3ba83a58ce85: no agents available; will retry on subsequent port and subnet creation events.
2026-03-31 06:21:43.707 7 INFO neutron.db.ovn_revision_numbers_db [None req-b7661f75-3942-49a4-9ffb-7de57e50f53e 6014a3ef942a4f779181f7f32e4cc205 eb9d326ffed443df8dffd7e83fba917a - - default default] Successfully bumped revision number for resource 920d19bb-9c2f-42ef-867a-2ad5def2dc2f (type: security_group_rules) to 0 [pid: 7|app: 0|req: 821/1548] 10.0.0.135 () {34 vars in 695 bytes} [Tue Mar 31 06:21:43 2026] POST /v2.0/security-group-rules => generated 602 bytes in 316 msecs (HTTP/1.1 201) 4 headers in 162 bytes (1 switches on core 0) [pid: 7|app: 0|req: 822/1549] 199.19.213.234 () {34 vars in 986 bytes} [Tue Mar 31 06:21:43 2026] GET /v2.0/networks?id=ae135ea2-7f99-4156-95da-4c3478f30c38 => generated 714 bytes in 58 msecs (HTTP/1.1 200) 4 headers in 157 bytes (1 switches on core 0)
2026-03-31 06:21:43.934 8 INFO neutron.db.ovn_revision_numbers_db [None req-238cb20c-aed5-4873-b93b-e05041985fb2 73713380f0b0434eb15954d091922e28 2add16bec3b34fbeb122253efe584212 - - default default] Successfully bumped revision number for resource 5c062014-508d-4150-9bce-3840830b3bca (type: ports) to 1
2026-03-31 06:21:43.999 8 INFO neutron.db.ovn_revision_numbers_db [None req-467383f6-220f-4caa-a314-1c6c94ec4dc8 - - - - - -] Successfully bumped revision number for resource 9848f2ff-f72a-448a-8e21-85c50382fd93 (type: ports) to 2 [pid: 8|app: 0|req: 728/1550] 10.0.0.135 () {34 vars in 670 bytes} [Tue Mar 31 06:21:42 2026] POST /v2.0/networks => generated 687 bytes in 1644 msecs (HTTP/1.1 201) 4 headers in 162 bytes (1 switches on core 0) [pid: 8|app: 0|req: 729/1551] 199.19.213.234 () {34 vars in 1050 bytes} [Tue Mar 31 06:21:44 2026] GET /v2.0/security-groups?fields=id&fields=name&tenant_id=213f8408b6bd4df4a376d70614afbc6e => generated 180 bytes in 106 msecs (HTTP/1.1 200) 4 headers in 157 bytes (1 switches on core 0)
2026-03-31 06:21:44.155 7 INFO neutron.db.ovn_revision_numbers_db [None req-861c5e1c-1a22-4588-a796-656268471294 6014a3ef942a4f779181f7f32e4cc205 eb9d326ffed443df8dffd7e83fba917a - - default default] Successfully bumped revision number for resource 4ebd45ed-a98e-4d3a-8478-90f0146c58d0 (type: security_group_rules) to 0 [pid: 7|app: 0|req: 823/1552] 10.0.0.135 () {34 vars in 695 bytes} [Tue Mar 31 06:21:43 2026] POST /v2.0/security-group-rules => generated 601 bytes in 376 msecs (HTTP/1.1 201) 4 headers in 162 bytes (1 switches on core 0) [pid: 7|app: 0|req: 824/1553] 10.0.0.224 () {34 vars in 990 bytes} [Tue Mar 31 06:21:44 2026] GET /v2.0/ports?device_id=36e69de5-d8c1-4eec-8632-19edea4ac7f7 => generated 12 bytes in 40 msecs (HTTP/1.1 200) 4 headers in 156 bytes (1 switches on core 0)
2026-03-31 06:21:44.458 8 WARNING neutron.scheduler.dhcp_agent_scheduler [None req-b0b45071-42aa-4743-b2a3-f6b53d703897 73713380f0b0434eb15954d091922e28 2add16bec3b34fbeb122253efe584212 - - default default] No more DHCP agents
2026-03-31 06:21:44.459 8 WARNING neutron.api.rpc.agentnotifiers.dhcp_rpc_agent_api [None req-b0b45071-42aa-4743-b2a3-f6b53d703897 73713380f0b0434eb15954d091922e28 2add16bec3b34fbeb122253efe584212 - - default default] Unable to schedule network 572f39ae-cf1f-452a-abdd-3ba83a58ce85: no agents available; will retry on subsequent port and subnet creation events.
2026-03-31 06:21:44.542 7 WARNING neutron.scheduler.dhcp_agent_scheduler [req-9087473c-4979-4b65-8358-7ad2b2fe1f15 req-5d2ed02e-5a33-49b2-8965-8cec00855d65 88c34e8d90fd4e07a3a5abe5efa2df22 213f8408b6bd4df4a376d70614afbc6e - - default default] No more DHCP agents
2026-03-31 06:21:44.544 7 WARNING neutron.api.rpc.agentnotifiers.dhcp_rpc_agent_api [req-9087473c-4979-4b65-8358-7ad2b2fe1f15 req-5d2ed02e-5a33-49b2-8965-8cec00855d65 88c34e8d90fd4e07a3a5abe5efa2df22 213f8408b6bd4df4a376d70614afbc6e - - default default] Unable to schedule network ae135ea2-7f99-4156-95da-4c3478f30c38: no agents available; will retry on subsequent port and subnet creation events.
2026-03-31 06:21:44.588 8 INFO neutron.db.ovn_revision_numbers_db [None req-b0b45071-42aa-4743-b2a3-f6b53d703897 73713380f0b0434eb15954d091922e28 2add16bec3b34fbeb122253efe584212 - - default default] Successfully bumped revision number for resource 5110f59b-c4a3-40ec-889a-4ba7fbc20a68 (type: ports) to 1 [pid: 8|app: 0|req: 730/1554] 10.0.0.135 () {34 vars in 665 bytes} [Tue Mar 31 06:21:44 2026] POST /v2.0/ports => generated 779 bytes in 518 msecs (HTTP/1.1 201) 4 headers in 162 bytes (1 switches on core 0) /var/lib/openstack/lib/python3.12/site-packages/pycadf/identifier.py:70: UserWarning: Invalid uuid: neutron. To ensure interoperability, identifiers should be a valid uuid. warnings.warn(('Invalid uuid: %s. To ensure interoperability, '
2026-03-31 06:21:44.706 8 INFO neutron.db.securitygroups_db [None req-2c03df01-e43b-4c7f-a409-efc54ef97f7f 6014a3ef942a4f779181f7f32e4cc205 eb9d326ffed443df8dffd7e83fba917a - - default default] Project eb9d326ffed443df8dffd7e83fba917a added a security group rule with legacy IPv6 ICMP protocol name icmp, ipv6-icmp should be used instead. It was automatically converted.
2026-03-31 06:21:44.753 7 INFO neutron.db.ovn_revision_numbers_db [req-9087473c-4979-4b65-8358-7ad2b2fe1f15 req-5d2ed02e-5a33-49b2-8965-8cec00855d65 88c34e8d90fd4e07a3a5abe5efa2df22 213f8408b6bd4df4a376d70614afbc6e - - default default] Successfully bumped revision number for resource 874ab0e0-4d97-4871-93c7-aea2a07eff60 (type: ports) to 1 [pid: 7|app: 0|req: 825/1555] 199.19.213.234 () {38 vars in 955 bytes} [Tue Mar 31 06:21:44 2026] POST /v2.0/ports => generated 954 bytes in 556 msecs (HTTP/1.1 201) 4 headers in 162 bytes (1 switches on core 0) /var/lib/openstack/lib/python3.12/site-packages/pycadf/identifier.py:70: UserWarning: Invalid uuid: neutron. To ensure interoperability, identifiers should be a valid uuid. warnings.warn(('Invalid uuid: %s. To ensure interoperability, '
2026-03-31 06:21:44.866 8 INFO neutron.db.ovn_revision_numbers_db [None req-2c03df01-e43b-4c7f-a409-efc54ef97f7f 6014a3ef942a4f779181f7f32e4cc205 eb9d326ffed443df8dffd7e83fba917a - - default default] Successfully bumped revision number for resource 825858a5-ac81-4fd0-978e-07739bbbd271 (type: security_group_rules) to 0
