2026-03-31 06:24:15.097 7 INFO neutron.db.ovn_revision_numbers_db [None req-abd90546-e5a6-4564-b488-0a0c653b1328 f65637590aca47999e5bdd8487b51307 6f8bfadbd058458888f2b589d1e2a3dc - - default default] Successfully bumped revision number for resource a2b37c8b-1dbc-457c-a803-c6b6f6b73ec3 (type: security_groups) to 1
2026-03-31 06:24:15.109 7 INFO neutron.db.ovn_revision_numbers_db [None req-abd90546-e5a6-4564-b488-0a0c653b1328 f65637590aca47999e5bdd8487b51307 6f8bfadbd058458888f2b589d1e2a3dc - - default default] Successfully bumped revision number for resource 6e675d8c-31a7-4e51-84f1-c10288b88f1f (type: security_group_rules) to 0
2026-03-31 06:24:15.120 7 INFO neutron.db.ovn_revision_numbers_db [None req-abd90546-e5a6-4564-b488-0a0c653b1328 f65637590aca47999e5bdd8487b51307 6f8bfadbd058458888f2b589d1e2a3dc - - default default] Successfully bumped revision number for resource 70c43b8b-75d0-4028-b244-8255ac321f94 (type: security_group_rules) to 0
2026-03-31 06:24:15.135 7 INFO neutron.db.ovn_revision_numbers_db [None req-abd90546-e5a6-4564-b488-0a0c653b1328 f65637590aca47999e5bdd8487b51307 6f8bfadbd058458888f2b589d1e2a3dc - - default default] Successfully bumped revision number for resource 84ac55e8-74d0-4579-b200-f9f9ce915a26 (type: security_group_rules) to 0
2026-03-31 06:24:15.146 7 INFO neutron.db.ovn_revision_numbers_db [None req-abd90546-e5a6-4564-b488-0a0c653b1328 f65637590aca47999e5bdd8487b51307 6f8bfadbd058458888f2b589d1e2a3dc - - default default] Successfully bumped revision number for resource e4fdbb0b-ce7c-497a-aaf8-bb6dc424e2c7 (type: security_group_rules) to 0 [pid: 7|app: 0|req: 1444/2725] 10.0.0.135 () {32 vars in 774 bytes} [Tue Mar 31 06:24:14 2026] GET /v2.0/security-groups?tenant_id=0e8caef5a3814b10ac79ea910a7c293f&name=default => generated 2929 bytes in 246 msecs (HTTP/1.1 200) 4 headers in 158 bytes (1 switches on core 0)
2026-03-31 06:24:15.306 7 INFO neutron_taas.services.taas.taas_plugin [None req-cfd29a1b-a940-44b2-846a-d868bcb8c54d f65637590aca47999e5bdd8487b51307 6f8bfadbd058458888f2b589d1e2a3dc - - default default] TaaS: Handle Delete Port: 782ff742-781f-42ba-b740-39cf31c23d73
2026-03-31 06:24:15.309 7 INFO neutron_taas.services.taas.tap_mirror_plugin [None req-cfd29a1b-a940-44b2-846a-d868bcb8c54d f65637590aca47999e5bdd8487b51307 6f8bfadbd058458888f2b589d1e2a3dc - - default default] Tap Mirror: Handle Delete Port: 782ff742-781f-42ba-b740-39cf31c23d73
2026-03-31 06:24:15.513 7 INFO neutron.services.segments.plugin [-] Segment 9b1e052a-640d-4a0d-94e4-eb5cc0997a1a resource provider aggregate not found
2026-03-31 06:24:15.518 7 INFO neutron.services.segments.plugin [-] Segment 9b1e052a-640d-4a0d-94e4-eb5cc0997a1a resource provider aggregate not found
2026-03-31 06:24:15.547 7 INFO neutron.services.segments.plugin [-] Segment 9b1e052a-640d-4a0d-94e4-eb5cc0997a1a resource provider not found; error: Placement Client Error (4xx): {"errors": [{"status": 404, "title": "Not Found", "detail": "The resource could not be found.\n\n No resource provider with uuid 9b1e052a-640d-4a0d-94e4-eb5cc0997a1a found for delete ", "request_id": "req-5b74a79a-8f4d-4cdd-a685-5a65edb55075"}]}
2026-03-31 06:24:15.550 7 INFO neutron.services.segments.plugin [-] Segment 9b1e052a-640d-4a0d-94e4-eb5cc0997a1a resource provider not found; error: Placement Client Error (4xx): {"errors": [{"status": 404, "title": "Not Found", "detail": "The resource could not be found.\n\n No resource provider with uuid 9b1e052a-640d-4a0d-94e4-eb5cc0997a1a found for delete ", "request_id": "req-a5625b02-c13c-44df-ba7c-a28314ae3610"}]} [pid: 7|app: 0|req: 1445/2726] 10.0.0.135 () {32 vars in 726 bytes} [Tue Mar 31 06:24:15 2026] DELETE /v2.0/networks/cd6ff476-5294-4270-b752-769b7da9f811 => generated 0 bytes in 387 msecs (HTTP/1.1 204) 3 headers in 131 bytes (1 switches on core 0) [pid: 7|app: 0|req: 1446/2727] 10.0.0.135 () {32 vars in 740 bytes} [Tue Mar 31 06:24:15 2026] DELETE /v2.0/security-groups/a2b37c8b-1dbc-457c-a803-c6b6f6b73ec3 => generated 0 bytes in 239 msecs (HTTP/1.1 204) 2 headers in 112 bytes (1 switches on core 0) [pid: 7|app: 0|req: 1447/2728] 10.0.0.135 () {32 vars in 774 bytes} [Tue Mar 31 06:24:15 2026] GET /v2.0/security-groups?tenant_id=c3774b1b5d464df89ab2e7f5b93b05e3&name=default => generated 2925 bytes in 20 msecs (HTTP/1.1 200) 4 headers in 158 bytes (1 switches on core 0) [pid: 7|app: 0|req: 1448/2729] 10.0.0.135 () {32 vars in 740 bytes} [Tue Mar 31 06:24:15 2026] DELETE /v2.0/security-groups/21a3431e-fbc1-41e2-a6ab-e39fe25ceb0c => generated 0 bytes in 241 msecs (HTTP/1.1 204) 2 headers in 112 bytes (1 switches on core 0)
2026-03-31 06:24:16.279 8 INFO neutron.db.ovn_revision_numbers_db [None req-caf66fcb-0329-425b-b86c-2e847ff67ff2 03ca9585e91049deae63c8eb7c040a8b 85e50fc696d54ac09ee91552d6fcea96 - - default default] Successfully bumped revision number for resource efb3ed72-e9fc-4f72-9b99-2e14662bf722 (type: routers) to 5 [pid: 8|app: 0|req: 1282/2730] 10.0.0.135 () {34 vars in 742 bytes} [Tue Mar 31 06:24:14 2026] PUT /v2.0/routers/efb3ed72-e9fc-4f72-9b99-2e14662bf722 => generated 943 bytes in 1411 msecs (HTTP/1.1 200) 4 headers in 157 bytes (1 switches on core 0) [pid: 7|app: 0|req: 1449/2731] 10.0.0.135 () {32 vars in 736 bytes} [Tue Mar 31 06:24:16 2026] GET /v2.0/ports?device_id=efb3ed72-e9fc-4f72-9b99-2e14662bf722 => generated 950 bytes in 91 msecs (HTTP/1.1 200) 4 headers in 157 bytes (1 switches on core 0)
2026-03-31 06:24:16.647 8 INFO neutron_taas.services.taas.taas_plugin [None req-be2dea69-67e5-411d-9a3a-3dd82668c93e 03ca9585e91049deae63c8eb7c040a8b 85e50fc696d54ac09ee91552d6fcea96 - - default default] TaaS: Handle Delete Port: be0f72b7-934d-48d8-aa05-c34a6aec3d13
2026-03-31 06:24:16.650 8 INFO neutron_taas.services.taas.tap_mirror_plugin [None req-be2dea69-67e5-411d-9a3a-3dd82668c93e 03ca9585e91049deae63c8eb7c040a8b 85e50fc696d54ac09ee91552d6fcea96 - - default default] Tap Mirror: Handle Delete Port: be0f72b7-934d-48d8-aa05-c34a6aec3d13 [pid: 8|app: 0|req: 1283/2732] 10.0.0.135 () {34 vars in 789 bytes} [Tue Mar 31 06:24:16 2026] PUT /v2.0/routers/efb3ed72-e9fc-4f72-9b99-2e14662bf722/remove_router_interface => generated 309 bytes in 820 msecs (HTTP/1.1 200) 4 headers in 157 bytes (1 switches on core 0)
2026-03-31 06:24:17.534 7 INFO neutron_taas.services.taas.taas_plugin [None req-1211e636-e704-48ee-9b9f-3d8629a63cd1 03ca9585e91049deae63c8eb7c040a8b 85e50fc696d54ac09ee91552d6fcea96 - - default default] TaaS: Handle Delete Port: de69c289-594b-47e8-9fc1-8cd4eb2e40c5
2026-03-31 06:24:17.537 7 INFO neutron_taas.services.taas.tap_mirror_plugin [None req-1211e636-e704-48ee-9b9f-3d8629a63cd1 03ca9585e91049deae63c8eb7c040a8b 85e50fc696d54ac09ee91552d6fcea96 - - default default] Tap Mirror: Handle Delete Port: de69c289-594b-47e8-9fc1-8cd4eb2e40c5 /var/lib/openstack/lib/python3.12/site-packages/pycadf/identifier.py:70: UserWarning: Invalid uuid: neutron. To ensure interoperability, identifiers should be a valid uuid. warnings.warn(('Invalid uuid: %s. To ensure interoperability, '
2026-03-31 06:24:18.113 8 INFO neutron.db.ovn_revision_numbers_db [None req-fe7ac3aa-55a3-4c87-a9ab-44f8de16d942 f65637590aca47999e5bdd8487b51307 6f8bfadbd058458888f2b589d1e2a3dc - - default default] Successfully bumped revision number for resource 27be2381-8191-4a80-8c18-fe76bb4eb5fc (type: security_groups) to 1
2026-03-31 06:24:18.126 8 INFO neutron.db.ovn_revision_numbers_db [None req-fe7ac3aa-55a3-4c87-a9ab-44f8de16d942 f65637590aca47999e5bdd8487b51307 6f8bfadbd058458888f2b589d1e2a3dc - - default default] Successfully bumped revision number for resource 48278f4b-f566-4185-ad1f-62434add516e (type: security_group_rules) to 0
2026-03-31 06:24:18.137 8 INFO neutron.db.ovn_revision_numbers_db [None req-fe7ac3aa-55a3-4c87-a9ab-44f8de16d942 f65637590aca47999e5bdd8487b51307 6f8bfadbd058458888f2b589d1e2a3dc - - default default] Successfully bumped revision number for resource 88ee451c-8099-49e4-9e37-f95f40820cda (type: security_group_rules) to 0
2026-03-31 06:24:18.149 8 INFO neutron.db.ovn_revision_numbers_db [None req-fe7ac3aa-55a3-4c87-a9ab-44f8de16d942 f65637590aca47999e5bdd8487b51307 6f8bfadbd058458888f2b589d1e2a3dc - - default default] Successfully bumped revision number for resource 98c4a671-19f6-4ac5-8d5a-5fe189aaa9ea (type: security_group_rules) to 0
2026-03-31 06:24:18.160 8 INFO neutron.db.ovn_revision_numbers_db [None req-fe7ac3aa-55a3-4c87-a9ab-44f8de16d942 f65637590aca47999e5bdd8487b51307 6f8bfadbd058458888f2b589d1e2a3dc - - default default] Successfully bumped revision number for resource aa6d4230-a5a1-450b-acc7-82da34e6873f (type: security_group_rules) to 0
2026-03-31 06:24:18.235 8 INFO neutron.db.segments_db [None req-fe7ac3aa-55a3-4c87-a9ab-44f8de16d942 f65637590aca47999e5bdd8487b51307 6f8bfadbd058458888f2b589d1e2a3dc - - default default] Added segment 69ed382d-3570-401f-a981-022113f222b7 of type geneve for network 0d74b0e4-9781-4ea7-9705-4f81405051c1
2026-03-31 06:24:18.363 8 INFO neutron.db.ovn_revision_numbers_db [None req-fe7ac3aa-55a3-4c87-a9ab-44f8de16d942 f65637590aca47999e5bdd8487b51307 6f8bfadbd058458888f2b589d1e2a3dc - - default default] Successfully bumped revision number for resource 0d74b0e4-9781-4ea7-9705-4f81405051c1 (type: networks) to 1
2026-03-31 06:24:18.512 8 WARNING neutron.scheduler.dhcp_agent_scheduler [None req-fe7ac3aa-55a3-4c87-a9ab-44f8de16d942 f65637590aca47999e5bdd8487b51307 6f8bfadbd058458888f2b589d1e2a3dc - - default default] No more DHCP agents
2026-03-31 06:24:18.513 8 WARNING neutron.api.rpc.agentnotifiers.dhcp_rpc_agent_api [None req-fe7ac3aa-55a3-4c87-a9ab-44f8de16d942 f65637590aca47999e5bdd8487b51307 6f8bfadbd058458888f2b589d1e2a3dc - - default default] Unable to schedule network 0d74b0e4-9781-4ea7-9705-4f81405051c1: no agents available; will retry on subsequent port and subnet creation events. [pid: 7|app: 0|req: 1450/2733] 10.0.0.135 () {32 vars in 724 bytes} [Tue Mar 31 06:24:17 2026] DELETE /v2.0/routers/efb3ed72-e9fc-4f72-9b99-2e14662bf722 => generated 0 bytes in 1370 msecs (HTTP/1.1 204) 2 headers in 112 bytes (1 switches on core 0)
2026-03-31 06:24:18.617 8 INFO neutron.plugins.ml2.drivers.ovn.mech_driver.mech_driver [None req-fe1a819d-6fe8-4271-a564-2cddec946dfa - - - - - -] OVN reports status down for port: 357e69f9-d690-44f2-9a7f-947130e8905b
2026-03-31 06:24:18.679 8 INFO neutron.db.ovn_revision_numbers_db [None req-fe7ac3aa-55a3-4c87-a9ab-44f8de16d942 f65637590aca47999e5bdd8487b51307 6f8bfadbd058458888f2b589d1e2a3dc - - default default] Successfully bumped revision number for resource 357e69f9-d690-44f2-9a7f-947130e8905b (type: ports) to 1 [pid: 7|app: 0|req: 1451/2734] 10.0.0.135 () {32 vars in 721 bytes} [Tue Mar 31 06:24:18 2026] GET /v2.0/routers/7b3f57ab-83cc-4f79-8cbe-6aa6b1fb92f6 => generated 943 bytes in 103 msecs (HTTP/1.1 200) 4 headers in 157 bytes (1 switches on core 0) [pid: 8|app: 0|req: 1284/2735] 10.0.0.135 () {34 vars in 671 bytes} [Tue Mar 31 06:24:17 2026] POST /v2.0/networks => generated 780 bytes in 968 msecs (HTTP/1.1 201) 4 headers in 162 bytes (1 switches on core 0)
2026-03-31 06:24:18.836 8 WARNING neutron.scheduler.dhcp_agent_scheduler [None req-5f916479-2fbd-40f7-9c8c-d443134ff2db f65637590aca47999e5bdd8487b51307 6f8bfadbd058458888f2b589d1e2a3dc - - default default] No more DHCP agents
2026-03-31 06:24:18.837 8 WARNING neutron.api.rpc.agentnotifiers.dhcp_rpc_agent_api [None req-5f916479-2fbd-40f7-9c8c-d443134ff2db f65637590aca47999e5bdd8487b51307 6f8bfadbd058458888f2b589d1e2a3dc - - default default] Unable to schedule network 0d74b0e4-9781-4ea7-9705-4f81405051c1: no agents available; will retry on subsequent port and subnet creation events.
2026-03-31 06:24:19.286 8 INFO neutron.db.ovn_revision_numbers_db [None req-61c8e031-0a92-46c1-ab6d-5daee703f836 - - - - - -] Successfully bumped revision number for resource 357e69f9-d690-44f2-9a7f-947130e8905b (type: ports) to 2
2026-03-31 06:24:19.319 8 INFO neutron.db.ovn_revision_numbers_db [None req-61c8e031-0a92-46c1-ab6d-5daee703f836 - - - - - -] Successfully bumped revision number for resource 90a42f0c-b354-4910-ab74-03fa55b08d74 (type: subnets) to 0
2026-03-31 06:24:19.335 7 INFO neutron.db.ovn_revision_numbers_db [None req-5dc3aaec-b4d5-4992-a9fe-b59f1bd96268 03ca9585e91049deae63c8eb7c040a8b 85e50fc696d54ac09ee91552d6fcea96 - - default default] Successfully bumped revision number for resource 7b3f57ab-83cc-4f79-8cbe-6aa6b1fb92f6 (type: routers) to 5 [pid: 8|app: 0|req: 1285/2736] 10.0.0.135 () {34 vars in 669 bytes} [Tue Mar 31 06:24:18 2026] POST /v2.0/subnets => generated 686 bytes in 623 msecs (HTTP/1.1 201) 4 headers in 162 bytes (1 switches on core 0) [pid: 7|app: 0|req: 1452/2737] 10.0.0.135 () {34 vars in 742 bytes} [Tue Mar 31 06:24:18 2026] PUT /v2.0/routers/7b3f57ab-83cc-4f79-8cbe-6aa6b1fb92f6 => generated 943 bytes in 647 msecs (HTTP/1.1 200) 4 headers in 157 bytes (1 switches on core 0) [pid: 8|app: 0|req: 1286/2738] 10.0.0.135 () {34 vars in 676 bytes} [Tue Mar 31 06:24:19 2026] POST /v2.0/subnetpools => generated 516 bytes in 200 msecs (HTTP/1.1 201) 4 headers in 162 bytes (1 switches on core 0) [pid: 8|app: 0|req: 1287/2739] 10.0.0.135 () {32 vars in 736 bytes} [Tue Mar 31 06:24:19 2026] GET /v2.0/ports?device_id=7b3f57ab-83cc-4f79-8cbe-6aa6b1fb92f6 => generated 950 bytes in 68 msecs (HTTP/1.1 200) 4 headers in 157 bytes (1 switches on core 0) [pid: 8|app: 0|req: 1288/2740] 10.0.0.135 () {34 vars in 759 bytes} [Tue Mar 31 06:24:19 2026] PUT /v2.0/subnetpools/b789181d-dfc9-4ac5-bec8-f1e3e97ef8ca/tags => generated 25 bytes in 45 msecs (HTTP/1.1 200) 4 headers in 156 bytes (1 switches on core 0)
2026-03-31 06:24:19.716 7 WARNING neutron.scheduler.dhcp_agent_scheduler [None req-31501ede-31bb-4b1a-a642-9a859aeb4acf f65637590aca47999e5bdd8487b51307 6f8bfadbd058458888f2b589d1e2a3dc - - default default] No more DHCP agents
2026-03-31 06:24:19.717 7 WARNING neutron.api.rpc.agentnotifiers.dhcp_rpc_agent_api [None req-31501ede-31bb-4b1a-a642-9a859aeb4acf f65637590aca47999e5bdd8487b51307 6f8bfadbd058458888f2b589d1e2a3dc - - default default] Unable to schedule network 4ef9fcbd-47d4-4f5d-98f4-c7fec7faef5c: no agents available; will retry on subsequent port and subnet creation events.
2026-03-31 06:24:19.861 8 INFO neutron.plugins.ml2.drivers.ovn.mech_driver.mech_driver [None req-fe1a819d-6fe8-4271-a564-2cddec946dfa - - - - - -] OVN reports status down for port: 77037a5d-7d96-4700-b102-add847c11d77
2026-03-31 06:24:19.878 7 INFO neutron.db.ovn_revision_numbers_db [None req-31501ede-31bb-4b1a-a642-9a859aeb4acf f65637590aca47999e5bdd8487b51307 6f8bfadbd058458888f2b589d1e2a3dc - - default default] Successfully bumped revision number for resource 77037a5d-7d96-4700-b102-add847c11d77 (type: ports) to 1
2026-03-31 06:24:20.002 8 INFO neutron_taas.services.taas.taas_plugin [None req-c3b5529f-165d-48f8-b80a-328dc1420738 03ca9585e91049deae63c8eb7c040a8b 85e50fc696d54ac09ee91552d6fcea96 - - default default] TaaS: Handle Delete Port: de5db93e-35c8-49fa-908d-053ada491a4b
2026-03-31 06:24:20.006 8 INFO neutron_taas.services.taas.tap_mirror_plugin [None req-c3b5529f-165d-48f8-b80a-328dc1420738 03ca9585e91049deae63c8eb7c040a8b 85e50fc696d54ac09ee91552d6fcea96 - - default default] Tap Mirror: Handle Delete Port: de5db93e-35c8-49fa-908d-053ada491a4b
2026-03-31 06:24:20.432 7 INFO neutron.plugins.ml2.drivers.ovn.mech_driver.ovsdb.commands [-] Schedule LRP lrp-77037a5d-7d96-4700-b102-add847c11d77 on gateway 0ad169be-09c5-4ef7-bc6f-8edeb7ec8df7 with priority 1
2026-03-31 06:24:20.574 8 INFO neutron.plugins.ml2.drivers.ovn.mech_driver.ovsdb.ovsdb_monitor [None req-784d3e40-36db-4eba-abfc-0591adbb13e3 - - - - - -] Router 482e1645-5f08-4cdd-8ab2-b29ed25f14c0 is bound to host instance
2026-03-31 06:24:20.575 7 INFO neutron.db.ovn_revision_numbers_db [None req-31501ede-31bb-4b1a-a642-9a859aeb4acf f65637590aca47999e5bdd8487b51307 6f8bfadbd058458888f2b589d1e2a3dc - - default default] Successfully bumped revision number for resource 77037a5d-7d96-4700-b102-add847c11d77 (type: router_ports) to 1
2026-03-31 06:24:20.596 8 INFO neutron.plugins.ml2.drivers.ovn.mech_driver.mech_driver [None req-fe1a819d-6fe8-4271-a564-2cddec946dfa - - - - - -] OVN reports status up for port: 77037a5d-7d96-4700-b102-add847c11d77
2026-03-31 06:24:20.649 8 INFO neutron.plugins.ml2.plugin [None req-fe1a819d-6fe8-4271-a564-2cddec946dfa - - - - - -] Attempt 1 to provision port 77037a5d-7d96-4700-b102-add847c11d77
2026-03-31 06:24:20.654 7 INFO neutron.db.ovn_revision_numbers_db [None req-31501ede-31bb-4b1a-a642-9a859aeb4acf f65637590aca47999e5bdd8487b51307 6f8bfadbd058458888f2b589d1e2a3dc - - default default] Successfully bumped revision number for resource 482e1645-5f08-4cdd-8ab2-b29ed25f14c0 (type: routers) to 2 [pid: 7|app: 0|req: 1453/2741] 10.0.0.135 () {34 vars in 669 bytes} [Tue Mar 31 06:24:19 2026] POST /v2.0/routers => generated 964 bytes in 1331 msecs (HTTP/1.1 201) 4 headers in 162 bytes (1 switches on core 0) [pid: 7|app: 0|req: 1454/2742] 10.0.0.135 () {32 vars in 739 bytes} [Tue Mar 31 06:24:20 2026] GET /v2.0/subnetpools/b789181d-dfc9-4ac5-bec8-f1e3e97ef8ca/tags => generated 25 bytes in 32 msecs (HTTP/1.1 200) 4 headers in 156 bytes (1 switches on core 0) [pid: 8|app: 0|req: 1289/2743] 10.0.0.135 () {34 vars in 789 bytes} [Tue Mar 31 06:24:19 2026] PUT /v2.0/routers/7b3f57ab-83cc-4f79-8cbe-6aa6b1fb92f6/remove_router_interface => generated 309 bytes in 1065 msecs (HTTP/1.1 200) 4 headers in 157 bytes (1 switches on core 0) /var/lib/openstack/lib/python3.12/site-packages/pycadf/identifier.py:70: UserWarning: Invalid uuid: neutron. To ensure interoperability, identifiers should be a valid uuid. warnings.warn(('Invalid uuid: %s. To ensure interoperability, ' [pid: 8|app: 0|req: 1290/2744] 10.0.0.135 () {34 vars in 770 bytes} [Tue Mar 31 06:24:20 2026] PUT /v2.0/subnetpools/b789181d-dfc9-4ac5-bec8-f1e3e97ef8ca/tags/green => generated 4 bytes in 171 msecs (HTTP/1.1 201) 4 headers in 160 bytes (1 switches on core 0)
2026-03-31 06:24:21.136 7 WARNING neutron.scheduler.dhcp_agent_scheduler [None req-3921fb56-c93e-49a4-a93b-77aef3313d58 f65637590aca47999e5bdd8487b51307 6f8bfadbd058458888f2b589d1e2a3dc - - default default] No more DHCP agents
2026-03-31 06:24:21.137 7 WARNING neutron.api.rpc.agentnotifiers.dhcp_rpc_agent_api [None req-3921fb56-c93e-49a4-a93b-77aef3313d58 f65637590aca47999e5bdd8487b51307 6f8bfadbd058458888f2b589d1e2a3dc - - default default] Unable to schedule network 0d74b0e4-9781-4ea7-9705-4f81405051c1: no agents available; will retry on subsequent port and subnet creation events.
2026-03-31 06:24:21.309 7 INFO neutron.db.ovn_revision_numbers_db [None req-3921fb56-c93e-49a4-a93b-77aef3313d58 f65637590aca47999e5bdd8487b51307 6f8bfadbd058458888f2b589d1e2a3dc - - default default] Successfully bumped revision number for resource 0ca01ead-062a-4b50-87da-b6500f7b8024 (type: ports) to 1
2026-03-31 06:24:21.493 8 INFO neutron_taas.services.taas.taas_plugin [None req-bb0c9e93-c89b-4ca7-9809-59d49f9bb2ad 03ca9585e91049deae63c8eb7c040a8b 85e50fc696d54ac09ee91552d6fcea96 - - default default] TaaS: Handle Delete Port: d84ff01b-8c75-4bf2-9f4f-3532b17ae466
2026-03-31 06:24:21.497 8 INFO neutron_taas.services.taas.tap_mirror_plugin [None req-bb0c9e93-c89b-4ca7-9809-59d49f9bb2ad 03ca9585e91049deae63c8eb7c040a8b 85e50fc696d54ac09ee91552d6fcea96 - - default default] Tap Mirror: Handle Delete Port: d84ff01b-8c75-4bf2-9f4f-3532b17ae466
2026-03-31 06:24:21.971 7 WARNING neutron.scheduler.dhcp_agent_scheduler [None req-3921fb56-c93e-49a4-a93b-77aef3313d58 f65637590aca47999e5bdd8487b51307 6f8bfadbd058458888f2b589d1e2a3dc - - default default] No more DHCP agents
2026-03-31 06:24:21.972 7 WARNING neutron.api.rpc.agentnotifiers.dhcp_rpc_agent_api [None req-3921fb56-c93e-49a4-a93b-77aef3313d58 f65637590aca47999e5bdd8487b51307 6f8bfadbd058458888f2b589d1e2a3dc - - default default] Unable to schedule network 0d74b0e4-9781-4ea7-9705-4f81405051c1: no agents available; will retry on subsequent port and subnet creation events.
2026-03-31 06:24:22.202 8 INFO neutron.db.ovn_revision_numbers_db [None req-dfe35ce0-6a75-4a1e-bc36-85d000c5f7b2 - - - - - -] Successfully bumped revision number for resource 77037a5d-7d96-4700-b102-add847c11d77 (type: ports) to 4 [pid: 8|app: 0|req: 1291/2745] 10.0.0.135 () {32 vars in 724 bytes} [Tue Mar 31 06:24:20 2026] DELETE /v2.0/routers/7b3f57ab-83cc-4f79-8cbe-6aa6b1fb92f6 => generated 0 bytes in 1368 msecs (HTTP/1.1 204) 2 headers in 112 bytes (1 switches on core 0) [pid: 8|app: 0|req: 1292/2746] 10.0.0.135 () {32 vars in 739 bytes} [Tue Mar 31 06:24:22 2026] GET /v2.0/subnetpools/b789181d-dfc9-4ac5-bec8-f1e3e97ef8ca/tags => generated 34 bytes in 49 msecs (HTTP/1.1 200) 4 headers in 156 bytes (1 switches on core 0)
2026-03-31 06:24:22.341 8 INFO neutron.api.v2.resource [None req-e284982b-f32e-4c79-9001-ca0c02077a1a 03ca9585e91049deae63c8eb7c040a8b 85e50fc696d54ac09ee91552d6fcea96 - - default default] show failed (client error): The resource could not be found. [pid: 8|app: 0|req: 1293/2747] 10.0.0.135 () {32 vars in 721 bytes} [Tue Mar 31 06:24:22 2026] GET /v2.0/routers/333c14f8-6a64-4140-94d6-a28742a35d6f => generated 135 bytes in 36 msecs (HTTP/1.1 404) 4 headers in 164 bytes (1 switches on core 0) [pid: 8|app: 0|req: 1294/2748] 10.0.0.135 () {34 vars in 766 bytes} [Tue Mar 31 06:24:22 2026] PUT /v2.0/subnetpools/b789181d-dfc9-4ac5-bec8-f1e3e97ef8ca/tags/red => generated 4 bytes in 60 msecs (HTTP/1.1 201) 4 headers in 160 bytes (1 switches on core 0)
2026-03-31 06:24:22.509 7 INFO neutron.db.ovn_revision_numbers_db [None req-3921fb56-c93e-49a4-a93b-77aef3313d58 f65637590aca47999e5bdd8487b51307 6f8bfadbd058458888f2b589d1e2a3dc - - default default] Successfully bumped revision number for resource 0ca01ead-062a-4b50-87da-b6500f7b8024 (type: router_ports) to 1 [pid: 7|app: 0|req: 1455/2749] 10.0.0.135 () {34 vars in 783 bytes} [Tue Mar 31 06:24:20 2026] PUT /v2.0/routers/482e1645-5f08-4cdd-8ab2-b29ed25f14c0/add_router_interface => generated 309 bytes in 1807 msecs (HTTP/1.1 200) 4 headers in 157 bytes (1 switches on core 0) [pid: 7|app: 0|req: 1456/2750] 10.0.0.135 () {32 vars in 739 bytes} [Tue Mar 31 06:24:22 2026] GET /v2.0/subnetpools/b789181d-dfc9-4ac5-bec8-f1e3e97ef8ca/tags => generated 34 bytes in 25 msecs (HTTP/1.1 200) 4 headers in 156 bytes (1 switches on core 0) [pid: 7|app: 0|req: 1457/2751] 10.0.0.135 () {34 vars in 788 bytes} [Tue Mar 31 06:24:22 2026] PUT /v2.0/subnetpools/b789181d-dfc9-4ac5-bec8-f1e3e97ef8ca/tags/black.or.white => generated 4 bytes in 40 msecs (HTTP/1.1 201) 4 headers in 160 bytes (1 switches on core 0) [pid: 7|app: 0|req: 1458/2752] 10.0.0.135 () {32 vars in 739 bytes} [Tue Mar 31 06:24:22 2026] GET /v2.0/subnetpools/b789181d-dfc9-4ac5-bec8-f1e3e97ef8ca/tags => generated 52 bytes in 22 msecs (HTTP/1.1 200) 4 headers in 156 bytes (1 switches on core 0) [pid: 7|app: 0|req: 1459/2753] 10.0.0.135 () {34 vars in 759 bytes} [Tue Mar 31 06:24:22 2026] PUT /v2.0/subnetpools/b789181d-dfc9-4ac5-bec8-f1e3e97ef8ca/tags => generated 37 bytes in 44 msecs (HTTP/1.1 200) 4 headers in 156 bytes (1 switches on core 0) [pid: 7|app: 0|req: 1460/2754] 10.0.0.135 () {32 vars in 739 bytes} [Tue Mar 31 06:24:22 2026] GET /v2.0/subnetpools/b789181d-dfc9-4ac5-bec8-f1e3e97ef8ca/tags => generated 37 bytes in 35 msecs (HTTP/1.1 200) 4 headers in 156 bytes (1 switches on core 0) [pid: 8|app: 0|req: 1295/2755] 10.0.0.135 () {32 vars in 724 bytes} [Tue Mar 31 06:24:22 2026] DELETE /v2.0/subnets/42d56d5b-48b8-4174-8b9a-18aa829690cb => generated 0 bytes in 323 msecs (HTTP/1.1 204) 3 headers in 131 bytes (1 switches on core 0) [pid: 7|app: 0|req: 1461/2756] 10.0.0.135 () {32 vars in 747 bytes} [Tue Mar 31 06:24:22 2026] GET /v2.0/subnetpools/b789181d-dfc9-4ac5-bec8-f1e3e97ef8ca/tags/red => generated 0 bytes in 24 msecs (HTTP/1.1 204) 2 headers in 112 bytes (1 switches on core 0)
2026-03-31 06:24:22.768 7 INFO neutron.api.v2.resource [None req-f840890b-92d3-4df3-8d08-e09585c7cb2b 7fb5d60a8a16466aafcf53b523164d86 9f695c5c540844d5a857c179bff90d29 - - default default] show failed (client error): The resource could not be found. [pid: 7|app: 0|req: 1462/2757] 10.0.0.135 () {32 vars in 751 bytes} [Tue Mar 31 06:24:22 2026] GET /v2.0/subnetpools/b789181d-dfc9-4ac5-bec8-f1e3e97ef8ca/tags/green => generated 99 bytes in 30 msecs (HTTP/1.1 404) 4 headers in 163 bytes (1 switches on core 0) [pid: 7|app: 0|req: 1463/2758] 10.0.0.135 () {32 vars in 750 bytes} [Tue Mar 31 06:24:22 2026] DELETE /v2.0/subnetpools/b789181d-dfc9-4ac5-bec8-f1e3e97ef8ca/tags/red => generated 0 bytes in 43 msecs (HTTP/1.1 204) 2 headers in 112 bytes (1 switches on core 0) [pid: 7|app: 0|req: 1464/2759] 10.0.0.135 () {32 vars in 739 bytes} [Tue Mar 31 06:24:22 2026] GET /v2.0/subnetpools/b789181d-dfc9-4ac5-bec8-f1e3e97ef8ca/tags => generated 30 bytes in 23 msecs (HTTP/1.1 200) 4 headers in 156 bytes (1 switches on core 0)
2026-03-31 06:24:22.876 7 INFO neutron.api.v2.resource [None req-d6a1a483-9767-4e5d-a00c-666442e54247 7fb5d60a8a16466aafcf53b523164d86 9f695c5c540844d5a857c179bff90d29 - - default default] delete failed (client error): The resource could not be found. [pid: 7|app: 0|req: 1465/2760] 10.0.0.135 () {32 vars in 754 bytes} [Tue Mar 31 06:24:22 2026] DELETE /v2.0/subnetpools/b789181d-dfc9-4ac5-bec8-f1e3e97ef8ca/tags/green => generated 99 bytes in 27 msecs (HTTP/1.1 404) 4 headers in 163 bytes (1 switches on core 0) [pid: 7|app: 0|req: 1466/2761] 10.0.0.135 () {32 vars in 742 bytes} [Tue Mar 31 06:24:22 2026] DELETE /v2.0/subnetpools/b789181d-dfc9-4ac5-bec8-f1e3e97ef8ca/tags => generated 0 bytes in 55 msecs (HTTP/1.1 204) 2 headers in 112 bytes (1 switches on core 0) [pid: 7|app: 0|req: 1467/2762] 10.0.0.135 () {32 vars in 739 bytes} [Tue Mar 31 06:24:22 2026] GET /v2.0/subnetpools/b789181d-dfc9-4ac5-bec8-f1e3e97ef8ca/tags => generated 12 bytes in 25 msecs (HTTP/1.1 200) 4 headers in 156 bytes (1 switches on core 0)
2026-03-31 06:24:22.992 8 INFO neutron.db.ovn_revision_numbers_db [None req-dfe35ce0-6a75-4a1e-bc36-85d000c5f7b2 - - - - - -] Successfully bumped revision number for resource 77037a5d-7d96-4700-b102-add847c11d77 (type: ports) to 5 [pid: 7|app: 0|req: 1468/2763] 10.0.0.135 () {32 vars in 732 bytes} [Tue Mar 31 06:24:22 2026] DELETE /v2.0/subnetpools/b789181d-dfc9-4ac5-bec8-f1e3e97ef8ca => generated 0 bytes in 48 msecs (HTTP/1.1 204) 2 headers in 112 bytes (1 switches on core 0) [pid: 8|app: 0|req: 1296/2764] 10.0.0.135 () {32 vars in 724 bytes} [Tue Mar 31 06:24:22 2026] DELETE /v2.0/subnets/fc5aea78-62f3-4409-a99b-7d96b0c7dfab => generated 0 bytes in 346 msecs (HTTP/1.1 204) 3 headers in 131 bytes (1 switches on core 0) [pid: 7|app: 0|req: 1469/2765] 10.0.0.135 () {32 vars in 724 bytes} [Tue Mar 31 06:24:23 2026] DELETE /v2.0/subnets/b45a4a4f-8815-43ea-970f-83a60bc85201 => generated 0 bytes in 165 msecs (HTTP/1.1 204) 3 headers in 131 bytes (1 switches on core 0)
2026-03-31 06:24:23.261 8 INFO neutron.pecan_wsgi.hooks.translation [None req-1a66a38c-3202-4728-923f-4b6eb4536675 03ca9585e91049deae63c8eb7c040a8b 85e50fc696d54ac09ee91552d6fcea96 - - default default] DELETE failed (client error): The resource could not be found. [pid: 8|app: 0|req: 1297/2766] 10.0.0.135 () {32 vars in 724 bytes} [Tue Mar 31 06:24:23 2026] DELETE /v2.0/subnets/af4cf9a8-c2ee-469d-a72d-7ecb980aab99 => generated 136 bytes in 14 msecs (HTTP/1.1 404) 4 headers in 164 bytes (1 switches on core 0)
2026-03-31 06:24:23.385 7 INFO neutron_taas.services.taas.taas_plugin [None req-a92cb28f-e4ae-4bb8-a43e-fd08db307009 03ca9585e91049deae63c8eb7c040a8b 85e50fc696d54ac09ee91552d6fcea96 - - default default] TaaS: Handle Delete Port: 739a2780-78aa-4ecf-b21c-0d7afe5a5eda
2026-03-31 06:24:23.387 7 INFO neutron_taas.services.taas.tap_mirror_plugin [None req-a92cb28f-e4ae-4bb8-a43e-fd08db307009 03ca9585e91049deae63c8eb7c040a8b 85e50fc696d54ac09ee91552d6fcea96 - - default default] Tap Mirror: Handle Delete Port: 739a2780-78aa-4ecf-b21c-0d7afe5a5eda
2026-03-31 06:24:23.409 8 INFO neutron.plugins.ml2.drivers.ovn.mech_driver.mech_driver [None req-fe1a819d-6fe8-4271-a564-2cddec946dfa - - - - - -] OVN reports status down for port: 0ca01ead-062a-4b50-87da-b6500f7b8024
2026-03-31 06:24:23.521 8 WARNING neutron.plugins.ml2.drivers.ovn.mech_driver.ovsdb.ovn_client [None req-fe1a819d-6fe8-4271-a564-2cddec946dfa - - - - - -] Logical_Switch_Port 0ca01ead-062a-4b50-87da-b6500f7b8024 host information not removed, the port state is up
2026-03-31 06:24:23.522 8 INFO neutron.plugins.ml2.drivers.ovn.mech_driver.mech_driver [None req-fe1a819d-6fe8-4271-a564-2cddec946dfa - - - - - -] OVN reports status up for port: 0ca01ead-062a-4b50-87da-b6500f7b8024
2026-03-31 06:24:23.534 8 INFO neutron.plugins.ml2.plugin [None req-fe1a819d-6fe8-4271-a564-2cddec946dfa - - - - - -] Attempt 1 to provision port 0ca01ead-062a-4b50-87da-b6500f7b8024 [pid: 7|app: 0|req: 1470/2767] 10.0.0.135 () {32 vars in 726 bytes} [Tue Mar 31 06:24:23 2026] DELETE /v2.0/networks/dbd0bdbd-b888-421f-931f-f2fc28cd4442 => generated 0 bytes in 363 msecs (HTTP/1.1 204) 3 headers in 131 bytes (1 switches on core 0)
2026-03-31 06:24:23.746 7 INFO neutron.services.segments.plugin [-] Segment 82a387d4-b5ae-4e1b-a143-20de8ff1bc7c resource provider aggregate not found
2026-03-31 06:24:23.760 7 INFO neutron.services.segments.plugin [-] Segment 82a387d4-b5ae-4e1b-a143-20de8ff1bc7c resource provider aggregate not found
2026-03-31 06:24:23.774 7 INFO neutron.services.segments.plugin [-] Segment 82a387d4-b5ae-4e1b-a143-20de8ff1bc7c resource provider not found; error: Placement Client Error (4xx): {"errors": [{"status": 404, "title": "Not Found", "detail": "The resource could not be found.\n\n No resource provider with uuid 82a387d4-b5ae-4e1b-a143-20de8ff1bc7c found for delete ", "request_id": "req-c4100357-7073-4f7c-ba6a-de8d97f3f940"}]}
2026-03-31 06:24:23.786 7 INFO neutron.services.segments.plugin [-] Segment 82a387d4-b5ae-4e1b-a143-20de8ff1bc7c resource provider not found; error: Placement Client Error (4xx): {"errors": [{"status": 404, "title": "Not Found", "detail": "The resource could not be found.\n\n No resource provider with uuid 82a387d4-b5ae-4e1b-a143-20de8ff1bc7c found for delete ", "request_id": "req-66abe5d3-9cd4-4ead-a7e1-a09f6d1cdc6f"}]}
2026-03-31 06:24:23.829 7 INFO neutron.db.ovn_revision_numbers_db [None req-d58a0216-00a5-4fec-a97c-03ddc42dab97 f65637590aca47999e5bdd8487b51307 6f8bfadbd058458888f2b589d1e2a3dc - - default default] Successfully bumped revision number for resource 7d699155-975c-4a60-a39b-d85b727f3142 (type: security_groups) to 1
2026-03-31 06:24:23.842 7 INFO neutron.db.ovn_revision_numbers_db [None req-d58a0216-00a5-4fec-a97c-03ddc42dab97 f65637590aca47999e5bdd8487b51307 6f8bfadbd058458888f2b589d1e2a3dc - - default default] Successfully bumped revision number for resource 0825c4db-6633-40b5-afd0-7859a9b56943 (type: security_group_rules) to 0
2026-03-31 06:24:23.852 7 INFO neutron.db.ovn_revision_numbers_db [None req-d58a0216-00a5-4fec-a97c-03ddc42dab97 f65637590aca47999e5bdd8487b51307 6f8bfadbd058458888f2b589d1e2a3dc - - default default] Successfully bumped revision number for resource 5aff5390-c999-4906-aaf4-3c03c0d4d06c (type: security_group_rules) to 0
2026-03-31 06:24:23.863 7 INFO neutron.db.ovn_revision_numbers_db [None req-d58a0216-00a5-4fec-a97c-03ddc42dab97 f65637590aca47999e5bdd8487b51307 6f8bfadbd058458888f2b589d1e2a3dc - - default default] Successfully bumped revision number for resource 70d0911a-91e2-4639-8976-f6ad9b769999 (type: security_group_rules) to 0
2026-03-31 06:24:23.872 7 INFO neutron.db.ovn_revision_numbers_db [None req-d58a0216-00a5-4fec-a97c-03ddc42dab97 f65637590aca47999e5bdd8487b51307 6f8bfadbd058458888f2b589d1e2a3dc - - default default] Successfully bumped revision number for resource 8c6ec978-abba-4f29-bc75-337e12afa359 (type: security_group_rules) to 0
2026-03-31 06:24:23.951 7 INFO neutron.db.segments_db [None req-d58a0216-00a5-4fec-a97c-03ddc42dab97 f65637590aca47999e5bdd8487b51307 6f8bfadbd058458888f2b589d1e2a3dc - - default default] Added segment cfa0809e-ac82-44b7-9ee2-ddfeac6e2e44 of type geneve for network ef967091-c111-49cc-bd5f-cb03208ddc27
2026-03-31 06:24:23.999 8 INFO neutron.db.ovn_revision_numbers_db [None req-a73f5948-62d9-4d02-a3d3-bca7fc575ad7 f65637590aca47999e5bdd8487b51307 6f8bfadbd058458888f2b589d1e2a3dc - - default default] Successfully bumped revision number for resource 4d980bf2-00e4-4348-85bf-ed91b48cf36a (type: security_groups) to 1
2026-03-31 06:24:24.038 8 INFO neutron.db.ovn_revision_numbers_db [None req-a73f5948-62d9-4d02-a3d3-bca7fc575ad7 f65637590aca47999e5bdd8487b51307 6f8bfadbd058458888f2b589d1e2a3dc - - default default] Successfully bumped revision number for resource 0eb3975e-0d49-4b6d-875b-4b221aa8f943 (type: security_group_rules) to 0
2026-03-31 06:24:24.073 7 INFO neutron.db.ovn_revision_numbers_db [None req-d58a0216-00a5-4fec-a97c-03ddc42dab97 f65637590aca47999e5bdd8487b51307 6f8bfadbd058458888f2b589d1e2a3dc - - default default] Successfully bumped revision number for resource ef967091-c111-49cc-bd5f-cb03208ddc27 (type: networks) to 1
2026-03-31 06:24:24.080 8 INFO neutron.db.ovn_revision_numbers_db [None req-a73f5948-62d9-4d02-a3d3-bca7fc575ad7 f65637590aca47999e5bdd8487b51307 6f8bfadbd058458888f2b589d1e2a3dc - - default default] Successfully bumped revision number for resource 3b344c40-5dc1-4d81-9a62-fd9789306a27 (type: security_group_rules) to 0
2026-03-31 06:24:24.114 8 INFO neutron.db.ovn_revision_numbers_db [None req-a73f5948-62d9-4d02-a3d3-bca7fc575ad7 f65637590aca47999e5bdd8487b51307 6f8bfadbd058458888f2b589d1e2a3dc - - default default] Successfully bumped revision number for resource 53a4672e-c6c6-4006-974c-6d513a292b33 (type: security_group_rules) to 0
2026-03-31 06:24:24.134 8 INFO neutron.db.ovn_revision_numbers_db [None req-a73f5948-62d9-4d02-a3d3-bca7fc575ad7 f65637590aca47999e5bdd8487b51307 6f8bfadbd058458888f2b589d1e2a3dc - - default default] Successfully bumped revision number for resource cf3ad222-afa0-4eea-84b6-298e4e16605f (type: security_group_rules) to 0 [pid: 8|app: 0|req: 1298/2768] 10.0.0.135 () {32 vars in 774 bytes} [Tue Mar 31 06:24:23 2026] GET /v2.0/security-groups?tenant_id=b7cff3d2359a4ff4beec94379fb53a01&name=default => generated 2929 bytes in 667 msecs (HTTP/1.1 200) 4 headers in 158 bytes (1 switches on core 0)
2026-03-31 06:24:24.250 7 WARNING neutron.scheduler.dhcp_agent_scheduler [None req-d58a0216-00a5-4fec-a97c-03ddc42dab97 f65637590aca47999e5bdd8487b51307 6f8bfadbd058458888f2b589d1e2a3dc - - default default] No more DHCP agents
2026-03-31 06:24:24.252 7 WARNING neutron.api.rpc.agentnotifiers.dhcp_rpc_agent_api [None req-d58a0216-00a5-4fec-a97c-03ddc42dab97 f65637590aca47999e5bdd8487b51307 6f8bfadbd058458888f2b589d1e2a3dc - - default default] Unable to schedule network ef967091-c111-49cc-bd5f-cb03208ddc27: no agents available; will retry on subsequent port and subnet creation events.
2026-03-31 06:24:24.361 7 INFO neutron.db.ovn_revision_numbers_db [None req-d58a0216-00a5-4fec-a97c-03ddc42dab97 f65637590aca47999e5bdd8487b51307 6f8bfadbd058458888f2b589d1e2a3dc - - default default] Successfully bumped revision number for resource 7ca3e4ba-0ea6-45ae-97d1-759800f5c03f (type: ports) to 1
2026-03-31 06:24:24.372 8 INFO neutron.db.ovn_revision_numbers_db [None req-fe1a819d-6fe8-4271-a564-2cddec946dfa - - - - - -] Successfully bumped revision number for resource 0ca01ead-062a-4b50-87da-b6500f7b8024 (type: ports) to 2 [pid: 7|app: 0|req: 1471/2769] 10.0.0.135 () {34 vars in 671 bytes} [Tue Mar 31 06:24:23 2026] POST /v2.0/networks => generated 782 bytes in 757 msecs (HTTP/1.1 201) 4 headers in 162 bytes (1 switches on core 0)
2026-03-31 06:24:24.495 8 INFO neutron_taas.services.taas.taas_plugin [None req-8d635d91-6221-4ce3-8067-8acc62c204e1 03ca9585e91049deae63c8eb7c040a8b 85e50fc696d54ac09ee91552d6fcea96 - - default default] TaaS: Handle Delete Port: 64dc7ad7-4c55-4c34-823a-aad7b3603692
2026-03-31 06:24:24.512 8 INFO neutron_taas.services.taas.tap_mirror_plugin [None req-8d635d91-6221-4ce3-8067-8acc62c204e1 03ca9585e91049deae63c8eb7c040a8b 85e50fc696d54ac09ee91552d6fcea96 - - default default] Tap Mirror: Handle Delete Port: 64dc7ad7-4c55-4c34-823a-aad7b3603692 [pid: 7|app: 0|req: 1472/2770] 10.0.0.135 () {32 vars in 740 bytes} [Tue Mar 31 06:24:24 2026] DELETE /v2.0/security-groups/4d980bf2-00e4-4348-85bf-ed91b48cf36a => generated 0 bytes in 294 msecs (HTTP/1.1 204) 2 headers in 112 bytes (1 switches on core 0) [pid: 8|app: 0|req: 1299/2771] 10.0.0.135 () {32 vars in 726 bytes} [Tue Mar 31 06:24:24 2026] DELETE /v2.0/networks/c0a74498-365f-455c-970c-cc5cfdd57ce7 => generated 0 bytes in 600 msecs (HTTP/1.1 204) 3 headers in 131 bytes (1 switches on core 0)
2026-03-31 06:24:24.849 7 WARNING neutron.scheduler.dhcp_agent_scheduler [None req-f5bc0855-891b-4461-b824-e8975ce90c8b f65637590aca47999e5bdd8487b51307 6f8bfadbd058458888f2b589d1e2a3dc - - default default] No more DHCP agents
2026-03-31 06:24:24.850 7 WARNING neutron.api.rpc.agentnotifiers.dhcp_rpc_agent_api [None req-f5bc0855-891b-4461-b824-e8975ce90c8b f65637590aca47999e5bdd8487b51307 6f8bfadbd058458888f2b589d1e2a3dc - - default default] Unable to schedule network ef967091-c111-49cc-bd5f-cb03208ddc27: no agents available; will retry on subsequent port and subnet creation events.
2026-03-31 06:24:24.914 8 INFO neutron.services.segments.plugin [-] Segment 051f8648-7f26-4968-a980-c04c98f4d041 resource provider aggregate not found
2026-03-31 06:24:24.924 8 INFO neutron.services.segments.plugin [-] Segment 051f8648-7f26-4968-a980-c04c98f4d041 resource provider aggregate not found
2026-03-31 06:24:24.929 8 INFO neutron.services.segments.plugin [-] Segment 051f8648-7f26-4968-a980-c04c98f4d041 resource provider not found; error: Placement Client Error (4xx): {"errors": [{"status": 404, "title": "Not Found", "detail": "The resource could not be found.\n\n No resource provider with uuid 051f8648-7f26-4968-a980-c04c98f4d041 found for delete ", "request_id": "req-7e68618b-870f-47a3-9e9e-74abbeca0dd5"}]}
2026-03-31 06:24:24.939 8 INFO neutron.services.segments.plugin [-] Segment 051f8648-7f26-4968-a980-c04c98f4d041 resource provider not found; error: Placement Client Error (4xx): {"errors": [{"status": 404, "title": "Not Found", "detail": "The resource could not be found.\n\n No resource provider with uuid 051f8648-7f26-4968-a980-c04c98f4d041 found for delete ", "request_id": "req-1e543036-0203-4a13-ab7e-8612c645d64c"}]}
2026-03-31 06:24:24.997 8 INFO neutron.db.ovn_revision_numbers_db [None req-dbf7debc-aacb-4f34-9f6d-c4bf58013206 f65637590aca47999e5bdd8487b51307 6f8bfadbd058458888f2b589d1e2a3dc - - default default] Successfully bumped revision number for resource 0ad44349-d77b-4292-b27c-1b00f28e8acd (type: security_groups) to 1
2026-03-31 06:24:25.009 8 INFO neutron.db.ovn_revision_numbers_db [None req-dbf7debc-aacb-4f34-9f6d-c4bf58013206 f65637590aca47999e5bdd8487b51307 6f8bfadbd058458888f2b589d1e2a3dc - - default default] Successfully bumped revision number for resource 1acc1570-134e-4d39-bad4-f3a16f53aaa5 (type: security_group_rules) to 0
2026-03-31 06:24:25.019 8 INFO neutron.db.ovn_revision_numbers_db [None req-dbf7debc-aacb-4f34-9f6d-c4bf58013206 f65637590aca47999e5bdd8487b51307 6f8bfadbd058458888f2b589d1e2a3dc - - default default] Successfully bumped revision number for resource 3550dc72-45d6-48f6-abaf-9765cc7bb144 (type: security_group_rules) to 0
2026-03-31 06:24:25.028 8 INFO neutron.db.ovn_revision_numbers_db [None req-dbf7debc-aacb-4f34-9f6d-c4bf58013206 f65637590aca47999e5bdd8487b51307 6f8bfadbd058458888f2b589d1e2a3dc - - default default] Successfully bumped revision number for resource 69ff9fcf-d950-47c6-9b87-2df8862090fa (type: security_group_rules) to 0
2026-03-31 06:24:25.037 8 INFO neutron.db.ovn_revision_numbers_db [None req-dbf7debc-aacb-4f34-9f6d-c4bf58013206 f65637590aca47999e5bdd8487b51307 6f8bfadbd058458888f2b589d1e2a3dc - - default default] Successfully bumped revision number for resource ddfae450-0274-4ee2-ac7a-80807f4b9b02 (type: security_group_rules) to 0 [pid: 8|app: 0|req: 1300/2772] 10.0.0.135 () {32 vars in 774 bytes} [Tue Mar 31 06:24:24 2026] GET /v2.0/security-groups?tenant_id=9f695c5c540844d5a857c179bff90d29&name=default => generated 2929 bytes in 228 msecs (HTTP/1.1 200) 4 headers in 158 bytes (1 switches on core 0)
2026-03-31 06:24:25.177 8 INFO neutron_taas.services.taas.taas_plugin [None req-7f2e2401-5e5d-4414-a293-42431819c9bb 03ca9585e91049deae63c8eb7c040a8b 85e50fc696d54ac09ee91552d6fcea96 - - default default] TaaS: Handle Delete Port: 64adaeed-7e3f-4dae-81c2-765b9f55c818
2026-03-31 06:24:25.179 8 INFO neutron_taas.services.taas.tap_mirror_plugin [None req-7f2e2401-5e5d-4414-a293-42431819c9bb 03ca9585e91049deae63c8eb7c040a8b 85e50fc696d54ac09ee91552d6fcea96 - - default default] Tap Mirror: Handle Delete Port: 64adaeed-7e3f-4dae-81c2-765b9f55c818
2026-03-31 06:24:25.371 7 INFO neutron.db.ovn_revision_numbers_db [None req-3c7ec472-ae82-46a4-98fd-676556e1c103 - - - - - -] Successfully bumped revision number for resource 7ca3e4ba-0ea6-45ae-97d1-759800f5c03f (type: ports) to 2
2026-03-31 06:24:25.407 7 INFO neutron.db.ovn_revision_numbers_db [None req-3c7ec472-ae82-46a4-98fd-676556e1c103 - - - - - -] Successfully bumped revision number for resource f12ab09f-55dd-4f96-8477-a47041c2d21b (type: subnets) to 0 [pid: 7|app: 0|req: 1473/2773] 10.0.0.135 () {34 vars in 669 bytes} [Tue Mar 31 06:24:24 2026] POST /v2.0/subnets => generated 688 bytes in 744 msecs (HTTP/1.1 201) 4 headers in 162 bytes (1 switches on core 0) [pid: 8|app: 0|req: 1301/2774] 10.0.0.135 () {32 vars in 726 bytes} [Tue Mar 31 06:24:25 2026] DELETE /v2.0/networks/652985db-2e08-4059-857c-8595e7970bd5 => generated 0 bytes in 392 msecs (HTTP/1.1 204) 3 headers in 131 bytes (1 switches on core 0) [pid: 7|app: 0|req: 1474/2777] 10.0.0.135 () {32 vars in 740 bytes} [Tue Mar 31 06:24:25 2026] DELETE /v2.0/security-groups/0ad44349-d77b-4292-b27c-1b00f28e8acd => generated 0 bytes in 313 msecs (HTTP/1.1 204) 2 headers in 112 bytes (1 switches on core 0)
2026-03-31 06:24:25.751 7 INFO neutron.pecan_wsgi.hooks.translation [None req-dc96732c-2b1c-4563-bc7a-c6ff00536663 03ca9585e91049deae63c8eb7c040a8b 85e50fc696d54ac09ee91552d6fcea96 - - default default] DELETE failed (client error): The resource could not be found. [pid: 7|app: 0|req: 1475/2778] 10.0.0.135 () {32 vars in 726 bytes} [Tue Mar 31 06:24:25 2026] DELETE /v2.0/networks/dfc59a2c-4021-4a67-849d-1173d59b1882 => generated 138 bytes in 14 msecs (HTTP/1.1 404) 4 headers in 164 bytes (1 switches on core 0)
2026-03-31 06:24:25.910 8 WARNING neutron.scheduler.dhcp_agent_scheduler [None req-13480afa-7185-4148-81c7-263e188e8c86 f65637590aca47999e5bdd8487b51307 6f8bfadbd058458888f2b589d1e2a3dc - - default default] No more DHCP agents
2026-03-31 06:24:25.912 8 WARNING neutron.api.rpc.agentnotifiers.dhcp_rpc_agent_api [None req-13480afa-7185-4148-81c7-263e188e8c86 f65637590aca47999e5bdd8487b51307 6f8bfadbd058458888f2b589d1e2a3dc - - default default] Unable to schedule network 4ef9fcbd-47d4-4f5d-98f4-c7fec7faef5c: no agents available; will retry on subsequent port and subnet creation events.
2026-03-31 06:24:26.072 8 INFO neutron.db.ovn_revision_numbers_db [None req-13480afa-7185-4148-81c7-263e188e8c86 f65637590aca47999e5bdd8487b51307 6f8bfadbd058458888f2b589d1e2a3dc - - default default] Successfully bumped revision number for resource f63c95e8-42a8-426d-8798-b77cd1adaccb (type: ports) to 1
2026-03-31 06:24:26.722 8 INFO neutron.plugins.ml2.drivers.ovn.mech_driver.ovsdb.commands [None req-60619477-67b7-44de-b3eb-de7cb41464e3 - - - - - -] Schedule LRP lrp-f63c95e8-42a8-426d-8798-b77cd1adaccb on gateway 0ad169be-09c5-4ef7-bc6f-8edeb7ec8df7 with priority 1
2026-03-31 06:24:26.831 8 INFO neutron.plugins.ml2.drivers.ovn.mech_driver.ovsdb.ovsdb_monitor [None req-dfe35ce0-6a75-4a1e-bc36-85d000c5f7b2 - - - - - -] Router 3f026fec-5dd2-4c13-b44f-8ee8c8fc68ca is bound to host instance [pid: 7|app: 0|req: 1476/2779] 10.0.0.135 () {32 vars in 774 bytes} [Tue Mar 31 06:24:26 2026] GET /v2.0/security-groups?tenant_id=85e50fc696d54ac09ee91552d6fcea96&name=default => generated 2925 bytes in 300 msecs (HTTP/1.1 200) 4 headers in 158 bytes (1 switches on core 0)
2026-03-31 06:24:26.908 8 INFO neutron.db.ovn_revision_numbers_db [None req-13480afa-7185-4148-81c7-263e188e8c86 f65637590aca47999e5bdd8487b51307 6f8bfadbd058458888f2b589d1e2a3dc - - default default] Successfully bumped revision number for resource f63c95e8-42a8-426d-8798-b77cd1adaccb (type: router_ports) to 1
2026-03-31 06:24:26.957 8 INFO neutron.services.segments.plugin [-] Segment e925eb2d-d199-45f2-8072-5d15aa039130 resource provider aggregate not found
2026-03-31 06:24:26.964 8 INFO neutron.services.segments.plugin [-] Segment e925eb2d-d199-45f2-8072-5d15aa039130 resource provider aggregate not found
2026-03-31 06:24:26.985 8 INFO neutron.services.segments.plugin [-] Segment e925eb2d-d199-45f2-8072-5d15aa039130 resource provider not found; error: Placement Client Error (4xx): {"errors": [{"status": 404, "title": "Not Found", "detail": "The resource could not be found.\n\n No resource provider with uuid e925eb2d-d199-45f2-8072-5d15aa039130 found for delete ", "request_id": "req-d17877aa-95c9-44ea-9339-807d50c076e1"}]}
2026-03-31 06:24:26.986 8 INFO neutron.services.segments.plugin [-] Segment e925eb2d-d199-45f2-8072-5d15aa039130 resource provider not found; error: Placement Client Error (4xx): {"errors": [{"status": 404, "title": "Not Found", "detail": "The resource could not be found.\n\n No resource provider with uuid e925eb2d-d199-45f2-8072-5d15aa039130 found for delete ", "request_id": "req-4a819c25-2386-4e5f-884d-fbba769d600c"}]}
2026-03-31 06:24:27.114 8 INFO neutron.db.ovn_revision_numbers_db [None req-13480afa-7185-4148-81c7-263e188e8c86 f65637590aca47999e5bdd8487b51307 6f8bfadbd058458888f2b589d1e2a3dc - - default default] Successfully bumped revision number for resource 3f026fec-5dd2-4c13-b44f-8ee8c8fc68ca (type: routers) to 2 [pid: 8|app: 0|req: 1304/2780] 10.0.0.135 () {34 vars in 669 bytes} [Tue Mar 31 06:24:25 2026] POST /v2.0/routers => generated 966 bytes in 1687 msecs (HTTP/1.1 201) 4 headers in 162 bytes (1 switches on core 0) [pid: 7|app: 0|req: 1477/2781] 10.0.0.135 () {32 vars in 740 bytes} [Tue Mar 31 06:24:26 2026] DELETE /v2.0/security-groups/cf17b2af-734f-4da7-b8b7-e3d142129605 => generated 0 bytes in 306 msecs (HTTP/1.1 204) 2 headers in 112 bytes (1 switches on core 0)
2026-03-31 06:24:27.422 7 INFO neutron.db.ovn_revision_numbers_db [None req-e8d7d93b-da42-4a70-821a-8e83888e57ed f65637590aca47999e5bdd8487b51307 6f8bfadbd058458888f2b589d1e2a3dc - - default default] Successfully bumped revision number for resource a85fd482-de11-4a1f-b1d6-3f272ad4a261 (type: security_groups) to 1
2026-03-31 06:24:27.434 7 INFO neutron.db.ovn_revision_numbers_db [None req-e8d7d93b-da42-4a70-821a-8e83888e57ed f65637590aca47999e5bdd8487b51307 6f8bfadbd058458888f2b589d1e2a3dc - - default default] Successfully bumped revision number for resource 030b1c82-fb73-48c8-9d47-a2b764c577b4 (type: security_group_rules) to 0
2026-03-31 06:24:27.448 7 INFO neutron.db.ovn_revision_numbers_db [None req-e8d7d93b-da42-4a70-821a-8e83888e57ed f65637590aca47999e5bdd8487b51307 6f8bfadbd058458888f2b589d1e2a3dc - - default default] Successfully bumped revision number for resource 7c685870-0dba-4411-b04c-04909f093352 (type: security_group_rules) to 0
2026-03-31 06:24:27.463 7 INFO neutron.db.ovn_revision_numbers_db [None req-e8d7d93b-da42-4a70-821a-8e83888e57ed f65637590aca47999e5bdd8487b51307 6f8bfadbd058458888f2b589d1e2a3dc - - default default] Successfully bumped revision number for resource 8788b784-711a-424c-9064-09cccccaf3e8 (type: security_group_rules) to 0
2026-03-31 06:24:27.478 7 INFO neutron.db.ovn_revision_numbers_db [None req-e8d7d93b-da42-4a70-821a-8e83888e57ed f65637590aca47999e5bdd8487b51307 6f8bfadbd058458888f2b589d1e2a3dc - - default default] Successfully bumped revision number for resource 9a67f11e-6212-4bb8-9900-e521e0d1c11e (type: security_group_rules) to 0 [pid: 7|app: 0|req: 1478/2782] 10.0.0.135 () {32 vars in 774 bytes} [Tue Mar 31 06:24:27 2026] GET /v2.0/security-groups?tenant_id=e8cfbfb41b294be7a70b6331f3edc579&name=default => generated 2929 bytes in 276 msecs (HTTP/1.1 200) 4 headers in 158 bytes (1 switches on core 0) [pid: 7|app: 0|req: 1479/2783] 10.0.0.135 () {32 vars in 740 bytes} [Tue Mar 31 06:24:27 2026] DELETE /v2.0/security-groups/a85fd482-de11-4a1f-b1d6-3f272ad4a261 => generated 0 bytes in 285 msecs (HTTP/1.1 204) 2 headers in 112 bytes (1 switches on core 0)
2026-03-31 06:24:28.087 8 WARNING neutron.scheduler.dhcp_agent_scheduler [None req-c1261cc6-1389-4191-bf46-43d1c30c28fb f65637590aca47999e5bdd8487b51307 6f8bfadbd058458888f2b589d1e2a3dc - - default default] No more DHCP agents
2026-03-31 06:24:28.092 8 WARNING neutron.api.rpc.agentnotifiers.dhcp_rpc_agent_api [None req-c1261cc6-1389-4191-bf46-43d1c30c28fb f65637590aca47999e5bdd8487b51307 6f8bfadbd058458888f2b589d1e2a3dc - - default default] Unable to schedule network ef967091-c111-49cc-bd5f-cb03208ddc27: no agents available; will retry on subsequent port and subnet creation events.
2026-03-31 06:24:28.362 8 INFO neutron.db.ovn_revision_numbers_db [None req-c1261cc6-1389-4191-bf46-43d1c30c28fb f65637590aca47999e5bdd8487b51307 6f8bfadbd058458888f2b589d1e2a3dc - - default default] Successfully bumped revision number for resource 7390c1b5-433d-45a6-8a4b-826e06f8c641 (type: ports) to 1
2026-03-31 06:24:28.696 8 INFO neutron.db.ovn_revision_numbers_db [None req-4760102b-cf0e-43a4-96a0-440c6e68c318 - - - - - -] Successfully bumped revision number for resource f63c95e8-42a8-426d-8798-b77cd1adaccb (type: ports) to 4
2026-03-31 06:24:29.314 8 WARNING neutron.plugins.ml2.drivers.ovn.mech_driver.ovsdb.ovn_client [None req-25eb0ff7-74b5-45c2-a728-f6821558099c - - - - - -] No hosting information found for port 0ca01ead-062a-4b50-87da-b6500f7b8024: RuntimeError: No hosting information found for port 0ca01ead-062a-4b50-87da-b6500f7b8024
