2026-04-13 04:31:59.285 10 WARNING neutron.api.rpc.agentnotifiers.dhcp_rpc_agent_api [None req-a6a20395-3eb9-4ce4-ae69-a74c4bbeac18 31fd7f806c90493e9cf69397e54acc46 cca6887609b74da9ae05133d41c5b715 - - default default] Unable to schedule network 5a8df1d7-0ffc-4ea2-b08c-34a9bdd7f51e: no agents available; will retry on subsequent port and subnet creation events.
2026-04-13 04:31:59.286 9 INFO neutron.wsgi [None req-2c23e477-84ff-4845-90d5-2dff7bc99964 c9594b8ed231411288b6708a7eaed101 dd33a30f44404c068960f230d7444967 - - default default] 10.0.0.116 "POST /v2.0/networks HTTP/1.1" status: 201 len: 829 time: 0.6811686
2026-04-13 04:31:59.562 9 WARNING neutron.scheduler.dhcp_agent_scheduler [None req-d821c181-70c0-4767-b32c-90e6454c8c65 c9594b8ed231411288b6708a7eaed101 dd33a30f44404c068960f230d7444967 - - default default] No more DHCP agents
2026-04-13 04:31:59.565 9 WARNING neutron.api.rpc.agentnotifiers.dhcp_rpc_agent_api [None req-d821c181-70c0-4767-b32c-90e6454c8c65 c9594b8ed231411288b6708a7eaed101 dd33a30f44404c068960f230d7444967 - - default default] Unable to schedule network d1d9f431-4b40-4696-aaa8-30b00a399f05: no agents available; will retry on subsequent port and subnet creation events.
2026-04-13 04:31:59.637 9 INFO neutron.db.ovn_revision_numbers_db [None req-d821c181-70c0-4767-b32c-90e6454c8c65 c9594b8ed231411288b6708a7eaed101 dd33a30f44404c068960f230d7444967 - - default default] Successfully bumped revision number for resource 4180ab67-739c-4bb5-a511-127a5a4abd40 (type: ports) to 1
2026-04-13 04:31:59.663 9 INFO neutron.wsgi [None req-d821c181-70c0-4767-b32c-90e6454c8c65 c9594b8ed231411288b6708a7eaed101 dd33a30f44404c068960f230d7444967 - - default default] 10.0.0.116 "POST /v2.0/ports HTTP/1.1" status: 201 len: 942 time: 0.3712759 /var/lib/openstack/lib/python3.10/site-packages/pycadf/identifier.py:71: UserWarning: Invalid uuid: neutron. To ensure interoperability, identifiers should be a valid uuid. warnings.warn(('Invalid uuid: %s. To ensure interoperability, '
2026-04-13 04:31:59.712 9 INFO neutron.wsgi [None req-8b8c379e-0ff1-4f67-b52d-1b2d10228635 c9594b8ed231411288b6708a7eaed101 dd33a30f44404c068960f230d7444967 - - default default] 10.0.0.116 "PUT /v2.0/ports/52933846-54c1-4c92-985d-a91b6502a882/tags HTTP/1.1" status: 200 len: 210 time: 0.0446303
2026-04-13 04:31:59.759 10 INFO neutron.db.ovn_revision_numbers_db [None req-a6a20395-3eb9-4ce4-ae69-a74c4bbeac18 31fd7f806c90493e9cf69397e54acc46 cca6887609b74da9ae05133d41c5b715 - - default default] Successfully bumped revision number for resource 625d2e52-8b17-45c9-b74c-e47e9c453959 (type: ports) to 2
2026-04-13 04:31:59.764 9 INFO neutron.wsgi [None req-965ae6dd-bf53-40f3-a000-1e4cb5424369 c9594b8ed231411288b6708a7eaed101 dd33a30f44404c068960f230d7444967 - - default default] 10.0.0.116 "PUT /v2.0/ports/08d2559e-24bb-478a-ac13-56f18c70a555/tags HTTP/1.1" status: 200 len: 218 time: 0.0474350
2026-04-13 04:31:59.791 10 INFO neutron.db.ovn_revision_numbers_db [None req-a6a20395-3eb9-4ce4-ae69-a74c4bbeac18 31fd7f806c90493e9cf69397e54acc46 cca6887609b74da9ae05133d41c5b715 - - default default] Successfully bumped revision number for resource 2caaf554-bb31-484c-b4cb-3ee513dbccde (type: subnets) to 0
2026-04-13 04:31:59.811 9 INFO neutron.wsgi [None req-a2c6a029-a9c2-4beb-9f71-09725dda77cc c9594b8ed231411288b6708a7eaed101 dd33a30f44404c068960f230d7444967 - - default default] 10.0.0.116 "PUT /v2.0/ports/aae8da28-d8de-45d5-9106-8253bfb58818/tags HTTP/1.1" status: 200 len: 227 time: 0.0421531
2026-04-13 04:31:59.830 10 WARNING neutron.scheduler.dhcp_agent_scheduler [None req-a6a20395-3eb9-4ce4-ae69-a74c4bbeac18 31fd7f806c90493e9cf69397e54acc46 cca6887609b74da9ae05133d41c5b715 - - default default] No more DHCP agents
2026-04-13 04:31:59.835 10 WARNING neutron.api.rpc.agentnotifiers.dhcp_rpc_agent_api [None req-a6a20395-3eb9-4ce4-ae69-a74c4bbeac18 31fd7f806c90493e9cf69397e54acc46 cca6887609b74da9ae05133d41c5b715 - - default default] Unable to schedule network 25a09012-1eb0-4eba-a226-67eace68e6cd: no agents available; will retry on subsequent port and subnet creation events.
2026-04-13 04:31:59.859 9 INFO neutron.wsgi [None req-ff52e798-48d1-466b-8d40-53fa9fbf7f64 c9594b8ed231411288b6708a7eaed101 dd33a30f44404c068960f230d7444967 - - default default] 10.0.0.116 "PUT /v2.0/ports/978ff872-d8dd-4265-aa60-29f91e1a7154/tags HTTP/1.1" status: 200 len: 212 time: 0.0432887
2026-04-13 04:31:59.861 10 INFO neutron.wsgi [None req-62f02887-3750-4ec4-9005-7f94ee230998 464517ff90904eb2b01c9651bd529c8f 2d23722c64c24565877eba2fb1df50d2 - - default default] 10.0.0.220 "GET /v2.0/agents HTTP/1.1" status: 200 len: 997 time: 0.1571810
2026-04-13 04:31:59.884 10 INFO neutron.wsgi [None req-9990830a-5686-48a1-9c58-aa90a9f3ebfe 464517ff90904eb2b01c9651bd529c8f 2d23722c64c24565877eba2fb1df50d2 - - default default] 10.0.0.220 "GET /v2.0/network-ip-availabilities HTTP/1.1" status: 200 len: 4524 time: 0.0198965
2026-04-13 04:31:59.999 10 INFO neutron.wsgi [None req-3fd4f4dd-c6ad-456c-aa9a-a20aff5c7eed 464517ff90904eb2b01c9651bd529c8f 2d23722c64c24565877eba2fb1df50d2 - - default default] 10.0.0.220 "GET /v2.0/networks HTTP/1.1" status: 200 len: 9596 time: 0.1132646
2026-04-13 04:32:00.074 10 INFO neutron.wsgi [None req-6e1d4ea9-3c1f-43b3-b108-e8a26d46669b 464517ff90904eb2b01c9651bd529c8f 2d23722c64c24565877eba2fb1df50d2 - - default default] 10.0.0.220 "GET /v2.0/ports HTTP/1.1" status: 200 len: 23147 time: 0.0678575
2026-04-13 04:32:00.074 9 INFO neutron.wsgi [None req-be868282-726c-4b77-98b0-75af75183ee6 c9594b8ed231411288b6708a7eaed101 dd33a30f44404c068960f230d7444967 - - default default] 10.0.0.116 "GET /v2.0/ports?tags=red HTTP/1.1" status: 200 len: 2448 time: 0.2083917
2026-04-13 04:32:00.123 10 INFO neutron.db.ovn_revision_numbers_db [None req-f3e6965d-70cf-41dd-93fe-c509871115c1 4e55f2d63aa647a6bb2d5153634539c8 b2c009bbacdf48a3a55a77d9087ce4cb - - default default] Successfully bumped revision number for resource db20594c-d881-4cc4-a699-22c88f74f846 (type: security_groups) to 1
2026-04-13 04:32:00.152 10 INFO neutron.db.ovn_revision_numbers_db [None req-f3e6965d-70cf-41dd-93fe-c509871115c1 4e55f2d63aa647a6bb2d5153634539c8 b2c009bbacdf48a3a55a77d9087ce4cb - - default default] Successfully bumped revision number for resource 137da60a-6dcd-4993-a76c-9e5f429e8665 (type: security_group_rules) to 0
2026-04-13 04:32:00.168 9 INFO neutron.wsgi [None req-86d87d86-c908-4757-a43a-1b23e1a6e122 c9594b8ed231411288b6708a7eaed101 dd33a30f44404c068960f230d7444967 - - default default] 10.0.0.116 "GET /v2.0/ports?tags=red%2Cblue HTTP/1.1" status: 200 len: 1708 time: 0.0882750
2026-04-13 04:32:00.185 10 INFO neutron.db.ovn_revision_numbers_db [None req-f3e6965d-70cf-41dd-93fe-c509871115c1 4e55f2d63aa647a6bb2d5153634539c8 b2c009bbacdf48a3a55a77d9087ce4cb - - default default] Successfully bumped revision number for resource 8c5a1531-0e18-4b34-bd62-05152dc74976 (type: security_group_rules) to 0
2026-04-13 04:32:00.192 10 INFO neutron.wsgi [None req-c606bc59-880a-4946-89c5-b96163961c58 464517ff90904eb2b01c9651bd529c8f 2d23722c64c24565877eba2fb1df50d2 - - default default] 10.0.0.220 "GET /v2.0/routers HTTP/1.1" status: 200 len: 859 time: 0.0986035
2026-04-13 04:32:00.215 10 INFO neutron.wsgi [None req-0e01f431-5f0b-4264-b160-417a3992ed93 464517ff90904eb2b01c9651bd529c8f 2d23722c64c24565877eba2fb1df50d2 - - default default] 10.0.0.220 "GET /v2.0/agents?binary=ovn-controller HTTP/1.1" status: 200 len: 591 time: 0.0204797
2026-04-13 04:32:00.219 10 INFO neutron.db.ovn_revision_numbers_db [None req-f3e6965d-70cf-41dd-93fe-c509871115c1 4e55f2d63aa647a6bb2d5153634539c8 b2c009bbacdf48a3a55a77d9087ce4cb - - default default] Successfully bumped revision number for resource bddaaaa5-4050-4f53-aa05-20ed51e3a0a5 (type: security_group_rules) to 0
2026-04-13 04:32:00.232 9 INFO neutron.wsgi [None req-db973252-fae7-4355-aa4a-ac1dcba57174 c9594b8ed231411288b6708a7eaed101 dd33a30f44404c068960f230d7444967 - - default default] 10.0.0.116 "GET /v2.0/ports?tags-any=blue HTTP/1.1" status: 200 len: 1708 time: 0.0581913
2026-04-13 04:32:00.251 10 INFO neutron.db.ovn_revision_numbers_db [None req-f3e6965d-70cf-41dd-93fe-c509871115c1 4e55f2d63aa647a6bb2d5153634539c8 b2c009bbacdf48a3a55a77d9087ce4cb - - default default] Successfully bumped revision number for resource f9df7168-692d-43d3-a138-3d0c71b22e01 (type: security_group_rules) to 0
2026-04-13 04:32:00.272 9 INFO neutron.wsgi [None req-8cd64fa1-80dd-4105-8454-0f17ac8cb936 c9594b8ed231411288b6708a7eaed101 dd33a30f44404c068960f230d7444967 - - default default] 10.0.0.116 "GET /v2.0/ports?tags-any=red%2Cblue HTTP/1.1" status: 200 len: 2448 time: 0.0351658
2026-04-13 04:32:00.327 10 INFO neutron.wsgi [None req-3078f7c3-3fca-46a2-a286-4d916dbc0326 464517ff90904eb2b01c9651bd529c8f 2d23722c64c24565877eba2fb1df50d2 - - default default] 10.0.0.220 "GET /v2.0/security-groups HTTP/1.1" status: 200 len: 33017 time: 0.1090548
2026-04-13 04:32:00.334 10 INFO neutron.db.segments_db [None req-f3e6965d-70cf-41dd-93fe-c509871115c1 4e55f2d63aa647a6bb2d5153634539c8 b2c009bbacdf48a3a55a77d9087ce4cb - - default default] Added segment d959ded0-04bb-4185-9f68-9612cfb27301 of type geneve for network fecb7827-b4ae-4ce9-b3f9-8711bd6f4f6c
2026-04-13 04:32:00.404 10 INFO neutron.wsgi [None req-1a532b19-b377-48ee-9049-82299256a1a1 464517ff90904eb2b01c9651bd529c8f 2d23722c64c24565877eba2fb1df50d2 - - default default] 10.0.0.220 "GET /v2.0/subnets HTTP/1.1" status: 200 len: 3326 time: 0.0486498
2026-04-13 04:32:00.427 9 INFO neutron.wsgi [None req-7fe88188-6eb2-40a7-b8d3-c09d8e031bcd c9594b8ed231411288b6708a7eaed101 dd33a30f44404c068960f230d7444967 - - default default] 10.0.0.116 "GET /v2.0/ports?not-tags=red HTTP/1.1" status: 200 len: 5463 time: 0.1505809
2026-04-13 04:32:00.478 10 INFO neutron.wsgi [None req-0cfc299a-8e9c-4fb3-bc0f-5eb15fbd7a25 464517ff90904eb2b01c9651bd529c8f 2d23722c64c24565877eba2fb1df50d2 - - default default] 10.0.0.220 "GET /v2.0/subnets HTTP/1.1" status: 200 len: 3326 time: 0.0722966
2026-04-13 04:32:00.504 9 INFO neutron.wsgi [None req-dd4c439e-9695-4b91-b201-fc45a1ebb01b c9594b8ed231411288b6708a7eaed101 dd33a30f44404c068960f230d7444967 - - default default] 10.0.0.116 "GET /v2.0/ports?not-tags=red%2Cblue HTTP/1.1" status: 200 len: 6203 time: 0.0701306
2026-04-13 04:32:00.515 10 INFO neutron.wsgi [None req-a0139696-a215-477d-bd74-ed4a4e2f5c2c 464517ff90904eb2b01c9651bd529c8f 2d23722c64c24565877eba2fb1df50d2 - - default default] 10.0.0.220 "GET /v2.0/subnetpools HTTP/1.1" status: 200 len: 193 time: 0.0306327
2026-04-13 04:32:00.578 9 INFO neutron.wsgi [None req-49e84b53-2d2f-4711-8812-6f65abf657b7 c9594b8ed231411288b6708a7eaed101 dd33a30f44404c068960f230d7444967 - - default default] 10.0.0.116 "GET /v2.0/ports?not-tags-any=blue HTTP/1.1" status: 200 len: 6203 time: 0.0661983
2026-04-13 04:32:00.807 10 INFO neutron.wsgi [None req-f194553b-b504-4a4a-9851-642ffeb5259e 464517ff90904eb2b01c9651bd529c8f 2d23722c64c24565877eba2fb1df50d2 - - default default] 10.0.0.220 "GET /v2.0/floatingips HTTP/1.1" status: 200 len: 1035 time: 0.2842376
2026-04-13 04:32:00.808 10 INFO neutron.db.ovn_revision_numbers_db [None req-f3e6965d-70cf-41dd-93fe-c509871115c1 4e55f2d63aa647a6bb2d5153634539c8 b2c009bbacdf48a3a55a77d9087ce4cb - - default default] Successfully bumped revision number for resource fecb7827-b4ae-4ce9-b3f9-8711bd6f4f6c (type: networks) to 1
2026-04-13 04:32:00.893 9 INFO neutron.wsgi [None req-717196e3-7a70-4c95-8d1f-4b7fa9ae1f87 c9594b8ed231411288b6708a7eaed101 dd33a30f44404c068960f230d7444967 - - default default] 10.0.0.116 "GET /v2.0/ports?not-tags-any=red%2Cblue HTTP/1.1" status: 200 len: 5463 time: 0.3099713
2026-04-13 04:32:00.929 10 INFO neutron.db.ovn_revision_numbers_db [None req-a6a20395-3eb9-4ce4-ae69-a74c4bbeac18 31fd7f806c90493e9cf69397e54acc46 cca6887609b74da9ae05133d41c5b715 - - default default] Successfully bumped revision number for resource 0add368f-fb5b-4cce-98cf-248ec9dedaaa (type: ports) to 2
2026-04-13 04:32:00.974 10 INFO neutron.db.ovn_revision_numbers_db [None req-a6a20395-3eb9-4ce4-ae69-a74c4bbeac18 31fd7f806c90493e9cf69397e54acc46 cca6887609b74da9ae05133d41c5b715 - - default default] Successfully bumped revision number for resource df03bf8c-931a-4e47-b8ac-e28c8e3d95ac (type: subnets) to 0
2026-04-13 04:32:00.988 10 INFO neutron.wsgi [None req-a6a20395-3eb9-4ce4-ae69-a74c4bbeac18 31fd7f806c90493e9cf69397e54acc46 cca6887609b74da9ae05133d41c5b715 - - default default] 10.0.0.116 "POST /v2.0/subnets HTTP/1.1" status: 201 len: 1426 time: 2.1807680
2026-04-13 04:32:01.008 10 WARNING neutron.scheduler.dhcp_agent_scheduler [None req-f3e6965d-70cf-41dd-93fe-c509871115c1 4e55f2d63aa647a6bb2d5153634539c8 b2c009bbacdf48a3a55a77d9087ce4cb - - default default] No more DHCP agents
2026-04-13 04:32:01.010 10 WARNING neutron.api.rpc.agentnotifiers.dhcp_rpc_agent_api [None req-f3e6965d-70cf-41dd-93fe-c509871115c1 4e55f2d63aa647a6bb2d5153634539c8 b2c009bbacdf48a3a55a77d9087ce4cb - - default default] Unable to schedule network fecb7827-b4ae-4ce9-b3f9-8711bd6f4f6c: no agents available; will retry on subsequent port and subnet creation events.
2026-04-13 04:32:01.062 9 INFO neutron.wsgi [None req-fb2730d0-2ebf-4e56-99a0-46e7306ce671 31fd7f806c90493e9cf69397e54acc46 cca6887609b74da9ae05133d41c5b715 - - default default] 10.0.0.116 "GET /v2.0/subnets HTTP/1.1" status: 200 len: 2034 time: 0.0686002
2026-04-13 04:32:01.147 10 INFO neutron.db.ovn_revision_numbers_db [None req-f3e6965d-70cf-41dd-93fe-c509871115c1 4e55f2d63aa647a6bb2d5153634539c8 b2c009bbacdf48a3a55a77d9087ce4cb - - default default] Successfully bumped revision number for resource f2d5289e-e68d-423f-b1be-df99fa8cfa06 (type: ports) to 1
2026-04-13 04:32:01.182 9 INFO neutron.wsgi [None req-ed8c3ab5-0043-4c02-a18f-12d6140adb3a c9594b8ed231411288b6708a7eaed101 dd33a30f44404c068960f230d7444967 - - default default] 10.0.0.116 "DELETE /v2.0/ports/52933846-54c1-4c92-985d-a91b6502a882 HTTP/1.1" status: 204 len: 168 time: 0.2795138
2026-04-13 04:32:01.200 10 INFO neutron.wsgi [None req-f3e6965d-70cf-41dd-93fe-c509871115c1 4e55f2d63aa647a6bb2d5153634539c8 b2c009bbacdf48a3a55a77d9087ce4cb - - default default] 10.0.0.116 "POST /v2.0/networks HTTP/1.1" status: 201 len: 830 time: 1.5128663
2026-04-13 04:32:01.306 9 INFO neutron.wsgi [req-34814156-3f24-4cc5-91b8-9961f112fc12 req-7443e688-9ef4-485d-8b2d-e8fcbfebdc6b 789c9a7ee0c848eb92cff03c64e4bf0a cddb5cc411ed46158e2df7299da69934 - - aafb6e47c8464a48aff426311d4cbb0d aafb6e47c8464a48aff426311d4cbb0d] 10.0.0.134 "GET /v2.0/ports?device_id=352c1def-2a4b-4fb0-bf30-c1a38de376d4 HTTP/1.1" status: 200 len: 1409 time: 0.0625229
2026-04-13 04:32:01.341 10 INFO neutron.wsgi [None req-cec08bba-abda-438f-bc04-e240193b6cb4 31fd7f806c90493e9cf69397e54acc46 cca6887609b74da9ae05133d41c5b715 - - default default] 10.0.0.116 "DELETE /v2.0/subnets/2caaf554-bb31-484c-b4cb-3ee513dbccde HTTP/1.1" status: 204 len: 168 time: 0.2739940
2026-04-13 04:32:01.412 9 INFO neutron.wsgi [req-34814156-3f24-4cc5-91b8-9961f112fc12 req-8d816d4c-ff84-4f68-8048-a055474c8b53 789c9a7ee0c848eb92cff03c64e4bf0a cddb5cc411ed46158e2df7299da69934 - - aafb6e47c8464a48aff426311d4cbb0d aafb6e47c8464a48aff426311d4cbb0d] 10.0.0.134 "GET /v2.0/security-groups?id=7f0b7552-825f-439a-b4cc-e872d0868f97&fields=id&fields=name HTTP/1.1" status: 200 len: 313 time: 0.0985045
2026-04-13 04:32:01.556 9 INFO neutron.wsgi [None req-66c04f31-a493-428b-ae8b-cde4d7f5c2f6 c9594b8ed231411288b6708a7eaed101 dd33a30f44404c068960f230d7444967 - - default default] 10.0.0.116 "DELETE /v2.0/ports/08d2559e-24bb-478a-ac13-56f18c70a555 HTTP/1.1" status: 204 len: 168 time: 0.3700109 /var/lib/openstack/lib/python3.10/site-packages/pycadf/identifier.py:71: UserWarning: Invalid uuid: neutron. To ensure interoperability, identifiers should be a valid uuid. warnings.warn(('Invalid uuid: %s. To ensure interoperability, '
2026-04-13 04:32:01.580 10 INFO neutron.wsgi [None req-2a67f513-b360-433c-b518-518b53e6fa9c 31fd7f806c90493e9cf69397e54acc46 cca6887609b74da9ae05133d41c5b715 - - default default] 10.0.0.116 "DELETE /v2.0/subnets/df03bf8c-931a-4e47-b8ac-e28c8e3d95ac HTTP/1.1" status: 204 len: 168 time: 0.2341354
2026-04-13 04:32:01.587 9 WARNING neutron.scheduler.dhcp_agent_scheduler [None req-7df9ee4e-a001-4670-b690-7bc7760cb97b 4e55f2d63aa647a6bb2d5153634539c8 b2c009bbacdf48a3a55a77d9087ce4cb - - default default] No more DHCP agents
2026-04-13 04:32:01.592 9 WARNING neutron.api.rpc.agentnotifiers.dhcp_rpc_agent_api [None req-7df9ee4e-a001-4670-b690-7bc7760cb97b 4e55f2d63aa647a6bb2d5153634539c8 b2c009bbacdf48a3a55a77d9087ce4cb - - default default] Unable to schedule network fecb7827-b4ae-4ce9-b3f9-8711bd6f4f6c: no agents available; will retry on subsequent port and subnet creation events.
2026-04-13 04:32:01.644 10 INFO neutron.wsgi [None req-b08b3bec-6873-4901-95ba-6ac594024156 31fd7f806c90493e9cf69397e54acc46 cca6887609b74da9ae05133d41c5b715 - - default default] 10.0.0.116 "GET /v2.0/subnets HTTP/1.1" status: 200 len: 820 time: 0.0586307
2026-04-13 04:32:01.749 9 INFO neutron.db.ovn_revision_numbers_db [None req-7df9ee4e-a001-4670-b690-7bc7760cb97b 4e55f2d63aa647a6bb2d5153634539c8 b2c009bbacdf48a3a55a77d9087ce4cb - - default default] Successfully bumped revision number for resource ced1b10a-faa1-44bf-9f05-b30e13afa85a (type: ports) to 1
2026-04-13 04:32:01.779 9 INFO neutron.wsgi [None req-7df9ee4e-a001-4670-b690-7bc7760cb97b 4e55f2d63aa647a6bb2d5153634539c8 b2c009bbacdf48a3a55a77d9087ce4cb - - default default] 10.0.0.116 "POST /v2.0/ports HTTP/1.1" status: 201 len: 942 time: 0.5739937
2026-04-13 04:32:01.836 9 INFO neutron.wsgi [None req-b41b3363-3d80-4ff8-859f-f428e4392b52 c9594b8ed231411288b6708a7eaed101 dd33a30f44404c068960f230d7444967 - - default default] 10.0.0.116 "DELETE /v2.0/ports/aae8da28-d8de-45d5-9106-8253bfb58818 HTTP/1.1" status: 204 len: 168 time: 0.2750275 /var/lib/openstack/lib/python3.10/site-packages/pycadf/identifier.py:71: UserWarning: Invalid uuid: neutron. To ensure interoperability, identifiers should be a valid uuid. warnings.warn(('Invalid uuid: %s. To ensure interoperability, '
2026-04-13 04:32:02.033 9 INFO neutron.wsgi [None req-fb8c3f6e-ade1-4915-a6ec-c7b209d2edb2 c9594b8ed231411288b6708a7eaed101 dd33a30f44404c068960f230d7444967 - - default default] 10.0.0.116 "DELETE /v2.0/ports/978ff872-d8dd-4265-aa60-29f91e1a7154 HTTP/1.1" status: 204 len: 168 time: 0.1904843
2026-04-13 04:32:02.076 10 INFO neutron.services.segments.plugin [-] Segment b48cc250-de00-47cc-b614-92ddb6c8dba8 resource provider aggregate not found
2026-04-13 04:32:02.081 10 INFO neutron.services.segments.plugin [-] Segment b48cc250-de00-47cc-b614-92ddb6c8dba8 resource provider aggregate not found
2026-04-13 04:32:02.089 10 INFO neutron.services.segments.plugin [-] Segment b48cc250-de00-47cc-b614-92ddb6c8dba8 resource provider not found; error: Placement Client Error (4xx): {"errors": [{"status": 404, "title": "Not Found", "detail": "The resource could not be found.\n\n No resource provider with uuid b48cc250-de00-47cc-b614-92ddb6c8dba8 found for delete ", "request_id": "req-b1414386-46fe-42b4-9786-3a7bfc8b4f21"}]}
2026-04-13 04:32:02.107 10 INFO neutron.wsgi [None req-2d2d61f6-3efc-4671-a582-5a8bf62c13a9 4e55f2d63aa647a6bb2d5153634539c8 b2c009bbacdf48a3a55a77d9087ce4cb - - default default] 10.0.0.116 "POST /v2.0/trunks HTTP/1.1" status: 201 len: 608 time: 0.3194845
2026-04-13 04:32:02.112 10 INFO neutron.services.segments.plugin [-] Segment b48cc250-de00-47cc-b614-92ddb6c8dba8 resource provider not found; error: Placement Client Error (4xx): {"errors": [{"status": 404, "title": "Not Found", "detail": "The resource could not be found.\n\n No resource provider with uuid b48cc250-de00-47cc-b614-92ddb6c8dba8 found for delete ", "request_id": "req-72324cca-d291-460d-8483-c78e615551e9"}]}
2026-04-13 04:32:02.128 10 INFO neutron.wsgi [None req-8e6b6544-0d26-4d5a-8e5a-5af9dc5a7c4a 31fd7f806c90493e9cf69397e54acc46 cca6887609b74da9ae05133d41c5b715 - - default default] 10.0.0.116 "DELETE /v2.0/networks/25a09012-1eb0-4eba-a226-67eace68e6cd HTTP/1.1" status: 204 len: 168 time: 0.4772890
2026-04-13 04:32:02.148 10 INFO neutron.wsgi [None req-1c193472-4570-4797-a1bf-e0921d47edb4 4e55f2d63aa647a6bb2d5153634539c8 b2c009bbacdf48a3a55a77d9087ce4cb - - default default] 10.0.0.116 "PUT /v2.0/trunks/64c1385a-5443-4b8a-be1f-23b17b63cf07/tags HTTP/1.1" status: 200 len: 218 time: 0.0352728
2026-04-13 04:32:02.168 10 INFO neutron.wsgi [None req-fd42c8fd-497c-4bb4-8911-44149c842aae 4e55f2d63aa647a6bb2d5153634539c8 b2c009bbacdf48a3a55a77d9087ce4cb - - default default] 10.0.0.116 "GET /v2.0/trunks/64c1385a-5443-4b8a-be1f-23b17b63cf07/tags HTTP/1.1" status: 200 len: 218 time: 0.0161691
2026-04-13 04:32:02.198 10 INFO neutron.wsgi [None req-7439bc3e-ae9f-480a-b186-c819755bfa24 4e55f2d63aa647a6bb2d5153634539c8 b2c009bbacdf48a3a55a77d9087ce4cb - - default default] 10.0.0.116 "PUT /v2.0/trunks/64c1385a-5443-4b8a-be1f-23b17b63cf07/tags/green HTTP/1.1" status: 201 len: 201 time: 0.0257788
2026-04-13 04:32:02.220 10 INFO neutron.wsgi [None req-3f4f3b5d-450d-4b6e-a1f3-1d411dc5aba4 4e55f2d63aa647a6bb2d5153634539c8 b2c009bbacdf48a3a55a77d9087ce4cb - - default default] 10.0.0.116 "GET /v2.0/trunks/64c1385a-5443-4b8a-be1f-23b17b63cf07/tags HTTP/1.1" status: 200 len: 227 time: 0.0165150
2026-04-13 04:32:02.238 10 INFO neutron.wsgi [None req-93392e71-3241-4a96-be4e-8755d0985ee7 4e55f2d63aa647a6bb2d5153634539c8 b2c009bbacdf48a3a55a77d9087ce4cb - - default default] 10.0.0.116 "PUT /v2.0/trunks/64c1385a-5443-4b8a-be1f-23b17b63cf07/tags/red HTTP/1.1" status: 201 len: 201 time: 0.0137782
2026-04-13 04:32:02.257 10 INFO neutron.wsgi [None req-6fd84a67-9013-464c-9703-ef8252d95b4f 4e55f2d63aa647a6bb2d5153634539c8 b2c009bbacdf48a3a55a77d9087ce4cb - - default default] 10.0.0.116 "GET /v2.0/trunks/64c1385a-5443-4b8a-be1f-23b17b63cf07/tags HTTP/1.1" status: 200 len: 227 time: 0.0143991
2026-04-13 04:32:02.292 10 INFO neutron.wsgi [None req-74648fb0-6882-4152-bbdc-b66c7a0918b9 4e55f2d63aa647a6bb2d5153634539c8 b2c009bbacdf48a3a55a77d9087ce4cb - - default default] 10.0.0.116 "PUT /v2.0/trunks/64c1385a-5443-4b8a-be1f-23b17b63cf07/tags/black.or.white HTTP/1.1" status: 201 len: 201 time: 0.0288825
2026-04-13 04:32:02.311 9 INFO neutron.wsgi [None req-a556cdab-8fa5-4f14-b783-b9b9e76ce044 c9594b8ed231411288b6708a7eaed101 dd33a30f44404c068960f230d7444967 - - default default] 10.0.0.116 "DELETE /v2.0/ports/4180ab67-739c-4bb5-a511-127a5a4abd40 HTTP/1.1" status: 204 len: 168 time: 0.2734988
2026-04-13 04:32:02.333 10 INFO neutron.wsgi [None req-f1919b5b-0baa-4eab-bada-7678a17760bc 4e55f2d63aa647a6bb2d5153634539c8 b2c009bbacdf48a3a55a77d9087ce4cb - - default default] 10.0.0.116 "GET /v2.0/trunks/64c1385a-5443-4b8a-be1f-23b17b63cf07/tags HTTP/1.1" status: 200 len: 245 time: 0.0307105
2026-04-13 04:32:02.394 9 INFO neutron.wsgi [None req-0f03018a-5f6a-4fe0-b329-9ddaa57a164a 4e55f2d63aa647a6bb2d5153634539c8 b2c009bbacdf48a3a55a77d9087ce4cb - - default default] 10.0.0.116 "PUT /v2.0/trunks/64c1385a-5443-4b8a-be1f-23b17b63cf07/tags HTTP/1.1" status: 200 len: 230 time: 0.0536046
2026-04-13 04:32:02.422 10 INFO neutron.wsgi [None req-6a9cc775-d984-41c7-b04b-eae49f3489fc 4e55f2d63aa647a6bb2d5153634539c8 b2c009bbacdf48a3a55a77d9087ce4cb - - default default] 10.0.0.116 "GET /v2.0/trunks/64c1385a-5443-4b8a-be1f-23b17b63cf07/tags HTTP/1.1" status: 200 len: 230 time: 0.0239506
2026-04-13 04:32:02.445 10 INFO neutron.wsgi [None req-ba00f08c-9592-459f-9c87-7fbe1c4bc1ce 4e55f2d63aa647a6bb2d5153634539c8 b2c009bbacdf48a3a55a77d9087ce4cb - - default default] 10.0.0.116 "GET /v2.0/trunks/64c1385a-5443-4b8a-be1f-23b17b63cf07/tags/red HTTP/1.1" status: 204 len: 168 time: 0.0155811
2026-04-13 04:32:02.478 10 INFO neutron.api.v2.resource [None req-0a6c3078-3cf5-4c3f-9c6c-08addd1c241c 4e55f2d63aa647a6bb2d5153634539c8 b2c009bbacdf48a3a55a77d9087ce4cb - - default default] show failed (client error): The resource could not be found.
2026-04-13 04:32:02.479 10 INFO neutron.wsgi [None req-0a6c3078-3cf5-4c3f-9c6c-08addd1c241c 4e55f2d63aa647a6bb2d5153634539c8 b2c009bbacdf48a3a55a77d9087ce4cb - - default default] 10.0.0.116 "GET /v2.0/trunks/64c1385a-5443-4b8a-be1f-23b17b63cf07/tags/green HTTP/1.1" status: 404 len: 299 time: 0.0286815
2026-04-13 04:32:02.532 10 INFO neutron.wsgi [None req-5d85a539-c58a-4d7a-8323-56a415623557 4e55f2d63aa647a6bb2d5153634539c8 b2c009bbacdf48a3a55a77d9087ce4cb - - default default] 10.0.0.116 "DELETE /v2.0/trunks/64c1385a-5443-4b8a-be1f-23b17b63cf07/tags/red HTTP/1.1" status: 204 len: 168 time: 0.0479906
2026-04-13 04:32:02.553 9 INFO neutron.services.segments.plugin [-] Segment 5f4b6f8a-2129-4be4-8f15-7bdba67885c3 resource provider aggregate not found
2026-04-13 04:32:02.556 10 INFO neutron.wsgi [None req-1de4badc-3332-4ae4-8f55-6ad3feb4ae65 4e55f2d63aa647a6bb2d5153634539c8 b2c009bbacdf48a3a55a77d9087ce4cb - - default default] 10.0.0.116 "GET /v2.0/trunks/64c1385a-5443-4b8a-be1f-23b17b63cf07/tags HTTP/1.1" status: 200 len: 223 time: 0.0193141
2026-04-13 04:32:02.559 9 INFO neutron.services.segments.plugin [-] Segment 5f4b6f8a-2129-4be4-8f15-7bdba67885c3 resource provider aggregate not found
2026-04-13 04:32:02.572 9 INFO neutron.services.segments.plugin [-] Segment 5f4b6f8a-2129-4be4-8f15-7bdba67885c3 resource provider not found; error: Placement Client Error (4xx): {"errors": [{"status": 404, "title": "Not Found", "detail": "The resource could not be found.\n\n No resource provider with uuid 5f4b6f8a-2129-4be4-8f15-7bdba67885c3 found for delete ", "request_id": "req-3f884b4b-d186-4c35-a234-fcfbb47d4207"}]}
2026-04-13 04:32:02.580 9 INFO neutron.services.segments.plugin [-] Segment 5f4b6f8a-2129-4be4-8f15-7bdba67885c3 resource provider not found; error: Placement Client Error (4xx): {"errors": [{"status": 404, "title": "Not Found", "detail": "The resource could not be found.\n\n No resource provider with uuid 5f4b6f8a-2129-4be4-8f15-7bdba67885c3 found for delete ", "request_id": "req-7789c80a-dbd0-448e-b4c9-2e2d1343c547"}]}
2026-04-13 04:32:02.591 10 INFO neutron.api.v2.resource [None req-93fe8285-644e-43d2-ba72-1d0d61acbe77 4e55f2d63aa647a6bb2d5153634539c8 b2c009bbacdf48a3a55a77d9087ce4cb - - default default] delete failed (client error): The resource could not be found.
2026-04-13 04:32:02.593 10 INFO neutron.wsgi [None req-93fe8285-644e-43d2-ba72-1d0d61acbe77 4e55f2d63aa647a6bb2d5153634539c8 b2c009bbacdf48a3a55a77d9087ce4cb - - default default] 10.0.0.116 "DELETE /v2.0/trunks/64c1385a-5443-4b8a-be1f-23b17b63cf07/tags/green HTTP/1.1" status: 404 len: 299 time: 0.0308888
2026-04-13 04:32:02.594 9 INFO neutron.wsgi [None req-b16a6e11-580b-4319-bbb3-8fdb60b9877f 31fd7f806c90493e9cf69397e54acc46 cca6887609b74da9ae05133d41c5b715 - - default default] 10.0.0.116 "DELETE /v2.0/networks/5a8df1d7-0ffc-4ea2-b08c-34a9bdd7f51e HTTP/1.1" status: 204 len: 168 time: 0.4603770
2026-04-13 04:32:02.643 10 INFO neutron.wsgi [None req-ffc6bb26-1b83-444b-9da7-203f62303ac3 4e55f2d63aa647a6bb2d5153634539c8 b2c009bbacdf48a3a55a77d9087ce4cb - - default default] 10.0.0.116 "DELETE /v2.0/trunks/64c1385a-5443-4b8a-be1f-23b17b63cf07/tags HTTP/1.1" status: 204 len: 168 time: 0.0443778
2026-04-13 04:32:02.670 10 INFO neutron.wsgi [None req-43fec318-665a-4a2c-b300-4a2fb81c88a6 4e55f2d63aa647a6bb2d5153634539c8 b2c009bbacdf48a3a55a77d9087ce4cb - - default default] 10.0.0.116 "GET /v2.0/trunks/64c1385a-5443-4b8a-be1f-23b17b63cf07/tags HTTP/1.1" status: 200 len: 205 time: 0.0207994
2026-04-13 04:32:02.723 10 INFO neutron.wsgi [None req-8523d1c5-655b-4400-9190-42ff297c9a01 4e55f2d63aa647a6bb2d5153634539c8 b2c009bbacdf48a3a55a77d9087ce4cb - - default default] 10.0.0.116 "GET /v2.0/trunks/64c1385a-5443-4b8a-be1f-23b17b63cf07 HTTP/1.1" status: 200 len: 603 time: 0.0458732
2026-04-13 04:32:02.753 10 INFO neutron.wsgi [None req-d741830d-6a2b-44bf-af41-e3d8b3ef89c8 c9594b8ed231411288b6708a7eaed101 dd33a30f44404c068960f230d7444967 - - default default] 10.0.0.116 "DELETE /v2.0/networks/c90eb275-729b-4f21-b3d8-7414fb67763b HTTP/1.1" status: 204 len: 168 time: 0.4368331
2026-04-13 04:32:02.869 9 INFO neutron.wsgi [None req-f5f49425-153c-4961-8efb-5a1a91450a7f 4e55f2d63aa647a6bb2d5153634539c8 b2c009bbacdf48a3a55a77d9087ce4cb - - default default] 10.0.0.116 "GET /v2.0/ports/ced1b10a-faa1-44bf-9f05-b30e13afa85a HTTP/1.1" status: 200 len: 1020 time: 0.1392484
2026-04-13 04:32:02.997 10 INFO neutron.wsgi [None req-158d0833-712f-4203-b4c2-ca74db37d881 4e55f2d63aa647a6bb2d5153634539c8 b2c009bbacdf48a3a55a77d9087ce4cb - - default default] 10.0.0.116 "DELETE /v2.0/trunks/64c1385a-5443-4b8a-be1f-23b17b63cf07 HTTP/1.1" status: 204 len: 168 time: 0.1219349
2026-04-13 04:32:03.057 9 INFO neutron.wsgi [None req-d26d7fa3-a0d2-41de-9659-3586b7ce755a 31fd7f806c90493e9cf69397e54acc46 cca6887609b74da9ae05133d41c5b715 - - default default] 10.0.0.116 "DELETE /v2.0/networks/5b5ee193-50b6-45b8-80b5-e2b16dffcbf8 HTTP/1.1" status: 204 len: 168 time: 0.4546123
2026-04-13 04:32:03.196 10 INFO neutron.wsgi [None req-09235e46-7fbe-4794-a096-214f9571fa1b c9594b8ed231411288b6708a7eaed101 dd33a30f44404c068960f230d7444967 - - default default] 10.0.0.116 "DELETE /v2.0/networks/bb702703-31e3-4ef3-b199-094ea8dde621 HTTP/1.1" status: 204 len: 168 time: 0.4373491
2026-04-13 04:32:03.254 10 INFO neutron.wsgi [None req-0e170af6-1c68-451f-83bb-259d80aedb7d 4e55f2d63aa647a6bb2d5153634539c8 b2c009bbacdf48a3a55a77d9087ce4cb - - default default] 10.0.0.116 "DELETE /v2.0/ports/ced1b10a-faa1-44bf-9f05-b30e13afa85a HTTP/1.1" status: 204 len: 168 time: 0.2521443
2026-04-13 04:32:03.525 9 INFO neutron.wsgi [None req-0d50040f-949f-4cd3-9aa1-14cd8001a1f2 31fd7f806c90493e9cf69397e54acc46 cca6887609b74da9ae05133d41c5b715 - - default default] 10.0.0.116 "DELETE /v2.0/networks/9b027052-d649-4d1c-bbe2-058bea0d7de0 HTTP/1.1" status: 204 len: 168 time: 0.4624724
2026-04-13 04:32:03.612 10 INFO neutron.wsgi [None req-2f9ca667-24b6-4818-98c8-4206b2e99882 4e55f2d63aa647a6bb2d5153634539c8 b2c009bbacdf48a3a55a77d9087ce4cb - - default default] 10.0.0.116 "DELETE /v2.0/networks/fecb7827-b4ae-4ce9-b3f9-8711bd6f4f6c HTTP/1.1" status: 204 len: 168 time: 0.3526340
2026-04-13 04:32:03.682 9 INFO neutron.wsgi [None req-453d09bb-633e-41f1-9ce9-baf75c39b2e1 c9594b8ed231411288b6708a7eaed101 dd33a30f44404c068960f230d7444967 - - default default] 10.0.0.116 "DELETE /v2.0/networks/2be543ae-f51d-448c-a4ba-d30122544904 HTTP/1.1" status: 204 len: 168 time: 0.4798651
2026-04-13 04:32:04.048 10 INFO neutron.wsgi [None req-5933b671-e8b2-4ab3-94c2-7395149e85a2 c9594b8ed231411288b6708a7eaed101 dd33a30f44404c068960f230d7444967 - - default default] 10.0.0.116 "DELETE /v2.0/networks/b37811de-8ef4-4991-9ef7-1b7494df6171 HTTP/1.1" status: 204 len: 168 time: 0.3619566
2026-04-13 04:32:04.119 10 INFO neutron.services.segments.plugin [-] Segment 62acb612-7ba4-4a1a-9db0-93441733a363 resource provider aggregate not found
2026-04-13 04:32:04.139 10 INFO neutron.services.segments.plugin [-] Segment 62acb612-7ba4-4a1a-9db0-93441733a363 resource provider aggregate not found
2026-04-13 04:32:04.146 10 INFO neutron.services.segments.plugin [-] Segment 62acb612-7ba4-4a1a-9db0-93441733a363 resource provider not found; error: Placement Client Error (4xx): {"errors": [{"status": 404, "title": "Not Found", "detail": "The resource could not be found.\n\n No resource provider with uuid 62acb612-7ba4-4a1a-9db0-93441733a363 found for delete ", "request_id": "req-4b53af53-b3e7-4495-af83-83a2981a417e"}]}
2026-04-13 04:32:04.160 10 INFO neutron.services.segments.plugin [-] Segment 62acb612-7ba4-4a1a-9db0-93441733a363 resource provider not found; error: Placement Client Error (4xx): {"errors": [{"status": 404, "title": "Not Found", "detail": "The resource could not be found.\n\n No resource provider with uuid 62acb612-7ba4-4a1a-9db0-93441733a363 found for delete ", "request_id": "req-df39b23e-9b61-4fa6-b74b-80e5c0af2710"}]}
2026-04-13 04:32:04.172 10 INFO neutron.services.segments.plugin [-] Segment 64ee4fde-2e41-4528-977c-d82a1d5e3acd resource provider aggregate not found
2026-04-13 04:32:04.180 10 INFO neutron.services.segments.plugin [-] Segment 64ee4fde-2e41-4528-977c-d82a1d5e3acd resource provider aggregate not found
2026-04-13 04:32:04.191 10 INFO neutron.services.segments.plugin [-] Segment 64ee4fde-2e41-4528-977c-d82a1d5e3acd resource provider not found; error: Placement Client Error (4xx): {"errors": [{"status": 404, "title": "Not Found", "detail": "The resource could not be found.\n\n No resource provider with uuid 64ee4fde-2e41-4528-977c-d82a1d5e3acd found for delete ", "request_id": "req-fe215752-6ce2-43a4-9c71-0e7987ef0a10"}]}
2026-04-13 04:32:04.197 10 INFO neutron.services.segments.plugin [-] Segment 64ee4fde-2e41-4528-977c-d82a1d5e3acd resource provider not found; error: Placement Client Error (4xx): {"errors": [{"status": 404, "title": "Not Found", "detail": "The resource could not be found.\n\n No resource provider with uuid 64ee4fde-2e41-4528-977c-d82a1d5e3acd found for delete ", "request_id": "req-02df3f8c-d2bd-46dc-b8c1-980d5d9ff297"}]}
2026-04-13 04:32:04.209 10 INFO neutron.services.segments.plugin [-] Segment d959ded0-04bb-4185-9f68-9612cfb27301 resource provider aggregate not found
2026-04-13 04:32:04.211 9 INFO neutron.wsgi [None req-8fc41949-3a00-4e3c-a91e-7d0c1794fd77 464517ff90904eb2b01c9651bd529c8f 2d23722c64c24565877eba2fb1df50d2 - - default default] 10.0.0.116 "GET /v2.0/security-groups?tenant_id=cca6887609b74da9ae05133d41c5b715&name=default HTTP/1.1" status: 200 len: 2996 time: 0.2357416
2026-04-13 04:32:04.215 10 INFO neutron.services.segments.plugin [-] Segment d959ded0-04bb-4185-9f68-9612cfb27301 resource provider aggregate not found
2026-04-13 04:32:04.229 10 INFO neutron.services.segments.plugin [-] Segment d959ded0-04bb-4185-9f68-9612cfb27301 resource provider not found; error: Placement Client Error (4xx): {"errors": [{"status": 404, "title": "Not Found", "detail": "The resource could not be found.\n\n No resource provider with uuid d959ded0-04bb-4185-9f68-9612cfb27301 found for delete ", "request_id": "req-6d2f0a6c-98e1-49a8-8bdc-14610df9df50"}]}
2026-04-13 04:32:04.236 10 INFO neutron.services.segments.plugin [-] Segment d959ded0-04bb-4185-9f68-9612cfb27301 resource provider not found; error: Placement Client Error (4xx): {"errors": [{"status": 404, "title": "Not Found", "detail": "The resource could not be found.\n\n No resource provider with uuid d959ded0-04bb-4185-9f68-9612cfb27301 found for delete ", "request_id": "req-f6f6bfa1-9ae2-491b-917e-b2e206a7e138"}]}
2026-04-13 04:32:04.250 10 INFO neutron.services.segments.plugin [-] Segment 0f3a3200-9f06-4a75-a91e-b335c9dced91 resource provider aggregate not found
2026-04-13 04:32:04.258 10 INFO neutron.services.segments.plugin [-] Segment 0f3a3200-9f06-4a75-a91e-b335c9dced91 resource provider aggregate not found
2026-04-13 04:32:04.263 10 INFO neutron.services.segments.plugin [-] Segment 0f3a3200-9f06-4a75-a91e-b335c9dced91 resource provider not found; error: Placement Client Error (4xx): {"errors": [{"status": 404, "title": "Not Found", "detail": "The resource could not be found.\n\n No resource provider with uuid 0f3a3200-9f06-4a75-a91e-b335c9dced91 found for delete ", "request_id": "req-0e95e87f-bd14-41cb-87f3-6f17939d1963"}]}
2026-04-13 04:32:04.275 10 INFO neutron.services.segments.plugin [-] Segment 0f3a3200-9f06-4a75-a91e-b335c9dced91 resource provider not found; error: Placement Client Error (4xx): {"errors": [{"status": 404, "title": "Not Found", "detail": "The resource could not be found.\n\n No resource provider with uuid 0f3a3200-9f06-4a75-a91e-b335c9dced91 found for delete ", "request_id": "req-1543c635-441b-4ad1-a331-dac2b1546c2f"}]}
2026-04-13 04:32:04.396 9 INFO neutron.db.ovn_revision_numbers_db [None req-15c396d6-c39e-4a21-bb45-335fccd42af1 464517ff90904eb2b01c9651bd529c8f 2d23722c64c24565877eba2fb1df50d2 - - default default] Successfully bumped revision number for resource 13faccd7-717e-48c1-91f1-d28d68c4d6bc (type: security_groups) to 1
2026-04-13 04:32:04.417 9 INFO neutron.db.ovn_revision_numbers_db [None req-15c396d6-c39e-4a21-bb45-335fccd42af1 464517ff90904eb2b01c9651bd529c8f 2d23722c64c24565877eba2fb1df50d2 - - default default] Successfully bumped revision number for resource 18d58830-55f3-44fb-b482-341399343957 (type: security_group_rules) to 0
2026-04-13 04:32:04.441 9 INFO neutron.db.ovn_revision_numbers_db [None req-15c396d6-c39e-4a21-bb45-335fccd42af1 464517ff90904eb2b01c9651bd529c8f 2d23722c64c24565877eba2fb1df50d2 - - default default] Successfully bumped revision number for resource 43e8c98c-08bf-4ac8-bdd2-4e5df9fb0db3 (type: security_group_rules) to 0
2026-04-13 04:32:04.456 10 INFO neutron.wsgi [None req-05635c7d-d27c-4687-8a07-1c980ed97f3b 464517ff90904eb2b01c9651bd529c8f 2d23722c64c24565877eba2fb1df50d2 - - default default] 10.0.0.116 "DELETE /v2.0/security-groups/42c3722b-4ec3-4089-a2d1-11302cb8a1c1 HTTP/1.1" status: 204 len: 168 time: 0.2353640
2026-04-13 04:32:04.463 9 INFO neutron.db.ovn_revision_numbers_db [None req-15c396d6-c39e-4a21-bb45-335fccd42af1 464517ff90904eb2b01c9651bd529c8f 2d23722c64c24565877eba2fb1df50d2 - - default default] Successfully bumped revision number for resource 511f139e-0fae-45fd-beb2-b1638b29d816 (type: security_group_rules) to 0
2026-04-13 04:32:04.481 9 INFO neutron.db.ovn_revision_numbers_db [None req-15c396d6-c39e-4a21-bb45-335fccd42af1 464517ff90904eb2b01c9651bd529c8f 2d23722c64c24565877eba2fb1df50d2 - - default default] Successfully bumped revision number for resource c34352ba-d8ef-4c7c-8d5b-fed5514a28ca (type: security_group_rules) to 0
2026-04-13 04:32:04.496 9 INFO neutron.wsgi [None req-5971b9f6-21f1-42b9-a506-5d42bbc07bbf c9594b8ed231411288b6708a7eaed101 dd33a30f44404c068960f230d7444967 - - default default] 10.0.0.116 "DELETE /v2.0/networks/d1d9f431-4b40-4696-aaa8-30b00a399f05 HTTP/1.1" status: 204 len: 168 time: 0.4435291
2026-04-13 04:32:04.513 9 INFO neutron.wsgi [None req-15c396d6-c39e-4a21-bb45-335fccd42af1 464517ff90904eb2b01c9651bd529c8f 2d23722c64c24565877eba2fb1df50d2 - - default default] 10.0.0.116 "GET /v2.0/security-groups?tenant_id=aaeb876172294895ac82544e7761d084&name=default HTTP/1.1" status: 200 len: 2996 time: 0.3171771
2026-04-13 04:32:04.593 9 INFO neutron.services.segments.plugin [-] Segment 1b8a3463-6f4b-41cf-9072-4675d8ef8bad resource provider aggregate not found
2026-04-13 04:32:04.598 9 INFO neutron.services.segments.plugin [-] Segment 1b8a3463-6f4b-41cf-9072-4675d8ef8bad resource provider aggregate not found
2026-04-13 04:32:04.611 9 INFO neutron.services.segments.plugin [-] Segment 1b8a3463-6f4b-41cf-9072-4675d8ef8bad resource provider not found; error: Placement Client Error (4xx): {"errors": [{"status": 404, "title": "Not Found", "detail": "The resource could not be found.\n\n No resource provider with uuid 1b8a3463-6f4b-41cf-9072-4675d8ef8bad found for delete ", "request_id": "req-fabde217-2e71-40b7-83f1-9e77023105dd"}]}
2026-04-13 04:32:04.618 9 INFO neutron.services.segments.plugin [-] Segment 1b8a3463-6f4b-41cf-9072-4675d8ef8bad resource provider not found; error: Placement Client Error (4xx): {"errors": [{"status": 404, "title": "Not Found", "detail": "The resource could not be found.\n\n No resource provider with uuid 1b8a3463-6f4b-41cf-9072-4675d8ef8bad found for delete ", "request_id": "req-12c282ef-069b-43f1-a9f3-1e713f964fcf"}]}
2026-04-13 04:32:04.632 9 INFO neutron.services.segments.plugin [-] Segment 19f3fe91-0d6e-4a61-b123-4afd74884379 resource provider aggregate not found
2026-04-13 04:32:04.637 9 INFO neutron.services.segments.plugin [-] Segment 19f3fe91-0d6e-4a61-b123-4afd74884379 resource provider aggregate not found
2026-04-13 04:32:04.643 9 INFO neutron.services.segments.plugin [-] Segment 19f3fe91-0d6e-4a61-b123-4afd74884379 resource provider not found; error: Placement Client Error (4xx): {"errors": [{"status": 404, "title": "Not Found", "detail": "The resource could not be found.\n\n No resource provider with uuid 19f3fe91-0d6e-4a61-b123-4afd74884379 found for delete ", "request_id": "req-066aaef1-16e3-4110-b8e9-fee6a7ad69e2"}]}
2026-04-13 04:32:04.654 9 INFO neutron.services.segments.plugin [-] Segment 19f3fe91-0d6e-4a61-b123-4afd74884379 resource provider not found; error: Placement Client Error (4xx): {"errors": [{"status": 404, "title": "Not Found", "detail": "The resource could not be found.\n\n No resource provider with uuid 19f3fe91-0d6e-4a61-b123-4afd74884379 found for delete ", "request_id": "req-e58b0d89-749d-4c77-b4a6-89ec7e7c0cc4"}]}
2026-04-13 04:32:04.658 9 INFO neutron.services.segments.plugin [-] Segment 18205482-abf3-4fe1-90d5-382d42930bcc resource provider aggregate not found
2026-04-13 04:32:04.671 9 INFO neutron.services.segments.plugin [-] Segment 18205482-abf3-4fe1-90d5-382d42930bcc resource provider not found; error: Placement Client Error (4xx): {"errors": [{"status": 404, "title": "Not Found", "detail": "The resource could not be found.\n\n No resource provider with uuid 18205482-abf3-4fe1-90d5-382d42930bcc found for delete ", "request_id": "req-9489f5fc-82fb-449f-b2d3-b1ca2c271ee9"}]}
2026-04-13 04:32:04.676 9 INFO neutron.services.segments.plugin [-] Segment 18205482-abf3-4fe1-90d5-382d42930bcc resource provider aggregate not found
2026-04-13 04:32:04.686 9 INFO neutron.services.segments.plugin [-] Segment ca936919-9b6f-4c73-ba7d-b781da603a4d resource provider aggregate not found
2026-04-13 04:32:04.693 9 INFO neutron.services.segments.plugin [-] Segment 18205482-abf3-4fe1-90d5-382d42930bcc resource provider not found; error: Placement Client Error (4xx): {"errors": [{"status": 404, "title": "Not Found", "detail": "The resource could not be found.\n\n No resource provider with uuid 18205482-abf3-4fe1-90d5-382d42930bcc found for delete ", "request_id": "req-1d73df5f-a1ba-4600-9241-d581589eb923"}]}
2026-04-13 04:32:04.695 10 INFO neutron.wsgi [None req-9273a378-7f2c-41db-84ab-9ea489073292 464517ff90904eb2b01c9651bd529c8f 2d23722c64c24565877eba2fb1df50d2 - - default default] 10.0.0.116 "DELETE /v2.0/security-groups/13faccd7-717e-48c1-91f1-d28d68c4d6bc HTTP/1.1" status: 204 len: 168 time: 0.1771915
2026-04-13 04:32:04.707 9 INFO neutron.services.segments.plugin [-] Segment ca936919-9b6f-4c73-ba7d-b781da603a4d resource provider aggregate not found
2026-04-13 04:32:04.713 9 INFO neutron.services.segments.plugin [-] Segment ca936919-9b6f-4c73-ba7d-b781da603a4d resource provider not found; error: Placement Client Error (4xx): {"errors": [{"status": 404, "title": "Not Found", "detail": "The resource could not be found.\n\n No resource provider with uuid ca936919-9b6f-4c73-ba7d-b781da603a4d found for delete ", "request_id": "req-e44b29bf-692f-4378-b54e-0093e7bc168d"}]}
2026-04-13 04:32:04.727 9 INFO neutron.services.segments.plugin [-] Segment ca936919-9b6f-4c73-ba7d-b781da603a4d resource provider not found; error: Placement Client Error (4xx): {"errors": [{"status": 404, "title": "Not Found", "detail": "The resource could not be found.\n\n No resource provider with uuid ca936919-9b6f-4c73-ba7d-b781da603a4d found for delete ", "request_id": "req-5d6a35ae-88c5-49d9-8203-287338a8c759"}]}
2026-04-13 04:32:04.901 10 INFO neutron.wsgi [None req-3ffc76f6-6349-4e1d-ac90-14ecc43353be 464517ff90904eb2b01c9651bd529c8f 2d23722c64c24565877eba2fb1df50d2 - - default default] 10.0.0.116 "GET /v2.0/security-groups?tenant_id=b2c009bbacdf48a3a55a77d9087ce4cb&name=default HTTP/1.1" status: 200 len: 2996 time: 0.0473843
2026-04-13 04:32:05.133 10 INFO neutron.wsgi [None req-ad313354-ab18-4395-a900-b69f472bcd19 464517ff90904eb2b01c9651bd529c8f 2d23722c64c24565877eba2fb1df50d2 - - default default] 10.0.0.116 "DELETE /v2.0/security-groups/db20594c-d881-4cc4-a699-22c88f74f846 HTTP/1.1" status: 204 len: 168 time: 0.2274020
2026-04-13 04:32:05.164 9 INFO neutron.wsgi [None req-4008a80c-57cf-4b75-a636-cc8741c42478 09bffeb06e83479b89924eb7a805a47b 71a440f0ead84d808debca1ad9e023f2 - - default default] 10.0.0.116 "GET /v2.0/ports?project_id=438013eae755454bb0a6829cfd092cc4&network_id=55de2c74-a1e6-46c2-8b35-b4e3c668f590 HTTP/1.1" status: 200 len: 3510 time: 0.0476496
2026-04-13 04:32:05.398 10 INFO neutron.wsgi [None req-87176a9f-6c11-4fcf-ade0-c27cbea6d7b6 09bffeb06e83479b89924eb7a805a47b 71a440f0ead84d808debca1ad9e023f2 - - default default] 10.0.0.116 "GET /v2.0/subnets?network_id=f4de2f68-663b-4614-9410-2dd55c3c0888 HTTP/1.1" status: 200 len: 838 time: 0.0375593
2026-04-13 04:32:05.613 10 INFO neutron.db.ovn_revision_numbers_db [None req-9511c6d0-efe3-4e5e-aa07-80bf545260c0 464517ff90904eb2b01c9651bd529c8f 2d23722c64c24565877eba2fb1df50d2 - - default default] Successfully bumped revision number for resource 633fa594-5e54-4914-b899-6f7097777bdc (type: security_groups) to 1
2026-04-13 04:32:05.630 10 INFO neutron.db.ovn_revision_numbers_db [None req-9511c6d0-efe3-4e5e-aa07-80bf545260c0 464517ff90904eb2b01c9651bd529c8f 2d23722c64c24565877eba2fb1df50d2 - - default default] Successfully bumped revision number for resource 64af170b-7182-4e08-83a2-08d87fd95f6a (type: security_group_rules) to 0
2026-04-13 04:32:05.644 10 INFO neutron.db.ovn_revision_numbers_db [None req-9511c6d0-efe3-4e5e-aa07-80bf545260c0 464517ff90904eb2b01c9651bd529c8f 2d23722c64c24565877eba2fb1df50d2 - - default default] Successfully bumped revision number for resource ba5155b0-6ce5-45f2-beb7-ffe9a65c7376 (type: security_group_rules) to 0
2026-04-13 04:32:05.660 10 INFO neutron.db.ovn_revision_numbers_db [None req-9511c6d0-efe3-4e5e-aa07-80bf545260c0 464517ff90904eb2b01c9651bd529c8f 2d23722c64c24565877eba2fb1df50d2 - - default default] Successfully bumped revision number for resource d3f17466-dedb-4334-bf34-74c59dcb3896 (type: security_group_rules) to 0
2026-04-13 04:32:05.678 10 INFO neutron.db.ovn_revision_numbers_db [None req-9511c6d0-efe3-4e5e-aa07-80bf545260c0 464517ff90904eb2b01c9651bd529c8f 2d23722c64c24565877eba2fb1df50d2 - - default default] Successfully bumped revision number for resource f8072867-a804-4b70-8835-a7497c4475bc (type: security_group_rules) to 0
2026-04-13 04:32:05.707 10 INFO neutron.wsgi [None req-9511c6d0-efe3-4e5e-aa07-80bf545260c0 464517ff90904eb2b01c9651bd529c8f 2d23722c64c24565877eba2fb1df50d2 - - default default] 10.0.0.116 "GET /v2.0/security-groups?tenant_id=98d9dc6149d145d0bcebe654b4886a43&name=default HTTP/1.1" status: 200 len: 2996 time: 0.3679528
2026-04-13 04:32:05.751 9 INFO neutron.db.l3_db [None req-4cf94a6a-92a3-47e4-a197-bb0b11b4ef6e 2c5eb029e25a48a785474bef05fe2ed8 438013eae755454bb0a6829cfd092cc4 - - default default] Floating IP 5ee7a37a-fef3-4ee9-ab3b-3493cdc7522e disassociated. External IP: 10.96.250.205, port: 921debc4-8aeb-4d58-83d8-6a76eea6ec61.
2026-04-13 04:32:05.788 9 INFO neutron.db.ovn_revision_numbers_db [None req-4cf94a6a-92a3-47e4-a197-bb0b11b4ef6e 2c5eb029e25a48a785474bef05fe2ed8 438013eae755454bb0a6829cfd092cc4 - - default default] Successfully bumped revision number for resource 5ee7a37a-fef3-4ee9-ab3b-3493cdc7522e (type: floatingips) to 2
2026-04-13 04:32:05.882 9 INFO neutron.wsgi [None req-4cf94a6a-92a3-47e4-a197-bb0b11b4ef6e 2c5eb029e25a48a785474bef05fe2ed8 438013eae755454bb0a6829cfd092cc4 - - default default] 10.0.0.116 "PUT /v2.0/floatingips/5ee7a37a-fef3-4ee9-ab3b-3493cdc7522e HTTP/1.1" status: 200 len: 748 time: 0.2638056 /var/lib/openstack/lib/python3.10/site-packages/pycadf/identifier.py:71: UserWarning: Invalid uuid: neutron. To ensure interoperability, identifiers should be a valid uuid. warnings.warn(('Invalid uuid: %s. To ensure interoperability, '
2026-04-13 04:32:05.917 9 INFO neutron.notifiers.nova [-] Nova event matching ['req-3772f183-119b-4c0a-ba58-cf75d27e049d'] response: {'name': 'network-changed', 'server_uuid': '352c1def-2a4b-4fb0-bf30-c1a38de376d4', 'tag': '921debc4-8aeb-4d58-83d8-6a76eea6ec61', 'status': 'completed', 'code': 200}
2026-04-13 04:32:05.921 10 INFO neutron.wsgi [None req-cf8e80a8-2f26-4f63-ae8c-feec6952cbf8 2c5eb029e25a48a785474bef05fe2ed8 438013eae755454bb0a6829cfd092cc4 - - default default] 10.0.0.116 "GET /v2.0/floatingips/5ee7a37a-fef3-4ee9-ab3b-3493cdc7522e HTTP/1.1" status: 200 len: 746 time: 0.0345287
2026-04-13 04:32:05.974 9 INFO neutron.wsgi [req-06cc3f9d-afee-4352-9077-4d21b396e267 req-73a677d2-4789-4913-ba0c-2724f0dabfec 789c9a7ee0c848eb92cff03c64e4bf0a cddb5cc411ed46158e2df7299da69934 - - aafb6e47c8464a48aff426311d4cbb0d aafb6e47c8464a48aff426311d4cbb0d] 199.204.45.141 "GET /v2.0/ports?tenant_id=438013eae755454bb0a6829cfd092cc4&device_id=352c1def-2a4b-4fb0-bf30-c1a38de376d4 HTTP/1.1" status: 200 len: 1409 time: 0.0358334
2026-04-13 04:32:05.990 10 INFO neutron.wsgi [None req-dadb3fae-024c-421f-bc03-ca3132c0212e 464517ff90904eb2b01c9651bd529c8f 2d23722c64c24565877eba2fb1df50d2 - - default default] 10.0.0.116 "DELETE /v2.0/security-groups/633fa594-5e54-4914-b899-6f7097777bdc HTTP/1.1" status: 204 len: 168 time: 0.2782764
2026-04-13 04:32:06.038 9 INFO neutron.wsgi [req-06cc3f9d-afee-4352-9077-4d21b396e267 req-665ffda3-f7d1-4418-b66c-d31c73fd66b0 789c9a7ee0c848eb92cff03c64e4bf0a cddb5cc411ed46158e2df7299da69934 - - aafb6e47c8464a48aff426311d4cbb0d aafb6e47c8464a48aff426311d4cbb0d] 199.204.45.141 "GET /v2.0/networks?id=55de2c74-a1e6-46c2-8b35-b4e3c668f590 HTTP/1.1" status: 200 len: 956 time: 0.0572581
2026-04-13 04:32:06.070 9 INFO neutron.wsgi [req-06cc3f9d-afee-4352-9077-4d21b396e267 req-8620e86a-2e5b-4e9a-b2f5-5a9c858a8288 789c9a7ee0c848eb92cff03c64e4bf0a cddb5cc411ed46158e2df7299da69934 - - aafb6e47c8464a48aff426311d4cbb0d aafb6e47c8464a48aff426311d4cbb0d] 199.204.45.141 "GET /v2.0/floatingips?fixed_ip_address=10.100.0.8&port_id=921debc4-8aeb-4d58-83d8-6a76eea6ec61 HTTP/1.1" status: 200 len: 217 time: 0.0254376
2026-04-13 04:32:06.112 9 INFO neutron.wsgi [req-06cc3f9d-afee-4352-9077-4d21b396e267 req-31ad8af3-e77d-4a2a-86a2-4ed162e26b68 789c9a7ee0c848eb92cff03c64e4bf0a cddb5cc411ed46158e2df7299da69934 - - aafb6e47c8464a48aff426311d4cbb0d aafb6e47c8464a48aff426311d4cbb0d] 199.204.45.141 "GET /v2.0/subnets?id=fb138fbd-fa99-45b8-ac4d-4fc9ecc1c774 HTTP/1.1" status: 200 len: 852 time: 0.0368662
