2026-04-13 04:30:25.599 10 INFO neutron.wsgi [None req-cc778dd6-7eda-4063-a8f9-8e33cc8c33d9 6c3fa53e290e447280a9ff18d2fcc359 9fef1be5469743e89769b08cbd37fa1e - - default default] 10.0.0.116 "GET /v2.0/networks HTTP/1.1" status: 200 len: 2051 time: 0.0986712
2026-04-13 04:30:25.716 9 INFO neutron.db.ovn_revision_numbers_db [None req-e73ab3c0-4cb7-4d0a-9098-8f72aed698e4 8148e3860fd54b9791405b67b2ee3775 713d12c1a7b7446487fa0dbb483e5dd1 - - default default] Successfully bumped revision number for resource 9a8aa7d1-0bcc-4b4a-bd41-20d25c8bbd03 (type: security_group_rules) to 0
2026-04-13 04:30:25.738 9 INFO neutron.db.ovn_revision_numbers_db [None req-fe2710e1-bd84-4896-8784-f253f72a18fc f47bf289cf9b430697d435304eff8bba 13045b18699b41a39a41be163bdd55a6 - - default default] Successfully bumped revision number for resource dc8b71d1-ad92-46c4-aa82-0d924fbaa81c (type: networks) to 2
2026-04-13 04:30:25.742 9 INFO neutron.wsgi [None req-fe2710e1-bd84-4896-8784-f253f72a18fc f47bf289cf9b430697d435304eff8bba 13045b18699b41a39a41be163bdd55a6 - - default default] 10.0.0.116 "PUT /v2.0/networks/dc8b71d1-ad92-46c4-aa82-0d924fbaa81c HTTP/1.1" status: 200 len: 792 time: 0.1950567
2026-04-13 04:30:25.749 9 INFO neutron.wsgi [None req-e73ab3c0-4cb7-4d0a-9098-8f72aed698e4 8148e3860fd54b9791405b67b2ee3775 713d12c1a7b7446487fa0dbb483e5dd1 - - default default] 10.0.0.116 "POST /v2.0/security-group-rules HTTP/1.1" status: 201 len: 769 time: 0.2096257
2026-04-13 04:30:25.956 10 INFO neutron.services.segments.plugin [-] Segment 29232232-cbd2-49e1-a9cf-33b86f1c8a20 resource provider aggregate not found
2026-04-13 04:30:25.963 10 INFO neutron.services.segments.plugin [-] Segment 29232232-cbd2-49e1-a9cf-33b86f1c8a20 resource provider aggregate not found
2026-04-13 04:30:25.977 9 WARNING neutron.scheduler.dhcp_agent_scheduler [None req-b562f21c-4726-421e-ad36-4d5639b9e88c f47bf289cf9b430697d435304eff8bba 13045b18699b41a39a41be163bdd55a6 - - default default] No more DHCP agents
2026-04-13 04:30:25.980 9 WARNING neutron.api.rpc.agentnotifiers.dhcp_rpc_agent_api [None req-b562f21c-4726-421e-ad36-4d5639b9e88c f47bf289cf9b430697d435304eff8bba 13045b18699b41a39a41be163bdd55a6 - - default default] Unable to schedule network dc8b71d1-ad92-46c4-aa82-0d924fbaa81c: no agents available; will retry on subsequent port and subnet creation events.
2026-04-13 04:30:25.984 10 INFO neutron.services.segments.plugin [-] Segment 29232232-cbd2-49e1-a9cf-33b86f1c8a20 resource provider not found; error: Placement Client Error (4xx): {"errors": [{"status": 404, "title": "Not Found", "detail": "The resource could not be found.\n\n No resource provider with uuid 29232232-cbd2-49e1-a9cf-33b86f1c8a20 found for delete ", "request_id": "req-34c2992f-7768-44f1-945e-8e3c08644023"}]}
2026-04-13 04:30:25.994 10 INFO neutron.services.segments.plugin [-] Segment 29232232-cbd2-49e1-a9cf-33b86f1c8a20 resource provider not found; error: Placement Client Error (4xx): {"errors": [{"status": 404, "title": "Not Found", "detail": "The resource could not be found.\n\n No resource provider with uuid 29232232-cbd2-49e1-a9cf-33b86f1c8a20 found for delete ", "request_id": "req-a97baf1a-2266-4839-909c-bfbe615e19e7"}]}
2026-04-13 04:30:26.013 9 INFO neutron.db.ovn_revision_numbers_db [None req-b562f21c-4726-421e-ad36-4d5639b9e88c f47bf289cf9b430697d435304eff8bba 13045b18699b41a39a41be163bdd55a6 - - default default] Successfully bumped revision number for resource dc747f02-f254-40e9-97b3-8d766533ae36 (type: subnets) to 0
2026-04-13 04:30:26.026 10 INFO neutron.wsgi [None req-5bc33f2f-4d14-4e49-a836-6832156ac4f8 6c3fa53e290e447280a9ff18d2fcc359 9fef1be5469743e89769b08cbd37fa1e - - default default] 10.0.0.116 "DELETE /v2.0/networks/50609aa1-7da3-47de-891d-3ed466b661ea HTTP/1.1" status: 204 len: 168 time: 0.4222662
2026-04-13 04:30:26.029 9 INFO neutron.wsgi [None req-b562f21c-4726-421e-ad36-4d5639b9e88c f47bf289cf9b430697d435304eff8bba 13045b18699b41a39a41be163bdd55a6 - - default default] 10.0.0.116 "POST /v2.0/subnets HTTP/1.1" status: 201 len: 821 time: 0.2796528
2026-04-13 04:30:26.095 10 WARNING neutron.scheduler.dhcp_agent_scheduler [None req-4603cbfb-3fb7-4836-a4d8-c34f8e0f4001 8148e3860fd54b9791405b67b2ee3775 713d12c1a7b7446487fa0dbb483e5dd1 - - default default] No more DHCP agents
2026-04-13 04:30:26.098 10 WARNING neutron.api.rpc.agentnotifiers.dhcp_rpc_agent_api [None req-4603cbfb-3fb7-4836-a4d8-c34f8e0f4001 8148e3860fd54b9791405b67b2ee3775 713d12c1a7b7446487fa0dbb483e5dd1 - - default default] Unable to schedule network f4de2f68-663b-4614-9410-2dd55c3c0888: no agents available; will retry on subsequent port and subnet creation events.
2026-04-13 04:30:26.342 10 INFO neutron.db.ovn_revision_numbers_db [None req-4603cbfb-3fb7-4836-a4d8-c34f8e0f4001 8148e3860fd54b9791405b67b2ee3775 713d12c1a7b7446487fa0dbb483e5dd1 - - default default] Successfully bumped revision number for resource 59a7e0cf-6c22-4463-a3b5-f579c11535e6 (type: floatingips) to 0
2026-04-13 04:30:26.352 10 INFO neutron.wsgi [None req-4603cbfb-3fb7-4836-a4d8-c34f8e0f4001 8148e3860fd54b9791405b67b2ee3775 713d12c1a7b7446487fa0dbb483e5dd1 - - default default] 10.0.0.116 "POST /v2.0/floatingips HTTP/1.1" status: 201 len: 751 time: 0.5969343
2026-04-13 04:30:26.458 10 INFO neutron.wsgi [req-70898b0e-e881-4324-955d-6a906a475e3f req-8b8a6b15-e270-404c-a73d-36231f77289c 8148e3860fd54b9791405b67b2ee3775 713d12c1a7b7446487fa0dbb483e5dd1 - - default default] 10.0.0.137 "GET /v2.0/security-groups?name=tempest-secgroup-smoke-27522967&fields=id&tenant_id=713d12c1a7b7446487fa0dbb483e5dd1 HTTP/1.1" status: 200 len: 267 time: 0.0328376
2026-04-13 04:30:26.494 10 INFO neutron.wsgi [req-70898b0e-e881-4324-955d-6a906a475e3f req-085666dd-ca6e-4925-8594-97938bab3fda 8148e3860fd54b9791405b67b2ee3775 713d12c1a7b7446487fa0dbb483e5dd1 - - default default] 10.0.0.137 "GET /v2.0/security-groups?name=tempest-securitygroup--30179316&fields=id&tenant_id=713d12c1a7b7446487fa0dbb483e5dd1 HTTP/1.1" status: 200 len: 267 time: 0.0287681
2026-04-13 04:30:26.562 10 INFO neutron.wsgi [req-70898b0e-e881-4324-955d-6a906a475e3f req-835d3cef-11e7-43b2-a72b-dfbd781b274e 8148e3860fd54b9791405b67b2ee3775 713d12c1a7b7446487fa0dbb483e5dd1 - - default default] 10.0.0.137 "GET /v2.0/networks?id=08a28363-ce91-4450-b995-60f7c90a5fef HTTP/1.1" status: 200 len: 871 time: 0.0601971
2026-04-13 04:30:26.577 10 INFO neutron.wsgi [req-70898b0e-e881-4324-955d-6a906a475e3f req-b4ad6c14-b761-462b-885f-c52a6d1a0554 8148e3860fd54b9791405b67b2ee3775 713d12c1a7b7446487fa0dbb483e5dd1 - - default default] 10.0.0.137 "GET /v2.0/quotas/713d12c1a7b7446487fa0dbb483e5dd1 HTTP/1.1" status: 200 len: 386 time: 0.0077708
2026-04-13 04:30:26.651 10 INFO neutron.wsgi [req-70898b0e-e881-4324-955d-6a906a475e3f req-5854dc46-3a6b-4af8-a66d-19e484b9d4a3 8148e3860fd54b9791405b67b2ee3775 713d12c1a7b7446487fa0dbb483e5dd1 - - default default] 10.0.0.137 "GET /v2.0/ports?tenant_id=713d12c1a7b7446487fa0dbb483e5dd1&fields=id HTTP/1.1" status: 200 len: 302 time: 0.0692761
2026-04-13 04:30:26.695 9 INFO neutron.services.segments.plugin [-] Segment 00b8866c-5a18-4704-879b-0bbc4f83cc2e resource provider aggregate not found
2026-04-13 04:30:26.700 9 INFO neutron.services.segments.plugin [-] Segment 00b8866c-5a18-4704-879b-0bbc4f83cc2e resource provider aggregate not found
2026-04-13 04:30:26.715 9 INFO neutron.services.segments.plugin [-] Segment 00b8866c-5a18-4704-879b-0bbc4f83cc2e resource provider not found; error: Placement Client Error (4xx): {"errors": [{"status": 404, "title": "Not Found", "detail": "The resource could not be found.\n\n No resource provider with uuid 00b8866c-5a18-4704-879b-0bbc4f83cc2e found for delete ", "request_id": "req-ed3d53aa-1af3-4949-8ade-fa5ff6fe0170"}]}
2026-04-13 04:30:26.715 10 INFO neutron.wsgi [req-70898b0e-e881-4324-955d-6a906a475e3f req-7146e4b4-8713-4bca-8585-c9ae59ecf997 789c9a7ee0c848eb92cff03c64e4bf0a cddb5cc411ed46158e2df7299da69934 - - aafb6e47c8464a48aff426311d4cbb0d aafb6e47c8464a48aff426311d4cbb0d] 10.0.0.137 "GET /v2.0/networks/08a28363-ce91-4450-b995-60f7c90a5fef?fields=segments HTTP/1.1" status: 200 len: 212 time: 0.0517051
2026-04-13 04:30:26.721 9 INFO neutron.services.segments.plugin [-] Segment 00b8866c-5a18-4704-879b-0bbc4f83cc2e resource provider not found; error: Placement Client Error (4xx): {"errors": [{"status": 404, "title": "Not Found", "detail": "The resource could not be found.\n\n No resource provider with uuid 00b8866c-5a18-4704-879b-0bbc4f83cc2e found for delete ", "request_id": "req-f62b4a60-a5bd-46f7-8359-2e666afbccb5"}]}
2026-04-13 04:30:26.744 9 INFO neutron.wsgi [None req-4f74bca4-58e7-4ae9-8d71-4afe45df76eb 6c3fa53e290e447280a9ff18d2fcc359 9fef1be5469743e89769b08cbd37fa1e - - default default] 10.0.0.116 "DELETE /v2.0/networks/aa910c74-2918-46ed-82bb-9d6f866dc419 HTTP/1.1" status: 204 len: 168 time: 0.7106071
2026-04-13 04:30:26.769 10 INFO neutron.wsgi [req-70898b0e-e881-4324-955d-6a906a475e3f req-3fa8289b-eaee-456b-9db3-5a0af8c25a48 789c9a7ee0c848eb92cff03c64e4bf0a cddb5cc411ed46158e2df7299da69934 - - aafb6e47c8464a48aff426311d4cbb0d aafb6e47c8464a48aff426311d4cbb0d] 10.0.0.137 "GET /v2.0/networks/08a28363-ce91-4450-b995-60f7c90a5fef?fields=provider%3Aphysical_network&fields=provider%3Anetwork_type HTTP/1.1" status: 200 len: 277 time: 0.0492620
2026-04-13 04:30:26.839 9 INFO neutron.wsgi [None req-573ff390-88a9-4b88-957e-35f1e67c8ef8 6c3fa53e290e447280a9ff18d2fcc359 9fef1be5469743e89769b08cbd37fa1e - - default default] 10.0.0.116 "GET /v2.0/networks HTTP/1.1" status: 200 len: 845 time: 0.0865383
2026-04-13 04:30:26.971 9 INFO neutron.wsgi [req-9570f9c9-4be0-4a44-8060-dae90fab3d30 req-9b401621-8f89-4d29-b7e7-9a25fecc0949 8148e3860fd54b9791405b67b2ee3775 713d12c1a7b7446487fa0dbb483e5dd1 - - default default] 10.0.0.137 "GET /v2.0/ports?device_id=7baa8726-08a7-42ab-989f-9207ea05e3ce HTTP/1.1" status: 200 len: 210 time: 0.0205474
2026-04-13 04:30:26.986 10 INFO neutron.db.segments_db [None req-4c11c633-59a2-4746-bb96-e6ce39826233 6c3fa53e290e447280a9ff18d2fcc359 9fef1be5469743e89769b08cbd37fa1e - - default default] Added segment aaa78c57-d4fc-41f8-b029-d874f960e6e9 of type geneve for network 9b16f9dd-9e55-4500-a76e-7d7a17801ca6
2026-04-13 04:30:27.095 9 INFO neutron.db.ovn_revision_numbers_db [None req-b8b24243-8124-45a3-9af1-742221d01758 f47bf289cf9b430697d435304eff8bba 13045b18699b41a39a41be163bdd55a6 - - default default] Successfully bumped revision number for resource 7c9021b1-675a-4eec-a29c-830d1c4bc4a2 (type: ports) to 2
2026-04-13 04:30:27.138 9 INFO neutron.db.ovn_revision_numbers_db [None req-b8b24243-8124-45a3-9af1-742221d01758 f47bf289cf9b430697d435304eff8bba 13045b18699b41a39a41be163bdd55a6 - - default default] Successfully bumped revision number for resource dc747f02-f254-40e9-97b3-8d766533ae36 (type: subnets) to 1
2026-04-13 04:30:27.140 9 INFO neutron.wsgi [None req-b8b24243-8124-45a3-9af1-742221d01758 f47bf289cf9b430697d435304eff8bba 13045b18699b41a39a41be163bdd55a6 - - default default] 10.0.0.116 "PUT /v2.0/subnets/dc747f02-f254-40e9-97b3-8d766533ae36 HTTP/1.1" status: 200 len: 826 time: 1.1056867
2026-04-13 04:30:27.141 10 INFO neutron.db.ovn_revision_numbers_db [None req-4c11c633-59a2-4746-bb96-e6ce39826233 6c3fa53e290e447280a9ff18d2fcc359 9fef1be5469743e89769b08cbd37fa1e - - default default] Successfully bumped revision number for resource 9b16f9dd-9e55-4500-a76e-7d7a17801ca6 (type: networks) to 1
2026-04-13 04:30:27.307 9 INFO neutron.wsgi [req-facc2b01-b638-4cf4-b169-91aac91c1cd9 req-df5aefbf-f457-4e41-a164-cb9ba1023a1c 789c9a7ee0c848eb92cff03c64e4bf0a cddb5cc411ed46158e2df7299da69934 - - aafb6e47c8464a48aff426311d4cbb0d aafb6e47c8464a48aff426311d4cbb0d] 10.0.0.134 "GET /v2.0/ports?device_id=6315ba65-ac75-473e-b16b-5c54bb8c4b52 HTTP/1.1" status: 200 len: 1409 time: 0.0422080
2026-04-13 04:30:27.370 9 INFO neutron.wsgi [req-facc2b01-b638-4cf4-b169-91aac91c1cd9 req-c76c233c-b1d1-4dc4-8d5e-bcf29d40ceff 789c9a7ee0c848eb92cff03c64e4bf0a cddb5cc411ed46158e2df7299da69934 - - aafb6e47c8464a48aff426311d4cbb0d aafb6e47c8464a48aff426311d4cbb0d] 10.0.0.134 "GET /v2.0/security-groups?id=6a7be8fa-e030-4038-b503-8bfee3a73197&fields=id&fields=name HTTP/1.1" status: 200 len: 313 time: 0.0505261
2026-04-13 04:30:27.386 10 WARNING neutron.scheduler.dhcp_agent_scheduler [None req-4c11c633-59a2-4746-bb96-e6ce39826233 6c3fa53e290e447280a9ff18d2fcc359 9fef1be5469743e89769b08cbd37fa1e - - default default] No more DHCP agents
2026-04-13 04:30:27.390 10 WARNING neutron.api.rpc.agentnotifiers.dhcp_rpc_agent_api [None req-4c11c633-59a2-4746-bb96-e6ce39826233 6c3fa53e290e447280a9ff18d2fcc359 9fef1be5469743e89769b08cbd37fa1e - - default default] Unable to schedule network 9b16f9dd-9e55-4500-a76e-7d7a17801ca6: no agents available; will retry on subsequent port and subnet creation events.
2026-04-13 04:30:27.507 10 INFO neutron.db.ovn_revision_numbers_db [None req-4c11c633-59a2-4746-bb96-e6ce39826233 6c3fa53e290e447280a9ff18d2fcc359 9fef1be5469743e89769b08cbd37fa1e - - default default] Successfully bumped revision number for resource aa4a8f19-7bb0-4d35-90bb-a698f2fb9252 (type: ports) to 1
2026-04-13 04:30:27.533 10 INFO neutron.wsgi [None req-4c11c633-59a2-4746-bb96-e6ce39826233 6c3fa53e290e447280a9ff18d2fcc359 9fef1be5469743e89769b08cbd37fa1e - - default default] 10.0.0.116 "POST /v2.0/networks HTTP/1.1" status: 201 len: 853 time: 0.6853299
2026-04-13 04:30:27.651 10 INFO neutron.db.segments_db [None req-bad5511f-a2b2-4db3-bf63-3b00e0c117eb 6c3fa53e290e447280a9ff18d2fcc359 9fef1be5469743e89769b08cbd37fa1e - - default default] Added segment e0bad509-c4e2-43bc-ad7c-c5c745ffb816 of type geneve for network b08533e4-3a1f-433d-93d3-20b578376cf0
2026-04-13 04:30:27.659 9 INFO neutron.wsgi [None req-2d63c310-5926-4d0d-8768-b2b60f78e4be f47bf289cf9b430697d435304eff8bba 13045b18699b41a39a41be163bdd55a6 - - default default] 10.0.0.116 "DELETE /v2.0/networks/dc8b71d1-ad92-46c4-aa82-0d924fbaa81c HTTP/1.1" status: 204 len: 168 time: 0.5117993
2026-04-13 04:30:27.685 10 INFO neutron.pecan_wsgi.hooks.translation [None req-cf913a10-8cbd-4597-81b7-a2625b37edf1 f47bf289cf9b430697d435304eff8bba 13045b18699b41a39a41be163bdd55a6 - - default default] DELETE failed (client error): The resource could not be found.
2026-04-13 04:30:27.687 10 INFO neutron.wsgi [None req-cf913a10-8cbd-4597-81b7-a2625b37edf1 f47bf289cf9b430697d435304eff8bba 13045b18699b41a39a41be163bdd55a6 - - default default] 10.0.0.116 "DELETE /v2.0/networks/dc8b71d1-ad92-46c4-aa82-0d924fbaa81c HTTP/1.1" status: 404 len: 339 time: 0.0206699
2026-04-13 04:30:27.762 9 INFO neutron.wsgi [req-70898b0e-e881-4324-955d-6a906a475e3f req-623e9c03-c1a0-4480-b640-cf1998dbc629 8148e3860fd54b9791405b67b2ee3775 713d12c1a7b7446487fa0dbb483e5dd1 - - default default] 199.204.45.141 "GET /v2.0/networks?id=08a28363-ce91-4450-b995-60f7c90a5fef HTTP/1.1" status: 200 len: 871 time: 0.0627017
2026-04-13 04:30:27.824 9 INFO neutron.wsgi [req-70898b0e-e881-4324-955d-6a906a475e3f req-77498246-f7c1-4639-a403-8dc0ee1f6f8c 8148e3860fd54b9791405b67b2ee3775 713d12c1a7b7446487fa0dbb483e5dd1 - - default default] 199.204.45.141 "GET /v2.0/security-groups?fields=id&fields=name&tenant_id=713d12c1a7b7446487fa0dbb483e5dd1 HTTP/1.1" status: 200 len: 469 time: 0.0563211
2026-04-13 04:30:28.124 10 INFO neutron.wsgi [req-3c6a2f26-3f1e-4e5a-8031-69b5361c0c09 req-4cecc345-d0bf-4b20-87f4-a02ed6ef6d2d 8148e3860fd54b9791405b67b2ee3775 713d12c1a7b7446487fa0dbb483e5dd1 - - default default] 10.0.0.137 "GET /v2.0/ports?device_id=7baa8726-08a7-42ab-989f-9207ea05e3ce HTTP/1.1" status: 200 len: 210 time: 0.0661488
2026-04-13 04:30:28.156 10 INFO neutron.wsgi [None req-75aeaa01-2fd9-41aa-9a0b-19c26822d2d1 f47bf289cf9b430697d435304eff8bba 13045b18699b41a39a41be163bdd55a6 - - default default] 10.0.0.116 "GET /v2.0/networks?router%3Aexternal=True HTTP/1.1" status: 200 len: 845 time: 0.4511116
2026-04-13 04:30:28.167 10 INFO neutron.db.ovn_revision_numbers_db [None req-bad5511f-a2b2-4db3-bf63-3b00e0c117eb 6c3fa53e290e447280a9ff18d2fcc359 9fef1be5469743e89769b08cbd37fa1e - - default default] Successfully bumped revision number for resource b08533e4-3a1f-433d-93d3-20b578376cf0 (type: networks) to 1
2026-04-13 04:30:28.214 9 INFO neutron.wsgi [None req-8ba6524d-2fc5-42e9-8d75-6d64fbbc2969 f47bf289cf9b430697d435304eff8bba 13045b18699b41a39a41be163bdd55a6 - - default default] 10.0.0.116 "GET /v2.0/subnets?network_id=f4de2f68-663b-4614-9410-2dd55c3c0888 HTTP/1.1" status: 200 len: 820 time: 0.0543053
2026-04-13 04:30:28.225 9 INFO neutron.wsgi [None req-445dcce3-d6f7-456b-9599-ed4638f64944 f47bf289cf9b430697d435304eff8bba 13045b18699b41a39a41be163bdd55a6 - - default default] 10.0.0.116 "GET /v2.0/extensions HTTP/1.1" status: 200 len: 16520 time: 0.0066571 /var/lib/openstack/lib/python3.10/site-packages/pycadf/identifier.py:71: UserWarning: Invalid uuid: neutron. To ensure interoperability, identifiers should be a valid uuid. warnings.warn(('Invalid uuid: %s. To ensure interoperability, '
2026-04-13 04:30:28.280 9 WARNING neutron.scheduler.dhcp_agent_scheduler [req-70898b0e-e881-4324-955d-6a906a475e3f req-d69856a1-4c75-46db-8445-4ba41a8e6ed3 8148e3860fd54b9791405b67b2ee3775 713d12c1a7b7446487fa0dbb483e5dd1 - - default default] No more DHCP agents
2026-04-13 04:30:28.284 9 WARNING neutron.api.rpc.agentnotifiers.dhcp_rpc_agent_api [req-70898b0e-e881-4324-955d-6a906a475e3f req-d69856a1-4c75-46db-8445-4ba41a8e6ed3 8148e3860fd54b9791405b67b2ee3775 713d12c1a7b7446487fa0dbb483e5dd1 - - default default] Unable to schedule network 08a28363-ce91-4450-b995-60f7c90a5fef: no agents available; will retry on subsequent port and subnet creation events.
2026-04-13 04:30:28.320 9 INFO neutron.wsgi [None req-06b0344e-06a5-4204-8103-4f189f146401 f47bf289cf9b430697d435304eff8bba 13045b18699b41a39a41be163bdd55a6 - - default default] 10.0.0.116 "GET /v2.0/networks HTTP/1.1" status: 200 len: 1508 time: 0.0904083 /var/lib/openstack/lib/python3.10/site-packages/pycadf/identifier.py:71: UserWarning: Invalid uuid: neutron. To ensure interoperability, identifiers should be a valid uuid. warnings.warn(('Invalid uuid: %s. To ensure interoperability, '
2026-04-13 04:30:28.342 10 WARNING neutron.scheduler.dhcp_agent_scheduler [None req-bad5511f-a2b2-4db3-bf63-3b00e0c117eb 6c3fa53e290e447280a9ff18d2fcc359 9fef1be5469743e89769b08cbd37fa1e - - default default] No more DHCP agents
2026-04-13 04:30:28.350 10 WARNING neutron.api.rpc.agentnotifiers.dhcp_rpc_agent_api [None req-bad5511f-a2b2-4db3-bf63-3b00e0c117eb 6c3fa53e290e447280a9ff18d2fcc359 9fef1be5469743e89769b08cbd37fa1e - - default default] Unable to schedule network b08533e4-3a1f-433d-93d3-20b578376cf0: no agents available; will retry on subsequent port and subnet creation events.
2026-04-13 04:30:28.419 9 INFO neutron.wsgi [None req-2a172f78-d1ac-45df-8052-93f6aa2d653a f47bf289cf9b430697d435304eff8bba 13045b18699b41a39a41be163bdd55a6 - - default default] 10.0.0.116 "GET /v2.0/subnets HTTP/1.1" status: 200 len: 1460 time: 0.0909448
2026-04-13 04:30:28.429 10 INFO neutron.db.ovn_revision_numbers_db [None req-bad5511f-a2b2-4db3-bf63-3b00e0c117eb 6c3fa53e290e447280a9ff18d2fcc359 9fef1be5469743e89769b08cbd37fa1e - - default default] Successfully bumped revision number for resource ce89bac1-7d6e-4e09-8ff9-cac8da1999ef (type: ports) to 1
2026-04-13 04:30:28.470 10 INFO neutron.wsgi [None req-bad5511f-a2b2-4db3-bf63-3b00e0c117eb 6c3fa53e290e447280a9ff18d2fcc359 9fef1be5469743e89769b08cbd37fa1e - - default default] 10.0.0.116 "POST /v2.0/networks HTTP/1.1" status: 201 len: 853 time: 0.9281311
2026-04-13 04:30:28.498 10 INFO neutron.wsgi [None req-44942f03-c6d2-41d3-8326-07a5cf50683a f47bf289cf9b430697d435304eff8bba 13045b18699b41a39a41be163bdd55a6 - - default default] 10.0.0.116 "GET /v2.0/networks/cff68b68-be85-478b-adac-8adc5c221177 HTTP/1.1" status: 200 len: 867 time: 0.0738218
2026-04-13 04:30:28.537 9 INFO neutron.db.ovn_revision_numbers_db [req-70898b0e-e881-4324-955d-6a906a475e3f req-d69856a1-4c75-46db-8445-4ba41a8e6ed3 8148e3860fd54b9791405b67b2ee3775 713d12c1a7b7446487fa0dbb483e5dd1 - - default default] Successfully bumped revision number for resource 32ab81ad-b32b-497c-a217-0f8b00b24882 (type: ports) to 1
2026-04-13 04:30:28.546 9 INFO neutron.wsgi [None req-8c026b34-440b-4bd8-bb8f-96071fd3cdab f47bf289cf9b430697d435304eff8bba 13045b18699b41a39a41be163bdd55a6 - - default default] 10.0.0.116 "GET /v2.0/subnets/203e8e37-bcdf-4118-9099-dbf29362e71b HTTP/1.1" status: 200 len: 843 time: 0.0440829
2026-04-13 04:30:28.566 9 INFO neutron.pecan_wsgi.hooks.translation [None req-19621efc-7fd2-4697-85d0-873c5d05b338 f47bf289cf9b430697d435304eff8bba 13045b18699b41a39a41be163bdd55a6 - - default default] DELETE failed (client error): The resource could not be found.
2026-04-13 04:30:28.568 9 INFO neutron.wsgi [None req-19621efc-7fd2-4697-85d0-873c5d05b338 f47bf289cf9b430697d435304eff8bba 13045b18699b41a39a41be163bdd55a6 - - default default] 10.0.0.116 "DELETE /v2.0/subnets/dc747f02-f254-40e9-97b3-8d766533ae36 HTTP/1.1" status: 404 len: 337 time: 0.0162127
2026-04-13 04:30:28.571 9 INFO neutron.wsgi [req-70898b0e-e881-4324-955d-6a906a475e3f req-d69856a1-4c75-46db-8445-4ba41a8e6ed3 8148e3860fd54b9791405b67b2ee3775 713d12c1a7b7446487fa0dbb483e5dd1 - - default default] 199.204.45.141 "POST /v2.0/ports HTTP/1.1" status: 201 len: 1197 time: 0.7317102
2026-04-13 04:30:28.588 9 INFO neutron.pecan_wsgi.hooks.translation [None req-9377180a-6169-4656-9c54-88c9af3c784b f47bf289cf9b430697d435304eff8bba 13045b18699b41a39a41be163bdd55a6 - - default default] DELETE failed (client error): The resource could not be found.
2026-04-13 04:30:28.591 9 INFO neutron.wsgi [None req-9377180a-6169-4656-9c54-88c9af3c784b f47bf289cf9b430697d435304eff8bba 13045b18699b41a39a41be163bdd55a6 - - default default] 10.0.0.116 "DELETE /v2.0/networks/dc8b71d1-ad92-46c4-aa82-0d924fbaa81c HTTP/1.1" status: 404 len: 339 time: 0.0182447
2026-04-13 04:30:28.748 9 INFO neutron.services.segments.plugin [-] Segment b1dd2d55-37e3-43ee-bf57-bff5541cfffb resource provider aggregate not found
2026-04-13 04:30:28.755 9 INFO neutron.services.segments.plugin [-] Segment b1dd2d55-37e3-43ee-bf57-bff5541cfffb resource provider aggregate not found
2026-04-13 04:30:28.764 9 INFO neutron.services.segments.plugin [-] Segment b1dd2d55-37e3-43ee-bf57-bff5541cfffb resource provider not found; error: Placement Client Error (4xx): {"errors": [{"status": 404, "title": "Not Found", "detail": "The resource could not be found.\n\n No resource provider with uuid b1dd2d55-37e3-43ee-bf57-bff5541cfffb found for delete ", "request_id": "req-ad00871c-c73b-4c19-9156-0035a89ba51f"}]}
2026-04-13 04:30:28.777 9 INFO neutron.services.segments.plugin [-] Segment b1dd2d55-37e3-43ee-bf57-bff5541cfffb resource provider not found; error: Placement Client Error (4xx): {"errors": [{"status": 404, "title": "Not Found", "detail": "The resource could not be found.\n\n No resource provider with uuid b1dd2d55-37e3-43ee-bf57-bff5541cfffb found for delete ", "request_id": "req-5455b454-ff59-4c30-930c-2e216b487142"}]}
2026-04-13 04:30:28.830 10 INFO neutron.wsgi [None req-54c51510-b6de-4756-b9a3-4a3315d74fc9 f47bf289cf9b430697d435304eff8bba 13045b18699b41a39a41be163bdd55a6 - - default default] 10.0.0.116 "DELETE /v2.0/subnets/203e8e37-bcdf-4118-9099-dbf29362e71b HTTP/1.1" status: 204 len: 168 time: 0.2347858
2026-04-13 04:30:29.050 9 INFO neutron.db.ovn_revision_numbers_db [req-70898b0e-e881-4324-955d-6a906a475e3f req-3d2d9390-7434-418e-aa72-fc7d877162ac 789c9a7ee0c848eb92cff03c64e4bf0a cddb5cc411ed46158e2df7299da69934 - - aafb6e47c8464a48aff426311d4cbb0d aafb6e47c8464a48aff426311d4cbb0d] Successfully bumped revision number for resource 32ab81ad-b32b-497c-a217-0f8b00b24882 (type: ports) to 2
2026-04-13 04:30:29.054 10 WARNING neutron.plugins.ml2.drivers.ovn.mech_driver.ovsdb.ovn_client [None req-f7b0568a-a905-4695-ae87-12911a1e09fc - - - - - -] No hosting information found for port 7a3065de-3576-401a-97cc-d831a0b4106b: RuntimeError: No hosting information found for port 7a3065de-3576-401a-97cc-d831a0b4106b
2026-04-13 04:30:29.071 10 WARNING neutron.scheduler.dhcp_agent_scheduler [None req-14b2be54-692d-4dfa-91e9-3a5de24c0595 6c3fa53e290e447280a9ff18d2fcc359 9fef1be5469743e89769b08cbd37fa1e - - default default] No more DHCP agents
2026-04-13 04:30:29.075 10 WARNING neutron.api.rpc.agentnotifiers.dhcp_rpc_agent_api [None req-14b2be54-692d-4dfa-91e9-3a5de24c0595 6c3fa53e290e447280a9ff18d2fcc359 9fef1be5469743e89769b08cbd37fa1e - - default default] Unable to schedule network 9b16f9dd-9e55-4500-a76e-7d7a17801ca6: no agents available; will retry on subsequent port and subnet creation events.
2026-04-13 04:30:29.173 10 INFO neutron.db.ovn_revision_numbers_db [None req-14b2be54-692d-4dfa-91e9-3a5de24c0595 6c3fa53e290e447280a9ff18d2fcc359 9fef1be5469743e89769b08cbd37fa1e - - default default] Successfully bumped revision number for resource de7f6530-fa4b-47e7-bb2a-34312ff29843 (type: ports) to 1 /var/lib/openstack/lib/python3.10/site-packages/pycadf/identifier.py:71: UserWarning: Invalid uuid: neutron. To ensure interoperability, identifiers should be a valid uuid. warnings.warn(('Invalid uuid: %s. To ensure interoperability, '
2026-04-13 04:30:29.212 10 WARNING neutron.scheduler.dhcp_agent_scheduler [None req-14b2be54-692d-4dfa-91e9-3a5de24c0595 6c3fa53e290e447280a9ff18d2fcc359 9fef1be5469743e89769b08cbd37fa1e - - default default] No more DHCP agents
2026-04-13 04:30:29.219 10 WARNING neutron.api.rpc.agentnotifiers.dhcp_rpc_agent_api [None req-14b2be54-692d-4dfa-91e9-3a5de24c0595 6c3fa53e290e447280a9ff18d2fcc359 9fef1be5469743e89769b08cbd37fa1e - - default default] Unable to schedule network b08533e4-3a1f-433d-93d3-20b578376cf0: no agents available; will retry on subsequent port and subnet creation events.
2026-04-13 04:30:29.280 9 INFO neutron.wsgi [req-54ee53c4-f521-45a8-b50e-c2518345bb07 req-b408daa6-b2ce-477e-9847-60c4ad6d2b2c 8148e3860fd54b9791405b67b2ee3775 713d12c1a7b7446487fa0dbb483e5dd1 - - default default] 10.0.0.137 "GET /v2.0/ports?device_id=7baa8726-08a7-42ab-989f-9207ea05e3ce HTTP/1.1" status: 200 len: 1208 time: 0.0955527
2026-04-13 04:30:29.282 9 INFO neutron.db.ovn_revision_numbers_db [req-70898b0e-e881-4324-955d-6a906a475e3f req-3d2d9390-7434-418e-aa72-fc7d877162ac 789c9a7ee0c848eb92cff03c64e4bf0a cddb5cc411ed46158e2df7299da69934 - - aafb6e47c8464a48aff426311d4cbb0d aafb6e47c8464a48aff426311d4cbb0d] Successfully bumped revision number for resource 32ab81ad-b32b-497c-a217-0f8b00b24882 (type: ports) to 2
2026-04-13 04:30:29.304 9 INFO neutron.wsgi [req-70898b0e-e881-4324-955d-6a906a475e3f req-3d2d9390-7434-418e-aa72-fc7d877162ac 789c9a7ee0c848eb92cff03c64e4bf0a cddb5cc411ed46158e2df7299da69934 - - aafb6e47c8464a48aff426311d4cbb0d aafb6e47c8464a48aff426311d4cbb0d] 199.204.45.141 "PUT /v2.0/ports/32ab81ad-b32b-497c-a217-0f8b00b24882 HTTP/1.1" status: 200 len: 1415 time: 0.7260687
2026-04-13 04:30:29.339 10 INFO neutron.services.segments.plugin [-] Segment 9db4d6c9-fb50-45de-bd74-301616c273c7 resource provider aggregate not found
2026-04-13 04:30:29.340 9 INFO neutron.wsgi [req-54ee53c4-f521-45a8-b50e-c2518345bb07 req-c5337f7e-31b4-45a5-8c2c-d4db6337151a 8148e3860fd54b9791405b67b2ee3775 713d12c1a7b7446487fa0dbb483e5dd1 - - default default] 10.0.0.137 "GET /v2.0/security-groups?id=b8c3d8b5-0bbc-4250-b0af-24a09608cf41&id=27a205cd-e82d-4814-b844-069021707de2&fields=id&fields=name HTTP/1.1" status: 200 len: 402 time: 0.0522983
2026-04-13 04:30:29.343 10 INFO neutron.services.segments.plugin [-] Segment 9db4d6c9-fb50-45de-bd74-301616c273c7 resource provider aggregate not found
2026-04-13 04:30:29.354 9 INFO neutron.notifiers.nova [-] Nova event matching ['req-17dea284-e317-4445-8c5d-1d71fa077de0'] response: {'name': 'network-changed', 'server_uuid': '7baa8726-08a7-42ab-989f-9207ea05e3ce', 'tag': '32ab81ad-b32b-497c-a217-0f8b00b24882', 'status': 'completed', 'code': 200}
2026-04-13 04:30:29.360 10 INFO neutron.db.ovn_revision_numbers_db [None req-14b2be54-692d-4dfa-91e9-3a5de24c0595 6c3fa53e290e447280a9ff18d2fcc359 9fef1be5469743e89769b08cbd37fa1e - - default default] Successfully bumped revision number for resource f6b52256-8655-49f8-a5b0-0ac4c6959863 (type: ports) to 1
2026-04-13 04:30:29.364 10 INFO neutron.services.segments.plugin [-] Segment 9db4d6c9-fb50-45de-bd74-301616c273c7 resource provider not found; error: Placement Client Error (4xx): {"errors": [{"status": 404, "title": "Not Found", "detail": "The resource could not be found.\n\n No resource provider with uuid 9db4d6c9-fb50-45de-bd74-301616c273c7 found for delete ", "request_id": "req-fda5d6af-b4bf-486c-9bec-85be63340f3a"}]}
2026-04-13 04:30:29.364 10 INFO neutron.services.segments.plugin [-] Segment 9db4d6c9-fb50-45de-bd74-301616c273c7 resource provider not found; error: Placement Client Error (4xx): {"errors": [{"status": 404, "title": "Not Found", "detail": "The resource could not be found.\n\n No resource provider with uuid 9db4d6c9-fb50-45de-bd74-301616c273c7 found for delete ", "request_id": "req-9c014a73-d396-4624-b4d5-bdfc00f1f1a3"}]}
2026-04-13 04:30:29.382 9 INFO neutron.wsgi [req-70898b0e-e881-4324-955d-6a906a475e3f req-68efa1c8-e77f-4adf-b960-853b5c33159c 789c9a7ee0c848eb92cff03c64e4bf0a cddb5cc411ed46158e2df7299da69934 - - aafb6e47c8464a48aff426311d4cbb0d aafb6e47c8464a48aff426311d4cbb0d] 199.204.45.141 "GET /v2.0/ports?tenant_id=713d12c1a7b7446487fa0dbb483e5dd1&device_id=7baa8726-08a7-42ab-989f-9207ea05e3ce HTTP/1.1" status: 200 len: 1446 time: 0.0378158
2026-04-13 04:30:29.394 10 INFO neutron.wsgi [None req-dc68142c-f34c-4b10-87ed-9689412a4bd0 f47bf289cf9b430697d435304eff8bba 13045b18699b41a39a41be163bdd55a6 - - default default] 10.0.0.116 "DELETE /v2.0/networks/cff68b68-be85-478b-adac-8adc5c221177 HTTP/1.1" status: 204 len: 168 time: 0.5565968
2026-04-13 04:30:29.397 10 INFO neutron.wsgi [None req-14b2be54-692d-4dfa-91e9-3a5de24c0595 6c3fa53e290e447280a9ff18d2fcc359 9fef1be5469743e89769b08cbd37fa1e - - default default] 10.0.0.116 "POST /v2.0/ports HTTP/1.1" status: 201 len: 1706 time: 0.9206975 /var/lib/openstack/lib/python3.10/site-packages/pycadf/identifier.py:71: UserWarning: Invalid uuid: neutron. To ensure interoperability, identifiers should be a valid uuid. warnings.warn(('Invalid uuid: %s. To ensure interoperability, '
2026-04-13 04:30:29.405 9 INFO neutron.wsgi [req-70898b0e-e881-4324-955d-6a906a475e3f req-42388e82-ca9e-4d7c-9dd7-60d561c6329a 789c9a7ee0c848eb92cff03c64e4bf0a cddb5cc411ed46158e2df7299da69934 - - aafb6e47c8464a48aff426311d4cbb0d aafb6e47c8464a48aff426311d4cbb0d] 199.204.45.141 "GET /v2.0/floatingips?fixed_ip_address=10.100.0.5&port_id=32ab81ad-b32b-497c-a217-0f8b00b24882 HTTP/1.1" status: 200 len: 217 time: 0.0189266
2026-04-13 04:30:29.444 9 INFO neutron.wsgi [req-70898b0e-e881-4324-955d-6a906a475e3f req-38e6c802-c7bd-4b7d-b040-2cb984ecf7ff 789c9a7ee0c848eb92cff03c64e4bf0a cddb5cc411ed46158e2df7299da69934 - - aafb6e47c8464a48aff426311d4cbb0d aafb6e47c8464a48aff426311d4cbb0d] 199.204.45.141 "GET /v2.0/subnets?id=86a2ba6a-1d34-4e4d-9975-8903b6344fb2 HTTP/1.1" status: 200 len: 865 time: 0.0304003
2026-04-13 04:30:29.470 9 INFO neutron.wsgi [req-70898b0e-e881-4324-955d-6a906a475e3f req-401ddef9-fcf8-4219-a396-50b8b267ba69 789c9a7ee0c848eb92cff03c64e4bf0a cddb5cc411ed46158e2df7299da69934 - - aafb6e47c8464a48aff426311d4cbb0d aafb6e47c8464a48aff426311d4cbb0d] 199.204.45.141 "GET /v2.0/ports?network_id=08a28363-ce91-4450-b995-60f7c90a5fef&device_owner=network%3Adhcp HTTP/1.1" status: 200 len: 210 time: 0.0195520
2026-04-13 04:30:29.524 10 INFO neutron.wsgi [None req-5817a8f4-9370-4f70-bcc4-fa5d99f9ccc2 6c3fa53e290e447280a9ff18d2fcc359 9fef1be5469743e89769b08cbd37fa1e - - default default] 10.0.0.116 "GET /v2.0/ports HTTP/1.1" status: 200 len: 3213 time: 0.1212668
2026-04-13 04:30:29.548 9 INFO neutron.wsgi [req-70898b0e-e881-4324-955d-6a906a475e3f req-befc9f0d-f7f7-42ae-87a5-9681209c50a9 789c9a7ee0c848eb92cff03c64e4bf0a cddb5cc411ed46158e2df7299da69934 - - aafb6e47c8464a48aff426311d4cbb0d aafb6e47c8464a48aff426311d4cbb0d] 199.204.45.141 "GET /v2.0/networks/08a28363-ce91-4450-b995-60f7c90a5fef?fields=segments HTTP/1.1" status: 200 len: 212 time: 0.0705512
2026-04-13 04:30:29.613 9 INFO neutron.wsgi [req-70898b0e-e881-4324-955d-6a906a475e3f req-16e73008-49d3-44d7-b090-6f3876956b7d 789c9a7ee0c848eb92cff03c64e4bf0a cddb5cc411ed46158e2df7299da69934 - - aafb6e47c8464a48aff426311d4cbb0d aafb6e47c8464a48aff426311d4cbb0d] 199.204.45.141 "GET /v2.0/networks/08a28363-ce91-4450-b995-60f7c90a5fef?fields=provider%3Aphysical_network&fields=provider%3Anetwork_type HTTP/1.1" status: 200 len: 277 time: 0.0579362
2026-04-13 04:30:29.692 9 INFO neutron.wsgi [req-a486f018-596c-4a7d-897d-fed96fd93c81 req-fe61adb3-91e1-4e04-8572-d1a4a6181fa9 789c9a7ee0c848eb92cff03c64e4bf0a cddb5cc411ed46158e2df7299da69934 - - aafb6e47c8464a48aff426311d4cbb0d aafb6e47c8464a48aff426311d4cbb0d] 199.204.45.141 "GET /v2.0/ports?tenant_id=713d12c1a7b7446487fa0dbb483e5dd1&device_id=7baa8726-08a7-42ab-989f-9207ea05e3ce HTTP/1.1" status: 200 len: 1446 time: 0.0401006
2026-04-13 04:30:29.749 9 INFO neutron.wsgi [req-a486f018-596c-4a7d-897d-fed96fd93c81 req-6f940bfe-f5e9-4083-8d0b-e5b969ad616c 789c9a7ee0c848eb92cff03c64e4bf0a cddb5cc411ed46158e2df7299da69934 - - aafb6e47c8464a48aff426311d4cbb0d aafb6e47c8464a48aff426311d4cbb0d] 199.204.45.141 "GET /v2.0/networks?id=08a28363-ce91-4450-b995-60f7c90a5fef HTTP/1.1" status: 200 len: 968 time: 0.0513041
2026-04-13 04:30:29.755 10 INFO neutron.wsgi [None req-9e025f62-2c11-47af-902b-aa9c2bbc105a 6c3fa53e290e447280a9ff18d2fcc359 9fef1be5469743e89769b08cbd37fa1e - - default default] 10.0.0.116 "DELETE /v2.0/ports/de7f6530-fa4b-47e7-bb2a-34312ff29843 HTTP/1.1" status: 204 len: 168 time: 0.2259107
2026-04-13 04:30:29.779 9 INFO neutron.wsgi [req-a486f018-596c-4a7d-897d-fed96fd93c81 req-47b8385e-d71c-41b0-9762-16a2a54045e2 789c9a7ee0c848eb92cff03c64e4bf0a cddb5cc411ed46158e2df7299da69934 - - aafb6e47c8464a48aff426311d4cbb0d aafb6e47c8464a48aff426311d4cbb0d] 199.204.45.141 "GET /v2.0/floatingips?fixed_ip_address=10.100.0.5&port_id=32ab81ad-b32b-497c-a217-0f8b00b24882 HTTP/1.1" status: 200 len: 217 time: 0.0255520
2026-04-13 04:30:29.814 9 INFO neutron.wsgi [req-0d5fd435-0702-44dc-852f-f8d37537a035 req-4c46c20e-76f5-4213-8f44-135cb1595156 789c9a7ee0c848eb92cff03c64e4bf0a cddb5cc411ed46158e2df7299da69934 - - aafb6e47c8464a48aff426311d4cbb0d aafb6e47c8464a48aff426311d4cbb0d] 199.204.45.141 "GET /v2.0/ports?device_id=7baa8726-08a7-42ab-989f-9207ea05e3ce HTTP/1.1" status: 200 len: 1446 time: 0.0415235
2026-04-13 04:30:29.821 9 INFO neutron.wsgi [req-a486f018-596c-4a7d-897d-fed96fd93c81 req-b2db851a-3b1b-4ce5-b39a-16bfe808bd4b 789c9a7ee0c848eb92cff03c64e4bf0a cddb5cc411ed46158e2df7299da69934 - - aafb6e47c8464a48aff426311d4cbb0d aafb6e47c8464a48aff426311d4cbb0d] 199.204.45.141 "GET /v2.0/subnets?id=86a2ba6a-1d34-4e4d-9975-8903b6344fb2 HTTP/1.1" status: 200 len: 865 time: 0.0320444
2026-04-13 04:30:29.843 9 INFO neutron.wsgi [req-a486f018-596c-4a7d-897d-fed96fd93c81 req-9220b4bd-58ee-4b26-b99e-cfa283dbf711 789c9a7ee0c848eb92cff03c64e4bf0a cddb5cc411ed46158e2df7299da69934 - - aafb6e47c8464a48aff426311d4cbb0d aafb6e47c8464a48aff426311d4cbb0d] 199.204.45.141 "GET /v2.0/ports?network_id=08a28363-ce91-4450-b995-60f7c90a5fef&device_owner=network%3Adhcp HTTP/1.1" status: 200 len: 210 time: 0.0160038
2026-04-13 04:30:29.879 9 INFO neutron.wsgi [req-0d5fd435-0702-44dc-852f-f8d37537a035 req-04aa3549-1279-41db-85f9-d4120184f083 789c9a7ee0c848eb92cff03c64e4bf0a cddb5cc411ed46158e2df7299da69934 - - aafb6e47c8464a48aff426311d4cbb0d aafb6e47c8464a48aff426311d4cbb0d] 199.204.45.141 "GET /v2.0/security-groups?id=27a205cd-e82d-4814-b844-069021707de2&id=b8c3d8b5-0bbc-4250-b0af-24a09608cf41&fields=id&fields=name HTTP/1.1" status: 200 len: 402 time: 0.0568430
2026-04-13 04:30:29.912 9 INFO neutron.wsgi [req-a486f018-596c-4a7d-897d-fed96fd93c81 req-e58294d9-2521-4917-ae50-922145ecfb8c 789c9a7ee0c848eb92cff03c64e4bf0a cddb5cc411ed46158e2df7299da69934 - - aafb6e47c8464a48aff426311d4cbb0d aafb6e47c8464a48aff426311d4cbb0d] 199.204.45.141 "GET /v2.0/networks/08a28363-ce91-4450-b995-60f7c90a5fef?fields=segments HTTP/1.1" status: 200 len: 212 time: 0.0623264
2026-04-13 04:30:29.992 10 INFO neutron.plugins.ml2.drivers.ovn.mech_driver.mech_driver [None req-f7b0568a-a905-4695-ae87-12911a1e09fc - - - - - -] OVN reports status up for port: 32ab81ad-b32b-497c-a217-0f8b00b24882
2026-04-13 04:30:29.997 9 INFO neutron.wsgi [req-a486f018-596c-4a7d-897d-fed96fd93c81 req-1a129d9f-7e4c-4a53-8be1-01f313ad515c 789c9a7ee0c848eb92cff03c64e4bf0a cddb5cc411ed46158e2df7299da69934 - - aafb6e47c8464a48aff426311d4cbb0d aafb6e47c8464a48aff426311d4cbb0d] 199.204.45.141 "GET /v2.0/networks/08a28363-ce91-4450-b995-60f7c90a5fef?fields=provider%3Aphysical_network&fields=provider%3Anetwork_type HTTP/1.1" status: 200 len: 277 time: 0.0755720
2026-04-13 04:30:30.011 10 INFO neutron.plugins.ml2.plugin [None req-f7b0568a-a905-4695-ae87-12911a1e09fc - - - - - -] Attempt 1 to provision port 32ab81ad-b32b-497c-a217-0f8b00b24882
2026-04-13 04:30:30.043 9 INFO neutron.wsgi [None req-9a217434-ac4f-4b3a-ac7e-bb8fe86e0e44 464517ff90904eb2b01c9651bd529c8f 2d23722c64c24565877eba2fb1df50d2 - - default default] 10.0.0.116 "GET /v2.0/security-groups?tenant_id=13045b18699b41a39a41be163bdd55a6&name=default HTTP/1.1" status: 200 len: 2996 time: 0.1842532
2026-04-13 04:30:30.048 10 INFO neutron.wsgi [None req-76337a67-07f1-46bb-ac63-0291ca053bf6 6c3fa53e290e447280a9ff18d2fcc359 9fef1be5469743e89769b08cbd37fa1e - - default default] 10.0.0.116 "DELETE /v2.0/ports/f6b52256-8655-49f8-a5b0-0ac4c6959863 HTTP/1.1" status: 204 len: 168 time: 0.2846696
2026-04-13 04:30:30.154 10 INFO neutron.notifiers.nova [-] Nova event matching ['req-26160f00-8eee-48b1-b66b-d35d93ec10b2'] response: {'server_uuid': '7baa8726-08a7-42ab-989f-9207ea05e3ce', 'name': 'network-vif-plugged', 'status': 'completed', 'tag': '32ab81ad-b32b-497c-a217-0f8b00b24882', 'code': 200}
2026-04-13 04:30:30.207 9 INFO neutron.wsgi [None req-ee11a7b3-8b4c-4b96-92f4-2f0474de5c5c 6c3fa53e290e447280a9ff18d2fcc359 9fef1be5469743e89769b08cbd37fa1e - - default default] 10.0.0.116 "GET /v2.0/ports HTTP/1.1" status: 200 len: 1718 time: 0.1514335
2026-04-13 04:30:30.299 9 INFO neutron.db.segments_db [None req-03fa5f27-5a4c-49d6-96f3-447820554ac8 6c3fa53e290e447280a9ff18d2fcc359 9fef1be5469743e89769b08cbd37fa1e - - default default] Added segment 283f3c42-f262-4199-b94d-6a0d66f9a379 of type geneve for network 36d0d884-9063-4119-9eab-ea2a4a60d891
2026-04-13 04:30:30.315 10 INFO neutron.db.ovn_revision_numbers_db [None req-f7b0568a-a905-4695-ae87-12911a1e09fc - - - - - -] Successfully bumped revision number for resource 32ab81ad-b32b-497c-a217-0f8b00b24882 (type: ports) to 4
2026-04-13 04:30:30.388 9 INFO neutron.wsgi [None req-69ff8d92-cb51-4fcc-b516-34f2f6e42904 464517ff90904eb2b01c9651bd529c8f 2d23722c64c24565877eba2fb1df50d2 - - default default] 10.0.0.116 "DELETE /v2.0/security-groups/a5dd8dd6-2e79-4bbd-baa9-88c41fe56e6e HTTP/1.1" status: 204 len: 168 time: 0.3390524 /var/lib/openstack/lib/python3.10/site-packages/pycadf/identifier.py:71: UserWarning: Invalid uuid: neutron. To ensure interoperability, identifiers should be a valid uuid. warnings.warn(('Invalid uuid: %s. To ensure interoperability, '
2026-04-13 04:30:30.455 10 INFO neutron.wsgi [req-a2f1118e-3b64-410f-b822-5ba2a60df78a req-c72bd2e7-b59e-4f0a-8666-1e785f4c586a 8148e3860fd54b9791405b67b2ee3775 713d12c1a7b7446487fa0dbb483e5dd1 - - default default] 10.0.0.137 "GET /v2.0/ports?device_id=7baa8726-08a7-42ab-989f-9207ea05e3ce HTTP/1.1" status: 200 len: 1210 time: 0.0350444
2026-04-13 04:30:30.458 9 INFO neutron.db.ovn_revision_numbers_db [None req-03fa5f27-5a4c-49d6-96f3-447820554ac8 6c3fa53e290e447280a9ff18d2fcc359 9fef1be5469743e89769b08cbd37fa1e - - default default] Successfully bumped revision number for resource 36d0d884-9063-4119-9eab-ea2a4a60d891 (type: networks) to 1
2026-04-13 04:30:30.502 10 INFO neutron.wsgi [req-a2f1118e-3b64-410f-b822-5ba2a60df78a req-49bc74bf-7e7c-4a55-a376-44fdd1cbaaa9 8148e3860fd54b9791405b67b2ee3775 713d12c1a7b7446487fa0dbb483e5dd1 - - default default] 10.0.0.137 "GET /v2.0/security-groups?id=b8c3d8b5-0bbc-4250-b0af-24a09608cf41&id=27a205cd-e82d-4814-b844-069021707de2&fields=id&fields=name HTTP/1.1" status: 200 len: 402 time: 0.0404339
2026-04-13 04:30:30.639 9 WARNING neutron.scheduler.dhcp_agent_scheduler [None req-03fa5f27-5a4c-49d6-96f3-447820554ac8 6c3fa53e290e447280a9ff18d2fcc359 9fef1be5469743e89769b08cbd37fa1e - - default default] No more DHCP agents
2026-04-13 04:30:30.641 9 WARNING neutron.api.rpc.agentnotifiers.dhcp_rpc_agent_api [None req-03fa5f27-5a4c-49d6-96f3-447820554ac8 6c3fa53e290e447280a9ff18d2fcc359 9fef1be5469743e89769b08cbd37fa1e - - default default] Unable to schedule network 36d0d884-9063-4119-9eab-ea2a4a60d891: no agents available; will retry on subsequent port and subnet creation events.
2026-04-13 04:30:30.727 9 INFO neutron.db.ovn_revision_numbers_db [None req-03fa5f27-5a4c-49d6-96f3-447820554ac8 6c3fa53e290e447280a9ff18d2fcc359 9fef1be5469743e89769b08cbd37fa1e - - default default] Successfully bumped revision number for resource faa05331-3020-489a-8716-38f3d9145fb8 (type: ports) to 1
2026-04-13 04:30:30.752 9 INFO neutron.wsgi [None req-03fa5f27-5a4c-49d6-96f3-447820554ac8 6c3fa53e290e447280a9ff18d2fcc359 9fef1be5469743e89769b08cbd37fa1e - - default default] 10.0.0.116 "POST /v2.0/networks HTTP/1.1" status: 201 len: 853 time: 0.5392272
2026-04-13 04:30:30.858 9 INFO neutron.db.segments_db [None req-f54bac6c-f98e-40f1-ba5d-1629a6647e8d 6c3fa53e290e447280a9ff18d2fcc359 9fef1be5469743e89769b08cbd37fa1e - - default default] Added segment 91ca66d7-4724-4279-b0da-b28cb07ec667 of type geneve for network 5fcfd537-5782-4ea7-b802-93ead0c7ffcd
2026-04-13 04:30:31.025 9 INFO neutron.db.ovn_revision_numbers_db [None req-f54bac6c-f98e-40f1-ba5d-1629a6647e8d 6c3fa53e290e447280a9ff18d2fcc359 9fef1be5469743e89769b08cbd37fa1e - - default default] Successfully bumped revision number for resource 5fcfd537-5782-4ea7-b802-93ead0c7ffcd (type: networks) to 1
2026-04-13 04:30:31.223 9 WARNING neutron.scheduler.dhcp_agent_scheduler [None req-f54bac6c-f98e-40f1-ba5d-1629a6647e8d 6c3fa53e290e447280a9ff18d2fcc359 9fef1be5469743e89769b08cbd37fa1e - - default default] No more DHCP agents
2026-04-13 04:30:31.226 9 WARNING neutron.api.rpc.agentnotifiers.dhcp_rpc_agent_api [None req-f54bac6c-f98e-40f1-ba5d-1629a6647e8d 6c3fa53e290e447280a9ff18d2fcc359 9fef1be5469743e89769b08cbd37fa1e - - default default] Unable to schedule network 5fcfd537-5782-4ea7-b802-93ead0c7ffcd: no agents available; will retry on subsequent port and subnet creation events.
2026-04-13 04:30:31.300 9 INFO neutron.db.ovn_revision_numbers_db [None req-f54bac6c-f98e-40f1-ba5d-1629a6647e8d 6c3fa53e290e447280a9ff18d2fcc359 9fef1be5469743e89769b08cbd37fa1e - - default default] Successfully bumped revision number for resource a12d2143-cee0-4aad-b8fe-565c58ec94df (type: ports) to 1
2026-04-13 04:30:31.325 9 INFO neutron.wsgi [None req-f54bac6c-f98e-40f1-ba5d-1629a6647e8d 6c3fa53e290e447280a9ff18d2fcc359 9fef1be5469743e89769b08cbd37fa1e - - default default] 10.0.0.116 "POST /v2.0/networks HTTP/1.1" status: 201 len: 852 time: 0.5673482
2026-04-13 04:30:31.615 9 INFO neutron.wsgi [req-8fd94cd2-f680-45e5-8e66-9e4e91c0d123 req-27308a31-5286-4e24-80dc-336d490e9263 8148e3860fd54b9791405b67b2ee3775 713d12c1a7b7446487fa0dbb483e5dd1 - - default default] 10.0.0.137 "GET /v2.0/ports?device_id=7baa8726-08a7-42ab-989f-9207ea05e3ce HTTP/1.1" status: 200 len: 1210 time: 0.0437593
2026-04-13 04:30:31.662 9 INFO neutron.wsgi [req-8fd94cd2-f680-45e5-8e66-9e4e91c0d123 req-00fbf759-2d5a-4547-bb7a-27115ac76b78 8148e3860fd54b9791405b67b2ee3775 713d12c1a7b7446487fa0dbb483e5dd1 - - default default] 10.0.0.137 "GET /v2.0/security-groups?id=b8c3d8b5-0bbc-4250-b0af-24a09608cf41&id=27a205cd-e82d-4814-b844-069021707de2&fields=id&fields=name HTTP/1.1" status: 200 len: 402 time: 0.0400858
2026-04-13 04:30:31.839 10 INFO neutron.wsgi [req-b031ac62-e079-4f4e-ba53-18cd9c4ea477 req-5052db5a-f5af-4a80-8c50-842d1049670a 8148e3860fd54b9791405b67b2ee3775 713d12c1a7b7446487fa0dbb483e5dd1 - - default default] 10.0.0.137 "GET /v2.0/ports?device_id=7baa8726-08a7-42ab-989f-9207ea05e3ce HTTP/1.1" status: 200 len: 1210 time: 0.1156592
2026-04-13 04:30:32.209 10 INFO neutron.notifiers.nova [-] Nova event matching ['req-68d6dd38-13da-4e7b-98e1-59265a304243'] response: {'server_uuid': '7baa8726-08a7-42ab-989f-9207ea05e3ce', 'name': 'network-vif-plugged', 'status': 'completed', 'tag': '32ab81ad-b32b-497c-a217-0f8b00b24882', 'code': 200}
2026-04-13 04:30:32.340 10 WARNING neutron.scheduler.dhcp_agent_scheduler [None req-60c3431b-75b3-4495-9962-9e6c448e24c4 6c3fa53e290e447280a9ff18d2fcc359 9fef1be5469743e89769b08cbd37fa1e - - default default] No more DHCP agents
2026-04-13 04:30:32.342 10 WARNING neutron.api.rpc.agentnotifiers.dhcp_rpc_agent_api [None req-60c3431b-75b3-4495-9962-9e6c448e24c4 6c3fa53e290e447280a9ff18d2fcc359 9fef1be5469743e89769b08cbd37fa1e - - default default] Unable to schedule network 36d0d884-9063-4119-9eab-ea2a4a60d891: no agents available; will retry on subsequent port and subnet creation events.
2026-04-13 04:30:32.355 9 INFO neutron.db.l3_db [None req-18a422ec-a358-4f29-a5fa-c624b534708c 8148e3860fd54b9791405b67b2ee3775 713d12c1a7b7446487fa0dbb483e5dd1 - - default default] Floating IP 59a7e0cf-6c22-4463-a3b5-f579c11535e6 associated. External IP: 10.96.250.208, port: 32ab81ad-b32b-497c-a217-0f8b00b24882.
2026-04-13 04:30:32.385 10 INFO neutron.db.ovn_revision_numbers_db [None req-60c3431b-75b3-4495-9962-9e6c448e24c4 6c3fa53e290e447280a9ff18d2fcc359 9fef1be5469743e89769b08cbd37fa1e - - default default] Successfully bumped revision number for resource 7ecd6b16-a946-4101-82ab-0167b05f034b (type: subnets) to 0
2026-04-13 04:30:32.423 10 WARNING neutron.scheduler.dhcp_agent_scheduler [None req-60c3431b-75b3-4495-9962-9e6c448e24c4 6c3fa53e290e447280a9ff18d2fcc359 9fef1be5469743e89769b08cbd37fa1e - - default default] No more DHCP agents
2026-04-13 04:30:32.427 10 WARNING neutron.api.rpc.agentnotifiers.dhcp_rpc_agent_api [None req-60c3431b-75b3-4495-9962-9e6c448e24c4 6c3fa53e290e447280a9ff18d2fcc359 9fef1be5469743e89769b08cbd37fa1e - - default default] Unable to schedule network 5fcfd537-5782-4ea7-b802-93ead0c7ffcd: no agents available; will retry on subsequent port and subnet creation events.
2026-04-13 04:30:32.502 10 INFO neutron.db.ovn_revision_numbers_db [None req-60c3431b-75b3-4495-9962-9e6c448e24c4 6c3fa53e290e447280a9ff18d2fcc359 9fef1be5469743e89769b08cbd37fa1e - - default default] Successfully bumped revision number for resource 6c5f993d-f5e0-4574-ad61-94b529c43acf (type: subnets) to 0
2026-04-13 04:30:32.526 10 INFO neutron.wsgi [None req-60c3431b-75b3-4495-9962-9e6c448e24c4 6c3fa53e290e447280a9ff18d2fcc359 9fef1be5469743e89769b08cbd37fa1e - - default default] 10.0.0.116 "POST /v2.0/subnets HTTP/1.1" status: 201 len: 1475 time: 0.7225566
2026-04-13 04:30:32.587 9 INFO neutron.db.ovn_revision_numbers_db [None req-18a422ec-a358-4f29-a5fa-c624b534708c 8148e3860fd54b9791405b67b2ee3775 713d12c1a7b7446487fa0dbb483e5dd1 - - default default] Successfully bumped revision number for resource 59a7e0cf-6c22-4463-a3b5-f579c11535e6 (type: floatingips) to 1
2026-04-13 04:30:32.589 10 INFO neutron.wsgi [None req-cfa5fd7e-5eff-4dd5-a133-a23ffadc6a55 6c3fa53e290e447280a9ff18d2fcc359 9fef1be5469743e89769b08cbd37fa1e - - default default] 10.0.0.116 "GET /v2.0/subnets HTTP/1.1" status: 200 len: 2083 time: 0.0580688
2026-04-13 04:30:32.694 9 INFO neutron.db.ovn_revision_numbers_db [None req-18a422ec-a358-4f29-a5fa-c624b534708c 8148e3860fd54b9791405b67b2ee3775 713d12c1a7b7446487fa0dbb483e5dd1 - - default default] Successfully bumped revision number for resource 59a7e0cf-6c22-4463-a3b5-f579c11535e6 (type: floatingips) to 2
2026-04-13 04:30:32.694 10 INFO neutron.wsgi [req-c9ab486e-6bdc-4d38-ac59-f85265279aab req-8517fdc9-8bf7-4754-b9fd-1444c89113e5 d3275638172d44a3b525c7c003d75ba2 b3297f32648e4ae4b9067edb0ec310f6 - - default default] 10.0.0.137 "GET /v2.0/ports?device_id=6315ba65-ac75-473e-b16b-5c54bb8c4b52 HTTP/1.1" status: 200 len: 1170 time: 0.1477780
2026-04-13 04:30:32.699 10 INFO neutron.db.ovn_revision_numbers_db [None req-55842049-4d2c-4883-b62f-cad2fde4477d ef2e7ef18f884b53a9af08459783b8b2 d7f370d7a27e46629f3df807df0683dc - - default default] Successfully bumped revision number for resource 8d41d3fc-a5ee-4b65-9fb6-eef100bfd5d0 (type: security_groups) to 1
2026-04-13 04:30:32.724 9 INFO neutron.wsgi [None req-18a422ec-a358-4f29-a5fa-c624b534708c 8148e3860fd54b9791405b67b2ee3775 713d12c1a7b7446487fa0dbb483e5dd1 - - default default] 10.0.0.116 "PUT /v2.0/floatingips/59a7e0cf-6c22-4463-a3b5-f579c11535e6 HTTP/1.1" status: 200 len: 1049 time: 0.8725471
2026-04-13 04:30:32.738 10 INFO neutron.db.ovn_revision_numbers_db [None req-55842049-4d2c-4883-b62f-cad2fde4477d ef2e7ef18f884b53a9af08459783b8b2 d7f370d7a27e46629f3df807df0683dc - - default default] Successfully bumped revision number for resource 09fbf823-81f1-47d2-b1e1-058019cb2943 (type: security_group_rules) to 0
2026-04-13 04:30:32.764 10 INFO neutron.wsgi [req-c9ab486e-6bdc-4d38-ac59-f85265279aab req-0f4e23b0-349b-487a-840c-b8a64766bea6 d3275638172d44a3b525c7c003d75ba2 b3297f32648e4ae4b9067edb0ec310f6 - - default default] 10.0.0.137 "GET /v2.0/security-groups?id=6a7be8fa-e030-4038-b503-8bfee3a73197&fields=id&fields=name HTTP/1.1" status: 200 len: 313 time: 0.0629070
2026-04-13 04:30:32.766 10 INFO neutron.db.ovn_revision_numbers_db [None req-55842049-4d2c-4883-b62f-cad2fde4477d ef2e7ef18f884b53a9af08459783b8b2 d7f370d7a27e46629f3df807df0683dc - - default default] Successfully bumped revision number for resource 279092e0-b1f7-4dd3-b2fd-e6f0fb1e7aa8 (type: security_group_rules) to 0
