2026-04-13 04:32:13.658 9 INFO neutron.wsgi [req-0d2240b1-9b4e-40ec-b134-ce0cb54e70f2 req-03930e90-9517-4262-98c2-6f7fd605c22a 2c5eb029e25a48a785474bef05fe2ed8 438013eae755454bb0a6829cfd092cc4 - - default default] 10.0.0.137 "GET /v2.0/security-groups?id=607cc947-495e-4af0-bfee-6721146f2742&fields=id&fields=name HTTP/1.1" status: 200 len: 312 time: 0.3080950
2026-04-13 04:32:13.695 10 INFO neutron.notifiers.nova [-] Nova event matching ['req-d8f89e80-efeb-4c0a-ac76-62afb3ae0676'] response: {'server_uuid': '900df7ce-ddd1-4052-89d8-2a372113e943', 'name': 'network-vif-plugged', 'status': 'completed', 'tag': '90f10d33-bc26-4b2c-92a7-d0f6cffa258b', 'code': 200}
2026-04-13 04:32:13.722 9 INFO neutron.wsgi [req-d2a061a6-e364-42db-ab71-4f956ebd9bf1 req-0aee5913-5201-481e-96b1-1ff927222c52 789c9a7ee0c848eb92cff03c64e4bf0a cddb5cc411ed46158e2df7299da69934 - - aafb6e47c8464a48aff426311d4cbb0d aafb6e47c8464a48aff426311d4cbb0d] 199.204.45.141 "GET /v2.0/networks?id=55de2c74-a1e6-46c2-8b35-b4e3c668f590 HTTP/1.1" status: 200 len: 956 time: 0.1086140
2026-04-13 04:32:13.754 9 INFO neutron.db.ovn_revision_numbers_db [None req-4dcdf02c-99c4-441b-86e7-f115ffea969c - - - - - -] Successfully bumped revision number for resource 95679fd9-7cf6-45c7-aa58-b823620da069 (type: router_ports) to 2
2026-04-13 04:32:13.776 9 INFO neutron.wsgi [req-d2a061a6-e364-42db-ab71-4f956ebd9bf1 req-2d30e864-c809-4de3-a0d1-6eef8224bf25 789c9a7ee0c848eb92cff03c64e4bf0a cddb5cc411ed46158e2df7299da69934 - - aafb6e47c8464a48aff426311d4cbb0d aafb6e47c8464a48aff426311d4cbb0d] 199.204.45.141 "GET /v2.0/floatingips?fixed_ip_address=10.100.0.4&port_id=90f10d33-bc26-4b2c-92a7-d0f6cffa258b HTTP/1.1" status: 200 len: 217 time: 0.0444641
2026-04-13 04:32:13.810 9 INFO neutron.db.ovn_revision_numbers_db [None req-c1700da5-89ba-4807-963b-428c02f656bd 5febbf4f2d2f4cb18df17e0ac0ae2272 954b83ac810e4b7cbab1253c5f1e4ab6 - - default default] Successfully bumped revision number for resource 95679fd9-7cf6-45c7-aa58-b823620da069 (type: router_ports) to 2
2026-04-13 04:32:13.812 9 INFO neutron.wsgi [None req-c1700da5-89ba-4807-963b-428c02f656bd 5febbf4f2d2f4cb18df17e0ac0ae2272 954b83ac810e4b7cbab1253c5f1e4ab6 - - default default] 10.0.0.116 "PUT /v2.0/routers/eec936b4-ec9b-41ee-aa06-3c6ed230e487/add_router_interface HTTP/1.1" status: 200 len: 503 time: 3.0271435
2026-04-13 04:32:13.820 9 INFO neutron.wsgi [req-d2a061a6-e364-42db-ab71-4f956ebd9bf1 req-5c9ac5f7-e2cf-449d-ac04-47261013e535 789c9a7ee0c848eb92cff03c64e4bf0a cddb5cc411ed46158e2df7299da69934 - - aafb6e47c8464a48aff426311d4cbb0d aafb6e47c8464a48aff426311d4cbb0d] 199.204.45.141 "GET /v2.0/subnets?id=fb138fbd-fa99-45b8-ac4d-4fc9ecc1c774 HTTP/1.1" status: 200 len: 852 time: 0.0409079
2026-04-13 04:32:13.859 9 INFO neutron.wsgi [req-d2a061a6-e364-42db-ab71-4f956ebd9bf1 req-c6a1b873-81a6-41b9-8bf0-83753f4d9bf2 789c9a7ee0c848eb92cff03c64e4bf0a cddb5cc411ed46158e2df7299da69934 - - aafb6e47c8464a48aff426311d4cbb0d aafb6e47c8464a48aff426311d4cbb0d] 199.204.45.141 "GET /v2.0/ports?network_id=55de2c74-a1e6-46c2-8b35-b4e3c668f590&device_owner=network%3Adhcp HTTP/1.1" status: 200 len: 210 time: 0.0311735
2026-04-13 04:32:13.912 10 INFO neutron.db.ovn_revision_numbers_db [None req-f7b0568a-a905-4695-ae87-12911a1e09fc - - - - - -] Successfully bumped revision number for resource 90f10d33-bc26-4b2c-92a7-d0f6cffa258b (type: ports) to 4
2026-04-13 04:32:13.946 9 INFO neutron.wsgi [req-d2a061a6-e364-42db-ab71-4f956ebd9bf1 req-d9cbea08-b71d-492d-87f6-8f2eca12a35c 789c9a7ee0c848eb92cff03c64e4bf0a cddb5cc411ed46158e2df7299da69934 - - aafb6e47c8464a48aff426311d4cbb0d aafb6e47c8464a48aff426311d4cbb0d] 199.204.45.141 "GET /v2.0/networks/55de2c74-a1e6-46c2-8b35-b4e3c668f590?fields=segments HTTP/1.1" status: 200 len: 212 time: 0.0811353
2026-04-13 04:32:13.952 9 INFO neutron.wsgi [None req-8b393e82-6454-49a9-9935-519c30b0d63c 5febbf4f2d2f4cb18df17e0ac0ae2272 954b83ac810e4b7cbab1253c5f1e4ab6 - - default default] 10.0.0.116 "GET /v2.0/ports/95679fd9-7cf6-45c7-aa58-b823620da069 HTTP/1.1" status: 200 len: 1137 time: 0.1314051
2026-04-13 04:32:14.036 9 INFO neutron.wsgi [req-d2a061a6-e364-42db-ab71-4f956ebd9bf1 req-a742694c-d776-4cf8-a34f-a103289ca837 789c9a7ee0c848eb92cff03c64e4bf0a cddb5cc411ed46158e2df7299da69934 - - aafb6e47c8464a48aff426311d4cbb0d aafb6e47c8464a48aff426311d4cbb0d] 199.204.45.141 "GET /v2.0/networks/55de2c74-a1e6-46c2-8b35-b4e3c668f590?fields=provider%3Aphysical_network&fields=provider%3Anetwork_type HTTP/1.1" status: 200 len: 277 time: 0.0833488
2026-04-13 04:32:14.070 10 INFO neutron.db.ovn_revision_numbers_db [None req-ba7c6935-3c48-4748-96f4-a8c54576e6a3 beef2a287ab24121a50b0f0f7222b074 d9f6a78694f2426c98a68ede5612dc85 - - default default] Successfully bumped revision number for resource 4fc5ab5a-854c-44fe-af49-37e1af2e603d (type: ports) to 2
2026-04-13 04:32:14.148 10 INFO neutron.db.ovn_revision_numbers_db [None req-ba7c6935-3c48-4748-96f4-a8c54576e6a3 beef2a287ab24121a50b0f0f7222b074 d9f6a78694f2426c98a68ede5612dc85 - - default default] Successfully bumped revision number for resource 8802fb70-5ed7-43df-9307-8142e194fe21 (type: subnets) to 0
2026-04-13 04:32:14.170 10 INFO neutron.wsgi [None req-ba7c6935-3c48-4748-96f4-a8c54576e6a3 beef2a287ab24121a50b0f0f7222b074 d9f6a78694f2426c98a68ede5612dc85 - - default default] 10.0.0.116 "POST /v2.0/subnets HTTP/1.1" status: 201 len: 801 time: 1.0671878
2026-04-13 04:32:14.260 9 INFO neutron.db.segments_db [None req-61584615-3cbe-47f9-8813-05d859c08fdb beef2a287ab24121a50b0f0f7222b074 d9f6a78694f2426c98a68ede5612dc85 - - default default] Added segment ac3b9d1e-bb5c-4ade-baca-777930e0ef16 of type geneve for network 77b84159-b9bb-447e-9450-423818bc7fae
2026-04-13 04:32:14.393 9 INFO neutron.db.ovn_revision_numbers_db [None req-61584615-3cbe-47f9-8813-05d859c08fdb beef2a287ab24121a50b0f0f7222b074 d9f6a78694f2426c98a68ede5612dc85 - - default default] Successfully bumped revision number for resource 77b84159-b9bb-447e-9450-423818bc7fae (type: networks) to 1
2026-04-13 04:32:14.493 10 WARNING neutron.scheduler.dhcp_agent_scheduler [None req-238a6e47-3100-45f4-a4c6-ef9fc0f64633 5febbf4f2d2f4cb18df17e0ac0ae2272 954b83ac810e4b7cbab1253c5f1e4ab6 - - default default] No more DHCP agents
2026-04-13 04:32:14.496 10 WARNING neutron.api.rpc.agentnotifiers.dhcp_rpc_agent_api [None req-238a6e47-3100-45f4-a4c6-ef9fc0f64633 5febbf4f2d2f4cb18df17e0ac0ae2272 954b83ac810e4b7cbab1253c5f1e4ab6 - - default default] Unable to schedule network 55524fb2-c260-4a34-96ac-183a97a8bb27: no agents available; will retry on subsequent port and subnet creation events.
2026-04-13 04:32:14.554 9 WARNING neutron.scheduler.dhcp_agent_scheduler [None req-61584615-3cbe-47f9-8813-05d859c08fdb beef2a287ab24121a50b0f0f7222b074 d9f6a78694f2426c98a68ede5612dc85 - - default default] No more DHCP agents
2026-04-13 04:32:14.557 9 WARNING neutron.api.rpc.agentnotifiers.dhcp_rpc_agent_api [None req-61584615-3cbe-47f9-8813-05d859c08fdb beef2a287ab24121a50b0f0f7222b074 d9f6a78694f2426c98a68ede5612dc85 - - default default] Unable to schedule network 77b84159-b9bb-447e-9450-423818bc7fae: no agents available; will retry on subsequent port and subnet creation events.
2026-04-13 04:32:14.646 9 INFO neutron.db.ovn_revision_numbers_db [None req-61584615-3cbe-47f9-8813-05d859c08fdb beef2a287ab24121a50b0f0f7222b074 d9f6a78694f2426c98a68ede5612dc85 - - default default] Successfully bumped revision number for resource f31aeac5-fb45-4134-af60-9777dceffe9e (type: ports) to 1
2026-04-13 04:32:14.661 10 INFO neutron.db.ovn_revision_numbers_db [None req-238a6e47-3100-45f4-a4c6-ef9fc0f64633 5febbf4f2d2f4cb18df17e0ac0ae2272 954b83ac810e4b7cbab1253c5f1e4ab6 - - default default] Successfully bumped revision number for resource 63c9a10b-df56-4e39-9b25-c76394825207 (type: ports) to 1
2026-04-13 04:32:14.673 9 INFO neutron.wsgi [None req-61584615-3cbe-47f9-8813-05d859c08fdb beef2a287ab24121a50b0f0f7222b074 d9f6a78694f2426c98a68ede5612dc85 - - default default] 10.0.0.116 "POST /v2.0/networks HTTP/1.1" status: 201 len: 831 time: 0.4964404
2026-04-13 04:32:14.776 9 INFO neutron.wsgi [req-a0788e43-bbd4-4b2b-8736-d521a531e994 req-0be2459e-4ede-4f94-9990-dfe4f43dc2e4 2c5eb029e25a48a785474bef05fe2ed8 438013eae755454bb0a6829cfd092cc4 - - default default] 10.0.0.137 "GET /v2.0/ports?device_id=900df7ce-ddd1-4052-89d8-2a372113e943 HTTP/1.1" status: 200 len: 1170 time: 0.0507579
2026-04-13 04:32:14.844 9 INFO neutron.wsgi [req-a0788e43-bbd4-4b2b-8736-d521a531e994 req-e7284de2-0528-49c2-9f7d-9e03a2868578 2c5eb029e25a48a785474bef05fe2ed8 438013eae755454bb0a6829cfd092cc4 - - default default] 10.0.0.137 "GET /v2.0/security-groups?id=607cc947-495e-4af0-bfee-6721146f2742&fields=id&fields=name HTTP/1.1" status: 200 len: 312 time: 0.0566585 /var/lib/openstack/lib/python3.10/site-packages/pycadf/identifier.py:71: UserWarning: Invalid uuid: neutron. To ensure interoperability, identifiers should be a valid uuid. warnings.warn(('Invalid uuid: %s. To ensure interoperability, '
2026-04-13 04:32:14.939 9 WARNING neutron.scheduler.dhcp_agent_scheduler [None req-a0611ac5-e47b-489d-b927-ef1865bb1dcb beef2a287ab24121a50b0f0f7222b074 d9f6a78694f2426c98a68ede5612dc85 - - default default] No more DHCP agents
2026-04-13 04:32:14.940 9 WARNING neutron.api.rpc.agentnotifiers.dhcp_rpc_agent_api [None req-a0611ac5-e47b-489d-b927-ef1865bb1dcb beef2a287ab24121a50b0f0f7222b074 d9f6a78694f2426c98a68ede5612dc85 - - default default] Unable to schedule network 77b84159-b9bb-447e-9450-423818bc7fae: no agents available; will retry on subsequent port and subnet creation events.
2026-04-13 04:32:15.015 10 INFO neutron.wsgi [req-5adc0872-2bc6-489a-906c-05b023d801ec req-dd65c4b5-bb50-4985-9596-8a9e2206b76c 2c5eb029e25a48a785474bef05fe2ed8 438013eae755454bb0a6829cfd092cc4 - - default default] 10.0.0.137 "GET /v2.0/ports?device_id=900df7ce-ddd1-4052-89d8-2a372113e943 HTTP/1.1" status: 200 len: 1170 time: 0.1043518
2026-04-13 04:32:15.105 10 INFO neutron.wsgi [req-5adc0872-2bc6-489a-906c-05b023d801ec req-729ea219-951e-4112-b82d-891ca8c2a946 2c5eb029e25a48a785474bef05fe2ed8 438013eae755454bb0a6829cfd092cc4 - - default default] 10.0.0.137 "GET /v2.0/security-groups?id=607cc947-495e-4af0-bfee-6721146f2742&fields=id&fields=name HTTP/1.1" status: 200 len: 312 time: 0.0697505
2026-04-13 04:32:15.407 10 INFO neutron.wsgi [None req-d8f7837a-f5f4-49ba-b3b5-4075e0c0eb66 09bffeb06e83479b89924eb7a805a47b 71a440f0ead84d808debca1ad9e023f2 - - default default] 10.0.0.116 "GET /v2.0/ports?device_id=900df7ce-ddd1-4052-89d8-2a372113e943 HTTP/1.1" status: 200 len: 1404 time: 0.2694905
2026-04-13 04:32:15.428 10 INFO neutron.plugins.ml2.drivers.ovn.mech_driver.mech_driver [None req-f7b0568a-a905-4695-ae87-12911a1e09fc - - - - - -] OVN reports status up for port: 63c9a10b-df56-4e39-9b25-c76394825207
2026-04-13 04:32:15.449 10 INFO neutron.plugins.ml2.plugin [None req-f7b0568a-a905-4695-ae87-12911a1e09fc - - - - - -] Attempt 1 to provision port 63c9a10b-df56-4e39-9b25-c76394825207
2026-04-13 04:32:15.470 10 INFO neutron.db.ovn_revision_numbers_db [None req-238a6e47-3100-45f4-a4c6-ef9fc0f64633 5febbf4f2d2f4cb18df17e0ac0ae2272 954b83ac810e4b7cbab1253c5f1e4ab6 - - default default] Successfully bumped revision number for resource 63c9a10b-df56-4e39-9b25-c76394825207 (type: router_ports) to 1
2026-04-13 04:32:15.593 9 INFO neutron.db.ovn_revision_numbers_db [None req-a0611ac5-e47b-489d-b927-ef1865bb1dcb beef2a287ab24121a50b0f0f7222b074 d9f6a78694f2426c98a68ede5612dc85 - - default default] Successfully bumped revision number for resource f31aeac5-fb45-4134-af60-9777dceffe9e (type: ports) to 2
2026-04-13 04:32:15.638 9 INFO neutron.db.ovn_revision_numbers_db [None req-a0611ac5-e47b-489d-b927-ef1865bb1dcb beef2a287ab24121a50b0f0f7222b074 d9f6a78694f2426c98a68ede5612dc85 - - default default] Successfully bumped revision number for resource 5bc4b1cf-73da-44c2-ba9e-d72f9f478fb6 (type: subnets) to 0
2026-04-13 04:32:15.664 10 INFO neutron.db.ovn_revision_numbers_db [None req-238a6e47-3100-45f4-a4c6-ef9fc0f64633 5febbf4f2d2f4cb18df17e0ac0ae2272 954b83ac810e4b7cbab1253c5f1e4ab6 - - default default] Successfully bumped revision number for resource 63c9a10b-df56-4e39-9b25-c76394825207 (type: ports) to 1
2026-04-13 04:32:15.667 9 INFO neutron.wsgi [None req-a0611ac5-e47b-489d-b927-ef1865bb1dcb beef2a287ab24121a50b0f0f7222b074 d9f6a78694f2426c98a68ede5612dc85 - - default default] 10.0.0.116 "POST /v2.0/subnets HTTP/1.1" status: 201 len: 804 time: 0.9859827
2026-04-13 04:32:15.676 9 INFO neutron.db.l3_db [None req-9ef44231-8589-4a88-b377-8bf46f35b9ee 2c5eb029e25a48a785474bef05fe2ed8 438013eae755454bb0a6829cfd092cc4 - - default default] Floating IP 5ee7a37a-fef3-4ee9-ab3b-3493cdc7522e associated. External IP: 10.96.250.205, port: 90f10d33-bc26-4b2c-92a7-d0f6cffa258b.
2026-04-13 04:32:15.734 10 INFO neutron.notifiers.nova [-] Nova event matching ['req-88be9a23-a4bd-45f6-bf58-55f685dca010'] response: {'server_uuid': '900df7ce-ddd1-4052-89d8-2a372113e943', 'name': 'network-vif-plugged', 'status': 'completed', 'tag': '90f10d33-bc26-4b2c-92a7-d0f6cffa258b', 'code': 200}
2026-04-13 04:32:15.785 10 WARNING neutron.scheduler.dhcp_agent_scheduler [None req-238a6e47-3100-45f4-a4c6-ef9fc0f64633 5febbf4f2d2f4cb18df17e0ac0ae2272 954b83ac810e4b7cbab1253c5f1e4ab6 - - default default] No more DHCP agents
2026-04-13 04:32:15.787 10 WARNING neutron.api.rpc.agentnotifiers.dhcp_rpc_agent_api [None req-238a6e47-3100-45f4-a4c6-ef9fc0f64633 5febbf4f2d2f4cb18df17e0ac0ae2272 954b83ac810e4b7cbab1253c5f1e4ab6 - - default default] Unable to schedule network 55524fb2-c260-4a34-96ac-183a97a8bb27: no agents available; will retry on subsequent port and subnet creation events.
2026-04-13 04:32:15.814 10 INFO neutron.db.segments_db [None req-dd792084-095e-437d-8e63-bed605d50fd7 beef2a287ab24121a50b0f0f7222b074 d9f6a78694f2426c98a68ede5612dc85 - - default default] Added segment bd673aa2-8970-45ec-bb1d-01813f72e5c6 of type geneve for network dcfc8950-bc53-4bb0-83d8-2c868175789b
2026-04-13 04:32:15.815 10 INFO neutron.db.ovn_revision_numbers_db [None req-f7b0568a-a905-4695-ae87-12911a1e09fc - - - - - -] Successfully bumped revision number for resource 63c9a10b-df56-4e39-9b25-c76394825207 (type: ports) to 2
2026-04-13 04:32:15.858 9 INFO neutron.db.ovn_revision_numbers_db [None req-9ef44231-8589-4a88-b377-8bf46f35b9ee 2c5eb029e25a48a785474bef05fe2ed8 438013eae755454bb0a6829cfd092cc4 - - default default] Successfully bumped revision number for resource 5ee7a37a-fef3-4ee9-ab3b-3493cdc7522e (type: floatingips) to 4
2026-04-13 04:32:15.966 9 INFO neutron.db.ovn_revision_numbers_db [None req-9ef44231-8589-4a88-b377-8bf46f35b9ee 2c5eb029e25a48a785474bef05fe2ed8 438013eae755454bb0a6829cfd092cc4 - - default default] Successfully bumped revision number for resource 5ee7a37a-fef3-4ee9-ab3b-3493cdc7522e (type: floatingips) to 5
2026-04-13 04:32:15.990 9 INFO neutron.wsgi [None req-9ef44231-8589-4a88-b377-8bf46f35b9ee 2c5eb029e25a48a785474bef05fe2ed8 438013eae755454bb0a6829cfd092cc4 - - default default] 10.0.0.116 "PUT /v2.0/floatingips/5ee7a37a-fef3-4ee9-ab3b-3493cdc7522e HTTP/1.1" status: 200 len: 1049 time: 0.5688181
2026-04-13 04:32:16.022 9 INFO neutron.notifiers.nova [-] Nova event matching ['req-7b6e2fd8-bc02-45e5-939b-abf357d24690'] response: {'name': 'network-changed', 'server_uuid': '900df7ce-ddd1-4052-89d8-2a372113e943', 'tag': '90f10d33-bc26-4b2c-92a7-d0f6cffa258b', 'status': 'completed', 'code': 200}
2026-04-13 04:32:16.030 9 INFO neutron.wsgi [None req-482c3e0e-6a72-48f0-bc99-8efcc6be8daa 2c5eb029e25a48a785474bef05fe2ed8 438013eae755454bb0a6829cfd092cc4 - - default default] 10.0.0.116 "GET /v2.0/floatingips/5ee7a37a-fef3-4ee9-ab3b-3493cdc7522e HTTP/1.1" status: 200 len: 1051 time: 0.0337653
2026-04-13 04:32:16.062 9 INFO neutron.wsgi [req-a93bda1b-a99a-43cf-b057-ef2ce55ef8a3 req-2a07a1f2-013f-4390-a1f0-a7a05718073c 789c9a7ee0c848eb92cff03c64e4bf0a cddb5cc411ed46158e2df7299da69934 - - aafb6e47c8464a48aff426311d4cbb0d aafb6e47c8464a48aff426311d4cbb0d] 199.204.45.141 "GET /v2.0/ports?tenant_id=438013eae755454bb0a6829cfd092cc4&device_id=900df7ce-ddd1-4052-89d8-2a372113e943 HTTP/1.1" status: 200 len: 1409 time: 0.0231700
2026-04-13 04:32:16.070 10 INFO neutron.db.ovn_revision_numbers_db [None req-f7b0568a-a905-4695-ae87-12911a1e09fc - - - - - -] Successfully bumped revision number for resource 63c9a10b-df56-4e39-9b25-c76394825207 (type: router_ports) to 2
2026-04-13 04:32:16.079 10 INFO neutron.db.ovn_revision_numbers_db [None req-dd792084-095e-437d-8e63-bed605d50fd7 beef2a287ab24121a50b0f0f7222b074 d9f6a78694f2426c98a68ede5612dc85 - - default default] Successfully bumped revision number for resource dcfc8950-bc53-4bb0-83d8-2c868175789b (type: networks) to 1
2026-04-13 04:32:16.117 9 INFO neutron.wsgi [req-a93bda1b-a99a-43cf-b057-ef2ce55ef8a3 req-12cc38f1-1c0e-4d8b-a319-d98d8d1cf555 789c9a7ee0c848eb92cff03c64e4bf0a cddb5cc411ed46158e2df7299da69934 - - aafb6e47c8464a48aff426311d4cbb0d aafb6e47c8464a48aff426311d4cbb0d] 199.204.45.141 "GET /v2.0/networks?id=55de2c74-a1e6-46c2-8b35-b4e3c668f590 HTTP/1.1" status: 200 len: 956 time: 0.0502036
2026-04-13 04:32:16.151 10 INFO neutron.db.ovn_revision_numbers_db [None req-238a6e47-3100-45f4-a4c6-ef9fc0f64633 5febbf4f2d2f4cb18df17e0ac0ae2272 954b83ac810e4b7cbab1253c5f1e4ab6 - - default default] Successfully bumped revision number for resource 63c9a10b-df56-4e39-9b25-c76394825207 (type: router_ports) to 2
2026-04-13 04:32:16.153 10 INFO neutron.wsgi [None req-238a6e47-3100-45f4-a4c6-ef9fc0f64633 5febbf4f2d2f4cb18df17e0ac0ae2272 954b83ac810e4b7cbab1253c5f1e4ab6 - - default default] 10.0.0.116 "PUT /v2.0/routers/eec936b4-ec9b-41ee-aa06-3c6ed230e487/add_router_interface HTTP/1.1" status: 200 len: 503 time: 2.1817544
2026-04-13 04:32:16.174 9 INFO neutron.wsgi [req-a93bda1b-a99a-43cf-b057-ef2ce55ef8a3 req-66877265-ddec-40c1-91c0-054906e400d3 789c9a7ee0c848eb92cff03c64e4bf0a cddb5cc411ed46158e2df7299da69934 - - aafb6e47c8464a48aff426311d4cbb0d aafb6e47c8464a48aff426311d4cbb0d] 199.204.45.141 "GET /v2.0/floatingips?fixed_ip_address=10.100.0.4&port_id=90f10d33-bc26-4b2c-92a7-d0f6cffa258b HTTP/1.1" status: 200 len: 1059 time: 0.0504980
2026-04-13 04:32:16.220 9 INFO neutron.wsgi [req-a93bda1b-a99a-43cf-b057-ef2ce55ef8a3 req-8dcfa88e-4a1f-49fb-944f-7e5f09570288 789c9a7ee0c848eb92cff03c64e4bf0a cddb5cc411ed46158e2df7299da69934 - - aafb6e47c8464a48aff426311d4cbb0d aafb6e47c8464a48aff426311d4cbb0d] 199.204.45.141 "GET /v2.0/subnets?id=fb138fbd-fa99-45b8-ac4d-4fc9ecc1c774 HTTP/1.1" status: 200 len: 852 time: 0.0388138
2026-04-13 04:32:16.245 9 INFO neutron.wsgi [req-a93bda1b-a99a-43cf-b057-ef2ce55ef8a3 req-d609a06b-e2e2-4cba-88cd-ee888d5737ce 789c9a7ee0c848eb92cff03c64e4bf0a cddb5cc411ed46158e2df7299da69934 - - aafb6e47c8464a48aff426311d4cbb0d aafb6e47c8464a48aff426311d4cbb0d] 199.204.45.141 "GET /v2.0/ports?network_id=55de2c74-a1e6-46c2-8b35-b4e3c668f590&device_owner=network%3Adhcp HTTP/1.1" status: 200 len: 210 time: 0.0177190
2026-04-13 04:32:16.275 9 INFO neutron.wsgi [None req-09002834-06f8-4f13-9129-cdc76f9f204f 5febbf4f2d2f4cb18df17e0ac0ae2272 954b83ac810e4b7cbab1253c5f1e4ab6 - - default default] 10.0.0.116 "GET /v2.0/ports/63c9a10b-df56-4e39-9b25-c76394825207 HTTP/1.1" status: 200 len: 1137 time: 0.1173384
2026-04-13 04:32:16.278 10 WARNING neutron.scheduler.dhcp_agent_scheduler [None req-dd792084-095e-437d-8e63-bed605d50fd7 beef2a287ab24121a50b0f0f7222b074 d9f6a78694f2426c98a68ede5612dc85 - - default default] No more DHCP agents
2026-04-13 04:32:16.281 10 WARNING neutron.api.rpc.agentnotifiers.dhcp_rpc_agent_api [None req-dd792084-095e-437d-8e63-bed605d50fd7 beef2a287ab24121a50b0f0f7222b074 d9f6a78694f2426c98a68ede5612dc85 - - default default] Unable to schedule network dcfc8950-bc53-4bb0-83d8-2c868175789b: no agents available; will retry on subsequent port and subnet creation events.
2026-04-13 04:32:16.324 9 INFO neutron.wsgi [None req-4fa445f8-6038-4937-8ff6-2c7f912a53a3 5febbf4f2d2f4cb18df17e0ac0ae2272 954b83ac810e4b7cbab1253c5f1e4ab6 - - default default] 10.0.0.116 "GET /v2.0/ports/63c9a10b-df56-4e39-9b25-c76394825207 HTTP/1.1" status: 200 len: 1137 time: 0.0447149
2026-04-13 04:32:16.346 9 INFO neutron.wsgi [req-a93bda1b-a99a-43cf-b057-ef2ce55ef8a3 req-3943c4ae-beca-49be-8c62-1309a5782cb8 789c9a7ee0c848eb92cff03c64e4bf0a cddb5cc411ed46158e2df7299da69934 - - aafb6e47c8464a48aff426311d4cbb0d aafb6e47c8464a48aff426311d4cbb0d] 199.204.45.141 "GET /v2.0/networks/55de2c74-a1e6-46c2-8b35-b4e3c668f590?fields=segments HTTP/1.1" status: 200 len: 212 time: 0.0931587
2026-04-13 04:32:16.388 10 INFO neutron.db.ovn_revision_numbers_db [None req-dd792084-095e-437d-8e63-bed605d50fd7 beef2a287ab24121a50b0f0f7222b074 d9f6a78694f2426c98a68ede5612dc85 - - default default] Successfully bumped revision number for resource 4b4ba10c-df35-4829-b3e7-6482a029906e (type: ports) to 1
2026-04-13 04:32:16.411 9 INFO neutron.wsgi [req-a93bda1b-a99a-43cf-b057-ef2ce55ef8a3 req-be4bea28-3212-4fc9-9d17-fe554748c9be 789c9a7ee0c848eb92cff03c64e4bf0a cddb5cc411ed46158e2df7299da69934 - - aafb6e47c8464a48aff426311d4cbb0d aafb6e47c8464a48aff426311d4cbb0d] 199.204.45.141 "GET /v2.0/networks/55de2c74-a1e6-46c2-8b35-b4e3c668f590?fields=provider%3Aphysical_network&fields=provider%3Anetwork_type HTTP/1.1" status: 200 len: 277 time: 0.0590656
2026-04-13 04:32:16.427 10 INFO neutron.wsgi [None req-dd792084-095e-437d-8e63-bed605d50fd7 beef2a287ab24121a50b0f0f7222b074 d9f6a78694f2426c98a68ede5612dc85 - - default default] 10.0.0.116 "POST /v2.0/networks HTTP/1.1" status: 201 len: 830 time: 0.7550156
2026-04-13 04:32:16.703 9 WARNING neutron.scheduler.dhcp_agent_scheduler [None req-22f8edca-1ccf-4fba-9127-a36739642f0a beef2a287ab24121a50b0f0f7222b074 d9f6a78694f2426c98a68ede5612dc85 - - default default] No more DHCP agents
2026-04-13 04:32:16.706 9 WARNING neutron.api.rpc.agentnotifiers.dhcp_rpc_agent_api [None req-22f8edca-1ccf-4fba-9127-a36739642f0a beef2a287ab24121a50b0f0f7222b074 d9f6a78694f2426c98a68ede5612dc85 - - default default] Unable to schedule network dcfc8950-bc53-4bb0-83d8-2c868175789b: no agents available; will retry on subsequent port and subnet creation events.
2026-04-13 04:32:17.007 10 INFO neutron.wsgi [None req-eb27e103-7691-4e05-bd12-3e9f38b34da9 5febbf4f2d2f4cb18df17e0ac0ae2272 954b83ac810e4b7cbab1253c5f1e4ab6 - - default default] 10.0.0.116 "PUT /v2.0/routers/eec936b4-ec9b-41ee-aa06-3c6ed230e487/remove_router_interface HTTP/1.1" status: 200 len: 503 time: 0.6733899
2026-04-13 04:32:17.049 9 INFO neutron.wsgi [None req-5375e18e-8492-4e45-a5ff-33035475834b 5febbf4f2d2f4cb18df17e0ac0ae2272 954b83ac810e4b7cbab1253c5f1e4ab6 - - default default] 10.0.0.116 "GET /v2.0/ports/95679fd9-7cf6-45c7-aa58-b823620da069 HTTP/1.1" status: 200 len: 1137 time: 0.0353954 /var/lib/openstack/lib/python3.10/site-packages/pycadf/identifier.py:71: UserWarning: Invalid uuid: neutron. To ensure interoperability, identifiers should be a valid uuid. warnings.warn(('Invalid uuid: %s. To ensure interoperability, '
2026-04-13 04:32:17.266 9 INFO neutron.db.ovn_revision_numbers_db [None req-22f8edca-1ccf-4fba-9127-a36739642f0a beef2a287ab24121a50b0f0f7222b074 d9f6a78694f2426c98a68ede5612dc85 - - default default] Successfully bumped revision number for resource 4b4ba10c-df35-4829-b3e7-6482a029906e (type: ports) to 2
2026-04-13 04:32:17.293 9 INFO neutron.db.ovn_revision_numbers_db [None req-22f8edca-1ccf-4fba-9127-a36739642f0a beef2a287ab24121a50b0f0f7222b074 d9f6a78694f2426c98a68ede5612dc85 - - default default] Successfully bumped revision number for resource 7f4ec019-37f8-4105-a365-e4be19bdd2dc (type: subnets) to 0
2026-04-13 04:32:17.307 9 INFO neutron.wsgi [None req-22f8edca-1ccf-4fba-9127-a36739642f0a beef2a287ab24121a50b0f0f7222b074 d9f6a78694f2426c98a68ede5612dc85 - - default default] 10.0.0.116 "POST /v2.0/subnets HTTP/1.1" status: 201 len: 804 time: 0.8741724
2026-04-13 04:32:17.391 9 INFO neutron.db.segments_db [None req-cd4b59ec-e1d6-46a9-b3a8-054473ca8671 beef2a287ab24121a50b0f0f7222b074 d9f6a78694f2426c98a68ede5612dc85 - - default default] Added segment e395ab8b-db17-4ca9-9c71-212598ba393b of type geneve for network 7936810b-40be-4f15-920f-65641110e2c8
2026-04-13 04:32:17.524 9 INFO neutron.db.ovn_revision_numbers_db [None req-cd4b59ec-e1d6-46a9-b3a8-054473ca8671 beef2a287ab24121a50b0f0f7222b074 d9f6a78694f2426c98a68ede5612dc85 - - default default] Successfully bumped revision number for resource 7936810b-40be-4f15-920f-65641110e2c8 (type: networks) to 1
2026-04-13 04:32:17.691 9 WARNING neutron.scheduler.dhcp_agent_scheduler [None req-cd4b59ec-e1d6-46a9-b3a8-054473ca8671 beef2a287ab24121a50b0f0f7222b074 d9f6a78694f2426c98a68ede5612dc85 - - default default] No more DHCP agents
2026-04-13 04:32:17.693 9 WARNING neutron.api.rpc.agentnotifiers.dhcp_rpc_agent_api [None req-cd4b59ec-e1d6-46a9-b3a8-054473ca8671 beef2a287ab24121a50b0f0f7222b074 d9f6a78694f2426c98a68ede5612dc85 - - default default] Unable to schedule network 7936810b-40be-4f15-920f-65641110e2c8: no agents available; will retry on subsequent port and subnet creation events.
2026-04-13 04:32:17.713 10 INFO neutron.wsgi [None req-724fce6a-e742-4f7b-8ec3-21bda6d28612 5febbf4f2d2f4cb18df17e0ac0ae2272 954b83ac810e4b7cbab1253c5f1e4ab6 - - default default] 10.0.0.116 "PUT /v2.0/routers/eec936b4-ec9b-41ee-aa06-3c6ed230e487/remove_router_interface HTTP/1.1" status: 200 len: 503 time: 0.6590989
2026-04-13 04:32:17.744 9 INFO neutron.wsgi [None req-6bfeb51a-99e6-404c-b84b-21a8b1e3d9cf 5febbf4f2d2f4cb18df17e0ac0ae2272 954b83ac810e4b7cbab1253c5f1e4ab6 - - default default] 10.0.0.116 "GET /v2.0/ports?device_id=eec936b4-ec9b-41ee-aa06-3c6ed230e487 HTTP/1.1" status: 200 len: 205 time: 0.0252717 /var/lib/openstack/lib/python3.10/site-packages/pycadf/identifier.py:71: UserWarning: Invalid uuid: neutron. To ensure interoperability, identifiers should be a valid uuid. warnings.warn(('Invalid uuid: %s. To ensure interoperability, '
2026-04-13 04:32:17.787 9 INFO neutron.db.ovn_revision_numbers_db [None req-cd4b59ec-e1d6-46a9-b3a8-054473ca8671 beef2a287ab24121a50b0f0f7222b074 d9f6a78694f2426c98a68ede5612dc85 - - default default] Successfully bumped revision number for resource ac33addd-3923-4011-a560-1aa60b9c11b4 (type: ports) to 1
2026-04-13 04:32:17.807 9 INFO neutron.wsgi [None req-cd4b59ec-e1d6-46a9-b3a8-054473ca8671 beef2a287ab24121a50b0f0f7222b074 d9f6a78694f2426c98a68ede5612dc85 - - default default] 10.0.0.116 "POST /v2.0/networks HTTP/1.1" status: 201 len: 830 time: 0.4957798
2026-04-13 04:32:18.088 9 WARNING neutron.scheduler.dhcp_agent_scheduler [None req-e8bc2a00-b102-40cb-8732-cd5fbf93fee3 beef2a287ab24121a50b0f0f7222b074 d9f6a78694f2426c98a68ede5612dc85 - - default default] No more DHCP agents
2026-04-13 04:32:18.090 9 WARNING neutron.api.rpc.agentnotifiers.dhcp_rpc_agent_api [None req-e8bc2a00-b102-40cb-8732-cd5fbf93fee3 beef2a287ab24121a50b0f0f7222b074 d9f6a78694f2426c98a68ede5612dc85 - - default default] Unable to schedule network 7936810b-40be-4f15-920f-65641110e2c8: no agents available; will retry on subsequent port and subnet creation events.
2026-04-13 04:32:18.224 10 INFO neutron.wsgi [None req-fd7acb1b-9d2e-4a15-adad-a499bc2c2fc4 5febbf4f2d2f4cb18df17e0ac0ae2272 954b83ac810e4b7cbab1253c5f1e4ab6 - - default default] 10.0.0.116 "DELETE /v2.0/routers/eec936b4-ec9b-41ee-aa06-3c6ed230e487 HTTP/1.1" status: 204 len: 168 time: 0.4736893
2026-04-13 04:32:18.471 10 INFO neutron.wsgi [None req-30e152b2-21cf-4bda-bf23-9d66efa173fa 5febbf4f2d2f4cb18df17e0ac0ae2272 954b83ac810e4b7cbab1253c5f1e4ab6 - - default default] 10.0.0.116 "DELETE /v2.0/subnets/00f76a5e-2b9e-4733-894a-27da3c1259ab HTTP/1.1" status: 204 len: 168 time: 0.2407169
2026-04-13 04:32:18.691 10 INFO neutron.wsgi [None req-317a500f-adfe-45a5-a1b7-3231176efe0b 5febbf4f2d2f4cb18df17e0ac0ae2272 954b83ac810e4b7cbab1253c5f1e4ab6 - - default default] 10.0.0.116 "DELETE /v2.0/subnets/3222ab75-4235-4a71-aa60-44f12106ba70 HTTP/1.1" status: 204 len: 168 time: 0.2148633
2026-04-13 04:32:18.815 9 INFO neutron.db.ovn_revision_numbers_db [None req-e8bc2a00-b102-40cb-8732-cd5fbf93fee3 beef2a287ab24121a50b0f0f7222b074 d9f6a78694f2426c98a68ede5612dc85 - - default default] Successfully bumped revision number for resource ac33addd-3923-4011-a560-1aa60b9c11b4 (type: ports) to 2
2026-04-13 04:32:18.846 9 INFO neutron.db.ovn_revision_numbers_db [None req-e8bc2a00-b102-40cb-8732-cd5fbf93fee3 beef2a287ab24121a50b0f0f7222b074 d9f6a78694f2426c98a68ede5612dc85 - - default default] Successfully bumped revision number for resource 297bcf7f-a58e-4fe1-8f8a-1f2428be07a1 (type: subnets) to 0
2026-04-13 04:32:18.862 9 INFO neutron.wsgi [None req-e8bc2a00-b102-40cb-8732-cd5fbf93fee3 beef2a287ab24121a50b0f0f7222b074 d9f6a78694f2426c98a68ede5612dc85 - - default default] 10.0.0.116 "POST /v2.0/subnets HTTP/1.1" status: 201 len: 804 time: 1.0488548
2026-04-13 04:32:18.950 9 INFO neutron.db.segments_db [None req-8ad5db04-c253-4108-8d4c-f94310f41ebd beef2a287ab24121a50b0f0f7222b074 d9f6a78694f2426c98a68ede5612dc85 - - default default] Added segment 9deae7b1-ef67-45ce-b7f6-8fda59276ce1 of type geneve for network d83dcd95-6f65-4073-9489-3e7999a77575
2026-04-13 04:32:19.065 10 INFO neutron.services.segments.plugin [-] Segment d0fb3181-f11e-46e6-bb38-4db1c4c6fe10 resource provider aggregate not found
2026-04-13 04:32:19.084 10 INFO neutron.services.segments.plugin [-] Segment d0fb3181-f11e-46e6-bb38-4db1c4c6fe10 resource provider aggregate not found
2026-04-13 04:32:19.089 10 INFO neutron.services.segments.plugin [-] Segment d0fb3181-f11e-46e6-bb38-4db1c4c6fe10 resource provider not found; error: Placement Client Error (4xx): {"errors": [{"status": 404, "title": "Not Found", "detail": "The resource could not be found.\n\n No resource provider with uuid d0fb3181-f11e-46e6-bb38-4db1c4c6fe10 found for delete ", "request_id": "req-fd874a84-8c41-42f5-8fd0-3fdf92061935"}]}
2026-04-13 04:32:19.099 9 WARNING neutron.plugins.ml2.drivers.ovn.mech_driver.ovsdb.ovn_client [None req-4dcdf02c-99c4-441b-86e7-f115ffea969c - - - - - -] No port found with ID 95679fd9-7cf6-45c7-aa58-b823620da069: RuntimeError: No port found with ID 95679fd9-7cf6-45c7-aa58-b823620da069
2026-04-13 04:32:19.102 10 INFO neutron.services.segments.plugin [-] Segment d0fb3181-f11e-46e6-bb38-4db1c4c6fe10 resource provider not found; error: Placement Client Error (4xx): {"errors": [{"status": 404, "title": "Not Found", "detail": "The resource could not be found.\n\n No resource provider with uuid d0fb3181-f11e-46e6-bb38-4db1c4c6fe10 found for delete ", "request_id": "req-3c74f0c7-7ccc-40de-9a17-e4d13825a286"}]}
2026-04-13 04:32:19.111 10 INFO neutron.wsgi [None req-3fdc858c-d587-4e76-80c3-a693c5c87193 5febbf4f2d2f4cb18df17e0ac0ae2272 954b83ac810e4b7cbab1253c5f1e4ab6 - - default default] 10.0.0.116 "DELETE /v2.0/networks/55524fb2-c260-4a34-96ac-183a97a8bb27 HTTP/1.1" status: 204 len: 168 time: 0.4151983
2026-04-13 04:32:19.147 9 INFO neutron.db.ovn_revision_numbers_db [None req-8ad5db04-c253-4108-8d4c-f94310f41ebd beef2a287ab24121a50b0f0f7222b074 d9f6a78694f2426c98a68ede5612dc85 - - default default] Successfully bumped revision number for resource d83dcd95-6f65-4073-9489-3e7999a77575 (type: networks) to 1
2026-04-13 04:32:19.328 9 WARNING neutron.scheduler.dhcp_agent_scheduler [None req-8ad5db04-c253-4108-8d4c-f94310f41ebd beef2a287ab24121a50b0f0f7222b074 d9f6a78694f2426c98a68ede5612dc85 - - default default] No more DHCP agents
2026-04-13 04:32:19.332 9 WARNING neutron.api.rpc.agentnotifiers.dhcp_rpc_agent_api [None req-8ad5db04-c253-4108-8d4c-f94310f41ebd beef2a287ab24121a50b0f0f7222b074 d9f6a78694f2426c98a68ede5612dc85 - - default default] Unable to schedule network d83dcd95-6f65-4073-9489-3e7999a77575: no agents available; will retry on subsequent port and subnet creation events.
2026-04-13 04:32:19.412 9 INFO neutron.db.ovn_revision_numbers_db [None req-8ad5db04-c253-4108-8d4c-f94310f41ebd beef2a287ab24121a50b0f0f7222b074 d9f6a78694f2426c98a68ede5612dc85 - - default default] Successfully bumped revision number for resource dbcb1217-e3d4-440d-9ae5-9b8f2eeeb6f1 (type: ports) to 1
2026-04-13 04:32:19.437 9 INFO neutron.wsgi [None req-8ad5db04-c253-4108-8d4c-f94310f41ebd beef2a287ab24121a50b0f0f7222b074 d9f6a78694f2426c98a68ede5612dc85 - - default default] 10.0.0.116 "POST /v2.0/networks HTTP/1.1" status: 201 len: 830 time: 0.5691960 /var/lib/openstack/lib/python3.10/site-packages/pycadf/identifier.py:71: UserWarning: Invalid uuid: neutron. To ensure interoperability, identifiers should be a valid uuid. warnings.warn(('Invalid uuid: %s. To ensure interoperability, '
2026-04-13 04:32:19.468 10 INFO neutron.wsgi [None req-fafdcc8d-d508-4212-9f08-9801632754a1 5febbf4f2d2f4cb18df17e0ac0ae2272 954b83ac810e4b7cbab1253c5f1e4ab6 - - default default] 10.0.0.116 "DELETE /v2.0/networks/6d611280-4d86-4d58-b0f6-b6b15c153641 HTTP/1.1" status: 204 len: 168 time: 0.3520958
2026-04-13 04:32:19.579 9 INFO neutron.db.segments_db [None req-11f24e6a-1807-4c0c-9498-6fa5875d00da 5febbf4f2d2f4cb18df17e0ac0ae2272 954b83ac810e4b7cbab1253c5f1e4ab6 - - default default] Added segment ccf08ecb-6e52-437a-8f49-d177e1873c75 of type geneve for network 0e505ed8-4a57-4a81-8f3c-7dbccb28a442
2026-04-13 04:32:19.747 9 WARNING neutron.scheduler.dhcp_agent_scheduler [None req-71746877-b94f-4adc-9ca7-9fba2edf3a7d beef2a287ab24121a50b0f0f7222b074 d9f6a78694f2426c98a68ede5612dc85 - - default default] No more DHCP agents
2026-04-13 04:32:19.750 9 WARNING neutron.api.rpc.agentnotifiers.dhcp_rpc_agent_api [None req-71746877-b94f-4adc-9ca7-9fba2edf3a7d beef2a287ab24121a50b0f0f7222b074 d9f6a78694f2426c98a68ede5612dc85 - - default default] Unable to schedule network d83dcd95-6f65-4073-9489-3e7999a77575: no agents available; will retry on subsequent port and subnet creation events.
2026-04-13 04:32:19.753 9 INFO neutron.db.ovn_revision_numbers_db [None req-11f24e6a-1807-4c0c-9498-6fa5875d00da 5febbf4f2d2f4cb18df17e0ac0ae2272 954b83ac810e4b7cbab1253c5f1e4ab6 - - default default] Successfully bumped revision number for resource 0e505ed8-4a57-4a81-8f3c-7dbccb28a442 (type: networks) to 1
2026-04-13 04:32:19.947 9 WARNING neutron.scheduler.dhcp_agent_scheduler [None req-11f24e6a-1807-4c0c-9498-6fa5875d00da 5febbf4f2d2f4cb18df17e0ac0ae2272 954b83ac810e4b7cbab1253c5f1e4ab6 - - default default] No more DHCP agents
2026-04-13 04:32:19.952 9 WARNING neutron.api.rpc.agentnotifiers.dhcp_rpc_agent_api [None req-11f24e6a-1807-4c0c-9498-6fa5875d00da 5febbf4f2d2f4cb18df17e0ac0ae2272 954b83ac810e4b7cbab1253c5f1e4ab6 - - default default] Unable to schedule network 0e505ed8-4a57-4a81-8f3c-7dbccb28a442: no agents available; will retry on subsequent port and subnet creation events.
2026-04-13 04:32:20.062 9 INFO neutron.db.ovn_revision_numbers_db [None req-11f24e6a-1807-4c0c-9498-6fa5875d00da 5febbf4f2d2f4cb18df17e0ac0ae2272 954b83ac810e4b7cbab1253c5f1e4ab6 - - default default] Successfully bumped revision number for resource fea0a8eb-b40e-4899-9abd-ed36003e5c30 (type: ports) to 1
2026-04-13 04:32:20.087 9 INFO neutron.wsgi [None req-11f24e6a-1807-4c0c-9498-6fa5875d00da 5febbf4f2d2f4cb18df17e0ac0ae2272 954b83ac810e4b7cbab1253c5f1e4ab6 - - default default] 10.0.0.116 "POST /v2.0/networks HTTP/1.1" status: 201 len: 828 time: 0.6138346
2026-04-13 04:32:20.283 9 INFO neutron.db.ovn_revision_numbers_db [None req-71746877-b94f-4adc-9ca7-9fba2edf3a7d beef2a287ab24121a50b0f0f7222b074 d9f6a78694f2426c98a68ede5612dc85 - - default default] Successfully bumped revision number for resource dbcb1217-e3d4-440d-9ae5-9b8f2eeeb6f1 (type: ports) to 2
2026-04-13 04:32:20.327 9 INFO neutron.db.ovn_revision_numbers_db [None req-71746877-b94f-4adc-9ca7-9fba2edf3a7d beef2a287ab24121a50b0f0f7222b074 d9f6a78694f2426c98a68ede5612dc85 - - default default] Successfully bumped revision number for resource f0c04c28-25c2-4798-9552-6e6c59d09bd6 (type: subnets) to 0
2026-04-13 04:32:20.328 10 WARNING neutron.scheduler.dhcp_agent_scheduler [None req-efbd7777-8651-4718-a2a4-f936f53feaa8 5febbf4f2d2f4cb18df17e0ac0ae2272 954b83ac810e4b7cbab1253c5f1e4ab6 - - default default] No more DHCP agents
2026-04-13 04:32:20.332 10 WARNING neutron.api.rpc.agentnotifiers.dhcp_rpc_agent_api [None req-efbd7777-8651-4718-a2a4-f936f53feaa8 5febbf4f2d2f4cb18df17e0ac0ae2272 954b83ac810e4b7cbab1253c5f1e4ab6 - - default default] Unable to schedule network 0e505ed8-4a57-4a81-8f3c-7dbccb28a442: no agents available; will retry on subsequent port and subnet creation events.
2026-04-13 04:32:20.343 9 INFO neutron.wsgi [None req-71746877-b94f-4adc-9ca7-9fba2edf3a7d beef2a287ab24121a50b0f0f7222b074 d9f6a78694f2426c98a68ede5612dc85 - - default default] 10.0.0.116 "POST /v2.0/subnets HTTP/1.1" status: 201 len: 804 time: 0.9008722
2026-04-13 04:32:20.398 10 INFO neutron.wsgi [None req-ad938c65-4d24-47da-94d7-c86ed278977c beef2a287ab24121a50b0f0f7222b074 d9f6a78694f2426c98a68ede5612dc85 - - default default] 10.0.0.116 "PUT /v2.0/subnets/8802fb70-5ed7-43df-9307-8142e194fe21/tags HTTP/1.1" status: 200 len: 210 time: 0.0493505
2026-04-13 04:32:20.452 10 INFO neutron.wsgi [None req-eb44b27d-1012-4180-9411-8c627368a46b beef2a287ab24121a50b0f0f7222b074 d9f6a78694f2426c98a68ede5612dc85 - - default default] 10.0.0.116 "PUT /v2.0/subnets/5bc4b1cf-73da-44c2-ba9e-d72f9f478fb6/tags HTTP/1.1" status: 200 len: 218 time: 0.0505180
2026-04-13 04:32:20.510 9 INFO neutron.wsgi [None req-0c35a413-91f2-4c63-8d36-b7dd218113e3 beef2a287ab24121a50b0f0f7222b074 d9f6a78694f2426c98a68ede5612dc85 - - default default] 10.0.0.116 "PUT /v2.0/subnets/7f4ec019-37f8-4105-a365-e4be19bdd2dc/tags HTTP/1.1" status: 200 len: 227 time: 0.0491595
2026-04-13 04:32:20.552 9 INFO neutron.wsgi [None req-78ce39b5-bc9c-4efc-8ff3-d9a7488957e6 beef2a287ab24121a50b0f0f7222b074 d9f6a78694f2426c98a68ede5612dc85 - - default default] 10.0.0.116 "PUT /v2.0/subnets/297bcf7f-a58e-4fe1-8f8a-1f2428be07a1/tags HTTP/1.1" status: 200 len: 212 time: 0.0373597
2026-04-13 04:32:20.622 10 INFO neutron.wsgi [None req-5c6294e2-b053-4240-94b5-6c9db79ef6da beef2a287ab24121a50b0f0f7222b074 d9f6a78694f2426c98a68ede5612dc85 - - default default] 10.0.0.116 "GET /v2.0/subnets?tags=red HTTP/1.1" status: 200 len: 2027 time: 0.0643153
2026-04-13 04:32:20.694 9 INFO neutron.wsgi [None req-ad7808e5-c35f-4208-821d-720119be439e beef2a287ab24121a50b0f0f7222b074 d9f6a78694f2426c98a68ede5612dc85 - - default default] 10.0.0.116 "GET /v2.0/subnets?tags=red%2Cblue HTTP/1.1" status: 200 len: 1430 time: 0.0657456
2026-04-13 04:32:20.754 10 INFO neutron.wsgi [None req-3f0430a3-fa6f-47db-9722-8f304b927b1f beef2a287ab24121a50b0f0f7222b074 d9f6a78694f2426c98a68ede5612dc85 - - default default] 10.0.0.116 "GET /v2.0/subnets?tags-any=blue HTTP/1.1" status: 200 len: 1430 time: 0.0550506
2026-04-13 04:32:20.805 10 INFO neutron.wsgi [None req-9cdcf923-a710-41f7-a876-a66f7fd90428 beef2a287ab24121a50b0f0f7222b074 d9f6a78694f2426c98a68ede5612dc85 - - default default] 10.0.0.116 "GET /v2.0/subnets?tags-any=red%2Cblue HTTP/1.1" status: 200 len: 2027 time: 0.0450089
2026-04-13 04:32:20.869 10 INFO neutron.wsgi [None req-3231f7ed-74e1-4715-9b40-d3cb2b235762 beef2a287ab24121a50b0f0f7222b074 d9f6a78694f2426c98a68ede5612dc85 - - default default] 10.0.0.116 "GET /v2.0/subnets?not-tags=red HTTP/1.1" status: 200 len: 2018 time: 0.0592866
2026-04-13 04:32:20.936 10 INFO neutron.db.ovn_revision_numbers_db [None req-efbd7777-8651-4718-a2a4-f936f53feaa8 5febbf4f2d2f4cb18df17e0ac0ae2272 954b83ac810e4b7cbab1253c5f1e4ab6 - - default default] Successfully bumped revision number for resource fea0a8eb-b40e-4899-9abd-ed36003e5c30 (type: ports) to 2
2026-04-13 04:32:20.943 9 INFO neutron.wsgi [None req-f9df381c-bfd3-46be-b600-0ee03c7ada9f beef2a287ab24121a50b0f0f7222b074 d9f6a78694f2426c98a68ede5612dc85 - - default default] 10.0.0.116 "GET /v2.0/subnets?not-tags=red%2Cblue HTTP/1.1" status: 200 len: 2615 time: 0.0668004
2026-04-13 04:32:20.970 10 INFO neutron.db.ovn_revision_numbers_db [None req-efbd7777-8651-4718-a2a4-f936f53feaa8 5febbf4f2d2f4cb18df17e0ac0ae2272 954b83ac810e4b7cbab1253c5f1e4ab6 - - default default] Successfully bumped revision number for resource def48476-a9b1-424e-9b58-951cb86eb5f6 (type: subnets) to 0
2026-04-13 04:32:20.985 10 INFO neutron.wsgi [None req-efbd7777-8651-4718-a2a4-f936f53feaa8 5febbf4f2d2f4cb18df17e0ac0ae2272 954b83ac810e4b7cbab1253c5f1e4ab6 - - default default] 10.0.0.116 "POST /v2.0/subnets HTTP/1.1" status: 201 len: 801 time: 0.8918290
2026-04-13 04:32:21.002 9 INFO neutron.wsgi [None req-867beda8-ede3-4771-90db-fdf83b2368d2 beef2a287ab24121a50b0f0f7222b074 d9f6a78694f2426c98a68ede5612dc85 - - default default] 10.0.0.116 "GET /v2.0/subnets?not-tags-any=blue HTTP/1.1" status: 200 len: 2615 time: 0.0511837
2026-04-13 04:32:21.053 9 INFO neutron.wsgi [None req-3a30f347-0e14-49ae-8ffa-a30346777f97 beef2a287ab24121a50b0f0f7222b074 d9f6a78694f2426c98a68ede5612dc85 - - default default] 10.0.0.116 "GET /v2.0/subnets?not-tags-any=red%2Cblue HTTP/1.1" status: 200 len: 2018 time: 0.0457633
2026-04-13 04:32:21.115 10 INFO neutron.services.segments.plugin [-] Segment 58717165-a6d7-439a-bb9c-bb3d931b01b8 resource provider aggregate not found
2026-04-13 04:32:21.144 10 INFO neutron.services.segments.plugin [-] Segment 58717165-a6d7-439a-bb9c-bb3d931b01b8 resource provider not found; error: Placement Client Error (4xx): {"errors": [{"status": 404, "title": "Not Found", "detail": "The resource could not be found.\n\n No resource provider with uuid 58717165-a6d7-439a-bb9c-bb3d931b01b8 found for delete ", "request_id": "req-22850fe7-31e0-4a23-b392-e7c1b15f7fbe"}]}
2026-04-13 04:32:21.145 10 INFO neutron.services.segments.plugin [-] Segment 58717165-a6d7-439a-bb9c-bb3d931b01b8 resource provider aggregate not found
2026-04-13 04:32:21.162 10 INFO neutron.services.segments.plugin [-] Segment 58717165-a6d7-439a-bb9c-bb3d931b01b8 resource provider not found; error: Placement Client Error (4xx): {"errors": [{"status": 404, "title": "Not Found", "detail": "The resource could not be found.\n\n No resource provider with uuid 58717165-a6d7-439a-bb9c-bb3d931b01b8 found for delete ", "request_id": "req-45f99086-68c4-4058-acba-4cace51720af"}]}
2026-04-13 04:32:21.171 10 INFO neutron.db.ovn_revision_numbers_db [None req-18ea955d-7174-4dcc-b450-16ca3dd8b488 5febbf4f2d2f4cb18df17e0ac0ae2272 954b83ac810e4b7cbab1253c5f1e4ab6 - - default default] Successfully bumped revision number for resource 20d28d3b-08bd-4e87-b953-6b980714e63f (type: routers) to 1
2026-04-13 04:32:21.185 10 INFO neutron.wsgi [None req-18ea955d-7174-4dcc-b450-16ca3dd8b488 5febbf4f2d2f4cb18df17e0ac0ae2272 954b83ac810e4b7cbab1253c5f1e4ab6 - - default default] 10.0.0.116 "POST /v2.0/routers HTTP/1.1" status: 201 len: 685 time: 0.1948977
2026-04-13 04:32:21.270 9 INFO neutron.wsgi [None req-dff804fa-098b-4a24-8b3f-c8326871883e beef2a287ab24121a50b0f0f7222b074 d9f6a78694f2426c98a68ede5612dc85 - - default default] 10.0.0.116 "DELETE /v2.0/subnets/8802fb70-5ed7-43df-9307-8142e194fe21 HTTP/1.1" status: 204 len: 168 time: 0.2104123
2026-04-13 04:32:21.407 10 WARNING neutron.plugins.ml2.drivers.ovn.mech_driver.ovsdb.ovn_client [None req-f7b0568a-a905-4695-ae87-12911a1e09fc - - - - - -] No port found with ID 63c9a10b-df56-4e39-9b25-c76394825207: RuntimeError: No port found with ID 63c9a10b-df56-4e39-9b25-c76394825207
2026-04-13 04:32:21.472 9 INFO neutron.wsgi [None req-7ff6efa8-4ed5-4226-bb6b-fc973a2be6b1 beef2a287ab24121a50b0f0f7222b074 d9f6a78694f2426c98a68ede5612dc85 - - default default] 10.0.0.116 "DELETE /v2.0/subnets/5bc4b1cf-73da-44c2-ba9e-d72f9f478fb6 HTTP/1.1" status: 204 len: 168 time: 0.1965177
2026-04-13 04:32:21.525 10 WARNING neutron.scheduler.dhcp_agent_scheduler [None req-5165bb99-6783-4c54-9d6d-bc11bc37e47c 5febbf4f2d2f4cb18df17e0ac0ae2272 954b83ac810e4b7cbab1253c5f1e4ab6 - - default default] No more DHCP agents
2026-04-13 04:32:21.528 10 WARNING neutron.api.rpc.agentnotifiers.dhcp_rpc_agent_api [None req-5165bb99-6783-4c54-9d6d-bc11bc37e47c 5febbf4f2d2f4cb18df17e0ac0ae2272 954b83ac810e4b7cbab1253c5f1e4ab6 - - default default] Unable to schedule network 0e505ed8-4a57-4a81-8f3c-7dbccb28a442: no agents available; will retry on subsequent port and subnet creation events.
2026-04-13 04:32:21.704 9 INFO neutron.wsgi [None req-4478f778-241c-4458-a88f-b975147dc41a beef2a287ab24121a50b0f0f7222b074 d9f6a78694f2426c98a68ede5612dc85 - - default default] 10.0.0.116 "DELETE /v2.0/subnets/7f4ec019-37f8-4105-a365-e4be19bdd2dc HTTP/1.1" status: 204 len: 168 time: 0.2266023
2026-04-13 04:32:21.728 10 INFO neutron.db.ovn_revision_numbers_db [None req-5165bb99-6783-4c54-9d6d-bc11bc37e47c 5febbf4f2d2f4cb18df17e0ac0ae2272 954b83ac810e4b7cbab1253c5f1e4ab6 - - default default] Successfully bumped revision number for resource 47ff8666-fb24-4740-a812-2c0a408e3cd7 (type: ports) to 1
2026-04-13 04:32:21.749 10 INFO neutron.wsgi [None req-5165bb99-6783-4c54-9d6d-bc11bc37e47c 5febbf4f2d2f4cb18df17e0ac0ae2272 954b83ac810e4b7cbab1253c5f1e4ab6 - - default default] 10.0.0.116 "POST /v2.0/ports HTTP/1.1" status: 201 len: 1151 time: 0.5581379 /var/lib/openstack/lib/python3.10/site-packages/pycadf/identifier.py:71: UserWarning: Invalid uuid: neutron. To ensure interoperability, identifiers should be a valid uuid. warnings.warn(('Invalid uuid: %s. To ensure interoperability, '
2026-04-13 04:32:21.895 9 INFO neutron.wsgi [None req-2c245756-b1cb-4aff-af34-1996fe0db1e4 beef2a287ab24121a50b0f0f7222b074 d9f6a78694f2426c98a68ede5612dc85 - - default default] 10.0.0.116 "DELETE /v2.0/subnets/297bcf7f-a58e-4fe1-8f8a-1f2428be07a1 HTTP/1.1" status: 204 len: 168 time: 0.1866021
2026-04-13 04:32:22.079 9 INFO neutron.wsgi [None req-40005314-3baa-4a7b-8dea-3ee36ec4ed2b beef2a287ab24121a50b0f0f7222b074 d9f6a78694f2426c98a68ede5612dc85 - - default default] 10.0.0.116 "DELETE /v2.0/subnets/f0c04c28-25c2-4798-9552-6e6c59d09bd6 HTTP/1.1" status: 204 len: 168 time: 0.1788332
2026-04-13 04:32:22.137 9 INFO neutron.plugins.ml2.drivers.ovn.mech_driver.mech_driver [None req-4dcdf02c-99c4-441b-86e7-f115ffea969c - - - - - -] OVN reports status up for port: 47ff8666-fb24-4740-a812-2c0a408e3cd7
2026-04-13 04:32:22.148 9 INFO neutron.plugins.ml2.plugin [None req-4dcdf02c-99c4-441b-86e7-f115ffea969c - - - - - -] Attempt 1 to provision port 47ff8666-fb24-4740-a812-2c0a408e3cd7
2026-04-13 04:32:22.160 10 INFO neutron.db.ovn_revision_numbers_db [None req-572f4be3-3739-4cb6-ae7f-68b9f6def368 5febbf4f2d2f4cb18df17e0ac0ae2272 954b83ac810e4b7cbab1253c5f1e4ab6 - - default default] Successfully bumped revision number for resource 47ff8666-fb24-4740-a812-2c0a408e3cd7 (type: router_ports) to 2
2026-04-13 04:32:22.367 10 INFO neutron.db.ovn_revision_numbers_db [None req-572f4be3-3739-4cb6-ae7f-68b9f6def368 5febbf4f2d2f4cb18df17e0ac0ae2272 954b83ac810e4b7cbab1253c5f1e4ab6 - - default default] Successfully bumped revision number for resource 47ff8666-fb24-4740-a812-2c0a408e3cd7 (type: ports) to 2
2026-04-13 04:32:22.515 9 INFO neutron.services.segments.plugin [-] Segment 82b8565a-2b5a-4bb7-b01a-7c34c1479cc7 resource provider aggregate not found
2026-04-13 04:32:22.520 9 INFO neutron.services.segments.plugin [-] Segment 82b8565a-2b5a-4bb7-b01a-7c34c1479cc7 resource provider aggregate not found
2026-04-13 04:32:22.532 9 INFO neutron.db.ovn_revision_numbers_db [None req-4dcdf02c-99c4-441b-86e7-f115ffea969c - - - - - -] Successfully bumped revision number for resource 47ff8666-fb24-4740-a812-2c0a408e3cd7 (type: ports) to 3
2026-04-13 04:32:22.540 9 INFO neutron.services.segments.plugin [-] Segment 82b8565a-2b5a-4bb7-b01a-7c34c1479cc7 resource provider not found; error: Placement Client Error (4xx): {"errors": [{"status": 404, "title": "Not Found", "detail": "The resource could not be found.\n\n No resource provider with uuid 82b8565a-2b5a-4bb7-b01a-7c34c1479cc7 found for delete ", "request_id": "req-209b75f4-feb7-4f84-a0f2-d76a6da00c52"}]}
2026-04-13 04:32:22.541 9 INFO neutron.services.segments.plugin [-] Segment 82b8565a-2b5a-4bb7-b01a-7c34c1479cc7 resource provider not found; error: Placement Client Error (4xx): {"errors": [{"status": 404, "title": "Not Found", "detail": "The resource could not be found.\n\n No resource provider with uuid 82b8565a-2b5a-4bb7-b01a-7c34c1479cc7 found for delete ", "request_id": "req-ce1ed813-e781-49ee-b0e5-9b73e6eb94a0"}]}
2026-04-13 04:32:22.592 9 INFO neutron.wsgi [None req-9dcc9934-06fd-4635-8a07-4cbb60c134fb beef2a287ab24121a50b0f0f7222b074 d9f6a78694f2426c98a68ede5612dc85 - - default default] 10.0.0.116 "DELETE /v2.0/networks/a86922e9-5c51-416d-b005-2e176852d4c7 HTTP/1.1" status: 204 len: 168 time: 0.5088494 /var/lib/openstack/lib/python3.10/site-packages/pycadf/identifier.py:71: UserWarning: Invalid uuid: neutron. To ensure interoperability, identifiers should be a valid uuid. warnings.warn(('Invalid uuid: %s. To ensure interoperability, '
2026-04-13 04:32:22.676 9 INFO neutron.db.ovn_revision_numbers_db [None req-4dcdf02c-99c4-441b-86e7-f115ffea969c - - - - - -] Successfully bumped revision number for resource 47ff8666-fb24-4740-a812-2c0a408e3cd7 (type: router_ports) to 3
2026-04-13 04:32:23.283 10 INFO neutron.services.segments.plugin [-] Segment ac3b9d1e-bb5c-4ade-baca-777930e0ef16 resource provider aggregate not found
2026-04-13 04:32:23.288 10 INFO neutron.services.segments.plugin [-] Segment ac3b9d1e-bb5c-4ade-baca-777930e0ef16 resource provider aggregate not found
2026-04-13 04:32:23.308 10 INFO neutron.services.segments.plugin [-] Segment ac3b9d1e-bb5c-4ade-baca-777930e0ef16 resource provider not found; error: Placement Client Error (4xx): {"errors": [{"status": 404, "title": "Not Found", "detail": "The resource could not be found.\n\n No resource provider with uuid ac3b9d1e-bb5c-4ade-baca-777930e0ef16 found for delete ", "request_id": "req-cb53f3fc-33b4-4e21-8b52-6324fd3a34d9"}]}
