2026-04-13 04:30:06.727 10 INFO neutron.db.ovn_revision_numbers_db [None req-d8ca5d3c-a023-44b3-aa88-b6500605b59a 85c54ceea14a4aa89be9cb910a5bb6f8 68f36f591b864a0fb9e374305e3356de - - default default] Successfully bumped revision number for resource 3b325a81-bc24-4a88-a254-3e8c0d965be6 (type: ports) to 1
2026-04-13 04:30:06.752 10 INFO neutron.wsgi [None req-d8ca5d3c-a023-44b3-aa88-b6500605b59a 85c54ceea14a4aa89be9cb910a5bb6f8 68f36f591b864a0fb9e374305e3356de - - default default] 10.0.0.116 "POST /v2.0/networks HTTP/1.1" status: 201 len: 849 time: 0.9437916
2026-04-13 04:30:06.793 9 INFO neutron.wsgi [req-03450af6-26c8-46ea-bf74-f377dd5e0f06 req-532c7360-16a1-4959-b925-8a1f5e39b9a1 789c9a7ee0c848eb92cff03c64e4bf0a cddb5cc411ed46158e2df7299da69934 - - aafb6e47c8464a48aff426311d4cbb0d aafb6e47c8464a48aff426311d4cbb0d] 10.0.0.137 "GET /v2.0/networks/ec7e44a8-a0e8-416a-b164-d7a02d40f699?fields=provider%3Aphysical_network&fields=provider%3Anetwork_type HTTP/1.1" status: 200 len: 277 time: 0.0778139
2026-04-13 04:30:06.941 10 INFO neutron.wsgi [req-075293d0-01bf-4bb3-af3a-e3f26a88d4ea req-a0191f56-9876-415c-ab15-62d3b0152dc7 d3275638172d44a3b525c7c003d75ba2 b3297f32648e4ae4b9067edb0ec310f6 - - default default] 10.0.0.137 "GET /v2.0/ports?device_id=6315ba65-ac75-473e-b16b-5c54bb8c4b52 HTTP/1.1" status: 200 len: 210 time: 0.0279276
2026-04-13 04:30:07.000 9 WARNING neutron.scheduler.dhcp_agent_scheduler [None req-aa673665-8d8f-4404-b413-3634b1600c42 85c54ceea14a4aa89be9cb910a5bb6f8 68f36f591b864a0fb9e374305e3356de - - default default] No more DHCP agents
2026-04-13 04:30:07.003 9 WARNING neutron.api.rpc.agentnotifiers.dhcp_rpc_agent_api [None req-aa673665-8d8f-4404-b413-3634b1600c42 85c54ceea14a4aa89be9cb910a5bb6f8 68f36f591b864a0fb9e374305e3356de - - default default] Unable to schedule network 13c96179-825e-4cd4-9ec0-2c16f939b35f: no agents available; will retry on subsequent port and subnet creation events.
2026-04-13 04:30:07.034 9 INFO neutron.db.ovn_revision_numbers_db [None req-aa673665-8d8f-4404-b413-3634b1600c42 85c54ceea14a4aa89be9cb910a5bb6f8 68f36f591b864a0fb9e374305e3356de - - default default] Successfully bumped revision number for resource 52b4db10-269b-4f01-8b92-285d9eb76ba5 (type: subnets) to 0
2026-04-13 04:30:07.049 9 INFO neutron.wsgi [None req-aa673665-8d8f-4404-b413-3634b1600c42 85c54ceea14a4aa89be9cb910a5bb6f8 68f36f591b864a0fb9e374305e3356de - - default default] 10.0.0.116 "POST /v2.0/subnets HTTP/1.1" status: 201 len: 802 time: 0.2929289
2026-04-13 04:30:07.578 9 WARNING neutron.scheduler.dhcp_agent_scheduler [None req-ac36b802-346f-4f39-ae80-dae2b7add9c6 85c54ceea14a4aa89be9cb910a5bb6f8 68f36f591b864a0fb9e374305e3356de - - default default] No more DHCP agents
2026-04-13 04:30:07.583 9 INFO neutron.wsgi [req-03450af6-26c8-46ea-bf74-f377dd5e0f06 req-304912ba-9f96-4d57-bc3a-03178430f1ed d3275638172d44a3b525c7c003d75ba2 b3297f32648e4ae4b9067edb0ec310f6 - - default default] 199.204.45.141 "GET /v2.0/networks?id=ec7e44a8-a0e8-416a-b164-d7a02d40f699 HTTP/1.1" status: 200 len: 875 time: 0.0835145
2026-04-13 04:30:07.584 9 WARNING neutron.api.rpc.agentnotifiers.dhcp_rpc_agent_api [None req-ac36b802-346f-4f39-ae80-dae2b7add9c6 85c54ceea14a4aa89be9cb910a5bb6f8 68f36f591b864a0fb9e374305e3356de - - default default] Unable to schedule network f4de2f68-663b-4614-9410-2dd55c3c0888: no agents available; will retry on subsequent port and subnet creation events.
2026-04-13 04:30:07.677 9 INFO neutron.wsgi [req-03450af6-26c8-46ea-bf74-f377dd5e0f06 req-27246c6f-b774-4c97-b78d-85845ea93aca d3275638172d44a3b525c7c003d75ba2 b3297f32648e4ae4b9067edb0ec310f6 - - default default] 199.204.45.141 "GET /v2.0/security-groups?fields=id&fields=name&tenant_id=b3297f32648e4ae4b9067edb0ec310f6 HTTP/1.1" status: 200 len: 380 time: 0.0857167
2026-04-13 04:30:07.833 9 INFO neutron.db.ovn_revision_numbers_db [None req-ac36b802-346f-4f39-ae80-dae2b7add9c6 85c54ceea14a4aa89be9cb910a5bb6f8 68f36f591b864a0fb9e374305e3356de - - default default] Successfully bumped revision number for resource f0d65074-47da-4195-928e-eac834bfb237 (type: ports) to 1
2026-04-13 04:30:08.036 9 INFO neutron.wsgi [req-b854b866-d053-4915-b69d-9f209de75888 req-83c284d5-c60d-486f-9ffc-53c8e3e7f01e d3275638172d44a3b525c7c003d75ba2 b3297f32648e4ae4b9067edb0ec310f6 - - default default] 10.0.0.137 "GET /v2.0/ports?device_id=6315ba65-ac75-473e-b16b-5c54bb8c4b52 HTTP/1.1" status: 200 len: 210 time: 0.0371988
2026-04-13 04:30:08.136 10 INFO neutron.db.ovn_revision_numbers_db [None req-3ac156d7-fcf4-4d9f-80a4-4085ec65adcb 464517ff90904eb2b01c9651bd529c8f 2d23722c64c24565877eba2fb1df50d2 - - default default] Successfully bumped revision number for resource 5458ac59-27b3-4a57-b9d4-30a1c669a55f (type: security_groups) to 1
2026-04-13 04:30:08.155 10 INFO neutron.db.ovn_revision_numbers_db [None req-3ac156d7-fcf4-4d9f-80a4-4085ec65adcb 464517ff90904eb2b01c9651bd529c8f 2d23722c64c24565877eba2fb1df50d2 - - default default] Successfully bumped revision number for resource 0cf2d398-069d-4bdd-9977-8ff6398b3f8c (type: security_group_rules) to 0
2026-04-13 04:30:08.169 10 INFO neutron.db.ovn_revision_numbers_db [None req-3ac156d7-fcf4-4d9f-80a4-4085ec65adcb 464517ff90904eb2b01c9651bd529c8f 2d23722c64c24565877eba2fb1df50d2 - - default default] Successfully bumped revision number for resource dc98b7cf-7979-42eb-8dab-cf6f6d02354d (type: security_group_rules) to 0
2026-04-13 04:30:08.172 9 WARNING neutron.scheduler.dhcp_agent_scheduler [req-03450af6-26c8-46ea-bf74-f377dd5e0f06 req-5df1144a-07ef-457e-bef4-06eab89a6894 d3275638172d44a3b525c7c003d75ba2 b3297f32648e4ae4b9067edb0ec310f6 - - default default] No more DHCP agents
2026-04-13 04:30:08.176 9 WARNING neutron.api.rpc.agentnotifiers.dhcp_rpc_agent_api [req-03450af6-26c8-46ea-bf74-f377dd5e0f06 req-5df1144a-07ef-457e-bef4-06eab89a6894 d3275638172d44a3b525c7c003d75ba2 b3297f32648e4ae4b9067edb0ec310f6 - - default default] Unable to schedule network ec7e44a8-a0e8-416a-b164-d7a02d40f699: no agents available; will retry on subsequent port and subnet creation events.
2026-04-13 04:30:08.196 10 INFO neutron.db.ovn_revision_numbers_db [None req-3ac156d7-fcf4-4d9f-80a4-4085ec65adcb 464517ff90904eb2b01c9651bd529c8f 2d23722c64c24565877eba2fb1df50d2 - - default default] Successfully bumped revision number for resource f280be6b-2e2e-42e9-b177-0520f5efba06 (type: security_group_rules) to 0
2026-04-13 04:30:08.214 10 INFO neutron.db.ovn_revision_numbers_db [None req-3ac156d7-fcf4-4d9f-80a4-4085ec65adcb 464517ff90904eb2b01c9651bd529c8f 2d23722c64c24565877eba2fb1df50d2 - - default default] Successfully bumped revision number for resource f8d48e00-1a82-40a0-9ed5-d18cd6a9280b (type: security_group_rules) to 0
2026-04-13 04:30:08.238 10 INFO neutron.wsgi [None req-3ac156d7-fcf4-4d9f-80a4-4085ec65adcb 464517ff90904eb2b01c9651bd529c8f 2d23722c64c24565877eba2fb1df50d2 - - default default] 10.0.0.116 "GET /v2.0/security-groups?tenant_id=45f01311a35b494eb444e3bce1b6fd4a&name=default HTTP/1.1" status: 200 len: 2996 time: 0.3923309
2026-04-13 04:30:08.467 10 INFO neutron.wsgi [None req-dce02969-9a65-4ad4-89f9-446adbeb90e0 464517ff90904eb2b01c9651bd529c8f 2d23722c64c24565877eba2fb1df50d2 - - default default] 10.0.0.116 "DELETE /v2.0/security-groups/5458ac59-27b3-4a57-b9d4-30a1c669a55f HTTP/1.1" status: 204 len: 168 time: 0.2133458
2026-04-13 04:30:08.611 9 INFO neutron.db.ovn_revision_numbers_db [req-03450af6-26c8-46ea-bf74-f377dd5e0f06 req-5df1144a-07ef-457e-bef4-06eab89a6894 d3275638172d44a3b525c7c003d75ba2 b3297f32648e4ae4b9067edb0ec310f6 - - default default] Successfully bumped revision number for resource c7ef97ac-30b1-49c5-8a60-a5eda8e3d409 (type: ports) to 1
2026-04-13 04:30:08.653 9 INFO neutron.wsgi [req-03450af6-26c8-46ea-bf74-f377dd5e0f06 req-5df1144a-07ef-457e-bef4-06eab89a6894 d3275638172d44a3b525c7c003d75ba2 b3297f32648e4ae4b9067edb0ec310f6 - - default default] 199.204.45.141 "POST /v2.0/ports HTTP/1.1" status: 201 len: 1158 time: 0.9588723 /var/lib/openstack/lib/python3.10/site-packages/pycadf/identifier.py:71: UserWarning: Invalid uuid: neutron. To ensure interoperability, identifiers should be a valid uuid. warnings.warn(('Invalid uuid: %s. To ensure interoperability, '
2026-04-13 04:30:08.872 9 INFO neutron.db.ovn_revision_numbers_db [None req-ac36b802-346f-4f39-ae80-dae2b7add9c6 85c54ceea14a4aa89be9cb910a5bb6f8 68f36f591b864a0fb9e374305e3356de - - default default] Successfully bumped revision number for resource f0d65074-47da-4195-928e-eac834bfb237 (type: router_ports) to 1
2026-04-13 04:30:08.952 9 INFO neutron.db.ovn_revision_numbers_db [None req-ac36b802-346f-4f39-ae80-dae2b7add9c6 85c54ceea14a4aa89be9cb910a5bb6f8 68f36f591b864a0fb9e374305e3356de - - default default] Successfully bumped revision number for resource 0f31f2ba-0607-443f-8e7d-7c7fbd0ecc2e (type: routers) to 2
2026-04-13 04:30:08.965 9 INFO neutron.wsgi [None req-ac36b802-346f-4f39-ae80-dae2b7add9c6 85c54ceea14a4aa89be9cb910a5bb6f8 68f36f591b864a0fb9e374305e3356de - - default default] 10.0.0.116 "POST /v2.0/routers HTTP/1.1" status: 201 len: 873 time: 1.9092789
2026-04-13 04:30:09.141 9 INFO neutron.db.ovn_revision_numbers_db [req-03450af6-26c8-46ea-bf74-f377dd5e0f06 req-e32d74ae-d4ef-4c8a-9edc-9fb8a1aa87a7 789c9a7ee0c848eb92cff03c64e4bf0a cddb5cc411ed46158e2df7299da69934 - - aafb6e47c8464a48aff426311d4cbb0d aafb6e47c8464a48aff426311d4cbb0d] Successfully bumped revision number for resource c7ef97ac-30b1-49c5-8a60-a5eda8e3d409 (type: ports) to 2
2026-04-13 04:30:09.316 9 INFO neutron.db.ovn_revision_numbers_db [req-03450af6-26c8-46ea-bf74-f377dd5e0f06 req-e32d74ae-d4ef-4c8a-9edc-9fb8a1aa87a7 789c9a7ee0c848eb92cff03c64e4bf0a cddb5cc411ed46158e2df7299da69934 - - aafb6e47c8464a48aff426311d4cbb0d aafb6e47c8464a48aff426311d4cbb0d] Successfully bumped revision number for resource c7ef97ac-30b1-49c5-8a60-a5eda8e3d409 (type: ports) to 2
2026-04-13 04:30:09.329 9 INFO neutron.wsgi [req-03450af6-26c8-46ea-bf74-f377dd5e0f06 req-e32d74ae-d4ef-4c8a-9edc-9fb8a1aa87a7 789c9a7ee0c848eb92cff03c64e4bf0a cddb5cc411ed46158e2df7299da69934 - - aafb6e47c8464a48aff426311d4cbb0d aafb6e47c8464a48aff426311d4cbb0d] 199.204.45.141 "PUT /v2.0/ports/c7ef97ac-30b1-49c5-8a60-a5eda8e3d409 HTTP/1.1" status: 200 len: 1376 time: 0.6635787
2026-04-13 04:30:09.344 10 INFO neutron.wsgi [req-62995cd2-25e3-4d29-a5d9-0ba9b1ffc27e req-a547b98d-3dcb-4b95-a5db-124c574ccdf9 d3275638172d44a3b525c7c003d75ba2 b3297f32648e4ae4b9067edb0ec310f6 - - default default] 10.0.0.137 "GET /v2.0/ports?device_id=6315ba65-ac75-473e-b16b-5c54bb8c4b52 HTTP/1.1" status: 200 len: 1168 time: 0.1352229
2026-04-13 04:30:09.357 9 INFO neutron.notifiers.nova [-] Nova event matching ['req-c9bc64ba-1d2d-46e8-afbd-834084c344eb'] response: {'name': 'network-changed', 'server_uuid': '6315ba65-ac75-473e-b16b-5c54bb8c4b52', 'tag': 'c7ef97ac-30b1-49c5-8a60-a5eda8e3d409', 'status': 'completed', 'code': 200} /var/lib/openstack/lib/python3.10/site-packages/pycadf/identifier.py:71: UserWarning: Invalid uuid: neutron. To ensure interoperability, identifiers should be a valid uuid. warnings.warn(('Invalid uuid: %s. To ensure interoperability, '
2026-04-13 04:30:09.404 10 INFO neutron.wsgi [req-62995cd2-25e3-4d29-a5d9-0ba9b1ffc27e req-f0644f40-3af5-4c21-a338-71ea7a42db92 d3275638172d44a3b525c7c003d75ba2 b3297f32648e4ae4b9067edb0ec310f6 - - default default] 10.0.0.137 "GET /v2.0/security-groups?id=6a7be8fa-e030-4038-b503-8bfee3a73197&fields=id&fields=name HTTP/1.1" status: 200 len: 313 time: 0.0505569
2026-04-13 04:30:09.413 9 INFO neutron.wsgi [req-03450af6-26c8-46ea-bf74-f377dd5e0f06 req-0799de50-3585-4cc4-b6d9-658e5b55b6ec 789c9a7ee0c848eb92cff03c64e4bf0a cddb5cc411ed46158e2df7299da69934 - - aafb6e47c8464a48aff426311d4cbb0d aafb6e47c8464a48aff426311d4cbb0d] 199.204.45.141 "GET /v2.0/ports?tenant_id=b3297f32648e4ae4b9067edb0ec310f6&device_id=6315ba65-ac75-473e-b16b-5c54bb8c4b52 HTTP/1.1" status: 200 len: 1407 time: 0.0377085
2026-04-13 04:30:09.448 9 INFO neutron.wsgi [req-03450af6-26c8-46ea-bf74-f377dd5e0f06 req-d2793612-217f-4ea5-8bb7-3a65bbfd4a44 789c9a7ee0c848eb92cff03c64e4bf0a cddb5cc411ed46158e2df7299da69934 - - aafb6e47c8464a48aff426311d4cbb0d aafb6e47c8464a48aff426311d4cbb0d] 199.204.45.141 "GET /v2.0/floatingips?fixed_ip_address=10.100.0.9&port_id=c7ef97ac-30b1-49c5-8a60-a5eda8e3d409 HTTP/1.1" status: 200 len: 217 time: 0.0305796
2026-04-13 04:30:09.492 9 INFO neutron.wsgi [req-03450af6-26c8-46ea-bf74-f377dd5e0f06 req-52a8217e-09a1-4346-91ca-6366a382ea6e 789c9a7ee0c848eb92cff03c64e4bf0a cddb5cc411ed46158e2df7299da69934 - - aafb6e47c8464a48aff426311d4cbb0d aafb6e47c8464a48aff426311d4cbb0d] 199.204.45.141 "GET /v2.0/subnets?id=41e7e296-63c3-4ee6-a8fc-a05302977a47 HTTP/1.1" status: 200 len: 869 time: 0.0392416
2026-04-13 04:30:09.518 9 INFO neutron.wsgi [req-03450af6-26c8-46ea-bf74-f377dd5e0f06 req-5ed9d40b-779c-44b3-b654-026e532cc1c7 789c9a7ee0c848eb92cff03c64e4bf0a cddb5cc411ed46158e2df7299da69934 - - aafb6e47c8464a48aff426311d4cbb0d aafb6e47c8464a48aff426311d4cbb0d] 199.204.45.141 "GET /v2.0/ports?network_id=ec7e44a8-a0e8-416a-b164-d7a02d40f699&device_owner=network%3Adhcp HTTP/1.1" status: 200 len: 210 time: 0.0209320
2026-04-13 04:30:09.592 9 INFO neutron.wsgi [req-03450af6-26c8-46ea-bf74-f377dd5e0f06 req-b8e929f3-42d5-488a-a958-e36d074f4ebd 789c9a7ee0c848eb92cff03c64e4bf0a cddb5cc411ed46158e2df7299da69934 - - aafb6e47c8464a48aff426311d4cbb0d aafb6e47c8464a48aff426311d4cbb0d] 199.204.45.141 "GET /v2.0/networks/ec7e44a8-a0e8-416a-b164-d7a02d40f699?fields=segments HTTP/1.1" status: 200 len: 212 time: 0.0663953
2026-04-13 04:30:09.670 9 INFO neutron.wsgi [req-03450af6-26c8-46ea-bf74-f377dd5e0f06 req-518af421-a65f-49bc-bfa0-1121db3b12f2 789c9a7ee0c848eb92cff03c64e4bf0a cddb5cc411ed46158e2df7299da69934 - - aafb6e47c8464a48aff426311d4cbb0d aafb6e47c8464a48aff426311d4cbb0d] 199.204.45.141 "GET /v2.0/networks/ec7e44a8-a0e8-416a-b164-d7a02d40f699?fields=provider%3Aphysical_network&fields=provider%3Anetwork_type HTTP/1.1" status: 200 len: 277 time: 0.0739732
2026-04-13 04:30:09.747 9 INFO neutron.wsgi [req-f04992db-a28b-4ca5-83e2-26fee5f6d0c4 req-e14c0236-67f9-45d9-bb6e-319223578aa8 789c9a7ee0c848eb92cff03c64e4bf0a cddb5cc411ed46158e2df7299da69934 - - aafb6e47c8464a48aff426311d4cbb0d aafb6e47c8464a48aff426311d4cbb0d] 199.204.45.141 "GET /v2.0/ports?tenant_id=b3297f32648e4ae4b9067edb0ec310f6&device_id=6315ba65-ac75-473e-b16b-5c54bb8c4b52 HTTP/1.1" status: 200 len: 1407 time: 0.0306647
2026-04-13 04:30:09.813 10 WARNING neutron.scheduler.dhcp_agent_scheduler [None req-3312998b-770e-4a0e-b000-7f782a72ba2e 85c54ceea14a4aa89be9cb910a5bb6f8 68f36f591b864a0fb9e374305e3356de - - default default] No more DHCP agents
2026-04-13 04:30:09.813 9 INFO neutron.wsgi [req-f04992db-a28b-4ca5-83e2-26fee5f6d0c4 req-ace2b796-6698-477f-b007-4d5b978a04ee 789c9a7ee0c848eb92cff03c64e4bf0a cddb5cc411ed46158e2df7299da69934 - - aafb6e47c8464a48aff426311d4cbb0d aafb6e47c8464a48aff426311d4cbb0d] 199.204.45.141 "GET /v2.0/networks?id=ec7e44a8-a0e8-416a-b164-d7a02d40f699 HTTP/1.1" status: 200 len: 974 time: 0.0600920
2026-04-13 04:30:09.816 10 WARNING neutron.api.rpc.agentnotifiers.dhcp_rpc_agent_api [None req-3312998b-770e-4a0e-b000-7f782a72ba2e 85c54ceea14a4aa89be9cb910a5bb6f8 68f36f591b864a0fb9e374305e3356de - - default default] Unable to schedule network 13c96179-825e-4cd4-9ec0-2c16f939b35f: no agents available; will retry on subsequent port and subnet creation events.
2026-04-13 04:30:09.852 9 INFO neutron.wsgi [req-f04992db-a28b-4ca5-83e2-26fee5f6d0c4 req-090f7f96-d2a2-44b4-986c-e8aa1b0b00f1 789c9a7ee0c848eb92cff03c64e4bf0a cddb5cc411ed46158e2df7299da69934 - - aafb6e47c8464a48aff426311d4cbb0d aafb6e47c8464a48aff426311d4cbb0d] 199.204.45.141 "GET /v2.0/floatingips?fixed_ip_address=10.100.0.9&port_id=c7ef97ac-30b1-49c5-8a60-a5eda8e3d409 HTTP/1.1" status: 200 len: 217 time: 0.0343921
2026-04-13 04:30:09.909 9 INFO neutron.wsgi [req-f04992db-a28b-4ca5-83e2-26fee5f6d0c4 req-7252fa57-7d70-47fc-a9ba-e479e0274d26 789c9a7ee0c848eb92cff03c64e4bf0a cddb5cc411ed46158e2df7299da69934 - - aafb6e47c8464a48aff426311d4cbb0d aafb6e47c8464a48aff426311d4cbb0d] 199.204.45.141 "GET /v2.0/subnets?id=41e7e296-63c3-4ee6-a8fc-a05302977a47 HTTP/1.1" status: 200 len: 869 time: 0.0523913
2026-04-13 04:30:09.938 9 INFO neutron.wsgi [req-f04992db-a28b-4ca5-83e2-26fee5f6d0c4 req-922a0bc8-a0e6-4853-8914-77e34ce18b56 789c9a7ee0c848eb92cff03c64e4bf0a cddb5cc411ed46158e2df7299da69934 - - aafb6e47c8464a48aff426311d4cbb0d aafb6e47c8464a48aff426311d4cbb0d] 199.204.45.141 "GET /v2.0/ports?network_id=ec7e44a8-a0e8-416a-b164-d7a02d40f699&device_owner=network%3Adhcp HTTP/1.1" status: 200 len: 210 time: 0.0216544
2026-04-13 04:30:10.002 10 INFO neutron.db.ovn_revision_numbers_db [None req-3312998b-770e-4a0e-b000-7f782a72ba2e 85c54ceea14a4aa89be9cb910a5bb6f8 68f36f591b864a0fb9e374305e3356de - - default default] Successfully bumped revision number for resource 295df7e2-44b8-4282-aaac-4181d0787284 (type: ports) to 1
2026-04-13 04:30:10.022 9 INFO neutron.wsgi [req-f04992db-a28b-4ca5-83e2-26fee5f6d0c4 req-8df4aaab-37b9-4467-ae73-b7b7cddac756 789c9a7ee0c848eb92cff03c64e4bf0a cddb5cc411ed46158e2df7299da69934 - - aafb6e47c8464a48aff426311d4cbb0d aafb6e47c8464a48aff426311d4cbb0d] 199.204.45.141 "GET /v2.0/networks/ec7e44a8-a0e8-416a-b164-d7a02d40f699?fields=segments HTTP/1.1" status: 200 len: 212 time: 0.0763924
2026-04-13 04:30:10.096 9 INFO neutron.wsgi [req-f04992db-a28b-4ca5-83e2-26fee5f6d0c4 req-e645bd65-253e-4447-a9e0-b083c3500fff 789c9a7ee0c848eb92cff03c64e4bf0a cddb5cc411ed46158e2df7299da69934 - - aafb6e47c8464a48aff426311d4cbb0d aafb6e47c8464a48aff426311d4cbb0d] 199.204.45.141 "GET /v2.0/networks/ec7e44a8-a0e8-416a-b164-d7a02d40f699?fields=provider%3Aphysical_network&fields=provider%3Anetwork_type HTTP/1.1" status: 200 len: 277 time: 0.0691051
2026-04-13 04:30:10.240 10 WARNING neutron.plugins.ml2.drivers.ovn.mech_driver.ovsdb.ovn_client [None req-f7b0568a-a905-4695-ae87-12911a1e09fc - - - - - -] No hosting information found for port fb8d7e94-e8d3-418f-85e7-a6ec30a82f24: RuntimeError: No hosting information found for port fb8d7e94-e8d3-418f-85e7-a6ec30a82f24
2026-04-13 04:30:10.240 10 INFO neutron.plugins.ml2.drivers.ovn.mech_driver.mech_driver [None req-f7b0568a-a905-4695-ae87-12911a1e09fc - - - - - -] OVN reports status up for port: f0d65074-47da-4195-928e-eac834bfb237
2026-04-13 04:30:10.265 10 INFO neutron.plugins.ml2.plugin [None req-f7b0568a-a905-4695-ae87-12911a1e09fc - - - - - -] Attempt 1 to provision port f0d65074-47da-4195-928e-eac834bfb237
2026-04-13 04:30:10.502 9 INFO neutron.plugins.ml2.drivers.ovn.mech_driver.mech_driver [None req-4dcdf02c-99c4-441b-86e7-f115ffea969c - - - - - -] OVN reports status up for port: 295df7e2-44b8-4282-aaac-4181d0787284
2026-04-13 04:30:10.508 9 INFO neutron.wsgi [req-d5113eed-875f-42d4-97a7-28ae64f11e69 req-e68f05fe-d320-4514-b4e5-0995f1a99d0a d3275638172d44a3b525c7c003d75ba2 b3297f32648e4ae4b9067edb0ec310f6 - - default default] 10.0.0.137 "GET /v2.0/ports?device_id=6315ba65-ac75-473e-b16b-5c54bb8c4b52 HTTP/1.1" status: 200 len: 1168 time: 0.0385263
2026-04-13 04:30:10.512 9 INFO neutron.plugins.ml2.plugin [None req-4dcdf02c-99c4-441b-86e7-f115ffea969c - - - - - -] Attempt 1 to provision port 295df7e2-44b8-4282-aaac-4181d0787284
2026-04-13 04:30:10.546 10 INFO neutron.db.ovn_revision_numbers_db [None req-3312998b-770e-4a0e-b000-7f782a72ba2e 85c54ceea14a4aa89be9cb910a5bb6f8 68f36f591b864a0fb9e374305e3356de - - default default] Successfully bumped revision number for resource 295df7e2-44b8-4282-aaac-4181d0787284 (type: router_ports) to 1
2026-04-13 04:30:10.548 10 INFO neutron.db.ovn_revision_numbers_db [None req-ff462596-0be4-4f2f-9a8f-e32303525e65 464517ff90904eb2b01c9651bd529c8f 2d23722c64c24565877eba2fb1df50d2 - - default default] Successfully bumped revision number for resource 03383dee-93da-4853-b411-9ae7bf669e1b (type: security_groups) to 1
2026-04-13 04:30:10.564 9 INFO neutron.wsgi [-] 10.0.0.173 "GET / HTTP/1.1" status: 200 len: 247 time: 0.0012944
2026-04-13 04:30:10.566 9 INFO neutron.wsgi [-] 10.0.0.173 "GET / HTTP/1.1" status: 200 len: 247 time: 0.0008638
2026-04-13 04:30:10.575 10 INFO neutron.db.ovn_revision_numbers_db [None req-ff462596-0be4-4f2f-9a8f-e32303525e65 464517ff90904eb2b01c9651bd529c8f 2d23722c64c24565877eba2fb1df50d2 - - default default] Successfully bumped revision number for resource 405e60de-3e9a-4124-9dee-ee456d2bdbc8 (type: security_group_rules) to 0
2026-04-13 04:30:10.578 9 INFO neutron.wsgi [req-d5113eed-875f-42d4-97a7-28ae64f11e69 req-06f724e0-424f-4dbd-88c8-14ef0270032f d3275638172d44a3b525c7c003d75ba2 b3297f32648e4ae4b9067edb0ec310f6 - - default default] 10.0.0.137 "GET /v2.0/security-groups?id=6a7be8fa-e030-4038-b503-8bfee3a73197&fields=id&fields=name HTTP/1.1" status: 200 len: 313 time: 0.0545821
2026-04-13 04:30:10.599 10 INFO neutron.db.ovn_revision_numbers_db [None req-ff462596-0be4-4f2f-9a8f-e32303525e65 464517ff90904eb2b01c9651bd529c8f 2d23722c64c24565877eba2fb1df50d2 - - default default] Successfully bumped revision number for resource a223c614-0c87-4597-b0b4-8df8feb142c2 (type: security_group_rules) to 0
2026-04-13 04:30:10.619 10 INFO neutron.db.ovn_revision_numbers_db [None req-ff462596-0be4-4f2f-9a8f-e32303525e65 464517ff90904eb2b01c9651bd529c8f 2d23722c64c24565877eba2fb1df50d2 - - default default] Successfully bumped revision number for resource dacc96bb-66c0-4851-a91a-54af7bc76f52 (type: security_group_rules) to 0
2026-04-13 04:30:10.633 10 INFO neutron.db.ovn_revision_numbers_db [None req-ff462596-0be4-4f2f-9a8f-e32303525e65 464517ff90904eb2b01c9651bd529c8f 2d23722c64c24565877eba2fb1df50d2 - - default default] Successfully bumped revision number for resource f8564185-5116-4769-a778-d807cba068cc (type: security_group_rules) to 0
2026-04-13 04:30:10.709 10 INFO neutron.db.segments_db [None req-ff462596-0be4-4f2f-9a8f-e32303525e65 464517ff90904eb2b01c9651bd529c8f 2d23722c64c24565877eba2fb1df50d2 - - default default] Added segment 36de60bc-07f1-4d93-855b-c9fd1ba7152a of type geneve for network 08a28363-ce91-4450-b995-60f7c90a5fef
2026-04-13 04:30:10.713 10 INFO neutron.db.ovn_revision_numbers_db [None req-3312998b-770e-4a0e-b000-7f782a72ba2e 85c54ceea14a4aa89be9cb910a5bb6f8 68f36f591b864a0fb9e374305e3356de - - default default] Successfully bumped revision number for resource 295df7e2-44b8-4282-aaac-4181d0787284 (type: ports) to 1
2026-04-13 04:30:10.805 10 WARNING neutron.scheduler.dhcp_agent_scheduler [None req-3312998b-770e-4a0e-b000-7f782a72ba2e 85c54ceea14a4aa89be9cb910a5bb6f8 68f36f591b864a0fb9e374305e3356de - - default default] No more DHCP agents
2026-04-13 04:30:10.806 10 WARNING neutron.api.rpc.agentnotifiers.dhcp_rpc_agent_api [None req-3312998b-770e-4a0e-b000-7f782a72ba2e 85c54ceea14a4aa89be9cb910a5bb6f8 68f36f591b864a0fb9e374305e3356de - - default default] Unable to schedule network 13c96179-825e-4cd4-9ec0-2c16f939b35f: no agents available; will retry on subsequent port and subnet creation events.
2026-04-13 04:30:10.814 9 INFO neutron.db.ovn_revision_numbers_db [None req-4dcdf02c-99c4-441b-86e7-f115ffea969c - - - - - -] Successfully bumped revision number for resource 295df7e2-44b8-4282-aaac-4181d0787284 (type: ports) to 2
2026-04-13 04:30:10.897 10 INFO neutron.db.ovn_revision_numbers_db [None req-ff462596-0be4-4f2f-9a8f-e32303525e65 464517ff90904eb2b01c9651bd529c8f 2d23722c64c24565877eba2fb1df50d2 - - default default] Successfully bumped revision number for resource 08a28363-ce91-4450-b995-60f7c90a5fef (type: networks) to 1
2026-04-13 04:30:10.961 9 INFO neutron.db.ovn_revision_numbers_db [None req-4dcdf02c-99c4-441b-86e7-f115ffea969c - - - - - -] Successfully bumped revision number for resource 295df7e2-44b8-4282-aaac-4181d0787284 (type: router_ports) to 2
2026-04-13 04:30:11.110 10 WARNING neutron.scheduler.dhcp_agent_scheduler [None req-ff462596-0be4-4f2f-9a8f-e32303525e65 464517ff90904eb2b01c9651bd529c8f 2d23722c64c24565877eba2fb1df50d2 - - default default] No more DHCP agents
2026-04-13 04:30:11.117 10 WARNING neutron.api.rpc.agentnotifiers.dhcp_rpc_agent_api [None req-ff462596-0be4-4f2f-9a8f-e32303525e65 464517ff90904eb2b01c9651bd529c8f 2d23722c64c24565877eba2fb1df50d2 - - default default] Unable to schedule network 08a28363-ce91-4450-b995-60f7c90a5fef: no agents available; will retry on subsequent port and subnet creation events.
2026-04-13 04:30:11.228 10 INFO neutron.db.ovn_revision_numbers_db [None req-ff462596-0be4-4f2f-9a8f-e32303525e65 464517ff90904eb2b01c9651bd529c8f 2d23722c64c24565877eba2fb1df50d2 - - default default] Successfully bumped revision number for resource 36754978-f658-46c7-a371-4e3b50d7b5e8 (type: ports) to 1
2026-04-13 04:30:11.233 10 INFO neutron.db.ovn_revision_numbers_db [None req-3312998b-770e-4a0e-b000-7f782a72ba2e 85c54ceea14a4aa89be9cb910a5bb6f8 68f36f591b864a0fb9e374305e3356de - - default default] Successfully bumped revision number for resource 295df7e2-44b8-4282-aaac-4181d0787284 (type: router_ports) to 2
2026-04-13 04:30:11.235 10 INFO neutron.wsgi [None req-3312998b-770e-4a0e-b000-7f782a72ba2e 85c54ceea14a4aa89be9cb910a5bb6f8 68f36f591b864a0fb9e374305e3356de - - default default] 10.0.0.116 "PUT /v2.0/routers/0f31f2ba-0607-443f-8e7d-7c7fbd0ecc2e/add_router_interface HTTP/1.1" status: 200 len: 503 time: 2.2627203
2026-04-13 04:30:11.251 10 INFO neutron.wsgi [None req-ff462596-0be4-4f2f-9a8f-e32303525e65 464517ff90904eb2b01c9651bd529c8f 2d23722c64c24565877eba2fb1df50d2 - - default default] 10.0.0.116 "POST /v2.0/networks HTTP/1.1" status: 201 len: 940 time: 1.0044675
2026-04-13 04:30:11.391 9 WARNING neutron.scheduler.dhcp_agent_scheduler [None req-e19bd83d-e8d2-42e6-800c-9e788ee0dc58 464517ff90904eb2b01c9651bd529c8f 2d23722c64c24565877eba2fb1df50d2 - - default default] No more DHCP agents
2026-04-13 04:30:11.393 9 WARNING neutron.api.rpc.agentnotifiers.dhcp_rpc_agent_api [None req-e19bd83d-e8d2-42e6-800c-9e788ee0dc58 464517ff90904eb2b01c9651bd529c8f 2d23722c64c24565877eba2fb1df50d2 - - default default] Unable to schedule network 08a28363-ce91-4450-b995-60f7c90a5fef: no agents available; will retry on subsequent port and subnet creation events.
2026-04-13 04:30:11.768 10 INFO neutron.wsgi [req-3b64fea5-03dc-40c8-ae60-a47c51d1b7cd req-3f2fc572-0c5f-471f-a298-2375b64e4643 d3275638172d44a3b525c7c003d75ba2 b3297f32648e4ae4b9067edb0ec310f6 - - default default] 10.0.0.137 "GET /v2.0/ports?device_id=6315ba65-ac75-473e-b16b-5c54bb8c4b52 HTTP/1.1" status: 200 len: 1168 time: 0.0482869 /var/lib/openstack/lib/python3.10/site-packages/pycadf/identifier.py:71: UserWarning: Invalid uuid: neutron. To ensure interoperability, identifiers should be a valid uuid. warnings.warn(('Invalid uuid: %s. To ensure interoperability, '
2026-04-13 04:30:11.811 10 WARNING neutron.scheduler.dhcp_agent_scheduler [None req-8587ab62-233f-4dcf-9b45-caedc60831d2 85c54ceea14a4aa89be9cb910a5bb6f8 68f36f591b864a0fb9e374305e3356de - - default default] No more DHCP agents
2026-04-13 04:30:11.816 10 WARNING neutron.api.rpc.agentnotifiers.dhcp_rpc_agent_api [None req-8587ab62-233f-4dcf-9b45-caedc60831d2 85c54ceea14a4aa89be9cb910a5bb6f8 68f36f591b864a0fb9e374305e3356de - - default default] Unable to schedule network 13c96179-825e-4cd4-9ec0-2c16f939b35f: no agents available; will retry on subsequent port and subnet creation events.
2026-04-13 04:30:11.858 10 INFO neutron.wsgi [req-3b64fea5-03dc-40c8-ae60-a47c51d1b7cd req-bf203cfc-3888-4feb-8e5d-99bf00f179a9 d3275638172d44a3b525c7c003d75ba2 b3297f32648e4ae4b9067edb0ec310f6 - - default default] 10.0.0.137 "GET /v2.0/security-groups?id=6a7be8fa-e030-4038-b503-8bfee3a73197&fields=id&fields=name HTTP/1.1" status: 200 len: 313 time: 0.0764108
2026-04-13 04:30:11.874 9 INFO neutron.db.ovn_revision_numbers_db [None req-e19bd83d-e8d2-42e6-800c-9e788ee0dc58 464517ff90904eb2b01c9651bd529c8f 2d23722c64c24565877eba2fb1df50d2 - - default default] Successfully bumped revision number for resource 36754978-f658-46c7-a371-4e3b50d7b5e8 (type: ports) to 2
2026-04-13 04:30:11.914 9 INFO neutron.db.ovn_revision_numbers_db [None req-e19bd83d-e8d2-42e6-800c-9e788ee0dc58 464517ff90904eb2b01c9651bd529c8f 2d23722c64c24565877eba2fb1df50d2 - - default default] Successfully bumped revision number for resource 86a2ba6a-1d34-4e4d-9975-8903b6344fb2 (type: subnets) to 0
2026-04-13 04:30:11.928 9 INFO neutron.wsgi [None req-e19bd83d-e8d2-42e6-800c-9e788ee0dc58 464517ff90904eb2b01c9651bd529c8f 2d23722c64c24565877eba2fb1df50d2 - - default default] 10.0.0.116 "POST /v2.0/subnets HTTP/1.1" status: 201 len: 862 time: 0.6717618
2026-04-13 04:30:11.929 10 INFO neutron.db.ovn_revision_numbers_db [None req-4f4cc776-c7cb-4650-84f0-237f795f43cf 464517ff90904eb2b01c9651bd529c8f 2d23722c64c24565877eba2fb1df50d2 - - default default] Successfully bumped revision number for resource 49ad86c8-579b-4915-bf2c-86e5ebee9fd7 (type: security_groups) to 1
2026-04-13 04:30:11.954 10 INFO neutron.db.ovn_revision_numbers_db [None req-4f4cc776-c7cb-4650-84f0-237f795f43cf 464517ff90904eb2b01c9651bd529c8f 2d23722c64c24565877eba2fb1df50d2 - - default default] Successfully bumped revision number for resource 08b540c0-34e9-4483-89e5-805458d0e76b (type: security_group_rules) to 0
2026-04-13 04:30:11.971 10 INFO neutron.db.ovn_revision_numbers_db [None req-4f4cc776-c7cb-4650-84f0-237f795f43cf 464517ff90904eb2b01c9651bd529c8f 2d23722c64c24565877eba2fb1df50d2 - - default default] Successfully bumped revision number for resource 9c99575e-ffdd-47fc-84ae-c48f7a3875ca (type: security_group_rules) to 0
2026-04-13 04:30:11.994 10 INFO neutron.db.ovn_revision_numbers_db [None req-4f4cc776-c7cb-4650-84f0-237f795f43cf 464517ff90904eb2b01c9651bd529c8f 2d23722c64c24565877eba2fb1df50d2 - - default default] Successfully bumped revision number for resource bce94c24-df14-4ad7-9822-fc408af35e5a (type: security_group_rules) to 0
2026-04-13 04:30:12.004 10 INFO neutron.db.ovn_revision_numbers_db [None req-8587ab62-233f-4dcf-9b45-caedc60831d2 85c54ceea14a4aa89be9cb910a5bb6f8 68f36f591b864a0fb9e374305e3356de - - default default] Successfully bumped revision number for resource 2499bdef-05aa-4e3c-96d2-51365503169e (type: ports) to 1
2026-04-13 04:30:12.012 10 INFO neutron.db.ovn_revision_numbers_db [None req-4f4cc776-c7cb-4650-84f0-237f795f43cf 464517ff90904eb2b01c9651bd529c8f 2d23722c64c24565877eba2fb1df50d2 - - default default] Successfully bumped revision number for resource dbe7cf68-4c88-4982-8a3d-523949c07e04 (type: security_group_rules) to 0
2026-04-13 04:30:12.032 10 INFO neutron.wsgi [None req-8587ab62-233f-4dcf-9b45-caedc60831d2 85c54ceea14a4aa89be9cb910a5bb6f8 68f36f591b864a0fb9e374305e3356de - - default default] 10.0.0.116 "POST /v2.0/ports HTTP/1.1" status: 201 len: 1154 time: 0.7922697
2026-04-13 04:30:12.035 10 INFO neutron.wsgi [None req-4f4cc776-c7cb-4650-84f0-237f795f43cf 464517ff90904eb2b01c9651bd529c8f 2d23722c64c24565877eba2fb1df50d2 - - default default] 10.0.0.116 "GET /v2.0/security-groups?tenant_id=9a668167dc56490bac24c95992da08d1&name=default HTTP/1.1" status: 200 len: 2996 time: 0.6028924 /var/lib/openstack/lib/python3.10/site-packages/pycadf/identifier.py:71: UserWarning: Invalid uuid: neutron. To ensure interoperability, identifiers should be a valid uuid. warnings.warn(('Invalid uuid: %s. To ensure interoperability, '
2026-04-13 04:30:12.322 10 INFO neutron.wsgi [None req-d75ecf6c-c44c-4c7d-91f9-b8c8fe9ca6bd 464517ff90904eb2b01c9651bd529c8f 2d23722c64c24565877eba2fb1df50d2 - - default default] 10.0.0.116 "DELETE /v2.0/security-groups/49ad86c8-579b-4915-bf2c-86e5ebee9fd7 HTTP/1.1" status: 204 len: 168 time: 0.2766092
2026-04-13 04:30:12.368 9 WARNING neutron.scheduler.dhcp_agent_scheduler [None req-8f093065-48d9-4b09-944f-9a363b1516ac 464517ff90904eb2b01c9651bd529c8f 2d23722c64c24565877eba2fb1df50d2 - - default default] No more DHCP agents
2026-04-13 04:30:12.371 9 WARNING neutron.api.rpc.agentnotifiers.dhcp_rpc_agent_api [None req-8f093065-48d9-4b09-944f-9a363b1516ac 464517ff90904eb2b01c9651bd529c8f 2d23722c64c24565877eba2fb1df50d2 - - default default] Unable to schedule network f4de2f68-663b-4614-9410-2dd55c3c0888: no agents available; will retry on subsequent port and subnet creation events.
2026-04-13 04:30:12.398 10 WARNING neutron.scheduler.dhcp_agent_scheduler [None req-e84ddc7d-06ef-4ac9-ab3a-04b6af9c1126 85c54ceea14a4aa89be9cb910a5bb6f8 68f36f591b864a0fb9e374305e3356de - - default default] No more DHCP agents
2026-04-13 04:30:12.400 10 WARNING neutron.api.rpc.agentnotifiers.dhcp_rpc_agent_api [None req-e84ddc7d-06ef-4ac9-ab3a-04b6af9c1126 85c54ceea14a4aa89be9cb910a5bb6f8 68f36f591b864a0fb9e374305e3356de - - default default] Unable to schedule network 13c96179-825e-4cd4-9ec0-2c16f939b35f: no agents available; will retry on subsequent port and subnet creation events.
2026-04-13 04:30:12.565 9 INFO neutron.db.ovn_revision_numbers_db [None req-8f093065-48d9-4b09-944f-9a363b1516ac 464517ff90904eb2b01c9651bd529c8f 2d23722c64c24565877eba2fb1df50d2 - - default default] Successfully bumped revision number for resource 41d23ee2-077a-4ec9-b5d4-6b49aee83b22 (type: ports) to 1
2026-04-13 04:30:12.574 10 INFO neutron.db.ovn_revision_numbers_db [None req-e84ddc7d-06ef-4ac9-ab3a-04b6af9c1126 85c54ceea14a4aa89be9cb910a5bb6f8 68f36f591b864a0fb9e374305e3356de - - default default] Successfully bumped revision number for resource 14c89dea-226b-43ce-a628-0f8bc01a6075 (type: ports) to 1
2026-04-13 04:30:12.595 9 INFO neutron.db.ovn_revision_numbers_db [None req-8fdef8c7-fdbf-4fb3-8be0-6a0560599fb5 464517ff90904eb2b01c9651bd529c8f 2d23722c64c24565877eba2fb1df50d2 - - default default] Successfully bumped revision number for resource 8d66ee00-f28e-47c1-8070-68791b542821 (type: security_groups) to 1
2026-04-13 04:30:12.599 10 INFO neutron.wsgi [None req-e84ddc7d-06ef-4ac9-ab3a-04b6af9c1126 85c54ceea14a4aa89be9cb910a5bb6f8 68f36f591b864a0fb9e374305e3356de - - default default] 10.0.0.116 "POST /v2.0/ports HTTP/1.1" status: 201 len: 1154 time: 0.5593765 /var/lib/openstack/lib/python3.10/site-packages/pycadf/identifier.py:71: UserWarning: Invalid uuid: neutron. To ensure interoperability, identifiers should be a valid uuid. warnings.warn(('Invalid uuid: %s. To ensure interoperability, '
2026-04-13 04:30:12.623 9 INFO neutron.db.ovn_revision_numbers_db [None req-8fdef8c7-fdbf-4fb3-8be0-6a0560599fb5 464517ff90904eb2b01c9651bd529c8f 2d23722c64c24565877eba2fb1df50d2 - - default default] Successfully bumped revision number for resource 190a4a64-94fc-45eb-9983-5953cb9f332a (type: security_group_rules) to 0
2026-04-13 04:30:12.640 9 INFO neutron.db.ovn_revision_numbers_db [None req-8fdef8c7-fdbf-4fb3-8be0-6a0560599fb5 464517ff90904eb2b01c9651bd529c8f 2d23722c64c24565877eba2fb1df50d2 - - default default] Successfully bumped revision number for resource 8ca7cbe2-277f-4f37-9ea1-bb3ea4030d57 (type: security_group_rules) to 0
2026-04-13 04:30:12.661 9 INFO neutron.db.ovn_revision_numbers_db [None req-8fdef8c7-fdbf-4fb3-8be0-6a0560599fb5 464517ff90904eb2b01c9651bd529c8f 2d23722c64c24565877eba2fb1df50d2 - - default default] Successfully bumped revision number for resource 962b25bf-5bd2-48ac-b629-5d74207ca087 (type: security_group_rules) to 0
2026-04-13 04:30:12.682 9 INFO neutron.db.ovn_revision_numbers_db [None req-8fdef8c7-fdbf-4fb3-8be0-6a0560599fb5 464517ff90904eb2b01c9651bd529c8f 2d23722c64c24565877eba2fb1df50d2 - - default default] Successfully bumped revision number for resource fcf3f637-f0f8-49c7-b5c9-67175e64a1ca (type: security_group_rules) to 0
2026-04-13 04:30:12.741 9 INFO neutron.wsgi [None req-8fdef8c7-fdbf-4fb3-8be0-6a0560599fb5 464517ff90904eb2b01c9651bd529c8f 2d23722c64c24565877eba2fb1df50d2 - - default default] 10.0.0.116 "GET /v2.0/security-groups?tenant_id=040deeb383a24096809c7acd532ef75a&name=default HTTP/1.1" status: 200 len: 2996 time: 0.3337066
2026-04-13 04:30:12.923 10 WARNING neutron.scheduler.dhcp_agent_scheduler [None req-a8496c4b-fd8c-4c18-92ac-5b777ae7f796 85c54ceea14a4aa89be9cb910a5bb6f8 68f36f591b864a0fb9e374305e3356de - - default default] No more DHCP agents
2026-04-13 04:30:12.926 10 WARNING neutron.api.rpc.agentnotifiers.dhcp_rpc_agent_api [None req-a8496c4b-fd8c-4c18-92ac-5b777ae7f796 85c54ceea14a4aa89be9cb910a5bb6f8 68f36f591b864a0fb9e374305e3356de - - default default] Unable to schedule network f4de2f68-663b-4614-9410-2dd55c3c0888: no agents available; will retry on subsequent port and subnet creation events.
2026-04-13 04:30:13.271 9 INFO neutron.wsgi [req-d1574466-5cc1-4566-bde4-3a6b3835086a req-7097e36e-8661-49d8-916a-698f3731d2b1 d3275638172d44a3b525c7c003d75ba2 b3297f32648e4ae4b9067edb0ec310f6 - - default default] 10.0.0.137 "GET /v2.0/ports?device_id=6315ba65-ac75-473e-b16b-5c54bb8c4b52 HTTP/1.1" status: 200 len: 1168 time: 0.3434601
2026-04-13 04:30:13.306 10 INFO neutron.db.l3_db [None req-a8496c4b-fd8c-4c18-92ac-5b777ae7f796 85c54ceea14a4aa89be9cb910a5bb6f8 68f36f591b864a0fb9e374305e3356de - - default default] Floating IP ce91cb37-6e3d-48c3-9c3e-2aa11fc8f7b8 associated. External IP: 10.96.250.207, port: 14c89dea-226b-43ce-a628-0f8bc01a6075.
2026-04-13 04:30:13.306 9 INFO neutron.wsgi [None req-c34f7e26-0898-48c4-a638-e71ebdc8e58d 464517ff90904eb2b01c9651bd529c8f 2d23722c64c24565877eba2fb1df50d2 - - default default] 10.0.0.116 "DELETE /v2.0/security-groups/8d66ee00-f28e-47c1-8070-68791b542821 HTTP/1.1" status: 204 len: 168 time: 0.5578091
2026-04-13 04:30:13.327 9 INFO neutron.wsgi [req-d1574466-5cc1-4566-bde4-3a6b3835086a req-f7189b6c-adae-460d-8c27-51e64bc83bb6 d3275638172d44a3b525c7c003d75ba2 b3297f32648e4ae4b9067edb0ec310f6 - - default default] 10.0.0.137 "GET /v2.0/security-groups?id=6a7be8fa-e030-4038-b503-8bfee3a73197&fields=id&fields=name HTTP/1.1" status: 200 len: 313 time: 0.0471101
2026-04-13 04:30:13.458 10 INFO neutron.db.ovn_revision_numbers_db [None req-a8496c4b-fd8c-4c18-92ac-5b777ae7f796 85c54ceea14a4aa89be9cb910a5bb6f8 68f36f591b864a0fb9e374305e3356de - - default default] Successfully bumped revision number for resource ce91cb37-6e3d-48c3-9c3e-2aa11fc8f7b8 (type: floatingips) to 0
2026-04-13 04:30:13.526 9 INFO neutron.plugins.ml2.drivers.ovn.mech_driver.ovsdb.ovsdb_monitor [None req-8ca1aae8-8252-434b-bf66-c67785a01471 - - - - - -] Router 21a16e7a-d032-4728-9f34-fd1fece76e05 is bound to host instance
2026-04-13 04:30:13.540 9 INFO neutron.db.ovn_revision_numbers_db [None req-8f093065-48d9-4b09-944f-9a363b1516ac 464517ff90904eb2b01c9651bd529c8f 2d23722c64c24565877eba2fb1df50d2 - - default default] Successfully bumped revision number for resource 41d23ee2-077a-4ec9-b5d4-6b49aee83b22 (type: router_ports) to 1
2026-04-13 04:30:13.572 10 INFO neutron.db.ovn_revision_numbers_db [None req-a8496c4b-fd8c-4c18-92ac-5b777ae7f796 85c54ceea14a4aa89be9cb910a5bb6f8 68f36f591b864a0fb9e374305e3356de - - default default] Successfully bumped revision number for resource ce91cb37-6e3d-48c3-9c3e-2aa11fc8f7b8 (type: floatingips) to 1
2026-04-13 04:30:13.607 10 INFO neutron.wsgi [None req-a8496c4b-fd8c-4c18-92ac-5b777ae7f796 85c54ceea14a4aa89be9cb910a5bb6f8 68f36f591b864a0fb9e374305e3356de - - default default] 10.0.0.116 "POST /v2.0/floatingips HTTP/1.1" status: 201 len: 1041 time: 1.0020604
2026-04-13 04:30:13.631 9 INFO neutron.db.ovn_revision_numbers_db [None req-8f093065-48d9-4b09-944f-9a363b1516ac 464517ff90904eb2b01c9651bd529c8f 2d23722c64c24565877eba2fb1df50d2 - - default default] Successfully bumped revision number for resource 21a16e7a-d032-4728-9f34-fd1fece76e05 (type: routers) to 2
2026-04-13 04:30:13.650 9 INFO neutron.wsgi [None req-8f093065-48d9-4b09-944f-9a363b1516ac 464517ff90904eb2b01c9651bd529c8f 2d23722c64c24565877eba2fb1df50d2 - - default default] 10.0.0.116 "POST /v2.0/routers HTTP/1.1" status: 201 len: 873 time: 1.7176719
2026-04-13 04:30:13.782 10 INFO neutron.db.l3_db [None req-4316d5a0-6a0a-4fed-8665-614ee12d2cca 85c54ceea14a4aa89be9cb910a5bb6f8 68f36f591b864a0fb9e374305e3356de - - default default] Floating IP ce91cb37-6e3d-48c3-9c3e-2aa11fc8f7b8 disassociated. External IP: 10.96.250.207, port: 14c89dea-226b-43ce-a628-0f8bc01a6075.
2026-04-13 04:30:13.817 10 INFO neutron.db.ovn_revision_numbers_db [None req-4316d5a0-6a0a-4fed-8665-614ee12d2cca 85c54ceea14a4aa89be9cb910a5bb6f8 68f36f591b864a0fb9e374305e3356de - - default default] Successfully bumped revision number for resource ce91cb37-6e3d-48c3-9c3e-2aa11fc8f7b8 (type: floatingips) to 2
2026-04-13 04:30:13.903 10 INFO neutron.wsgi [None req-4316d5a0-6a0a-4fed-8665-614ee12d2cca 85c54ceea14a4aa89be9cb910a5bb6f8 68f36f591b864a0fb9e374305e3356de - - default default] 10.0.0.116 "PUT /v2.0/floatingips/ce91cb37-6e3d-48c3-9c3e-2aa11fc8f7b8 HTTP/1.1" status: 200 len: 748 time: 0.2903380
2026-04-13 04:30:14.065 9 INFO neutron.db.ovn_revision_numbers_db [None req-8ca1aae8-8252-434b-bf66-c67785a01471 - - - - - -] Successfully bumped revision number for resource 41d23ee2-077a-4ec9-b5d4-6b49aee83b22 (type: ports) to 1
2026-04-13 04:30:14.235 10 WARNING neutron.scheduler.dhcp_agent_scheduler [None req-8dfebacf-27ba-4a49-837e-fcb7c02118e9 464517ff90904eb2b01c9651bd529c8f 2d23722c64c24565877eba2fb1df50d2 - - default default] No more DHCP agents
2026-04-13 04:30:14.238 10 WARNING neutron.api.rpc.agentnotifiers.dhcp_rpc_agent_api [None req-8dfebacf-27ba-4a49-837e-fcb7c02118e9 464517ff90904eb2b01c9651bd529c8f 2d23722c64c24565877eba2fb1df50d2 - - default default] Unable to schedule network 08a28363-ce91-4450-b995-60f7c90a5fef: no agents available; will retry on subsequent port and subnet creation events.
2026-04-13 04:30:14.252 9 INFO neutron.db.ovn_revision_numbers_db [None req-8ca1aae8-8252-434b-bf66-c67785a01471 - - - - - -] Successfully bumped revision number for resource 41d23ee2-077a-4ec9-b5d4-6b49aee83b22 (type: router_ports) to 3
2026-04-13 04:30:14.302 10 INFO neutron.wsgi [None req-48c4ff55-ebfd-4a7b-94f2-17d23fc368b6 85c54ceea14a4aa89be9cb910a5bb6f8 68f36f591b864a0fb9e374305e3356de - - default default] 10.0.0.116 "DELETE /v2.0/floatingips/ce91cb37-6e3d-48c3-9c3e-2aa11fc8f7b8 HTTP/1.1" status: 204 len: 168 time: 0.3906069
2026-04-13 04:30:14.414 9 INFO neutron.db.ovn_revision_numbers_db [None req-8ca1aae8-8252-434b-bf66-c67785a01471 - - - - - -] Successfully bumped revision number for resource 41d23ee2-077a-4ec9-b5d4-6b49aee83b22 (type: ports) to 2
2026-04-13 04:30:14.417 10 INFO neutron.db.ovn_revision_numbers_db [None req-8dfebacf-27ba-4a49-837e-fcb7c02118e9 464517ff90904eb2b01c9651bd529c8f 2d23722c64c24565877eba2fb1df50d2 - - default default] Successfully bumped revision number for resource 804bafbf-bd1c-4962-aa83-efbd99cc87dc (type: ports) to 1
2026-04-13 04:30:14.604 9 WARNING neutron.scheduler.dhcp_agent_scheduler [None req-bd677ee1-43df-4bec-882e-f256c73731f4 85c54ceea14a4aa89be9cb910a5bb6f8 68f36f591b864a0fb9e374305e3356de - - default default] No more DHCP agents
2026-04-13 04:30:14.607 9 WARNING neutron.api.rpc.agentnotifiers.dhcp_rpc_agent_api [None req-bd677ee1-43df-4bec-882e-f256c73731f4 85c54ceea14a4aa89be9cb910a5bb6f8 68f36f591b864a0fb9e374305e3356de - - default default] Unable to schedule network f4de2f68-663b-4614-9410-2dd55c3c0888: no agents available; will retry on subsequent port and subnet creation events.
2026-04-13 04:30:14.710 10 INFO neutron.wsgi [req-5bd453e1-26e3-43eb-9d5d-ea6928689adc req-993c0c56-3801-4dab-8bc9-1edce5f7869c d3275638172d44a3b525c7c003d75ba2 b3297f32648e4ae4b9067edb0ec310f6 - - default default] 10.0.0.137 "GET /v2.0/ports?device_id=6315ba65-ac75-473e-b16b-5c54bb8c4b52 HTTP/1.1" status: 200 len: 1168 time: 0.3069849
2026-04-13 04:30:14.720 9 INFO neutron.db.ovn_revision_numbers_db [None req-8ca1aae8-8252-434b-bf66-c67785a01471 - - - - - -] Successfully bumped revision number for resource 41d23ee2-077a-4ec9-b5d4-6b49aee83b22 (type: ports) to 4
2026-04-13 04:30:14.763 10 INFO neutron.wsgi [req-5bd453e1-26e3-43eb-9d5d-ea6928689adc req-91e53b48-ee4c-4d7c-b249-55d55cea71fb d3275638172d44a3b525c7c003d75ba2 b3297f32648e4ae4b9067edb0ec310f6 - - default default] 10.0.0.137 "GET /v2.0/security-groups?id=6a7be8fa-e030-4038-b503-8bfee3a73197&fields=id&fields=name HTTP/1.1" status: 200 len: 313 time: 0.0451195
2026-04-13 04:30:14.814 10 WARNING neutron.plugins.ml2.drivers.ovn.mech_driver.ovsdb.ovn_client [None req-f7b0568a-a905-4695-ae87-12911a1e09fc - - - - - -] No hosting information found for port f0d65074-47da-4195-928e-eac834bfb237: RuntimeError: No hosting information found for port f0d65074-47da-4195-928e-eac834bfb237
2026-04-13 04:30:14.815 10 INFO neutron.plugins.ml2.drivers.ovn.mech_driver.mech_driver [None req-f7b0568a-a905-4695-ae87-12911a1e09fc - - - - - -] OVN reports status up for port: c7ef97ac-30b1-49c5-8a60-a5eda8e3d409
2026-04-13 04:30:14.831 10 INFO neutron.plugins.ml2.plugin [None req-f7b0568a-a905-4695-ae87-12911a1e09fc - - - - - -] Attempt 1 to provision port c7ef97ac-30b1-49c5-8a60-a5eda8e3d409
2026-04-13 04:30:14.971 10 INFO neutron.notifiers.nova [-] Nova event matching ['req-e2157bb5-8907-4c17-84d2-17e5a6ec70a5'] response: {'server_uuid': '6315ba65-ac75-473e-b16b-5c54bb8c4b52', 'name': 'network-vif-plugged', 'status': 'completed', 'tag': 'c7ef97ac-30b1-49c5-8a60-a5eda8e3d409', 'code': 200}
2026-04-13 04:30:15.077 9 INFO neutron.db.ovn_revision_numbers_db [None req-8ca1aae8-8252-434b-bf66-c67785a01471 - - - - - -] Successfully bumped revision number for resource 41d23ee2-077a-4ec9-b5d4-6b49aee83b22 (type: router_ports) to 4
2026-04-13 04:30:15.172 9 INFO neutron.db.l3_db [None req-bd677ee1-43df-4bec-882e-f256c73731f4 85c54ceea14a4aa89be9cb910a5bb6f8 68f36f591b864a0fb9e374305e3356de - - default default] Floating IP 26a5e6d0-e423-4302-8ff9-3b44ae21e6d3 associated. External IP: 10.96.250.215, port: 2499bdef-05aa-4e3c-96d2-51365503169e.
2026-04-13 04:30:15.200 10 INFO neutron.db.ovn_revision_numbers_db [None req-8dfebacf-27ba-4a49-837e-fcb7c02118e9 464517ff90904eb2b01c9651bd529c8f 2d23722c64c24565877eba2fb1df50d2 - - default default] Successfully bumped revision number for resource 804bafbf-bd1c-4962-aa83-efbd99cc87dc (type: router_ports) to 1
2026-04-13 04:30:15.231 10 INFO neutron.db.ovn_revision_numbers_db [None req-f7b0568a-a905-4695-ae87-12911a1e09fc - - - - - -] Successfully bumped revision number for resource c7ef97ac-30b1-49c5-8a60-a5eda8e3d409 (type: ports) to 4
2026-04-13 04:30:15.321 10 INFO neutron.plugins.ml2.drivers.ovn.mech_driver.mech_driver [None req-f7b0568a-a905-4695-ae87-12911a1e09fc - - - - - -] OVN reports status up for port: 41d23ee2-077a-4ec9-b5d4-6b49aee83b22
2026-04-13 04:30:15.343 10 INFO neutron.plugins.ml2.plugin [None req-f7b0568a-a905-4695-ae87-12911a1e09fc - - - - - -] Attempt 1 to provision port 41d23ee2-077a-4ec9-b5d4-6b49aee83b22
2026-04-13 04:30:15.396 9 INFO neutron.db.ovn_revision_numbers_db [None req-bd677ee1-43df-4bec-882e-f256c73731f4 85c54ceea14a4aa89be9cb910a5bb6f8 68f36f591b864a0fb9e374305e3356de - - default default] Successfully bumped revision number for resource 26a5e6d0-e423-4302-8ff9-3b44ae21e6d3 (type: floatingips) to 0
2026-04-13 04:30:15.433 10 INFO neutron.db.ovn_revision_numbers_db [None req-8dfebacf-27ba-4a49-837e-fcb7c02118e9 464517ff90904eb2b01c9651bd529c8f 2d23722c64c24565877eba2fb1df50d2 - - default default] Successfully bumped revision number for resource 804bafbf-bd1c-4962-aa83-efbd99cc87dc (type: ports) to 1
2026-04-13 04:30:15.520 9 INFO neutron.db.ovn_revision_numbers_db [None req-bd677ee1-43df-4bec-882e-f256c73731f4 85c54ceea14a4aa89be9cb910a5bb6f8 68f36f591b864a0fb9e374305e3356de - - default default] Successfully bumped revision number for resource 26a5e6d0-e423-4302-8ff9-3b44ae21e6d3 (type: floatingips) to 1
2026-04-13 04:30:15.559 9 INFO neutron.wsgi [None req-bd677ee1-43df-4bec-882e-f256c73731f4 85c54ceea14a4aa89be9cb910a5bb6f8 68f36f591b864a0fb9e374305e3356de - - default default] 10.0.0.116 "POST /v2.0/floatingips HTTP/1.1" status: 201 len: 1041 time: 1.2514613
2026-04-13 04:30:15.566 10 WARNING neutron.scheduler.dhcp_agent_scheduler [None req-8dfebacf-27ba-4a49-837e-fcb7c02118e9 464517ff90904eb2b01c9651bd529c8f 2d23722c64c24565877eba2fb1df50d2 - - default default] No more DHCP agents
2026-04-13 04:30:15.568 10 WARNING neutron.api.rpc.agentnotifiers.dhcp_rpc_agent_api [None req-8dfebacf-27ba-4a49-837e-fcb7c02118e9 464517ff90904eb2b01c9651bd529c8f 2d23722c64c24565877eba2fb1df50d2 - - default default] Unable to schedule network 08a28363-ce91-4450-b995-60f7c90a5fef: no agents available; will retry on subsequent port and subnet creation events.
2026-04-13 04:30:15.604 9 INFO neutron.wsgi [None req-31c7f239-6a11-45fe-b333-e0d1bfabf1b7 85c54ceea14a4aa89be9cb910a5bb6f8 68f36f591b864a0fb9e374305e3356de - - default default] 10.0.0.116 "GET /v2.0/floatingips/26a5e6d0-e423-4302-8ff9-3b44ae21e6d3 HTTP/1.1" status: 200 len: 1038 time: 0.0389869 /var/lib/openstack/lib/python3.10/site-packages/pycadf/identifier.py:71: UserWarning: Invalid uuid: neutron. To ensure interoperability, identifiers should be a valid uuid. warnings.warn(('Invalid uuid: %s. To ensure interoperability, '
2026-04-13 04:30:15.882 9 INFO neutron.wsgi [None req-7fc537d6-159e-4490-92dd-52c55c003d34 85c54ceea14a4aa89be9cb910a5bb6f8 68f36f591b864a0fb9e374305e3356de - - default default] 10.0.0.116 "GET /v2.0/floatingips HTTP/1.1" status: 200 len: 1041 time: 0.2723126
2026-04-13 04:30:15.884 10 INFO neutron.wsgi [req-8ffe9d97-fdbc-4d19-ad0d-fc53aaa5f2b3 req-f4895349-b7c6-421a-a263-0bec906c7ee0 d3275638172d44a3b525c7c003d75ba2 b3297f32648e4ae4b9067edb0ec310f6 - - default default] 10.0.0.137 "GET /v2.0/ports?device_id=6315ba65-ac75-473e-b16b-5c54bb8c4b52 HTTP/1.1" status: 200 len: 1170 time: 0.0457685
2026-04-13 04:30:15.964 10 INFO neutron.wsgi [req-8ffe9d97-fdbc-4d19-ad0d-fc53aaa5f2b3 req-3b8a0f8c-4404-4e10-abed-1a5fe0840b16 d3275638172d44a3b525c7c003d75ba2 b3297f32648e4ae4b9067edb0ec310f6 - - default default] 10.0.0.137 "GET /v2.0/security-groups?id=6a7be8fa-e030-4038-b503-8bfee3a73197&fields=id&fields=name HTTP/1.1" status: 200 len: 313 time: 0.0709307
