2026-04-13 04:29:24.580 9 INFO neutron.db.ovn_revision_numbers_db [None req-eb81f0a2-68c8-4de7-a1b7-bc3b497159dd 28b79090c3a744babdbb997c783924a5 2967695ba9534cff80b31f174b6f8b0d - - default default] Successfully bumped revision number for resource 72fa30f3-3ea1-4f8f-a7e8-339f05ac2ed0 (type: security_groups) to 1
2026-04-13 04:29:24.610 9 INFO neutron.db.ovn_revision_numbers_db [None req-eb81f0a2-68c8-4de7-a1b7-bc3b497159dd 28b79090c3a744babdbb997c783924a5 2967695ba9534cff80b31f174b6f8b0d - - default default] Successfully bumped revision number for resource 1ab85054-d4f4-4ff9-926e-0c7d90d2ac03 (type: security_group_rules) to 0
2026-04-13 04:29:24.624 9 INFO neutron.db.ovn_revision_numbers_db [None req-eb81f0a2-68c8-4de7-a1b7-bc3b497159dd 28b79090c3a744babdbb997c783924a5 2967695ba9534cff80b31f174b6f8b0d - - default default] Successfully bumped revision number for resource 689effe4-8a29-4a03-9321-8ea2348b7abe (type: security_group_rules) to 0
2026-04-13 04:29:24.628 9 INFO neutron.db.ovn_revision_numbers_db [None req-4dcdf02c-99c4-441b-86e7-f115ffea969c - - - - - -] Successfully bumped revision number for resource 4ead41dc-0530-449e-a92f-027e90e9d6cf (type: router_ports) to 2
2026-04-13 04:29:24.637 10 INFO neutron.db.ovn_revision_numbers_db [None req-a4b4f571-784e-422c-a1c6-64b3d916d507 48ac36dc0dc4443cae828336671b0fc7 f8e724c54aed4f4688ca71cae1b3c842 - - default default] Successfully bumped revision number for resource 870fd634-2cfb-48a1-a4bb-cdb383b9a9f7 (type: ports) to 1
2026-04-13 04:29:24.642 9 INFO neutron.wsgi [None req-eb81f0a2-68c8-4de7-a1b7-bc3b497159dd 28b79090c3a744babdbb997c783924a5 2967695ba9534cff80b31f174b6f8b0d - - default default] 10.0.0.116 "POST /v2.0/security-groups HTTP/1.1" status: 201 len: 1796 time: 0.2484553
2026-04-13 04:29:24.684 10 INFO neutron.wsgi [None req-a4b4f571-784e-422c-a1c6-64b3d916d507 48ac36dc0dc4443cae828336671b0fc7 f8e724c54aed4f4688ca71cae1b3c842 - - default default] 10.0.0.116 "POST /v2.0/networks HTTP/1.1" status: 201 len: 842 time: 0.9036546
2026-04-13 04:29:24.907 10 INFO neutron.db.ovn_revision_numbers_db [None req-0bbee2e4-aff8-44b5-95f6-ad966e25c607 - - - - - -] Successfully bumped revision number for resource eee92c4e-2afb-478b-9731-654a5f42aef1 (type: ports) to 1
2026-04-13 04:29:24.961 9 INFO neutron.wsgi [req-6256b353-9eff-457d-bfa0-4dc74917250f req-41bae698-f2e0-4025-b82c-66852037b4cc c87ca13df4c143fb9678c7a9a7be63d4 81b2985acad440138bc3a320c6fef60f - - default default] 10.0.0.137 "GET /v2.0/ports?device_id=5e617b3b-6071-4271-ab5d-06d544ef680c HTTP/1.1" status: 200 len: 1168 time: 0.0531709
2026-04-13 04:29:25.027 9 INFO neutron.wsgi [req-6256b353-9eff-457d-bfa0-4dc74917250f req-20131130-875a-439a-bc28-7be8cec30baf c87ca13df4c143fb9678c7a9a7be63d4 81b2985acad440138bc3a320c6fef60f - - default default] 10.0.0.137 "GET /v2.0/security-groups?id=4ad4bb1b-f86d-4da9-81f6-a9a718dd0594&fields=id&fields=name HTTP/1.1" status: 200 len: 313 time: 0.0536752
2026-04-13 04:29:25.048 9 INFO neutron.db.ovn_revision_numbers_db [None req-e759596c-51da-41dc-944f-766302acc6f8 28b79090c3a744babdbb997c783924a5 2967695ba9534cff80b31f174b6f8b0d - - default default] Successfully bumped revision number for resource 298dce06-6051-4f74-92c7-6c3b56177d92 (type: security_group_rules) to 0
2026-04-13 04:29:25.055 10 INFO neutron.db.ovn_revision_numbers_db [None req-3c2ff8e1-feab-4449-a7c0-c03260c3f6c6 fb5ce22dbeba4a8ba2c6fcf1b710c446 fa59b001172f4c65927af88c3a84a69c - - default default] Successfully bumped revision number for resource f35a55fa-af8b-434d-ad02-d2e68107ad9c (type: security_groups) to 1
2026-04-13 04:29:25.071 10 INFO neutron.db.ovn_revision_numbers_db [None req-3c2ff8e1-feab-4449-a7c0-c03260c3f6c6 fb5ce22dbeba4a8ba2c6fcf1b710c446 fa59b001172f4c65927af88c3a84a69c - - default default] Successfully bumped revision number for resource 41ff9cae-b1ab-45b0-ada3-1569e971010c (type: security_group_rules) to 0
2026-04-13 04:29:25.105 9 INFO neutron.wsgi [None req-e759596c-51da-41dc-944f-766302acc6f8 28b79090c3a744babdbb997c783924a5 2967695ba9534cff80b31f174b6f8b0d - - default default] 10.0.0.116 "POST /v2.0/security-group-rules HTTP/1.1" status: 201 len: 764 time: 0.4520943
2026-04-13 04:29:25.106 10 INFO neutron.db.ovn_revision_numbers_db [None req-3c2ff8e1-feab-4449-a7c0-c03260c3f6c6 fb5ce22dbeba4a8ba2c6fcf1b710c446 fa59b001172f4c65927af88c3a84a69c - - default default] Successfully bumped revision number for resource 74b306a7-4466-433e-a632-f493c9e4cc2f (type: security_group_rules) to 0
2026-04-13 04:29:25.127 10 INFO neutron.wsgi [None req-3c2ff8e1-feab-4449-a7c0-c03260c3f6c6 fb5ce22dbeba4a8ba2c6fcf1b710c446 fa59b001172f4c65927af88c3a84a69c - - default default] 10.0.0.116 "POST /v2.0/security-groups HTTP/1.1" status: 201 len: 1796 time: 0.2267098
2026-04-13 04:29:25.130 9 INFO neutron.db.ovn_revision_numbers_db [None req-9531284c-82c3-4db3-87f9-8fd9792b3572 48ac36dc0dc4443cae828336671b0fc7 f8e724c54aed4f4688ca71cae1b3c842 - - default default] Successfully bumped revision number for resource 9b1a4766-23be-43d9-a7c4-27263e8b1e2b (type: networks) to 2
2026-04-13 04:29:25.133 9 INFO neutron.wsgi [None req-9531284c-82c3-4db3-87f9-8fd9792b3572 48ac36dc0dc4443cae828336671b0fc7 f8e724c54aed4f4688ca71cae1b3c842 - - default default] 10.0.0.116 "PUT /v2.0/networks/9b1a4766-23be-43d9-a7c4-27263e8b1e2b HTTP/1.1" status: 200 len: 792 time: 0.4407830
2026-04-13 04:29:25.233 10 INFO neutron.db.ovn_revision_numbers_db [None req-0bbee2e4-aff8-44b5-95f6-ad966e25c607 - - - - - -] Successfully bumped revision number for resource eee92c4e-2afb-478b-9731-654a5f42aef1 (type: router_ports) to 3
2026-04-13 04:29:25.280 9 INFO neutron.db.ovn_revision_numbers_db [None req-c0321660-7aba-461a-a5c9-7a3ebc567ee1 28b79090c3a744babdbb997c783924a5 2967695ba9534cff80b31f174b6f8b0d - - default default] Successfully bumped revision number for resource 9a3b0027-085a-4bff-bb26-37764148e109 (type: security_group_rules) to 0
2026-04-13 04:29:25.296 10 INFO neutron.db.ovn_revision_numbers_db [None req-1c5c0cf2-f756-4d3c-ae60-a5db5a51ef3a fb5ce22dbeba4a8ba2c6fcf1b710c446 fa59b001172f4c65927af88c3a84a69c - - default default] Successfully bumped revision number for resource 6022aaa7-64a7-4552-b75e-ef6e5f379ca8 (type: security_group_rules) to 0
2026-04-13 04:29:25.303 9 INFO neutron.wsgi [None req-c0321660-7aba-461a-a5c9-7a3ebc567ee1 28b79090c3a744babdbb997c783924a5 2967695ba9534cff80b31f174b6f8b0d - - default default] 10.0.0.116 "POST /v2.0/security-group-rules HTTP/1.1" status: 201 len: 769 time: 0.1899753
2026-04-13 04:29:25.326 10 INFO neutron.wsgi [None req-1c5c0cf2-f756-4d3c-ae60-a5db5a51ef3a fb5ce22dbeba4a8ba2c6fcf1b710c446 fa59b001172f4c65927af88c3a84a69c - - default default] 10.0.0.116 "POST /v2.0/security-group-rules HTTP/1.1" status: 201 len: 764 time: 0.1932135
2026-04-13 04:29:25.387 10 INFO neutron.db.ovn_revision_numbers_db [None req-0bbee2e4-aff8-44b5-95f6-ad966e25c607 - - - - - -] Successfully bumped revision number for resource eee92c4e-2afb-478b-9731-654a5f42aef1 (type: ports) to 2
2026-04-13 04:29:25.437 9 WARNING neutron.scheduler.dhcp_agent_scheduler [None req-65cf2411-0f0e-4faf-9dab-427ce85b1b26 48ac36dc0dc4443cae828336671b0fc7 f8e724c54aed4f4688ca71cae1b3c842 - - default default] No more DHCP agents
2026-04-13 04:29:25.443 9 WARNING neutron.api.rpc.agentnotifiers.dhcp_rpc_agent_api [None req-65cf2411-0f0e-4faf-9dab-427ce85b1b26 48ac36dc0dc4443cae828336671b0fc7 f8e724c54aed4f4688ca71cae1b3c842 - - default default] Unable to schedule network 9b1a4766-23be-43d9-a7c4-27263e8b1e2b: no agents available; will retry on subsequent port and subnet creation events.
2026-04-13 04:29:25.564 10 INFO neutron.wsgi [-] 10.0.0.173 "GET / HTTP/1.1" status: 200 len: 247 time: 0.0016463
2026-04-13 04:29:25.565 10 INFO neutron.wsgi [-] 10.0.0.173 "GET / HTTP/1.1" status: 200 len: 247 time: 0.0008690
2026-04-13 04:29:25.603 10 INFO neutron.db.ovn_revision_numbers_db [None req-0bbee2e4-aff8-44b5-95f6-ad966e25c607 - - - - - -] Successfully bumped revision number for resource eee92c4e-2afb-478b-9731-654a5f42aef1 (type: ports) to 4
2026-04-13 04:29:25.625 9 INFO neutron.db.ovn_revision_numbers_db [None req-091d68f2-dfcd-4714-a4fb-b1c16b241aed fb5ce22dbeba4a8ba2c6fcf1b710c446 fa59b001172f4c65927af88c3a84a69c - - default default] Successfully bumped revision number for resource 0be4b195-335a-4ccb-af0d-cc79eda72b6d (type: security_group_rules) to 0
2026-04-13 04:29:25.692 9 INFO neutron.wsgi [None req-091d68f2-dfcd-4714-a4fb-b1c16b241aed fb5ce22dbeba4a8ba2c6fcf1b710c446 fa59b001172f4c65927af88c3a84a69c - - default default] 10.0.0.116 "POST /v2.0/security-group-rules HTTP/1.1" status: 201 len: 769 time: 0.3571880
2026-04-13 04:29:25.745 9 WARNING neutron.scheduler.dhcp_agent_scheduler [None req-a2595308-3aa1-4c58-ac7b-2a658683d4bd 28b79090c3a744babdbb997c783924a5 2967695ba9534cff80b31f174b6f8b0d - - default default] No more DHCP agents
2026-04-13 04:29:25.750 9 WARNING neutron.api.rpc.agentnotifiers.dhcp_rpc_agent_api [None req-a2595308-3aa1-4c58-ac7b-2a658683d4bd 28b79090c3a744babdbb997c783924a5 2967695ba9534cff80b31f174b6f8b0d - - default default] Unable to schedule network f4de2f68-663b-4614-9410-2dd55c3c0888: no agents available; will retry on subsequent port and subnet creation events.
2026-04-13 04:29:25.887 10 INFO neutron.db.ovn_revision_numbers_db [None req-0bbee2e4-aff8-44b5-95f6-ad966e25c607 - - - - - -] Successfully bumped revision number for resource eee92c4e-2afb-478b-9731-654a5f42aef1 (type: router_ports) to 4
2026-04-13 04:29:26.096 9 INFO neutron.db.ovn_revision_numbers_db [None req-a2595308-3aa1-4c58-ac7b-2a658683d4bd 28b79090c3a744babdbb997c783924a5 2967695ba9534cff80b31f174b6f8b0d - - default default] Successfully bumped revision number for resource 1c88b3a2-18a7-4620-9e33-23fc7278309c (type: floatingips) to 0
2026-04-13 04:29:26.109 9 INFO neutron.wsgi [None req-a2595308-3aa1-4c58-ac7b-2a658683d4bd 28b79090c3a744babdbb997c783924a5 2967695ba9534cff80b31f174b6f8b0d - - default default] 10.0.0.116 "POST /v2.0/floatingips HTTP/1.1" status: 201 len: 751 time: 0.8005691
2026-04-13 04:29:26.117 9 INFO neutron.db.ovn_revision_numbers_db [None req-65cf2411-0f0e-4faf-9dab-427ce85b1b26 48ac36dc0dc4443cae828336671b0fc7 f8e724c54aed4f4688ca71cae1b3c842 - - default default] Successfully bumped revision number for resource 870fd634-2cfb-48a1-a4bb-cdb383b9a9f7 (type: ports) to 2
2026-04-13 04:29:26.129 10 WARNING neutron.scheduler.dhcp_agent_scheduler [None req-c0be8461-6593-4f82-a024-e88392145636 fb5ce22dbeba4a8ba2c6fcf1b710c446 fa59b001172f4c65927af88c3a84a69c - - default default] No more DHCP agents
2026-04-13 04:29:26.135 10 WARNING neutron.api.rpc.agentnotifiers.dhcp_rpc_agent_api [None req-c0be8461-6593-4f82-a024-e88392145636 fb5ce22dbeba4a8ba2c6fcf1b710c446 fa59b001172f4c65927af88c3a84a69c - - default default] Unable to schedule network f4de2f68-663b-4614-9410-2dd55c3c0888: no agents available; will retry on subsequent port and subnet creation events.
2026-04-13 04:29:26.152 9 INFO neutron.db.ovn_revision_numbers_db [None req-65cf2411-0f0e-4faf-9dab-427ce85b1b26 48ac36dc0dc4443cae828336671b0fc7 f8e724c54aed4f4688ca71cae1b3c842 - - default default] Successfully bumped revision number for resource e28bf997-850c-43a5-99f1-58ea99df0a91 (type: subnets) to 0
2026-04-13 04:29:26.167 9 INFO neutron.wsgi [None req-65cf2411-0f0e-4faf-9dab-427ce85b1b26 48ac36dc0dc4443cae828336671b0fc7 f8e724c54aed4f4688ca71cae1b3c842 - - default default] 10.0.0.116 "POST /v2.0/subnets HTTP/1.1" status: 201 len: 801 time: 1.0306640
2026-04-13 04:29:26.203 10 INFO neutron.wsgi [req-8531dc27-a4a2-42a8-aaf3-3b66542d21b0 req-1130ebd4-cf7f-47a6-a9ec-f83f84886ada c87ca13df4c143fb9678c7a9a7be63d4 81b2985acad440138bc3a320c6fef60f - - default default] 10.0.0.137 "GET /v2.0/ports?device_id=5e617b3b-6071-4271-ab5d-06d544ef680c HTTP/1.1" status: 200 len: 1168 time: 0.1137064
2026-04-13 04:29:26.293 10 INFO neutron.wsgi [req-8531dc27-a4a2-42a8-aaf3-3b66542d21b0 req-0cf14009-75f7-405d-be3f-22411c3ac323 c87ca13df4c143fb9678c7a9a7be63d4 81b2985acad440138bc3a320c6fef60f - - default default] 10.0.0.137 "GET /v2.0/security-groups?id=4ad4bb1b-f86d-4da9-81f6-a9a718dd0594&fields=id&fields=name HTTP/1.1" status: 200 len: 313 time: 0.0815854
2026-04-13 04:29:26.529 9 INFO neutron.wsgi [req-69802d2c-989f-4dd7-8517-d5405adb15e4 req-be4b8f43-8e6b-4f1e-92c3-d3923c2a83f1 28b79090c3a744babdbb997c783924a5 2967695ba9534cff80b31f174b6f8b0d - - default default] 10.0.0.137 "GET /v2.0/security-groups?name=tempest-securitygroup--241959031&fields=id&tenant_id=2967695ba9534cff80b31f174b6f8b0d HTTP/1.1" status: 200 len: 267 time: 0.0352314
2026-04-13 04:29:26.591 9 INFO neutron.wsgi [req-69802d2c-989f-4dd7-8517-d5405adb15e4 req-cf89a714-d47c-4194-bf57-4588bb3f0a36 28b79090c3a744babdbb997c783924a5 2967695ba9534cff80b31f174b6f8b0d - - default default] 10.0.0.137 "GET /v2.0/networks?id=fab9e6a7-ec7f-4673-8103-d4e452846933 HTTP/1.1" status: 200 len: 869 time: 0.0557470
2026-04-13 04:29:26.602 9 INFO neutron.wsgi [req-69802d2c-989f-4dd7-8517-d5405adb15e4 req-fefea64a-f257-42f5-afed-5a99c4da44b6 28b79090c3a744babdbb997c783924a5 2967695ba9534cff80b31f174b6f8b0d - - default default] 10.0.0.137 "GET /v2.0/quotas/2967695ba9534cff80b31f174b6f8b0d HTTP/1.1" status: 200 len: 386 time: 0.0071576
2026-04-13 04:29:26.605 10 INFO neutron.db.ovn_revision_numbers_db [None req-69c77306-b757-41ac-9577-0e3fd6ded9d1 48ac36dc0dc4443cae828336671b0fc7 f8e724c54aed4f4688ca71cae1b3c842 - - default default] Successfully bumped revision number for resource e28bf997-850c-43a5-99f1-58ea99df0a91 (type: subnets) to 1
2026-04-13 04:29:26.609 10 INFO neutron.wsgi [None req-69c77306-b757-41ac-9577-0e3fd6ded9d1 48ac36dc0dc4443cae828336671b0fc7 f8e724c54aed4f4688ca71cae1b3c842 - - default default] 10.0.0.116 "PUT /v2.0/subnets/e28bf997-850c-43a5-99f1-58ea99df0a91 HTTP/1.1" status: 200 len: 806 time: 0.4376013
2026-04-13 04:29:26.612 10 INFO neutron.db.ovn_revision_numbers_db [None req-c0be8461-6593-4f82-a024-e88392145636 fb5ce22dbeba4a8ba2c6fcf1b710c446 fa59b001172f4c65927af88c3a84a69c - - default default] Successfully bumped revision number for resource 375e1f89-cbbf-4d48-bf7d-7a39765bfe31 (type: floatingips) to 0
2026-04-13 04:29:26.625 10 INFO neutron.wsgi [None req-c0be8461-6593-4f82-a024-e88392145636 fb5ce22dbeba4a8ba2c6fcf1b710c446 fa59b001172f4c65927af88c3a84a69c - - default default] 10.0.0.116 "POST /v2.0/floatingips HTTP/1.1" status: 201 len: 751 time: 0.9284115
2026-04-13 04:29:26.713 9 INFO neutron.wsgi [req-69802d2c-989f-4dd7-8517-d5405adb15e4 req-76eb4c1b-53b1-4152-b408-4228e0b14ef6 28b79090c3a744babdbb997c783924a5 2967695ba9534cff80b31f174b6f8b0d - - default default] 10.0.0.137 "GET /v2.0/ports?tenant_id=2967695ba9534cff80b31f174b6f8b0d&fields=id HTTP/1.1" status: 200 len: 302 time: 0.1079078
2026-04-13 04:29:27.082 9 INFO neutron.wsgi [req-69802d2c-989f-4dd7-8517-d5405adb15e4 req-eb7baede-dd4a-4656-95f0-7c5409b15ca2 789c9a7ee0c848eb92cff03c64e4bf0a cddb5cc411ed46158e2df7299da69934 - - aafb6e47c8464a48aff426311d4cbb0d aafb6e47c8464a48aff426311d4cbb0d] 10.0.0.137 "GET /v2.0/extensions HTTP/1.1" status: 200 len: 16525 time: 0.0473144
2026-04-13 04:29:27.149 9 INFO neutron.wsgi [req-69802d2c-989f-4dd7-8517-d5405adb15e4 req-7103ff69-1614-4836-b2dd-ae7aead59011 789c9a7ee0c848eb92cff03c64e4bf0a cddb5cc411ed46158e2df7299da69934 - - aafb6e47c8464a48aff426311d4cbb0d aafb6e47c8464a48aff426311d4cbb0d] 10.0.0.137 "GET /v2.0/networks/fab9e6a7-ec7f-4673-8103-d4e452846933?fields=segments HTTP/1.1" status: 200 len: 212 time: 0.0596244
2026-04-13 04:29:27.177 10 INFO neutron.services.segments.plugin [-] Segment 78a965b0-ef01-49e4-ae0b-4d55809a776d resource provider aggregate not found
2026-04-13 04:29:27.181 10 INFO neutron.services.segments.plugin [-] Segment 78a965b0-ef01-49e4-ae0b-4d55809a776d resource provider aggregate not found
2026-04-13 04:29:27.195 10 INFO neutron.services.segments.plugin [-] Segment 78a965b0-ef01-49e4-ae0b-4d55809a776d resource provider not found; error: Placement Client Error (4xx): {"errors": [{"status": 404, "title": "Not Found", "detail": "The resource could not be found.\n\n No resource provider with uuid 78a965b0-ef01-49e4-ae0b-4d55809a776d found for delete ", "request_id": "req-5bb6724e-1b33-40e0-9963-4dca0d23a29d"}]}
2026-04-13 04:29:27.209 10 INFO neutron.services.segments.plugin [-] Segment 78a965b0-ef01-49e4-ae0b-4d55809a776d resource provider not found; error: Placement Client Error (4xx): {"errors": [{"status": 404, "title": "Not Found", "detail": "The resource could not be found.\n\n No resource provider with uuid 78a965b0-ef01-49e4-ae0b-4d55809a776d found for delete ", "request_id": "req-8d347a01-0b39-44b0-ac42-bc361c94a768"}]}
2026-04-13 04:29:27.211 9 INFO neutron.wsgi [req-69802d2c-989f-4dd7-8517-d5405adb15e4 req-be27187d-dcad-4993-948a-90a4abc66ffc 789c9a7ee0c848eb92cff03c64e4bf0a cddb5cc411ed46158e2df7299da69934 - - aafb6e47c8464a48aff426311d4cbb0d aafb6e47c8464a48aff426311d4cbb0d] 10.0.0.137 "GET /v2.0/networks/fab9e6a7-ec7f-4673-8103-d4e452846933?fields=provider%3Aphysical_network&fields=provider%3Anetwork_type HTTP/1.1" status: 200 len: 277 time: 0.0554931
2026-04-13 04:29:27.237 10 INFO neutron.wsgi [None req-787ebe3f-37e2-4c19-9ea7-9fc365e6dddf 48ac36dc0dc4443cae828336671b0fc7 f8e724c54aed4f4688ca71cae1b3c842 - - default default] 10.0.0.116 "DELETE /v2.0/networks/9b1a4766-23be-43d9-a7c4-27263e8b1e2b HTTP/1.1" status: 204 len: 168 time: 0.6068676
2026-04-13 04:29:27.256 9 INFO neutron.pecan_wsgi.hooks.translation [None req-c11eb646-2447-4750-a7a2-2de35e5b1509 48ac36dc0dc4443cae828336671b0fc7 f8e724c54aed4f4688ca71cae1b3c842 - - default default] DELETE failed (client error): The resource could not be found.
2026-04-13 04:29:27.259 9 INFO neutron.wsgi [None req-c11eb646-2447-4750-a7a2-2de35e5b1509 48ac36dc0dc4443cae828336671b0fc7 f8e724c54aed4f4688ca71cae1b3c842 - - default default] 10.0.0.116 "DELETE /v2.0/networks/9b1a4766-23be-43d9-a7c4-27263e8b1e2b HTTP/1.1" status: 404 len: 339 time: 0.0171661
2026-04-13 04:29:27.368 9 INFO neutron.wsgi [None req-4a2a47e8-b63b-4242-9a4c-64de84207ab6 48ac36dc0dc4443cae828336671b0fc7 f8e724c54aed4f4688ca71cae1b3c842 - - default default] 10.0.0.116 "GET /v2.0/networks?router%3Aexternal=True HTTP/1.1" status: 200 len: 845 time: 0.1046102
2026-04-13 04:29:27.381 10 INFO neutron.wsgi [req-a4d6f4ce-5656-4ebc-a927-794396a8c5d1 req-4c3068f0-1db3-42f5-8afd-b5d431a252ce 28b79090c3a744babdbb997c783924a5 2967695ba9534cff80b31f174b6f8b0d - - default default] 10.0.0.137 "GET /v2.0/ports?device_id=024e2c8f-e532-4044-8e4f-4cc61939b79c HTTP/1.1" status: 200 len: 210 time: 0.0305579
2026-04-13 04:29:27.390 10 INFO neutron.plugins.ml2.drivers.ovn.mech_driver.mech_driver [None req-f7b0568a-a905-4695-ae87-12911a1e09fc - - - - - -] OVN reports status up for port: 9958168f-2279-4c22-9169-4980ae9d8a77
2026-04-13 04:29:27.406 10 INFO neutron.plugins.ml2.plugin [None req-f7b0568a-a905-4695-ae87-12911a1e09fc - - - - - -] Attempt 1 to provision port 9958168f-2279-4c22-9169-4980ae9d8a77
2026-04-13 04:29:27.684 10 INFO neutron.db.ovn_revision_numbers_db [None req-f7b0568a-a905-4695-ae87-12911a1e09fc - - - - - -] Successfully bumped revision number for resource 9958168f-2279-4c22-9169-4980ae9d8a77 (type: ports) to 4
2026-04-13 04:29:27.701 9 INFO neutron.wsgi [None req-c3cbf3f8-1669-4098-8626-cacffbc1a321 48ac36dc0dc4443cae828336671b0fc7 f8e724c54aed4f4688ca71cae1b3c842 - - default default] 10.0.0.116 "GET /v2.0/subnets?network_id=f4de2f68-663b-4614-9410-2dd55c3c0888 HTTP/1.1" status: 200 len: 820 time: 0.3266940
2026-04-13 04:29:27.714 10 INFO neutron.wsgi [None req-6aea1bd4-801f-4868-bffa-3a4f823b7591 48ac36dc0dc4443cae828336671b0fc7 f8e724c54aed4f4688ca71cae1b3c842 - - default default] 10.0.0.116 "GET /v2.0/extensions HTTP/1.1" status: 200 len: 16520 time: 0.0072541
2026-04-13 04:29:27.735 10 INFO neutron.plugins.ml2.drivers.ovn.mech_driver.mech_driver [None req-f7b0568a-a905-4695-ae87-12911a1e09fc - - - - - -] OVN reports status up for port: 6ee6c084-b1ee-47b3-8086-82ed0a7f2d0f
2026-04-13 04:29:27.746 10 INFO neutron.plugins.ml2.plugin [None req-f7b0568a-a905-4695-ae87-12911a1e09fc - - - - - -] Attempt 1 to provision port 6ee6c084-b1ee-47b3-8086-82ed0a7f2d0f
2026-04-13 04:29:27.794 9 INFO neutron.wsgi [req-b047b1c2-afa8-421d-be2f-c487fdfd605c req-ee49cd50-9a2f-4b24-bf36-429847ab0839 c87ca13df4c143fb9678c7a9a7be63d4 81b2985acad440138bc3a320c6fef60f - - default default] 10.0.0.137 "GET /v2.0/ports?device_id=5e617b3b-6071-4271-ab5d-06d544ef680c HTTP/1.1" status: 200 len: 1168 time: 0.4386389
2026-04-13 04:29:27.851 9 INFO neutron.wsgi [None req-478ec881-4d93-440f-be22-63b8ea97e7d6 48ac36dc0dc4443cae828336671b0fc7 f8e724c54aed4f4688ca71cae1b3c842 - - default default] 10.0.0.116 "GET /v2.0/networks HTTP/1.1" status: 200 len: 1503 time: 0.1308548
2026-04-13 04:29:27.857 9 INFO neutron.wsgi [req-b047b1c2-afa8-421d-be2f-c487fdfd605c req-92c44fd7-5f32-4f01-bbe6-fc2bc954b337 c87ca13df4c143fb9678c7a9a7be63d4 81b2985acad440138bc3a320c6fef60f - - default default] 10.0.0.137 "GET /v2.0/security-groups?id=4ad4bb1b-f86d-4da9-81f6-a9a718dd0594&fields=id&fields=name HTTP/1.1" status: 200 len: 313 time: 0.0534286 /var/lib/openstack/lib/python3.10/site-packages/pycadf/identifier.py:71: UserWarning: Invalid uuid: neutron. To ensure interoperability, identifiers should be a valid uuid. warnings.warn(('Invalid uuid: %s. To ensure interoperability, '
2026-04-13 04:29:27.916 10 INFO neutron.notifiers.nova [-] Nova event matching ['req-f69ade12-6c71-4f29-837c-daa26d74034f'] response: {'server_uuid': '5e617b3b-6071-4271-ab5d-06d544ef680c', 'name': 'network-vif-plugged', 'status': 'completed', 'tag': '9958168f-2279-4c22-9169-4980ae9d8a77', 'code': 200}
2026-04-13 04:29:27.932 10 INFO neutron.wsgi [None req-45201c1d-ef9e-4e57-aa74-fbc066e6cf75 48ac36dc0dc4443cae828336671b0fc7 f8e724c54aed4f4688ca71cae1b3c842 - - default default] 10.0.0.116 "GET /v2.0/subnets HTTP/1.1" status: 200 len: 1428 time: 0.0754783
2026-04-13 04:29:28.016 9 INFO neutron.wsgi [None req-52cde1db-0cb8-48f1-8eca-c4da417a18e8 48ac36dc0dc4443cae828336671b0fc7 f8e724c54aed4f4688ca71cae1b3c842 - - default default] 10.0.0.116 "GET /v2.0/networks/8068d5ca-2150-40e2-aa1c-8aeeb285e7f9 HTTP/1.1" status: 200 len: 862 time: 0.0769794
2026-04-13 04:29:28.057 9 INFO neutron.wsgi [None req-302759bf-a189-47c7-9342-bcbfeebaa569 48ac36dc0dc4443cae828336671b0fc7 f8e724c54aed4f4688ca71cae1b3c842 - - default default] 10.0.0.116 "GET /v2.0/subnets/532021d1-fa87-4f05-92ee-15031985c05e HTTP/1.1" status: 200 len: 811 time: 0.0348034
2026-04-13 04:29:28.079 9 INFO neutron.pecan_wsgi.hooks.translation [None req-3ff16844-3bca-4349-ad08-0142cbe8244a 48ac36dc0dc4443cae828336671b0fc7 f8e724c54aed4f4688ca71cae1b3c842 - - default default] DELETE failed (client error): The resource could not be found.
2026-04-13 04:29:28.081 9 INFO neutron.wsgi [None req-3ff16844-3bca-4349-ad08-0142cbe8244a 48ac36dc0dc4443cae828336671b0fc7 f8e724c54aed4f4688ca71cae1b3c842 - - default default] 10.0.0.116 "DELETE /v2.0/subnets/e28bf997-850c-43a5-99f1-58ea99df0a91 HTTP/1.1" status: 404 len: 337 time: 0.0176945
2026-04-13 04:29:28.107 9 INFO neutron.pecan_wsgi.hooks.translation [None req-ba862219-8041-4782-bef7-3c804679b615 48ac36dc0dc4443cae828336671b0fc7 f8e724c54aed4f4688ca71cae1b3c842 - - default default] DELETE failed (client error): The resource could not be found.
2026-04-13 04:29:28.109 9 INFO neutron.wsgi [None req-ba862219-8041-4782-bef7-3c804679b615 48ac36dc0dc4443cae828336671b0fc7 f8e724c54aed4f4688ca71cae1b3c842 - - default default] 10.0.0.116 "DELETE /v2.0/networks/9b1a4766-23be-43d9-a7c4-27263e8b1e2b HTTP/1.1" status: 404 len: 339 time: 0.0179663
2026-04-13 04:29:28.161 10 INFO neutron.db.ovn_revision_numbers_db [None req-f7b0568a-a905-4695-ae87-12911a1e09fc - - - - - -] Successfully bumped revision number for resource 6ee6c084-b1ee-47b3-8086-82ed0a7f2d0f (type: ports) to 2
2026-04-13 04:29:28.276 9 INFO neutron.wsgi [None req-df61499e-f478-436d-856d-250b1c433359 48ac36dc0dc4443cae828336671b0fc7 f8e724c54aed4f4688ca71cae1b3c842 - - default default] 10.0.0.116 "DELETE /v2.0/subnets/532021d1-fa87-4f05-92ee-15031985c05e HTTP/1.1" status: 204 len: 168 time: 0.1581905
2026-04-13 04:29:28.343 10 INFO neutron.db.ovn_revision_numbers_db [None req-f7b0568a-a905-4695-ae87-12911a1e09fc - - - - - -] Successfully bumped revision number for resource 6ee6c084-b1ee-47b3-8086-82ed0a7f2d0f (type: router_ports) to 2
2026-04-13 04:29:28.382 9 INFO neutron.wsgi [req-69802d2c-989f-4dd7-8517-d5405adb15e4 req-579c51f8-ac7b-4049-adce-7bc947e79d67 28b79090c3a744babdbb997c783924a5 2967695ba9534cff80b31f174b6f8b0d - - default default] 199.204.45.141 "GET /v2.0/networks?id=fab9e6a7-ec7f-4673-8103-d4e452846933 HTTP/1.1" status: 200 len: 869 time: 0.0740352
2026-04-13 04:29:28.433 9 INFO neutron.wsgi [req-69802d2c-989f-4dd7-8517-d5405adb15e4 req-0eec404e-3e4a-41de-bd2f-93dfdad546cc 28b79090c3a744babdbb997c783924a5 2967695ba9534cff80b31f174b6f8b0d - - default default] 199.204.45.141 "GET /v2.0/security-groups?fields=id&fields=name&tenant_id=2967695ba9534cff80b31f174b6f8b0d HTTP/1.1" status: 200 len: 379 time: 0.0440092
2026-04-13 04:29:28.493 9 INFO neutron.wsgi [req-8a5779fa-0662-408e-aff1-13e204f1bfac req-0a124528-bbe0-466a-87d7-ce3f566d84ab 28b79090c3a744babdbb997c783924a5 2967695ba9534cff80b31f174b6f8b0d - - default default] 10.0.0.137 "GET /v2.0/ports?device_id=024e2c8f-e532-4044-8e4f-4cc61939b79c HTTP/1.1" status: 200 len: 210 time: 0.0408869
2026-04-13 04:29:28.756 10 INFO neutron.wsgi [None req-66be7d01-b497-46ff-be6c-00e547aa93d2 48ac36dc0dc4443cae828336671b0fc7 f8e724c54aed4f4688ca71cae1b3c842 - - default default] 10.0.0.116 "DELETE /v2.0/networks/8068d5ca-2150-40e2-aa1c-8aeeb285e7f9 HTTP/1.1" status: 204 len: 168 time: 0.4718814
2026-04-13 04:29:28.785 9 WARNING neutron.scheduler.dhcp_agent_scheduler [req-69802d2c-989f-4dd7-8517-d5405adb15e4 req-bbbe7302-87f5-4934-a008-f31683661d34 28b79090c3a744babdbb997c783924a5 2967695ba9534cff80b31f174b6f8b0d - - default default] No more DHCP agents
2026-04-13 04:29:28.788 9 WARNING neutron.api.rpc.agentnotifiers.dhcp_rpc_agent_api [req-69802d2c-989f-4dd7-8517-d5405adb15e4 req-bbbe7302-87f5-4934-a008-f31683661d34 28b79090c3a744babdbb997c783924a5 2967695ba9534cff80b31f174b6f8b0d - - default default] Unable to schedule network fab9e6a7-ec7f-4673-8103-d4e452846933: no agents available; will retry on subsequent port and subnet creation events.
2026-04-13 04:29:28.957 10 INFO neutron.wsgi [req-ab8ac922-1251-4a41-a483-a7dcaca0125d req-c2848f8d-4289-4781-a8fe-b86b9c7fdda6 c87ca13df4c143fb9678c7a9a7be63d4 81b2985acad440138bc3a320c6fef60f - - default default] 10.0.0.137 "GET /v2.0/ports?device_id=5e617b3b-6071-4271-ab5d-06d544ef680c HTTP/1.1" status: 200 len: 1170 time: 0.0397289
2026-04-13 04:29:28.961 9 INFO neutron.db.ovn_revision_numbers_db [req-69802d2c-989f-4dd7-8517-d5405adb15e4 req-bbbe7302-87f5-4934-a008-f31683661d34 28b79090c3a744babdbb997c783924a5 2967695ba9534cff80b31f174b6f8b0d - - default default] Successfully bumped revision number for resource d163f208-c09c-4b8f-af93-b81e515c27f7 (type: ports) to 1
2026-04-13 04:29:28.987 9 INFO neutron.wsgi [req-69802d2c-989f-4dd7-8517-d5405adb15e4 req-bbbe7302-87f5-4934-a008-f31683661d34 28b79090c3a744babdbb997c783924a5 2967695ba9534cff80b31f174b6f8b0d - - default default] 199.204.45.141 "POST /v2.0/ports HTTP/1.1" status: 201 len: 1158 time: 0.5485306 /var/lib/openstack/lib/python3.10/site-packages/pycadf/identifier.py:71: UserWarning: Invalid uuid: neutron. To ensure interoperability, identifiers should be a valid uuid. warnings.warn(('Invalid uuid: %s. To ensure interoperability, '
2026-04-13 04:29:29.020 10 INFO neutron.wsgi [req-ab8ac922-1251-4a41-a483-a7dcaca0125d req-31199adb-0a4b-4c75-be81-793cabc94efa c87ca13df4c143fb9678c7a9a7be63d4 81b2985acad440138bc3a320c6fef60f - - default default] 10.0.0.137 "GET /v2.0/security-groups?id=4ad4bb1b-f86d-4da9-81f6-a9a718dd0594&fields=id&fields=name HTTP/1.1" status: 200 len: 313 time: 0.0591817
2026-04-13 04:29:29.143 9 INFO neutron.wsgi [req-62ad182c-8b1c-4fc5-9e22-7b3fd3a7f43f req-71518903-f6fb-422d-a207-4ce3917f1324 c87ca13df4c143fb9678c7a9a7be63d4 81b2985acad440138bc3a320c6fef60f - - default default] 10.0.0.137 "GET /v2.0/ports?device_id=5e617b3b-6071-4271-ab5d-06d544ef680c HTTP/1.1" status: 200 len: 1170 time: 0.0400028
2026-04-13 04:29:29.224 10 INFO neutron.services.segments.plugin [-] Segment ca8e344f-3268-4f5d-ab4b-af9664d9be7c resource provider aggregate not found
2026-04-13 04:29:29.231 10 INFO neutron.services.segments.plugin [-] Segment ca8e344f-3268-4f5d-ab4b-af9664d9be7c resource provider aggregate not found
2026-04-13 04:29:29.247 10 INFO neutron.services.segments.plugin [-] Segment ca8e344f-3268-4f5d-ab4b-af9664d9be7c resource provider not found; error: Placement Client Error (4xx): {"errors": [{"status": 404, "title": "Not Found", "detail": "The resource could not be found.\n\n No resource provider with uuid ca8e344f-3268-4f5d-ab4b-af9664d9be7c found for delete ", "request_id": "req-7eca0ee4-e411-4cfc-a104-fd03b3c89d52"}]}
2026-04-13 04:29:29.248 10 INFO neutron.services.segments.plugin [-] Segment ca8e344f-3268-4f5d-ab4b-af9664d9be7c resource provider not found; error: Placement Client Error (4xx): {"errors": [{"status": 404, "title": "Not Found", "detail": "The resource could not be found.\n\n No resource provider with uuid ca8e344f-3268-4f5d-ab4b-af9664d9be7c found for delete ", "request_id": "req-0e0c84bd-aac6-4733-b2e9-33d353c074dc"}]}
2026-04-13 04:29:29.450 10 INFO neutron.wsgi [None req-441f1b17-a72c-4a79-a8a4-16c412c7417a 464517ff90904eb2b01c9651bd529c8f 2d23722c64c24565877eba2fb1df50d2 - - default default] 10.0.0.116 "GET /v2.0/security-groups?tenant_id=f8e724c54aed4f4688ca71cae1b3c842&name=default HTTP/1.1" status: 200 len: 2996 time: 0.1612432
2026-04-13 04:29:29.495 9 INFO neutron.db.l3_db [None req-b484bf5b-3fc0-475b-b7b2-054b37ea23a4 c87ca13df4c143fb9678c7a9a7be63d4 81b2985acad440138bc3a320c6fef60f - - default default] Floating IP 505d8434-e651-401a-b702-fad59be9fc56 associated. External IP: 10.96.250.204, port: 9958168f-2279-4c22-9169-4980ae9d8a77.
2026-04-13 04:29:29.656 10 INFO neutron.wsgi [req-c06c36a6-102d-485a-9485-db386685406c req-d242216b-0579-464f-8dc8-a89bf24ab632 28b79090c3a744babdbb997c783924a5 2967695ba9534cff80b31f174b6f8b0d - - default default] 10.0.0.137 "GET /v2.0/ports?device_id=024e2c8f-e532-4044-8e4f-4cc61939b79c HTTP/1.1" status: 200 len: 1168 time: 0.1063318
2026-04-13 04:29:29.701 10 INFO neutron.wsgi [req-c06c36a6-102d-485a-9485-db386685406c req-f6aae691-3804-4255-b444-e241b62d7797 28b79090c3a744babdbb997c783924a5 2967695ba9534cff80b31f174b6f8b0d - - default default] 10.0.0.137 "GET /v2.0/security-groups?id=72fa30f3-3ea1-4f8f-a7e8-339f05ac2ed0&fields=id&fields=name HTTP/1.1" status: 200 len: 312 time: 0.0385115
2026-04-13 04:29:29.707 10 INFO neutron.wsgi [None req-4c6285de-5035-466d-aad1-a720bf524e97 464517ff90904eb2b01c9651bd529c8f 2d23722c64c24565877eba2fb1df50d2 - - default default] 10.0.0.116 "DELETE /v2.0/security-groups/cfa2a131-262d-4db6-a77e-4abd388f621d HTTP/1.1" status: 204 len: 168 time: 0.2510195
2026-04-13 04:29:29.807 9 INFO neutron.db.ovn_revision_numbers_db [req-69802d2c-989f-4dd7-8517-d5405adb15e4 req-9c0e9683-e7e7-4f64-b087-03fdf865df5d 789c9a7ee0c848eb92cff03c64e4bf0a cddb5cc411ed46158e2df7299da69934 - - aafb6e47c8464a48aff426311d4cbb0d aafb6e47c8464a48aff426311d4cbb0d] Successfully bumped revision number for resource d163f208-c09c-4b8f-af93-b81e515c27f7 (type: ports) to 2
2026-04-13 04:29:29.907 9 INFO neutron.db.ovn_revision_numbers_db [None req-b484bf5b-3fc0-475b-b7b2-054b37ea23a4 c87ca13df4c143fb9678c7a9a7be63d4 81b2985acad440138bc3a320c6fef60f - - default default] Successfully bumped revision number for resource 505d8434-e651-401a-b702-fad59be9fc56 (type: floatingips) to 1
2026-04-13 04:29:29.959 10 INFO neutron.notifiers.nova [-] Nova event matching ['req-4e5d71b4-ac82-444c-a9f3-497666c39213'] response: {'server_uuid': '5e617b3b-6071-4271-ab5d-06d544ef680c', 'name': 'network-vif-plugged', 'status': 'completed', 'tag': '9958168f-2279-4c22-9169-4980ae9d8a77', 'code': 200}
2026-04-13 04:29:30.056 9 INFO neutron.db.ovn_revision_numbers_db [req-69802d2c-989f-4dd7-8517-d5405adb15e4 req-9c0e9683-e7e7-4f64-b087-03fdf865df5d 789c9a7ee0c848eb92cff03c64e4bf0a cddb5cc411ed46158e2df7299da69934 - - aafb6e47c8464a48aff426311d4cbb0d aafb6e47c8464a48aff426311d4cbb0d] Successfully bumped revision number for resource d163f208-c09c-4b8f-af93-b81e515c27f7 (type: ports) to 2
2026-04-13 04:29:30.081 9 INFO neutron.db.ovn_revision_numbers_db [None req-b484bf5b-3fc0-475b-b7b2-054b37ea23a4 c87ca13df4c143fb9678c7a9a7be63d4 81b2985acad440138bc3a320c6fef60f - - default default] Successfully bumped revision number for resource 505d8434-e651-401a-b702-fad59be9fc56 (type: floatingips) to 2
2026-04-13 04:29:30.090 9 INFO neutron.wsgi [req-69802d2c-989f-4dd7-8517-d5405adb15e4 req-9c0e9683-e7e7-4f64-b087-03fdf865df5d 789c9a7ee0c848eb92cff03c64e4bf0a cddb5cc411ed46158e2df7299da69934 - - aafb6e47c8464a48aff426311d4cbb0d aafb6e47c8464a48aff426311d4cbb0d] 199.204.45.141 "PUT /v2.0/ports/d163f208-c09c-4b8f-af93-b81e515c27f7 HTTP/1.1" status: 200 len: 1376 time: 1.0968506 /var/lib/openstack/lib/python3.10/site-packages/pycadf/identifier.py:71: UserWarning: Invalid uuid: neutron. To ensure interoperability, identifiers should be a valid uuid. warnings.warn(('Invalid uuid: %s. To ensure interoperability, '
2026-04-13 04:29:30.141 9 INFO neutron.notifiers.nova [-] Nova event matching ['req-01ee65a1-4d24-4c4e-a2d0-604b539bd98c'] response: {'name': 'network-changed', 'server_uuid': '024e2c8f-e532-4044-8e4f-4cc61939b79c', 'tag': 'd163f208-c09c-4b8f-af93-b81e515c27f7', 'status': 'completed', 'code': 200}
2026-04-13 04:29:30.159 9 INFO neutron.wsgi [None req-b484bf5b-3fc0-475b-b7b2-054b37ea23a4 c87ca13df4c143fb9678c7a9a7be63d4 81b2985acad440138bc3a320c6fef60f - - default default] 10.0.0.116 "PUT /v2.0/floatingips/505d8434-e651-401a-b702-fad59be9fc56 HTTP/1.1" status: 200 len: 1049 time: 1.0019033
2026-04-13 04:29:30.166 9 INFO neutron.wsgi [req-69802d2c-989f-4dd7-8517-d5405adb15e4 req-f31915d0-0f1b-4b1c-9e3e-dfe0c6dc3b10 789c9a7ee0c848eb92cff03c64e4bf0a cddb5cc411ed46158e2df7299da69934 - - aafb6e47c8464a48aff426311d4cbb0d aafb6e47c8464a48aff426311d4cbb0d] 199.204.45.141 "GET /v2.0/ports?tenant_id=2967695ba9534cff80b31f174b6f8b0d&device_id=024e2c8f-e532-4044-8e4f-4cc61939b79c HTTP/1.1" status: 200 len: 1407 time: 0.0375128
2026-04-13 04:29:30.196 9 INFO neutron.wsgi [req-69802d2c-989f-4dd7-8517-d5405adb15e4 req-6f060aaf-6a1a-4dd9-b240-c7c01a19f4d6 789c9a7ee0c848eb92cff03c64e4bf0a cddb5cc411ed46158e2df7299da69934 - - aafb6e47c8464a48aff426311d4cbb0d aafb6e47c8464a48aff426311d4cbb0d] 199.204.45.141 "GET /v2.0/floatingips?fixed_ip_address=10.100.0.5&port_id=d163f208-c09c-4b8f-af93-b81e515c27f7 HTTP/1.1" status: 200 len: 217 time: 0.0227454
2026-04-13 04:29:30.259 9 INFO neutron.wsgi [req-c6650984-02b2-40fe-89ef-910a42e39ea8 req-b2ebf60a-c2bc-44cb-9aff-0cc2321b7171 c87ca13df4c143fb9678c7a9a7be63d4 81b2985acad440138bc3a320c6fef60f - - default default] 10.0.0.137 "GET /v2.0/ports?device_id=5e617b3b-6071-4271-ab5d-06d544ef680c HTTP/1.1" status: 200 len: 1170 time: 0.0596056
2026-04-13 04:29:30.275 9 INFO neutron.wsgi [req-69802d2c-989f-4dd7-8517-d5405adb15e4 req-04e942ea-b8bc-4d6e-89c6-ac634b747815 789c9a7ee0c848eb92cff03c64e4bf0a cddb5cc411ed46158e2df7299da69934 - - aafb6e47c8464a48aff426311d4cbb0d aafb6e47c8464a48aff426311d4cbb0d] 199.204.45.141 "GET /v2.0/subnets?id=aa9380ed-0ef2-4c13-bd9e-c8695b022578 HTTP/1.1" status: 200 len: 863 time: 0.0676785
2026-04-13 04:29:30.278 9 WARNING neutron.plugins.ml2.drivers.ovn.mech_driver.ovsdb.ovn_client [None req-4dcdf02c-99c4-441b-86e7-f115ffea969c - - - - - -] No hosting information found for port 4ead41dc-0530-449e-a92f-027e90e9d6cf: RuntimeError: No hosting information found for port 4ead41dc-0530-449e-a92f-027e90e9d6cf /var/lib/openstack/lib/python3.10/site-packages/pycadf/identifier.py:71: UserWarning: Invalid uuid: neutron. To ensure interoperability, identifiers should be a valid uuid. warnings.warn(('Invalid uuid: %s. To ensure interoperability, '
2026-04-13 04:29:30.328 9 INFO neutron.wsgi [req-69802d2c-989f-4dd7-8517-d5405adb15e4 req-7acc6d4d-8cb1-4a13-8509-4e1fc94ed2c8 789c9a7ee0c848eb92cff03c64e4bf0a cddb5cc411ed46158e2df7299da69934 - - aafb6e47c8464a48aff426311d4cbb0d aafb6e47c8464a48aff426311d4cbb0d] 199.204.45.141 "GET /v2.0/ports?network_id=fab9e6a7-ec7f-4673-8103-d4e452846933&device_owner=network%3Adhcp HTTP/1.1" status: 200 len: 210 time: 0.0294402
2026-04-13 04:29:30.355 9 INFO neutron.wsgi [req-c6650984-02b2-40fe-89ef-910a42e39ea8 req-13c7812a-8695-4c9e-8200-e5b49a7fdad0 c87ca13df4c143fb9678c7a9a7be63d4 81b2985acad440138bc3a320c6fef60f - - default default] 10.0.0.137 "GET /v2.0/security-groups?id=4ad4bb1b-f86d-4da9-81f6-a9a718dd0594&fields=id&fields=name HTTP/1.1" status: 200 len: 313 time: 0.0885084
2026-04-13 04:29:30.396 9 INFO neutron.wsgi [req-69802d2c-989f-4dd7-8517-d5405adb15e4 req-c76e3f2d-baa8-4e4d-9085-d2de64ec4be9 789c9a7ee0c848eb92cff03c64e4bf0a cddb5cc411ed46158e2df7299da69934 - - aafb6e47c8464a48aff426311d4cbb0d aafb6e47c8464a48aff426311d4cbb0d] 199.204.45.141 "GET /v2.0/networks/fab9e6a7-ec7f-4673-8103-d4e452846933?fields=segments HTTP/1.1" status: 200 len: 212 time: 0.0586419
2026-04-13 04:29:30.455 9 INFO neutron.wsgi [req-69802d2c-989f-4dd7-8517-d5405adb15e4 req-bb4501cf-4547-40b4-be36-94a8379ddebf 789c9a7ee0c848eb92cff03c64e4bf0a cddb5cc411ed46158e2df7299da69934 - - aafb6e47c8464a48aff426311d4cbb0d aafb6e47c8464a48aff426311d4cbb0d] 199.204.45.141 "GET /v2.0/networks/fab9e6a7-ec7f-4673-8103-d4e452846933?fields=provider%3Aphysical_network&fields=provider%3Anetwork_type HTTP/1.1" status: 200 len: 277 time: 0.0530357
2026-04-13 04:29:30.533 9 INFO neutron.wsgi [req-3bd6500b-fad1-4eae-b99d-dee5e71d0c35 req-0a4fbb56-e033-4c84-907b-cb712380bd68 789c9a7ee0c848eb92cff03c64e4bf0a cddb5cc411ed46158e2df7299da69934 - - aafb6e47c8464a48aff426311d4cbb0d aafb6e47c8464a48aff426311d4cbb0d] 199.204.45.141 "GET /v2.0/ports?tenant_id=2967695ba9534cff80b31f174b6f8b0d&device_id=024e2c8f-e532-4044-8e4f-4cc61939b79c HTTP/1.1" status: 200 len: 1407 time: 0.0379279
2026-04-13 04:29:30.597 9 INFO neutron.wsgi [req-3bd6500b-fad1-4eae-b99d-dee5e71d0c35 req-23b02f4d-648f-4223-a55a-c5223125f22a 789c9a7ee0c848eb92cff03c64e4bf0a cddb5cc411ed46158e2df7299da69934 - - aafb6e47c8464a48aff426311d4cbb0d aafb6e47c8464a48aff426311d4cbb0d] 199.204.45.141 "GET /v2.0/networks?id=fab9e6a7-ec7f-4673-8103-d4e452846933 HTTP/1.1" status: 200 len: 968 time: 0.0595245
2026-04-13 04:29:30.628 9 INFO neutron.wsgi [req-3bd6500b-fad1-4eae-b99d-dee5e71d0c35 req-96d3a685-b8e0-42e5-900e-dce10a18c92e 789c9a7ee0c848eb92cff03c64e4bf0a cddb5cc411ed46158e2df7299da69934 - - aafb6e47c8464a48aff426311d4cbb0d aafb6e47c8464a48aff426311d4cbb0d] 199.204.45.141 "GET /v2.0/floatingips?fixed_ip_address=10.100.0.5&port_id=d163f208-c09c-4b8f-af93-b81e515c27f7 HTTP/1.1" status: 200 len: 217 time: 0.0231216
2026-04-13 04:29:30.673 9 INFO neutron.wsgi [req-3bd6500b-fad1-4eae-b99d-dee5e71d0c35 req-b373d213-da55-464b-b4ff-2a7ff62fc484 789c9a7ee0c848eb92cff03c64e4bf0a cddb5cc411ed46158e2df7299da69934 - - aafb6e47c8464a48aff426311d4cbb0d aafb6e47c8464a48aff426311d4cbb0d] 199.204.45.141 "GET /v2.0/subnets?id=aa9380ed-0ef2-4c13-bd9e-c8695b022578 HTTP/1.1" status: 200 len: 863 time: 0.0387261
2026-04-13 04:29:30.677 9 INFO neutron.plugins.ml2.drivers.ovn.mech_driver.mech_driver [None req-4dcdf02c-99c4-441b-86e7-f115ffea969c - - - - - -] OVN reports status up for port: d163f208-c09c-4b8f-af93-b81e515c27f7
2026-04-13 04:29:30.695 9 INFO neutron.plugins.ml2.plugin [None req-4dcdf02c-99c4-441b-86e7-f115ffea969c - - - - - -] Attempt 1 to provision port d163f208-c09c-4b8f-af93-b81e515c27f7
2026-04-13 04:29:30.710 9 INFO neutron.wsgi [req-3bd6500b-fad1-4eae-b99d-dee5e71d0c35 req-4155fb7f-7459-4262-b985-e0962c414c52 789c9a7ee0c848eb92cff03c64e4bf0a cddb5cc411ed46158e2df7299da69934 - - aafb6e47c8464a48aff426311d4cbb0d aafb6e47c8464a48aff426311d4cbb0d] 199.204.45.141 "GET /v2.0/ports?network_id=fab9e6a7-ec7f-4673-8103-d4e452846933&device_owner=network%3Adhcp HTTP/1.1" status: 200 len: 210 time: 0.0226166
2026-04-13 04:29:30.796 9 INFO neutron.wsgi [req-3bd6500b-fad1-4eae-b99d-dee5e71d0c35 req-e3c9ec18-f455-4d55-a2fd-b1c0a4aa5005 789c9a7ee0c848eb92cff03c64e4bf0a cddb5cc411ed46158e2df7299da69934 - - aafb6e47c8464a48aff426311d4cbb0d aafb6e47c8464a48aff426311d4cbb0d] 199.204.45.141 "GET /v2.0/networks/fab9e6a7-ec7f-4673-8103-d4e452846933?fields=segments HTTP/1.1" status: 200 len: 212 time: 0.0783155
2026-04-13 04:29:30.886 9 INFO neutron.wsgi [req-3bd6500b-fad1-4eae-b99d-dee5e71d0c35 req-c7b136d6-2a4e-4ff0-bf03-e4f61ad7733b 789c9a7ee0c848eb92cff03c64e4bf0a cddb5cc411ed46158e2df7299da69934 - - aafb6e47c8464a48aff426311d4cbb0d aafb6e47c8464a48aff426311d4cbb0d] 199.204.45.141 "GET /v2.0/networks/fab9e6a7-ec7f-4673-8103-d4e452846933?fields=provider%3Aphysical_network&fields=provider%3Anetwork_type HTTP/1.1" status: 200 len: 277 time: 0.0853090
2026-04-13 04:29:30.938 10 INFO neutron.wsgi [req-5e4d1c2d-296a-4fab-a4c3-30761127a374 req-62990ff3-a8e0-4a5a-8593-576e7dc91236 28b79090c3a744babdbb997c783924a5 2967695ba9534cff80b31f174b6f8b0d - - default default] 10.0.0.137 "GET /v2.0/ports?device_id=024e2c8f-e532-4044-8e4f-4cc61939b79c HTTP/1.1" status: 200 len: 1168 time: 0.1718202
2026-04-13 04:29:30.994 10 INFO neutron.wsgi [req-5e4d1c2d-296a-4fab-a4c3-30761127a374 req-63df5d9c-ecdf-46e1-ad56-3c6102d5b1a5 28b79090c3a744babdbb997c783924a5 2967695ba9534cff80b31f174b6f8b0d - - default default] 10.0.0.137 "GET /v2.0/security-groups?id=72fa30f3-3ea1-4f8f-a7e8-339f05ac2ed0&fields=id&fields=name HTTP/1.1" status: 200 len: 312 time: 0.0479929
2026-04-13 04:29:31.089 9 INFO neutron.db.ovn_revision_numbers_db [None req-4dcdf02c-99c4-441b-86e7-f115ffea969c - - - - - -] Successfully bumped revision number for resource d163f208-c09c-4b8f-af93-b81e515c27f7 (type: ports) to 4 /var/lib/openstack/lib/python3.10/site-packages/pycadf/identifier.py:71: UserWarning: Invalid uuid: neutron. To ensure interoperability, identifiers should be a valid uuid. warnings.warn(('Invalid uuid: %s. To ensure interoperability, '
2026-04-13 04:29:31.360 9 INFO neutron.wsgi [req-d777cd8a-9de4-41e6-9af7-8837da497fcc req-52568777-8695-4a1c-9e05-9f95f0cd9d23 fb5ce22dbeba4a8ba2c6fcf1b710c446 fa59b001172f4c65927af88c3a84a69c - - default default] 10.0.0.137 "GET /v2.0/security-groups?name=tempest-securitygroup--324535174&fields=id&tenant_id=fa59b001172f4c65927af88c3a84a69c HTTP/1.1" status: 200 len: 267 time: 0.0389042
2026-04-13 04:29:31.436 9 INFO neutron.wsgi [req-d777cd8a-9de4-41e6-9af7-8837da497fcc req-7ff2406a-41f0-481f-9aac-b7b6067fc2f1 fb5ce22dbeba4a8ba2c6fcf1b710c446 fa59b001172f4c65927af88c3a84a69c - - default default] 10.0.0.137 "GET /v2.0/networks?id=f3a6cfd1-278b-4a5e-9709-bc7af71f8a91 HTTP/1.1" status: 200 len: 878 time: 0.0677304
2026-04-13 04:29:31.456 9 INFO neutron.wsgi [req-d777cd8a-9de4-41e6-9af7-8837da497fcc req-854ce282-d566-4923-9102-637c27c7e802 fb5ce22dbeba4a8ba2c6fcf1b710c446 fa59b001172f4c65927af88c3a84a69c - - default default] 10.0.0.137 "GET /v2.0/quotas/fa59b001172f4c65927af88c3a84a69c HTTP/1.1" status: 200 len: 386 time: 0.0128181
2026-04-13 04:29:31.546 9 INFO neutron.wsgi [req-d777cd8a-9de4-41e6-9af7-8837da497fcc req-10456fc2-e64f-4669-a888-2066bbd66ab4 fb5ce22dbeba4a8ba2c6fcf1b710c446 fa59b001172f4c65927af88c3a84a69c - - default default] 10.0.0.137 "GET /v2.0/ports?tenant_id=fa59b001172f4c65927af88c3a84a69c&fields=id HTTP/1.1" status: 200 len: 302 time: 0.0818436
2026-04-13 04:29:31.619 9 INFO neutron.wsgi [req-d777cd8a-9de4-41e6-9af7-8837da497fcc req-754b638f-06c1-45e8-826d-b6a4bee7087b 789c9a7ee0c848eb92cff03c64e4bf0a cddb5cc411ed46158e2df7299da69934 - - aafb6e47c8464a48aff426311d4cbb0d aafb6e47c8464a48aff426311d4cbb0d] 10.0.0.137 "GET /v2.0/networks/f3a6cfd1-278b-4a5e-9709-bc7af71f8a91?fields=segments HTTP/1.1" status: 200 len: 212 time: 0.0620348
2026-04-13 04:29:31.673 9 INFO neutron.wsgi [req-d777cd8a-9de4-41e6-9af7-8837da497fcc req-d19a910b-5f36-4e62-babe-86b3d23dd791 789c9a7ee0c848eb92cff03c64e4bf0a cddb5cc411ed46158e2df7299da69934 - - aafb6e47c8464a48aff426311d4cbb0d aafb6e47c8464a48aff426311d4cbb0d] 10.0.0.137 "GET /v2.0/networks/f3a6cfd1-278b-4a5e-9709-bc7af71f8a91?fields=provider%3Aphysical_network&fields=provider%3Anetwork_type HTTP/1.1" status: 200 len: 277 time: 0.0455298
2026-04-13 04:29:31.790 10 INFO neutron.db.ovn_revision_numbers_db [None req-46693d4c-455a-426b-a5b0-61a8a217a2b1 388caf26874e458cafe23d4af4a1a3c2 453eb2d9ff68497c9c5e641cb515a079 - - default default] Successfully bumped revision number for resource cecb6e80-0873-40aa-abce-a30235c5dbae (type: security_groups) to 1
2026-04-13 04:29:31.818 10 INFO neutron.db.ovn_revision_numbers_db [None req-46693d4c-455a-426b-a5b0-61a8a217a2b1 388caf26874e458cafe23d4af4a1a3c2 453eb2d9ff68497c9c5e641cb515a079 - - default default] Successfully bumped revision number for resource 37c9a24a-7fdd-4454-99a9-4c1379c699ed (type: security_group_rules) to 0
2026-04-13 04:29:31.831 10 INFO neutron.db.ovn_revision_numbers_db [None req-46693d4c-455a-426b-a5b0-61a8a217a2b1 388caf26874e458cafe23d4af4a1a3c2 453eb2d9ff68497c9c5e641cb515a079 - - default default] Successfully bumped revision number for resource c161f47a-0c20-4052-bd35-0e391fed8e30 (type: security_group_rules) to 0
2026-04-13 04:29:31.845 10 INFO neutron.db.ovn_revision_numbers_db [None req-46693d4c-455a-426b-a5b0-61a8a217a2b1 388caf26874e458cafe23d4af4a1a3c2 453eb2d9ff68497c9c5e641cb515a079 - - default default] Successfully bumped revision number for resource cd340d99-7db8-4619-aae1-8070f40c45d8 (type: security_group_rules) to 0
2026-04-13 04:29:31.859 10 INFO neutron.db.ovn_revision_numbers_db [None req-46693d4c-455a-426b-a5b0-61a8a217a2b1 388caf26874e458cafe23d4af4a1a3c2 453eb2d9ff68497c9c5e641cb515a079 - - default default] Successfully bumped revision number for resource d5cee2b2-4077-4ba8-8f5e-59d369d05937 (type: security_group_rules) to 0
2026-04-13 04:29:31.910 10 INFO neutron.db.segments_db [None req-46693d4c-455a-426b-a5b0-61a8a217a2b1 388caf26874e458cafe23d4af4a1a3c2 453eb2d9ff68497c9c5e641cb515a079 - - default default] Added segment 36b50c4e-2b47-4111-a23f-95eef023fc05 of type geneve for network a7447886-17cf-487e-8e7f-fada62846f9f
2026-04-13 04:29:31.991 10 INFO neutron.wsgi [req-cb2a41c2-9728-408f-beb8-ecaf5963e38b req-a5996b1e-3e9f-4668-b649-4ed04db00ca5 fb5ce22dbeba4a8ba2c6fcf1b710c446 fa59b001172f4c65927af88c3a84a69c - - default default] 10.0.0.137 "GET /v2.0/ports?device_id=f11b78c6-af9c-4f1c-8009-792b699e73e2 HTTP/1.1" status: 200 len: 210 time: 0.0234423
2026-04-13 04:29:32.065 10 INFO neutron.db.ovn_revision_numbers_db [None req-46693d4c-455a-426b-a5b0-61a8a217a2b1 388caf26874e458cafe23d4af4a1a3c2 453eb2d9ff68497c9c5e641cb515a079 - - default default] Successfully bumped revision number for resource a7447886-17cf-487e-8e7f-fada62846f9f (type: networks) to 1
2026-04-13 04:29:32.166 9 INFO neutron.wsgi [req-d82b6837-7975-4754-8755-5cb1c6fefa3d req-6bbb809d-f725-4595-9dce-2364bdf72505 28b79090c3a744babdbb997c783924a5 2967695ba9534cff80b31f174b6f8b0d - - default default] 10.0.0.137 "GET /v2.0/ports?device_id=024e2c8f-e532-4044-8e4f-4cc61939b79c HTTP/1.1" status: 200 len: 1170 time: 0.1024230
2026-04-13 04:29:32.189 9 INFO neutron.notifiers.nova [-] Nova event matching ['req-b3c7a271-eb62-4ab3-a6ac-fdbda3e5e397'] response: {'name': 'network-changed', 'server_uuid': '5e617b3b-6071-4271-ab5d-06d544ef680c', 'tag': '9958168f-2279-4c22-9169-4980ae9d8a77', 'status': 'completed', 'code': 200}
2026-04-13 04:29:32.189 9 INFO neutron.notifiers.nova [-] Nova event matching ['req-b3c7a271-eb62-4ab3-a6ac-fdbda3e5e397'] response: {'server_uuid': '024e2c8f-e532-4044-8e4f-4cc61939b79c', 'name': 'network-vif-plugged', 'status': 'completed', 'tag': 'd163f208-c09c-4b8f-af93-b81e515c27f7', 'code': 200}
2026-04-13 04:29:32.190 9 INFO neutron.notifiers.nova [-] Nova event matching ['req-b3c7a271-eb62-4ab3-a6ac-fdbda3e5e397'] response: {'server_uuid': '024e2c8f-e532-4044-8e4f-4cc61939b79c', 'name': 'network-vif-plugged', 'status': 'completed', 'tag': 'd163f208-c09c-4b8f-af93-b81e515c27f7', 'code': 200}
2026-04-13 04:29:32.236 9 INFO neutron.wsgi [req-ee391c61-4cf4-4175-8e84-e8b3bbdc0897 req-32f01b29-84cb-4c44-ac43-3b19f19572ea 789c9a7ee0c848eb92cff03c64e4bf0a cddb5cc411ed46158e2df7299da69934 - - aafb6e47c8464a48aff426311d4cbb0d aafb6e47c8464a48aff426311d4cbb0d] 199.204.45.141 "GET /v2.0/ports?tenant_id=81b2985acad440138bc3a320c6fef60f&device_id=5e617b3b-6071-4271-ab5d-06d544ef680c HTTP/1.1" status: 200 len: 1409 time: 0.0355377
2026-04-13 04:29:32.243 9 INFO neutron.wsgi [req-d82b6837-7975-4754-8755-5cb1c6fefa3d req-45546e68-f6d0-4968-9aa4-0a263239912c 28b79090c3a744babdbb997c783924a5 2967695ba9534cff80b31f174b6f8b0d - - default default] 10.0.0.137 "GET /v2.0/security-groups?id=72fa30f3-3ea1-4f8f-a7e8-339f05ac2ed0&fields=id&fields=name HTTP/1.1" status: 200 len: 312 time: 0.0683019
2026-04-13 04:29:32.271 10 WARNING neutron.scheduler.dhcp_agent_scheduler [None req-46693d4c-455a-426b-a5b0-61a8a217a2b1 388caf26874e458cafe23d4af4a1a3c2 453eb2d9ff68497c9c5e641cb515a079 - - default default] No more DHCP agents
2026-04-13 04:29:32.274 10 WARNING neutron.api.rpc.agentnotifiers.dhcp_rpc_agent_api [None req-46693d4c-455a-426b-a5b0-61a8a217a2b1 388caf26874e458cafe23d4af4a1a3c2 453eb2d9ff68497c9c5e641cb515a079 - - default default] Unable to schedule network a7447886-17cf-487e-8e7f-fada62846f9f: no agents available; will retry on subsequent port and subnet creation events.
