2026-04-13 04:30:32.770 9 INFO neutron.notifiers.nova [-] Nova event matching ['req-1cf63268-d1f6-4ff5-88af-7f5ab0b90841'] response: {'name': 'network-changed', 'server_uuid': '7baa8726-08a7-42ab-989f-9207ea05e3ce', 'tag': '32ab81ad-b32b-497c-a217-0f8b00b24882', 'status': 'completed', 'code': 200}
2026-04-13 04:30:32.794 10 INFO neutron.db.ovn_revision_numbers_db [None req-55842049-4d2c-4883-b62f-cad2fde4477d ef2e7ef18f884b53a9af08459783b8b2 d7f370d7a27e46629f3df807df0683dc - - default default] Successfully bumped revision number for resource bb878d25-6364-413f-946b-e3bca1694afa (type: security_group_rules) to 0 /var/lib/openstack/lib/python3.10/site-packages/pycadf/identifier.py:71: UserWarning: Invalid uuid: neutron. To ensure interoperability, identifiers should be a valid uuid. warnings.warn(('Invalid uuid: %s. To ensure interoperability, '
2026-04-13 04:30:32.816 10 INFO neutron.db.ovn_revision_numbers_db [None req-55842049-4d2c-4883-b62f-cad2fde4477d ef2e7ef18f884b53a9af08459783b8b2 d7f370d7a27e46629f3df807df0683dc - - default default] Successfully bumped revision number for resource df6d4bf8-404b-46bd-abf6-fc8e4c44719e (type: security_group_rules) to 0
2026-04-13 04:30:32.825 9 INFO neutron.wsgi [req-d510bad6-5268-45f0-b051-75fac2b639d6 req-9f9e59d0-948d-4d30-8fb1-648754e470ed 789c9a7ee0c848eb92cff03c64e4bf0a cddb5cc411ed46158e2df7299da69934 - - aafb6e47c8464a48aff426311d4cbb0d aafb6e47c8464a48aff426311d4cbb0d] 199.204.45.141 "GET /v2.0/ports?tenant_id=713d12c1a7b7446487fa0dbb483e5dd1&device_id=7baa8726-08a7-42ab-989f-9207ea05e3ce HTTP/1.1" status: 200 len: 1448 time: 0.0350080
2026-04-13 04:30:32.845 10 INFO neutron.wsgi [None req-29c34aeb-b332-4ddb-99d2-e518fcc503d0 6c3fa53e290e447280a9ff18d2fcc359 9fef1be5469743e89769b08cbd37fa1e - - default default] 10.0.0.116 "DELETE /v2.0/subnets/7ecd6b16-a946-4101-82ab-0167b05f034b HTTP/1.1" status: 204 len: 168 time: 0.2403762
2026-04-13 04:30:32.880 10 INFO neutron.db.segments_db [None req-55842049-4d2c-4883-b62f-cad2fde4477d ef2e7ef18f884b53a9af08459783b8b2 d7f370d7a27e46629f3df807df0683dc - - default default] Added segment 66c5eaba-ea2f-46ea-921b-c80b01d6e998 of type geneve for network b64f9179-5ece-4570-a59e-fe35c1634a03
2026-04-13 04:30:32.939 9 INFO neutron.wsgi [req-d510bad6-5268-45f0-b051-75fac2b639d6 req-45669352-4ae6-44aa-9e6e-dde0f3e9790d 789c9a7ee0c848eb92cff03c64e4bf0a cddb5cc411ed46158e2df7299da69934 - - aafb6e47c8464a48aff426311d4cbb0d aafb6e47c8464a48aff426311d4cbb0d] 199.204.45.141 "GET /v2.0/networks?id=08a28363-ce91-4450-b995-60f7c90a5fef HTTP/1.1" status: 200 len: 968 time: 0.1088419
2026-04-13 04:30:33.005 9 INFO neutron.wsgi [req-fdee49db-540f-49c8-9ab4-51f8af967771 req-d3846087-21cb-4271-8687-29d52c86a7fb d3275638172d44a3b525c7c003d75ba2 b3297f32648e4ae4b9067edb0ec310f6 - - default default] 10.0.0.137 "GET /v2.0/ports?device_id=6315ba65-ac75-473e-b16b-5c54bb8c4b52 HTTP/1.1" status: 200 len: 1170 time: 0.1680770
2026-04-13 04:30:33.009 9 INFO neutron.wsgi [req-d510bad6-5268-45f0-b051-75fac2b639d6 req-53d51636-fbf6-4f05-a04a-56e206ba33dd 789c9a7ee0c848eb92cff03c64e4bf0a cddb5cc411ed46158e2df7299da69934 - - aafb6e47c8464a48aff426311d4cbb0d aafb6e47c8464a48aff426311d4cbb0d] 199.204.45.141 "GET /v2.0/floatingips?fixed_ip_address=10.100.0.5&port_id=32ab81ad-b32b-497c-a217-0f8b00b24882 HTTP/1.1" status: 200 len: 1059 time: 0.0617766
2026-04-13 04:30:33.027 10 INFO neutron.db.ovn_revision_numbers_db [None req-55842049-4d2c-4883-b62f-cad2fde4477d ef2e7ef18f884b53a9af08459783b8b2 d7f370d7a27e46629f3df807df0683dc - - default default] Successfully bumped revision number for resource b64f9179-5ece-4570-a59e-fe35c1634a03 (type: networks) to 1
2026-04-13 04:30:33.068 9 INFO neutron.wsgi [req-d510bad6-5268-45f0-b051-75fac2b639d6 req-f9a6fa90-5d5b-4d02-9d57-931ac72446bd 789c9a7ee0c848eb92cff03c64e4bf0a cddb5cc411ed46158e2df7299da69934 - - aafb6e47c8464a48aff426311d4cbb0d aafb6e47c8464a48aff426311d4cbb0d] 199.204.45.141 "GET /v2.0/subnets?id=86a2ba6a-1d34-4e4d-9975-8903b6344fb2 HTTP/1.1" status: 200 len: 865 time: 0.0442200
2026-04-13 04:30:33.092 9 INFO neutron.wsgi [req-fdee49db-540f-49c8-9ab4-51f8af967771 req-ee7b14f6-32d9-4fbd-a060-e54d1234b854 d3275638172d44a3b525c7c003d75ba2 b3297f32648e4ae4b9067edb0ec310f6 - - default default] 10.0.0.137 "GET /v2.0/security-groups?id=6a7be8fa-e030-4038-b503-8bfee3a73197&fields=id&fields=name HTTP/1.1" status: 200 len: 313 time: 0.0796874
2026-04-13 04:30:33.108 9 INFO neutron.wsgi [req-d510bad6-5268-45f0-b051-75fac2b639d6 req-86934a66-d6fa-48c1-a616-e344dc3198d3 789c9a7ee0c848eb92cff03c64e4bf0a cddb5cc411ed46158e2df7299da69934 - - aafb6e47c8464a48aff426311d4cbb0d aafb6e47c8464a48aff426311d4cbb0d] 199.204.45.141 "GET /v2.0/ports?network_id=08a28363-ce91-4450-b995-60f7c90a5fef&device_owner=network%3Adhcp HTTP/1.1" status: 200 len: 210 time: 0.0309908
2026-04-13 04:30:33.157 9 INFO neutron.wsgi [None req-a087364b-25a0-4725-8426-21f90ec575b4 6c3fa53e290e447280a9ff18d2fcc359 9fef1be5469743e89769b08cbd37fa1e - - default default] 10.0.0.116 "DELETE /v2.0/subnets/6c5f993d-f5e0-4574-ad61-94b529c43acf HTTP/1.1" status: 204 len: 168 time: 0.3053267
2026-04-13 04:30:33.195 9 INFO neutron.wsgi [req-d510bad6-5268-45f0-b051-75fac2b639d6 req-b686b138-33f8-4716-9700-d9a49054b435 789c9a7ee0c848eb92cff03c64e4bf0a cddb5cc411ed46158e2df7299da69934 - - aafb6e47c8464a48aff426311d4cbb0d aafb6e47c8464a48aff426311d4cbb0d] 199.204.45.141 "GET /v2.0/networks/08a28363-ce91-4450-b995-60f7c90a5fef?fields=segments HTTP/1.1" status: 200 len: 212 time: 0.0755615
2026-04-13 04:30:33.198 9 INFO neutron.wsgi [None req-5ff227b5-0e53-41df-b4f1-f6c6d583bac1 6c3fa53e290e447280a9ff18d2fcc359 9fef1be5469743e89769b08cbd37fa1e - - default default] 10.0.0.116 "GET /v2.0/subnets HTTP/1.1" status: 200 len: 820 time: 0.0349116
2026-04-13 04:30:33.205 10 WARNING neutron.scheduler.dhcp_agent_scheduler [None req-55842049-4d2c-4883-b62f-cad2fde4477d ef2e7ef18f884b53a9af08459783b8b2 d7f370d7a27e46629f3df807df0683dc - - default default] No more DHCP agents
2026-04-13 04:30:33.218 10 WARNING neutron.api.rpc.agentnotifiers.dhcp_rpc_agent_api [None req-55842049-4d2c-4883-b62f-cad2fde4477d ef2e7ef18f884b53a9af08459783b8b2 d7f370d7a27e46629f3df807df0683dc - - default default] Unable to schedule network b64f9179-5ece-4570-a59e-fe35c1634a03: no agents available; will retry on subsequent port and subnet creation events.
2026-04-13 04:30:33.257 9 INFO neutron.wsgi [req-d510bad6-5268-45f0-b051-75fac2b639d6 req-19c4c2cc-ff9c-40d9-a7c6-f9326983854b 789c9a7ee0c848eb92cff03c64e4bf0a cddb5cc411ed46158e2df7299da69934 - - aafb6e47c8464a48aff426311d4cbb0d aafb6e47c8464a48aff426311d4cbb0d] 199.204.45.141 "GET /v2.0/networks/08a28363-ce91-4450-b995-60f7c90a5fef?fields=provider%3Aphysical_network&fields=provider%3Anetwork_type HTTP/1.1" status: 200 len: 277 time: 0.0547385
2026-04-13 04:30:33.322 10 INFO neutron.db.ovn_revision_numbers_db [None req-55842049-4d2c-4883-b62f-cad2fde4477d ef2e7ef18f884b53a9af08459783b8b2 d7f370d7a27e46629f3df807df0683dc - - default default] Successfully bumped revision number for resource eb87eb29-5969-4f9c-b453-6ac911a932e7 (type: ports) to 1
2026-04-13 04:30:33.346 10 INFO neutron.wsgi [None req-55842049-4d2c-4883-b62f-cad2fde4477d ef2e7ef18f884b53a9af08459783b8b2 d7f370d7a27e46629f3df807df0683dc - - default default] 10.0.0.116 "POST /v2.0/networks HTTP/1.1" status: 201 len: 844 time: 1.1292892
2026-04-13 04:30:33.470 9 INFO neutron.wsgi [req-9c1cbd2a-df5a-4433-86ba-6688015c09d9 req-2822ae9b-a5ed-4922-927a-2e6b87870297 d3275638172d44a3b525c7c003d75ba2 b3297f32648e4ae4b9067edb0ec310f6 - - default default] 10.0.0.137 "GET /v2.0/ports?device_id=6315ba65-ac75-473e-b16b-5c54bb8c4b52 HTTP/1.1" status: 200 len: 1170 time: 0.0629919
2026-04-13 04:30:33.494 9 INFO neutron.wsgi [req-225f260c-121e-40ee-8877-b91bbd9a1e70 req-0dca10a6-6f3d-482f-b55d-82f8303cd33d 789c9a7ee0c848eb92cff03c64e4bf0a cddb5cc411ed46158e2df7299da69934 - - aafb6e47c8464a48aff426311d4cbb0d aafb6e47c8464a48aff426311d4cbb0d] 199.204.45.141 "GET /v2.0/ports?tenant_id=b3297f32648e4ae4b9067edb0ec310f6&device_id=6315ba65-ac75-473e-b16b-5c54bb8c4b52 HTTP/1.1" status: 200 len: 1409 time: 0.0630760
2026-04-13 04:30:33.559 9 INFO neutron.wsgi [req-9c1cbd2a-df5a-4433-86ba-6688015c09d9 req-2a9b5b73-1aa1-4d9a-adc8-7b236bc8e9b2 d3275638172d44a3b525c7c003d75ba2 b3297f32648e4ae4b9067edb0ec310f6 - - default default] 10.0.0.137 "GET /v2.0/security-groups?id=6a7be8fa-e030-4038-b503-8bfee3a73197&fields=id&fields=name HTTP/1.1" status: 200 len: 313 time: 0.0816221
2026-04-13 04:30:33.569 10 INFO neutron.services.segments.plugin [-] Segment 91ca66d7-4724-4279-b0da-b28cb07ec667 resource provider aggregate not found
2026-04-13 04:30:33.574 10 INFO neutron.services.segments.plugin [-] Segment 91ca66d7-4724-4279-b0da-b28cb07ec667 resource provider aggregate not found
2026-04-13 04:30:33.585 10 INFO neutron.services.segments.plugin [-] Segment 91ca66d7-4724-4279-b0da-b28cb07ec667 resource provider not found; error: Placement Client Error (4xx): {"errors": [{"status": 404, "title": "Not Found", "detail": "The resource could not be found.\n\n No resource provider with uuid 91ca66d7-4724-4279-b0da-b28cb07ec667 found for delete ", "request_id": "req-e94d78e9-003e-45a9-bcbd-49b54bdb7646"}]}
2026-04-13 04:30:33.589 10 INFO neutron.services.segments.plugin [-] Segment 91ca66d7-4724-4279-b0da-b28cb07ec667 resource provider not found; error: Placement Client Error (4xx): {"errors": [{"status": 404, "title": "Not Found", "detail": "The resource could not be found.\n\n No resource provider with uuid 91ca66d7-4724-4279-b0da-b28cb07ec667 found for delete ", "request_id": "req-ac11b29a-a35f-47a4-a531-b25dd2a7a3f6"}]}
2026-04-13 04:30:33.590 9 INFO neutron.wsgi [req-225f260c-121e-40ee-8877-b91bbd9a1e70 req-c836dd3d-2b9e-41d1-aeb9-e72758800b95 789c9a7ee0c848eb92cff03c64e4bf0a cddb5cc411ed46158e2df7299da69934 - - aafb6e47c8464a48aff426311d4cbb0d aafb6e47c8464a48aff426311d4cbb0d] 199.204.45.141 "GET /v2.0/networks?id=ec7e44a8-a0e8-416a-b164-d7a02d40f699 HTTP/1.1" status: 200 len: 974 time: 0.0882945
2026-04-13 04:30:33.610 10 INFO neutron.wsgi [None req-128cb082-56e4-4d15-9735-77d5f0234bc2 6c3fa53e290e447280a9ff18d2fcc359 9fef1be5469743e89769b08cbd37fa1e - - default default] 10.0.0.116 "DELETE /v2.0/networks/5fcfd537-5782-4ea7-b802-93ead0c7ffcd HTTP/1.1" status: 204 len: 168 time: 0.4037800
2026-04-13 04:30:33.661 9 INFO neutron.wsgi [req-225f260c-121e-40ee-8877-b91bbd9a1e70 req-eeac3f19-c30b-4dc9-8ac3-04c9c08216d2 789c9a7ee0c848eb92cff03c64e4bf0a cddb5cc411ed46158e2df7299da69934 - - aafb6e47c8464a48aff426311d4cbb0d aafb6e47c8464a48aff426311d4cbb0d] 199.204.45.141 "GET /v2.0/floatingips?fixed_ip_address=10.100.0.9&port_id=c7ef97ac-30b1-49c5-8a60-a5eda8e3d409 HTTP/1.1" status: 200 len: 1059 time: 0.0604713
2026-04-13 04:30:33.705 9 INFO neutron.wsgi [req-225f260c-121e-40ee-8877-b91bbd9a1e70 req-fdd39c68-f1b4-43e6-b5b5-1d7ae338ef9f 789c9a7ee0c848eb92cff03c64e4bf0a cddb5cc411ed46158e2df7299da69934 - - aafb6e47c8464a48aff426311d4cbb0d aafb6e47c8464a48aff426311d4cbb0d] 199.204.45.141 "GET /v2.0/subnets?id=41e7e296-63c3-4ee6-a8fc-a05302977a47 HTTP/1.1" status: 200 len: 869 time: 0.0377827 /var/lib/openstack/lib/python3.10/site-packages/pycadf/identifier.py:71: UserWarning: Invalid uuid: neutron. To ensure interoperability, identifiers should be a valid uuid. warnings.warn(('Invalid uuid: %s. To ensure interoperability, '
2026-04-13 04:30:33.741 9 INFO neutron.wsgi [req-225f260c-121e-40ee-8877-b91bbd9a1e70 req-f39e6772-17e0-4152-8d4a-127cc99e1abd 789c9a7ee0c848eb92cff03c64e4bf0a cddb5cc411ed46158e2df7299da69934 - - aafb6e47c8464a48aff426311d4cbb0d aafb6e47c8464a48aff426311d4cbb0d] 199.204.45.141 "GET /v2.0/ports?network_id=ec7e44a8-a0e8-416a-b164-d7a02d40f699&device_owner=network%3Adhcp HTTP/1.1" status: 200 len: 210 time: 0.0245330
2026-04-13 04:30:33.743 9 WARNING neutron.scheduler.dhcp_agent_scheduler [None req-3285d7e1-5ad5-4bf0-bd3c-03d6da51a078 ef2e7ef18f884b53a9af08459783b8b2 d7f370d7a27e46629f3df807df0683dc - - default default] No more DHCP agents
2026-04-13 04:30:33.745 9 WARNING neutron.api.rpc.agentnotifiers.dhcp_rpc_agent_api [None req-3285d7e1-5ad5-4bf0-bd3c-03d6da51a078 ef2e7ef18f884b53a9af08459783b8b2 d7f370d7a27e46629f3df807df0683dc - - default default] Unable to schedule network b64f9179-5ece-4570-a59e-fe35c1634a03: no agents available; will retry on subsequent port and subnet creation events. /var/lib/openstack/lib/python3.10/site-packages/pycadf/identifier.py:71: UserWarning: Invalid uuid: neutron. To ensure interoperability, identifiers should be a valid uuid. warnings.warn(('Invalid uuid: %s. To ensure interoperability, '
2026-04-13 04:30:33.890 9 INFO neutron.wsgi [req-225f260c-121e-40ee-8877-b91bbd9a1e70 req-aeb3c2e6-04b5-441e-9938-92ff8e411d2d 789c9a7ee0c848eb92cff03c64e4bf0a cddb5cc411ed46158e2df7299da69934 - - aafb6e47c8464a48aff426311d4cbb0d aafb6e47c8464a48aff426311d4cbb0d] 199.204.45.141 "GET /v2.0/networks/ec7e44a8-a0e8-416a-b164-d7a02d40f699?fields=segments HTTP/1.1" status: 200 len: 212 time: 0.1378236
2026-04-13 04:30:33.918 9 INFO neutron.db.ovn_revision_numbers_db [None req-3285d7e1-5ad5-4bf0-bd3c-03d6da51a078 ef2e7ef18f884b53a9af08459783b8b2 d7f370d7a27e46629f3df807df0683dc - - default default] Successfully bumped revision number for resource d2ed33e9-6a1f-4979-9f33-d67e3384e3ab (type: ports) to 1
2026-04-13 04:30:33.964 9 INFO neutron.wsgi [None req-3285d7e1-5ad5-4bf0-bd3c-03d6da51a078 ef2e7ef18f884b53a9af08459783b8b2 d7f370d7a27e46629f3df807df0683dc - - default default] 10.0.0.116 "POST /v2.0/ports HTTP/1.1" status: 201 len: 973 time: 0.6109831
2026-04-13 04:30:33.994 9 INFO neutron.wsgi [req-225f260c-121e-40ee-8877-b91bbd9a1e70 req-d42e3c3d-88a8-4edc-b1c3-0c346e668ae9 789c9a7ee0c848eb92cff03c64e4bf0a cddb5cc411ed46158e2df7299da69934 - - aafb6e47c8464a48aff426311d4cbb0d aafb6e47c8464a48aff426311d4cbb0d] 199.204.45.141 "GET /v2.0/networks/ec7e44a8-a0e8-416a-b164-d7a02d40f699?fields=provider%3Aphysical_network&fields=provider%3Anetwork_type HTTP/1.1" status: 200 len: 277 time: 0.0954995
2026-04-13 04:30:34.062 10 INFO neutron.wsgi [None req-eacd3cef-af95-4572-8505-33bc2040a4be 6c3fa53e290e447280a9ff18d2fcc359 9fef1be5469743e89769b08cbd37fa1e - - default default] 10.0.0.116 "DELETE /v2.0/networks/36d0d884-9063-4119-9eab-ea2a4a60d891 HTTP/1.1" status: 204 len: 168 time: 0.4467075
2026-04-13 04:30:34.107 9 INFO neutron.db.segments_db [None req-122367bb-265e-4e0f-867e-04a4abf574b2 ef2e7ef18f884b53a9af08459783b8b2 d7f370d7a27e46629f3df807df0683dc - - default default] Added segment 7c384f26-5255-4dde-8d46-22027bc691e6 of type geneve for network 126e8b44-0dfd-4434-8140-ba8ef6d55f68
2026-04-13 04:30:34.247 10 INFO neutron.plugins.ml2.drivers.ovn.mech_driver.mech_driver [None req-f7b0568a-a905-4695-ae87-12911a1e09fc - - - - - -] OVN reports status down for port: c7ef97ac-30b1-49c5-8a60-a5eda8e3d409
2026-04-13 04:30:34.336 9 INFO neutron.db.ovn_revision_numbers_db [None req-122367bb-265e-4e0f-867e-04a4abf574b2 ef2e7ef18f884b53a9af08459783b8b2 d7f370d7a27e46629f3df807df0683dc - - default default] Successfully bumped revision number for resource 126e8b44-0dfd-4434-8140-ba8ef6d55f68 (type: networks) to 1
2026-04-13 04:30:34.425 10 INFO neutron.notifiers.nova [-] Nova event matching ['req-309fdda0-247f-4d7d-99e3-11652e14f4a1'] response: {'server_uuid': '6315ba65-ac75-473e-b16b-5c54bb8c4b52', 'name': 'network-vif-unplugged', 'status': 'completed', 'tag': 'c7ef97ac-30b1-49c5-8a60-a5eda8e3d409', 'code': 200}
2026-04-13 04:30:34.578 10 INFO neutron.db.ovn_revision_numbers_db [None req-f7b0568a-a905-4695-ae87-12911a1e09fc - - - - - -] Successfully bumped revision number for resource c7ef97ac-30b1-49c5-8a60-a5eda8e3d409 (type: ports) to 5
2026-04-13 04:30:34.601 9 WARNING neutron.scheduler.dhcp_agent_scheduler [None req-122367bb-265e-4e0f-867e-04a4abf574b2 ef2e7ef18f884b53a9af08459783b8b2 d7f370d7a27e46629f3df807df0683dc - - default default] No more DHCP agents
2026-04-13 04:30:34.628 9 WARNING neutron.api.rpc.agentnotifiers.dhcp_rpc_agent_api [None req-122367bb-265e-4e0f-867e-04a4abf574b2 ef2e7ef18f884b53a9af08459783b8b2 d7f370d7a27e46629f3df807df0683dc - - default default] Unable to schedule network 126e8b44-0dfd-4434-8140-ba8ef6d55f68: no agents available; will retry on subsequent port and subnet creation events.
2026-04-13 04:30:34.630 9 INFO neutron.services.segments.plugin [-] Segment e0bad509-c4e2-43bc-ad7c-c5c745ffb816 resource provider aggregate not found
2026-04-13 04:30:34.643 9 INFO neutron.services.segments.plugin [-] Segment e0bad509-c4e2-43bc-ad7c-c5c745ffb816 resource provider aggregate not found
2026-04-13 04:30:34.662 9 INFO neutron.services.segments.plugin [-] Segment e0bad509-c4e2-43bc-ad7c-c5c745ffb816 resource provider not found; error: Placement Client Error (4xx): {"errors": [{"status": 404, "title": "Not Found", "detail": "The resource could not be found.\n\n No resource provider with uuid e0bad509-c4e2-43bc-ad7c-c5c745ffb816 found for delete ", "request_id": "req-fa8e2f67-7756-417c-be47-b91ef6da0532"}]}
2026-04-13 04:30:34.673 9 INFO neutron.services.segments.plugin [-] Segment e0bad509-c4e2-43bc-ad7c-c5c745ffb816 resource provider not found; error: Placement Client Error (4xx): {"errors": [{"status": 404, "title": "Not Found", "detail": "The resource could not be found.\n\n No resource provider with uuid e0bad509-c4e2-43bc-ad7c-c5c745ffb816 found for delete ", "request_id": "req-64d07631-60f0-4942-8fa8-0ac9c384f8c9"}]}
2026-04-13 04:30:34.702 9 INFO neutron.wsgi [req-ce055597-44b1-4129-a6a8-863eb4bb0e99 req-5e0493d0-71bd-46d0-b61a-c2e7722d4d3e d3275638172d44a3b525c7c003d75ba2 b3297f32648e4ae4b9067edb0ec310f6 - - default default] 10.0.0.137 "GET /v2.0/ports?device_id=6315ba65-ac75-473e-b16b-5c54bb8c4b52 HTTP/1.1" status: 200 len: 1168 time: 0.0784934
2026-04-13 04:30:34.734 9 INFO neutron.wsgi [None req-96646e62-fa2b-434c-a919-d00fd2fe4db0 6c3fa53e290e447280a9ff18d2fcc359 9fef1be5469743e89769b08cbd37fa1e - - default default] 10.0.0.116 "DELETE /v2.0/networks/b08533e4-3a1f-433d-93d3-20b578376cf0 HTTP/1.1" status: 204 len: 168 time: 0.6569991 /var/lib/openstack/lib/python3.10/site-packages/pycadf/identifier.py:71: UserWarning: Invalid uuid: neutron. To ensure interoperability, identifiers should be a valid uuid. warnings.warn(('Invalid uuid: %s. To ensure interoperability, '
2026-04-13 04:30:34.766 9 INFO neutron.wsgi [req-ce055597-44b1-4129-a6a8-863eb4bb0e99 req-2e350537-b0e0-4e1e-af11-553b710013e4 d3275638172d44a3b525c7c003d75ba2 b3297f32648e4ae4b9067edb0ec310f6 - - default default] 10.0.0.137 "GET /v2.0/security-groups?id=6a7be8fa-e030-4038-b503-8bfee3a73197&fields=id&fields=name HTTP/1.1" status: 200 len: 313 time: 0.0557983
2026-04-13 04:30:34.791 9 INFO neutron.db.ovn_revision_numbers_db [None req-122367bb-265e-4e0f-867e-04a4abf574b2 ef2e7ef18f884b53a9af08459783b8b2 d7f370d7a27e46629f3df807df0683dc - - default default] Successfully bumped revision number for resource fa486c22-3809-44a9-9e50-f5635cb3c796 (type: ports) to 1
2026-04-13 04:30:34.837 9 INFO neutron.wsgi [None req-122367bb-265e-4e0f-867e-04a4abf574b2 ef2e7ef18f884b53a9af08459783b8b2 d7f370d7a27e46629f3df807df0683dc - - default default] 10.0.0.116 "POST /v2.0/networks HTTP/1.1" status: 201 len: 831 time: 0.8634107
2026-04-13 04:30:35.003 10 INFO neutron.plugins.ml2.drivers.ovn.mech_driver.mech_driver [None req-f7b0568a-a905-4695-ae87-12911a1e09fc - - - - - -] OVN reports status up for port: c7ef97ac-30b1-49c5-8a60-a5eda8e3d409
2026-04-13 04:30:35.019 10 INFO neutron.plugins.ml2.plugin [None req-f7b0568a-a905-4695-ae87-12911a1e09fc - - - - - -] Attempt 1 to provision port c7ef97ac-30b1-49c5-8a60-a5eda8e3d409
2026-04-13 04:30:35.133 9 WARNING neutron.scheduler.dhcp_agent_scheduler [None req-f4d8bfd7-1814-47e8-81bf-4b9d8a810e3b ef2e7ef18f884b53a9af08459783b8b2 d7f370d7a27e46629f3df807df0683dc - - default default] No more DHCP agents
2026-04-13 04:30:35.137 9 WARNING neutron.api.rpc.agentnotifiers.dhcp_rpc_agent_api [None req-f4d8bfd7-1814-47e8-81bf-4b9d8a810e3b ef2e7ef18f884b53a9af08459783b8b2 d7f370d7a27e46629f3df807df0683dc - - default default] Unable to schedule network 126e8b44-0dfd-4434-8140-ba8ef6d55f68: no agents available; will retry on subsequent port and subnet creation events.
2026-04-13 04:30:35.412 10 INFO neutron.db.ovn_revision_numbers_db [None req-f7b0568a-a905-4695-ae87-12911a1e09fc - - - - - -] Successfully bumped revision number for resource c7ef97ac-30b1-49c5-8a60-a5eda8e3d409 (type: ports) to 6
2026-04-13 04:30:35.451 10 INFO neutron.wsgi [None req-f9ba669c-7213-4f5b-8c8f-7ec5e0442fc3 6c3fa53e290e447280a9ff18d2fcc359 9fef1be5469743e89769b08cbd37fa1e - - default default] 10.0.0.116 "DELETE /v2.0/networks/9b16f9dd-9e55-4500-a76e-7d7a17801ca6 HTTP/1.1" status: 204 len: 168 time: 0.7099118
2026-04-13 04:30:35.607 10 INFO neutron.services.segments.plugin [-] Segment 283f3c42-f262-4199-b94d-6a0d66f9a379 resource provider aggregate not found
2026-04-13 04:30:35.615 10 INFO neutron.services.segments.plugin [-] Segment 283f3c42-f262-4199-b94d-6a0d66f9a379 resource provider aggregate not found
2026-04-13 04:30:35.632 10 INFO neutron.services.segments.plugin [-] Segment 283f3c42-f262-4199-b94d-6a0d66f9a379 resource provider not found; error: Placement Client Error (4xx): {"errors": [{"status": 404, "title": "Not Found", "detail": "The resource could not be found.\n\n No resource provider with uuid 283f3c42-f262-4199-b94d-6a0d66f9a379 found for delete ", "request_id": "req-0c6b1d84-5e34-4db6-96ad-ac9194d588a8"}]}
2026-04-13 04:30:35.639 10 INFO neutron.services.segments.plugin [-] Segment 283f3c42-f262-4199-b94d-6a0d66f9a379 resource provider not found; error: Placement Client Error (4xx): {"errors": [{"status": 404, "title": "Not Found", "detail": "The resource could not be found.\n\n No resource provider with uuid 283f3c42-f262-4199-b94d-6a0d66f9a379 found for delete ", "request_id": "req-2addb3e9-3d7e-45c9-a227-cf5ee987330c"}]}
2026-04-13 04:30:35.655 9 INFO neutron.db.ovn_revision_numbers_db [None req-f4d8bfd7-1814-47e8-81bf-4b9d8a810e3b ef2e7ef18f884b53a9af08459783b8b2 d7f370d7a27e46629f3df807df0683dc - - default default] Successfully bumped revision number for resource fa486c22-3809-44a9-9e50-f5635cb3c796 (type: ports) to 2
2026-04-13 04:30:35.657 10 INFO neutron.services.segments.plugin [-] Segment aaa78c57-d4fc-41f8-b029-d874f960e6e9 resource provider aggregate not found
2026-04-13 04:30:35.661 10 INFO neutron.services.segments.plugin [-] Segment aaa78c57-d4fc-41f8-b029-d874f960e6e9 resource provider aggregate not found
2026-04-13 04:30:35.682 10 INFO neutron.services.segments.plugin [-] Segment aaa78c57-d4fc-41f8-b029-d874f960e6e9 resource provider not found; error: Placement Client Error (4xx): {"errors": [{"status": 404, "title": "Not Found", "detail": "The resource could not be found.\n\n No resource provider with uuid aaa78c57-d4fc-41f8-b029-d874f960e6e9 found for delete ", "request_id": "req-c749d68e-59fe-44ab-9e80-22d035239cdd"}]}
2026-04-13 04:30:35.688 10 INFO neutron.services.segments.plugin [-] Segment aaa78c57-d4fc-41f8-b029-d874f960e6e9 resource provider not found; error: Placement Client Error (4xx): {"errors": [{"status": 404, "title": "Not Found", "detail": "The resource could not be found.\n\n No resource provider with uuid aaa78c57-d4fc-41f8-b029-d874f960e6e9 found for delete ", "request_id": "req-331e0c17-d53d-4c16-9689-46d1b6f552b3"}]}
2026-04-13 04:30:35.724 9 INFO neutron.db.ovn_revision_numbers_db [None req-f4d8bfd7-1814-47e8-81bf-4b9d8a810e3b ef2e7ef18f884b53a9af08459783b8b2 d7f370d7a27e46629f3df807df0683dc - - default default] Successfully bumped revision number for resource c3e2972f-a448-4093-8336-c84bdcf39bb2 (type: subnets) to 0
2026-04-13 04:30:35.745 9 INFO neutron.wsgi [None req-f4d8bfd7-1814-47e8-81bf-4b9d8a810e3b ef2e7ef18f884b53a9af08459783b8b2 d7f370d7a27e46629f3df807df0683dc - - default default] 10.0.0.116 "POST /v2.0/subnets HTTP/1.1" status: 201 len: 801 time: 0.8958707 /var/lib/openstack/lib/python3.10/site-packages/pycadf/identifier.py:71: UserWarning: Invalid uuid: neutron. To ensure interoperability, identifiers should be a valid uuid. warnings.warn(('Invalid uuid: %s. To ensure interoperability, '
2026-04-13 04:30:35.868 10 INFO neutron.wsgi [req-4b2f4451-fecf-4cfa-a280-762d6a1e796a req-459528f0-226d-4ac5-b45f-35ad430b9eb8 d3275638172d44a3b525c7c003d75ba2 b3297f32648e4ae4b9067edb0ec310f6 - - default default] 10.0.0.137 "GET /v2.0/ports?device_id=6315ba65-ac75-473e-b16b-5c54bb8c4b52 HTTP/1.1" status: 200 len: 1170 time: 0.0360801
2026-04-13 04:30:35.922 10 INFO neutron.wsgi [req-4b2f4451-fecf-4cfa-a280-762d6a1e796a req-82aa8161-1bc4-4458-99cd-c5c9c0d2132a d3275638172d44a3b525c7c003d75ba2 b3297f32648e4ae4b9067edb0ec310f6 - - default default] 10.0.0.137 "GET /v2.0/security-groups?id=6a7be8fa-e030-4038-b503-8bfee3a73197&fields=id&fields=name HTTP/1.1" status: 200 len: 313 time: 0.0438681
2026-04-13 04:30:36.079 9 WARNING neutron.scheduler.dhcp_agent_scheduler [None req-c977aea3-278a-4bb0-b9b3-612d96e5462b ef2e7ef18f884b53a9af08459783b8b2 d7f370d7a27e46629f3df807df0683dc - - default default] No more DHCP agents
2026-04-13 04:30:36.082 9 WARNING neutron.api.rpc.agentnotifiers.dhcp_rpc_agent_api [None req-c977aea3-278a-4bb0-b9b3-612d96e5462b ef2e7ef18f884b53a9af08459783b8b2 d7f370d7a27e46629f3df807df0683dc - - default default] Unable to schedule network 126e8b44-0dfd-4434-8140-ba8ef6d55f68: no agents available; will retry on subsequent port and subnet creation events.
2026-04-13 04:30:36.238 10 INFO neutron.wsgi [None req-d8157daa-40e5-4850-9f32-b2a981a1f0ca 464517ff90904eb2b01c9651bd529c8f 2d23722c64c24565877eba2fb1df50d2 - - default default] 10.0.0.116 "GET /v2.0/security-groups?tenant_id=9fef1be5469743e89769b08cbd37fa1e&name=default HTTP/1.1" status: 200 len: 2996 time: 0.1819968
2026-04-13 04:30:36.246 9 INFO neutron.db.ovn_revision_numbers_db [None req-c977aea3-278a-4bb0-b9b3-612d96e5462b ef2e7ef18f884b53a9af08459783b8b2 d7f370d7a27e46629f3df807df0683dc - - default default] Successfully bumped revision number for resource d3ca2f98-c795-4bfe-972b-a09d84e9ab5b (type: ports) to 1
2026-04-13 04:30:36.271 9 INFO neutron.wsgi [None req-c977aea3-278a-4bb0-b9b3-612d96e5462b ef2e7ef18f884b53a9af08459783b8b2 d7f370d7a27e46629f3df807df0683dc - - default default] 10.0.0.116 "POST /v2.0/ports HTTP/1.1" status: 201 len: 1151 time: 0.5201905 /var/lib/openstack/lib/python3.10/site-packages/pycadf/identifier.py:71: UserWarning: Invalid uuid: neutron. To ensure interoperability, identifiers should be a valid uuid. warnings.warn(('Invalid uuid: %s. To ensure interoperability, '
2026-04-13 04:30:36.465 10 INFO neutron.notifiers.nova [-] Nova event matching ['req-3b565347-06b3-403c-8fa3-e3777791aa75'] response: {'server_uuid': '6315ba65-ac75-473e-b16b-5c54bb8c4b52', 'name': 'network-vif-plugged', 'status': 'completed', 'tag': 'c7ef97ac-30b1-49c5-8a60-a5eda8e3d409', 'code': 200}
2026-04-13 04:30:36.465 10 INFO neutron.notifiers.nova [-] Nova event matching ['req-3b565347-06b3-403c-8fa3-e3777791aa75'] response: {'server_uuid': '6315ba65-ac75-473e-b16b-5c54bb8c4b52', 'name': 'network-vif-plugged', 'status': 'completed', 'tag': 'c7ef97ac-30b1-49c5-8a60-a5eda8e3d409', 'code': 200}
2026-04-13 04:30:36.465 10 INFO neutron.notifiers.nova [-] Nova event matching ['req-3b565347-06b3-403c-8fa3-e3777791aa75'] response: {'server_uuid': '6315ba65-ac75-473e-b16b-5c54bb8c4b52', 'name': 'network-vif-plugged', 'status': 'completed', 'tag': 'c7ef97ac-30b1-49c5-8a60-a5eda8e3d409', 'code': 200}
2026-04-13 04:30:36.492 10 INFO neutron.wsgi [None req-272339df-0c7d-49db-9b2e-d7469cfbed0f 464517ff90904eb2b01c9651bd529c8f 2d23722c64c24565877eba2fb1df50d2 - - default default] 10.0.0.116 "DELETE /v2.0/security-groups/1e379cde-2261-4ef6-99d7-404f8fd62f39 HTTP/1.1" status: 204 len: 168 time: 0.2489018
2026-04-13 04:30:36.611 9 INFO neutron.wsgi [None req-dbd673a6-47fd-4a35-9aa8-9b2d43a8619e ef2e7ef18f884b53a9af08459783b8b2 d7f370d7a27e46629f3df807df0683dc - - default default] 10.0.0.116 "DELETE /v2.0/ports/d3ca2f98-c795-4bfe-972b-a09d84e9ab5b HTTP/1.1" status: 204 len: 168 time: 0.3349347
2026-04-13 04:30:36.644 9 INFO neutron.pecan_wsgi.hooks.translation [None req-3a34bdaf-c842-46c0-9790-1335e7e788f2 ef2e7ef18f884b53a9af08459783b8b2 d7f370d7a27e46629f3df807df0683dc - - default default] DELETE failed (client error): The resource could not be found.
2026-04-13 04:30:36.646 9 INFO neutron.wsgi [None req-3a34bdaf-c842-46c0-9790-1335e7e788f2 ef2e7ef18f884b53a9af08459783b8b2 d7f370d7a27e46629f3df807df0683dc - - default default] 10.0.0.116 "DELETE /v2.0/ports/d3ca2f98-c795-4bfe-972b-a09d84e9ab5b HTTP/1.1" status: 404 len: 333 time: 0.0301607
2026-04-13 04:30:36.679 9 INFO neutron.pecan_wsgi.hooks.translation [None req-412ff6a6-7e5a-42f4-83bb-e811a7bfe345 ef2e7ef18f884b53a9af08459783b8b2 d7f370d7a27e46629f3df807df0683dc - - default default] GET failed (client error): The resource could not be found.
2026-04-13 04:30:36.681 9 INFO neutron.wsgi [None req-412ff6a6-7e5a-42f4-83bb-e811a7bfe345 ef2e7ef18f884b53a9af08459783b8b2 d7f370d7a27e46629f3df807df0683dc - - default default] 10.0.0.116 "GET /v2.0/ports/d3ca2f98-c795-4bfe-972b-a09d84e9ab5b HTTP/1.1" status: 404 len: 333 time: 0.0289841
2026-04-13 04:30:36.905 9 INFO neutron.wsgi [None req-09c67b09-f4e5-4131-aba1-2acbe006a6df ef2e7ef18f884b53a9af08459783b8b2 d7f370d7a27e46629f3df807df0683dc - - default default] 10.0.0.116 "DELETE /v2.0/subnets/c3e2972f-a448-4093-8336-c84bdcf39bb2 HTTP/1.1" status: 204 len: 168 time: 0.2195303
2026-04-13 04:30:37.269 9 INFO neutron.services.segments.plugin [-] Segment 7c384f26-5255-4dde-8d46-22027bc691e6 resource provider aggregate not found
2026-04-13 04:30:37.286 9 INFO neutron.services.segments.plugin [-] Segment 7c384f26-5255-4dde-8d46-22027bc691e6 resource provider aggregate not found
2026-04-13 04:30:37.291 9 INFO neutron.services.segments.plugin [-] Segment 7c384f26-5255-4dde-8d46-22027bc691e6 resource provider not found; error: Placement Client Error (4xx): {"errors": [{"status": 404, "title": "Not Found", "detail": "The resource could not be found.\n\n No resource provider with uuid 7c384f26-5255-4dde-8d46-22027bc691e6 found for delete ", "request_id": "req-b7e831de-3858-47b2-a700-b68fc0e6385d"}]}
2026-04-13 04:30:37.309 9 INFO neutron.services.segments.plugin [-] Segment 7c384f26-5255-4dde-8d46-22027bc691e6 resource provider not found; error: Placement Client Error (4xx): {"errors": [{"status": 404, "title": "Not Found", "detail": "The resource could not be found.\n\n No resource provider with uuid 7c384f26-5255-4dde-8d46-22027bc691e6 found for delete ", "request_id": "req-a13a5f8f-3b3c-4af4-9646-4b43c530a84d"}]}
2026-04-13 04:30:37.329 9 INFO neutron.wsgi [None req-1190f1d5-790f-4398-b325-81827cfc337c ef2e7ef18f884b53a9af08459783b8b2 d7f370d7a27e46629f3df807df0683dc - - default default] 10.0.0.116 "DELETE /v2.0/networks/126e8b44-0dfd-4434-8140-ba8ef6d55f68 HTTP/1.1" status: 204 len: 168 time: 0.4128859
2026-04-13 04:30:37.443 10 INFO neutron.db.segments_db [None req-08933833-163b-453d-bb52-1a90d4d021f4 ef2e7ef18f884b53a9af08459783b8b2 d7f370d7a27e46629f3df807df0683dc - - default default] Added segment 0b57ff72-0b2c-4ffc-8a88-3f095fcf0097 of type geneve for network cc7290d0-39a5-4b3b-b7e8-b23d78b46c56
2026-04-13 04:30:37.591 10 INFO neutron.db.ovn_revision_numbers_db [None req-08933833-163b-453d-bb52-1a90d4d021f4 ef2e7ef18f884b53a9af08459783b8b2 d7f370d7a27e46629f3df807df0683dc - - default default] Successfully bumped revision number for resource cc7290d0-39a5-4b3b-b7e8-b23d78b46c56 (type: networks) to 1
2026-04-13 04:30:37.782 10 WARNING neutron.scheduler.dhcp_agent_scheduler [None req-08933833-163b-453d-bb52-1a90d4d021f4 ef2e7ef18f884b53a9af08459783b8b2 d7f370d7a27e46629f3df807df0683dc - - default default] No more DHCP agents
2026-04-13 04:30:37.783 10 WARNING neutron.api.rpc.agentnotifiers.dhcp_rpc_agent_api [None req-08933833-163b-453d-bb52-1a90d4d021f4 ef2e7ef18f884b53a9af08459783b8b2 d7f370d7a27e46629f3df807df0683dc - - default default] Unable to schedule network cc7290d0-39a5-4b3b-b7e8-b23d78b46c56: no agents available; will retry on subsequent port and subnet creation events.
2026-04-13 04:30:37.874 10 INFO neutron.db.ovn_revision_numbers_db [None req-08933833-163b-453d-bb52-1a90d4d021f4 ef2e7ef18f884b53a9af08459783b8b2 d7f370d7a27e46629f3df807df0683dc - - default default] Successfully bumped revision number for resource aabc10e1-100e-4365-ab6c-f561dd878f86 (type: ports) to 1
2026-04-13 04:30:37.899 10 INFO neutron.wsgi [None req-08933833-163b-453d-bb52-1a90d4d021f4 ef2e7ef18f884b53a9af08459783b8b2 d7f370d7a27e46629f3df807df0683dc - - default default] 10.0.0.116 "POST /v2.0/networks HTTP/1.1" status: 201 len: 831 time: 0.5545931
2026-04-13 04:30:38.189 10 WARNING neutron.scheduler.dhcp_agent_scheduler [None req-9345dad0-ed71-495a-bf87-64093f15d0c8 ef2e7ef18f884b53a9af08459783b8b2 d7f370d7a27e46629f3df807df0683dc - - default default] No more DHCP agents
2026-04-13 04:30:38.196 10 WARNING neutron.api.rpc.agentnotifiers.dhcp_rpc_agent_api [None req-9345dad0-ed71-495a-bf87-64093f15d0c8 ef2e7ef18f884b53a9af08459783b8b2 d7f370d7a27e46629f3df807df0683dc - - default default] Unable to schedule network cc7290d0-39a5-4b3b-b7e8-b23d78b46c56: no agents available; will retry on subsequent port and subnet creation events.
2026-04-13 04:30:38.684 9 INFO neutron.db.ovn_revision_numbers_db [None req-adf35b84-a373-4758-bca8-65376eb27dc7 a398319d4b7a4d66a4a2cb9470def45e 126d4bb833304e97b53c6d0ce0947e2e - - default default] Successfully bumped revision number for resource 4998ac4a-2ac9-4eff-99ca-a4e4a5a26057 (type: security_groups) to 1
2026-04-13 04:30:38.701 9 INFO neutron.db.ovn_revision_numbers_db [None req-adf35b84-a373-4758-bca8-65376eb27dc7 a398319d4b7a4d66a4a2cb9470def45e 126d4bb833304e97b53c6d0ce0947e2e - - default default] Successfully bumped revision number for resource 6f88536b-bd93-4495-b773-e3cd7aa76829 (type: security_group_rules) to 0
2026-04-13 04:30:38.721 9 INFO neutron.db.ovn_revision_numbers_db [None req-adf35b84-a373-4758-bca8-65376eb27dc7 a398319d4b7a4d66a4a2cb9470def45e 126d4bb833304e97b53c6d0ce0947e2e - - default default] Successfully bumped revision number for resource 708836f0-405e-490e-8f12-90ecbf04389f (type: security_group_rules) to 0
2026-04-13 04:30:38.737 9 INFO neutron.db.ovn_revision_numbers_db [None req-adf35b84-a373-4758-bca8-65376eb27dc7 a398319d4b7a4d66a4a2cb9470def45e 126d4bb833304e97b53c6d0ce0947e2e - - default default] Successfully bumped revision number for resource d32394fb-e03e-4200-90a7-15975719eb9c (type: security_group_rules) to 0
2026-04-13 04:30:38.749 9 INFO neutron.db.ovn_revision_numbers_db [None req-adf35b84-a373-4758-bca8-65376eb27dc7 a398319d4b7a4d66a4a2cb9470def45e 126d4bb833304e97b53c6d0ce0947e2e - - default default] Successfully bumped revision number for resource ffe1c4df-699c-464d-87ee-7913b988eaae (type: security_group_rules) to 0
2026-04-13 04:30:38.793 10 INFO neutron.db.ovn_revision_numbers_db [None req-9345dad0-ed71-495a-bf87-64093f15d0c8 ef2e7ef18f884b53a9af08459783b8b2 d7f370d7a27e46629f3df807df0683dc - - default default] Successfully bumped revision number for resource aabc10e1-100e-4365-ab6c-f561dd878f86 (type: ports) to 2
2026-04-13 04:30:38.806 9 INFO neutron.db.segments_db [None req-adf35b84-a373-4758-bca8-65376eb27dc7 a398319d4b7a4d66a4a2cb9470def45e 126d4bb833304e97b53c6d0ce0947e2e - - default default] Added segment 677a0cf4-ede5-44c7-bd6f-0f03349849e3 of type geneve for network 99074554-565c-49f1-ba14-d9d507c6024c
2026-04-13 04:30:38.828 10 INFO neutron.db.ovn_revision_numbers_db [None req-9345dad0-ed71-495a-bf87-64093f15d0c8 ef2e7ef18f884b53a9af08459783b8b2 d7f370d7a27e46629f3df807df0683dc - - default default] Successfully bumped revision number for resource 67a7b212-310f-431b-a2bb-c991fcc5ff0b (type: subnets) to 0
2026-04-13 04:30:38.847 10 INFO neutron.wsgi [None req-9345dad0-ed71-495a-bf87-64093f15d0c8 ef2e7ef18f884b53a9af08459783b8b2 d7f370d7a27e46629f3df807df0683dc - - default default] 10.0.0.116 "POST /v2.0/subnets HTTP/1.1" status: 201 len: 801 time: 0.9413497
2026-04-13 04:30:39.247 9 INFO neutron.db.ovn_revision_numbers_db [None req-adf35b84-a373-4758-bca8-65376eb27dc7 a398319d4b7a4d66a4a2cb9470def45e 126d4bb833304e97b53c6d0ce0947e2e - - default default] Successfully bumped revision number for resource 99074554-565c-49f1-ba14-d9d507c6024c (type: networks) to 1
2026-04-13 04:30:39.490 9 WARNING neutron.scheduler.dhcp_agent_scheduler [None req-adf35b84-a373-4758-bca8-65376eb27dc7 a398319d4b7a4d66a4a2cb9470def45e 126d4bb833304e97b53c6d0ce0947e2e - - default default] No more DHCP agents
2026-04-13 04:30:39.493 9 WARNING neutron.api.rpc.agentnotifiers.dhcp_rpc_agent_api [None req-adf35b84-a373-4758-bca8-65376eb27dc7 a398319d4b7a4d66a4a2cb9470def45e 126d4bb833304e97b53c6d0ce0947e2e - - default default] Unable to schedule network 99074554-565c-49f1-ba14-d9d507c6024c: no agents available; will retry on subsequent port and subnet creation events.
2026-04-13 04:30:39.556 9 WARNING neutron.scheduler.dhcp_agent_scheduler [None req-695b4411-29c5-445d-801e-79c83642e140 ef2e7ef18f884b53a9af08459783b8b2 d7f370d7a27e46629f3df807df0683dc - - default default] No more DHCP agents
2026-04-13 04:30:39.558 9 WARNING neutron.api.rpc.agentnotifiers.dhcp_rpc_agent_api [None req-695b4411-29c5-445d-801e-79c83642e140 ef2e7ef18f884b53a9af08459783b8b2 d7f370d7a27e46629f3df807df0683dc - - default default] Unable to schedule network cc7290d0-39a5-4b3b-b7e8-b23d78b46c56: no agents available; will retry on subsequent port and subnet creation events.
2026-04-13 04:30:39.603 9 INFO neutron.db.ovn_revision_numbers_db [None req-adf35b84-a373-4758-bca8-65376eb27dc7 a398319d4b7a4d66a4a2cb9470def45e 126d4bb833304e97b53c6d0ce0947e2e - - default default] Successfully bumped revision number for resource 592b6725-5dda-49c7-b9f2-15316bae5620 (type: ports) to 1
2026-04-13 04:30:39.629 9 INFO neutron.wsgi [None req-adf35b84-a373-4758-bca8-65376eb27dc7 a398319d4b7a4d66a4a2cb9470def45e 126d4bb833304e97b53c6d0ce0947e2e - - default default] 10.0.0.116 "POST /v2.0/networks HTTP/1.1" status: 201 len: 833 time: 1.2706780
2026-04-13 04:30:39.757 9 INFO neutron.db.segments_db [None req-88440360-9a7f-41dd-a025-acaa70182614 a398319d4b7a4d66a4a2cb9470def45e 126d4bb833304e97b53c6d0ce0947e2e - - default default] Added segment 849d87a2-ae12-41fe-9dab-e194b03cd450 of type geneve for network 682ba3c0-dcc3-4455-a818-671aff8cdc83
2026-04-13 04:30:39.796 9 INFO neutron.db.ovn_revision_numbers_db [None req-695b4411-29c5-445d-801e-79c83642e140 ef2e7ef18f884b53a9af08459783b8b2 d7f370d7a27e46629f3df807df0683dc - - default default] Successfully bumped revision number for resource 19fa7f2b-dfd2-4f47-8685-2fc0923fafca (type: ports) to 1
2026-04-13 04:30:39.840 9 INFO neutron.wsgi [None req-695b4411-29c5-445d-801e-79c83642e140 ef2e7ef18f884b53a9af08459783b8b2 d7f370d7a27e46629f3df807df0683dc - - default default] 10.0.0.116 "POST /v2.0/ports HTTP/1.1" status: 201 len: 1111 time: 0.9875777
2026-04-13 04:30:39.958 9 INFO neutron.db.ovn_revision_numbers_db [None req-88440360-9a7f-41dd-a025-acaa70182614 a398319d4b7a4d66a4a2cb9470def45e 126d4bb833304e97b53c6d0ce0947e2e - - default default] Successfully bumped revision number for resource 682ba3c0-dcc3-4455-a818-671aff8cdc83 (type: networks) to 1
2026-04-13 04:30:40.188 9 WARNING neutron.scheduler.dhcp_agent_scheduler [None req-88440360-9a7f-41dd-a025-acaa70182614 a398319d4b7a4d66a4a2cb9470def45e 126d4bb833304e97b53c6d0ce0947e2e - - default default] No more DHCP agents
2026-04-13 04:30:40.190 9 WARNING neutron.api.rpc.agentnotifiers.dhcp_rpc_agent_api [None req-88440360-9a7f-41dd-a025-acaa70182614 a398319d4b7a4d66a4a2cb9470def45e 126d4bb833304e97b53c6d0ce0947e2e - - default default] Unable to schedule network 682ba3c0-dcc3-4455-a818-671aff8cdc83: no agents available; will retry on subsequent port and subnet creation events.
2026-04-13 04:30:40.301 9 INFO neutron.wsgi [None req-89736b5e-517a-4777-a896-b31ef5ba30a8 ef2e7ef18f884b53a9af08459783b8b2 d7f370d7a27e46629f3df807df0683dc - - default default] 10.0.0.116 "DELETE /v2.0/ports/19fa7f2b-dfd2-4f47-8685-2fc0923fafca HTTP/1.1" status: 204 len: 168 time: 0.4555120
2026-04-13 04:30:40.313 9 INFO neutron.db.ovn_revision_numbers_db [None req-88440360-9a7f-41dd-a025-acaa70182614 a398319d4b7a4d66a4a2cb9470def45e 126d4bb833304e97b53c6d0ce0947e2e - - default default] Successfully bumped revision number for resource 1456f84d-7ef2-426d-80fe-e2f52f5916a0 (type: ports) to 1
2026-04-13 04:30:40.323 9 INFO neutron.pecan_wsgi.hooks.translation [None req-2819950c-2c04-45ec-af7b-c228f9c60e43 ef2e7ef18f884b53a9af08459783b8b2 d7f370d7a27e46629f3df807df0683dc - - default default] GET failed (client error): The resource could not be found.
2026-04-13 04:30:40.324 9 INFO neutron.wsgi [None req-2819950c-2c04-45ec-af7b-c228f9c60e43 ef2e7ef18f884b53a9af08459783b8b2 d7f370d7a27e46629f3df807df0683dc - - default default] 10.0.0.116 "GET /v2.0/ports/19fa7f2b-dfd2-4f47-8685-2fc0923fafca HTTP/1.1" status: 404 len: 333 time: 0.0172200
2026-04-13 04:30:40.344 9 INFO neutron.wsgi [None req-88440360-9a7f-41dd-a025-acaa70182614 a398319d4b7a4d66a4a2cb9470def45e 126d4bb833304e97b53c6d0ce0947e2e - - default default] 10.0.0.116 "POST /v2.0/networks HTTP/1.1" status: 201 len: 832 time: 0.7094615
2026-04-13 04:30:40.514 10 INFO neutron.wsgi [None req-871a2351-de7a-4d69-a9fb-2f622482bd6f ef2e7ef18f884b53a9af08459783b8b2 d7f370d7a27e46629f3df807df0683dc - - default default] 10.0.0.116 "DELETE /v2.0/subnets/67a7b212-310f-431b-a2bb-c991fcc5ff0b HTTP/1.1" status: 204 len: 168 time: 0.1862261
2026-04-13 04:30:40.562 10 INFO neutron.wsgi [-] 10.0.0.173 "GET / HTTP/1.1" status: 200 len: 247 time: 0.0012002
2026-04-13 04:30:40.564 10 INFO neutron.wsgi [-] 10.0.0.173 "GET / HTTP/1.1" status: 200 len: 247 time: 0.0013762
2026-04-13 04:30:40.591 9 WARNING neutron.scheduler.dhcp_agent_scheduler [None req-4bd7a116-fb2c-4cea-a324-fd014a1c0d18 a398319d4b7a4d66a4a2cb9470def45e 126d4bb833304e97b53c6d0ce0947e2e - - default default] No more DHCP agents
2026-04-13 04:30:40.595 9 WARNING neutron.api.rpc.agentnotifiers.dhcp_rpc_agent_api [None req-4bd7a116-fb2c-4cea-a324-fd014a1c0d18 a398319d4b7a4d66a4a2cb9470def45e 126d4bb833304e97b53c6d0ce0947e2e - - default default] Unable to schedule network 99074554-565c-49f1-ba14-d9d507c6024c: no agents available; will retry on subsequent port and subnet creation events.
2026-04-13 04:30:40.624 9 INFO neutron.db.ovn_revision_numbers_db [None req-4bd7a116-fb2c-4cea-a324-fd014a1c0d18 a398319d4b7a4d66a4a2cb9470def45e 126d4bb833304e97b53c6d0ce0947e2e - - default default] Successfully bumped revision number for resource 7a5da245-12cf-45a9-8fec-f7780fa4e612 (type: subnets) to 0
2026-04-13 04:30:40.639 9 INFO neutron.wsgi [None req-4bd7a116-fb2c-4cea-a324-fd014a1c0d18 a398319d4b7a4d66a4a2cb9470def45e 126d4bb833304e97b53c6d0ce0947e2e - - default default] 10.0.0.116 "POST /v2.0/subnets HTTP/1.1" status: 201 len: 821 time: 0.2894390
2026-04-13 04:30:40.874 9 WARNING neutron.scheduler.dhcp_agent_scheduler [None req-bf844147-9eea-437a-971e-fdd62819b26a a398319d4b7a4d66a4a2cb9470def45e 126d4bb833304e97b53c6d0ce0947e2e - - default default] No more DHCP agents
2026-04-13 04:30:40.876 9 WARNING neutron.api.rpc.agentnotifiers.dhcp_rpc_agent_api [None req-bf844147-9eea-437a-971e-fdd62819b26a a398319d4b7a4d66a4a2cb9470def45e 126d4bb833304e97b53c6d0ce0947e2e - - default default] Unable to schedule network 682ba3c0-dcc3-4455-a818-671aff8cdc83: no agents available; will retry on subsequent port and subnet creation events.
2026-04-13 04:30:40.893 10 INFO neutron.services.segments.plugin [-] Segment 0b57ff72-0b2c-4ffc-8a88-3f095fcf0097 resource provider aggregate not found
2026-04-13 04:30:40.902 10 INFO neutron.services.segments.plugin [-] Segment 0b57ff72-0b2c-4ffc-8a88-3f095fcf0097 resource provider aggregate not found
2026-04-13 04:30:40.905 9 INFO neutron.db.ovn_revision_numbers_db [None req-bf844147-9eea-437a-971e-fdd62819b26a a398319d4b7a4d66a4a2cb9470def45e 126d4bb833304e97b53c6d0ce0947e2e - - default default] Successfully bumped revision number for resource cc7acbb2-11b5-4bb2-ba17-470ace506edf (type: subnets) to 0
2026-04-13 04:30:40.917 10 INFO neutron.services.segments.plugin [-] Segment 0b57ff72-0b2c-4ffc-8a88-3f095fcf0097 resource provider not found; error: Placement Client Error (4xx): {"errors": [{"status": 404, "title": "Not Found", "detail": "The resource could not be found.\n\n No resource provider with uuid 0b57ff72-0b2c-4ffc-8a88-3f095fcf0097 found for delete ", "request_id": "req-cb0f1093-5c28-4512-87c1-a0e25ad5e79f"}]}
2026-04-13 04:30:40.921 9 INFO neutron.wsgi [None req-bf844147-9eea-437a-971e-fdd62819b26a a398319d4b7a4d66a4a2cb9470def45e 126d4bb833304e97b53c6d0ce0947e2e - - default default] 10.0.0.116 "POST /v2.0/subnets HTTP/1.1" status: 201 len: 830 time: 0.2743661
2026-04-13 04:30:40.923 10 INFO neutron.services.segments.plugin [-] Segment 0b57ff72-0b2c-4ffc-8a88-3f095fcf0097 resource provider not found; error: Placement Client Error (4xx): {"errors": [{"status": 404, "title": "Not Found", "detail": "The resource could not be found.\n\n No resource provider with uuid 0b57ff72-0b2c-4ffc-8a88-3f095fcf0097 found for delete ", "request_id": "req-bcbe6220-a9d1-4991-b62d-bb3052675a59"}]}
2026-04-13 04:30:40.945 10 INFO neutron.wsgi [None req-4462b8df-3299-4089-aff1-80dd08ec93d0 ef2e7ef18f884b53a9af08459783b8b2 d7f370d7a27e46629f3df807df0683dc - - default default] 10.0.0.116 "DELETE /v2.0/networks/cc7290d0-39a5-4b3b-b7e8-b23d78b46c56 HTTP/1.1" status: 204 len: 168 time: 0.4252336
2026-04-13 04:30:41.102 9 INFO neutron.db.ovn_revision_numbers_db [None req-9c0598c7-db1d-4e07-a988-7de1ae35f373 a398319d4b7a4d66a4a2cb9470def45e 126d4bb833304e97b53c6d0ce0947e2e - - default default] Successfully bumped revision number for resource cb3dfd87-471e-4953-af92-d7364f76a902 (type: routers) to 1
2026-04-13 04:30:41.117 9 INFO neutron.wsgi [None req-9c0598c7-db1d-4e07-a988-7de1ae35f373 a398319d4b7a4d66a4a2cb9470def45e 126d4bb833304e97b53c6d0ce0947e2e - - default default] 10.0.0.116 "POST /v2.0/routers HTTP/1.1" status: 201 len: 691 time: 0.1891637
2026-04-13 04:30:41.245 9 WARNING neutron.scheduler.dhcp_agent_scheduler [None req-01efbe39-aaaa-4610-b891-2e2c00bc442a ef2e7ef18f884b53a9af08459783b8b2 d7f370d7a27e46629f3df807df0683dc - - default default] No more DHCP agents
2026-04-13 04:30:41.247 9 WARNING neutron.api.rpc.agentnotifiers.dhcp_rpc_agent_api [None req-01efbe39-aaaa-4610-b891-2e2c00bc442a ef2e7ef18f884b53a9af08459783b8b2 d7f370d7a27e46629f3df807df0683dc - - default default] Unable to schedule network b64f9179-5ece-4570-a59e-fe35c1634a03: no agents available; will retry on subsequent port and subnet creation events.
2026-04-13 04:30:41.344 9 INFO neutron.db.ovn_revision_numbers_db [None req-01efbe39-aaaa-4610-b891-2e2c00bc442a ef2e7ef18f884b53a9af08459783b8b2 d7f370d7a27e46629f3df807df0683dc - - default default] Successfully bumped revision number for resource da991bea-380e-473d-924f-287ca98b6a71 (type: ports) to 1
2026-04-13 04:30:41.364 9 INFO neutron.wsgi [None req-01efbe39-aaaa-4610-b891-2e2c00bc442a ef2e7ef18f884b53a9af08459783b8b2 d7f370d7a27e46629f3df807df0683dc - - default default] 10.0.0.116 "POST /v2.0/ports HTTP/1.1" status: 201 len: 973 time: 0.4113851 /var/lib/openstack/lib/python3.10/site-packages/pycadf/identifier.py:71: UserWarning: Invalid uuid: neutron. To ensure interoperability, identifiers should be a valid uuid. warnings.warn(('Invalid uuid: %s. To ensure interoperability, '
2026-04-13 04:30:41.532 10 WARNING neutron.scheduler.dhcp_agent_scheduler [None req-8b468935-6dfa-4fc6-ab79-b9aa2f986dd1 a398319d4b7a4d66a4a2cb9470def45e 126d4bb833304e97b53c6d0ce0947e2e - - default default] No more DHCP agents
2026-04-13 04:30:41.534 10 WARNING neutron.api.rpc.agentnotifiers.dhcp_rpc_agent_api [None req-8b468935-6dfa-4fc6-ab79-b9aa2f986dd1 a398319d4b7a4d66a4a2cb9470def45e 126d4bb833304e97b53c6d0ce0947e2e - - default default] Unable to schedule network 99074554-565c-49f1-ba14-d9d507c6024c: no agents available; will retry on subsequent port and subnet creation events.
2026-04-13 04:30:41.577 9 INFO neutron.plugins.ml2.drivers.ovn.mech_driver.mech_driver [None req-4dcdf02c-99c4-441b-86e7-f115ffea969c - - - - - -] OVN reports status down for port: da991bea-380e-473d-924f-287ca98b6a71
2026-04-13 04:30:41.617 9 INFO neutron.db.ovn_revision_numbers_db [None req-18adfae5-48b6-4187-b123-ebf35cbf5163 ef2e7ef18f884b53a9af08459783b8b2 d7f370d7a27e46629f3df807df0683dc - - default default] Successfully bumped revision number for resource da991bea-380e-473d-924f-287ca98b6a71 (type: ports) to 2
2026-04-13 04:30:41.627 9 INFO neutron.wsgi [None req-18adfae5-48b6-4187-b123-ebf35cbf5163 ef2e7ef18f884b53a9af08459783b8b2 d7f370d7a27e46629f3df807df0683dc - - default default] 10.0.0.116 "PUT /v2.0/ports/da991bea-380e-473d-924f-287ca98b6a71 HTTP/1.1" status: 200 len: 946 time: 0.2581210
2026-04-13 04:30:41.638 10 INFO neutron.db.ovn_revision_numbers_db [None req-8b468935-6dfa-4fc6-ab79-b9aa2f986dd1 a398319d4b7a4d66a4a2cb9470def45e 126d4bb833304e97b53c6d0ce0947e2e - - default default] Successfully bumped revision number for resource 89377991-4d71-4468-884b-65f6f10b2940 (type: ports) to 1
2026-04-13 04:30:41.922 10 INFO neutron.wsgi [None req-fc67bd91-a494-43bd-9461-4b8b6e64089a ef2e7ef18f884b53a9af08459783b8b2 d7f370d7a27e46629f3df807df0683dc - - default default] 10.0.0.116 "DELETE /v2.0/ports/da991bea-380e-473d-924f-287ca98b6a71 HTTP/1.1" status: 204 len: 168 time: 0.2886598 /var/lib/openstack/lib/python3.10/site-packages/pycadf/identifier.py:71: UserWarning: Invalid uuid: neutron. To ensure interoperability, identifiers should be a valid uuid. warnings.warn(('Invalid uuid: %s. To ensure interoperability, '
