2026-04-13 04:31:02.792 9 WARNING neutron.scheduler.dhcp_agent_scheduler [None req-75935617-af17-4662-a4e8-95b0c90b850f 464517ff90904eb2b01c9651bd529c8f 2d23722c64c24565877eba2fb1df50d2 - - default default] No more DHCP agents
2026-04-13 04:31:02.793 9 WARNING neutron.api.rpc.agentnotifiers.dhcp_rpc_agent_api [None req-75935617-af17-4662-a4e8-95b0c90b850f 464517ff90904eb2b01c9651bd529c8f 2d23722c64c24565877eba2fb1df50d2 - - default default] Unable to schedule network f4de2f68-663b-4614-9410-2dd55c3c0888: no agents available; will retry on subsequent port and subnet creation events.
2026-04-13 04:31:02.945 9 INFO neutron.db.ovn_revision_numbers_db [None req-75935617-af17-4662-a4e8-95b0c90b850f 464517ff90904eb2b01c9651bd529c8f 2d23722c64c24565877eba2fb1df50d2 - - default default] Successfully bumped revision number for resource a89239a3-4aa5-4944-902f-c60aa38e2ac8 (type: ports) to 1
2026-04-13 04:31:03.052 10 INFO neutron.wsgi [None req-f92d6845-781a-439f-8fc7-33f85d22a589 464517ff90904eb2b01c9651bd529c8f 2d23722c64c24565877eba2fb1df50d2 - - default default] 10.0.0.116 "GET /v2.0/security-groups?tenant_id=126d4bb833304e97b53c6d0ce0947e2e&name=default HTTP/1.1" status: 200 len: 2996 time: 0.1451967
2026-04-13 04:31:03.173 9 INFO neutron.wsgi [None req-507fe109-4ea5-4562-910b-c7dee5553a63 c6445bfad86849dd9b82decfcfd02e9b e3f2699c6eb143f7b84251aa9110cfe0 - - default default] 10.0.0.35 "GET /v2.0/extensions HTTP/1.1" status: 200 len: 16525 time: 0.0055957
2026-04-13 04:31:03.256 10 INFO neutron.wsgi [None req-d026aa55-12af-4a28-ae7e-e48852a49f9d 464517ff90904eb2b01c9651bd529c8f 2d23722c64c24565877eba2fb1df50d2 - - default default] 10.0.0.116 "DELETE /v2.0/security-groups/4998ac4a-2ac9-4eff-99ca-a4e4a5a26057 HTTP/1.1" status: 204 len: 168 time: 0.1987860
2026-04-13 04:31:03.265 10 INFO neutron.wsgi [None req-2ebe6f4f-8d30-499b-be47-050aa1a8acc2 c6445bfad86849dd9b82decfcfd02e9b e3f2699c6eb143f7b84251aa9110cfe0 - - default default] 10.0.0.35 "GET /v2.0/quotas/e3f2699c6eb143f7b84251aa9110cfe0/details HTTP/1.1" status: 200 len: 756 time: 0.0791354
2026-04-13 04:31:03.521 9 INFO neutron.plugins.ml2.drivers.ovn.mech_driver.ovsdb.ovsdb_monitor [None req-8ca1aae8-8252-434b-bf66-c67785a01471 - - - - - -] Router 4394016f-e19c-4f2a-8c78-7f89ecfda77d is bound to host instance
2026-04-13 04:31:03.524 9 INFO neutron.db.ovn_revision_numbers_db [None req-75935617-af17-4662-a4e8-95b0c90b850f 464517ff90904eb2b01c9651bd529c8f 2d23722c64c24565877eba2fb1df50d2 - - default default] Successfully bumped revision number for resource a89239a3-4aa5-4944-902f-c60aa38e2ac8 (type: router_ports) to 1
2026-04-13 04:31:03.629 9 INFO neutron.db.ovn_revision_numbers_db [None req-75935617-af17-4662-a4e8-95b0c90b850f 464517ff90904eb2b01c9651bd529c8f 2d23722c64c24565877eba2fb1df50d2 - - default default] Successfully bumped revision number for resource 4394016f-e19c-4f2a-8c78-7f89ecfda77d (type: routers) to 2
2026-04-13 04:31:03.658 9 INFO neutron.wsgi [None req-75935617-af17-4662-a4e8-95b0c90b850f 464517ff90904eb2b01c9651bd529c8f 2d23722c64c24565877eba2fb1df50d2 - - default default] 10.0.0.116 "POST /v2.0/routers HTTP/1.1" status: 201 len: 879 time: 1.3467665
2026-04-13 04:31:04.112 9 INFO neutron.db.ovn_revision_numbers_db [None req-8ca1aae8-8252-434b-bf66-c67785a01471 - - - - - -] Successfully bumped revision number for resource a89239a3-4aa5-4944-902f-c60aa38e2ac8 (type: ports) to 1
2026-04-13 04:31:04.120 10 WARNING neutron.scheduler.dhcp_agent_scheduler [None req-6e8701f5-5118-4b68-b37d-c1f601478169 464517ff90904eb2b01c9651bd529c8f 2d23722c64c24565877eba2fb1df50d2 - - default default] No more DHCP agents
2026-04-13 04:31:04.122 10 WARNING neutron.api.rpc.agentnotifiers.dhcp_rpc_agent_api [None req-6e8701f5-5118-4b68-b37d-c1f601478169 464517ff90904eb2b01c9651bd529c8f 2d23722c64c24565877eba2fb1df50d2 - - default default] Unable to schedule network 449f73bc-2aec-45f3-82ef-8cebc370681c: no agents available; will retry on subsequent port and subnet creation events.
2026-04-13 04:31:04.268 10 INFO neutron.db.ovn_revision_numbers_db [None req-6e8701f5-5118-4b68-b37d-c1f601478169 464517ff90904eb2b01c9651bd529c8f 2d23722c64c24565877eba2fb1df50d2 - - default default] Successfully bumped revision number for resource 8b8f42c6-a12a-49ec-8a4f-d50b77935edf (type: ports) to 1
2026-04-13 04:31:04.352 9 INFO neutron.db.ovn_revision_numbers_db [None req-8ca1aae8-8252-434b-bf66-c67785a01471 - - - - - -] Successfully bumped revision number for resource a89239a3-4aa5-4944-902f-c60aa38e2ac8 (type: router_ports) to 3
2026-04-13 04:31:04.510 9 INFO neutron.db.ovn_revision_numbers_db [None req-8ca1aae8-8252-434b-bf66-c67785a01471 - - - - - -] Successfully bumped revision number for resource a89239a3-4aa5-4944-902f-c60aa38e2ac8 (type: ports) to 2
2026-04-13 04:31:04.717 9 INFO neutron.plugins.ml2.drivers.ovn.mech_driver.mech_driver [None req-4dcdf02c-99c4-441b-86e7-f115ffea969c - - - - - -] OVN reports status up for port: 8b8f42c6-a12a-49ec-8a4f-d50b77935edf
2026-04-13 04:31:04.728 9 INFO neutron.plugins.ml2.plugin [None req-4dcdf02c-99c4-441b-86e7-f115ffea969c - - - - - -] Attempt 1 to provision port 8b8f42c6-a12a-49ec-8a4f-d50b77935edf
2026-04-13 04:31:04.754 10 INFO neutron.db.ovn_revision_numbers_db [None req-6e8701f5-5118-4b68-b37d-c1f601478169 464517ff90904eb2b01c9651bd529c8f 2d23722c64c24565877eba2fb1df50d2 - - default default] Successfully bumped revision number for resource 8b8f42c6-a12a-49ec-8a4f-d50b77935edf (type: router_ports) to 1
2026-04-13 04:31:04.780 9 INFO neutron.db.ovn_revision_numbers_db [None req-8ca1aae8-8252-434b-bf66-c67785a01471 - - - - - -] Successfully bumped revision number for resource a89239a3-4aa5-4944-902f-c60aa38e2ac8 (type: ports) to 4
2026-04-13 04:31:04.920 10 INFO neutron.db.ovn_revision_numbers_db [None req-6e8701f5-5118-4b68-b37d-c1f601478169 464517ff90904eb2b01c9651bd529c8f 2d23722c64c24565877eba2fb1df50d2 - - default default] Successfully bumped revision number for resource 8b8f42c6-a12a-49ec-8a4f-d50b77935edf (type: ports) to 1
2026-04-13 04:31:04.982 10 WARNING neutron.scheduler.dhcp_agent_scheduler [None req-6e8701f5-5118-4b68-b37d-c1f601478169 464517ff90904eb2b01c9651bd529c8f 2d23722c64c24565877eba2fb1df50d2 - - default default] No more DHCP agents
2026-04-13 04:31:04.983 10 WARNING neutron.api.rpc.agentnotifiers.dhcp_rpc_agent_api [None req-6e8701f5-5118-4b68-b37d-c1f601478169 464517ff90904eb2b01c9651bd529c8f 2d23722c64c24565877eba2fb1df50d2 - - default default] Unable to schedule network 449f73bc-2aec-45f3-82ef-8cebc370681c: no agents available; will retry on subsequent port and subnet creation events.
2026-04-13 04:31:05.090 9 INFO neutron.db.ovn_revision_numbers_db [None req-8ca1aae8-8252-434b-bf66-c67785a01471 - - - - - -] Successfully bumped revision number for resource a89239a3-4aa5-4944-902f-c60aa38e2ac8 (type: router_ports) to 4
2026-04-13 04:31:05.098 9 INFO neutron.db.ovn_revision_numbers_db [None req-4dcdf02c-99c4-441b-86e7-f115ffea969c - - - - - -] Successfully bumped revision number for resource 8b8f42c6-a12a-49ec-8a4f-d50b77935edf (type: ports) to 2
2026-04-13 04:31:05.154 10 WARNING neutron.plugins.ml2.drivers.ovn.mech_driver.ovsdb.ovn_client [None req-f7b0568a-a905-4695-ae87-12911a1e09fc - - - - - -] No port found with ID 7f2ddc84-2ae6-445c-a427-28d5df833f3a: RuntimeError: No port found with ID 7f2ddc84-2ae6-445c-a427-28d5df833f3a
2026-04-13 04:31:05.154 10 INFO neutron.plugins.ml2.drivers.ovn.mech_driver.mech_driver [None req-f7b0568a-a905-4695-ae87-12911a1e09fc - - - - - -] OVN reports status up for port: a89239a3-4aa5-4944-902f-c60aa38e2ac8
2026-04-13 04:31:05.167 10 INFO neutron.plugins.ml2.plugin [None req-f7b0568a-a905-4695-ae87-12911a1e09fc - - - - - -] Attempt 1 to provision port a89239a3-4aa5-4944-902f-c60aa38e2ac8
2026-04-13 04:31:05.224 9 INFO neutron.db.ovn_revision_numbers_db [None req-4dcdf02c-99c4-441b-86e7-f115ffea969c - - - - - -] Successfully bumped revision number for resource 8b8f42c6-a12a-49ec-8a4f-d50b77935edf (type: router_ports) to 2
2026-04-13 04:31:05.413 10 INFO neutron.db.ovn_revision_numbers_db [None req-6e8701f5-5118-4b68-b37d-c1f601478169 464517ff90904eb2b01c9651bd529c8f 2d23722c64c24565877eba2fb1df50d2 - - default default] Successfully bumped revision number for resource 8b8f42c6-a12a-49ec-8a4f-d50b77935edf (type: router_ports) to 2
2026-04-13 04:31:05.415 10 INFO neutron.wsgi [None req-6e8701f5-5118-4b68-b37d-c1f601478169 464517ff90904eb2b01c9651bd529c8f 2d23722c64c24565877eba2fb1df50d2 - - default default] 10.0.0.116 "PUT /v2.0/routers/4394016f-e19c-4f2a-8c78-7f89ecfda77d/add_router_interface HTTP/1.1" status: 200 len: 503 time: 1.7525423
2026-04-13 04:31:06.061 9 INFO neutron.db.ovn_revision_numbers_db [None req-a6b8cbe0-9c5f-4326-a4b7-ed4b0a8a4e09 464517ff90904eb2b01c9651bd529c8f 2d23722c64c24565877eba2fb1df50d2 - - default default] Successfully bumped revision number for resource 24585314-8094-4626-a18d-654dc7176acf (type: security_groups) to 1
2026-04-13 04:31:06.072 9 INFO neutron.db.ovn_revision_numbers_db [None req-a6b8cbe0-9c5f-4326-a4b7-ed4b0a8a4e09 464517ff90904eb2b01c9651bd529c8f 2d23722c64c24565877eba2fb1df50d2 - - default default] Successfully bumped revision number for resource 6c877364-4d94-4038-b1d5-33f5f455a9fe (type: security_group_rules) to 0
2026-04-13 04:31:06.086 9 INFO neutron.db.ovn_revision_numbers_db [None req-a6b8cbe0-9c5f-4326-a4b7-ed4b0a8a4e09 464517ff90904eb2b01c9651bd529c8f 2d23722c64c24565877eba2fb1df50d2 - - default default] Successfully bumped revision number for resource 6d4c50d3-c5c8-4d50-b929-567fc1816cfc (type: security_group_rules) to 0
2026-04-13 04:31:06.097 9 INFO neutron.db.ovn_revision_numbers_db [None req-a6b8cbe0-9c5f-4326-a4b7-ed4b0a8a4e09 464517ff90904eb2b01c9651bd529c8f 2d23722c64c24565877eba2fb1df50d2 - - default default] Successfully bumped revision number for resource 9db2c865-7e9b-4acd-b273-952813a6a590 (type: security_group_rules) to 0
2026-04-13 04:31:06.108 9 INFO neutron.db.ovn_revision_numbers_db [None req-a6b8cbe0-9c5f-4326-a4b7-ed4b0a8a4e09 464517ff90904eb2b01c9651bd529c8f 2d23722c64c24565877eba2fb1df50d2 - - default default] Successfully bumped revision number for resource dee6894a-8f0e-4d15-acc0-fde9d66b433f (type: security_group_rules) to 0
2026-04-13 04:31:06.128 9 INFO neutron.wsgi [None req-a6b8cbe0-9c5f-4326-a4b7-ed4b0a8a4e09 464517ff90904eb2b01c9651bd529c8f 2d23722c64c24565877eba2fb1df50d2 - - default default] 10.0.0.116 "GET /v2.0/security-groups?tenant_id=e3f2699c6eb143f7b84251aa9110cfe0&name=default HTTP/1.1" status: 200 len: 2996 time: 0.3341143
2026-04-13 04:31:06.318 9 INFO neutron.wsgi [None req-706c7ff3-ee91-4b9e-b5aa-3fbd78fa79c3 464517ff90904eb2b01c9651bd529c8f 2d23722c64c24565877eba2fb1df50d2 - - default default] 10.0.0.116 "DELETE /v2.0/security-groups/24585314-8094-4626-a18d-654dc7176acf HTTP/1.1" status: 204 len: 168 time: 0.1850789
2026-04-13 04:31:06.537 10 INFO neutron.wsgi [req-1d2e4023-9b6a-48f1-bb89-68daf832031e req-2b113c93-2ac4-4d81-9b60-8d43a0a3f005 00885bd86298445187ed64948bc624c8 e340a5b6259444feb1c596e89ef81b7e - - default default] 10.0.0.137 "GET /v2.0/networks?id=449f73bc-2aec-45f3-82ef-8cebc370681c HTTP/1.1" status: 200 len: 877 time: 0.0933018
2026-04-13 04:31:06.557 10 INFO neutron.wsgi [req-1d2e4023-9b6a-48f1-bb89-68daf832031e req-b0da6333-ba49-4751-9b22-1cc5a26387c2 00885bd86298445187ed64948bc624c8 e340a5b6259444feb1c596e89ef81b7e - - default default] 10.0.0.137 "GET /v2.0/quotas/e340a5b6259444feb1c596e89ef81b7e HTTP/1.1" status: 200 len: 386 time: 0.0118101
2026-04-13 04:31:06.662 10 INFO neutron.wsgi [req-1d2e4023-9b6a-48f1-bb89-68daf832031e req-525bade1-a9e6-4310-9df9-f50752e26447 00885bd86298445187ed64948bc624c8 e340a5b6259444feb1c596e89ef81b7e - - default default] 10.0.0.137 "GET /v2.0/ports?tenant_id=e340a5b6259444feb1c596e89ef81b7e&fields=id HTTP/1.1" status: 200 len: 302 time: 0.0985494
2026-04-13 04:31:06.727 10 INFO neutron.wsgi [req-1d2e4023-9b6a-48f1-bb89-68daf832031e req-10cf423a-8133-4f4f-bc02-dd4f52369b14 789c9a7ee0c848eb92cff03c64e4bf0a cddb5cc411ed46158e2df7299da69934 - - aafb6e47c8464a48aff426311d4cbb0d aafb6e47c8464a48aff426311d4cbb0d] 10.0.0.137 "GET /v2.0/networks/449f73bc-2aec-45f3-82ef-8cebc370681c?fields=segments HTTP/1.1" status: 200 len: 212 time: 0.0558350
2026-04-13 04:31:06.794 10 INFO neutron.wsgi [req-1d2e4023-9b6a-48f1-bb89-68daf832031e req-08b64b46-536f-4735-b02d-926678b7d9f6 789c9a7ee0c848eb92cff03c64e4bf0a cddb5cc411ed46158e2df7299da69934 - - aafb6e47c8464a48aff426311d4cbb0d aafb6e47c8464a48aff426311d4cbb0d] 10.0.0.137 "GET /v2.0/networks/449f73bc-2aec-45f3-82ef-8cebc370681c?fields=provider%3Aphysical_network&fields=provider%3Anetwork_type HTTP/1.1" status: 200 len: 277 time: 0.0596886
2026-04-13 04:31:07.165 9 INFO neutron.wsgi [req-8ffe0ce7-9ad5-41d8-a5fc-73b15574a3e0 req-3f2d33ca-29fc-4047-bde2-48e07e7b25db 00885bd86298445187ed64948bc624c8 e340a5b6259444feb1c596e89ef81b7e - - default default] 10.0.0.137 "GET /v2.0/ports?device_id=597ddfaa-0ec1-48ce-b214-2e746f5f6404 HTTP/1.1" status: 200 len: 210 time: 0.2420814
2026-04-13 04:31:07.219 9 INFO neutron.db.ovn_revision_numbers_db [None req-bc82083c-01f1-4b61-b4fb-a393065c0747 464517ff90904eb2b01c9651bd529c8f 2d23722c64c24565877eba2fb1df50d2 - - default default] Successfully bumped revision number for resource 0be433ce-e1f2-4c39-bc64-8b5b98d0972a (type: security_groups) to 1
2026-04-13 04:31:07.232 9 INFO neutron.db.ovn_revision_numbers_db [None req-0fdd5b12-a867-4051-8bf2-78f5a676582d 5c12b9c1ca9e4639b99a732810b340df 1617f029ad104dff988850ccf52fa331 - - default default] Successfully bumped revision number for resource e080b3c0-1d35-40b8-ac6d-7b60e2e8a867 (type: routers) to 1
2026-04-13 04:31:07.235 9 INFO neutron.db.ovn_revision_numbers_db [None req-bc82083c-01f1-4b61-b4fb-a393065c0747 464517ff90904eb2b01c9651bd529c8f 2d23722c64c24565877eba2fb1df50d2 - - default default] Successfully bumped revision number for resource 25ab8051-81dd-45ef-bc82-fe8c6f610a43 (type: security_group_rules) to 0
2026-04-13 04:31:07.261 9 INFO neutron.wsgi [None req-0fdd5b12-a867-4051-8bf2-78f5a676582d 5c12b9c1ca9e4639b99a732810b340df 1617f029ad104dff988850ccf52fa331 - - default default] 10.0.0.116 "POST /v2.0/routers HTTP/1.1" status: 201 len: 654 time: 0.5234871
2026-04-13 04:31:07.262 9 INFO neutron.db.ovn_revision_numbers_db [None req-bc82083c-01f1-4b61-b4fb-a393065c0747 464517ff90904eb2b01c9651bd529c8f 2d23722c64c24565877eba2fb1df50d2 - - default default] Successfully bumped revision number for resource 5bbb54b1-e350-45d9-bcf1-a3e7cb08e14c (type: security_group_rules) to 0
2026-04-13 04:31:07.281 9 INFO neutron.db.ovn_revision_numbers_db [None req-bc82083c-01f1-4b61-b4fb-a393065c0747 464517ff90904eb2b01c9651bd529c8f 2d23722c64c24565877eba2fb1df50d2 - - default default] Successfully bumped revision number for resource 860e94c6-41c0-4172-b484-bb938f42a17f (type: security_group_rules) to 0
2026-04-13 04:31:07.303 9 INFO neutron.db.ovn_revision_numbers_db [None req-bc82083c-01f1-4b61-b4fb-a393065c0747 464517ff90904eb2b01c9651bd529c8f 2d23722c64c24565877eba2fb1df50d2 - - default default] Successfully bumped revision number for resource b8933fe5-404a-4872-a98f-4246bd668328 (type: security_group_rules) to 0
2026-04-13 04:31:07.330 9 INFO neutron.wsgi [None req-bc82083c-01f1-4b61-b4fb-a393065c0747 464517ff90904eb2b01c9651bd529c8f 2d23722c64c24565877eba2fb1df50d2 - - default default] 10.0.0.116 "GET /v2.0/security-groups?tenant_id=c16c73e882bb4dc78572ec23ba1c4512&name=default HTTP/1.1" status: 200 len: 2996 time: 0.5798616
2026-04-13 04:31:07.429 10 INFO neutron.db.ovn_revision_numbers_db [None req-a1260b5d-6691-48eb-bd82-6cb3f2d32e06 5c12b9c1ca9e4639b99a732810b340df 1617f029ad104dff988850ccf52fa331 - - default default] Successfully bumped revision number for resource aeab07d7-fda8-4c62-a3a3-2f48f79554b1 (type: routers) to 1
2026-04-13 04:31:07.445 10 INFO neutron.wsgi [None req-a1260b5d-6691-48eb-bd82-6cb3f2d32e06 5c12b9c1ca9e4639b99a732810b340df 1617f029ad104dff988850ccf52fa331 - - default default] 10.0.0.116 "POST /v2.0/routers HTTP/1.1" status: 201 len: 654 time: 0.1783397
2026-04-13 04:31:07.558 9 INFO neutron.wsgi [None req-9e9826e0-5eec-4971-81ce-9371cc71485e 464517ff90904eb2b01c9651bd529c8f 2d23722c64c24565877eba2fb1df50d2 - - default default] 10.0.0.116 "DELETE /v2.0/security-groups/0be433ce-e1f2-4c39-bc64-8b5b98d0972a HTTP/1.1" status: 204 len: 168 time: 0.2208097
2026-04-13 04:31:07.669 9 INFO neutron.wsgi [req-1d2e4023-9b6a-48f1-bb89-68daf832031e req-76c2def6-decf-487e-8c98-2afc0640327e 00885bd86298445187ed64948bc624c8 e340a5b6259444feb1c596e89ef81b7e - - default default] 199.204.45.141 "GET /v2.0/networks?id=449f73bc-2aec-45f3-82ef-8cebc370681c HTTP/1.1" status: 200 len: 877 time: 0.0948727
2026-04-13 04:31:07.801 10 INFO neutron.db.ovn_revision_numbers_db [None req-2e0b636a-2917-40b8-b379-8ac43eff77a8 5c12b9c1ca9e4639b99a732810b340df 1617f029ad104dff988850ccf52fa331 - - default default] Successfully bumped revision number for resource dc3dd9af-63f0-452c-adf3-28511ca87cb8 (type: routers) to 1
2026-04-13 04:31:07.819 10 INFO neutron.wsgi [None req-2e0b636a-2917-40b8-b379-8ac43eff77a8 5c12b9c1ca9e4639b99a732810b340df 1617f029ad104dff988850ccf52fa331 - - default default] 10.0.0.116 "POST /v2.0/routers HTTP/1.1" status: 201 len: 654 time: 0.3692136
2026-04-13 04:31:08.021 10 INFO neutron.db.ovn_revision_numbers_db [None req-b093cdf4-6f84-499c-b343-bb2aae485600 5c12b9c1ca9e4639b99a732810b340df 1617f029ad104dff988850ccf52fa331 - - default default] Successfully bumped revision number for resource ce899f72-c049-4bb1-bdeb-622fb70d546e (type: routers) to 1
2026-04-13 04:31:08.039 10 INFO neutron.wsgi [None req-b093cdf4-6f84-499c-b343-bb2aae485600 5c12b9c1ca9e4639b99a732810b340df 1617f029ad104dff988850ccf52fa331 - - default default] 10.0.0.116 "POST /v2.0/routers HTTP/1.1" status: 201 len: 654 time: 0.2150934
2026-04-13 04:31:08.043 9 WARNING neutron.scheduler.dhcp_agent_scheduler [req-1d2e4023-9b6a-48f1-bb89-68daf832031e req-061c8678-6c9e-4cae-bc51-746743678fbc 00885bd86298445187ed64948bc624c8 e340a5b6259444feb1c596e89ef81b7e - - default default] No more DHCP agents
2026-04-13 04:31:08.045 9 WARNING neutron.api.rpc.agentnotifiers.dhcp_rpc_agent_api [req-1d2e4023-9b6a-48f1-bb89-68daf832031e req-061c8678-6c9e-4cae-bc51-746743678fbc 00885bd86298445187ed64948bc624c8 e340a5b6259444feb1c596e89ef81b7e - - default default] Unable to schedule network 449f73bc-2aec-45f3-82ef-8cebc370681c: no agents available; will retry on subsequent port and subnet creation events.
2026-04-13 04:31:08.196 10 INFO neutron.db.ovn_revision_numbers_db [None req-4bab3940-b012-4951-8b13-422e1a269128 5c12b9c1ca9e4639b99a732810b340df 1617f029ad104dff988850ccf52fa331 - - default default] Successfully bumped revision number for resource 62887174-1af4-46bb-aaf5-355932a9dec7 (type: routers) to 1
2026-04-13 04:31:08.210 10 INFO neutron.wsgi [None req-4bab3940-b012-4951-8b13-422e1a269128 5c12b9c1ca9e4639b99a732810b340df 1617f029ad104dff988850ccf52fa331 - - default default] 10.0.0.116 "POST /v2.0/routers HTTP/1.1" status: 201 len: 654 time: 0.1620462
2026-04-13 04:31:08.232 9 INFO neutron.db.ovn_revision_numbers_db [req-1d2e4023-9b6a-48f1-bb89-68daf832031e req-061c8678-6c9e-4cae-bc51-746743678fbc 00885bd86298445187ed64948bc624c8 e340a5b6259444feb1c596e89ef81b7e - - default default] Successfully bumped revision number for resource f2e5c39b-b986-4feb-b2f0-6f8034aecb26 (type: ports) to 1
2026-04-13 04:31:08.262 9 INFO neutron.wsgi [req-1d2e4023-9b6a-48f1-bb89-68daf832031e req-061c8678-6c9e-4cae-bc51-746743678fbc 00885bd86298445187ed64948bc624c8 e340a5b6259444feb1c596e89ef81b7e - - default default] 199.204.45.141 "POST /v2.0/ports HTTP/1.1" status: 201 len: 1158 time: 0.5843832 /var/lib/openstack/lib/python3.10/site-packages/pycadf/identifier.py:71: UserWarning: Invalid uuid: neutron. To ensure interoperability, identifiers should be a valid uuid. warnings.warn(('Invalid uuid: %s. To ensure interoperability, '
2026-04-13 04:31:08.283 10 INFO neutron.wsgi [None req-34912d88-84f7-4bc5-9f81-cb7065cdb804 5c12b9c1ca9e4639b99a732810b340df 1617f029ad104dff988850ccf52fa331 - - default default] 10.0.0.116 "PUT /v2.0/routers/e080b3c0-1d35-40b8-ac6d-7b60e2e8a867/tags HTTP/1.1" status: 200 len: 210 time: 0.0655305
2026-04-13 04:31:08.297 10 INFO neutron.wsgi [req-8fd5038a-3915-48ee-950b-aa220b859c4c req-f7eaf654-8fb5-4c9f-904b-25242a67ac27 00885bd86298445187ed64948bc624c8 e340a5b6259444feb1c596e89ef81b7e - - default default] 10.0.0.137 "GET /v2.0/ports?device_id=597ddfaa-0ec1-48ce-b214-2e746f5f6404 HTTP/1.1" status: 200 len: 1156 time: 0.0459442
2026-04-13 04:31:08.345 10 INFO neutron.wsgi [None req-16c6ad67-6521-4db6-b9a9-51a0e620846b 5c12b9c1ca9e4639b99a732810b340df 1617f029ad104dff988850ccf52fa331 - - default default] 10.0.0.116 "PUT /v2.0/routers/aeab07d7-fda8-4c62-a3a3-2f48f79554b1/tags HTTP/1.1" status: 200 len: 218 time: 0.0576460
2026-04-13 04:31:08.356 10 INFO neutron.wsgi [req-8fd5038a-3915-48ee-950b-aa220b859c4c req-598ae144-187b-4e3d-941b-0a0c9f8800b7 00885bd86298445187ed64948bc624c8 e340a5b6259444feb1c596e89ef81b7e - - default default] 10.0.0.137 "GET /v2.0/security-groups?id=4d47dc0f-0696-4006-85d6-dd0f81e58a41&fields=id&fields=name HTTP/1.1" status: 200 len: 286 time: 0.0468409
2026-04-13 04:31:08.424 9 INFO neutron.wsgi [None req-a3148408-6223-46fd-9808-0db0165ea202 5c12b9c1ca9e4639b99a732810b340df 1617f029ad104dff988850ccf52fa331 - - default default] 10.0.0.116 "PUT /v2.0/routers/dc3dd9af-63f0-452c-adf3-28511ca87cb8/tags HTTP/1.1" status: 200 len: 227 time: 0.0751927
2026-04-13 04:31:08.486 10 INFO neutron.wsgi [None req-ce282873-325d-401c-8fbf-5dc3716c9797 5c12b9c1ca9e4639b99a732810b340df 1617f029ad104dff988850ccf52fa331 - - default default] 10.0.0.116 "PUT /v2.0/routers/ce899f72-c049-4bb1-bdeb-622fb70d546e/tags HTTP/1.1" status: 200 len: 212 time: 0.0582435
2026-04-13 04:31:08.572 10 INFO neutron.wsgi [None req-5f10c582-6f86-4748-aa01-af0e27389bb9 5c12b9c1ca9e4639b99a732810b340df 1617f029ad104dff988850ccf52fa331 - - default default] 10.0.0.116 "GET /v2.0/routers?tags=red HTTP/1.1" status: 200 len: 1601 time: 0.0823193
2026-04-13 04:31:08.637 10 INFO neutron.wsgi [None req-40bc5140-1e2a-459c-9367-87033eb16e23 5c12b9c1ca9e4639b99a732810b340df 1617f029ad104dff988850ccf52fa331 - - default default] 10.0.0.116 "GET /v2.0/routers?tags=red%2Cblue HTTP/1.1" status: 200 len: 1144 time: 0.0595944
2026-04-13 04:31:08.701 9 INFO neutron.db.ovn_revision_numbers_db [req-1d2e4023-9b6a-48f1-bb89-68daf832031e req-c11a3e3e-a1d5-4d53-85ac-88ab1ae20646 789c9a7ee0c848eb92cff03c64e4bf0a cddb5cc411ed46158e2df7299da69934 - - aafb6e47c8464a48aff426311d4cbb0d aafb6e47c8464a48aff426311d4cbb0d] Successfully bumped revision number for resource f2e5c39b-b986-4feb-b2f0-6f8034aecb26 (type: ports) to 2
2026-04-13 04:31:08.705 10 INFO neutron.wsgi [None req-fb474c83-500a-46dd-aa8c-2c00646387be 5c12b9c1ca9e4639b99a732810b340df 1617f029ad104dff988850ccf52fa331 - - default default] 10.0.0.116 "GET /v2.0/routers?tags-any=blue HTTP/1.1" status: 200 len: 1144 time: 0.0642018
2026-04-13 04:31:08.757 10 INFO neutron.wsgi [None req-ff6620e7-886e-4135-b683-5b274e1919b0 5c12b9c1ca9e4639b99a732810b340df 1617f029ad104dff988850ccf52fa331 - - default default] 10.0.0.116 "GET /v2.0/routers?tags-any=red%2Cblue HTTP/1.1" status: 200 len: 1601 time: 0.0478628
2026-04-13 04:31:08.825 10 INFO neutron.wsgi [None req-e549a42d-dc89-4930-b65f-640a1023111c 5c12b9c1ca9e4639b99a732810b340df 1617f029ad104dff988850ccf52fa331 - - default default] 10.0.0.116 "GET /v2.0/routers?not-tags=red HTTP/1.1" status: 200 len: 1116 time: 0.0655792 /var/lib/openstack/lib/python3.10/site-packages/pycadf/identifier.py:71: UserWarning: Invalid uuid: neutron. To ensure interoperability, identifiers should be a valid uuid. warnings.warn(('Invalid uuid: %s. To ensure interoperability, '
2026-04-13 04:31:08.908 9 INFO neutron.wsgi [None req-a47c456b-b915-4a48-af66-3616f8785d66 5c12b9c1ca9e4639b99a732810b340df 1617f029ad104dff988850ccf52fa331 - - default default] 10.0.0.116 "GET /v2.0/routers?not-tags=red%2Cblue HTTP/1.1" status: 200 len: 1573 time: 0.0788422
2026-04-13 04:31:08.947 9 INFO neutron.db.ovn_revision_numbers_db [req-1d2e4023-9b6a-48f1-bb89-68daf832031e req-c11a3e3e-a1d5-4d53-85ac-88ab1ae20646 789c9a7ee0c848eb92cff03c64e4bf0a cddb5cc411ed46158e2df7299da69934 - - aafb6e47c8464a48aff426311d4cbb0d aafb6e47c8464a48aff426311d4cbb0d] Successfully bumped revision number for resource f2e5c39b-b986-4feb-b2f0-6f8034aecb26 (type: ports) to 2
2026-04-13 04:31:08.959 9 INFO neutron.wsgi [req-1d2e4023-9b6a-48f1-bb89-68daf832031e req-c11a3e3e-a1d5-4d53-85ac-88ab1ae20646 789c9a7ee0c848eb92cff03c64e4bf0a cddb5cc411ed46158e2df7299da69934 - - aafb6e47c8464a48aff426311d4cbb0d aafb6e47c8464a48aff426311d4cbb0d] 199.204.45.141 "PUT /v2.0/ports/f2e5c39b-b986-4feb-b2f0-6f8034aecb26 HTTP/1.1" status: 200 len: 1376 time: 0.6955402
2026-04-13 04:31:08.981 10 INFO neutron.wsgi [None req-f8e8dc0e-80c8-41cf-98ad-86c10856a833 5c12b9c1ca9e4639b99a732810b340df 1617f029ad104dff988850ccf52fa331 - - default default] 10.0.0.116 "GET /v2.0/routers?not-tags-any=blue HTTP/1.1" status: 200 len: 1573 time: 0.0667975
2026-04-13 04:31:08.995 9 INFO neutron.notifiers.nova [-] Nova event matching ['req-7261abc4-30ea-4f99-992e-a5d90e1973da'] response: {'name': 'network-changed', 'server_uuid': '597ddfaa-0ec1-48ce-b214-2e746f5f6404', 'tag': 'f2e5c39b-b986-4feb-b2f0-6f8034aecb26', 'status': 'completed', 'code': 200}
2026-04-13 04:31:09.025 9 INFO neutron.wsgi [req-1d2e4023-9b6a-48f1-bb89-68daf832031e req-9ae8abc7-2e08-4643-a736-96be5e3e3301 789c9a7ee0c848eb92cff03c64e4bf0a cddb5cc411ed46158e2df7299da69934 - - aafb6e47c8464a48aff426311d4cbb0d aafb6e47c8464a48aff426311d4cbb0d] 199.204.45.141 "GET /v2.0/ports?tenant_id=e340a5b6259444feb1c596e89ef81b7e&device_id=597ddfaa-0ec1-48ce-b214-2e746f5f6404 HTTP/1.1" status: 200 len: 1407 time: 0.0330822
2026-04-13 04:31:09.027 10 INFO neutron.wsgi [None req-9f8e438c-9a68-4558-aba6-03462130f4a2 5c12b9c1ca9e4639b99a732810b340df 1617f029ad104dff988850ccf52fa331 - - default default] 10.0.0.116 "GET /v2.0/routers?not-tags-any=red%2Cblue HTTP/1.1" status: 200 len: 1116 time: 0.0411592
2026-04-13 04:31:09.054 9 INFO neutron.wsgi [req-1d2e4023-9b6a-48f1-bb89-68daf832031e req-ca15fab4-a087-4637-9e31-3516ca3d9e91 789c9a7ee0c848eb92cff03c64e4bf0a cddb5cc411ed46158e2df7299da69934 - - aafb6e47c8464a48aff426311d4cbb0d aafb6e47c8464a48aff426311d4cbb0d] 199.204.45.141 "GET /v2.0/floatingips?fixed_ip_address=10.100.0.4&port_id=f2e5c39b-b986-4feb-b2f0-6f8034aecb26 HTTP/1.1" status: 200 len: 217 time: 0.0234814
2026-04-13 04:31:09.088 10 INFO neutron.wsgi [None req-ef75c327-bb40-4fe1-aa5d-4a71831df3b9 5c12b9c1ca9e4639b99a732810b340df 1617f029ad104dff988850ccf52fa331 - - default default] 10.0.0.116 "GET /v2.0/routers/e080b3c0-1d35-40b8-ac6d-7b60e2e8a867 HTTP/1.1" status: 200 len: 660 time: 0.0546401
2026-04-13 04:31:09.092 9 INFO neutron.wsgi [req-1d2e4023-9b6a-48f1-bb89-68daf832031e req-aacbbf34-618d-4c73-b83e-1dccb514fd53 789c9a7ee0c848eb92cff03c64e4bf0a cddb5cc411ed46158e2df7299da69934 - - aafb6e47c8464a48aff426311d4cbb0d aafb6e47c8464a48aff426311d4cbb0d] 199.204.45.141 "GET /v2.0/subnets?id=a9550018-5bda-4e79-b79f-8d9fc1d83a4e HTTP/1.1" status: 200 len: 871 time: 0.0329661
2026-04-13 04:31:09.121 9 INFO neutron.wsgi [req-1d2e4023-9b6a-48f1-bb89-68daf832031e req-9b0e4cee-3a7d-4f6d-8916-ac4e5d50aff2 789c9a7ee0c848eb92cff03c64e4bf0a cddb5cc411ed46158e2df7299da69934 - - aafb6e47c8464a48aff426311d4cbb0d aafb6e47c8464a48aff426311d4cbb0d] 199.204.45.141 "GET /v2.0/ports?network_id=449f73bc-2aec-45f3-82ef-8cebc370681c&device_owner=network%3Adhcp HTTP/1.1" status: 200 len: 210 time: 0.0206938
2026-04-13 04:31:09.198 9 INFO neutron.wsgi [req-1d2e4023-9b6a-48f1-bb89-68daf832031e req-db216a00-d43a-4dde-a628-22d2d7d7b763 789c9a7ee0c848eb92cff03c64e4bf0a cddb5cc411ed46158e2df7299da69934 - - aafb6e47c8464a48aff426311d4cbb0d aafb6e47c8464a48aff426311d4cbb0d] 199.204.45.141 "GET /v2.0/networks/449f73bc-2aec-45f3-82ef-8cebc370681c?fields=segments HTTP/1.1" status: 200 len: 212 time: 0.0679636
2026-04-13 04:31:09.263 9 INFO neutron.wsgi [req-1d2e4023-9b6a-48f1-bb89-68daf832031e req-bf21a932-65fb-41ab-abb5-4dab728cf14c 789c9a7ee0c848eb92cff03c64e4bf0a cddb5cc411ed46158e2df7299da69934 - - aafb6e47c8464a48aff426311d4cbb0d aafb6e47c8464a48aff426311d4cbb0d] 199.204.45.141 "GET /v2.0/networks/449f73bc-2aec-45f3-82ef-8cebc370681c?fields=provider%3Aphysical_network&fields=provider%3Anetwork_type HTTP/1.1" status: 200 len: 277 time: 0.0578930
2026-04-13 04:31:09.329 9 INFO neutron.wsgi [req-bd5da824-e094-4fcd-8040-4f8fcd1d7940 req-d166ec2a-9b84-4f8e-a972-96a6bb6cb6cd 789c9a7ee0c848eb92cff03c64e4bf0a cddb5cc411ed46158e2df7299da69934 - - aafb6e47c8464a48aff426311d4cbb0d aafb6e47c8464a48aff426311d4cbb0d] 199.204.45.141 "GET /v2.0/ports?tenant_id=e340a5b6259444feb1c596e89ef81b7e&device_id=597ddfaa-0ec1-48ce-b214-2e746f5f6404 HTTP/1.1" status: 200 len: 1407 time: 0.0323968
2026-04-13 04:31:09.405 9 INFO neutron.wsgi [req-bd5da824-e094-4fcd-8040-4f8fcd1d7940 req-2a1f324d-2c79-459a-9e0f-fb016a4b2e5e 789c9a7ee0c848eb92cff03c64e4bf0a cddb5cc411ed46158e2df7299da69934 - - aafb6e47c8464a48aff426311d4cbb0d aafb6e47c8464a48aff426311d4cbb0d] 199.204.45.141 "GET /v2.0/networks?id=449f73bc-2aec-45f3-82ef-8cebc370681c HTTP/1.1" status: 200 len: 976 time: 0.0723298
2026-04-13 04:31:09.448 9 INFO neutron.wsgi [req-bd5da824-e094-4fcd-8040-4f8fcd1d7940 req-b0337669-21a4-4337-88ea-e5fc143ef7e8 789c9a7ee0c848eb92cff03c64e4bf0a cddb5cc411ed46158e2df7299da69934 - - aafb6e47c8464a48aff426311d4cbb0d aafb6e47c8464a48aff426311d4cbb0d] 199.204.45.141 "GET /v2.0/floatingips?fixed_ip_address=10.100.0.4&port_id=f2e5c39b-b986-4feb-b2f0-6f8034aecb26 HTTP/1.1" status: 200 len: 217 time: 0.0373430
2026-04-13 04:31:09.497 10 INFO neutron.wsgi [req-51e7879c-5d15-46a8-a735-205895106385 req-2a05063b-fc28-4835-9924-98762f337a13 00885bd86298445187ed64948bc624c8 e340a5b6259444feb1c596e89ef81b7e - - default default] 10.0.0.137 "GET /v2.0/ports?device_id=597ddfaa-0ec1-48ce-b214-2e746f5f6404 HTTP/1.1" status: 200 len: 1168 time: 0.0704594
2026-04-13 04:31:09.524 9 INFO neutron.wsgi [req-bd5da824-e094-4fcd-8040-4f8fcd1d7940 req-0bdedbda-fcfe-4e46-b31e-40fe8d48edc7 789c9a7ee0c848eb92cff03c64e4bf0a cddb5cc411ed46158e2df7299da69934 - - aafb6e47c8464a48aff426311d4cbb0d aafb6e47c8464a48aff426311d4cbb0d] 199.204.45.141 "GET /v2.0/subnets?id=a9550018-5bda-4e79-b79f-8d9fc1d83a4e HTTP/1.1" status: 200 len: 871 time: 0.0522382
2026-04-13 04:31:09.549 9 INFO neutron.wsgi [req-bd5da824-e094-4fcd-8040-4f8fcd1d7940 req-47f60c4b-ace4-469a-9205-84cb6946db8a 789c9a7ee0c848eb92cff03c64e4bf0a cddb5cc411ed46158e2df7299da69934 - - aafb6e47c8464a48aff426311d4cbb0d aafb6e47c8464a48aff426311d4cbb0d] 199.204.45.141 "GET /v2.0/ports?network_id=449f73bc-2aec-45f3-82ef-8cebc370681c&device_owner=network%3Adhcp HTTP/1.1" status: 200 len: 210 time: 0.0182297
2026-04-13 04:31:09.555 10 INFO neutron.db.ovn_revision_numbers_db [None req-519ba94b-5c46-486f-bca5-fb5515b8c07e 5c12b9c1ca9e4639b99a732810b340df 1617f029ad104dff988850ccf52fa331 - - default default] Successfully bumped revision number for resource e080b3c0-1d35-40b8-ac6d-7b60e2e8a867 (type: routers) to 2
2026-04-13 04:31:09.558 10 INFO neutron.wsgi [None req-519ba94b-5c46-486f-bca5-fb5515b8c07e 5c12b9c1ca9e4639b99a732810b340df 1617f029ad104dff988850ccf52fa331 - - default default] 10.0.0.116 "PUT /v2.0/routers/e080b3c0-1d35-40b8-ac6d-7b60e2e8a867 HTTP/1.1" status: 200 len: 660 time: 0.4646842
2026-04-13 04:31:09.563 10 INFO neutron.wsgi [req-51e7879c-5d15-46a8-a735-205895106385 req-d7361aae-d0e2-48ea-926a-5ff790ca06cf 00885bd86298445187ed64948bc624c8 e340a5b6259444feb1c596e89ef81b7e - - default default] 10.0.0.137 "GET /v2.0/security-groups?id=4d47dc0f-0696-4006-85d6-dd0f81e58a41&fields=id&fields=name HTTP/1.1" status: 200 len: 286 time: 0.0594466
2026-04-13 04:31:09.580 10 INFO neutron.wsgi [None req-80e52358-68d1-4720-b7de-c1fad86f0290 5c12b9c1ca9e4639b99a732810b340df 1617f029ad104dff988850ccf52fa331 - - default default] 10.0.0.116 "GET /v2.0/ports?device_id=e080b3c0-1d35-40b8-ac6d-7b60e2e8a867 HTTP/1.1" status: 200 len: 205 time: 0.0166278
2026-04-13 04:31:09.613 9 INFO neutron.wsgi [req-bd5da824-e094-4fcd-8040-4f8fcd1d7940 req-640838da-1a36-4148-ad45-702e1d1f05db 789c9a7ee0c848eb92cff03c64e4bf0a cddb5cc411ed46158e2df7299da69934 - - aafb6e47c8464a48aff426311d4cbb0d aafb6e47c8464a48aff426311d4cbb0d] 199.204.45.141 "GET /v2.0/networks/449f73bc-2aec-45f3-82ef-8cebc370681c?fields=segments HTTP/1.1" status: 200 len: 212 time: 0.0602160
2026-04-13 04:31:09.700 9 INFO neutron.wsgi [req-bd5da824-e094-4fcd-8040-4f8fcd1d7940 req-5227193b-6df9-443b-8b13-b16c13462265 789c9a7ee0c848eb92cff03c64e4bf0a cddb5cc411ed46158e2df7299da69934 - - aafb6e47c8464a48aff426311d4cbb0d aafb6e47c8464a48aff426311d4cbb0d] 199.204.45.141 "GET /v2.0/networks/449f73bc-2aec-45f3-82ef-8cebc370681c?fields=provider%3Aphysical_network&fields=provider%3Anetwork_type HTTP/1.1" status: 200 len: 277 time: 0.0801125
2026-04-13 04:31:10.014 10 INFO neutron.wsgi [None req-a35129ed-1d20-47d4-b608-92b429ac4134 5c12b9c1ca9e4639b99a732810b340df 1617f029ad104dff988850ccf52fa331 - - default default] 10.0.0.116 "DELETE /v2.0/routers/e080b3c0-1d35-40b8-ac6d-7b60e2e8a867 HTTP/1.1" status: 204 len: 168 time: 0.4298093
2026-04-13 04:31:10.058 10 INFO neutron.wsgi [None req-4e931bb5-fbfb-4bf3-951e-606eba193f31 5c12b9c1ca9e4639b99a732810b340df 1617f029ad104dff988850ccf52fa331 - - default default] 10.0.0.116 "GET /v2.0/routers/aeab07d7-fda8-4c62-a3a3-2f48f79554b1 HTTP/1.1" status: 200 len: 668 time: 0.0395935
2026-04-13 04:31:10.229 9 WARNING neutron.plugins.ml2.drivers.ovn.mech_driver.ovsdb.ovn_client [None req-4dcdf02c-99c4-441b-86e7-f115ffea969c - - - - - -] No hosting information found for port 8b8f42c6-a12a-49ec-8a4f-d50b77935edf: RuntimeError: No hosting information found for port 8b8f42c6-a12a-49ec-8a4f-d50b77935edf
2026-04-13 04:31:10.230 9 INFO neutron.plugins.ml2.drivers.ovn.mech_driver.mech_driver [None req-4dcdf02c-99c4-441b-86e7-f115ffea969c - - - - - -] OVN reports status up for port: f2e5c39b-b986-4feb-b2f0-6f8034aecb26
2026-04-13 04:31:10.241 9 INFO neutron.plugins.ml2.plugin [None req-4dcdf02c-99c4-441b-86e7-f115ffea969c - - - - - -] Attempt 1 to provision port f2e5c39b-b986-4feb-b2f0-6f8034aecb26
2026-04-13 04:31:10.501 9 INFO neutron.db.ovn_revision_numbers_db [None req-4dcdf02c-99c4-441b-86e7-f115ffea969c - - - - - -] Successfully bumped revision number for resource f2e5c39b-b986-4feb-b2f0-6f8034aecb26 (type: ports) to 4
2026-04-13 04:31:10.518 10 INFO neutron.db.ovn_revision_numbers_db [None req-6b000630-5af6-4e7e-be96-e2be7a85a08b 5c12b9c1ca9e4639b99a732810b340df 1617f029ad104dff988850ccf52fa331 - - default default] Successfully bumped revision number for resource aeab07d7-fda8-4c62-a3a3-2f48f79554b1 (type: routers) to 2
2026-04-13 04:31:10.524 10 INFO neutron.wsgi [None req-6b000630-5af6-4e7e-be96-e2be7a85a08b 5c12b9c1ca9e4639b99a732810b340df 1617f029ad104dff988850ccf52fa331 - - default default] 10.0.0.116 "PUT /v2.0/routers/aeab07d7-fda8-4c62-a3a3-2f48f79554b1 HTTP/1.1" status: 200 len: 668 time: 0.4619319
2026-04-13 04:31:10.549 10 INFO neutron.wsgi [None req-f3b95aa3-84ca-4893-9c9b-94f6b7d503e7 5c12b9c1ca9e4639b99a732810b340df 1617f029ad104dff988850ccf52fa331 - - default default] 10.0.0.116 "GET /v2.0/ports?device_id=aeab07d7-fda8-4c62-a3a3-2f48f79554b1 HTTP/1.1" status: 200 len: 205 time: 0.0208063
2026-04-13 04:31:10.563 10 INFO neutron.wsgi [-] 10.0.0.173 "GET / HTTP/1.1" status: 200 len: 247 time: 0.0022550
2026-04-13 04:31:10.564 9 INFO neutron.wsgi [-] 10.0.0.173 "GET / HTTP/1.1" status: 200 len: 247 time: 0.0027509 /var/lib/openstack/lib/python3.10/site-packages/pycadf/identifier.py:71: UserWarning: Invalid uuid: neutron. To ensure interoperability, identifiers should be a valid uuid. warnings.warn(('Invalid uuid: %s. To ensure interoperability, '
2026-04-13 04:31:10.726 9 INFO neutron.wsgi [req-6944b5ad-fb5d-4d94-90d7-0deb01990e99 req-fa7aa268-c2e5-4f18-9df8-21b87ae8c9e6 00885bd86298445187ed64948bc624c8 e340a5b6259444feb1c596e89ef81b7e - - default default] 10.0.0.137 "GET /v2.0/ports?device_id=597ddfaa-0ec1-48ce-b214-2e746f5f6404 HTTP/1.1" status: 200 len: 1170 time: 0.1027818
2026-04-13 04:31:10.758 9 INFO neutron.db.ovn_revision_numbers_db [None req-9aeba825-d8ca-44fb-a54a-9d743b6b1ae8 8bba7beec92f4fb9ab776f5bbdde9df6 7867e785dccf4d378d4c7f1585f0f07c - - default default] Successfully bumped revision number for resource 6970773c-9bf2-4210-9d3a-c040a33b8012 (type: security_groups) to 1
2026-04-13 04:31:10.771 9 INFO neutron.wsgi [req-6944b5ad-fb5d-4d94-90d7-0deb01990e99 req-9b528e9e-c62e-4669-9692-3a81052a969e 00885bd86298445187ed64948bc624c8 e340a5b6259444feb1c596e89ef81b7e - - default default] 10.0.0.137 "GET /v2.0/security-groups?id=4d47dc0f-0696-4006-85d6-dd0f81e58a41&fields=id&fields=name HTTP/1.1" status: 200 len: 286 time: 0.0408943
2026-04-13 04:31:10.780 9 INFO neutron.db.ovn_revision_numbers_db [None req-9aeba825-d8ca-44fb-a54a-9d743b6b1ae8 8bba7beec92f4fb9ab776f5bbdde9df6 7867e785dccf4d378d4c7f1585f0f07c - - default default] Successfully bumped revision number for resource 02b864fb-79e0-4bfe-a312-214bf240b513 (type: security_group_rules) to 0
2026-04-13 04:31:10.795 9 INFO neutron.db.ovn_revision_numbers_db [None req-9aeba825-d8ca-44fb-a54a-9d743b6b1ae8 8bba7beec92f4fb9ab776f5bbdde9df6 7867e785dccf4d378d4c7f1585f0f07c - - default default] Successfully bumped revision number for resource 0cbfb406-f53b-43f2-9b83-25a5e1e8397c (type: security_group_rules) to 0
2026-04-13 04:31:10.797 10 INFO neutron.wsgi [None req-fad492f4-7f5f-4895-bb37-37becae56b9b 5c12b9c1ca9e4639b99a732810b340df 1617f029ad104dff988850ccf52fa331 - - default default] 10.0.0.116 "DELETE /v2.0/routers/aeab07d7-fda8-4c62-a3a3-2f48f79554b1 HTTP/1.1" status: 204 len: 168 time: 0.2430832
2026-04-13 04:31:10.814 9 INFO neutron.db.ovn_revision_numbers_db [None req-9aeba825-d8ca-44fb-a54a-9d743b6b1ae8 8bba7beec92f4fb9ab776f5bbdde9df6 7867e785dccf4d378d4c7f1585f0f07c - - default default] Successfully bumped revision number for resource 6c205e3b-408a-4893-8628-69cc0c26a6e1 (type: security_group_rules) to 0
2026-04-13 04:31:10.832 9 INFO neutron.db.ovn_revision_numbers_db [None req-9aeba825-d8ca-44fb-a54a-9d743b6b1ae8 8bba7beec92f4fb9ab776f5bbdde9df6 7867e785dccf4d378d4c7f1585f0f07c - - default default] Successfully bumped revision number for resource 821ddfc7-2679-438d-8d23-b9651b4aa9dc (type: security_group_rules) to 0
2026-04-13 04:31:10.844 10 INFO neutron.wsgi [None req-1a928a47-ae11-43ab-8e29-526b7a81947c 5c12b9c1ca9e4639b99a732810b340df 1617f029ad104dff988850ccf52fa331 - - default default] 10.0.0.116 "GET /v2.0/routers/dc3dd9af-63f0-452c-adf3-28511ca87cb8 HTTP/1.1" status: 200 len: 677 time: 0.0395148
2026-04-13 04:31:10.883 9 INFO neutron.db.segments_db [None req-9aeba825-d8ca-44fb-a54a-9d743b6b1ae8 8bba7beec92f4fb9ab776f5bbdde9df6 7867e785dccf4d378d4c7f1585f0f07c - - default default] Added segment a308277c-b75d-413a-a837-2e6d677ab027 of type geneve for network 70ae7c09-451f-4309-9d76-88bf1e43fca2
2026-04-13 04:31:11.046 9 INFO neutron.notifiers.nova [-] Nova event matching ['req-6d7ee7e9-a948-4190-b3b7-d31789337906'] response: {'server_uuid': '597ddfaa-0ec1-48ce-b214-2e746f5f6404', 'name': 'network-vif-plugged', 'status': 'completed', 'tag': 'f2e5c39b-b986-4feb-b2f0-6f8034aecb26', 'code': 200}
2026-04-13 04:31:11.046 9 INFO neutron.notifiers.nova [-] Nova event matching ['req-6d7ee7e9-a948-4190-b3b7-d31789337906'] response: {'server_uuid': '597ddfaa-0ec1-48ce-b214-2e746f5f6404', 'name': 'network-vif-plugged', 'status': 'completed', 'tag': 'f2e5c39b-b986-4feb-b2f0-6f8034aecb26', 'code': 200}
2026-04-13 04:31:11.072 9 INFO neutron.db.ovn_revision_numbers_db [None req-9aeba825-d8ca-44fb-a54a-9d743b6b1ae8 8bba7beec92f4fb9ab776f5bbdde9df6 7867e785dccf4d378d4c7f1585f0f07c - - default default] Successfully bumped revision number for resource 70ae7c09-451f-4309-9d76-88bf1e43fca2 (type: networks) to 1
2026-04-13 04:31:11.241 9 INFO neutron.db.ovn_revision_numbers_db [None req-76acca12-f30d-47ee-9593-2ac0e4cfcba0 464517ff90904eb2b01c9651bd529c8f 2d23722c64c24565877eba2fb1df50d2 - - default default] Successfully bumped revision number for resource b35a52be-6181-4c53-a184-441d27dd2f7c (type: security_groups) to 1
2026-04-13 04:31:11.268 9 INFO neutron.db.ovn_revision_numbers_db [None req-76acca12-f30d-47ee-9593-2ac0e4cfcba0 464517ff90904eb2b01c9651bd529c8f 2d23722c64c24565877eba2fb1df50d2 - - default default] Successfully bumped revision number for resource 0e064480-6992-43ae-beb2-535d26a8abfc (type: security_group_rules) to 0
2026-04-13 04:31:11.297 9 INFO neutron.db.ovn_revision_numbers_db [None req-76acca12-f30d-47ee-9593-2ac0e4cfcba0 464517ff90904eb2b01c9651bd529c8f 2d23722c64c24565877eba2fb1df50d2 - - default default] Successfully bumped revision number for resource 0eeb032f-5f2b-4b77-b3fe-e637658a282b (type: security_group_rules) to 0
2026-04-13 04:31:11.315 9 WARNING neutron.scheduler.dhcp_agent_scheduler [None req-9aeba825-d8ca-44fb-a54a-9d743b6b1ae8 8bba7beec92f4fb9ab776f5bbdde9df6 7867e785dccf4d378d4c7f1585f0f07c - - default default] No more DHCP agents
2026-04-13 04:31:11.317 9 INFO neutron.db.ovn_revision_numbers_db [None req-76acca12-f30d-47ee-9593-2ac0e4cfcba0 464517ff90904eb2b01c9651bd529c8f 2d23722c64c24565877eba2fb1df50d2 - - default default] Successfully bumped revision number for resource 8892708b-30c0-4497-acce-5c4f566e0b6d (type: security_group_rules) to 0
2026-04-13 04:31:11.319 9 WARNING neutron.api.rpc.agentnotifiers.dhcp_rpc_agent_api [None req-9aeba825-d8ca-44fb-a54a-9d743b6b1ae8 8bba7beec92f4fb9ab776f5bbdde9df6 7867e785dccf4d378d4c7f1585f0f07c - - default default] Unable to schedule network 70ae7c09-451f-4309-9d76-88bf1e43fca2: no agents available; will retry on subsequent port and subnet creation events.
2026-04-13 04:31:11.334 10 INFO neutron.db.ovn_revision_numbers_db [None req-4fda4b18-c6ac-4f71-847b-0cc9dcff3f3c 5c12b9c1ca9e4639b99a732810b340df 1617f029ad104dff988850ccf52fa331 - - default default] Successfully bumped revision number for resource dc3dd9af-63f0-452c-adf3-28511ca87cb8 (type: routers) to 2
2026-04-13 04:31:11.337 10 INFO neutron.wsgi [None req-4fda4b18-c6ac-4f71-847b-0cc9dcff3f3c 5c12b9c1ca9e4639b99a732810b340df 1617f029ad104dff988850ccf52fa331 - - default default] 10.0.0.116 "PUT /v2.0/routers/dc3dd9af-63f0-452c-adf3-28511ca87cb8 HTTP/1.1" status: 200 len: 677 time: 0.4879885
2026-04-13 04:31:11.338 9 INFO neutron.db.ovn_revision_numbers_db [None req-76acca12-f30d-47ee-9593-2ac0e4cfcba0 464517ff90904eb2b01c9651bd529c8f 2d23722c64c24565877eba2fb1df50d2 - - default default] Successfully bumped revision number for resource ec2feec3-30f7-4399-b74d-42b382faaf7d (type: security_group_rules) to 0
2026-04-13 04:31:11.363 10 INFO neutron.wsgi [None req-6d7962e9-952e-4b1f-8a18-2470e260c318 5c12b9c1ca9e4639b99a732810b340df 1617f029ad104dff988850ccf52fa331 - - default default] 10.0.0.116 "GET /v2.0/ports?device_id=dc3dd9af-63f0-452c-adf3-28511ca87cb8 HTTP/1.1" status: 200 len: 205 time: 0.0199707
2026-04-13 04:31:11.380 9 INFO neutron.wsgi [None req-76acca12-f30d-47ee-9593-2ac0e4cfcba0 464517ff90904eb2b01c9651bd529c8f 2d23722c64c24565877eba2fb1df50d2 - - default default] 10.0.0.116 "GET /v2.0/security-groups?tenant_id=e619b8fc6f3245d78e6696e681bd4389&name=default HTTP/1.1" status: 200 len: 2996 time: 0.5168498
2026-04-13 04:31:11.431 9 INFO neutron.db.ovn_revision_numbers_db [None req-9aeba825-d8ca-44fb-a54a-9d743b6b1ae8 8bba7beec92f4fb9ab776f5bbdde9df6 7867e785dccf4d378d4c7f1585f0f07c - - default default] Successfully bumped revision number for resource 59364479-ee56-4a36-be93-6ea0a4d06ea3 (type: ports) to 1
2026-04-13 04:31:11.456 9 INFO neutron.wsgi [None req-9aeba825-d8ca-44fb-a54a-9d743b6b1ae8 8bba7beec92f4fb9ab776f5bbdde9df6 7867e785dccf4d378d4c7f1585f0f07c - - default default] 10.0.0.116 "POST /v2.0/networks HTTP/1.1" status: 201 len: 928 time: 1.0742009
2026-04-13 04:31:11.611 9 INFO neutron.wsgi [None req-7c73df1f-5cf9-4ac0-bb4d-4764cd0be516 464517ff90904eb2b01c9651bd529c8f 2d23722c64c24565877eba2fb1df50d2 - - default default] 10.0.0.116 "DELETE /v2.0/security-groups/b35a52be-6181-4c53-a184-441d27dd2f7c HTTP/1.1" status: 204 len: 168 time: 0.2257788
2026-04-13 04:31:11.614 10 INFO neutron.wsgi [None req-fbb1c519-1075-4768-9f35-ecfc4d93714d 5c12b9c1ca9e4639b99a732810b340df 1617f029ad104dff988850ccf52fa331 - - default default] 10.0.0.116 "DELETE /v2.0/routers/dc3dd9af-63f0-452c-adf3-28511ca87cb8 HTTP/1.1" status: 204 len: 168 time: 0.2449694
2026-04-13 04:31:11.686 10 INFO neutron.wsgi [None req-8ff57b0f-186b-4923-8042-826762994da0 5c12b9c1ca9e4639b99a732810b340df 1617f029ad104dff988850ccf52fa331 - - default default] 10.0.0.116 "GET /v2.0/routers/ce899f72-c049-4bb1-bdeb-622fb70d546e HTTP/1.1" status: 200 len: 662 time: 0.0628214
2026-04-13 04:31:11.740 10 WARNING neutron.scheduler.dhcp_agent_scheduler [None req-2464c357-96bc-4892-b946-a4f4d845456a 8bba7beec92f4fb9ab776f5bbdde9df6 7867e785dccf4d378d4c7f1585f0f07c - - default default] No more DHCP agents
2026-04-13 04:31:11.742 10 WARNING neutron.api.rpc.agentnotifiers.dhcp_rpc_agent_api [None req-2464c357-96bc-4892-b946-a4f4d845456a 8bba7beec92f4fb9ab776f5bbdde9df6 7867e785dccf4d378d4c7f1585f0f07c - - default default] Unable to schedule network 70ae7c09-451f-4309-9d76-88bf1e43fca2: no agents available; will retry on subsequent port and subnet creation events.
2026-04-13 04:31:11.932 9 INFO neutron.wsgi [req-8376bfab-41a4-4612-8de6-96d5100ff5d1 req-06619b06-5e81-441a-863f-b1636ebcd7ce 00885bd86298445187ed64948bc624c8 e340a5b6259444feb1c596e89ef81b7e - - default default] 10.0.0.137 "GET /v2.0/ports?device_id=597ddfaa-0ec1-48ce-b214-2e746f5f6404 HTTP/1.1" status: 200 len: 1170 time: 0.0776954
2026-04-13 04:31:12.037 9 INFO neutron.wsgi [req-8376bfab-41a4-4612-8de6-96d5100ff5d1 req-7504945e-7175-47f5-954d-7c3165d2a6fb 00885bd86298445187ed64948bc624c8 e340a5b6259444feb1c596e89ef81b7e - - default default] 10.0.0.137 "GET /v2.0/security-groups?id=4d47dc0f-0696-4006-85d6-dd0f81e58a41&fields=id&fields=name HTTP/1.1" status: 200 len: 286 time: 0.0982735
2026-04-13 04:31:12.209 9 INFO neutron.db.ovn_revision_numbers_db [None req-507c583d-c611-4f6c-9849-f274683d5958 5c12b9c1ca9e4639b99a732810b340df 1617f029ad104dff988850ccf52fa331 - - default default] Successfully bumped revision number for resource ce899f72-c049-4bb1-bdeb-622fb70d546e (type: routers) to 2
2026-04-13 04:31:12.212 9 INFO neutron.wsgi [None req-507c583d-c611-4f6c-9849-f274683d5958 5c12b9c1ca9e4639b99a732810b340df 1617f029ad104dff988850ccf52fa331 - - default default] 10.0.0.116 "PUT /v2.0/routers/ce899f72-c049-4bb1-bdeb-622fb70d546e HTTP/1.1" status: 200 len: 662 time: 0.5186262
2026-04-13 04:31:12.305 10 INFO neutron.db.ovn_revision_numbers_db [None req-2464c357-96bc-4892-b946-a4f4d845456a 8bba7beec92f4fb9ab776f5bbdde9df6 7867e785dccf4d378d4c7f1585f0f07c - - default default] Successfully bumped revision number for resource 59364479-ee56-4a36-be93-6ea0a4d06ea3 (type: ports) to 2
2026-04-13 04:31:12.339 10 INFO neutron.db.ovn_revision_numbers_db [None req-2464c357-96bc-4892-b946-a4f4d845456a 8bba7beec92f4fb9ab776f5bbdde9df6 7867e785dccf4d378d4c7f1585f0f07c - - default default] Successfully bumped revision number for resource d7333e25-7393-43b0-b774-fe04a552cd0b (type: subnets) to 0
2026-04-13 04:31:12.365 10 INFO neutron.wsgi [None req-2464c357-96bc-4892-b946-a4f4d845456a 8bba7beec92f4fb9ab776f5bbdde9df6 7867e785dccf4d378d4c7f1585f0f07c - - default default] 10.0.0.116 "POST /v2.0/subnets HTTP/1.1" status: 201 len: 819 time: 0.8981793
2026-04-13 04:31:12.377 10 WARNING neutron.api.v2.base [None req-e6bf8958-7d53-4d98-ad6f-65d0b3cea28d 8bba7beec92f4fb9ab776f5bbdde9df6 7867e785dccf4d378d4c7f1585f0f07c - - default default] An exception happened while processing the request body. The exception message is [Invalid input for target_tenant. Reason: 'None' is not a valid string.].: webob.exc.HTTPBadRequest: Invalid input for target_tenant. Reason: 'None' is not a valid string.
2026-04-13 04:31:12.378 10 INFO neutron.api.v2.resource [None req-e6bf8958-7d53-4d98-ad6f-65d0b3cea28d 8bba7beec92f4fb9ab776f5bbdde9df6 7867e785dccf4d378d4c7f1585f0f07c - - default default] create failed (client error): Invalid input for target_tenant. Reason: 'None' is not a valid string.
2026-04-13 04:31:12.379 10 INFO neutron.wsgi [None req-e6bf8958-7d53-4d98-ad6f-65d0b3cea28d 8bba7beec92f4fb9ab776f5bbdde9df6 7867e785dccf4d378d4c7f1585f0f07c - - default default] 10.0.0.116 "POST /v2.0/rbac-policies HTTP/1.1" status: 400 len: 346 time: 0.0075929
2026-04-13 04:31:12.453 9 INFO neutron.plugins.ml2.drivers.ovn.mech_driver.mech_driver [None req-4dcdf02c-99c4-441b-86e7-f115ffea969c - - - - - -] OVN reports status down for port: f2e5c39b-b986-4feb-b2f0-6f8034aecb26
2026-04-13 04:31:12.457 9 INFO neutron.wsgi [None req-32c75dd8-a8ab-4240-a5e6-fa550f637377 5c12b9c1ca9e4639b99a732810b340df 1617f029ad104dff988850ccf52fa331 - - default default] 10.0.0.116 "GET /v2.0/ports?device_id=ce899f72-c049-4bb1-bdeb-622fb70d546e HTTP/1.1" status: 200 len: 205 time: 0.2407186
2026-04-13 04:31:12.518 10 INFO neutron.wsgi [req-6c6f61a4-9425-4faa-9969-2f5aa062c4cf req-a805fedf-e102-492f-ad4d-c463a878fb1f 00885bd86298445187ed64948bc624c8 e340a5b6259444feb1c596e89ef81b7e - - default default] 10.0.0.137 "GET /v2.0/ports?device_id=597ddfaa-0ec1-48ce-b214-2e746f5f6404 HTTP/1.1" status: 200 len: 1170 time: 0.1347799
2026-04-13 04:31:12.591 10 INFO neutron.wsgi [req-6c6f61a4-9425-4faa-9969-2f5aa062c4cf req-515698d3-fa4c-4d96-9aa3-401feff1495a 00885bd86298445187ed64948bc624c8 e340a5b6259444feb1c596e89ef81b7e - - default default] 10.0.0.137 "GET /v2.0/security-groups?id=4d47dc0f-0696-4006-85d6-dd0f81e58a41&fields=id&fields=name HTTP/1.1" status: 200 len: 286 time: 0.0605805
