2026-06-16 02:26:50.278 8 INFO neutron.api.v2.resource [None req-5074b0f9-1bbb-43d4-af94-4a0a409b7130 66c068a46c754506899760e0516c787f 8ab9cdd7ca4a42f4b7f186c2d57e1fe8 - - default default] create failed (client error): Invalid input for target_tenant. Reason: 'None' is not a valid string. [pid: 8|app: 0|req: 1146/2195] 10.0.0.206 () {34 vars in 680 bytes} [Tue Jun 16 02:26:50 2026] POST /v2.0/rbac-policies => generated 143 bytes in 9 msecs (HTTP/1.1 400) 4 headers in 166 bytes (1 switches on core 0)
2026-06-16 02:26:50.306 7 INFO neutron.db.ovn_revision_numbers_db [None req-7684477b-971c-4f77-b33c-7e3832522365 424403d0d4534cff92209a5350adcaa5 6fb8e6c6364d430392613fb2dd165a49 - - default default] Successfully bumped revision number for resource c830e49a-9bb8-4d42-ab44-e48f7c4eee4b (type: security_groups) to 1
2026-06-16 02:26:50.322 7 INFO neutron.db.ovn_revision_numbers_db [None req-7684477b-971c-4f77-b33c-7e3832522365 424403d0d4534cff92209a5350adcaa5 6fb8e6c6364d430392613fb2dd165a49 - - default default] Successfully bumped revision number for resource 19edf633-cfbf-4702-b4c4-bd1b9b447311 (type: security_group_rules) to 0
2026-06-16 02:26:50.365 7 INFO neutron.db.ovn_revision_numbers_db [None req-7684477b-971c-4f77-b33c-7e3832522365 424403d0d4534cff92209a5350adcaa5 6fb8e6c6364d430392613fb2dd165a49 - - default default] Successfully bumped revision number for resource 7bf0c887-4c85-4553-b444-171d0a140d0a (type: security_group_rules) to 0
2026-06-16 02:26:50.426 7 INFO neutron.db.ovn_revision_numbers_db [None req-7684477b-971c-4f77-b33c-7e3832522365 424403d0d4534cff92209a5350adcaa5 6fb8e6c6364d430392613fb2dd165a49 - - default default] Successfully bumped revision number for resource 83368312-e135-4e31-a6ae-9a88c5f335d7 (type: security_group_rules) to 0
2026-06-16 02:26:50.462 7 INFO neutron.db.ovn_revision_numbers_db [None req-7684477b-971c-4f77-b33c-7e3832522365 424403d0d4534cff92209a5350adcaa5 6fb8e6c6364d430392613fb2dd165a49 - - default default] Successfully bumped revision number for resource 90fa0b7c-08df-4f98-8fe5-dba8523d1a6d (type: security_group_rules) to 0
2026-06-16 02:26:50.466 8 INFO neutron_taas.services.taas.taas_plugin [req-ee07365b-3baf-42fb-a87e-fcb7e4e1ee9c req-82b0220a-4c15-4069-8930-63df34f6d161 f58da3f21060451a87144c6e49172310 6d44635a0bad4eafbb271719a0d27ea3 - - default default] TaaS: Handle Delete Port: 6672b562-2535-42ac-97c1-b9f677dafc78
2026-06-16 02:26:50.471 8 INFO neutron_taas.services.taas.tap_mirror_plugin [req-ee07365b-3baf-42fb-a87e-fcb7e4e1ee9c req-82b0220a-4c15-4069-8930-63df34f6d161 f58da3f21060451a87144c6e49172310 6d44635a0bad4eafbb271719a0d27ea3 - - default default] Tap Mirror: Handle Delete Port: 6672b562-2535-42ac-97c1-b9f677dafc78
2026-06-16 02:26:50.577 7 INFO neutron.db.segments_db [None req-7684477b-971c-4f77-b33c-7e3832522365 424403d0d4534cff92209a5350adcaa5 6fb8e6c6364d430392613fb2dd165a49 - - default default] Added segment c692cc93-f183-4a81-9f77-12a852458ca2 of type geneve for network 78ad902c-5525-4779-b5ed-1db23b59376c [pid: 8|app: 0|req: 1147/2196] 199.204.45.109 () {36 vars in 996 bytes} [Tue Jun 16 02:26:50 2026] DELETE /v2.0/ports/6672b562-2535-42ac-97c1-b9f677dafc78 => generated 0 bytes in 407 msecs (HTTP/1.1 204) 3 headers in 131 bytes (1 switches on core 0)
2026-06-16 02:26:50.708 7 INFO neutron.db.ovn_revision_numbers_db [None req-7684477b-971c-4f77-b33c-7e3832522365 424403d0d4534cff92209a5350adcaa5 6fb8e6c6364d430392613fb2dd165a49 - - default default] Successfully bumped revision number for resource 78ad902c-5525-4779-b5ed-1db23b59376c (type: networks) to 1
2026-06-16 02:26:50.736 8 INFO neutron.notifiers.nova [-] Nova event matching ['req-fbcc3bf6-f40c-4e1a-8d12-301115e74dc3'] response: {'server_uuid': '6e406bb7-3769-4f85-9797-5318b0df9b2c', 'name': 'network-vif-deleted', 'tag': '6672b562-2535-42ac-97c1-b9f677dafc78', 'status': 'completed', 'code': 200}
2026-06-16 02:26:50.850 8 INFO neutron_taas.services.taas.taas_plugin [None req-2b62cd2e-a459-4d36-a439-2816c1899ca1 66c068a46c754506899760e0516c787f 8ab9cdd7ca4a42f4b7f186c2d57e1fe8 - - default default] TaaS: Handle Delete Port: 09b47e3f-b35c-48fd-bd12-a8db24f0133c
2026-06-16 02:26:50.854 8 INFO neutron_taas.services.taas.tap_mirror_plugin [None req-2b62cd2e-a459-4d36-a439-2816c1899ca1 66c068a46c754506899760e0516c787f 8ab9cdd7ca4a42f4b7f186c2d57e1fe8 - - default default] Tap Mirror: Handle Delete Port: 09b47e3f-b35c-48fd-bd12-a8db24f0133c
2026-06-16 02:26:50.886 7 WARNING neutron.scheduler.dhcp_agent_scheduler [None req-7684477b-971c-4f77-b33c-7e3832522365 424403d0d4534cff92209a5350adcaa5 6fb8e6c6364d430392613fb2dd165a49 - - default default] No more DHCP agents
2026-06-16 02:26:50.887 7 WARNING neutron.api.rpc.agentnotifiers.dhcp_rpc_agent_api [None req-7684477b-971c-4f77-b33c-7e3832522365 424403d0d4534cff92209a5350adcaa5 6fb8e6c6364d430392613fb2dd165a49 - - default default] Unable to schedule network 78ad902c-5525-4779-b5ed-1db23b59376c: no agents available; will retry on subsequent port and subnet creation events.
2026-06-16 02:26:50.950 8 INFO neutron.plugins.ml2.drivers.ovn.mech_driver.mech_driver [None req-621fa5ed-1f58-49f0-af8d-542853349151 - - - - - -] OVN reports status down for port: 843bb276-0cab-40d3-8df2-ae5369e7c4b0
2026-06-16 02:26:50.974 7 INFO neutron.db.ovn_revision_numbers_db [None req-7684477b-971c-4f77-b33c-7e3832522365 424403d0d4534cff92209a5350adcaa5 6fb8e6c6364d430392613fb2dd165a49 - - default default] Successfully bumped revision number for resource 843bb276-0cab-40d3-8df2-ae5369e7c4b0 (type: ports) to 1 [pid: 7|app: 0|req: 1050/2197] 10.0.0.206 () {34 vars in 669 bytes} [Tue Jun 16 02:26:49 2026] POST /v2.0/networks => generated 651 bytes in 1049 msecs (HTTP/1.1 201) 4 headers in 162 bytes (1 switches on core 0) [pid: 7|app: 0|req: 1051/2198] 10.0.0.148 () {34 vars in 989 bytes} [Tue Jun 16 02:26:51 2026] GET /v2.0/ports?device_id=6e406bb7-3769-4f85-9797-5318b0df9b2c => generated 12 bytes in 23 msecs (HTTP/1.1 200) 4 headers in 156 bytes (1 switches on core 0)
2026-06-16 02:26:51.122 7 INFO neutron.db.segments_db [None req-66bfce2e-fc9c-4065-b167-a0d650878101 424403d0d4534cff92209a5350adcaa5 6fb8e6c6364d430392613fb2dd165a49 - - default default] Added segment b3a1ae74-03cb-4340-b593-4f2158a9866e of type geneve for network 8a464954-fcf2-4bd6-a9c1-9499e941dd23
2026-06-16 02:26:51.277 7 INFO neutron.db.ovn_revision_numbers_db [None req-66bfce2e-fc9c-4065-b167-a0d650878101 424403d0d4534cff92209a5350adcaa5 6fb8e6c6364d430392613fb2dd165a49 - - default default] Successfully bumped revision number for resource 8a464954-fcf2-4bd6-a9c1-9499e941dd23 (type: networks) to 1
2026-06-16 02:26:51.282 7 INFO neutron.notifiers.nova [-] Nova event matching ['req-26f666df-7deb-4d7d-9c31-65cbf21f3cc7'] response: {'server_uuid': '6e406bb7-3769-4f85-9797-5318b0df9b2c', 'name': 'network-vif-unplugged', 'status': 'completed', 'tag': '6672b562-2535-42ac-97c1-b9f677dafc78', 'code': 200}
2026-06-16 02:26:51.299 8 INFO neutron.services.segments.plugin [-] Segment 04ff5f74-7403-4259-a7c3-2d161c7eeaa0 resource provider aggregate not found
2026-06-16 02:26:51.302 8 INFO neutron.services.segments.plugin [-] Segment 04ff5f74-7403-4259-a7c3-2d161c7eeaa0 resource provider aggregate not found
2026-06-16 02:26:51.326 8 INFO neutron.services.segments.plugin [-] Segment 04ff5f74-7403-4259-a7c3-2d161c7eeaa0 resource provider not found; error: Placement Client Error (4xx): {"errors": [{"status": 404, "title": "Not Found", "detail": "The resource could not be found.\n\n No resource provider with uuid 04ff5f74-7403-4259-a7c3-2d161c7eeaa0 found for delete ", "request_id": "req-7c28d8b8-fc34-4b08-b500-4340a64114bb"}]}
2026-06-16 02:26:51.328 8 INFO neutron.services.segments.plugin [-] Segment 04ff5f74-7403-4259-a7c3-2d161c7eeaa0 resource provider not found; error: Placement Client Error (4xx): {"errors": [{"status": 404, "title": "Not Found", "detail": "The resource could not be found.\n\n No resource provider with uuid 04ff5f74-7403-4259-a7c3-2d161c7eeaa0 found for delete ", "request_id": "req-b7a4aef1-adeb-4232-98bc-ac67366bea1b"}]} [pid: 8|app: 0|req: 1148/2199] 10.0.0.206 () {32 vars in 725 bytes} [Tue Jun 16 02:26:50 2026] DELETE /v2.0/networks/5598c816-6435-4429-aa4e-80064052bcf9 => generated 0 bytes in 679 msecs (HTTP/1.1 204) 3 headers in 131 bytes (1 switches on core 0)
2026-06-16 02:26:51.484 8 INFO neutron.db.segments_db [None req-6a8cf27d-4d97-4289-be25-24536fb9d194 66c068a46c754506899760e0516c787f 8ab9cdd7ca4a42f4b7f186c2d57e1fe8 - - default default] Added segment 7d60a851-1cbe-4ef8-90fd-815cf92a908e of type geneve for network 5c44ea97-551d-41e1-a8ac-c1c00f296d28
2026-06-16 02:26:51.527 7 WARNING neutron.scheduler.dhcp_agent_scheduler [None req-66bfce2e-fc9c-4065-b167-a0d650878101 424403d0d4534cff92209a5350adcaa5 6fb8e6c6364d430392613fb2dd165a49 - - default default] No more DHCP agents
2026-06-16 02:26:51.529 7 WARNING neutron.api.rpc.agentnotifiers.dhcp_rpc_agent_api [None req-66bfce2e-fc9c-4065-b167-a0d650878101 424403d0d4534cff92209a5350adcaa5 6fb8e6c6364d430392613fb2dd165a49 - - default default] Unable to schedule network 8a464954-fcf2-4bd6-a9c1-9499e941dd23: no agents available; will retry on subsequent port and subnet creation events.
2026-06-16 02:26:51.602 8 INFO neutron.plugins.ml2.drivers.ovn.mech_driver.mech_driver [None req-621fa5ed-1f58-49f0-af8d-542853349151 - - - - - -] OVN reports status down for port: a00c9b75-bb64-4f6e-bda0-b3227d29b719
2026-06-16 02:26:51.655 7 INFO neutron.db.ovn_revision_numbers_db [None req-66bfce2e-fc9c-4065-b167-a0d650878101 424403d0d4534cff92209a5350adcaa5 6fb8e6c6364d430392613fb2dd165a49 - - default default] Successfully bumped revision number for resource a00c9b75-bb64-4f6e-bda0-b3227d29b719 (type: ports) to 1
2026-06-16 02:26:51.685 8 INFO neutron.db.ovn_revision_numbers_db [None req-6a8cf27d-4d97-4289-be25-24536fb9d194 66c068a46c754506899760e0516c787f 8ab9cdd7ca4a42f4b7f186c2d57e1fe8 - - default default] Successfully bumped revision number for resource 5c44ea97-551d-41e1-a8ac-c1c00f296d28 (type: networks) to 1 [pid: 7|app: 0|req: 1052/2200] 10.0.0.206 () {34 vars in 669 bytes} [Tue Jun 16 02:26:51 2026] POST /v2.0/networks => generated 649 bytes in 663 msecs (HTTP/1.1 201) 4 headers in 162 bytes (1 switches on core 0) [pid: 7|app: 0|req: 1053/2201] 10.0.0.206 () {34 vars in 752 bytes} [Tue Jun 16 02:26:51 2026] PUT /v2.0/networks/78ad902c-5525-4779-b5ed-1db23b59376c/tags => generated 25 bytes in 81 msecs (HTTP/1.1 200) 4 headers in 156 bytes (1 switches on core 0) [pid: 7|app: 0|req: 1054/2202] 10.0.0.206 () {32 vars in 732 bytes} [Tue Jun 16 02:26:51 2026] GET /v2.0/networks/78ad902c-5525-4779-b5ed-1db23b59376c/tags => generated 25 bytes in 54 msecs (HTTP/1.1 200) 4 headers in 156 bytes (1 switches on core 0)
2026-06-16 02:26:51.901 8 WARNING neutron.scheduler.dhcp_agent_scheduler [None req-6a8cf27d-4d97-4289-be25-24536fb9d194 66c068a46c754506899760e0516c787f 8ab9cdd7ca4a42f4b7f186c2d57e1fe8 - - default default] No more DHCP agents
2026-06-16 02:26:51.903 8 WARNING neutron.api.rpc.agentnotifiers.dhcp_rpc_agent_api [None req-6a8cf27d-4d97-4289-be25-24536fb9d194 66c068a46c754506899760e0516c787f 8ab9cdd7ca4a42f4b7f186c2d57e1fe8 - - default default] Unable to schedule network 5c44ea97-551d-41e1-a8ac-c1c00f296d28: no agents available; will retry on subsequent port and subnet creation events. [pid: 7|app: 0|req: 1055/2203] 10.0.0.206 () {34 vars in 752 bytes} [Tue Jun 16 02:26:51 2026] PUT /v2.0/networks/8a464954-fcf2-4bd6-a9c1-9499e941dd23/tags => generated 17 bytes in 74 msecs (HTTP/1.1 200) 4 headers in 156 bytes (1 switches on core 0)
2026-06-16 02:26:51.978 7 INFO neutron.plugins.ml2.drivers.ovn.mech_driver.mech_driver [None req-66990448-1912-47c4-b5b0-a2b64b3a5ff8 - - - - - -] OVN reports status down for port: e43a6e66-f8fb-494f-b0a9-8f4d05bca850
2026-06-16 02:26:52.006 8 INFO neutron.db.ovn_revision_numbers_db [None req-6a8cf27d-4d97-4289-be25-24536fb9d194 66c068a46c754506899760e0516c787f 8ab9cdd7ca4a42f4b7f186c2d57e1fe8 - - default default] Successfully bumped revision number for resource e43a6e66-f8fb-494f-b0a9-8f4d05bca850 (type: ports) to 1 [pid: 7|app: 0|req: 1056/2204] 10.0.0.206 () {32 vars in 732 bytes} [Tue Jun 16 02:26:51 2026] GET /v2.0/networks/8a464954-fcf2-4bd6-a9c1-9499e941dd23/tags => generated 17 bytes in 108 msecs (HTTP/1.1 200) 4 headers in 156 bytes (1 switches on core 0) [pid: 8|app: 0|req: 1149/2205] 10.0.0.206 () {34 vars in 669 bytes} [Tue Jun 16 02:26:51 2026] POST /v2.0/networks => generated 748 bytes in 670 msecs (HTTP/1.1 201) 4 headers in 162 bytes (1 switches on core 0) [pid: 7|app: 0|req: 1057/2206] 10.0.0.206 () {34 vars in 752 bytes} [Tue Jun 16 02:26:52 2026] PUT /v2.0/networks/8a464954-fcf2-4bd6-a9c1-9499e941dd23/tags => generated 12 bytes in 114 msecs (HTTP/1.1 200) 4 headers in 156 bytes (1 switches on core 0) [pid: 7|app: 0|req: 1058/2207] 10.0.0.148 () {34 vars in 989 bytes} [Tue Jun 16 02:26:52 2026] GET /v2.0/ports?device_id=6e406bb7-3769-4f85-9797-5318b0df9b2c => generated 12 bytes in 18 msecs (HTTP/1.1 200) 4 headers in 156 bytes (1 switches on core 0)
2026-06-16 02:26:52.201 8 WARNING neutron.scheduler.dhcp_agent_scheduler [None req-c6ba9691-da76-4f94-8409-8d1e605124f8 66c068a46c754506899760e0516c787f 8ab9cdd7ca4a42f4b7f186c2d57e1fe8 - - default default] No more DHCP agents
2026-06-16 02:26:52.203 8 WARNING neutron.api.rpc.agentnotifiers.dhcp_rpc_agent_api [None req-c6ba9691-da76-4f94-8409-8d1e605124f8 66c068a46c754506899760e0516c787f 8ab9cdd7ca4a42f4b7f186c2d57e1fe8 - - default default] Unable to schedule network 5c44ea97-551d-41e1-a8ac-c1c00f296d28: no agents available; will retry on subsequent port and subnet creation events. [pid: 7|app: 0|req: 1059/2208] 10.0.0.206 () {32 vars in 732 bytes} [Tue Jun 16 02:26:52 2026] GET /v2.0/networks/8a464954-fcf2-4bd6-a9c1-9499e941dd23/tags => generated 12 bytes in 42 msecs (HTTP/1.1 200) 4 headers in 156 bytes (1 switches on core 0) [pid: 7|app: 0|req: 1060/2209] 10.0.0.206 () {32 vars in 732 bytes} [Tue Jun 16 02:26:52 2026] GET /v2.0/networks/78ad902c-5525-4779-b5ed-1db23b59376c/tags => generated 25 bytes in 46 msecs (HTTP/1.1 200) 4 headers in 156 bytes (1 switches on core 0)
2026-06-16 02:26:52.365 7 INFO neutron_taas.services.taas.taas_plugin [None req-64f9106e-138a-439b-9488-e7be026f9719 424403d0d4534cff92209a5350adcaa5 6fb8e6c6364d430392613fb2dd165a49 - - default default] TaaS: Handle Delete Port: 843bb276-0cab-40d3-8df2-ae5369e7c4b0
2026-06-16 02:26:52.367 7 INFO neutron_taas.services.taas.tap_mirror_plugin [None req-64f9106e-138a-439b-9488-e7be026f9719 424403d0d4534cff92209a5350adcaa5 6fb8e6c6364d430392613fb2dd165a49 - - default default] Tap Mirror: Handle Delete Port: 843bb276-0cab-40d3-8df2-ae5369e7c4b0
2026-06-16 02:26:52.570 7 INFO neutron.services.segments.plugin [-] Segment c692cc93-f183-4a81-9f77-12a852458ca2 resource provider aggregate not found
2026-06-16 02:26:52.572 7 INFO neutron.services.segments.plugin [-] Segment c692cc93-f183-4a81-9f77-12a852458ca2 resource provider aggregate not found
2026-06-16 02:26:52.594 7 INFO neutron.services.segments.plugin [-] Segment c692cc93-f183-4a81-9f77-12a852458ca2 resource provider not found; error: Placement Client Error (4xx): {"errors": [{"status": 404, "title": "Not Found", "detail": "The resource could not be found.\n\n No resource provider with uuid c692cc93-f183-4a81-9f77-12a852458ca2 found for delete ", "request_id": "req-8b074f6d-6586-48cf-805a-5cbe9937c1b4"}]}
2026-06-16 02:26:52.599 7 INFO neutron.services.segments.plugin [-] Segment c692cc93-f183-4a81-9f77-12a852458ca2 resource provider not found; error: Placement Client Error (4xx): {"errors": [{"status": 404, "title": "Not Found", "detail": "The resource could not be found.\n\n No resource provider with uuid c692cc93-f183-4a81-9f77-12a852458ca2 found for delete ", "request_id": "req-15d9574c-d277-42ae-8bfb-bf9370ad965e"}]} [pid: 7|app: 0|req: 1061/2210] 10.0.0.206 () {32 vars in 725 bytes} [Tue Jun 16 02:26:52 2026] DELETE /v2.0/networks/78ad902c-5525-4779-b5ed-1db23b59376c => generated 0 bytes in 365 msecs (HTTP/1.1 204) 3 headers in 131 bytes (1 switches on core 0)
2026-06-16 02:26:52.733 8 INFO neutron.db.ovn_revision_numbers_db [None req-0b59c90c-c923-491f-b4ad-64644324db85 - - - - - -] Successfully bumped revision number for resource e43a6e66-f8fb-494f-b0a9-8f4d05bca850 (type: ports) to 2
2026-06-16 02:26:52.772 8 INFO neutron.db.ovn_revision_numbers_db [None req-0b59c90c-c923-491f-b4ad-64644324db85 - - - - - -] Successfully bumped revision number for resource c28d6a0f-6629-410f-95f2-31b0e64cd896 (type: subnets) to 0 [pid: 8|app: 0|req: 1150/2211] 10.0.0.206 () {34 vars in 668 bytes} [Tue Jun 16 02:26:52 2026] POST /v2.0/subnets => generated 647 bytes in 743 msecs (HTTP/1.1 201) 4 headers in 162 bytes (1 switches on core 0)
2026-06-16 02:26:52.803 8 WARNING neutron.api.v2.base [None req-bd9c0485-1c27-4d03-8ea3-51d801e91ae8 66c068a46c754506899760e0516c787f 8ab9cdd7ca4a42f4b7f186c2d57e1fe8 - - default default] An exception happened while processing the request body. The exception message is [Invalid input for target_tenant. Reason: '1234123412341234123412341234123412341234123412341234123412341234123412341234123412341234123412341234123412341234123412341234123412341234123412341234123412341234123412341234123412341234123412341234123412341234123412341234123412341234123412341234123412341234123412341234123412341234123412341234123412341234123412341234123412341234123412341234123412341234123412341234123412341234123412341234123412341234' exceeds maximum length of 255.].: webob.exc.HTTPBadRequest: Invalid input for target_tenant. Reason: '1234123412341234123412341234123412341234123412341234123412341234123412341234123412341234123412341234123412341234123412341234123412341234123412341234123412341234123412341234123412341234123412341234123412341234123412341234123412341234123412341234123412341234123412341234123412341234123412341234123412341234123412341234123412341234123412341234123412341234123412341234123412341234123412341234123412341234' exceeds maximum length of 255.
2026-06-16 02:26:52.803 8 INFO neutron.api.v2.resource [None req-bd9c0485-1c27-4d03-8ea3-51d801e91ae8 66c068a46c754506899760e0516c787f 8ab9cdd7ca4a42f4b7f186c2d57e1fe8 - - default default] create failed (client error): Invalid input for target_tenant. Reason: '1234123412341234123412341234123412341234123412341234123412341234123412341234123412341234123412341234123412341234123412341234123412341234123412341234123412341234123412341234123412341234123412341234123412341234123412341234123412341234123412341234123412341234123412341234123412341234123412341234123412341234123412341234123412341234123412341234123412341234123412341234123412341234123412341234123412341234' exceeds maximum length of 255. [pid: 8|app: 0|req: 1151/2212] 10.0.0.206 () {34 vars in 680 bytes} [Tue Jun 16 02:26:52 2026] POST /v2.0/rbac-policies => generated 547 bytes in 7 msecs (HTTP/1.1 400) 4 headers in 166 bytes (1 switches on core 0)
2026-06-16 02:26:52.833 7 INFO neutron_taas.services.taas.taas_plugin [None req-85e582e5-f836-452f-90c9-2024f4b6bc2b 424403d0d4534cff92209a5350adcaa5 6fb8e6c6364d430392613fb2dd165a49 - - default default] TaaS: Handle Delete Port: a00c9b75-bb64-4f6e-bda0-b3227d29b719
2026-06-16 02:26:52.835 7 INFO neutron_taas.services.taas.tap_mirror_plugin [None req-85e582e5-f836-452f-90c9-2024f4b6bc2b 424403d0d4534cff92209a5350adcaa5 6fb8e6c6364d430392613fb2dd165a49 - - default default] Tap Mirror: Handle Delete Port: a00c9b75-bb64-4f6e-bda0-b3227d29b719
2026-06-16 02:26:52.971 8 INFO neutron_taas.services.taas.taas_plugin [None req-fe41d1a3-9bee-467e-84ae-3286bcb8b40e 66c068a46c754506899760e0516c787f 8ab9cdd7ca4a42f4b7f186c2d57e1fe8 - - default default] TaaS: Handle Delete Port: e43a6e66-f8fb-494f-b0a9-8f4d05bca850
2026-06-16 02:26:52.976 8 INFO neutron_taas.services.taas.tap_mirror_plugin [None req-fe41d1a3-9bee-467e-84ae-3286bcb8b40e 66c068a46c754506899760e0516c787f 8ab9cdd7ca4a42f4b7f186c2d57e1fe8 - - default default] Tap Mirror: Handle Delete Port: e43a6e66-f8fb-494f-b0a9-8f4d05bca850 [pid: 7|app: 0|req: 1062/2213] 10.0.0.206 () {32 vars in 725 bytes} [Tue Jun 16 02:26:52 2026] DELETE /v2.0/networks/8a464954-fcf2-4bd6-a9c1-9499e941dd23 => generated 0 bytes in 445 msecs (HTTP/1.1 204) 3 headers in 131 bytes (1 switches on core 0) [pid: 7|app: 0|req: 1063/2214] 10.0.0.112 () {34 vars in 989 bytes} [Tue Jun 16 02:26:53 2026] GET /v2.0/ports?device_id=22c1219e-d4e8-4730-a41e-71c91e2a940a => generated 1209 bytes in 104 msecs (HTTP/1.1 200) 4 headers in 158 bytes (1 switches on core 0) [pid: 7|app: 0|req: 1064/2215] 10.0.0.112 () {34 vars in 1039 bytes} [Tue Jun 16 02:26:53 2026] GET /v2.0/security-groups?id=efc8e562-45c8-4e86-a2fb-3cc420ff79cb&fields=id&fields=name => generated 114 bytes in 37 msecs (HTTP/1.1 200) 4 headers in 157 bytes (1 switches on core 0) [pid: 7|app: 0|req: 1065/2216] 10.0.0.148 () {34 vars in 989 bytes} [Tue Jun 16 02:26:53 2026] GET /v2.0/ports?device_id=6e406bb7-3769-4f85-9797-5318b0df9b2c => generated 12 bytes in 18 msecs (HTTP/1.1 200) 4 headers in 156 bytes (1 switches on core 0)
2026-06-16 02:26:53.348 8 INFO neutron.services.segments.plugin [-] Segment 7d60a851-1cbe-4ef8-90fd-815cf92a908e resource provider aggregate not found
2026-06-16 02:26:53.353 8 INFO neutron.services.segments.plugin [-] Segment 7d60a851-1cbe-4ef8-90fd-815cf92a908e resource provider aggregate not found [pid: 8|app: 0|req: 1152/2217] 10.0.0.206 () {32 vars in 725 bytes} [Tue Jun 16 02:26:52 2026] DELETE /v2.0/networks/5c44ea97-551d-41e1-a8ac-c1c00f296d28 => generated 0 bytes in 553 msecs (HTTP/1.1 204) 3 headers in 131 bytes (1 switches on core 0)
2026-06-16 02:26:53.362 8 INFO neutron.services.segments.plugin [-] Segment 7d60a851-1cbe-4ef8-90fd-815cf92a908e resource provider not found; error: Placement Client Error (4xx): {"errors": [{"status": 404, "title": "Not Found", "detail": "The resource could not be found.\n\n No resource provider with uuid 7d60a851-1cbe-4ef8-90fd-815cf92a908e found for delete ", "request_id": "req-521dc7c6-f5cb-4db8-99f2-0361ff402b51"}]}
2026-06-16 02:26:53.373 8 INFO neutron.services.segments.plugin [-] Segment 7d60a851-1cbe-4ef8-90fd-815cf92a908e resource provider not found; error: Placement Client Error (4xx): {"errors": [{"status": 404, "title": "Not Found", "detail": "The resource could not be found.\n\n No resource provider with uuid 7d60a851-1cbe-4ef8-90fd-815cf92a908e found for delete ", "request_id": "req-ca2d075b-f60b-4bc2-a8f5-f2edc7d05513"}]}
2026-06-16 02:26:53.504 7 INFO neutron.db.segments_db [None req-78d2ccf3-01c2-4d5d-89a7-a8f15e7e564e 66c068a46c754506899760e0516c787f 8ab9cdd7ca4a42f4b7f186c2d57e1fe8 - - default default] Added segment d22b1e4a-6480-4ede-bde6-bbd6dc3515b5 of type geneve for network f88804b8-acd9-4586-93ea-91c721133157
2026-06-16 02:26:53.685 7 INFO neutron.db.ovn_revision_numbers_db [None req-78d2ccf3-01c2-4d5d-89a7-a8f15e7e564e 66c068a46c754506899760e0516c787f 8ab9cdd7ca4a42f4b7f186c2d57e1fe8 - - default default] Successfully bumped revision number for resource f88804b8-acd9-4586-93ea-91c721133157 (type: networks) to 1
2026-06-16 02:26:53.869 7 WARNING neutron.scheduler.dhcp_agent_scheduler [None req-78d2ccf3-01c2-4d5d-89a7-a8f15e7e564e 66c068a46c754506899760e0516c787f 8ab9cdd7ca4a42f4b7f186c2d57e1fe8 - - default default] No more DHCP agents
2026-06-16 02:26:53.871 7 WARNING neutron.api.rpc.agentnotifiers.dhcp_rpc_agent_api [None req-78d2ccf3-01c2-4d5d-89a7-a8f15e7e564e 66c068a46c754506899760e0516c787f 8ab9cdd7ca4a42f4b7f186c2d57e1fe8 - - default default] Unable to schedule network f88804b8-acd9-4586-93ea-91c721133157: no agents available; will retry on subsequent port and subnet creation events.
2026-06-16 02:26:53.932 8 INFO neutron.plugins.ml2.drivers.ovn.mech_driver.mech_driver [None req-621fa5ed-1f58-49f0-af8d-542853349151 - - - - - -] OVN reports status down for port: abf8b821-70ca-4db7-baa4-17f19f61077b
2026-06-16 02:26:53.975 7 INFO neutron.db.ovn_revision_numbers_db [None req-78d2ccf3-01c2-4d5d-89a7-a8f15e7e564e 66c068a46c754506899760e0516c787f 8ab9cdd7ca4a42f4b7f186c2d57e1fe8 - - default default] Successfully bumped revision number for resource abf8b821-70ca-4db7-baa4-17f19f61077b (type: ports) to 1 [pid: 7|app: 0|req: 1066/2218] 10.0.0.206 () {34 vars in 669 bytes} [Tue Jun 16 02:26:53 2026] POST /v2.0/networks => generated 749 bytes in 633 msecs (HTTP/1.1 201) 4 headers in 162 bytes (1 switches on core 0) [pid: 8|app: 0|req: 1153/2219] 10.0.0.206 () {32 vars in 773 bytes} [Tue Jun 16 02:26:53 2026] GET /v2.0/security-groups?tenant_id=6fb8e6c6364d430392613fb2dd165a49&name=default => generated 2925 bytes in 175 msecs (HTTP/1.1 200) 4 headers in 158 bytes (1 switches on core 0)
2026-06-16 02:26:54.180 7 WARNING neutron.scheduler.dhcp_agent_scheduler [None req-84b8fe5c-b96c-4d5a-a2e1-d6772b2d1614 66c068a46c754506899760e0516c787f 8ab9cdd7ca4a42f4b7f186c2d57e1fe8 - - default default] No more DHCP agents
2026-06-16 02:26:54.182 7 WARNING neutron.api.rpc.agentnotifiers.dhcp_rpc_agent_api [None req-84b8fe5c-b96c-4d5a-a2e1-d6772b2d1614 66c068a46c754506899760e0516c787f 8ab9cdd7ca4a42f4b7f186c2d57e1fe8 - - default default] Unable to schedule network f88804b8-acd9-4586-93ea-91c721133157: no agents available; will retry on subsequent port and subnet creation events. [pid: 8|app: 0|req: 1154/2220] 10.0.0.206 () {32 vars in 739 bytes} [Tue Jun 16 02:26:54 2026] DELETE /v2.0/security-groups/c830e49a-9bb8-4d42-ab44-e48f7c4eee4b => generated 0 bytes in 307 msecs (HTTP/1.1 204) 2 headers in 112 bytes (1 switches on core 0) [pid: 8|app: 0|req: 1155/2221] 10.0.0.206 () {32 vars in 739 bytes} [Tue Jun 16 02:26:54 2026] DELETE /v2.0/security-groups/b4a3ff64-2fef-46e1-9299-9e894c6fbac4 => generated 0 bytes in 233 msecs (HTTP/1.1 204) 2 headers in 112 bytes (1 switches on core 0)
2026-06-16 02:26:54.617 7 INFO neutron.services.segments.plugin [-] Segment b3a1ae74-03cb-4340-b593-4f2158a9866e resource provider aggregate not found
2026-06-16 02:26:54.637 7 INFO neutron.services.segments.plugin [-] Segment b3a1ae74-03cb-4340-b593-4f2158a9866e resource provider aggregate not found
2026-06-16 02:26:54.644 7 INFO neutron.services.segments.plugin [-] Segment b3a1ae74-03cb-4340-b593-4f2158a9866e resource provider not found; error: Placement Client Error (4xx): {"errors": [{"status": 404, "title": "Not Found", "detail": "The resource could not be found.\n\n No resource provider with uuid b3a1ae74-03cb-4340-b593-4f2158a9866e found for delete ", "request_id": "req-d633a0fc-277b-4dba-975a-6be3000f7032"}]}
2026-06-16 02:26:54.657 7 INFO neutron.services.segments.plugin [-] Segment b3a1ae74-03cb-4340-b593-4f2158a9866e resource provider not found; error: Placement Client Error (4xx): {"errors": [{"status": 404, "title": "Not Found", "detail": "The resource could not be found.\n\n No resource provider with uuid b3a1ae74-03cb-4340-b593-4f2158a9866e found for delete ", "request_id": "req-51ecbbad-a1e4-4132-8358-49c6ab311cb3"}]}
2026-06-16 02:26:54.771 8 INFO neutron.db.ovn_revision_numbers_db [None req-45756d2c-7774-4679-ad59-dea3d3c2dbbd 2fed61a6251a416485c65a36fc154fcc 95094a05099b4461bffca1a738485cbc - - default default] Successfully bumped revision number for resource 744c5335-81ca-45c5-a17e-6c6d03d7689f (type: security_groups) to 1
2026-06-16 02:26:54.795 8 INFO neutron.db.ovn_revision_numbers_db [None req-45756d2c-7774-4679-ad59-dea3d3c2dbbd 2fed61a6251a416485c65a36fc154fcc 95094a05099b4461bffca1a738485cbc - - default default] Successfully bumped revision number for resource 0f0bb72f-307e-4f01-bb7b-727492acdc32 (type: security_group_rules) to 0
2026-06-16 02:26:54.796 7 INFO neutron.db.ovn_revision_numbers_db [None req-7ebde1db-ccdf-499b-9f99-6c26b5c94b35 - - - - - -] Successfully bumped revision number for resource abf8b821-70ca-4db7-baa4-17f19f61077b (type: ports) to 2
2026-06-16 02:26:54.807 8 INFO neutron.db.ovn_revision_numbers_db [None req-45756d2c-7774-4679-ad59-dea3d3c2dbbd 2fed61a6251a416485c65a36fc154fcc 95094a05099b4461bffca1a738485cbc - - default default] Successfully bumped revision number for resource 551aa7cb-480d-4ece-b0fc-40c087a3c565 (type: security_group_rules) to 0
2026-06-16 02:26:54.819 8 INFO neutron.db.ovn_revision_numbers_db [None req-45756d2c-7774-4679-ad59-dea3d3c2dbbd 2fed61a6251a416485c65a36fc154fcc 95094a05099b4461bffca1a738485cbc - - default default] Successfully bumped revision number for resource 8a72ce94-3eda-4e6f-99bd-bbf5e9444691 (type: security_group_rules) to 0
2026-06-16 02:26:54.834 8 INFO neutron.db.ovn_revision_numbers_db [None req-45756d2c-7774-4679-ad59-dea3d3c2dbbd 2fed61a6251a416485c65a36fc154fcc 95094a05099b4461bffca1a738485cbc - - default default] Successfully bumped revision number for resource b77849f1-e40e-4139-949c-03cce18999cc (type: security_group_rules) to 0
2026-06-16 02:26:54.837 7 INFO neutron.db.ovn_revision_numbers_db [None req-7ebde1db-ccdf-499b-9f99-6c26b5c94b35 - - - - - -] Successfully bumped revision number for resource fb392b7b-bfb0-41db-a64d-b58ce9179a33 (type: subnets) to 0 [pid: 7|app: 0|req: 1067/2222] 10.0.0.206 () {34 vars in 668 bytes} [Tue Jun 16 02:26:54 2026] POST /v2.0/subnets => generated 647 bytes in 853 msecs (HTTP/1.1 201) 4 headers in 162 bytes (1 switches on core 0) [pid: 8|app: 0|req: 1156/2223] 10.0.0.206 () {32 vars in 773 bytes} [Tue Jun 16 02:26:54 2026] GET /v2.0/security-groups?tenant_id=3484579bb3664e9db99aa0d47ea62d50&name=default => generated 2925 bytes in 308 msecs (HTTP/1.1 200) 4 headers in 158 bytes (1 switches on core 0) [pid: 8|app: 0|req: 1157/2224] 10.0.0.206 () {34 vars in 680 bytes} [Tue Jun 16 02:26:54 2026] POST /v2.0/rbac-policies => generated 324 bytes in 246 msecs (HTTP/1.1 201) 4 headers in 162 bytes (1 switches on core 0)
2026-06-16 02:26:55.218 7 INFO neutron_taas.services.taas.taas_plugin [None req-71917c8b-a86d-4936-abc6-95816a59771b f58da3f21060451a87144c6e49172310 6d44635a0bad4eafbb271719a0d27ea3 - - default default] TaaS: Handle Delete Port: 484ad780-5ff1-42b4-88ff-dbe20b4fccd4
2026-06-16 02:26:55.223 7 INFO neutron_taas.services.taas.tap_mirror_plugin [None req-71917c8b-a86d-4936-abc6-95816a59771b f58da3f21060451a87144c6e49172310 6d44635a0bad4eafbb271719a0d27ea3 - - default default] Tap Mirror: Handle Delete Port: 484ad780-5ff1-42b4-88ff-dbe20b4fccd4 [pid: 8|app: 0|req: 1158/2225] 10.0.0.206 () {32 vars in 739 bytes} [Tue Jun 16 02:26:55 2026] DELETE /v2.0/security-groups/744c5335-81ca-45c5-a17e-6c6d03d7689f => generated 0 bytes in 277 msecs (HTTP/1.1 204) 2 headers in 112 bytes (1 switches on core 0) [pid: 8|app: 0|req: 1159/2226] 10.0.0.206 () {32 vars in 722 bytes} [Tue Jun 16 02:26:55 2026] GET /v2.0/networks/f88804b8-acd9-4586-93ea-91c721133157 => generated 693 bytes in 311 msecs (HTTP/1.1 200) 4 headers in 157 bytes (1 switches on core 0) [pid: 7|app: 0|req: 1068/2227] 10.0.0.206 () {34 vars in 788 bytes} [Tue Jun 16 02:26:54 2026] PUT /v2.0/routers/412e49c2-f99b-4695-9205-97ce1958d4d4/remove_router_interface => generated 309 bytes in 1080 msecs (HTTP/1.1 200) 4 headers in 157 bytes (1 switches on core 0) [pid: 8|app: 0|req: 1160/2228] 10.0.0.206 () {32 vars in 723 bytes} [Tue Jun 16 02:26:55 2026] DELETE /v2.0/subnets/608bb5a5-9bce-4864-b6d8-5f798f07d070 => generated 0 bytes in 178 msecs (HTTP/1.1 204) 3 headers in 131 bytes (1 switches on core 0) /var/lib/openstack/lib/python3.12/site-packages/pycadf/identifier.py:70: UserWarning: Invalid uuid: neutron. To ensure interoperability, identifiers should be a valid uuid. warnings.warn(('Invalid uuid: %s. To ensure interoperability, '
2026-06-16 02:26:56.327 8 INFO neutron.pecan_wsgi.hooks.translation [None req-1c4ea7bf-3638-4448-9968-04f696e92c80 40492fdca9c44395b58cea52be694969 2bcd7eba54ef4cd4ba1d47efc2d8b01e - - default default] GET failed (client error): The resource could not be found. [pid: 8|app: 0|req: 1161/2229] 10.0.0.206 () {32 vars in 722 bytes} [Tue Jun 16 02:26:56 2026] GET /v2.0/networks/f88804b8-acd9-4586-93ea-91c721133157 => generated 138 bytes in 48 msecs (HTTP/1.1 404) 4 headers in 164 bytes (1 switches on core 0)
2026-06-16 02:26:56.473 7 INFO neutron_taas.services.taas.taas_plugin [None req-96376dd7-f449-4ace-91ad-dde33e0b17db f58da3f21060451a87144c6e49172310 6d44635a0bad4eafbb271719a0d27ea3 - - default default] TaaS: Handle Delete Port: d3cfff67-51cf-43a3-bb9b-a00f5ddc2802
2026-06-16 02:26:56.477 7 INFO neutron_taas.services.taas.tap_mirror_plugin [None req-96376dd7-f449-4ace-91ad-dde33e0b17db f58da3f21060451a87144c6e49172310 6d44635a0bad4eafbb271719a0d27ea3 - - default default] Tap Mirror: Handle Delete Port: d3cfff67-51cf-43a3-bb9b-a00f5ddc2802
2026-06-16 02:26:56.481 8 INFO neutron_taas.services.taas.taas_plugin [None req-5210a155-be1f-4ab4-91dc-54fde6b23c54 66c068a46c754506899760e0516c787f 8ab9cdd7ca4a42f4b7f186c2d57e1fe8 - - default default] TaaS: Handle Delete Port: abf8b821-70ca-4db7-baa4-17f19f61077b
2026-06-16 02:26:56.485 8 INFO neutron_taas.services.taas.tap_mirror_plugin [None req-5210a155-be1f-4ab4-91dc-54fde6b23c54 66c068a46c754506899760e0516c787f 8ab9cdd7ca4a42f4b7f186c2d57e1fe8 - - default default] Tap Mirror: Handle Delete Port: abf8b821-70ca-4db7-baa4-17f19f61077b
2026-06-16 02:26:56.876 8 INFO neutron.services.segments.plugin [-] Segment d22b1e4a-6480-4ede-bde6-bbd6dc3515b5 resource provider aggregate not found
2026-06-16 02:26:56.882 8 INFO neutron.services.segments.plugin [-] Segment d22b1e4a-6480-4ede-bde6-bbd6dc3515b5 resource provider aggregate not found
2026-06-16 02:26:56.902 8 INFO neutron.services.segments.plugin [-] Segment d22b1e4a-6480-4ede-bde6-bbd6dc3515b5 resource provider not found; error: Placement Client Error (4xx): {"errors": [{"status": 404, "title": "Not Found", "detail": "The resource could not be found.\n\n No resource provider with uuid d22b1e4a-6480-4ede-bde6-bbd6dc3515b5 found for delete ", "request_id": "req-1a2118fd-f689-4770-94d0-3f86d0bcccae"}]}
2026-06-16 02:26:56.905 8 INFO neutron.services.segments.plugin [-] Segment d22b1e4a-6480-4ede-bde6-bbd6dc3515b5 resource provider not found; error: Placement Client Error (4xx): {"errors": [{"status": 404, "title": "Not Found", "detail": "The resource could not be found.\n\n No resource provider with uuid d22b1e4a-6480-4ede-bde6-bbd6dc3515b5 found for delete ", "request_id": "req-5b1dcc0c-45e0-4400-aad1-4e464837b742"}]} [pid: 8|app: 0|req: 1162/2230] 10.0.0.206 () {32 vars in 725 bytes} [Tue Jun 16 02:26:56 2026] DELETE /v2.0/networks/f88804b8-acd9-4586-93ea-91c721133157 => generated 0 bytes in 582 msecs (HTTP/1.1 204) 3 headers in 131 bytes (1 switches on core 0)
2026-06-16 02:26:56.935 8 INFO neutron.pecan_wsgi.hooks.translation [None req-aadb74fb-26dc-4e34-bd89-07922c324899 66c068a46c754506899760e0516c787f 8ab9cdd7ca4a42f4b7f186c2d57e1fe8 - - default default] DELETE failed (client error): The resource could not be found. [pid: 8|app: 0|req: 1163/2231] 10.0.0.206 () {32 vars in 723 bytes} [Tue Jun 16 02:26:56 2026] DELETE /v2.0/subnets/0b2ae110-dcf7-4905-bc8c-57b5812f5548 => generated 136 bytes in 15 msecs (HTTP/1.1 404) 4 headers in 164 bytes (1 switches on core 0)
2026-06-16 02:26:56.954 8 INFO neutron.pecan_wsgi.hooks.translation [None req-9ddcdcec-f23e-4b9b-97f0-bc1786047bee 66c068a46c754506899760e0516c787f 8ab9cdd7ca4a42f4b7f186c2d57e1fe8 - - default default] DELETE failed (client error): The resource could not be found. [pid: 8|app: 0|req: 1164/2232] 10.0.0.206 () {32 vars in 723 bytes} [Tue Jun 16 02:26:56 2026] DELETE /v2.0/subnets/c28d6a0f-6629-410f-95f2-31b0e64cd896 => generated 136 bytes in 13 msecs (HTTP/1.1 404) 4 headers in 164 bytes (1 switches on core 0)
2026-06-16 02:26:56.990 8 INFO neutron.pecan_wsgi.hooks.translation [None req-8619a3d4-7c07-4107-aebc-a98e9c7716c8 66c068a46c754506899760e0516c787f 8ab9cdd7ca4a42f4b7f186c2d57e1fe8 - - default default] DELETE failed (client error): The resource could not be found. [pid: 8|app: 0|req: 1165/2233] 10.0.0.206 () {32 vars in 723 bytes} [Tue Jun 16 02:26:56 2026] DELETE /v2.0/subnets/fb392b7b-bfb0-41db-a64d-b58ce9179a33 => generated 136 bytes in 30 msecs (HTTP/1.1 404) 4 headers in 164 bytes (1 switches on core 0) [pid: 7|app: 0|req: 1069/2234] 10.0.0.206 () {32 vars in 723 bytes} [Tue Jun 16 02:26:56 2026] DELETE /v2.0/routers/412e49c2-f99b-4695-9205-97ce1958d4d4 => generated 0 bytes in 875 msecs (HTTP/1.1 204) 2 headers in 112 bytes (1 switches on core 0)
2026-06-16 02:26:57.151 8 INFO neutron_taas.services.taas.taas_plugin [None req-f186a93d-b4b1-4fea-a6da-1860453b916a f58da3f21060451a87144c6e49172310 6d44635a0bad4eafbb271719a0d27ea3 - - default default] TaaS: Handle Delete Port: 3251e52a-ef9f-4f49-85f8-a29f6b55be4e
2026-06-16 02:26:57.154 8 INFO neutron_taas.services.taas.tap_mirror_plugin [None req-f186a93d-b4b1-4fea-a6da-1860453b916a f58da3f21060451a87144c6e49172310 6d44635a0bad4eafbb271719a0d27ea3 - - default default] Tap Mirror: Handle Delete Port: 3251e52a-ef9f-4f49-85f8-a29f6b55be4e [pid: 8|app: 0|req: 1166/2235] 10.0.0.206 () {32 vars in 725 bytes} [Tue Jun 16 02:26:57 2026] DELETE /v2.0/networks/5d418a92-4ab1-40e2-ad0a-6f04a90ae9aa => generated 0 bytes in 389 msecs (HTTP/1.1 204) 3 headers in 131 bytes (1 switches on core 0)
2026-06-16 02:26:58.235 7 INFO neutron.db.ovn_revision_numbers_db [None req-088ed8ca-5be6-4c01-8d20-6740fe26a576 2fed61a6251a416485c65a36fc154fcc 95094a05099b4461bffca1a738485cbc - - default default] Successfully bumped revision number for resource 6e00d9e5-da58-4664-a6b3-0ab3ec43227e (type: security_groups) to 1
2026-06-16 02:26:58.247 7 INFO neutron.db.ovn_revision_numbers_db [None req-088ed8ca-5be6-4c01-8d20-6740fe26a576 2fed61a6251a416485c65a36fc154fcc 95094a05099b4461bffca1a738485cbc - - default default] Successfully bumped revision number for resource 63683de6-ee6d-41e2-9732-415551f7507d (type: security_group_rules) to 0
2026-06-16 02:26:58.258 7 INFO neutron.db.ovn_revision_numbers_db [None req-088ed8ca-5be6-4c01-8d20-6740fe26a576 2fed61a6251a416485c65a36fc154fcc 95094a05099b4461bffca1a738485cbc - - default default] Successfully bumped revision number for resource 659e0174-d60b-4d5b-8584-ad9b8d0b3a90 (type: security_group_rules) to 0
2026-06-16 02:26:58.270 7 INFO neutron.db.ovn_revision_numbers_db [None req-088ed8ca-5be6-4c01-8d20-6740fe26a576 2fed61a6251a416485c65a36fc154fcc 95094a05099b4461bffca1a738485cbc - - default default] Successfully bumped revision number for resource 9e12471b-9f4a-448a-9343-ef0a188ff253 (type: security_group_rules) to 0
2026-06-16 02:26:58.284 7 INFO neutron.db.ovn_revision_numbers_db [None req-088ed8ca-5be6-4c01-8d20-6740fe26a576 2fed61a6251a416485c65a36fc154fcc 95094a05099b4461bffca1a738485cbc - - default default] Successfully bumped revision number for resource ae4cd287-63fc-4ea3-b639-33855a7c2921 (type: security_group_rules) to 0 [pid: 7|app: 0|req: 1070/2236] 10.0.0.206 () {32 vars in 773 bytes} [Tue Jun 16 02:26:57 2026] GET /v2.0/security-groups?tenant_id=cf7c9e33d5ae485ebb86e67da20f9c46&name=default => generated 2925 bytes in 465 msecs (HTTP/1.1 200) 4 headers in 158 bytes (1 switches on core 0) [pid: 8|app: 0|req: 1167/2237] 10.0.0.206 () {32 vars in 773 bytes} [Tue Jun 16 02:26:58 2026] GET /v2.0/security-groups?tenant_id=6d44635a0bad4eafbb271719a0d27ea3&name=default => generated 2925 bytes in 180 msecs (HTTP/1.1 200) 4 headers in 158 bytes (1 switches on core 0) [pid: 7|app: 0|req: 1071/2238] 10.0.0.148 () {34 vars in 989 bytes} [Tue Jun 16 02:26:58 2026] GET /v2.0/ports?device_id=22c1219e-d4e8-4730-a41e-71c91e2a940a => generated 971 bytes in 78 msecs (HTTP/1.1 200) 4 headers in 157 bytes (1 switches on core 0) [pid: 8|app: 0|req: 1168/2239] 10.0.0.206 () {32 vars in 739 bytes} [Tue Jun 16 02:26:58 2026] DELETE /v2.0/security-groups/6e00d9e5-da58-4664-a6b3-0ab3ec43227e => generated 0 bytes in 295 msecs (HTTP/1.1 204) 2 headers in 112 bytes (1 switches on core 0) [pid: 8|app: 0|req: 1169/2240] 10.0.0.148 () {34 vars in 1039 bytes} [Tue Jun 16 02:26:58 2026] GET /v2.0/security-groups?id=efc8e562-45c8-4e86-a2fb-3cc420ff79cb&fields=id&fields=name => generated 114 bytes in 31 msecs (HTTP/1.1 200) 4 headers in 157 bytes (1 switches on core 0) [pid: 7|app: 0|req: 1072/2241] 10.0.0.206 () {32 vars in 739 bytes} [Tue Jun 16 02:26:58 2026] DELETE /v2.0/security-groups/90d013a7-1d0a-4753-b534-e3e0c6bf0129 => generated 0 bytes in 294 msecs (HTTP/1.1 204) 2 headers in 112 bytes (1 switches on core 0)
2026-06-16 02:26:58.877 8 INFO neutron.db.ovn_revision_numbers_db [None req-3047a00e-c62d-46e6-8f51-79c62ee46ab0 2fed61a6251a416485c65a36fc154fcc 95094a05099b4461bffca1a738485cbc - - default default] Successfully bumped revision number for resource f5555b85-3854-41ea-8428-6c68defbea24 (type: security_groups) to 1
2026-06-16 02:26:58.887 8 INFO neutron.db.ovn_revision_numbers_db [None req-3047a00e-c62d-46e6-8f51-79c62ee46ab0 2fed61a6251a416485c65a36fc154fcc 95094a05099b4461bffca1a738485cbc - - default default] Successfully bumped revision number for resource 5aee92f8-3ea2-450c-87ba-1c37b0319d97 (type: security_group_rules) to 0
2026-06-16 02:26:58.898 8 INFO neutron.db.ovn_revision_numbers_db [None req-3047a00e-c62d-46e6-8f51-79c62ee46ab0 2fed61a6251a416485c65a36fc154fcc 95094a05099b4461bffca1a738485cbc - - default default] Successfully bumped revision number for resource 6a9d9e32-3424-4967-818e-5bf0320beb45 (type: security_group_rules) to 0 [pid: 7|app: 0|req: 1073/2242] 10.0.0.148 () {34 vars in 989 bytes} [Tue Jun 16 02:26:58 2026] GET /v2.0/ports?device_id=22c1219e-d4e8-4730-a41e-71c91e2a940a => generated 971 bytes in 42 msecs (HTTP/1.1 200) 4 headers in 157 bytes (1 switches on core 0)
2026-06-16 02:26:58.912 8 INFO neutron.db.ovn_revision_numbers_db [None req-3047a00e-c62d-46e6-8f51-79c62ee46ab0 2fed61a6251a416485c65a36fc154fcc 95094a05099b4461bffca1a738485cbc - - default default] Successfully bumped revision number for resource 8abc0bb8-2a17-459b-b673-d17d132548d3 (type: security_group_rules) to 0
2026-06-16 02:26:58.920 8 INFO neutron.services.segments.plugin [-] Segment 2f9184ec-71bf-455e-8551-98969f893d5b resource provider aggregate not found
2026-06-16 02:26:58.936 8 INFO neutron.services.segments.plugin [-] Segment 2f9184ec-71bf-455e-8551-98969f893d5b resource provider aggregate not found
2026-06-16 02:26:58.943 8 INFO neutron.db.ovn_revision_numbers_db [None req-3047a00e-c62d-46e6-8f51-79c62ee46ab0 2fed61a6251a416485c65a36fc154fcc 95094a05099b4461bffca1a738485cbc - - default default] Successfully bumped revision number for resource da86d107-8abf-4bab-8320-d8702642fa6a (type: security_group_rules) to 0
2026-06-16 02:26:58.946 8 INFO neutron.services.segments.plugin [-] Segment 2f9184ec-71bf-455e-8551-98969f893d5b resource provider not found; error: Placement Client Error (4xx): {"errors": [{"status": 404, "title": "Not Found", "detail": "The resource could not be found.\n\n No resource provider with uuid 2f9184ec-71bf-455e-8551-98969f893d5b found for delete ", "request_id": "req-50503031-8859-4cc3-b36a-053289a65dda"}]}
2026-06-16 02:26:58.963 8 INFO neutron.services.segments.plugin [-] Segment 2f9184ec-71bf-455e-8551-98969f893d5b resource provider not found; error: Placement Client Error (4xx): {"errors": [{"status": 404, "title": "Not Found", "detail": "The resource could not be found.\n\n No resource provider with uuid 2f9184ec-71bf-455e-8551-98969f893d5b found for delete ", "request_id": "req-9e5c761b-5777-4193-b8b6-6c9682ff4ac4"}]} [pid: 8|app: 0|req: 1170/2243] 10.0.0.206 () {32 vars in 773 bytes} [Tue Jun 16 02:26:58 2026] GET /v2.0/security-groups?tenant_id=2bcd7eba54ef4cd4ba1d47efc2d8b01e&name=default => generated 2925 bytes in 254 msecs (HTTP/1.1 200) 4 headers in 158 bytes (1 switches on core 0) [pid: 8|app: 0|req: 1171/2244] 10.0.0.148 () {34 vars in 1039 bytes} [Tue Jun 16 02:26:58 2026] GET /v2.0/security-groups?id=efc8e562-45c8-4e86-a2fb-3cc420ff79cb&fields=id&fields=name => generated 114 bytes in 25 msecs (HTTP/1.1 200) 4 headers in 157 bytes (1 switches on core 0)
2026-06-16 02:26:59.200 8 INFO neutron.db.ovn_revision_numbers_db [None req-ca72f6b8-a65b-400d-a56c-0064ce76a3dc 2fed61a6251a416485c65a36fc154fcc 95094a05099b4461bffca1a738485cbc - - default default] Successfully bumped revision number for resource 8970e6e7-20cd-4cd8-883d-51daec0f82ae (type: security_groups) to 1
2026-06-16 02:26:59.218 8 INFO neutron.db.ovn_revision_numbers_db [None req-ca72f6b8-a65b-400d-a56c-0064ce76a3dc 2fed61a6251a416485c65a36fc154fcc 95094a05099b4461bffca1a738485cbc - - default default] Successfully bumped revision number for resource 24081270-bb3d-49af-bef2-2e45241d40c7 (type: security_group_rules) to 0
2026-06-16 02:26:59.221 7 INFO neutron.db.ovn_revision_numbers_db [None req-228c1f20-5eb4-4216-816b-d6206c16873f 79d91e33547c41d5a60342f3ad5334e1 2707996f759c437b872b3dadf011bc3a - - default default] Successfully bumped revision number for resource 21fda911-058a-412f-8a3c-5de821f6980d (type: security_groups) to 1
2026-06-16 02:26:59.236 7 INFO neutron.db.ovn_revision_numbers_db [None req-228c1f20-5eb4-4216-816b-d6206c16873f 79d91e33547c41d5a60342f3ad5334e1 2707996f759c437b872b3dadf011bc3a - - default default] Successfully bumped revision number for resource 56a027fd-982a-4811-b7ac-300f82b5cdf4 (type: security_group_rules) to 0
2026-06-16 02:26:59.243 8 INFO neutron.db.ovn_revision_numbers_db [None req-ca72f6b8-a65b-400d-a56c-0064ce76a3dc 2fed61a6251a416485c65a36fc154fcc 95094a05099b4461bffca1a738485cbc - - default default] Successfully bumped revision number for resource 91358230-67e5-4be9-9102-a1f1cbe78f0e (type: security_group_rules) to 0
2026-06-16 02:26:59.249 7 INFO neutron.db.ovn_revision_numbers_db [None req-228c1f20-5eb4-4216-816b-d6206c16873f 79d91e33547c41d5a60342f3ad5334e1 2707996f759c437b872b3dadf011bc3a - - default default] Successfully bumped revision number for resource 63116a37-e268-4f71-8a7a-5b7b33f2da9b (type: security_group_rules) to 0
2026-06-16 02:26:59.262 8 INFO neutron.db.ovn_revision_numbers_db [None req-ca72f6b8-a65b-400d-a56c-0064ce76a3dc 2fed61a6251a416485c65a36fc154fcc 95094a05099b4461bffca1a738485cbc - - default default] Successfully bumped revision number for resource b74be67a-ac5a-4dfa-a71f-c7d828eb6186 (type: security_group_rules) to 0
2026-06-16 02:26:59.263 7 INFO neutron.db.ovn_revision_numbers_db [None req-228c1f20-5eb4-4216-816b-d6206c16873f 79d91e33547c41d5a60342f3ad5334e1 2707996f759c437b872b3dadf011bc3a - - default default] Successfully bumped revision number for resource 748528b1-33d3-4c5f-ba30-44a347d1c70d (type: security_group_rules) to 0
2026-06-16 02:26:59.275 7 INFO neutron.db.ovn_revision_numbers_db [None req-228c1f20-5eb4-4216-816b-d6206c16873f 79d91e33547c41d5a60342f3ad5334e1 2707996f759c437b872b3dadf011bc3a - - default default] Successfully bumped revision number for resource 89df860e-7fe8-49bc-a008-55b017d08b1b (type: security_group_rules) to 0
2026-06-16 02:26:59.277 8 INFO neutron.db.ovn_revision_numbers_db [None req-ca72f6b8-a65b-400d-a56c-0064ce76a3dc 2fed61a6251a416485c65a36fc154fcc 95094a05099b4461bffca1a738485cbc - - default default] Successfully bumped revision number for resource f258517c-1bad-40d5-8583-f7aab8649da6 (type: security_group_rules) to 0 [pid: 8|app: 0|req: 1172/2245] 10.0.0.206 () {32 vars in 773 bytes} [Tue Jun 16 02:26:59 2026] GET /v2.0/security-groups?tenant_id=1cec0cbf51984187a02e766d6fcd1745&name=default => generated 2925 bytes in 307 msecs (HTTP/1.1 200) 4 headers in 158 bytes (1 switches on core 0)
2026-06-16 02:26:59.348 7 INFO neutron.db.segments_db [None req-228c1f20-5eb4-4216-816b-d6206c16873f 79d91e33547c41d5a60342f3ad5334e1 2707996f759c437b872b3dadf011bc3a - - default default] Added segment a89628fc-46b5-4851-a04d-d2df824a4611 of type geneve for network 2adeea0e-61f8-42d4-a72a-71cbafd304d7
2026-06-16 02:26:59.499 7 INFO neutron.db.ovn_revision_numbers_db [None req-228c1f20-5eb4-4216-816b-d6206c16873f 79d91e33547c41d5a60342f3ad5334e1 2707996f759c437b872b3dadf011bc3a - - default default] Successfully bumped revision number for resource 2adeea0e-61f8-42d4-a72a-71cbafd304d7 (type: networks) to 1 [pid: 8|app: 0|req: 1173/2246] 10.0.0.206 () {32 vars in 739 bytes} [Tue Jun 16 02:26:59 2026] DELETE /v2.0/security-groups/f5555b85-3854-41ea-8428-6c68defbea24 => generated 0 bytes in 281 msecs (HTTP/1.1 204) 2 headers in 112 bytes (1 switches on core 0)
2026-06-16 02:26:59.712 7 WARNING neutron.scheduler.dhcp_agent_scheduler [None req-228c1f20-5eb4-4216-816b-d6206c16873f 79d91e33547c41d5a60342f3ad5334e1 2707996f759c437b872b3dadf011bc3a - - default default] No more DHCP agents
2026-06-16 02:26:59.715 7 WARNING neutron.api.rpc.agentnotifiers.dhcp_rpc_agent_api [None req-228c1f20-5eb4-4216-816b-d6206c16873f 79d91e33547c41d5a60342f3ad5334e1 2707996f759c437b872b3dadf011bc3a - - default default] Unable to schedule network 2adeea0e-61f8-42d4-a72a-71cbafd304d7: no agents available; will retry on subsequent port and subnet creation events.
2026-06-16 02:26:59.778 8 INFO neutron.plugins.ml2.drivers.ovn.mech_driver.mech_driver [None req-621fa5ed-1f58-49f0-af8d-542853349151 - - - - - -] OVN reports status down for port: 6a9f96da-5db2-4f03-84f9-9baac8d86259
2026-06-16 02:26:59.809 7 INFO neutron.db.ovn_revision_numbers_db [None req-228c1f20-5eb4-4216-816b-d6206c16873f 79d91e33547c41d5a60342f3ad5334e1 2707996f759c437b872b3dadf011bc3a - - default default] Successfully bumped revision number for resource 6a9f96da-5db2-4f03-84f9-9baac8d86259 (type: ports) to 1 [pid: 7|app: 0|req: 1074/2247] 10.0.0.206 () {34 vars in 669 bytes} [Tue Jun 16 02:26:58 2026] POST /v2.0/networks => generated 645 bytes in 937 msecs (HTTP/1.1 201) 4 headers in 162 bytes (1 switches on core 0) [pid: 7|app: 0|req: 1075/2248] 10.0.0.206 () {32 vars in 773 bytes} [Tue Jun 16 02:26:59 2026] GET /v2.0/security-groups?tenant_id=8ab9cdd7ca4a42f4b7f186c2d57e1fe8&name=default => generated 2925 bytes in 54 msecs (HTTP/1.1 200) 4 headers in 158 bytes (1 switches on core 0)
