2026-06-16 02:24:18.726 8 INFO neutron.db.ovn_revision_numbers_db [None req-93e1b98f-d31e-4ef7-9d62-ab31b0045c37 2fed61a6251a416485c65a36fc154fcc 95094a05099b4461bffca1a738485cbc - - default default] Successfully bumped revision number for resource 874ccd1c-71b4-4a13-8603-d7607a6fe0ac (type: security_group_rules) to 0 [pid: 8|app: 0|req: 629/1233] 10.0.0.206 () {32 vars in 773 bytes} [Tue Jun 16 02:24:18 2026] GET /v2.0/security-groups?tenant_id=6d68d532153442ffa4fd3243103a920b&name=default => generated 2925 bytes in 300 msecs (HTTP/1.1 200) 4 headers in 158 bytes (1 switches on core 0) [pid: 8|app: 0|req: 630/1234] 10.0.0.206 () {32 vars in 739 bytes} [Tue Jun 16 02:24:18 2026] DELETE /v2.0/security-groups/0d966d9e-fcb2-430d-9273-915d974284d0 => generated 0 bytes in 227 msecs (HTTP/1.1 204) 2 headers in 112 bytes (1 switches on core 0)
2026-06-16 02:24:19.051 8 INFO neutron.plugins.ml2.drivers.ovn.mech_driver.mech_driver [None req-a60d5f2e-569a-4893-9e5e-e67076d4c912 - - - - - -] OVN reports status up for port: 4d111411-f56e-48d0-a5af-bb8e720c75dd
2026-06-16 02:24:19.063 8 INFO neutron.plugins.ml2.plugin [None req-a60d5f2e-569a-4893-9e5e-e67076d4c912 - - - - - -] Attempt 1 to provision port 4d111411-f56e-48d0-a5af-bb8e720c75dd
2026-06-16 02:24:19.089 7 WARNING neutron.plugins.ml2.drivers.ovn.mech_driver.ovsdb.ovn_client [None req-960369b5-73f1-428a-9786-449ed230680a - - - - - -] No port found with ID 043b07b6-a5a5-43a9-9f96-5c9ec8708c41: RuntimeError: No port found with ID 043b07b6-a5a5-43a9-9f96-5c9ec8708c41
2026-06-16 02:24:19.157 7 WARNING neutron.scheduler.dhcp_agent_scheduler [None req-e98f5e6e-2f67-42f4-8831-af079a5a0477 e574e636cfb648bbb6ffc59492e716d4 56f57f1484604c2f9cd66d4d9e49f8c1 - - default default] No more DHCP agents
2026-06-16 02:24:19.159 7 WARNING neutron.api.rpc.agentnotifiers.dhcp_rpc_agent_api [None req-e98f5e6e-2f67-42f4-8831-af079a5a0477 e574e636cfb648bbb6ffc59492e716d4 56f57f1484604c2f9cd66d4d9e49f8c1 - - default default] Unable to schedule network 38a7bcc0-7a87-4094-9c6c-f6bcb351e047: no agents available; will retry on subsequent port and subnet creation events.
2026-06-16 02:24:19.361 7 INFO neutron.db.ovn_revision_numbers_db [None req-e98f5e6e-2f67-42f4-8831-af079a5a0477 e574e636cfb648bbb6ffc59492e716d4 56f57f1484604c2f9cd66d4d9e49f8c1 - - default default] Successfully bumped revision number for resource 4d111411-f56e-48d0-a5af-bb8e720c75dd (type: router_ports) to 1 [pid: 7|app: 0|req: 605/1235] 10.0.0.206 () {34 vars in 782 bytes} [Tue Jun 16 02:24:17 2026] PUT /v2.0/routers/f66ac2d0-7390-498e-91c3-d1e9a04df0db/add_router_interface => generated 309 bytes in 1411 msecs (HTTP/1.1 200) 4 headers in 157 bytes (1 switches on core 0) [pid: 8|app: 0|req: 631/1236] 10.0.0.206 () {32 vars in 716 bytes} [Tue Jun 16 02:24:19 2026] GET /v2.0/ports/4d111411-f56e-48d0-a5af-bb8e720c75dd => generated 943 bytes in 198 msecs (HTTP/1.1 200) 4 headers in 157 bytes (1 switches on core 0)
2026-06-16 02:24:19.596 8 INFO neutron.db.ovn_revision_numbers_db [None req-a60d5f2e-569a-4893-9e5e-e67076d4c912 - - - - - -] Successfully bumped revision number for resource 4d111411-f56e-48d0-a5af-bb8e720c75dd (type: ports) to 2 [pid: 8|app: 0|req: 632/1237] 10.0.0.206 () {32 vars in 716 bytes} [Tue Jun 16 02:24:19 2026] GET /v2.0/ports/4d111411-f56e-48d0-a5af-bb8e720c75dd => generated 943 bytes in 54 msecs (HTTP/1.1 200) 4 headers in 157 bytes (1 switches on core 0)
2026-06-16 02:24:19.740 7 INFO neutron.db.ovn_revision_numbers_db [None req-e70c3a46-0e7f-493e-9bcd-fa5c22440c8b 2fed61a6251a416485c65a36fc154fcc 95094a05099b4461bffca1a738485cbc - - default default] Successfully bumped revision number for resource 54794cd7-ff26-4bce-be23-4968677e9e65 (type: security_groups) to 1
2026-06-16 02:24:19.751 7 INFO neutron.db.ovn_revision_numbers_db [None req-e70c3a46-0e7f-493e-9bcd-fa5c22440c8b 2fed61a6251a416485c65a36fc154fcc 95094a05099b4461bffca1a738485cbc - - default default] Successfully bumped revision number for resource 2c591e61-a1ce-4908-990c-0ab7d4ffa098 (type: security_group_rules) to 0
2026-06-16 02:24:19.766 7 INFO neutron.db.ovn_revision_numbers_db [None req-e70c3a46-0e7f-493e-9bcd-fa5c22440c8b 2fed61a6251a416485c65a36fc154fcc 95094a05099b4461bffca1a738485cbc - - default default] Successfully bumped revision number for resource 37ed357e-373d-4075-a8e5-5688608c5589 (type: security_group_rules) to 0
2026-06-16 02:24:19.777 7 INFO neutron.db.ovn_revision_numbers_db [None req-e70c3a46-0e7f-493e-9bcd-fa5c22440c8b 2fed61a6251a416485c65a36fc154fcc 95094a05099b4461bffca1a738485cbc - - default default] Successfully bumped revision number for resource 385a0148-7121-4c6c-95db-718842f441d4 (type: security_group_rules) to 0
2026-06-16 02:24:19.788 7 INFO neutron.db.ovn_revision_numbers_db [None req-e70c3a46-0e7f-493e-9bcd-fa5c22440c8b 2fed61a6251a416485c65a36fc154fcc 95094a05099b4461bffca1a738485cbc - - default default] Successfully bumped revision number for resource c50c4c5d-4841-482f-b75e-c1914f089e12 (type: security_group_rules) to 0
2026-06-16 02:24:19.861 7 INFO neutron.db.segments_db [None req-e70c3a46-0e7f-493e-9bcd-fa5c22440c8b 2fed61a6251a416485c65a36fc154fcc 95094a05099b4461bffca1a738485cbc - - default default] Added segment 1d5a7dc9-b140-4a98-9fce-9339c6fb9775 of type geneve for network 2bd37a35-465f-4e20-975a-8070a9a1312b
2026-06-16 02:24:19.969 7 INFO neutron.db.ovn_revision_numbers_db [None req-e70c3a46-0e7f-493e-9bcd-fa5c22440c8b 2fed61a6251a416485c65a36fc154fcc 95094a05099b4461bffca1a738485cbc - - default default] Successfully bumped revision number for resource 2bd37a35-465f-4e20-975a-8070a9a1312b (type: networks) to 1
2026-06-16 02:24:20.002 8 INFO neutron_taas.services.taas.taas_plugin [None req-d92efc53-fd6e-432b-909d-218efaf2727f e574e636cfb648bbb6ffc59492e716d4 56f57f1484604c2f9cd66d4d9e49f8c1 - - default default] TaaS: Handle Delete Port: 4d111411-f56e-48d0-a5af-bb8e720c75dd
2026-06-16 02:24:20.005 8 INFO neutron_taas.services.taas.tap_mirror_plugin [None req-d92efc53-fd6e-432b-909d-218efaf2727f e574e636cfb648bbb6ffc59492e716d4 56f57f1484604c2f9cd66d4d9e49f8c1 - - default default] Tap Mirror: Handle Delete Port: 4d111411-f56e-48d0-a5af-bb8e720c75dd
2026-06-16 02:24:20.117 7 WARNING neutron.scheduler.dhcp_agent_scheduler [None req-e70c3a46-0e7f-493e-9bcd-fa5c22440c8b 2fed61a6251a416485c65a36fc154fcc 95094a05099b4461bffca1a738485cbc - - default default] No more DHCP agents
2026-06-16 02:24:20.120 7 WARNING neutron.api.rpc.agentnotifiers.dhcp_rpc_agent_api [None req-e70c3a46-0e7f-493e-9bcd-fa5c22440c8b 2fed61a6251a416485c65a36fc154fcc 95094a05099b4461bffca1a738485cbc - - default default] Unable to schedule network 2bd37a35-465f-4e20-975a-8070a9a1312b: no agents available; will retry on subsequent port and subnet creation events.
2026-06-16 02:24:20.200 7 INFO neutron.db.ovn_revision_numbers_db [None req-e70c3a46-0e7f-493e-9bcd-fa5c22440c8b 2fed61a6251a416485c65a36fc154fcc 95094a05099b4461bffca1a738485cbc - - default default] Successfully bumped revision number for resource 81e4e6b1-bd20-4cd7-ae98-e80d4665c43f (type: ports) to 1 [pid: 7|app: 0|req: 606/1238] 10.0.0.206 () {34 vars in 670 bytes} [Tue Jun 16 02:24:19 2026] POST /v2.0/networks => generated 759 bytes in 742 msecs (HTTP/1.1 201) 4 headers in 162 bytes (1 switches on core 0) [pid: 8|app: 0|req: 633/1239] 10.0.0.206 () {34 vars in 788 bytes} [Tue Jun 16 02:24:19 2026] PUT /v2.0/routers/f66ac2d0-7390-498e-91c3-d1e9a04df0db/remove_router_interface => generated 309 bytes in 676 msecs (HTTP/1.1 200) 4 headers in 157 bytes (1 switches on core 0) /var/lib/openstack/lib/python3.12/site-packages/pycadf/identifier.py:70: UserWarning: Invalid uuid: neutron. To ensure interoperability, identifiers should be a valid uuid. warnings.warn(('Invalid uuid: %s. To ensure interoperability, ' [pid: 8|app: 0|req: 634/1240] 10.0.0.206 () {32 vars in 735 bytes} [Tue Jun 16 02:24:20 2026] GET /v2.0/ports?device_id=f66ac2d0-7390-498e-91c3-d1e9a04df0db => generated 12 bytes in 16 msecs (HTTP/1.1 200) 4 headers in 156 bytes (1 switches on core 0)
2026-06-16 02:24:20.366 7 WARNING neutron.scheduler.dhcp_agent_scheduler [None req-f7f2a228-0f80-49cb-a98f-095b4e1e1bd7 2fed61a6251a416485c65a36fc154fcc 95094a05099b4461bffca1a738485cbc - - default default] No more DHCP agents
2026-06-16 02:24:20.368 7 WARNING neutron.api.rpc.agentnotifiers.dhcp_rpc_agent_api [None req-f7f2a228-0f80-49cb-a98f-095b4e1e1bd7 2fed61a6251a416485c65a36fc154fcc 95094a05099b4461bffca1a738485cbc - - default default] Unable to schedule network 2bd37a35-465f-4e20-975a-8070a9a1312b: no agents available; will retry on subsequent port and subnet creation events. [pid: 8|app: 0|req: 635/1241] 10.0.0.206 () {32 vars in 723 bytes} [Tue Jun 16 02:24:20 2026] DELETE /v2.0/routers/f66ac2d0-7390-498e-91c3-d1e9a04df0db => generated 0 bytes in 186 msecs (HTTP/1.1 204) 2 headers in 112 bytes (1 switches on core 0) [pid: 8|app: 0|req: 636/1242] 10.0.0.206 () {32 vars in 723 bytes} [Tue Jun 16 02:24:20 2026] DELETE /v2.0/subnets/82a68cdd-6185-480a-9447-cdf26280e6a1 => generated 0 bytes in 179 msecs (HTTP/1.1 204) 3 headers in 131 bytes (1 switches on core 0)
2026-06-16 02:24:20.854 8 INFO neutron_taas.services.taas.taas_plugin [None req-6fe7db01-323e-42e2-8b20-279ee9cb45be e574e636cfb648bbb6ffc59492e716d4 56f57f1484604c2f9cd66d4d9e49f8c1 - - default default] TaaS: Handle Delete Port: b2842b3b-7422-425b-be79-3f5853243454
2026-06-16 02:24:20.857 8 INFO neutron_taas.services.taas.tap_mirror_plugin [None req-6fe7db01-323e-42e2-8b20-279ee9cb45be e574e636cfb648bbb6ffc59492e716d4 56f57f1484604c2f9cd66d4d9e49f8c1 - - default default] Tap Mirror: Handle Delete Port: b2842b3b-7422-425b-be79-3f5853243454
2026-06-16 02:24:20.903 7 INFO neutron.db.ovn_revision_numbers_db [None req-b71beabf-f0fd-459e-86a1-cee34c9e476b - - - - - -] Successfully bumped revision number for resource 81e4e6b1-bd20-4cd7-ae98-e80d4665c43f (type: ports) to 2
2026-06-16 02:24:20.929 7 INFO neutron.db.ovn_revision_numbers_db [None req-b71beabf-f0fd-459e-86a1-cee34c9e476b - - - - - -] Successfully bumped revision number for resource cdc8e643-e7bc-449d-8f20-4b4071673fe4 (type: subnets) to 0 [pid: 7|app: 0|req: 607/1243] 10.0.0.206 () {34 vars in 668 bytes} [Tue Jun 16 02:24:20 2026] POST /v2.0/subnets => generated 684 bytes in 718 msecs (HTTP/1.1 201) 4 headers in 162 bytes (1 switches on core 0)
2026-06-16 02:24:21.058 8 INFO neutron.services.segments.plugin [-] Segment 276ec6c8-b4d2-4484-9c88-564bd91c3ba6 resource provider aggregate not found
2026-06-16 02:24:21.067 8 INFO neutron.services.segments.plugin [-] Segment 276ec6c8-b4d2-4484-9c88-564bd91c3ba6 resource provider aggregate not found
2026-06-16 02:24:21.090 8 INFO neutron.services.segments.plugin [-] Segment 276ec6c8-b4d2-4484-9c88-564bd91c3ba6 resource provider not found; error: Placement Client Error (4xx): {"errors": [{"status": 404, "title": "Not Found", "detail": "The resource could not be found.\n\n No resource provider with uuid 276ec6c8-b4d2-4484-9c88-564bd91c3ba6 found for delete ", "request_id": "req-f074b61a-dcd4-485c-92bb-bf200bbbc054"}]}
2026-06-16 02:24:21.096 8 INFO neutron.services.segments.plugin [-] Segment 276ec6c8-b4d2-4484-9c88-564bd91c3ba6 resource provider not found; error: Placement Client Error (4xx): {"errors": [{"status": 404, "title": "Not Found", "detail": "The resource could not be found.\n\n No resource provider with uuid 276ec6c8-b4d2-4484-9c88-564bd91c3ba6 found for delete ", "request_id": "req-50a3404b-d164-4717-8b02-a699296c14c6"}]} [pid: 8|app: 0|req: 637/1244] 10.0.0.206 () {32 vars in 725 bytes} [Tue Jun 16 02:24:20 2026] DELETE /v2.0/networks/38a7bcc0-7a87-4094-9c6c-f6bcb351e047 => generated 0 bytes in 387 msecs (HTTP/1.1 204) 3 headers in 131 bytes (1 switches on core 0)
2026-06-16 02:24:21.270 7 INFO neutron.db.ovn_revision_numbers_db [None req-ef2a2d5a-e9c5-40e3-91c6-3455ba74393a 2a2fe8b18f1b48b69c02b3c16a339c32 ce449dde5d244392aaab2e4c76f06510 - - default default] Successfully bumped revision number for resource ff0636ac-3515-4a52-8810-424d7f10a445 (type: security_groups) to 1
2026-06-16 02:24:21.291 7 INFO neutron.db.ovn_revision_numbers_db [None req-ef2a2d5a-e9c5-40e3-91c6-3455ba74393a 2a2fe8b18f1b48b69c02b3c16a339c32 ce449dde5d244392aaab2e4c76f06510 - - default default] Successfully bumped revision number for resource 42b6a012-929c-4991-8c55-55f771ef9df7 (type: security_group_rules) to 0
2026-06-16 02:24:21.305 7 INFO neutron.db.ovn_revision_numbers_db [None req-ef2a2d5a-e9c5-40e3-91c6-3455ba74393a 2a2fe8b18f1b48b69c02b3c16a339c32 ce449dde5d244392aaab2e4c76f06510 - - default default] Successfully bumped revision number for resource 4371a79d-28a1-4050-b4c1-a20a037fb6f7 (type: security_group_rules) to 0
2026-06-16 02:24:21.319 7 INFO neutron.db.ovn_revision_numbers_db [None req-ef2a2d5a-e9c5-40e3-91c6-3455ba74393a 2a2fe8b18f1b48b69c02b3c16a339c32 ce449dde5d244392aaab2e4c76f06510 - - default default] Successfully bumped revision number for resource 8cd6216e-524a-4d9c-b4f5-f9d8c4bb9cb9 (type: security_group_rules) to 0
2026-06-16 02:24:21.331 7 INFO neutron.db.ovn_revision_numbers_db [None req-ef2a2d5a-e9c5-40e3-91c6-3455ba74393a 2a2fe8b18f1b48b69c02b3c16a339c32 ce449dde5d244392aaab2e4c76f06510 - - default default] Successfully bumped revision number for resource eb386e0f-a953-4bfe-8a84-2ce434e8062e (type: security_group_rules) to 0
2026-06-16 02:24:21.404 7 INFO neutron.db.segments_db [None req-ef2a2d5a-e9c5-40e3-91c6-3455ba74393a 2a2fe8b18f1b48b69c02b3c16a339c32 ce449dde5d244392aaab2e4c76f06510 - - default default] Added segment 3a72cf9f-b2bd-4001-9355-0ef6acf6255d of type geneve for network 09368c32-9cc7-40ef-818b-d6a83299dfdc
2026-06-16 02:24:21.541 7 INFO neutron.db.ovn_revision_numbers_db [None req-ef2a2d5a-e9c5-40e3-91c6-3455ba74393a 2a2fe8b18f1b48b69c02b3c16a339c32 ce449dde5d244392aaab2e4c76f06510 - - default default] Successfully bumped revision number for resource 09368c32-9cc7-40ef-818b-d6a83299dfdc (type: networks) to 1
2026-06-16 02:24:21.724 7 WARNING neutron.scheduler.dhcp_agent_scheduler [None req-ef2a2d5a-e9c5-40e3-91c6-3455ba74393a 2a2fe8b18f1b48b69c02b3c16a339c32 ce449dde5d244392aaab2e4c76f06510 - - default default] No more DHCP agents
2026-06-16 02:24:21.726 7 WARNING neutron.api.rpc.agentnotifiers.dhcp_rpc_agent_api [None req-ef2a2d5a-e9c5-40e3-91c6-3455ba74393a 2a2fe8b18f1b48b69c02b3c16a339c32 ce449dde5d244392aaab2e4c76f06510 - - default default] Unable to schedule network 09368c32-9cc7-40ef-818b-d6a83299dfdc: no agents available; will retry on subsequent port and subnet creation events.
2026-06-16 02:24:21.815 7 INFO neutron.db.ovn_revision_numbers_db [None req-ef2a2d5a-e9c5-40e3-91c6-3455ba74393a 2a2fe8b18f1b48b69c02b3c16a339c32 ce449dde5d244392aaab2e4c76f06510 - - default default] Successfully bumped revision number for resource f15deabf-29bd-4ae5-b968-b454a1742444 (type: ports) to 1 [pid: 7|app: 0|req: 608/1245] 10.0.0.206 () {34 vars in 669 bytes} [Tue Jun 16 02:24:20 2026] POST /v2.0/networks => generated 669 bytes in 898 msecs (HTTP/1.1 201) 4 headers in 162 bytes (1 switches on core 0)
2026-06-16 02:24:22.040 8 WARNING neutron.scheduler.dhcp_agent_scheduler [None req-cad8b151-4507-48e5-a4ef-dc093ebbadd4 2fed61a6251a416485c65a36fc154fcc 95094a05099b4461bffca1a738485cbc - - default default] No more DHCP agents
2026-06-16 02:24:22.042 8 WARNING neutron.api.rpc.agentnotifiers.dhcp_rpc_agent_api [None req-cad8b151-4507-48e5-a4ef-dc093ebbadd4 2fed61a6251a416485c65a36fc154fcc 95094a05099b4461bffca1a738485cbc - - default default] Unable to schedule network e89d8491-6ca8-4851-89f3-182a4ad3bed8: no agents available; will retry on subsequent port and subnet creation events.
2026-06-16 02:24:22.215 8 INFO neutron.db.ovn_revision_numbers_db [None req-cad8b151-4507-48e5-a4ef-dc093ebbadd4 2fed61a6251a416485c65a36fc154fcc 95094a05099b4461bffca1a738485cbc - - default default] Successfully bumped revision number for resource d43b3370-3d58-4010-a83d-7d23fdf21c30 (type: ports) to 1
2026-06-16 02:24:22.304 7 WARNING neutron.scheduler.dhcp_agent_scheduler [None req-bf82c81b-fdac-4d77-905d-12c03e934aaa e574e636cfb648bbb6ffc59492e716d4 56f57f1484604c2f9cd66d4d9e49f8c1 - - default default] No more DHCP agents
2026-06-16 02:24:22.305 7 WARNING neutron.api.rpc.agentnotifiers.dhcp_rpc_agent_api [None req-bf82c81b-fdac-4d77-905d-12c03e934aaa e574e636cfb648bbb6ffc59492e716d4 56f57f1484604c2f9cd66d4d9e49f8c1 - - default default] Unable to schedule network e89d8491-6ca8-4851-89f3-182a4ad3bed8: no agents available; will retry on subsequent port and subnet creation events.
2026-06-16 02:24:22.415 7 INFO neutron.plugins.ml2.drivers.ovn.mech_driver.mech_driver [None req-960369b5-73f1-428a-9786-449ed230680a - - - - - -] OVN reports status down for port: b8328bdf-0886-43b8-83db-768b12aef95f
2026-06-16 02:24:22.485 7 INFO neutron.db.ovn_revision_numbers_db [None req-bf82c81b-fdac-4d77-905d-12c03e934aaa e574e636cfb648bbb6ffc59492e716d4 56f57f1484604c2f9cd66d4d9e49f8c1 - - default default] Successfully bumped revision number for resource b8328bdf-0886-43b8-83db-768b12aef95f (type: ports) to 1
2026-06-16 02:24:22.804 8 INFO neutron.plugins.ml2.drivers.ovn.mech_driver.ovsdb.commands [None req-e015eb9f-14ac-41fb-a397-2bd1484d72ee - - - - - -] Schedule LRP lrp-d43b3370-3d58-4010-a83d-7d23fdf21c30 on gateway 6096dfe4-92c6-4ef4-a479-45b1a673e0b1 with priority 1
2026-06-16 02:24:22.839 7 INFO neutron.plugins.ml2.drivers.ovn.mech_driver.ovsdb.ovsdb_monitor [-] Router 8bd9684f-7f2a-4aa5-967e-46055ca2d440 is bound to host instance
2026-06-16 02:24:22.914 8 INFO neutron.db.ovn_revision_numbers_db [None req-cad8b151-4507-48e5-a4ef-dc093ebbadd4 2fed61a6251a416485c65a36fc154fcc 95094a05099b4461bffca1a738485cbc - - default default] Successfully bumped revision number for resource d43b3370-3d58-4010-a83d-7d23fdf21c30 (type: router_ports) to 1
2026-06-16 02:24:22.968 8 INFO neutron.db.ovn_revision_numbers_db [None req-cad8b151-4507-48e5-a4ef-dc093ebbadd4 2fed61a6251a416485c65a36fc154fcc 95094a05099b4461bffca1a738485cbc - - default default] Successfully bumped revision number for resource 8bd9684f-7f2a-4aa5-967e-46055ca2d440 (type: routers) to 2 [pid: 8|app: 0|req: 638/1246] 10.0.0.206 () {34 vars in 668 bytes} [Tue Jun 16 02:24:21 2026] POST /v2.0/routers => generated 962 bytes in 1869 msecs (HTTP/1.1 201) 4 headers in 162 bytes (1 switches on core 0)
2026-06-16 02:24:23.151 8 WARNING neutron.scheduler.dhcp_agent_scheduler [None req-bc38df66-49c6-45b3-976b-31f5fa5d9f45 2a2fe8b18f1b48b69c02b3c16a339c32 ce449dde5d244392aaab2e4c76f06510 - - default default] No more DHCP agents
2026-06-16 02:24:23.153 8 WARNING neutron.api.rpc.agentnotifiers.dhcp_rpc_agent_api [None req-bc38df66-49c6-45b3-976b-31f5fa5d9f45 2a2fe8b18f1b48b69c02b3c16a339c32 ce449dde5d244392aaab2e4c76f06510 - - default default] Unable to schedule network 09368c32-9cc7-40ef-818b-d6a83299dfdc: no agents available; will retry on subsequent port and subnet creation events.
2026-06-16 02:24:23.173 8 INFO neutron.db.ovn_revision_numbers_db [None req-bc38df66-49c6-45b3-976b-31f5fa5d9f45 2a2fe8b18f1b48b69c02b3c16a339c32 ce449dde5d244392aaab2e4c76f06510 - - default default] Successfully bumped revision number for resource 3ae59c26-ff1f-4b86-bda6-c1ed82a9adbc (type: subnets) to 0 [pid: 8|app: 0|req: 639/1247] 10.0.0.206 () {34 vars in 668 bytes} [Tue Jun 16 02:24:22 2026] POST /v2.0/subnets => generated 627 bytes in 205 msecs (HTTP/1.1 201) 4 headers in 162 bytes (1 switches on core 0)
2026-06-16 02:24:23.429 8 INFO neutron.db.ovn_revision_numbers_db [None req-8df14ca2-3eb4-4c2d-8c2f-6c85cb131ca5 2fed61a6251a416485c65a36fc154fcc 95094a05099b4461bffca1a738485cbc - - default default] Successfully bumped revision number for resource 05322538-da6d-4692-ba28-a1ea8a6d6c2a (type: security_groups) to 1
2026-06-16 02:24:23.447 8 INFO neutron.db.ovn_revision_numbers_db [None req-8df14ca2-3eb4-4c2d-8c2f-6c85cb131ca5 2fed61a6251a416485c65a36fc154fcc 95094a05099b4461bffca1a738485cbc - - default default] Successfully bumped revision number for resource 3f28d6d1-090e-40fc-8bfa-fa6feffefee5 (type: security_group_rules) to 0
2026-06-16 02:24:23.448 7 INFO neutron.plugins.ml2.drivers.ovn.mech_driver.ovsdb.commands [None req-68481cbe-81a3-4d5f-a438-7e02aa648b7c - - - - - -] Schedule LRP lrp-b8328bdf-0886-43b8-83db-768b12aef95f on gateway 6096dfe4-92c6-4ef4-a479-45b1a673e0b1 with priority 1
2026-06-16 02:24:23.482 8 INFO neutron.db.ovn_revision_numbers_db [None req-8df14ca2-3eb4-4c2d-8c2f-6c85cb131ca5 2fed61a6251a416485c65a36fc154fcc 95094a05099b4461bffca1a738485cbc - - default default] Successfully bumped revision number for resource 4e15166f-e944-4b66-98ec-a3e37d3be226 (type: security_group_rules) to 0
2026-06-16 02:24:23.504 8 INFO neutron.db.ovn_revision_numbers_db [None req-8df14ca2-3eb4-4c2d-8c2f-6c85cb131ca5 2fed61a6251a416485c65a36fc154fcc 95094a05099b4461bffca1a738485cbc - - default default] Successfully bumped revision number for resource 5670d07f-a588-41aa-8617-2fcfe4713c31 (type: security_group_rules) to 0
2026-06-16 02:24:23.519 7 INFO neutron.plugins.ml2.drivers.ovn.mech_driver.mech_driver [None req-960369b5-73f1-428a-9786-449ed230680a - - - - - -] OVN reports status up for port: b8328bdf-0886-43b8-83db-768b12aef95f
2026-06-16 02:24:23.520 8 INFO neutron.db.ovn_revision_numbers_db [None req-8df14ca2-3eb4-4c2d-8c2f-6c85cb131ca5 2fed61a6251a416485c65a36fc154fcc 95094a05099b4461bffca1a738485cbc - - default default] Successfully bumped revision number for resource f5281b81-25dc-414e-838b-150e3fc29fb7 (type: security_group_rules) to 0
2026-06-16 02:24:23.554 7 INFO neutron.plugins.ml2.plugin [None req-960369b5-73f1-428a-9786-449ed230680a - - - - - -] Attempt 1 to provision port b8328bdf-0886-43b8-83db-768b12aef95f [pid: 8|app: 0|req: 640/1248] 10.0.0.206 () {32 vars in 773 bytes} [Tue Jun 16 02:24:23 2026] GET /v2.0/security-groups?tenant_id=296f312395f54d21a41ef8591a986bd4&name=default => generated 2925 bytes in 386 msecs (HTTP/1.1 200) 4 headers in 158 bytes (1 switches on core 0)
2026-06-16 02:24:23.621 7 INFO neutron.db.ovn_revision_numbers_db [None req-bf82c81b-fdac-4d77-905d-12c03e934aaa e574e636cfb648bbb6ffc59492e716d4 56f57f1484604c2f9cd66d4d9e49f8c1 - - default default] Successfully bumped revision number for resource b8328bdf-0886-43b8-83db-768b12aef95f (type: router_ports) to 1
2026-06-16 02:24:23.831 7 INFO neutron.db.ovn_revision_numbers_db [None req-bf82c81b-fdac-4d77-905d-12c03e934aaa e574e636cfb648bbb6ffc59492e716d4 56f57f1484604c2f9cd66d4d9e49f8c1 - - default default] Successfully bumped revision number for resource 6972cdf6-b28d-4f73-994e-1e2c6bbf7092 (type: routers) to 2 [pid: 7|app: 0|req: 609/1249] 10.0.0.206 () {34 vars in 668 bytes} [Tue Jun 16 02:24:21 2026] POST /v2.0/routers => generated 945 bytes in 2029 msecs (HTTP/1.1 201) 4 headers in 162 bytes (1 switches on core 0)
2026-06-16 02:24:24.022 8 WARNING neutron.scheduler.dhcp_agent_scheduler [None req-26f5896b-410b-43a2-9253-56d41788c773 2fed61a6251a416485c65a36fc154fcc 95094a05099b4461bffca1a738485cbc - - default default] No more DHCP agents
2026-06-16 02:24:24.024 8 WARNING neutron.api.rpc.agentnotifiers.dhcp_rpc_agent_api [None req-26f5896b-410b-43a2-9253-56d41788c773 2fed61a6251a416485c65a36fc154fcc 95094a05099b4461bffca1a738485cbc - - default default] Unable to schedule network 2bd37a35-465f-4e20-975a-8070a9a1312b: no agents available; will retry on subsequent port and subnet creation events.
2026-06-16 02:24:24.178 8 INFO neutron.db.ovn_revision_numbers_db [None req-26f5896b-410b-43a2-9253-56d41788c773 2fed61a6251a416485c65a36fc154fcc 95094a05099b4461bffca1a738485cbc - - default default] Successfully bumped revision number for resource 6efc6140-25e0-4d99-89cd-4aac0231a993 (type: ports) to 1
2026-06-16 02:24:24.893 8 WARNING neutron.plugins.ml2.drivers.ovn.mech_driver.ovsdb.ovn_client [None req-392c07e6-53b9-4ef1-adc8-b1285a5a6b55 - - - - - -] No port found with ID 4d111411-f56e-48d0-a5af-bb8e720c75dd: RuntimeError: No port found with ID 4d111411-f56e-48d0-a5af-bb8e720c75dd
2026-06-16 02:24:24.929 8 INFO neutron.plugins.ml2.drivers.ovn.mech_driver.mech_driver [None req-392c07e6-53b9-4ef1-adc8-b1285a5a6b55 - - - - - -] OVN reports status down for port: 81e4e6b1-bd20-4cd7-ae98-e80d4665c43f
2026-06-16 02:24:24.995 8 WARNING neutron.scheduler.dhcp_agent_scheduler [None req-26f5896b-410b-43a2-9253-56d41788c773 2fed61a6251a416485c65a36fc154fcc 95094a05099b4461bffca1a738485cbc - - default default] No more DHCP agents
2026-06-16 02:24:24.997 8 WARNING neutron.api.rpc.agentnotifiers.dhcp_rpc_agent_api [None req-26f5896b-410b-43a2-9253-56d41788c773 2fed61a6251a416485c65a36fc154fcc 95094a05099b4461bffca1a738485cbc - - default default] Unable to schedule network 2bd37a35-465f-4e20-975a-8070a9a1312b: no agents available; will retry on subsequent port and subnet creation events.
2026-06-16 02:24:25.061 8 INFO neutron.plugins.ml2.drivers.ovn.mech_driver.mech_driver [None req-392c07e6-53b9-4ef1-adc8-b1285a5a6b55 - - - - - -] OVN reports status down for port: f15deabf-29bd-4ae5-b968-b454a1742444
2026-06-16 02:24:25.172 7 INFO neutron.db.ovn_revision_numbers_db [None req-602524a4-6f7d-42fd-b885-49f198e37fd4 - - - - - -] Successfully bumped revision number for resource d43b3370-3d58-4010-a83d-7d23fdf21c30 (type: ports) to 4
2026-06-16 02:24:25.186 7 WARNING neutron.scheduler.dhcp_agent_scheduler [None req-48881381-126f-4cc6-a30f-0e89956666a3 2a2fe8b18f1b48b69c02b3c16a339c32 ce449dde5d244392aaab2e4c76f06510 - - default default] No more DHCP agents
2026-06-16 02:24:25.189 7 WARNING neutron.api.rpc.agentnotifiers.dhcp_rpc_agent_api [None req-48881381-126f-4cc6-a30f-0e89956666a3 2a2fe8b18f1b48b69c02b3c16a339c32 ce449dde5d244392aaab2e4c76f06510 - - default default] Unable to schedule network e89d8491-6ca8-4851-89f3-182a4ad3bed8: no agents available; will retry on subsequent port and subnet creation events.
2026-06-16 02:24:25.221 8 INFO neutron.plugins.ml2.drivers.ovn.mech_driver.mech_driver [None req-392c07e6-53b9-4ef1-adc8-b1285a5a6b55 - - - - - -] OVN reports status down for port: d43b3370-3d58-4010-a83d-7d23fdf21c30
2026-06-16 02:24:25.315 8 WARNING neutron.plugins.ml2.drivers.ovn.mech_driver.ovsdb.ovn_client [None req-392c07e6-53b9-4ef1-adc8-b1285a5a6b55 - - - - - -] Logical_Switch_Port %s host information not removed, the port state is up
2026-06-16 02:24:25.315 8 INFO neutron.plugins.ml2.drivers.ovn.mech_driver.mech_driver [None req-392c07e6-53b9-4ef1-adc8-b1285a5a6b55 - - - - - -] OVN reports status up for port: d43b3370-3d58-4010-a83d-7d23fdf21c30
2026-06-16 02:24:25.391 8 INFO neutron.plugins.ml2.plugin [None req-392c07e6-53b9-4ef1-adc8-b1285a5a6b55 - - - - - -] Attempt 1 to provision port d43b3370-3d58-4010-a83d-7d23fdf21c30
2026-06-16 02:24:25.436 7 INFO neutron.db.ovn_revision_numbers_db [None req-48881381-126f-4cc6-a30f-0e89956666a3 2a2fe8b18f1b48b69c02b3c16a339c32 ce449dde5d244392aaab2e4c76f06510 - - default default] Successfully bumped revision number for resource c2bd786c-7e5d-4ba1-b34a-1c0e594d2a4a (type: ports) to 1
2026-06-16 02:24:25.543 8 INFO neutron.plugins.ml2.drivers.ovn.mech_driver.mech_driver [None req-392c07e6-53b9-4ef1-adc8-b1285a5a6b55 - - - - - -] OVN reports status down for port: 6efc6140-25e0-4d99-89cd-4aac0231a993
2026-06-16 02:24:25.656 8 WARNING neutron.plugins.ml2.drivers.ovn.mech_driver.ovsdb.ovn_client [None req-392c07e6-53b9-4ef1-adc8-b1285a5a6b55 - - - - - -] Logical_Switch_Port %s host information not removed, the port state is up
2026-06-16 02:24:25.657 8 INFO neutron.plugins.ml2.drivers.ovn.mech_driver.mech_driver [None req-392c07e6-53b9-4ef1-adc8-b1285a5a6b55 - - - - - -] OVN reports status up for port: 6efc6140-25e0-4d99-89cd-4aac0231a993
2026-06-16 02:24:25.690 8 INFO neutron.plugins.ml2.plugin [None req-392c07e6-53b9-4ef1-adc8-b1285a5a6b55 - - - - - -] Attempt 1 to provision port 6efc6140-25e0-4d99-89cd-4aac0231a993
2026-06-16 02:24:25.902 8 INFO neutron.db.ovn_revision_numbers_db [None req-26f5896b-410b-43a2-9253-56d41788c773 2fed61a6251a416485c65a36fc154fcc 95094a05099b4461bffca1a738485cbc - - default default] Successfully bumped revision number for resource 6efc6140-25e0-4d99-89cd-4aac0231a993 (type: router_ports) to 1
2026-06-16 02:24:25.907 7 INFO neutron.db.ovn_revision_numbers_db [None req-602524a4-6f7d-42fd-b885-49f198e37fd4 - - - - - -] Successfully bumped revision number for resource d43b3370-3d58-4010-a83d-7d23fdf21c30 (type: ports) to 5 [pid: 8|app: 0|req: 641/1250] 10.0.0.206 () {34 vars in 782 bytes} [Tue Jun 16 02:24:23 2026] PUT /v2.0/routers/8bd9684f-7f2a-4aa5-967e-46055ca2d440/add_router_interface => generated 309 bytes in 2348 msecs (HTTP/1.1 200) 4 headers in 157 bytes (1 switches on core 0)
2026-06-16 02:24:26.369 8 INFO neutron.db.ovn_revision_numbers_db [None req-392c07e6-53b9-4ef1-adc8-b1285a5a6b55 - - - - - -] Successfully bumped revision number for resource 6efc6140-25e0-4d99-89cd-4aac0231a993 (type: ports) to 2 [pid: 8|app: 0|req: 642/1251] 10.0.0.206 () {32 vars in 739 bytes} [Tue Jun 16 02:24:25 2026] DELETE /v2.0/security-groups/05322538-da6d-4692-ba28-a1ea8a6d6c2a => generated 0 bytes in 485 msecs (HTTP/1.1 204) 2 headers in 112 bytes (1 switches on core 0)
2026-06-16 02:24:26.516 7 INFO neutron.plugins.ml2.drivers.ovn.mech_driver.ovsdb.commands [None req-68481cbe-81a3-4d5f-a438-7e02aa648b7c - - - - - -] Schedule LRP lrp-c2bd786c-7e5d-4ba1-b34a-1c0e594d2a4a on gateway 6096dfe4-92c6-4ef4-a479-45b1a673e0b1 with priority 1
2026-06-16 02:24:26.593 7 INFO neutron.db.ovn_revision_numbers_db [None req-48881381-126f-4cc6-a30f-0e89956666a3 2a2fe8b18f1b48b69c02b3c16a339c32 ce449dde5d244392aaab2e4c76f06510 - - default default] Successfully bumped revision number for resource c2bd786c-7e5d-4ba1-b34a-1c0e594d2a4a (type: router_ports) to 1 [pid: 8|app: 0|req: 643/1252] 10.0.0.206 () {32 vars in 720 bytes} [Tue Jun 16 02:24:26 2026] GET /v2.0/routers/6972cdf6-b28d-4f73-994e-1e2c6bbf7092 => generated 951 bytes in 184 msecs (HTTP/1.1 200) 4 headers in 157 bytes (1 switches on core 0)
2026-06-16 02:24:26.668 7 INFO neutron.db.ovn_revision_numbers_db [None req-48881381-126f-4cc6-a30f-0e89956666a3 2a2fe8b18f1b48b69c02b3c16a339c32 ce449dde5d244392aaab2e4c76f06510 - - default default] Successfully bumped revision number for resource e7bb370e-e41d-4877-97d8-dc53e4ef05a0 (type: routers) to 2 [pid: 7|app: 0|req: 610/1253] 10.0.0.206 () {34 vars in 668 bytes} [Tue Jun 16 02:24:23 2026] POST /v2.0/routers => generated 955 bytes in 2810 msecs (HTTP/1.1 201) 4 headers in 162 bytes (1 switches on core 0)
2026-06-16 02:24:26.735 8 INFO neutron.db.ovn_revision_numbers_db [None req-1084803e-711c-4ca8-bcaf-03f021ad0fa7 b63aa858014f4eec82a832c03c6b59cb 6adce45a9ffc4b6581c8a60145985aa3 - - default default] Successfully bumped revision number for resource 4ae279e8-b5b9-4062-b75f-a0f0345947da (type: security_groups) to 1
2026-06-16 02:24:26.747 8 INFO neutron.db.ovn_revision_numbers_db [None req-1084803e-711c-4ca8-bcaf-03f021ad0fa7 b63aa858014f4eec82a832c03c6b59cb 6adce45a9ffc4b6581c8a60145985aa3 - - default default] Successfully bumped revision number for resource 6b4f135c-3f59-4bbb-84aa-d2ccbf0695b1 (type: security_group_rules) to 0
2026-06-16 02:24:26.756 8 INFO neutron.db.ovn_revision_numbers_db [None req-1084803e-711c-4ca8-bcaf-03f021ad0fa7 b63aa858014f4eec82a832c03c6b59cb 6adce45a9ffc4b6581c8a60145985aa3 - - default default] Successfully bumped revision number for resource 9a0d48e9-6f77-412b-8192-fb2019a1908a (type: security_group_rules) to 0 [pid: 8|app: 0|req: 644/1254] 10.0.0.206 () {34 vars in 684 bytes} [Tue Jun 16 02:24:26 2026] POST /v2.0/security-groups => generated 1660 bytes in 192 msecs (HTTP/1.1 201) 4 headers in 163 bytes (1 switches on core 0)
2026-06-16 02:24:26.842 7 INFO neutron.db.ovn_revision_numbers_db [None req-08545dab-a77a-4c0a-b113-dd22c42d9a4d 2fed61a6251a416485c65a36fc154fcc 95094a05099b4461bffca1a738485cbc - - default default] Successfully bumped revision number for resource c75f3c7f-2cb4-4467-9e92-a9ed8fc68823 (type: security_groups) to 1
2026-06-16 02:24:26.865 7 INFO neutron.db.ovn_revision_numbers_db [None req-08545dab-a77a-4c0a-b113-dd22c42d9a4d 2fed61a6251a416485c65a36fc154fcc 95094a05099b4461bffca1a738485cbc - - default default] Successfully bumped revision number for resource 66ad3daa-a757-4786-8582-21d9fe954611 (type: security_group_rules) to 0 [pid: 8|app: 0|req: 645/1255] 10.0.0.206 () {32 vars in 646 bytes} [Tue Jun 16 02:24:26 2026] GET /v2.0/routers => generated 954 bytes in 82 msecs (HTTP/1.1 200) 4 headers in 157 bytes (1 switches on core 0)
2026-06-16 02:24:26.882 7 INFO neutron.db.ovn_revision_numbers_db [None req-08545dab-a77a-4c0a-b113-dd22c42d9a4d 2fed61a6251a416485c65a36fc154fcc 95094a05099b4461bffca1a738485cbc - - default default] Successfully bumped revision number for resource 901253ac-9a47-4791-93e7-b976d8106236 (type: security_group_rules) to 0
2026-06-16 02:24:26.895 7 INFO neutron.db.ovn_revision_numbers_db [None req-08545dab-a77a-4c0a-b113-dd22c42d9a4d 2fed61a6251a416485c65a36fc154fcc 95094a05099b4461bffca1a738485cbc - - default default] Successfully bumped revision number for resource eb27e171-2101-4f23-9528-6e4661c57b71 (type: security_group_rules) to 0
2026-06-16 02:24:26.908 7 INFO neutron.db.ovn_revision_numbers_db [None req-08545dab-a77a-4c0a-b113-dd22c42d9a4d 2fed61a6251a416485c65a36fc154fcc 95094a05099b4461bffca1a738485cbc - - default default] Successfully bumped revision number for resource f93f0636-9aca-4136-8e04-7acc215a6ed8 (type: security_group_rules) to 0 [pid: 7|app: 0|req: 611/1256] 10.0.0.206 () {32 vars in 773 bytes} [Tue Jun 16 02:24:26 2026] GET /v2.0/security-groups?tenant_id=6f948463f86a4c3aaad8a6bd0fe0880b&name=default => generated 2925 bytes in 266 msecs (HTTP/1.1 200) 4 headers in 158 bytes (1 switches on core 0)
2026-06-16 02:24:27.105 7 INFO neutron.db.ovn_revision_numbers_db [None req-b382fe63-ffd2-4877-98f3-4c28750657c3 b63aa858014f4eec82a832c03c6b59cb 6adce45a9ffc4b6581c8a60145985aa3 - - default default] Successfully bumped revision number for resource 69e8adfe-0e9e-4c8b-aca0-2efd478282b4 (type: security_group_rules) to 0 [pid: 7|app: 0|req: 612/1257] 10.0.0.206 () {34 vars in 694 bytes} [Tue Jun 16 02:24:26 2026] POST /v2.0/security-group-rules => generated 597 bytes in 189 msecs (HTTP/1.1 201) 4 headers in 162 bytes (1 switches on core 0)
2026-06-16 02:24:27.364 8 WARNING neutron.scheduler.dhcp_agent_scheduler [None req-9052d62b-a13e-44f4-8fb0-284c09c856bb 2a2fe8b18f1b48b69c02b3c16a339c32 ce449dde5d244392aaab2e4c76f06510 - - default default] No more DHCP agents
2026-06-16 02:24:27.367 8 WARNING neutron.api.rpc.agentnotifiers.dhcp_rpc_agent_api [None req-9052d62b-a13e-44f4-8fb0-284c09c856bb 2a2fe8b18f1b48b69c02b3c16a339c32 ce449dde5d244392aaab2e4c76f06510 - - default default] Unable to schedule network 09368c32-9cc7-40ef-818b-d6a83299dfdc: no agents available; will retry on subsequent port and subnet creation events.
2026-06-16 02:24:27.540 8 INFO neutron.db.ovn_revision_numbers_db [None req-9052d62b-a13e-44f4-8fb0-284c09c856bb 2a2fe8b18f1b48b69c02b3c16a339c32 ce449dde5d244392aaab2e4c76f06510 - - default default] Successfully bumped revision number for resource bf2245aa-c162-45bd-a178-77a2bd9c868a (type: ports) to 1
2026-06-16 02:24:27.604 7 INFO neutron.db.ovn_revision_numbers_db [None req-2909c6b1-1eac-46f1-90fa-4abc510c29a9 e574e636cfb648bbb6ffc59492e716d4 56f57f1484604c2f9cd66d4d9e49f8c1 - - default default] Successfully bumped revision number for resource 6972cdf6-b28d-4f73-994e-1e2c6bbf7092 (type: routers) to 3 [pid: 7|app: 0|req: 613/1258] 10.0.0.206 () {34 vars in 740 bytes} [Tue Jun 16 02:24:27 2026] PUT /v2.0/routers/6972cdf6-b28d-4f73-994e-1e2c6bbf7092 => generated 958 bytes in 470 msecs (HTTP/1.1 200) 4 headers in 157 bytes (1 switches on core 0) [pid: 7|app: 0|req: 614/1259] 10.0.0.206 () {32 vars in 739 bytes} [Tue Jun 16 02:24:27 2026] DELETE /v2.0/security-groups/c75f3c7f-2cb4-4467-9e92-a9ed8fc68823 => generated 0 bytes in 269 msecs (HTTP/1.1 204) 2 headers in 112 bytes (1 switches on core 0)
2026-06-16 02:24:28.007 7 INFO neutron.db.ovn_revision_numbers_db [None req-c150ff8c-c865-4999-9bf9-8b0c7b7c6f80 b63aa858014f4eec82a832c03c6b59cb 6adce45a9ffc4b6581c8a60145985aa3 - - default default] Successfully bumped revision number for resource a5eb9014-0d5f-48b3-bdc0-bd30a7327524 (type: security_group_rules) to 0 [pid: 7|app: 0|req: 615/1260] 10.0.0.206 () {34 vars in 694 bytes} [Tue Jun 16 02:24:27 2026] POST /v2.0/security-group-rules => generated 602 bytes in 160 msecs (HTTP/1.1 201) 4 headers in 162 bytes (1 switches on core 0) [pid: 7|app: 0|req: 616/1261] 10.0.0.206 () {32 vars in 720 bytes} [Tue Jun 16 02:24:28 2026] GET /v2.0/routers/6972cdf6-b28d-4f73-994e-1e2c6bbf7092 => generated 958 bytes in 54 msecs (HTTP/1.1 200) 4 headers in 157 bytes (1 switches on core 0)
2026-06-16 02:24:28.166 7 WARNING neutron.plugins.ml2.drivers.ovn.mech_driver.ovsdb.ovn_client [None req-960369b5-73f1-428a-9786-449ed230680a - - - - - -] No hosting information found for port b8328bdf-0886-43b8-83db-768b12aef95f: RuntimeError: No hosting information found for port b8328bdf-0886-43b8-83db-768b12aef95f
2026-06-16 02:24:28.168 7 INFO neutron.plugins.ml2.drivers.ovn.mech_driver.mech_driver [None req-960369b5-73f1-428a-9786-449ed230680a - - - - - -] OVN reports status down for port: c2bd786c-7e5d-4ba1-b34a-1c0e594d2a4a
2026-06-16 02:24:28.273 8 WARNING neutron.scheduler.dhcp_agent_scheduler [None req-9052d62b-a13e-44f4-8fb0-284c09c856bb 2a2fe8b18f1b48b69c02b3c16a339c32 ce449dde5d244392aaab2e4c76f06510 - - default default] No more DHCP agents
2026-06-16 02:24:28.274 8 WARNING neutron.api.rpc.agentnotifiers.dhcp_rpc_agent_api [None req-9052d62b-a13e-44f4-8fb0-284c09c856bb 2a2fe8b18f1b48b69c02b3c16a339c32 ce449dde5d244392aaab2e4c76f06510 - - default default] Unable to schedule network 09368c32-9cc7-40ef-818b-d6a83299dfdc: no agents available; will retry on subsequent port and subnet creation events.
2026-06-16 02:24:28.318 7 WARNING neutron.plugins.ml2.drivers.ovn.mech_driver.ovsdb.ovn_client [None req-960369b5-73f1-428a-9786-449ed230680a - - - - - -] Logical_Switch_Port %s host information not removed, the port state is up
2026-06-16 02:24:28.320 7 INFO neutron.plugins.ml2.drivers.ovn.mech_driver.mech_driver [None req-960369b5-73f1-428a-9786-449ed230680a - - - - - -] OVN reports status up for port: c2bd786c-7e5d-4ba1-b34a-1c0e594d2a4a
2026-06-16 02:24:28.338 7 INFO neutron.plugins.ml2.plugin [None req-960369b5-73f1-428a-9786-449ed230680a - - - - - -] Attempt 1 to provision port c2bd786c-7e5d-4ba1-b34a-1c0e594d2a4a
2026-06-16 02:24:28.499 7 WARNING neutron.scheduler.dhcp_agent_scheduler [None req-c47a527f-b75f-44ef-844e-e99d0ae41530 b63aa858014f4eec82a832c03c6b59cb 6adce45a9ffc4b6581c8a60145985aa3 - - default default] No more DHCP agents
2026-06-16 02:24:28.501 7 WARNING neutron.api.rpc.agentnotifiers.dhcp_rpc_agent_api [None req-c47a527f-b75f-44ef-844e-e99d0ae41530 b63aa858014f4eec82a832c03c6b59cb 6adce45a9ffc4b6581c8a60145985aa3 - - default default] Unable to schedule network e89d8491-6ca8-4851-89f3-182a4ad3bed8: no agents available; will retry on subsequent port and subnet creation events.
2026-06-16 02:24:28.658 8 INFO neutron.db.ovn_revision_numbers_db [None req-9052d62b-a13e-44f4-8fb0-284c09c856bb 2a2fe8b18f1b48b69c02b3c16a339c32 ce449dde5d244392aaab2e4c76f06510 - - default default] Successfully bumped revision number for resource bf2245aa-c162-45bd-a178-77a2bd9c868a (type: router_ports) to 1 [pid: 8|app: 0|req: 646/1262] 10.0.0.206 () {34 vars in 782 bytes} [Tue Jun 16 02:24:26 2026] PUT /v2.0/routers/e7bb370e-e41d-4877-97d8-dc53e4ef05a0/add_router_interface => generated 309 bytes in 1796 msecs (HTTP/1.1 200) 4 headers in 157 bytes (1 switches on core 0) [pid: 8|app: 0|req: 647/1263] 10.0.0.206 () {32 vars in 735 bytes} [Tue Jun 16 02:24:28 2026] GET /v2.0/ports?device_id=6972cdf6-b28d-4f73-994e-1e2c6bbf7092 => generated 12 bytes in 23 msecs (HTTP/1.1 200) 4 headers in 156 bytes (1 switches on core 0) [pid: 7|app: 0|req: 617/1264] 10.0.0.206 () {34 vars in 675 bytes} [Tue Jun 16 02:24:28 2026] POST /v2.0/floatingips => generated 552 bytes in 811 msecs (HTTP/1.1 201) 4 headers in 162 bytes (1 switches on core 0)
2026-06-16 02:24:29.007 8 WARNING neutron.scheduler.dhcp_agent_scheduler [None req-3a4b4dab-8c13-47fa-9cba-d7700c23d3d9 2a2fe8b18f1b48b69c02b3c16a339c32 ce449dde5d244392aaab2e4c76f06510 - - default default] No more DHCP agents
2026-06-16 02:24:29.009 8 WARNING neutron.api.rpc.agentnotifiers.dhcp_rpc_agent_api [None req-3a4b4dab-8c13-47fa-9cba-d7700c23d3d9 2a2fe8b18f1b48b69c02b3c16a339c32 ce449dde5d244392aaab2e4c76f06510 - - default default] Unable to schedule network 09368c32-9cc7-40ef-818b-d6a83299dfdc: no agents available; will retry on subsequent port and subnet creation events.
2026-06-16 02:24:29.209 8 INFO neutron.db.ovn_revision_numbers_db [None req-3a4b4dab-8c13-47fa-9cba-d7700c23d3d9 2a2fe8b18f1b48b69c02b3c16a339c32 ce449dde5d244392aaab2e4c76f06510 - - default default] Successfully bumped revision number for resource ac10728a-788a-44c7-b6fa-bfba07b78048 (type: ports) to 1 [pid: 8|app: 0|req: 648/1265] 10.0.0.206 () {34 vars in 664 bytes} [Tue Jun 16 02:24:28 2026] POST /v2.0/ports => generated 955 bytes in 590 msecs (HTTP/1.1 201) 4 headers in 162 bytes (1 switches on core 0) /var/lib/openstack/lib/python3.12/site-packages/pycadf/identifier.py:70: UserWarning: Invalid uuid: neutron. To ensure interoperability, identifiers should be a valid uuid. warnings.warn(('Invalid uuid: %s. To ensure interoperability, '
2026-06-16 02:24:29.309 7 INFO neutron_taas.services.taas.taas_plugin [None req-400dde7b-14a2-40c9-8f01-f39e9ae2eb6d e574e636cfb648bbb6ffc59492e716d4 56f57f1484604c2f9cd66d4d9e49f8c1 - - default default] TaaS: Handle Delete Port: b8328bdf-0886-43b8-83db-768b12aef95f
2026-06-16 02:24:29.313 7 INFO neutron_taas.services.taas.tap_mirror_plugin [None req-400dde7b-14a2-40c9-8f01-f39e9ae2eb6d e574e636cfb648bbb6ffc59492e716d4 56f57f1484604c2f9cd66d4d9e49f8c1 - - default default] Tap Mirror: Handle Delete Port: b8328bdf-0886-43b8-83db-768b12aef95f
2026-06-16 02:24:29.638 8 WARNING neutron.scheduler.dhcp_agent_scheduler [None req-5aced777-7db2-44eb-9a52-9f22cda89760 2a2fe8b18f1b48b69c02b3c16a339c32 ce449dde5d244392aaab2e4c76f06510 - - default default] No more DHCP agents
2026-06-16 02:24:29.640 8 WARNING neutron.api.rpc.agentnotifiers.dhcp_rpc_agent_api [None req-5aced777-7db2-44eb-9a52-9f22cda89760 2a2fe8b18f1b48b69c02b3c16a339c32 ce449dde5d244392aaab2e4c76f06510 - - default default] Unable to schedule network 09368c32-9cc7-40ef-818b-d6a83299dfdc: no agents available; will retry on subsequent port and subnet creation events. [pid: 7|app: 0|req: 618/1266] 10.0.0.206 () {32 vars in 723 bytes} [Tue Jun 16 02:24:28 2026] DELETE /v2.0/routers/6972cdf6-b28d-4f73-994e-1e2c6bbf7092 => generated 0 bytes in 805 msecs (HTTP/1.1 204) 2 headers in 112 bytes (1 switches on core 0) [pid: 7|app: 0|req: 619/1267] 10.0.0.148 () {34 vars in 1099 bytes} [Tue Jun 16 02:24:29 2026] GET /v2.0/security-groups?name=tempest-securitygroup--1415639872&fields=id&tenant_id=6adce45a9ffc4b6581c8a60145985aa3 => generated 69 bytes in 85 msecs (HTTP/1.1 200) 4 headers in 156 bytes (1 switches on core 0) [pid: 7|app: 0|req: 620/1268] 10.0.0.206 () {32 vars in 735 bytes} [Tue Jun 16 02:24:29 2026] GET /v2.0/ports?device_id=6972cdf6-b28d-4f73-994e-1e2c6bbf7092 => generated 12 bytes in 20 msecs (HTTP/1.1 200) 4 headers in 156 bytes (1 switches on core 0)
2026-06-16 02:24:29.826 8 INFO neutron.db.ovn_revision_numbers_db [None req-5aced777-7db2-44eb-9a52-9f22cda89760 2a2fe8b18f1b48b69c02b3c16a339c32 ce449dde5d244392aaab2e4c76f06510 - - default default] Successfully bumped revision number for resource 754adc43-1370-4bd4-b420-9532522d3849 (type: ports) to 1 [pid: 8|app: 0|req: 649/1269] 10.0.0.206 () {34 vars in 664 bytes} [Tue Jun 16 02:24:29 2026] POST /v2.0/ports => generated 958 bytes in 568 msecs (HTTP/1.1 201) 4 headers in 162 bytes (1 switches on core 0) /var/lib/openstack/lib/python3.12/site-packages/pycadf/identifier.py:70: UserWarning: Invalid uuid: neutron. To ensure interoperability, identifiers should be a valid uuid. warnings.warn(('Invalid uuid: %s. To ensure interoperability, ' [pid: 7|app: 0|req: 621/1270] 10.0.0.148 () {34 vars in 981 bytes} [Tue Jun 16 02:24:29 2026] GET /v2.0/networks?id=2bd37a35-465f-4e20-975a-8070a9a1312b => generated 707 bytes in 44 msecs (HTTP/1.1 200) 4 headers in 157 bytes (1 switches on core 0)
2026-06-16 02:24:29.869 8 INFO neutron.api.v2.resource [None req-300dbf42-69f1-429d-8cfd-de0cc01550cf e574e636cfb648bbb6ffc59492e716d4 56f57f1484604c2f9cd66d4d9e49f8c1 - - default default] delete failed (client error): The resource could not be found. [pid: 8|app: 0|req: 650/1271] 10.0.0.206 () {32 vars in 723 bytes} [Tue Jun 16 02:24:29 2026] DELETE /v2.0/routers/6972cdf6-b28d-4f73-994e-1e2c6bbf7092 => generated 135 bytes in 18 msecs (HTTP/1.1 404) 4 headers in 164 bytes (1 switches on core 0) [pid: 8|app: 0|req: 651/1272] 10.0.0.148 () {34 vars in 964 bytes} [Tue Jun 16 02:24:29 2026] GET /v2.0/quotas/6adce45a9ffc4b6581c8a60145985aa3 => generated 292 bytes in 8 msecs (HTTP/1.1 200) 4 headers in 157 bytes (1 switches on core 0) [pid: 8|app: 0|req: 652/1273] 10.0.0.206 () {32 vars in 735 bytes} [Tue Jun 16 02:24:29 2026] GET /v2.0/ports?device_id=f66ac2d0-7390-498e-91c3-d1e9a04df0db => generated 12 bytes in 16 msecs (HTTP/1.1 200) 4 headers in 156 bytes (1 switches on core 0) [pid: 8|app: 0|req: 653/1274] 10.0.0.148 () {34 vars in 1001 bytes} [Tue Jun 16 02:24:29 2026] GET /v2.0/ports?tenant_id=6adce45a9ffc4b6581c8a60145985aa3&fields=id => generated 103 bytes in 67 msecs (HTTP/1.1 200) 4 headers in 157 bytes (1 switches on core 0)
2026-06-16 02:24:29.985 8 INFO neutron.api.v2.resource [None req-acee7c4f-794f-4559-96d9-3ca74cb0a748 e574e636cfb648bbb6ffc59492e716d4 56f57f1484604c2f9cd66d4d9e49f8c1 - - default default] delete failed (client error): The resource could not be found. [pid: 8|app: 0|req: 654/1275] 10.0.0.206 () {32 vars in 723 bytes} [Tue Jun 16 02:24:29 2026] DELETE /v2.0/routers/f66ac2d0-7390-498e-91c3-d1e9a04df0db => generated 135 bytes in 18 msecs (HTTP/1.1 404) 4 headers in 164 bytes (1 switches on core 0)
2026-06-16 02:24:30.005 8 INFO neutron.pecan_wsgi.hooks.translation [None req-8108cf46-4122-4279-b7c2-2718b1cc1ff5 e574e636cfb648bbb6ffc59492e716d4 56f57f1484604c2f9cd66d4d9e49f8c1 - - default default] DELETE failed (client error): The resource could not be found. [pid: 8|app: 0|req: 655/1276] 10.0.0.206 () {32 vars in 723 bytes} [Tue Jun 16 02:24:29 2026] DELETE /v2.0/subnets/82a68cdd-6185-480a-9447-cdf26280e6a1 => generated 136 bytes in 17 msecs (HTTP/1.1 404) 4 headers in 164 bytes (1 switches on core 0) [pid: 8|app: 0|req: 656/1277] 10.0.0.148 () {34 vars in 1007 bytes} [Tue Jun 16 02:24:30 2026] GET /v2.0/networks/2bd37a35-465f-4e20-975a-8070a9a1312b?fields=segments => generated 14 bytes in 44 msecs (HTTP/1.1 200) 4 headers in 156 bytes (1 switches on core 0) [pid: 8|app: 0|req: 657/1278] 10.0.0.206 () {32 vars in 735 bytes} [Tue Jun 16 02:24:30 2026] GET /v2.0/ports?device_id=390f1238-28a8-4544-b0e3-e28e704fa090 => generated 12 bytes in 18 msecs (HTTP/1.1 200) 4 headers in 156 bytes (1 switches on core 0)
2026-06-16 02:24:30.079 7 WARNING neutron.scheduler.dhcp_agent_scheduler [None req-fa347a18-6e21-4a00-93ff-033ffcc55fa8 2a2fe8b18f1b48b69c02b3c16a339c32 ce449dde5d244392aaab2e4c76f06510 - - default default] No more DHCP agents
2026-06-16 02:24:30.080 7 WARNING neutron.api.rpc.agentnotifiers.dhcp_rpc_agent_api [None req-fa347a18-6e21-4a00-93ff-033ffcc55fa8 2a2fe8b18f1b48b69c02b3c16a339c32 ce449dde5d244392aaab2e4c76f06510 - - default default] Unable to schedule network e89d8491-6ca8-4851-89f3-182a4ad3bed8: no agents available; will retry on subsequent port and subnet creation events. [pid: 8|app: 0|req: 658/1279] 10.0.0.148 () {34 vars in 1107 bytes} [Tue Jun 16 02:24:30 2026] GET /v2.0/networks/2bd37a35-465f-4e20-975a-8070a9a1312b?fields=provider%3Aphysical_network&fields=provider%3Anetwork_type => generated 79 bytes in 36 msecs (HTTP/1.1 200) 4 headers in 156 bytes (1 switches on core 0)
2026-06-16 02:24:30.126 8 INFO neutron.api.v2.resource [None req-ab392ed3-3403-4241-9ac5-d7d779bb5575 e574e636cfb648bbb6ffc59492e716d4 56f57f1484604c2f9cd66d4d9e49f8c1 - - default default] delete failed (client error): The resource could not be found. [pid: 8|app: 0|req: 659/1280] 10.0.0.206 () {32 vars in 723 bytes} [Tue Jun 16 02:24:30 2026] DELETE /v2.0/routers/390f1238-28a8-4544-b0e3-e28e704fa090 => generated 135 bytes in 19 msecs (HTTP/1.1 404) 4 headers in 164 bytes (1 switches on core 0)
2026-06-16 02:24:30.146 8 INFO neutron.pecan_wsgi.hooks.translation [None req-ce67fdaf-8432-408f-84e8-4944845eef6f e574e636cfb648bbb6ffc59492e716d4 56f57f1484604c2f9cd66d4d9e49f8c1 - - default default] DELETE failed (client error): The resource could not be found. [pid: 8|app: 0|req: 660/1281] 10.0.0.206 () {32 vars in 723 bytes} [Tue Jun 16 02:24:30 2026] DELETE /v2.0/subnets/0a3e12dd-1a84-4b20-8d5e-e6ce287e28e1 => generated 136 bytes in 17 msecs (HTTP/1.1 404) 4 headers in 164 bytes (1 switches on core 0) [pid: 8|app: 0|req: 661/1282] 10.0.0.206 () {32 vars in 735 bytes} [Tue Jun 16 02:24:30 2026] GET /v2.0/ports?device_id=f1f4cfd9-0238-477b-b0f9-5f7ac372a211 => generated 12 bytes in 16 msecs (HTTP/1.1 200) 4 headers in 156 bytes (1 switches on core 0)
2026-06-16 02:24:30.194 8 INFO neutron.api.v2.resource [None req-6d5d3980-fcd1-4f9c-a58f-ba79077862c4 e574e636cfb648bbb6ffc59492e716d4 56f57f1484604c2f9cd66d4d9e49f8c1 - - default default] delete failed (client error): The resource could not be found. [pid: 8|app: 0|req: 662/1283] 10.0.0.206 () {32 vars in 723 bytes} [Tue Jun 16 02:24:30 2026] DELETE /v2.0/routers/f1f4cfd9-0238-477b-b0f9-5f7ac372a211 => generated 135 bytes in 17 msecs (HTTP/1.1 404) 4 headers in 164 bytes (1 switches on core 0)
