2026-07-02 16:34:36.442 9 INFO neutron.db.ovn_revision_numbers_db [None req-a2396a01-f46e-47ec-b046-f5331192e260 - - - - - -] Successfully bumped revision number for resource 41ca1db1-d84b-47df-8af6-7d1c0ca39a6c (type: ports) to 1
2026-07-02 16:34:36.520 10 WARNING neutron_lib.context [None req-915d40f4-038e-413d-b244-8cd121301657 7941554a19954179925c1d3783bd33f9 e19a7d6399bd418685ec9525e1529dde - - default default] Method 'is_advsvc' is deprecated since 2023.2 release (neutron-lib 3.8.0) and will be removed once support for the old RBAC API policies will be removed from Neutron. Please use method 'is_service_role' instead.
2026-07-02 16:34:36.649 9 INFO neutron.wsgi [req-6f3bafbe-4f47-4f3a-aa50-8c36ba391bd5 req-f3300894-5c89-464b-b442-9626bf4dbfe5 122361078a364a17bd9082a3e9dd0079 d8d6860352c742f3beb5e3e14ba077e8 - - default default] 199.19.213.35 "GET /v2.0/ports?device_id=00c70043-9056-4d1a-bc80-a74d4124a25c HTTP/1.1" status: 200 len: 1170 time: 0.1608284
2026-07-02 16:34:36.652 10 INFO neutron.wsgi [-] 10.0.0.142 "GET / HTTP/1.1" status: 200 len: 247 time: 0.0014791
2026-07-02 16:34:36.653 10 INFO neutron.wsgi [-] 10.0.0.142 "GET / HTTP/1.1" status: 200 len: 247 time: 0.0008736
2026-07-02 16:34:36.658 10 INFO neutron.db.ovn_revision_numbers_db [None req-915d40f4-038e-413d-b244-8cd121301657 7941554a19954179925c1d3783bd33f9 e19a7d6399bd418685ec9525e1529dde - - default default] Successfully bumped revision number for resource eb4b77f9-7328-4f69-8795-8e9c86c2b363 (type: routers) to 1
2026-07-02 16:34:36.672 10 INFO neutron.wsgi [None req-915d40f4-038e-413d-b244-8cd121301657 7941554a19954179925c1d3783bd33f9 e19a7d6399bd418685ec9525e1529dde - - default default] 10.0.0.209 "POST /v2.0/routers HTTP/1.1" status: 201 len: 769 time: 0.3430688
2026-07-02 16:34:37.045 9 INFO neutron.wsgi [None req-fd00013a-8ac4-4cde-8d73-7a20ea3c3b24 7941554a19954179925c1d3783bd33f9 e19a7d6399bd418685ec9525e1529dde - - default default] 10.0.0.209 "PUT /v2.0/routers/eb4b77f9-7328-4f69-8795-8e9c86c2b363/tags HTTP/1.1" status: 200 len: 218 time: 0.3672042
2026-07-02 16:34:37.064 9 INFO neutron.wsgi [None req-a6069f12-1535-4dbe-91a0-c6c95d98d15a 2ec6dd28d8b74cae81679d096cfda49e 0b5c83a6af5746f8a86e30139bf536c8 - - default default] 10.0.0.209 "POST /v2.0/vpn/vpnservices HTTP/1.1" status: 201 len: 656 time: 6.6384466
2026-07-02 16:34:37.085 10 INFO neutron.wsgi [None req-786bcb96-188c-49d4-81be-a72880cabfb2 44dfa938257a4b77b35bd0732e3f3165 a0180635811d450a8adc8b1d16062475 - - default default] 10.0.0.209 "GET /v2.0/vpn/vpnservices HTTP/1.1" status: 200 len: 1500 time: 0.0153973
2026-07-02 16:34:37.110 9 INFO neutron.wsgi [None req-ed25e542-9e14-4e6c-9937-b5d7faa10322 7941554a19954179925c1d3783bd33f9 e19a7d6399bd418685ec9525e1529dde - - default default] 10.0.0.209 "GET /v2.0/routers/eb4b77f9-7328-4f69-8795-8e9c86c2b363/tags HTTP/1.1" status: 200 len: 218 time: 0.0575116
2026-07-02 16:34:37.180 10 INFO neutron.wsgi [None req-7c6392f6-0989-4512-b866-70c93f251251 7941554a19954179925c1d3783bd33f9 e19a7d6399bd418685ec9525e1529dde - - default default] 10.0.0.209 "PUT /v2.0/routers/eb4b77f9-7328-4f69-8795-8e9c86c2b363/tags/green HTTP/1.1" status: 201 len: 201 time: 0.0656993
2026-07-02 16:34:37.254 9 INFO neutron.wsgi [None req-eff00c83-1a3a-43a5-bfc7-8c84d4f326c7 7941554a19954179925c1d3783bd33f9 e19a7d6399bd418685ec9525e1529dde - - default default] 10.0.0.209 "GET /v2.0/routers/eb4b77f9-7328-4f69-8795-8e9c86c2b363/tags HTTP/1.1" status: 200 len: 227 time: 0.0691102
2026-07-02 16:34:37.360 9 INFO neutron.wsgi [req-6f3bafbe-4f47-4f3a-aa50-8c36ba391bd5 req-d5c09907-465b-4946-8d11-f48cca220a2a 122361078a364a17bd9082a3e9dd0079 d8d6860352c742f3beb5e3e14ba077e8 - - default default] 199.19.213.35 "DELETE /v2.0/ports/c4559dcd-7bfe-4078-ac0d-67829ebb391e HTTP/1.1" status: 204 len: 173 time: 0.6916745
2026-07-02 16:34:37.418 9 INFO neutron.notifiers.nova [-] Nova event matching ['req-5dd700fa-471b-4c8c-aea6-5499b91180b8'] response: {'server_uuid': '00c70043-9056-4d1a-bc80-a74d4124a25c', 'name': 'network-vif-deleted', 'tag': 'c4559dcd-7bfe-4078-ac0d-67829ebb391e', 'status': 'completed', 'code': 200}
2026-07-02 16:34:37.619 10 INFO neutron.wsgi [req-ee621855-bdcd-4306-9756-363f43b1dd59 req-910ee456-90c1-4be7-b1c8-14bfce440569 122361078a364a17bd9082a3e9dd0079 d8d6860352c742f3beb5e3e14ba077e8 - - default default] 10.0.0.195 "GET /v2.0/ports?device_id=00c70043-9056-4d1a-bc80-a74d4124a25c HTTP/1.1" status: 200 len: 210 time: 0.0608265
2026-07-02 16:34:37.624 10 INFO neutron.wsgi [None req-37663aa1-59c5-4252-8a0f-a3a2b5231ccb 7941554a19954179925c1d3783bd33f9 e19a7d6399bd418685ec9525e1529dde - - default default] 10.0.0.209 "PUT /v2.0/routers/eb4b77f9-7328-4f69-8795-8e9c86c2b363/tags/red HTTP/1.1" status: 201 len: 201 time: 0.3588064
2026-07-02 16:34:37.691 10 INFO neutron.wsgi [None req-d4da76ef-5ebc-4e77-9028-1760c5e1f4f3 7941554a19954179925c1d3783bd33f9 e19a7d6399bd418685ec9525e1529dde - - default default] 10.0.0.209 "GET /v2.0/routers/eb4b77f9-7328-4f69-8795-8e9c86c2b363/tags HTTP/1.1" status: 200 len: 227 time: 0.0619383
2026-07-02 16:34:37.785 9 INFO neutron.wsgi [None req-81f9e605-7aa7-4009-a32c-01eaf2ef5dc5 7941554a19954179925c1d3783bd33f9 e19a7d6399bd418685ec9525e1529dde - - default default] 10.0.0.209 "PUT /v2.0/routers/eb4b77f9-7328-4f69-8795-8e9c86c2b363/tags/black.or.white HTTP/1.1" status: 201 len: 201 time: 0.0839736
2026-07-02 16:34:37.846 9 INFO neutron.wsgi [None req-cbdf2745-9ff7-4276-978f-b45ac3a828bc 7941554a19954179925c1d3783bd33f9 e19a7d6399bd418685ec9525e1529dde - - default default] 10.0.0.209 "GET /v2.0/routers/eb4b77f9-7328-4f69-8795-8e9c86c2b363/tags HTTP/1.1" status: 200 len: 245 time: 0.0536749
2026-07-02 16:34:37.938 10 INFO neutron.wsgi [None req-28a890b2-abbe-4d7e-8d77-e73bcc0f16c3 7941554a19954179925c1d3783bd33f9 e19a7d6399bd418685ec9525e1529dde - - default default] 10.0.0.209 "PUT /v2.0/routers/eb4b77f9-7328-4f69-8795-8e9c86c2b363/tags HTTP/1.1" status: 200 len: 230 time: 0.0877676
2026-07-02 16:34:37.999 9 INFO neutron.wsgi [None req-3b8b66fc-1b26-41d9-9624-c70cd96390fd 7941554a19954179925c1d3783bd33f9 e19a7d6399bd418685ec9525e1529dde - - default default] 10.0.0.209 "GET /v2.0/routers/eb4b77f9-7328-4f69-8795-8e9c86c2b363/tags HTTP/1.1" status: 200 len: 230 time: 0.0542655
2026-07-02 16:34:38.056 10 INFO neutron.wsgi [None req-20356ecd-b8f4-413c-b830-e85aa1c67458 7941554a19954179925c1d3783bd33f9 e19a7d6399bd418685ec9525e1529dde - - default default] 10.0.0.209 "GET /v2.0/routers/eb4b77f9-7328-4f69-8795-8e9c86c2b363/tags/red HTTP/1.1" status: 204 len: 168 time: 0.0518565
2026-07-02 16:34:38.116 10 INFO neutron.api.v2.resource [None req-32e0821f-015b-42b1-9b3e-8e7cda21e2b9 7941554a19954179925c1d3783bd33f9 e19a7d6399bd418685ec9525e1529dde - - default default] show failed (client error): The resource could not be found.
2026-07-02 16:34:38.117 10 INFO neutron.wsgi [None req-32e0821f-015b-42b1-9b3e-8e7cda21e2b9 7941554a19954179925c1d3783bd33f9 e19a7d6399bd418685ec9525e1529dde - - default default] 10.0.0.209 "GET /v2.0/routers/eb4b77f9-7328-4f69-8795-8e9c86c2b363/tags/green HTTP/1.1" status: 404 len: 299 time: 0.0572207
2026-07-02 16:34:38.188 9 INFO neutron.wsgi [None req-991d74fd-222d-49e0-8e5a-25823d938e32 7941554a19954179925c1d3783bd33f9 e19a7d6399bd418685ec9525e1529dde - - default default] 10.0.0.209 "DELETE /v2.0/routers/eb4b77f9-7328-4f69-8795-8e9c86c2b363/tags/red HTTP/1.1" status: 204 len: 168 time: 0.0653522
2026-07-02 16:34:38.255 9 INFO neutron.wsgi [None req-f191710e-ba1f-4db9-9498-e1ef93b7e5b2 7941554a19954179925c1d3783bd33f9 e19a7d6399bd418685ec9525e1529dde - - default default] 10.0.0.209 "GET /v2.0/routers/eb4b77f9-7328-4f69-8795-8e9c86c2b363/tags HTTP/1.1" status: 200 len: 223 time: 0.0619471
2026-07-02 16:34:38.324 9 INFO neutron.api.v2.resource [None req-6bfe3385-107a-4ade-ab4d-8ec5e06418d2 7941554a19954179925c1d3783bd33f9 e19a7d6399bd418685ec9525e1529dde - - default default] delete failed (client error): The resource could not be found.
2026-07-02 16:34:38.325 9 INFO neutron.wsgi [None req-6bfe3385-107a-4ade-ab4d-8ec5e06418d2 7941554a19954179925c1d3783bd33f9 e19a7d6399bd418685ec9525e1529dde - - default default] 10.0.0.209 "DELETE /v2.0/routers/eb4b77f9-7328-4f69-8795-8e9c86c2b363/tags/green HTTP/1.1" status: 404 len: 299 time: 0.0646064
2026-07-02 16:34:38.449 9 INFO neutron.wsgi [None req-fdb68b5a-a91f-42c5-aa46-8023dad2775f 7941554a19954179925c1d3783bd33f9 e19a7d6399bd418685ec9525e1529dde - - default default] 10.0.0.209 "DELETE /v2.0/routers/eb4b77f9-7328-4f69-8795-8e9c86c2b363/tags HTTP/1.1" status: 204 len: 168 time: 0.1174474
2026-07-02 16:34:38.515 9 INFO neutron.wsgi [None req-5be061c6-85c0-4d1b-9e24-45bd1b688afe 7941554a19954179925c1d3783bd33f9 e19a7d6399bd418685ec9525e1529dde - - default default] 10.0.0.209 "GET /v2.0/routers/eb4b77f9-7328-4f69-8795-8e9c86c2b363/tags HTTP/1.1" status: 200 len: 205 time: 0.0590222
2026-07-02 16:34:38.607 9 INFO neutron.wsgi [None req-459aabaf-3323-4f24-a6f4-f6c087b8285d 7941554a19954179925c1d3783bd33f9 e19a7d6399bd418685ec9525e1529dde - - default default] 10.0.0.209 "GET /v2.0/routers/eb4b77f9-7328-4f69-8795-8e9c86c2b363 HTTP/1.1" status: 200 len: 770 time: 0.0850284
2026-07-02 16:34:39.036 9 INFO neutron.wsgi [None req-f30b9d16-28bf-4504-bc74-831eb69a9c0b 122361078a364a17bd9082a3e9dd0079 d8d6860352c742f3beb5e3e14ba077e8 - - default default] 10.0.0.209 "DELETE /v2.0/security-groups/50b57e33-81e3-42e8-bf89-1141f9d1149c HTTP/1.1" status: 204 len: 168 time: 0.3315921
2026-07-02 16:34:39.048 9 INFO neutron.db.ovn_revision_numbers_db [None req-4a1cd536-1e2f-4cca-a319-df624ac706ec 7941554a19954179925c1d3783bd33f9 e19a7d6399bd418685ec9525e1529dde - - default default] Successfully bumped revision number for resource eb4b77f9-7328-4f69-8795-8e9c86c2b363 (type: routers) to 7
2026-07-02 16:34:39.059 9 INFO neutron.wsgi [None req-4a1cd536-1e2f-4cca-a319-df624ac706ec 7941554a19954179925c1d3783bd33f9 e19a7d6399bd418685ec9525e1529dde - - default default] 10.0.0.209 "PUT /v2.0/routers/eb4b77f9-7328-4f69-8795-8e9c86c2b363 HTTP/1.1" status: 200 len: 770 time: 0.4481461
2026-07-02 16:34:39.104 10 INFO neutron.wsgi [None req-9a4e6f32-3fc0-419c-9130-8e078f32bc22 7941554a19954179925c1d3783bd33f9 e19a7d6399bd418685ec9525e1529dde - - default default] 10.0.0.209 "GET /v2.0/ports?device_id=eb4b77f9-7328-4f69-8795-8e9c86c2b363 HTTP/1.1" status: 200 len: 205 time: 0.0398738
2026-07-02 16:34:39.704 10 INFO neutron.wsgi [None req-2fb5e683-95c1-43d8-87ea-b2c0a36bfcae 7941554a19954179925c1d3783bd33f9 e19a7d6399bd418685ec9525e1529dde - - default default] 10.0.0.209 "DELETE /v2.0/routers/eb4b77f9-7328-4f69-8795-8e9c86c2b363 HTTP/1.1" status: 204 len: 168 time: 0.5951767
2026-07-02 16:34:40.398 9 INFO neutron.wsgi [None req-7202b84b-d86f-4be4-92e2-91180df465f2 122361078a364a17bd9082a3e9dd0079 d8d6860352c742f3beb5e3e14ba077e8 - - default default] 10.0.0.209 "PUT /v2.0/routers/465f52b0-a64e-4c03-8fc3-0eb7879f2ca7/remove_router_interface HTTP/1.1" status: 200 len: 503 time: 1.3293116 /var/lib/openstack/lib/python3.10/site-packages/pycadf/identifier.py:71: UserWarning: Invalid uuid: neutron. To ensure interoperability, identifiers should be a valid uuid. warnings.warn(('Invalid uuid: %s. To ensure interoperability, ' /var/lib/openstack/lib/python3.10/site-packages/pycadf/identifier.py:71: UserWarning: Invalid uuid: neutron. To ensure interoperability, identifiers should be a valid uuid. warnings.warn(('Invalid uuid: %s. To ensure interoperability, '
2026-07-02 16:34:40.710 10 INFO neutron.wsgi [None req-be7ac413-8744-460f-8e43-31b666dabcfd 122361078a364a17bd9082a3e9dd0079 d8d6860352c742f3beb5e3e14ba077e8 - - default default] 10.0.0.209 "DELETE /v2.0/subnets/1467798f-b3ab-4198-8785-c0ea2f17d5e4 HTTP/1.1" status: 204 len: 168 time: 0.3065870
2026-07-02 16:34:40.725 9 INFO neutron.db.ovn_revision_numbers_db [None req-e316251f-3e72-429e-abd0-84191ab4f52c e217a29ff76048a09ef16d00846d9818 cf86fbaec5b94084b1a310024bfed582 - - default default] Successfully bumped revision number for resource 229dd060-021b-448f-8ec9-7100e38cf97f (type: security_groups) to 1
2026-07-02 16:34:40.739 9 INFO neutron.db.ovn_revision_numbers_db [None req-e316251f-3e72-429e-abd0-84191ab4f52c e217a29ff76048a09ef16d00846d9818 cf86fbaec5b94084b1a310024bfed582 - - default default] Successfully bumped revision number for resource 007f05cb-fe41-445b-99db-e7f54773574e (type: security_group_rules) to 0
2026-07-02 16:34:40.753 9 INFO neutron.db.ovn_revision_numbers_db [None req-e316251f-3e72-429e-abd0-84191ab4f52c e217a29ff76048a09ef16d00846d9818 cf86fbaec5b94084b1a310024bfed582 - - default default] Successfully bumped revision number for resource 5cd8613d-bd3c-4d2b-9dc9-44d0ac7bbfd2 (type: security_group_rules) to 0
2026-07-02 16:34:40.766 9 INFO neutron.db.ovn_revision_numbers_db [None req-e316251f-3e72-429e-abd0-84191ab4f52c e217a29ff76048a09ef16d00846d9818 cf86fbaec5b94084b1a310024bfed582 - - default default] Successfully bumped revision number for resource 87de9f2c-54a5-4e89-9504-249b7d90d807 (type: security_group_rules) to 0
2026-07-02 16:34:40.784 9 INFO neutron.db.ovn_revision_numbers_db [None req-e316251f-3e72-429e-abd0-84191ab4f52c e217a29ff76048a09ef16d00846d9818 cf86fbaec5b94084b1a310024bfed582 - - default default] Successfully bumped revision number for resource fd3ae66d-e680-4788-9702-0658def604c3 (type: security_group_rules) to 0
2026-07-02 16:34:40.808 9 INFO neutron.wsgi [None req-e316251f-3e72-429e-abd0-84191ab4f52c e217a29ff76048a09ef16d00846d9818 cf86fbaec5b94084b1a310024bfed582 - - default default] 10.0.0.209 "GET /v2.0/security-groups?tenant_id=d8e36099f573437099593f3b392d74fd&name=default HTTP/1.1" status: 200 len: 3124 time: 0.3395014
2026-07-02 16:34:40.816 10 INFO neutron.services.segments.plugin [-] Segment d5951cd4-09ba-4a59-b818-ec027ebf0e0c resource provider aggregate not found
2026-07-02 16:34:40.827 10 INFO neutron.services.segments.plugin [-] Segment d5951cd4-09ba-4a59-b818-ec027ebf0e0c resource provider aggregate not found
2026-07-02 16:34:40.834 10 INFO neutron.services.segments.plugin [-] Segment d5951cd4-09ba-4a59-b818-ec027ebf0e0c resource provider not found; error: Placement Client Error (4xx): {"errors": [{"status": 404, "title": "Not Found", "detail": "The resource could not be found.\n\n No resource provider with uuid d5951cd4-09ba-4a59-b818-ec027ebf0e0c found for delete ", "request_id": "req-a5324832-b7c7-439c-a428-ed3506339811"}]}
2026-07-02 16:34:40.860 10 INFO neutron.services.segments.plugin [-] Segment d5951cd4-09ba-4a59-b818-ec027ebf0e0c resource provider not found; error: Placement Client Error (4xx): {"errors": [{"status": 404, "title": "Not Found", "detail": "The resource could not be found.\n\n No resource provider with uuid d5951cd4-09ba-4a59-b818-ec027ebf0e0c found for delete ", "request_id": "req-dc721f1c-e0c2-46f0-b8ba-ce7a53793c62"}]}
2026-07-02 16:34:40.881 10 INFO neutron.wsgi [None req-c7a0a4e8-4cdb-4d67-8b87-d8b4e324a9b1 2ec6dd28d8b74cae81679d096cfda49e 0b5c83a6af5746f8a86e30139bf536c8 - - default default] 10.0.0.209 "DELETE /v2.0/vpn/vpnservices/0ef94a64-52a6-4f27-9e80-17edcb795dec HTTP/1.1" status: 204 len: 168 time: 3.7927108
2026-07-02 16:34:40.905 10 WARNING neutron_lib.context [None req-ffbbe7bb-7cf3-4285-966e-acba03509de4 44dfa938257a4b77b35bd0732e3f3165 a0180635811d450a8adc8b1d16062475 - - default default] Method 'is_advsvc' is deprecated since 2023.2 release (neutron-lib 3.8.0) and will be removed once support for the old RBAC API policies will be removed from Neutron. Please use method 'is_service_role' instead.
2026-07-02 16:34:41.012 10 INFO neutron.wsgi [None req-ffbbe7bb-7cf3-4285-966e-acba03509de4 44dfa938257a4b77b35bd0732e3f3165 a0180635811d450a8adc8b1d16062475 - - default default] 10.0.0.209 "POST /v2.0/vpn/endpoint-groups HTTP/1.1" status: 201 len: 501 time: 0.1247866
2026-07-02 16:34:41.022 10 WARNING neutron_lib.context [None req-8f039445-500c-44e9-b9a6-5f8678291067 44dfa938257a4b77b35bd0732e3f3165 a0180635811d450a8adc8b1d16062475 - - default default] Method 'is_advsvc' is deprecated since 2023.2 release (neutron-lib 3.8.0) and will be removed once support for the old RBAC API policies will be removed from Neutron. Please use method 'is_service_role' instead.
2026-07-02 16:34:41.058 9 INFO neutron.wsgi [None req-2b05ab5a-bcd4-4e15-85f2-59875160472a e217a29ff76048a09ef16d00846d9818 cf86fbaec5b94084b1a310024bfed582 - - default default] 10.0.0.209 "DELETE /v2.0/security-groups/229dd060-021b-448f-8ec9-7100e38cf97f HTTP/1.1" status: 204 len: 168 time: 0.2445588
2026-07-02 16:34:41.093 10 INFO neutron.wsgi [None req-8f039445-500c-44e9-b9a6-5f8678291067 44dfa938257a4b77b35bd0732e3f3165 a0180635811d450a8adc8b1d16062475 - - default default] 10.0.0.209 "POST /v2.0/vpn/endpoint-groups HTTP/1.1" status: 201 len: 492 time: 0.0762260
2026-07-02 16:34:41.103 9 WARNING neutron.api.v2.base [None req-d4773414-18c6-4c02-a57f-d0d3904ae3d1 44dfa938257a4b77b35bd0732e3f3165 a0180635811d450a8adc8b1d16062475 - - default default] An exception happened while processing the request body. The exception message is [Unrecognized attribute(s) 'peer_cidr'].: webob.exc.HTTPBadRequest: Unrecognized attribute(s) 'peer_cidr'
2026-07-02 16:34:41.104 9 INFO neutron.api.v2.resource [None req-d4773414-18c6-4c02-a57f-d0d3904ae3d1 44dfa938257a4b77b35bd0732e3f3165 a0180635811d450a8adc8b1d16062475 - - default default] create failed (client error): Unrecognized attribute(s) 'peer_cidr'
2026-07-02 16:34:41.105 9 INFO neutron.wsgi [None req-d4773414-18c6-4c02-a57f-d0d3904ae3d1 44dfa938257a4b77b35bd0732e3f3165 a0180635811d450a8adc8b1d16062475 - - default default] 10.0.0.209 "POST /v2.0/vpn/ipsec-site-connections HTTP/1.1" status: 400 len: 313 time: 0.0058048
2026-07-02 16:34:41.129 9 INFO neutron.wsgi [None req-10f55e6f-fd47-49ee-ad53-93e6806da88f 44dfa938257a4b77b35bd0732e3f3165 a0180635811d450a8adc8b1d16062475 - - default default] 10.0.0.209 "GET /v2.0/vpn/endpoint-groups HTTP/1.1" status: 200 len: 1387 time: 0.0171981
2026-07-02 16:34:41.166 9 INFO neutron.wsgi [None req-b1fcc39c-4c72-4d52-8f1f-1df16f5eafe8 44dfa938257a4b77b35bd0732e3f3165 a0180635811d450a8adc8b1d16062475 - - default default] 10.0.0.209 "DELETE /v2.0/vpn/endpoint-groups/72e2100f-ae28-4999-b8f9-50bdabf1fdd1 HTTP/1.1" status: 204 len: 168 time: 0.0317407
2026-07-02 16:34:41.189 10 INFO neutron.wsgi [None req-97c0e9cb-a499-412b-b1c7-1b5bf4c777f0 44dfa938257a4b77b35bd0732e3f3165 a0180635811d450a8adc8b1d16062475 - - default default] 10.0.0.209 "GET /v2.0/vpn/endpoint-groups HTTP/1.1" status: 200 len: 1111 time: 0.0145683
2026-07-02 16:34:41.211 10 INFO neutron.wsgi [None req-70a9217a-ebe8-4bf3-9ebc-df07c4581ec6 44dfa938257a4b77b35bd0732e3f3165 a0180635811d450a8adc8b1d16062475 - - default default] 10.0.0.209 "GET /v2.0/vpn/endpoint-groups HTTP/1.1" status: 200 len: 1111 time: 0.0154963
2026-07-02 16:34:41.256 10 INFO neutron.wsgi [None req-0de5d565-4c63-460a-ab16-32b547e617f6 44dfa938257a4b77b35bd0732e3f3165 a0180635811d450a8adc8b1d16062475 - - default default] 10.0.0.209 "DELETE /v2.0/vpn/endpoint-groups/ae5b8152-44b5-43f9-966a-2fbffd46f758 HTTP/1.1" status: 204 len: 168 time: 0.0365419
2026-07-02 16:34:41.276 9 INFO neutron.wsgi [None req-79b60b19-1f5b-45a7-a5db-a63640758d03 44dfa938257a4b77b35bd0732e3f3165 a0180635811d450a8adc8b1d16062475 - - default default] 10.0.0.209 "GET /v2.0/vpn/endpoint-groups HTTP/1.1" status: 200 len: 827 time: 0.0141826
2026-07-02 16:34:41.289 10 WARNING neutron_lib.context [None req-a36d2397-aac4-4d05-a40a-912e55c52ff4 44dfa938257a4b77b35bd0732e3f3165 a0180635811d450a8adc8b1d16062475 - - default default] Method 'is_advsvc' is deprecated since 2023.2 release (neutron-lib 3.8.0) and will be removed once support for the old RBAC API policies will be removed from Neutron. Please use method 'is_service_role' instead.
2026-07-02 16:34:41.316 9 INFO neutron.db.ovn_revision_numbers_db [None req-55f2b37f-3eca-4a91-857c-7e6ee853130f e217a29ff76048a09ef16d00846d9818 cf86fbaec5b94084b1a310024bfed582 - - default default] Successfully bumped revision number for resource ddf08a75-3295-481b-83d1-d5cee568b4a8 (type: security_groups) to 1
2026-07-02 16:34:41.329 9 INFO neutron.db.ovn_revision_numbers_db [None req-55f2b37f-3eca-4a91-857c-7e6ee853130f e217a29ff76048a09ef16d00846d9818 cf86fbaec5b94084b1a310024bfed582 - - default default] Successfully bumped revision number for resource 1efa97b7-9bbd-4a6f-9a32-f99dba707ca3 (type: security_group_rules) to 0
2026-07-02 16:34:41.357 9 INFO neutron.db.ovn_revision_numbers_db [None req-55f2b37f-3eca-4a91-857c-7e6ee853130f e217a29ff76048a09ef16d00846d9818 cf86fbaec5b94084b1a310024bfed582 - - default default] Successfully bumped revision number for resource 1f4784b7-8e64-454b-8d38-b01caf1b1405 (type: security_group_rules) to 0
2026-07-02 16:34:41.358 9 WARNING neutron.plugins.ml2.drivers.ovn.mech_driver.ovsdb.ovn_client [None req-b4215389-a97c-4fa5-bb99-8462611de824 - - - - - -] No port found with ID 6dee3e05-e4c0-4cb0-89ee-486fd04b4781: RuntimeError: No port found with ID 6dee3e05-e4c0-4cb0-89ee-486fd04b4781
2026-07-02 16:34:41.359 9 INFO neutron.plugins.ml2.drivers.ovn.mech_driver.mech_driver [None req-b4215389-a97c-4fa5-bb99-8462611de824 - - - - - -] OVN reports status down for port: c4559dcd-7bfe-4078-ac0d-67829ebb391e
2026-07-02 16:34:41.380 10 INFO neutron.wsgi [None req-a36d2397-aac4-4d05-a40a-912e55c52ff4 44dfa938257a4b77b35bd0732e3f3165 a0180635811d450a8adc8b1d16062475 - - default default] 10.0.0.209 "POST /v2.0/vpn/endpoint-groups HTTP/1.1" status: 201 len: 501 time: 0.0968144
2026-07-02 16:34:41.382 9 INFO neutron.db.ovn_revision_numbers_db [None req-55f2b37f-3eca-4a91-857c-7e6ee853130f e217a29ff76048a09ef16d00846d9818 cf86fbaec5b94084b1a310024bfed582 - - default default] Successfully bumped revision number for resource 3011f401-2537-4524-87d9-3e371e769743 (type: security_group_rules) to 0
2026-07-02 16:34:41.389 10 WARNING neutron_lib.context [None req-3a350c95-959e-4443-9a1f-8a73f519610f 44dfa938257a4b77b35bd0732e3f3165 a0180635811d450a8adc8b1d16062475 - - default default] Method 'is_advsvc' is deprecated since 2023.2 release (neutron-lib 3.8.0) and will be removed once support for the old RBAC API policies will be removed from Neutron. Please use method 'is_service_role' instead.
2026-07-02 16:34:41.400 9 INFO neutron.db.ovn_revision_numbers_db [None req-55f2b37f-3eca-4a91-857c-7e6ee853130f e217a29ff76048a09ef16d00846d9818 cf86fbaec5b94084b1a310024bfed582 - - default default] Successfully bumped revision number for resource cfd72cf4-90fb-4d25-8fb8-c8b6eda82a19 (type: security_group_rules) to 0
2026-07-02 16:34:41.428 9 INFO neutron.wsgi [None req-55f2b37f-3eca-4a91-857c-7e6ee853130f e217a29ff76048a09ef16d00846d9818 cf86fbaec5b94084b1a310024bfed582 - - default default] 10.0.0.209 "GET /v2.0/security-groups?tenant_id=e19a7d6399bd418685ec9525e1529dde&name=default HTTP/1.1" status: 200 len: 3124 time: 0.2556562
2026-07-02 16:34:41.460 10 INFO neutron.wsgi [None req-3a350c95-959e-4443-9a1f-8a73f519610f 44dfa938257a4b77b35bd0732e3f3165 a0180635811d450a8adc8b1d16062475 - - default default] 10.0.0.209 "POST /v2.0/vpn/endpoint-groups HTTP/1.1" status: 201 len: 492 time: 0.0742297
2026-07-02 16:34:41.479 9 WARNING neutron_lib.context [None req-106240f1-a15d-464c-bea4-d185b8077142 44dfa938257a4b77b35bd0732e3f3165 a0180635811d450a8adc8b1d16062475 - - default default] Method 'is_advsvc' is deprecated since 2023.2 release (neutron-lib 3.8.0) and will be removed once support for the old RBAC API policies will be removed from Neutron. Please use method 'is_service_role' instead.
2026-07-02 16:34:41.530 9 INFO neutron.api.v2.resource [None req-106240f1-a15d-464c-bea4-d185b8077142 44dfa938257a4b77b35bd0732e3f3165 a0180635811d450a8adc8b1d16062475 - - default default] create failed (client error): The server could not comply with the request since it is either malformed or otherwise incorrect.
2026-07-02 16:34:41.532 9 INFO neutron.wsgi [None req-106240f1-a15d-464c-bea4-d185b8077142 44dfa938257a4b77b35bd0732e3f3165 a0180635811d450a8adc8b1d16062475 - - default default] 10.0.0.209 "POST /v2.0/vpn/ipsec-site-connections HTTP/1.1" status: 400 len: 373 time: 0.0628335
2026-07-02 16:34:41.550 9 INFO neutron.wsgi [None req-6111ce96-9ad9-4b10-920e-ab8e2be8cf0b 44dfa938257a4b77b35bd0732e3f3165 a0180635811d450a8adc8b1d16062475 - - default default] 10.0.0.209 "GET /v2.0/vpn/endpoint-groups HTTP/1.1" status: 200 len: 1387 time: 0.0129178
2026-07-02 16:34:41.585 9 INFO neutron.wsgi [None req-c6010033-9c0a-4295-affa-bf72c53db1ed 44dfa938257a4b77b35bd0732e3f3165 a0180635811d450a8adc8b1d16062475 - - default default] 10.0.0.209 "DELETE /v2.0/vpn/endpoint-groups/b376b0e3-81f3-4c2b-88a6-cfd1b0f93357 HTTP/1.1" status: 204 len: 168 time: 0.0297773
2026-07-02 16:34:41.601 9 INFO neutron.wsgi [None req-ae60a8ee-c477-460c-88a2-4a63d189aa1b 44dfa938257a4b77b35bd0732e3f3165 a0180635811d450a8adc8b1d16062475 - - default default] 10.0.0.209 "GET /v2.0/vpn/endpoint-groups HTTP/1.1" status: 200 len: 1111 time: 0.0104094
2026-07-02 16:34:41.617 9 INFO neutron.wsgi [None req-9eecd15f-bbda-47f0-b7fd-7466ff0bf97e 44dfa938257a4b77b35bd0732e3f3165 a0180635811d450a8adc8b1d16062475 - - default default] 10.0.0.209 "GET /v2.0/vpn/endpoint-groups HTTP/1.1" status: 200 len: 1111 time: 0.0110755
2026-07-02 16:34:41.655 9 INFO neutron.wsgi [None req-bac6b97c-feac-4816-a35b-0def3d769e69 44dfa938257a4b77b35bd0732e3f3165 a0180635811d450a8adc8b1d16062475 - - default default] 10.0.0.209 "DELETE /v2.0/vpn/endpoint-groups/32de7464-ce5b-4912-a2b7-ec5a900f4516 HTTP/1.1" status: 204 len: 168 time: 0.0319176
2026-07-02 16:34:41.672 9 INFO neutron.wsgi [None req-99e15756-3694-4525-b352-177e029a5f61 44dfa938257a4b77b35bd0732e3f3165 a0180635811d450a8adc8b1d16062475 - - default default] 10.0.0.209 "GET /v2.0/vpn/endpoint-groups HTTP/1.1" status: 200 len: 827 time: 0.0118294
2026-07-02 16:34:41.695 10 WARNING neutron_lib.context [None req-ac02faac-175b-4b6b-9986-38a816692062 44dfa938257a4b77b35bd0732e3f3165 a0180635811d450a8adc8b1d16062475 - - default default] Method 'is_advsvc' is deprecated since 2023.2 release (neutron-lib 3.8.0) and will be removed once support for the old RBAC API policies will be removed from Neutron. Please use method 'is_service_role' instead.
2026-07-02 16:34:41.800 10 INFO neutron.wsgi [None req-1c5dbf24-0df2-4e16-a37a-a2ab46592be2 122361078a364a17bd9082a3e9dd0079 d8d6860352c742f3beb5e3e14ba077e8 - - default default] 10.0.0.209 "DELETE /v2.0/routers/465f52b0-a64e-4c03-8fc3-0eb7879f2ca7 HTTP/1.1" status: 204 len: 168 time: 1.0841637
2026-07-02 16:34:41.832 10 INFO neutron.wsgi [None req-ac02faac-175b-4b6b-9986-38a816692062 44dfa938257a4b77b35bd0732e3f3165 a0180635811d450a8adc8b1d16062475 - - default default] 10.0.0.209 "POST /v2.0/vpn/endpoint-groups HTTP/1.1" status: 201 len: 501 time: 0.1520708
2026-07-02 16:34:41.843 9 WARNING neutron.api.v2.base [None req-b0f0aa52-f791-467f-980e-30523a2e6ba8 44dfa938257a4b77b35bd0732e3f3165 a0180635811d450a8adc8b1d16062475 - - default default] An exception happened while processing the request body. The exception message is [Failed to parse request. Required attribute 'peer_id' not specified].: webob.exc.HTTPBadRequest: Failed to parse request. Required attribute 'peer_id' not specified
2026-07-02 16:34:41.844 9 INFO neutron.api.v2.resource [None req-b0f0aa52-f791-467f-980e-30523a2e6ba8 44dfa938257a4b77b35bd0732e3f3165 a0180635811d450a8adc8b1d16062475 - - default default] create failed (client error): Failed to parse request. Required attribute 'peer_id' not specified
2026-07-02 16:34:41.845 9 INFO neutron.wsgi [None req-b0f0aa52-f791-467f-980e-30523a2e6ba8 44dfa938257a4b77b35bd0732e3f3165 a0180635811d450a8adc8b1d16062475 - - default default] 10.0.0.209 "POST /v2.0/vpn/ipsec-site-connections HTTP/1.1" status: 400 len: 343 time: 0.0072546
2026-07-02 16:34:41.862 9 INFO neutron.wsgi [None req-6cb03022-4a77-4e33-a4d2-b35e8fa253a5 44dfa938257a4b77b35bd0732e3f3165 a0180635811d450a8adc8b1d16062475 - - default default] 10.0.0.209 "GET /v2.0/vpn/endpoint-groups HTTP/1.1" status: 200 len: 1111 time: 0.0130651
2026-07-02 16:34:41.875 10 INFO neutron.wsgi [None req-407c05ba-4859-489f-9eae-ee0c1d8f1919 e217a29ff76048a09ef16d00846d9818 cf86fbaec5b94084b1a310024bfed582 - - default default] 10.0.0.209 "DELETE /v2.0/security-groups/ddf08a75-3295-481b-83d1-d5cee568b4a8 HTTP/1.1" status: 204 len: 168 time: 0.4399669
2026-07-02 16:34:41.894 9 INFO neutron.wsgi [None req-4278610c-d336-458e-985b-41c8861132a4 44dfa938257a4b77b35bd0732e3f3165 a0180635811d450a8adc8b1d16062475 - - default default] 10.0.0.209 "DELETE /v2.0/vpn/endpoint-groups/3dcc526d-e208-40a7-be2a-800be1ecd1ca HTTP/1.1" status: 204 len: 168 time: 0.0269780
2026-07-02 16:34:41.913 10 INFO neutron.wsgi [None req-86370318-5194-41f3-adcb-db5c3a3233f9 44dfa938257a4b77b35bd0732e3f3165 a0180635811d450a8adc8b1d16062475 - - default default] 10.0.0.209 "GET /v2.0/vpn/endpoint-groups HTTP/1.1" status: 200 len: 827 time: 0.0141468
2026-07-02 16:34:41.925 10 WARNING neutron_lib.context [None req-3a0a15c6-3731-4efd-a702-3358cadfc539 44dfa938257a4b77b35bd0732e3f3165 a0180635811d450a8adc8b1d16062475 - - default default] Method 'is_advsvc' is deprecated since 2023.2 release (neutron-lib 3.8.0) and will be removed once support for the old RBAC API policies will be removed from Neutron. Please use method 'is_service_role' instead.
2026-07-02 16:34:41.962 10 INFO neutron.wsgi [None req-3a0a15c6-3731-4efd-a702-3358cadfc539 44dfa938257a4b77b35bd0732e3f3165 a0180635811d450a8adc8b1d16062475 - - default default] 10.0.0.209 "POST /v2.0/vpn/endpoint-groups HTTP/1.1" status: 201 len: 492 time: 0.0413508
2026-07-02 16:34:41.975 10 WARNING neutron.api.v2.base [None req-b8fc96eb-7bc0-4ac8-81d9-92b21ff0b4f2 44dfa938257a4b77b35bd0732e3f3165 a0180635811d450a8adc8b1d16062475 - - default default] An exception happened while processing the request body. The exception message is [Failed to parse request. Required attribute 'peer_id' not specified].: webob.exc.HTTPBadRequest: Failed to parse request. Required attribute 'peer_id' not specified
2026-07-02 16:34:41.976 10 INFO neutron.api.v2.resource [None req-b8fc96eb-7bc0-4ac8-81d9-92b21ff0b4f2 44dfa938257a4b77b35bd0732e3f3165 a0180635811d450a8adc8b1d16062475 - - default default] create failed (client error): Failed to parse request. Required attribute 'peer_id' not specified
2026-07-02 16:34:41.977 10 INFO neutron.wsgi [None req-b8fc96eb-7bc0-4ac8-81d9-92b21ff0b4f2 44dfa938257a4b77b35bd0732e3f3165 a0180635811d450a8adc8b1d16062475 - - default default] 10.0.0.209 "POST /v2.0/vpn/ipsec-site-connections HTTP/1.1" status: 400 len: 343 time: 0.0099473
2026-07-02 16:34:41.997 10 INFO neutron.wsgi [None req-98f9e68b-f353-4daf-948a-122c6f17ed6e 44dfa938257a4b77b35bd0732e3f3165 a0180635811d450a8adc8b1d16062475 - - default default] 10.0.0.209 "GET /v2.0/vpn/endpoint-groups HTTP/1.1" status: 200 len: 1102 time: 0.0152612
2026-07-02 16:34:42.030 10 INFO neutron.wsgi [None req-f4eb3ea0-f333-4541-aa12-cee6b0aeafbb 44dfa938257a4b77b35bd0732e3f3165 a0180635811d450a8adc8b1d16062475 - - default default] 10.0.0.209 "DELETE /v2.0/vpn/endpoint-groups/3fef627b-c0b8-421a-b5f1-ef96d094d004 HTTP/1.1" status: 204 len: 168 time: 0.0283935
2026-07-02 16:34:42.051 10 INFO neutron.wsgi [None req-bd6c5a4d-c3dd-4ab8-9347-91f00875987b 44dfa938257a4b77b35bd0732e3f3165 a0180635811d450a8adc8b1d16062475 - - default default] 10.0.0.209 "GET /v2.0/vpn/endpoint-groups HTTP/1.1" status: 200 len: 827 time: 0.0149391
2026-07-02 16:34:42.064 10 WARNING neutron_lib.context [None req-c7dacad3-20bb-4265-b76a-cc9f2f132b39 44dfa938257a4b77b35bd0732e3f3165 a0180635811d450a8adc8b1d16062475 - - default default] Method 'is_advsvc' is deprecated since 2023.2 release (neutron-lib 3.8.0) and will be removed once support for the old RBAC API policies will be removed from Neutron. Please use method 'is_service_role' instead.
2026-07-02 16:34:42.110 10 INFO neutron.wsgi [None req-c7dacad3-20bb-4265-b76a-cc9f2f132b39 44dfa938257a4b77b35bd0732e3f3165 a0180635811d450a8adc8b1d16062475 - - default default] 10.0.0.209 "POST /v2.0/vpn/endpoint-groups HTTP/1.1" status: 201 len: 489 time: 0.0523324
2026-07-02 16:34:42.121 10 WARNING neutron_lib.context [None req-9052abad-9c99-42c3-9a74-77315d514f92 44dfa938257a4b77b35bd0732e3f3165 a0180635811d450a8adc8b1d16062475 - - default default] Method 'is_advsvc' is deprecated since 2023.2 release (neutron-lib 3.8.0) and will be removed once support for the old RBAC API policies will be removed from Neutron. Please use method 'is_service_role' instead.
2026-07-02 16:34:42.179 10 INFO neutron.wsgi [None req-9052abad-9c99-42c3-9a74-77315d514f92 44dfa938257a4b77b35bd0732e3f3165 a0180635811d450a8adc8b1d16062475 - - default default] 10.0.0.209 "POST /v2.0/vpn/endpoint-groups HTTP/1.1" status: 201 len: 501 time: 0.0635090
2026-07-02 16:34:42.190 10 WARNING neutron_lib.context [None req-63090bf2-c47b-4e68-9d5b-444062e8a8c1 44dfa938257a4b77b35bd0732e3f3165 a0180635811d450a8adc8b1d16062475 - - default default] Method 'is_advsvc' is deprecated since 2023.2 release (neutron-lib 3.8.0) and will be removed once support for the old RBAC API policies will be removed from Neutron. Please use method 'is_service_role' instead.
2026-07-02 16:34:42.233 9 INFO neutron.services.segments.plugin [-] Segment f504bfaf-6b7c-431b-872b-da001bb88383 resource provider aggregate not found
2026-07-02 16:34:42.243 9 INFO neutron.services.segments.plugin [-] Segment f504bfaf-6b7c-431b-872b-da001bb88383 resource provider aggregate not found
2026-07-02 16:34:42.255 9 INFO neutron.wsgi [None req-1bbb7fb0-c802-4b4e-b10e-86e97929186b 122361078a364a17bd9082a3e9dd0079 d8d6860352c742f3beb5e3e14ba077e8 - - default default] 10.0.0.209 "DELETE /v2.0/networks/750a2308-2d82-456c-8688-8597251f433a HTTP/1.1" status: 204 len: 168 time: 0.4499941
2026-07-02 16:34:42.256 9 INFO neutron.services.segments.plugin [-] Segment f504bfaf-6b7c-431b-872b-da001bb88383 resource provider not found; error: Placement Client Error (4xx): {"errors": [{"status": 404, "title": "Not Found", "detail": "The resource could not be found.\n\n No resource provider with uuid f504bfaf-6b7c-431b-872b-da001bb88383 found for delete ", "request_id": "req-b0fbc3f1-0abd-47be-b0af-8ded2f7b59dd"}]}
2026-07-02 16:34:42.258 9 INFO neutron.services.segments.plugin [-] Segment f504bfaf-6b7c-431b-872b-da001bb88383 resource provider not found; error: Placement Client Error (4xx): {"errors": [{"status": 404, "title": "Not Found", "detail": "The resource could not be found.\n\n No resource provider with uuid f504bfaf-6b7c-431b-872b-da001bb88383 found for delete ", "request_id": "req-ff3ecf9a-21b9-43db-bbdf-784f8cf72c3c"}]}
2026-07-02 16:34:43.172 9 INFO neutron.wsgi [None req-c8cecd64-eee1-4beb-b636-d8120f39cdba e217a29ff76048a09ef16d00846d9818 cf86fbaec5b94084b1a310024bfed582 - - default default] 10.0.0.209 "GET /v2.0/security-groups?tenant_id=d8d6860352c742f3beb5e3e14ba077e8&name=default HTTP/1.1" status: 200 len: 3120 time: 0.2036269
2026-07-02 16:34:43.388 9 INFO neutron.wsgi [None req-dfb5ea82-eb28-4ae9-8e7d-3d111b75ecce e217a29ff76048a09ef16d00846d9818 cf86fbaec5b94084b1a310024bfed582 - - default default] 10.0.0.209 "DELETE /v2.0/security-groups/14b6de61-8e45-406e-acd5-f0c1251afcc9 HTTP/1.1" status: 204 len: 168 time: 0.2098351
2026-07-02 16:34:43.418 10 INFO neutron.db.ovn_revision_numbers_db [None req-63090bf2-c47b-4e68-9d5b-444062e8a8c1 44dfa938257a4b77b35bd0732e3f3165 a0180635811d450a8adc8b1d16062475 - - default default] Successfully bumped revision number for resource 9b1d299f-9815-4f89-9db7-fca7931c614e (type: routers) to 6
2026-07-02 16:34:43.474 10 INFO neutron.wsgi [None req-63090bf2-c47b-4e68-9d5b-444062e8a8c1 44dfa938257a4b77b35bd0732e3f3165 a0180635811d450a8adc8b1d16062475 - - default default] 10.0.0.209 "POST /v2.0/vpn/ipsec-site-connections HTTP/1.1" status: 201 len: 1044 time: 1.2890158
2026-07-02 16:34:43.697 9 INFO neutron.db.ovn_revision_numbers_db [None req-6d453530-2e08-4202-b1db-3b8224f50b92 e217a29ff76048a09ef16d00846d9818 cf86fbaec5b94084b1a310024bfed582 - - default default] Successfully bumped revision number for resource 024206f4-5865-4ae9-9704-133824a45351 (type: security_groups) to 1
2026-07-02 16:34:43.709 9 INFO neutron.db.ovn_revision_numbers_db [None req-6d453530-2e08-4202-b1db-3b8224f50b92 e217a29ff76048a09ef16d00846d9818 cf86fbaec5b94084b1a310024bfed582 - - default default] Successfully bumped revision number for resource 24889d6b-2700-4daa-b82d-8c823ab259e6 (type: security_group_rules) to 0
2026-07-02 16:34:43.721 9 INFO neutron.db.ovn_revision_numbers_db [None req-6d453530-2e08-4202-b1db-3b8224f50b92 e217a29ff76048a09ef16d00846d9818 cf86fbaec5b94084b1a310024bfed582 - - default default] Successfully bumped revision number for resource 78e26bce-b5c0-4a2c-9f0a-e82b0f9294f6 (type: security_group_rules) to 0
2026-07-02 16:34:43.736 9 INFO neutron.db.ovn_revision_numbers_db [None req-6d453530-2e08-4202-b1db-3b8224f50b92 e217a29ff76048a09ef16d00846d9818 cf86fbaec5b94084b1a310024bfed582 - - default default] Successfully bumped revision number for resource b016b45f-6fba-42ca-91ca-918681b766be (type: security_group_rules) to 0
2026-07-02 16:34:43.749 9 INFO neutron.db.ovn_revision_numbers_db [None req-6d453530-2e08-4202-b1db-3b8224f50b92 e217a29ff76048a09ef16d00846d9818 cf86fbaec5b94084b1a310024bfed582 - - default default] Successfully bumped revision number for resource b1ea65de-09db-4b38-b7b4-08af33e65894 (type: security_group_rules) to 0
2026-07-02 16:34:43.771 9 INFO neutron.wsgi [None req-6d453530-2e08-4202-b1db-3b8224f50b92 e217a29ff76048a09ef16d00846d9818 cf86fbaec5b94084b1a310024bfed582 - - default default] 10.0.0.209 "GET /v2.0/security-groups?tenant_id=337da0ce83684162a914602ad66fbb42&name=default HTTP/1.1" status: 200 len: 3124 time: 0.1948812
2026-07-02 16:34:44.100 10 INFO neutron.wsgi [None req-f5baec8d-4aa2-4f80-96ac-4d28fa750c00 e217a29ff76048a09ef16d00846d9818 cf86fbaec5b94084b1a310024bfed582 - - default default] 10.0.0.209 "DELETE /v2.0/security-groups/024206f4-5865-4ae9-9704-133824a45351 HTTP/1.1" status: 204 len: 168 time: 0.3243918
2026-07-02 16:34:44.180 10 INFO neutron.db.ovn_revision_numbers_db [None req-632d129d-444f-4c2e-917d-36e69efba260 44dfa938257a4b77b35bd0732e3f3165 a0180635811d450a8adc8b1d16062475 - - default default] Successfully bumped revision number for resource 9b1d299f-9815-4f89-9db7-fca7931c614e (type: routers) to 7
2026-07-02 16:34:44.207 10 INFO neutron.wsgi [None req-632d129d-444f-4c2e-917d-36e69efba260 44dfa938257a4b77b35bd0732e3f3165 a0180635811d450a8adc8b1d16062475 - - default default] 10.0.0.209 "DELETE /v2.0/vpn/ipsec-site-connections/0e4e0309-6215-4b8c-8d18-1ebdf619dfc9 HTTP/1.1" status: 204 len: 168 time: 0.7266290
2026-07-02 16:34:44.226 10 INFO neutron.wsgi [None req-f7dc3c45-5ca1-4734-b31c-a3c36600eda5 44dfa938257a4b77b35bd0732e3f3165 a0180635811d450a8adc8b1d16062475 - - default default] 10.0.0.209 "GET /v2.0/vpn/ipsec-site-connections HTTP/1.1" status: 200 len: 990 time: 0.0126350
2026-07-02 16:34:44.240 10 INFO neutron.api.v2.resource [None req-584838be-8c89-474b-9690-3622930849d5 44dfa938257a4b77b35bd0732e3f3165 a0180635811d450a8adc8b1d16062475 - - default default] delete failed (client error): The resource could not be found.
2026-07-02 16:34:44.241 10 INFO neutron.wsgi [None req-584838be-8c89-474b-9690-3622930849d5 44dfa938257a4b77b35bd0732e3f3165 a0180635811d450a8adc8b1d16062475 - - default default] 10.0.0.209 "DELETE /v2.0/vpn/ipsec-site-connections/0e4e0309-6215-4b8c-8d18-1ebdf619dfc9 HTTP/1.1" status: 404 len: 355 time: 0.0106800
2026-07-02 16:34:44.259 10 INFO neutron.wsgi [None req-37c1b58e-354d-4273-9efe-e91fbf5a4c72 44dfa938257a4b77b35bd0732e3f3165 a0180635811d450a8adc8b1d16062475 - - default default] 10.0.0.209 "GET /v2.0/vpn/endpoint-groups HTTP/1.1" status: 200 len: 1384 time: 0.0134010
2026-07-02 16:34:44.285 10 INFO neutron.wsgi [None req-f24fda98-b387-435c-9d96-f5a6f4698e1f 44dfa938257a4b77b35bd0732e3f3165 a0180635811d450a8adc8b1d16062475 - - default default] 10.0.0.209 "DELETE /v2.0/vpn/endpoint-groups/79c3608e-80c8-44a4-8771-1421d5f509d8 HTTP/1.1" status: 204 len: 168 time: 0.0219500
2026-07-02 16:34:44.303 10 INFO neutron.wsgi [None req-50161399-162a-4cf6-8fd5-58ff0fc87fb7 44dfa938257a4b77b35bd0732e3f3165 a0180635811d450a8adc8b1d16062475 - - default default] 10.0.0.209 "GET /v2.0/vpn/endpoint-groups HTTP/1.1" status: 200 len: 1099 time: 0.0131822
2026-07-02 16:34:44.320 10 INFO neutron.wsgi [None req-2523e2fa-5d50-4279-bea9-b5039def6389 44dfa938257a4b77b35bd0732e3f3165 a0180635811d450a8adc8b1d16062475 - - default default] 10.0.0.209 "GET /v2.0/vpn/endpoint-groups HTTP/1.1" status: 200 len: 1099 time: 0.0113668
2026-07-02 16:34:44.347 10 INFO neutron.wsgi [None req-2ba42f02-9675-4206-8a06-6612d0600252 44dfa938257a4b77b35bd0732e3f3165 a0180635811d450a8adc8b1d16062475 - - default default] 10.0.0.209 "DELETE /v2.0/vpn/endpoint-groups/f7f914cb-7b72-4842-b6a6-fa1b5126b7ce HTTP/1.1" status: 204 len: 168 time: 0.0222614
2026-07-02 16:34:44.364 10 INFO neutron.wsgi [None req-4bd5ea4c-86a0-4bce-aa31-b38748db5a12 44dfa938257a4b77b35bd0732e3f3165 a0180635811d450a8adc8b1d16062475 - - default default] 10.0.0.209 "GET /v2.0/vpn/endpoint-groups HTTP/1.1" status: 200 len: 827 time: 0.0122809
2026-07-02 16:34:44.379 9 WARNING neutron_lib.context [None req-13c2e39c-f250-4419-bcb4-3eff4bb6f553 44dfa938257a4b77b35bd0732e3f3165 a0180635811d450a8adc8b1d16062475 - - default default] Method 'is_advsvc' is deprecated since 2023.2 release (neutron-lib 3.8.0) and will be removed once support for the old RBAC API policies will be removed from Neutron. Please use method 'is_service_role' instead.
2026-07-02 16:34:45.151 9 INFO neutron.db.ovn_revision_numbers_db [None req-13c2e39c-f250-4419-bcb4-3eff4bb6f553 44dfa938257a4b77b35bd0732e3f3165 a0180635811d450a8adc8b1d16062475 - - default default] Successfully bumped revision number for resource 9b1d299f-9815-4f89-9db7-fca7931c614e (type: routers) to 8
2026-07-02 16:34:45.185 9 INFO neutron.wsgi [None req-13c2e39c-f250-4419-bcb4-3eff4bb6f553 44dfa938257a4b77b35bd0732e3f3165 a0180635811d450a8adc8b1d16062475 - - default default] 10.0.0.209 "POST /v2.0/vpn/ipsec-site-connections HTTP/1.1" status: 201 len: 1004 time: 0.8133357
2026-07-02 16:34:45.262 10 WARNING neutron_lib.context [None req-25f0315d-ad25-4f1b-a0b3-8d8285802329 295bc0162178499ba61e6ea66262eb0d 33cd6abcad934c83930c55222e7db7d4 - - default default] Method 'is_advsvc' is deprecated since 2023.2 release (neutron-lib 3.8.0) and will be removed once support for the old RBAC API policies will be removed from Neutron. Please use method 'is_service_role' instead.
2026-07-02 16:34:45.422 10 INFO neutron.db.ovn_revision_numbers_db [None req-25f0315d-ad25-4f1b-a0b3-8d8285802329 295bc0162178499ba61e6ea66262eb0d 33cd6abcad934c83930c55222e7db7d4 - - default default] Successfully bumped revision number for resource ad3beb1d-5442-48e9-91c3-ea8f6a81f9c9 (type: security_groups) to 1
2026-07-02 16:34:45.436 10 INFO neutron.db.ovn_revision_numbers_db [None req-25f0315d-ad25-4f1b-a0b3-8d8285802329 295bc0162178499ba61e6ea66262eb0d 33cd6abcad934c83930c55222e7db7d4 - - default default] Successfully bumped revision number for resource 2f3094d7-c9d4-45bc-8dd1-723d6bab26e0 (type: security_group_rules) to 0
2026-07-02 16:34:45.455 10 INFO neutron.db.ovn_revision_numbers_db [None req-25f0315d-ad25-4f1b-a0b3-8d8285802329 295bc0162178499ba61e6ea66262eb0d 33cd6abcad934c83930c55222e7db7d4 - - default default] Successfully bumped revision number for resource 8fff47ec-8f6f-4c26-b6d7-4a6c76672291 (type: security_group_rules) to 0
2026-07-02 16:34:45.471 10 INFO neutron.db.ovn_revision_numbers_db [None req-25f0315d-ad25-4f1b-a0b3-8d8285802329 295bc0162178499ba61e6ea66262eb0d 33cd6abcad934c83930c55222e7db7d4 - - default default] Successfully bumped revision number for resource a357c048-249d-4a00-a0bf-134542bf578b (type: security_group_rules) to 0
2026-07-02 16:34:45.483 10 INFO neutron.db.ovn_revision_numbers_db [None req-25f0315d-ad25-4f1b-a0b3-8d8285802329 295bc0162178499ba61e6ea66262eb0d 33cd6abcad934c83930c55222e7db7d4 - - default default] Successfully bumped revision number for resource cb57bb11-23d9-4e55-8289-fc56b4ef13c6 (type: security_group_rules) to 0
2026-07-02 16:34:45.528 10 INFO neutron.db.segments_db [None req-25f0315d-ad25-4f1b-a0b3-8d8285802329 295bc0162178499ba61e6ea66262eb0d 33cd6abcad934c83930c55222e7db7d4 - - default default] Added segment 171d4fa2-0a1a-4b7a-8043-5c7cc8dd178f of type geneve for network b3832bbb-48fe-4f5b-b0ff-2acd0b30362b
2026-07-02 16:34:45.727 10 INFO neutron.db.ovn_revision_numbers_db [None req-25f0315d-ad25-4f1b-a0b3-8d8285802329 295bc0162178499ba61e6ea66262eb0d 33cd6abcad934c83930c55222e7db7d4 - - default default] Successfully bumped revision number for resource b3832bbb-48fe-4f5b-b0ff-2acd0b30362b (type: networks) to 1
2026-07-02 16:34:45.872 9 INFO neutron.db.ovn_revision_numbers_db [None req-4a94a604-91aa-49ac-981a-9d1ce4124aab 44dfa938257a4b77b35bd0732e3f3165 a0180635811d450a8adc8b1d16062475 - - default default] Successfully bumped revision number for resource 9b1d299f-9815-4f89-9db7-fca7931c614e (type: routers) to 9
2026-07-02 16:34:45.912 9 INFO neutron.wsgi [None req-4a94a604-91aa-49ac-981a-9d1ce4124aab 44dfa938257a4b77b35bd0732e3f3165 a0180635811d450a8adc8b1d16062475 - - default default] 10.0.0.209 "DELETE /v2.0/vpn/ipsec-site-connections/b0cb4076-a9c9-48fc-8923-ecd224eb8eaa HTTP/1.1" status: 204 len: 168 time: 0.7203722
2026-07-02 16:34:45.934 9 INFO neutron.wsgi [None req-48eb7c3d-3149-4752-8cc1-faf4464e5a23 44dfa938257a4b77b35bd0732e3f3165 a0180635811d450a8adc8b1d16062475 - - default default] 10.0.0.209 "GET /v2.0/vpn/ipsec-site-connections HTTP/1.1" status: 200 len: 990 time: 0.0150237
2026-07-02 16:34:45.947 9 INFO neutron.api.v2.resource [None req-99650528-cf52-4d5f-963e-bb269a74a917 44dfa938257a4b77b35bd0732e3f3165 a0180635811d450a8adc8b1d16062475 - - default default] delete failed (client error): The resource could not be found.
2026-07-02 16:34:45.948 9 INFO neutron.wsgi [None req-99650528-cf52-4d5f-963e-bb269a74a917 44dfa938257a4b77b35bd0732e3f3165 a0180635811d450a8adc8b1d16062475 - - default default] 10.0.0.209 "DELETE /v2.0/vpn/ipsec-site-connections/b0cb4076-a9c9-48fc-8923-ecd224eb8eaa HTTP/1.1" status: 404 len: 355 time: 0.0093439
2026-07-02 16:34:45.959 9 WARNING neutron_lib.context [None req-867f3b80-e2a1-48be-8b51-0041ea88beb4 44dfa938257a4b77b35bd0732e3f3165 a0180635811d450a8adc8b1d16062475 - - default default] Method 'is_advsvc' is deprecated since 2023.2 release (neutron-lib 3.8.0) and will be removed once support for the old RBAC API policies will be removed from Neutron. Please use method 'is_service_role' instead.
2026-07-02 16:34:45.999 9 INFO neutron.wsgi [None req-867f3b80-e2a1-48be-8b51-0041ea88beb4 44dfa938257a4b77b35bd0732e3f3165 a0180635811d450a8adc8b1d16062475 - - default default] 10.0.0.209 "POST /v2.0/vpn/endpoint-groups HTTP/1.1" status: 201 len: 488 time: 0.0456851
2026-07-02 16:34:46.021 9 INFO neutron.wsgi [None req-3bcad969-6684-447b-a32b-9cce8e968290 44dfa938257a4b77b35bd0732e3f3165 a0180635811d450a8adc8b1d16062475 - - default default] 10.0.0.209 "PUT /v2.0/vpn/endpoint-groups/d91af70e-0bf9-4068-8a47-a525a9edbcae HTTP/1.1" status: 200 len: 483 time: 0.0175469
2026-07-02 16:34:46.037 9 INFO neutron.wsgi [None req-bfa85c82-4751-4505-8192-1df2ecf7a8e0 44dfa938257a4b77b35bd0732e3f3165 a0180635811d450a8adc8b1d16062475 - - default default] 10.0.0.209 "GET /v2.0/vpn/endpoint-groups/d91af70e-0bf9-4068-8a47-a525a9edbcae HTTP/1.1" status: 200 len: 483 time: 0.0106115
2026-07-02 16:34:46.069 9 INFO neutron.wsgi [None req-b63ac2ff-f183-4137-a1c8-de237f5b3977 44dfa938257a4b77b35bd0732e3f3165 a0180635811d450a8adc8b1d16062475 - - default default] 10.0.0.209 "DELETE /v2.0/vpn/endpoint-groups/d91af70e-0bf9-4068-8a47-a525a9edbcae HTTP/1.1" status: 204 len: 168 time: 0.0267804
2026-07-02 16:34:46.088 9 INFO neutron.wsgi [None req-c9757205-d15e-49f6-8244-d397e2531cdf 44dfa938257a4b77b35bd0732e3f3165 a0180635811d450a8adc8b1d16062475 - - default default] 10.0.0.209 "GET /v2.0/vpn/endpoint-groups HTTP/1.1" status: 200 len: 827 time: 0.0152040
2026-07-02 16:34:46.103 9 INFO neutron.wsgi [None req-29cba539-57a1-4cc8-865f-3398c2ef2e19 44dfa938257a4b77b35bd0732e3f3165 a0180635811d450a8adc8b1d16062475 - - default default] 10.0.0.209 "GET /v2.0/vpn/endpoint-groups HTTP/1.1" status: 200 len: 827 time: 0.0099044
2026-07-02 16:34:46.115 9 WARNING neutron_lib.context [None req-7b95f6a7-1ddb-4b78-bbcc-ed95bd05b94a 44dfa938257a4b77b35bd0732e3f3165 a0180635811d450a8adc8b1d16062475 - - default default] Method 'is_advsvc' is deprecated since 2023.2 release (neutron-lib 3.8.0) and will be removed once support for the old RBAC API policies will be removed from Neutron. Please use method 'is_service_role' instead.
2026-07-02 16:34:46.155 9 INFO neutron.wsgi [None req-7b95f6a7-1ddb-4b78-bbcc-ed95bd05b94a 44dfa938257a4b77b35bd0732e3f3165 a0180635811d450a8adc8b1d16062475 - - default default] 10.0.0.209 "POST /v2.0/vpn/ikepolicies HTTP/1.1" status: 201 len: 602 time: 0.0451899
2026-07-02 16:34:46.197 9 INFO neutron.wsgi [None req-3374d12f-1f45-41f7-842c-883edc55be11 44dfa938257a4b77b35bd0732e3f3165 a0180635811d450a8adc8b1d16062475 - - default default] 10.0.0.209 "PUT /v2.0/vpn/ikepolicies/a041188c-afa8-463d-91ec-45e9ec7ab618 HTTP/1.1" status: 200 len: 613 time: 0.0367520
2026-07-02 16:34:46.214 9 INFO neutron.wsgi [None req-24f417d5-0f2a-47c8-a1fd-9a367c0548e8 44dfa938257a4b77b35bd0732e3f3165 a0180635811d450a8adc8b1d16062475 - - default default] 10.0.0.209 "GET /v2.0/vpn/ikepolicies/a041188c-afa8-463d-91ec-45e9ec7ab618 HTTP/1.1" status: 200 len: 613 time: 0.0111709
2026-07-02 16:34:46.247 9 INFO neutron.wsgi [None req-badc0ad1-947b-4b73-91cd-ddf75c58f326 44dfa938257a4b77b35bd0732e3f3165 a0180635811d450a8adc8b1d16062475 - - default default] 10.0.0.209 "DELETE /v2.0/vpn/ikepolicies/a041188c-afa8-463d-91ec-45e9ec7ab618 HTTP/1.1" status: 204 len: 168 time: 0.0268760
