2026-07-02 16:30:33.176 9 INFO neutron.plugins.ml2.drivers.ovn.mech_driver.ovsdb.ovsdb_monitor [None req-f76cd956-1b30-4d7b-8de2-d65193345a98 - - - - - -] Router c5e3fb9e-ca12-4054-93f2-99135b7149b6 is bound to host instance
2026-07-02 16:30:33.193 10 INFO neutron.db.ovn_revision_numbers_db [None req-8608a2c5-3c20-43f0-9f21-471043238997 e217a29ff76048a09ef16d00846d9818 cf86fbaec5b94084b1a310024bfed582 - - default default] Successfully bumped revision number for resource c71af94f-a4f0-4dcb-8608-e8cf853c388f (type: ports) to 1
2026-07-02 16:30:33.290 10 INFO neutron.db.ovn_revision_numbers_db [None req-fd4df701-26b0-41c5-b609-9382b83bb7e4 - - - - - -] Successfully bumped revision number for resource 468f185e-097f-49d8-9b2a-84512754a976 (type: ports) to 2
2026-07-02 16:30:33.775 10 ERROR ovsdbapp.backend.ovs_idl.command [None req-fd4df701-26b0-41c5-b609-9382b83bb7e4 - - - - - -] Error executing command (DbGetCommand): ovsdbapp.backend.ovs_idl.idlutils.RowNotFound: Cannot find Logical_Router_Port with name=lrp-468f185e-097f-49d8-9b2a-84512754a976
2026-07-02 16:30:33.775 10 ERROR ovsdbapp.backend.ovs_idl.command
Traceback (most recent call last):
2026-07-02 16:30:33.775 10 ERROR ovsdbapp.backend.ovs_idl.command
File "/var/lib/openstack/lib/python3.10/site-packages/ovsdbapp/backend/ovs_idl/command.py", line 47, in execute
2026-07-02 16:30:33.775 10 ERROR ovsdbapp.backend.ovs_idl.command self.run_idl(None)
2026-07-02 16:30:33.775 10 ERROR ovsdbapp.backend.ovs_idl.command
File "/var/lib/openstack/lib/python3.10/site-packages/ovsdbapp/backend/ovs_idl/command.py", line 235, in run_idl
2026-07-02 16:30:33.775 10 ERROR ovsdbapp.backend.ovs_idl.command record = self.api.lookup(self.table, self.record)
2026-07-02 16:30:33.775 10 ERROR ovsdbapp.backend.ovs_idl.command
File "/var/lib/openstack/lib/python3.10/site-packages/ovsdbapp/backend/ovs_idl/__init__.py", line 184, in lookup
2026-07-02 16:30:33.775 10 ERROR ovsdbapp.backend.ovs_idl.command return self._lookup(table, record)
2026-07-02 16:30:33.775 10 ERROR ovsdbapp.backend.ovs_idl.command
File "/var/lib/openstack/lib/python3.10/site-packages/ovsdbapp/backend/ovs_idl/__init__.py", line 235, in _lookup
2026-07-02 16:30:33.775 10 ERROR ovsdbapp.backend.ovs_idl.command row = idlutils.row_by_value(self, rl.table, rl.column, record)
2026-07-02 16:30:33.775 10 ERROR ovsdbapp.backend.ovs_idl.command
File "/var/lib/openstack/lib/python3.10/site-packages/ovsdbapp/backend/ovs_idl/idlutils.py", line 114, in row_by_value
2026-07-02 16:30:33.775 10 ERROR ovsdbapp.backend.ovs_idl.command raise RowNotFound(table=table, col=column, match=match)
2026-07-02 16:30:33.775 10 ERROR ovsdbapp.backend.ovs_idl.command ovsdbapp.backend.ovs_idl.idlutils.RowNotFound: Cannot find Logical_Router_Port with name=lrp-468f185e-097f-49d8-9b2a-84512754a976
2026-07-02 16:30:33.775 10 ERROR ovsdbapp.backend.ovs_idl.command 
2026-07-02 16:30:33.776 10 ERROR neutron_lib.callbacks.manager [None req-fd4df701-26b0-41c5-b609-9382b83bb7e4 - - - - - -] Error during notification for neutron.services.ovn_l3.plugin.OVNL3RouterPlugin._port_update-8767034085067 port, after_update: ovsdbapp.backend.ovs_idl.idlutils.RowNotFound: Cannot find Logical_Router_Port with name=lrp-468f185e-097f-49d8-9b2a-84512754a976
2026-07-02 16:30:33.776 10 ERROR neutron_lib.callbacks.manager
Traceback (most recent call last):
2026-07-02 16:30:33.776 10 ERROR neutron_lib.callbacks.manager
File "/var/lib/openstack/lib/python3.10/site-packages/neutron_lib/callbacks/manager.py", line 189, in _notify_loop
2026-07-02 16:30:33.776 10 ERROR neutron_lib.callbacks.manager callback.method(resource, event, trigger, payload=payload)
2026-07-02 16:30:33.776 10 ERROR neutron_lib.callbacks.manager
File "/var/lib/openstack/lib/python3.10/site-packages/neutron/services/ovn_l3/plugin.py", line 391, in _port_update
2026-07-02 16:30:33.776 10 ERROR neutron_lib.callbacks.manager l3plugin._ovn_client.update_router_port(context,
2026-07-02 16:30:33.776 10 ERROR neutron_lib.callbacks.manager
File "/var/lib/openstack/lib/python3.10/site-packages/neutron/plugins/ml2/drivers/ovn/mech_driver/ovsdb/ovn_client.py", line 1878, in update_router_port
2026-07-02 16:30:33.776 10 ERROR neutron_lib.callbacks.manager self._update_lrouter_port(context, port, if_exists=if_exists,
2026-07-02 16:30:33.776 10 ERROR neutron_lib.callbacks.manager
File "/var/lib/openstack/lib/python3.10/site-packages/neutron/plugins/ml2/drivers/ovn/mech_driver/ovsdb/ovn_client.py", line 1855, in _update_lrouter_port
2026-07-02 16:30:33.776 10 ERROR neutron_lib.callbacks.manager external_ids = self._nb_idl.db_get(
2026-07-02 16:30:33.776 10 ERROR neutron_lib.callbacks.manager
File "/var/lib/openstack/lib/python3.10/site-packages/ovsdbapp/backend/ovs_idl/command.py", line 47, in execute
2026-07-02 16:30:33.776 10 ERROR neutron_lib.callbacks.manager self.run_idl(None)
2026-07-02 16:30:33.776 10 ERROR neutron_lib.callbacks.manager
File "/var/lib/openstack/lib/python3.10/site-packages/ovsdbapp/backend/ovs_idl/command.py", line 235, in run_idl
2026-07-02 16:30:33.776 10 ERROR neutron_lib.callbacks.manager record = self.api.lookup(self.table, self.record)
2026-07-02 16:30:33.776 10 ERROR neutron_lib.callbacks.manager
File "/var/lib/openstack/lib/python3.10/site-packages/ovsdbapp/backend/ovs_idl/__init__.py", line 184, in lookup
2026-07-02 16:30:33.776 10 ERROR neutron_lib.callbacks.manager return self._lookup(table, record)
2026-07-02 16:30:33.776 10 ERROR neutron_lib.callbacks.manager
File "/var/lib/openstack/lib/python3.10/site-packages/ovsdbapp/backend/ovs_idl/__init__.py", line 235, in _lookup
2026-07-02 16:30:33.776 10 ERROR neutron_lib.callbacks.manager row = idlutils.row_by_value(self, rl.table, rl.column, record)
2026-07-02 16:30:33.776 10 ERROR neutron_lib.callbacks.manager
File "/var/lib/openstack/lib/python3.10/site-packages/ovsdbapp/backend/ovs_idl/idlutils.py", line 114, in row_by_value
2026-07-02 16:30:33.776 10 ERROR neutron_lib.callbacks.manager raise RowNotFound(table=table, col=column, match=match)
2026-07-02 16:30:33.776 10 ERROR neutron_lib.callbacks.manager ovsdbapp.backend.ovs_idl.idlutils.RowNotFound: Cannot find Logical_Router_Port with name=lrp-468f185e-097f-49d8-9b2a-84512754a976
2026-07-02 16:30:33.776 10 ERROR neutron_lib.callbacks.manager 
2026-07-02 16:30:33.952 10 ERROR ovsdbapp.backend.ovs_idl.command [None req-ad80ab8a-ea98-4dca-9f68-e99c1813ec94 e217a29ff76048a09ef16d00846d9818 cf86fbaec5b94084b1a310024bfed582 - - default default] Error executing command (DbGetCommand): ovsdbapp.backend.ovs_idl.idlutils.RowNotFound: Cannot find Logical_Router_Port with name=lrp-8466c6b2-8f2e-4ec0-b769-eeed7afcb9b0
2026-07-02 16:30:33.952 10 ERROR ovsdbapp.backend.ovs_idl.command
Traceback (most recent call last):
2026-07-02 16:30:33.952 10 ERROR ovsdbapp.backend.ovs_idl.command
File "/var/lib/openstack/lib/python3.10/site-packages/ovsdbapp/backend/ovs_idl/command.py", line 47, in execute
2026-07-02 16:30:33.952 10 ERROR ovsdbapp.backend.ovs_idl.command self.run_idl(None)
2026-07-02 16:30:33.952 10 ERROR ovsdbapp.backend.ovs_idl.command
File "/var/lib/openstack/lib/python3.10/site-packages/ovsdbapp/backend/ovs_idl/command.py", line 235, in run_idl
2026-07-02 16:30:33.952 10 ERROR ovsdbapp.backend.ovs_idl.command record = self.api.lookup(self.table, self.record)
2026-07-02 16:30:33.952 10 ERROR ovsdbapp.backend.ovs_idl.command
File "/var/lib/openstack/lib/python3.10/site-packages/ovsdbapp/backend/ovs_idl/__init__.py", line 184, in lookup
2026-07-02 16:30:33.952 10 ERROR ovsdbapp.backend.ovs_idl.command return self._lookup(table, record)
2026-07-02 16:30:33.952 10 ERROR ovsdbapp.backend.ovs_idl.command
File "/var/lib/openstack/lib/python3.10/site-packages/ovsdbapp/backend/ovs_idl/__init__.py", line 235, in _lookup
2026-07-02 16:30:33.952 10 ERROR ovsdbapp.backend.ovs_idl.command row = idlutils.row_by_value(self, rl.table, rl.column, record)
2026-07-02 16:30:33.952 10 ERROR ovsdbapp.backend.ovs_idl.command
File "/var/lib/openstack/lib/python3.10/site-packages/ovsdbapp/backend/ovs_idl/idlutils.py", line 114, in row_by_value
2026-07-02 16:30:33.952 10 ERROR ovsdbapp.backend.ovs_idl.command raise RowNotFound(table=table, col=column, match=match)
2026-07-02 16:30:33.952 10 ERROR ovsdbapp.backend.ovs_idl.command ovsdbapp.backend.ovs_idl.idlutils.RowNotFound: Cannot find Logical_Router_Port with name=lrp-8466c6b2-8f2e-4ec0-b769-eeed7afcb9b0
2026-07-02 16:30:33.952 10 ERROR ovsdbapp.backend.ovs_idl.command 
2026-07-02 16:30:33.952 10 ERROR neutron_lib.callbacks.manager [None req-ad80ab8a-ea98-4dca-9f68-e99c1813ec94 e217a29ff76048a09ef16d00846d9818 cf86fbaec5b94084b1a310024bfed582 - - default default] Error during notification for neutron.services.ovn_l3.plugin.OVNL3RouterPlugin._port_update-8767034085067 port, after_update: ovsdbapp.backend.ovs_idl.idlutils.RowNotFound: Cannot find Logical_Router_Port with name=lrp-8466c6b2-8f2e-4ec0-b769-eeed7afcb9b0
2026-07-02 16:30:33.952 10 ERROR neutron_lib.callbacks.manager
Traceback (most recent call last):
2026-07-02 16:30:33.952 10 ERROR neutron_lib.callbacks.manager
File "/var/lib/openstack/lib/python3.10/site-packages/neutron_lib/callbacks/manager.py", line 189, in _notify_loop
2026-07-02 16:30:33.952 10 ERROR neutron_lib.callbacks.manager callback.method(resource, event, trigger, payload=payload)
2026-07-02 16:30:33.952 10 ERROR neutron_lib.callbacks.manager
File "/var/lib/openstack/lib/python3.10/site-packages/neutron/services/ovn_l3/plugin.py", line 391, in _port_update
2026-07-02 16:30:33.952 10 ERROR neutron_lib.callbacks.manager l3plugin._ovn_client.update_router_port(context,
2026-07-02 16:30:33.952 10 ERROR neutron_lib.callbacks.manager
File "/var/lib/openstack/lib/python3.10/site-packages/neutron/plugins/ml2/drivers/ovn/mech_driver/ovsdb/ovn_client.py", line 1878, in update_router_port
2026-07-02 16:30:33.952 10 ERROR neutron_lib.callbacks.manager self._update_lrouter_port(context, port, if_exists=if_exists,
2026-07-02 16:30:33.952 10 ERROR neutron_lib.callbacks.manager
File "/var/lib/openstack/lib/python3.10/site-packages/neutron/plugins/ml2/drivers/ovn/mech_driver/ovsdb/ovn_client.py", line 1855, in _update_lrouter_port
2026-07-02 16:30:33.952 10 ERROR neutron_lib.callbacks.manager external_ids = self._nb_idl.db_get(
2026-07-02 16:30:33.952 10 ERROR neutron_lib.callbacks.manager
File "/var/lib/openstack/lib/python3.10/site-packages/ovsdbapp/backend/ovs_idl/command.py", line 47, in execute
2026-07-02 16:30:33.952 10 ERROR neutron_lib.callbacks.manager self.run_idl(None)
2026-07-02 16:30:33.952 10 ERROR neutron_lib.callbacks.manager
File "/var/lib/openstack/lib/python3.10/site-packages/ovsdbapp/backend/ovs_idl/command.py", line 235, in run_idl
2026-07-02 16:30:33.952 10 ERROR neutron_lib.callbacks.manager record = self.api.lookup(self.table, self.record)
2026-07-02 16:30:33.952 10 ERROR neutron_lib.callbacks.manager
File "/var/lib/openstack/lib/python3.10/site-packages/ovsdbapp/backend/ovs_idl/__init__.py", line 184, in lookup
2026-07-02 16:30:33.952 10 ERROR neutron_lib.callbacks.manager return self._lookup(table, record)
2026-07-02 16:30:33.952 10 ERROR neutron_lib.callbacks.manager
File "/var/lib/openstack/lib/python3.10/site-packages/ovsdbapp/backend/ovs_idl/__init__.py", line 235, in _lookup
2026-07-02 16:30:33.952 10 ERROR neutron_lib.callbacks.manager row = idlutils.row_by_value(self, rl.table, rl.column, record)
2026-07-02 16:30:33.952 10 ERROR neutron_lib.callbacks.manager
File "/var/lib/openstack/lib/python3.10/site-packages/ovsdbapp/backend/ovs_idl/idlutils.py", line 114, in row_by_value
2026-07-02 16:30:33.952 10 ERROR neutron_lib.callbacks.manager raise RowNotFound(table=table, col=column, match=match)
2026-07-02 16:30:33.952 10 ERROR neutron_lib.callbacks.manager ovsdbapp.backend.ovs_idl.idlutils.RowNotFound: Cannot find Logical_Router_Port with name=lrp-8466c6b2-8f2e-4ec0-b769-eeed7afcb9b0
2026-07-02 16:30:33.952 10 ERROR neutron_lib.callbacks.manager 
2026-07-02 16:30:34.272 9 INFO neutron.db.ovn_revision_numbers_db [None req-f76cd956-1b30-4d7b-8de2-d65193345a98 - - - - - -] Successfully bumped revision number for resource 83fd3cdb-6741-4b08-858f-1018b18fab05 (type: ports) to 1
2026-07-02 16:30:34.280 9 INFO neutron.db.ovn_revision_numbers_db [None req-86f529bb-caad-4037-90a1-76c0ff0274de e217a29ff76048a09ef16d00846d9818 cf86fbaec5b94084b1a310024bfed582 - - default default] Successfully bumped revision number for resource 6b00a59c-aec8-4439-9fb8-96002f23c41c (type: router_ports) to 1
2026-07-02 16:30:34.286 9 INFO neutron.wsgi [None req-86f529bb-caad-4037-90a1-76c0ff0274de e217a29ff76048a09ef16d00846d9818 cf86fbaec5b94084b1a310024bfed582 - - default default] 10.0.0.209 "PUT /v2.0/routers/c98c6f7f-3451-4035-9466-4bd5bf74932d/add_router_interface HTTP/1.1" status: 200 len: 503 time: 3.5314286
2026-07-02 16:30:34.457 10 INFO neutron.db.ovn_revision_numbers_db [None req-ad80ab8a-ea98-4dca-9f68-e99c1813ec94 e217a29ff76048a09ef16d00846d9818 cf86fbaec5b94084b1a310024bfed582 - - default default] Successfully bumped revision number for resource 8466c6b2-8f2e-4ec0-b769-eeed7afcb9b0 (type: ports) to 1
2026-07-02 16:30:34.491 10 INFO neutron.db.ovn_revision_numbers_db [None req-e67ddff9-4bdf-421d-8083-9d356ce80eb7 e217a29ff76048a09ef16d00846d9818 cf86fbaec5b94084b1a310024bfed582 - - default default] Successfully bumped revision number for resource 468f185e-097f-49d8-9b2a-84512754a976 (type: router_ports) to 1
2026-07-02 16:30:34.497 10 INFO neutron.wsgi [None req-e67ddff9-4bdf-421d-8083-9d356ce80eb7 e217a29ff76048a09ef16d00846d9818 cf86fbaec5b94084b1a310024bfed582 - - default default] 10.0.0.209 "PUT /v2.0/routers/e9a9e956-e3f8-4546-87f6-1547378e5f8e/add_router_interface HTTP/1.1" status: 200 len: 503 time: 4.9836287
2026-07-02 16:30:34.585 10 WARNING neutron.scheduler.dhcp_agent_scheduler [None req-ad80ab8a-ea98-4dca-9f68-e99c1813ec94 e217a29ff76048a09ef16d00846d9818 cf86fbaec5b94084b1a310024bfed582 - - default default] No more DHCP agents
2026-07-02 16:30:34.588 10 WARNING neutron.api.rpc.agentnotifiers.dhcp_rpc_agent_api [None req-ad80ab8a-ea98-4dca-9f68-e99c1813ec94 e217a29ff76048a09ef16d00846d9818 cf86fbaec5b94084b1a310024bfed582 - - default default] Unable to schedule network aeb447b9-5c41-49ed-b5d0-36fc70169f24: no agents available; will retry on subsequent port and subnet creation events.
2026-07-02 16:30:34.751 10 INFO neutron.plugins.ml2.drivers.ovn.mech_driver.ovsdb.commands [None req-46424031-5920-4590-88dc-b384d8e701a7 - - - - - -] Schedule LRP lrp-c71af94f-a4f0-4dcb-8608-e8cf853c388f on gateway a4138440-a3b5-4179-b9ae-deba0554e787 with priority 1
2026-07-02 16:30:34.783 10 INFO neutron.plugins.ml2.drivers.ovn.mech_driver.ovsdb.ovsdb_monitor [-] Router 48bf7aed-33ad-43b4-ac3a-c7e5338ba444 is bound to host instance
2026-07-02 16:30:34.841 10 INFO neutron.db.ovn_revision_numbers_db [None req-8608a2c5-3c20-43f0-9f21-471043238997 e217a29ff76048a09ef16d00846d9818 cf86fbaec5b94084b1a310024bfed582 - - default default] Successfully bumped revision number for resource c71af94f-a4f0-4dcb-8608-e8cf853c388f (type: router_ports) to 1
2026-07-02 16:30:34.845 9 INFO neutron.db.ovn_revision_numbers_db [None req-f76cd956-1b30-4d7b-8de2-d65193345a98 - - - - - -] Successfully bumped revision number for resource 83fd3cdb-6741-4b08-858f-1018b18fab05 (type: router_ports) to 3
2026-07-02 16:30:34.902 9 WARNING neutron_lib.context [None req-d59bd9ef-6fa7-420f-a82b-1b9de5ec5127 ff327286826e4355a0c8d4379741e511 90d4a19dae854a459a9772339b8201c9 - - default default] Method 'is_advsvc' is deprecated since 2023.2 release (neutron-lib 3.8.0) and will be removed once support for the old RBAC API policies will be removed from Neutron. Please use method 'is_service_role' instead.
2026-07-02 16:30:34.979 10 INFO neutron.db.ovn_revision_numbers_db [None req-8608a2c5-3c20-43f0-9f21-471043238997 e217a29ff76048a09ef16d00846d9818 cf86fbaec5b94084b1a310024bfed582 - - default default] Successfully bumped revision number for resource 48bf7aed-33ad-43b4-ac3a-c7e5338ba444 (type: routers) to 2
2026-07-02 16:30:35.015 10 INFO neutron.wsgi [None req-8608a2c5-3c20-43f0-9f21-471043238997 e217a29ff76048a09ef16d00846d9818 cf86fbaec5b94084b1a310024bfed582 - - default default] 10.0.0.209 "POST /v2.0/routers HTTP/1.1" status: 201 len: 1167 time: 3.5190458
2026-07-02 16:30:35.133 9 INFO neutron.db.ovn_revision_numbers_db [None req-f76cd956-1b30-4d7b-8de2-d65193345a98 - - - - - -] Successfully bumped revision number for resource 83fd3cdb-6741-4b08-858f-1018b18fab05 (type: ports) to 2
2026-07-02 16:30:35.166 9 INFO neutron.db.ovn_revision_numbers_db [None req-d59bd9ef-6fa7-420f-a82b-1b9de5ec5127 ff327286826e4355a0c8d4379741e511 90d4a19dae854a459a9772339b8201c9 - - default default] Successfully bumped revision number for resource 2466c1d4-2333-499c-833b-c79c3b7e2708 (type: security_groups) to 1
2026-07-02 16:30:35.186 9 INFO neutron.db.ovn_revision_numbers_db [None req-d59bd9ef-6fa7-420f-a82b-1b9de5ec5127 ff327286826e4355a0c8d4379741e511 90d4a19dae854a459a9772339b8201c9 - - default default] Successfully bumped revision number for resource 1cbee34b-41b9-41dc-b912-3dbfaaf1d2f8 (type: security_group_rules) to 0
2026-07-02 16:30:35.230 9 INFO neutron.db.ovn_revision_numbers_db [None req-d59bd9ef-6fa7-420f-a82b-1b9de5ec5127 ff327286826e4355a0c8d4379741e511 90d4a19dae854a459a9772339b8201c9 - - default default] Successfully bumped revision number for resource eae89f1b-f00f-4c0b-8709-90bab4514a23 (type: security_group_rules) to 0
2026-07-02 16:30:35.261 9 INFO neutron.wsgi [None req-d59bd9ef-6fa7-420f-a82b-1b9de5ec5127 ff327286826e4355a0c8d4379741e511 90d4a19dae854a459a9772339b8201c9 - - default default] 10.0.0.209 "POST /v2.0/security-groups HTTP/1.1" status: 201 len: 1859 time: 0.3635602
2026-07-02 16:30:35.278 9 WARNING neutron_lib.context [None req-4aef914a-261c-4a77-bb4d-6e81fcc14823 ff327286826e4355a0c8d4379741e511 90d4a19dae854a459a9772339b8201c9 - - default default] Method 'is_advsvc' is deprecated since 2023.2 release (neutron-lib 3.8.0) and will be removed once support for the old RBAC API policies will be removed from Neutron. Please use method 'is_service_role' instead.
2026-07-02 16:30:35.425 10 WARNING neutron_lib.context [req-e90fa7c5-6895-4594-8fe1-83b868f5a5d3 req-8c1b01eb-b5e3-4848-908d-164be1ebae89 445bdf8c815144838d0eb30a5c652f25 2cfa3fc25f04456f9e7d3af49fc28091 - - default default] Method 'is_advsvc' is deprecated since 2023.2 release (neutron-lib 3.8.0) and will be removed once support for the old RBAC API policies will be removed from Neutron. Please use method 'is_service_role' instead.
2026-07-02 16:30:35.590 9 INFO neutron.db.ovn_revision_numbers_db [None req-4aef914a-261c-4a77-bb4d-6e81fcc14823 ff327286826e4355a0c8d4379741e511 90d4a19dae854a459a9772339b8201c9 - - default default] Successfully bumped revision number for resource 3956945d-f64c-494e-bac2-8b79ec1b87a7 (type: security_group_rules) to 0
2026-07-02 16:30:35.636 9 INFO neutron.wsgi [None req-4aef914a-261c-4a77-bb4d-6e81fcc14823 ff327286826e4355a0c8d4379741e511 90d4a19dae854a459a9772339b8201c9 - - default default] 10.0.0.209 "POST /v2.0/security-group-rules HTTP/1.1" status: 201 len: 796 time: 0.3640075
2026-07-02 16:30:35.660 9 WARNING neutron_lib.context [None req-e6777248-a555-43d6-8bd7-3aa5d3625340 ff327286826e4355a0c8d4379741e511 90d4a19dae854a459a9772339b8201c9 - - default default] Method 'is_advsvc' is deprecated since 2023.2 release (neutron-lib 3.8.0) and will be removed once support for the old RBAC API policies will be removed from Neutron. Please use method 'is_service_role' instead.
2026-07-02 16:30:35.684 10 INFO neutron.db.ovn_revision_numbers_db [req-e90fa7c5-6895-4594-8fe1-83b868f5a5d3 req-8c1b01eb-b5e3-4848-908d-164be1ebae89 445bdf8c815144838d0eb30a5c652f25 2cfa3fc25f04456f9e7d3af49fc28091 - - default default] Successfully bumped revision number for resource b5cd17f3-e1ca-4ae1-879c-eedf94599cdc (type: security_groups) to 1
2026-07-02 16:30:35.712 10 INFO neutron.db.ovn_revision_numbers_db [req-e90fa7c5-6895-4594-8fe1-83b868f5a5d3 req-8c1b01eb-b5e3-4848-908d-164be1ebae89 445bdf8c815144838d0eb30a5c652f25 2cfa3fc25f04456f9e7d3af49fc28091 - - default default] Successfully bumped revision number for resource b55880e2-a383-4f64-9896-802ca515369a (type: security_group_rules) to 0
2026-07-02 16:30:35.731 10 INFO neutron.db.ovn_revision_numbers_db [req-e90fa7c5-6895-4594-8fe1-83b868f5a5d3 req-8c1b01eb-b5e3-4848-908d-164be1ebae89 445bdf8c815144838d0eb30a5c652f25 2cfa3fc25f04456f9e7d3af49fc28091 - - default default] Successfully bumped revision number for resource e5dc37bf-8720-45a2-9518-426b911c643b (type: security_group_rules) to 0
2026-07-02 16:30:35.767 10 INFO neutron.wsgi [req-e90fa7c5-6895-4594-8fe1-83b868f5a5d3 req-8c1b01eb-b5e3-4848-908d-164be1ebae89 445bdf8c815144838d0eb30a5c652f25 2cfa3fc25f04456f9e7d3af49fc28091 - - default default] 10.0.0.195 "POST /v2.0/security-groups HTTP/1.1" status: 201 len: 1886 time: 0.4147968
2026-07-02 16:30:35.864 9 INFO neutron.plugins.ml2.drivers.ovn.mech_driver.mech_driver [None req-b4215389-a97c-4fa5-bb99-8462611de824 - - - - - -] OVN reports status up for port: 1ef2a2d8-913b-4c2f-9da3-8abe09edbf41
2026-07-02 16:30:35.890 9 INFO neutron.plugins.ml2.plugin [None req-b4215389-a97c-4fa5-bb99-8462611de824 - - - - - -] Attempt 1 to provision port 1ef2a2d8-913b-4c2f-9da3-8abe09edbf41
2026-07-02 16:30:35.932 10 INFO neutron.db.ovn_revision_numbers_db [None req-ad80ab8a-ea98-4dca-9f68-e99c1813ec94 e217a29ff76048a09ef16d00846d9818 cf86fbaec5b94084b1a310024bfed582 - - default default] Successfully bumped revision number for resource 8466c6b2-8f2e-4ec0-b769-eeed7afcb9b0 (type: router_ports) to 1
2026-07-02 16:30:35.938 10 INFO neutron.wsgi [None req-ad80ab8a-ea98-4dca-9f68-e99c1813ec94 e217a29ff76048a09ef16d00846d9818 cf86fbaec5b94084b1a310024bfed582 - - default default] 10.0.0.209 "PUT /v2.0/routers/c5e3fb9e-ca12-4054-93f2-99135b7149b6/add_router_interface HTTP/1.1" status: 200 len: 503 time: 5.1834221
2026-07-02 16:30:35.951 10 INFO neutron.db.ovn_revision_numbers_db [None req-4a945acf-3f72-4808-a3b8-3b50a37eb598 - - - - - -] Successfully bumped revision number for resource c71af94f-a4f0-4dcb-8608-e8cf853c388f (type: ports) to 1
2026-07-02 16:30:36.008 9 INFO neutron.db.ovn_revision_numbers_db [None req-f76cd956-1b30-4d7b-8de2-d65193345a98 - - - - - -] Successfully bumped revision number for resource 83fd3cdb-6741-4b08-858f-1018b18fab05 (type: ports) to 4
2026-07-02 16:30:36.133 9 INFO neutron.db.ovn_revision_numbers_db [None req-e6777248-a555-43d6-8bd7-3aa5d3625340 ff327286826e4355a0c8d4379741e511 90d4a19dae854a459a9772339b8201c9 - - default default] Successfully bumped revision number for resource fee1c7a8-90ba-4b33-8880-501987fea7aa (type: security_group_rules) to 0
2026-07-02 16:30:36.150 9 WARNING neutron.scheduler.dhcp_agent_scheduler [None req-187c8cc5-2964-4f2e-8741-4cb8c513f785 e217a29ff76048a09ef16d00846d9818 cf86fbaec5b94084b1a310024bfed582 - - default default] No more DHCP agents
2026-07-02 16:30:36.154 10 WARNING neutron_lib.context [req-0e67806e-f27f-4ca3-b182-47539ecf30ea req-a605c97d-ace3-4d6c-b91b-09d85feadb7c 445bdf8c815144838d0eb30a5c652f25 2cfa3fc25f04456f9e7d3af49fc28091 - - default default] Method 'is_advsvc' is deprecated since 2023.2 release (neutron-lib 3.8.0) and will be removed once support for the old RBAC API policies will be removed from Neutron. Please use method 'is_service_role' instead.
2026-07-02 16:30:36.159 9 WARNING neutron.api.rpc.agentnotifiers.dhcp_rpc_agent_api [None req-187c8cc5-2964-4f2e-8741-4cb8c513f785 e217a29ff76048a09ef16d00846d9818 cf86fbaec5b94084b1a310024bfed582 - - default default] Unable to schedule network 0d1403bc-76e2-4c14-82b7-ebcf34cf92d6: no agents available; will retry on subsequent port and subnet creation events.
2026-07-02 16:30:36.195 9 INFO neutron.wsgi [None req-e6777248-a555-43d6-8bd7-3aa5d3625340 ff327286826e4355a0c8d4379741e511 90d4a19dae854a459a9772339b8201c9 - - default default] 10.0.0.209 "POST /v2.0/security-group-rules HTTP/1.1" status: 201 len: 801 time: 0.5514104
2026-07-02 16:30:36.212 9 WARNING neutron_lib.context [None req-c007a27b-010c-41cc-8342-03f9b034a94e ff327286826e4355a0c8d4379741e511 90d4a19dae854a459a9772339b8201c9 - - default default] Method 'is_advsvc' is deprecated since 2023.2 release (neutron-lib 3.8.0) and will be removed once support for the old RBAC API policies will be removed from Neutron. Please use method 'is_service_role' instead.
2026-07-02 16:30:36.364 10 WARNING neutron_lib.context [req-19b860ef-84c2-4561-8721-d2c282235262 req-c9a04cd7-f700-4076-905d-f9e86b50ac1d 357ea4d1cb1449fb94bfd5b28b69a39e 8ddf7fb9e7df4b2da6e3b21a0ae2f5b6 - - default default] Method 'is_advsvc' is deprecated since 2023.2 release (neutron-lib 3.8.0) and will be removed once support for the old RBAC API policies will be removed from Neutron. Please use method 'is_service_role' instead.
2026-07-02 16:30:36.464 10 INFO neutron.db.ovn_revision_numbers_db [None req-4a945acf-3f72-4808-a3b8-3b50a37eb598 - - - - - -] Successfully bumped revision number for resource c71af94f-a4f0-4dcb-8608-e8cf853c388f (type: router_ports) to 3
2026-07-02 16:30:36.495 10 INFO neutron.db.ovn_revision_numbers_db [req-0e67806e-f27f-4ca3-b182-47539ecf30ea req-a605c97d-ace3-4d6c-b91b-09d85feadb7c 445bdf8c815144838d0eb30a5c652f25 2cfa3fc25f04456f9e7d3af49fc28091 - - default default] Successfully bumped revision number for resource db978209-488f-41cf-879e-fee112c4496d (type: security_groups) to 1
2026-07-02 16:30:36.522 10 INFO neutron.db.ovn_revision_numbers_db [req-0e67806e-f27f-4ca3-b182-47539ecf30ea req-a605c97d-ace3-4d6c-b91b-09d85feadb7c 445bdf8c815144838d0eb30a5c652f25 2cfa3fc25f04456f9e7d3af49fc28091 - - default default] Successfully bumped revision number for resource 5c9191cf-1b5b-4a3b-a8b2-197aca0ffac9 (type: security_group_rules) to 0
2026-07-02 16:30:36.537 9 INFO neutron.db.ovn_revision_numbers_db [None req-187c8cc5-2964-4f2e-8741-4cb8c513f785 e217a29ff76048a09ef16d00846d9818 cf86fbaec5b94084b1a310024bfed582 - - default default] Successfully bumped revision number for resource 891c8e2b-fa99-4ea2-aed9-eba5e0f50795 (type: ports) to 1
2026-07-02 16:30:36.552 10 INFO neutron.db.ovn_revision_numbers_db [req-0e67806e-f27f-4ca3-b182-47539ecf30ea req-a605c97d-ace3-4d6c-b91b-09d85feadb7c 445bdf8c815144838d0eb30a5c652f25 2cfa3fc25f04456f9e7d3af49fc28091 - - default default] Successfully bumped revision number for resource 777d659b-d7dd-4aa0-8f81-cef9e4592183 (type: security_group_rules) to 0
2026-07-02 16:30:36.592 10 INFO neutron.wsgi [req-0e67806e-f27f-4ca3-b182-47539ecf30ea req-a605c97d-ace3-4d6c-b91b-09d85feadb7c 445bdf8c815144838d0eb30a5c652f25 2cfa3fc25f04456f9e7d3af49fc28091 - - default default] 10.0.0.195 "POST /v2.0/security-groups HTTP/1.1" status: 201 len: 1887 time: 0.4781642
2026-07-02 16:30:36.605 10 INFO neutron.db.ovn_revision_numbers_db [req-19b860ef-84c2-4561-8721-d2c282235262 req-c9a04cd7-f700-4076-905d-f9e86b50ac1d 357ea4d1cb1449fb94bfd5b28b69a39e 8ddf7fb9e7df4b2da6e3b21a0ae2f5b6 - - default default] Successfully bumped revision number for resource fcb2e821-fcda-4239-9b5e-d493abf3e33e (type: security_groups) to 1
2026-07-02 16:30:36.612 9 INFO neutron.db.ovn_revision_numbers_db [None req-f76cd956-1b30-4d7b-8de2-d65193345a98 - - - - - -] Successfully bumped revision number for resource 83fd3cdb-6741-4b08-858f-1018b18fab05 (type: router_ports) to 4
2026-07-02 16:30:36.634 10 WARNING neutron_lib.context [req-fa58807e-393c-4692-857f-544de8d5ce5e req-f7d56a7e-9f60-4982-a401-bcf42f426ea3 445bdf8c815144838d0eb30a5c652f25 2cfa3fc25f04456f9e7d3af49fc28091 - - default default] Method 'is_advsvc' is deprecated since 2023.2 release (neutron-lib 3.8.0) and will be removed once support for the old RBAC API policies will be removed from Neutron. Please use method 'is_service_role' instead.
2026-07-02 16:30:36.637 10 INFO neutron.db.ovn_revision_numbers_db [req-19b860ef-84c2-4561-8721-d2c282235262 req-c9a04cd7-f700-4076-905d-f9e86b50ac1d 357ea4d1cb1449fb94bfd5b28b69a39e 8ddf7fb9e7df4b2da6e3b21a0ae2f5b6 - - default default] Successfully bumped revision number for resource 1c35288d-c05f-4daf-96b2-523f0c407f45 (type: security_group_rules) to 0
2026-07-02 16:30:36.653 9 INFO neutron.wsgi [-] 10.0.0.142 "GET / HTTP/1.1" status: 200 len: 247 time: 0.0012903
2026-07-02 16:30:36.655 9 INFO neutron.wsgi [-] 10.0.0.142 "GET / HTTP/1.1" status: 200 len: 247 time: 0.0011880
2026-07-02 16:30:36.663 10 INFO neutron.db.ovn_revision_numbers_db [req-19b860ef-84c2-4561-8721-d2c282235262 req-c9a04cd7-f700-4076-905d-f9e86b50ac1d 357ea4d1cb1449fb94bfd5b28b69a39e 8ddf7fb9e7df4b2da6e3b21a0ae2f5b6 - - default default] Successfully bumped revision number for resource f378a45e-2505-40ff-96f5-033a164403d6 (type: security_group_rules) to 0
2026-07-02 16:30:36.667 9 INFO neutron.plugins.ml2.drivers.ovn.mech_driver.ovsdb.ovsdb_monitor [None req-f76cd956-1b30-4d7b-8de2-d65193345a98 - - - - - -] Router c98c6f7f-3451-4035-9466-4bd5bf74932d is bound to host instance
2026-07-02 16:30:36.709 10 INFO neutron.wsgi [req-19b860ef-84c2-4561-8721-d2c282235262 req-c9a04cd7-f700-4076-905d-f9e86b50ac1d 357ea4d1cb1449fb94bfd5b28b69a39e 8ddf7fb9e7df4b2da6e3b21a0ae2f5b6 - - default default] 10.0.0.195 "POST /v2.0/security-groups HTTP/1.1" status: 201 len: 1889 time: 0.3515165
2026-07-02 16:30:36.782 10 INFO neutron.wsgi [req-c0b8fe7d-8d0d-4bb1-b675-0630e242566e req-b7d550b4-d7e0-4d3e-890b-c6379098084b 357ea4d1cb1449fb94bfd5b28b69a39e 8ddf7fb9e7df4b2da6e3b21a0ae2f5b6 - - default default] 10.0.0.195 "GET /v2.0/security-groups/fcb2e821-fcda-4239-9b5e-d493abf3e33e HTTP/1.1" status: 200 len: 1884 time: 0.0362210
2026-07-02 16:30:36.783 10 INFO neutron.db.ovn_revision_numbers_db [None req-4a945acf-3f72-4808-a3b8-3b50a37eb598 - - - - - -] Successfully bumped revision number for resource c71af94f-a4f0-4dcb-8608-e8cf853c388f (type: ports) to 2
2026-07-02 16:30:36.798 10 WARNING neutron_lib.context [req-c0b8fe7d-8d0d-4bb1-b675-0630e242566e req-69592c70-5b4c-42d3-8d81-f3fbaa0b1aa9 357ea4d1cb1449fb94bfd5b28b69a39e 8ddf7fb9e7df4b2da6e3b21a0ae2f5b6 - - default default] Method 'is_advsvc' is deprecated since 2023.2 release (neutron-lib 3.8.0) and will be removed once support for the old RBAC API policies will be removed from Neutron. Please use method 'is_service_role' instead.
2026-07-02 16:30:36.854 10 INFO neutron.db.ovn_revision_numbers_db [req-fa58807e-393c-4692-857f-544de8d5ce5e req-f7d56a7e-9f60-4982-a401-bcf42f426ea3 445bdf8c815144838d0eb30a5c652f25 2cfa3fc25f04456f9e7d3af49fc28091 - - default default] Successfully bumped revision number for resource b2d95411-c937-42c6-a6fb-6b59709fa56e (type: security_groups) to 1
2026-07-02 16:30:36.883 10 INFO neutron.db.ovn_revision_numbers_db [req-fa58807e-393c-4692-857f-544de8d5ce5e req-f7d56a7e-9f60-4982-a401-bcf42f426ea3 445bdf8c815144838d0eb30a5c652f25 2cfa3fc25f04456f9e7d3af49fc28091 - - default default] Successfully bumped revision number for resource 5e0f2bef-93b1-40b2-b74f-4350dd97afa0 (type: security_group_rules) to 0
2026-07-02 16:30:36.910 10 INFO neutron.db.ovn_revision_numbers_db [req-fa58807e-393c-4692-857f-544de8d5ce5e req-f7d56a7e-9f60-4982-a401-bcf42f426ea3 445bdf8c815144838d0eb30a5c652f25 2cfa3fc25f04456f9e7d3af49fc28091 - - default default] Successfully bumped revision number for resource d9a234f2-6d43-4d8f-963b-36194aaa510c (type: security_group_rules) to 0
2026-07-02 16:30:36.937 9 WARNING neutron.scheduler.dhcp_agent_scheduler [None req-c007a27b-010c-41cc-8342-03f9b034a94e ff327286826e4355a0c8d4379741e511 90d4a19dae854a459a9772339b8201c9 - - default default] No more DHCP agents
2026-07-02 16:30:36.943 9 WARNING neutron.api.rpc.agentnotifiers.dhcp_rpc_agent_api [None req-c007a27b-010c-41cc-8342-03f9b034a94e ff327286826e4355a0c8d4379741e511 90d4a19dae854a459a9772339b8201c9 - - default default] Unable to schedule network 888ddc7f-1bc8-4e2b-bcfa-6f8dd831c921: no agents available; will retry on subsequent port and subnet creation events.
2026-07-02 16:30:36.964 10 INFO neutron.wsgi [req-fa58807e-393c-4692-857f-544de8d5ce5e req-f7d56a7e-9f60-4982-a401-bcf42f426ea3 445bdf8c815144838d0eb30a5c652f25 2cfa3fc25f04456f9e7d3af49fc28091 - - default default] 10.0.0.195 "POST /v2.0/security-groups HTTP/1.1" status: 201 len: 1887 time: 0.3356848
2026-07-02 16:30:37.089 10 INFO neutron.wsgi [req-c509d6cd-562b-4825-bbb4-6775ffe8ec86 req-e557487b-a0fc-4139-a24b-5da5e6722af5 445bdf8c815144838d0eb30a5c652f25 2cfa3fc25f04456f9e7d3af49fc28091 - - default default] 10.0.0.195 "GET /v2.0/security-groups?tenant_id=2cfa3fc25f04456f9e7d3af49fc28091 HTTP/1.1" status: 200 len: 8106 time: 0.0970862
2026-07-02 16:30:37.096 10 INFO neutron.db.ovn_revision_numbers_db [req-c0b8fe7d-8d0d-4bb1-b675-0630e242566e req-69592c70-5b4c-42d3-8d81-f3fbaa0b1aa9 357ea4d1cb1449fb94bfd5b28b69a39e 8ddf7fb9e7df4b2da6e3b21a0ae2f5b6 - - default default] Successfully bumped revision number for resource 279e83ac-12f4-4106-ac5b-f1aa61efd2c4 (type: security_group_rules) to 0
2026-07-02 16:30:37.159 10 INFO neutron.wsgi [req-c509d6cd-562b-4825-bbb4-6775ffe8ec86 req-e291e53f-d3c8-49bb-834e-fb16bbbad489 445bdf8c815144838d0eb30a5c652f25 2cfa3fc25f04456f9e7d3af49fc28091 - - default default] 10.0.0.195 "GET /v2.0/security-groups/f7ad10b6-a312-4784-adc2-5900b8739b50 HTTP/1.1" status: 200 len: 3118 time: 0.0609648
2026-07-02 16:30:37.162 10 INFO neutron.wsgi [req-c0b8fe7d-8d0d-4bb1-b675-0630e242566e req-69592c70-5b4c-42d3-8d81-f3fbaa0b1aa9 357ea4d1cb1449fb94bfd5b28b69a39e 8ddf7fb9e7df4b2da6e3b21a0ae2f5b6 - - default default] 10.0.0.195 "POST /v2.0/security-group-rules HTTP/1.1" status: 201 len: 818 time: 0.3697188
2026-07-02 16:30:37.208 10 WARNING neutron_lib.context [req-83c729f7-392e-4bb3-8d06-2dc8e390cd06 req-36d2f346-def3-4d73-bf2b-89d2f3002168 357ea4d1cb1449fb94bfd5b28b69a39e 8ddf7fb9e7df4b2da6e3b21a0ae2f5b6 - - default default] Method 'is_advsvc' is deprecated since 2023.2 release (neutron-lib 3.8.0) and will be removed once support for the old RBAC API policies will be removed from Neutron. Please use method 'is_service_role' instead.
2026-07-02 16:30:37.219 10 INFO neutron.wsgi [req-c509d6cd-562b-4825-bbb4-6775ffe8ec86 req-5bd5191a-f57c-4caa-b2ef-dee3e102a3d9 445bdf8c815144838d0eb30a5c652f25 2cfa3fc25f04456f9e7d3af49fc28091 - - default default] 10.0.0.195 "GET /v2.0/security-groups/f7ad10b6-a312-4784-adc2-5900b8739b50 HTTP/1.1" status: 200 len: 3118 time: 0.0537443
2026-07-02 16:30:37.296 10 INFO neutron.wsgi [req-8fa9029b-b6d7-43fa-af9b-2ffd246b612b req-5219f8e7-34e6-422d-b2b4-987d25e488ab 445bdf8c815144838d0eb30a5c652f25 2cfa3fc25f04456f9e7d3af49fc28091 - - default default] 10.0.0.195 "GET /v2.0/security-groups/b5cd17f3-e1ca-4ae1-879c-eedf94599cdc HTTP/1.1" status: 200 len: 1881 time: 0.0490551
2026-07-02 16:30:37.443 10 INFO neutron.db.ovn_revision_numbers_db [req-83c729f7-392e-4bb3-8d06-2dc8e390cd06 req-36d2f346-def3-4d73-bf2b-89d2f3002168 357ea4d1cb1449fb94bfd5b28b69a39e 8ddf7fb9e7df4b2da6e3b21a0ae2f5b6 - - default default] Successfully bumped revision number for resource c7cf3fa6-5936-4c85-944e-3a9fee64dcc8 (type: security_groups) to 1
2026-07-02 16:30:37.456 10 INFO neutron.db.ovn_revision_numbers_db [None req-4a945acf-3f72-4808-a3b8-3b50a37eb598 - - - - - -] Successfully bumped revision number for resource c71af94f-a4f0-4dcb-8608-e8cf853c388f (type: ports) to 4
2026-07-02 16:30:37.465 10 INFO neutron.db.ovn_revision_numbers_db [req-83c729f7-392e-4bb3-8d06-2dc8e390cd06 req-36d2f346-def3-4d73-bf2b-89d2f3002168 357ea4d1cb1449fb94bfd5b28b69a39e 8ddf7fb9e7df4b2da6e3b21a0ae2f5b6 - - default default] Successfully bumped revision number for resource 5b79b75a-68c0-442e-9fa3-d4eb2bd60ac9 (type: security_group_rules) to 0
2026-07-02 16:30:37.502 10 INFO neutron.db.ovn_revision_numbers_db [req-83c729f7-392e-4bb3-8d06-2dc8e390cd06 req-36d2f346-def3-4d73-bf2b-89d2f3002168 357ea4d1cb1449fb94bfd5b28b69a39e 8ddf7fb9e7df4b2da6e3b21a0ae2f5b6 - - default default] Successfully bumped revision number for resource ac39c76a-f64f-4f88-a56b-e6d5803b427a (type: security_group_rules) to 0
2026-07-02 16:30:37.528 10 INFO neutron.wsgi [req-8fa9029b-b6d7-43fa-af9b-2ffd246b612b req-dcbe0204-ad5b-4523-ae60-91d0d9b3c686 445bdf8c815144838d0eb30a5c652f25 2cfa3fc25f04456f9e7d3af49fc28091 - - default default] 10.0.0.195 "DELETE /v2.0/security-groups/b5cd17f3-e1ca-4ae1-879c-eedf94599cdc HTTP/1.1" status: 204 len: 173 time: 0.2153144
2026-07-02 16:30:37.534 9 INFO neutron.wsgi [None req-c007a27b-010c-41cc-8342-03f9b034a94e ff327286826e4355a0c8d4379741e511 90d4a19dae854a459a9772339b8201c9 - - default default] 10.0.0.209 "POST /v2.0/floatingips HTTP/1.1" status: 201 len: 751 time: 1.3323708
2026-07-02 16:30:37.535 10 INFO neutron.wsgi [req-83c729f7-392e-4bb3-8d06-2dc8e390cd06 req-36d2f346-def3-4d73-bf2b-89d2f3002168 357ea4d1cb1449fb94bfd5b28b69a39e 8ddf7fb9e7df4b2da6e3b21a0ae2f5b6 - - default default] 10.0.0.195 "POST /v2.0/security-groups HTTP/1.1" status: 201 len: 1891 time: 0.3394399
2026-07-02 16:30:37.589 10 INFO neutron.api.v2.resource [req-a3a9dfae-24f1-4c6f-a048-fb9716c708c5 req-56cfd79f-5146-4b38-b21b-6baa0831fe4b 445bdf8c815144838d0eb30a5c652f25 2cfa3fc25f04456f9e7d3af49fc28091 - - default default] show failed (client error): The resource could not be found.
2026-07-02 16:30:37.590 10 INFO neutron.wsgi [req-a3a9dfae-24f1-4c6f-a048-fb9716c708c5 req-56cfd79f-5146-4b38-b21b-6baa0831fe4b 445bdf8c815144838d0eb30a5c652f25 2cfa3fc25f04456f9e7d3af49fc28091 - - default default] 10.0.0.195 "GET /v2.0/security-groups/b5cd17f3-e1ca-4ae1-879c-eedf94599cdc HTTP/1.1" status: 404 len: 352 time: 0.0269048
2026-07-02 16:30:37.623 10 INFO neutron.wsgi [req-bc3e145e-1423-4f10-87f3-2ed01a7f677a req-01758a46-0d26-4866-b89f-e348b1762859 357ea4d1cb1449fb94bfd5b28b69a39e 8ddf7fb9e7df4b2da6e3b21a0ae2f5b6 - - default default] 10.0.0.195 "GET /v2.0/security-groups/c7cf3fa6-5936-4c85-944e-3a9fee64dcc8 HTTP/1.1" status: 200 len: 1886 time: 0.0566730
2026-07-02 16:30:37.641 10 WARNING neutron_lib.context [req-bc3e145e-1423-4f10-87f3-2ed01a7f677a req-e6e6cbda-0e07-46e7-942f-eb8b8b7731b5 357ea4d1cb1449fb94bfd5b28b69a39e 8ddf7fb9e7df4b2da6e3b21a0ae2f5b6 - - default default] Method 'is_advsvc' is deprecated since 2023.2 release (neutron-lib 3.8.0) and will be removed once support for the old RBAC API policies will be removed from Neutron. Please use method 'is_service_role' instead.
2026-07-02 16:30:37.670 10 INFO neutron.wsgi [req-892dfc3d-02c9-427f-99d5-22377632ff3a req-bb64653b-b340-4a38-af99-1d0bdb13b940 445bdf8c815144838d0eb30a5c652f25 2cfa3fc25f04456f9e7d3af49fc28091 - - default default] 10.0.0.195 "GET /v2.0/security-groups/db978209-488f-41cf-879e-fee112c4496d HTTP/1.1" status: 200 len: 1882 time: 0.0563109
2026-07-02 16:30:37.817 9 ERROR ovsdbapp.backend.ovs_idl.command [None req-187c8cc5-2964-4f2e-8741-4cb8c513f785 e217a29ff76048a09ef16d00846d9818 cf86fbaec5b94084b1a310024bfed582 - - default default] Error executing command (DbGetCommand): ovsdbapp.backend.ovs_idl.idlutils.RowNotFound: Cannot find Logical_Router_Port with name=lrp-891c8e2b-fa99-4ea2-aed9-eba5e0f50795
2026-07-02 16:30:37.817 9 ERROR ovsdbapp.backend.ovs_idl.command
Traceback (most recent call last):
2026-07-02 16:30:37.817 9 ERROR ovsdbapp.backend.ovs_idl.command
File "/var/lib/openstack/lib/python3.10/site-packages/ovsdbapp/backend/ovs_idl/command.py", line 47, in execute
2026-07-02 16:30:37.817 9 ERROR ovsdbapp.backend.ovs_idl.command self.run_idl(None)
2026-07-02 16:30:37.817 9 ERROR ovsdbapp.backend.ovs_idl.command
File "/var/lib/openstack/lib/python3.10/site-packages/ovsdbapp/backend/ovs_idl/command.py", line 235, in run_idl
2026-07-02 16:30:37.817 9 ERROR ovsdbapp.backend.ovs_idl.command record = self.api.lookup(self.table, self.record)
2026-07-02 16:30:37.817 9 ERROR ovsdbapp.backend.ovs_idl.command
File "/var/lib/openstack/lib/python3.10/site-packages/ovsdbapp/backend/ovs_idl/__init__.py", line 184, in lookup
2026-07-02 16:30:37.817 9 ERROR ovsdbapp.backend.ovs_idl.command return self._lookup(table, record)
2026-07-02 16:30:37.817 9 ERROR ovsdbapp.backend.ovs_idl.command
File "/var/lib/openstack/lib/python3.10/site-packages/ovsdbapp/backend/ovs_idl/__init__.py", line 235, in _lookup
2026-07-02 16:30:37.817 9 ERROR ovsdbapp.backend.ovs_idl.command row = idlutils.row_by_value(self, rl.table, rl.column, record)
2026-07-02 16:30:37.817 9 ERROR ovsdbapp.backend.ovs_idl.command
File "/var/lib/openstack/lib/python3.10/site-packages/ovsdbapp/backend/ovs_idl/idlutils.py", line 114, in row_by_value
2026-07-02 16:30:37.817 9 ERROR ovsdbapp.backend.ovs_idl.command raise RowNotFound(table=table, col=column, match=match)
2026-07-02 16:30:37.817 9 ERROR ovsdbapp.backend.ovs_idl.command ovsdbapp.backend.ovs_idl.idlutils.RowNotFound: Cannot find Logical_Router_Port with name=lrp-891c8e2b-fa99-4ea2-aed9-eba5e0f50795
2026-07-02 16:30:37.817 9 ERROR ovsdbapp.backend.ovs_idl.command 
2026-07-02 16:30:37.817 9 ERROR neutron_lib.callbacks.manager [None req-187c8cc5-2964-4f2e-8741-4cb8c513f785 e217a29ff76048a09ef16d00846d9818 cf86fbaec5b94084b1a310024bfed582 - - default default] Error during notification for neutron.services.ovn_l3.plugin.OVNL3RouterPlugin._port_update-8767034085067 port, after_update: ovsdbapp.backend.ovs_idl.idlutils.RowNotFound: Cannot find Logical_Router_Port with name=lrp-891c8e2b-fa99-4ea2-aed9-eba5e0f50795
2026-07-02 16:30:37.817 9 ERROR neutron_lib.callbacks.manager
Traceback (most recent call last):
2026-07-02 16:30:37.817 9 ERROR neutron_lib.callbacks.manager
File "/var/lib/openstack/lib/python3.10/site-packages/neutron_lib/callbacks/manager.py", line 189, in _notify_loop
2026-07-02 16:30:37.817 9 ERROR neutron_lib.callbacks.manager callback.method(resource, event, trigger, payload=payload)
2026-07-02 16:30:37.817 9 ERROR neutron_lib.callbacks.manager
File "/var/lib/openstack/lib/python3.10/site-packages/neutron/services/ovn_l3/plugin.py", line 391, in _port_update
2026-07-02 16:30:37.817 9 ERROR neutron_lib.callbacks.manager l3plugin._ovn_client.update_router_port(context,
2026-07-02 16:30:37.817 9 ERROR neutron_lib.callbacks.manager
File "/var/lib/openstack/lib/python3.10/site-packages/neutron/plugins/ml2/drivers/ovn/mech_driver/ovsdb/ovn_client.py", line 1878, in update_router_port
2026-07-02 16:30:37.817 9 ERROR neutron_lib.callbacks.manager self._update_lrouter_port(context, port, if_exists=if_exists,
2026-07-02 16:30:37.817 9 ERROR neutron_lib.callbacks.manager
File "/var/lib/openstack/lib/python3.10/site-packages/neutron/plugins/ml2/drivers/ovn/mech_driver/ovsdb/ovn_client.py", line 1855, in _update_lrouter_port
2026-07-02 16:30:37.817 9 ERROR neutron_lib.callbacks.manager external_ids = self._nb_idl.db_get(
2026-07-02 16:30:37.817 9 ERROR neutron_lib.callbacks.manager
File "/var/lib/openstack/lib/python3.10/site-packages/ovsdbapp/backend/ovs_idl/command.py", line 47, in execute
2026-07-02 16:30:37.817 9 ERROR neutron_lib.callbacks.manager self.run_idl(None)
2026-07-02 16:30:37.817 9 ERROR neutron_lib.callbacks.manager
File "/var/lib/openstack/lib/python3.10/site-packages/ovsdbapp/backend/ovs_idl/command.py", line 235, in run_idl
2026-07-02 16:30:37.817 9 ERROR neutron_lib.callbacks.manager record = self.api.lookup(self.table, self.record)
2026-07-02 16:30:37.817 9 ERROR neutron_lib.callbacks.manager
File "/var/lib/openstack/lib/python3.10/site-packages/ovsdbapp/backend/ovs_idl/__init__.py", line 184, in lookup
2026-07-02 16:30:37.817 9 ERROR neutron_lib.callbacks.manager return self._lookup(table, record)
2026-07-02 16:30:37.817 9 ERROR neutron_lib.callbacks.manager
File "/var/lib/openstack/lib/python3.10/site-packages/ovsdbapp/backend/ovs_idl/__init__.py", line 235, in _lookup
2026-07-02 16:30:37.817 9 ERROR neutron_lib.callbacks.manager row = idlutils.row_by_value(self, rl.table, rl.column, record)
2026-07-02 16:30:37.817 9 ERROR neutron_lib.callbacks.manager
File "/var/lib/openstack/lib/python3.10/site-packages/ovsdbapp/backend/ovs_idl/idlutils.py", line 114, in row_by_value
2026-07-02 16:30:37.817 9 ERROR neutron_lib.callbacks.manager raise RowNotFound(table=table, col=column, match=match)
2026-07-02 16:30:37.817 9 ERROR neutron_lib.callbacks.manager ovsdbapp.backend.ovs_idl.idlutils.RowNotFound: Cannot find Logical_Router_Port with name=lrp-891c8e2b-fa99-4ea2-aed9-eba5e0f50795
2026-07-02 16:30:37.817 9 ERROR neutron_lib.callbacks.manager 
2026-07-02 16:30:37.902 10 INFO neutron.wsgi [req-892dfc3d-02c9-427f-99d5-22377632ff3a req-3e68311a-b94e-4911-a5e0-0148038465d7 445bdf8c815144838d0eb30a5c652f25 2cfa3fc25f04456f9e7d3af49fc28091 - - default default] 10.0.0.195 "DELETE /v2.0/security-groups/db978209-488f-41cf-879e-fee112c4496d HTTP/1.1" status: 204 len: 173 time: 0.2244666
2026-07-02 16:30:37.923 10 INFO neutron.db.ovn_revision_numbers_db [None req-4a945acf-3f72-4808-a3b8-3b50a37eb598 - - - - - -] Successfully bumped revision number for resource c71af94f-a4f0-4dcb-8608-e8cf853c388f (type: router_ports) to 4
2026-07-02 16:30:37.924 10 INFO neutron.db.ovn_revision_numbers_db [req-bc3e145e-1423-4f10-87f3-2ed01a7f677a req-e6e6cbda-0e07-46e7-942f-eb8b8b7731b5 357ea4d1cb1449fb94bfd5b28b69a39e 8ddf7fb9e7df4b2da6e3b21a0ae2f5b6 - - default default] Successfully bumped revision number for resource 8edbd79f-47c7-4b42-9fea-a8c647b6b9ad (type: security_group_rules) to 0
2026-07-02 16:30:37.959 10 INFO neutron.api.v2.resource [req-49319466-9d0e-4195-ab1e-0af50abfb4f0 req-c16545ed-b7e6-4f1d-99f5-fb1a60a1100e 445bdf8c815144838d0eb30a5c652f25 2cfa3fc25f04456f9e7d3af49fc28091 - - default default] show failed (client error): The resource could not be found.
2026-07-02 16:30:37.960 10 INFO neutron.wsgi [req-49319466-9d0e-4195-ab1e-0af50abfb4f0 req-c16545ed-b7e6-4f1d-99f5-fb1a60a1100e 445bdf8c815144838d0eb30a5c652f25 2cfa3fc25f04456f9e7d3af49fc28091 - - default default] 10.0.0.195 "GET /v2.0/security-groups/db978209-488f-41cf-879e-fee112c4496d HTTP/1.1" status: 404 len: 352 time: 0.0256703
2026-07-02 16:30:37.970 10 INFO neutron.wsgi [req-bc3e145e-1423-4f10-87f3-2ed01a7f677a req-e6e6cbda-0e07-46e7-942f-eb8b8b7731b5 357ea4d1cb1449fb94bfd5b28b69a39e 8ddf7fb9e7df4b2da6e3b21a0ae2f5b6 - - default default] 10.0.0.195 "POST /v2.0/security-group-rules HTTP/1.1" status: 201 len: 818 time: 0.3394742
2026-07-02 16:30:38.024 10 INFO neutron.wsgi [req-8efe34ca-b63e-4ab4-8ea3-a58a1620d3cd req-796a9c61-b456-481f-a088-1877e396f060 445bdf8c815144838d0eb30a5c652f25 2cfa3fc25f04456f9e7d3af49fc28091 - - default default] 10.0.0.195 "GET /v2.0/security-groups/b2d95411-c937-42c6-a6fb-6b59709fa56e HTTP/1.1" status: 200 len: 1882 time: 0.0413923
2026-07-02 16:30:38.032 10 INFO neutron.wsgi [req-95aa8810-3038-4f87-a3d0-ac25ac230420 req-10b10365-b9dd-4670-b709-da89cff63702 357ea4d1cb1449fb94bfd5b28b69a39e 8ddf7fb9e7df4b2da6e3b21a0ae2f5b6 - - default default] 10.0.0.195 "GET /v2.0/security-groups/c7cf3fa6-5936-4c85-944e-3a9fee64dcc8 HTTP/1.1" status: 200 len: 2511 time: 0.0316081
2026-07-02 16:30:38.051 10 WARNING neutron_lib.context [req-95aa8810-3038-4f87-a3d0-ac25ac230420 req-0124f0c5-0375-4295-a06c-199963636601 357ea4d1cb1449fb94bfd5b28b69a39e 8ddf7fb9e7df4b2da6e3b21a0ae2f5b6 - - default default] Method 'is_advsvc' is deprecated since 2023.2 release (neutron-lib 3.8.0) and will be removed once support for the old RBAC API policies will be removed from Neutron. Please use method 'is_service_role' instead.
2026-07-02 16:30:38.091 9 INFO neutron.db.ovn_revision_numbers_db [None req-187c8cc5-2964-4f2e-8741-4cb8c513f785 e217a29ff76048a09ef16d00846d9818 cf86fbaec5b94084b1a310024bfed582 - - default default] Successfully bumped revision number for resource 891c8e2b-fa99-4ea2-aed9-eba5e0f50795 (type: ports) to 1
2026-07-02 16:30:38.103 9 INFO neutron.db.ovn_revision_numbers_db [None req-f76cd956-1b30-4d7b-8de2-d65193345a98 - - - - - -] Successfully bumped revision number for resource 1ef2a2d8-913b-4c2f-9da3-8abe09edbf41 (type: ports) to 1
2026-07-02 16:30:38.162 10 INFO neutron.wsgi [req-8efe34ca-b63e-4ab4-8ea3-a58a1620d3cd req-3a00b362-b7b6-4c21-8bc1-068c6387527c 445bdf8c815144838d0eb30a5c652f25 2cfa3fc25f04456f9e7d3af49fc28091 - - default default] 10.0.0.195 "DELETE /v2.0/security-groups/b2d95411-c937-42c6-a6fb-6b59709fa56e HTTP/1.1" status: 204 len: 173 time: 0.1290214
2026-07-02 16:30:38.188 9 WARNING neutron.scheduler.dhcp_agent_scheduler [None req-187c8cc5-2964-4f2e-8741-4cb8c513f785 e217a29ff76048a09ef16d00846d9818 cf86fbaec5b94084b1a310024bfed582 - - default default] No more DHCP agents
2026-07-02 16:30:38.190 9 WARNING neutron.api.rpc.agentnotifiers.dhcp_rpc_agent_api [None req-187c8cc5-2964-4f2e-8741-4cb8c513f785 e217a29ff76048a09ef16d00846d9818 cf86fbaec5b94084b1a310024bfed582 - - default default] Unable to schedule network 0d1403bc-76e2-4c14-82b7-ebcf34cf92d6: no agents available; will retry on subsequent port and subnet creation events.
2026-07-02 16:30:38.196 10 INFO neutron.api.v2.resource [req-401c832b-54a8-4126-9b91-26a196cac4f4 req-a6d62e3e-6ce0-4e5a-872a-e76adb3be71d 445bdf8c815144838d0eb30a5c652f25 2cfa3fc25f04456f9e7d3af49fc28091 - - default default] show failed (client error): The resource could not be found.
2026-07-02 16:30:38.197 10 INFO neutron.wsgi [req-401c832b-54a8-4126-9b91-26a196cac4f4 req-a6d62e3e-6ce0-4e5a-872a-e76adb3be71d 445bdf8c815144838d0eb30a5c652f25 2cfa3fc25f04456f9e7d3af49fc28091 - - default default] 10.0.0.195 "GET /v2.0/security-groups/b2d95411-c937-42c6-a6fb-6b59709fa56e HTTP/1.1" status: 404 len: 352 time: 0.0142496
2026-07-02 16:30:38.202 10 INFO neutron.db.ovn_revision_numbers_db [req-95aa8810-3038-4f87-a3d0-ac25ac230420 req-0124f0c5-0375-4295-a06c-199963636601 357ea4d1cb1449fb94bfd5b28b69a39e 8ddf7fb9e7df4b2da6e3b21a0ae2f5b6 - - default default] Successfully bumped revision number for resource 53c0ab16-e8c4-4288-91b7-c6346d05e38a (type: security_group_rules) to 0
