2026-07-02 16:33:01.037 9 INFO neutron.wsgi [None req-db25e8cb-a3f2-4ddf-bb8f-e09fe2378a44 be4bc36817c3480b9f3fa698951d6a95 f5ad310c79d941b390ddd075e0519913 - - default default] 10.0.0.209 "DELETE /v2.0/subnets/0fa8eee3-81a7-45a9-b0fa-05aa18076ad1 HTTP/1.1" status: 204 len: 168 time: 0.2720985
2026-07-02 16:33:01.388 10 INFO neutron.db.ovn_revision_numbers_db [None req-d064e00a-0641-4464-9650-bc0e1efc2b4c e217a29ff76048a09ef16d00846d9818 cf86fbaec5b94084b1a310024bfed582 - - default default] Successfully bumped revision number for resource 9603ef43-deaf-4ccc-915d-622b23c1dd02 (type: security_groups) to 1
2026-07-02 16:33:01.403 9 INFO neutron.services.segments.plugin [-] Segment f017f991-7992-4215-8cda-c438a23f08eb resource provider aggregate not found
2026-07-02 16:33:01.408 9 INFO neutron.services.segments.plugin [-] Segment f017f991-7992-4215-8cda-c438a23f08eb resource provider aggregate not found
2026-07-02 16:33:01.424 9 INFO neutron.services.segments.plugin [-] Segment f017f991-7992-4215-8cda-c438a23f08eb resource provider not found; error: Placement Client Error (4xx): {"errors": [{"status": 404, "title": "Not Found", "detail": "The resource could not be found.\n\n No resource provider with uuid f017f991-7992-4215-8cda-c438a23f08eb found for delete ", "request_id": "req-33fce7f5-8f81-41e1-a948-5de1fd38f785"}]}
2026-07-02 16:33:01.426 9 INFO neutron.services.segments.plugin [-] Segment f017f991-7992-4215-8cda-c438a23f08eb resource provider not found; error: Placement Client Error (4xx): {"errors": [{"status": 404, "title": "Not Found", "detail": "The resource could not be found.\n\n No resource provider with uuid f017f991-7992-4215-8cda-c438a23f08eb found for delete ", "request_id": "req-9f92d127-166d-490e-9143-6e5948306c37"}]}
2026-07-02 16:33:01.446 10 INFO neutron.db.ovn_revision_numbers_db [None req-d064e00a-0641-4464-9650-bc0e1efc2b4c e217a29ff76048a09ef16d00846d9818 cf86fbaec5b94084b1a310024bfed582 - - default default] Successfully bumped revision number for resource 355d67c5-eca5-4498-9354-41dcff47ffb4 (type: security_group_rules) to 0
2026-07-02 16:33:01.453 9 INFO neutron.wsgi [None req-3715e5e1-17f6-4b41-bdd7-46d941f5aedf be4bc36817c3480b9f3fa698951d6a95 f5ad310c79d941b390ddd075e0519913 - - default default] 10.0.0.209 "DELETE /v2.0/networks/42753641-761a-477b-b211-2e1417b70e13 HTTP/1.1" status: 204 len: 168 time: 0.4096129
2026-07-02 16:33:01.469 9 WARNING neutron_lib.context [None req-1ef5adc1-6d09-4465-8659-3551e43381f1 be4bc36817c3480b9f3fa698951d6a95 f5ad310c79d941b390ddd075e0519913 - - default default] Method 'is_advsvc' is deprecated since 2023.2 release (neutron-lib 3.8.0) and will be removed once support for the old RBAC API policies will be removed from Neutron. Please use method 'is_service_role' instead.
2026-07-02 16:33:01.486 10 INFO neutron.db.ovn_revision_numbers_db [None req-d064e00a-0641-4464-9650-bc0e1efc2b4c e217a29ff76048a09ef16d00846d9818 cf86fbaec5b94084b1a310024bfed582 - - default default] Successfully bumped revision number for resource 60c66481-4be4-4da4-b899-8576ae4f0dbb (type: security_group_rules) to 0
2026-07-02 16:33:01.517 10 INFO neutron.db.ovn_revision_numbers_db [None req-d064e00a-0641-4464-9650-bc0e1efc2b4c e217a29ff76048a09ef16d00846d9818 cf86fbaec5b94084b1a310024bfed582 - - default default] Successfully bumped revision number for resource a4e1da6c-0c9a-4ced-8e7d-f71359df74ff (type: security_group_rules) to 0
2026-07-02 16:33:01.556 9 INFO neutron.db.segments_db [None req-1ef5adc1-6d09-4465-8659-3551e43381f1 be4bc36817c3480b9f3fa698951d6a95 f5ad310c79d941b390ddd075e0519913 - - default default] Added segment 062b74bd-3d5c-4f09-aa17-77f9848a9c53 of type geneve for network 0c09a0d9-0177-44c3-9cb4-299979e9a8ba
2026-07-02 16:33:01.585 10 INFO neutron.db.ovn_revision_numbers_db [None req-d064e00a-0641-4464-9650-bc0e1efc2b4c e217a29ff76048a09ef16d00846d9818 cf86fbaec5b94084b1a310024bfed582 - - default default] Successfully bumped revision number for resource cfd2bb1c-e52e-430a-a86b-451b054e21c0 (type: security_group_rules) to 0
2026-07-02 16:33:01.692 9 INFO neutron.db.ovn_revision_numbers_db [None req-1ef5adc1-6d09-4465-8659-3551e43381f1 be4bc36817c3480b9f3fa698951d6a95 f5ad310c79d941b390ddd075e0519913 - - default default] Successfully bumped revision number for resource 0c09a0d9-0177-44c3-9cb4-299979e9a8ba (type: networks) to 1
2026-07-02 16:33:01.894 10 INFO neutron.wsgi [None req-d064e00a-0641-4464-9650-bc0e1efc2b4c e217a29ff76048a09ef16d00846d9818 cf86fbaec5b94084b1a310024bfed582 - - default default] 10.0.0.209 "GET /v2.0/security-groups?tenant_id=c694d6a6292e4b8d9ce2f3b198456bc6&name=default HTTP/1.1" status: 200 len: 3120 time: 0.8437586
2026-07-02 16:33:02.094 9 WARNING neutron.scheduler.dhcp_agent_scheduler [None req-1ef5adc1-6d09-4465-8659-3551e43381f1 be4bc36817c3480b9f3fa698951d6a95 f5ad310c79d941b390ddd075e0519913 - - default default] No more DHCP agents
2026-07-02 16:33:02.096 9 WARNING neutron.api.rpc.agentnotifiers.dhcp_rpc_agent_api [None req-1ef5adc1-6d09-4465-8659-3551e43381f1 be4bc36817c3480b9f3fa698951d6a95 f5ad310c79d941b390ddd075e0519913 - - default default] Unable to schedule network 0c09a0d9-0177-44c3-9cb4-299979e9a8ba: no agents available; will retry on subsequent port and subnet creation events.
2026-07-02 16:33:02.187 9 INFO neutron.db.ovn_revision_numbers_db [None req-1ef5adc1-6d09-4465-8659-3551e43381f1 be4bc36817c3480b9f3fa698951d6a95 f5ad310c79d941b390ddd075e0519913 - - default default] Successfully bumped revision number for resource 59c74e9a-17b1-428f-9717-8389a38a7ab3 (type: ports) to 1
2026-07-02 16:33:02.208 9 INFO neutron.wsgi [None req-1ef5adc1-6d09-4465-8659-3551e43381f1 be4bc36817c3480b9f3fa698951d6a95 f5ad310c79d941b390ddd075e0519913 - - default default] 10.0.0.209 "POST /v2.0/networks HTTP/1.1" status: 201 len: 829 time: 0.7445757
2026-07-02 16:33:02.223 9 WARNING neutron_lib.context [None req-aa8f2e0a-9b1b-4179-b495-e927516e7099 be4bc36817c3480b9f3fa698951d6a95 f5ad310c79d941b390ddd075e0519913 - - default default] Method 'is_advsvc' is deprecated since 2023.2 release (neutron-lib 3.8.0) and will be removed once support for the old RBAC API policies will be removed from Neutron. Please use method 'is_service_role' instead.
2026-07-02 16:33:02.332 10 INFO neutron.services.segments.plugin [-] Segment 6ba2c063-ccd4-4ecf-96de-78891572a643 resource provider aggregate not found
2026-07-02 16:33:02.338 10 INFO neutron.services.segments.plugin [-] Segment 6ba2c063-ccd4-4ecf-96de-78891572a643 resource provider aggregate not found
2026-07-02 16:33:02.344 10 INFO neutron.db.ovn_revision_numbers_db [None req-f2518ff0-b053-4af0-a23f-e0b3518bbf6a 4f13f847dc654248961a616ca9e82444 bf6fcad40a6244f2b189e1284cc7cef4 - - default default] Successfully bumped revision number for resource f6d693d9-537a-4940-90a3-24c5e4b56488 (type: floatingips) to 2
2026-07-02 16:33:02.360 10 INFO neutron.services.segments.plugin [-] Segment 6ba2c063-ccd4-4ecf-96de-78891572a643 resource provider not found; error: Placement Client Error (4xx): {"errors": [{"status": 404, "title": "Not Found", "detail": "The resource could not be found.\n\n No resource provider with uuid 6ba2c063-ccd4-4ecf-96de-78891572a643 found for delete ", "request_id": "req-da9290c9-a5e8-4cea-8cd5-743704460d5e"}]}
2026-07-02 16:33:02.362 10 INFO neutron.services.segments.plugin [-] Segment 6ba2c063-ccd4-4ecf-96de-78891572a643 resource provider not found; error: Placement Client Error (4xx): {"errors": [{"status": 404, "title": "Not Found", "detail": "The resource could not be found.\n\n No resource provider with uuid 6ba2c063-ccd4-4ecf-96de-78891572a643 found for delete ", "request_id": "req-885808c9-2b18-40d7-8e65-ddc5fd40f70b"}]}
2026-07-02 16:33:02.386 10 INFO neutron.wsgi [None req-1189721d-4e73-444e-b4a3-2e6cb54685cc e217a29ff76048a09ef16d00846d9818 cf86fbaec5b94084b1a310024bfed582 - - default default] 10.0.0.209 "DELETE /v2.0/security-groups/9603ef43-deaf-4ccc-915d-622b23c1dd02 HTTP/1.1" status: 204 len: 168 time: 0.4797425
2026-07-02 16:33:02.413 10 INFO neutron.wsgi [None req-7bfa0dc8-49b2-417c-bcee-3ddc409e9c1b c77b6a7a4a974c6584f99b92b1174203 77ed0499132b47e8be76e7e3ffc5e714 - - default default] 10.0.0.209 "DELETE /v2.0/networks/a91d4c51-2281-4859-bbce-d3f0c5ff4564 HTTP/1.1" status: 204 len: 168 time: 1.4637082 /var/lib/openstack/lib/python3.10/site-packages/pycadf/identifier.py:71: UserWarning: Invalid uuid: neutron. To ensure interoperability, identifiers should be a valid uuid. warnings.warn(('Invalid uuid: %s. To ensure interoperability, '
2026-07-02 16:33:02.510 10 INFO neutron.db.ovn_revision_numbers_db [None req-f2518ff0-b053-4af0-a23f-e0b3518bbf6a 4f13f847dc654248961a616ca9e82444 bf6fcad40a6244f2b189e1284cc7cef4 - - default default] Successfully bumped revision number for resource f6d693d9-537a-4940-90a3-24c5e4b56488 (type: floatingips) to 2
2026-07-02 16:33:02.510 10 INFO neutron.db.l3_db [None req-f2518ff0-b053-4af0-a23f-e0b3518bbf6a 4f13f847dc654248961a616ca9e82444 bf6fcad40a6244f2b189e1284cc7cef4 - - default default] Floating IP f6d693d9-537a-4940-90a3-24c5e4b56488 associated. External IP: 10.96.250.211, port: a301c109-51ae-4b86-ade7-0ffe368f157a.
2026-07-02 16:33:02.541 9 WARNING neutron.scheduler.dhcp_agent_scheduler [None req-aa8f2e0a-9b1b-4179-b495-e927516e7099 be4bc36817c3480b9f3fa698951d6a95 f5ad310c79d941b390ddd075e0519913 - - default default] No more DHCP agents
2026-07-02 16:33:02.548 9 WARNING neutron.api.rpc.agentnotifiers.dhcp_rpc_agent_api [None req-aa8f2e0a-9b1b-4179-b495-e927516e7099 be4bc36817c3480b9f3fa698951d6a95 f5ad310c79d941b390ddd075e0519913 - - default default] Unable to schedule network 0c09a0d9-0177-44c3-9cb4-299979e9a8ba: no agents available; will retry on subsequent port and subnet creation events.
2026-07-02 16:33:02.553 9 INFO neutron.db.segments_db [None req-96190627-7210-45f6-94e8-cd48fc87651e c77b6a7a4a974c6584f99b92b1174203 77ed0499132b47e8be76e7e3ffc5e714 - - default default] Added segment 3c53a468-fb7b-488a-85f9-bb20b32920d8 of type geneve for network 84aa8c73-7af3-45e5-894a-564d75f57f68
2026-07-02 16:33:02.568 10 INFO neutron.wsgi [None req-f2518ff0-b053-4af0-a23f-e0b3518bbf6a 4f13f847dc654248961a616ca9e82444 bf6fcad40a6244f2b189e1284cc7cef4 - - default default] 10.0.0.209 "PUT /v2.0/floatingips/f6d693d9-537a-4940-90a3-24c5e4b56488 HTTP/1.1" status: 200 len: 1037 time: 1.5798934
2026-07-02 16:33:02.754 10 INFO neutron.db.ovn_revision_numbers_db [None req-1f017779-3a67-48dc-affe-51505e0dc11e 4f13f847dc654248961a616ca9e82444 bf6fcad40a6244f2b189e1284cc7cef4 - - default default] Successfully bumped revision number for resource f6d693d9-537a-4940-90a3-24c5e4b56488 (type: floatingips) to 3
2026-07-02 16:33:02.819 10 INFO neutron.db.l3_db [None req-1f017779-3a67-48dc-affe-51505e0dc11e 4f13f847dc654248961a616ca9e82444 bf6fcad40a6244f2b189e1284cc7cef4 - - default default] Floating IP f6d693d9-537a-4940-90a3-24c5e4b56488 disassociated. External IP: 10.96.250.211, port: 5d8be6e0-1bbd-4d56-b5a4-c2bc26202248.
2026-07-02 16:33:02.819 9 INFO neutron.db.ovn_revision_numbers_db [None req-96190627-7210-45f6-94e8-cd48fc87651e c77b6a7a4a974c6584f99b92b1174203 77ed0499132b47e8be76e7e3ffc5e714 - - default default] Successfully bumped revision number for resource 84aa8c73-7af3-45e5-894a-564d75f57f68 (type: networks) to 1
2026-07-02 16:33:02.850 10 INFO neutron.wsgi [None req-1f017779-3a67-48dc-affe-51505e0dc11e 4f13f847dc654248961a616ca9e82444 bf6fcad40a6244f2b189e1284cc7cef4 - - default default] 10.0.0.209 "PUT /v2.0/floatingips/f6d693d9-537a-4940-90a3-24c5e4b56488 HTTP/1.1" status: 200 len: 748 time: 0.2765603
2026-07-02 16:33:02.851 9 INFO neutron.db.ovn_revision_numbers_db [None req-3196e8ef-6673-4b87-a632-60d722308873 e217a29ff76048a09ef16d00846d9818 cf86fbaec5b94084b1a310024bfed582 - - default default] Successfully bumped revision number for resource d5d4e9f8-7d5b-4301-aa6d-2db55ad01dc6 (type: security_groups) to 1
2026-07-02 16:33:02.878 9 INFO neutron.db.ovn_revision_numbers_db [None req-3196e8ef-6673-4b87-a632-60d722308873 e217a29ff76048a09ef16d00846d9818 cf86fbaec5b94084b1a310024bfed582 - - default default] Successfully bumped revision number for resource 0ba33cfd-638b-44ed-8b1e-d61354be9408 (type: security_group_rules) to 0
2026-07-02 16:33:02.913 9 INFO neutron.db.ovn_revision_numbers_db [None req-3196e8ef-6673-4b87-a632-60d722308873 e217a29ff76048a09ef16d00846d9818 cf86fbaec5b94084b1a310024bfed582 - - default default] Successfully bumped revision number for resource 17ed24b9-cfb0-476b-8197-674e7b51e911 (type: security_group_rules) to 0
2026-07-02 16:33:02.954 9 INFO neutron.db.ovn_revision_numbers_db [None req-3196e8ef-6673-4b87-a632-60d722308873 e217a29ff76048a09ef16d00846d9818 cf86fbaec5b94084b1a310024bfed582 - - default default] Successfully bumped revision number for resource 187331d2-76b4-47e2-b489-c6cefaf672c5 (type: security_group_rules) to 0
2026-07-02 16:33:02.985 9 INFO neutron.db.ovn_revision_numbers_db [None req-3196e8ef-6673-4b87-a632-60d722308873 e217a29ff76048a09ef16d00846d9818 cf86fbaec5b94084b1a310024bfed582 - - default default] Successfully bumped revision number for resource 8ee34dbb-f666-448c-a8d9-a2daa6254096 (type: security_group_rules) to 0
2026-07-02 16:33:03.033 9 INFO neutron.wsgi [None req-3196e8ef-6673-4b87-a632-60d722308873 e217a29ff76048a09ef16d00846d9818 cf86fbaec5b94084b1a310024bfed582 - - default default] 10.0.0.209 "GET /v2.0/security-groups?tenant_id=f25705c4a4d245d299d688551f80c906&name=default HTTP/1.1" status: 200 len: 3120 time: 0.4558406 /var/lib/openstack/lib/python3.10/site-packages/pycadf/identifier.py:71: UserWarning: Invalid uuid: neutron. To ensure interoperability, identifiers should be a valid uuid. warnings.warn(('Invalid uuid: %s. To ensure interoperability, '
2026-07-02 16:33:03.082 9 WARNING neutron.scheduler.dhcp_agent_scheduler [None req-96190627-7210-45f6-94e8-cd48fc87651e c77b6a7a4a974c6584f99b92b1174203 77ed0499132b47e8be76e7e3ffc5e714 - - default default] No more DHCP agents
2026-07-02 16:33:03.092 9 WARNING neutron.api.rpc.agentnotifiers.dhcp_rpc_agent_api [None req-96190627-7210-45f6-94e8-cd48fc87651e c77b6a7a4a974c6584f99b92b1174203 77ed0499132b47e8be76e7e3ffc5e714 - - default default] Unable to schedule network 84aa8c73-7af3-45e5-894a-564d75f57f68: no agents available; will retry on subsequent port and subnet creation events.
2026-07-02 16:33:03.190 10 INFO neutron.wsgi [None req-7114612b-e120-4eba-aaa0-1e35ae86584d 4f13f847dc654248961a616ca9e82444 bf6fcad40a6244f2b189e1284cc7cef4 - - default default] 10.0.0.209 "DELETE /v2.0/floatingips/f6d693d9-537a-4940-90a3-24c5e4b56488 HTTP/1.1" status: 204 len: 168 time: 0.3346984
2026-07-02 16:33:03.220 10 INFO neutron.api.v2.resource [None req-f55bc7be-1bfc-4554-80fa-ca4895cc5e23 4f13f847dc654248961a616ca9e82444 bf6fcad40a6244f2b189e1284cc7cef4 - - default default] delete failed (client error): The resource could not be found.
2026-07-02 16:33:03.221 10 INFO neutron.wsgi [None req-f55bc7be-1bfc-4554-80fa-ca4895cc5e23 4f13f847dc654248961a616ca9e82444 bf6fcad40a6244f2b189e1284cc7cef4 - - default default] 10.0.0.209 "DELETE /v2.0/floatingips/f6d693d9-537a-4940-90a3-24c5e4b56488 HTTP/1.1" status: 404 len: 345 time: 0.0220575
2026-07-02 16:33:03.259 9 INFO neutron.db.ovn_revision_numbers_db [None req-96190627-7210-45f6-94e8-cd48fc87651e c77b6a7a4a974c6584f99b92b1174203 77ed0499132b47e8be76e7e3ffc5e714 - - default default] Successfully bumped revision number for resource 7a05fab4-124e-4dac-af57-1abd138cad1b (type: ports) to 1
2026-07-02 16:33:03.296 9 INFO neutron.wsgi [None req-96190627-7210-45f6-94e8-cd48fc87651e c77b6a7a4a974c6584f99b92b1174203 77ed0499132b47e8be76e7e3ffc5e714 - - default default] 10.0.0.209 "POST /v2.0/networks HTTP/1.1" status: 201 len: 929 time: 0.8766599
2026-07-02 16:33:03.424 9 INFO neutron.wsgi [None req-ed9dde7d-0cf7-4674-9089-a0f1b12185a2 e217a29ff76048a09ef16d00846d9818 cf86fbaec5b94084b1a310024bfed582 - - default default] 10.0.0.209 "DELETE /v2.0/security-groups/d5d4e9f8-7d5b-4301-aa6d-2db55ad01dc6 HTTP/1.1" status: 204 len: 168 time: 0.3841665
2026-07-02 16:33:03.440 9 INFO neutron.db.ovn_revision_numbers_db [None req-aa8f2e0a-9b1b-4179-b495-e927516e7099 be4bc36817c3480b9f3fa698951d6a95 f5ad310c79d941b390ddd075e0519913 - - default default] Successfully bumped revision number for resource 59c74e9a-17b1-428f-9717-8389a38a7ab3 (type: ports) to 2
2026-07-02 16:33:03.473 9 INFO neutron.db.ovn_revision_numbers_db [None req-aa8f2e0a-9b1b-4179-b495-e927516e7099 be4bc36817c3480b9f3fa698951d6a95 f5ad310c79d941b390ddd075e0519913 - - default default] Successfully bumped revision number for resource 3f51f4ab-08ed-4c32-9c40-0d865d56b689 (type: subnets) to 0
2026-07-02 16:33:03.486 9 INFO neutron.wsgi [None req-aa8f2e0a-9b1b-4179-b495-e927516e7099 be4bc36817c3480b9f3fa698951d6a95 f5ad310c79d941b390ddd075e0519913 - - default default] 10.0.0.209 "POST /v2.0/subnets HTTP/1.1" status: 201 len: 801 time: 1.2715020
2026-07-02 16:33:03.493 9 WARNING neutron_lib.context [None req-2b017279-23b1-4736-b5f9-a7326f68374f be4bc36817c3480b9f3fa698951d6a95 f5ad310c79d941b390ddd075e0519913 - - default default] Method 'is_advsvc' is deprecated since 2023.2 release (neutron-lib 3.8.0) and will be removed once support for the old RBAC API policies will be removed from Neutron. Please use method 'is_service_role' instead.
2026-07-02 16:33:03.538 10 WARNING neutron.scheduler.dhcp_agent_scheduler [None req-d2fed74a-aeec-4b18-9abe-b18fa8394bde c77b6a7a4a974c6584f99b92b1174203 77ed0499132b47e8be76e7e3ffc5e714 - - default default] No more DHCP agents
2026-07-02 16:33:03.543 10 WARNING neutron.api.rpc.agentnotifiers.dhcp_rpc_agent_api [None req-d2fed74a-aeec-4b18-9abe-b18fa8394bde c77b6a7a4a974c6584f99b92b1174203 77ed0499132b47e8be76e7e3ffc5e714 - - default default] Unable to schedule network 84aa8c73-7af3-45e5-894a-564d75f57f68: no agents available; will retry on subsequent port and subnet creation events.
2026-07-02 16:33:03.583 9 INFO neutron.db.ovn_revision_numbers_db [None req-2b017279-23b1-4736-b5f9-a7326f68374f be4bc36817c3480b9f3fa698951d6a95 f5ad310c79d941b390ddd075e0519913 - - default default] Successfully bumped revision number for resource 1072f3e5-0bb2-4e21-b0d6-fd0c1141f1c0 (type: routers) to 1
2026-07-02 16:33:03.595 9 INFO neutron.wsgi [None req-2b017279-23b1-4736-b5f9-a7326f68374f be4bc36817c3480b9f3fa698951d6a95 f5ad310c79d941b390ddd075e0519913 - - default default] 10.0.0.209 "POST /v2.0/routers HTTP/1.1" status: 201 len: 801 time: 0.1057844
2026-07-02 16:33:03.745 10 INFO neutron.wsgi [None req-145dd05b-51a5-4e4f-b749-e8434af45176 4f13f847dc654248961a616ca9e82444 bf6fcad40a6244f2b189e1284cc7cef4 - - default default] 10.0.0.209 "DELETE /v2.0/ports/5d8be6e0-1bbd-4d56-b5a4-c2bc26202248 HTTP/1.1" status: 204 len: 168 time: 0.5186436
2026-07-02 16:33:04.046 9 WARNING neutron.scheduler.dhcp_agent_scheduler [None req-c64119c4-f6b1-455c-b5c5-82cc1c50364d be4bc36817c3480b9f3fa698951d6a95 f5ad310c79d941b390ddd075e0519913 - - default default] No more DHCP agents
2026-07-02 16:33:04.051 9 WARNING neutron.api.rpc.agentnotifiers.dhcp_rpc_agent_api [None req-c64119c4-f6b1-455c-b5c5-82cc1c50364d be4bc36817c3480b9f3fa698951d6a95 f5ad310c79d941b390ddd075e0519913 - - default default] Unable to schedule network 0c09a0d9-0177-44c3-9cb4-299979e9a8ba: no agents available; will retry on subsequent port and subnet creation events.
2026-07-02 16:33:04.068 10 INFO neutron.db.ovn_revision_numbers_db [None req-d2fed74a-aeec-4b18-9abe-b18fa8394bde c77b6a7a4a974c6584f99b92b1174203 77ed0499132b47e8be76e7e3ffc5e714 - - default default] Successfully bumped revision number for resource 7a05fab4-124e-4dac-af57-1abd138cad1b (type: ports) to 2
2026-07-02 16:33:04.101 10 INFO neutron.db.ovn_revision_numbers_db [None req-d2fed74a-aeec-4b18-9abe-b18fa8394bde c77b6a7a4a974c6584f99b92b1174203 77ed0499132b47e8be76e7e3ffc5e714 - - default default] Successfully bumped revision number for resource 21de6e0b-f342-4d79-8e43-60c23689ce93 (type: subnets) to 0
2026-07-02 16:33:04.115 10 INFO neutron.wsgi [None req-d2fed74a-aeec-4b18-9abe-b18fa8394bde c77b6a7a4a974c6584f99b92b1174203 77ed0499132b47e8be76e7e3ffc5e714 - - default default] 10.0.0.209 "POST /v2.0/subnets HTTP/1.1" status: 201 len: 822 time: 0.8120279
2026-07-02 16:33:04.240 9 INFO neutron.db.ovn_revision_numbers_db [None req-c64119c4-f6b1-455c-b5c5-82cc1c50364d be4bc36817c3480b9f3fa698951d6a95 f5ad310c79d941b390ddd075e0519913 - - default default] Successfully bumped revision number for resource 612e7129-b1ad-49a4-9ab6-f7517db086c9 (type: ports) to 1
2026-07-02 16:33:04.270 9 INFO neutron.wsgi [None req-0718e3dc-4792-42a7-a871-b7c2b4a5bcc0 4f13f847dc654248961a616ca9e82444 bf6fcad40a6244f2b189e1284cc7cef4 - - default default] 10.0.0.209 "DELETE /v2.0/ports/a301c109-51ae-4b86-ade7-0ffe368f157a HTTP/1.1" status: 204 len: 168 time: 0.5192025
2026-07-02 16:33:04.362 9 INFO neutron.wsgi [None req-9d28d7d4-607f-4b19-8b81-e15ebc4d2920 4f13f847dc654248961a616ca9e82444 bf6fcad40a6244f2b189e1284cc7cef4 - - default default] 10.0.0.209 "GET /v2.0/ports?device_id=96b50478-bc56-4f39-b185-d829e356fc5d HTTP/1.1" status: 200 len: 1140 time: 0.0874414
2026-07-02 16:33:04.596 10 WARNING neutron.plugins.ml2.drivers.ovn.mech_driver.ovsdb.ovn_client [None req-fd4df701-26b0-41c5-b609-9382b83bb7e4 - - - - - -] No port found with ID a548077b-53f7-44dd-861e-144b31ee91e3: RuntimeError: No port found with ID a548077b-53f7-44dd-861e-144b31ee91e3
2026-07-02 16:33:04.741 10 INFO neutron.wsgi [None req-b211a2e7-814c-4877-9756-4859ca386af3 c77b6a7a4a974c6584f99b92b1174203 77ed0499132b47e8be76e7e3ffc5e714 - - default default] 10.0.0.209 "POST /v2.0/rbac-policies HTTP/1.1" status: 201 len: 523 time: 0.6217639
2026-07-02 16:33:05.260 9 ERROR ovsdbapp.backend.ovs_idl.command [None req-c64119c4-f6b1-455c-b5c5-82cc1c50364d be4bc36817c3480b9f3fa698951d6a95 f5ad310c79d941b390ddd075e0519913 - - default default] Error executing command (DbGetCommand): ovsdbapp.backend.ovs_idl.idlutils.RowNotFound: Cannot find Logical_Router_Port with name=lrp-612e7129-b1ad-49a4-9ab6-f7517db086c9
2026-07-02 16:33:05.260 9 ERROR ovsdbapp.backend.ovs_idl.command
Traceback (most recent call last):
2026-07-02 16:33:05.260 9 ERROR ovsdbapp.backend.ovs_idl.command
File "/var/lib/openstack/lib/python3.10/site-packages/ovsdbapp/backend/ovs_idl/command.py", line 47, in execute
2026-07-02 16:33:05.260 9 ERROR ovsdbapp.backend.ovs_idl.command self.run_idl(None)
2026-07-02 16:33:05.260 9 ERROR ovsdbapp.backend.ovs_idl.command
File "/var/lib/openstack/lib/python3.10/site-packages/ovsdbapp/backend/ovs_idl/command.py", line 235, in run_idl
2026-07-02 16:33:05.260 9 ERROR ovsdbapp.backend.ovs_idl.command record = self.api.lookup(self.table, self.record)
2026-07-02 16:33:05.260 9 ERROR ovsdbapp.backend.ovs_idl.command
File "/var/lib/openstack/lib/python3.10/site-packages/ovsdbapp/backend/ovs_idl/__init__.py", line 184, in lookup
2026-07-02 16:33:05.260 9 ERROR ovsdbapp.backend.ovs_idl.command return self._lookup(table, record)
2026-07-02 16:33:05.260 9 ERROR ovsdbapp.backend.ovs_idl.command
File "/var/lib/openstack/lib/python3.10/site-packages/ovsdbapp/backend/ovs_idl/__init__.py", line 235, in _lookup
2026-07-02 16:33:05.260 9 ERROR ovsdbapp.backend.ovs_idl.command row = idlutils.row_by_value(self, rl.table, rl.column, record)
2026-07-02 16:33:05.260 9 ERROR ovsdbapp.backend.ovs_idl.command
File "/var/lib/openstack/lib/python3.10/site-packages/ovsdbapp/backend/ovs_idl/idlutils.py", line 114, in row_by_value
2026-07-02 16:33:05.260 9 ERROR ovsdbapp.backend.ovs_idl.command raise RowNotFound(table=table, col=column, match=match)
2026-07-02 16:33:05.260 9 ERROR ovsdbapp.backend.ovs_idl.command ovsdbapp.backend.ovs_idl.idlutils.RowNotFound: Cannot find Logical_Router_Port with name=lrp-612e7129-b1ad-49a4-9ab6-f7517db086c9
2026-07-02 16:33:05.260 9 ERROR ovsdbapp.backend.ovs_idl.command 
2026-07-02 16:33:05.261 9 ERROR neutron_lib.callbacks.manager [None req-c64119c4-f6b1-455c-b5c5-82cc1c50364d be4bc36817c3480b9f3fa698951d6a95 f5ad310c79d941b390ddd075e0519913 - - default default] Error during notification for neutron.services.ovn_l3.plugin.OVNL3RouterPlugin._port_update-8767034085067 port, after_update: ovsdbapp.backend.ovs_idl.idlutils.RowNotFound: Cannot find Logical_Router_Port with name=lrp-612e7129-b1ad-49a4-9ab6-f7517db086c9
2026-07-02 16:33:05.261 9 ERROR neutron_lib.callbacks.manager
Traceback (most recent call last):
2026-07-02 16:33:05.261 9 ERROR neutron_lib.callbacks.manager
File "/var/lib/openstack/lib/python3.10/site-packages/neutron_lib/callbacks/manager.py", line 189, in _notify_loop
2026-07-02 16:33:05.261 9 ERROR neutron_lib.callbacks.manager callback.method(resource, event, trigger, payload=payload)
2026-07-02 16:33:05.261 9 ERROR neutron_lib.callbacks.manager
File "/var/lib/openstack/lib/python3.10/site-packages/neutron/services/ovn_l3/plugin.py", line 391, in _port_update
2026-07-02 16:33:05.261 9 ERROR neutron_lib.callbacks.manager l3plugin._ovn_client.update_router_port(context,
2026-07-02 16:33:05.261 9 ERROR neutron_lib.callbacks.manager
File "/var/lib/openstack/lib/python3.10/site-packages/neutron/plugins/ml2/drivers/ovn/mech_driver/ovsdb/ovn_client.py", line 1878, in update_router_port
2026-07-02 16:33:05.261 9 ERROR neutron_lib.callbacks.manager self._update_lrouter_port(context, port, if_exists=if_exists,
2026-07-02 16:33:05.261 9 ERROR neutron_lib.callbacks.manager
File "/var/lib/openstack/lib/python3.10/site-packages/neutron/plugins/ml2/drivers/ovn/mech_driver/ovsdb/ovn_client.py", line 1855, in _update_lrouter_port
2026-07-02 16:33:05.261 9 ERROR neutron_lib.callbacks.manager external_ids = self._nb_idl.db_get(
2026-07-02 16:33:05.261 9 ERROR neutron_lib.callbacks.manager
File "/var/lib/openstack/lib/python3.10/site-packages/ovsdbapp/backend/ovs_idl/command.py", line 47, in execute
2026-07-02 16:33:05.261 9 ERROR neutron_lib.callbacks.manager self.run_idl(None)
2026-07-02 16:33:05.261 9 ERROR neutron_lib.callbacks.manager
File "/var/lib/openstack/lib/python3.10/site-packages/ovsdbapp/backend/ovs_idl/command.py", line 235, in run_idl
2026-07-02 16:33:05.261 9 ERROR neutron_lib.callbacks.manager record = self.api.lookup(self.table, self.record)
2026-07-02 16:33:05.261 9 ERROR neutron_lib.callbacks.manager
File "/var/lib/openstack/lib/python3.10/site-packages/ovsdbapp/backend/ovs_idl/__init__.py", line 184, in lookup
2026-07-02 16:33:05.261 9 ERROR neutron_lib.callbacks.manager return self._lookup(table, record)
2026-07-02 16:33:05.261 9 ERROR neutron_lib.callbacks.manager
File "/var/lib/openstack/lib/python3.10/site-packages/ovsdbapp/backend/ovs_idl/__init__.py", line 235, in _lookup
2026-07-02 16:33:05.261 9 ERROR neutron_lib.callbacks.manager row = idlutils.row_by_value(self, rl.table, rl.column, record)
2026-07-02 16:33:05.261 9 ERROR neutron_lib.callbacks.manager
File "/var/lib/openstack/lib/python3.10/site-packages/ovsdbapp/backend/ovs_idl/idlutils.py", line 114, in row_by_value
2026-07-02 16:33:05.261 9 ERROR neutron_lib.callbacks.manager raise RowNotFound(table=table, col=column, match=match)
2026-07-02 16:33:05.261 9 ERROR neutron_lib.callbacks.manager ovsdbapp.backend.ovs_idl.idlutils.RowNotFound: Cannot find Logical_Router_Port with name=lrp-612e7129-b1ad-49a4-9ab6-f7517db086c9
2026-07-02 16:33:05.261 9 ERROR neutron_lib.callbacks.manager  /var/lib/openstack/lib/python3.10/site-packages/pycadf/identifier.py:71: UserWarning: Invalid uuid: neutron. To ensure interoperability, identifiers should be a valid uuid. warnings.warn(('Invalid uuid: %s. To ensure interoperability, '
2026-07-02 16:33:05.363 10 INFO neutron.wsgi [None req-a498baf4-cc42-4772-9fe3-92f901782260 522e5c3dba974120b53f7c55a106fb08 cef1512ad8434570beb8d968ba267546 - - default default] 10.0.0.209 "GET /v2.0/networks/84aa8c73-7af3-45e5-894a-564d75f57f68 HTTP/1.1" status: 200 len: 849 time: 0.2663090
2026-07-02 16:33:05.562 10 INFO neutron.plugins.ml2.drivers.ovn.mech_driver.mech_driver [None req-fd4df701-26b0-41c5-b609-9382b83bb7e4 - - - - - -] OVN reports status up for port: 612e7129-b1ad-49a4-9ab6-f7517db086c9
2026-07-02 16:33:05.570 10 INFO neutron.plugins.ml2.plugin [None req-fd4df701-26b0-41c5-b609-9382b83bb7e4 - - - - - -] Attempt 1 to provision port 612e7129-b1ad-49a4-9ab6-f7517db086c9
2026-07-02 16:33:05.593 9 INFO neutron.db.ovn_revision_numbers_db [None req-c64119c4-f6b1-455c-b5c5-82cc1c50364d be4bc36817c3480b9f3fa698951d6a95 f5ad310c79d941b390ddd075e0519913 - - default default] Successfully bumped revision number for resource 612e7129-b1ad-49a4-9ab6-f7517db086c9 (type: ports) to 1
2026-07-02 16:33:05.914 9 WARNING neutron.scheduler.dhcp_agent_scheduler [None req-c64119c4-f6b1-455c-b5c5-82cc1c50364d be4bc36817c3480b9f3fa698951d6a95 f5ad310c79d941b390ddd075e0519913 - - default default] No more DHCP agents
2026-07-02 16:33:05.917 9 WARNING neutron.api.rpc.agentnotifiers.dhcp_rpc_agent_api [None req-c64119c4-f6b1-455c-b5c5-82cc1c50364d be4bc36817c3480b9f3fa698951d6a95 f5ad310c79d941b390ddd075e0519913 - - default default] Unable to schedule network 0c09a0d9-0177-44c3-9cb4-299979e9a8ba: no agents available; will retry on subsequent port and subnet creation events.
2026-07-02 16:33:06.024 10 INFO neutron.pecan_wsgi.hooks.translation [None req-7b7d40c7-51fa-4573-8783-fb8e73d1b271 38690534360041fba73ecd8defd064a8 e772140d2a354debbe8db9f14445fc9d - - default default] GET failed (client error): The resource could not be found.
2026-07-02 16:33:06.025 10 INFO neutron.wsgi [None req-7b7d40c7-51fa-4573-8783-fb8e73d1b271 38690534360041fba73ecd8defd064a8 e772140d2a354debbe8db9f14445fc9d - - default default] 10.0.0.209 "GET /v2.0/networks/84aa8c73-7af3-45e5-894a-564d75f57f68 HTTP/1.1" status: 404 len: 339 time: 0.2430360
2026-07-02 16:33:06.051 10 INFO neutron.db.ovn_revision_numbers_db [None req-fd4df701-26b0-41c5-b609-9382b83bb7e4 - - - - - -] Successfully bumped revision number for resource 612e7129-b1ad-49a4-9ab6-f7517db086c9 (type: ports) to 2
2026-07-02 16:33:06.142 9 INFO neutron.db.ovn_revision_numbers_db [None req-c64119c4-f6b1-455c-b5c5-82cc1c50364d be4bc36817c3480b9f3fa698951d6a95 f5ad310c79d941b390ddd075e0519913 - - default default] Successfully bumped revision number for resource 612e7129-b1ad-49a4-9ab6-f7517db086c9 (type: router_ports) to 2
2026-07-02 16:33:06.147 9 INFO neutron.wsgi [None req-c64119c4-f6b1-455c-b5c5-82cc1c50364d be4bc36817c3480b9f3fa698951d6a95 f5ad310c79d941b390ddd075e0519913 - - default default] 10.0.0.209 "PUT /v2.0/routers/1072f3e5-0bb2-4e21-b0d6-fd0c1141f1c0/add_router_interface HTTP/1.1" status: 200 len: 503 time: 2.5469329
2026-07-02 16:33:06.211 9 INFO neutron.wsgi [None req-97830e2d-8b45-4319-b1ef-ebe11770e40e be4bc36817c3480b9f3fa698951d6a95 f5ad310c79d941b390ddd075e0519913 - - default default] 10.0.0.209 "GET /v2.0/ports/612e7129-b1ad-49a4-9ab6-f7517db086c9 HTTP/1.1" status: 200 len: 1137 time: 0.0580697
2026-07-02 16:33:06.257 9 INFO neutron.wsgi [None req-dbcb0f77-fa60-4930-8a54-938e8923780a be4bc36817c3480b9f3fa698951d6a95 f5ad310c79d941b390ddd075e0519913 - - default default] 10.0.0.209 "GET /v2.0/ports/612e7129-b1ad-49a4-9ab6-f7517db086c9 HTTP/1.1" status: 200 len: 1137 time: 0.0405760
2026-07-02 16:33:06.369 9 INFO neutron.wsgi [None req-52e58e30-ce0b-4c91-8883-1c8c6c712bc3 4f13f847dc654248961a616ca9e82444 bf6fcad40a6244f2b189e1284cc7cef4 - - default default] 10.0.0.209 "PUT /v2.0/routers/96b50478-bc56-4f39-b185-d829e356fc5d/remove_router_interface HTTP/1.1" status: 200 len: 503 time: 2.0013390
2026-07-02 16:33:06.654 9 INFO neutron.wsgi [-] 10.0.0.142 "GET / HTTP/1.1" status: 200 len: 247 time: 0.0022020
2026-07-02 16:33:06.656 9 INFO neutron.wsgi [-] 10.0.0.142 "GET / HTTP/1.1" status: 200 len: 247 time: 0.0012543
2026-07-02 16:33:06.787 10 INFO neutron.services.segments.plugin [-] Segment 3c53a468-fb7b-488a-85f9-bb20b32920d8 resource provider aggregate not found
2026-07-02 16:33:06.791 10 INFO neutron.services.segments.plugin [-] Segment 3c53a468-fb7b-488a-85f9-bb20b32920d8 resource provider aggregate not found
2026-07-02 16:33:06.812 10 INFO neutron.services.segments.plugin [-] Segment 3c53a468-fb7b-488a-85f9-bb20b32920d8 resource provider not found; error: Placement Client Error (4xx): {"errors": [{"status": 404, "title": "Not Found", "detail": "The resource could not be found.\n\n No resource provider with uuid 3c53a468-fb7b-488a-85f9-bb20b32920d8 found for delete ", "request_id": "req-941e0fb8-3d75-4964-bbd7-77892c1ef4a5"}]}
2026-07-02 16:33:06.812 10 INFO neutron.services.segments.plugin [-] Segment 3c53a468-fb7b-488a-85f9-bb20b32920d8 resource provider not found; error: Placement Client Error (4xx): {"errors": [{"status": 404, "title": "Not Found", "detail": "The resource could not be found.\n\n No resource provider with uuid 3c53a468-fb7b-488a-85f9-bb20b32920d8 found for delete ", "request_id": "req-20bc34ec-ca58-49b1-a952-29cae354565c"}]}
2026-07-02 16:33:06.822 10 INFO neutron.wsgi [None req-a09e0131-aec2-4679-9cb5-ef655f9bc5fd c77b6a7a4a974c6584f99b92b1174203 77ed0499132b47e8be76e7e3ffc5e714 - - default default] 10.0.0.209 "DELETE /v2.0/networks/84aa8c73-7af3-45e5-894a-564d75f57f68 HTTP/1.1" status: 204 len: 168 time: 0.7848175 /var/lib/openstack/lib/python3.10/site-packages/pycadf/identifier.py:71: UserWarning: Invalid uuid: neutron. To ensure interoperability, identifiers should be a valid uuid. warnings.warn(('Invalid uuid: %s. To ensure interoperability, '
2026-07-02 16:33:06.845 9 INFO neutron.pecan_wsgi.hooks.translation [None req-09b01ecb-0bb7-461e-8547-44a8ee839406 c77b6a7a4a974c6584f99b92b1174203 77ed0499132b47e8be76e7e3ffc5e714 - - default default] DELETE failed (client error): The resource could not be found.
2026-07-02 16:33:06.847 9 INFO neutron.wsgi [None req-09b01ecb-0bb7-461e-8547-44a8ee839406 c77b6a7a4a974c6584f99b92b1174203 77ed0499132b47e8be76e7e3ffc5e714 - - default default] 10.0.0.209 "DELETE /v2.0/subnets/b67e4ff8-97d8-4288-a467-f19584645301 HTTP/1.1" status: 404 len: 337 time: 0.0190063
2026-07-02 16:33:06.871 9 INFO neutron.pecan_wsgi.hooks.translation [None req-2080df39-b1d0-409c-ab80-3f9b36a53449 c77b6a7a4a974c6584f99b92b1174203 77ed0499132b47e8be76e7e3ffc5e714 - - default default] DELETE failed (client error): The resource could not be found.
2026-07-02 16:33:06.874 9 INFO neutron.wsgi [None req-2080df39-b1d0-409c-ab80-3f9b36a53449 c77b6a7a4a974c6584f99b92b1174203 77ed0499132b47e8be76e7e3ffc5e714 - - default default] 10.0.0.209 "DELETE /v2.0/subnets/87e235b0-8912-42f3-b48f-debd067f167a HTTP/1.1" status: 404 len: 337 time: 0.0220661
2026-07-02 16:33:06.903 10 INFO neutron.pecan_wsgi.hooks.translation [None req-0442c169-d15e-4c46-938c-9bcd7f2b09bc c77b6a7a4a974c6584f99b92b1174203 77ed0499132b47e8be76e7e3ffc5e714 - - default default] DELETE failed (client error): The resource could not be found.
2026-07-02 16:33:06.905 10 INFO neutron.wsgi [None req-0442c169-d15e-4c46-938c-9bcd7f2b09bc c77b6a7a4a974c6584f99b92b1174203 77ed0499132b47e8be76e7e3ffc5e714 - - default default] 10.0.0.209 "DELETE /v2.0/subnets/21de6e0b-f342-4d79-8e43-60c23689ce93 HTTP/1.1" status: 404 len: 337 time: 0.0228424
2026-07-02 16:33:07.075 9 INFO neutron.wsgi [None req-661ea5e0-3147-4b7e-a1a4-49add39fc0bf be4bc36817c3480b9f3fa698951d6a95 f5ad310c79d941b390ddd075e0519913 - - default default] 10.0.0.209 "PUT /v2.0/routers/1072f3e5-0bb2-4e21-b0d6-fd0c1141f1c0/remove_router_interface HTTP/1.1" status: 200 len: 503 time: 0.8125641 /var/lib/openstack/lib/python3.10/site-packages/pycadf/identifier.py:71: UserWarning: Invalid uuid: neutron. To ensure interoperability, identifiers should be a valid uuid. warnings.warn(('Invalid uuid: %s. To ensure interoperability, '
2026-07-02 16:33:07.107 9 INFO neutron.wsgi [None req-6affbf8d-79a0-41aa-aa75-7d0708ad3595 be4bc36817c3480b9f3fa698951d6a95 f5ad310c79d941b390ddd075e0519913 - - default default] 10.0.0.209 "GET /v2.0/ports?device_id=1072f3e5-0bb2-4e21-b0d6-fd0c1141f1c0 HTTP/1.1" status: 200 len: 205 time: 0.0250704
2026-07-02 16:33:07.757 10 INFO neutron.wsgi [None req-fe45da89-a6da-4a39-b36e-7c2aa6a6563e 4f13f847dc654248961a616ca9e82444 bf6fcad40a6244f2b189e1284cc7cef4 - - default default] 10.0.0.209 "DELETE /v2.0/routers/96b50478-bc56-4f39-b185-d829e356fc5d HTTP/1.1" status: 204 len: 168 time: 1.3809803
2026-07-02 16:33:07.762 10 INFO neutron.wsgi [None req-7772dfec-dc1d-460d-9401-997d8c2f18c3 be4bc36817c3480b9f3fa698951d6a95 f5ad310c79d941b390ddd075e0519913 - - default default] 10.0.0.209 "DELETE /v2.0/routers/1072f3e5-0bb2-4e21-b0d6-fd0c1141f1c0 HTTP/1.1" status: 204 len: 168 time: 0.6499939
2026-07-02 16:33:07.930 9 WARNING neutron_lib.context [None req-84917a8f-0445-41d8-a66b-d4de638fad68 808ad769acaf49bdb163a36dd6813ce2 977ba190b0ff4c779df528c236b6a7b2 - - default default] Method 'is_advsvc' is deprecated since 2023.2 release (neutron-lib 3.8.0) and will be removed once support for the old RBAC API policies will be removed from Neutron. Please use method 'is_service_role' instead.
2026-07-02 16:33:07.947 10 INFO neutron.wsgi [None req-ca4bbda7-4b81-408b-a0e0-431dd88fe10e 4f13f847dc654248961a616ca9e82444 bf6fcad40a6244f2b189e1284cc7cef4 - - default default] 10.0.0.209 "DELETE /v2.0/subnets/55c47311-0f28-4c7c-8cea-c11c67efa9bd HTTP/1.1" status: 204 len: 168 time: 0.1830003
2026-07-02 16:33:07.982 9 INFO neutron.wsgi [None req-917a5edb-bc9f-45f7-a7b9-b99c8707ad3a be4bc36817c3480b9f3fa698951d6a95 f5ad310c79d941b390ddd075e0519913 - - default default] 10.0.0.209 "DELETE /v2.0/subnets/3f51f4ab-08ed-4c32-9c40-0d865d56b689 HTTP/1.1" status: 204 len: 168 time: 0.2147563
2026-07-02 16:33:08.020 10 INFO neutron.wsgi [None req-e8d211db-18f3-4bcc-ba83-0422c4951b11 e217a29ff76048a09ef16d00846d9818 cf86fbaec5b94084b1a310024bfed582 - - default default] 10.0.0.209 "GET /v2.0/security-groups?tenant_id=77ed0499132b47e8be76e7e3ffc5e714&name=default HTTP/1.1" status: 200 len: 3120 time: 0.1106856
2026-07-02 16:33:08.118 9 INFO neutron.db.ovn_revision_numbers_db [None req-84917a8f-0445-41d8-a66b-d4de638fad68 808ad769acaf49bdb163a36dd6813ce2 977ba190b0ff4c779df528c236b6a7b2 - - default default] Successfully bumped revision number for resource 674b7716-196b-4e70-9250-767736c339f9 (type: security_groups) to 1
2026-07-02 16:33:08.141 9 INFO neutron.db.ovn_revision_numbers_db [None req-84917a8f-0445-41d8-a66b-d4de638fad68 808ad769acaf49bdb163a36dd6813ce2 977ba190b0ff4c779df528c236b6a7b2 - - default default] Successfully bumped revision number for resource 0d211c50-a49a-4fe5-85c2-42c0de26908d (type: security_group_rules) to 0
2026-07-02 16:33:08.157 9 INFO neutron.db.ovn_revision_numbers_db [None req-84917a8f-0445-41d8-a66b-d4de638fad68 808ad769acaf49bdb163a36dd6813ce2 977ba190b0ff4c779df528c236b6a7b2 - - default default] Successfully bumped revision number for resource 1c2a9404-882a-43e7-9aef-d5fe76bdaaec (type: security_group_rules) to 0
2026-07-02 16:33:08.185 9 INFO neutron.db.ovn_revision_numbers_db [None req-84917a8f-0445-41d8-a66b-d4de638fad68 808ad769acaf49bdb163a36dd6813ce2 977ba190b0ff4c779df528c236b6a7b2 - - default default] Successfully bumped revision number for resource 5e41f6e4-18af-4d02-8269-0ae791857efd (type: security_group_rules) to 0
2026-07-02 16:33:08.198 9 INFO neutron.db.ovn_revision_numbers_db [None req-84917a8f-0445-41d8-a66b-d4de638fad68 808ad769acaf49bdb163a36dd6813ce2 977ba190b0ff4c779df528c236b6a7b2 - - default default] Successfully bumped revision number for resource e1f53327-bff5-4181-a4e5-f560e6b1f8e9 (type: security_group_rules) to 0
2026-07-02 16:33:08.255 9 INFO neutron.db.segments_db [None req-84917a8f-0445-41d8-a66b-d4de638fad68 808ad769acaf49bdb163a36dd6813ce2 977ba190b0ff4c779df528c236b6a7b2 - - default default] Added segment 27369ac0-cfa6-4f20-8214-946a74901f96 of type geneve for network d4676b83-2816-48b5-8155-15eee16c7dc6
2026-07-02 16:33:08.307 10 INFO neutron.wsgi [None req-de57bd87-bc2e-4864-a65f-a5c6d67c0f2b e217a29ff76048a09ef16d00846d9818 cf86fbaec5b94084b1a310024bfed582 - - default default] 10.0.0.209 "DELETE /v2.0/security-groups/91887b8b-3bee-41bd-a0e4-4f8ab30bc7da HTTP/1.1" status: 204 len: 168 time: 0.2812195
2026-07-02 16:33:08.462 9 INFO neutron.services.segments.plugin [-] Segment 062b74bd-3d5c-4f09-aa17-77f9848a9c53 resource provider aggregate not found
2026-07-02 16:33:08.471 9 INFO neutron.services.segments.plugin [-] Segment 062b74bd-3d5c-4f09-aa17-77f9848a9c53 resource provider aggregate not found
2026-07-02 16:33:08.475 9 INFO neutron.db.ovn_revision_numbers_db [None req-84917a8f-0445-41d8-a66b-d4de638fad68 808ad769acaf49bdb163a36dd6813ce2 977ba190b0ff4c779df528c236b6a7b2 - - default default] Successfully bumped revision number for resource d4676b83-2816-48b5-8155-15eee16c7dc6 (type: networks) to 1
2026-07-02 16:33:08.480 10 INFO neutron.wsgi [None req-7e82687b-c5fe-4b12-83f6-0788b16e23a8 4f13f847dc654248961a616ca9e82444 bf6fcad40a6244f2b189e1284cc7cef4 - - default default] 10.0.0.209 "DELETE /v2.0/networks/27242984-4727-4d00-8791-b6840b209921 HTTP/1.1" status: 204 len: 168 time: 0.5273881
2026-07-02 16:33:08.492 9 INFO neutron.services.segments.plugin [-] Segment 062b74bd-3d5c-4f09-aa17-77f9848a9c53 resource provider not found; error: Placement Client Error (4xx): {"errors": [{"status": 404, "title": "Not Found", "detail": "The resource could not be found.\n\n No resource provider with uuid 062b74bd-3d5c-4f09-aa17-77f9848a9c53 found for delete ", "request_id": "req-79e7feea-fd49-47b4-9735-fb4ee4539447"}]}
2026-07-02 16:33:08.503 9 INFO neutron.services.segments.plugin [-] Segment 062b74bd-3d5c-4f09-aa17-77f9848a9c53 resource provider not found; error: Placement Client Error (4xx): {"errors": [{"status": 404, "title": "Not Found", "detail": "The resource could not be found.\n\n No resource provider with uuid 062b74bd-3d5c-4f09-aa17-77f9848a9c53 found for delete ", "request_id": "req-f2701d7f-6d02-4811-8384-a0ba6b4a6d32"}]}
2026-07-02 16:33:08.537 9 INFO neutron.wsgi [None req-d743df16-7423-4bc5-8443-8b1842a85e81 be4bc36817c3480b9f3fa698951d6a95 f5ad310c79d941b390ddd075e0519913 - - default default] 10.0.0.209 "DELETE /v2.0/networks/0c09a0d9-0177-44c3-9cb4-299979e9a8ba HTTP/1.1" status: 204 len: 168 time: 0.5492258
2026-07-02 16:33:08.554 10 WARNING neutron_lib.context [None req-678796cb-383b-4c57-98cc-07b57dc03fdb be4bc36817c3480b9f3fa698951d6a95 f5ad310c79d941b390ddd075e0519913 - - default default] Method 'is_advsvc' is deprecated since 2023.2 release (neutron-lib 3.8.0) and will be removed once support for the old RBAC API policies will be removed from Neutron. Please use method 'is_service_role' instead.
2026-07-02 16:33:08.686 9 WARNING neutron.scheduler.dhcp_agent_scheduler [None req-84917a8f-0445-41d8-a66b-d4de638fad68 808ad769acaf49bdb163a36dd6813ce2 977ba190b0ff4c779df528c236b6a7b2 - - default default] No more DHCP agents
2026-07-02 16:33:08.688 9 WARNING neutron.api.rpc.agentnotifiers.dhcp_rpc_agent_api [None req-84917a8f-0445-41d8-a66b-d4de638fad68 808ad769acaf49bdb163a36dd6813ce2 977ba190b0ff4c779df528c236b6a7b2 - - default default] Unable to schedule network d4676b83-2816-48b5-8155-15eee16c7dc6: no agents available; will retry on subsequent port and subnet creation events.
2026-07-02 16:33:08.749 10 INFO neutron.db.ovn_revision_numbers_db [None req-333fd2da-0437-4046-87d9-3959626b9416 e217a29ff76048a09ef16d00846d9818 cf86fbaec5b94084b1a310024bfed582 - - default default] Successfully bumped revision number for resource 58da051d-ae18-4a6c-8068-67f16577b990 (type: security_groups) to 1
2026-07-02 16:33:08.796 15 INFO neutron.plugins.ml2.drivers.ovn.mech_driver.ovsdb.maintenance [None req-1e46cbc2-e110-464a-b85b-9ead1444de7d - - - - - -] Maintenance task: Synchronization completed (took 1.34 seconds)
2026-07-02 16:33:08.797 10 INFO neutron.db.ovn_revision_numbers_db [None req-333fd2da-0437-4046-87d9-3959626b9416 e217a29ff76048a09ef16d00846d9818 cf86fbaec5b94084b1a310024bfed582 - - default default] Successfully bumped revision number for resource 16ffad4d-5a8b-4e6f-901f-b518a3793aea (type: security_group_rules) to 0
2026-07-02 16:33:08.813 9 INFO neutron.db.ovn_revision_numbers_db [None req-84917a8f-0445-41d8-a66b-d4de638fad68 808ad769acaf49bdb163a36dd6813ce2 977ba190b0ff4c779df528c236b6a7b2 - - default default] Successfully bumped revision number for resource a6778900-3773-47c0-821f-c40f7f1b634a (type: ports) to 1
2026-07-02 16:33:08.827 10 INFO neutron.db.ovn_revision_numbers_db [None req-333fd2da-0437-4046-87d9-3959626b9416 e217a29ff76048a09ef16d00846d9818 cf86fbaec5b94084b1a310024bfed582 - - default default] Successfully bumped revision number for resource 6995fa37-ff50-4c9f-ac22-8d762cea82d4 (type: security_group_rules) to 0
2026-07-02 16:33:08.837 10 INFO neutron.services.segments.plugin [-] Segment 37875c0d-13a1-47ec-8ac2-fffe97f396e2 resource provider aggregate not found
2026-07-02 16:33:08.842 9 INFO neutron.wsgi [None req-84917a8f-0445-41d8-a66b-d4de638fad68 808ad769acaf49bdb163a36dd6813ce2 977ba190b0ff4c779df528c236b6a7b2 - - default default] 10.0.0.209 "POST /v2.0/networks HTTP/1.1" status: 201 len: 831 time: 1.1026883
2026-07-02 16:33:08.842 10 INFO neutron.services.segments.plugin [-] Segment 37875c0d-13a1-47ec-8ac2-fffe97f396e2 resource provider aggregate not found
2026-07-02 16:33:08.854 9 WARNING neutron_lib.context [None req-5e3bd5d8-1d3c-4586-9ef4-b51e261621b1 808ad769acaf49bdb163a36dd6813ce2 977ba190b0ff4c779df528c236b6a7b2 - - default default] Method 'is_advsvc' is deprecated since 2023.2 release (neutron-lib 3.8.0) and will be removed once support for the old RBAC API policies will be removed from Neutron. Please use method 'is_service_role' instead.
2026-07-02 16:33:08.860 10 INFO neutron.services.segments.plugin [-] Segment 37875c0d-13a1-47ec-8ac2-fffe97f396e2 resource provider not found; error: Placement Client Error (4xx): {"errors": [{"status": 404, "title": "Not Found", "detail": "The resource could not be found.\n\n No resource provider with uuid 37875c0d-13a1-47ec-8ac2-fffe97f396e2 found for delete ", "request_id": "req-79ac109c-e194-4a21-933c-0ac0d437e0d6"}]}
2026-07-02 16:33:08.863 10 INFO neutron.services.segments.plugin [-] Segment 37875c0d-13a1-47ec-8ac2-fffe97f396e2 resource provider not found; error: Placement Client Error (4xx): {"errors": [{"status": 404, "title": "Not Found", "detail": "The resource could not be found.\n\n No resource provider with uuid 37875c0d-13a1-47ec-8ac2-fffe97f396e2 found for delete ", "request_id": "req-164bebc5-8e75-4773-bc93-047d6b7e6ec7"}]}
2026-07-02 16:33:08.866 10 INFO neutron.db.ovn_revision_numbers_db [None req-333fd2da-0437-4046-87d9-3959626b9416 e217a29ff76048a09ef16d00846d9818 cf86fbaec5b94084b1a310024bfed582 - - default default] Successfully bumped revision number for resource 6f8a08b2-ba02-4cd6-b22e-34bce51a9f48 (type: security_group_rules) to 0
2026-07-02 16:33:08.923 10 INFO neutron.db.ovn_revision_numbers_db [None req-333fd2da-0437-4046-87d9-3959626b9416 e217a29ff76048a09ef16d00846d9818 cf86fbaec5b94084b1a310024bfed582 - - default default] Successfully bumped revision number for resource 73db3d3b-822d-4e02-a9ab-177909969f69 (type: security_group_rules) to 0
2026-07-02 16:33:08.947 9 INFO neutron.db.segments_db [None req-5e3bd5d8-1d3c-4586-9ef4-b51e261621b1 808ad769acaf49bdb163a36dd6813ce2 977ba190b0ff4c779df528c236b6a7b2 - - default default] Added segment d22fa572-5a0a-4535-ac89-0c7311f419d3 of type geneve for network 96d524c5-8d2e-4c89-9724-06e49e8b455e
2026-07-02 16:33:08.952 10 INFO neutron.wsgi [None req-333fd2da-0437-4046-87d9-3959626b9416 e217a29ff76048a09ef16d00846d9818 cf86fbaec5b94084b1a310024bfed582 - - default default] 10.0.0.209 "GET /v2.0/security-groups?tenant_id=cef1512ad8434570beb8d968ba267546&name=default HTTP/1.1" status: 200 len: 3120 time: 0.4649062
2026-07-02 16:33:09.111 9 INFO neutron.db.ovn_revision_numbers_db [None req-5e3bd5d8-1d3c-4586-9ef4-b51e261621b1 808ad769acaf49bdb163a36dd6813ce2 977ba190b0ff4c779df528c236b6a7b2 - - default default] Successfully bumped revision number for resource 96d524c5-8d2e-4c89-9724-06e49e8b455e (type: networks) to 1
2026-07-02 16:33:09.219 10 INFO neutron.wsgi [None req-1b3ca4a4-4014-423b-993d-b337d049a7bd e217a29ff76048a09ef16d00846d9818 cf86fbaec5b94084b1a310024bfed582 - - default default] 10.0.0.209 "GET /v2.0/security-groups?tenant_id=bf6fcad40a6244f2b189e1284cc7cef4&name=default HTTP/1.1" status: 200 len: 3120 time: 0.1816154
2026-07-02 16:33:09.264 10 WARNING neutron.scheduler.dhcp_agent_scheduler [None req-678796cb-383b-4c57-98cc-07b57dc03fdb be4bc36817c3480b9f3fa698951d6a95 f5ad310c79d941b390ddd075e0519913 - - default default] No more DHCP agents
2026-07-02 16:33:09.268 10 WARNING neutron.api.rpc.agentnotifiers.dhcp_rpc_agent_api [None req-678796cb-383b-4c57-98cc-07b57dc03fdb be4bc36817c3480b9f3fa698951d6a95 f5ad310c79d941b390ddd075e0519913 - - default default] Unable to schedule network 888ddc7f-1bc8-4e2b-bcfa-6f8dd831c921: no agents available; will retry on subsequent port and subnet creation events.
2026-07-02 16:33:09.306 9 WARNING neutron.scheduler.dhcp_agent_scheduler [None req-5e3bd5d8-1d3c-4586-9ef4-b51e261621b1 808ad769acaf49bdb163a36dd6813ce2 977ba190b0ff4c779df528c236b6a7b2 - - default default] No more DHCP agents
2026-07-02 16:33:09.310 9 WARNING neutron.api.rpc.agentnotifiers.dhcp_rpc_agent_api [None req-5e3bd5d8-1d3c-4586-9ef4-b51e261621b1 808ad769acaf49bdb163a36dd6813ce2 977ba190b0ff4c779df528c236b6a7b2 - - default default] Unable to schedule network 96d524c5-8d2e-4c89-9724-06e49e8b455e: no agents available; will retry on subsequent port and subnet creation events.
2026-07-02 16:33:09.344 10 INFO neutron.wsgi [None req-90904e88-19dc-4209-bb68-fc058124f295 e217a29ff76048a09ef16d00846d9818 cf86fbaec5b94084b1a310024bfed582 - - default default] 10.0.0.209 "DELETE /v2.0/security-groups/58da051d-ae18-4a6c-8068-67f16577b990 HTTP/1.1" status: 204 len: 168 time: 0.3837798
