2026-07-02 16:34:03.071 10 INFO neutron.wsgi [None req-457e597e-7055-4785-bee0-ff33ae1b5cb5 e217a29ff76048a09ef16d00846d9818 cf86fbaec5b94084b1a310024bfed582 - - default default] 10.0.0.209 "GET /v2.0/security-groups?tenant_id=c860b420491b4b59b04bdef008771d0d&name=default HTTP/1.1" status: 200 len: 3120 time: 0.4002779
2026-07-02 16:34:03.312 9 INFO neutron.wsgi [None req-a2de246e-df7b-4830-97cc-b848bf3a8ae9 e217a29ff76048a09ef16d00846d9818 cf86fbaec5b94084b1a310024bfed582 - - default default] 10.0.0.209 "DELETE /v2.0/security-groups/ba88b881-6397-47a9-a745-437f77dbc339 HTTP/1.1" status: 204 len: 168 time: 0.2345946
2026-07-02 16:34:03.316 10 WARNING neutron_lib.context [None req-8f77a234-aa45-4754-a79f-03437ca41ea9 66d3a42c36a54cc6a8d1bb7655facc8a 29cf79cb25ec4cfc9c387a7593a0df38 - - default default] Method 'is_advsvc' is deprecated since 2023.2 release (neutron-lib 3.8.0) and will be removed once support for the old RBAC API policies will be removed from Neutron. Please use method 'is_service_role' instead.
2026-07-02 16:34:03.489 10 INFO neutron.db.ovn_revision_numbers_db [None req-8f77a234-aa45-4754-a79f-03437ca41ea9 66d3a42c36a54cc6a8d1bb7655facc8a 29cf79cb25ec4cfc9c387a7593a0df38 - - default default] Successfully bumped revision number for resource 3493f906-9ef6-4638-8f9a-f93a479be2e4 (type: routers) to 1
2026-07-02 16:34:03.511 10 INFO neutron.wsgi [None req-8f77a234-aa45-4754-a79f-03437ca41ea9 66d3a42c36a54cc6a8d1bb7655facc8a 29cf79cb25ec4cfc9c387a7593a0df38 - - default default] 10.0.0.209 "POST /v2.0/routers HTTP/1.1" status: 201 len: 769 time: 0.3101952
2026-07-02 16:34:03.521 10 WARNING neutron_lib.context [None req-a7903b83-8ccd-4788-b458-fd682ffce4de 66d3a42c36a54cc6a8d1bb7655facc8a 29cf79cb25ec4cfc9c387a7593a0df38 - - default default] Method 'is_advsvc' is deprecated since 2023.2 release (neutron-lib 3.8.0) and will be removed once support for the old RBAC API policies will be removed from Neutron. Please use method 'is_service_role' instead.
2026-07-02 16:34:03.637 9 INFO neutron.db.ovn_revision_numbers_db [None req-58315d35-0971-4cd4-8df8-70df9cb7c139 e217a29ff76048a09ef16d00846d9818 cf86fbaec5b94084b1a310024bfed582 - - default default] Successfully bumped revision number for resource eb523508-7b06-4563-8c5f-449ad83d00d6 (type: security_groups) to 1
2026-07-02 16:34:03.641 10 INFO neutron.db.ovn_revision_numbers_db [None req-a7903b83-8ccd-4788-b458-fd682ffce4de 66d3a42c36a54cc6a8d1bb7655facc8a 29cf79cb25ec4cfc9c387a7593a0df38 - - default default] Successfully bumped revision number for resource 98ccdaba-89df-42ac-ad77-006956ec0ad9 (type: routers) to 1
2026-07-02 16:34:03.649 9 INFO neutron.db.ovn_revision_numbers_db [None req-58315d35-0971-4cd4-8df8-70df9cb7c139 e217a29ff76048a09ef16d00846d9818 cf86fbaec5b94084b1a310024bfed582 - - default default] Successfully bumped revision number for resource 1553a172-c52b-4a1e-a9ee-60c93a8256f0 (type: security_group_rules) to 0
2026-07-02 16:34:03.657 10 INFO neutron.wsgi [None req-a7903b83-8ccd-4788-b458-fd682ffce4de 66d3a42c36a54cc6a8d1bb7655facc8a 29cf79cb25ec4cfc9c387a7593a0df38 - - default default] 10.0.0.209 "POST /v2.0/routers HTTP/1.1" status: 201 len: 769 time: 0.1413023
2026-07-02 16:34:03.662 10 WARNING neutron_lib.context [None req-c3a392ba-c08a-46ef-94ed-6abb3b768129 002a8fcb827c463eb309e310a3a0c2fc 72abd2ba23f7466d85d43376fe9a2708 - - default default] Method 'is_advsvc' is deprecated since 2023.2 release (neutron-lib 3.8.0) and will be removed once support for the old RBAC API policies will be removed from Neutron. Please use method 'is_service_role' instead.
2026-07-02 16:34:03.669 9 WARNING neutron_lib.context [None req-294ccd41-f9fe-447d-aae9-80cb7d056d44 66d3a42c36a54cc6a8d1bb7655facc8a 29cf79cb25ec4cfc9c387a7593a0df38 - - default default] Method 'is_advsvc' is deprecated since 2023.2 release (neutron-lib 3.8.0) and will be removed once support for the old RBAC API policies will be removed from Neutron. Please use method 'is_service_role' instead.
2026-07-02 16:34:03.674 9 INFO neutron.db.ovn_revision_numbers_db [None req-58315d35-0971-4cd4-8df8-70df9cb7c139 e217a29ff76048a09ef16d00846d9818 cf86fbaec5b94084b1a310024bfed582 - - default default] Successfully bumped revision number for resource 1c748223-47d2-432b-b6f7-a7dab86d0ed6 (type: security_group_rules) to 0
2026-07-02 16:34:03.690 9 INFO neutron.db.ovn_revision_numbers_db [None req-58315d35-0971-4cd4-8df8-70df9cb7c139 e217a29ff76048a09ef16d00846d9818 cf86fbaec5b94084b1a310024bfed582 - - default default] Successfully bumped revision number for resource 4b57c3c0-293e-46df-be4b-443d643efa79 (type: security_group_rules) to 0
2026-07-02 16:34:03.713 9 INFO neutron.db.ovn_revision_numbers_db [None req-58315d35-0971-4cd4-8df8-70df9cb7c139 e217a29ff76048a09ef16d00846d9818 cf86fbaec5b94084b1a310024bfed582 - - default default] Successfully bumped revision number for resource 55ee8fb2-9e0c-4fcd-8247-d3a8861ab2d9 (type: security_group_rules) to 0
2026-07-02 16:34:03.758 9 INFO neutron.wsgi [None req-58315d35-0971-4cd4-8df8-70df9cb7c139 e217a29ff76048a09ef16d00846d9818 cf86fbaec5b94084b1a310024bfed582 - - default default] 10.0.0.209 "GET /v2.0/security-groups?tenant_id=62665853bc39432d96218950c311cbf5&name=default HTTP/1.1" status: 200 len: 3120 time: 0.2453303
2026-07-02 16:34:03.823 10 INFO neutron.db.ovn_revision_numbers_db [None req-c3a392ba-c08a-46ef-94ed-6abb3b768129 002a8fcb827c463eb309e310a3a0c2fc 72abd2ba23f7466d85d43376fe9a2708 - - default default] Successfully bumped revision number for resource 9089d0d6-14fa-48b4-bf46-f53511c0d88c (type: security_groups) to 1
2026-07-02 16:34:03.838 10 INFO neutron.db.ovn_revision_numbers_db [None req-c3a392ba-c08a-46ef-94ed-6abb3b768129 002a8fcb827c463eb309e310a3a0c2fc 72abd2ba23f7466d85d43376fe9a2708 - - default default] Successfully bumped revision number for resource 3d27e88b-fbff-4920-92fc-53d6402fad35 (type: security_group_rules) to 0
2026-07-02 16:34:03.843 9 INFO neutron.db.ovn_revision_numbers_db [None req-294ccd41-f9fe-447d-aae9-80cb7d056d44 66d3a42c36a54cc6a8d1bb7655facc8a 29cf79cb25ec4cfc9c387a7593a0df38 - - default default] Successfully bumped revision number for resource dbadb3cd-076a-4115-b01f-35c3dce444ec (type: routers) to 1
2026-07-02 16:34:03.852 10 INFO neutron.db.ovn_revision_numbers_db [None req-c3a392ba-c08a-46ef-94ed-6abb3b768129 002a8fcb827c463eb309e310a3a0c2fc 72abd2ba23f7466d85d43376fe9a2708 - - default default] Successfully bumped revision number for resource 87b17e25-872a-4522-8308-c725c08345b7 (type: security_group_rules) to 0
2026-07-02 16:34:03.863 9 INFO neutron.wsgi [None req-294ccd41-f9fe-447d-aae9-80cb7d056d44 66d3a42c36a54cc6a8d1bb7655facc8a 29cf79cb25ec4cfc9c387a7593a0df38 - - default default] 10.0.0.209 "POST /v2.0/routers HTTP/1.1" status: 201 len: 769 time: 0.2012067
2026-07-02 16:34:03.867 10 INFO neutron.db.ovn_revision_numbers_db [None req-c3a392ba-c08a-46ef-94ed-6abb3b768129 002a8fcb827c463eb309e310a3a0c2fc 72abd2ba23f7466d85d43376fe9a2708 - - default default] Successfully bumped revision number for resource d0e35f8c-bec1-4512-8939-cebaf0e8bf7e (type: security_group_rules) to 0
2026-07-02 16:34:03.876 10 WARNING neutron_lib.context [None req-40ce8894-30cf-46b6-b34c-89d5ff3175f7 66d3a42c36a54cc6a8d1bb7655facc8a 29cf79cb25ec4cfc9c387a7593a0df38 - - default default] Method 'is_advsvc' is deprecated since 2023.2 release (neutron-lib 3.8.0) and will be removed once support for the old RBAC API policies will be removed from Neutron. Please use method 'is_service_role' instead.
2026-07-02 16:34:03.891 10 INFO neutron.db.ovn_revision_numbers_db [None req-c3a392ba-c08a-46ef-94ed-6abb3b768129 002a8fcb827c463eb309e310a3a0c2fc 72abd2ba23f7466d85d43376fe9a2708 - - default default] Successfully bumped revision number for resource ef51266c-5f81-4bcd-b6c2-9a1acbb3d836 (type: security_group_rules) to 0
2026-07-02 16:34:03.975 10 INFO neutron.db.segments_db [None req-c3a392ba-c08a-46ef-94ed-6abb3b768129 002a8fcb827c463eb309e310a3a0c2fc 72abd2ba23f7466d85d43376fe9a2708 - - default default] Added segment b1e78634-ee1d-409d-8f6f-69ca141bdf54 of type geneve for network 66278614-3fd8-4511-bfd7-b6543c63136b
2026-07-02 16:34:04.037 9 INFO neutron.wsgi [None req-6c416aa5-a7ec-40e3-99b5-07a078a1b5f7 e217a29ff76048a09ef16d00846d9818 cf86fbaec5b94084b1a310024bfed582 - - default default] 10.0.0.209 "DELETE /v2.0/security-groups/eb523508-7b06-4563-8c5f-449ad83d00d6 HTTP/1.1" status: 204 len: 168 time: 0.2730873
2026-07-02 16:34:04.054 10 INFO neutron.db.ovn_revision_numbers_db [None req-40ce8894-30cf-46b6-b34c-89d5ff3175f7 66d3a42c36a54cc6a8d1bb7655facc8a 29cf79cb25ec4cfc9c387a7593a0df38 - - default default] Successfully bumped revision number for resource 6d2b42d0-aee3-44db-8e05-aaefa6f68028 (type: routers) to 1
2026-07-02 16:34:04.072 10 INFO neutron.wsgi [None req-40ce8894-30cf-46b6-b34c-89d5ff3175f7 66d3a42c36a54cc6a8d1bb7655facc8a 29cf79cb25ec4cfc9c387a7593a0df38 - - default default] 10.0.0.209 "POST /v2.0/routers HTTP/1.1" status: 201 len: 769 time: 0.2023849
2026-07-02 16:34:04.084 10 WARNING neutron_lib.context [None req-ac8b6336-814b-454d-a06f-377310ec84ae 66d3a42c36a54cc6a8d1bb7655facc8a 29cf79cb25ec4cfc9c387a7593a0df38 - - default default] Method 'is_advsvc' is deprecated since 2023.2 release (neutron-lib 3.8.0) and will be removed once support for the old RBAC API policies will be removed from Neutron. Please use method 'is_service_role' instead.
2026-07-02 16:34:04.167 10 INFO neutron.db.ovn_revision_numbers_db [None req-c3a392ba-c08a-46ef-94ed-6abb3b768129 002a8fcb827c463eb309e310a3a0c2fc 72abd2ba23f7466d85d43376fe9a2708 - - default default] Successfully bumped revision number for resource 66278614-3fd8-4511-bfd7-b6543c63136b (type: networks) to 1
2026-07-02 16:34:04.251 10 INFO neutron.db.ovn_revision_numbers_db [None req-ac8b6336-814b-454d-a06f-377310ec84ae 66d3a42c36a54cc6a8d1bb7655facc8a 29cf79cb25ec4cfc9c387a7593a0df38 - - default default] Successfully bumped revision number for resource 44f16932-cb4d-4625-8204-c4528a439595 (type: routers) to 1
2026-07-02 16:34:04.274 10 INFO neutron.wsgi [None req-ac8b6336-814b-454d-a06f-377310ec84ae 66d3a42c36a54cc6a8d1bb7655facc8a 29cf79cb25ec4cfc9c387a7593a0df38 - - default default] 10.0.0.209 "POST /v2.0/routers HTTP/1.1" status: 201 len: 769 time: 0.1946778
2026-07-02 16:34:04.338 9 INFO neutron.wsgi [None req-c21d3e92-c39a-46ba-99f2-6d722f72ff0f 66d3a42c36a54cc6a8d1bb7655facc8a 29cf79cb25ec4cfc9c387a7593a0df38 - - default default] 10.0.0.209 "PUT /v2.0/routers/3493f906-9ef6-4638-8f9a-f93a479be2e4/tags HTTP/1.1" status: 200 len: 210 time: 0.0573773
2026-07-02 16:34:04.418 10 WARNING neutron.scheduler.dhcp_agent_scheduler [None req-c3a392ba-c08a-46ef-94ed-6abb3b768129 002a8fcb827c463eb309e310a3a0c2fc 72abd2ba23f7466d85d43376fe9a2708 - - default default] No more DHCP agents
2026-07-02 16:34:04.421 10 INFO neutron.wsgi [None req-34f845d1-ec7b-4992-b408-ea37317429e4 66d3a42c36a54cc6a8d1bb7655facc8a 29cf79cb25ec4cfc9c387a7593a0df38 - - default default] 10.0.0.209 "PUT /v2.0/routers/98ccdaba-89df-42ac-ad77-006956ec0ad9/tags HTTP/1.1" status: 200 len: 218 time: 0.0760615
2026-07-02 16:34:04.423 10 WARNING neutron.api.rpc.agentnotifiers.dhcp_rpc_agent_api [None req-c3a392ba-c08a-46ef-94ed-6abb3b768129 002a8fcb827c463eb309e310a3a0c2fc 72abd2ba23f7466d85d43376fe9a2708 - - default default] Unable to schedule network 66278614-3fd8-4511-bfd7-b6543c63136b: no agents available; will retry on subsequent port and subnet creation events.
2026-07-02 16:34:04.506 9 INFO neutron.wsgi [None req-db6640b6-420b-4a62-a3a7-7bfe7e4c6e5e 66d3a42c36a54cc6a8d1bb7655facc8a 29cf79cb25ec4cfc9c387a7593a0df38 - - default default] 10.0.0.209 "PUT /v2.0/routers/dbadb3cd-076a-4115-b01f-35c3dce444ec/tags HTTP/1.1" status: 200 len: 227 time: 0.0742276
2026-07-02 16:34:04.507 10 INFO neutron.db.ovn_revision_numbers_db [None req-c3a392ba-c08a-46ef-94ed-6abb3b768129 002a8fcb827c463eb309e310a3a0c2fc 72abd2ba23f7466d85d43376fe9a2708 - - default default] Successfully bumped revision number for resource 093cb2ea-ee88-4274-ade9-a07d2dedc99b (type: ports) to 1
2026-07-02 16:34:04.529 10 INFO neutron.wsgi [None req-c3a392ba-c08a-46ef-94ed-6abb3b768129 002a8fcb827c463eb309e310a3a0c2fc 72abd2ba23f7466d85d43376fe9a2708 - - default default] 10.0.0.209 "POST /v2.0/networks HTTP/1.1" status: 201 len: 831 time: 0.9613702
2026-07-02 16:34:04.543 10 WARNING neutron_lib.context [None req-bb2d95b0-5fda-4267-892d-ed7b33627a50 002a8fcb827c463eb309e310a3a0c2fc 72abd2ba23f7466d85d43376fe9a2708 - - default default] Method 'is_advsvc' is deprecated since 2023.2 release (neutron-lib 3.8.0) and will be removed once support for the old RBAC API policies will be removed from Neutron. Please use method 'is_service_role' instead.
2026-07-02 16:34:04.563 9 INFO neutron.wsgi [None req-0d426c9f-1acf-4075-8663-5ebf93a08058 66d3a42c36a54cc6a8d1bb7655facc8a 29cf79cb25ec4cfc9c387a7593a0df38 - - default default] 10.0.0.209 "PUT /v2.0/routers/6d2b42d0-aee3-44db-8e05-aaefa6f68028/tags HTTP/1.1" status: 200 len: 212 time: 0.0516064
2026-07-02 16:34:04.626 10 INFO neutron.db.segments_db [None req-bb2d95b0-5fda-4267-892d-ed7b33627a50 002a8fcb827c463eb309e310a3a0c2fc 72abd2ba23f7466d85d43376fe9a2708 - - default default] Added segment 9510ebda-9834-41b7-8f84-838205646131 of type geneve for network 024d637c-8052-4059-b8ca-fa391ec54baa
2026-07-02 16:34:04.642 9 INFO neutron.wsgi [None req-a0387ef6-2fa9-40bf-a260-1dcd13b7ed27 66d3a42c36a54cc6a8d1bb7655facc8a 29cf79cb25ec4cfc9c387a7593a0df38 - - default default] 10.0.0.209 "GET /v2.0/routers?tags=red HTTP/1.1" status: 200 len: 1946 time: 0.0741162
2026-07-02 16:34:04.709 9 INFO neutron.wsgi [None req-928e0d77-94de-4373-9dae-815b530deb93 66d3a42c36a54cc6a8d1bb7655facc8a 29cf79cb25ec4cfc9c387a7593a0df38 - - default default] 10.0.0.209 "GET /v2.0/routers?tags=red%2Cblue HTTP/1.1" status: 200 len: 1375 time: 0.0622065
2026-07-02 16:34:04.766 10 INFO neutron.db.ovn_revision_numbers_db [None req-bb2d95b0-5fda-4267-892d-ed7b33627a50 002a8fcb827c463eb309e310a3a0c2fc 72abd2ba23f7466d85d43376fe9a2708 - - default default] Successfully bumped revision number for resource 024d637c-8052-4059-b8ca-fa391ec54baa (type: networks) to 1
2026-07-02 16:34:04.969 10 WARNING neutron.scheduler.dhcp_agent_scheduler [None req-bb2d95b0-5fda-4267-892d-ed7b33627a50 002a8fcb827c463eb309e310a3a0c2fc 72abd2ba23f7466d85d43376fe9a2708 - - default default] No more DHCP agents
2026-07-02 16:34:04.970 10 WARNING neutron.api.rpc.agentnotifiers.dhcp_rpc_agent_api [None req-bb2d95b0-5fda-4267-892d-ed7b33627a50 002a8fcb827c463eb309e310a3a0c2fc 72abd2ba23f7466d85d43376fe9a2708 - - default default] Unable to schedule network 024d637c-8052-4059-b8ca-fa391ec54baa: no agents available; will retry on subsequent port and subnet creation events.
2026-07-02 16:34:05.018 9 INFO neutron.wsgi [None req-854ad0f4-5305-4432-bc45-b6db71c070c2 66d3a42c36a54cc6a8d1bb7655facc8a 29cf79cb25ec4cfc9c387a7593a0df38 - - default default] 10.0.0.209 "GET /v2.0/routers?tags-any=blue HTTP/1.1" status: 200 len: 1375 time: 0.3016219
2026-07-02 16:34:05.066 10 INFO neutron.db.ovn_revision_numbers_db [None req-bb2d95b0-5fda-4267-892d-ed7b33627a50 002a8fcb827c463eb309e310a3a0c2fc 72abd2ba23f7466d85d43376fe9a2708 - - default default] Successfully bumped revision number for resource fd5bf63c-8077-420b-ba25-77073cf2bedb (type: ports) to 1
2026-07-02 16:34:05.075 9 INFO neutron.wsgi [None req-86dd33f2-680e-4b55-a9c7-7e7cff7a45f3 66d3a42c36a54cc6a8d1bb7655facc8a 29cf79cb25ec4cfc9c387a7593a0df38 - - default default] 10.0.0.209 "GET /v2.0/routers?tags-any=red%2Cblue HTTP/1.1" status: 200 len: 1946 time: 0.0504382
2026-07-02 16:34:05.092 10 INFO neutron.wsgi [None req-bb2d95b0-5fda-4267-892d-ed7b33627a50 002a8fcb827c463eb309e310a3a0c2fc 72abd2ba23f7466d85d43376fe9a2708 - - default default] 10.0.0.209 "POST /v2.0/networks HTTP/1.1" status: 201 len: 831 time: 0.5554926
2026-07-02 16:34:05.145 10 INFO neutron.wsgi [None req-4799bc22-7390-4b8e-995f-8c0c3f626c57 002a8fcb827c463eb309e310a3a0c2fc 72abd2ba23f7466d85d43376fe9a2708 - - default default] 10.0.0.209 "PUT /v2.0/networks/66278614-3fd8-4511-bfd7-b6543c63136b/tags HTTP/1.1" status: 200 len: 218 time: 0.0478806
2026-07-02 16:34:05.156 9 INFO neutron.wsgi [None req-8dc92f17-70e8-4e43-aa65-2755d8b3b7ad 66d3a42c36a54cc6a8d1bb7655facc8a 29cf79cb25ec4cfc9c387a7593a0df38 - - default default] 10.0.0.209 "GET /v2.0/routers?not-tags=red HTTP/1.1" status: 200 len: 1347 time: 0.0753248
2026-07-02 16:34:05.192 10 INFO neutron.wsgi [None req-a1235806-be11-4d22-b234-65feb051b7b7 002a8fcb827c463eb309e310a3a0c2fc 72abd2ba23f7466d85d43376fe9a2708 - - default default] 10.0.0.209 "GET /v2.0/networks/66278614-3fd8-4511-bfd7-b6543c63136b/tags HTTP/1.1" status: 200 len: 218 time: 0.0421476
2026-07-02 16:34:05.229 9 INFO neutron.wsgi [None req-6c9fc3ac-d3f6-4cf7-8ae7-a98c2f619224 66d3a42c36a54cc6a8d1bb7655facc8a 29cf79cb25ec4cfc9c387a7593a0df38 - - default default] 10.0.0.209 "GET /v2.0/routers?not-tags=red%2Cblue HTTP/1.1" status: 200 len: 1918 time: 0.0676634
2026-07-02 16:34:05.258 10 INFO neutron.wsgi [None req-0174c845-2f50-453c-8612-74dfb105e73a 002a8fcb827c463eb309e310a3a0c2fc 72abd2ba23f7466d85d43376fe9a2708 - - default default] 10.0.0.209 "PUT /v2.0/networks/024d637c-8052-4059-b8ca-fa391ec54baa/tags HTTP/1.1" status: 200 len: 210 time: 0.0616024
2026-07-02 16:34:05.305 9 INFO neutron.wsgi [None req-e4002ab3-1fe9-48c7-8624-75d93eee963f 66d3a42c36a54cc6a8d1bb7655facc8a 29cf79cb25ec4cfc9c387a7593a0df38 - - default default] 10.0.0.209 "GET /v2.0/routers?not-tags-any=blue HTTP/1.1" status: 200 len: 1918 time: 0.0711126
2026-07-02 16:34:05.309 10 INFO neutron.wsgi [None req-54d211d5-d748-46b4-9843-f4c01b95e4ee 002a8fcb827c463eb309e310a3a0c2fc 72abd2ba23f7466d85d43376fe9a2708 - - default default] 10.0.0.209 "GET /v2.0/networks/024d637c-8052-4059-b8ca-fa391ec54baa/tags HTTP/1.1" status: 200 len: 210 time: 0.0453365
2026-07-02 16:34:05.370 9 INFO neutron.wsgi [None req-dba1c5ac-996e-4c40-954b-3e724c0c352d 66d3a42c36a54cc6a8d1bb7655facc8a 29cf79cb25ec4cfc9c387a7593a0df38 - - default default] 10.0.0.209 "GET /v2.0/routers?not-tags-any=red%2Cblue HTTP/1.1" status: 200 len: 1347 time: 0.0586872
2026-07-02 16:34:05.371 10 INFO neutron.wsgi [None req-23357736-7841-44e9-a4f3-c4c1f070c306 002a8fcb827c463eb309e310a3a0c2fc 72abd2ba23f7466d85d43376fe9a2708 - - default default] 10.0.0.209 "PUT /v2.0/networks/024d637c-8052-4059-b8ca-fa391ec54baa/tags HTTP/1.1" status: 200 len: 205 time: 0.0579333
2026-07-02 16:34:05.436 10 INFO neutron.wsgi [None req-3cb35fee-15b6-4f88-81bf-406d2e2bbda8 002a8fcb827c463eb309e310a3a0c2fc 72abd2ba23f7466d85d43376fe9a2708 - - default default] 10.0.0.209 "GET /v2.0/networks/024d637c-8052-4059-b8ca-fa391ec54baa/tags HTTP/1.1" status: 200 len: 205 time: 0.0572343
2026-07-02 16:34:05.451 9 INFO neutron.wsgi [None req-7b97211b-4fbb-4bf6-9420-dc8d09204288 66d3a42c36a54cc6a8d1bb7655facc8a 29cf79cb25ec4cfc9c387a7593a0df38 - - default default] 10.0.0.209 "GET /v2.0/routers/3493f906-9ef6-4638-8f9a-f93a479be2e4 HTTP/1.1" status: 200 len: 775 time: 0.0730548
2026-07-02 16:34:05.485 10 INFO neutron.wsgi [None req-b320912b-00ce-4e03-a26a-02dce5da442e 002a8fcb827c463eb309e310a3a0c2fc 72abd2ba23f7466d85d43376fe9a2708 - - default default] 10.0.0.209 "GET /v2.0/networks/66278614-3fd8-4511-bfd7-b6543c63136b/tags HTTP/1.1" status: 200 len: 218 time: 0.0428252
2026-07-02 16:34:05.855 9 INFO neutron.db.ovn_revision_numbers_db [None req-dc11d3ef-9fb0-494f-9f1c-c53a62c1849f 66d3a42c36a54cc6a8d1bb7655facc8a 29cf79cb25ec4cfc9c387a7593a0df38 - - default default] Successfully bumped revision number for resource 3493f906-9ef6-4638-8f9a-f93a479be2e4 (type: routers) to 2
2026-07-02 16:34:05.860 10 INFO neutron.services.segments.plugin [-] Segment b1e78634-ee1d-409d-8f6f-69ca141bdf54 resource provider aggregate not found
2026-07-02 16:34:05.861 9 INFO neutron.wsgi [None req-dc11d3ef-9fb0-494f-9f1c-c53a62c1849f 66d3a42c36a54cc6a8d1bb7655facc8a 29cf79cb25ec4cfc9c387a7593a0df38 - - default default] 10.0.0.209 "PUT /v2.0/routers/3493f906-9ef6-4638-8f9a-f93a479be2e4 HTTP/1.1" status: 200 len: 775 time: 0.4038067
2026-07-02 16:34:05.863 10 INFO neutron.services.segments.plugin [-] Segment b1e78634-ee1d-409d-8f6f-69ca141bdf54 resource provider aggregate not found
2026-07-02 16:34:05.879 10 INFO neutron.services.segments.plugin [-] Segment b1e78634-ee1d-409d-8f6f-69ca141bdf54 resource provider not found; error: Placement Client Error (4xx): {"errors": [{"status": 404, "title": "Not Found", "detail": "The resource could not be found.\n\n No resource provider with uuid b1e78634-ee1d-409d-8f6f-69ca141bdf54 found for delete ", "request_id": "req-b3f3ab51-1ff4-410e-90c6-a19dddccfea3"}]}
2026-07-02 16:34:05.882 10 INFO neutron.services.segments.plugin [-] Segment b1e78634-ee1d-409d-8f6f-69ca141bdf54 resource provider not found; error: Placement Client Error (4xx): {"errors": [{"status": 404, "title": "Not Found", "detail": "The resource could not be found.\n\n No resource provider with uuid b1e78634-ee1d-409d-8f6f-69ca141bdf54 found for delete ", "request_id": "req-0974755a-c1cd-4a5d-aff6-3a0b3193a3e6"}]}
2026-07-02 16:34:05.895 9 INFO neutron.wsgi [None req-df710fba-51e0-4020-a3a7-594f8ab40e57 66d3a42c36a54cc6a8d1bb7655facc8a 29cf79cb25ec4cfc9c387a7593a0df38 - - default default] 10.0.0.209 "GET /v2.0/ports?device_id=3493f906-9ef6-4638-8f9a-f93a479be2e4 HTTP/1.1" status: 200 len: 205 time: 0.0292950
2026-07-02 16:34:05.902 10 INFO neutron.wsgi [None req-4b8161e3-b936-4598-9dcf-5164e391f9e6 002a8fcb827c463eb309e310a3a0c2fc 72abd2ba23f7466d85d43376fe9a2708 - - default default] 10.0.0.209 "DELETE /v2.0/networks/66278614-3fd8-4511-bfd7-b6543c63136b HTTP/1.1" status: 204 len: 168 time: 0.4020903
2026-07-02 16:34:06.189 9 INFO neutron.wsgi [None req-4843b742-65aa-48f3-ae0c-aeae9ca4e0a6 66d3a42c36a54cc6a8d1bb7655facc8a 29cf79cb25ec4cfc9c387a7593a0df38 - - default default] 10.0.0.209 "DELETE /v2.0/routers/3493f906-9ef6-4638-8f9a-f93a479be2e4 HTTP/1.1" status: 204 len: 168 time: 0.2896414
2026-07-02 16:34:06.241 10 INFO neutron.wsgi [None req-4ffe2e25-778d-4519-b21c-dc089d4cfa54 66d3a42c36a54cc6a8d1bb7655facc8a 29cf79cb25ec4cfc9c387a7593a0df38 - - default default] 10.0.0.209 "GET /v2.0/routers/98ccdaba-89df-42ac-ad77-006956ec0ad9 HTTP/1.1" status: 200 len: 783 time: 0.0472465
2026-07-02 16:34:06.423 9 INFO neutron.services.segments.plugin [-] Segment 9510ebda-9834-41b7-8f84-838205646131 resource provider aggregate not found
2026-07-02 16:34:06.427 9 INFO neutron.services.segments.plugin [-] Segment 9510ebda-9834-41b7-8f84-838205646131 resource provider aggregate not found
2026-07-02 16:34:06.447 9 INFO neutron.services.segments.plugin [-] Segment 9510ebda-9834-41b7-8f84-838205646131 resource provider not found; error: Placement Client Error (4xx): {"errors": [{"status": 404, "title": "Not Found", "detail": "The resource could not be found.\n\n No resource provider with uuid 9510ebda-9834-41b7-8f84-838205646131 found for delete ", "request_id": "req-ada0c83f-3d4b-4a64-8e9a-33aeedd4d001"}]}
2026-07-02 16:34:06.452 9 INFO neutron.services.segments.plugin [-] Segment 9510ebda-9834-41b7-8f84-838205646131 resource provider not found; error: Placement Client Error (4xx): {"errors": [{"status": 404, "title": "Not Found", "detail": "The resource could not be found.\n\n No resource provider with uuid 9510ebda-9834-41b7-8f84-838205646131 found for delete ", "request_id": "req-5f4f19ed-27ad-4278-8b56-3506f3bb6613"}]}
2026-07-02 16:34:06.463 9 INFO neutron.wsgi [None req-0bae0f1c-4a32-4f80-96c5-780eeb6936f4 002a8fcb827c463eb309e310a3a0c2fc 72abd2ba23f7466d85d43376fe9a2708 - - default default] 10.0.0.209 "DELETE /v2.0/networks/024d637c-8052-4059-b8ca-fa391ec54baa HTTP/1.1" status: 204 len: 168 time: 0.5579591
2026-07-02 16:34:06.653 9 INFO neutron.wsgi [-] 10.0.0.142 "GET / HTTP/1.1" status: 200 len: 247 time: 0.0025632
2026-07-02 16:34:06.656 9 INFO neutron.wsgi [-] 10.0.0.142 "GET / HTTP/1.1" status: 200 len: 247 time: 0.0017388
2026-07-02 16:34:06.932 10 INFO neutron.db.ovn_revision_numbers_db [None req-5e290f1b-c6ff-44fb-9f9d-c90d899fda8a 66d3a42c36a54cc6a8d1bb7655facc8a 29cf79cb25ec4cfc9c387a7593a0df38 - - default default] Successfully bumped revision number for resource 98ccdaba-89df-42ac-ad77-006956ec0ad9 (type: routers) to 2
2026-07-02 16:34:06.943 10 INFO neutron.wsgi [None req-5e290f1b-c6ff-44fb-9f9d-c90d899fda8a 66d3a42c36a54cc6a8d1bb7655facc8a 29cf79cb25ec4cfc9c387a7593a0df38 - - default default] 10.0.0.209 "PUT /v2.0/routers/98ccdaba-89df-42ac-ad77-006956ec0ad9 HTTP/1.1" status: 200 len: 783 time: 0.6929173
2026-07-02 16:34:06.969 10 INFO neutron.wsgi [None req-6cf5caa7-7bd5-4e49-b41c-8337615f8580 66d3a42c36a54cc6a8d1bb7655facc8a 29cf79cb25ec4cfc9c387a7593a0df38 - - default default] 10.0.0.209 "GET /v2.0/ports?device_id=98ccdaba-89df-42ac-ad77-006956ec0ad9 HTTP/1.1" status: 200 len: 205 time: 0.0209472
2026-07-02 16:34:07.324 10 INFO neutron.wsgi [None req-fd272a8a-8598-4091-9bdb-d190b73a44b1 e217a29ff76048a09ef16d00846d9818 cf86fbaec5b94084b1a310024bfed582 - - default default] 10.0.0.209 "GET /v2.0/security-groups?tenant_id=72abd2ba23f7466d85d43376fe9a2708&name=default HTTP/1.1" status: 200 len: 3120 time: 0.1668425
2026-07-02 16:34:07.338 10 WARNING neutron_lib.context [None req-d7b04794-0acc-427a-9e03-60de54927938 44dfa938257a4b77b35bd0732e3f3165 a0180635811d450a8adc8b1d16062475 - - default default] Method 'is_advsvc' is deprecated since 2023.2 release (neutron-lib 3.8.0) and will be removed once support for the old RBAC API policies will be removed from Neutron. Please use method 'is_service_role' instead.
2026-07-02 16:34:07.475 9 INFO neutron.wsgi [None req-49c4b15b-ed85-45dd-a301-80e8aaebece4 66d3a42c36a54cc6a8d1bb7655facc8a 29cf79cb25ec4cfc9c387a7593a0df38 - - default default] 10.0.0.209 "DELETE /v2.0/routers/98ccdaba-89df-42ac-ad77-006956ec0ad9 HTTP/1.1" status: 204 len: 168 time: 0.5009146
2026-07-02 16:34:07.537 9 INFO neutron.wsgi [None req-bd699af6-550a-418a-9413-46a977a2bdb6 66d3a42c36a54cc6a8d1bb7655facc8a 29cf79cb25ec4cfc9c387a7593a0df38 - - default default] 10.0.0.209 "GET /v2.0/routers/dbadb3cd-076a-4115-b01f-35c3dce444ec HTTP/1.1" status: 200 len: 792 time: 0.0571959
2026-07-02 16:34:07.546 10 INFO neutron.db.ovn_revision_numbers_db [None req-d7b04794-0acc-427a-9e03-60de54927938 44dfa938257a4b77b35bd0732e3f3165 a0180635811d450a8adc8b1d16062475 - - default default] Successfully bumped revision number for resource 5722fa83-0b8b-44e3-8493-9e25b00967f4 (type: security_groups) to 1
2026-07-02 16:34:07.593 10 INFO neutron.db.ovn_revision_numbers_db [None req-d7b04794-0acc-427a-9e03-60de54927938 44dfa938257a4b77b35bd0732e3f3165 a0180635811d450a8adc8b1d16062475 - - default default] Successfully bumped revision number for resource 38d05e6e-bb32-4ed1-8a83-5c350fc20bc2 (type: security_group_rules) to 0
2026-07-02 16:34:07.611 10 INFO neutron.db.ovn_revision_numbers_db [None req-d7b04794-0acc-427a-9e03-60de54927938 44dfa938257a4b77b35bd0732e3f3165 a0180635811d450a8adc8b1d16062475 - - default default] Successfully bumped revision number for resource 393d3daf-a57d-41a0-b7a1-e38c0f04e6f4 (type: security_group_rules) to 0
2026-07-02 16:34:07.659 10 INFO neutron.db.ovn_revision_numbers_db [None req-d7b04794-0acc-427a-9e03-60de54927938 44dfa938257a4b77b35bd0732e3f3165 a0180635811d450a8adc8b1d16062475 - - default default] Successfully bumped revision number for resource 4bc85b30-c6c6-4d1e-8da5-5ccef49c537f (type: security_group_rules) to 0
2026-07-02 16:34:07.689 9 INFO neutron.wsgi [None req-fe7c7f4f-d6a6-4dd4-850f-f9bd8ddd709b f462591f88344a7eb1d3f981836fecf5 337da0ce83684162a914602ad66fbb42 - - default default] 10.0.0.209 "GET /v2.0/ports?project_id=d8d6860352c742f3beb5e3e14ba077e8&network_id=750a2308-2d82-456c-8688-8597251f433a HTTP/1.1" status: 200 len: 3510 time: 0.0600555
2026-07-02 16:34:07.689 10 INFO neutron.db.ovn_revision_numbers_db [None req-d7b04794-0acc-427a-9e03-60de54927938 44dfa938257a4b77b35bd0732e3f3165 a0180635811d450a8adc8b1d16062475 - - default default] Successfully bumped revision number for resource 862ce8e0-393e-4928-8503-a0bcb12444a1 (type: security_group_rules) to 0
2026-07-02 16:34:07.722 10 INFO neutron.wsgi [None req-aabef789-f0e3-4a9e-a4da-3bba473e253a e217a29ff76048a09ef16d00846d9818 cf86fbaec5b94084b1a310024bfed582 - - default default] 10.0.0.209 "DELETE /v2.0/security-groups/9089d0d6-14fa-48b4-bf46-f53511c0d88c HTTP/1.1" status: 204 len: 168 time: 0.3939376
2026-07-02 16:34:07.768 10 INFO neutron.db.segments_db [None req-d7b04794-0acc-427a-9e03-60de54927938 44dfa938257a4b77b35bd0732e3f3165 a0180635811d450a8adc8b1d16062475 - - default default] Added segment ebf7b961-d9e8-4ee8-bd35-075da3feac51 of type geneve for network dcd241e1-06cb-4875-aff9-ae20b80504fd
2026-07-02 16:34:07.925 9 INFO neutron.db.ovn_revision_numbers_db [None req-9b456639-2c5e-4704-9561-476bbd1de48f e217a29ff76048a09ef16d00846d9818 cf86fbaec5b94084b1a310024bfed582 - - default default] Successfully bumped revision number for resource 70776bbe-e8eb-45f5-a080-dc370c904548 (type: security_groups) to 1
2026-07-02 16:34:07.938 9 INFO neutron.db.ovn_revision_numbers_db [None req-9b456639-2c5e-4704-9561-476bbd1de48f e217a29ff76048a09ef16d00846d9818 cf86fbaec5b94084b1a310024bfed582 - - default default] Successfully bumped revision number for resource 30d70d9e-b45d-48fc-9a40-c04b0cf421ed (type: security_group_rules) to 0
2026-07-02 16:34:07.960 9 INFO neutron.db.ovn_revision_numbers_db [None req-9b456639-2c5e-4704-9561-476bbd1de48f e217a29ff76048a09ef16d00846d9818 cf86fbaec5b94084b1a310024bfed582 - - default default] Successfully bumped revision number for resource 5ca6bcc3-1685-49b4-aa0d-aa4190a831e4 (type: security_group_rules) to 0
2026-07-02 16:34:07.974 9 INFO neutron.db.ovn_revision_numbers_db [None req-9b456639-2c5e-4704-9561-476bbd1de48f e217a29ff76048a09ef16d00846d9818 cf86fbaec5b94084b1a310024bfed582 - - default default] Successfully bumped revision number for resource aa903877-4bc0-4a32-92fd-e4b0deae6b52 (type: security_group_rules) to 0
2026-07-02 16:34:08.001 9 INFO neutron.db.ovn_revision_numbers_db [None req-9b456639-2c5e-4704-9561-476bbd1de48f e217a29ff76048a09ef16d00846d9818 cf86fbaec5b94084b1a310024bfed582 - - default default] Successfully bumped revision number for resource d2a7bd5f-96ea-454a-80f8-0011c25df7fc (type: security_group_rules) to 0
2026-07-02 16:34:08.025 9 INFO neutron.wsgi [None req-0fc483a3-9c59-4029-9871-7e4a545f2c57 f462591f88344a7eb1d3f981836fecf5 337da0ce83684162a914602ad66fbb42 - - default default] 10.0.0.209 "GET /v2.0/subnets?network_id=888ddc7f-1bc8-4e2b-bcfa-6f8dd831c921 HTTP/1.1" status: 200 len: 838 time: 0.0471101
2026-07-02 16:34:08.025 10 INFO neutron.db.ovn_revision_numbers_db [None req-3931be88-ee33-4f09-af1a-5ea08aa1c573 66d3a42c36a54cc6a8d1bb7655facc8a 29cf79cb25ec4cfc9c387a7593a0df38 - - default default] Successfully bumped revision number for resource dbadb3cd-076a-4115-b01f-35c3dce444ec (type: routers) to 2
2026-07-02 16:34:08.030 10 INFO neutron.wsgi [None req-3931be88-ee33-4f09-af1a-5ea08aa1c573 66d3a42c36a54cc6a8d1bb7655facc8a 29cf79cb25ec4cfc9c387a7593a0df38 - - default default] 10.0.0.209 "PUT /v2.0/routers/dbadb3cd-076a-4115-b01f-35c3dce444ec HTTP/1.1" status: 200 len: 792 time: 0.4852991
2026-07-02 16:34:08.031 10 INFO neutron.db.ovn_revision_numbers_db [None req-d7b04794-0acc-427a-9e03-60de54927938 44dfa938257a4b77b35bd0732e3f3165 a0180635811d450a8adc8b1d16062475 - - default default] Successfully bumped revision number for resource dcd241e1-06cb-4875-aff9-ae20b80504fd (type: networks) to 1
2026-07-02 16:34:08.032 9 INFO neutron.wsgi [None req-9b456639-2c5e-4704-9561-476bbd1de48f e217a29ff76048a09ef16d00846d9818 cf86fbaec5b94084b1a310024bfed582 - - default default] 10.0.0.209 "GET /v2.0/security-groups?tenant_id=0ef66510b79447cc8ec46d00195c987d&name=default HTTP/1.1" status: 200 len: 3120 time: 0.2295732
2026-07-02 16:34:08.067 10 INFO neutron.wsgi [None req-7fc0c9c8-0094-4060-842d-ad98552eeaf6 66d3a42c36a54cc6a8d1bb7655facc8a 29cf79cb25ec4cfc9c387a7593a0df38 - - default default] 10.0.0.209 "GET /v2.0/ports?device_id=dbadb3cd-076a-4115-b01f-35c3dce444ec HTTP/1.1" status: 200 len: 205 time: 0.0311494
2026-07-02 16:34:08.241 10 WARNING neutron.scheduler.dhcp_agent_scheduler [None req-d7b04794-0acc-427a-9e03-60de54927938 44dfa938257a4b77b35bd0732e3f3165 a0180635811d450a8adc8b1d16062475 - - default default] No more DHCP agents
2026-07-02 16:34:08.245 10 WARNING neutron.api.rpc.agentnotifiers.dhcp_rpc_agent_api [None req-d7b04794-0acc-427a-9e03-60de54927938 44dfa938257a4b77b35bd0732e3f3165 a0180635811d450a8adc8b1d16062475 - - default default] Unable to schedule network dcd241e1-06cb-4875-aff9-ae20b80504fd: no agents available; will retry on subsequent port and subnet creation events.
2026-07-02 16:34:08.313 9 INFO neutron.wsgi [None req-92b51d24-c28c-43f1-ac1a-cc0ff73efcd3 66d3a42c36a54cc6a8d1bb7655facc8a 29cf79cb25ec4cfc9c387a7593a0df38 - - default default] 10.0.0.209 "DELETE /v2.0/routers/dbadb3cd-076a-4115-b01f-35c3dce444ec HTTP/1.1" status: 204 len: 168 time: 0.2405720
2026-07-02 16:34:08.331 10 INFO neutron.db.ovn_revision_numbers_db [None req-d7b04794-0acc-427a-9e03-60de54927938 44dfa938257a4b77b35bd0732e3f3165 a0180635811d450a8adc8b1d16062475 - - default default] Successfully bumped revision number for resource cec8cd9b-da60-45b7-9c29-4ff40bbec400 (type: ports) to 1
2026-07-02 16:34:08.337 10 INFO neutron.wsgi [None req-c32e7a6c-8cdb-46ed-b2bf-3098caba4b5a e217a29ff76048a09ef16d00846d9818 cf86fbaec5b94084b1a310024bfed582 - - default default] 10.0.0.209 "DELETE /v2.0/security-groups/70776bbe-e8eb-45f5-a080-dc370c904548 HTTP/1.1" status: 204 len: 168 time: 0.2940562
2026-07-02 16:34:08.354 10 INFO neutron.wsgi [None req-d7b04794-0acc-427a-9e03-60de54927938 44dfa938257a4b77b35bd0732e3f3165 a0180635811d450a8adc8b1d16062475 - - default default] 10.0.0.209 "POST /v2.0/networks HTTP/1.1" status: 201 len: 825 time: 1.1203632
2026-07-02 16:34:08.364 10 WARNING neutron_lib.context [None req-4599c9ff-7944-42fb-bb85-ddee1130ae40 44dfa938257a4b77b35bd0732e3f3165 a0180635811d450a8adc8b1d16062475 - - default default] Method 'is_advsvc' is deprecated since 2023.2 release (neutron-lib 3.8.0) and will be removed once support for the old RBAC API policies will be removed from Neutron. Please use method 'is_service_role' instead.
2026-07-02 16:34:08.378 9 INFO neutron.wsgi [None req-a438801c-65fa-463c-8439-b35cf6f849c1 66d3a42c36a54cc6a8d1bb7655facc8a 29cf79cb25ec4cfc9c387a7593a0df38 - - default default] 10.0.0.209 "GET /v2.0/routers/6d2b42d0-aee3-44db-8e05-aaefa6f68028 HTTP/1.1" status: 200 len: 777 time: 0.0583327
2026-07-02 16:34:08.662 10 WARNING neutron.scheduler.dhcp_agent_scheduler [None req-4599c9ff-7944-42fb-bb85-ddee1130ae40 44dfa938257a4b77b35bd0732e3f3165 a0180635811d450a8adc8b1d16062475 - - default default] No more DHCP agents
2026-07-02 16:34:08.664 10 WARNING neutron.api.rpc.agentnotifiers.dhcp_rpc_agent_api [None req-4599c9ff-7944-42fb-bb85-ddee1130ae40 44dfa938257a4b77b35bd0732e3f3165 a0180635811d450a8adc8b1d16062475 - - default default] Unable to schedule network dcd241e1-06cb-4875-aff9-ae20b80504fd: no agents available; will retry on subsequent port and subnet creation events.
2026-07-02 16:34:08.842 9 INFO neutron.db.ovn_revision_numbers_db [None req-1f0a6591-cfba-4180-800b-f11e3ca6997a 122361078a364a17bd9082a3e9dd0079 d8d6860352c742f3beb5e3e14ba077e8 - - default default] Successfully bumped revision number for resource 858d5bdc-d030-4e02-bbb9-77194d2e25fa (type: floatingips) to 2
2026-07-02 16:34:08.951 9 INFO neutron.db.l3_db [None req-1f0a6591-cfba-4180-800b-f11e3ca6997a 122361078a364a17bd9082a3e9dd0079 d8d6860352c742f3beb5e3e14ba077e8 - - default default] Floating IP 858d5bdc-d030-4e02-bbb9-77194d2e25fa disassociated. External IP: 10.96.250.208, port: c4559dcd-7bfe-4078-ac0d-67829ebb391e.
2026-07-02 16:34:09.013 9 INFO neutron.wsgi [None req-1f0a6591-cfba-4180-800b-f11e3ca6997a 122361078a364a17bd9082a3e9dd0079 d8d6860352c742f3beb5e3e14ba077e8 - - default default] 10.0.0.209 "PUT /v2.0/floatingips/858d5bdc-d030-4e02-bbb9-77194d2e25fa HTTP/1.1" status: 200 len: 748 time: 0.7653501 /var/lib/openstack/lib/python3.10/site-packages/pycadf/identifier.py:71: UserWarning: Invalid uuid: neutron. To ensure interoperability, identifiers should be a valid uuid. warnings.warn(('Invalid uuid: %s. To ensure interoperability, '
2026-07-02 16:34:09.069 10 INFO neutron.wsgi [None req-4ba4a708-eef7-4c87-b537-e483c9ad8636 122361078a364a17bd9082a3e9dd0079 d8d6860352c742f3beb5e3e14ba077e8 - - default default] 10.0.0.209 "GET /v2.0/floatingips/858d5bdc-d030-4e02-bbb9-77194d2e25fa HTTP/1.1" status: 200 len: 746 time: 0.0437975
2026-07-02 16:34:09.075 9 INFO neutron.notifiers.nova [-] Nova event matching ['req-3f9571d3-da84-4f27-8272-c254610a6c79'] response: {'name': 'network-changed', 'server_uuid': '00c70043-9056-4d1a-bc80-a74d4124a25c', 'tag': 'c4559dcd-7bfe-4078-ac0d-67829ebb391e', 'status': 'completed', 'code': 200}
2026-07-02 16:34:09.098 9 INFO neutron.db.ovn_revision_numbers_db [None req-16a3bf7f-39ce-419e-afdf-acfc2d83978a 66d3a42c36a54cc6a8d1bb7655facc8a 29cf79cb25ec4cfc9c387a7593a0df38 - - default default] Successfully bumped revision number for resource 6d2b42d0-aee3-44db-8e05-aaefa6f68028 (type: routers) to 2
2026-07-02 16:34:09.103 9 INFO neutron.wsgi [None req-16a3bf7f-39ce-419e-afdf-acfc2d83978a 66d3a42c36a54cc6a8d1bb7655facc8a 29cf79cb25ec4cfc9c387a7593a0df38 - - default default] 10.0.0.209 "PUT /v2.0/routers/6d2b42d0-aee3-44db-8e05-aaefa6f68028 HTTP/1.1" status: 200 len: 777 time: 0.7086649
2026-07-02 16:34:09.123 9 INFO neutron.wsgi [None req-37f82a39-468b-45c4-a60c-e0e21ccd6afa 66d3a42c36a54cc6a8d1bb7655facc8a 29cf79cb25ec4cfc9c387a7593a0df38 - - default default] 10.0.0.209 "GET /v2.0/ports?device_id=6d2b42d0-aee3-44db-8e05-aaefa6f68028 HTTP/1.1" status: 200 len: 205 time: 0.0151639
2026-07-02 16:34:09.137 10 INFO neutron.wsgi [req-c24888f1-9bab-44d7-88a2-7b9b057eca3e req-3bc0cde4-0d5c-44f9-99a1-f41330bf093a 30aa680b0d664b0a96200ad8d3469679 d7025f63bfe64af6b5843110c1352ec0 - - ec063602019246bc80897eebb5ed279f ec063602019246bc80897eebb5ed279f] 199.19.213.35 "GET /v2.0/ports?tenant_id=d8d6860352c742f3beb5e3e14ba077e8&device_id=00c70043-9056-4d1a-bc80-a74d4124a25c HTTP/1.1" status: 200 len: 1409 time: 0.0453510
2026-07-02 16:34:09.208 10 INFO neutron.wsgi [req-c24888f1-9bab-44d7-88a2-7b9b057eca3e req-1b45446d-716a-4ebe-badb-6c8bb17c6b70 30aa680b0d664b0a96200ad8d3469679 d7025f63bfe64af6b5843110c1352ec0 - - ec063602019246bc80897eebb5ed279f ec063602019246bc80897eebb5ed279f] 199.19.213.35 "GET /v2.0/networks?id=750a2308-2d82-456c-8688-8597251f433a HTTP/1.1" status: 200 len: 958 time: 0.0631714
2026-07-02 16:34:09.208 10 INFO neutron.db.ovn_revision_numbers_db [None req-4599c9ff-7944-42fb-bb85-ddee1130ae40 44dfa938257a4b77b35bd0732e3f3165 a0180635811d450a8adc8b1d16062475 - - default default] Successfully bumped revision number for resource cec8cd9b-da60-45b7-9c29-4ff40bbec400 (type: ports) to 2
2026-07-02 16:34:09.241 10 INFO neutron.wsgi [req-c24888f1-9bab-44d7-88a2-7b9b057eca3e req-86d80a20-ecaf-44d0-a19d-a61bb4a42a62 30aa680b0d664b0a96200ad8d3469679 d7025f63bfe64af6b5843110c1352ec0 - - ec063602019246bc80897eebb5ed279f ec063602019246bc80897eebb5ed279f] 199.19.213.35 "GET /v2.0/floatingips?fixed_ip_address=10.100.0.8&port_id=c4559dcd-7bfe-4078-ac0d-67829ebb391e HTTP/1.1" status: 200 len: 217 time: 0.0270858
2026-07-02 16:34:09.264 10 INFO neutron.db.ovn_revision_numbers_db [None req-4599c9ff-7944-42fb-bb85-ddee1130ae40 44dfa938257a4b77b35bd0732e3f3165 a0180635811d450a8adc8b1d16062475 - - default default] Successfully bumped revision number for resource 22d0962e-1070-4e7f-a1e2-e24c4182d269 (type: subnets) to 0
2026-07-02 16:34:09.279 10 INFO neutron.wsgi [None req-4599c9ff-7944-42fb-bb85-ddee1130ae40 44dfa938257a4b77b35bd0732e3f3165 a0180635811d450a8adc8b1d16062475 - - default default] 10.0.0.209 "POST /v2.0/subnets HTTP/1.1" status: 201 len: 801 time: 0.9198539
2026-07-02 16:34:09.284 10 INFO neutron.wsgi [req-c24888f1-9bab-44d7-88a2-7b9b057eca3e req-a54d2978-aada-4676-b9ff-bbdbcf1d11d8 30aa680b0d664b0a96200ad8d3469679 d7025f63bfe64af6b5843110c1352ec0 - - ec063602019246bc80897eebb5ed279f ec063602019246bc80897eebb5ed279f] 199.19.213.35 "GET /v2.0/subnets?id=1467798f-b3ab-4198-8785-c0ea2f17d5e4 HTTP/1.1" status: 200 len: 853 time: 0.0353489
2026-07-02 16:34:09.288 10 WARNING neutron_lib.context [None req-5b0011aa-117c-4e7b-be8c-67b5d4e179a7 44dfa938257a4b77b35bd0732e3f3165 a0180635811d450a8adc8b1d16062475 - - default default] Method 'is_advsvc' is deprecated since 2023.2 release (neutron-lib 3.8.0) and will be removed once support for the old RBAC API policies will be removed from Neutron. Please use method 'is_service_role' instead.
2026-07-02 16:34:09.309 10 INFO neutron.wsgi [req-c24888f1-9bab-44d7-88a2-7b9b057eca3e req-5376625d-50e4-46b9-99f4-e9f2f7ca4b75 30aa680b0d664b0a96200ad8d3469679 d7025f63bfe64af6b5843110c1352ec0 - - ec063602019246bc80897eebb5ed279f ec063602019246bc80897eebb5ed279f] 199.19.213.35 "GET /v2.0/ports?network_id=750a2308-2d82-456c-8688-8597251f433a&device_owner=network%3Adhcp HTTP/1.1" status: 200 len: 210 time: 0.0186343
2026-07-02 16:34:09.362 9 INFO neutron.wsgi [None req-7e03d25e-7ba7-4432-9dd3-a62ac48a8db2 66d3a42c36a54cc6a8d1bb7655facc8a 29cf79cb25ec4cfc9c387a7593a0df38 - - default default] 10.0.0.209 "DELETE /v2.0/routers/6d2b42d0-aee3-44db-8e05-aaefa6f68028 HTTP/1.1" status: 204 len: 168 time: 0.2344942
2026-07-02 16:34:09.406 10 INFO neutron.wsgi [req-c24888f1-9bab-44d7-88a2-7b9b057eca3e req-068ee196-e94e-44cb-90a7-92a09e13a67f 30aa680b0d664b0a96200ad8d3469679 d7025f63bfe64af6b5843110c1352ec0 - - ec063602019246bc80897eebb5ed279f ec063602019246bc80897eebb5ed279f] 199.19.213.35 "GET /v2.0/networks/750a2308-2d82-456c-8688-8597251f433a?fields=segments HTTP/1.1" status: 200 len: 212 time: 0.0911584
2026-07-02 16:34:09.414 9 INFO neutron.wsgi [None req-58cb20bd-128c-459e-8b9e-13722cf266e5 66d3a42c36a54cc6a8d1bb7655facc8a 29cf79cb25ec4cfc9c387a7593a0df38 - - default default] 10.0.0.209 "GET /v2.0/routers/44f16932-cb4d-4625-8204-c4528a439595 HTTP/1.1" status: 200 len: 770 time: 0.0467031
2026-07-02 16:34:09.503 10 INFO neutron.wsgi [req-c24888f1-9bab-44d7-88a2-7b9b057eca3e req-9b18ee24-765f-4c0c-8584-918950b3a362 30aa680b0d664b0a96200ad8d3469679 d7025f63bfe64af6b5843110c1352ec0 - - ec063602019246bc80897eebb5ed279f ec063602019246bc80897eebb5ed279f] 199.19.213.35 "GET /v2.0/networks/750a2308-2d82-456c-8688-8597251f433a?fields=provider%3Aphysical_network&fields=provider%3Anetwork_type HTTP/1.1" status: 200 len: 277 time: 0.0824683
2026-07-02 16:34:09.837 10 WARNING neutron.scheduler.dhcp_agent_scheduler [None req-5b0011aa-117c-4e7b-be8c-67b5d4e179a7 44dfa938257a4b77b35bd0732e3f3165 a0180635811d450a8adc8b1d16062475 - - default default] No more DHCP agents
2026-07-02 16:34:09.838 10 WARNING neutron.api.rpc.agentnotifiers.dhcp_rpc_agent_api [None req-5b0011aa-117c-4e7b-be8c-67b5d4e179a7 44dfa938257a4b77b35bd0732e3f3165 a0180635811d450a8adc8b1d16062475 - - default default] Unable to schedule network 888ddc7f-1bc8-4e2b-bcfa-6f8dd831c921: no agents available; will retry on subsequent port and subnet creation events.
2026-07-02 16:34:09.919 9 INFO neutron.wsgi [None req-489f5ddb-4919-4b91-9fc5-3ef3f9024108 66d3a42c36a54cc6a8d1bb7655facc8a 29cf79cb25ec4cfc9c387a7593a0df38 - - default default] 10.0.0.209 "PUT /v2.0/routers/44f16932-cb4d-4625-8204-c4528a439595 HTTP/1.1" status: 200 len: 770 time: 0.5000932
2026-07-02 16:34:09.954 9 INFO neutron.wsgi [None req-c489ee1a-2c2f-4a21-afbb-78dfcebb772b 66d3a42c36a54cc6a8d1bb7655facc8a 29cf79cb25ec4cfc9c387a7593a0df38 - - default default] 10.0.0.209 "GET /v2.0/ports?device_id=44f16932-cb4d-4625-8204-c4528a439595 HTTP/1.1" status: 200 len: 205 time: 0.0270374
2026-07-02 16:34:09.984 10 INFO neutron.db.ovn_revision_numbers_db [None req-5b0011aa-117c-4e7b-be8c-67b5d4e179a7 44dfa938257a4b77b35bd0732e3f3165 a0180635811d450a8adc8b1d16062475 - - default default] Successfully bumped revision number for resource a41943e4-65fe-40b4-a2fe-e54e7bebc064 (type: ports) to 1
2026-07-02 16:34:10.148 9 WARNING neutron_lib.context [None req-1cb7353f-5692-4620-b45b-f1acd4ad1736 122361078a364a17bd9082a3e9dd0079 d8d6860352c742f3beb5e3e14ba077e8 - - default default] Method 'is_advsvc' is deprecated since 2023.2 release (neutron-lib 3.8.0) and will be removed once support for the old RBAC API policies will be removed from Neutron. Please use method 'is_service_role' instead.
2026-07-02 16:34:10.202 9 INFO neutron.wsgi [None req-6d37ded9-9b39-4b3f-b0eb-3bb4d9f57145 66d3a42c36a54cc6a8d1bb7655facc8a 29cf79cb25ec4cfc9c387a7593a0df38 - - default default] 10.0.0.209 "DELETE /v2.0/routers/44f16932-cb4d-4625-8204-c4528a439595 HTTP/1.1" status: 204 len: 168 time: 0.2421203
2026-07-02 16:34:10.268 9 INFO neutron.db.ovn_revision_numbers_db [None req-1cb7353f-5692-4620-b45b-f1acd4ad1736 122361078a364a17bd9082a3e9dd0079 d8d6860352c742f3beb5e3e14ba077e8 - - default default] Successfully bumped revision number for resource 0a77f641-cae5-4481-960f-2dbdf686ade6 (type: security_groups) to 1
2026-07-02 16:34:10.280 9 INFO neutron.db.ovn_revision_numbers_db [None req-1cb7353f-5692-4620-b45b-f1acd4ad1736 122361078a364a17bd9082a3e9dd0079 d8d6860352c742f3beb5e3e14ba077e8 - - default default] Successfully bumped revision number for resource 28048405-793b-4976-9638-d4321fa927b7 (type: security_group_rules) to 0
2026-07-02 16:34:10.294 9 INFO neutron.db.ovn_revision_numbers_db [None req-1cb7353f-5692-4620-b45b-f1acd4ad1736 122361078a364a17bd9082a3e9dd0079 d8d6860352c742f3beb5e3e14ba077e8 - - default default] Successfully bumped revision number for resource c34008d1-d6c3-4395-b117-5832307477b4 (type: security_group_rules) to 0
2026-07-02 16:34:10.313 9 INFO neutron.wsgi [None req-1cb7353f-5692-4620-b45b-f1acd4ad1736 122361078a364a17bd9082a3e9dd0079 d8d6860352c742f3beb5e3e14ba077e8 - - default default] 10.0.0.209 "POST /v2.0/security-groups HTTP/1.1" status: 201 len: 1873 time: 0.1827297
2026-07-02 16:34:10.323 9 WARNING neutron_lib.context [None req-55b18f0b-2036-4d1d-a131-21b9ee3bbefd 122361078a364a17bd9082a3e9dd0079 d8d6860352c742f3beb5e3e14ba077e8 - - default default] Method 'is_advsvc' is deprecated since 2023.2 release (neutron-lib 3.8.0) and will be removed once support for the old RBAC API policies will be removed from Neutron. Please use method 'is_service_role' instead.
2026-07-02 16:34:10.479 9 INFO neutron.db.ovn_revision_numbers_db [None req-55b18f0b-2036-4d1d-a131-21b9ee3bbefd 122361078a364a17bd9082a3e9dd0079 d8d6860352c742f3beb5e3e14ba077e8 - - default default] Successfully bumped revision number for resource 269a0ff3-153a-4b97-bffc-b2fe6020e01e (type: security_group_rules) to 0
2026-07-02 16:34:10.506 9 INFO neutron.wsgi [None req-55b18f0b-2036-4d1d-a131-21b9ee3bbefd 122361078a364a17bd9082a3e9dd0079 d8d6860352c742f3beb5e3e14ba077e8 - - default default] 10.0.0.209 "POST /v2.0/security-group-rules HTTP/1.1" status: 201 len: 796 time: 0.1870708
2026-07-02 16:34:10.516 9 WARNING neutron_lib.context [None req-9eaa046a-5671-4eef-b34f-05840731c475 122361078a364a17bd9082a3e9dd0079 d8d6860352c742f3beb5e3e14ba077e8 - - default default] Method 'is_advsvc' is deprecated since 2023.2 release (neutron-lib 3.8.0) and will be removed once support for the old RBAC API policies will be removed from Neutron. Please use method 'is_service_role' instead.
2026-07-02 16:34:10.631 9 INFO neutron.db.ovn_revision_numbers_db [None req-9eaa046a-5671-4eef-b34f-05840731c475 122361078a364a17bd9082a3e9dd0079 d8d6860352c742f3beb5e3e14ba077e8 - - default default] Successfully bumped revision number for resource 8ae487f6-1fca-4784-bc35-0dd472b27b5a (type: security_group_rules) to 0
2026-07-02 16:34:10.655 9 INFO neutron.wsgi [None req-9eaa046a-5671-4eef-b34f-05840731c475 122361078a364a17bd9082a3e9dd0079 d8d6860352c742f3beb5e3e14ba077e8 - - default default] 10.0.0.209 "POST /v2.0/security-group-rules HTTP/1.1" status: 201 len: 795 time: 0.1440229
2026-07-02 16:34:10.666 9 WARNING neutron_lib.context [None req-b124b720-c7db-44be-85a7-ebc9a73d5f87 122361078a364a17bd9082a3e9dd0079 d8d6860352c742f3beb5e3e14ba077e8 - - default default] Method 'is_advsvc' is deprecated since 2023.2 release (neutron-lib 3.8.0) and will be removed once support for the old RBAC API policies will be removed from Neutron. Please use method 'is_service_role' instead.
2026-07-02 16:34:10.785 9 INFO neutron.db.ovn_revision_numbers_db [None req-b124b720-c7db-44be-85a7-ebc9a73d5f87 122361078a364a17bd9082a3e9dd0079 d8d6860352c742f3beb5e3e14ba077e8 - - default default] Successfully bumped revision number for resource c69b14c5-f8bd-4349-ba96-7dc5d9fd0b9c (type: security_group_rules) to 0
2026-07-02 16:34:10.810 9 INFO neutron.wsgi [None req-b124b720-c7db-44be-85a7-ebc9a73d5f87 122361078a364a17bd9082a3e9dd0079 d8d6860352c742f3beb5e3e14ba077e8 - - default default] 10.0.0.209 "POST /v2.0/security-group-rules HTTP/1.1" status: 201 len: 801 time: 0.1490936
2026-07-02 16:34:10.820 9 WARNING neutron_lib.context [None req-1a903ef0-1126-4ebf-86ba-dd1b1892f188 122361078a364a17bd9082a3e9dd0079 d8d6860352c742f3beb5e3e14ba077e8 - - default default] Method 'is_advsvc' is deprecated since 2023.2 release (neutron-lib 3.8.0) and will be removed once support for the old RBAC API policies will be removed from Neutron. Please use method 'is_service_role' instead.
2026-07-02 16:34:10.953 10 INFO neutron.plugins.ml2.drivers.ovn.mech_driver.ovsdb.commands [None req-46424031-5920-4590-88dc-b384d8e701a7 - - - - - -] Schedule LRP lrp-a41943e4-65fe-40b4-a2fe-e54e7bebc064 on gateway a4138440-a3b5-4179-b9ae-deba0554e787 with priority 1
2026-07-02 16:34:10.962 10 INFO neutron.plugins.ml2.drivers.ovn.mech_driver.mech_driver [None req-fd4df701-26b0-41c5-b609-9382b83bb7e4 - - - - - -] OVN reports status up for port: a41943e4-65fe-40b4-a2fe-e54e7bebc064
