2026-07-02 16:35:05.944 9 INFO neutron.db.ovn_revision_numbers_db [None req-85a9d288-38fb-487f-a313-b21e6412d0dc 3663a72b9ff34cb7a3c9537f99aaa8f5 804840ec6a8d4d1a91ef1e518f84ac91 - - default default] Successfully bumped revision number for resource 893bf341-c441-4d7b-bca6-5fcd66718d1b (type: security_group_rules) to 0
2026-07-02 16:35:05.960 10 INFO neutron.wsgi [None req-86682695-ddcc-47c5-b3fb-67c2396b171f 44dfa938257a4b77b35bd0732e3f3165 a0180635811d450a8adc8b1d16062475 - - default default] 10.0.0.209 "GET /v2.0/vpn/endpoint-groups HTTP/1.1" status: 200 len: 1111 time: 0.0141220
2026-07-02 16:35:05.979 9 INFO neutron.wsgi [None req-85a9d288-38fb-487f-a313-b21e6412d0dc 3663a72b9ff34cb7a3c9537f99aaa8f5 804840ec6a8d4d1a91ef1e518f84ac91 - - default default] 10.0.0.209 "POST /v2.0/security-group-rules HTTP/1.1" status: 201 len: 801 time: 0.1821883
2026-07-02 16:35:05.991 9 WARNING neutron_lib.context [None req-9c9a00e1-18c4-4a4e-a220-aac795855ade 3663a72b9ff34cb7a3c9537f99aaa8f5 804840ec6a8d4d1a91ef1e518f84ac91 - - default default] Method 'is_advsvc' is deprecated since 2023.2 release (neutron-lib 3.8.0) and will be removed once support for the old RBAC API policies will be removed from Neutron. Please use method 'is_service_role' instead.
2026-07-02 16:35:06.006 9 INFO neutron.wsgi [None req-9a7ee21e-0d98-4cdf-aa1b-75fae9e2f442 44dfa938257a4b77b35bd0732e3f3165 a0180635811d450a8adc8b1d16062475 - - default default] 10.0.0.209 "DELETE /v2.0/vpn/endpoint-groups/d3c8aef0-39e8-4562-a71e-8055b73dcf90 HTTP/1.1" status: 204 len: 168 time: 0.0410452
2026-07-02 16:35:06.035 9 INFO neutron.wsgi [None req-43c74803-6be4-48f7-8bf3-bf209a7d1e51 44dfa938257a4b77b35bd0732e3f3165 a0180635811d450a8adc8b1d16062475 - - default default] 10.0.0.209 "GET /v2.0/vpn/endpoint-groups HTTP/1.1" status: 200 len: 827 time: 0.0225794
2026-07-02 16:35:06.045 10 WARNING neutron.api.v2.base [None req-d3e6c7d2-4da7-4ea9-a539-1a66dda201bb 44dfa938257a4b77b35bd0732e3f3165 a0180635811d450a8adc8b1d16062475 - - default default] An exception happened while processing the request body. The exception message is [Invalid input for peer_cidrs. Reason: '1.0.0.0/33' is not a valid IP subnet.].: webob.exc.HTTPBadRequest: Invalid input for peer_cidrs. Reason: '1.0.0.0/33' is not a valid IP subnet.
2026-07-02 16:35:06.046 10 INFO neutron.api.v2.resource [None req-d3e6c7d2-4da7-4ea9-a539-1a66dda201bb 44dfa938257a4b77b35bd0732e3f3165 a0180635811d450a8adc8b1d16062475 - - default default] create failed (client error): Invalid input for peer_cidrs. Reason: '1.0.0.0/33' is not a valid IP subnet.
2026-07-02 16:35:06.047 10 INFO neutron.wsgi [None req-d3e6c7d2-4da7-4ea9-a539-1a66dda201bb 44dfa938257a4b77b35bd0732e3f3165 a0180635811d450a8adc8b1d16062475 - - default default] 10.0.0.209 "POST /v2.0/vpn/ipsec-site-connections HTTP/1.1" status: 400 len: 352 time: 0.0082784
2026-07-02 16:35:06.058 10 WARNING neutron_lib.context [None req-eaef52e8-7ed4-45d9-9ab4-79b6a587a2b2 44dfa938257a4b77b35bd0732e3f3165 a0180635811d450a8adc8b1d16062475 - - default default] Method 'is_advsvc' is deprecated since 2023.2 release (neutron-lib 3.8.0) and will be removed once support for the old RBAC API policies will be removed from Neutron. Please use method 'is_service_role' instead.
2026-07-02 16:35:06.151 9 INFO neutron.db.ovn_revision_numbers_db [None req-9c9a00e1-18c4-4a4e-a220-aac795855ade 3663a72b9ff34cb7a3c9537f99aaa8f5 804840ec6a8d4d1a91ef1e518f84ac91 - - default default] Successfully bumped revision number for resource 2c5889f7-2b7d-4961-aa91-cd65bd13080c (type: security_group_rules) to 0
2026-07-02 16:35:06.171 10 INFO neutron.db.segments_db [None req-eaef52e8-7ed4-45d9-9ab4-79b6a587a2b2 44dfa938257a4b77b35bd0732e3f3165 a0180635811d450a8adc8b1d16062475 - - default default] Added segment b04cfc9f-b0a1-450f-86a2-24cb21b64e74 of type geneve for network 3ff20ac0-9950-4235-94c3-5a902da1e7b8
2026-07-02 16:35:06.177 9 INFO neutron.wsgi [None req-9c9a00e1-18c4-4a4e-a220-aac795855ade 3663a72b9ff34cb7a3c9537f99aaa8f5 804840ec6a8d4d1a91ef1e518f84ac91 - - default default] 10.0.0.209 "POST /v2.0/security-group-rules HTTP/1.1" status: 201 len: 800 time: 0.1920571
2026-07-02 16:35:06.188 10 WARNING neutron_lib.context [None req-e0dcdefa-2c7b-4b69-913d-a72d04502967 3663a72b9ff34cb7a3c9537f99aaa8f5 804840ec6a8d4d1a91ef1e518f84ac91 - - default default] Method 'is_advsvc' is deprecated since 2023.2 release (neutron-lib 3.8.0) and will be removed once support for the old RBAC API policies will be removed from Neutron. Please use method 'is_service_role' instead.
2026-07-02 16:35:06.251 10 INFO neutron.db.securitygroups_db [None req-e0dcdefa-2c7b-4b69-913d-a72d04502967 3663a72b9ff34cb7a3c9537f99aaa8f5 804840ec6a8d4d1a91ef1e518f84ac91 - - default default] Project 804840ec6a8d4d1a91ef1e518f84ac91 added a security group rule with legacy IPv6 ICMP protocol name icmp, ipv6-icmp should be used instead. It was automatically converted.
2026-07-02 16:35:06.332 10 INFO neutron.db.ovn_revision_numbers_db [None req-eaef52e8-7ed4-45d9-9ab4-79b6a587a2b2 44dfa938257a4b77b35bd0732e3f3165 a0180635811d450a8adc8b1d16062475 - - default default] Successfully bumped revision number for resource 3ff20ac0-9950-4235-94c3-5a902da1e7b8 (type: networks) to 1
2026-07-02 16:35:06.434 10 INFO neutron.db.ovn_revision_numbers_db [None req-e0dcdefa-2c7b-4b69-913d-a72d04502967 3663a72b9ff34cb7a3c9537f99aaa8f5 804840ec6a8d4d1a91ef1e518f84ac91 - - default default] Successfully bumped revision number for resource 8236f5bc-9922-4620-89a7-97878c579e0e (type: security_group_rules) to 0
2026-07-02 16:35:06.493 10 INFO neutron.wsgi [None req-e0dcdefa-2c7b-4b69-913d-a72d04502967 3663a72b9ff34cb7a3c9537f99aaa8f5 804840ec6a8d4d1a91ef1e518f84ac91 - - default default] 10.0.0.209 "POST /v2.0/security-group-rules HTTP/1.1" status: 201 len: 806 time: 0.3102679
2026-07-02 16:35:06.507 9 WARNING neutron_lib.context [None req-da463d7e-a0d2-43b7-bc21-a485794508c6 3663a72b9ff34cb7a3c9537f99aaa8f5 804840ec6a8d4d1a91ef1e518f84ac91 - - default default] Method 'is_advsvc' is deprecated since 2023.2 release (neutron-lib 3.8.0) and will be removed once support for the old RBAC API policies will be removed from Neutron. Please use method 'is_service_role' instead.
2026-07-02 16:35:06.550 9 INFO neutron.db.securitygroups_db [None req-da463d7e-a0d2-43b7-bc21-a485794508c6 3663a72b9ff34cb7a3c9537f99aaa8f5 804840ec6a8d4d1a91ef1e518f84ac91 - - default default] Project 804840ec6a8d4d1a91ef1e518f84ac91 added a security group rule with legacy IPv6 ICMP protocol name icmp, ipv6-icmp should be used instead. It was automatically converted.
2026-07-02 16:35:06.588 10 WARNING neutron.scheduler.dhcp_agent_scheduler [None req-eaef52e8-7ed4-45d9-9ab4-79b6a587a2b2 44dfa938257a4b77b35bd0732e3f3165 a0180635811d450a8adc8b1d16062475 - - default default] No more DHCP agents
2026-07-02 16:35:06.593 10 WARNING neutron.api.rpc.agentnotifiers.dhcp_rpc_agent_api [None req-eaef52e8-7ed4-45d9-9ab4-79b6a587a2b2 44dfa938257a4b77b35bd0732e3f3165 a0180635811d450a8adc8b1d16062475 - - default default] Unable to schedule network 3ff20ac0-9950-4235-94c3-5a902da1e7b8: no agents available; will retry on subsequent port and subnet creation events.
2026-07-02 16:35:06.652 9 INFO neutron.wsgi [-] 10.0.0.142 "GET / HTTP/1.1" status: 200 len: 247 time: 0.0017006
2026-07-02 16:35:06.655 9 INFO neutron.wsgi [-] 10.0.0.142 "GET / HTTP/1.1" status: 200 len: 247 time: 0.0014744
2026-07-02 16:35:06.680 9 INFO neutron.db.ovn_revision_numbers_db [None req-da463d7e-a0d2-43b7-bc21-a485794508c6 3663a72b9ff34cb7a3c9537f99aaa8f5 804840ec6a8d4d1a91ef1e518f84ac91 - - default default] Successfully bumped revision number for resource 93470fd9-557c-4675-8773-456b05f038b4 (type: security_group_rules) to 0
2026-07-02 16:35:06.714 10 INFO neutron.db.ovn_revision_numbers_db [None req-eaef52e8-7ed4-45d9-9ab4-79b6a587a2b2 44dfa938257a4b77b35bd0732e3f3165 a0180635811d450a8adc8b1d16062475 - - default default] Successfully bumped revision number for resource 89866ab4-86f8-4fba-9ec1-d56a108269de (type: ports) to 1
2026-07-02 16:35:06.740 9 INFO neutron.wsgi [None req-da463d7e-a0d2-43b7-bc21-a485794508c6 3663a72b9ff34cb7a3c9537f99aaa8f5 804840ec6a8d4d1a91ef1e518f84ac91 - - default default] 10.0.0.209 "POST /v2.0/security-group-rules HTTP/1.1" status: 201 len: 805 time: 0.2420888
2026-07-02 16:35:06.760 10 INFO neutron.wsgi [None req-eaef52e8-7ed4-45d9-9ab4-79b6a587a2b2 44dfa938257a4b77b35bd0732e3f3165 a0180635811d450a8adc8b1d16062475 - - default default] 10.0.0.209 "POST /v2.0/networks HTTP/1.1" status: 201 len: 831 time: 0.7079411
2026-07-02 16:35:06.769 10 WARNING neutron_lib.context [None req-58cd9c7a-f79d-4a69-a12d-58cf796c280c 44dfa938257a4b77b35bd0732e3f3165 a0180635811d450a8adc8b1d16062475 - - default default] Method 'is_advsvc' is deprecated since 2023.2 release (neutron-lib 3.8.0) and will be removed once support for the old RBAC API policies will be removed from Neutron. Please use method 'is_service_role' instead.
2026-07-02 16:35:06.998 10 WARNING neutron.scheduler.dhcp_agent_scheduler [None req-58cd9c7a-f79d-4a69-a12d-58cf796c280c 44dfa938257a4b77b35bd0732e3f3165 a0180635811d450a8adc8b1d16062475 - - default default] No more DHCP agents
2026-07-02 16:35:07.000 10 WARNING neutron.api.rpc.agentnotifiers.dhcp_rpc_agent_api [None req-58cd9c7a-f79d-4a69-a12d-58cf796c280c 44dfa938257a4b77b35bd0732e3f3165 a0180635811d450a8adc8b1d16062475 - - default default] Unable to schedule network 3ff20ac0-9950-4235-94c3-5a902da1e7b8: no agents available; will retry on subsequent port and subnet creation events.
2026-07-02 16:35:07.132 9 WARNING neutron_lib.context [None req-200b366e-b43c-4bb2-850d-4cab68eab60e 3663a72b9ff34cb7a3c9537f99aaa8f5 804840ec6a8d4d1a91ef1e518f84ac91 - - default default] Method 'is_advsvc' is deprecated since 2023.2 release (neutron-lib 3.8.0) and will be removed once support for the old RBAC API policies will be removed from Neutron. Please use method 'is_service_role' instead.
2026-07-02 16:35:07.266 9 INFO neutron.db.ovn_revision_numbers_db [None req-200b366e-b43c-4bb2-850d-4cab68eab60e 3663a72b9ff34cb7a3c9537f99aaa8f5 804840ec6a8d4d1a91ef1e518f84ac91 - - default default] Successfully bumped revision number for resource 257376fa-8b8e-486b-afc6-720939a6dc24 (type: security_groups) to 1
2026-07-02 16:35:07.282 9 INFO neutron.db.ovn_revision_numbers_db [None req-200b366e-b43c-4bb2-850d-4cab68eab60e 3663a72b9ff34cb7a3c9537f99aaa8f5 804840ec6a8d4d1a91ef1e518f84ac91 - - default default] Successfully bumped revision number for resource 1ddc9f95-3a65-48ab-89aa-10d53fff30c2 (type: security_group_rules) to 0
2026-07-02 16:35:07.298 9 INFO neutron.db.ovn_revision_numbers_db [None req-200b366e-b43c-4bb2-850d-4cab68eab60e 3663a72b9ff34cb7a3c9537f99aaa8f5 804840ec6a8d4d1a91ef1e518f84ac91 - - default default] Successfully bumped revision number for resource 61e3f664-de66-4e40-a590-c277050eadf0 (type: security_group_rules) to 0
2026-07-02 16:35:07.319 9 INFO neutron.wsgi [None req-200b366e-b43c-4bb2-850d-4cab68eab60e 3663a72b9ff34cb7a3c9537f99aaa8f5 804840ec6a8d4d1a91ef1e518f84ac91 - - default default] 10.0.0.209 "POST /v2.0/security-groups HTTP/1.1" status: 201 len: 1861 time: 0.1947291
2026-07-02 16:35:07.330 9 WARNING neutron_lib.context [None req-89cac0ea-5efd-494a-9dca-c320c90bc657 3663a72b9ff34cb7a3c9537f99aaa8f5 804840ec6a8d4d1a91ef1e518f84ac91 - - default default] Method 'is_advsvc' is deprecated since 2023.2 release (neutron-lib 3.8.0) and will be removed once support for the old RBAC API policies will be removed from Neutron. Please use method 'is_service_role' instead.
2026-07-02 16:35:07.486 9 INFO neutron.db.ovn_revision_numbers_db [None req-89cac0ea-5efd-494a-9dca-c320c90bc657 3663a72b9ff34cb7a3c9537f99aaa8f5 804840ec6a8d4d1a91ef1e518f84ac91 - - default default] Successfully bumped revision number for resource da648850-e324-443c-b7bf-f1b5ea7b86d4 (type: security_group_rules) to 0
2026-07-02 16:35:07.513 9 INFO neutron.wsgi [None req-89cac0ea-5efd-494a-9dca-c320c90bc657 3663a72b9ff34cb7a3c9537f99aaa8f5 804840ec6a8d4d1a91ef1e518f84ac91 - - default default] 10.0.0.209 "POST /v2.0/security-group-rules HTTP/1.1" status: 201 len: 796 time: 0.1883993
2026-07-02 16:35:07.522 9 WARNING neutron_lib.context [None req-dbfdc316-b99c-41be-b713-01eefb10c0bd 3663a72b9ff34cb7a3c9537f99aaa8f5 804840ec6a8d4d1a91ef1e518f84ac91 - - default default] Method 'is_advsvc' is deprecated since 2023.2 release (neutron-lib 3.8.0) and will be removed once support for the old RBAC API policies will be removed from Neutron. Please use method 'is_service_role' instead.
2026-07-02 16:35:07.678 9 INFO neutron.db.ovn_revision_numbers_db [None req-dbfdc316-b99c-41be-b713-01eefb10c0bd 3663a72b9ff34cb7a3c9537f99aaa8f5 804840ec6a8d4d1a91ef1e518f84ac91 - - default default] Successfully bumped revision number for resource c088f979-c70f-41aa-aab6-44421e70f71f (type: security_group_rules) to 0
2026-07-02 16:35:07.712 9 INFO neutron.wsgi [None req-dbfdc316-b99c-41be-b713-01eefb10c0bd 3663a72b9ff34cb7a3c9537f99aaa8f5 804840ec6a8d4d1a91ef1e518f84ac91 - - default default] 10.0.0.209 "POST /v2.0/security-group-rules HTTP/1.1" status: 201 len: 801 time: 0.1954165
2026-07-02 16:35:07.724 9 WARNING neutron_lib.context [None req-aa925abe-d540-4ebb-bdbc-aafbc621a0ef 3663a72b9ff34cb7a3c9537f99aaa8f5 804840ec6a8d4d1a91ef1e518f84ac91 - - default default] Method 'is_advsvc' is deprecated since 2023.2 release (neutron-lib 3.8.0) and will be removed once support for the old RBAC API policies will be removed from Neutron. Please use method 'is_service_role' instead.
2026-07-02 16:35:07.819 10 INFO neutron.db.ovn_revision_numbers_db [None req-58cd9c7a-f79d-4a69-a12d-58cf796c280c 44dfa938257a4b77b35bd0732e3f3165 a0180635811d450a8adc8b1d16062475 - - default default] Successfully bumped revision number for resource 89866ab4-86f8-4fba-9ec1-d56a108269de (type: ports) to 2
2026-07-02 16:35:07.865 10 INFO neutron.db.ovn_revision_numbers_db [None req-58cd9c7a-f79d-4a69-a12d-58cf796c280c 44dfa938257a4b77b35bd0732e3f3165 a0180635811d450a8adc8b1d16062475 - - default default] Successfully bumped revision number for resource 5d074a07-f520-4d1d-b5d3-e1953f430a08 (type: subnets) to 0
2026-07-02 16:35:07.887 10 INFO neutron.wsgi [None req-58cd9c7a-f79d-4a69-a12d-58cf796c280c 44dfa938257a4b77b35bd0732e3f3165 a0180635811d450a8adc8b1d16062475 - - default default] 10.0.0.209 "POST /v2.0/subnets HTTP/1.1" status: 201 len: 804 time: 1.1230655
2026-07-02 16:35:07.901 9 WARNING neutron_lib.context [None req-0ea1e9a0-d834-44e1-910a-569822077d2e 44dfa938257a4b77b35bd0732e3f3165 a0180635811d450a8adc8b1d16062475 - - default default] Method 'is_advsvc' is deprecated since 2023.2 release (neutron-lib 3.8.0) and will be removed once support for the old RBAC API policies will be removed from Neutron. Please use method 'is_service_role' instead.
2026-07-02 16:35:08.018 9 WARNING neutron.scheduler.dhcp_agent_scheduler [None req-aa925abe-d540-4ebb-bdbc-aafbc621a0ef 3663a72b9ff34cb7a3c9537f99aaa8f5 804840ec6a8d4d1a91ef1e518f84ac91 - - default default] No more DHCP agents
2026-07-02 16:35:08.034 9 WARNING neutron.api.rpc.agentnotifiers.dhcp_rpc_agent_api [None req-aa925abe-d540-4ebb-bdbc-aafbc621a0ef 3663a72b9ff34cb7a3c9537f99aaa8f5 804840ec6a8d4d1a91ef1e518f84ac91 - - default default] Unable to schedule network 888ddc7f-1bc8-4e2b-bcfa-6f8dd831c921: no agents available; will retry on subsequent port and subnet creation events.
2026-07-02 16:35:08.592 9 WARNING neutron.scheduler.dhcp_agent_scheduler [None req-0ea1e9a0-d834-44e1-910a-569822077d2e 44dfa938257a4b77b35bd0732e3f3165 a0180635811d450a8adc8b1d16062475 - - default default] No more DHCP agents
2026-07-02 16:35:08.596 9 WARNING neutron.api.rpc.agentnotifiers.dhcp_rpc_agent_api [None req-0ea1e9a0-d834-44e1-910a-569822077d2e 44dfa938257a4b77b35bd0732e3f3165 a0180635811d450a8adc8b1d16062475 - - default default] Unable to schedule network 888ddc7f-1bc8-4e2b-bcfa-6f8dd831c921: no agents available; will retry on subsequent port and subnet creation events.
2026-07-02 16:35:08.609 9 INFO neutron.wsgi [None req-aa925abe-d540-4ebb-bdbc-aafbc621a0ef 3663a72b9ff34cb7a3c9537f99aaa8f5 804840ec6a8d4d1a91ef1e518f84ac91 - - default default] 10.0.0.209 "POST /v2.0/floatingips HTTP/1.1" status: 201 len: 751 time: 0.8918030
2026-07-02 16:35:08.767 10 INFO neutron.wsgi [req-ba7bec13-206d-4a96-9521-8e03692967aa req-4704cae1-706d-43eb-9ac1-dce63d192d3e 3663a72b9ff34cb7a3c9537f99aaa8f5 804840ec6a8d4d1a91ef1e518f84ac91 - - default default] 10.0.0.195 "GET /v2.0/security-groups?name=tempest-secgroup-smoke-1653794218&fields=id&tenant_id=804840ec6a8d4d1a91ef1e518f84ac91 HTTP/1.1" status: 200 len: 267 time: 0.0556002
2026-07-02 16:35:08.789 9 INFO neutron.db.ovn_revision_numbers_db [None req-0ea1e9a0-d834-44e1-910a-569822077d2e 44dfa938257a4b77b35bd0732e3f3165 a0180635811d450a8adc8b1d16062475 - - default default] Successfully bumped revision number for resource 8c3af4ec-1610-4f83-aa95-1436c56e8557 (type: ports) to 1
2026-07-02 16:35:08.823 10 INFO neutron.wsgi [req-ba7bec13-206d-4a96-9521-8e03692967aa req-ae80310d-d451-4e72-a834-de815e4009d8 3663a72b9ff34cb7a3c9537f99aaa8f5 804840ec6a8d4d1a91ef1e518f84ac91 - - default default] 10.0.0.195 "GET /v2.0/security-groups?name=tempest-securitygroup--89034195&fields=id&tenant_id=804840ec6a8d4d1a91ef1e518f84ac91 HTTP/1.1" status: 200 len: 267 time: 0.0494282
2026-07-02 16:35:08.943 10 INFO neutron.wsgi [req-ba7bec13-206d-4a96-9521-8e03692967aa req-ca5c69b4-29c9-4da9-ac84-57a37b4789b0 3663a72b9ff34cb7a3c9537f99aaa8f5 804840ec6a8d4d1a91ef1e518f84ac91 - - default default] 10.0.0.195 "GET /v2.0/networks?id=e8dd1558-9ecf-45f0-bb31-7ee18399a336 HTTP/1.1" status: 200 len: 871 time: 0.0946703
2026-07-02 16:35:08.960 10 INFO neutron.wsgi [req-ba7bec13-206d-4a96-9521-8e03692967aa req-8fdb91a1-fd92-4dac-ad9e-53688a365c11 3663a72b9ff34cb7a3c9537f99aaa8f5 804840ec6a8d4d1a91ef1e518f84ac91 - - default default] 10.0.0.195 "GET /v2.0/quotas/804840ec6a8d4d1a91ef1e518f84ac91 HTTP/1.1" status: 200 len: 491 time: 0.0116112
2026-07-02 16:35:09.071 10 INFO neutron.wsgi [req-ba7bec13-206d-4a96-9521-8e03692967aa req-29d13b8c-8cc9-4e07-afa8-515c88bd9ef1 3663a72b9ff34cb7a3c9537f99aaa8f5 804840ec6a8d4d1a91ef1e518f84ac91 - - default default] 10.0.0.195 "GET /v2.0/ports?tenant_id=804840ec6a8d4d1a91ef1e518f84ac91&fields=id HTTP/1.1" status: 200 len: 302 time: 0.1025155
2026-07-02 16:35:09.147 10 INFO neutron.wsgi [req-ba7bec13-206d-4a96-9521-8e03692967aa req-ee06df6b-1262-4e6e-b7e4-b2b37bffbe3c 30aa680b0d664b0a96200ad8d3469679 d7025f63bfe64af6b5843110c1352ec0 - - ec063602019246bc80897eebb5ed279f ec063602019246bc80897eebb5ed279f] 10.0.0.195 "GET /v2.0/networks/e8dd1558-9ecf-45f0-bb31-7ee18399a336?fields=segments HTTP/1.1" status: 200 len: 212 time: 0.0599985
2026-07-02 16:35:09.227 10 INFO neutron.wsgi [req-ba7bec13-206d-4a96-9521-8e03692967aa req-20cc643b-2911-4f9b-82fa-068b025eb996 30aa680b0d664b0a96200ad8d3469679 d7025f63bfe64af6b5843110c1352ec0 - - ec063602019246bc80897eebb5ed279f ec063602019246bc80897eebb5ed279f] 10.0.0.195 "GET /v2.0/networks/e8dd1558-9ecf-45f0-bb31-7ee18399a336?fields=provider%3Aphysical_network&fields=provider%3Anetwork_type HTTP/1.1" status: 200 len: 277 time: 0.0747912
2026-07-02 16:35:09.232 10 WARNING neutron.plugins.ml2.drivers.ovn.mech_driver.ovsdb.ovn_client [None req-fd4df701-26b0-41c5-b609-9382b83bb7e4 - - - - - -] No hosting information found for port 82723956-8da7-4a1a-b476-af7e66f287ac: RuntimeError: No hosting information found for port 82723956-8da7-4a1a-b476-af7e66f287ac
2026-07-02 16:35:09.232 10 INFO neutron.plugins.ml2.drivers.ovn.mech_driver.mech_driver [None req-fd4df701-26b0-41c5-b609-9382b83bb7e4 - - - - - -] OVN reports status up for port: 42125e94-2224-46e0-b81d-7402f0daf755
2026-07-02 16:35:09.247 10 INFO neutron.plugins.ml2.drivers.ovn.mech_driver.mech_driver [None req-fd4df701-26b0-41c5-b609-9382b83bb7e4 - - - - - -] OVN reports status up for port: 26f11418-d666-4648-b885-a0a591cf83db
2026-07-02 16:35:09.257 10 INFO neutron.plugins.ml2.plugin [None req-fd4df701-26b0-41c5-b609-9382b83bb7e4 - - - - - -] Attempt 1 to provision port 26f11418-d666-4648-b885-a0a591cf83db
2026-07-02 16:35:09.354 10 INFO neutron.plugins.ml2.drivers.ovn.mech_driver.mech_driver [None req-fd4df701-26b0-41c5-b609-9382b83bb7e4 - - - - - -] OVN reports status up for port: 3fc0f862-19a6-427d-b090-ac7db5160c89
2026-07-02 16:35:09.373 10 INFO neutron.plugins.ml2.plugin [None req-fd4df701-26b0-41c5-b609-9382b83bb7e4 - - - - - -] Attempt 1 to provision port 3fc0f862-19a6-427d-b090-ac7db5160c89
2026-07-02 16:35:09.425 10 INFO neutron.wsgi [req-76565b20-e1c2-439e-ac35-5f946fd816a8 req-fdc8b519-f63e-44fa-a1b4-bbbd58050ba4 3663a72b9ff34cb7a3c9537f99aaa8f5 804840ec6a8d4d1a91ef1e518f84ac91 - - default default] 10.0.0.195 "GET /v2.0/ports?device_id=422a7fc6-5ab3-43de-baaf-1c89f78ec7ff HTTP/1.1" status: 200 len: 210 time: 0.0290668
2026-07-02 16:35:09.729 9 INFO neutron.plugins.ml2.drivers.ovn.mech_driver.ovsdb.commands [None req-fc4f7f22-f595-49aa-98da-59db3371f7a1 - - - - - -] Schedule LRP lrp-8c3af4ec-1610-4f83-aa95-1436c56e8557 on gateway a4138440-a3b5-4179-b9ae-deba0554e787 with priority 1
2026-07-02 16:35:09.737 9 INFO neutron.plugins.ml2.drivers.ovn.mech_driver.mech_driver [None req-b4215389-a97c-4fa5-bb99-8462611de824 - - - - - -] OVN reports status up for port: 8c3af4ec-1610-4f83-aa95-1436c56e8557
2026-07-02 16:35:09.752 9 INFO neutron.plugins.ml2.plugin [None req-b4215389-a97c-4fa5-bb99-8462611de824 - - - - - -] Attempt 1 to provision port 8c3af4ec-1610-4f83-aa95-1436c56e8557
2026-07-02 16:35:09.796 9 INFO neutron.db.ovn_revision_numbers_db [None req-0ea1e9a0-d834-44e1-910a-569822077d2e 44dfa938257a4b77b35bd0732e3f3165 a0180635811d450a8adc8b1d16062475 - - default default] Successfully bumped revision number for resource 8c3af4ec-1610-4f83-aa95-1436c56e8557 (type: router_ports) to 1
2026-07-02 16:35:09.837 10 INFO neutron.db.ovn_revision_numbers_db [None req-fd4df701-26b0-41c5-b609-9382b83bb7e4 - - - - - -] Successfully bumped revision number for resource 3fc0f862-19a6-427d-b090-ac7db5160c89 (type: ports) to 2
2026-07-02 16:35:09.883 9 INFO neutron.db.ovn_revision_numbers_db [None req-0ea1e9a0-d834-44e1-910a-569822077d2e 44dfa938257a4b77b35bd0732e3f3165 a0180635811d450a8adc8b1d16062475 - - default default] Successfully bumped revision number for resource d74cf819-8123-4e1e-8b9a-f574e85cbd5f (type: routers) to 2
2026-07-02 16:35:09.901 9 INFO neutron.wsgi [None req-0ea1e9a0-d834-44e1-910a-569822077d2e 44dfa938257a4b77b35bd0732e3f3165 a0180635811d450a8adc8b1d16062475 - - default default] 10.0.0.209 "POST /v2.0/routers HTTP/1.1" status: 201 len: 1136 time: 2.0057032
2026-07-02 16:35:10.041 10 INFO neutron.db.ovn_revision_numbers_db [None req-fd4df701-26b0-41c5-b609-9382b83bb7e4 - - - - - -] Successfully bumped revision number for resource 3fc0f862-19a6-427d-b090-ac7db5160c89 (type: router_ports) to 2
2026-07-02 16:35:10.073 10 INFO neutron.api.v2.resource [None req-20f16201-5497-4127-b911-c4793592a299 2ec6dd28d8b74cae81679d096cfda49e 0b5c83a6af5746f8a86e30139bf536c8 - - default default] create failed (client error): The server could not comply with the request since it is either malformed or otherwise incorrect.
2026-07-02 16:35:10.074 10 INFO neutron.wsgi [None req-20f16201-5497-4127-b911-c4793592a299 2ec6dd28d8b74cae81679d096cfda49e 0b5c83a6af5746f8a86e30139bf536c8 - - default default] 10.0.0.209 "POST /v2.0/vpn/vpnservices HTTP/1.1" status: 400 len: 397 time: 0.1681969
2026-07-02 16:35:10.225 9 INFO neutron.wsgi [req-ba7bec13-206d-4a96-9521-8e03692967aa req-aa40f633-fc65-4bf3-8d03-d66e3dd8451b 3663a72b9ff34cb7a3c9537f99aaa8f5 804840ec6a8d4d1a91ef1e518f84ac91 - - default default] 199.19.213.35 "GET /v2.0/networks?id=e8dd1558-9ecf-45f0-bb31-7ee18399a336 HTTP/1.1" status: 200 len: 871 time: 0.1158519
2026-07-02 16:35:10.290 9 INFO neutron.wsgi [req-ba7bec13-206d-4a96-9521-8e03692967aa req-3fb7c806-573d-4cbd-b3f5-ae8de47d9eaf 3663a72b9ff34cb7a3c9537f99aaa8f5 804840ec6a8d4d1a91ef1e518f84ac91 - - default default] 199.19.213.35 "GET /v2.0/security-groups?fields=id&fields=name&tenant_id=804840ec6a8d4d1a91ef1e518f84ac91 HTTP/1.1" status: 200 len: 471 time: 0.0502768
2026-07-02 16:35:10.301 9 WARNING neutron_lib.context [req-ba7bec13-206d-4a96-9521-8e03692967aa req-2b70906e-611c-46a2-afcb-49ffcae49946 3663a72b9ff34cb7a3c9537f99aaa8f5 804840ec6a8d4d1a91ef1e518f84ac91 - - default default] Method 'is_advsvc' is deprecated since 2023.2 release (neutron-lib 3.8.0) and will be removed once support for the old RBAC API policies will be removed from Neutron. Please use method 'is_service_role' instead.
2026-07-02 16:35:10.530 10 INFO neutron.wsgi [req-71c2aa5e-cab1-49f3-b5b5-9bd1318452ba req-75834c72-02a5-4ec1-b61f-26aac4caee22 3663a72b9ff34cb7a3c9537f99aaa8f5 804840ec6a8d4d1a91ef1e518f84ac91 - - default default] 10.0.0.195 "GET /v2.0/ports?device_id=422a7fc6-5ab3-43de-baaf-1c89f78ec7ff HTTP/1.1" status: 200 len: 210 time: 0.0362401
2026-07-02 16:35:10.716 9 WARNING neutron.scheduler.dhcp_agent_scheduler [req-ba7bec13-206d-4a96-9521-8e03692967aa req-2b70906e-611c-46a2-afcb-49ffcae49946 3663a72b9ff34cb7a3c9537f99aaa8f5 804840ec6a8d4d1a91ef1e518f84ac91 - - default default] No more DHCP agents
2026-07-02 16:35:10.727 9 WARNING neutron.api.rpc.agentnotifiers.dhcp_rpc_agent_api [req-ba7bec13-206d-4a96-9521-8e03692967aa req-2b70906e-611c-46a2-afcb-49ffcae49946 3663a72b9ff34cb7a3c9537f99aaa8f5 804840ec6a8d4d1a91ef1e518f84ac91 - - default default] Unable to schedule network e8dd1558-9ecf-45f0-bb31-7ee18399a336: no agents available; will retry on subsequent port and subnet creation events.
2026-07-02 16:35:10.832 9 INFO neutron.services.segments.plugin [-] Segment b04cfc9f-b0a1-450f-86a2-24cb21b64e74 resource provider aggregate not found
2026-07-02 16:35:10.842 9 INFO neutron.services.segments.plugin [-] Segment b04cfc9f-b0a1-450f-86a2-24cb21b64e74 resource provider aggregate not found
2026-07-02 16:35:10.854 9 INFO neutron.services.segments.plugin [-] Segment b04cfc9f-b0a1-450f-86a2-24cb21b64e74 resource provider not found; error: Placement Client Error (4xx): {"errors": [{"status": 404, "title": "Not Found", "detail": "The resource could not be found.\n\n No resource provider with uuid b04cfc9f-b0a1-450f-86a2-24cb21b64e74 found for delete ", "request_id": "req-ef993d51-d7a8-414f-a11c-b188e6463079"}]}
2026-07-02 16:35:10.864 9 INFO neutron.services.segments.plugin [-] Segment b04cfc9f-b0a1-450f-86a2-24cb21b64e74 resource provider not found; error: Placement Client Error (4xx): {"errors": [{"status": 404, "title": "Not Found", "detail": "The resource could not be found.\n\n No resource provider with uuid b04cfc9f-b0a1-450f-86a2-24cb21b64e74 found for delete ", "request_id": "req-2525173c-383c-4a3e-9d2c-5442e6b31bca"}]}
2026-07-02 16:35:10.889 9 INFO neutron.wsgi [None req-6cbc3ac3-bec4-4146-9302-8f3af6da5ee4 2ec6dd28d8b74cae81679d096cfda49e 0b5c83a6af5746f8a86e30139bf536c8 - - default default] 10.0.0.209 "DELETE /v2.0/networks/3ff20ac0-9950-4235-94c3-5a902da1e7b8 HTTP/1.1" status: 204 len: 168 time: 0.8084064
2026-07-02 16:35:10.945 9 INFO neutron.db.ovn_revision_numbers_db [req-ba7bec13-206d-4a96-9521-8e03692967aa req-2b70906e-611c-46a2-afcb-49ffcae49946 3663a72b9ff34cb7a3c9537f99aaa8f5 804840ec6a8d4d1a91ef1e518f84ac91 - - default default] Successfully bumped revision number for resource 69492488-66c4-4f99-8a06-9024391eb656 (type: ports) to 1
2026-07-02 16:35:10.971 9 INFO neutron.wsgi [req-ba7bec13-206d-4a96-9521-8e03692967aa req-2b70906e-611c-46a2-afcb-49ffcae49946 3663a72b9ff34cb7a3c9537f99aaa8f5 804840ec6a8d4d1a91ef1e518f84ac91 - - default default] 199.19.213.35 "POST /v2.0/ports HTTP/1.1" status: 201 len: 1197 time: 0.6770055 /var/lib/openstack/lib/python3.10/site-packages/pycadf/identifier.py:71: UserWarning: Invalid uuid: neutron. To ensure interoperability, identifiers should be a valid uuid. warnings.warn(('Invalid uuid: %s. To ensure interoperability, '
2026-07-02 16:35:11.411 9 INFO neutron.db.ovn_revision_numbers_db [req-ba7bec13-206d-4a96-9521-8e03692967aa req-ebbe5b29-ac8f-4213-8ab4-89299d327cee 30aa680b0d664b0a96200ad8d3469679 d7025f63bfe64af6b5843110c1352ec0 - - ec063602019246bc80897eebb5ed279f ec063602019246bc80897eebb5ed279f] Successfully bumped revision number for resource 69492488-66c4-4f99-8a06-9024391eb656 (type: ports) to 2
2026-07-02 16:35:11.631 9 INFO neutron.db.ovn_revision_numbers_db [req-ba7bec13-206d-4a96-9521-8e03692967aa req-ebbe5b29-ac8f-4213-8ab4-89299d327cee 30aa680b0d664b0a96200ad8d3469679 d7025f63bfe64af6b5843110c1352ec0 - - ec063602019246bc80897eebb5ed279f ec063602019246bc80897eebb5ed279f] Successfully bumped revision number for resource 69492488-66c4-4f99-8a06-9024391eb656 (type: ports) to 2
2026-07-02 16:35:11.647 9 INFO neutron.wsgi [req-ba7bec13-206d-4a96-9521-8e03692967aa req-ebbe5b29-ac8f-4213-8ab4-89299d327cee 30aa680b0d664b0a96200ad8d3469679 d7025f63bfe64af6b5843110c1352ec0 - - ec063602019246bc80897eebb5ed279f ec063602019246bc80897eebb5ed279f] 199.19.213.35 "PUT /v2.0/ports/69492488-66c4-4f99-8a06-9024391eb656 HTTP/1.1" status: 200 len: 1415 time: 0.6678247
2026-07-02 16:35:11.666 10 INFO neutron.wsgi [req-589c37f3-1077-437d-af38-7c0db7ed934d req-71936097-b9df-43f2-ba2f-aa42d32de323 3663a72b9ff34cb7a3c9537f99aaa8f5 804840ec6a8d4d1a91ef1e518f84ac91 - - default default] 10.0.0.195 "GET /v2.0/ports?device_id=422a7fc6-5ab3-43de-baaf-1c89f78ec7ff HTTP/1.1" status: 200 len: 1208 time: 0.0647733
2026-07-02 16:35:11.689 9 INFO neutron.notifiers.nova [-] Nova event matching ['req-d4c1b5e8-9019-47e2-9b35-821a24178a5e'] response: {'name': 'network-changed', 'server_uuid': '422a7fc6-5ab3-43de-baaf-1c89f78ec7ff', 'tag': '69492488-66c4-4f99-8a06-9024391eb656', 'status': 'completed', 'code': 200} /var/lib/openstack/lib/python3.10/site-packages/pycadf/identifier.py:71: UserWarning: Invalid uuid: neutron. To ensure interoperability, identifiers should be a valid uuid. warnings.warn(('Invalid uuid: %s. To ensure interoperability, '
2026-07-02 16:35:11.729 9 INFO neutron.wsgi [req-ba7bec13-206d-4a96-9521-8e03692967aa req-993fef3c-a980-488f-82c4-76415bd86377 30aa680b0d664b0a96200ad8d3469679 d7025f63bfe64af6b5843110c1352ec0 - - ec063602019246bc80897eebb5ed279f ec063602019246bc80897eebb5ed279f] 199.19.213.35 "GET /v2.0/ports?tenant_id=804840ec6a8d4d1a91ef1e518f84ac91&device_id=422a7fc6-5ab3-43de-baaf-1c89f78ec7ff HTTP/1.1" status: 200 len: 1446 time: 0.0429292
2026-07-02 16:35:11.733 10 INFO neutron.wsgi [req-589c37f3-1077-437d-af38-7c0db7ed934d req-4d79470f-000d-4430-9e09-6d0819efb5d9 3663a72b9ff34cb7a3c9537f99aaa8f5 804840ec6a8d4d1a91ef1e518f84ac91 - - default default] 10.0.0.195 "GET /v2.0/security-groups?id=257376fa-8b8e-486b-afc6-720939a6dc24&id=48b4d9d1-a4e3-4797-821b-0659679fb476&fields=id&fields=name HTTP/1.1" status: 200 len: 404 time: 0.0610721
2026-07-02 16:35:11.741 10 INFO neutron.wsgi [None req-ac28eb95-7963-424d-afc0-bd5aafa7c078 2ec6dd28d8b74cae81679d096cfda49e 0b5c83a6af5746f8a86e30139bf536c8 - - default default] 10.0.0.209 "DELETE /v2.0/routers/d74cf819-8123-4e1e-8b9a-f574e85cbd5f HTTP/1.1" status: 204 len: 168 time: 0.8453012
2026-07-02 16:35:11.752 10 WARNING neutron.api.v2.base [None req-ce1f0179-96c9-4079-b50a-5d948d4e2ddb 44dfa938257a4b77b35bd0732e3f3165 a0180635811d450a8adc8b1d16062475 - - default default] An exception happened while processing the request body. The exception message is [Invalid input for description. Reason: 'yyyyyyyyyyyyyyyyyyyyyyyyyyyyyyyyyyyyyyyyyyyyyyyyyyyyyyyyyyyyyyyyyyyyyyyyyyyyyyyyyyyyyyyyyyyyyyyyyyyyyyyyyyyyyyyyyyyyyyyyyyyyyyyyyyyyyyyyyyyyyyyyyyyyyyyyyyyyyyyyyyyyyyyyyyyyyyyyyyyyyyyyyyyyyyyyyyyyyyyyyyyyyyyyyyyyyyyyyyyyyyyyyyyyyyyyyyyyyyyyyyyyyyyyyyyyyyyy' exceeds maximum length of 255.].: webob.exc.HTTPBadRequest: Invalid input for description. Reason: 'yyyyyyyyyyyyyyyyyyyyyyyyyyyyyyyyyyyyyyyyyyyyyyyyyyyyyyyyyyyyyyyyyyyyyyyyyyyyyyyyyyyyyyyyyyyyyyyyyyyyyyyyyyyyyyyyyyyyyyyyyyyyyyyyyyyyyyyyyyyyyyyyyyyyyyyyyyyyyyyyyyyyyyyyyyyyyyyyyyyyyyyyyyyyyyyyyyyyyyyyyyyyyyyyyyyyyyyyyyyyyyyyyyyyyyyyyyyyyyyyyyyyyyyyyyyyyyyy' exceeds maximum length of 255.
2026-07-02 16:35:11.752 10 INFO neutron.api.v2.resource [None req-ce1f0179-96c9-4079-b50a-5d948d4e2ddb 44dfa938257a4b77b35bd0732e3f3165 a0180635811d450a8adc8b1d16062475 - - default default] create failed (client error): Invalid input for description. Reason: 'yyyyyyyyyyyyyyyyyyyyyyyyyyyyyyyyyyyyyyyyyyyyyyyyyyyyyyyyyyyyyyyyyyyyyyyyyyyyyyyyyyyyyyyyyyyyyyyyyyyyyyyyyyyyyyyyyyyyyyyyyyyyyyyyyyyyyyyyyyyyyyyyyyyyyyyyyyyyyyyyyyyyyyyyyyyyyyyyyyyyyyyyyyyyyyyyyyyyyyyyyyyyyyyyyyyyyyyyyyyyyyyyyyyyyyyyyyyyyyyyyyyyyyyyyyyyyyyy' exceeds maximum length of 255.
2026-07-02 16:35:11.753 10 INFO neutron.wsgi [None req-ce1f0179-96c9-4079-b50a-5d948d4e2ddb 44dfa938257a4b77b35bd0732e3f3165 a0180635811d450a8adc8b1d16062475 - - default default] 10.0.0.209 "POST /v2.0/vpn/vpnservices HTTP/1.1" status: 400 len: 604 time: 0.0063982
2026-07-02 16:35:11.760 10 WARNING neutron.api.v2.base [None req-be0f1d00-95eb-4b9e-a138-b34f10ac91f5 44dfa938257a4b77b35bd0732e3f3165 a0180635811d450a8adc8b1d16062475 - - default default] An exception happened while processing the request body. The exception message is [Invalid input for name. Reason: 'xxxxxxxxxxxxxxxxxxxxxxxxxxxxxxxxxxxxxxxxxxxxxxxxxxxxxxxxxxxxxxxxxxxxxxxxxxxxxxxxxxxxxxxxxxxxxxxxxxxxxxxxxxxxxxxxxxxxxxxxxxxxxxxxxxxxxxxxxxxxxxxxxxxxxxxxxxxxxxxxxxxxxxxxxxxxxxxxxxxxxxxxxxxxxxxxxxxxxxxxxxxxxxxxxxxxxxxxxxxxxxxxxxxxxxxxxxxxxxxxxxxxxxxxxxxxxxxx' exceeds maximum length of 255.].: webob.exc.HTTPBadRequest: Invalid input for name. Reason: 'xxxxxxxxxxxxxxxxxxxxxxxxxxxxxxxxxxxxxxxxxxxxxxxxxxxxxxxxxxxxxxxxxxxxxxxxxxxxxxxxxxxxxxxxxxxxxxxxxxxxxxxxxxxxxxxxxxxxxxxxxxxxxxxxxxxxxxxxxxxxxxxxxxxxxxxxxxxxxxxxxxxxxxxxxxxxxxxxxxxxxxxxxxxxxxxxxxxxxxxxxxxxxxxxxxxxxxxxxxxxxxxxxxxxxxxxxxxxxxxxxxxxxxxxxxxxxxxx' exceeds maximum length of 255.
2026-07-02 16:35:11.760 10 INFO neutron.api.v2.resource [None req-be0f1d00-95eb-4b9e-a138-b34f10ac91f5 44dfa938257a4b77b35bd0732e3f3165 a0180635811d450a8adc8b1d16062475 - - default default] create failed (client error): Invalid input for name. Reason: 'xxxxxxxxxxxxxxxxxxxxxxxxxxxxxxxxxxxxxxxxxxxxxxxxxxxxxxxxxxxxxxxxxxxxxxxxxxxxxxxxxxxxxxxxxxxxxxxxxxxxxxxxxxxxxxxxxxxxxxxxxxxxxxxxxxxxxxxxxxxxxxxxxxxxxxxxxxxxxxxxxxxxxxxxxxxxxxxxxxxxxxxxxxxxxxxxxxxxxxxxxxxxxxxxxxxxxxxxxxxxxxxxxxxxxxxxxxxxxxxxxxxxxxxxxxxxxxxx' exceeds maximum length of 255.
2026-07-02 16:35:11.764 10 INFO neutron.wsgi [None req-be0f1d00-95eb-4b9e-a138-b34f10ac91f5 44dfa938257a4b77b35bd0732e3f3165 a0180635811d450a8adc8b1d16062475 - - default default] 10.0.0.209 "POST /v2.0/vpn/vpnservices HTTP/1.1" status: 400 len: 597 time: 0.0069869
2026-07-02 16:35:11.764 9 INFO neutron.wsgi [req-ba7bec13-206d-4a96-9521-8e03692967aa req-63f82c72-88ad-4358-9589-16b59c6cd43c 30aa680b0d664b0a96200ad8d3469679 d7025f63bfe64af6b5843110c1352ec0 - - ec063602019246bc80897eebb5ed279f ec063602019246bc80897eebb5ed279f] 199.19.213.35 "GET /v2.0/floatingips?fixed_ip_address=10.100.0.7&port_id=69492488-66c4-4f99-8a06-9024391eb656 HTTP/1.1" status: 200 len: 217 time: 0.0272491
2026-07-02 16:35:11.775 9 WARNING neutron_lib.context [None req-74256aa2-c266-4e40-b5e5-182d2cc10086 44dfa938257a4b77b35bd0732e3f3165 a0180635811d450a8adc8b1d16062475 - - default default] Method 'is_advsvc' is deprecated since 2023.2 release (neutron-lib 3.8.0) and will be removed once support for the old RBAC API policies will be removed from Neutron. Please use method 'is_service_role' instead.
2026-07-02 16:35:11.810 9 INFO neutron.wsgi [req-ba7bec13-206d-4a96-9521-8e03692967aa req-6ed83d37-5a41-4096-a15c-0a8ac01eb805 30aa680b0d664b0a96200ad8d3469679 d7025f63bfe64af6b5843110c1352ec0 - - ec063602019246bc80897eebb5ed279f ec063602019246bc80897eebb5ed279f] 199.19.213.35 "GET /v2.0/subnets?id=44e402d5-5dfa-4c2c-9176-d781d233468f HTTP/1.1" status: 200 len: 865 time: 0.0313153
2026-07-02 16:35:11.836 9 INFO neutron.api.v2.resource [None req-74256aa2-c266-4e40-b5e5-182d2cc10086 44dfa938257a4b77b35bd0732e3f3165 a0180635811d450a8adc8b1d16062475 - - default default] create failed (client error): The server could not comply with the request since it is either malformed or otherwise incorrect.
2026-07-02 16:35:11.838 9 INFO neutron.wsgi [None req-74256aa2-c266-4e40-b5e5-182d2cc10086 44dfa938257a4b77b35bd0732e3f3165 a0180635811d450a8adc8b1d16062475 - - default default] 10.0.0.209 "POST /v2.0/vpn/endpoint-groups HTTP/1.1" status: 400 len: 386 time: 0.0671721
2026-07-02 16:35:11.840 9 INFO neutron.wsgi [req-ba7bec13-206d-4a96-9521-8e03692967aa req-ec123b1c-c04e-4167-a02d-239039d1b369 30aa680b0d664b0a96200ad8d3469679 d7025f63bfe64af6b5843110c1352ec0 - - ec063602019246bc80897eebb5ed279f ec063602019246bc80897eebb5ed279f] 199.19.213.35 "GET /v2.0/ports?network_id=e8dd1558-9ecf-45f0-bb31-7ee18399a336&device_owner=network%3Adhcp HTTP/1.1" status: 200 len: 210 time: 0.0229464
2026-07-02 16:35:11.846 9 WARNING neutron_lib.context [None req-ad0ca198-b079-4f62-81a0-a88d2746c941 44dfa938257a4b77b35bd0732e3f3165 a0180635811d450a8adc8b1d16062475 - - default default] Method 'is_advsvc' is deprecated since 2023.2 release (neutron-lib 3.8.0) and will be removed once support for the old RBAC API policies will be removed from Neutron. Please use method 'is_service_role' instead.
2026-07-02 16:35:11.904 9 INFO neutron.wsgi [req-ba7bec13-206d-4a96-9521-8e03692967aa req-30b37997-486e-42ec-81f8-209e64bc2d9b 30aa680b0d664b0a96200ad8d3469679 d7025f63bfe64af6b5843110c1352ec0 - - ec063602019246bc80897eebb5ed279f ec063602019246bc80897eebb5ed279f] 199.19.213.35 "GET /v2.0/networks/e8dd1558-9ecf-45f0-bb31-7ee18399a336?fields=segments HTTP/1.1" status: 200 len: 212 time: 0.0556583
2026-07-02 16:35:11.910 9 INFO neutron.api.v2.resource [None req-ad0ca198-b079-4f62-81a0-a88d2746c941 44dfa938257a4b77b35bd0732e3f3165 a0180635811d450a8adc8b1d16062475 - - default default] create failed (client error): The server could not comply with the request since it is either malformed or otherwise incorrect.
2026-07-02 16:35:11.911 9 INFO neutron.wsgi [None req-ad0ca198-b079-4f62-81a0-a88d2746c941 44dfa938257a4b77b35bd0732e3f3165 a0180635811d450a8adc8b1d16062475 - - default default] 10.0.0.209 "POST /v2.0/vpn/endpoint-groups HTTP/1.1" status: 400 len: 363 time: 0.0685444
2026-07-02 16:35:11.923 10 WARNING neutron_lib.context [None req-c3c9a9e4-3d7b-4dd6-b74a-680ac22ddf7a 44dfa938257a4b77b35bd0732e3f3165 a0180635811d450a8adc8b1d16062475 - - default default] Method 'is_advsvc' is deprecated since 2023.2 release (neutron-lib 3.8.0) and will be removed once support for the old RBAC API policies will be removed from Neutron. Please use method 'is_service_role' instead.
2026-07-02 16:35:11.958 10 INFO neutron.api.v2.resource [None req-c3c9a9e4-3d7b-4dd6-b74a-680ac22ddf7a 44dfa938257a4b77b35bd0732e3f3165 a0180635811d450a8adc8b1d16062475 - - default default] create failed (client error): The server could not comply with the request since it is either malformed or otherwise incorrect.
2026-07-02 16:35:11.960 10 INFO neutron.wsgi [None req-c3c9a9e4-3d7b-4dd6-b74a-680ac22ddf7a 44dfa938257a4b77b35bd0732e3f3165 a0180635811d450a8adc8b1d16062475 - - default default] 10.0.0.209 "POST /v2.0/vpn/endpoint-groups HTTP/1.1" status: 400 len: 357 time: 0.0431302
2026-07-02 16:35:11.964 9 INFO neutron.wsgi [req-ba7bec13-206d-4a96-9521-8e03692967aa req-5c8b0c02-0ad9-4a8b-a663-10ca04922996 30aa680b0d664b0a96200ad8d3469679 d7025f63bfe64af6b5843110c1352ec0 - - ec063602019246bc80897eebb5ed279f ec063602019246bc80897eebb5ed279f] 199.19.213.35 "GET /v2.0/networks/e8dd1558-9ecf-45f0-bb31-7ee18399a336?fields=provider%3Aphysical_network&fields=provider%3Anetwork_type HTTP/1.1" status: 200 len: 277 time: 0.0523801
2026-07-02 16:35:11.972 9 INFO neutron.wsgi [None req-26f26207-a84f-441d-aae2-e8cf442aff13 44dfa938257a4b77b35bd0732e3f3165 a0180635811d450a8adc8b1d16062475 - - default default] 10.0.0.209 "GET /v2.0/vpn/ikepolicies HTTP/1.1" status: 200 len: 601 time: 0.0071661
2026-07-02 16:35:11.994 9 INFO neutron.wsgi [None req-676a628b-05a2-4504-9037-1afe9cd2bb3a 44dfa938257a4b77b35bd0732e3f3165 a0180635811d450a8adc8b1d16062475 - - default default] 10.0.0.209 "GET /v2.0/vpn/ipsecpolicies HTTP/1.1" status: 200 len: 611 time: 0.0166030
2026-07-02 16:35:12.010 9 INFO neutron.wsgi [None req-e26556f2-fc61-4ea9-bd48-d66b382c9548 44dfa938257a4b77b35bd0732e3f3165 a0180635811d450a8adc8b1d16062475 - - default default] 10.0.0.209 "GET /v2.0/vpn/ipsec-site-connections HTTP/1.1" status: 200 len: 990 time: 0.0092084
2026-07-02 16:35:12.049 9 INFO neutron.wsgi [None req-c605ccc8-bd22-4d02-9a53-9cccee1536bd 44dfa938257a4b77b35bd0732e3f3165 a0180635811d450a8adc8b1d16062475 - - default default] 10.0.0.209 "GET /v2.0/vpn/vpnservices HTTP/1.1" status: 200 len: 1056 time: 0.0256903
2026-07-02 16:35:12.062 9 INFO neutron.wsgi [req-a4734eb5-e086-45a4-859d-4d79462acf02 req-6c2a5d9a-9d72-4ea3-ae47-5c135013585c 30aa680b0d664b0a96200ad8d3469679 d7025f63bfe64af6b5843110c1352ec0 - - ec063602019246bc80897eebb5ed279f ec063602019246bc80897eebb5ed279f] 199.19.213.35 "GET /v2.0/ports?tenant_id=804840ec6a8d4d1a91ef1e518f84ac91&device_id=422a7fc6-5ab3-43de-baaf-1c89f78ec7ff HTTP/1.1" status: 200 len: 1446 time: 0.0520592
2026-07-02 16:35:12.070 10 INFO neutron.wsgi [None req-ab99b398-1da3-4335-9620-6544e21cedc2 44dfa938257a4b77b35bd0732e3f3165 a0180635811d450a8adc8b1d16062475 - - default default] 10.0.0.209 "GET /v2.0/vpn/endpoint-groups/7ccb7a95-5195-40f2-b5d6-1ea7395d775c HTTP/1.1" status: 200 len: 523 time: 0.0149004
2026-07-02 16:35:12.101 9 INFO neutron.wsgi [None req-2741a062-3f05-4aa4-a613-17df6535d70f 44dfa938257a4b77b35bd0732e3f3165 a0180635811d450a8adc8b1d16062475 - - default default] 10.0.0.209 "GET /v2.0/vpn/endpoint-groups/aab953bb-5445-48c6-babe-5fe5f470fca0 HTTP/1.1" status: 200 len: 513 time: 0.0261726
2026-07-02 16:35:12.124 9 INFO neutron.wsgi [None req-562e5fe1-1b93-4be0-bb26-66453ea3e1ec 44dfa938257a4b77b35bd0732e3f3165 a0180635811d450a8adc8b1d16062475 - - default default] 10.0.0.209 "GET /v2.0/vpn/ikepolicies/92263a04-b128-47d5-8f8a-51f6a9613a34 HTTP/1.1" status: 200 len: 597 time: 0.0123892
2026-07-02 16:35:12.149 9 INFO neutron.wsgi [req-a4734eb5-e086-45a4-859d-4d79462acf02 req-76d7e5b9-fe07-4802-aed0-3bd9113c1072 30aa680b0d664b0a96200ad8d3469679 d7025f63bfe64af6b5843110c1352ec0 - - ec063602019246bc80897eebb5ed279f ec063602019246bc80897eebb5ed279f] 199.19.213.35 "GET /v2.0/networks?id=e8dd1558-9ecf-45f0-bb31-7ee18399a336 HTTP/1.1" status: 200 len: 970 time: 0.0826652
2026-07-02 16:35:12.151 9 INFO neutron.wsgi [None req-2bea6986-7321-42c0-98d3-406e0133c657 44dfa938257a4b77b35bd0732e3f3165 a0180635811d450a8adc8b1d16062475 - - default default] 10.0.0.209 "GET /v2.0/vpn/ipsecpolicies/9d787b1c-bf67-42a9-847e-d3be276825ca HTTP/1.1" status: 200 len: 607 time: 0.0190542
2026-07-02 16:35:12.176 10 INFO neutron.wsgi [None req-4b872757-6520-4c1e-9349-0e98af50c4da 44dfa938257a4b77b35bd0732e3f3165 a0180635811d450a8adc8b1d16062475 - - default default] 10.0.0.209 "GET /v2.0/vpn/vpnservices/8fac28ef-488e-4f9e-b78a-a6593ffb9d21 HTTP/1.1" status: 200 len: 643 time: 0.0140448
2026-07-02 16:35:12.181 9 INFO neutron.wsgi [req-a4734eb5-e086-45a4-859d-4d79462acf02 req-74e888b6-03a7-443c-9b35-257bbdc4c1a6 30aa680b0d664b0a96200ad8d3469679 d7025f63bfe64af6b5843110c1352ec0 - - ec063602019246bc80897eebb5ed279f ec063602019246bc80897eebb5ed279f] 199.19.213.35 "GET /v2.0/floatingips?fixed_ip_address=10.100.0.7&port_id=69492488-66c4-4f99-8a06-9024391eb656 HTTP/1.1" status: 200 len: 217 time: 0.0241833
2026-07-02 16:35:12.183 10 INFO neutron.wsgi [req-d65530d1-bf89-44e2-b93f-e6168869a0e4 req-3bb4d499-89be-456a-8045-fc39db88d926 30aa680b0d664b0a96200ad8d3469679 d7025f63bfe64af6b5843110c1352ec0 - - ec063602019246bc80897eebb5ed279f ec063602019246bc80897eebb5ed279f] 199.19.213.35 "GET /v2.0/ports?device_id=422a7fc6-5ab3-43de-baaf-1c89f78ec7ff HTTP/1.1" status: 200 len: 1446 time: 0.0531938
2026-07-02 16:35:12.219 9 INFO neutron.wsgi [req-a4734eb5-e086-45a4-859d-4d79462acf02 req-a7771965-0f36-46b6-b189-2c4d234f040b 30aa680b0d664b0a96200ad8d3469679 d7025f63bfe64af6b5843110c1352ec0 - - ec063602019246bc80897eebb5ed279f ec063602019246bc80897eebb5ed279f] 199.19.213.35 "GET /v2.0/subnets?id=44e402d5-5dfa-4c2c-9176-d781d233468f HTTP/1.1" status: 200 len: 865 time: 0.0296099
2026-07-02 16:35:12.243 9 INFO neutron.wsgi [req-a4734eb5-e086-45a4-859d-4d79462acf02 req-12ecdf8c-7834-4060-a94e-7a21ca4949e7 30aa680b0d664b0a96200ad8d3469679 d7025f63bfe64af6b5843110c1352ec0 - - ec063602019246bc80897eebb5ed279f ec063602019246bc80897eebb5ed279f] 199.19.213.35 "GET /v2.0/ports?network_id=e8dd1558-9ecf-45f0-bb31-7ee18399a336&device_owner=network%3Adhcp HTTP/1.1" status: 200 len: 210 time: 0.0193856
2026-07-02 16:35:12.253 10 INFO neutron.wsgi [req-d65530d1-bf89-44e2-b93f-e6168869a0e4 req-ae423ffa-70c2-44b9-b033-03a905f781fb 30aa680b0d664b0a96200ad8d3469679 d7025f63bfe64af6b5843110c1352ec0 - - ec063602019246bc80897eebb5ed279f ec063602019246bc80897eebb5ed279f] 199.19.213.35 "GET /v2.0/security-groups?id=48b4d9d1-a4e3-4797-821b-0659679fb476&id=257376fa-8b8e-486b-afc6-720939a6dc24&fields=id&fields=name HTTP/1.1" status: 200 len: 404 time: 0.0606232
2026-07-02 16:35:12.305 9 INFO neutron.wsgi [req-a4734eb5-e086-45a4-859d-4d79462acf02 req-a938c017-8ccc-4239-96a4-4213cffeefe4 30aa680b0d664b0a96200ad8d3469679 d7025f63bfe64af6b5843110c1352ec0 - - ec063602019246bc80897eebb5ed279f ec063602019246bc80897eebb5ed279f] 199.19.213.35 "GET /v2.0/networks/e8dd1558-9ecf-45f0-bb31-7ee18399a336?fields=segments HTTP/1.1" status: 200 len: 212 time: 0.0566621
2026-07-02 16:35:12.406 9 INFO neutron.wsgi [req-a4734eb5-e086-45a4-859d-4d79462acf02 req-e845ad8f-16d3-4d04-aa8f-22ecd9cc5b85 30aa680b0d664b0a96200ad8d3469679 d7025f63bfe64af6b5843110c1352ec0 - - ec063602019246bc80897eebb5ed279f ec063602019246bc80897eebb5ed279f] 199.19.213.35 "GET /v2.0/networks/e8dd1558-9ecf-45f0-bb31-7ee18399a336?fields=provider%3Aphysical_network&fields=provider%3Anetwork_type HTTP/1.1" status: 200 len: 277 time: 0.0895936
2026-07-02 16:35:12.869 10 INFO neutron.wsgi [req-c5b90afa-fcb2-4dd9-ac28-167f383ddd64 req-6632fc2b-8b0e-4bfe-943e-6626da22def0 3663a72b9ff34cb7a3c9537f99aaa8f5 804840ec6a8d4d1a91ef1e518f84ac91 - - default default] 10.0.0.195 "GET /v2.0/ports?device_id=422a7fc6-5ab3-43de-baaf-1c89f78ec7ff HTTP/1.1" status: 200 len: 1208 time: 0.0614922
2026-07-02 16:35:12.940 10 INFO neutron.wsgi [req-c5b90afa-fcb2-4dd9-ac28-167f383ddd64 req-b7c48d3a-d94d-4bca-b5c1-5ca76937fd1a 3663a72b9ff34cb7a3c9537f99aaa8f5 804840ec6a8d4d1a91ef1e518f84ac91 - - default default] 10.0.0.195 "GET /v2.0/security-groups?id=257376fa-8b8e-486b-afc6-720939a6dc24&id=48b4d9d1-a4e3-4797-821b-0659679fb476&fields=id&fields=name HTTP/1.1" status: 200 len: 404 time: 0.0614784
2026-07-02 16:35:13.267 10 INFO neutron.db.ovn_revision_numbers_db [None req-2f3926b7-398f-4fba-bf09-9c2eec3b6029 44dfa938257a4b77b35bd0732e3f3165 a0180635811d450a8adc8b1d16062475 - - default default] Successfully bumped revision number for resource 9b1d299f-9815-4f89-9db7-fca7931c614e (type: routers) to 10
2026-07-02 16:35:13.290 10 INFO neutron.wsgi [None req-2f3926b7-398f-4fba-bf09-9c2eec3b6029 44dfa938257a4b77b35bd0732e3f3165 a0180635811d450a8adc8b1d16062475 - - default default] 10.0.0.209 "DELETE /v2.0/vpn/ipsec-site-connections/57d760e2-dcb2-404c-9aaf-1cfb4042db0f HTTP/1.1" status: 204 len: 168 time: 1.1034858
2026-07-02 16:35:13.337 10 INFO neutron.wsgi [None req-dba14545-c473-4505-a431-9b14ae54310c 44dfa938257a4b77b35bd0732e3f3165 a0180635811d450a8adc8b1d16062475 - - default default] 10.0.0.209 "DELETE /v2.0/vpn/endpoint-groups/7ccb7a95-5195-40f2-b5d6-1ea7395d775c HTTP/1.1" status: 204 len: 168 time: 0.0420446
2026-07-02 16:35:13.369 10 INFO neutron.wsgi [None req-de6a908d-47ad-4507-919e-2fc937178167 44dfa938257a4b77b35bd0732e3f3165 a0180635811d450a8adc8b1d16062475 - - default default] 10.0.0.209 "DELETE /v2.0/vpn/endpoint-groups/aab953bb-5445-48c6-babe-5fe5f470fca0 HTTP/1.1" status: 204 len: 168 time: 0.0268402
2026-07-02 16:35:13.407 10 INFO neutron.wsgi [None req-a7acd4d9-4e5b-4cf2-b489-8e2c7c40f7af 44dfa938257a4b77b35bd0732e3f3165 a0180635811d450a8adc8b1d16062475 - - default default] 10.0.0.209 "DELETE /v2.0/vpn/ipsecpolicies/9d787b1c-bf67-42a9-847e-d3be276825ca HTTP/1.1" status: 204 len: 168 time: 0.0318494
2026-07-02 16:35:13.451 10 INFO neutron.wsgi [None req-c98c4c80-f58a-42f5-9702-c8ed9a1d2057 44dfa938257a4b77b35bd0732e3f3165 a0180635811d450a8adc8b1d16062475 - - default default] 10.0.0.209 "DELETE /v2.0/vpn/ikepolicies/92263a04-b128-47d5-8f8a-51f6a9613a34 HTTP/1.1" status: 204 len: 168 time: 0.0369754
2026-07-02 16:35:13.513 10 INFO neutron.wsgi [None req-055662c8-dc20-41fa-be7c-930f932fbce1 44dfa938257a4b77b35bd0732e3f3165 a0180635811d450a8adc8b1d16062475 - - default default] 10.0.0.209 "DELETE /v2.0/vpn/vpnservices/8fac28ef-488e-4f9e-b78a-a6593ffb9d21 HTTP/1.1" status: 204 len: 168 time: 0.0579965
2026-07-02 16:35:14.061 10 INFO neutron.wsgi [req-2f02e071-f11c-48d8-b864-de08029e4eb6 req-c0acaf49-ea8f-4ddb-b17a-6712c52eb45b 3663a72b9ff34cb7a3c9537f99aaa8f5 804840ec6a8d4d1a91ef1e518f84ac91 - - default default] 10.0.0.195 "GET /v2.0/ports?device_id=422a7fc6-5ab3-43de-baaf-1c89f78ec7ff HTTP/1.1" status: 200 len: 1208 time: 0.0431926
2026-07-02 16:35:14.128 10 INFO neutron.wsgi [req-2f02e071-f11c-48d8-b864-de08029e4eb6 req-941aa30d-5b06-487f-8e5d-fd7cf7f53c62 3663a72b9ff34cb7a3c9537f99aaa8f5 804840ec6a8d4d1a91ef1e518f84ac91 - - default default] 10.0.0.195 "GET /v2.0/security-groups?id=257376fa-8b8e-486b-afc6-720939a6dc24&id=48b4d9d1-a4e3-4797-821b-0659679fb476&fields=id&fields=name HTTP/1.1" status: 200 len: 404 time: 0.0588040
2026-07-02 16:35:14.897 9 WARNING neutron.plugins.ml2.drivers.ovn.mech_driver.ovsdb.ovn_client [None req-b4215389-a97c-4fa5-bb99-8462611de824 - - - - - -] No port found with ID 8c3af4ec-1610-4f83-aa95-1436c56e8557: RuntimeError: No port found with ID 8c3af4ec-1610-4f83-aa95-1436c56e8557
