2026-07-02 16:32:24.315 9 INFO neutron.wsgi [None req-e92eb612-0d10-4465-963d-3cf2f9e81d15 83d40d8369304117b0b5d4194ccf323b f38ea1dda7d84e7a8db9bc9377325c84 - - default default] 10.0.0.209 "DELETE /v2.0/subnets/b6df3d1f-f4cc-46db-b2ea-ed79d1a3e4fb HTTP/1.1" status: 404 len: 337 time: 0.0213866
2026-07-02 16:32:24.338 9 INFO neutron.wsgi [None req-af6cafd5-dde7-49db-baf8-d43a23b91b02 83d40d8369304117b0b5d4194ccf323b f38ea1dda7d84e7a8db9bc9377325c84 - - default default] 10.0.0.209 "GET /v2.0/ports?device_id=dc1f4a74-08df-40e3-8238-f017e352188d HTTP/1.1" status: 200 len: 205 time: 0.0189328
2026-07-02 16:32:24.345 10 INFO neutron.db.ovn_revision_numbers_db [req-b05181de-a137-43f5-9ee6-2cd2d0f17f10 req-34bba167-1c94-4bd6-af32-14d19ba94c5c ec83482409574447bdbf444a0f6289da ff633652ba8e4ed1b72bba51cc4412ea - - default default] Successfully bumped revision number for resource 05919cc0-702a-4f0a-9d45-8c1e6d5654cf (type: ports) to 1 /var/lib/openstack/lib/python3.10/site-packages/pycadf/identifier.py:71: UserWarning: Invalid uuid: neutron. To ensure interoperability, identifiers should be a valid uuid. warnings.warn(('Invalid uuid: %s. To ensure interoperability, '
2026-07-02 16:32:24.375 10 INFO neutron.api.v2.resource [None req-dfd5eae4-8e5d-4a9b-978d-abf308dee56e 83d40d8369304117b0b5d4194ccf323b f38ea1dda7d84e7a8db9bc9377325c84 - - default default] delete failed (client error): The resource could not be found.
2026-07-02 16:32:24.376 10 INFO neutron.wsgi [None req-dfd5eae4-8e5d-4a9b-978d-abf308dee56e 83d40d8369304117b0b5d4194ccf323b f38ea1dda7d84e7a8db9bc9377325c84 - - default default] 10.0.0.209 "DELETE /v2.0/routers/dc1f4a74-08df-40e3-8238-f017e352188d HTTP/1.1" status: 404 len: 336 time: 0.0331903
2026-07-02 16:32:24.397 10 INFO neutron.wsgi [req-b05181de-a137-43f5-9ee6-2cd2d0f17f10 req-34bba167-1c94-4bd6-af32-14d19ba94c5c ec83482409574447bdbf444a0f6289da ff633652ba8e4ed1b72bba51cc4412ea - - default default] 199.19.213.35 "POST /v2.0/ports HTTP/1.1" status: 201 len: 1158 time: 0.7017078
2026-07-02 16:32:24.406 9 INFO neutron.pecan_wsgi.hooks.translation [None req-3b4c6f1d-722f-4b25-93ac-2123a2f4deb2 83d40d8369304117b0b5d4194ccf323b f38ea1dda7d84e7a8db9bc9377325c84 - - default default] DELETE failed (client error): The resource could not be found.
2026-07-02 16:32:24.408 9 INFO neutron.wsgi [None req-3b4c6f1d-722f-4b25-93ac-2123a2f4deb2 83d40d8369304117b0b5d4194ccf323b f38ea1dda7d84e7a8db9bc9377325c84 - - default default] 10.0.0.209 "DELETE /v2.0/subnets/c4f7cccc-dbd0-4e66-9f8c-1f9c41b51a0f HTTP/1.1" status: 404 len: 337 time: 0.0268581
2026-07-02 16:32:24.435 9 INFO neutron.wsgi [None req-6fddbf6b-20fc-4ff2-963c-c8323300a20a 83d40d8369304117b0b5d4194ccf323b f38ea1dda7d84e7a8db9bc9377325c84 - - default default] 10.0.0.209 "GET /v2.0/ports?device_id=a95ed014-fdf2-4872-9874-4c8c70c41126 HTTP/1.1" status: 200 len: 205 time: 0.0237219
2026-07-02 16:32:24.478 9 INFO neutron.api.v2.resource [None req-8e8ae0f3-1898-4b3a-afb7-5370d7a4dabc 83d40d8369304117b0b5d4194ccf323b f38ea1dda7d84e7a8db9bc9377325c84 - - default default] delete failed (client error): The resource could not be found.
2026-07-02 16:32:24.480 9 INFO neutron.wsgi [None req-8e8ae0f3-1898-4b3a-afb7-5370d7a4dabc 83d40d8369304117b0b5d4194ccf323b f38ea1dda7d84e7a8db9bc9377325c84 - - default default] 10.0.0.209 "DELETE /v2.0/routers/a95ed014-fdf2-4872-9874-4c8c70c41126 HTTP/1.1" status: 404 len: 336 time: 0.0378923
2026-07-02 16:32:24.480 10 WARNING neutron.scheduler.dhcp_agent_scheduler [None req-0794e81f-ccb3-4703-96da-7e0f285bb7a4 466e53e3b5e44db6a7c2473a376233db 9f357febdc0b495f916d47d1518d1f97 - - default default] No more DHCP agents
2026-07-02 16:32:24.487 10 WARNING neutron.api.rpc.agentnotifiers.dhcp_rpc_agent_api [None req-0794e81f-ccb3-4703-96da-7e0f285bb7a4 466e53e3b5e44db6a7c2473a376233db 9f357febdc0b495f916d47d1518d1f97 - - default default] Unable to schedule network 0e6e216d-91aa-42b2-b661-730135acb156: no agents available; will retry on subsequent port and subnet creation events.
2026-07-02 16:32:24.504 9 INFO neutron.pecan_wsgi.hooks.translation [None req-c6b3dc0a-d6cb-4483-a7b4-b871b176ed72 83d40d8369304117b0b5d4194ccf323b f38ea1dda7d84e7a8db9bc9377325c84 - - default default] DELETE failed (client error): The resource could not be found.
2026-07-02 16:32:24.506 9 INFO neutron.wsgi [None req-c6b3dc0a-d6cb-4483-a7b4-b871b176ed72 83d40d8369304117b0b5d4194ccf323b f38ea1dda7d84e7a8db9bc9377325c84 - - default default] 10.0.0.209 "DELETE /v2.0/subnets/f26c060c-dd25-4d42-8829-f3b588e48339 HTTP/1.1" status: 404 len: 337 time: 0.0219309
2026-07-02 16:32:24.522 9 INFO neutron.pecan_wsgi.hooks.translation [None req-0b8003de-2bc0-4a27-9313-c20000ea1d8e 83d40d8369304117b0b5d4194ccf323b f38ea1dda7d84e7a8db9bc9377325c84 - - default default] DELETE failed (client error): The resource could not be found.
2026-07-02 16:32:24.525 9 INFO neutron.wsgi [None req-0b8003de-2bc0-4a27-9313-c20000ea1d8e 83d40d8369304117b0b5d4194ccf323b f38ea1dda7d84e7a8db9bc9377325c84 - - default default] 10.0.0.209 "DELETE /v2.0/subnets/5f5bf4d9-511d-4ff6-8f03-2ac068bc75e4 HTTP/1.1" status: 404 len: 337 time: 0.0146432
2026-07-02 16:32:24.601 10 INFO neutron.db.ovn_revision_numbers_db [None req-0794e81f-ccb3-4703-96da-7e0f285bb7a4 466e53e3b5e44db6a7c2473a376233db 9f357febdc0b495f916d47d1518d1f97 - - default default] Successfully bumped revision number for resource 90f90d31-b301-4794-a146-761306db012e (type: ports) to 1
2026-07-02 16:32:24.630 10 INFO neutron.wsgi [None req-0794e81f-ccb3-4703-96da-7e0f285bb7a4 466e53e3b5e44db6a7c2473a376233db 9f357febdc0b495f916d47d1518d1f97 - - default default] 10.0.0.209 "POST /v2.0/networks HTTP/1.1" status: 201 len: 853 time: 0.7354822
2026-07-02 16:32:24.887 10 INFO neutron.db.ovn_revision_numbers_db [req-b05181de-a137-43f5-9ee6-2cd2d0f17f10 req-4b069b57-ba12-4722-8f38-306a76fceb95 30aa680b0d664b0a96200ad8d3469679 d7025f63bfe64af6b5843110c1352ec0 - - ec063602019246bc80897eebb5ed279f ec063602019246bc80897eebb5ed279f] Successfully bumped revision number for resource 05919cc0-702a-4f0a-9d45-8c1e6d5654cf (type: ports) to 2 /var/lib/openstack/lib/python3.10/site-packages/pycadf/identifier.py:71: UserWarning: Invalid uuid: neutron. To ensure interoperability, identifiers should be a valid uuid. warnings.warn(('Invalid uuid: %s. To ensure interoperability, '
2026-07-02 16:32:25.116 9 WARNING neutron_lib.context [None req-8563f94b-3a2b-46f9-ad67-94548adc7095 466e53e3b5e44db6a7c2473a376233db 9f357febdc0b495f916d47d1518d1f97 - - default default] Method 'is_advsvc' is deprecated since 2023.2 release (neutron-lib 3.8.0) and will be removed once support for the old RBAC API policies will be removed from Neutron. Please use method 'is_service_role' instead.
2026-07-02 16:32:25.150 10 INFO neutron.wsgi [req-f17c42a2-49b0-4402-ab98-f13ae63ac858 req-d84e1523-046a-45ec-8c0b-532e7e1a7372 ec83482409574447bdbf444a0f6289da ff633652ba8e4ed1b72bba51cc4412ea - - default default] 10.0.0.195 "GET /v2.0/ports?device_id=50615d36-dd99-4a01-b170-c3e3642bd442 HTTP/1.1" status: 200 len: 1168 time: 0.0402644
2026-07-02 16:32:25.150 10 INFO neutron.db.ovn_revision_numbers_db [req-b05181de-a137-43f5-9ee6-2cd2d0f17f10 req-4b069b57-ba12-4722-8f38-306a76fceb95 30aa680b0d664b0a96200ad8d3469679 d7025f63bfe64af6b5843110c1352ec0 - - ec063602019246bc80897eebb5ed279f ec063602019246bc80897eebb5ed279f] Successfully bumped revision number for resource 05919cc0-702a-4f0a-9d45-8c1e6d5654cf (type: ports) to 2
2026-07-02 16:32:25.159 9 WARNING neutron_lib.context [None req-8563f94b-3a2b-46f9-ad67-94548adc7095 466e53e3b5e44db6a7c2473a376233db 9f357febdc0b495f916d47d1518d1f97 - - default default] Method 'is_advsvc' is deprecated since 2023.2 release (neutron-lib 3.8.0) and will be removed once support for the old RBAC API policies will be removed from Neutron. Please use method 'is_service_role' instead.
2026-07-02 16:32:25.176 10 INFO neutron.wsgi [req-b05181de-a137-43f5-9ee6-2cd2d0f17f10 req-4b069b57-ba12-4722-8f38-306a76fceb95 30aa680b0d664b0a96200ad8d3469679 d7025f63bfe64af6b5843110c1352ec0 - - ec063602019246bc80897eebb5ed279f ec063602019246bc80897eebb5ed279f] 199.19.213.35 "PUT /v2.0/ports/05919cc0-702a-4f0a-9d45-8c1e6d5654cf HTTP/1.1" status: 200 len: 1376 time: 0.7683694
2026-07-02 16:32:25.207 10 INFO neutron.wsgi [req-f17c42a2-49b0-4402-ab98-f13ae63ac858 req-a2460ddd-e7f0-4d57-a8bb-4fa02f15eeb5 ec83482409574447bdbf444a0f6289da ff633652ba8e4ed1b72bba51cc4412ea - - default default] 10.0.0.195 "GET /v2.0/security-groups?id=a25e08b8-b0be-4c25-b132-529416ea05fd&fields=id&fields=name HTTP/1.1" status: 200 len: 286 time: 0.0477352
2026-07-02 16:32:25.249 10 INFO neutron.wsgi [req-b05181de-a137-43f5-9ee6-2cd2d0f17f10 req-f03545a9-e84b-402c-8c62-2ddd893ddcb5 30aa680b0d664b0a96200ad8d3469679 d7025f63bfe64af6b5843110c1352ec0 - - ec063602019246bc80897eebb5ed279f ec063602019246bc80897eebb5ed279f] 199.19.213.35 "GET /v2.0/ports?tenant_id=ff633652ba8e4ed1b72bba51cc4412ea&device_id=50615d36-dd99-4a01-b170-c3e3642bd442 HTTP/1.1" status: 200 len: 1407 time: 0.0341730
2026-07-02 16:32:25.274 10 INFO neutron.wsgi [req-b05181de-a137-43f5-9ee6-2cd2d0f17f10 req-fdc191f1-00af-4ec9-bf50-0579426de5ea 30aa680b0d664b0a96200ad8d3469679 d7025f63bfe64af6b5843110c1352ec0 - - ec063602019246bc80897eebb5ed279f ec063602019246bc80897eebb5ed279f] 199.19.213.35 "GET /v2.0/floatingips?fixed_ip_address=10.100.0.4&port_id=05919cc0-702a-4f0a-9d45-8c1e6d5654cf HTTP/1.1" status: 200 len: 217 time: 0.0177722
2026-07-02 16:32:25.319 10 INFO neutron.wsgi [req-b05181de-a137-43f5-9ee6-2cd2d0f17f10 req-bcad3921-558b-4861-a8f0-8ef671988bd7 30aa680b0d664b0a96200ad8d3469679 d7025f63bfe64af6b5843110c1352ec0 - - ec063602019246bc80897eebb5ed279f ec063602019246bc80897eebb5ed279f] 199.19.213.35 "GET /v2.0/subnets?id=4ba44f38-21a1-42b7-b691-49a51f0254c3 HTTP/1.1" status: 200 len: 866 time: 0.0373504
2026-07-02 16:32:25.337 10 INFO neutron.wsgi [None req-da07bc54-49df-43f2-9999-c33bfec34eb4 e217a29ff76048a09ef16d00846d9818 cf86fbaec5b94084b1a310024bfed582 - - default default] 10.0.0.209 "GET /v2.0/security-groups?tenant_id=f38ea1dda7d84e7a8db9bc9377325c84&name=default HTTP/1.1" status: 200 len: 3120 time: 0.2350745
2026-07-02 16:32:25.350 10 INFO neutron.wsgi [req-b05181de-a137-43f5-9ee6-2cd2d0f17f10 req-fddec2a9-21b3-4024-ae80-b99ea2d6d8ed 30aa680b0d664b0a96200ad8d3469679 d7025f63bfe64af6b5843110c1352ec0 - - ec063602019246bc80897eebb5ed279f ec063602019246bc80897eebb5ed279f] 199.19.213.35 "GET /v2.0/ports?network_id=280baf80-252a-4131-8181-67612f199e0c&device_owner=network%3Adhcp HTTP/1.1" status: 200 len: 210 time: 0.0239556
2026-07-02 16:32:25.351 10 INFO neutron.notifiers.nova [-] Nova event matching ['req-69f5c112-94f6-4e53-8da8-14b45cc52868'] response: {'name': 'network-changed', 'server_uuid': '50615d36-dd99-4a01-b170-c3e3642bd442', 'tag': '05919cc0-702a-4f0a-9d45-8c1e6d5654cf', 'status': 'completed', 'code': 200}
2026-07-02 16:32:25.436 10 INFO neutron.wsgi [req-b05181de-a137-43f5-9ee6-2cd2d0f17f10 req-53866ec6-37b0-480d-8979-cf16612f0129 30aa680b0d664b0a96200ad8d3469679 d7025f63bfe64af6b5843110c1352ec0 - - ec063602019246bc80897eebb5ed279f ec063602019246bc80897eebb5ed279f] 199.19.213.35 "GET /v2.0/networks/280baf80-252a-4131-8181-67612f199e0c?fields=segments HTTP/1.1" status: 200 len: 212 time: 0.0780675
2026-07-02 16:32:25.518 10 INFO neutron.wsgi [req-b05181de-a137-43f5-9ee6-2cd2d0f17f10 req-65737962-ce6e-490a-9b27-1c2b31c6560d 30aa680b0d664b0a96200ad8d3469679 d7025f63bfe64af6b5843110c1352ec0 - - ec063602019246bc80897eebb5ed279f ec063602019246bc80897eebb5ed279f] 199.19.213.35 "GET /v2.0/networks/280baf80-252a-4131-8181-67612f199e0c?fields=provider%3Aphysical_network&fields=provider%3Anetwork_type HTTP/1.1" status: 200 len: 277 time: 0.0754447
2026-07-02 16:32:25.602 10 INFO neutron.wsgi [req-2eb77def-e6ed-4a15-b71b-ce51affe42f8 req-1811fb94-dd23-4bd8-af21-f65ae0091bb0 30aa680b0d664b0a96200ad8d3469679 d7025f63bfe64af6b5843110c1352ec0 - - ec063602019246bc80897eebb5ed279f ec063602019246bc80897eebb5ed279f] 199.19.213.35 "GET /v2.0/ports?tenant_id=ff633652ba8e4ed1b72bba51cc4412ea&device_id=50615d36-dd99-4a01-b170-c3e3642bd442 HTTP/1.1" status: 200 len: 1407 time: 0.0407360
2026-07-02 16:32:25.658 10 INFO neutron.wsgi [None req-b196704a-c5eb-49dc-b158-8a5b25a069d4 e217a29ff76048a09ef16d00846d9818 cf86fbaec5b94084b1a310024bfed582 - - default default] 10.0.0.209 "DELETE /v2.0/security-groups/03e7b7cb-7fee-482f-aaeb-bd0400390f82 HTTP/1.1" status: 204 len: 168 time: 0.3137479
2026-07-02 16:32:25.664 10 INFO neutron.wsgi [req-2eb77def-e6ed-4a15-b71b-ce51affe42f8 req-bb5497a7-a51a-4b4e-af87-5e31071c191e 30aa680b0d664b0a96200ad8d3469679 d7025f63bfe64af6b5843110c1352ec0 - - ec063602019246bc80897eebb5ed279f ec063602019246bc80897eebb5ed279f] 199.19.213.35 "GET /v2.0/networks?id=280baf80-252a-4131-8181-67612f199e0c HTTP/1.1" status: 200 len: 971 time: 0.0572600
2026-07-02 16:32:25.722 10 INFO neutron.wsgi [req-2eb77def-e6ed-4a15-b71b-ce51affe42f8 req-147eec0b-afde-44f2-9564-d88e8d823eb4 30aa680b0d664b0a96200ad8d3469679 d7025f63bfe64af6b5843110c1352ec0 - - ec063602019246bc80897eebb5ed279f ec063602019246bc80897eebb5ed279f] 199.19.213.35 "GET /v2.0/floatingips?fixed_ip_address=10.100.0.4&port_id=05919cc0-702a-4f0a-9d45-8c1e6d5654cf HTTP/1.1" status: 200 len: 217 time: 0.0531771
2026-07-02 16:32:25.760 10 INFO neutron.wsgi [req-2eb77def-e6ed-4a15-b71b-ce51affe42f8 req-e77aac19-77fd-43ff-8afc-7d1400263e96 30aa680b0d664b0a96200ad8d3469679 d7025f63bfe64af6b5843110c1352ec0 - - ec063602019246bc80897eebb5ed279f ec063602019246bc80897eebb5ed279f] 199.19.213.35 "GET /v2.0/subnets?id=4ba44f38-21a1-42b7-b691-49a51f0254c3 HTTP/1.1" status: 200 len: 866 time: 0.0333719
2026-07-02 16:32:25.793 10 INFO neutron.wsgi [req-2eb77def-e6ed-4a15-b71b-ce51affe42f8 req-0f01575c-2a19-4c49-8abe-0595086399e7 30aa680b0d664b0a96200ad8d3469679 d7025f63bfe64af6b5843110c1352ec0 - - ec063602019246bc80897eebb5ed279f ec063602019246bc80897eebb5ed279f] 199.19.213.35 "GET /v2.0/ports?network_id=280baf80-252a-4131-8181-67612f199e0c&device_owner=network%3Adhcp HTTP/1.1" status: 200 len: 210 time: 0.0275016
2026-07-02 16:32:25.822 9 WARNING neutron.scheduler.dhcp_agent_scheduler [None req-8563f94b-3a2b-46f9-ad67-94548adc7095 466e53e3b5e44db6a7c2473a376233db 9f357febdc0b495f916d47d1518d1f97 - - default default] No more DHCP agents
2026-07-02 16:32:25.824 9 WARNING neutron.api.rpc.agentnotifiers.dhcp_rpc_agent_api [None req-8563f94b-3a2b-46f9-ad67-94548adc7095 466e53e3b5e44db6a7c2473a376233db 9f357febdc0b495f916d47d1518d1f97 - - default default] Unable to schedule network da17c36b-004e-48b1-a836-9a00cda0a75e: no agents available; will retry on subsequent port and subnet creation events.
2026-07-02 16:32:25.850 10 INFO neutron.wsgi [req-2eb77def-e6ed-4a15-b71b-ce51affe42f8 req-e9d3c619-6b35-441a-97dd-a10f367627ae 30aa680b0d664b0a96200ad8d3469679 d7025f63bfe64af6b5843110c1352ec0 - - ec063602019246bc80897eebb5ed279f ec063602019246bc80897eebb5ed279f] 199.19.213.35 "GET /v2.0/networks/280baf80-252a-4131-8181-67612f199e0c?fields=segments HTTP/1.1" status: 200 len: 212 time: 0.0523684
2026-07-02 16:32:25.877 9 INFO neutron.db.ovn_revision_numbers_db [None req-8563f94b-3a2b-46f9-ad67-94548adc7095 466e53e3b5e44db6a7c2473a376233db 9f357febdc0b495f916d47d1518d1f97 - - default default] Successfully bumped revision number for resource 418b5f1a-0d2d-48e7-8c8d-fd5e043efcda (type: subnets) to 0
2026-07-02 16:32:25.901 9 WARNING neutron.scheduler.dhcp_agent_scheduler [None req-8563f94b-3a2b-46f9-ad67-94548adc7095 466e53e3b5e44db6a7c2473a376233db 9f357febdc0b495f916d47d1518d1f97 - - default default] No more DHCP agents
2026-07-02 16:32:25.905 9 WARNING neutron.api.rpc.agentnotifiers.dhcp_rpc_agent_api [None req-8563f94b-3a2b-46f9-ad67-94548adc7095 466e53e3b5e44db6a7c2473a376233db 9f357febdc0b495f916d47d1518d1f97 - - default default] Unable to schedule network 0e6e216d-91aa-42b2-b661-730135acb156: no agents available; will retry on subsequent port and subnet creation events.
2026-07-02 16:32:25.934 10 INFO neutron.wsgi [req-2eb77def-e6ed-4a15-b71b-ce51affe42f8 req-8e8bb192-30aa-4f29-a30e-6ed4ff62a8cf 30aa680b0d664b0a96200ad8d3469679 d7025f63bfe64af6b5843110c1352ec0 - - ec063602019246bc80897eebb5ed279f ec063602019246bc80897eebb5ed279f] 199.19.213.35 "GET /v2.0/networks/280baf80-252a-4131-8181-67612f199e0c?fields=provider%3Aphysical_network&fields=provider%3Anetwork_type HTTP/1.1" status: 200 len: 277 time: 0.0752528
2026-07-02 16:32:25.947 9 INFO neutron.db.ovn_revision_numbers_db [None req-8563f94b-3a2b-46f9-ad67-94548adc7095 466e53e3b5e44db6a7c2473a376233db 9f357febdc0b495f916d47d1518d1f97 - - default default] Successfully bumped revision number for resource 324906e6-c259-4d44-8e64-e834e5099a64 (type: subnets) to 0
2026-07-02 16:32:25.970 9 INFO neutron.wsgi [None req-8563f94b-3a2b-46f9-ad67-94548adc7095 466e53e3b5e44db6a7c2473a376233db 9f357febdc0b495f916d47d1518d1f97 - - default default] 10.0.0.209 "POST /v2.0/subnets HTTP/1.1" status: 201 len: 1476 time: 0.8601749
2026-07-02 16:32:26.050 9 INFO neutron.wsgi [None req-03186edf-b9b7-45a4-9d76-b7e8f794b6b5 466e53e3b5e44db6a7c2473a376233db 9f357febdc0b495f916d47d1518d1f97 - - default default] 10.0.0.209 "GET /v2.0/subnets HTTP/1.1" status: 200 len: 2084 time: 0.0760829
2026-07-02 16:32:26.277 9 INFO neutron.wsgi [None req-bb6a4ae8-53f6-4c22-a0bc-0fd509f10d86 466e53e3b5e44db6a7c2473a376233db 9f357febdc0b495f916d47d1518d1f97 - - default default] 10.0.0.209 "DELETE /v2.0/subnets/418b5f1a-0d2d-48e7-8c8d-fd5e043efcda HTTP/1.1" status: 204 len: 168 time: 0.2122490
2026-07-02 16:32:26.322 10 INFO neutron.wsgi [req-e9c7b40d-f289-4ad6-81a0-2eb2a4188e41 req-0c8f4b45-dc1e-4252-ab8d-40b1b06515ec ec83482409574447bdbf444a0f6289da ff633652ba8e4ed1b72bba51cc4412ea - - default default] 10.0.0.195 "GET /v2.0/ports?device_id=50615d36-dd99-4a01-b170-c3e3642bd442 HTTP/1.1" status: 200 len: 1168 time: 0.0392962
2026-07-02 16:32:26.377 10 INFO neutron.wsgi [req-e9c7b40d-f289-4ad6-81a0-2eb2a4188e41 req-313b3995-6af1-4e3e-be39-ae7daae131cb ec83482409574447bdbf444a0f6289da ff633652ba8e4ed1b72bba51cc4412ea - - default default] 10.0.0.195 "GET /v2.0/security-groups?id=a25e08b8-b0be-4c25-b132-529416ea05fd&fields=id&fields=name HTTP/1.1" status: 200 len: 286 time: 0.0474932
2026-07-02 16:32:26.489 9 INFO neutron.wsgi [None req-465aca3a-625e-49ea-b1bc-05b13ded7c78 466e53e3b5e44db6a7c2473a376233db 9f357febdc0b495f916d47d1518d1f97 - - default default] 10.0.0.209 "DELETE /v2.0/subnets/324906e6-c259-4d44-8e64-e834e5099a64 HTTP/1.1" status: 204 len: 168 time: 0.2075210
2026-07-02 16:32:26.532 9 INFO neutron.wsgi [None req-dd50fc65-675f-4545-8943-6d595b574c77 466e53e3b5e44db6a7c2473a376233db 9f357febdc0b495f916d47d1518d1f97 - - default default] 10.0.0.209 "GET /v2.0/subnets HTTP/1.1" status: 200 len: 820 time: 0.0381482
2026-07-02 16:32:26.962 9 INFO neutron.services.segments.plugin [-] Segment 0dda972e-362e-4594-abf6-58f9759b11c5 resource provider aggregate not found
2026-07-02 16:32:26.969 9 INFO neutron.services.segments.plugin [-] Segment 0dda972e-362e-4594-abf6-58f9759b11c5 resource provider aggregate not found
2026-07-02 16:32:27.006 9 INFO neutron.services.segments.plugin [-] Segment 0dda972e-362e-4594-abf6-58f9759b11c5 resource provider not found; error: Placement Client Error (4xx): {"errors": [{"status": 404, "title": "Not Found", "detail": "The resource could not be found.\n\n No resource provider with uuid 0dda972e-362e-4594-abf6-58f9759b11c5 found for delete ", "request_id": "req-10b922a4-b25e-4548-bee6-ab47adb0adf0"}]}
2026-07-02 16:32:27.012 9 INFO neutron.services.segments.plugin [-] Segment 0dda972e-362e-4594-abf6-58f9759b11c5 resource provider not found; error: Placement Client Error (4xx): {"errors": [{"status": 404, "title": "Not Found", "detail": "The resource could not be found.\n\n No resource provider with uuid 0dda972e-362e-4594-abf6-58f9759b11c5 found for delete ", "request_id": "req-63c3f55b-3600-4c42-8374-f4c6cd2248cd"}]}
2026-07-02 16:32:27.017 10 INFO neutron.wsgi [None req-67ab2298-7662-4987-98f8-06fb20879f47 e217a29ff76048a09ef16d00846d9818 cf86fbaec5b94084b1a310024bfed582 - - default default] 10.0.0.174 "GET /v2.0/subnets HTTP/1.1" status: 200 len: 2091 time: 0.2223482
2026-07-02 16:32:27.047 9 INFO neutron.wsgi [None req-9a02b6df-a29a-479d-9eab-e42702a016a6 466e53e3b5e44db6a7c2473a376233db 9f357febdc0b495f916d47d1518d1f97 - - default default] 10.0.0.209 "DELETE /v2.0/networks/0e6e216d-91aa-42b2-b661-730135acb156 HTTP/1.1" status: 204 len: 168 time: 0.5066345
2026-07-02 16:32:27.067 10 INFO neutron.wsgi [None req-bdd56b37-dd25-477a-af38-1ff7c825fd9c e217a29ff76048a09ef16d00846d9818 cf86fbaec5b94084b1a310024bfed582 - - default default] 10.0.0.174 "GET /v2.0/floatingips HTTP/1.1" status: 200 len: 193 time: 0.0476089
2026-07-02 16:32:27.493 10 INFO neutron.wsgi [None req-7d3e22fc-f059-4d9c-ad27-06aba049cfee e217a29ff76048a09ef16d00846d9818 cf86fbaec5b94084b1a310024bfed582 - - default default] 10.0.0.174 "GET /v2.0/routers HTTP/1.1" status: 200 len: 1150 time: 0.4231801
2026-07-02 16:32:27.520 9 INFO neutron.wsgi [None req-64083130-6868-4457-8215-5ec63d0ec0be 466e53e3b5e44db6a7c2473a376233db 9f357febdc0b495f916d47d1518d1f97 - - default default] 10.0.0.209 "DELETE /v2.0/networks/da17c36b-004e-48b1-a836-9a00cda0a75e HTTP/1.1" status: 204 len: 168 time: 0.4666874
2026-07-02 16:32:27.545 10 INFO neutron.wsgi [None req-ad81b033-a4b9-44b7-9879-c3266614ea84 e217a29ff76048a09ef16d00846d9818 cf86fbaec5b94084b1a310024bfed582 - - default default] 10.0.0.174 "GET /v2.0/agents?binary=ovn-controller HTTP/1.1" status: 200 len: 591 time: 0.0504045
2026-07-02 16:32:27.606 10 INFO neutron.wsgi [None req-14fe4e09-10e4-4430-9b0f-8075ce7c6955 e217a29ff76048a09ef16d00846d9818 cf86fbaec5b94084b1a310024bfed582 - - default default] 10.0.0.174 "GET /v2.0/agents HTTP/1.1" status: 200 len: 1390 time: 0.0497854
2026-07-02 16:32:27.641 9 WARNING neutron_lib.context [None req-48895484-7408-43d2-8c81-68c56466b500 8fd3deee811e4f2a9a3b40ddce665618 39d97598ae3946e48c8a4aef14456467 - - default default] Method 'is_advsvc' is deprecated since 2023.2 release (neutron-lib 3.8.0) and will be removed once support for the old RBAC API policies will be removed from Neutron. Please use method 'is_service_role' instead.
2026-07-02 16:32:27.689 10 INFO neutron.wsgi [req-a3fe1ad4-626b-4a10-b640-a1b68141fa81 req-1140ec48-624b-459d-a18d-657332ded6db ec83482409574447bdbf444a0f6289da ff633652ba8e4ed1b72bba51cc4412ea - - default default] 10.0.0.195 "GET /v2.0/ports?device_id=50615d36-dd99-4a01-b170-c3e3642bd442 HTTP/1.1" status: 200 len: 1168 time: 0.2304173
2026-07-02 16:32:27.697 9 INFO neutron.wsgi [None req-48895484-7408-43d2-8c81-68c56466b500 8fd3deee811e4f2a9a3b40ddce665618 39d97598ae3946e48c8a4aef14456467 - - default default] 10.0.0.209 "POST /v2.0/subnetpools HTTP/1.1" status: 201 len: 746 time: 0.1742315
2026-07-02 16:32:27.697 10 INFO neutron.wsgi [None req-199b8467-d665-4f7f-bb57-3590814efaf4 e217a29ff76048a09ef16d00846d9818 cf86fbaec5b94084b1a310024bfed582 - - default default] 10.0.0.174 "GET /v2.0/security-groups HTTP/1.1" status: 200 len: 26286 time: 0.0850534
2026-07-02 16:32:27.735 10 INFO neutron.wsgi [None req-b79d5025-669a-42ff-9feb-c9146397dc88 e217a29ff76048a09ef16d00846d9818 cf86fbaec5b94084b1a310024bfed582 - - default default] 10.0.0.174 "GET /v2.0/network-ip-availabilities HTTP/1.1" status: 200 len: 2331 time: 0.0263810
2026-07-02 16:32:27.736 9 INFO neutron.wsgi [None req-fd27250d-9190-4c9d-ad45-ac68cf2305fb 8fd3deee811e4f2a9a3b40ddce665618 39d97598ae3946e48c8a4aef14456467 - - default default] 10.0.0.209 "GET /v2.0/subnetpools/3c2a8103-efab-4a39-bcf1-bbbce7bfd0d4 HTTP/1.1" status: 200 len: 741 time: 0.0273194
2026-07-02 16:32:27.755 10 INFO neutron.db.ovn_revision_numbers_db [None req-fcee5595-7098-4d9b-a3d2-5d2d318ea865 e217a29ff76048a09ef16d00846d9818 cf86fbaec5b94084b1a310024bfed582 - - default default] Successfully bumped revision number for resource 77530a65-ba99-4ced-9577-055f7f0c8a69 (type: security_groups) to 1
2026-07-02 16:32:27.771 10 INFO neutron.wsgi [req-a3fe1ad4-626b-4a10-b640-a1b68141fa81 req-09e9253b-2599-4d7d-97de-cc73d11784ac ec83482409574447bdbf444a0f6289da ff633652ba8e4ed1b72bba51cc4412ea - - default default] 10.0.0.195 "GET /v2.0/security-groups?id=a25e08b8-b0be-4c25-b132-529416ea05fd&fields=id&fields=name HTTP/1.1" status: 200 len: 286 time: 0.0732977
2026-07-02 16:32:27.792 10 INFO neutron.db.ovn_revision_numbers_db [None req-fcee5595-7098-4d9b-a3d2-5d2d318ea865 e217a29ff76048a09ef16d00846d9818 cf86fbaec5b94084b1a310024bfed582 - - default default] Successfully bumped revision number for resource 6608c46c-bf31-4a7c-9275-ab9662c62381 (type: security_group_rules) to 0
2026-07-02 16:32:27.817 10 INFO neutron.wsgi [None req-1a427e0e-d115-4f72-aa77-5b7173cdae49 e217a29ff76048a09ef16d00846d9818 cf86fbaec5b94084b1a310024bfed582 - - default default] 10.0.0.174 "GET /v2.0/subnets HTTP/1.1" status: 200 len: 2091 time: 0.0720487
2026-07-02 16:32:27.821 10 INFO neutron.db.ovn_revision_numbers_db [None req-fcee5595-7098-4d9b-a3d2-5d2d318ea865 e217a29ff76048a09ef16d00846d9818 cf86fbaec5b94084b1a310024bfed582 - - default default] Successfully bumped revision number for resource 8a1eeb18-ff27-452f-ac3e-4d97b096659c (type: security_group_rules) to 0
2026-07-02 16:32:27.828 9 INFO neutron.wsgi [None req-9d5bab54-fcdf-4abd-a420-d1e06d6e8279 8fd3deee811e4f2a9a3b40ddce665618 39d97598ae3946e48c8a4aef14456467 - - default default] 10.0.0.209 "PUT /v2.0/subnetpools/3c2a8103-efab-4a39-bcf1-bbbce7bfd0d4 HTTP/1.1" status: 200 len: 695 time: 0.0725744
2026-07-02 16:32:27.859 10 INFO neutron.wsgi [None req-b9ee1019-1a68-4e1e-9ffd-25c053ff772e e217a29ff76048a09ef16d00846d9818 cf86fbaec5b94084b1a310024bfed582 - - default default] 10.0.0.174 "GET /v2.0/subnetpools HTTP/1.1" status: 200 len: 734 time: 0.0358331
2026-07-02 16:32:27.878 10 INFO neutron.db.ovn_revision_numbers_db [None req-fcee5595-7098-4d9b-a3d2-5d2d318ea865 e217a29ff76048a09ef16d00846d9818 cf86fbaec5b94084b1a310024bfed582 - - default default] Successfully bumped revision number for resource d7f89d87-1f14-4675-bc30-2b2954453f41 (type: security_group_rules) to 0
2026-07-02 16:32:27.922 9 INFO neutron.wsgi [None req-a5f9a78d-34a3-4bd0-9428-e00cc81b5d30 8fd3deee811e4f2a9a3b40ddce665618 39d97598ae3946e48c8a4aef14456467 - - default default] 10.0.0.209 "DELETE /v2.0/subnetpools/3c2a8103-efab-4a39-bcf1-bbbce7bfd0d4 HTTP/1.1" status: 204 len: 168 time: 0.0892940
2026-07-02 16:32:27.937 10 INFO neutron.db.ovn_revision_numbers_db [None req-fcee5595-7098-4d9b-a3d2-5d2d318ea865 e217a29ff76048a09ef16d00846d9818 cf86fbaec5b94084b1a310024bfed582 - - default default] Successfully bumped revision number for resource db234a86-2edd-40bd-b87a-d6842a5a5983 (type: security_group_rules) to 0
2026-07-02 16:32:27.946 9 INFO neutron.api.v2.resource [None req-0cf98981-ec12-4de9-9442-26ba3bfe7748 8fd3deee811e4f2a9a3b40ddce665618 39d97598ae3946e48c8a4aef14456467 - - default default] show failed (client error): The resource could not be found.
2026-07-02 16:32:27.948 9 INFO neutron.wsgi [None req-0cf98981-ec12-4de9-9442-26ba3bfe7748 8fd3deee811e4f2a9a3b40ddce665618 39d97598ae3946e48c8a4aef14456467 - - default default] 10.0.0.209 "GET /v2.0/subnetpools/3c2a8103-efab-4a39-bcf1-bbbce7bfd0d4 HTTP/1.1" status: 404 len: 346 time: 0.0204220
2026-07-02 16:32:27.963 9 INFO neutron.api.v2.resource [None req-dd91dc10-bf39-445f-aa32-a55a7e3780af 8fd3deee811e4f2a9a3b40ddce665618 39d97598ae3946e48c8a4aef14456467 - - default default] delete failed (client error): The resource could not be found.
2026-07-02 16:32:27.964 9 INFO neutron.wsgi [None req-dd91dc10-bf39-445f-aa32-a55a7e3780af 8fd3deee811e4f2a9a3b40ddce665618 39d97598ae3946e48c8a4aef14456467 - - default default] 10.0.0.209 "DELETE /v2.0/subnetpools/3c2a8103-efab-4a39-bcf1-bbbce7bfd0d4 HTTP/1.1" status: 404 len: 346 time: 0.0125635
2026-07-02 16:32:27.970 10 INFO neutron.wsgi [None req-fcee5595-7098-4d9b-a3d2-5d2d318ea865 e217a29ff76048a09ef16d00846d9818 cf86fbaec5b94084b1a310024bfed582 - - default default] 10.0.0.209 "GET /v2.0/security-groups?tenant_id=f1df0ce5e73c4ec89f82feacb0971613&name=default HTTP/1.1" status: 200 len: 3120 time: 1.1062620
2026-07-02 16:32:28.018 10 INFO neutron.wsgi [None req-0d86e1dc-e333-44ce-9f78-73c3ce8578ed e217a29ff76048a09ef16d00846d9818 cf86fbaec5b94084b1a310024bfed582 - - default default] 10.0.0.174 "GET /v2.0/networks HTTP/1.1" status: 200 len: 4564 time: 0.1557829
2026-07-02 16:32:28.130 10 INFO neutron.wsgi [None req-5a5170bb-abb7-4e82-9816-190e38b027a0 e217a29ff76048a09ef16d00846d9818 cf86fbaec5b94084b1a310024bfed582 - - default default] 10.0.0.174 "GET /v2.0/ports HTTP/1.1" status: 200 len: 11521 time: 0.1018496
2026-07-02 16:32:28.207 10 WARNING neutron.plugins.ml2.drivers.ovn.mech_driver.ovsdb.ovn_client [None req-fd4df701-26b0-41c5-b609-9382b83bb7e4 - - - - - -] No hosting information found for port 42f4e057-ada3-4b3f-906d-b3cf0a55f78b: RuntimeError: No hosting information found for port 42f4e057-ada3-4b3f-906d-b3cf0a55f78b
2026-07-02 16:32:28.207 10 INFO neutron.plugins.ml2.drivers.ovn.mech_driver.mech_driver [None req-fd4df701-26b0-41c5-b609-9382b83bb7e4 - - - - - -] OVN reports status up for port: 5d049a02-7190-4e0c-9326-73d47f0b116f
2026-07-02 16:32:28.226 10 INFO neutron.plugins.ml2.drivers.ovn.mech_driver.mech_driver [None req-fd4df701-26b0-41c5-b609-9382b83bb7e4 - - - - - -] OVN reports status up for port: 05919cc0-702a-4f0a-9d45-8c1e6d5654cf
2026-07-02 16:32:28.241 10 INFO neutron.plugins.ml2.plugin [None req-fd4df701-26b0-41c5-b609-9382b83bb7e4 - - - - - -] Attempt 1 to provision port 05919cc0-702a-4f0a-9d45-8c1e6d5654cf
2026-07-02 16:32:28.249 9 INFO neutron.wsgi [None req-731ac3a4-c162-4425-aa45-19569588526a e217a29ff76048a09ef16d00846d9818 cf86fbaec5b94084b1a310024bfed582 - - default default] 10.0.0.209 "DELETE /v2.0/security-groups/77530a65-ba99-4ced-9577-055f7f0c8a69 HTTP/1.1" status: 204 len: 168 time: 0.2733190
2026-07-02 16:32:28.283 10 INFO neutron.services.segments.plugin [-] Segment dc75c4f7-a42d-4872-88c7-681a45236409 resource provider aggregate not found
2026-07-02 16:32:28.288 10 INFO neutron.services.segments.plugin [-] Segment dc75c4f7-a42d-4872-88c7-681a45236409 resource provider aggregate not found
2026-07-02 16:32:28.301 10 INFO neutron.services.segments.plugin [-] Segment dc75c4f7-a42d-4872-88c7-681a45236409 resource provider not found; error: Placement Client Error (4xx): {"errors": [{"status": 404, "title": "Not Found", "detail": "The resource could not be found.\n\n No resource provider with uuid dc75c4f7-a42d-4872-88c7-681a45236409 found for delete ", "request_id": "req-ec72b542-4ce5-4cf8-a112-ae0b18c8bde0"}]}
2026-07-02 16:32:28.306 10 INFO neutron.services.segments.plugin [-] Segment dc75c4f7-a42d-4872-88c7-681a45236409 resource provider not found; error: Placement Client Error (4xx): {"errors": [{"status": 404, "title": "Not Found", "detail": "The resource could not be found.\n\n No resource provider with uuid dc75c4f7-a42d-4872-88c7-681a45236409 found for delete ", "request_id": "req-ba1b0b40-09e1-4585-8f88-29298c6c7c76"}]}
2026-07-02 16:32:28.338 10 INFO neutron.wsgi [None req-75ef57ba-8aa3-4877-9edf-f613a03bd44c 466e53e3b5e44db6a7c2473a376233db 9f357febdc0b495f916d47d1518d1f97 - - default default] 10.0.0.209 "DELETE /v2.0/networks/81792270-67bf-4743-bcd0-4b94fec7f262 HTTP/1.1" status: 204 len: 168 time: 0.8056059
2026-07-02 16:32:28.412 10 INFO neutron.notifiers.nova [-] Nova event matching ['req-500a5942-570b-47d2-b05d-f5ab4bffd580'] response: {'server_uuid': '50615d36-dd99-4a01-b170-c3e3642bd442', 'name': 'network-vif-plugged', 'status': 'completed', 'tag': '05919cc0-702a-4f0a-9d45-8c1e6d5654cf', 'code': 200}
2026-07-02 16:32:28.622 10 INFO neutron.db.ovn_revision_numbers_db [None req-fd4df701-26b0-41c5-b609-9382b83bb7e4 - - - - - -] Successfully bumped revision number for resource 05919cc0-702a-4f0a-9d45-8c1e6d5654cf (type: ports) to 4
2026-07-02 16:32:28.651 10 INFO neutron.db.ovn_revision_numbers_db [None req-16ef61b5-43ce-4333-976d-559a2f44e2a9 e217a29ff76048a09ef16d00846d9818 cf86fbaec5b94084b1a310024bfed582 - - default default] Successfully bumped revision number for resource f8c96a71-a6d6-4990-b2e3-459985a25f65 (type: security_groups) to 1
2026-07-02 16:32:28.686 10 INFO neutron.db.ovn_revision_numbers_db [None req-16ef61b5-43ce-4333-976d-559a2f44e2a9 e217a29ff76048a09ef16d00846d9818 cf86fbaec5b94084b1a310024bfed582 - - default default] Successfully bumped revision number for resource 14d31ddb-3f41-49ea-9359-bf3c29a12872 (type: security_group_rules) to 0
2026-07-02 16:32:28.702 10 INFO neutron.db.ovn_revision_numbers_db [None req-16ef61b5-43ce-4333-976d-559a2f44e2a9 e217a29ff76048a09ef16d00846d9818 cf86fbaec5b94084b1a310024bfed582 - - default default] Successfully bumped revision number for resource 29d9700c-8f86-4c37-8bd0-0acf4d2c72ec (type: security_group_rules) to 0
2026-07-02 16:32:28.717 10 INFO neutron.db.ovn_revision_numbers_db [None req-16ef61b5-43ce-4333-976d-559a2f44e2a9 e217a29ff76048a09ef16d00846d9818 cf86fbaec5b94084b1a310024bfed582 - - default default] Successfully bumped revision number for resource 5bd9b80f-fec8-481e-9117-8970edfdf1a3 (type: security_group_rules) to 0
2026-07-02 16:32:28.734 10 INFO neutron.db.ovn_revision_numbers_db [None req-16ef61b5-43ce-4333-976d-559a2f44e2a9 e217a29ff76048a09ef16d00846d9818 cf86fbaec5b94084b1a310024bfed582 - - default default] Successfully bumped revision number for resource f30c206a-2210-431a-b6e8-2e88416da478 (type: security_group_rules) to 0
2026-07-02 16:32:28.758 10 INFO neutron.wsgi [None req-16ef61b5-43ce-4333-976d-559a2f44e2a9 e217a29ff76048a09ef16d00846d9818 cf86fbaec5b94084b1a310024bfed582 - - default default] 10.0.0.209 "GET /v2.0/security-groups?tenant_id=e393f9fcc7eb4fc695299ec258a2f5d9&name=default HTTP/1.1" status: 200 len: 3120 time: 0.3090947 /var/lib/openstack/lib/python3.10/site-packages/pycadf/identifier.py:71: UserWarning: Invalid uuid: neutron. To ensure interoperability, identifiers should be a valid uuid. warnings.warn(('Invalid uuid: %s. To ensure interoperability, '
2026-07-02 16:32:28.820 9 INFO neutron.wsgi [None req-ce519a13-daa6-4d6b-97ef-721c2df603aa 466e53e3b5e44db6a7c2473a376233db 9f357febdc0b495f916d47d1518d1f97 - - default default] 10.0.0.209 "DELETE /v2.0/networks/3ed0ead3-cc7e-4018-8976-99ed48fff22d HTTP/1.1" status: 204 len: 168 time: 0.4769731
2026-07-02 16:32:28.849 9 INFO neutron.db.ovn_revision_numbers_db [None req-45273f9f-42da-4c36-881f-b08409d83a9c e217a29ff76048a09ef16d00846d9818 cf86fbaec5b94084b1a310024bfed582 - - default default] Successfully bumped revision number for resource df5bc439-5543-4fb6-970b-d682800b303a (type: security_groups) to 1
2026-07-02 16:32:28.862 9 INFO neutron.db.ovn_revision_numbers_db [None req-45273f9f-42da-4c36-881f-b08409d83a9c e217a29ff76048a09ef16d00846d9818 cf86fbaec5b94084b1a310024bfed582 - - default default] Successfully bumped revision number for resource 5a288be3-3e94-4446-9fb8-cee36cf19ba9 (type: security_group_rules) to 0
2026-07-02 16:32:28.875 9 INFO neutron.db.ovn_revision_numbers_db [None req-45273f9f-42da-4c36-881f-b08409d83a9c e217a29ff76048a09ef16d00846d9818 cf86fbaec5b94084b1a310024bfed582 - - default default] Successfully bumped revision number for resource 5baeb7cf-b768-4f78-aa08-335c315ae4cd (type: security_group_rules) to 0
2026-07-02 16:32:28.893 9 INFO neutron.db.ovn_revision_numbers_db [None req-45273f9f-42da-4c36-881f-b08409d83a9c e217a29ff76048a09ef16d00846d9818 cf86fbaec5b94084b1a310024bfed582 - - default default] Successfully bumped revision number for resource 6c9511f6-77c3-440a-9620-4832655617a0 (type: security_group_rules) to 0
2026-07-02 16:32:28.907 9 INFO neutron.db.ovn_revision_numbers_db [None req-45273f9f-42da-4c36-881f-b08409d83a9c e217a29ff76048a09ef16d00846d9818 cf86fbaec5b94084b1a310024bfed582 - - default default] Successfully bumped revision number for resource 6d261647-53c0-4449-8bc6-c6bc5df41fd2 (type: security_group_rules) to 0
2026-07-02 16:32:28.921 10 INFO neutron.wsgi [req-46bb2d78-ca14-4ec1-a889-7bc1daa5a604 req-ab189786-5742-4860-82d4-b7854dec5eaf ec83482409574447bdbf444a0f6289da ff633652ba8e4ed1b72bba51cc4412ea - - default default] 10.0.0.195 "GET /v2.0/ports?device_id=50615d36-dd99-4a01-b170-c3e3642bd442 HTTP/1.1" status: 200 len: 1170 time: 0.0504436
2026-07-02 16:32:28.934 9 INFO neutron.wsgi [None req-45273f9f-42da-4c36-881f-b08409d83a9c e217a29ff76048a09ef16d00846d9818 cf86fbaec5b94084b1a310024bfed582 - - default default] 10.0.0.209 "GET /v2.0/security-groups?tenant_id=39d97598ae3946e48c8a4aef14456467&name=default HTTP/1.1" status: 200 len: 3120 time: 0.3868845
2026-07-02 16:32:28.981 10 INFO neutron.wsgi [req-46bb2d78-ca14-4ec1-a889-7bc1daa5a604 req-ca463021-a324-4bbf-9d14-f7b4942ae1aa ec83482409574447bdbf444a0f6289da ff633652ba8e4ed1b72bba51cc4412ea - - default default] 10.0.0.195 "GET /v2.0/security-groups?id=a25e08b8-b0be-4c25-b132-529416ea05fd&fields=id&fields=name HTTP/1.1" status: 200 len: 286 time: 0.0518637
2026-07-02 16:32:29.025 9 INFO neutron.services.segments.plugin [-] Segment 65096aed-9587-4cf9-8fc3-0ba0338b4a55 resource provider aggregate not found
2026-07-02 16:32:29.031 9 INFO neutron.services.segments.plugin [-] Segment 65096aed-9587-4cf9-8fc3-0ba0338b4a55 resource provider aggregate not found
2026-07-02 16:32:29.042 9 INFO neutron.services.segments.plugin [-] Segment 65096aed-9587-4cf9-8fc3-0ba0338b4a55 resource provider not found; error: Placement Client Error (4xx): {"errors": [{"status": 404, "title": "Not Found", "detail": "The resource could not be found.\n\n No resource provider with uuid 65096aed-9587-4cf9-8fc3-0ba0338b4a55 found for delete ", "request_id": "req-b8c3adef-08c5-4015-8f94-6eb7d738334f"}]}
2026-07-02 16:32:29.047 9 INFO neutron.services.segments.plugin [-] Segment 65096aed-9587-4cf9-8fc3-0ba0338b4a55 resource provider not found; error: Placement Client Error (4xx): {"errors": [{"status": 404, "title": "Not Found", "detail": "The resource could not be found.\n\n No resource provider with uuid 65096aed-9587-4cf9-8fc3-0ba0338b4a55 found for delete ", "request_id": "req-9ca6f25c-152e-493a-8e0e-94de1e7c803f"}]}
2026-07-02 16:32:29.063 9 INFO neutron.services.segments.plugin [-] Segment 24dcd01f-3afe-4b87-9031-a4fe82a1d18c resource provider aggregate not found
2026-07-02 16:32:29.075 9 INFO neutron.services.segments.plugin [-] Segment 24dcd01f-3afe-4b87-9031-a4fe82a1d18c resource provider aggregate not found
2026-07-02 16:32:29.084 10 INFO neutron.wsgi [None req-cba993d0-6747-4f4f-8722-7972d73ead52 e217a29ff76048a09ef16d00846d9818 cf86fbaec5b94084b1a310024bfed582 - - default default] 10.0.0.209 "DELETE /v2.0/security-groups/f8c96a71-a6d6-4990-b2e3-459985a25f65 HTTP/1.1" status: 204 len: 168 time: 0.3187213
2026-07-02 16:32:29.091 9 INFO neutron.services.segments.plugin [-] Segment 24dcd01f-3afe-4b87-9031-a4fe82a1d18c resource provider not found; error: Placement Client Error (4xx): {"errors": [{"status": 404, "title": "Not Found", "detail": "The resource could not be found.\n\n No resource provider with uuid 24dcd01f-3afe-4b87-9031-a4fe82a1d18c found for delete ", "request_id": "req-606aeab9-d38c-408f-9224-22085edb69de"}]}
2026-07-02 16:32:29.099 9 INFO neutron.services.segments.plugin [-] Segment 24dcd01f-3afe-4b87-9031-a4fe82a1d18c resource provider not found; error: Placement Client Error (4xx): {"errors": [{"status": 404, "title": "Not Found", "detail": "The resource could not be found.\n\n No resource provider with uuid 24dcd01f-3afe-4b87-9031-a4fe82a1d18c found for delete ", "request_id": "req-72831b5f-ed27-4487-a577-4ef07711997f"}]}
2026-07-02 16:32:29.219 9 INFO neutron.wsgi [None req-02f8ebec-44ce-4b2a-80f3-67a23c3923a0 e217a29ff76048a09ef16d00846d9818 cf86fbaec5b94084b1a310024bfed582 - - default default] 10.0.0.209 "DELETE /v2.0/security-groups/df5bc439-5543-4fb6-970b-d682800b303a HTTP/1.1" status: 204 len: 168 time: 0.2806351
2026-07-02 16:32:29.577 10 INFO neutron.plugins.ml2.drivers.ovn.mech_driver.mech_driver [None req-fd4df701-26b0-41c5-b609-9382b83bb7e4 - - - - - -] OVN reports status down for port: 05919cc0-702a-4f0a-9d45-8c1e6d5654cf
2026-07-02 16:32:29.592 10 INFO neutron.wsgi [req-be71b1aa-1eb0-48c1-ae08-907e9237baf7 req-3464b06e-170a-4436-b16c-e169abea302e ec83482409574447bdbf444a0f6289da ff633652ba8e4ed1b72bba51cc4412ea - - default default] 10.0.0.195 "GET /v2.0/ports?device_id=50615d36-dd99-4a01-b170-c3e3642bd442 HTTP/1.1" status: 200 len: 1170 time: 0.0660887
2026-07-02 16:32:29.661 10 INFO neutron.wsgi [req-be71b1aa-1eb0-48c1-ae08-907e9237baf7 req-18040001-d889-4e31-ab76-32e63bac59e7 ec83482409574447bdbf444a0f6289da ff633652ba8e4ed1b72bba51cc4412ea - - default default] 10.0.0.195 "GET /v2.0/security-groups?id=a25e08b8-b0be-4c25-b132-529416ea05fd&fields=id&fields=name HTTP/1.1" status: 200 len: 286 time: 0.0595508
2026-07-02 16:32:29.698 9 INFO neutron.wsgi [None req-95ab8874-be16-4421-b59b-fe5081c21f6b e217a29ff76048a09ef16d00846d9818 cf86fbaec5b94084b1a310024bfed582 - - default default] 10.0.0.209 "GET /v2.0/security-groups?tenant_id=9f357febdc0b495f916d47d1518d1f97&name=default HTTP/1.1" status: 200 len: 3120 time: 0.3940513
2026-07-02 16:32:29.915 10 INFO neutron.wsgi [req-6dd09419-71e9-4377-81d3-d2a59531cd8a req-786acd8d-58be-4997-b622-f7d6333f244b ec83482409574447bdbf444a0f6289da ff633652ba8e4ed1b72bba51cc4412ea - - default default] 199.19.213.35 "GET /v2.0/ports?device_id=50615d36-dd99-4a01-b170-c3e3642bd442 HTTP/1.1" status: 200 len: 1168 time: 0.0491920
2026-07-02 16:32:30.004 9 INFO neutron.wsgi [None req-4627435b-9363-4a70-9c9e-aed0ca5374d4 e217a29ff76048a09ef16d00846d9818 cf86fbaec5b94084b1a310024bfed582 - - default default] 10.0.0.209 "DELETE /v2.0/security-groups/45b4f700-ad1d-487f-a9b2-491073143972 HTTP/1.1" status: 204 len: 168 time: 0.2981353
2026-07-02 16:32:30.023 10 INFO neutron.db.ovn_revision_numbers_db [None req-fd4df701-26b0-41c5-b609-9382b83bb7e4 - - - - - -] Successfully bumped revision number for resource 05919cc0-702a-4f0a-9d45-8c1e6d5654cf (type: ports) to 5
2026-07-02 16:32:30.342 10 INFO neutron.wsgi [req-6dd09419-71e9-4377-81d3-d2a59531cd8a req-5cbf0962-c231-4ad1-a204-450be38f1ff6 ec83482409574447bdbf444a0f6289da ff633652ba8e4ed1b72bba51cc4412ea - - default default] 199.19.213.35 "DELETE /v2.0/ports/05919cc0-702a-4f0a-9d45-8c1e6d5654cf HTTP/1.1" status: 204 len: 173 time: 0.4225011
2026-07-02 16:32:30.453 10 INFO neutron.notifiers.nova [-] Nova event matching ['req-336cd066-5298-44a0-b303-64dffc1f16e3'] response: {'server_uuid': '50615d36-dd99-4a01-b170-c3e3642bd442', 'name': 'network-vif-plugged', 'status': 'completed', 'tag': '05919cc0-702a-4f0a-9d45-8c1e6d5654cf', 'code': 200}
2026-07-02 16:32:30.453 10 INFO neutron.notifiers.nova [-] Nova event matching ['req-336cd066-5298-44a0-b303-64dffc1f16e3'] response: {'server_uuid': '50615d36-dd99-4a01-b170-c3e3642bd442', 'name': 'network-vif-unplugged', 'status': 'completed', 'tag': '05919cc0-702a-4f0a-9d45-8c1e6d5654cf', 'code': 200}
2026-07-02 16:32:30.454 10 INFO neutron.notifiers.nova [-] Nova event matching ['req-336cd066-5298-44a0-b303-64dffc1f16e3'] response: {'server_uuid': '50615d36-dd99-4a01-b170-c3e3642bd442', 'name': 'network-vif-unplugged', 'status': 'completed', 'tag': '05919cc0-702a-4f0a-9d45-8c1e6d5654cf', 'code': 200}
2026-07-02 16:32:30.455 10 INFO neutron.notifiers.nova [-] Nova event matching ['req-336cd066-5298-44a0-b303-64dffc1f16e3'] response: {'server_uuid': '50615d36-dd99-4a01-b170-c3e3642bd442', 'name': 'network-vif-deleted', 'tag': '05919cc0-702a-4f0a-9d45-8c1e6d5654cf', 'status': 'completed', 'code': 200} /var/lib/openstack/lib/python3.10/site-packages/pycadf/identifier.py:71: UserWarning: Invalid uuid: neutron. To ensure interoperability, identifiers should be a valid uuid. warnings.warn(('Invalid uuid: %s. To ensure interoperability, '
2026-07-02 16:32:31.984 9 WARNING neutron_lib.context [None req-a94caa7e-bf8b-47f3-9c2c-e6ed1d91cce3 20c0f9e745994ee5adbd8b911430e1f8 e17f3d3f6f384e779d2fe836fe4004c1 - - default default] Method 'is_advsvc' is deprecated since 2023.2 release (neutron-lib 3.8.0) and will be removed once support for the old RBAC API policies will be removed from Neutron. Please use method 'is_service_role' instead.
2026-07-02 16:32:32.152 9 INFO neutron.db.ovn_revision_numbers_db [None req-a94caa7e-bf8b-47f3-9c2c-e6ed1d91cce3 20c0f9e745994ee5adbd8b911430e1f8 e17f3d3f6f384e779d2fe836fe4004c1 - - default default] Successfully bumped revision number for resource 4e97d92c-970f-4958-86cd-5d9755e168a7 (type: security_groups) to 1
2026-07-02 16:32:32.174 9 INFO neutron.db.ovn_revision_numbers_db [None req-a94caa7e-bf8b-47f3-9c2c-e6ed1d91cce3 20c0f9e745994ee5adbd8b911430e1f8 e17f3d3f6f384e779d2fe836fe4004c1 - - default default] Successfully bumped revision number for resource 490184df-6803-479b-819a-37feca553cda (type: security_group_rules) to 0
2026-07-02 16:32:32.193 9 INFO neutron.db.ovn_revision_numbers_db [None req-a94caa7e-bf8b-47f3-9c2c-e6ed1d91cce3 20c0f9e745994ee5adbd8b911430e1f8 e17f3d3f6f384e779d2fe836fe4004c1 - - default default] Successfully bumped revision number for resource 7145032f-485c-43b5-9b29-81212ee61e25 (type: security_group_rules) to 0
2026-07-02 16:32:32.209 9 INFO neutron.db.ovn_revision_numbers_db [None req-a94caa7e-bf8b-47f3-9c2c-e6ed1d91cce3 20c0f9e745994ee5adbd8b911430e1f8 e17f3d3f6f384e779d2fe836fe4004c1 - - default default] Successfully bumped revision number for resource b3eaeb13-863f-41d6-a93d-7ce20cf232af (type: security_group_rules) to 0
2026-07-02 16:32:32.223 9 INFO neutron.db.ovn_revision_numbers_db [None req-a94caa7e-bf8b-47f3-9c2c-e6ed1d91cce3 20c0f9e745994ee5adbd8b911430e1f8 e17f3d3f6f384e779d2fe836fe4004c1 - - default default] Successfully bumped revision number for resource bfeb5f0e-763e-4ae8-befb-948e4ff24b38 (type: security_group_rules) to 0
2026-07-02 16:32:32.282 9 INFO neutron.db.segments_db [None req-a94caa7e-bf8b-47f3-9c2c-e6ed1d91cce3 20c0f9e745994ee5adbd8b911430e1f8 e17f3d3f6f384e779d2fe836fe4004c1 - - default default] Added segment 6d240b3f-4cec-4f3b-a0cb-954424c4d07e of type geneve for network 7a5015bf-4840-4a77-ad5a-e784dd6aa0c1
2026-07-02 16:32:32.436 9 INFO neutron.db.ovn_revision_numbers_db [None req-a94caa7e-bf8b-47f3-9c2c-e6ed1d91cce3 20c0f9e745994ee5adbd8b911430e1f8 e17f3d3f6f384e779d2fe836fe4004c1 - - default default] Successfully bumped revision number for resource 7a5015bf-4840-4a77-ad5a-e784dd6aa0c1 (type: networks) to 1
2026-07-02 16:32:32.677 9 WARNING neutron.scheduler.dhcp_agent_scheduler [None req-a94caa7e-bf8b-47f3-9c2c-e6ed1d91cce3 20c0f9e745994ee5adbd8b911430e1f8 e17f3d3f6f384e779d2fe836fe4004c1 - - default default] No more DHCP agents
2026-07-02 16:32:32.680 9 WARNING neutron.api.rpc.agentnotifiers.dhcp_rpc_agent_api [None req-a94caa7e-bf8b-47f3-9c2c-e6ed1d91cce3 20c0f9e745994ee5adbd8b911430e1f8 e17f3d3f6f384e779d2fe836fe4004c1 - - default default] Unable to schedule network 7a5015bf-4840-4a77-ad5a-e784dd6aa0c1: no agents available; will retry on subsequent port and subnet creation events.
2026-07-02 16:32:32.776 9 INFO neutron.db.ovn_revision_numbers_db [None req-a94caa7e-bf8b-47f3-9c2c-e6ed1d91cce3 20c0f9e745994ee5adbd8b911430e1f8 e17f3d3f6f384e779d2fe836fe4004c1 - - default default] Successfully bumped revision number for resource 52e231e3-79e1-45f4-9323-a41a64b532f3 (type: ports) to 1
2026-07-02 16:32:32.802 9 INFO neutron.wsgi [None req-a94caa7e-bf8b-47f3-9c2c-e6ed1d91cce3 20c0f9e745994ee5adbd8b911430e1f8 e17f3d3f6f384e779d2fe836fe4004c1 - - default default] 10.0.0.209 "POST /v2.0/networks HTTP/1.1" status: 201 len: 847 time: 0.9930611
2026-07-02 16:32:33.337 9 WARNING neutron_lib.context [None req-9fff5599-ab95-4d5f-9603-92c2f314ee27 20c0f9e745994ee5adbd8b911430e1f8 e17f3d3f6f384e779d2fe836fe4004c1 - - default default] Method 'is_advsvc' is deprecated since 2023.2 release (neutron-lib 3.8.0) and will be removed once support for the old RBAC API policies will be removed from Neutron. Please use method 'is_service_role' instead.
2026-07-02 16:32:33.371 10 INFO neutron.wsgi [None req-baad8aa4-0af1-494e-9f0e-2fcc16b4aac8 e217a29ff76048a09ef16d00846d9818 cf86fbaec5b94084b1a310024bfed582 - - default default] 10.0.0.209 "PUT /v2.0/routers/e5431dc8-b0ef-4d3e-8f87-df877060d2ba/remove_router_interface HTTP/1.1" status: 200 len: 503 time: 1.4535079 /var/lib/openstack/lib/python3.10/site-packages/pycadf/identifier.py:71: UserWarning: Invalid uuid: neutron. To ensure interoperability, identifiers should be a valid uuid. warnings.warn(('Invalid uuid: %s. To ensure interoperability, '
2026-07-02 16:32:33.628 9 WARNING neutron.scheduler.dhcp_agent_scheduler [None req-9fff5599-ab95-4d5f-9603-92c2f314ee27 20c0f9e745994ee5adbd8b911430e1f8 e17f3d3f6f384e779d2fe836fe4004c1 - - default default] No more DHCP agents
2026-07-02 16:32:33.629 9 WARNING neutron.api.rpc.agentnotifiers.dhcp_rpc_agent_api [None req-9fff5599-ab95-4d5f-9603-92c2f314ee27 20c0f9e745994ee5adbd8b911430e1f8 e17f3d3f6f384e779d2fe836fe4004c1 - - default default] Unable to schedule network 7a5015bf-4840-4a77-ad5a-e784dd6aa0c1: no agents available; will retry on subsequent port and subnet creation events.
2026-07-02 16:32:33.659 9 INFO neutron.db.ovn_revision_numbers_db [None req-9fff5599-ab95-4d5f-9603-92c2f314ee27 20c0f9e745994ee5adbd8b911430e1f8 e17f3d3f6f384e779d2fe836fe4004c1 - - default default] Successfully bumped revision number for resource 6b0b1213-37d8-4e3e-a427-4d4e9422b318 (type: subnets) to 0
2026-07-02 16:32:33.674 9 INFO neutron.wsgi [None req-9fff5599-ab95-4d5f-9603-92c2f314ee27 20c0f9e745994ee5adbd8b911430e1f8 e17f3d3f6f384e779d2fe836fe4004c1 - - default default] 10.0.0.209 "POST /v2.0/subnets HTTP/1.1" status: 201 len: 848 time: 0.3434672
