2026-07-02 16:30:48.719 9 WARNING neutron.api.rpc.agentnotifiers.dhcp_rpc_agent_api [None req-cfc24376-a2fa-46a9-b2bd-e97785d2a67f e217a29ff76048a09ef16d00846d9818 cf86fbaec5b94084b1a310024bfed582 - - default default] Unable to schedule network 888ddc7f-1bc8-4e2b-bcfa-6f8dd831c921: no agents available; will retry on subsequent port and subnet creation events. /var/lib/openstack/lib/python3.10/site-packages/pycadf/identifier.py:71: UserWarning: Invalid uuid: neutron. To ensure interoperability, identifiers should be a valid uuid. warnings.warn(('Invalid uuid: %s. To ensure interoperability, '
2026-07-02 16:30:48.838 9 INFO neutron.wsgi [req-919e3539-8193-485a-a553-2ec906a9f0c9 req-347d9880-d58f-42de-b808-e2293e5865ab 30aa680b0d664b0a96200ad8d3469679 d7025f63bfe64af6b5843110c1352ec0 - - ec063602019246bc80897eebb5ed279f ec063602019246bc80897eebb5ed279f] 199.19.213.35 "GET /v2.0/ports?tenant_id=90d4a19dae854a459a9772339b8201c9&device_id=a4612c8b-087f-469f-9c50-94f7b1c8ec0e HTTP/1.1" status: 200 len: 1411 time: 0.0604692
2026-07-02 16:30:48.879 9 INFO neutron.wsgi [req-919e3539-8193-485a-a553-2ec906a9f0c9 req-a1909ea0-8c2f-4692-8178-4fa573a32dda 30aa680b0d664b0a96200ad8d3469679 d7025f63bfe64af6b5843110c1352ec0 - - ec063602019246bc80897eebb5ed279f ec063602019246bc80897eebb5ed279f] 199.19.213.35 "GET /v2.0/floatingips?fixed_ip_address=10.100.0.11&port_id=c43d5ca4-547c-44a8-a541-337aeebb334a HTTP/1.1" status: 200 len: 217 time: 0.0323896
2026-07-02 16:30:48.923 9 INFO neutron.wsgi [req-919e3539-8193-485a-a553-2ec906a9f0c9 req-f42185c8-11ac-4e11-a6c2-b9d9469894dd 30aa680b0d664b0a96200ad8d3469679 d7025f63bfe64af6b5843110c1352ec0 - - ec063602019246bc80897eebb5ed279f ec063602019246bc80897eebb5ed279f] 199.19.213.35 "GET /v2.0/subnets?id=dab04fe5-334d-444e-a307-830b00b788ac HTTP/1.1" status: 200 len: 872 time: 0.0345554 /var/lib/openstack/lib/python3.10/site-packages/pycadf/identifier.py:71: UserWarning: Invalid uuid: neutron. To ensure interoperability, identifiers should be a valid uuid. warnings.warn(('Invalid uuid: %s. To ensure interoperability, '
2026-07-02 16:30:48.965 10 INFO neutron.db.ovn_revision_numbers_db [req-6a9e3025-38f6-4ae4-b69d-026699e0d57e req-5933b857-d38b-4e1b-a0f0-e46521c8565c 30aa680b0d664b0a96200ad8d3469679 d7025f63bfe64af6b5843110c1352ec0 - - ec063602019246bc80897eebb5ed279f ec063602019246bc80897eebb5ed279f] Successfully bumped revision number for resource 70030343-55cf-4f95-af2e-e4c5ce982058 (type: ports) to 2
2026-07-02 16:30:48.966 9 INFO neutron.wsgi [req-919e3539-8193-485a-a553-2ec906a9f0c9 req-64cd6ccd-749d-4170-96a6-672f2c9f480d 30aa680b0d664b0a96200ad8d3469679 d7025f63bfe64af6b5843110c1352ec0 - - ec063602019246bc80897eebb5ed279f ec063602019246bc80897eebb5ed279f] 199.19.213.35 "GET /v2.0/ports?network_id=d888c477-5f94-44eb-8420-c47ecb1a3ac7&device_owner=network%3Adhcp HTTP/1.1" status: 200 len: 210 time: 0.0345390
2026-07-02 16:30:49.005 10 INFO neutron.wsgi [req-6a9e3025-38f6-4ae4-b69d-026699e0d57e req-5933b857-d38b-4e1b-a0f0-e46521c8565c 30aa680b0d664b0a96200ad8d3469679 d7025f63bfe64af6b5843110c1352ec0 - - ec063602019246bc80897eebb5ed279f ec063602019246bc80897eebb5ed279f] 199.19.213.35 "PUT /v2.0/ports/70030343-55cf-4f95-af2e-e4c5ce982058 HTTP/1.1" status: 200 len: 1380 time: 1.4210036
2026-07-02 16:30:49.041 9 INFO neutron.db.ovn_revision_numbers_db [None req-cfc24376-a2fa-46a9-b2bd-e97785d2a67f e217a29ff76048a09ef16d00846d9818 cf86fbaec5b94084b1a310024bfed582 - - default default] Successfully bumped revision number for resource e733bb11-730a-494e-8189-eaf6c5f5b738 (type: ports) to 1
2026-07-02 16:30:49.056 9 INFO neutron.wsgi [req-919e3539-8193-485a-a553-2ec906a9f0c9 req-caf1e1e7-8da8-47bd-9eab-ad60bd53baf8 30aa680b0d664b0a96200ad8d3469679 d7025f63bfe64af6b5843110c1352ec0 - - ec063602019246bc80897eebb5ed279f ec063602019246bc80897eebb5ed279f] 199.19.213.35 "GET /v2.0/networks/d888c477-5f94-44eb-8420-c47ecb1a3ac7?fields=segments HTTP/1.1" status: 200 len: 212 time: 0.0796888
2026-07-02 16:30:49.130 10 INFO neutron.wsgi [req-6a9e3025-38f6-4ae4-b69d-026699e0d57e req-396b7144-018c-4610-a157-ec627da259fc 30aa680b0d664b0a96200ad8d3469679 d7025f63bfe64af6b5843110c1352ec0 - - ec063602019246bc80897eebb5ed279f ec063602019246bc80897eebb5ed279f] 199.19.213.35 "GET /v2.0/ports?tenant_id=dd05a0648578432387f7066901c83c66&device_id=5be342b6-34a6-4775-8d88-f6745eb7da93 HTTP/1.1" status: 200 len: 1411 time: 0.0754526
2026-07-02 16:30:49.136 10 INFO neutron.wsgi [req-d3daa31e-3c9d-48c9-9937-609cb950ea7c req-0ff8bf9e-051a-4f91-8108-f186fbb91d4b 92f863854fa14f3b848dc596fcaf6522 dd05a0648578432387f7066901c83c66 - - default default] 10.0.0.195 "GET /v2.0/ports?device_id=5be342b6-34a6-4775-8d88-f6745eb7da93 HTTP/1.1" status: 200 len: 1172 time: 0.1785188
2026-07-02 16:30:49.161 9 INFO neutron.notifiers.nova [-] Nova event matching ['req-b5e07d8b-9713-4654-a8a3-2921e234b061'] response: {'name': 'network-changed', 'server_uuid': 'a4612c8b-087f-469f-9c50-94f7b1c8ec0e', 'tag': 'c43d5ca4-547c-44a8-a541-337aeebb334a', 'status': 'completed', 'code': 200}
2026-07-02 16:30:49.178 10 INFO neutron.wsgi [req-6a9e3025-38f6-4ae4-b69d-026699e0d57e req-3151350b-0630-4052-824e-d3595206792c 30aa680b0d664b0a96200ad8d3469679 d7025f63bfe64af6b5843110c1352ec0 - - ec063602019246bc80897eebb5ed279f ec063602019246bc80897eebb5ed279f] 199.19.213.35 "GET /v2.0/floatingips?fixed_ip_address=10.100.0.14&port_id=70030343-55cf-4f95-af2e-e4c5ce982058 HTTP/1.1" status: 200 len: 217 time: 0.0412672
2026-07-02 16:30:49.203 9 INFO neutron.wsgi [req-919e3539-8193-485a-a553-2ec906a9f0c9 req-eca6b5b2-9ad9-4354-b388-1a3c0158a59f 30aa680b0d664b0a96200ad8d3469679 d7025f63bfe64af6b5843110c1352ec0 - - ec063602019246bc80897eebb5ed279f ec063602019246bc80897eebb5ed279f] 199.19.213.35 "GET /v2.0/networks/d888c477-5f94-44eb-8420-c47ecb1a3ac7?fields=provider%3Aphysical_network&fields=provider%3Anetwork_type HTTP/1.1" status: 200 len: 277 time: 0.1300414
2026-07-02 16:30:49.245 10 INFO neutron.wsgi [req-d3daa31e-3c9d-48c9-9937-609cb950ea7c req-11ef3a16-fb3e-4c32-aa26-f17aa8fb8c52 92f863854fa14f3b848dc596fcaf6522 dd05a0648578432387f7066901c83c66 - - default default] 10.0.0.195 "GET /v2.0/security-groups?id=3e10d824-3592-41fd-bee3-6f39eb415d35&fields=id&fields=name HTTP/1.1" status: 200 len: 313 time: 0.1038439
2026-07-02 16:30:49.277 10 INFO neutron.wsgi [req-6a9e3025-38f6-4ae4-b69d-026699e0d57e req-5d92c68e-134e-4a59-865f-975a289c7562 30aa680b0d664b0a96200ad8d3469679 d7025f63bfe64af6b5843110c1352ec0 - - ec063602019246bc80897eebb5ed279f ec063602019246bc80897eebb5ed279f] 199.19.213.35 "GET /v2.0/subnets?id=821c5fcf-e342-4b70-8a4c-12e40e64a978 HTTP/1.1" status: 200 len: 868 time: 0.0813801
2026-07-02 16:30:49.303 9 INFO neutron.wsgi [req-46d5289e-67ec-4c2e-8ed6-f0d7663c0536 req-3df62ab6-c86e-422e-8aed-a503b3a2c985 30aa680b0d664b0a96200ad8d3469679 d7025f63bfe64af6b5843110c1352ec0 - - ec063602019246bc80897eebb5ed279f ec063602019246bc80897eebb5ed279f] 199.19.213.35 "GET /v2.0/ports?tenant_id=90d4a19dae854a459a9772339b8201c9&device_id=a4612c8b-087f-469f-9c50-94f7b1c8ec0e HTTP/1.1" status: 200 len: 1411 time: 0.0571852
2026-07-02 16:30:49.333 10 INFO neutron.wsgi [req-6a9e3025-38f6-4ae4-b69d-026699e0d57e req-b10ce62f-8b3f-4d13-8475-be80cbcb0c44 30aa680b0d664b0a96200ad8d3469679 d7025f63bfe64af6b5843110c1352ec0 - - ec063602019246bc80897eebb5ed279f ec063602019246bc80897eebb5ed279f] 199.19.213.35 "GET /v2.0/ports?network_id=0d1403bc-76e2-4c14-82b7-ebcf34cf92d6&device_owner=network%3Adhcp HTTP/1.1" status: 200 len: 210 time: 0.0421515
2026-07-02 16:30:49.405 9 INFO neutron.wsgi [req-46d5289e-67ec-4c2e-8ed6-f0d7663c0536 req-d5345e61-69bb-46c6-ae4d-2da3007a0dad 30aa680b0d664b0a96200ad8d3469679 d7025f63bfe64af6b5843110c1352ec0 - - ec063602019246bc80897eebb5ed279f ec063602019246bc80897eebb5ed279f] 199.19.213.35 "GET /v2.0/networks?id=d888c477-5f94-44eb-8420-c47ecb1a3ac7 HTTP/1.1" status: 200 len: 977 time: 0.0941994
2026-07-02 16:30:49.488 10 INFO neutron.notifiers.nova [-] Nova event matching ['req-141de81c-a1a9-4d28-ba4a-422c15e6ba92'] response: {'name': 'network-changed', 'server_uuid': '5be342b6-34a6-4775-8d88-f6745eb7da93', 'tag': '70030343-55cf-4f95-af2e-e4c5ce982058', 'status': 'completed', 'code': 200}
2026-07-02 16:30:49.490 9 INFO neutron.wsgi [req-46d5289e-67ec-4c2e-8ed6-f0d7663c0536 req-5d5a42bc-bf5e-4afb-ba66-1bc126b35762 30aa680b0d664b0a96200ad8d3469679 d7025f63bfe64af6b5843110c1352ec0 - - ec063602019246bc80897eebb5ed279f ec063602019246bc80897eebb5ed279f] 199.19.213.35 "GET /v2.0/floatingips?fixed_ip_address=10.100.0.11&port_id=c43d5ca4-547c-44a8-a541-337aeebb334a HTTP/1.1" status: 200 len: 217 time: 0.0345209
2026-07-02 16:30:49.591 10 INFO neutron.wsgi [req-6a9e3025-38f6-4ae4-b69d-026699e0d57e req-8bd50706-e49e-4c4c-9649-d2fe2c2da0fb 30aa680b0d664b0a96200ad8d3469679 d7025f63bfe64af6b5843110c1352ec0 - - ec063602019246bc80897eebb5ed279f ec063602019246bc80897eebb5ed279f] 199.19.213.35 "GET /v2.0/networks/0d1403bc-76e2-4c14-82b7-ebcf34cf92d6?fields=segments HTTP/1.1" status: 200 len: 212 time: 0.1363189
2026-07-02 16:30:49.601 9 INFO neutron.wsgi [req-46d5289e-67ec-4c2e-8ed6-f0d7663c0536 req-3a994e49-0e26-4dea-93ea-46a2c98c7689 30aa680b0d664b0a96200ad8d3469679 d7025f63bfe64af6b5843110c1352ec0 - - ec063602019246bc80897eebb5ed279f ec063602019246bc80897eebb5ed279f] 199.19.213.35 "GET /v2.0/subnets?id=dab04fe5-334d-444e-a307-830b00b788ac HTTP/1.1" status: 200 len: 872 time: 0.0727832
2026-07-02 16:30:49.631 9 INFO neutron.wsgi [req-46d5289e-67ec-4c2e-8ed6-f0d7663c0536 req-ace47ef7-0f85-4dfa-98c8-7b6a2940ba72 30aa680b0d664b0a96200ad8d3469679 d7025f63bfe64af6b5843110c1352ec0 - - ec063602019246bc80897eebb5ed279f ec063602019246bc80897eebb5ed279f] 199.19.213.35 "GET /v2.0/ports?network_id=d888c477-5f94-44eb-8420-c47ecb1a3ac7&device_owner=network%3Adhcp HTTP/1.1" status: 200 len: 210 time: 0.0210631
2026-07-02 16:30:49.690 10 INFO neutron.wsgi [req-b190e97f-a698-43a4-8857-1b59d5e26c5a req-585a12df-fad6-4db6-8112-8fe4ff4576f7 ff327286826e4355a0c8d4379741e511 90d4a19dae854a459a9772339b8201c9 - - default default] 10.0.0.195 "GET /v2.0/ports?device_id=a4612c8b-087f-469f-9c50-94f7b1c8ec0e HTTP/1.1" status: 200 len: 1172 time: 0.2013845
2026-07-02 16:30:49.722 10 INFO neutron.wsgi [req-6a9e3025-38f6-4ae4-b69d-026699e0d57e req-891df3df-e816-4012-b159-6d697e982cc5 30aa680b0d664b0a96200ad8d3469679 d7025f63bfe64af6b5843110c1352ec0 - - ec063602019246bc80897eebb5ed279f ec063602019246bc80897eebb5ed279f] 199.19.213.35 "GET /v2.0/networks/0d1403bc-76e2-4c14-82b7-ebcf34cf92d6?fields=provider%3Aphysical_network&fields=provider%3Anetwork_type HTTP/1.1" status: 200 len: 277 time: 0.1176722
2026-07-02 16:30:49.745 9 INFO neutron.wsgi [req-46d5289e-67ec-4c2e-8ed6-f0d7663c0536 req-967f6059-658c-4075-94a2-b9c3ecccf141 30aa680b0d664b0a96200ad8d3469679 d7025f63bfe64af6b5843110c1352ec0 - - ec063602019246bc80897eebb5ed279f ec063602019246bc80897eebb5ed279f] 199.19.213.35 "GET /v2.0/networks/d888c477-5f94-44eb-8420-c47ecb1a3ac7?fields=segments HTTP/1.1" status: 200 len: 212 time: 0.1014011
2026-07-02 16:30:49.768 10 INFO neutron.plugins.ml2.drivers.ovn.mech_driver.ovsdb.commands [None req-46424031-5920-4590-88dc-b384d8e701a7 - - - - - -] Schedule LRP lrp-227a1cd7-2f26-4e50-b4d2-07d41ba09c52 on gateway a4138440-a3b5-4179-b9ae-deba0554e787 with priority 1
2026-07-02 16:30:49.772 10 INFO neutron.wsgi [req-b190e97f-a698-43a4-8857-1b59d5e26c5a req-8d306c4a-0730-40b0-9dc3-101b2155e957 ff327286826e4355a0c8d4379741e511 90d4a19dae854a459a9772339b8201c9 - - default default] 10.0.0.195 "GET /v2.0/security-groups?id=2466c1d4-2333-499c-833b-c79c3b7e2708&fields=id&fields=name HTTP/1.1" status: 200 len: 311 time: 0.0715601
2026-07-02 16:30:49.805 9 INFO neutron.plugins.ml2.drivers.ovn.mech_driver.mech_driver [None req-b4215389-a97c-4fa5-bb99-8462611de824 - - - - - -] OVN reports status up for port: 227a1cd7-2f26-4e50-b4d2-07d41ba09c52
2026-07-02 16:30:49.820 9 INFO neutron.plugins.ml2.drivers.ovn.mech_driver.ovsdb.ovsdb_monitor [None req-f76cd956-1b30-4d7b-8de2-d65193345a98 - - - - - -] Router 692f496a-8791-40cb-a821-a07b6807b546 is bound to host instance
2026-07-02 16:30:49.829 10 INFO neutron.wsgi [req-1d8351ae-8a8d-487a-9d16-2f669f223870 req-a2e3bf2a-1e1b-4ad5-a4fe-a8ab925a8440 30aa680b0d664b0a96200ad8d3469679 d7025f63bfe64af6b5843110c1352ec0 - - ec063602019246bc80897eebb5ed279f ec063602019246bc80897eebb5ed279f] 199.19.213.35 "GET /v2.0/ports?tenant_id=dd05a0648578432387f7066901c83c66&device_id=5be342b6-34a6-4775-8d88-f6745eb7da93 HTTP/1.1" status: 200 len: 1411 time: 0.0431776
2026-07-02 16:30:49.830 10 INFO neutron.db.ovn_revision_numbers_db [None req-b4c37f94-172f-4694-b4b8-a3d2c426c4ef e217a29ff76048a09ef16d00846d9818 cf86fbaec5b94084b1a310024bfed582 - - default default] Successfully bumped revision number for resource 227a1cd7-2f26-4e50-b4d2-07d41ba09c52 (type: router_ports) to 1
2026-07-02 16:30:49.843 9 INFO neutron.plugins.ml2.plugin [None req-b4215389-a97c-4fa5-bb99-8462611de824 - - - - - -] Attempt 1 to provision port 227a1cd7-2f26-4e50-b4d2-07d41ba09c52
2026-07-02 16:30:49.933 10 INFO neutron.wsgi [req-1d8351ae-8a8d-487a-9d16-2f669f223870 req-ad973782-ed33-4911-813b-e44d7c5a4e14 30aa680b0d664b0a96200ad8d3469679 d7025f63bfe64af6b5843110c1352ec0 - - ec063602019246bc80897eebb5ed279f ec063602019246bc80897eebb5ed279f] 199.19.213.35 "GET /v2.0/networks?id=0d1403bc-76e2-4c14-82b7-ebcf34cf92d6 HTTP/1.1" status: 200 len: 973 time: 0.0866494
2026-07-02 16:30:49.938 10 INFO neutron.db.ovn_revision_numbers_db [None req-b4c37f94-172f-4694-b4b8-a3d2c426c4ef e217a29ff76048a09ef16d00846d9818 cf86fbaec5b94084b1a310024bfed582 - - default default] Successfully bumped revision number for resource 692f496a-8791-40cb-a821-a07b6807b546 (type: routers) to 2
2026-07-02 16:30:49.969 10 INFO neutron.wsgi [req-1d8351ae-8a8d-487a-9d16-2f669f223870 req-757bba30-342b-47bf-8c3a-55a0a5afe464 30aa680b0d664b0a96200ad8d3469679 d7025f63bfe64af6b5843110c1352ec0 - - ec063602019246bc80897eebb5ed279f ec063602019246bc80897eebb5ed279f] 199.19.213.35 "GET /v2.0/floatingips?fixed_ip_address=10.100.0.14&port_id=70030343-55cf-4f95-af2e-e4c5ce982058 HTTP/1.1" status: 200 len: 217 time: 0.0290284
2026-07-02 16:30:49.977 10 INFO neutron.wsgi [None req-b4c37f94-172f-4694-b4b8-a3d2c426c4ef e217a29ff76048a09ef16d00846d9818 cf86fbaec5b94084b1a310024bfed582 - - default default] 10.0.0.209 "POST /v2.0/routers HTTP/1.1" status: 201 len: 1168 time: 2.4082563
2026-07-02 16:30:50.067 10 INFO neutron.wsgi [req-1d8351ae-8a8d-487a-9d16-2f669f223870 req-b331263b-f717-4ea1-aba9-5cd84eb8bbd5 30aa680b0d664b0a96200ad8d3469679 d7025f63bfe64af6b5843110c1352ec0 - - ec063602019246bc80897eebb5ed279f ec063602019246bc80897eebb5ed279f] 199.19.213.35 "GET /v2.0/subnets?id=821c5fcf-e342-4b70-8a4c-12e40e64a978 HTTP/1.1" status: 200 len: 868 time: 0.0893164
2026-07-02 16:30:50.094 9 INFO neutron.wsgi [req-46d5289e-67ec-4c2e-8ed6-f0d7663c0536 req-65d925c2-a957-42ed-9f42-7d6571aca339 30aa680b0d664b0a96200ad8d3469679 d7025f63bfe64af6b5843110c1352ec0 - - ec063602019246bc80897eebb5ed279f ec063602019246bc80897eebb5ed279f] 199.19.213.35 "GET /v2.0/networks/d888c477-5f94-44eb-8420-c47ecb1a3ac7?fields=provider%3Aphysical_network&fields=provider%3Anetwork_type HTTP/1.1" status: 200 len: 277 time: 0.3334937
2026-07-02 16:30:50.106 10 INFO neutron.wsgi [req-1d8351ae-8a8d-487a-9d16-2f669f223870 req-ebd8147d-657d-44cf-af3a-48e702667e66 30aa680b0d664b0a96200ad8d3469679 d7025f63bfe64af6b5843110c1352ec0 - - ec063602019246bc80897eebb5ed279f ec063602019246bc80897eebb5ed279f] 199.19.213.35 "GET /v2.0/ports?network_id=0d1403bc-76e2-4c14-82b7-ebcf34cf92d6&device_owner=network%3Adhcp HTTP/1.1" status: 200 len: 210 time: 0.0341122
2026-07-02 16:30:50.336 9 INFO neutron.plugins.ml2.drivers.ovn.mech_driver.ovsdb.commands [None req-fc4f7f22-f595-49aa-98da-59db3371f7a1 - - - - - -] Schedule LRP lrp-e733bb11-730a-494e-8189-eaf6c5f5b738 on gateway a4138440-a3b5-4179-b9ae-deba0554e787 with priority 1
2026-07-02 16:30:50.391 10 INFO neutron.plugins.ml2.drivers.ovn.mech_driver.ovsdb.ovsdb_monitor [None req-4a945acf-3f72-4808-a3b8-3b50a37eb598 - - - - - -] Router 7b1c877a-2e3d-41e8-a760-c17cf7804326 is bound to host instance
2026-07-02 16:30:50.418 9 INFO neutron.db.ovn_revision_numbers_db [None req-cfc24376-a2fa-46a9-b2bd-e97785d2a67f e217a29ff76048a09ef16d00846d9818 cf86fbaec5b94084b1a310024bfed582 - - default default] Successfully bumped revision number for resource e733bb11-730a-494e-8189-eaf6c5f5b738 (type: router_ports) to 1
2026-07-02 16:30:50.423 10 INFO neutron.wsgi [req-1d8351ae-8a8d-487a-9d16-2f669f223870 req-fbbd913d-9d92-4806-942f-51d2b78c92e1 30aa680b0d664b0a96200ad8d3469679 d7025f63bfe64af6b5843110c1352ec0 - - ec063602019246bc80897eebb5ed279f ec063602019246bc80897eebb5ed279f] 199.19.213.35 "GET /v2.0/networks/0d1403bc-76e2-4c14-82b7-ebcf34cf92d6?fields=segments HTTP/1.1" status: 200 len: 212 time: 0.3095665
2026-07-02 16:30:50.456 10 INFO neutron.wsgi [req-4d753df4-e33d-496d-a00c-b8223fde068f req-cdfd313e-0d9d-4f36-8d8a-e6b9f26b875d 92f863854fa14f3b848dc596fcaf6522 dd05a0648578432387f7066901c83c66 - - default default] 10.0.0.195 "GET /v2.0/ports?device_id=5be342b6-34a6-4775-8d88-f6745eb7da93 HTTP/1.1" status: 200 len: 1172 time: 0.0972714
2026-07-02 16:30:50.582 10 INFO neutron.wsgi [req-1d8351ae-8a8d-487a-9d16-2f669f223870 req-2db4010f-562c-431f-a8bb-284dac698620 30aa680b0d664b0a96200ad8d3469679 d7025f63bfe64af6b5843110c1352ec0 - - ec063602019246bc80897eebb5ed279f ec063602019246bc80897eebb5ed279f] 199.19.213.35 "GET /v2.0/networks/0d1403bc-76e2-4c14-82b7-ebcf34cf92d6?fields=provider%3Aphysical_network&fields=provider%3Anetwork_type HTTP/1.1" status: 200 len: 277 time: 0.1393948
2026-07-02 16:30:50.584 10 INFO neutron.wsgi [req-4d753df4-e33d-496d-a00c-b8223fde068f req-014d1913-0519-43ab-a093-444fb7f27589 92f863854fa14f3b848dc596fcaf6522 dd05a0648578432387f7066901c83c66 - - default default] 10.0.0.195 "GET /v2.0/security-groups?id=3e10d824-3592-41fd-bee3-6f39eb415d35&fields=id&fields=name HTTP/1.1" status: 200 len: 313 time: 0.1144674
2026-07-02 16:30:50.611 9 INFO neutron.db.ovn_revision_numbers_db [None req-cfc24376-a2fa-46a9-b2bd-e97785d2a67f e217a29ff76048a09ef16d00846d9818 cf86fbaec5b94084b1a310024bfed582 - - default default] Successfully bumped revision number for resource 7b1c877a-2e3d-41e8-a760-c17cf7804326 (type: routers) to 2
2026-07-02 16:30:50.637 9 INFO neutron.wsgi [None req-cfc24376-a2fa-46a9-b2bd-e97785d2a67f e217a29ff76048a09ef16d00846d9818 cf86fbaec5b94084b1a310024bfed582 - - default default] 10.0.0.209 "POST /v2.0/routers HTTP/1.1" status: 201 len: 1175 time: 2.7797825
2026-07-02 16:30:50.900 9 INFO neutron.db.ovn_revision_numbers_db [None req-f76cd956-1b30-4d7b-8de2-d65193345a98 - - - - - -] Successfully bumped revision number for resource 227a1cd7-2f26-4e50-b4d2-07d41ba09c52 (type: ports) to 1
2026-07-02 16:30:50.928 10 INFO neutron.wsgi [req-0b816e5f-fdb7-411a-bcdb-caa106361cc4 req-a61138b5-18ac-44f4-93b4-9346877a8314 ff327286826e4355a0c8d4379741e511 90d4a19dae854a459a9772339b8201c9 - - default default] 10.0.0.195 "GET /v2.0/ports?device_id=a4612c8b-087f-469f-9c50-94f7b1c8ec0e HTTP/1.1" status: 200 len: 1172 time: 0.0741761
2026-07-02 16:30:51.066 10 INFO neutron.wsgi [req-0b816e5f-fdb7-411a-bcdb-caa106361cc4 req-8744f812-f991-4ee3-9a2b-dfd151df815c ff327286826e4355a0c8d4379741e511 90d4a19dae854a459a9772339b8201c9 - - default default] 10.0.0.195 "GET /v2.0/security-groups?id=2466c1d4-2333-499c-833b-c79c3b7e2708&fields=id&fields=name HTTP/1.1" status: 200 len: 311 time: 0.1111789
2026-07-02 16:30:51.326 9 INFO neutron.db.ovn_revision_numbers_db [None req-f76cd956-1b30-4d7b-8de2-d65193345a98 - - - - - -] Successfully bumped revision number for resource 227a1cd7-2f26-4e50-b4d2-07d41ba09c52 (type: router_ports) to 3
2026-07-02 16:30:51.350 10 WARNING neutron.scheduler.dhcp_agent_scheduler [None req-c783fe7c-77d6-48d4-8c81-8a6ef204bc2b e217a29ff76048a09ef16d00846d9818 cf86fbaec5b94084b1a310024bfed582 - - default default] No more DHCP agents
2026-07-02 16:30:51.356 10 WARNING neutron.api.rpc.agentnotifiers.dhcp_rpc_agent_api [None req-c783fe7c-77d6-48d4-8c81-8a6ef204bc2b e217a29ff76048a09ef16d00846d9818 cf86fbaec5b94084b1a310024bfed582 - - default default] Unable to schedule network baccfba0-59c2-478c-857c-5d85410a41f1: no agents available; will retry on subsequent port and subnet creation events.
2026-07-02 16:30:51.654 9 INFO neutron.wsgi [-] 10.0.0.142 "GET / HTTP/1.1" status: 200 len: 247 time: 0.0019028
2026-07-02 16:30:51.659 9 INFO neutron.wsgi [-] 10.0.0.142 "GET / HTTP/1.1" status: 200 len: 247 time: 0.0013428
2026-07-02 16:30:51.674 9 INFO neutron.db.ovn_revision_numbers_db [None req-f76cd956-1b30-4d7b-8de2-d65193345a98 - - - - - -] Successfully bumped revision number for resource 227a1cd7-2f26-4e50-b4d2-07d41ba09c52 (type: ports) to 2
2026-07-02 16:30:51.760 10 INFO neutron.wsgi [req-935c659e-e036-4f8c-9308-9db1fce8f4f7 req-a692ca0c-bb6c-4254-b00b-62cd6c443960 92f863854fa14f3b848dc596fcaf6522 dd05a0648578432387f7066901c83c66 - - default default] 10.0.0.195 "GET /v2.0/ports?device_id=5be342b6-34a6-4775-8d88-f6745eb7da93 HTTP/1.1" status: 200 len: 1172 time: 0.0915849
2026-07-02 16:30:51.898 10 INFO neutron.wsgi [req-935c659e-e036-4f8c-9308-9db1fce8f4f7 req-333815f9-a04b-4868-99a1-119e98a0332c 92f863854fa14f3b848dc596fcaf6522 dd05a0648578432387f7066901c83c66 - - default default] 10.0.0.195 "GET /v2.0/security-groups?id=3e10d824-3592-41fd-bee3-6f39eb415d35&fields=id&fields=name HTTP/1.1" status: 200 len: 313 time: 0.1256146
2026-07-02 16:30:52.005 10 INFO neutron.db.ovn_revision_numbers_db [None req-c783fe7c-77d6-48d4-8c81-8a6ef204bc2b e217a29ff76048a09ef16d00846d9818 cf86fbaec5b94084b1a310024bfed582 - - default default] Successfully bumped revision number for resource dc93fc5e-d931-4eea-ac3c-c2f3e0303626 (type: ports) to 1
2026-07-02 16:30:52.023 10 WARNING neutron.scheduler.dhcp_agent_scheduler [None req-703ab14a-f4cc-472b-a3b8-c02f6983c6e7 e217a29ff76048a09ef16d00846d9818 cf86fbaec5b94084b1a310024bfed582 - - default default] No more DHCP agents
2026-07-02 16:30:52.042 10 WARNING neutron.api.rpc.agentnotifiers.dhcp_rpc_agent_api [None req-703ab14a-f4cc-472b-a3b8-c02f6983c6e7 e217a29ff76048a09ef16d00846d9818 cf86fbaec5b94084b1a310024bfed582 - - default default] Unable to schedule network e8744b66-49cd-492e-8734-aa52f381a776: no agents available; will retry on subsequent port and subnet creation events.
2026-07-02 16:30:52.113 9 INFO neutron.db.ovn_revision_numbers_db [None req-f76cd956-1b30-4d7b-8de2-d65193345a98 - - - - - -] Successfully bumped revision number for resource 227a1cd7-2f26-4e50-b4d2-07d41ba09c52 (type: ports) to 4
2026-07-02 16:30:52.167 10 INFO neutron.db.ovn_revision_numbers_db [None req-4a945acf-3f72-4808-a3b8-3b50a37eb598 - - - - - -] Successfully bumped revision number for resource e733bb11-730a-494e-8189-eaf6c5f5b738 (type: ports) to 1
2026-07-02 16:30:52.217 10 INFO neutron.wsgi [req-abb699d2-bd85-4506-9243-28a3ac842123 req-dac98a60-c0c7-42dd-9697-637778889f2f ff327286826e4355a0c8d4379741e511 90d4a19dae854a459a9772339b8201c9 - - default default] 10.0.0.195 "GET /v2.0/ports?device_id=a4612c8b-087f-469f-9c50-94f7b1c8ec0e HTTP/1.1" status: 200 len: 1172 time: 0.0826495
2026-07-02 16:30:52.363 10 INFO neutron.wsgi [req-abb699d2-bd85-4506-9243-28a3ac842123 req-58fa28c3-f2db-4cff-86de-f36cce775082 ff327286826e4355a0c8d4379741e511 90d4a19dae854a459a9772339b8201c9 - - default default] 10.0.0.195 "GET /v2.0/security-groups?id=2466c1d4-2333-499c-833b-c79c3b7e2708&fields=id&fields=name HTTP/1.1" status: 200 len: 311 time: 0.1324494
2026-07-02 16:30:52.458 10 INFO neutron.db.ovn_revision_numbers_db [None req-703ab14a-f4cc-472b-a3b8-c02f6983c6e7 e217a29ff76048a09ef16d00846d9818 cf86fbaec5b94084b1a310024bfed582 - - default default] Successfully bumped revision number for resource eac57759-9514-468f-91c1-b35a6518c118 (type: ports) to 1
2026-07-02 16:30:52.653 9 INFO neutron.db.ovn_revision_numbers_db [None req-f76cd956-1b30-4d7b-8de2-d65193345a98 - - - - - -] Successfully bumped revision number for resource 227a1cd7-2f26-4e50-b4d2-07d41ba09c52 (type: router_ports) to 4
2026-07-02 16:30:52.859 9 INFO neutron.plugins.ml2.drivers.ovn.mech_driver.mech_driver [None req-b4215389-a97c-4fa5-bb99-8462611de824 - - - - - -] OVN reports status up for port: e733bb11-730a-494e-8189-eaf6c5f5b738
2026-07-02 16:30:52.872 9 INFO neutron.plugins.ml2.plugin [None req-b4215389-a97c-4fa5-bb99-8462611de824 - - - - - -] Attempt 1 to provision port e733bb11-730a-494e-8189-eaf6c5f5b738
2026-07-02 16:30:53.073 10 INFO neutron.wsgi [req-a6718099-5322-4573-9bfd-587e218c1c8a req-6f918f4b-ca19-471e-94da-9b89cdbf70a1 92f863854fa14f3b848dc596fcaf6522 dd05a0648578432387f7066901c83c66 - - default default] 10.0.0.195 "GET /v2.0/ports?device_id=5be342b6-34a6-4775-8d88-f6745eb7da93 HTTP/1.1" status: 200 len: 1172 time: 0.0808022
2026-07-02 16:30:53.212 10 INFO neutron.wsgi [req-a6718099-5322-4573-9bfd-587e218c1c8a req-d6130eba-2f7f-4043-917d-0181641fa392 92f863854fa14f3b848dc596fcaf6522 dd05a0648578432387f7066901c83c66 - - default default] 10.0.0.195 "GET /v2.0/security-groups?id=3e10d824-3592-41fd-bee3-6f39eb415d35&fields=id&fields=name HTTP/1.1" status: 200 len: 313 time: 0.1211677
2026-07-02 16:30:53.324 10 INFO neutron.db.ovn_revision_numbers_db [None req-4a945acf-3f72-4808-a3b8-3b50a37eb598 - - - - - -] Successfully bumped revision number for resource e733bb11-730a-494e-8189-eaf6c5f5b738 (type: router_ports) to 3
2026-07-02 16:30:53.326 9 INFO neutron.db.ovn_revision_numbers_db [None req-b4215389-a97c-4fa5-bb99-8462611de824 - - - - - -] Successfully bumped revision number for resource e733bb11-730a-494e-8189-eaf6c5f5b738 (type: ports) to 4
2026-07-02 16:30:53.417 10 ERROR ovsdbapp.backend.ovs_idl.command [None req-c783fe7c-77d6-48d4-8c81-8a6ef204bc2b e217a29ff76048a09ef16d00846d9818 cf86fbaec5b94084b1a310024bfed582 - - default default] Error executing command (DbGetCommand): ovsdbapp.backend.ovs_idl.idlutils.RowNotFound: Cannot find Logical_Router_Port with name=lrp-dc93fc5e-d931-4eea-ac3c-c2f3e0303626
2026-07-02 16:30:53.417 10 ERROR ovsdbapp.backend.ovs_idl.command
Traceback (most recent call last):
2026-07-02 16:30:53.417 10 ERROR ovsdbapp.backend.ovs_idl.command
File "/var/lib/openstack/lib/python3.10/site-packages/ovsdbapp/backend/ovs_idl/command.py", line 47, in execute
2026-07-02 16:30:53.417 10 ERROR ovsdbapp.backend.ovs_idl.command self.run_idl(None)
2026-07-02 16:30:53.417 10 ERROR ovsdbapp.backend.ovs_idl.command
File "/var/lib/openstack/lib/python3.10/site-packages/ovsdbapp/backend/ovs_idl/command.py", line 235, in run_idl
2026-07-02 16:30:53.417 10 ERROR ovsdbapp.backend.ovs_idl.command record = self.api.lookup(self.table, self.record)
2026-07-02 16:30:53.417 10 ERROR ovsdbapp.backend.ovs_idl.command
File "/var/lib/openstack/lib/python3.10/site-packages/ovsdbapp/backend/ovs_idl/__init__.py", line 184, in lookup
2026-07-02 16:30:53.417 10 ERROR ovsdbapp.backend.ovs_idl.command return self._lookup(table, record)
2026-07-02 16:30:53.417 10 ERROR ovsdbapp.backend.ovs_idl.command
File "/var/lib/openstack/lib/python3.10/site-packages/ovsdbapp/backend/ovs_idl/__init__.py", line 235, in _lookup
2026-07-02 16:30:53.417 10 ERROR ovsdbapp.backend.ovs_idl.command row = idlutils.row_by_value(self, rl.table, rl.column, record)
2026-07-02 16:30:53.417 10 ERROR ovsdbapp.backend.ovs_idl.command
File "/var/lib/openstack/lib/python3.10/site-packages/ovsdbapp/backend/ovs_idl/idlutils.py", line 114, in row_by_value
2026-07-02 16:30:53.417 10 ERROR ovsdbapp.backend.ovs_idl.command raise RowNotFound(table=table, col=column, match=match)
2026-07-02 16:30:53.417 10 ERROR ovsdbapp.backend.ovs_idl.command ovsdbapp.backend.ovs_idl.idlutils.RowNotFound: Cannot find Logical_Router_Port with name=lrp-dc93fc5e-d931-4eea-ac3c-c2f3e0303626
2026-07-02 16:30:53.417 10 ERROR ovsdbapp.backend.ovs_idl.command 
2026-07-02 16:30:53.418 10 ERROR neutron_lib.callbacks.manager [None req-c783fe7c-77d6-48d4-8c81-8a6ef204bc2b e217a29ff76048a09ef16d00846d9818 cf86fbaec5b94084b1a310024bfed582 - - default default] Error during notification for neutron.services.ovn_l3.plugin.OVNL3RouterPlugin._port_update-8767034085067 port, after_update: ovsdbapp.backend.ovs_idl.idlutils.RowNotFound: Cannot find Logical_Router_Port with name=lrp-dc93fc5e-d931-4eea-ac3c-c2f3e0303626
2026-07-02 16:30:53.418 10 ERROR neutron_lib.callbacks.manager
Traceback (most recent call last):
2026-07-02 16:30:53.418 10 ERROR neutron_lib.callbacks.manager
File "/var/lib/openstack/lib/python3.10/site-packages/neutron_lib/callbacks/manager.py", line 189, in _notify_loop
2026-07-02 16:30:53.418 10 ERROR neutron_lib.callbacks.manager callback.method(resource, event, trigger, payload=payload)
2026-07-02 16:30:53.418 10 ERROR neutron_lib.callbacks.manager
File "/var/lib/openstack/lib/python3.10/site-packages/neutron/services/ovn_l3/plugin.py", line 391, in _port_update
2026-07-02 16:30:53.418 10 ERROR neutron_lib.callbacks.manager l3plugin._ovn_client.update_router_port(context,
2026-07-02 16:30:53.418 10 ERROR neutron_lib.callbacks.manager
File "/var/lib/openstack/lib/python3.10/site-packages/neutron/plugins/ml2/drivers/ovn/mech_driver/ovsdb/ovn_client.py", line 1878, in update_router_port
2026-07-02 16:30:53.418 10 ERROR neutron_lib.callbacks.manager self._update_lrouter_port(context, port, if_exists=if_exists,
2026-07-02 16:30:53.418 10 ERROR neutron_lib.callbacks.manager
File "/var/lib/openstack/lib/python3.10/site-packages/neutron/plugins/ml2/drivers/ovn/mech_driver/ovsdb/ovn_client.py", line 1855, in _update_lrouter_port
2026-07-02 16:30:53.418 10 ERROR neutron_lib.callbacks.manager external_ids = self._nb_idl.db_get(
2026-07-02 16:30:53.418 10 ERROR neutron_lib.callbacks.manager
File "/var/lib/openstack/lib/python3.10/site-packages/ovsdbapp/backend/ovs_idl/command.py", line 47, in execute
2026-07-02 16:30:53.418 10 ERROR neutron_lib.callbacks.manager self.run_idl(None)
2026-07-02 16:30:53.418 10 ERROR neutron_lib.callbacks.manager
File "/var/lib/openstack/lib/python3.10/site-packages/ovsdbapp/backend/ovs_idl/command.py", line 235, in run_idl
2026-07-02 16:30:53.418 10 ERROR neutron_lib.callbacks.manager record = self.api.lookup(self.table, self.record)
2026-07-02 16:30:53.418 10 ERROR neutron_lib.callbacks.manager
File "/var/lib/openstack/lib/python3.10/site-packages/ovsdbapp/backend/ovs_idl/__init__.py", line 184, in lookup
2026-07-02 16:30:53.418 10 ERROR neutron_lib.callbacks.manager return self._lookup(table, record)
2026-07-02 16:30:53.418 10 ERROR neutron_lib.callbacks.manager
File "/var/lib/openstack/lib/python3.10/site-packages/ovsdbapp/backend/ovs_idl/__init__.py", line 235, in _lookup
2026-07-02 16:30:53.418 10 ERROR neutron_lib.callbacks.manager row = idlutils.row_by_value(self, rl.table, rl.column, record)
2026-07-02 16:30:53.418 10 ERROR neutron_lib.callbacks.manager
File "/var/lib/openstack/lib/python3.10/site-packages/ovsdbapp/backend/ovs_idl/idlutils.py", line 114, in row_by_value
2026-07-02 16:30:53.418 10 ERROR neutron_lib.callbacks.manager raise RowNotFound(table=table, col=column, match=match)
2026-07-02 16:30:53.418 10 ERROR neutron_lib.callbacks.manager ovsdbapp.backend.ovs_idl.idlutils.RowNotFound: Cannot find Logical_Router_Port with name=lrp-dc93fc5e-d931-4eea-ac3c-c2f3e0303626
2026-07-02 16:30:53.418 10 ERROR neutron_lib.callbacks.manager 
2026-07-02 16:30:53.558 10 INFO neutron.wsgi [req-436821bb-e8df-49bf-be8e-7b564faf26d7 req-885bc4f3-566b-44c3-abcb-f13ce903392c ff327286826e4355a0c8d4379741e511 90d4a19dae854a459a9772339b8201c9 - - default default] 10.0.0.195 "GET /v2.0/ports?device_id=a4612c8b-087f-469f-9c50-94f7b1c8ec0e HTTP/1.1" status: 200 len: 1172 time: 0.1057460
2026-07-02 16:30:53.662 9 INFO neutron.db.ovn_revision_numbers_db [None req-b4215389-a97c-4fa5-bb99-8462611de824 - - - - - -] Successfully bumped revision number for resource e733bb11-730a-494e-8189-eaf6c5f5b738 (type: router_ports) to 4
2026-07-02 16:30:53.684 10 INFO neutron.wsgi [req-436821bb-e8df-49bf-be8e-7b564faf26d7 req-bb1ede5b-59fa-4cd0-9205-3d86924a0ed7 ff327286826e4355a0c8d4379741e511 90d4a19dae854a459a9772339b8201c9 - - default default] 10.0.0.195 "GET /v2.0/security-groups?id=2466c1d4-2333-499c-833b-c79c3b7e2708&fields=id&fields=name HTTP/1.1" status: 200 len: 311 time: 0.1160541
2026-07-02 16:30:53.739 9 INFO neutron.plugins.ml2.drivers.ovn.mech_driver.mech_driver [None req-b4215389-a97c-4fa5-bb99-8462611de824 - - - - - -] OVN reports status up for port: c43d5ca4-547c-44a8-a541-337aeebb334a
2026-07-02 16:30:53.751 9 INFO neutron.plugins.ml2.plugin [None req-b4215389-a97c-4fa5-bb99-8462611de824 - - - - - -] Attempt 1 to provision port c43d5ca4-547c-44a8-a541-337aeebb334a
2026-07-02 16:30:53.798 10 ERROR ovsdbapp.backend.ovs_idl.transaction [None req-4a945acf-3f72-4808-a3b8-3b50a37eb598 - - - - - -]
Traceback (most recent call last): File "/var/lib/openstack/lib/python3.10/site-packages/ovsdbapp/backend/ovs_idl/connection.py", line 118, in run txn.results.put(txn.do_commit())
File "/var/lib/openstack/lib/python3.10/site-packages/ovsdbapp/backend/ovs_idl/transaction.py", line 92, in do_commit command.run_idl(txn)
File "/var/lib/openstack/lib/python3.10/site-packages/neutron/plugins/ml2/drivers/ovn/mech_driver/ovsdb/commands.py", line 927, in run_idl raise ovn_exc.RevisionConflict( neutron.common.ovn.exceptions.RevisionConflict: OVN revision number for e733bb11-730a-494e-8189-eaf6c5f5b738 (type: ports) is higher than the given resource. Skipping update 
2026-07-02 16:30:53.799 10 INFO neutron.plugins.ml2.drivers.ovn.mech_driver.ovsdb.impl_idl_ovn [None req-4a945acf-3f72-4808-a3b8-3b50a37eb598 - - - - - -] Transaction aborted. Reason: OVN revision number for e733bb11-730a-494e-8189-eaf6c5f5b738 (type: ports) is higher than the given resource. Skipping update
2026-07-02 16:30:53.870 10 ERROR ovsdbapp.backend.ovs_idl.command [None req-703ab14a-f4cc-472b-a3b8-c02f6983c6e7 e217a29ff76048a09ef16d00846d9818 cf86fbaec5b94084b1a310024bfed582 - - default default] Error executing command (DbGetCommand): ovsdbapp.backend.ovs_idl.idlutils.RowNotFound: Cannot find Logical_Router_Port with name=lrp-eac57759-9514-468f-91c1-b35a6518c118
2026-07-02 16:30:53.870 10 ERROR ovsdbapp.backend.ovs_idl.command
Traceback (most recent call last):
2026-07-02 16:30:53.870 10 ERROR ovsdbapp.backend.ovs_idl.command
File "/var/lib/openstack/lib/python3.10/site-packages/ovsdbapp/backend/ovs_idl/command.py", line 47, in execute
2026-07-02 16:30:53.870 10 ERROR ovsdbapp.backend.ovs_idl.command self.run_idl(None)
2026-07-02 16:30:53.870 10 ERROR ovsdbapp.backend.ovs_idl.command
File "/var/lib/openstack/lib/python3.10/site-packages/ovsdbapp/backend/ovs_idl/command.py", line 235, in run_idl
2026-07-02 16:30:53.870 10 ERROR ovsdbapp.backend.ovs_idl.command record = self.api.lookup(self.table, self.record)
2026-07-02 16:30:53.870 10 ERROR ovsdbapp.backend.ovs_idl.command
File "/var/lib/openstack/lib/python3.10/site-packages/ovsdbapp/backend/ovs_idl/__init__.py", line 184, in lookup
2026-07-02 16:30:53.870 10 ERROR ovsdbapp.backend.ovs_idl.command return self._lookup(table, record)
2026-07-02 16:30:53.870 10 ERROR ovsdbapp.backend.ovs_idl.command
File "/var/lib/openstack/lib/python3.10/site-packages/ovsdbapp/backend/ovs_idl/__init__.py", line 235, in _lookup
2026-07-02 16:30:53.870 10 ERROR ovsdbapp.backend.ovs_idl.command row = idlutils.row_by_value(self, rl.table, rl.column, record)
2026-07-02 16:30:53.870 10 ERROR ovsdbapp.backend.ovs_idl.command
File "/var/lib/openstack/lib/python3.10/site-packages/ovsdbapp/backend/ovs_idl/idlutils.py", line 114, in row_by_value
2026-07-02 16:30:53.870 10 ERROR ovsdbapp.backend.ovs_idl.command raise RowNotFound(table=table, col=column, match=match)
2026-07-02 16:30:53.870 10 ERROR ovsdbapp.backend.ovs_idl.command ovsdbapp.backend.ovs_idl.idlutils.RowNotFound: Cannot find Logical_Router_Port with name=lrp-eac57759-9514-468f-91c1-b35a6518c118
2026-07-02 16:30:53.870 10 ERROR ovsdbapp.backend.ovs_idl.command 
2026-07-02 16:30:53.870 10 ERROR neutron_lib.callbacks.manager [None req-703ab14a-f4cc-472b-a3b8-c02f6983c6e7 e217a29ff76048a09ef16d00846d9818 cf86fbaec5b94084b1a310024bfed582 - - default default] Error during notification for neutron.services.ovn_l3.plugin.OVNL3RouterPlugin._port_update-8767034085067 port, after_update: ovsdbapp.backend.ovs_idl.idlutils.RowNotFound: Cannot find Logical_Router_Port with name=lrp-eac57759-9514-468f-91c1-b35a6518c118
2026-07-02 16:30:53.870 10 ERROR neutron_lib.callbacks.manager
Traceback (most recent call last):
2026-07-02 16:30:53.870 10 ERROR neutron_lib.callbacks.manager
File "/var/lib/openstack/lib/python3.10/site-packages/neutron_lib/callbacks/manager.py", line 189, in _notify_loop
2026-07-02 16:30:53.870 10 ERROR neutron_lib.callbacks.manager callback.method(resource, event, trigger, payload=payload)
2026-07-02 16:30:53.870 10 ERROR neutron_lib.callbacks.manager
File "/var/lib/openstack/lib/python3.10/site-packages/neutron/services/ovn_l3/plugin.py", line 391, in _port_update
2026-07-02 16:30:53.870 10 ERROR neutron_lib.callbacks.manager l3plugin._ovn_client.update_router_port(context,
2026-07-02 16:30:53.870 10 ERROR neutron_lib.callbacks.manager
File "/var/lib/openstack/lib/python3.10/site-packages/neutron/plugins/ml2/drivers/ovn/mech_driver/ovsdb/ovn_client.py", line 1878, in update_router_port
2026-07-02 16:30:53.870 10 ERROR neutron_lib.callbacks.manager self._update_lrouter_port(context, port, if_exists=if_exists,
2026-07-02 16:30:53.870 10 ERROR neutron_lib.callbacks.manager
File "/var/lib/openstack/lib/python3.10/site-packages/neutron/plugins/ml2/drivers/ovn/mech_driver/ovsdb/ovn_client.py", line 1855, in _update_lrouter_port
2026-07-02 16:30:53.870 10 ERROR neutron_lib.callbacks.manager external_ids = self._nb_idl.db_get(
2026-07-02 16:30:53.870 10 ERROR neutron_lib.callbacks.manager
File "/var/lib/openstack/lib/python3.10/site-packages/ovsdbapp/backend/ovs_idl/command.py", line 47, in execute
2026-07-02 16:30:53.870 10 ERROR neutron_lib.callbacks.manager self.run_idl(None)
2026-07-02 16:30:53.870 10 ERROR neutron_lib.callbacks.manager
File "/var/lib/openstack/lib/python3.10/site-packages/ovsdbapp/backend/ovs_idl/command.py", line 235, in run_idl
2026-07-02 16:30:53.870 10 ERROR neutron_lib.callbacks.manager record = self.api.lookup(self.table, self.record)
2026-07-02 16:30:53.870 10 ERROR neutron_lib.callbacks.manager
File "/var/lib/openstack/lib/python3.10/site-packages/ovsdbapp/backend/ovs_idl/__init__.py", line 184, in lookup
2026-07-02 16:30:53.870 10 ERROR neutron_lib.callbacks.manager return self._lookup(table, record)
2026-07-02 16:30:53.870 10 ERROR neutron_lib.callbacks.manager
File "/var/lib/openstack/lib/python3.10/site-packages/ovsdbapp/backend/ovs_idl/__init__.py", line 235, in _lookup
2026-07-02 16:30:53.870 10 ERROR neutron_lib.callbacks.manager row = idlutils.row_by_value(self, rl.table, rl.column, record)
2026-07-02 16:30:53.870 10 ERROR neutron_lib.callbacks.manager
File "/var/lib/openstack/lib/python3.10/site-packages/ovsdbapp/backend/ovs_idl/idlutils.py", line 114, in row_by_value
2026-07-02 16:30:53.870 10 ERROR neutron_lib.callbacks.manager raise RowNotFound(table=table, col=column, match=match)
2026-07-02 16:30:53.870 10 ERROR neutron_lib.callbacks.manager ovsdbapp.backend.ovs_idl.idlutils.RowNotFound: Cannot find Logical_Router_Port with name=lrp-eac57759-9514-468f-91c1-b35a6518c118
2026-07-02 16:30:53.870 10 ERROR neutron_lib.callbacks.manager 
2026-07-02 16:30:53.901 10 INFO neutron.plugins.ml2.drivers.ovn.mech_driver.mech_driver [None req-fd4df701-26b0-41c5-b609-9382b83bb7e4 - - - - - -] OVN reports status up for port: dc93fc5e-d931-4eea-ac3c-c2f3e0303626
2026-07-02 16:30:53.903 9 INFO neutron.notifiers.nova [-] Nova event matching ['req-daa49139-0686-4bdf-a4f3-c998c6c1f8de'] response: {'server_uuid': 'a4612c8b-087f-469f-9c50-94f7b1c8ec0e', 'name': 'network-vif-plugged', 'status': 'completed', 'tag': 'c43d5ca4-547c-44a8-a541-337aeebb334a', 'code': 200}
2026-07-02 16:30:53.911 10 INFO neutron.plugins.ml2.plugin [None req-fd4df701-26b0-41c5-b609-9382b83bb7e4 - - - - - -] Attempt 1 to provision port dc93fc5e-d931-4eea-ac3c-c2f3e0303626
2026-07-02 16:30:53.924 10 INFO neutron.db.ovn_revision_numbers_db [None req-c783fe7c-77d6-48d4-8c81-8a6ef204bc2b e217a29ff76048a09ef16d00846d9818 cf86fbaec5b94084b1a310024bfed582 - - default default] Successfully bumped revision number for resource dc93fc5e-d931-4eea-ac3c-c2f3e0303626 (type: ports) to 1
2026-07-02 16:30:54.059 9 INFO neutron.db.ovn_revision_numbers_db [None req-b4215389-a97c-4fa5-bb99-8462611de824 - - - - - -] Successfully bumped revision number for resource c43d5ca4-547c-44a8-a541-337aeebb334a (type: ports) to 4
2026-07-02 16:30:54.126 9 INFO neutron.plugins.ml2.drivers.ovn.mech_driver.mech_driver [None req-b4215389-a97c-4fa5-bb99-8462611de824 - - - - - -] OVN reports status up for port: 70030343-55cf-4f95-af2e-e4c5ce982058
2026-07-02 16:30:54.144 9 INFO neutron.plugins.ml2.plugin [None req-b4215389-a97c-4fa5-bb99-8462611de824 - - - - - -] Attempt 1 to provision port 70030343-55cf-4f95-af2e-e4c5ce982058
2026-07-02 16:30:54.225 10 WARNING neutron.scheduler.dhcp_agent_scheduler [None req-c783fe7c-77d6-48d4-8c81-8a6ef204bc2b e217a29ff76048a09ef16d00846d9818 cf86fbaec5b94084b1a310024bfed582 - - default default] No more DHCP agents
2026-07-02 16:30:54.228 10 WARNING neutron.api.rpc.agentnotifiers.dhcp_rpc_agent_api [None req-c783fe7c-77d6-48d4-8c81-8a6ef204bc2b e217a29ff76048a09ef16d00846d9818 cf86fbaec5b94084b1a310024bfed582 - - default default] Unable to schedule network baccfba0-59c2-478c-857c-5d85410a41f1: no agents available; will retry on subsequent port and subnet creation events.
2026-07-02 16:30:54.502 9 INFO neutron.db.ovn_revision_numbers_db [None req-b4215389-a97c-4fa5-bb99-8462611de824 - - - - - -] Successfully bumped revision number for resource 70030343-55cf-4f95-af2e-e4c5ce982058 (type: ports) to 4
2026-07-02 16:30:54.563 9 INFO neutron.plugins.ml2.drivers.ovn.mech_driver.mech_driver [None req-b4215389-a97c-4fa5-bb99-8462611de824 - - - - - -] OVN reports status up for port: eac57759-9514-468f-91c1-b35a6518c118
2026-07-02 16:30:54.566 10 INFO neutron.wsgi [req-308f4a57-8b24-4bc1-b39a-f1b2c48de675 req-f30d8415-8ad0-493d-95db-ee2caaf5f194 92f863854fa14f3b848dc596fcaf6522 dd05a0648578432387f7066901c83c66 - - default default] 10.0.0.195 "GET /v2.0/ports?device_id=5be342b6-34a6-4775-8d88-f6745eb7da93 HTTP/1.1" status: 200 len: 1174 time: 0.2639697
2026-07-02 16:30:54.572 9 INFO neutron.plugins.ml2.plugin [None req-b4215389-a97c-4fa5-bb99-8462611de824 - - - - - -] Attempt 1 to provision port eac57759-9514-468f-91c1-b35a6518c118
2026-07-02 16:30:54.628 10 INFO neutron.db.ovn_revision_numbers_db [None req-703ab14a-f4cc-472b-a3b8-c02f6983c6e7 e217a29ff76048a09ef16d00846d9818 cf86fbaec5b94084b1a310024bfed582 - - default default] Successfully bumped revision number for resource eac57759-9514-468f-91c1-b35a6518c118 (type: ports) to 1
2026-07-02 16:30:54.666 10 INFO neutron.wsgi [req-308f4a57-8b24-4bc1-b39a-f1b2c48de675 req-870e74f6-dc21-46e8-9bc4-cdc1d9382599 92f863854fa14f3b848dc596fcaf6522 dd05a0648578432387f7066901c83c66 - - default default] 10.0.0.195 "GET /v2.0/security-groups?id=3e10d824-3592-41fd-bee3-6f39eb415d35&fields=id&fields=name HTTP/1.1" status: 200 len: 313 time: 0.0868104
2026-07-02 16:30:54.791 10 WARNING neutron.scheduler.dhcp_agent_scheduler [None req-703ab14a-f4cc-472b-a3b8-c02f6983c6e7 e217a29ff76048a09ef16d00846d9818 cf86fbaec5b94084b1a310024bfed582 - - default default] No more DHCP agents
2026-07-02 16:30:54.804 10 WARNING neutron.api.rpc.agentnotifiers.dhcp_rpc_agent_api [None req-703ab14a-f4cc-472b-a3b8-c02f6983c6e7 e217a29ff76048a09ef16d00846d9818 cf86fbaec5b94084b1a310024bfed582 - - default default] Unable to schedule network e8744b66-49cd-492e-8734-aa52f381a776: no agents available; will retry on subsequent port and subnet creation events.
2026-07-02 16:30:55.013 10 INFO neutron.wsgi [req-e823ff18-ffcc-4efa-ac65-b281509364da req-f3bc100c-8218-4551-a52f-25f110b3eddf ff327286826e4355a0c8d4379741e511 90d4a19dae854a459a9772339b8201c9 - - default default] 10.0.0.195 "GET /v2.0/ports?device_id=a4612c8b-087f-469f-9c50-94f7b1c8ec0e HTTP/1.1" status: 200 len: 1174 time: 0.2452853
2026-07-02 16:30:55.069 9 INFO neutron.db.ovn_revision_numbers_db [None req-b4215389-a97c-4fa5-bb99-8462611de824 - - - - - -] Successfully bumped revision number for resource eac57759-9514-468f-91c1-b35a6518c118 (type: ports) to 2
2026-07-02 16:30:55.099 10 INFO neutron.db.ovn_revision_numbers_db [None req-fd4df701-26b0-41c5-b609-9382b83bb7e4 - - - - - -] Successfully bumped revision number for resource dc93fc5e-d931-4eea-ac3c-c2f3e0303626 (type: ports) to 2
2026-07-02 16:30:55.122 10 INFO neutron.wsgi [req-e823ff18-ffcc-4efa-ac65-b281509364da req-2d400816-436e-4f75-9745-eb44b32cab08 ff327286826e4355a0c8d4379741e511 90d4a19dae854a459a9772339b8201c9 - - default default] 10.0.0.195 "GET /v2.0/security-groups?id=2466c1d4-2333-499c-833b-c79c3b7e2708&fields=id&fields=name HTTP/1.1" status: 200 len: 311 time: 0.0914037
2026-07-02 16:30:55.196 9 ERROR ovsdbapp.backend.ovs_idl.command [None req-b4215389-a97c-4fa5-bb99-8462611de824 - - - - - -] Error executing command (DbGetCommand): ovsdbapp.backend.ovs_idl.idlutils.RowNotFound: Cannot find Logical_Router_Port with name=lrp-eac57759-9514-468f-91c1-b35a6518c118
2026-07-02 16:30:55.196 9 ERROR ovsdbapp.backend.ovs_idl.command
Traceback (most recent call last):
2026-07-02 16:30:55.196 9 ERROR ovsdbapp.backend.ovs_idl.command
File "/var/lib/openstack/lib/python3.10/site-packages/ovsdbapp/backend/ovs_idl/command.py", line 47, in execute
2026-07-02 16:30:55.196 9 ERROR ovsdbapp.backend.ovs_idl.command self.run_idl(None)
2026-07-02 16:30:55.196 9 ERROR ovsdbapp.backend.ovs_idl.command
File "/var/lib/openstack/lib/python3.10/site-packages/ovsdbapp/backend/ovs_idl/command.py", line 235, in run_idl
2026-07-02 16:30:55.196 9 ERROR ovsdbapp.backend.ovs_idl.command record = self.api.lookup(self.table, self.record)
2026-07-02 16:30:55.196 9 ERROR ovsdbapp.backend.ovs_idl.command
File "/var/lib/openstack/lib/python3.10/site-packages/ovsdbapp/backend/ovs_idl/__init__.py", line 184, in lookup
2026-07-02 16:30:55.196 9 ERROR ovsdbapp.backend.ovs_idl.command return self._lookup(table, record)
2026-07-02 16:30:55.196 9 ERROR ovsdbapp.backend.ovs_idl.command
File "/var/lib/openstack/lib/python3.10/site-packages/ovsdbapp/backend/ovs_idl/__init__.py", line 235, in _lookup
2026-07-02 16:30:55.196 9 ERROR ovsdbapp.backend.ovs_idl.command row = idlutils.row_by_value(self, rl.table, rl.column, record)
2026-07-02 16:30:55.196 9 ERROR ovsdbapp.backend.ovs_idl.command
File "/var/lib/openstack/lib/python3.10/site-packages/ovsdbapp/backend/ovs_idl/idlutils.py", line 114, in row_by_value
2026-07-02 16:30:55.196 9 ERROR ovsdbapp.backend.ovs_idl.command raise RowNotFound(table=table, col=column, match=match)
2026-07-02 16:30:55.196 9 ERROR ovsdbapp.backend.ovs_idl.command ovsdbapp.backend.ovs_idl.idlutils.RowNotFound: Cannot find Logical_Router_Port with name=lrp-eac57759-9514-468f-91c1-b35a6518c118
2026-07-02 16:30:55.196 9 ERROR ovsdbapp.backend.ovs_idl.command 
2026-07-02 16:30:55.197 9 ERROR neutron_lib.callbacks.manager [None req-b4215389-a97c-4fa5-bb99-8462611de824 - - - - - -] Error during notification for neutron.services.ovn_l3.plugin.OVNL3RouterPlugin._port_update-8767034085067 port, after_update: ovsdbapp.backend.ovs_idl.idlutils.RowNotFound: Cannot find Logical_Router_Port with name=lrp-eac57759-9514-468f-91c1-b35a6518c118
2026-07-02 16:30:55.197 9 ERROR neutron_lib.callbacks.manager
Traceback (most recent call last):
2026-07-02 16:30:55.197 9 ERROR neutron_lib.callbacks.manager
File "/var/lib/openstack/lib/python3.10/site-packages/neutron_lib/callbacks/manager.py", line 189, in _notify_loop
2026-07-02 16:30:55.197 9 ERROR neutron_lib.callbacks.manager callback.method(resource, event, trigger, payload=payload)
2026-07-02 16:30:55.197 9 ERROR neutron_lib.callbacks.manager
File "/var/lib/openstack/lib/python3.10/site-packages/neutron/services/ovn_l3/plugin.py", line 391, in _port_update
2026-07-02 16:30:55.197 9 ERROR neutron_lib.callbacks.manager l3plugin._ovn_client.update_router_port(context,
2026-07-02 16:30:55.197 9 ERROR neutron_lib.callbacks.manager
File "/var/lib/openstack/lib/python3.10/site-packages/neutron/plugins/ml2/drivers/ovn/mech_driver/ovsdb/ovn_client.py", line 1878, in update_router_port
2026-07-02 16:30:55.197 9 ERROR neutron_lib.callbacks.manager self._update_lrouter_port(context, port, if_exists=if_exists,
2026-07-02 16:30:55.197 9 ERROR neutron_lib.callbacks.manager
File "/var/lib/openstack/lib/python3.10/site-packages/neutron/plugins/ml2/drivers/ovn/mech_driver/ovsdb/ovn_client.py", line 1855, in _update_lrouter_port
2026-07-02 16:30:55.197 9 ERROR neutron_lib.callbacks.manager external_ids = self._nb_idl.db_get(
2026-07-02 16:30:55.197 9 ERROR neutron_lib.callbacks.manager
File "/var/lib/openstack/lib/python3.10/site-packages/ovsdbapp/backend/ovs_idl/command.py", line 47, in execute
2026-07-02 16:30:55.197 9 ERROR neutron_lib.callbacks.manager self.run_idl(None)
2026-07-02 16:30:55.197 9 ERROR neutron_lib.callbacks.manager
File "/var/lib/openstack/lib/python3.10/site-packages/ovsdbapp/backend/ovs_idl/command.py", line 235, in run_idl
2026-07-02 16:30:55.197 9 ERROR neutron_lib.callbacks.manager record = self.api.lookup(self.table, self.record)
2026-07-02 16:30:55.197 9 ERROR neutron_lib.callbacks.manager
File "/var/lib/openstack/lib/python3.10/site-packages/ovsdbapp/backend/ovs_idl/__init__.py", line 184, in lookup
2026-07-02 16:30:55.197 9 ERROR neutron_lib.callbacks.manager return self._lookup(table, record)
2026-07-02 16:30:55.197 9 ERROR neutron_lib.callbacks.manager
File "/var/lib/openstack/lib/python3.10/site-packages/ovsdbapp/backend/ovs_idl/__init__.py", line 235, in _lookup
2026-07-02 16:30:55.197 9 ERROR neutron_lib.callbacks.manager row = idlutils.row_by_value(self, rl.table, rl.column, record)
