2026-07-02 16:33:30.103 9 INFO neutron.db.ovn_revision_numbers_db [None req-bf98f8bb-9059-4afd-a26d-7d98db822641 e217a29ff76048a09ef16d00846d9818 cf86fbaec5b94084b1a310024bfed582 - - default default] Successfully bumped revision number for resource c68ecd0e-f8e3-43c5-b16c-d38e9969b9cb (type: security_group_rules) to 0
2026-07-02 16:33:30.130 9 INFO neutron.wsgi [None req-bf98f8bb-9059-4afd-a26d-7d98db822641 e217a29ff76048a09ef16d00846d9818 cf86fbaec5b94084b1a310024bfed582 - - default default] 10.0.0.209 "GET /v2.0/security-groups?tenant_id=9ea58a089d9a4d5bb5acb4b31af12f93&name=default HTTP/1.1" status: 200 len: 3120 time: 0.5800240
2026-07-02 16:33:30.190 9 INFO neutron.db.ovn_revision_numbers_db [None req-d7a03b0b-6cff-4ea3-add1-c6bf824a3a18 1c78484547c7426cbe9c132e9d6c1cc7 f8684065fe2741d4a22ba9b80fab2ce7 - - default default] Successfully bumped revision number for resource b685a200-d32f-486f-9f11-afac0ae64121 (type: ports) to 1
2026-07-02 16:33:30.212 9 INFO neutron.wsgi [None req-d7a03b0b-6cff-4ea3-add1-c6bf824a3a18 1c78484547c7426cbe9c132e9d6c1cc7 f8684065fe2741d4a22ba9b80fab2ce7 - - default default] 10.0.0.209 "POST /v2.0/networks HTTP/1.1" status: 201 len: 830 time: 0.6340704
2026-07-02 16:33:30.235 9 WARNING neutron_lib.context [None req-edb20e8f-c436-4950-9ce7-01323c8e96fe 1c78484547c7426cbe9c132e9d6c1cc7 f8684065fe2741d4a22ba9b80fab2ce7 - - default default] Method 'is_advsvc' is deprecated since 2023.2 release (neutron-lib 3.8.0) and will be removed once support for the old RBAC API policies will be removed from Neutron. Please use method 'is_service_role' instead.
2026-07-02 16:33:30.415 10 INFO neutron.wsgi [None req-c453e6f0-70b2-4c07-b940-97362a14fad8 e217a29ff76048a09ef16d00846d9818 cf86fbaec5b94084b1a310024bfed582 - - default default] 10.0.0.209 "DELETE /v2.0/security-groups/f715bb3e-0cdc-4d48-8434-af8e9ef89e46 HTTP/1.1" status: 204 len: 168 time: 0.2782037
2026-07-02 16:33:30.496 9 WARNING neutron.scheduler.dhcp_agent_scheduler [None req-edb20e8f-c436-4950-9ce7-01323c8e96fe 1c78484547c7426cbe9c132e9d6c1cc7 f8684065fe2741d4a22ba9b80fab2ce7 - - default default] No more DHCP agents
2026-07-02 16:33:30.498 9 WARNING neutron.api.rpc.agentnotifiers.dhcp_rpc_agent_api [None req-edb20e8f-c436-4950-9ce7-01323c8e96fe 1c78484547c7426cbe9c132e9d6c1cc7 f8684065fe2741d4a22ba9b80fab2ce7 - - default default] Unable to schedule network 499632cc-96fc-4b7a-a5ea-e21a93618df9: no agents available; will retry on subsequent port and subnet creation events.
2026-07-02 16:33:30.695 10 INFO neutron.db.ovn_revision_numbers_db [None req-051e0f70-82d2-4248-9c20-86954e599967 e217a29ff76048a09ef16d00846d9818 cf86fbaec5b94084b1a310024bfed582 - - default default] Successfully bumped revision number for resource 52f941a8-a547-4cda-92dd-a9b26256f367 (type: security_groups) to 1
2026-07-02 16:33:30.707 10 INFO neutron.db.ovn_revision_numbers_db [None req-051e0f70-82d2-4248-9c20-86954e599967 e217a29ff76048a09ef16d00846d9818 cf86fbaec5b94084b1a310024bfed582 - - default default] Successfully bumped revision number for resource 102a3e3d-1855-4974-a102-f73ad993b000 (type: security_group_rules) to 0
2026-07-02 16:33:30.720 10 INFO neutron.db.ovn_revision_numbers_db [None req-051e0f70-82d2-4248-9c20-86954e599967 e217a29ff76048a09ef16d00846d9818 cf86fbaec5b94084b1a310024bfed582 - - default default] Successfully bumped revision number for resource 47fced35-c44b-459d-b376-a0699049da77 (type: security_group_rules) to 0
2026-07-02 16:33:30.741 10 INFO neutron.db.ovn_revision_numbers_db [None req-051e0f70-82d2-4248-9c20-86954e599967 e217a29ff76048a09ef16d00846d9818 cf86fbaec5b94084b1a310024bfed582 - - default default] Successfully bumped revision number for resource 8334478c-85a5-4c6b-a39b-838505d4914a (type: security_group_rules) to 0
2026-07-02 16:33:30.759 10 INFO neutron.db.ovn_revision_numbers_db [None req-051e0f70-82d2-4248-9c20-86954e599967 e217a29ff76048a09ef16d00846d9818 cf86fbaec5b94084b1a310024bfed582 - - default default] Successfully bumped revision number for resource d430ad90-3eee-4d06-a7aa-8e2ddfc6ee3b (type: security_group_rules) to 0
2026-07-02 16:33:30.784 10 INFO neutron.wsgi [None req-051e0f70-82d2-4248-9c20-86954e599967 e217a29ff76048a09ef16d00846d9818 cf86fbaec5b94084b1a310024bfed582 - - default default] 10.0.0.209 "GET /v2.0/security-groups?tenant_id=ddc3ad106b58471e91729fc16bae95aa&name=default HTTP/1.1" status: 200 len: 3120 time: 0.2250113
2026-07-02 16:33:31.007 10 INFO neutron.wsgi [None req-cdb49a54-9436-4b0d-8971-c8b485f44335 e217a29ff76048a09ef16d00846d9818 cf86fbaec5b94084b1a310024bfed582 - - default default] 10.0.0.209 "DELETE /v2.0/security-groups/52f941a8-a547-4cda-92dd-a9b26256f367 HTTP/1.1" status: 204 len: 168 time: 0.2194548
2026-07-02 16:33:31.011 9 INFO neutron.db.ovn_revision_numbers_db [None req-edb20e8f-c436-4950-9ce7-01323c8e96fe 1c78484547c7426cbe9c132e9d6c1cc7 f8684065fe2741d4a22ba9b80fab2ce7 - - default default] Successfully bumped revision number for resource b685a200-d32f-486f-9f11-afac0ae64121 (type: ports) to 2
2026-07-02 16:33:31.051 9 INFO neutron.db.ovn_revision_numbers_db [None req-edb20e8f-c436-4950-9ce7-01323c8e96fe 1c78484547c7426cbe9c132e9d6c1cc7 f8684065fe2741d4a22ba9b80fab2ce7 - - default default] Successfully bumped revision number for resource 3064e75f-3b79-4481-9079-c0d32e6eeb5b (type: subnets) to 0
2026-07-02 16:33:31.069 9 INFO neutron.wsgi [None req-edb20e8f-c436-4950-9ce7-01323c8e96fe 1c78484547c7426cbe9c132e9d6c1cc7 f8684065fe2741d4a22ba9b80fab2ce7 - - default default] 10.0.0.209 "POST /v2.0/subnets HTTP/1.1" status: 201 len: 804 time: 0.8409173
2026-07-02 16:33:31.080 9 WARNING neutron_lib.context [None req-aed1f13d-9690-43e2-b342-06b2eef50593 1c78484547c7426cbe9c132e9d6c1cc7 f8684065fe2741d4a22ba9b80fab2ce7 - - default default] Method 'is_advsvc' is deprecated since 2023.2 release (neutron-lib 3.8.0) and will be removed once support for the old RBAC API policies will be removed from Neutron. Please use method 'is_service_role' instead.
2026-07-02 16:33:31.168 9 INFO neutron.db.segments_db [None req-aed1f13d-9690-43e2-b342-06b2eef50593 1c78484547c7426cbe9c132e9d6c1cc7 f8684065fe2741d4a22ba9b80fab2ce7 - - default default] Added segment d50425b7-5ba8-4bd6-a3e1-0284e1942c91 of type geneve for network 9d13cb3b-da71-4b8d-b3d7-7788fc71f0fb
2026-07-02 16:33:31.240 9 INFO neutron.wsgi [None req-a3e484aa-6781-465e-aabf-0239ddeb44ae e217a29ff76048a09ef16d00846d9818 cf86fbaec5b94084b1a310024bfed582 - - default default] 10.0.0.209 "GET /v2.0/security-groups?tenant_id=0a9d5abf95fe499ca996b2cca17938db&name=default HTTP/1.1" status: 200 len: 3120 time: 0.0589259
2026-07-02 16:33:31.327 9 INFO neutron.db.ovn_revision_numbers_db [None req-aed1f13d-9690-43e2-b342-06b2eef50593 1c78484547c7426cbe9c132e9d6c1cc7 f8684065fe2741d4a22ba9b80fab2ce7 - - default default] Successfully bumped revision number for resource 9d13cb3b-da71-4b8d-b3d7-7788fc71f0fb (type: networks) to 1
2026-07-02 16:33:31.502 10 INFO neutron.wsgi [None req-d14867e2-577c-4990-b15f-e8224815ff61 e217a29ff76048a09ef16d00846d9818 cf86fbaec5b94084b1a310024bfed582 - - default default] 10.0.0.209 "DELETE /v2.0/security-groups/510abfd7-9903-4d00-80ab-70568ec46ea4 HTTP/1.1" status: 204 len: 168 time: 0.2570577
2026-07-02 16:33:31.562 9 WARNING neutron.scheduler.dhcp_agent_scheduler [None req-aed1f13d-9690-43e2-b342-06b2eef50593 1c78484547c7426cbe9c132e9d6c1cc7 f8684065fe2741d4a22ba9b80fab2ce7 - - default default] No more DHCP agents
2026-07-02 16:33:31.565 9 WARNING neutron.api.rpc.agentnotifiers.dhcp_rpc_agent_api [None req-aed1f13d-9690-43e2-b342-06b2eef50593 1c78484547c7426cbe9c132e9d6c1cc7 f8684065fe2741d4a22ba9b80fab2ce7 - - default default] Unable to schedule network 9d13cb3b-da71-4b8d-b3d7-7788fc71f0fb: no agents available; will retry on subsequent port and subnet creation events.
2026-07-02 16:33:31.651 9 INFO neutron.db.ovn_revision_numbers_db [None req-aed1f13d-9690-43e2-b342-06b2eef50593 1c78484547c7426cbe9c132e9d6c1cc7 f8684065fe2741d4a22ba9b80fab2ce7 - - default default] Successfully bumped revision number for resource 2bcf60f9-4ddb-45c7-bf04-af807a9b1a4f (type: ports) to 1
2026-07-02 16:33:31.674 9 INFO neutron.wsgi [None req-aed1f13d-9690-43e2-b342-06b2eef50593 1c78484547c7426cbe9c132e9d6c1cc7 f8684065fe2741d4a22ba9b80fab2ce7 - - default default] 10.0.0.209 "POST /v2.0/networks HTTP/1.1" status: 201 len: 831 time: 0.5992403
2026-07-02 16:33:31.683 9 WARNING neutron_lib.context [None req-b1477cae-391c-44bb-9d19-b65e11328ec5 1c78484547c7426cbe9c132e9d6c1cc7 f8684065fe2741d4a22ba9b80fab2ce7 - - default default] Method 'is_advsvc' is deprecated since 2023.2 release (neutron-lib 3.8.0) and will be removed once support for the old RBAC API policies will be removed from Neutron. Please use method 'is_service_role' instead.
2026-07-02 16:33:31.915 9 WARNING neutron.scheduler.dhcp_agent_scheduler [None req-b1477cae-391c-44bb-9d19-b65e11328ec5 1c78484547c7426cbe9c132e9d6c1cc7 f8684065fe2741d4a22ba9b80fab2ce7 - - default default] No more DHCP agents
2026-07-02 16:33:31.917 9 WARNING neutron.api.rpc.agentnotifiers.dhcp_rpc_agent_api [None req-b1477cae-391c-44bb-9d19-b65e11328ec5 1c78484547c7426cbe9c132e9d6c1cc7 f8684065fe2741d4a22ba9b80fab2ce7 - - default default] Unable to schedule network 9d13cb3b-da71-4b8d-b3d7-7788fc71f0fb: no agents available; will retry on subsequent port and subnet creation events.
2026-07-02 16:33:32.394 9 INFO neutron.db.ovn_revision_numbers_db [None req-b1477cae-391c-44bb-9d19-b65e11328ec5 1c78484547c7426cbe9c132e9d6c1cc7 f8684065fe2741d4a22ba9b80fab2ce7 - - default default] Successfully bumped revision number for resource 2bcf60f9-4ddb-45c7-bf04-af807a9b1a4f (type: ports) to 2
2026-07-02 16:33:32.431 9 INFO neutron.db.ovn_revision_numbers_db [None req-b1477cae-391c-44bb-9d19-b65e11328ec5 1c78484547c7426cbe9c132e9d6c1cc7 f8684065fe2741d4a22ba9b80fab2ce7 - - default default] Successfully bumped revision number for resource 788a435c-80c6-4d1d-939d-8090a89a970f (type: subnets) to 0
2026-07-02 16:33:32.447 9 INFO neutron.wsgi [None req-b1477cae-391c-44bb-9d19-b65e11328ec5 1c78484547c7426cbe9c132e9d6c1cc7 f8684065fe2741d4a22ba9b80fab2ce7 - - default default] 10.0.0.209 "POST /v2.0/subnets HTTP/1.1" status: 201 len: 804 time: 0.7691903
2026-07-02 16:33:32.512 9 INFO neutron.wsgi [None req-cc42a71e-a422-4d68-9180-7ee174f1f335 1c78484547c7426cbe9c132e9d6c1cc7 f8684065fe2741d4a22ba9b80fab2ce7 - - default default] 10.0.0.209 "PUT /v2.0/subnets/956a6075-5590-4c89-a00d-46cc91906c09/tags HTTP/1.1" status: 200 len: 210 time: 0.0590618
2026-07-02 16:33:32.568 9 INFO neutron.wsgi [None req-3b5dfb48-2596-460d-b601-0672cadd34ad 1c78484547c7426cbe9c132e9d6c1cc7 f8684065fe2741d4a22ba9b80fab2ce7 - - default default] 10.0.0.209 "PUT /v2.0/subnets/ebdad9b5-cffc-494a-a453-834a38697a87/tags HTTP/1.1" status: 200 len: 218 time: 0.0526872
2026-07-02 16:33:32.608 10 WARNING neutron_lib.context [None req-ef684021-d609-436e-a1b4-8fb0225fad4d 122361078a364a17bd9082a3e9dd0079 d8d6860352c742f3beb5e3e14ba077e8 - - default default] Method 'is_advsvc' is deprecated since 2023.2 release (neutron-lib 3.8.0) and will be removed once support for the old RBAC API policies will be removed from Neutron. Please use method 'is_service_role' instead.
2026-07-02 16:33:32.622 9 INFO neutron.wsgi [None req-fe6d0ef5-0726-43fb-b72f-f67a97a3a7a6 1c78484547c7426cbe9c132e9d6c1cc7 f8684065fe2741d4a22ba9b80fab2ce7 - - default default] 10.0.0.209 "PUT /v2.0/subnets/f81bf7c1-22bb-41b0-8586-ba9e65866278/tags HTTP/1.1" status: 200 len: 227 time: 0.0490987
2026-07-02 16:33:32.668 9 INFO neutron.wsgi [None req-140ee264-0ede-40f1-b085-adb1635276df 1c78484547c7426cbe9c132e9d6c1cc7 f8684065fe2741d4a22ba9b80fab2ce7 - - default default] 10.0.0.209 "PUT /v2.0/subnets/3064e75f-3b79-4481-9079-c0d32e6eeb5b/tags HTTP/1.1" status: 200 len: 212 time: 0.0423615
2026-07-02 16:33:32.724 9 INFO neutron.wsgi [None req-f16d07cb-2e6c-48f8-8887-65ec3d69b893 1c78484547c7426cbe9c132e9d6c1cc7 f8684065fe2741d4a22ba9b80fab2ce7 - - default default] 10.0.0.209 "GET /v2.0/subnets?tags=red HTTP/1.1" status: 200 len: 2027 time: 0.0504467
2026-07-02 16:33:32.769 10 INFO neutron.db.ovn_revision_numbers_db [None req-ef684021-d609-436e-a1b4-8fb0225fad4d 122361078a364a17bd9082a3e9dd0079 d8d6860352c742f3beb5e3e14ba077e8 - - default default] Successfully bumped revision number for resource 14b6de61-8e45-406e-acd5-f0c1251afcc9 (type: security_groups) to 1
2026-07-02 16:33:32.782 9 INFO neutron.wsgi [None req-03b2484c-7999-4521-8f4e-2a8a97c7cd62 1c78484547c7426cbe9c132e9d6c1cc7 f8684065fe2741d4a22ba9b80fab2ce7 - - default default] 10.0.0.209 "GET /v2.0/subnets?tags=red%2Cblue HTTP/1.1" status: 200 len: 1430 time: 0.0528581
2026-07-02 16:33:32.783 10 INFO neutron.db.ovn_revision_numbers_db [None req-ef684021-d609-436e-a1b4-8fb0225fad4d 122361078a364a17bd9082a3e9dd0079 d8d6860352c742f3beb5e3e14ba077e8 - - default default] Successfully bumped revision number for resource 85015515-5a51-436d-95f0-4c3b48c46518 (type: security_group_rules) to 0
2026-07-02 16:33:32.799 10 INFO neutron.db.ovn_revision_numbers_db [None req-ef684021-d609-436e-a1b4-8fb0225fad4d 122361078a364a17bd9082a3e9dd0079 d8d6860352c742f3beb5e3e14ba077e8 - - default default] Successfully bumped revision number for resource 9b31eeff-cdf1-4b01-8822-a6fc46a3396e (type: security_group_rules) to 0
2026-07-02 16:33:32.815 10 INFO neutron.db.ovn_revision_numbers_db [None req-ef684021-d609-436e-a1b4-8fb0225fad4d 122361078a364a17bd9082a3e9dd0079 d8d6860352c742f3beb5e3e14ba077e8 - - default default] Successfully bumped revision number for resource 9fb31b09-b9c1-49ec-a598-ad64fb7b0941 (type: security_group_rules) to 0
2026-07-02 16:33:32.828 10 INFO neutron.db.ovn_revision_numbers_db [None req-ef684021-d609-436e-a1b4-8fb0225fad4d 122361078a364a17bd9082a3e9dd0079 d8d6860352c742f3beb5e3e14ba077e8 - - default default] Successfully bumped revision number for resource d6b6b53a-fa3f-4ca0-8296-f6be9bdfce4e (type: security_group_rules) to 0
2026-07-02 16:33:32.837 9 INFO neutron.wsgi [None req-702dc58c-aa94-49e6-9f42-158ada9c2285 1c78484547c7426cbe9c132e9d6c1cc7 f8684065fe2741d4a22ba9b80fab2ce7 - - default default] 10.0.0.209 "GET /v2.0/subnets?tags-any=blue HTTP/1.1" status: 200 len: 1430 time: 0.0500741
2026-07-02 16:33:32.877 10 INFO neutron.db.segments_db [None req-ef684021-d609-436e-a1b4-8fb0225fad4d 122361078a364a17bd9082a3e9dd0079 d8d6860352c742f3beb5e3e14ba077e8 - - default default] Added segment f504bfaf-6b7c-431b-872b-da001bb88383 of type geneve for network 750a2308-2d82-456c-8688-8597251f433a
2026-07-02 16:33:32.882 9 INFO neutron.wsgi [None req-2990ffa6-ed57-4468-9b74-54d8cbd9f024 1c78484547c7426cbe9c132e9d6c1cc7 f8684065fe2741d4a22ba9b80fab2ce7 - - default default] 10.0.0.209 "GET /v2.0/subnets?tags-any=red%2Cblue HTTP/1.1" status: 200 len: 2027 time: 0.0396340
2026-07-02 16:33:32.943 9 INFO neutron.wsgi [None req-23e0cba9-4218-4de5-baf9-66e64490bedd 1c78484547c7426cbe9c132e9d6c1cc7 f8684065fe2741d4a22ba9b80fab2ce7 - - default default] 10.0.0.209 "GET /v2.0/subnets?not-tags=red HTTP/1.1" status: 200 len: 2018 time: 0.0552537
2026-07-02 16:33:33.023 10 INFO neutron.wsgi [None req-ebc7d5b3-0b29-4d07-8ec5-761580e72dce 1c78484547c7426cbe9c132e9d6c1cc7 f8684065fe2741d4a22ba9b80fab2ce7 - - default default] 10.0.0.209 "GET /v2.0/subnets?not-tags=red%2Cblue HTTP/1.1" status: 200 len: 2615 time: 0.0739114
2026-07-02 16:33:33.058 10 INFO neutron.db.ovn_revision_numbers_db [None req-ef684021-d609-436e-a1b4-8fb0225fad4d 122361078a364a17bd9082a3e9dd0079 d8d6860352c742f3beb5e3e14ba077e8 - - default default] Successfully bumped revision number for resource 750a2308-2d82-456c-8688-8597251f433a (type: networks) to 1
2026-07-02 16:33:33.081 9 INFO neutron.wsgi [None req-4e1c49b8-fb2f-4c08-b823-df4ef813ad0e 1c78484547c7426cbe9c132e9d6c1cc7 f8684065fe2741d4a22ba9b80fab2ce7 - - default default] 10.0.0.209 "GET /v2.0/subnets?not-tags-any=blue HTTP/1.1" status: 200 len: 2615 time: 0.0527728
2026-07-02 16:33:33.126 9 INFO neutron.wsgi [None req-3f30cd56-62cf-483e-91de-82bda54478f8 1c78484547c7426cbe9c132e9d6c1cc7 f8684065fe2741d4a22ba9b80fab2ce7 - - default default] 10.0.0.209 "GET /v2.0/subnets?not-tags-any=red%2Cblue HTTP/1.1" status: 200 len: 2018 time: 0.0388110
2026-07-02 16:33:33.238 10 WARNING neutron.scheduler.dhcp_agent_scheduler [None req-ef684021-d609-436e-a1b4-8fb0225fad4d 122361078a364a17bd9082a3e9dd0079 d8d6860352c742f3beb5e3e14ba077e8 - - default default] No more DHCP agents
2026-07-02 16:33:33.240 10 WARNING neutron.api.rpc.agentnotifiers.dhcp_rpc_agent_api [None req-ef684021-d609-436e-a1b4-8fb0225fad4d 122361078a364a17bd9082a3e9dd0079 d8d6860352c742f3beb5e3e14ba077e8 - - default default] Unable to schedule network 750a2308-2d82-456c-8688-8597251f433a: no agents available; will retry on subsequent port and subnet creation events.
2026-07-02 16:33:33.326 10 INFO neutron.db.ovn_revision_numbers_db [None req-ef684021-d609-436e-a1b4-8fb0225fad4d 122361078a364a17bd9082a3e9dd0079 d8d6860352c742f3beb5e3e14ba077e8 - - default default] Successfully bumped revision number for resource 17e5769f-ec9e-410e-9b9c-602374a56e8a (type: ports) to 1
2026-07-02 16:33:33.331 9 INFO neutron.wsgi [None req-440a8f65-4ecf-4a65-b2c8-f474c88fd3e0 1c78484547c7426cbe9c132e9d6c1cc7 f8684065fe2741d4a22ba9b80fab2ce7 - - default default] 10.0.0.209 "DELETE /v2.0/subnets/956a6075-5590-4c89-a00d-46cc91906c09 HTTP/1.1" status: 204 len: 168 time: 0.1981950
2026-07-02 16:33:33.353 10 INFO neutron.wsgi [None req-ef684021-d609-436e-a1b4-8fb0225fad4d 122361078a364a17bd9082a3e9dd0079 d8d6860352c742f3beb5e3e14ba077e8 - - default default] 10.0.0.209 "POST /v2.0/networks HTTP/1.1" status: 201 len: 831 time: 0.9376013
2026-07-02 16:33:33.366 9 WARNING neutron_lib.context [None req-1de92208-69c1-41fb-8ca2-0d55e5c2f9c2 122361078a364a17bd9082a3e9dd0079 d8d6860352c742f3beb5e3e14ba077e8 - - default default] Method 'is_advsvc' is deprecated since 2023.2 release (neutron-lib 3.8.0) and will be removed once support for the old RBAC API policies will be removed from Neutron. Please use method 'is_service_role' instead.
2026-07-02 16:33:33.871 9 INFO neutron.wsgi [None req-4f7facd8-ed4a-4a11-89ed-00f662a4f5c0 1c78484547c7426cbe9c132e9d6c1cc7 f8684065fe2741d4a22ba9b80fab2ce7 - - default default] 10.0.0.209 "DELETE /v2.0/subnets/ebdad9b5-cffc-494a-a453-834a38697a87 HTTP/1.1" status: 204 len: 168 time: 0.5357804
2026-07-02 16:33:34.079 10 INFO neutron.wsgi [None req-eecc7e9f-1c8e-4ea8-a66d-aaeb1433841f 1c78484547c7426cbe9c132e9d6c1cc7 f8684065fe2741d4a22ba9b80fab2ce7 - - default default] 10.0.0.209 "DELETE /v2.0/subnets/f81bf7c1-22bb-41b0-8586-ba9e65866278 HTTP/1.1" status: 204 len: 168 time: 0.1993988
2026-07-02 16:33:34.204 9 WARNING neutron.scheduler.dhcp_agent_scheduler [None req-1de92208-69c1-41fb-8ca2-0d55e5c2f9c2 122361078a364a17bd9082a3e9dd0079 d8d6860352c742f3beb5e3e14ba077e8 - - default default] No more DHCP agents
2026-07-02 16:33:34.207 9 WARNING neutron.api.rpc.agentnotifiers.dhcp_rpc_agent_api [None req-1de92208-69c1-41fb-8ca2-0d55e5c2f9c2 122361078a364a17bd9082a3e9dd0079 d8d6860352c742f3beb5e3e14ba077e8 - - default default] Unable to schedule network 888ddc7f-1bc8-4e2b-bcfa-6f8dd831c921: no agents available; will retry on subsequent port and subnet creation events.
2026-07-02 16:33:34.315 10 INFO neutron.wsgi [None req-bff3d9a2-d62b-4b1c-a471-52d3e58cd714 1c78484547c7426cbe9c132e9d6c1cc7 f8684065fe2741d4a22ba9b80fab2ce7 - - default default] 10.0.0.209 "DELETE /v2.0/subnets/3064e75f-3b79-4481-9079-c0d32e6eeb5b HTTP/1.1" status: 204 len: 168 time: 0.2303295
2026-07-02 16:33:34.383 9 INFO neutron.db.ovn_revision_numbers_db [None req-1de92208-69c1-41fb-8ca2-0d55e5c2f9c2 122361078a364a17bd9082a3e9dd0079 d8d6860352c742f3beb5e3e14ba077e8 - - default default] Successfully bumped revision number for resource d615e371-4fa9-4cb6-9b9c-771b347c2169 (type: ports) to 1
2026-07-02 16:33:34.584 10 INFO neutron.wsgi [None req-fbc770e1-054d-418f-bc31-028387994a27 1c78484547c7426cbe9c132e9d6c1cc7 f8684065fe2741d4a22ba9b80fab2ce7 - - default default] 10.0.0.209 "DELETE /v2.0/subnets/788a435c-80c6-4d1d-939d-8090a89a970f HTTP/1.1" status: 204 len: 168 time: 0.2624454
2026-07-02 16:33:34.795 10 WARNING neutron_lib.context [None req-69084eeb-ff50-489a-9dcb-e55e859026ad 4a8ded2acb324fec8881bf537e3f3667 abd0a4ef89924326adf16fc02841f817 - - default default] Method 'is_advsvc' is deprecated since 2023.2 release (neutron-lib 3.8.0) and will be removed once support for the old RBAC API policies will be removed from Neutron. Please use method 'is_service_role' instead.
2026-07-02 16:33:35.010 10 INFO neutron.services.segments.plugin [-] Segment 96a15752-b48a-4c91-9146-eae3956c0386 resource provider aggregate not found
2026-07-02 16:33:35.024 10 INFO neutron.services.segments.plugin [-] Segment 96a15752-b48a-4c91-9146-eae3956c0386 resource provider aggregate not found
2026-07-02 16:33:35.029 10 INFO neutron.services.segments.plugin [-] Segment 96a15752-b48a-4c91-9146-eae3956c0386 resource provider not found; error: Placement Client Error (4xx): {"errors": [{"status": 404, "title": "Not Found", "detail": "The resource could not be found.\n\n No resource provider with uuid 96a15752-b48a-4c91-9146-eae3956c0386 found for delete ", "request_id": "req-c9c13723-15e3-4ff1-ba45-4e49b3d2160b"}]}
2026-07-02 16:33:35.046 10 INFO neutron.services.segments.plugin [-] Segment 96a15752-b48a-4c91-9146-eae3956c0386 resource provider not found; error: Placement Client Error (4xx): {"errors": [{"status": 404, "title": "Not Found", "detail": "The resource could not be found.\n\n No resource provider with uuid 96a15752-b48a-4c91-9146-eae3956c0386 found for delete ", "request_id": "req-0f3b650d-d99c-4aa3-a7ad-f63662d0bcfd"}]}
2026-07-02 16:33:35.084 10 INFO neutron.wsgi [None req-4212baa0-f2b9-491a-ab6f-46b7429d915e 1c78484547c7426cbe9c132e9d6c1cc7 f8684065fe2741d4a22ba9b80fab2ce7 - - default default] 10.0.0.209 "DELETE /v2.0/networks/a5b982f7-007f-40d3-b0d1-56d37841a8fd HTTP/1.1" status: 204 len: 168 time: 0.4949644
2026-07-02 16:33:35.092 9 INFO neutron.plugins.ml2.drivers.ovn.mech_driver.ovsdb.commands [None req-fc4f7f22-f595-49aa-98da-59db3371f7a1 - - - - - -] Schedule LRP lrp-d615e371-4fa9-4cb6-9b9c-771b347c2169 on gateway a4138440-a3b5-4179-b9ae-deba0554e787 with priority 1
2026-07-02 16:33:35.107 10 INFO neutron.plugins.ml2.drivers.ovn.mech_driver.mech_driver [None req-fd4df701-26b0-41c5-b609-9382b83bb7e4 - - - - - -] OVN reports status up for port: d615e371-4fa9-4cb6-9b9c-771b347c2169
2026-07-02 16:33:35.111 10 INFO neutron.plugins.ml2.drivers.ovn.mech_driver.ovsdb.ovsdb_monitor [None req-4a945acf-3f72-4808-a3b8-3b50a37eb598 - - - - - -] Router 465f52b0-a64e-4c03-8fc3-0eb7879f2ca7 is bound to host instance
2026-07-02 16:33:35.155 9 INFO neutron.db.ovn_revision_numbers_db [None req-1de92208-69c1-41fb-8ca2-0d55e5c2f9c2 122361078a364a17bd9082a3e9dd0079 d8d6860352c742f3beb5e3e14ba077e8 - - default default] Successfully bumped revision number for resource d615e371-4fa9-4cb6-9b9c-771b347c2169 (type: router_ports) to 1
2026-07-02 16:33:35.161 10 INFO neutron.plugins.ml2.plugin [None req-fd4df701-26b0-41c5-b609-9382b83bb7e4 - - - - - -] Attempt 1 to provision port d615e371-4fa9-4cb6-9b9c-771b347c2169
2026-07-02 16:33:35.189 10 WARNING neutron.scheduler.dhcp_agent_scheduler [None req-69084eeb-ff50-489a-9dcb-e55e859026ad 4a8ded2acb324fec8881bf537e3f3667 abd0a4ef89924326adf16fc02841f817 - - default default] No more DHCP agents
2026-07-02 16:33:35.195 10 WARNING neutron.api.rpc.agentnotifiers.dhcp_rpc_agent_api [None req-69084eeb-ff50-489a-9dcb-e55e859026ad 4a8ded2acb324fec8881bf537e3f3667 abd0a4ef89924326adf16fc02841f817 - - default default] Unable to schedule network 888ddc7f-1bc8-4e2b-bcfa-6f8dd831c921: no agents available; will retry on subsequent port and subnet creation events.
2026-07-02 16:33:35.254 9 INFO neutron.db.ovn_revision_numbers_db [None req-1de92208-69c1-41fb-8ca2-0d55e5c2f9c2 122361078a364a17bd9082a3e9dd0079 d8d6860352c742f3beb5e3e14ba077e8 - - default default] Successfully bumped revision number for resource 465f52b0-a64e-4c03-8fc3-0eb7879f2ca7 (type: routers) to 2
2026-07-02 16:33:35.277 9 INFO neutron.wsgi [None req-1de92208-69c1-41fb-8ca2-0d55e5c2f9c2 122361078a364a17bd9082a3e9dd0079 d8d6860352c742f3beb5e3e14ba077e8 - - default default] 10.0.0.209 "POST /v2.0/routers HTTP/1.1" status: 201 len: 1154 time: 1.9170361
2026-07-02 16:33:35.542 9 INFO neutron.services.segments.plugin [-] Segment 311e8d5c-f213-4250-a8c4-370916cf9702 resource provider aggregate not found
2026-07-02 16:33:35.547 9 INFO neutron.services.segments.plugin [-] Segment 311e8d5c-f213-4250-a8c4-370916cf9702 resource provider aggregate not found
2026-07-02 16:33:35.563 9 INFO neutron.services.segments.plugin [-] Segment 311e8d5c-f213-4250-a8c4-370916cf9702 resource provider not found; error: Placement Client Error (4xx): {"errors": [{"status": 404, "title": "Not Found", "detail": "The resource could not be found.\n\n No resource provider with uuid 311e8d5c-f213-4250-a8c4-370916cf9702 found for delete ", "request_id": "req-71c173c9-ef06-44e2-8e6a-6878970daa59"}]}
2026-07-02 16:33:35.564 9 INFO neutron.services.segments.plugin [-] Segment 311e8d5c-f213-4250-a8c4-370916cf9702 resource provider not found; error: Placement Client Error (4xx): {"errors": [{"status": 404, "title": "Not Found", "detail": "The resource could not be found.\n\n No resource provider with uuid 311e8d5c-f213-4250-a8c4-370916cf9702 found for delete ", "request_id": "req-55aba1c2-a5cd-45f3-bc8a-2fa720e3d282"}]}
2026-07-02 16:33:35.584 9 INFO neutron.wsgi [None req-cefcdb13-2d68-4625-9646-f36569af8127 1c78484547c7426cbe9c132e9d6c1cc7 f8684065fe2741d4a22ba9b80fab2ce7 - - default default] 10.0.0.209 "DELETE /v2.0/networks/3be69326-2a3b-46ce-ac70-0ef596508dfd HTTP/1.1" status: 204 len: 168 time: 0.4899607
2026-07-02 16:33:35.604 10 INFO neutron.wsgi [None req-e16b528f-0fb8-482a-bdad-0237cc813966 f462591f88344a7eb1d3f981836fecf5 337da0ce83684162a914602ad66fbb42 - - default default] 10.0.0.209 "GET /v2.0/subnets?project_id=d8d6860352c742f3beb5e3e14ba077e8&cidr=10.100.0.0%2F28 HTTP/1.1" status: 200 len: 207 time: 0.3202682
2026-07-02 16:33:35.713 9 INFO neutron.wsgi [None req-50f713f6-5e3a-4e65-9432-b914d5cd3822 f462591f88344a7eb1d3f981836fecf5 337da0ce83684162a914602ad66fbb42 - - default default] 10.0.0.209 "GET /v2.0/networks?router%3Aexternal=True HTTP/1.1" status: 200 len: 947 time: 0.0984759
2026-07-02 16:33:35.734 9 INFO neutron.wsgi [None req-cd37bc97-aceb-4e9e-8b3e-1c1a7bfa4ea9 f462591f88344a7eb1d3f981836fecf5 337da0ce83684162a914602ad66fbb42 - - default default] 10.0.0.209 "GET /v2.0/subnets?network_id=888ddc7f-1bc8-4e2b-bcfa-6f8dd831c921&cidr=10.100.0.0%2F28 HTTP/1.1" status: 200 len: 207 time: 0.0164964
2026-07-02 16:33:35.750 10 WARNING neutron_lib.context [None req-4e1a0a26-ba2b-4add-aec3-9da91bc3bbe2 122361078a364a17bd9082a3e9dd0079 d8d6860352c742f3beb5e3e14ba077e8 - - default default] Method 'is_advsvc' is deprecated since 2023.2 release (neutron-lib 3.8.0) and will be removed once support for the old RBAC API policies will be removed from Neutron. Please use method 'is_service_role' instead.
2026-07-02 16:33:36.160 10 INFO neutron.wsgi [None req-69084eeb-ff50-489a-9dcb-e55e859026ad 4a8ded2acb324fec8881bf537e3f3667 abd0a4ef89924326adf16fc02841f817 - - default default] 10.0.0.209 "POST /v2.0/floatingips HTTP/1.1" status: 201 len: 751 time: 1.5268948
2026-07-02 16:33:36.226 10 WARNING neutron.scheduler.dhcp_agent_scheduler [None req-4e1a0a26-ba2b-4add-aec3-9da91bc3bbe2 122361078a364a17bd9082a3e9dd0079 d8d6860352c742f3beb5e3e14ba077e8 - - default default] No more DHCP agents
2026-07-02 16:33:36.228 10 WARNING neutron.api.rpc.agentnotifiers.dhcp_rpc_agent_api [None req-4e1a0a26-ba2b-4add-aec3-9da91bc3bbe2 122361078a364a17bd9082a3e9dd0079 d8d6860352c742f3beb5e3e14ba077e8 - - default default] Unable to schedule network 750a2308-2d82-456c-8688-8597251f433a: no agents available; will retry on subsequent port and subnet creation events.
2026-07-02 16:33:36.264 9 INFO neutron.wsgi [None req-c7fb3e45-9e2a-4e1c-82c8-1075dde41c7c 4a8ded2acb324fec8881bf537e3f3667 abd0a4ef89924326adf16fc02841f817 - - default default] 10.0.0.209 "PUT /v2.0/floatingips/a4e0f65a-c52c-411e-9803-c49e5884708f/tags HTTP/1.1" status: 200 len: 218 time: 0.0913219
2026-07-02 16:33:36.342 9 INFO neutron.wsgi [None req-1f11383a-fca1-43ee-8c5e-627bcaeb6168 1c78484547c7426cbe9c132e9d6c1cc7 f8684065fe2741d4a22ba9b80fab2ce7 - - default default] 10.0.0.209 "DELETE /v2.0/networks/879aea4b-c867-4ecd-807d-8444d844a356 HTTP/1.1" status: 204 len: 168 time: 0.7515287
2026-07-02 16:33:36.343 10 INFO neutron.wsgi [None req-e9312529-f4d3-4f9b-ba80-cb32ae5e63fc 4a8ded2acb324fec8881bf537e3f3667 abd0a4ef89924326adf16fc02841f817 - - default default] 10.0.0.209 "GET /v2.0/floatingips/a4e0f65a-c52c-411e-9803-c49e5884708f/tags HTTP/1.1" status: 200 len: 218 time: 0.0747445
2026-07-02 16:33:36.424 10 INFO neutron.wsgi [None req-efb1f519-1e1e-4141-b38c-64595bfc2b40 4a8ded2acb324fec8881bf537e3f3667 abd0a4ef89924326adf16fc02841f817 - - default default] 10.0.0.209 "PUT /v2.0/floatingips/a4e0f65a-c52c-411e-9803-c49e5884708f/tags/green HTTP/1.1" status: 201 len: 201 time: 0.0772307
2026-07-02 16:33:36.478 9 INFO neutron.wsgi [None req-0cbd6585-17a1-4f41-819c-40a62b59abbd 4a8ded2acb324fec8881bf537e3f3667 abd0a4ef89924326adf16fc02841f817 - - default default] 10.0.0.209 "GET /v2.0/floatingips/a4e0f65a-c52c-411e-9803-c49e5884708f/tags HTTP/1.1" status: 200 len: 227 time: 0.0495479
2026-07-02 16:33:36.527 9 INFO neutron.wsgi [None req-db1c0e53-3e44-4f09-bc42-1b363f52e0c3 4a8ded2acb324fec8881bf537e3f3667 abd0a4ef89924326adf16fc02841f817 - - default default] 10.0.0.209 "PUT /v2.0/floatingips/a4e0f65a-c52c-411e-9803-c49e5884708f/tags/red HTTP/1.1" status: 201 len: 201 time: 0.0438781
2026-07-02 16:33:36.586 9 INFO neutron.wsgi [None req-58a548d8-91b4-48e4-aee4-651ad874b084 4a8ded2acb324fec8881bf537e3f3667 abd0a4ef89924326adf16fc02841f817 - - default default] 10.0.0.209 "GET /v2.0/floatingips/a4e0f65a-c52c-411e-9803-c49e5884708f/tags HTTP/1.1" status: 200 len: 227 time: 0.0512619
2026-07-02 16:33:36.652 9 INFO neutron.wsgi [-] 10.0.0.142 "GET / HTTP/1.1" status: 200 len: 247 time: 0.0013349
2026-07-02 16:33:36.653 9 INFO neutron.wsgi [-] 10.0.0.142 "GET / HTTP/1.1" status: 200 len: 247 time: 0.0009012
2026-07-02 16:33:36.678 10 INFO neutron.wsgi [None req-a7c21f03-3622-4125-b1d9-737b675e675a 4a8ded2acb324fec8881bf537e3f3667 abd0a4ef89924326adf16fc02841f817 - - default default] 10.0.0.209 "PUT /v2.0/floatingips/a4e0f65a-c52c-411e-9803-c49e5884708f/tags/black.or.white HTTP/1.1" status: 201 len: 201 time: 0.0878506
2026-07-02 16:33:36.683 10 INFO neutron.db.ovn_revision_numbers_db [None req-4a945acf-3f72-4808-a3b8-3b50a37eb598 - - - - - -] Successfully bumped revision number for resource d615e371-4fa9-4cb6-9b9c-771b347c2169 (type: ports) to 1
2026-07-02 16:33:36.735 9 INFO neutron.wsgi [None req-e5b9f465-cf4f-4e4c-9aba-9bc9d9493853 4a8ded2acb324fec8881bf537e3f3667 abd0a4ef89924326adf16fc02841f817 - - default default] 10.0.0.209 "GET /v2.0/floatingips/a4e0f65a-c52c-411e-9803-c49e5884708f/tags HTTP/1.1" status: 200 len: 245 time: 0.0502973
2026-07-02 16:33:36.816 9 INFO neutron.wsgi [None req-bb48bd79-455d-459e-aa3b-80e2b916a62e 4a8ded2acb324fec8881bf537e3f3667 abd0a4ef89924326adf16fc02841f817 - - default default] 10.0.0.209 "PUT /v2.0/floatingips/a4e0f65a-c52c-411e-9803-c49e5884708f/tags HTTP/1.1" status: 200 len: 230 time: 0.0721602
2026-07-02 16:33:36.861 9 INFO neutron.wsgi [None req-194d429e-ac25-46fc-abb2-4777961fa478 4a8ded2acb324fec8881bf537e3f3667 abd0a4ef89924326adf16fc02841f817 - - default default] 10.0.0.209 "GET /v2.0/floatingips/a4e0f65a-c52c-411e-9803-c49e5884708f/tags HTTP/1.1" status: 200 len: 230 time: 0.0359089
2026-07-02 16:33:36.909 9 INFO neutron.wsgi [None req-db1963dc-bb3e-4a1f-be6f-29336c4b0195 4a8ded2acb324fec8881bf537e3f3667 abd0a4ef89924326adf16fc02841f817 - - default default] 10.0.0.209 "GET /v2.0/floatingips/a4e0f65a-c52c-411e-9803-c49e5884708f/tags/red HTTP/1.1" status: 204 len: 168 time: 0.0426388
2026-07-02 16:33:36.952 9 INFO neutron.api.v2.resource [None req-284ef3c1-a5cf-448f-aed9-1740a78d816b 4a8ded2acb324fec8881bf537e3f3667 abd0a4ef89924326adf16fc02841f817 - - default default] show failed (client error): The resource could not be found.
2026-07-02 16:33:36.953 9 INFO neutron.wsgi [None req-284ef3c1-a5cf-448f-aed9-1740a78d816b 4a8ded2acb324fec8881bf537e3f3667 abd0a4ef89924326adf16fc02841f817 - - default default] 10.0.0.209 "GET /v2.0/floatingips/a4e0f65a-c52c-411e-9803-c49e5884708f/tags/green HTTP/1.1" status: 404 len: 299 time: 0.0358152
2026-07-02 16:33:36.976 9 INFO neutron.wsgi [None req-c89390d9-8118-4ff2-949e-4349dcbce116 1c78484547c7426cbe9c132e9d6c1cc7 f8684065fe2741d4a22ba9b80fab2ce7 - - default default] 10.0.0.209 "DELETE /v2.0/networks/499632cc-96fc-4b7a-a5ea-e21a93618df9 HTTP/1.1" status: 204 len: 168 time: 0.6240876
2026-07-02 16:33:37.039 9 INFO neutron.wsgi [None req-2b1a1aa6-6157-43a4-aa3e-cf09230cbc47 4a8ded2acb324fec8881bf537e3f3667 abd0a4ef89924326adf16fc02841f817 - - default default] 10.0.0.209 "DELETE /v2.0/floatingips/a4e0f65a-c52c-411e-9803-c49e5884708f/tags/red HTTP/1.1" status: 204 len: 168 time: 0.0808070
2026-07-02 16:33:37.090 9 INFO neutron.wsgi [None req-51ec7b3c-0292-4a12-b9d2-121c256b709d 4a8ded2acb324fec8881bf537e3f3667 abd0a4ef89924326adf16fc02841f817 - - default default] 10.0.0.209 "GET /v2.0/floatingips/a4e0f65a-c52c-411e-9803-c49e5884708f/tags HTTP/1.1" status: 200 len: 223 time: 0.0455017
2026-07-02 16:33:37.137 9 INFO neutron.api.v2.resource [None req-623e1496-9780-4c18-98b6-dd1d7ff0b394 4a8ded2acb324fec8881bf537e3f3667 abd0a4ef89924326adf16fc02841f817 - - default default] delete failed (client error): The resource could not be found.
2026-07-02 16:33:37.139 9 INFO neutron.wsgi [None req-623e1496-9780-4c18-98b6-dd1d7ff0b394 4a8ded2acb324fec8881bf537e3f3667 abd0a4ef89924326adf16fc02841f817 - - default default] 10.0.0.209 "DELETE /v2.0/floatingips/a4e0f65a-c52c-411e-9803-c49e5884708f/tags/green HTTP/1.1" status: 404 len: 299 time: 0.0419083
2026-07-02 16:33:37.213 9 INFO neutron.wsgi [None req-c2ff4469-7114-4920-9179-faa8ffd677d9 4a8ded2acb324fec8881bf537e3f3667 abd0a4ef89924326adf16fc02841f817 - - default default] 10.0.0.209 "DELETE /v2.0/floatingips/a4e0f65a-c52c-411e-9803-c49e5884708f/tags HTTP/1.1" status: 204 len: 168 time: 0.0689461
2026-07-02 16:33:37.282 9 INFO neutron.wsgi [None req-04eedbc8-d655-48c2-ae5a-6d4fc7e982d4 4a8ded2acb324fec8881bf537e3f3667 abd0a4ef89924326adf16fc02841f817 - - default default] 10.0.0.209 "GET /v2.0/floatingips/a4e0f65a-c52c-411e-9803-c49e5884708f/tags HTTP/1.1" status: 200 len: 205 time: 0.0458591
2026-07-02 16:33:37.445 10 INFO neutron.db.ovn_revision_numbers_db [None req-4e1a0a26-ba2b-4add-aec3-9da91bc3bbe2 122361078a364a17bd9082a3e9dd0079 d8d6860352c742f3beb5e3e14ba077e8 - - default default] Successfully bumped revision number for resource 17e5769f-ec9e-410e-9b9c-602374a56e8a (type: ports) to 2
2026-07-02 16:33:37.510 10 INFO neutron.db.ovn_revision_numbers_db [None req-4e1a0a26-ba2b-4add-aec3-9da91bc3bbe2 122361078a364a17bd9082a3e9dd0079 d8d6860352c742f3beb5e3e14ba077e8 - - default default] Successfully bumped revision number for resource 1467798f-b3ab-4198-8785-c0ea2f17d5e4 (type: subnets) to 0
2026-07-02 16:33:37.512 9 INFO neutron.wsgi [None req-8871de29-a21f-4b46-b07f-5339f3cd8979 1c78484547c7426cbe9c132e9d6c1cc7 f8684065fe2741d4a22ba9b80fab2ce7 - - default default] 10.0.0.209 "DELETE /v2.0/networks/9d13cb3b-da71-4b8d-b3d7-7788fc71f0fb HTTP/1.1" status: 204 len: 168 time: 0.5321846
2026-07-02 16:33:37.538 10 INFO neutron.wsgi [None req-4e1a0a26-ba2b-4add-aec3-9da91bc3bbe2 122361078a364a17bd9082a3e9dd0079 d8d6860352c742f3beb5e3e14ba077e8 - - default default] 10.0.0.209 "POST /v2.0/subnets HTTP/1.1" status: 201 len: 832 time: 1.7986178
2026-07-02 16:33:37.559 10 INFO neutron.db.ovn_revision_numbers_db [None req-4a945acf-3f72-4808-a3b8-3b50a37eb598 - - - - - -] Successfully bumped revision number for resource d615e371-4fa9-4cb6-9b9c-771b347c2169 (type: router_ports) to 3
2026-07-02 16:33:37.602 9 INFO neutron.services.segments.plugin [-] Segment ac19a055-deaa-4884-8edf-4aae64aaf165 resource provider aggregate not found
2026-07-02 16:33:37.606 9 INFO neutron.services.segments.plugin [-] Segment ac19a055-deaa-4884-8edf-4aae64aaf165 resource provider aggregate not found
2026-07-02 16:33:37.622 9 INFO neutron.services.segments.plugin [-] Segment ac19a055-deaa-4884-8edf-4aae64aaf165 resource provider not found; error: Placement Client Error (4xx): {"errors": [{"status": 404, "title": "Not Found", "detail": "The resource could not be found.\n\n No resource provider with uuid ac19a055-deaa-4884-8edf-4aae64aaf165 found for delete ", "request_id": "req-b08a2103-3ef1-450c-b718-8ee70b525ef2"}]}
2026-07-02 16:33:37.626 9 INFO neutron.services.segments.plugin [-] Segment ac19a055-deaa-4884-8edf-4aae64aaf165 resource provider not found; error: Placement Client Error (4xx): {"errors": [{"status": 404, "title": "Not Found", "detail": "The resource could not be found.\n\n No resource provider with uuid ac19a055-deaa-4884-8edf-4aae64aaf165 found for delete ", "request_id": "req-8e933f98-9982-472c-b228-d88129009949"}]}
2026-07-02 16:33:37.643 9 INFO neutron.services.segments.plugin [-] Segment 37cfa2f1-6c12-405f-860d-7a93c384fe45 resource provider aggregate not found
2026-07-02 16:33:37.648 9 INFO neutron.services.segments.plugin [-] Segment 37cfa2f1-6c12-405f-860d-7a93c384fe45 resource provider aggregate not found
2026-07-02 16:33:37.668 9 INFO neutron.services.segments.plugin [-] Segment 37cfa2f1-6c12-405f-860d-7a93c384fe45 resource provider not found; error: Placement Client Error (4xx): {"errors": [{"status": 404, "title": "Not Found", "detail": "The resource could not be found.\n\n No resource provider with uuid 37cfa2f1-6c12-405f-860d-7a93c384fe45 found for delete ", "request_id": "req-35546e36-514b-4639-a6c9-07e8588f94d6"}]}
2026-07-02 16:33:37.674 9 INFO neutron.services.segments.plugin [-] Segment 37cfa2f1-6c12-405f-860d-7a93c384fe45 resource provider not found; error: Placement Client Error (4xx): {"errors": [{"status": 404, "title": "Not Found", "detail": "The resource could not be found.\n\n No resource provider with uuid 37cfa2f1-6c12-405f-860d-7a93c384fe45 found for delete ", "request_id": "req-2c1c025e-9e57-4f68-969b-556c7823dbfa"}]}
2026-07-02 16:33:37.691 9 INFO neutron.services.segments.plugin [-] Segment d50425b7-5ba8-4bd6-a3e1-0284e1942c91 resource provider aggregate not found
2026-07-02 16:33:37.695 9 INFO neutron.services.segments.plugin [-] Segment d50425b7-5ba8-4bd6-a3e1-0284e1942c91 resource provider aggregate not found
2026-07-02 16:33:37.712 9 INFO neutron.services.segments.plugin [-] Segment d50425b7-5ba8-4bd6-a3e1-0284e1942c91 resource provider not found; error: Placement Client Error (4xx): {"errors": [{"status": 404, "title": "Not Found", "detail": "The resource could not be found.\n\n No resource provider with uuid d50425b7-5ba8-4bd6-a3e1-0284e1942c91 found for delete ", "request_id": "req-32700949-7d40-4478-a61a-756f8850bdde"}]}
2026-07-02 16:33:37.715 9 INFO neutron.services.segments.plugin [-] Segment d50425b7-5ba8-4bd6-a3e1-0284e1942c91 resource provider not found; error: Placement Client Error (4xx): {"errors": [{"status": 404, "title": "Not Found", "detail": "The resource could not be found.\n\n No resource provider with uuid d50425b7-5ba8-4bd6-a3e1-0284e1942c91 found for delete ", "request_id": "req-50fa1c89-d25d-4674-817f-26a12c0d8b03"}]}
2026-07-02 16:33:37.880 10 INFO neutron.wsgi [None req-c35fe1ca-681d-46f2-9435-fe3e85b512c7 4a8ded2acb324fec8881bf537e3f3667 abd0a4ef89924326adf16fc02841f817 - - default default] 10.0.0.209 "DELETE /v2.0/floatingips/a4e0f65a-c52c-411e-9803-c49e5884708f HTTP/1.1" status: 204 len: 168 time: 0.5757957
2026-07-02 16:33:37.905 10 INFO neutron.db.ovn_revision_numbers_db [None req-4a945acf-3f72-4808-a3b8-3b50a37eb598 - - - - - -] Successfully bumped revision number for resource d615e371-4fa9-4cb6-9b9c-771b347c2169 (type: ports) to 2
2026-07-02 16:33:38.340 10 INFO neutron.db.ovn_revision_numbers_db [None req-4a945acf-3f72-4808-a3b8-3b50a37eb598 - - - - - -] Successfully bumped revision number for resource d615e371-4fa9-4cb6-9b9c-771b347c2169 (type: ports) to 4
2026-07-02 16:33:38.396 9 WARNING neutron.scheduler.dhcp_agent_scheduler [None req-c770df8a-db09-4fe1-ba17-0204b1f11478 122361078a364a17bd9082a3e9dd0079 d8d6860352c742f3beb5e3e14ba077e8 - - default default] No more DHCP agents
2026-07-02 16:33:38.400 9 WARNING neutron.api.rpc.agentnotifiers.dhcp_rpc_agent_api [None req-c770df8a-db09-4fe1-ba17-0204b1f11478 122361078a364a17bd9082a3e9dd0079 d8d6860352c742f3beb5e3e14ba077e8 - - default default] Unable to schedule network 750a2308-2d82-456c-8688-8597251f433a: no agents available; will retry on subsequent port and subnet creation events.
2026-07-02 16:33:38.503 9 INFO neutron.db.ovn_revision_numbers_db [None req-55de75b9-6a3f-4181-bd9b-b0f1c76035b2 e217a29ff76048a09ef16d00846d9818 cf86fbaec5b94084b1a310024bfed582 - - default default] Successfully bumped revision number for resource e29669ca-8821-4a8b-bf10-967605068780 (type: security_groups) to 1
2026-07-02 16:33:38.534 9 INFO neutron.db.ovn_revision_numbers_db [None req-55de75b9-6a3f-4181-bd9b-b0f1c76035b2 e217a29ff76048a09ef16d00846d9818 cf86fbaec5b94084b1a310024bfed582 - - default default] Successfully bumped revision number for resource 0b5d3553-fb83-4b0a-af14-cf4fdbbd8d9d (type: security_group_rules) to 0
2026-07-02 16:33:38.589 9 INFO neutron.db.ovn_revision_numbers_db [None req-55de75b9-6a3f-4181-bd9b-b0f1c76035b2 e217a29ff76048a09ef16d00846d9818 cf86fbaec5b94084b1a310024bfed582 - - default default] Successfully bumped revision number for resource 392500d8-51b5-4016-aa19-7183b004509c (type: security_group_rules) to 0
2026-07-02 16:33:38.600 10 INFO neutron.db.ovn_revision_numbers_db [None req-4a945acf-3f72-4808-a3b8-3b50a37eb598 - - - - - -] Successfully bumped revision number for resource d615e371-4fa9-4cb6-9b9c-771b347c2169 (type: router_ports) to 4
2026-07-02 16:33:38.602 9 INFO neutron.db.ovn_revision_numbers_db [None req-c770df8a-db09-4fe1-ba17-0204b1f11478 122361078a364a17bd9082a3e9dd0079 d8d6860352c742f3beb5e3e14ba077e8 - - default default] Successfully bumped revision number for resource 35670168-a627-4908-8f5c-0c1adcb22474 (type: ports) to 1
2026-07-02 16:33:38.604 9 INFO neutron.db.ovn_revision_numbers_db [None req-55de75b9-6a3f-4181-bd9b-b0f1c76035b2 e217a29ff76048a09ef16d00846d9818 cf86fbaec5b94084b1a310024bfed582 - - default default] Successfully bumped revision number for resource 448deaf1-8b6e-49db-a297-4f5ad8735068 (type: security_group_rules) to 0
2026-07-02 16:33:38.655 9 INFO neutron.db.ovn_revision_numbers_db [None req-55de75b9-6a3f-4181-bd9b-b0f1c76035b2 e217a29ff76048a09ef16d00846d9818 cf86fbaec5b94084b1a310024bfed582 - - default default] Successfully bumped revision number for resource fc9151a5-1742-4685-895e-69edc8a11654 (type: security_group_rules) to 0
2026-07-02 16:33:38.703 9 INFO neutron.wsgi [None req-55de75b9-6a3f-4181-bd9b-b0f1c76035b2 e217a29ff76048a09ef16d00846d9818 cf86fbaec5b94084b1a310024bfed582 - - default default] 10.0.0.209 "GET /v2.0/security-groups?tenant_id=ab0a01b831c44398bd52c628d49fe185&name=default HTTP/1.1" status: 200 len: 3120 time: 0.6738033
2026-07-02 16:33:38.936 9 INFO neutron.db.ovn_revision_numbers_db [None req-c0952229-07b9-4420-a010-376420f0c8c5 e217a29ff76048a09ef16d00846d9818 cf86fbaec5b94084b1a310024bfed582 - - default default] Successfully bumped revision number for resource f85541dc-ef7e-49a6-94d4-8981d016e210 (type: security_groups) to 1
2026-07-02 16:33:39.072 10 INFO neutron.wsgi [None req-2eeae54c-3518-4c42-b9e3-d5db707e77f6 e217a29ff76048a09ef16d00846d9818 cf86fbaec5b94084b1a310024bfed582 - - default default] 10.0.0.209 "DELETE /v2.0/security-groups/e29669ca-8821-4a8b-bf10-967605068780 HTTP/1.1" status: 204 len: 168 time: 0.3626540
2026-07-02 16:33:39.263 9 INFO neutron.db.ovn_revision_numbers_db [None req-c0952229-07b9-4420-a010-376420f0c8c5 e217a29ff76048a09ef16d00846d9818 cf86fbaec5b94084b1a310024bfed582 - - default default] Successfully bumped revision number for resource 291c9a36-2a5e-4726-9a24-367435a002fe (type: security_group_rules) to 0
2026-07-02 16:33:39.307 9 INFO neutron.db.ovn_revision_numbers_db [None req-c0952229-07b9-4420-a010-376420f0c8c5 e217a29ff76048a09ef16d00846d9818 cf86fbaec5b94084b1a310024bfed582 - - default default] Successfully bumped revision number for resource 8f7481dc-fb12-4948-adc0-6b599b2fefb2 (type: security_group_rules) to 0
2026-07-02 16:33:39.367 9 INFO neutron.db.ovn_revision_numbers_db [None req-c0952229-07b9-4420-a010-376420f0c8c5 e217a29ff76048a09ef16d00846d9818 cf86fbaec5b94084b1a310024bfed582 - - default default] Successfully bumped revision number for resource 9acbd16d-f1ad-4ffd-800d-e18a9814b657 (type: security_group_rules) to 0
2026-07-02 16:33:39.368 9 INFO neutron.db.ovn_revision_numbers_db [None req-d237f545-cc86-47ae-be66-c758ef6a4ae0 e217a29ff76048a09ef16d00846d9818 cf86fbaec5b94084b1a310024bfed582 - - default default] Successfully bumped revision number for resource 702df72c-37c4-4152-b470-40e0001f970b (type: security_groups) to 1
2026-07-02 16:33:39.403 9 INFO neutron.db.ovn_revision_numbers_db [None req-d237f545-cc86-47ae-be66-c758ef6a4ae0 e217a29ff76048a09ef16d00846d9818 cf86fbaec5b94084b1a310024bfed582 - - default default] Successfully bumped revision number for resource 25eff691-fd86-402e-93ac-d071a418b3a2 (type: security_group_rules) to 0
2026-07-02 16:33:39.413 9 INFO neutron.db.ovn_revision_numbers_db [None req-c0952229-07b9-4420-a010-376420f0c8c5 e217a29ff76048a09ef16d00846d9818 cf86fbaec5b94084b1a310024bfed582 - - default default] Successfully bumped revision number for resource de057443-37c7-4d56-8557-257d9bff5066 (type: security_group_rules) to 0
2026-07-02 16:33:39.451 9 INFO neutron.wsgi [None req-c0952229-07b9-4420-a010-376420f0c8c5 e217a29ff76048a09ef16d00846d9818 cf86fbaec5b94084b1a310024bfed582 - - default default] 10.0.0.209 "GET /v2.0/security-groups?tenant_id=1cfe4c5b68cd40c489bac90acd480de8&name=default HTTP/1.1" status: 200 len: 3120 time: 0.9239643
2026-07-02 16:33:39.492 9 INFO neutron.db.ovn_revision_numbers_db [None req-d237f545-cc86-47ae-be66-c758ef6a4ae0 e217a29ff76048a09ef16d00846d9818 cf86fbaec5b94084b1a310024bfed582 - - default default] Successfully bumped revision number for resource 2e48db5f-f041-4838-adc1-d3a5c93f8517 (type: security_group_rules) to 0
2026-07-02 16:33:39.540 9 INFO neutron.db.ovn_revision_numbers_db [None req-d237f545-cc86-47ae-be66-c758ef6a4ae0 e217a29ff76048a09ef16d00846d9818 cf86fbaec5b94084b1a310024bfed582 - - default default] Successfully bumped revision number for resource 432ee13d-24c0-4a25-b7e0-0699acfe3c1f (type: security_group_rules) to 0
2026-07-02 16:33:39.576 9 INFO neutron.db.ovn_revision_numbers_db [None req-d237f545-cc86-47ae-be66-c758ef6a4ae0 e217a29ff76048a09ef16d00846d9818 cf86fbaec5b94084b1a310024bfed582 - - default default] Successfully bumped revision number for resource f41e4e6d-afe3-45aa-825b-1ded96d93c2a (type: security_group_rules) to 0
2026-07-02 16:33:39.600 9 INFO neutron.wsgi [None req-d237f545-cc86-47ae-be66-c758ef6a4ae0 e217a29ff76048a09ef16d00846d9818 cf86fbaec5b94084b1a310024bfed582 - - default default] 10.0.0.209 "GET /v2.0/security-groups?tenant_id=abd0a4ef89924326adf16fc02841f817&name=default HTTP/1.1" status: 200 len: 3120 time: 0.7926285
2026-07-02 16:33:39.797 9 ERROR ovsdbapp.backend.ovs_idl.command [None req-c770df8a-db09-4fe1-ba17-0204b1f11478 122361078a364a17bd9082a3e9dd0079 d8d6860352c742f3beb5e3e14ba077e8 - - default default] Error executing command (DbGetCommand): ovsdbapp.backend.ovs_idl.idlutils.RowNotFound: Cannot find Logical_Router_Port with name=lrp-35670168-a627-4908-8f5c-0c1adcb22474
2026-07-02 16:33:39.797 9 ERROR ovsdbapp.backend.ovs_idl.command
Traceback (most recent call last):
2026-07-02 16:33:39.797 9 ERROR ovsdbapp.backend.ovs_idl.command
File "/var/lib/openstack/lib/python3.10/site-packages/ovsdbapp/backend/ovs_idl/command.py", line 47, in execute
2026-07-02 16:33:39.797 9 ERROR ovsdbapp.backend.ovs_idl.command self.run_idl(None)
2026-07-02 16:33:39.797 9 ERROR ovsdbapp.backend.ovs_idl.command
File "/var/lib/openstack/lib/python3.10/site-packages/ovsdbapp/backend/ovs_idl/command.py", line 235, in run_idl
2026-07-02 16:33:39.797 9 ERROR ovsdbapp.backend.ovs_idl.command record = self.api.lookup(self.table, self.record)
2026-07-02 16:33:39.797 9 ERROR ovsdbapp.backend.ovs_idl.command
File "/var/lib/openstack/lib/python3.10/site-packages/ovsdbapp/backend/ovs_idl/__init__.py", line 184, in lookup
2026-07-02 16:33:39.797 9 ERROR ovsdbapp.backend.ovs_idl.command return self._lookup(table, record)
2026-07-02 16:33:39.797 9 ERROR ovsdbapp.backend.ovs_idl.command
File "/var/lib/openstack/lib/python3.10/site-packages/ovsdbapp/backend/ovs_idl/__init__.py", line 235, in _lookup
2026-07-02 16:33:39.797 9 ERROR ovsdbapp.backend.ovs_idl.command row = idlutils.row_by_value(self, rl.table, rl.column, record)
2026-07-02 16:33:39.797 9 ERROR ovsdbapp.backend.ovs_idl.command
File "/var/lib/openstack/lib/python3.10/site-packages/ovsdbapp/backend/ovs_idl/idlutils.py", line 114, in row_by_value
2026-07-02 16:33:39.797 9 ERROR ovsdbapp.backend.ovs_idl.command raise RowNotFound(table=table, col=column, match=match)
2026-07-02 16:33:39.797 9 ERROR ovsdbapp.backend.ovs_idl.command ovsdbapp.backend.ovs_idl.idlutils.RowNotFound: Cannot find Logical_Router_Port with name=lrp-35670168-a627-4908-8f5c-0c1adcb22474
2026-07-02 16:33:39.797 9 ERROR ovsdbapp.backend.ovs_idl.command 
