2026-07-02 16:34:28.060 9 WARNING neutron_lib.context [None req-46ef5678-8782-4c9b-9552-597ea24e1359 95512f628e234eed94bc2b6baf19775a b71e0333459f49bcb5551c547e216309 - - default default] Method 'is_advsvc' is deprecated since 2023.2 release (neutron-lib 3.8.0) and will be removed once support for the old RBAC API policies will be removed from Neutron. Please use method 'is_service_role' instead.
2026-07-02 16:34:28.108 9 INFO neutron.wsgi [None req-46ef5678-8782-4c9b-9552-597ea24e1359 95512f628e234eed94bc2b6baf19775a b71e0333459f49bcb5551c547e216309 - - default default] 10.0.0.209 "POST /v2.0/subnetpools HTTP/1.1" status: 201 len: 715 time: 0.0532920
2026-07-02 16:34:28.117 10 WARNING neutron_lib.context [None req-67bc0953-3c20-4f24-b06b-f377e188227d 95512f628e234eed94bc2b6baf19775a b71e0333459f49bcb5551c547e216309 - - default default] Method 'is_advsvc' is deprecated since 2023.2 release (neutron-lib 3.8.0) and will be removed once support for the old RBAC API policies will be removed from Neutron. Please use method 'is_service_role' instead.
2026-07-02 16:34:28.202 10 INFO neutron.wsgi [None req-67bc0953-3c20-4f24-b06b-f377e188227d 95512f628e234eed94bc2b6baf19775a b71e0333459f49bcb5551c547e216309 - - default default] 10.0.0.209 "POST /v2.0/subnetpools HTTP/1.1" status: 201 len: 715 time: 0.0887692
2026-07-02 16:34:28.204 10 WARNING neutron.scheduler.dhcp_agent_scheduler [None req-593162dc-0cd3-446a-9770-872605284dda 44dfa938257a4b77b35bd0732e3f3165 a0180635811d450a8adc8b1d16062475 - - default default] No more DHCP agents
2026-07-02 16:34:28.206 10 WARNING neutron.api.rpc.agentnotifiers.dhcp_rpc_agent_api [None req-593162dc-0cd3-446a-9770-872605284dda 44dfa938257a4b77b35bd0732e3f3165 a0180635811d450a8adc8b1d16062475 - - default default] Unable to schedule network 74f92534-d1a1-46ae-8ea4-74fb41ac978f: no agents available; will retry on subsequent port and subnet creation events.
2026-07-02 16:34:28.259 9 INFO neutron.wsgi [None req-40e98558-1a24-4781-92c4-a35e691c7f34 95512f628e234eed94bc2b6baf19775a b71e0333459f49bcb5551c547e216309 - - default default] 10.0.0.209 "PUT /v2.0/subnetpools/b06080f6-80a1-41db-9eaa-1918ff00ff7d/tags HTTP/1.1" status: 200 len: 210 time: 0.0521483
2026-07-02 16:34:28.311 10 INFO neutron.wsgi [None req-28a8bfaf-23d8-408f-b50c-d406f7f4c005 95512f628e234eed94bc2b6baf19775a b71e0333459f49bcb5551c547e216309 - - default default] 10.0.0.209 "PUT /v2.0/subnetpools/40f2b77f-ae8b-4c0e-92e7-c2075f0fe7f3/tags HTTP/1.1" status: 200 len: 218 time: 0.0472116
2026-07-02 16:34:28.357 9 INFO neutron.wsgi [None req-41970d83-052e-4890-9f6f-c1bc7acce6bb 95512f628e234eed94bc2b6baf19775a b71e0333459f49bcb5551c547e216309 - - default default] 10.0.0.209 "PUT /v2.0/subnetpools/9c145f60-ad7b-4cf6-9347-700fe7d377e4/tags HTTP/1.1" status: 200 len: 227 time: 0.0398743
2026-07-02 16:34:28.412 9 INFO neutron.wsgi [None req-45f143a9-2f2b-4423-b84b-b61c46d4e9ff 95512f628e234eed94bc2b6baf19775a b71e0333459f49bcb5551c547e216309 - - default default] 10.0.0.209 "PUT /v2.0/subnetpools/84ee6406-718e-4282-9fed-30c094eb36a8/tags HTTP/1.1" status: 200 len: 212 time: 0.0518360
2026-07-02 16:34:28.447 10 INFO neutron.wsgi [None req-9f42529d-39fc-43ad-87ce-3176113eca58 95512f628e234eed94bc2b6baf19775a b71e0333459f49bcb5551c547e216309 - - default default] 10.0.0.209 "GET /v2.0/subnetpools?tags=red HTTP/1.1" status: 200 len: 1758 time: 0.0268354
2026-07-02 16:34:28.457 10 INFO neutron.db.ovn_revision_numbers_db [None req-593162dc-0cd3-446a-9770-872605284dda 44dfa938257a4b77b35bd0732e3f3165 a0180635811d450a8adc8b1d16062475 - - default default] Successfully bumped revision number for resource c2d0951f-4f7a-47d5-85b8-892d6133243d (type: ports) to 1
2026-07-02 16:34:28.755 10 INFO neutron.wsgi [None req-ed49dcef-6cf9-4709-ae69-fc039e6e8116 95512f628e234eed94bc2b6baf19775a b71e0333459f49bcb5551c547e216309 - - default default] 10.0.0.209 "GET /v2.0/subnetpools?tags=red%2Cblue HTTP/1.1" status: 200 len: 1251 time: 0.3034582
2026-07-02 16:34:28.825 10 INFO neutron.wsgi [None req-e36db8e8-8fbc-4b17-b277-40cb6530699a 95512f628e234eed94bc2b6baf19775a b71e0333459f49bcb5551c547e216309 - - default default] 10.0.0.209 "GET /v2.0/subnetpools?tags-any=blue HTTP/1.1" status: 200 len: 1251 time: 0.0585744
2026-07-02 16:34:28.868 9 INFO neutron.wsgi [None req-c9bca41c-3848-417e-9aca-a8129b4b868d 95512f628e234eed94bc2b6baf19775a b71e0333459f49bcb5551c547e216309 - - default default] 10.0.0.209 "GET /v2.0/subnetpools?tags-any=red%2Cblue HTTP/1.1" status: 200 len: 1758 time: 0.0376365
2026-07-02 16:34:28.909 9 INFO neutron.wsgi [None req-ab82fb6f-1e14-49e2-ab6c-6534c52e119f 95512f628e234eed94bc2b6baf19775a b71e0333459f49bcb5551c547e216309 - - default default] 10.0.0.209 "GET /v2.0/subnetpools?not-tags=red HTTP/1.1" status: 200 len: 1223 time: 0.0360000
2026-07-02 16:34:28.942 10 INFO neutron.wsgi [None req-968f84ca-b0ac-4a66-b4fa-f3bb74842f83 95512f628e234eed94bc2b6baf19775a b71e0333459f49bcb5551c547e216309 - - default default] 10.0.0.209 "GET /v2.0/subnetpools?not-tags=red%2Cblue HTTP/1.1" status: 200 len: 1730 time: 0.0291269
2026-07-02 16:34:28.981 9 INFO neutron.wsgi [None req-b14980ee-1785-4f26-9073-cfd8aafc4a83 95512f628e234eed94bc2b6baf19775a b71e0333459f49bcb5551c547e216309 - - default default] 10.0.0.209 "GET /v2.0/subnetpools?not-tags-any=blue HTTP/1.1" status: 200 len: 1730 time: 0.0286613
2026-07-02 16:34:29.015 10 INFO neutron.wsgi [None req-d346d330-ac63-475d-9222-14ac75215d33 95512f628e234eed94bc2b6baf19775a b71e0333459f49bcb5551c547e216309 - - default default] 10.0.0.209 "GET /v2.0/subnetpools?not-tags-any=red%2Cblue HTTP/1.1" status: 200 len: 1223 time: 0.0295670
2026-07-02 16:34:29.111 9 INFO neutron.wsgi [None req-89ce7d83-1ac9-4467-ae17-e9f5354514e6 95512f628e234eed94bc2b6baf19775a b71e0333459f49bcb5551c547e216309 - - default default] 10.0.0.209 "DELETE /v2.0/subnetpools/b06080f6-80a1-41db-9eaa-1918ff00ff7d HTTP/1.1" status: 204 len: 168 time: 0.0866730
2026-07-02 16:34:29.191 9 INFO neutron.wsgi [None req-f92a14e8-c8a8-47f6-be5e-65792a5c687f 95512f628e234eed94bc2b6baf19775a b71e0333459f49bcb5551c547e216309 - - default default] 10.0.0.209 "DELETE /v2.0/subnetpools/40f2b77f-ae8b-4c0e-92e7-c2075f0fe7f3 HTTP/1.1" status: 204 len: 168 time: 0.0743890
2026-07-02 16:34:29.275 9 INFO neutron.wsgi [None req-c90db8f5-7952-4f4f-90fe-a1defef8b88e 95512f628e234eed94bc2b6baf19775a b71e0333459f49bcb5551c547e216309 - - default default] 10.0.0.209 "DELETE /v2.0/subnetpools/9c145f60-ad7b-4cf6-9347-700fe7d377e4 HTTP/1.1" status: 204 len: 168 time: 0.0774188
2026-07-02 16:34:29.358 9 INFO neutron.wsgi [None req-83b1d3a4-c677-4340-93ca-1868bb821f72 95512f628e234eed94bc2b6baf19775a b71e0333459f49bcb5551c547e216309 - - default default] 10.0.0.209 "DELETE /v2.0/subnetpools/84ee6406-718e-4282-9fed-30c094eb36a8 HTTP/1.1" status: 204 len: 168 time: 0.0781090
2026-07-02 16:34:29.454 9 INFO neutron.wsgi [None req-2961d6a1-4312-4d93-b9ca-cd9771162e01 95512f628e234eed94bc2b6baf19775a b71e0333459f49bcb5551c547e216309 - - default default] 10.0.0.209 "DELETE /v2.0/subnetpools/dafb2693-5bfa-424a-a784-aed77b73bb4f HTTP/1.1" status: 204 len: 168 time: 0.0886538
2026-07-02 16:34:29.507 10 ERROR ovsdbapp.backend.ovs_idl.command [None req-593162dc-0cd3-446a-9770-872605284dda 44dfa938257a4b77b35bd0732e3f3165 a0180635811d450a8adc8b1d16062475 - - default default] Error executing command (DbGetCommand): ovsdbapp.backend.ovs_idl.idlutils.RowNotFound: Cannot find Logical_Router_Port with name=lrp-c2d0951f-4f7a-47d5-85b8-892d6133243d
2026-07-02 16:34:29.507 10 ERROR ovsdbapp.backend.ovs_idl.command
Traceback (most recent call last):
2026-07-02 16:34:29.507 10 ERROR ovsdbapp.backend.ovs_idl.command
File "/var/lib/openstack/lib/python3.10/site-packages/ovsdbapp/backend/ovs_idl/command.py", line 47, in execute
2026-07-02 16:34:29.507 10 ERROR ovsdbapp.backend.ovs_idl.command self.run_idl(None)
2026-07-02 16:34:29.507 10 ERROR ovsdbapp.backend.ovs_idl.command
File "/var/lib/openstack/lib/python3.10/site-packages/ovsdbapp/backend/ovs_idl/command.py", line 235, in run_idl
2026-07-02 16:34:29.507 10 ERROR ovsdbapp.backend.ovs_idl.command record = self.api.lookup(self.table, self.record)
2026-07-02 16:34:29.507 10 ERROR ovsdbapp.backend.ovs_idl.command
File "/var/lib/openstack/lib/python3.10/site-packages/ovsdbapp/backend/ovs_idl/__init__.py", line 184, in lookup
2026-07-02 16:34:29.507 10 ERROR ovsdbapp.backend.ovs_idl.command return self._lookup(table, record)
2026-07-02 16:34:29.507 10 ERROR ovsdbapp.backend.ovs_idl.command
File "/var/lib/openstack/lib/python3.10/site-packages/ovsdbapp/backend/ovs_idl/__init__.py", line 235, in _lookup
2026-07-02 16:34:29.507 10 ERROR ovsdbapp.backend.ovs_idl.command row = idlutils.row_by_value(self, rl.table, rl.column, record)
2026-07-02 16:34:29.507 10 ERROR ovsdbapp.backend.ovs_idl.command
File "/var/lib/openstack/lib/python3.10/site-packages/ovsdbapp/backend/ovs_idl/idlutils.py", line 114, in row_by_value
2026-07-02 16:34:29.507 10 ERROR ovsdbapp.backend.ovs_idl.command raise RowNotFound(table=table, col=column, match=match)
2026-07-02 16:34:29.507 10 ERROR ovsdbapp.backend.ovs_idl.command ovsdbapp.backend.ovs_idl.idlutils.RowNotFound: Cannot find Logical_Router_Port with name=lrp-c2d0951f-4f7a-47d5-85b8-892d6133243d
2026-07-02 16:34:29.507 10 ERROR ovsdbapp.backend.ovs_idl.command 
2026-07-02 16:34:29.508 10 ERROR neutron_lib.callbacks.manager [None req-593162dc-0cd3-446a-9770-872605284dda 44dfa938257a4b77b35bd0732e3f3165 a0180635811d450a8adc8b1d16062475 - - default default] Error during notification for neutron.services.ovn_l3.plugin.OVNL3RouterPlugin._port_update-8767034085067 port, after_update: ovsdbapp.backend.ovs_idl.idlutils.RowNotFound: Cannot find Logical_Router_Port with name=lrp-c2d0951f-4f7a-47d5-85b8-892d6133243d
2026-07-02 16:34:29.508 10 ERROR neutron_lib.callbacks.manager
Traceback (most recent call last):
2026-07-02 16:34:29.508 10 ERROR neutron_lib.callbacks.manager
File "/var/lib/openstack/lib/python3.10/site-packages/neutron_lib/callbacks/manager.py", line 189, in _notify_loop
2026-07-02 16:34:29.508 10 ERROR neutron_lib.callbacks.manager callback.method(resource, event, trigger, payload=payload)
2026-07-02 16:34:29.508 10 ERROR neutron_lib.callbacks.manager
File "/var/lib/openstack/lib/python3.10/site-packages/neutron/services/ovn_l3/plugin.py", line 391, in _port_update
2026-07-02 16:34:29.508 10 ERROR neutron_lib.callbacks.manager l3plugin._ovn_client.update_router_port(context,
2026-07-02 16:34:29.508 10 ERROR neutron_lib.callbacks.manager
File "/var/lib/openstack/lib/python3.10/site-packages/neutron/plugins/ml2/drivers/ovn/mech_driver/ovsdb/ovn_client.py", line 1878, in update_router_port
2026-07-02 16:34:29.508 10 ERROR neutron_lib.callbacks.manager self._update_lrouter_port(context, port, if_exists=if_exists,
2026-07-02 16:34:29.508 10 ERROR neutron_lib.callbacks.manager
File "/var/lib/openstack/lib/python3.10/site-packages/neutron/plugins/ml2/drivers/ovn/mech_driver/ovsdb/ovn_client.py", line 1855, in _update_lrouter_port
2026-07-02 16:34:29.508 10 ERROR neutron_lib.callbacks.manager external_ids = self._nb_idl.db_get(
2026-07-02 16:34:29.508 10 ERROR neutron_lib.callbacks.manager
File "/var/lib/openstack/lib/python3.10/site-packages/ovsdbapp/backend/ovs_idl/command.py", line 47, in execute
2026-07-02 16:34:29.508 10 ERROR neutron_lib.callbacks.manager self.run_idl(None)
2026-07-02 16:34:29.508 10 ERROR neutron_lib.callbacks.manager
File "/var/lib/openstack/lib/python3.10/site-packages/ovsdbapp/backend/ovs_idl/command.py", line 235, in run_idl
2026-07-02 16:34:29.508 10 ERROR neutron_lib.callbacks.manager record = self.api.lookup(self.table, self.record)
2026-07-02 16:34:29.508 10 ERROR neutron_lib.callbacks.manager
File "/var/lib/openstack/lib/python3.10/site-packages/ovsdbapp/backend/ovs_idl/__init__.py", line 184, in lookup
2026-07-02 16:34:29.508 10 ERROR neutron_lib.callbacks.manager return self._lookup(table, record)
2026-07-02 16:34:29.508 10 ERROR neutron_lib.callbacks.manager
File "/var/lib/openstack/lib/python3.10/site-packages/ovsdbapp/backend/ovs_idl/__init__.py", line 235, in _lookup
2026-07-02 16:34:29.508 10 ERROR neutron_lib.callbacks.manager row = idlutils.row_by_value(self, rl.table, rl.column, record)
2026-07-02 16:34:29.508 10 ERROR neutron_lib.callbacks.manager
File "/var/lib/openstack/lib/python3.10/site-packages/ovsdbapp/backend/ovs_idl/idlutils.py", line 114, in row_by_value
2026-07-02 16:34:29.508 10 ERROR neutron_lib.callbacks.manager raise RowNotFound(table=table, col=column, match=match)
2026-07-02 16:34:29.508 10 ERROR neutron_lib.callbacks.manager ovsdbapp.backend.ovs_idl.idlutils.RowNotFound: Cannot find Logical_Router_Port with name=lrp-c2d0951f-4f7a-47d5-85b8-892d6133243d
2026-07-02 16:34:29.508 10 ERROR neutron_lib.callbacks.manager 
2026-07-02 16:34:29.746 10 INFO neutron.plugins.ml2.drivers.ovn.mech_driver.mech_driver [None req-fd4df701-26b0-41c5-b609-9382b83bb7e4 - - - - - -] OVN reports status up for port: c2d0951f-4f7a-47d5-85b8-892d6133243d
2026-07-02 16:34:29.757 10 INFO neutron.plugins.ml2.plugin [None req-fd4df701-26b0-41c5-b609-9382b83bb7e4 - - - - - -] Attempt 1 to provision port c2d0951f-4f7a-47d5-85b8-892d6133243d
2026-07-02 16:34:29.802 10 INFO neutron.db.ovn_revision_numbers_db [None req-593162dc-0cd3-446a-9770-872605284dda 44dfa938257a4b77b35bd0732e3f3165 a0180635811d450a8adc8b1d16062475 - - default default] Successfully bumped revision number for resource c2d0951f-4f7a-47d5-85b8-892d6133243d (type: ports) to 1
2026-07-02 16:34:29.890 10 WARNING neutron.scheduler.dhcp_agent_scheduler [None req-593162dc-0cd3-446a-9770-872605284dda 44dfa938257a4b77b35bd0732e3f3165 a0180635811d450a8adc8b1d16062475 - - default default] No more DHCP agents
2026-07-02 16:34:29.893 10 WARNING neutron.api.rpc.agentnotifiers.dhcp_rpc_agent_api [None req-593162dc-0cd3-446a-9770-872605284dda 44dfa938257a4b77b35bd0732e3f3165 a0180635811d450a8adc8b1d16062475 - - default default] Unable to schedule network 74f92534-d1a1-46ae-8ea4-74fb41ac978f: no agents available; will retry on subsequent port and subnet creation events.
2026-07-02 16:34:30.414 10 INFO neutron.db.ovn_revision_numbers_db [None req-593162dc-0cd3-446a-9770-872605284dda 44dfa938257a4b77b35bd0732e3f3165 a0180635811d450a8adc8b1d16062475 - - default default] Successfully bumped revision number for resource c2d0951f-4f7a-47d5-85b8-892d6133243d (type: router_ports) to 1
2026-07-02 16:34:30.415 10 INFO neutron.db.ovn_revision_numbers_db [None req-fd4df701-26b0-41c5-b609-9382b83bb7e4 - - - - - -] Successfully bumped revision number for resource c2d0951f-4f7a-47d5-85b8-892d6133243d (type: ports) to 2
2026-07-02 16:34:30.420 10 INFO neutron.wsgi [None req-593162dc-0cd3-446a-9770-872605284dda 44dfa938257a4b77b35bd0732e3f3165 a0180635811d450a8adc8b1d16062475 - - default default] 10.0.0.209 "PUT /v2.0/routers/4c54c424-987c-4378-baf0-7971548780ac/add_router_interface HTTP/1.1" status: 200 len: 503 time: 3.8318865
2026-07-02 16:34:30.703 9 INFO neutron.db.ovn_revision_numbers_db [None req-2d4579f2-83e1-4b1d-b423-fb0e1da4c4ec e217a29ff76048a09ef16d00846d9818 cf86fbaec5b94084b1a310024bfed582 - - default default] Successfully bumped revision number for resource 91e1ba91-fa6d-4de0-ae5e-bb74e78314f2 (type: security_groups) to 1
2026-07-02 16:34:30.749 9 INFO neutron.db.ovn_revision_numbers_db [None req-2d4579f2-83e1-4b1d-b423-fb0e1da4c4ec e217a29ff76048a09ef16d00846d9818 cf86fbaec5b94084b1a310024bfed582 - - default default] Successfully bumped revision number for resource 19d1dc29-3628-4c27-8842-678ada63b9af (type: security_group_rules) to 0
2026-07-02 16:34:30.778 9 INFO neutron.db.ovn_revision_numbers_db [None req-2d4579f2-83e1-4b1d-b423-fb0e1da4c4ec e217a29ff76048a09ef16d00846d9818 cf86fbaec5b94084b1a310024bfed582 - - default default] Successfully bumped revision number for resource 30a6cec0-770f-4b8a-9272-ccc013317f3e (type: security_group_rules) to 0
2026-07-02 16:34:30.788 10 INFO neutron.wsgi [req-b751b15f-4ff0-4569-a891-f869d358ba3d req-85ffe9b2-cf23-4fce-942b-c7e2780a0773 30aa680b0d664b0a96200ad8d3469679 d7025f63bfe64af6b5843110c1352ec0 - - ec063602019246bc80897eebb5ed279f ec063602019246bc80897eebb5ed279f] 10.0.0.106 "GET /v2.0/ports?device_id=81c877df-6beb-47b5-ab49-ef2db8df1457 HTTP/1.1" status: 200 len: 1409 time: 0.0457838
2026-07-02 16:34:30.800 9 INFO neutron.db.ovn_revision_numbers_db [None req-2d4579f2-83e1-4b1d-b423-fb0e1da4c4ec e217a29ff76048a09ef16d00846d9818 cf86fbaec5b94084b1a310024bfed582 - - default default] Successfully bumped revision number for resource 3b821ec3-ef5e-45ee-9fbd-4af53f75fdfd (type: security_group_rules) to 0
2026-07-02 16:34:30.836 9 INFO neutron.db.ovn_revision_numbers_db [None req-2d4579f2-83e1-4b1d-b423-fb0e1da4c4ec e217a29ff76048a09ef16d00846d9818 cf86fbaec5b94084b1a310024bfed582 - - default default] Successfully bumped revision number for resource c2e7d69f-4163-4d3a-a6f9-cccf7295011a (type: security_group_rules) to 0
2026-07-02 16:34:30.860 10 INFO neutron.wsgi [req-b751b15f-4ff0-4569-a891-f869d358ba3d req-4af52522-5fbc-4665-96fa-d4435af9e246 30aa680b0d664b0a96200ad8d3469679 d7025f63bfe64af6b5843110c1352ec0 - - ec063602019246bc80897eebb5ed279f ec063602019246bc80897eebb5ed279f] 10.0.0.106 "GET /v2.0/security-groups?id=0a77f641-cae5-4481-960f-2dbdf686ade6&fields=id&fields=name HTTP/1.1" status: 200 len: 312 time: 0.0626206
2026-07-02 16:34:30.867 9 INFO neutron.wsgi [None req-2d4579f2-83e1-4b1d-b423-fb0e1da4c4ec e217a29ff76048a09ef16d00846d9818 cf86fbaec5b94084b1a310024bfed582 - - default default] 10.0.0.209 "GET /v2.0/security-groups?tenant_id=5ac159a8fdea4d82994f0c51fb81f19d&name=default HTTP/1.1" status: 200 len: 3124 time: 0.5536830
2026-07-02 16:34:30.874 10 INFO neutron.db.ovn_revision_numbers_db [None req-fd4df701-26b0-41c5-b609-9382b83bb7e4 - - - - - -] Successfully bumped revision number for resource c2d0951f-4f7a-47d5-85b8-892d6133243d (type: router_ports) to 2
2026-07-02 16:34:31.122 9 WARNING neutron.scheduler.dhcp_agent_scheduler [None req-a6069f12-1535-4dbe-91a0-c6c95d98d15a 2ec6dd28d8b74cae81679d096cfda49e 0b5c83a6af5746f8a86e30139bf536c8 - - default default] No more DHCP agents
2026-07-02 16:34:31.128 9 WARNING neutron.api.rpc.agentnotifiers.dhcp_rpc_agent_api [None req-a6069f12-1535-4dbe-91a0-c6c95d98d15a 2ec6dd28d8b74cae81679d096cfda49e 0b5c83a6af5746f8a86e30139bf536c8 - - default default] Unable to schedule network 888ddc7f-1bc8-4e2b-bcfa-6f8dd831c921: no agents available; will retry on subsequent port and subnet creation events.
2026-07-02 16:34:31.216 9 INFO neutron.wsgi [None req-8e4c90e6-ad32-4d96-8322-e5660dc30f8c e217a29ff76048a09ef16d00846d9818 cf86fbaec5b94084b1a310024bfed582 - - default default] 10.0.0.209 "DELETE /v2.0/security-groups/91e1ba91-fa6d-4de0-ae5e-bb74e78314f2 HTTP/1.1" status: 204 len: 168 time: 0.3421867
2026-07-02 16:34:31.314 9 INFO neutron.db.ovn_revision_numbers_db [None req-a6069f12-1535-4dbe-91a0-c6c95d98d15a 2ec6dd28d8b74cae81679d096cfda49e 0b5c83a6af5746f8a86e30139bf536c8 - - default default] Successfully bumped revision number for resource 9f3925a3-68a6-481f-899a-f7ae6c4835b2 (type: ports) to 1
2026-07-02 16:34:31.437 9 WARNING neutron.plugins.ml2.drivers.ovn.mech_driver.ovsdb.ovn_client [None req-b4215389-a97c-4fa5-bb99-8462611de824 - - - - - -] No hosting information found for port d2d1ab18-6022-4f71-b1a5-09bab37256e6: RuntimeError: No hosting information found for port d2d1ab18-6022-4f71-b1a5-09bab37256e6
2026-07-02 16:34:31.789 9 INFO neutron.db.ovn_revision_numbers_db [None req-245b269b-6bd1-46b7-9551-c610ac5cb4b4 e217a29ff76048a09ef16d00846d9818 cf86fbaec5b94084b1a310024bfed582 - - default default] Successfully bumped revision number for resource 8f9ec0a4-4948-4fef-aec8-b53747eca5ea (type: security_groups) to 1
2026-07-02 16:34:31.810 9 INFO neutron.db.ovn_revision_numbers_db [None req-245b269b-6bd1-46b7-9551-c610ac5cb4b4 e217a29ff76048a09ef16d00846d9818 cf86fbaec5b94084b1a310024bfed582 - - default default] Successfully bumped revision number for resource 2ee2c180-9d9a-4893-aaa7-96486084c85d (type: security_group_rules) to 0
2026-07-02 16:34:31.825 9 INFO neutron.db.ovn_revision_numbers_db [None req-245b269b-6bd1-46b7-9551-c610ac5cb4b4 e217a29ff76048a09ef16d00846d9818 cf86fbaec5b94084b1a310024bfed582 - - default default] Successfully bumped revision number for resource 5169fb91-bb2a-4e4e-9925-9cf6afb7ba45 (type: security_group_rules) to 0
2026-07-02 16:34:31.842 9 INFO neutron.db.ovn_revision_numbers_db [None req-245b269b-6bd1-46b7-9551-c610ac5cb4b4 e217a29ff76048a09ef16d00846d9818 cf86fbaec5b94084b1a310024bfed582 - - default default] Successfully bumped revision number for resource 6bb9dddb-611a-45bb-8436-3ec521ad794c (type: security_group_rules) to 0
2026-07-02 16:34:31.870 9 INFO neutron.db.ovn_revision_numbers_db [None req-245b269b-6bd1-46b7-9551-c610ac5cb4b4 e217a29ff76048a09ef16d00846d9818 cf86fbaec5b94084b1a310024bfed582 - - default default] Successfully bumped revision number for resource a3365eb2-afd6-4a7b-a407-7c69db5af19b (type: security_group_rules) to 0
2026-07-02 16:34:31.882 9 INFO neutron.db.ovn_revision_numbers_db [None req-a6069f12-1535-4dbe-91a0-c6c95d98d15a 2ec6dd28d8b74cae81679d096cfda49e 0b5c83a6af5746f8a86e30139bf536c8 - - default default] Successfully bumped revision number for resource 9f3925a3-68a6-481f-899a-f7ae6c4835b2 (type: ports) to 1
2026-07-02 16:34:31.893 9 INFO neutron.wsgi [None req-245b269b-6bd1-46b7-9551-c610ac5cb4b4 e217a29ff76048a09ef16d00846d9818 cf86fbaec5b94084b1a310024bfed582 - - default default] 10.0.0.209 "GET /v2.0/security-groups?tenant_id=b71e0333459f49bcb5551c547e216309&name=default HTTP/1.1" status: 200 len: 3124 time: 0.5646758
2026-07-02 16:34:31.949 9 INFO neutron.db.segments_db [None req-a6069f12-1535-4dbe-91a0-c6c95d98d15a 2ec6dd28d8b74cae81679d096cfda49e 0b5c83a6af5746f8a86e30139bf536c8 - - default default] Added segment d5951cd4-09ba-4a59-b818-ec027ebf0e0c of type geneve for network 17ebdad9-5243-4ffc-8906-6a463b15678e
2026-07-02 16:34:32.071 9 INFO neutron.db.ovn_revision_numbers_db [None req-a6069f12-1535-4dbe-91a0-c6c95d98d15a 2ec6dd28d8b74cae81679d096cfda49e 0b5c83a6af5746f8a86e30139bf536c8 - - default default] Successfully bumped revision number for resource 17ebdad9-5243-4ffc-8906-6a463b15678e (type: networks) to 1
2026-07-02 16:34:32.152 10 INFO neutron.wsgi [None req-ee4c705a-109c-4630-8de5-3c735ea94293 e217a29ff76048a09ef16d00846d9818 cf86fbaec5b94084b1a310024bfed582 - - default default] 10.0.0.209 "DELETE /v2.0/security-groups/8f9ec0a4-4948-4fef-aec8-b53747eca5ea HTTP/1.1" status: 204 len: 168 time: 0.2516172
2026-07-02 16:34:32.234 9 WARNING neutron.scheduler.dhcp_agent_scheduler [None req-a6069f12-1535-4dbe-91a0-c6c95d98d15a 2ec6dd28d8b74cae81679d096cfda49e 0b5c83a6af5746f8a86e30139bf536c8 - - default default] No more DHCP agents
2026-07-02 16:34:32.236 9 WARNING neutron.api.rpc.agentnotifiers.dhcp_rpc_agent_api [None req-a6069f12-1535-4dbe-91a0-c6c95d98d15a 2ec6dd28d8b74cae81679d096cfda49e 0b5c83a6af5746f8a86e30139bf536c8 - - default default] Unable to schedule network 17ebdad9-5243-4ffc-8906-6a463b15678e: no agents available; will retry on subsequent port and subnet creation events.
2026-07-02 16:34:32.349 9 INFO neutron.db.ovn_revision_numbers_db [None req-a6069f12-1535-4dbe-91a0-c6c95d98d15a 2ec6dd28d8b74cae81679d096cfda49e 0b5c83a6af5746f8a86e30139bf536c8 - - default default] Successfully bumped revision number for resource 3d461141-eb37-49e9-8291-e8b4e5279243 (type: ports) to 1
2026-07-02 16:34:32.528 10 INFO neutron.db.ovn_revision_numbers_db [None req-b6f22bd4-11a6-4ea9-abb5-a98b162c1db1 e217a29ff76048a09ef16d00846d9818 cf86fbaec5b94084b1a310024bfed582 - - default default] Successfully bumped revision number for resource f4dd6494-d148-4532-8ea8-c86d722e44a3 (type: security_groups) to 1
2026-07-02 16:34:32.532 9 WARNING neutron.scheduler.dhcp_agent_scheduler [None req-a6069f12-1535-4dbe-91a0-c6c95d98d15a 2ec6dd28d8b74cae81679d096cfda49e 0b5c83a6af5746f8a86e30139bf536c8 - - default default] No more DHCP agents
2026-07-02 16:34:32.533 9 WARNING neutron.api.rpc.agentnotifiers.dhcp_rpc_agent_api [None req-a6069f12-1535-4dbe-91a0-c6c95d98d15a 2ec6dd28d8b74cae81679d096cfda49e 0b5c83a6af5746f8a86e30139bf536c8 - - default default] Unable to schedule network 17ebdad9-5243-4ffc-8906-6a463b15678e: no agents available; will retry on subsequent port and subnet creation events.
2026-07-02 16:34:32.541 10 INFO neutron.db.ovn_revision_numbers_db [None req-b6f22bd4-11a6-4ea9-abb5-a98b162c1db1 e217a29ff76048a09ef16d00846d9818 cf86fbaec5b94084b1a310024bfed582 - - default default] Successfully bumped revision number for resource 70d32f66-ee23-43b6-a79d-719a94767f94 (type: security_group_rules) to 0
2026-07-02 16:34:32.554 10 INFO neutron.db.ovn_revision_numbers_db [None req-b6f22bd4-11a6-4ea9-abb5-a98b162c1db1 e217a29ff76048a09ef16d00846d9818 cf86fbaec5b94084b1a310024bfed582 - - default default] Successfully bumped revision number for resource abea7c76-7328-40c6-bcbc-758866534cb6 (type: security_group_rules) to 0
2026-07-02 16:34:32.557 9 INFO neutron.db.ovn_revision_numbers_db [None req-a6069f12-1535-4dbe-91a0-c6c95d98d15a 2ec6dd28d8b74cae81679d096cfda49e 0b5c83a6af5746f8a86e30139bf536c8 - - default default] Successfully bumped revision number for resource f1ca97d1-a981-4c47-8ce1-ea4bcc0dd75e (type: subnets) to 0
2026-07-02 16:34:32.570 10 INFO neutron.db.ovn_revision_numbers_db [None req-b6f22bd4-11a6-4ea9-abb5-a98b162c1db1 e217a29ff76048a09ef16d00846d9818 cf86fbaec5b94084b1a310024bfed582 - - default default] Successfully bumped revision number for resource aef3d9cc-93e4-4dfb-b698-e73cf860dc97 (type: security_group_rules) to 0
2026-07-02 16:34:32.586 10 INFO neutron.db.ovn_revision_numbers_db [None req-b6f22bd4-11a6-4ea9-abb5-a98b162c1db1 e217a29ff76048a09ef16d00846d9818 cf86fbaec5b94084b1a310024bfed582 - - default default] Successfully bumped revision number for resource cc5c4e70-8685-4b9f-bf9b-279bb89049a6 (type: security_group_rules) to 0
2026-07-02 16:34:32.612 10 INFO neutron.wsgi [None req-b6f22bd4-11a6-4ea9-abb5-a98b162c1db1 e217a29ff76048a09ef16d00846d9818 cf86fbaec5b94084b1a310024bfed582 - - default default] 10.0.0.209 "GET /v2.0/security-groups?tenant_id=83a34a97513c418cbdf0d29ceec30775&name=default HTTP/1.1" status: 200 len: 3124 time: 0.2789478
2026-07-02 16:34:32.992 9 INFO neutron.wsgi [None req-24b2ed51-e0e1-4d55-ac28-2464ee492991 e217a29ff76048a09ef16d00846d9818 cf86fbaec5b94084b1a310024bfed582 - - default default] 10.0.0.209 "DELETE /v2.0/security-groups/f4dd6494-d148-4532-8ea8-c86d722e44a3 HTTP/1.1" status: 204 len: 168 time: 0.3747072
2026-07-02 16:34:32.997 9 INFO neutron.plugins.ml2.drivers.ovn.mech_driver.mech_driver [None req-b4215389-a97c-4fa5-bb99-8462611de824 - - - - - -] OVN reports status down for port: 58123572-7e7d-4f67-94f4-935b110d85f9
2026-07-02 16:34:33.055 10 INFO neutron.wsgi [req-6470a8a8-cdd8-439b-b96a-955bfb01f70f req-7aa3eba9-fea5-4535-9c3b-c07d57e2c330 122361078a364a17bd9082a3e9dd0079 d8d6860352c742f3beb5e3e14ba077e8 - - default default] 10.0.0.195 "GET /v2.0/ports?device_id=81c877df-6beb-47b5-ab49-ef2db8df1457 HTTP/1.1" status: 200 len: 1170 time: 0.0823820
2026-07-02 16:34:33.101 10 INFO neutron.wsgi [req-6470a8a8-cdd8-439b-b96a-955bfb01f70f req-bbae64e0-ad57-4ff6-a9d9-f90fb6a1b024 122361078a364a17bd9082a3e9dd0079 d8d6860352c742f3beb5e3e14ba077e8 - - default default] 10.0.0.195 "GET /v2.0/security-groups?id=0a77f641-cae5-4481-960f-2dbdf686ade6&fields=id&fields=name HTTP/1.1" status: 200 len: 312 time: 0.0350904
2026-07-02 16:34:33.148 9 WARNING neutron.scheduler.dhcp_agent_scheduler [None req-a6069f12-1535-4dbe-91a0-c6c95d98d15a 2ec6dd28d8b74cae81679d096cfda49e 0b5c83a6af5746f8a86e30139bf536c8 - - default default] No more DHCP agents
2026-07-02 16:34:33.149 9 WARNING neutron.api.rpc.agentnotifiers.dhcp_rpc_agent_api [None req-a6069f12-1535-4dbe-91a0-c6c95d98d15a 2ec6dd28d8b74cae81679d096cfda49e 0b5c83a6af5746f8a86e30139bf536c8 - - default default] Unable to schedule network 17ebdad9-5243-4ffc-8906-6a463b15678e: no agents available; will retry on subsequent port and subnet creation events.
2026-07-02 16:34:33.176 9 INFO neutron.notifiers.nova [-] Nova event matching ['req-91899439-17b1-4a70-903e-671e97e9e44a'] response: {'server_uuid': '81c877df-6beb-47b5-ab49-ef2db8df1457', 'name': 'network-vif-unplugged', 'status': 'completed', 'tag': '58123572-7e7d-4f67-94f4-935b110d85f9', 'code': 200}
2026-07-02 16:34:33.341 10 INFO neutron.wsgi [req-1fbc3245-e343-4a6a-9406-44f795060ab8 req-8caacc05-a8db-4e04-b21f-2c6199e438ed 122361078a364a17bd9082a3e9dd0079 d8d6860352c742f3beb5e3e14ba077e8 - - default default] 199.19.213.35 "GET /v2.0/ports?device_id=81c877df-6beb-47b5-ab49-ef2db8df1457 HTTP/1.1" status: 200 len: 1168 time: 0.0548568
2026-07-02 16:34:33.346 9 INFO neutron.db.ovn_revision_numbers_db [None req-a6069f12-1535-4dbe-91a0-c6c95d98d15a 2ec6dd28d8b74cae81679d096cfda49e 0b5c83a6af5746f8a86e30139bf536c8 - - default default] Successfully bumped revision number for resource 6dee3e05-e4c0-4cb0-89ee-486fd04b4781 (type: ports) to 1
2026-07-02 16:34:33.417 9 INFO neutron.db.ovn_revision_numbers_db [None req-b4215389-a97c-4fa5-bb99-8462611de824 - - - - - -] Successfully bumped revision number for resource 58123572-7e7d-4f67-94f4-935b110d85f9 (type: ports) to 5 /var/lib/openstack/lib/python3.10/site-packages/pycadf/identifier.py:71: UserWarning: Invalid uuid: neutron. To ensure interoperability, identifiers should be a valid uuid. warnings.warn(('Invalid uuid: %s. To ensure interoperability, '
2026-07-02 16:34:33.841 10 INFO neutron.db.l3_db [req-1fbc3245-e343-4a6a-9406-44f795060ab8 req-2e02eda1-5bac-4471-9231-257e7ecdfc19 122361078a364a17bd9082a3e9dd0079 d8d6860352c742f3beb5e3e14ba077e8 - - default default] Floating IP 858d5bdc-d030-4e02-bbb9-77194d2e25fa disassociated. External IP: 10.96.250.208, port: 58123572-7e7d-4f67-94f4-935b110d85f9.
2026-07-02 16:34:33.863 9 INFO neutron.wsgi [req-8fc920d9-828c-4252-9327-a29eeaefa18c req-90f6cbdf-653c-4fa3-ab3b-875ef8f2e944 30aa680b0d664b0a96200ad8d3469679 d7025f63bfe64af6b5843110c1352ec0 - - ec063602019246bc80897eebb5ed279f ec063602019246bc80897eebb5ed279f] 199.19.213.35 "GET /v2.0/ports?device_id=00c70043-9056-4d1a-bc80-a74d4124a25c&fields=binding%3Ahost_id&fields=binding%3Avif_type HTTP/1.1" status: 200 len: 265 time: 0.0750983 /var/lib/openstack/lib/python3.10/site-packages/pycadf/identifier.py:71: UserWarning: Invalid uuid: neutron. To ensure interoperability, identifiers should be a valid uuid. warnings.warn(('Invalid uuid: %s. To ensure interoperability, '
2026-07-02 16:34:33.974 9 INFO neutron.wsgi [req-8fc920d9-828c-4252-9327-a29eeaefa18c req-40067f64-b5b5-4a9e-8fe2-d5802cd7d5e6 30aa680b0d664b0a96200ad8d3469679 d7025f63bfe64af6b5843110c1352ec0 - - ec063602019246bc80897eebb5ed279f ec063602019246bc80897eebb5ed279f] 199.19.213.35 "GET /v2.0/ports?tenant_id=d8d6860352c742f3beb5e3e14ba077e8&device_id=00c70043-9056-4d1a-bc80-a74d4124a25c HTTP/1.1" status: 200 len: 1409 time: 0.0706577
2026-07-02 16:34:33.995 10 INFO neutron.wsgi [req-1fbc3245-e343-4a6a-9406-44f795060ab8 req-2e02eda1-5bac-4471-9231-257e7ecdfc19 122361078a364a17bd9082a3e9dd0079 d8d6860352c742f3beb5e3e14ba077e8 - - default default] 199.19.213.35 "DELETE /v2.0/ports/58123572-7e7d-4f67-94f4-935b110d85f9 HTTP/1.1" status: 204 len: 173 time: 0.6483703
2026-07-02 16:34:34.045 9 ERROR ovsdbapp.backend.ovs_idl.command [None req-a6069f12-1535-4dbe-91a0-c6c95d98d15a 2ec6dd28d8b74cae81679d096cfda49e 0b5c83a6af5746f8a86e30139bf536c8 - - default default] Error executing command (DbGetCommand): ovsdbapp.backend.ovs_idl.idlutils.RowNotFound: Cannot find Logical_Router_Port with name=lrp-6dee3e05-e4c0-4cb0-89ee-486fd04b4781
2026-07-02 16:34:34.045 9 ERROR ovsdbapp.backend.ovs_idl.command
Traceback (most recent call last):
2026-07-02 16:34:34.045 9 ERROR ovsdbapp.backend.ovs_idl.command
File "/var/lib/openstack/lib/python3.10/site-packages/ovsdbapp/backend/ovs_idl/command.py", line 47, in execute
2026-07-02 16:34:34.045 9 ERROR ovsdbapp.backend.ovs_idl.command self.run_idl(None)
2026-07-02 16:34:34.045 9 ERROR ovsdbapp.backend.ovs_idl.command
File "/var/lib/openstack/lib/python3.10/site-packages/ovsdbapp/backend/ovs_idl/command.py", line 235, in run_idl
2026-07-02 16:34:34.045 9 ERROR ovsdbapp.backend.ovs_idl.command record = self.api.lookup(self.table, self.record)
2026-07-02 16:34:34.045 9 ERROR ovsdbapp.backend.ovs_idl.command
File "/var/lib/openstack/lib/python3.10/site-packages/ovsdbapp/backend/ovs_idl/__init__.py", line 184, in lookup
2026-07-02 16:34:34.045 9 ERROR ovsdbapp.backend.ovs_idl.command return self._lookup(table, record)
2026-07-02 16:34:34.045 9 ERROR ovsdbapp.backend.ovs_idl.command
File "/var/lib/openstack/lib/python3.10/site-packages/ovsdbapp/backend/ovs_idl/__init__.py", line 235, in _lookup
2026-07-02 16:34:34.045 9 ERROR ovsdbapp.backend.ovs_idl.command row = idlutils.row_by_value(self, rl.table, rl.column, record)
2026-07-02 16:34:34.045 9 ERROR ovsdbapp.backend.ovs_idl.command
File "/var/lib/openstack/lib/python3.10/site-packages/ovsdbapp/backend/ovs_idl/idlutils.py", line 114, in row_by_value
2026-07-02 16:34:34.045 9 ERROR ovsdbapp.backend.ovs_idl.command raise RowNotFound(table=table, col=column, match=match)
2026-07-02 16:34:34.045 9 ERROR ovsdbapp.backend.ovs_idl.command ovsdbapp.backend.ovs_idl.idlutils.RowNotFound: Cannot find Logical_Router_Port with name=lrp-6dee3e05-e4c0-4cb0-89ee-486fd04b4781
2026-07-02 16:34:34.045 9 ERROR ovsdbapp.backend.ovs_idl.command 
2026-07-02 16:34:34.046 9 ERROR neutron_lib.callbacks.manager [None req-a6069f12-1535-4dbe-91a0-c6c95d98d15a 2ec6dd28d8b74cae81679d096cfda49e 0b5c83a6af5746f8a86e30139bf536c8 - - default default] Error during notification for neutron.services.ovn_l3.plugin.OVNL3RouterPlugin._port_update-8767034085067 port, after_update: ovsdbapp.backend.ovs_idl.idlutils.RowNotFound: Cannot find Logical_Router_Port with name=lrp-6dee3e05-e4c0-4cb0-89ee-486fd04b4781
2026-07-02 16:34:34.046 9 ERROR neutron_lib.callbacks.manager
Traceback (most recent call last):
2026-07-02 16:34:34.046 9 ERROR neutron_lib.callbacks.manager
File "/var/lib/openstack/lib/python3.10/site-packages/neutron_lib/callbacks/manager.py", line 189, in _notify_loop
2026-07-02 16:34:34.046 9 ERROR neutron_lib.callbacks.manager callback.method(resource, event, trigger, payload=payload)
2026-07-02 16:34:34.046 9 ERROR neutron_lib.callbacks.manager
File "/var/lib/openstack/lib/python3.10/site-packages/neutron/services/ovn_l3/plugin.py", line 391, in _port_update
2026-07-02 16:34:34.046 9 ERROR neutron_lib.callbacks.manager l3plugin._ovn_client.update_router_port(context,
2026-07-02 16:34:34.046 9 ERROR neutron_lib.callbacks.manager
File "/var/lib/openstack/lib/python3.10/site-packages/neutron/plugins/ml2/drivers/ovn/mech_driver/ovsdb/ovn_client.py", line 1878, in update_router_port
2026-07-02 16:34:34.046 9 ERROR neutron_lib.callbacks.manager self._update_lrouter_port(context, port, if_exists=if_exists,
2026-07-02 16:34:34.046 9 ERROR neutron_lib.callbacks.manager
File "/var/lib/openstack/lib/python3.10/site-packages/neutron/plugins/ml2/drivers/ovn/mech_driver/ovsdb/ovn_client.py", line 1855, in _update_lrouter_port
2026-07-02 16:34:34.046 9 ERROR neutron_lib.callbacks.manager external_ids = self._nb_idl.db_get(
2026-07-02 16:34:34.046 9 ERROR neutron_lib.callbacks.manager
File "/var/lib/openstack/lib/python3.10/site-packages/ovsdbapp/backend/ovs_idl/command.py", line 47, in execute
2026-07-02 16:34:34.046 9 ERROR neutron_lib.callbacks.manager self.run_idl(None)
2026-07-02 16:34:34.046 9 ERROR neutron_lib.callbacks.manager
File "/var/lib/openstack/lib/python3.10/site-packages/ovsdbapp/backend/ovs_idl/command.py", line 235, in run_idl
2026-07-02 16:34:34.046 9 ERROR neutron_lib.callbacks.manager record = self.api.lookup(self.table, self.record)
2026-07-02 16:34:34.046 9 ERROR neutron_lib.callbacks.manager
File "/var/lib/openstack/lib/python3.10/site-packages/ovsdbapp/backend/ovs_idl/__init__.py", line 184, in lookup
2026-07-02 16:34:34.046 9 ERROR neutron_lib.callbacks.manager return self._lookup(table, record)
2026-07-02 16:34:34.046 9 ERROR neutron_lib.callbacks.manager
File "/var/lib/openstack/lib/python3.10/site-packages/ovsdbapp/backend/ovs_idl/__init__.py", line 235, in _lookup
2026-07-02 16:34:34.046 9 ERROR neutron_lib.callbacks.manager row = idlutils.row_by_value(self, rl.table, rl.column, record)
2026-07-02 16:34:34.046 9 ERROR neutron_lib.callbacks.manager
File "/var/lib/openstack/lib/python3.10/site-packages/ovsdbapp/backend/ovs_idl/idlutils.py", line 114, in row_by_value
2026-07-02 16:34:34.046 9 ERROR neutron_lib.callbacks.manager raise RowNotFound(table=table, col=column, match=match)
2026-07-02 16:34:34.046 9 ERROR neutron_lib.callbacks.manager ovsdbapp.backend.ovs_idl.idlutils.RowNotFound: Cannot find Logical_Router_Port with name=lrp-6dee3e05-e4c0-4cb0-89ee-486fd04b4781
2026-07-02 16:34:34.046 9 ERROR neutron_lib.callbacks.manager 
2026-07-02 16:34:34.047 10 INFO neutron.notifiers.nova [-] Nova event matching ['req-f193fc80-16ea-48ff-b20a-c476c92f1cf3'] response: {'server_uuid': '81c877df-6beb-47b5-ab49-ef2db8df1457', 'name': 'network-vif-deleted', 'tag': '58123572-7e7d-4f67-94f4-935b110d85f9', 'status': 'completed', 'code': 200}
2026-07-02 16:34:34.099 9 INFO neutron.wsgi [req-8fc920d9-828c-4252-9327-a29eeaefa18c req-3a1182c6-89d8-4efc-b7f7-f74118c8ede9 30aa680b0d664b0a96200ad8d3469679 d7025f63bfe64af6b5843110c1352ec0 - - ec063602019246bc80897eebb5ed279f ec063602019246bc80897eebb5ed279f] 199.19.213.35 "GET /v2.0/networks?id=750a2308-2d82-456c-8688-8597251f433a HTTP/1.1" status: 200 len: 958 time: 0.1012340
2026-07-02 16:34:34.158 9 INFO neutron.wsgi [req-8fc920d9-828c-4252-9327-a29eeaefa18c req-94c476ee-d457-4246-8080-9cbc0e4f4636 30aa680b0d664b0a96200ad8d3469679 d7025f63bfe64af6b5843110c1352ec0 - - ec063602019246bc80897eebb5ed279f ec063602019246bc80897eebb5ed279f] 199.19.213.35 "GET /v2.0/floatingips?fixed_ip_address=10.100.0.8&port_id=c4559dcd-7bfe-4078-ac0d-67829ebb391e HTTP/1.1" status: 200 len: 217 time: 0.0452030
2026-07-02 16:34:34.217 9 INFO neutron.wsgi [req-8fc920d9-828c-4252-9327-a29eeaefa18c req-8fc775df-8aba-49be-b9db-4e19dda2784f 30aa680b0d664b0a96200ad8d3469679 d7025f63bfe64af6b5843110c1352ec0 - - ec063602019246bc80897eebb5ed279f ec063602019246bc80897eebb5ed279f] 199.19.213.35 "GET /v2.0/subnets?id=1467798f-b3ab-4198-8785-c0ea2f17d5e4 HTTP/1.1" status: 200 len: 853 time: 0.0468972
2026-07-02 16:34:34.252 9 INFO neutron.wsgi [req-8fc920d9-828c-4252-9327-a29eeaefa18c req-7b9039a3-714e-49e9-a98b-2b03881cfee6 30aa680b0d664b0a96200ad8d3469679 d7025f63bfe64af6b5843110c1352ec0 - - ec063602019246bc80897eebb5ed279f ec063602019246bc80897eebb5ed279f] 199.19.213.35 "GET /v2.0/ports?network_id=750a2308-2d82-456c-8688-8597251f433a&device_owner=network%3Adhcp HTTP/1.1" status: 200 len: 210 time: 0.0309265
2026-07-02 16:34:34.360 9 INFO neutron.wsgi [req-8fc920d9-828c-4252-9327-a29eeaefa18c req-c93deeb8-0ac5-4266-a04a-cd304b427e2e 30aa680b0d664b0a96200ad8d3469679 d7025f63bfe64af6b5843110c1352ec0 - - ec063602019246bc80897eebb5ed279f ec063602019246bc80897eebb5ed279f] 199.19.213.35 "GET /v2.0/networks/750a2308-2d82-456c-8688-8597251f433a?fields=segments HTTP/1.1" status: 200 len: 212 time: 0.0891669
2026-07-02 16:34:34.364 10 INFO neutron.wsgi [req-83eff3ce-b28b-480d-ac53-67717210fc0c req-ea1dc0a2-4831-423e-9aca-aa6c6cf49c13 122361078a364a17bd9082a3e9dd0079 d8d6860352c742f3beb5e3e14ba077e8 - - default default] 10.0.0.195 "GET /v2.0/ports?device_id=81c877df-6beb-47b5-ab49-ef2db8df1457 HTTP/1.1" status: 200 len: 210 time: 0.0328889
2026-07-02 16:34:34.364 9 INFO neutron.plugins.ml2.drivers.ovn.mech_driver.mech_driver [None req-b4215389-a97c-4fa5-bb99-8462611de824 - - - - - -] OVN reports status up for port: 6dee3e05-e4c0-4cb0-89ee-486fd04b4781
2026-07-02 16:34:34.397 9 INFO neutron.plugins.ml2.plugin [None req-b4215389-a97c-4fa5-bb99-8462611de824 - - - - - -] Attempt 1 to provision port 6dee3e05-e4c0-4cb0-89ee-486fd04b4781
2026-07-02 16:34:34.703 9 INFO neutron.db.ovn_revision_numbers_db [None req-a6069f12-1535-4dbe-91a0-c6c95d98d15a 2ec6dd28d8b74cae81679d096cfda49e 0b5c83a6af5746f8a86e30139bf536c8 - - default default] Successfully bumped revision number for resource 6dee3e05-e4c0-4cb0-89ee-486fd04b4781 (type: ports) to 1
2026-07-02 16:34:34.755 9 INFO neutron.wsgi [req-8fc920d9-828c-4252-9327-a29eeaefa18c req-09bc3087-0c5f-4fc3-a3dd-9d68d69e3404 30aa680b0d664b0a96200ad8d3469679 d7025f63bfe64af6b5843110c1352ec0 - - ec063602019246bc80897eebb5ed279f ec063602019246bc80897eebb5ed279f] 199.19.213.35 "GET /v2.0/networks/750a2308-2d82-456c-8688-8597251f433a?fields=provider%3Aphysical_network&fields=provider%3Anetwork_type HTTP/1.1" status: 200 len: 277 time: 0.3819551
2026-07-02 16:34:34.810 9 WARNING neutron.scheduler.dhcp_agent_scheduler [None req-a6069f12-1535-4dbe-91a0-c6c95d98d15a 2ec6dd28d8b74cae81679d096cfda49e 0b5c83a6af5746f8a86e30139bf536c8 - - default default] No more DHCP agents
2026-07-02 16:34:34.812 9 WARNING neutron.api.rpc.agentnotifiers.dhcp_rpc_agent_api [None req-a6069f12-1535-4dbe-91a0-c6c95d98d15a 2ec6dd28d8b74cae81679d096cfda49e 0b5c83a6af5746f8a86e30139bf536c8 - - default default] Unable to schedule network 17ebdad9-5243-4ffc-8906-6a463b15678e: no agents available; will retry on subsequent port and subnet creation events.
2026-07-02 16:34:35.224 9 INFO neutron.notifiers.nova [-] Nova event matching ['req-3382bd38-e364-46dc-a6ed-c0c9334ec8fd'] response: {'server_uuid': '81c877df-6beb-47b5-ab49-ef2db8df1457', 'name': 'network-vif-unplugged', 'status': 'completed', 'tag': '58123572-7e7d-4f67-94f4-935b110d85f9', 'code': 200}
2026-07-02 16:34:35.249 9 INFO neutron.db.ovn_revision_numbers_db [None req-b4215389-a97c-4fa5-bb99-8462611de824 - - - - - -] Successfully bumped revision number for resource 6dee3e05-e4c0-4cb0-89ee-486fd04b4781 (type: ports) to 2
2026-07-02 16:34:35.399 9 ERROR ovsdbapp.backend.ovs_idl.command [None req-b4215389-a97c-4fa5-bb99-8462611de824 - - - - - -] Error executing command (DbGetCommand): ovsdbapp.backend.ovs_idl.idlutils.RowNotFound: Cannot find Logical_Router_Port with name=lrp-6dee3e05-e4c0-4cb0-89ee-486fd04b4781
2026-07-02 16:34:35.399 9 ERROR ovsdbapp.backend.ovs_idl.command
Traceback (most recent call last):
2026-07-02 16:34:35.399 9 ERROR ovsdbapp.backend.ovs_idl.command
File "/var/lib/openstack/lib/python3.10/site-packages/ovsdbapp/backend/ovs_idl/command.py", line 47, in execute
2026-07-02 16:34:35.399 9 ERROR ovsdbapp.backend.ovs_idl.command self.run_idl(None)
2026-07-02 16:34:35.399 9 ERROR ovsdbapp.backend.ovs_idl.command
File "/var/lib/openstack/lib/python3.10/site-packages/ovsdbapp/backend/ovs_idl/command.py", line 235, in run_idl
2026-07-02 16:34:35.399 9 ERROR ovsdbapp.backend.ovs_idl.command record = self.api.lookup(self.table, self.record)
2026-07-02 16:34:35.399 9 ERROR ovsdbapp.backend.ovs_idl.command
File "/var/lib/openstack/lib/python3.10/site-packages/ovsdbapp/backend/ovs_idl/__init__.py", line 184, in lookup
2026-07-02 16:34:35.399 9 ERROR ovsdbapp.backend.ovs_idl.command return self._lookup(table, record)
2026-07-02 16:34:35.399 9 ERROR ovsdbapp.backend.ovs_idl.command
File "/var/lib/openstack/lib/python3.10/site-packages/ovsdbapp/backend/ovs_idl/__init__.py", line 235, in _lookup
2026-07-02 16:34:35.399 9 ERROR ovsdbapp.backend.ovs_idl.command row = idlutils.row_by_value(self, rl.table, rl.column, record)
2026-07-02 16:34:35.399 9 ERROR ovsdbapp.backend.ovs_idl.command
File "/var/lib/openstack/lib/python3.10/site-packages/ovsdbapp/backend/ovs_idl/idlutils.py", line 114, in row_by_value
2026-07-02 16:34:35.399 9 ERROR ovsdbapp.backend.ovs_idl.command raise RowNotFound(table=table, col=column, match=match)
2026-07-02 16:34:35.399 9 ERROR ovsdbapp.backend.ovs_idl.command ovsdbapp.backend.ovs_idl.idlutils.RowNotFound: Cannot find Logical_Router_Port with name=lrp-6dee3e05-e4c0-4cb0-89ee-486fd04b4781
2026-07-02 16:34:35.399 9 ERROR ovsdbapp.backend.ovs_idl.command 
2026-07-02 16:34:35.400 9 ERROR neutron_lib.callbacks.manager [None req-b4215389-a97c-4fa5-bb99-8462611de824 - - - - - -] Error during notification for neutron.services.ovn_l3.plugin.OVNL3RouterPlugin._port_update-8767034085067 port, after_update: ovsdbapp.backend.ovs_idl.idlutils.RowNotFound: Cannot find Logical_Router_Port with name=lrp-6dee3e05-e4c0-4cb0-89ee-486fd04b4781
2026-07-02 16:34:35.400 9 ERROR neutron_lib.callbacks.manager
Traceback (most recent call last):
2026-07-02 16:34:35.400 9 ERROR neutron_lib.callbacks.manager
File "/var/lib/openstack/lib/python3.10/site-packages/neutron_lib/callbacks/manager.py", line 189, in _notify_loop
2026-07-02 16:34:35.400 9 ERROR neutron_lib.callbacks.manager callback.method(resource, event, trigger, payload=payload)
2026-07-02 16:34:35.400 9 ERROR neutron_lib.callbacks.manager
File "/var/lib/openstack/lib/python3.10/site-packages/neutron/services/ovn_l3/plugin.py", line 391, in _port_update
2026-07-02 16:34:35.400 9 ERROR neutron_lib.callbacks.manager l3plugin._ovn_client.update_router_port(context,
2026-07-02 16:34:35.400 9 ERROR neutron_lib.callbacks.manager
File "/var/lib/openstack/lib/python3.10/site-packages/neutron/plugins/ml2/drivers/ovn/mech_driver/ovsdb/ovn_client.py", line 1878, in update_router_port
2026-07-02 16:34:35.400 9 ERROR neutron_lib.callbacks.manager self._update_lrouter_port(context, port, if_exists=if_exists,
2026-07-02 16:34:35.400 9 ERROR neutron_lib.callbacks.manager
File "/var/lib/openstack/lib/python3.10/site-packages/neutron/plugins/ml2/drivers/ovn/mech_driver/ovsdb/ovn_client.py", line 1855, in _update_lrouter_port
2026-07-02 16:34:35.400 9 ERROR neutron_lib.callbacks.manager external_ids = self._nb_idl.db_get(
2026-07-02 16:34:35.400 9 ERROR neutron_lib.callbacks.manager
File "/var/lib/openstack/lib/python3.10/site-packages/ovsdbapp/backend/ovs_idl/command.py", line 47, in execute
2026-07-02 16:34:35.400 9 ERROR neutron_lib.callbacks.manager self.run_idl(None)
2026-07-02 16:34:35.400 9 ERROR neutron_lib.callbacks.manager
File "/var/lib/openstack/lib/python3.10/site-packages/ovsdbapp/backend/ovs_idl/command.py", line 235, in run_idl
2026-07-02 16:34:35.400 9 ERROR neutron_lib.callbacks.manager record = self.api.lookup(self.table, self.record)
2026-07-02 16:34:35.400 9 ERROR neutron_lib.callbacks.manager
File "/var/lib/openstack/lib/python3.10/site-packages/ovsdbapp/backend/ovs_idl/__init__.py", line 184, in lookup
2026-07-02 16:34:35.400 9 ERROR neutron_lib.callbacks.manager return self._lookup(table, record)
2026-07-02 16:34:35.400 9 ERROR neutron_lib.callbacks.manager
File "/var/lib/openstack/lib/python3.10/site-packages/ovsdbapp/backend/ovs_idl/__init__.py", line 235, in _lookup
2026-07-02 16:34:35.400 9 ERROR neutron_lib.callbacks.manager row = idlutils.row_by_value(self, rl.table, rl.column, record)
2026-07-02 16:34:35.400 9 ERROR neutron_lib.callbacks.manager
File "/var/lib/openstack/lib/python3.10/site-packages/ovsdbapp/backend/ovs_idl/idlutils.py", line 114, in row_by_value
2026-07-02 16:34:35.400 9 ERROR neutron_lib.callbacks.manager raise RowNotFound(table=table, col=column, match=match)
2026-07-02 16:34:35.400 9 ERROR neutron_lib.callbacks.manager ovsdbapp.backend.ovs_idl.idlutils.RowNotFound: Cannot find Logical_Router_Port with name=lrp-6dee3e05-e4c0-4cb0-89ee-486fd04b4781
2026-07-02 16:34:35.400 9 ERROR neutron_lib.callbacks.manager 
2026-07-02 16:34:35.615 10 INFO neutron.wsgi [None req-562f76cb-af12-4041-8bec-b43d2ad6c0d4 122361078a364a17bd9082a3e9dd0079 d8d6860352c742f3beb5e3e14ba077e8 - - default default] 10.0.0.209 "DELETE /v2.0/security-groups/0a77f641-cae5-4481-960f-2dbdf686ade6 HTTP/1.1" status: 204 len: 168 time: 0.1810770
2026-07-02 16:34:35.692 9 INFO neutron.db.ovn_revision_numbers_db [None req-a6069f12-1535-4dbe-91a0-c6c95d98d15a 2ec6dd28d8b74cae81679d096cfda49e 0b5c83a6af5746f8a86e30139bf536c8 - - default default] Successfully bumped revision number for resource 6dee3e05-e4c0-4cb0-89ee-486fd04b4781 (type: router_ports) to 1
2026-07-02 16:34:35.916 9 WARNING neutron.scheduler.dhcp_agent_scheduler [None req-a2396a01-f46e-47ec-b046-f5331192e260 - - - - - -] No more DHCP agents
2026-07-02 16:34:35.918 9 WARNING neutron.api.rpc.agentnotifiers.dhcp_rpc_agent_api [None req-a2396a01-f46e-47ec-b046-f5331192e260 - - - - - -] Unable to schedule network 17ebdad9-5243-4ffc-8906-6a463b15678e: no agents available; will retry on subsequent port and subnet creation events.
2026-07-02 16:34:35.971 10 INFO neutron.wsgi [None req-af45c8b6-47cc-4c35-87ad-e8d7f715b1e0 122361078a364a17bd9082a3e9dd0079 d8d6860352c742f3beb5e3e14ba077e8 - - default default] 10.0.0.209 "DELETE /v2.0/floatingips/858d5bdc-d030-4e02-bbb9-77194d2e25fa HTTP/1.1" status: 204 len: 168 time: 0.3245583
2026-07-02 16:34:36.096 9 INFO neutron.db.ovn_revision_numbers_db [None req-a2396a01-f46e-47ec-b046-f5331192e260 - - - - - -] Successfully bumped revision number for resource 41ca1db1-d84b-47df-8af6-7d1c0ca39a6c (type: ports) to 1
2026-07-02 16:34:36.191 10 INFO neutron.wsgi [req-ad7e23b8-01f5-4134-b01a-8c802434c9a0 req-ccf1af13-bc07-4a49-ae01-2ed27f2e32c0 122361078a364a17bd9082a3e9dd0079 d8d6860352c742f3beb5e3e14ba077e8 - - default default] 10.0.0.195 "GET /v2.0/ports?device_id=00c70043-9056-4d1a-bc80-a74d4124a25c HTTP/1.1" status: 200 len: 1170 time: 0.0517025
2026-07-02 16:34:36.224 10 WARNING neutron.plugins.ml2.drivers.ovn.mech_driver.ovsdb.ovn_client [None req-fd4df701-26b0-41c5-b609-9382b83bb7e4 - - - - - -] No hosting information found for port c2d0951f-4f7a-47d5-85b8-892d6133243d: RuntimeError: No hosting information found for port c2d0951f-4f7a-47d5-85b8-892d6133243d
2026-07-02 16:34:36.270 10 INFO neutron.wsgi [req-ad7e23b8-01f5-4134-b01a-8c802434c9a0 req-c8a1541f-4e79-464c-9289-d295295c6c10 122361078a364a17bd9082a3e9dd0079 d8d6860352c742f3beb5e3e14ba077e8 - - default default] 10.0.0.195 "GET /v2.0/security-groups?id=50b57e33-81e3-42e8-bf89-1141f9d1149c&fields=id&fields=name HTTP/1.1" status: 200 len: 313 time: 0.0734744
