2026-07-02 16:33:39.797 9 ERROR neutron_lib.callbacks.manager [None req-c770df8a-db09-4fe1-ba17-0204b1f11478 122361078a364a17bd9082a3e9dd0079 d8d6860352c742f3beb5e3e14ba077e8 - - default default] Error during notification for neutron.services.ovn_l3.plugin.OVNL3RouterPlugin._port_update-8767034085067 port, after_update: ovsdbapp.backend.ovs_idl.idlutils.RowNotFound: Cannot find Logical_Router_Port with name=lrp-35670168-a627-4908-8f5c-0c1adcb22474
2026-07-02 16:33:39.797 9 ERROR neutron_lib.callbacks.manager
Traceback (most recent call last):
2026-07-02 16:33:39.797 9 ERROR neutron_lib.callbacks.manager
File "/var/lib/openstack/lib/python3.10/site-packages/neutron_lib/callbacks/manager.py", line 189, in _notify_loop
2026-07-02 16:33:39.797 9 ERROR neutron_lib.callbacks.manager callback.method(resource, event, trigger, payload=payload)
2026-07-02 16:33:39.797 9 ERROR neutron_lib.callbacks.manager
File "/var/lib/openstack/lib/python3.10/site-packages/neutron/services/ovn_l3/plugin.py", line 391, in _port_update
2026-07-02 16:33:39.797 9 ERROR neutron_lib.callbacks.manager l3plugin._ovn_client.update_router_port(context,
2026-07-02 16:33:39.797 9 ERROR neutron_lib.callbacks.manager
File "/var/lib/openstack/lib/python3.10/site-packages/neutron/plugins/ml2/drivers/ovn/mech_driver/ovsdb/ovn_client.py", line 1878, in update_router_port
2026-07-02 16:33:39.797 9 ERROR neutron_lib.callbacks.manager self._update_lrouter_port(context, port, if_exists=if_exists,
2026-07-02 16:33:39.797 9 ERROR neutron_lib.callbacks.manager
File "/var/lib/openstack/lib/python3.10/site-packages/neutron/plugins/ml2/drivers/ovn/mech_driver/ovsdb/ovn_client.py", line 1855, in _update_lrouter_port
2026-07-02 16:33:39.797 9 ERROR neutron_lib.callbacks.manager external_ids = self._nb_idl.db_get(
2026-07-02 16:33:39.797 9 ERROR neutron_lib.callbacks.manager
File "/var/lib/openstack/lib/python3.10/site-packages/ovsdbapp/backend/ovs_idl/command.py", line 47, in execute
2026-07-02 16:33:39.797 9 ERROR neutron_lib.callbacks.manager self.run_idl(None)
2026-07-02 16:33:39.797 9 ERROR neutron_lib.callbacks.manager
File "/var/lib/openstack/lib/python3.10/site-packages/ovsdbapp/backend/ovs_idl/command.py", line 235, in run_idl
2026-07-02 16:33:39.797 9 ERROR neutron_lib.callbacks.manager record = self.api.lookup(self.table, self.record)
2026-07-02 16:33:39.797 9 ERROR neutron_lib.callbacks.manager
File "/var/lib/openstack/lib/python3.10/site-packages/ovsdbapp/backend/ovs_idl/__init__.py", line 184, in lookup
2026-07-02 16:33:39.797 9 ERROR neutron_lib.callbacks.manager return self._lookup(table, record)
2026-07-02 16:33:39.797 9 ERROR neutron_lib.callbacks.manager
File "/var/lib/openstack/lib/python3.10/site-packages/ovsdbapp/backend/ovs_idl/__init__.py", line 235, in _lookup
2026-07-02 16:33:39.797 9 ERROR neutron_lib.callbacks.manager row = idlutils.row_by_value(self, rl.table, rl.column, record)
2026-07-02 16:33:39.797 9 ERROR neutron_lib.callbacks.manager
File "/var/lib/openstack/lib/python3.10/site-packages/ovsdbapp/backend/ovs_idl/idlutils.py", line 114, in row_by_value
2026-07-02 16:33:39.797 9 ERROR neutron_lib.callbacks.manager raise RowNotFound(table=table, col=column, match=match)
2026-07-02 16:33:39.797 9 ERROR neutron_lib.callbacks.manager ovsdbapp.backend.ovs_idl.idlutils.RowNotFound: Cannot find Logical_Router_Port with name=lrp-35670168-a627-4908-8f5c-0c1adcb22474
2026-07-02 16:33:39.797 9 ERROR neutron_lib.callbacks.manager 
2026-07-02 16:33:39.822 10 INFO neutron.wsgi [None req-ff836196-cb2f-4666-a5de-d8144856fa0f e217a29ff76048a09ef16d00846d9818 cf86fbaec5b94084b1a310024bfed582 - - default default] 10.0.0.209 "DELETE /v2.0/security-groups/f85541dc-ef7e-49a6-94d4-8981d016e210 HTTP/1.1" status: 204 len: 168 time: 0.3661547
2026-07-02 16:33:39.972 10 INFO neutron.wsgi [None req-db03d965-bd41-4b86-8510-816ab0be5ea8 e217a29ff76048a09ef16d00846d9818 cf86fbaec5b94084b1a310024bfed582 - - default default] 10.0.0.209 "DELETE /v2.0/security-groups/702df72c-37c4-4152-b470-40e0001f970b HTTP/1.1" status: 204 len: 168 time: 0.3670595
2026-07-02 16:33:39.994 10 INFO neutron.plugins.ml2.drivers.ovn.mech_driver.mech_driver [None req-fd4df701-26b0-41c5-b609-9382b83bb7e4 - - - - - -] OVN reports status up for port: 35670168-a627-4908-8f5c-0c1adcb22474
2026-07-02 16:33:40.009 10 INFO neutron.plugins.ml2.plugin [None req-fd4df701-26b0-41c5-b609-9382b83bb7e4 - - - - - -] Attempt 1 to provision port 35670168-a627-4908-8f5c-0c1adcb22474
2026-07-02 16:33:40.022 9 INFO neutron.db.ovn_revision_numbers_db [None req-c770df8a-db09-4fe1-ba17-0204b1f11478 122361078a364a17bd9082a3e9dd0079 d8d6860352c742f3beb5e3e14ba077e8 - - default default] Successfully bumped revision number for resource 35670168-a627-4908-8f5c-0c1adcb22474 (type: ports) to 1
2026-07-02 16:33:40.093 9 WARNING neutron.scheduler.dhcp_agent_scheduler [None req-c770df8a-db09-4fe1-ba17-0204b1f11478 122361078a364a17bd9082a3e9dd0079 d8d6860352c742f3beb5e3e14ba077e8 - - default default] No more DHCP agents
2026-07-02 16:33:40.094 9 WARNING neutron.api.rpc.agentnotifiers.dhcp_rpc_agent_api [None req-c770df8a-db09-4fe1-ba17-0204b1f11478 122361078a364a17bd9082a3e9dd0079 d8d6860352c742f3beb5e3e14ba077e8 - - default default] Unable to schedule network 750a2308-2d82-456c-8688-8597251f433a: no agents available; will retry on subsequent port and subnet creation events.
2026-07-02 16:33:40.191 10 INFO neutron.db.ovn_revision_numbers_db [None req-760488ff-bef0-4362-918f-ddcc6628054b e217a29ff76048a09ef16d00846d9818 cf86fbaec5b94084b1a310024bfed582 - - default default] Successfully bumped revision number for resource e372e45e-40c3-4aec-b1af-7e3dd706e2a3 (type: security_groups) to 1
2026-07-02 16:33:40.238 10 INFO neutron.db.ovn_revision_numbers_db [None req-760488ff-bef0-4362-918f-ddcc6628054b e217a29ff76048a09ef16d00846d9818 cf86fbaec5b94084b1a310024bfed582 - - default default] Successfully bumped revision number for resource 10b5d288-193c-48c4-a729-1b587ba7a98a (type: security_group_rules) to 0
2026-07-02 16:33:40.273 10 INFO neutron.db.ovn_revision_numbers_db [None req-760488ff-bef0-4362-918f-ddcc6628054b e217a29ff76048a09ef16d00846d9818 cf86fbaec5b94084b1a310024bfed582 - - default default] Successfully bumped revision number for resource 7ad67cab-ef93-4bf7-b8c8-e484af0e4c5d (type: security_group_rules) to 0
2026-07-02 16:33:40.296 10 INFO neutron.db.ovn_revision_numbers_db [None req-760488ff-bef0-4362-918f-ddcc6628054b e217a29ff76048a09ef16d00846d9818 cf86fbaec5b94084b1a310024bfed582 - - default default] Successfully bumped revision number for resource 94d64dd1-8260-4a08-9e27-2fa424571bca (type: security_group_rules) to 0
2026-07-02 16:33:40.327 10 INFO neutron.db.ovn_revision_numbers_db [None req-760488ff-bef0-4362-918f-ddcc6628054b e217a29ff76048a09ef16d00846d9818 cf86fbaec5b94084b1a310024bfed582 - - default default] Successfully bumped revision number for resource def6b227-1b19-49c9-814a-3b71f8ebcfaa (type: security_group_rules) to 0
2026-07-02 16:33:40.383 10 INFO neutron.wsgi [None req-760488ff-bef0-4362-918f-ddcc6628054b e217a29ff76048a09ef16d00846d9818 cf86fbaec5b94084b1a310024bfed582 - - default default] 10.0.0.209 "GET /v2.0/security-groups?tenant_id=c4330035e10d4fb28e72eaad95c7d8c2&name=default HTTP/1.1" status: 200 len: 3120 time: 0.3828745
2026-07-02 16:33:40.423 9 INFO neutron.db.ovn_revision_numbers_db [None req-c770df8a-db09-4fe1-ba17-0204b1f11478 122361078a364a17bd9082a3e9dd0079 d8d6860352c742f3beb5e3e14ba077e8 - - default default] Successfully bumped revision number for resource 35670168-a627-4908-8f5c-0c1adcb22474 (type: router_ports) to 1
2026-07-02 16:33:40.431 9 INFO neutron.wsgi [None req-c770df8a-db09-4fe1-ba17-0204b1f11478 122361078a364a17bd9082a3e9dd0079 d8d6860352c742f3beb5e3e14ba077e8 - - default default] 10.0.0.209 "PUT /v2.0/routers/465f52b0-a64e-4c03-8fc3-0eb7879f2ca7/add_router_interface HTTP/1.1" status: 200 len: 503 time: 2.8878977
2026-07-02 16:33:40.443 10 INFO neutron.db.ovn_revision_numbers_db [None req-95beeba9-1eed-4940-b5ac-b55ff3dfd19e e217a29ff76048a09ef16d00846d9818 cf86fbaec5b94084b1a310024bfed582 - - default default] Successfully bumped revision number for resource 96cbc279-2dfb-445f-8a0b-f327312bf4bf (type: security_groups) to 1
2026-07-02 16:33:40.475 10 INFO neutron.db.ovn_revision_numbers_db [None req-95beeba9-1eed-4940-b5ac-b55ff3dfd19e e217a29ff76048a09ef16d00846d9818 cf86fbaec5b94084b1a310024bfed582 - - default default] Successfully bumped revision number for resource 24bfe1d3-ba68-4f25-b63c-75ba62bc7b9b (type: security_group_rules) to 0
2026-07-02 16:33:40.535 9 INFO neutron.wsgi [None req-6e7f11f8-8e46-4fe6-a817-2efacdfd925d f462591f88344a7eb1d3f981836fecf5 337da0ce83684162a914602ad66fbb42 - - default default] 10.0.0.209 "GET /v2.0/networks HTTP/1.1" status: 200 len: 3113 time: 0.0986385
2026-07-02 16:33:40.585 9 INFO neutron.wsgi [None req-2439aef3-a080-4e58-9da7-a5623de0dc79 f462591f88344a7eb1d3f981836fecf5 337da0ce83684162a914602ad66fbb42 - - default default] 10.0.0.209 "GET /v2.0/subnets HTTP/1.1" status: 200 len: 2097 time: 0.0451264
2026-07-02 16:33:40.709 10 INFO neutron.db.ovn_revision_numbers_db [None req-95beeba9-1eed-4940-b5ac-b55ff3dfd19e e217a29ff76048a09ef16d00846d9818 cf86fbaec5b94084b1a310024bfed582 - - default default] Successfully bumped revision number for resource 96c6bda2-85c1-4969-8df0-041b53f22045 (type: security_group_rules) to 0
2026-07-02 16:33:40.737 10 INFO neutron.db.ovn_revision_numbers_db [None req-95beeba9-1eed-4940-b5ac-b55ff3dfd19e e217a29ff76048a09ef16d00846d9818 cf86fbaec5b94084b1a310024bfed582 - - default default] Successfully bumped revision number for resource caf508a5-f7ec-4922-99f3-891f18fb1485 (type: security_group_rules) to 0
2026-07-02 16:33:40.737 9 INFO neutron.wsgi [None req-1fdc6aed-b865-405b-9dd3-f11fcc15c7e7 f462591f88344a7eb1d3f981836fecf5 337da0ce83684162a914602ad66fbb42 - - default default] 10.0.0.209 "GET /v2.0/routers HTTP/1.1" status: 200 len: 1170 time: 0.1466687
2026-07-02 16:33:40.763 10 INFO neutron.db.ovn_revision_numbers_db [None req-95beeba9-1eed-4940-b5ac-b55ff3dfd19e e217a29ff76048a09ef16d00846d9818 cf86fbaec5b94084b1a310024bfed582 - - default default] Successfully bumped revision number for resource cd8d6694-752e-4f73-be5e-f1c1c530fabd (type: security_group_rules) to 0
2026-07-02 16:33:40.796 10 INFO neutron.db.ovn_revision_numbers_db [None req-fd4df701-26b0-41c5-b609-9382b83bb7e4 - - - - - -] Successfully bumped revision number for resource 35670168-a627-4908-8f5c-0c1adcb22474 (type: ports) to 2
2026-07-02 16:33:40.804 9 WARNING neutron_lib.context [None req-dc2b565f-b6c9-44de-a00c-9321195ef7fc 122361078a364a17bd9082a3e9dd0079 d8d6860352c742f3beb5e3e14ba077e8 - - default default] Method 'is_advsvc' is deprecated since 2023.2 release (neutron-lib 3.8.0) and will be removed once support for the old RBAC API policies will be removed from Neutron. Please use method 'is_service_role' instead.
2026-07-02 16:33:40.805 10 INFO neutron.wsgi [None req-95beeba9-1eed-4940-b5ac-b55ff3dfd19e e217a29ff76048a09ef16d00846d9818 cf86fbaec5b94084b1a310024bfed582 - - default default] 10.0.0.209 "GET /v2.0/security-groups?tenant_id=15931cb087754bafa1de77fd01fd60c1&name=default HTTP/1.1" status: 200 len: 3120 time: 0.6188474
2026-07-02 16:33:40.952 9 INFO neutron.db.ovn_revision_numbers_db [None req-dc2b565f-b6c9-44de-a00c-9321195ef7fc 122361078a364a17bd9082a3e9dd0079 d8d6860352c742f3beb5e3e14ba077e8 - - default default] Successfully bumped revision number for resource 50b57e33-81e3-42e8-bf89-1141f9d1149c (type: security_groups) to 1
2026-07-02 16:33:40.968 10 INFO neutron.db.ovn_revision_numbers_db [None req-fd4df701-26b0-41c5-b609-9382b83bb7e4 - - - - - -] Successfully bumped revision number for resource 35670168-a627-4908-8f5c-0c1adcb22474 (type: router_ports) to 2
2026-07-02 16:33:40.973 9 INFO neutron.db.ovn_revision_numbers_db [None req-dc2b565f-b6c9-44de-a00c-9321195ef7fc 122361078a364a17bd9082a3e9dd0079 d8d6860352c742f3beb5e3e14ba077e8 - - default default] Successfully bumped revision number for resource 3515425e-fcbe-4651-ace7-69b471683f23 (type: security_group_rules) to 0
2026-07-02 16:33:40.986 10 INFO neutron.wsgi [None req-8229786a-0644-4814-8952-dc3c420b4674 e217a29ff76048a09ef16d00846d9818 cf86fbaec5b94084b1a310024bfed582 - - default default] 10.0.0.209 "DELETE /v2.0/security-groups/e372e45e-40c3-4aec-b1af-7e3dd706e2a3 HTTP/1.1" status: 204 len: 168 time: 0.5905578
2026-07-02 16:33:40.989 9 INFO neutron.db.ovn_revision_numbers_db [None req-dc2b565f-b6c9-44de-a00c-9321195ef7fc 122361078a364a17bd9082a3e9dd0079 d8d6860352c742f3beb5e3e14ba077e8 - - default default] Successfully bumped revision number for resource f8c482bf-d94b-426a-8e1d-b12ecd285f52 (type: security_group_rules) to 0
2026-07-02 16:33:41.014 9 INFO neutron.wsgi [None req-dc2b565f-b6c9-44de-a00c-9321195ef7fc 122361078a364a17bd9082a3e9dd0079 d8d6860352c742f3beb5e3e14ba077e8 - - default default] 10.0.0.209 "POST /v2.0/security-groups HTTP/1.1" status: 201 len: 1875 time: 0.2173374
2026-07-02 16:33:41.042 9 WARNING neutron_lib.context [None req-54f96324-5519-4540-b090-43ff3f6ec037 122361078a364a17bd9082a3e9dd0079 d8d6860352c742f3beb5e3e14ba077e8 - - default default] Method 'is_advsvc' is deprecated since 2023.2 release (neutron-lib 3.8.0) and will be removed once support for the old RBAC API policies will be removed from Neutron. Please use method 'is_service_role' instead.
2026-07-02 16:33:41.109 9 INFO neutron.wsgi [None req-7c7d2f28-8186-4373-88c5-7fbefb4aa410 e217a29ff76048a09ef16d00846d9818 cf86fbaec5b94084b1a310024bfed582 - - default default] 10.0.0.209 "DELETE /v2.0/security-groups/96cbc279-2dfb-445f-8a0b-f327312bf4bf HTTP/1.1" status: 204 len: 168 time: 0.2974064
2026-07-02 16:33:41.229 9 INFO neutron.wsgi [None req-50a02c7f-d1d9-4c0f-af51-530374a6c54e e217a29ff76048a09ef16d00846d9818 cf86fbaec5b94084b1a310024bfed582 - - default default] 10.0.0.209 "GET /v2.0/security-groups?tenant_id=f8684065fe2741d4a22ba9b80fab2ce7&name=default HTTP/1.1" status: 200 len: 3120 time: 0.0563619
2026-07-02 16:33:41.232 9 INFO neutron.db.ovn_revision_numbers_db [None req-54f96324-5519-4540-b090-43ff3f6ec037 122361078a364a17bd9082a3e9dd0079 d8d6860352c742f3beb5e3e14ba077e8 - - default default] Successfully bumped revision number for resource da5c8e92-fd55-45bd-a584-2345d284f720 (type: security_group_rules) to 0
2026-07-02 16:33:41.263 9 INFO neutron.wsgi [None req-54f96324-5519-4540-b090-43ff3f6ec037 122361078a364a17bd9082a3e9dd0079 d8d6860352c742f3beb5e3e14ba077e8 - - default default] 10.0.0.209 "POST /v2.0/security-group-rules HTTP/1.1" status: 201 len: 796 time: 0.2317841
2026-07-02 16:33:41.271 9 WARNING neutron_lib.context [None req-2c606611-9f62-42c3-a091-2355bb6e0331 122361078a364a17bd9082a3e9dd0079 d8d6860352c742f3beb5e3e14ba077e8 - - default default] Method 'is_advsvc' is deprecated since 2023.2 release (neutron-lib 3.8.0) and will be removed once support for the old RBAC API policies will be removed from Neutron. Please use method 'is_service_role' instead.
2026-07-02 16:33:41.439 9 INFO neutron.db.ovn_revision_numbers_db [None req-2c606611-9f62-42c3-a091-2355bb6e0331 122361078a364a17bd9082a3e9dd0079 d8d6860352c742f3beb5e3e14ba077e8 - - default default] Successfully bumped revision number for resource 1c5fd373-efa5-4596-b37b-a41c4b3b8134 (type: security_group_rules) to 0
2026-07-02 16:33:41.468 9 INFO neutron.wsgi [None req-2c606611-9f62-42c3-a091-2355bb6e0331 122361078a364a17bd9082a3e9dd0079 d8d6860352c742f3beb5e3e14ba077e8 - - default default] 10.0.0.209 "POST /v2.0/security-group-rules HTTP/1.1" status: 201 len: 795 time: 0.2011087
2026-07-02 16:33:41.478 9 WARNING neutron_lib.context [None req-45e42e3c-469c-402e-90f5-0f5cb9dd3916 122361078a364a17bd9082a3e9dd0079 d8d6860352c742f3beb5e3e14ba077e8 - - default default] Method 'is_advsvc' is deprecated since 2023.2 release (neutron-lib 3.8.0) and will be removed once support for the old RBAC API policies will be removed from Neutron. Please use method 'is_service_role' instead.
2026-07-02 16:33:41.515 9 INFO neutron.wsgi [None req-7a53410d-c352-4b53-b577-1d12e4732e54 e217a29ff76048a09ef16d00846d9818 cf86fbaec5b94084b1a310024bfed582 - - default default] 10.0.0.209 "DELETE /v2.0/security-groups/dfffcb14-0775-41c9-938f-fedd0ed630a0 HTTP/1.1" status: 204 len: 168 time: 0.2795067
2026-07-02 16:33:41.620 9 INFO neutron.db.ovn_revision_numbers_db [None req-45e42e3c-469c-402e-90f5-0f5cb9dd3916 122361078a364a17bd9082a3e9dd0079 d8d6860352c742f3beb5e3e14ba077e8 - - default default] Successfully bumped revision number for resource efe16fb4-c4ab-428c-8a52-b88df7a8c8f0 (type: security_group_rules) to 0
2026-07-02 16:33:41.644 9 INFO neutron.wsgi [None req-45e42e3c-469c-402e-90f5-0f5cb9dd3916 122361078a364a17bd9082a3e9dd0079 d8d6860352c742f3beb5e3e14ba077e8 - - default default] 10.0.0.209 "POST /v2.0/security-group-rules HTTP/1.1" status: 201 len: 801 time: 0.1724794
2026-07-02 16:33:41.654 9 WARNING neutron_lib.context [None req-fe4aea25-21d4-4759-a929-1be964ba1953 122361078a364a17bd9082a3e9dd0079 d8d6860352c742f3beb5e3e14ba077e8 - - default default] Method 'is_advsvc' is deprecated since 2023.2 release (neutron-lib 3.8.0) and will be removed once support for the old RBAC API policies will be removed from Neutron. Please use method 'is_service_role' instead.
2026-07-02 16:33:41.788 9 INFO neutron.db.ovn_revision_numbers_db [None req-fe4aea25-21d4-4759-a929-1be964ba1953 122361078a364a17bd9082a3e9dd0079 d8d6860352c742f3beb5e3e14ba077e8 - - default default] Successfully bumped revision number for resource 241f1313-5aa7-468a-8b18-88bc2eb5f85c (type: security_group_rules) to 0
2026-07-02 16:33:41.816 9 INFO neutron.wsgi [None req-fe4aea25-21d4-4759-a929-1be964ba1953 122361078a364a17bd9082a3e9dd0079 d8d6860352c742f3beb5e3e14ba077e8 - - default default] 10.0.0.209 "POST /v2.0/security-group-rules HTTP/1.1" status: 201 len: 800 time: 0.1660399
2026-07-02 16:33:41.826 9 WARNING neutron_lib.context [None req-be3b4399-fb87-43ce-b4df-e0793723bd1f 122361078a364a17bd9082a3e9dd0079 d8d6860352c742f3beb5e3e14ba077e8 - - default default] Method 'is_advsvc' is deprecated since 2023.2 release (neutron-lib 3.8.0) and will be removed once support for the old RBAC API policies will be removed from Neutron. Please use method 'is_service_role' instead.
2026-07-02 16:33:41.857 9 INFO neutron.db.securitygroups_db [None req-be3b4399-fb87-43ce-b4df-e0793723bd1f 122361078a364a17bd9082a3e9dd0079 d8d6860352c742f3beb5e3e14ba077e8 - - default default] Project d8d6860352c742f3beb5e3e14ba077e8 added a security group rule with legacy IPv6 ICMP protocol name icmp, ipv6-icmp should be used instead. It was automatically converted.
2026-07-02 16:33:41.951 9 INFO neutron.db.ovn_revision_numbers_db [None req-be3b4399-fb87-43ce-b4df-e0793723bd1f 122361078a364a17bd9082a3e9dd0079 d8d6860352c742f3beb5e3e14ba077e8 - - default default] Successfully bumped revision number for resource 1f088827-8d44-4dc6-b766-7ebe95d5c608 (type: security_group_rules) to 0
2026-07-02 16:33:41.975 9 INFO neutron.wsgi [None req-be3b4399-fb87-43ce-b4df-e0793723bd1f 122361078a364a17bd9082a3e9dd0079 d8d6860352c742f3beb5e3e14ba077e8 - - default default] 10.0.0.209 "POST /v2.0/security-group-rules HTTP/1.1" status: 201 len: 806 time: 0.1542389
2026-07-02 16:33:41.985 9 WARNING neutron_lib.context [None req-ac39e3dd-f8e2-4a45-9820-5521f436c35f 122361078a364a17bd9082a3e9dd0079 d8d6860352c742f3beb5e3e14ba077e8 - - default default] Method 'is_advsvc' is deprecated since 2023.2 release (neutron-lib 3.8.0) and will be removed once support for the old RBAC API policies will be removed from Neutron. Please use method 'is_service_role' instead.
2026-07-02 16:33:42.024 9 INFO neutron.db.securitygroups_db [None req-ac39e3dd-f8e2-4a45-9820-5521f436c35f 122361078a364a17bd9082a3e9dd0079 d8d6860352c742f3beb5e3e14ba077e8 - - default default] Project d8d6860352c742f3beb5e3e14ba077e8 added a security group rule with legacy IPv6 ICMP protocol name icmp, ipv6-icmp should be used instead. It was automatically converted.
2026-07-02 16:33:42.133 9 INFO neutron.db.ovn_revision_numbers_db [None req-ac39e3dd-f8e2-4a45-9820-5521f436c35f 122361078a364a17bd9082a3e9dd0079 d8d6860352c742f3beb5e3e14ba077e8 - - default default] Successfully bumped revision number for resource 1faa06e8-83eb-428f-9a87-1b96f116042b (type: security_group_rules) to 0
2026-07-02 16:33:42.159 9 INFO neutron.wsgi [None req-ac39e3dd-f8e2-4a45-9820-5521f436c35f 122361078a364a17bd9082a3e9dd0079 d8d6860352c742f3beb5e3e14ba077e8 - - default default] 10.0.0.209 "POST /v2.0/security-group-rules HTTP/1.1" status: 201 len: 805 time: 0.1792359
2026-07-02 16:33:43.137 9 INFO neutron.wsgi [None req-d8c7c110-31bc-487b-a9b3-946d99225b4b 122361078a364a17bd9082a3e9dd0079 d8d6860352c742f3beb5e3e14ba077e8 - - default default] 10.0.0.209 "GET /v2.0/networks HTTP/1.1" status: 200 len: 1492 time: 0.5720303
2026-07-02 16:33:43.281 10 INFO neutron.wsgi [req-089c3772-9a46-4c5a-ae80-1fad521f7edd req-1dea632e-d23a-494d-a230-1a5126edaab4 122361078a364a17bd9082a3e9dd0079 d8d6860352c742f3beb5e3e14ba077e8 - - default default] 10.0.0.195 "GET /v2.0/security-groups?name=tempest-secgroup-smoke-2011612998&fields=id&tenant_id=d8d6860352c742f3beb5e3e14ba077e8 HTTP/1.1" status: 200 len: 267 time: 0.0479441
2026-07-02 16:33:43.395 10 INFO neutron.wsgi [req-089c3772-9a46-4c5a-ae80-1fad521f7edd req-b3d9b917-7dfd-457e-a609-5251d6499d0d 122361078a364a17bd9082a3e9dd0079 d8d6860352c742f3beb5e3e14ba077e8 - - default default] 10.0.0.195 "GET /v2.0/networks?id=750a2308-2d82-456c-8688-8597251f433a HTTP/1.1" status: 200 len: 859 time: 0.1062393
2026-07-02 16:33:43.418 10 INFO neutron.wsgi [req-089c3772-9a46-4c5a-ae80-1fad521f7edd req-8b2ea4c9-c88a-4ea5-bfe6-82958dbac0e2 122361078a364a17bd9082a3e9dd0079 d8d6860352c742f3beb5e3e14ba077e8 - - default default] 10.0.0.195 "GET /v2.0/quotas/d8d6860352c742f3beb5e3e14ba077e8 HTTP/1.1" status: 200 len: 491 time: 0.0131626
2026-07-02 16:33:43.549 10 INFO neutron.wsgi [req-089c3772-9a46-4c5a-ae80-1fad521f7edd req-b3638905-0e18-4321-acd7-28349b3b1830 122361078a364a17bd9082a3e9dd0079 d8d6860352c742f3beb5e3e14ba077e8 - - default default] 10.0.0.195 "GET /v2.0/ports?tenant_id=d8d6860352c742f3beb5e3e14ba077e8&fields=id HTTP/1.1" status: 200 len: 302 time: 0.1237240
2026-07-02 16:33:43.624 10 INFO neutron.wsgi [req-089c3772-9a46-4c5a-ae80-1fad521f7edd req-88ab0c62-22e0-4227-a563-7143c8c2b064 30aa680b0d664b0a96200ad8d3469679 d7025f63bfe64af6b5843110c1352ec0 - - ec063602019246bc80897eebb5ed279f ec063602019246bc80897eebb5ed279f] 10.0.0.195 "GET /v2.0/networks/750a2308-2d82-456c-8688-8597251f433a?fields=segments HTTP/1.1" status: 200 len: 212 time: 0.0628951
2026-07-02 16:33:43.694 10 INFO neutron.wsgi [req-089c3772-9a46-4c5a-ae80-1fad521f7edd req-3fdd9a91-9424-420f-9971-a92db6236912 30aa680b0d664b0a96200ad8d3469679 d7025f63bfe64af6b5843110c1352ec0 - - ec063602019246bc80897eebb5ed279f ec063602019246bc80897eebb5ed279f] 10.0.0.195 "GET /v2.0/networks/750a2308-2d82-456c-8688-8597251f433a?fields=provider%3Aphysical_network&fields=provider%3Anetwork_type HTTP/1.1" status: 200 len: 277 time: 0.0600979
2026-07-02 16:33:43.734 9 WARNING neutron_lib.context [None req-8db4a9bc-feed-4ea8-b346-258db5efc1a7 d1c32d1f559642d994682bab8261cf75 26169099e2cc487e8b362cc84710eddd - - default default] Method 'is_advsvc' is deprecated since 2023.2 release (neutron-lib 3.8.0) and will be removed once support for the old RBAC API policies will be removed from Neutron. Please use method 'is_service_role' instead.
2026-07-02 16:33:43.841 10 INFO neutron.wsgi [req-1b9b9c6e-c068-49ed-8bb0-1cd945338a95 req-5da30c6c-f3e7-442d-bae6-8a4478964b2a 122361078a364a17bd9082a3e9dd0079 d8d6860352c742f3beb5e3e14ba077e8 - - default default] 10.0.0.195 "GET /v2.0/ports?device_id=00c70043-9056-4d1a-bc80-a74d4124a25c HTTP/1.1" status: 200 len: 210 time: 0.0259509
2026-07-02 16:33:43.896 9 INFO neutron.db.ovn_revision_numbers_db [None req-8db4a9bc-feed-4ea8-b346-258db5efc1a7 d1c32d1f559642d994682bab8261cf75 26169099e2cc487e8b362cc84710eddd - - default default] Successfully bumped revision number for resource d280c327-e35f-49a4-943f-21df653f546e (type: security_groups) to 1
2026-07-02 16:33:43.915 9 INFO neutron.db.ovn_revision_numbers_db [None req-8db4a9bc-feed-4ea8-b346-258db5efc1a7 d1c32d1f559642d994682bab8261cf75 26169099e2cc487e8b362cc84710eddd - - default default] Successfully bumped revision number for resource 080cdb82-8c7e-41fe-8ad2-e6bd118a7743 (type: security_group_rules) to 0
2026-07-02 16:33:43.935 9 INFO neutron.db.ovn_revision_numbers_db [None req-8db4a9bc-feed-4ea8-b346-258db5efc1a7 d1c32d1f559642d994682bab8261cf75 26169099e2cc487e8b362cc84710eddd - - default default] Successfully bumped revision number for resource 18150a59-5c47-4a59-b5b6-092df336c60a (type: security_group_rules) to 0
2026-07-02 16:33:43.959 9 INFO neutron.db.ovn_revision_numbers_db [None req-8db4a9bc-feed-4ea8-b346-258db5efc1a7 d1c32d1f559642d994682bab8261cf75 26169099e2cc487e8b362cc84710eddd - - default default] Successfully bumped revision number for resource 2ebef7ce-9972-4c49-95b6-d5fc21bc0717 (type: security_group_rules) to 0
2026-07-02 16:33:43.977 9 INFO neutron.db.ovn_revision_numbers_db [None req-8db4a9bc-feed-4ea8-b346-258db5efc1a7 d1c32d1f559642d994682bab8261cf75 26169099e2cc487e8b362cc84710eddd - - default default] Successfully bumped revision number for resource ae4d90a2-a731-46a5-9948-c2a57ec01913 (type: security_group_rules) to 0
2026-07-02 16:33:44.037 9 INFO neutron.db.segments_db [None req-8db4a9bc-feed-4ea8-b346-258db5efc1a7 d1c32d1f559642d994682bab8261cf75 26169099e2cc487e8b362cc84710eddd - - default default] Added segment 9b067e0e-c2d0-4e82-ba7f-f39a0c163c87 of type geneve for network 14a04f49-6dab-45ee-9403-641468683d71
2026-07-02 16:33:44.184 9 INFO neutron.db.ovn_revision_numbers_db [None req-8db4a9bc-feed-4ea8-b346-258db5efc1a7 d1c32d1f559642d994682bab8261cf75 26169099e2cc487e8b362cc84710eddd - - default default] Successfully bumped revision number for resource 14a04f49-6dab-45ee-9403-641468683d71 (type: networks) to 1
2026-07-02 16:33:44.400 9 WARNING neutron.scheduler.dhcp_agent_scheduler [None req-8db4a9bc-feed-4ea8-b346-258db5efc1a7 d1c32d1f559642d994682bab8261cf75 26169099e2cc487e8b362cc84710eddd - - default default] No more DHCP agents
2026-07-02 16:33:44.403 9 WARNING neutron.api.rpc.agentnotifiers.dhcp_rpc_agent_api [None req-8db4a9bc-feed-4ea8-b346-258db5efc1a7 d1c32d1f559642d994682bab8261cf75 26169099e2cc487e8b362cc84710eddd - - default default] Unable to schedule network 14a04f49-6dab-45ee-9403-641468683d71: no agents available; will retry on subsequent port and subnet creation events.
2026-07-02 16:33:44.504 10 WARNING neutron_lib.context [None req-7ea8563d-26f0-44f8-acc8-ced8789f01e1 ed144c2d3f1143c38db5b1baaf5fecb2 135b00dd70244c12b216ef24e986674c - - default default] Method 'is_advsvc' is deprecated since 2023.2 release (neutron-lib 3.8.0) and will be removed once support for the old RBAC API policies will be removed from Neutron. Please use method 'is_service_role' instead.
2026-07-02 16:33:44.520 9 INFO neutron.db.ovn_revision_numbers_db [None req-8db4a9bc-feed-4ea8-b346-258db5efc1a7 d1c32d1f559642d994682bab8261cf75 26169099e2cc487e8b362cc84710eddd - - default default] Successfully bumped revision number for resource 496347c9-4e58-4992-8ee5-7594237a5aff (type: ports) to 1
2026-07-02 16:33:44.543 9 INFO neutron.wsgi [None req-8db4a9bc-feed-4ea8-b346-258db5efc1a7 d1c32d1f559642d994682bab8261cf75 26169099e2cc487e8b362cc84710eddd - - default default] 10.0.0.209 "POST /v2.0/networks HTTP/1.1" status: 201 len: 829 time: 0.9963996
2026-07-02 16:33:44.553 9 WARNING neutron_lib.context [None req-1124a7f5-ea34-4ff4-aeb7-18bb21157499 d1c32d1f559642d994682bab8261cf75 26169099e2cc487e8b362cc84710eddd - - default default] Method 'is_advsvc' is deprecated since 2023.2 release (neutron-lib 3.8.0) and will be removed once support for the old RBAC API policies will be removed from Neutron. Please use method 'is_service_role' instead.
2026-07-02 16:33:44.652 10 INFO neutron.db.ovn_revision_numbers_db [None req-7ea8563d-26f0-44f8-acc8-ced8789f01e1 ed144c2d3f1143c38db5b1baaf5fecb2 135b00dd70244c12b216ef24e986674c - - default default] Successfully bumped revision number for resource 4d7e6fbe-a231-4e4d-9b97-ed10c55abb97 (type: security_groups) to 1
2026-07-02 16:33:44.696 10 INFO neutron.db.ovn_revision_numbers_db [None req-7ea8563d-26f0-44f8-acc8-ced8789f01e1 ed144c2d3f1143c38db5b1baaf5fecb2 135b00dd70244c12b216ef24e986674c - - default default] Successfully bumped revision number for resource 213449f2-3c5c-4aea-bfcb-c54c3a160f7a (type: security_group_rules) to 0
2026-07-02 16:33:44.717 10 INFO neutron.db.ovn_revision_numbers_db [None req-7ea8563d-26f0-44f8-acc8-ced8789f01e1 ed144c2d3f1143c38db5b1baaf5fecb2 135b00dd70244c12b216ef24e986674c - - default default] Successfully bumped revision number for resource 621ddd13-fc82-4b82-a4ec-174970ddcb23 (type: security_group_rules) to 0
2026-07-02 16:33:44.734 10 INFO neutron.wsgi [req-089c3772-9a46-4c5a-ae80-1fad521f7edd req-d055cf37-6c36-4fc8-a56f-742a4e5be9aa 122361078a364a17bd9082a3e9dd0079 d8d6860352c742f3beb5e3e14ba077e8 - - default default] 199.19.213.35 "GET /v2.0/networks?id=750a2308-2d82-456c-8688-8597251f433a HTTP/1.1" status: 200 len: 859 time: 0.0803902
2026-07-02 16:33:44.750 9 WARNING neutron_lib.context [None req-a13de965-d2f0-420b-b648-528a28199651 0a513902552846aeb726479702021b42 4e6605d2bb84470a8d00c812030b1c09 - - default default] Method 'is_advsvc' is deprecated since 2023.2 release (neutron-lib 3.8.0) and will be removed once support for the old RBAC API policies will be removed from Neutron. Please use method 'is_service_role' instead.
2026-07-02 16:33:44.753 10 INFO neutron.db.ovn_revision_numbers_db [None req-7ea8563d-26f0-44f8-acc8-ced8789f01e1 ed144c2d3f1143c38db5b1baaf5fecb2 135b00dd70244c12b216ef24e986674c - - default default] Successfully bumped revision number for resource 76b50b57-e559-4c0c-a57c-f611a375864e (type: security_group_rules) to 0
2026-07-02 16:33:44.771 10 INFO neutron.db.ovn_revision_numbers_db [None req-7ea8563d-26f0-44f8-acc8-ced8789f01e1 ed144c2d3f1143c38db5b1baaf5fecb2 135b00dd70244c12b216ef24e986674c - - default default] Successfully bumped revision number for resource c34ce800-62a7-441f-b16f-2b9489555c45 (type: security_group_rules) to 0
2026-07-02 16:33:44.811 10 INFO neutron.wsgi [req-089c3772-9a46-4c5a-ae80-1fad521f7edd req-3be2ab56-9fbe-46ca-95ad-27739c4da8d0 122361078a364a17bd9082a3e9dd0079 d8d6860352c742f3beb5e3e14ba077e8 - - default default] 199.19.213.35 "GET /v2.0/security-groups?fields=id&fields=name&tenant_id=d8d6860352c742f3beb5e3e14ba077e8 HTTP/1.1" status: 200 len: 380 time: 0.0720346
2026-07-02 16:33:44.823 10 WARNING neutron_lib.context [req-089c3772-9a46-4c5a-ae80-1fad521f7edd req-d9d4f025-0e6f-4965-9d96-39736c04e9ae 122361078a364a17bd9082a3e9dd0079 d8d6860352c742f3beb5e3e14ba077e8 - - default default] Method 'is_advsvc' is deprecated since 2023.2 release (neutron-lib 3.8.0) and will be removed once support for the old RBAC API policies will be removed from Neutron. Please use method 'is_service_role' instead.
2026-07-02 16:33:44.832 10 INFO neutron.db.segments_db [None req-7ea8563d-26f0-44f8-acc8-ced8789f01e1 ed144c2d3f1143c38db5b1baaf5fecb2 135b00dd70244c12b216ef24e986674c - - default default] Added segment 5e17f5ee-fb66-4ad5-a921-9e9a537b58f0 of type geneve for network 97d8826b-da17-4f54-bb06-1e0551daeb94
2026-07-02 16:33:44.842 9 WARNING neutron.scheduler.dhcp_agent_scheduler [None req-1124a7f5-ea34-4ff4-aeb7-18bb21157499 d1c32d1f559642d994682bab8261cf75 26169099e2cc487e8b362cc84710eddd - - default default] No more DHCP agents
2026-07-02 16:33:44.846 9 WARNING neutron.api.rpc.agentnotifiers.dhcp_rpc_agent_api [None req-1124a7f5-ea34-4ff4-aeb7-18bb21157499 d1c32d1f559642d994682bab8261cf75 26169099e2cc487e8b362cc84710eddd - - default default] Unable to schedule network 14a04f49-6dab-45ee-9403-641468683d71: no agents available; will retry on subsequent port and subnet creation events.
2026-07-02 16:33:44.949 9 INFO neutron.db.ovn_revision_numbers_db [None req-1124a7f5-ea34-4ff4-aeb7-18bb21157499 d1c32d1f559642d994682bab8261cf75 26169099e2cc487e8b362cc84710eddd - - default default] Successfully bumped revision number for resource 5cd592dc-9607-430c-b271-e0ef0f719706 (type: ports) to 1
2026-07-02 16:33:44.973 10 INFO neutron.wsgi [req-2858f103-d599-4185-b553-af07640a4c85 req-cc8a6c3f-b452-4c8b-82dd-f7ad876ad382 122361078a364a17bd9082a3e9dd0079 d8d6860352c742f3beb5e3e14ba077e8 - - default default] 10.0.0.195 "GET /v2.0/ports?device_id=00c70043-9056-4d1a-bc80-a74d4124a25c HTTP/1.1" status: 200 len: 210 time: 0.0538104
2026-07-02 16:33:44.978 9 INFO neutron.db.ovn_revision_numbers_db [None req-a13de965-d2f0-420b-b648-528a28199651 0a513902552846aeb726479702021b42 4e6605d2bb84470a8d00c812030b1c09 - - default default] Successfully bumped revision number for resource 10ed50ec-2e3b-45ea-8636-b6dc95f15fe5 (type: security_groups) to 1
2026-07-02 16:33:44.983 9 INFO neutron.wsgi [None req-1124a7f5-ea34-4ff4-aeb7-18bb21157499 d1c32d1f559642d994682bab8261cf75 26169099e2cc487e8b362cc84710eddd - - default default] 10.0.0.209 "POST /v2.0/ports HTTP/1.1" status: 201 len: 942 time: 0.4346368 /var/lib/openstack/lib/python3.10/site-packages/pycadf/identifier.py:71: UserWarning: Invalid uuid: neutron. To ensure interoperability, identifiers should be a valid uuid. warnings.warn(('Invalid uuid: %s. To ensure interoperability, '
2026-07-02 16:33:44.994 9 WARNING neutron_lib.context [None req-9eb4d351-a97a-4761-94b5-00d00cc429bd d1c32d1f559642d994682bab8261cf75 26169099e2cc487e8b362cc84710eddd - - default default] Method 'is_advsvc' is deprecated since 2023.2 release (neutron-lib 3.8.0) and will be removed once support for the old RBAC API policies will be removed from Neutron. Please use method 'is_service_role' instead.
2026-07-02 16:33:45.001 9 INFO neutron.db.ovn_revision_numbers_db [None req-a13de965-d2f0-420b-b648-528a28199651 0a513902552846aeb726479702021b42 4e6605d2bb84470a8d00c812030b1c09 - - default default] Successfully bumped revision number for resource 0c7c34b0-1b6a-4425-b69b-43216d999c65 (type: security_group_rules) to 0
2026-07-02 16:33:45.022 9 INFO neutron.db.ovn_revision_numbers_db [None req-a13de965-d2f0-420b-b648-528a28199651 0a513902552846aeb726479702021b42 4e6605d2bb84470a8d00c812030b1c09 - - default default] Successfully bumped revision number for resource 3a37a6b6-34c1-4338-b07c-7151908f69ae (type: security_group_rules) to 0
2026-07-02 16:33:45.047 9 INFO neutron.db.ovn_revision_numbers_db [None req-a13de965-d2f0-420b-b648-528a28199651 0a513902552846aeb726479702021b42 4e6605d2bb84470a8d00c812030b1c09 - - default default] Successfully bumped revision number for resource c2ea133e-51da-48d4-8149-6363df2e9e82 (type: security_group_rules) to 0
2026-07-02 16:33:45.058 9 INFO neutron.db.ovn_revision_numbers_db [None req-a13de965-d2f0-420b-b648-528a28199651 0a513902552846aeb726479702021b42 4e6605d2bb84470a8d00c812030b1c09 - - default default] Successfully bumped revision number for resource db034b7a-7bba-448c-9d6e-4bba62296e8e (type: security_group_rules) to 0
2026-07-02 16:33:45.084 9 INFO neutron.db.segments_db [None req-9eb4d351-a97a-4761-94b5-00d00cc429bd d1c32d1f559642d994682bab8261cf75 26169099e2cc487e8b362cc84710eddd - - default default] Added segment 97ced077-c887-4be0-93b5-7eb827a40acc of type geneve for network 976288c7-6d9b-43f9-8895-3b382d20b3d9
2026-07-02 16:33:45.106 10 INFO neutron.db.ovn_revision_numbers_db [None req-7ea8563d-26f0-44f8-acc8-ced8789f01e1 ed144c2d3f1143c38db5b1baaf5fecb2 135b00dd70244c12b216ef24e986674c - - default default] Successfully bumped revision number for resource 97d8826b-da17-4f54-bb06-1e0551daeb94 (type: networks) to 1
2026-07-02 16:33:45.126 9 INFO neutron.db.segments_db [None req-a13de965-d2f0-420b-b648-528a28199651 0a513902552846aeb726479702021b42 4e6605d2bb84470a8d00c812030b1c09 - - default default] Added segment 05ddb307-b77b-4648-92bb-9daaf39b9c98 of type geneve for network 53af48de-309d-4f3e-bb08-bcaea4f2b76d
2026-07-02 16:33:45.249 9 INFO neutron.db.ovn_revision_numbers_db [None req-9eb4d351-a97a-4761-94b5-00d00cc429bd d1c32d1f559642d994682bab8261cf75 26169099e2cc487e8b362cc84710eddd - - default default] Successfully bumped revision number for resource 976288c7-6d9b-43f9-8895-3b382d20b3d9 (type: networks) to 1
2026-07-02 16:33:45.315 9 INFO neutron.db.ovn_revision_numbers_db [None req-a13de965-d2f0-420b-b648-528a28199651 0a513902552846aeb726479702021b42 4e6605d2bb84470a8d00c812030b1c09 - - default default] Successfully bumped revision number for resource 53af48de-309d-4f3e-bb08-bcaea4f2b76d (type: networks) to 1
2026-07-02 16:33:45.337 10 WARNING neutron.scheduler.dhcp_agent_scheduler [None req-7ea8563d-26f0-44f8-acc8-ced8789f01e1 ed144c2d3f1143c38db5b1baaf5fecb2 135b00dd70244c12b216ef24e986674c - - default default] No more DHCP agents
2026-07-02 16:33:45.337 10 WARNING neutron.scheduler.dhcp_agent_scheduler [req-089c3772-9a46-4c5a-ae80-1fad521f7edd req-d9d4f025-0e6f-4965-9d96-39736c04e9ae 122361078a364a17bd9082a3e9dd0079 d8d6860352c742f3beb5e3e14ba077e8 - - default default] No more DHCP agents
2026-07-02 16:33:45.340 10 WARNING neutron.api.rpc.agentnotifiers.dhcp_rpc_agent_api [None req-7ea8563d-26f0-44f8-acc8-ced8789f01e1 ed144c2d3f1143c38db5b1baaf5fecb2 135b00dd70244c12b216ef24e986674c - - default default] Unable to schedule network 97d8826b-da17-4f54-bb06-1e0551daeb94: no agents available; will retry on subsequent port and subnet creation events.
2026-07-02 16:33:45.342 10 WARNING neutron.api.rpc.agentnotifiers.dhcp_rpc_agent_api [req-089c3772-9a46-4c5a-ae80-1fad521f7edd req-d9d4f025-0e6f-4965-9d96-39736c04e9ae 122361078a364a17bd9082a3e9dd0079 d8d6860352c742f3beb5e3e14ba077e8 - - default default] Unable to schedule network 750a2308-2d82-456c-8688-8597251f433a: no agents available; will retry on subsequent port and subnet creation events.
2026-07-02 16:33:45.508 10 INFO neutron.db.ovn_revision_numbers_db [None req-7ea8563d-26f0-44f8-acc8-ced8789f01e1 ed144c2d3f1143c38db5b1baaf5fecb2 135b00dd70244c12b216ef24e986674c - - default default] Successfully bumped revision number for resource 4f93757a-8b6c-4d25-b960-e5ea70b693ca (type: ports) to 1
2026-07-02 16:33:45.539 10 INFO neutron.wsgi [None req-7ea8563d-26f0-44f8-acc8-ced8789f01e1 ed144c2d3f1143c38db5b1baaf5fecb2 135b00dd70244c12b216ef24e986674c - - default default] 10.0.0.209 "POST /v2.0/networks HTTP/1.1" status: 201 len: 830 time: 1.1615601
2026-07-02 16:33:45.545 9 WARNING neutron.scheduler.dhcp_agent_scheduler [None req-9eb4d351-a97a-4761-94b5-00d00cc429bd d1c32d1f559642d994682bab8261cf75 26169099e2cc487e8b362cc84710eddd - - default default] No more DHCP agents /var/lib/openstack/lib/python3.10/site-packages/pycadf/identifier.py:71: UserWarning: Invalid uuid: neutron. To ensure interoperability, identifiers should be a valid uuid. warnings.warn(('Invalid uuid: %s. To ensure interoperability, '
2026-07-02 16:33:45.550 9 WARNING neutron.api.rpc.agentnotifiers.dhcp_rpc_agent_api [None req-9eb4d351-a97a-4761-94b5-00d00cc429bd d1c32d1f559642d994682bab8261cf75 26169099e2cc487e8b362cc84710eddd - - default default] Unable to schedule network 976288c7-6d9b-43f9-8895-3b382d20b3d9: no agents available; will retry on subsequent port and subnet creation events.
2026-07-02 16:33:45.614 10 INFO neutron.wsgi [None req-3a0d040c-2768-4a79-bc7f-6ba2b703e296 ed144c2d3f1143c38db5b1baaf5fecb2 135b00dd70244c12b216ef24e986674c - - default default] 10.0.0.209 "PUT /v2.0/networks/97d8826b-da17-4f54-bb06-1e0551daeb94/tags HTTP/1.1" status: 200 len: 218 time: 0.0674562
2026-07-02 16:33:45.627 9 WARNING neutron.scheduler.dhcp_agent_scheduler [None req-a13de965-d2f0-420b-b648-528a28199651 0a513902552846aeb726479702021b42 4e6605d2bb84470a8d00c812030b1c09 - - default default] No more DHCP agents
2026-07-02 16:33:45.633 10 INFO neutron.db.ovn_revision_numbers_db [req-089c3772-9a46-4c5a-ae80-1fad521f7edd req-d9d4f025-0e6f-4965-9d96-39736c04e9ae 122361078a364a17bd9082a3e9dd0079 d8d6860352c742f3beb5e3e14ba077e8 - - default default] Successfully bumped revision number for resource c4559dcd-7bfe-4078-ac0d-67829ebb391e (type: ports) to 1
2026-07-02 16:33:45.636 9 WARNING neutron.api.rpc.agentnotifiers.dhcp_rpc_agent_api [None req-a13de965-d2f0-420b-b648-528a28199651 0a513902552846aeb726479702021b42 4e6605d2bb84470a8d00c812030b1c09 - - default default] Unable to schedule network 53af48de-309d-4f3e-bb08-bcaea4f2b76d: no agents available; will retry on subsequent port and subnet creation events.
2026-07-02 16:33:45.664 10 INFO neutron.wsgi [None req-f9852ea4-f1a9-4f57-9689-c5b0f6c026cb ed144c2d3f1143c38db5b1baaf5fecb2 135b00dd70244c12b216ef24e986674c - - default default] 10.0.0.209 "GET /v2.0/networks/97d8826b-da17-4f54-bb06-1e0551daeb94/tags HTTP/1.1" status: 200 len: 218 time: 0.0444939
2026-07-02 16:33:45.668 10 INFO neutron.wsgi [req-089c3772-9a46-4c5a-ae80-1fad521f7edd req-d9d4f025-0e6f-4965-9d96-39736c04e9ae 122361078a364a17bd9082a3e9dd0079 d8d6860352c742f3beb5e3e14ba077e8 - - default default] 199.19.213.35 "POST /v2.0/ports HTTP/1.1" status: 201 len: 1158 time: 0.8511279
2026-07-02 16:33:45.684 9 INFO neutron.db.ovn_revision_numbers_db [None req-9eb4d351-a97a-4761-94b5-00d00cc429bd d1c32d1f559642d994682bab8261cf75 26169099e2cc487e8b362cc84710eddd - - default default] Successfully bumped revision number for resource b7bfedd9-8505-4bd4-965a-b60f8d291b91 (type: ports) to 1
2026-07-02 16:33:45.715 9 INFO neutron.wsgi [None req-9eb4d351-a97a-4761-94b5-00d00cc429bd d1c32d1f559642d994682bab8261cf75 26169099e2cc487e8b362cc84710eddd - - default default] 10.0.0.209 "POST /v2.0/networks HTTP/1.1" status: 201 len: 830 time: 0.7261274
2026-07-02 16:33:45.727 10 WARNING neutron_lib.context [None req-089076b0-9ed4-4fae-8bf9-d152e314bb31 d1c32d1f559642d994682bab8261cf75 26169099e2cc487e8b362cc84710eddd - - default default] Method 'is_advsvc' is deprecated since 2023.2 release (neutron-lib 3.8.0) and will be removed once support for the old RBAC API policies will be removed from Neutron. Please use method 'is_service_role' instead.
2026-07-02 16:33:45.741 9 INFO neutron.db.ovn_revision_numbers_db [None req-a13de965-d2f0-420b-b648-528a28199651 0a513902552846aeb726479702021b42 4e6605d2bb84470a8d00c812030b1c09 - - default default] Successfully bumped revision number for resource 7dcb5e0d-79a3-4936-b911-50fb3c3b3123 (type: ports) to 1
2026-07-02 16:33:45.764 9 INFO neutron.wsgi [None req-a13de965-d2f0-420b-b648-528a28199651 0a513902552846aeb726479702021b42 4e6605d2bb84470a8d00c812030b1c09 - - default default] 10.0.0.209 "POST /v2.0/networks HTTP/1.1" status: 201 len: 830 time: 1.0710618
2026-07-02 16:33:45.774 9 WARNING neutron_lib.context [None req-b8073d7d-8fba-42e2-8a9d-fe8c3075390e 0a513902552846aeb726479702021b42 4e6605d2bb84470a8d00c812030b1c09 - - default default] Method 'is_advsvc' is deprecated since 2023.2 release (neutron-lib 3.8.0) and will be removed once support for the old RBAC API policies will be removed from Neutron. Please use method 'is_service_role' instead.
2026-07-02 16:33:45.781 10 INFO neutron.wsgi [None req-2fe32699-dff7-4bb3-b88a-e22beec7d1ae ed144c2d3f1143c38db5b1baaf5fecb2 135b00dd70244c12b216ef24e986674c - - default default] 10.0.0.209 "PUT /v2.0/networks/97d8826b-da17-4f54-bb06-1e0551daeb94/tags/green HTTP/1.1" status: 201 len: 201 time: 0.1057656
2026-07-02 16:33:45.853 10 INFO neutron.wsgi [None req-4ac6e633-354a-4288-b291-4149cbef330a ed144c2d3f1143c38db5b1baaf5fecb2 135b00dd70244c12b216ef24e986674c - - default default] 10.0.0.209 "GET /v2.0/networks/97d8826b-da17-4f54-bb06-1e0551daeb94/tags HTTP/1.1" status: 200 len: 227 time: 0.0661256
2026-07-02 16:33:45.941 10 INFO neutron.wsgi [None req-10348046-b837-44d2-a788-25a25e1e8fe4 ed144c2d3f1143c38db5b1baaf5fecb2 135b00dd70244c12b216ef24e986674c - - default default] 10.0.0.209 "PUT /v2.0/networks/97d8826b-da17-4f54-bb06-1e0551daeb94/tags/red HTTP/1.1" status: 201 len: 201 time: 0.0816131
2026-07-02 16:33:46.021 9 WARNING neutron.scheduler.dhcp_agent_scheduler [None req-b8073d7d-8fba-42e2-8a9d-fe8c3075390e 0a513902552846aeb726479702021b42 4e6605d2bb84470a8d00c812030b1c09 - - default default] No more DHCP agents
2026-07-02 16:33:46.023 9 WARNING neutron.api.rpc.agentnotifiers.dhcp_rpc_agent_api [None req-b8073d7d-8fba-42e2-8a9d-fe8c3075390e 0a513902552846aeb726479702021b42 4e6605d2bb84470a8d00c812030b1c09 - - default default] Unable to schedule network 53af48de-309d-4f3e-bb08-bcaea4f2b76d: no agents available; will retry on subsequent port and subnet creation events.
2026-07-02 16:33:46.122 9 INFO neutron.db.ovn_revision_numbers_db [None req-b8073d7d-8fba-42e2-8a9d-fe8c3075390e 0a513902552846aeb726479702021b42 4e6605d2bb84470a8d00c812030b1c09 - - default default] Successfully bumped revision number for resource e0b6788a-5fd2-4944-ba0a-ae2d4bfcb3d3 (type: ports) to 1
2026-07-02 16:33:46.145 9 INFO neutron.wsgi [None req-b8073d7d-8fba-42e2-8a9d-fe8c3075390e 0a513902552846aeb726479702021b42 4e6605d2bb84470a8d00c812030b1c09 - - default default] 10.0.0.209 "POST /v2.0/ports HTTP/1.1" status: 201 len: 942 time: 0.3749909 /var/lib/openstack/lib/python3.10/site-packages/pycadf/identifier.py:71: UserWarning: Invalid uuid: neutron. To ensure interoperability, identifiers should be a valid uuid. warnings.warn(('Invalid uuid: %s. To ensure interoperability, '
2026-07-02 16:33:46.193 9 INFO neutron.wsgi [None req-2c0acce9-d7fd-4027-bb45-3ceef746143b 0a513902552846aeb726479702021b42 4e6605d2bb84470a8d00c812030b1c09 - - default default] 10.0.0.209 "PUT /v2.0/ports/e0b6788a-5fd2-4944-ba0a-ae2d4bfcb3d3/tags HTTP/1.1" status: 200 len: 218 time: 0.0427957
2026-07-02 16:33:46.231 9 INFO neutron.wsgi [None req-cf422175-c9f8-47fa-8961-1c96a450f732 0a513902552846aeb726479702021b42 4e6605d2bb84470a8d00c812030b1c09 - - default default] 10.0.0.209 "GET /v2.0/ports/e0b6788a-5fd2-4944-ba0a-ae2d4bfcb3d3/tags HTTP/1.1" status: 200 len: 218 time: 0.0343981
2026-07-02 16:33:46.282 10 INFO neutron.wsgi [None req-6ba9151a-665d-4063-9a45-9cf03370f083 ed144c2d3f1143c38db5b1baaf5fecb2 135b00dd70244c12b216ef24e986674c - - default default] 10.0.0.209 "GET /v2.0/networks/97d8826b-da17-4f54-bb06-1e0551daeb94/tags HTTP/1.1" status: 200 len: 227 time: 0.3323731
2026-07-02 16:33:46.284 9 INFO neutron.wsgi [None req-3429739c-8e99-4ef1-95a3-411f73725236 0a513902552846aeb726479702021b42 4e6605d2bb84470a8d00c812030b1c09 - - default default] 10.0.0.209 "PUT /v2.0/ports/e0b6788a-5fd2-4944-ba0a-ae2d4bfcb3d3/tags/green HTTP/1.1" status: 201 len: 201 time: 0.0471318
2026-07-02 16:33:46.290 10 INFO neutron.wsgi [req-7c5aee8c-2153-4d1a-9601-dd7bc4996881 req-e14d65a2-ba06-4185-9240-f7e361d55d96 122361078a364a17bd9082a3e9dd0079 d8d6860352c742f3beb5e3e14ba077e8 - - default default] 10.0.0.195 "GET /v2.0/ports?device_id=00c70043-9056-4d1a-bc80-a74d4124a25c HTTP/1.1" status: 200 len: 1156 time: 0.0892699
2026-07-02 16:33:46.343 9 INFO neutron.wsgi [None req-83df2a29-a027-4d6f-82d3-5d783d143469 0a513902552846aeb726479702021b42 4e6605d2bb84470a8d00c812030b1c09 - - default default] 10.0.0.209 "GET /v2.0/ports/e0b6788a-5fd2-4944-ba0a-ae2d4bfcb3d3/tags HTTP/1.1" status: 200 len: 227 time: 0.0536427
2026-07-02 16:33:46.362 9 INFO neutron.wsgi [None req-cabe3525-fcfa-4147-8f48-8ac9a7f4c252 ed144c2d3f1143c38db5b1baaf5fecb2 135b00dd70244c12b216ef24e986674c - - default default] 10.0.0.209 "PUT /v2.0/networks/97d8826b-da17-4f54-bb06-1e0551daeb94/tags/black.or.white HTTP/1.1" status: 201 len: 201 time: 0.0728960
2026-07-02 16:33:46.379 10 WARNING neutron.plugins.ml2.drivers.ovn.mech_driver.ovsdb.ovn_client [None req-fd4df701-26b0-41c5-b609-9382b83bb7e4 - - - - - -] No hosting information found for port 35670168-a627-4908-8f5c-0c1adcb22474: RuntimeError: No hosting information found for port 35670168-a627-4908-8f5c-0c1adcb22474
2026-07-02 16:33:46.392 10 INFO neutron.wsgi [req-7c5aee8c-2153-4d1a-9601-dd7bc4996881 req-69698941-6bf3-4680-a486-96eaae78d774 122361078a364a17bd9082a3e9dd0079 d8d6860352c742f3beb5e3e14ba077e8 - - default default] 10.0.0.195 "GET /v2.0/security-groups?id=50b57e33-81e3-42e8-bf89-1141f9d1149c&fields=id&fields=name HTTP/1.1" status: 200 len: 313 time: 0.0923452
2026-07-02 16:33:46.403 9 INFO neutron.wsgi [None req-b5f59068-5cdf-4f0e-ad34-7f01586d082c 0a513902552846aeb726479702021b42 4e6605d2bb84470a8d00c812030b1c09 - - default default] 10.0.0.209 "PUT /v2.0/ports/e0b6788a-5fd2-4944-ba0a-ae2d4bfcb3d3/tags/red HTTP/1.1" status: 201 len: 201 time: 0.0541463
2026-07-02 16:33:46.419 9 INFO neutron.wsgi [None req-009f88f3-58b9-4a16-a3f7-18e63d954b11 ed144c2d3f1143c38db5b1baaf5fecb2 135b00dd70244c12b216ef24e986674c - - default default] 10.0.0.209 "GET /v2.0/networks/97d8826b-da17-4f54-bb06-1e0551daeb94/tags HTTP/1.1" status: 200 len: 245 time: 0.0504544 /var/lib/openstack/lib/python3.10/site-packages/pycadf/identifier.py:71: UserWarning: Invalid uuid: neutron. To ensure interoperability, identifiers should be a valid uuid. warnings.warn(('Invalid uuid: %s. To ensure interoperability, '
2026-07-02 16:33:46.444 10 WARNING neutron.scheduler.dhcp_agent_scheduler [None req-089076b0-9ed4-4fae-8bf9-d152e314bb31 d1c32d1f559642d994682bab8261cf75 26169099e2cc487e8b362cc84710eddd - - default default] No more DHCP agents
2026-07-02 16:33:46.445 9 INFO neutron.wsgi [None req-e4f66d89-3904-4a60-9c49-98534ea63b2b 0a513902552846aeb726479702021b42 4e6605d2bb84470a8d00c812030b1c09 - - default default] 10.0.0.209 "GET /v2.0/ports/e0b6788a-5fd2-4944-ba0a-ae2d4bfcb3d3/tags HTTP/1.1" status: 200 len: 227 time: 0.0353479
2026-07-02 16:33:46.450 10 WARNING neutron.api.rpc.agentnotifiers.dhcp_rpc_agent_api [None req-089076b0-9ed4-4fae-8bf9-d152e314bb31 d1c32d1f559642d994682bab8261cf75 26169099e2cc487e8b362cc84710eddd - - default default] Unable to schedule network 976288c7-6d9b-43f9-8895-3b382d20b3d9: no agents available; will retry on subsequent port and subnet creation events.
