2026-06-30 23:27:57.442 7 INFO placement.requestlog [req-8b4df835-2e94-4720-93d1-e80528867910 req-0dcf7378-d04f-4eaa-8b48-fbf052289e8d 40ea412ca24c4b8e9c94f29746b181a6 5a4be4c0b1f043f98f208d1532cfa4a8 - - bfe4387a9ec9444c80b17b3c2d7420c5 bfe4387a9ec9444c80b17b3c2d7420c5] 199.204.45.57 "GET /allocations/8d0d42a4-435f-4047-92f4-c9a63c6f2580" status: 200 len: 258 microversion: 1.28 [pid: 7|app: 0|req: 466/924] 199.204.45.57 () {34 vars in 860 bytes} [Tue Jun 30 23:27:57 2026] GET /allocations/8d0d42a4-435f-4047-92f4-c9a63c6f2580 => generated 258 bytes in 12 msecs (HTTP/1.1 200) 8 headers in 296 bytes (1 switches on core 0)
2026-06-30 23:27:57.535 8 INFO placement.requestlog [req-8b4df835-2e94-4720-93d1-e80528867910 req-61986d0c-f667-4bcd-b951-6c5f0ecf82c8 40ea412ca24c4b8e9c94f29746b181a6 5a4be4c0b1f043f98f208d1532cfa4a8 - - bfe4387a9ec9444c80b17b3c2d7420c5 bfe4387a9ec9444c80b17b3c2d7420c5] 199.204.45.57 "GET /resource_providers/21c5491e-fbd3-4b32-97b4-b08640de1c71/allocations" status: 200 len: 253 microversion: 1.0 [pid: 8|app: 0|req: 459/925] 199.204.45.57 () {32 vars in 854 bytes} [Tue Jun 30 23:27:57 2026] GET /resource_providers/21c5491e-fbd3-4b32-97b4-b08640de1c71/allocations => generated 253 bytes in 19 msecs (HTTP/1.1 200) 6 headers in 224 bytes (1 switches on core 0)
2026-06-30 23:27:57.554 7 INFO placement.requestlog [req-8b4df835-2e94-4720-93d1-e80528867910 req-4cf39b11-637e-4a99-a232-72b1bab56d5e 40ea412ca24c4b8e9c94f29746b181a6 5a4be4c0b1f043f98f208d1532cfa4a8 - - bfe4387a9ec9444c80b17b3c2d7420c5 bfe4387a9ec9444c80b17b3c2d7420c5] 199.204.45.57 "GET /allocations/8d0d42a4-435f-4047-92f4-c9a63c6f2580" status: 200 len: 258 microversion: 1.28 [pid: 7|app: 0|req: 467/926] 199.204.45.57 () {34 vars in 860 bytes} [Tue Jun 30 23:27:57 2026] GET /allocations/8d0d42a4-435f-4047-92f4-c9a63c6f2580 => generated 258 bytes in 12 msecs (HTTP/1.1 200) 8 headers in 296 bytes (1 switches on core 0)
2026-06-30 23:27:57.576 8 INFO placement.requestlog [req-8b4df835-2e94-4720-93d1-e80528867910 req-9c19016a-3a17-436e-9ec6-e17d7e12a800 40ea412ca24c4b8e9c94f29746b181a6 5a4be4c0b1f043f98f208d1532cfa4a8 - - bfe4387a9ec9444c80b17b3c2d7420c5 bfe4387a9ec9444c80b17b3c2d7420c5] 199.204.45.57 "GET /allocations/bfb10fe1-a8c3-466a-9cde-1afc875411de" status: 200 len: 258 microversion: 1.28 [pid: 8|app: 0|req: 460/927] 199.204.45.57 () {34 vars in 860 bytes} [Tue Jun 30 23:27:57 2026] GET /allocations/bfb10fe1-a8c3-466a-9cde-1afc875411de => generated 258 bytes in 14 msecs (HTTP/1.1 200) 8 headers in 296 bytes (1 switches on core 0)
2026-06-30 23:27:58.143 7 INFO placement.requestlog [None req-9a47b21c-8687-4120-8d6a-8e761ab42296 e442bb02bcf745df8fb30747f635bd0f 5a4be4c0b1f043f98f208d1532cfa4a8 - - bfe4387a9ec9444c80b17b3c2d7420c5 bfe4387a9ec9444c80b17b3c2d7420c5] 10.0.0.202 "GET /resource_providers/a717dd65-9288-4c4e-9387-cae3adb0dd64/aggregates" status: 404 len: 235 microversion: 1.1 [pid: 7|app: 0|req: 468/928] 10.0.0.202 () {32 vars in 823 bytes} [Tue Jun 30 23:27:58 2026] GET /resource_providers/a717dd65-9288-4c4e-9387-cae3adb0dd64/aggregates => generated 235 bytes in 15 msecs (HTTP/1.1 404) 5 headers in 202 bytes (1 switches on core 0)
2026-06-30 23:27:58.156 8 INFO placement.requestlog [None req-0d9d9167-526f-4eda-9553-99d2c5c4cbf1 e442bb02bcf745df8fb30747f635bd0f 5a4be4c0b1f043f98f208d1532cfa4a8 - - bfe4387a9ec9444c80b17b3c2d7420c5 bfe4387a9ec9444c80b17b3c2d7420c5] 10.0.0.202 "GET /resource_providers/a717dd65-9288-4c4e-9387-cae3adb0dd64/aggregates" status: 404 len: 235 microversion: 1.1 [pid: 8|app: 0|req: 461/929] 10.0.0.202 () {32 vars in 823 bytes} [Tue Jun 30 23:27:58 2026] GET /resource_providers/a717dd65-9288-4c4e-9387-cae3adb0dd64/aggregates => generated 235 bytes in 23 msecs (HTTP/1.1 404) 5 headers in 202 bytes (1 switches on core 0)
2026-06-30 23:27:58.169 7 INFO placement.requestlog [None req-cd5e98e1-f54c-44f3-a65a-35fadbe96e4f e442bb02bcf745df8fb30747f635bd0f 5a4be4c0b1f043f98f208d1532cfa4a8 - - bfe4387a9ec9444c80b17b3c2d7420c5 bfe4387a9ec9444c80b17b3c2d7420c5] 10.0.0.202 "DELETE /resource_providers/a717dd65-9288-4c4e-9387-cae3adb0dd64" status: 404 len: 246 microversion: 1.1 [pid: 7|app: 0|req: 469/930] 10.0.0.202 () {34 vars in 823 bytes} [Tue Jun 30 23:27:58 2026] DELETE /resource_providers/a717dd65-9288-4c4e-9387-cae3adb0dd64 => generated 246 bytes in 15 msecs (HTTP/1.1 404) 6 headers in 231 bytes (1 switches on core 0)
2026-06-30 23:27:58.180 8 INFO placement.requestlog [None req-13a0ae0f-9ba5-4216-a853-d4d17e07df67 e442bb02bcf745df8fb30747f635bd0f 5a4be4c0b1f043f98f208d1532cfa4a8 - - bfe4387a9ec9444c80b17b3c2d7420c5 bfe4387a9ec9444c80b17b3c2d7420c5] 10.0.0.202 "DELETE /resource_providers/a717dd65-9288-4c4e-9387-cae3adb0dd64" status: 404 len: 246 microversion: 1.1 [pid: 8|app: 0|req: 462/931] 10.0.0.202 () {34 vars in 823 bytes} [Tue Jun 30 23:27:58 2026] DELETE /resource_providers/a717dd65-9288-4c4e-9387-cae3adb0dd64 => generated 246 bytes in 12 msecs (HTTP/1.1 404) 6 headers in 231 bytes (1 switches on core 0)
2026-06-30 23:27:58.182 7 INFO placement.requestlog [None req-1ed35327-001c-47c9-a2b5-aadca50400db e442bb02bcf745df8fb30747f635bd0f 5a4be4c0b1f043f98f208d1532cfa4a8 - - bfe4387a9ec9444c80b17b3c2d7420c5 bfe4387a9ec9444c80b17b3c2d7420c5] 10.0.0.202 "GET /resource_providers/8593bee9-e058-4588-bdcc-bfec029bf513/aggregates" status: 404 len: 235 microversion: 1.1 [pid: 7|app: 0|req: 470/932] 10.0.0.202 () {32 vars in 823 bytes} [Tue Jun 30 23:27:58 2026] GET /resource_providers/8593bee9-e058-4588-bdcc-bfec029bf513/aggregates => generated 235 bytes in 10 msecs (HTTP/1.1 404) 5 headers in 202 bytes (1 switches on core 0)
2026-06-30 23:27:58.188 8 INFO placement.requestlog [None req-4ec3fa42-b7fb-4417-95da-878cb3f4a424 e442bb02bcf745df8fb30747f635bd0f 5a4be4c0b1f043f98f208d1532cfa4a8 - - bfe4387a9ec9444c80b17b3c2d7420c5 bfe4387a9ec9444c80b17b3c2d7420c5] 10.0.0.202 "GET /resource_providers/8593bee9-e058-4588-bdcc-bfec029bf513/aggregates" status: 404 len: 235 microversion: 1.1 [pid: 8|app: 0|req: 463/933] 10.0.0.202 () {32 vars in 823 bytes} [Tue Jun 30 23:27:58 2026] GET /resource_providers/8593bee9-e058-4588-bdcc-bfec029bf513/aggregates => generated 235 bytes in 7 msecs (HTTP/1.1 404) 5 headers in 202 bytes (1 switches on core 0)
2026-06-30 23:27:58.209 8 INFO placement.requestlog [None req-640c8359-8663-4748-baca-a09008f4edb5 e442bb02bcf745df8fb30747f635bd0f 5a4be4c0b1f043f98f208d1532cfa4a8 - - bfe4387a9ec9444c80b17b3c2d7420c5 bfe4387a9ec9444c80b17b3c2d7420c5] 10.0.0.202 "DELETE /resource_providers/8593bee9-e058-4588-bdcc-bfec029bf513" status: 404 len: 246 microversion: 1.1 [pid: 8|app: 0|req: 464/934] 10.0.0.202 () {34 vars in 823 bytes} [Tue Jun 30 23:27:58 2026] DELETE /resource_providers/8593bee9-e058-4588-bdcc-bfec029bf513 => generated 246 bytes in 11 msecs (HTTP/1.1 404) 6 headers in 231 bytes (1 switches on core 0)
2026-06-30 23:27:58.212 7 INFO placement.requestlog [None req-fd0ea2a1-c83f-4464-8a72-b674d30550ea e442bb02bcf745df8fb30747f635bd0f 5a4be4c0b1f043f98f208d1532cfa4a8 - - bfe4387a9ec9444c80b17b3c2d7420c5 bfe4387a9ec9444c80b17b3c2d7420c5] 10.0.0.202 "DELETE /resource_providers/8593bee9-e058-4588-bdcc-bfec029bf513" status: 404 len: 246 microversion: 1.1 [pid: 7|app: 0|req: 471/935] 10.0.0.202 () {34 vars in 823 bytes} [Tue Jun 30 23:27:58 2026] DELETE /resource_providers/8593bee9-e058-4588-bdcc-bfec029bf513 => generated 246 bytes in 15 msecs (HTTP/1.1 404) 6 headers in 231 bytes (1 switches on core 0)
2026-06-30 23:28:00.233 8 INFO placement.requestlog [None req-59165a38-aa81-492d-85ec-6a5df027f6df e442bb02bcf745df8fb30747f635bd0f 5a4be4c0b1f043f98f208d1532cfa4a8 - - bfe4387a9ec9444c80b17b3c2d7420c5 bfe4387a9ec9444c80b17b3c2d7420c5] 10.0.0.202 "GET /resource_providers/3bba9c2d-094a-44b4-95c6-36bd19a30dab/aggregates" status: 404 len: 235 microversion: 1.1 [pid: 8|app: 0|req: 465/936] 10.0.0.202 () {32 vars in 823 bytes} [Tue Jun 30 23:28:00 2026] GET /resource_providers/3bba9c2d-094a-44b4-95c6-36bd19a30dab/aggregates => generated 235 bytes in 13 msecs (HTTP/1.1 404) 5 headers in 202 bytes (1 switches on core 0)
2026-06-30 23:28:00.243 7 INFO placement.requestlog [None req-f7b2101c-000c-4077-838b-19358ed4f42e e442bb02bcf745df8fb30747f635bd0f 5a4be4c0b1f043f98f208d1532cfa4a8 - - bfe4387a9ec9444c80b17b3c2d7420c5 bfe4387a9ec9444c80b17b3c2d7420c5] 10.0.0.202 "GET /resource_providers/3bba9c2d-094a-44b4-95c6-36bd19a30dab/aggregates" status: 404 len: 235 microversion: 1.1 [pid: 7|app: 0|req: 472/937] 10.0.0.202 () {32 vars in 823 bytes} [Tue Jun 30 23:28:00 2026] GET /resource_providers/3bba9c2d-094a-44b4-95c6-36bd19a30dab/aggregates => generated 235 bytes in 15 msecs (HTTP/1.1 404) 5 headers in 202 bytes (1 switches on core 0)
2026-06-30 23:28:00.251 8 INFO placement.requestlog [None req-6f7d8e21-bbf4-46eb-9221-c66879b415c9 e442bb02bcf745df8fb30747f635bd0f 5a4be4c0b1f043f98f208d1532cfa4a8 - - bfe4387a9ec9444c80b17b3c2d7420c5 bfe4387a9ec9444c80b17b3c2d7420c5] 10.0.0.202 "DELETE /resource_providers/3bba9c2d-094a-44b4-95c6-36bd19a30dab" status: 404 len: 246 microversion: 1.1 [pid: 8|app: 0|req: 466/938] 10.0.0.202 () {34 vars in 823 bytes} [Tue Jun 30 23:28:00 2026] DELETE /resource_providers/3bba9c2d-094a-44b4-95c6-36bd19a30dab => generated 246 bytes in 9 msecs (HTTP/1.1 404) 6 headers in 231 bytes (1 switches on core 0)
2026-06-30 23:28:00.262 7 INFO placement.requestlog [None req-638aabc3-99bc-420a-8f90-d9f4cc47e8b8 e442bb02bcf745df8fb30747f635bd0f 5a4be4c0b1f043f98f208d1532cfa4a8 - - bfe4387a9ec9444c80b17b3c2d7420c5 bfe4387a9ec9444c80b17b3c2d7420c5] 10.0.0.202 "DELETE /resource_providers/3bba9c2d-094a-44b4-95c6-36bd19a30dab" status: 404 len: 246 microversion: 1.1 [pid: 7|app: 0|req: 473/939] 10.0.0.202 () {34 vars in 823 bytes} [Tue Jun 30 23:28:00 2026] DELETE /resource_providers/3bba9c2d-094a-44b4-95c6-36bd19a30dab => generated 246 bytes in 13 msecs (HTTP/1.1 404) 6 headers in 231 bytes (1 switches on core 0)
2026-06-30 23:28:00.270 8 INFO placement.requestlog [None req-7d0c567f-d2f5-4ea8-8fd7-6acb2408e8ff e442bb02bcf745df8fb30747f635bd0f 5a4be4c0b1f043f98f208d1532cfa4a8 - - bfe4387a9ec9444c80b17b3c2d7420c5 bfe4387a9ec9444c80b17b3c2d7420c5] 10.0.0.202 "GET /resource_providers/9646965c-d083-4d26-a696-59ab6441be8d/aggregates" status: 404 len: 235 microversion: 1.1 [pid: 8|app: 0|req: 467/940] 10.0.0.202 () {32 vars in 823 bytes} [Tue Jun 30 23:28:00 2026] GET /resource_providers/9646965c-d083-4d26-a696-59ab6441be8d/aggregates => generated 235 bytes in 10 msecs (HTTP/1.1 404) 5 headers in 202 bytes (1 switches on core 0)
2026-06-30 23:28:00.280 7 INFO placement.requestlog [None req-470a6a60-1690-4f69-a4ce-65ad5a2249e9 e442bb02bcf745df8fb30747f635bd0f 5a4be4c0b1f043f98f208d1532cfa4a8 - - bfe4387a9ec9444c80b17b3c2d7420c5 bfe4387a9ec9444c80b17b3c2d7420c5] 10.0.0.202 "GET /resource_providers/9646965c-d083-4d26-a696-59ab6441be8d/aggregates" status: 404 len: 235 microversion: 1.1 [pid: 7|app: 0|req: 474/941] 10.0.0.202 () {32 vars in 823 bytes} [Tue Jun 30 23:28:00 2026] GET /resource_providers/9646965c-d083-4d26-a696-59ab6441be8d/aggregates => generated 235 bytes in 12 msecs (HTTP/1.1 404) 5 headers in 202 bytes (1 switches on core 0)
2026-06-30 23:28:00.284 8 INFO placement.requestlog [None req-e19c326c-b3c2-4a09-8523-ba727804422e e442bb02bcf745df8fb30747f635bd0f 5a4be4c0b1f043f98f208d1532cfa4a8 - - bfe4387a9ec9444c80b17b3c2d7420c5 bfe4387a9ec9444c80b17b3c2d7420c5] 10.0.0.202 "DELETE /resource_providers/9646965c-d083-4d26-a696-59ab6441be8d" status: 404 len: 246 microversion: 1.1 [pid: 8|app: 0|req: 468/942] 10.0.0.202 () {34 vars in 823 bytes} [Tue Jun 30 23:28:00 2026] DELETE /resource_providers/9646965c-d083-4d26-a696-59ab6441be8d => generated 246 bytes in 7 msecs (HTTP/1.1 404) 6 headers in 231 bytes (1 switches on core 0)
2026-06-30 23:28:00.307 8 INFO placement.requestlog [None req-d70a64c4-fe87-4243-af76-4f63ee00b5a6 e442bb02bcf745df8fb30747f635bd0f 5a4be4c0b1f043f98f208d1532cfa4a8 - - bfe4387a9ec9444c80b17b3c2d7420c5 bfe4387a9ec9444c80b17b3c2d7420c5] 10.0.0.202 "DELETE /resource_providers/9646965c-d083-4d26-a696-59ab6441be8d" status: 404 len: 246 microversion: 1.1 [pid: 8|app: 0|req: 469/943] 10.0.0.202 () {34 vars in 823 bytes} [Tue Jun 30 23:28:00 2026] DELETE /resource_providers/9646965c-d083-4d26-a696-59ab6441be8d => generated 246 bytes in 8 msecs (HTTP/1.1 404) 6 headers in 231 bytes (1 switches on core 0)
2026-06-30 23:28:00.310 7 INFO placement.requestlog [None req-1cefa96b-8608-4244-93ef-e6f84da933ec e442bb02bcf745df8fb30747f635bd0f 5a4be4c0b1f043f98f208d1532cfa4a8 - - bfe4387a9ec9444c80b17b3c2d7420c5 bfe4387a9ec9444c80b17b3c2d7420c5] 10.0.0.202 "GET /resource_providers/da82f566-24c7-4d43-83ba-cff02651db97/aggregates" status: 404 len: 235 microversion: 1.1 [pid: 7|app: 0|req: 475/944] 10.0.0.202 () {32 vars in 823 bytes} [Tue Jun 30 23:28:00 2026] GET /resource_providers/da82f566-24c7-4d43-83ba-cff02651db97/aggregates => generated 235 bytes in 11 msecs (HTTP/1.1 404) 5 headers in 202 bytes (1 switches on core 0)
2026-06-30 23:28:00.328 8 INFO placement.requestlog [None req-d24258cb-9b0a-442f-9768-a357744beb2b e442bb02bcf745df8fb30747f635bd0f 5a4be4c0b1f043f98f208d1532cfa4a8 - - bfe4387a9ec9444c80b17b3c2d7420c5 bfe4387a9ec9444c80b17b3c2d7420c5] 10.0.0.202 "GET /resource_providers/da82f566-24c7-4d43-83ba-cff02651db97/aggregates" status: 404 len: 235 microversion: 1.1 [pid: 8|app: 0|req: 470/945] 10.0.0.202 () {32 vars in 823 bytes} [Tue Jun 30 23:28:00 2026] GET /resource_providers/da82f566-24c7-4d43-83ba-cff02651db97/aggregates => generated 235 bytes in 9 msecs (HTTP/1.1 404) 5 headers in 202 bytes (1 switches on core 0)
2026-06-30 23:28:00.340 7 INFO placement.requestlog [None req-1e746855-ffb0-47e5-9510-578f31f1d090 e442bb02bcf745df8fb30747f635bd0f 5a4be4c0b1f043f98f208d1532cfa4a8 - - bfe4387a9ec9444c80b17b3c2d7420c5 bfe4387a9ec9444c80b17b3c2d7420c5] 10.0.0.202 "DELETE /resource_providers/da82f566-24c7-4d43-83ba-cff02651db97" status: 404 len: 246 microversion: 1.1 [pid: 7|app: 0|req: 476/946] 10.0.0.202 () {34 vars in 823 bytes} [Tue Jun 30 23:28:00 2026] DELETE /resource_providers/da82f566-24c7-4d43-83ba-cff02651db97 => generated 246 bytes in 16 msecs (HTTP/1.1 404) 6 headers in 231 bytes (1 switches on core 0)
2026-06-30 23:28:00.347 8 INFO placement.requestlog [None req-1d9fae1a-d7b9-430c-b0b4-6bc5edb3e31f e442bb02bcf745df8fb30747f635bd0f 5a4be4c0b1f043f98f208d1532cfa4a8 - - bfe4387a9ec9444c80b17b3c2d7420c5 bfe4387a9ec9444c80b17b3c2d7420c5] 10.0.0.202 "DELETE /resource_providers/da82f566-24c7-4d43-83ba-cff02651db97" status: 404 len: 246 microversion: 1.1 [pid: 8|app: 0|req: 471/947] 10.0.0.202 () {34 vars in 823 bytes} [Tue Jun 30 23:28:00 2026] DELETE /resource_providers/da82f566-24c7-4d43-83ba-cff02651db97 => generated 246 bytes in 12 msecs (HTTP/1.1 404) 6 headers in 231 bytes (1 switches on core 0)
2026-06-30 23:28:06.771 7 INFO placement.requestlog [None req-e455de1b-eaa2-4e67-ae48-10008fa820da - - - - - -] 10.0.0.96 "GET /" status: 200 len: 136 microversion: 1.0
2026-06-30 23:28:06.772 8 INFO placement.requestlog [None req-52fd8796-c419-4266-9771-6e2647a4a497 - - - - - -] 10.0.0.96 "GET /" status: 200 len: 136 microversion: 1.0
2026-06-30 23:28:08.031 8 INFO placement.requestlog [None req-842d27e2-312a-4dd2-ac75-3ca0a2b111ae e442bb02bcf745df8fb30747f635bd0f 5a4be4c0b1f043f98f208d1532cfa4a8 - - bfe4387a9ec9444c80b17b3c2d7420c5 bfe4387a9ec9444c80b17b3c2d7420c5] 10.0.0.202 "GET /resource_providers/b2af512f-0637-4dac-92c6-2eb2d861c2e6/aggregates" status: 404 len: 235 microversion: 1.1 [pid: 8|app: 0|req: 473/950] 10.0.0.202 () {32 vars in 823 bytes} [Tue Jun 30 23:28:08 2026] GET /resource_providers/b2af512f-0637-4dac-92c6-2eb2d861c2e6/aggregates => generated 235 bytes in 14 msecs (HTTP/1.1 404) 5 headers in 202 bytes (1 switches on core 0)
2026-06-30 23:28:08.032 7 INFO placement.requestlog [None req-203b0fe9-bf4c-4507-acc8-9087c22b2d1c e442bb02bcf745df8fb30747f635bd0f 5a4be4c0b1f043f98f208d1532cfa4a8 - - bfe4387a9ec9444c80b17b3c2d7420c5 bfe4387a9ec9444c80b17b3c2d7420c5] 10.0.0.202 "GET /resource_providers/b2af512f-0637-4dac-92c6-2eb2d861c2e6/aggregates" status: 404 len: 235 microversion: 1.1 [pid: 7|app: 0|req: 478/951] 10.0.0.202 () {32 vars in 823 bytes} [Tue Jun 30 23:28:08 2026] GET /resource_providers/b2af512f-0637-4dac-92c6-2eb2d861c2e6/aggregates => generated 235 bytes in 15 msecs (HTTP/1.1 404) 5 headers in 202 bytes (1 switches on core 0)
2026-06-30 23:28:08.056 8 INFO placement.requestlog [None req-7858d0e7-5d38-41e2-a5ae-738493257a3c e442bb02bcf745df8fb30747f635bd0f 5a4be4c0b1f043f98f208d1532cfa4a8 - - bfe4387a9ec9444c80b17b3c2d7420c5 bfe4387a9ec9444c80b17b3c2d7420c5] 10.0.0.202 "DELETE /resource_providers/b2af512f-0637-4dac-92c6-2eb2d861c2e6" status: 404 len: 246 microversion: 1.1 [pid: 8|app: 0|req: 474/952] 10.0.0.202 () {34 vars in 823 bytes} [Tue Jun 30 23:28:08 2026] DELETE /resource_providers/b2af512f-0637-4dac-92c6-2eb2d861c2e6 => generated 246 bytes in 12 msecs (HTTP/1.1 404) 6 headers in 231 bytes (1 switches on core 0)
2026-06-30 23:28:08.058 7 INFO placement.requestlog [None req-8f5afad8-07cd-47db-83ca-25cc4a507de2 e442bb02bcf745df8fb30747f635bd0f 5a4be4c0b1f043f98f208d1532cfa4a8 - - bfe4387a9ec9444c80b17b3c2d7420c5 bfe4387a9ec9444c80b17b3c2d7420c5] 10.0.0.202 "DELETE /resource_providers/b2af512f-0637-4dac-92c6-2eb2d861c2e6" status: 404 len: 246 microversion: 1.1 [pid: 7|app: 0|req: 479/953] 10.0.0.202 () {34 vars in 823 bytes} [Tue Jun 30 23:28:08 2026] DELETE /resource_providers/b2af512f-0637-4dac-92c6-2eb2d861c2e6 => generated 246 bytes in 14 msecs (HTTP/1.1 404) 6 headers in 231 bytes (1 switches on core 0)
2026-06-30 23:28:16.759 8 INFO placement.requestlog [req-b260031f-8b33-44e0-adbf-cfcbc511d968 req-56d95ceb-727a-4b67-a0fc-cfb43200add0 40ea412ca24c4b8e9c94f29746b181a6 5a4be4c0b1f043f98f208d1532cfa4a8 - - bfe4387a9ec9444c80b17b3c2d7420c5 bfe4387a9ec9444c80b17b3c2d7420c5] 10.0.0.144 "GET /allocation_candidates?limit=1000&resources=DISK_GB%3A1%2CMEMORY_MB%3A512%2CVCPU%3A1&root_required=%21COMPUTE_STATUS_DISABLED" status: 200 len: 2150 microversion: 1.36 [pid: 8|app: 0|req: 475/954] 10.0.0.144 () {34 vars in 1010 bytes} [Tue Jun 30 23:28:16 2026] GET /allocation_candidates?limit=1000&resources=DISK_GB%3A1%2CMEMORY_MB%3A512%2CVCPU%3A1&root_required=%21COMPUTE_STATUS_DISABLED => generated 2150 bytes in 41 msecs (HTTP/1.1 200) 8 headers in 297 bytes (1 switches on core 0)
2026-06-30 23:28:16.773 7 INFO placement.requestlog [None req-ec5ff709-54ff-4ed5-89ea-c3fa0eae32f7 - - - - - -] 10.0.0.96 "GET /" status: 200 len: 136 microversion: 1.0
2026-06-30 23:28:16.771 8 INFO placement.requestlog [None req-002aa996-dc07-42b3-abdb-c268ba463cd7 - - - - - -] 10.0.0.96 "GET /" status: 200 len: 136 microversion: 1.0
2026-06-30 23:28:16.790 7 INFO placement.requestlog [req-b260031f-8b33-44e0-adbf-cfcbc511d968 req-c78a27b0-99e6-4546-8ebf-69a9defe2423 40ea412ca24c4b8e9c94f29746b181a6 5a4be4c0b1f043f98f208d1532cfa4a8 - - bfe4387a9ec9444c80b17b3c2d7420c5 bfe4387a9ec9444c80b17b3c2d7420c5] 10.0.0.144 "GET /allocations/5dd3eeef-a2f3-4b0e-b77b-8ccb5b4167b5" status: 200 len: 19 microversion: 1.28 [pid: 7|app: 0|req: 481/957] 10.0.0.144 () {34 vars in 859 bytes} [Tue Jun 30 23:28:16 2026] GET /allocations/5dd3eeef-a2f3-4b0e-b77b-8ccb5b4167b5 => generated 19 bytes in 11 msecs (HTTP/1.1 200) 8 headers in 295 bytes (1 switches on core 0)
2026-06-30 23:28:16.865 8 INFO placement.requestlog [req-b260031f-8b33-44e0-adbf-cfcbc511d968 req-5c0ef7d7-29ba-4025-8d93-6abf48022c29 40ea412ca24c4b8e9c94f29746b181a6 5a4be4c0b1f043f98f208d1532cfa4a8 - - bfe4387a9ec9444c80b17b3c2d7420c5 bfe4387a9ec9444c80b17b3c2d7420c5] 10.0.0.144 "PUT /allocations/5dd3eeef-a2f3-4b0e-b77b-8ccb5b4167b5" status: 204 len: 0 microversion: 1.36 [pid: 8|app: 0|req: 477/958] 10.0.0.144 () {38 vars in 912 bytes} [Tue Jun 30 23:28:16 2026] PUT /allocations/5dd3eeef-a2f3-4b0e-b77b-8ccb5b4167b5 => generated 0 bytes in 67 msecs (HTTP/1.1 204) 5 headers in 199 bytes (1 switches on core 0)
2026-06-30 23:28:17.111 7 INFO placement.requestlog [req-b260031f-8b33-44e0-adbf-cfcbc511d968 req-01d63ea0-7383-42fe-9a55-15313a4fba14 40ea412ca24c4b8e9c94f29746b181a6 5a4be4c0b1f043f98f208d1532cfa4a8 - - bfe4387a9ec9444c80b17b3c2d7420c5 bfe4387a9ec9444c80b17b3c2d7420c5] 199.204.45.57 "GET /allocations/5dd3eeef-a2f3-4b0e-b77b-8ccb5b4167b5" status: 200 len: 258 microversion: 1.28 [pid: 7|app: 0|req: 482/959] 199.204.45.57 () {34 vars in 860 bytes} [Tue Jun 30 23:28:17 2026] GET /allocations/5dd3eeef-a2f3-4b0e-b77b-8ccb5b4167b5 => generated 258 bytes in 17 msecs (HTTP/1.1 200) 8 headers in 296 bytes (1 switches on core 0)
2026-06-30 23:28:17.236 8 INFO placement.requestlog [req-b260031f-8b33-44e0-adbf-cfcbc511d968 req-bbf41336-a34d-42da-aa80-65a3e34c9c86 40ea412ca24c4b8e9c94f29746b181a6 5a4be4c0b1f043f98f208d1532cfa4a8 - - bfe4387a9ec9444c80b17b3c2d7420c5 bfe4387a9ec9444c80b17b3c2d7420c5] 199.204.45.57 "GET /resource_providers/21c5491e-fbd3-4b32-97b4-b08640de1c71/allocations" status: 200 len: 353 microversion: 1.0 [pid: 8|app: 0|req: 478/960] 199.204.45.57 () {32 vars in 854 bytes} [Tue Jun 30 23:28:17 2026] GET /resource_providers/21c5491e-fbd3-4b32-97b4-b08640de1c71/allocations => generated 353 bytes in 18 msecs (HTTP/1.1 200) 6 headers in 224 bytes (1 switches on core 0)
2026-06-30 23:28:17.255 7 INFO placement.requestlog [req-b260031f-8b33-44e0-adbf-cfcbc511d968 req-38f10d00-3807-4666-a159-b8f6c53fbd93 40ea412ca24c4b8e9c94f29746b181a6 5a4be4c0b1f043f98f208d1532cfa4a8 - - bfe4387a9ec9444c80b17b3c2d7420c5 bfe4387a9ec9444c80b17b3c2d7420c5] 199.204.45.57 "GET /allocations/8d0d42a4-435f-4047-92f4-c9a63c6f2580" status: 200 len: 258 microversion: 1.28 [pid: 7|app: 0|req: 483/961] 199.204.45.57 () {34 vars in 860 bytes} [Tue Jun 30 23:28:17 2026] GET /allocations/8d0d42a4-435f-4047-92f4-c9a63c6f2580 => generated 258 bytes in 13 msecs (HTTP/1.1 200) 8 headers in 296 bytes (1 switches on core 0)
2026-06-30 23:28:17.276 8 INFO placement.requestlog [req-b260031f-8b33-44e0-adbf-cfcbc511d968 req-cc16585c-f33a-4072-b722-e8c65833f9ea 40ea412ca24c4b8e9c94f29746b181a6 5a4be4c0b1f043f98f208d1532cfa4a8 - - bfe4387a9ec9444c80b17b3c2d7420c5 bfe4387a9ec9444c80b17b3c2d7420c5] 199.204.45.57 "GET /allocations/5dd3eeef-a2f3-4b0e-b77b-8ccb5b4167b5" status: 200 len: 258 microversion: 1.28 [pid: 8|app: 0|req: 479/962] 199.204.45.57 () {34 vars in 860 bytes} [Tue Jun 30 23:28:17 2026] GET /allocations/5dd3eeef-a2f3-4b0e-b77b-8ccb5b4167b5 => generated 258 bytes in 13 msecs (HTTP/1.1 200) 8 headers in 296 bytes (1 switches on core 0)
2026-06-30 23:28:17.299 7 INFO placement.requestlog [req-b260031f-8b33-44e0-adbf-cfcbc511d968 req-929d8109-308f-4d38-b2e8-f32626345285 40ea412ca24c4b8e9c94f29746b181a6 5a4be4c0b1f043f98f208d1532cfa4a8 - - bfe4387a9ec9444c80b17b3c2d7420c5 bfe4387a9ec9444c80b17b3c2d7420c5] 199.204.45.57 "GET /allocations/bfb10fe1-a8c3-466a-9cde-1afc875411de" status: 200 len: 258 microversion: 1.28 [pid: 7|app: 0|req: 484/963] 199.204.45.57 () {34 vars in 860 bytes} [Tue Jun 30 23:28:17 2026] GET /allocations/bfb10fe1-a8c3-466a-9cde-1afc875411de => generated 258 bytes in 15 msecs (HTTP/1.1 200) 8 headers in 296 bytes (1 switches on core 0)
2026-06-30 23:28:24.039 7 INFO placement.requestlog [None req-02e0f18e-e363-40f4-92c7-86aad98f86b8 e442bb02bcf745df8fb30747f635bd0f 5a4be4c0b1f043f98f208d1532cfa4a8 - - bfe4387a9ec9444c80b17b3c2d7420c5 bfe4387a9ec9444c80b17b3c2d7420c5] 10.0.0.202 "GET /resource_providers/d49f819d-9baa-4fc7-9bb3-1d7313d0b053/aggregates" status: 404 len: 235 microversion: 1.1 [pid: 7|app: 0|req: 485/964] 10.0.0.202 () {32 vars in 823 bytes} [Tue Jun 30 23:28:24 2026] GET /resource_providers/d49f819d-9baa-4fc7-9bb3-1d7313d0b053/aggregates => generated 235 bytes in 15 msecs (HTTP/1.1 404) 5 headers in 202 bytes (1 switches on core 0)
2026-06-30 23:28:24.041 8 INFO placement.requestlog [None req-10f77476-d62e-4316-a1b0-1915453e9462 e442bb02bcf745df8fb30747f635bd0f 5a4be4c0b1f043f98f208d1532cfa4a8 - - bfe4387a9ec9444c80b17b3c2d7420c5 bfe4387a9ec9444c80b17b3c2d7420c5] 10.0.0.202 "GET /resource_providers/d49f819d-9baa-4fc7-9bb3-1d7313d0b053/aggregates" status: 404 len: 235 microversion: 1.1 [pid: 8|app: 0|req: 480/965] 10.0.0.202 () {32 vars in 823 bytes} [Tue Jun 30 23:28:24 2026] GET /resource_providers/d49f819d-9baa-4fc7-9bb3-1d7313d0b053/aggregates => generated 235 bytes in 17 msecs (HTTP/1.1 404) 5 headers in 202 bytes (1 switches on core 0)
2026-06-30 23:28:24.063 7 INFO placement.requestlog [None req-39443fcd-f669-46ab-90e1-7cf8a62ff74a e442bb02bcf745df8fb30747f635bd0f 5a4be4c0b1f043f98f208d1532cfa4a8 - - bfe4387a9ec9444c80b17b3c2d7420c5 bfe4387a9ec9444c80b17b3c2d7420c5] 10.0.0.202 "DELETE /resource_providers/d49f819d-9baa-4fc7-9bb3-1d7313d0b053" status: 404 len: 246 microversion: 1.1 [pid: 7|app: 0|req: 486/966] 10.0.0.202 () {34 vars in 823 bytes} [Tue Jun 30 23:28:24 2026] DELETE /resource_providers/d49f819d-9baa-4fc7-9bb3-1d7313d0b053 => generated 246 bytes in 8 msecs (HTTP/1.1 404) 6 headers in 231 bytes (1 switches on core 0)
2026-06-30 23:28:24.063 8 INFO placement.requestlog [None req-8ca62ae2-d226-45f5-b794-8bb636e377c7 e442bb02bcf745df8fb30747f635bd0f 5a4be4c0b1f043f98f208d1532cfa4a8 - - bfe4387a9ec9444c80b17b3c2d7420c5 bfe4387a9ec9444c80b17b3c2d7420c5] 10.0.0.202 "DELETE /resource_providers/d49f819d-9baa-4fc7-9bb3-1d7313d0b053" status: 404 len: 246 microversion: 1.1 [pid: 8|app: 0|req: 481/967] 10.0.0.202 () {34 vars in 823 bytes} [Tue Jun 30 23:28:24 2026] DELETE /resource_providers/d49f819d-9baa-4fc7-9bb3-1d7313d0b053 => generated 246 bytes in 9 msecs (HTTP/1.1 404) 6 headers in 231 bytes (1 switches on core 0)
2026-06-30 23:28:26.771 7 INFO placement.requestlog [None req-375bfbf2-5580-4baa-8e48-518c3f1c619f - - - - - -] 10.0.0.96 "GET /" status: 200 len: 136 microversion: 1.0
2026-06-30 23:28:26.772 8 INFO placement.requestlog [None req-b3fa850e-ccac-498e-9134-804a01ae8f9a - - - - - -] 10.0.0.96 "GET /" status: 200 len: 136 microversion: 1.0
2026-06-30 23:28:29.021 7 INFO placement.requestlog [req-89605c3f-5720-4161-8887-d681d752ec14 req-06ee6220-9329-4ff4-ae66-bb9939732366 40ea412ca24c4b8e9c94f29746b181a6 5a4be4c0b1f043f98f208d1532cfa4a8 - - bfe4387a9ec9444c80b17b3c2d7420c5 bfe4387a9ec9444c80b17b3c2d7420c5] 10.0.0.144 "GET /allocation_candidates?limit=1000&resources=MEMORY_MB%3A2048%2CVCPU%3A2&root_required=%21COMPUTE_STATUS_DISABLED" status: 200 len: 2137 microversion: 1.36 [pid: 7|app: 0|req: 488/970] 10.0.0.144 () {34 vars in 984 bytes} [Tue Jun 30 23:28:28 2026] GET /allocation_candidates?limit=1000&resources=MEMORY_MB%3A2048%2CVCPU%3A2&root_required=%21COMPUTE_STATUS_DISABLED => generated 2137 bytes in 53 msecs (HTTP/1.1 200) 8 headers in 297 bytes (1 switches on core 0)
2026-06-30 23:28:29.054 8 INFO placement.requestlog [req-89605c3f-5720-4161-8887-d681d752ec14 req-d045dff7-6228-40b5-8210-a44b2aa74fd2 40ea412ca24c4b8e9c94f29746b181a6 5a4be4c0b1f043f98f208d1532cfa4a8 - - bfe4387a9ec9444c80b17b3c2d7420c5 bfe4387a9ec9444c80b17b3c2d7420c5] 10.0.0.144 "GET /allocations/e6886ed1-86d6-4d1b-8236-54c53bacfe39" status: 200 len: 19 microversion: 1.28 [pid: 8|app: 0|req: 483/971] 10.0.0.144 () {34 vars in 859 bytes} [Tue Jun 30 23:28:29 2026] GET /allocations/e6886ed1-86d6-4d1b-8236-54c53bacfe39 => generated 19 bytes in 10 msecs (HTTP/1.1 200) 8 headers in 295 bytes (1 switches on core 0)
2026-06-30 23:28:29.126 7 INFO placement.requestlog [req-89605c3f-5720-4161-8887-d681d752ec14 req-0ad38180-34de-42bc-b4a2-5f8dcb13e3f9 40ea412ca24c4b8e9c94f29746b181a6 5a4be4c0b1f043f98f208d1532cfa4a8 - - bfe4387a9ec9444c80b17b3c2d7420c5 bfe4387a9ec9444c80b17b3c2d7420c5] 10.0.0.144 "PUT /allocations/e6886ed1-86d6-4d1b-8236-54c53bacfe39" status: 204 len: 0 microversion: 1.36 [pid: 7|app: 0|req: 489/972] 10.0.0.144 () {38 vars in 912 bytes} [Tue Jun 30 23:28:29 2026] PUT /allocations/e6886ed1-86d6-4d1b-8236-54c53bacfe39 => generated 0 bytes in 64 msecs (HTTP/1.1 204) 5 headers in 199 bytes (1 switches on core 0)
2026-06-30 23:28:29.454 8 INFO placement.requestlog [req-89605c3f-5720-4161-8887-d681d752ec14 req-6ce37ccc-d3f7-48c1-9c0c-86e1c115a5c9 40ea412ca24c4b8e9c94f29746b181a6 5a4be4c0b1f043f98f208d1532cfa4a8 - - bfe4387a9ec9444c80b17b3c2d7420c5 bfe4387a9ec9444c80b17b3c2d7420c5] 199.204.45.57 "GET /allocations/e6886ed1-86d6-4d1b-8236-54c53bacfe39" status: 200 len: 245 microversion: 1.28 [pid: 8|app: 0|req: 484/973] 199.204.45.57 () {34 vars in 860 bytes} [Tue Jun 30 23:28:29 2026] GET /allocations/e6886ed1-86d6-4d1b-8236-54c53bacfe39 => generated 245 bytes in 14 msecs (HTTP/1.1 200) 8 headers in 296 bytes (1 switches on core 0)
2026-06-30 23:28:29.589 7 INFO placement.requestlog [req-89605c3f-5720-4161-8887-d681d752ec14 req-3a25f672-05f4-4d13-8608-35697ad410e2 40ea412ca24c4b8e9c94f29746b181a6 5a4be4c0b1f043f98f208d1532cfa4a8 - - bfe4387a9ec9444c80b17b3c2d7420c5 bfe4387a9ec9444c80b17b3c2d7420c5] 199.204.45.57 "GET /resource_providers/21c5491e-fbd3-4b32-97b4-b08640de1c71/allocations" status: 200 len: 440 microversion: 1.0 [pid: 7|app: 0|req: 490/974] 199.204.45.57 () {32 vars in 854 bytes} [Tue Jun 30 23:28:29 2026] GET /resource_providers/21c5491e-fbd3-4b32-97b4-b08640de1c71/allocations => generated 440 bytes in 22 msecs (HTTP/1.1 200) 6 headers in 224 bytes (1 switches on core 0)
2026-06-30 23:28:29.611 8 INFO placement.requestlog [req-89605c3f-5720-4161-8887-d681d752ec14 req-23245784-2b9b-46e6-9989-191bf76d942c 40ea412ca24c4b8e9c94f29746b181a6 5a4be4c0b1f043f98f208d1532cfa4a8 - - bfe4387a9ec9444c80b17b3c2d7420c5 bfe4387a9ec9444c80b17b3c2d7420c5] 199.204.45.57 "GET /allocations/8d0d42a4-435f-4047-92f4-c9a63c6f2580" status: 200 len: 258 microversion: 1.28 [pid: 8|app: 0|req: 485/975] 199.204.45.57 () {34 vars in 860 bytes} [Tue Jun 30 23:28:29 2026] GET /allocations/8d0d42a4-435f-4047-92f4-c9a63c6f2580 => generated 258 bytes in 17 msecs (HTTP/1.1 200) 8 headers in 296 bytes (1 switches on core 0)
2026-06-30 23:28:29.637 7 INFO placement.requestlog [req-89605c3f-5720-4161-8887-d681d752ec14 req-d1a65bbc-5433-4422-b3f4-5d793f58d547 40ea412ca24c4b8e9c94f29746b181a6 5a4be4c0b1f043f98f208d1532cfa4a8 - - bfe4387a9ec9444c80b17b3c2d7420c5 bfe4387a9ec9444c80b17b3c2d7420c5] 199.204.45.57 "GET /allocations/5dd3eeef-a2f3-4b0e-b77b-8ccb5b4167b5" status: 200 len: 258 microversion: 1.28 [pid: 7|app: 0|req: 491/976] 199.204.45.57 () {34 vars in 860 bytes} [Tue Jun 30 23:28:29 2026] GET /allocations/5dd3eeef-a2f3-4b0e-b77b-8ccb5b4167b5 => generated 258 bytes in 16 msecs (HTTP/1.1 200) 8 headers in 296 bytes (1 switches on core 0)
2026-06-30 23:28:29.657 8 INFO placement.requestlog [req-89605c3f-5720-4161-8887-d681d752ec14 req-72128a2a-b3d7-4829-8e54-c0fee344c5e1 40ea412ca24c4b8e9c94f29746b181a6 5a4be4c0b1f043f98f208d1532cfa4a8 - - bfe4387a9ec9444c80b17b3c2d7420c5 bfe4387a9ec9444c80b17b3c2d7420c5] 199.204.45.57 "GET /allocations/e6886ed1-86d6-4d1b-8236-54c53bacfe39" status: 200 len: 245 microversion: 1.28 [pid: 8|app: 0|req: 486/977] 199.204.45.57 () {34 vars in 860 bytes} [Tue Jun 30 23:28:29 2026] GET /allocations/e6886ed1-86d6-4d1b-8236-54c53bacfe39 => generated 245 bytes in 14 msecs (HTTP/1.1 200) 8 headers in 296 bytes (1 switches on core 0)
2026-06-30 23:28:29.685 7 INFO placement.requestlog [req-89605c3f-5720-4161-8887-d681d752ec14 req-b0dc1f4e-cbda-4ddf-9431-17c69225f6aa 40ea412ca24c4b8e9c94f29746b181a6 5a4be4c0b1f043f98f208d1532cfa4a8 - - bfe4387a9ec9444c80b17b3c2d7420c5 bfe4387a9ec9444c80b17b3c2d7420c5] 199.204.45.57 "GET /allocations/bfb10fe1-a8c3-466a-9cde-1afc875411de" status: 200 len: 258 microversion: 1.28 [pid: 7|app: 0|req: 492/978] 199.204.45.57 () {34 vars in 860 bytes} [Tue Jun 30 23:28:29 2026] GET /allocations/bfb10fe1-a8c3-466a-9cde-1afc875411de => generated 258 bytes in 21 msecs (HTTP/1.1 200) 8 headers in 296 bytes (1 switches on core 0)
2026-06-30 23:28:31.925 7 INFO placement.requestlog [None req-7114e416-c483-49a6-bd7e-d1b9d1e42907 e442bb02bcf745df8fb30747f635bd0f 5a4be4c0b1f043f98f208d1532cfa4a8 - - bfe4387a9ec9444c80b17b3c2d7420c5 bfe4387a9ec9444c80b17b3c2d7420c5] 10.0.0.202 "GET /resource_providers/0b1f602a-f84c-4a1e-af8c-facdd9ae3aa7/aggregates" status: 404 len: 235 microversion: 1.1
2026-06-30 23:28:31.925 8 INFO placement.requestlog [None req-30d20c32-3f14-4560-8e95-aed44c570645 e442bb02bcf745df8fb30747f635bd0f 5a4be4c0b1f043f98f208d1532cfa4a8 - - bfe4387a9ec9444c80b17b3c2d7420c5 bfe4387a9ec9444c80b17b3c2d7420c5] 10.0.0.202 "GET /resource_providers/0b1f602a-f84c-4a1e-af8c-facdd9ae3aa7/aggregates" status: 404 len: 235 microversion: 1.1 [pid: 7|app: 0|req: 493/979] 10.0.0.202 () {32 vars in 823 bytes} [Tue Jun 30 23:28:31 2026] GET /resource_providers/0b1f602a-f84c-4a1e-af8c-facdd9ae3aa7/aggregates => generated 235 bytes in 19 msecs (HTTP/1.1 404) 5 headers in 202 bytes (1 switches on core 0) [pid: 8|app: 0|req: 487/980] 10.0.0.202 () {32 vars in 823 bytes} [Tue Jun 30 23:28:31 2026] GET /resource_providers/0b1f602a-f84c-4a1e-af8c-facdd9ae3aa7/aggregates => generated 235 bytes in 20 msecs (HTTP/1.1 404) 5 headers in 202 bytes (1 switches on core 0)
2026-06-30 23:28:31.958 7 INFO placement.requestlog [None req-3f0312d7-390d-48ac-9589-1afae6a313c3 e442bb02bcf745df8fb30747f635bd0f 5a4be4c0b1f043f98f208d1532cfa4a8 - - bfe4387a9ec9444c80b17b3c2d7420c5 bfe4387a9ec9444c80b17b3c2d7420c5] 10.0.0.202 "DELETE /resource_providers/0b1f602a-f84c-4a1e-af8c-facdd9ae3aa7" status: 404 len: 246 microversion: 1.1 [pid: 7|app: 0|req: 494/981] 10.0.0.202 () {34 vars in 823 bytes} [Tue Jun 30 23:28:31 2026] DELETE /resource_providers/0b1f602a-f84c-4a1e-af8c-facdd9ae3aa7 => generated 246 bytes in 11 msecs (HTTP/1.1 404) 6 headers in 231 bytes (1 switches on core 0)
2026-06-30 23:28:31.959 8 INFO placement.requestlog [None req-bb270acb-82cd-4f70-879a-003d986b40fe e442bb02bcf745df8fb30747f635bd0f 5a4be4c0b1f043f98f208d1532cfa4a8 - - bfe4387a9ec9444c80b17b3c2d7420c5 bfe4387a9ec9444c80b17b3c2d7420c5] 10.0.0.202 "DELETE /resource_providers/0b1f602a-f84c-4a1e-af8c-facdd9ae3aa7" status: 404 len: 246 microversion: 1.1 [pid: 8|app: 0|req: 488/982] 10.0.0.202 () {34 vars in 823 bytes} [Tue Jun 30 23:28:31 2026] DELETE /resource_providers/0b1f602a-f84c-4a1e-af8c-facdd9ae3aa7 => generated 246 bytes in 12 msecs (HTTP/1.1 404) 6 headers in 231 bytes (1 switches on core 0)
2026-06-30 23:28:32.457 7 INFO placement.requestlog [None req-29943cdf-73c7-46a9-9866-86cc0f6b0fa5 e442bb02bcf745df8fb30747f635bd0f 5a4be4c0b1f043f98f208d1532cfa4a8 - - bfe4387a9ec9444c80b17b3c2d7420c5 bfe4387a9ec9444c80b17b3c2d7420c5] 10.0.0.202 "GET /resource_providers/5f27d571-05a8-494a-99a1-ec05684e6bca/aggregates" status: 404 len: 235 microversion: 1.1 [pid: 7|app: 0|req: 495/983] 10.0.0.202 () {32 vars in 823 bytes} [Tue Jun 30 23:28:32 2026] GET /resource_providers/5f27d571-05a8-494a-99a1-ec05684e6bca/aggregates => generated 235 bytes in 9 msecs (HTTP/1.1 404) 5 headers in 202 bytes (1 switches on core 0)
2026-06-30 23:28:32.464 8 INFO placement.requestlog [None req-8eb5499a-fbaf-476c-8d32-9fd0047dac03 e442bb02bcf745df8fb30747f635bd0f 5a4be4c0b1f043f98f208d1532cfa4a8 - - bfe4387a9ec9444c80b17b3c2d7420c5 bfe4387a9ec9444c80b17b3c2d7420c5] 10.0.0.202 "GET /resource_providers/5f27d571-05a8-494a-99a1-ec05684e6bca/aggregates" status: 404 len: 235 microversion: 1.1 [pid: 8|app: 0|req: 489/984] 10.0.0.202 () {32 vars in 823 bytes} [Tue Jun 30 23:28:32 2026] GET /resource_providers/5f27d571-05a8-494a-99a1-ec05684e6bca/aggregates => generated 235 bytes in 12 msecs (HTTP/1.1 404) 5 headers in 202 bytes (1 switches on core 0)
2026-06-30 23:28:32.474 7 INFO placement.requestlog [None req-b46ba3c4-24ba-4513-a939-eda94d68b58e e442bb02bcf745df8fb30747f635bd0f 5a4be4c0b1f043f98f208d1532cfa4a8 - - bfe4387a9ec9444c80b17b3c2d7420c5 bfe4387a9ec9444c80b17b3c2d7420c5] 10.0.0.202 "DELETE /resource_providers/5f27d571-05a8-494a-99a1-ec05684e6bca" status: 404 len: 246 microversion: 1.1 [pid: 7|app: 0|req: 496/985] 10.0.0.202 () {34 vars in 823 bytes} [Tue Jun 30 23:28:32 2026] DELETE /resource_providers/5f27d571-05a8-494a-99a1-ec05684e6bca => generated 246 bytes in 9 msecs (HTTP/1.1 404) 6 headers in 231 bytes (1 switches on core 0)
2026-06-30 23:28:32.492 8 INFO placement.requestlog [None req-59283c33-76d8-4c6b-be80-0ae70d2a5c4d e442bb02bcf745df8fb30747f635bd0f 5a4be4c0b1f043f98f208d1532cfa4a8 - - bfe4387a9ec9444c80b17b3c2d7420c5 bfe4387a9ec9444c80b17b3c2d7420c5] 10.0.0.202 "DELETE /resource_providers/5f27d571-05a8-494a-99a1-ec05684e6bca" status: 404 len: 246 microversion: 1.1 [pid: 8|app: 0|req: 490/986] 10.0.0.202 () {34 vars in 823 bytes} [Tue Jun 30 23:28:32 2026] DELETE /resource_providers/5f27d571-05a8-494a-99a1-ec05684e6bca => generated 246 bytes in 10 msecs (HTTP/1.1 404) 6 headers in 231 bytes (1 switches on core 0)
2026-06-30 23:28:34.497 7 INFO placement.requestlog [None req-b06b2d8f-e06d-4ff5-a32d-944fe45abe5d e442bb02bcf745df8fb30747f635bd0f 5a4be4c0b1f043f98f208d1532cfa4a8 - - bfe4387a9ec9444c80b17b3c2d7420c5 bfe4387a9ec9444c80b17b3c2d7420c5] 10.0.0.202 "GET /resource_providers/c62f972e-78f8-44c5-a6c1-18fd4884d25b/aggregates" status: 404 len: 235 microversion: 1.1 [pid: 7|app: 0|req: 497/987] 10.0.0.202 () {32 vars in 823 bytes} [Tue Jun 30 23:28:34 2026] GET /resource_providers/c62f972e-78f8-44c5-a6c1-18fd4884d25b/aggregates => generated 235 bytes in 11 msecs (HTTP/1.1 404) 5 headers in 202 bytes (1 switches on core 0)
2026-06-30 23:28:34.512 8 INFO placement.requestlog [None req-fefa9fb9-ff4a-47c0-84ac-98338a5a8f04 e442bb02bcf745df8fb30747f635bd0f 5a4be4c0b1f043f98f208d1532cfa4a8 - - bfe4387a9ec9444c80b17b3c2d7420c5 bfe4387a9ec9444c80b17b3c2d7420c5] 10.0.0.202 "GET /resource_providers/c62f972e-78f8-44c5-a6c1-18fd4884d25b/aggregates" status: 404 len: 235 microversion: 1.1 [pid: 8|app: 0|req: 491/988] 10.0.0.202 () {32 vars in 823 bytes} [Tue Jun 30 23:28:34 2026] GET /resource_providers/c62f972e-78f8-44c5-a6c1-18fd4884d25b/aggregates => generated 235 bytes in 11 msecs (HTTP/1.1 404) 5 headers in 202 bytes (1 switches on core 0)
2026-06-30 23:28:34.519 7 INFO placement.requestlog [None req-ac6a75e4-84d2-4a9c-b4e6-1755d2443db4 e442bb02bcf745df8fb30747f635bd0f 5a4be4c0b1f043f98f208d1532cfa4a8 - - bfe4387a9ec9444c80b17b3c2d7420c5 bfe4387a9ec9444c80b17b3c2d7420c5] 10.0.0.202 "DELETE /resource_providers/c62f972e-78f8-44c5-a6c1-18fd4884d25b" status: 404 len: 246 microversion: 1.1 [pid: 7|app: 0|req: 498/989] 10.0.0.202 () {34 vars in 823 bytes} [Tue Jun 30 23:28:34 2026] DELETE /resource_providers/c62f972e-78f8-44c5-a6c1-18fd4884d25b => generated 246 bytes in 11 msecs (HTTP/1.1 404) 6 headers in 231 bytes (1 switches on core 0)
2026-06-30 23:28:34.528 8 INFO placement.requestlog [None req-11a856ec-3728-4c4f-9be2-ce5c864ec280 e442bb02bcf745df8fb30747f635bd0f 5a4be4c0b1f043f98f208d1532cfa4a8 - - bfe4387a9ec9444c80b17b3c2d7420c5 bfe4387a9ec9444c80b17b3c2d7420c5] 10.0.0.202 "DELETE /resource_providers/c62f972e-78f8-44c5-a6c1-18fd4884d25b" status: 404 len: 246 microversion: 1.1 [pid: 8|app: 0|req: 492/990] 10.0.0.202 () {34 vars in 823 bytes} [Tue Jun 30 23:28:34 2026] DELETE /resource_providers/c62f972e-78f8-44c5-a6c1-18fd4884d25b => generated 246 bytes in 11 msecs (HTTP/1.1 404) 6 headers in 231 bytes (1 switches on core 0)
2026-06-30 23:28:34.629 7 INFO placement.requestlog [req-24e316e4-bb96-4f4b-90df-7b306999893d req-4c384acf-9953-42a4-b838-ced31831e07c 40ea412ca24c4b8e9c94f29746b181a6 5a4be4c0b1f043f98f208d1532cfa4a8 - - bfe4387a9ec9444c80b17b3c2d7420c5 bfe4387a9ec9444c80b17b3c2d7420c5] 199.204.45.57 "GET /resource_providers/21c5491e-fbd3-4b32-97b4-b08640de1c71/allocations" status: 200 len: 440 microversion: 1.0 [pid: 7|app: 0|req: 499/991] 199.204.45.57 () {32 vars in 854 bytes} [Tue Jun 30 23:28:34 2026] GET /resource_providers/21c5491e-fbd3-4b32-97b4-b08640de1c71/allocations => generated 440 bytes in 21 msecs (HTTP/1.1 200) 6 headers in 224 bytes (1 switches on core 0)
2026-06-30 23:28:34.659 8 INFO placement.requestlog [req-24e316e4-bb96-4f4b-90df-7b306999893d req-05e5bc74-8f8b-43ed-a2db-88bbb6784b68 40ea412ca24c4b8e9c94f29746b181a6 5a4be4c0b1f043f98f208d1532cfa4a8 - - bfe4387a9ec9444c80b17b3c2d7420c5 bfe4387a9ec9444c80b17b3c2d7420c5] 199.204.45.57 "GET /resource_providers/21c5491e-fbd3-4b32-97b4-b08640de1c71/allocations" status: 200 len: 440 microversion: 1.0 [pid: 8|app: 0|req: 493/992] 199.204.45.57 () {32 vars in 854 bytes} [Tue Jun 30 23:28:34 2026] GET /resource_providers/21c5491e-fbd3-4b32-97b4-b08640de1c71/allocations => generated 440 bytes in 22 msecs (HTTP/1.1 200) 6 headers in 224 bytes (1 switches on core 0)
2026-06-30 23:28:34.683 7 INFO placement.requestlog [req-24e316e4-bb96-4f4b-90df-7b306999893d req-b1d3f2be-d745-4d38-a1fc-88412580d4fa 40ea412ca24c4b8e9c94f29746b181a6 5a4be4c0b1f043f98f208d1532cfa4a8 - - bfe4387a9ec9444c80b17b3c2d7420c5 bfe4387a9ec9444c80b17b3c2d7420c5] 199.204.45.57 "GET /allocations/8d0d42a4-435f-4047-92f4-c9a63c6f2580" status: 200 len: 258 microversion: 1.28 [pid: 7|app: 0|req: 500/993] 199.204.45.57 () {34 vars in 860 bytes} [Tue Jun 30 23:28:34 2026] GET /allocations/8d0d42a4-435f-4047-92f4-c9a63c6f2580 => generated 258 bytes in 15 msecs (HTTP/1.1 200) 8 headers in 296 bytes (1 switches on core 0)
2026-06-30 23:28:34.706 8 INFO placement.requestlog [req-24e316e4-bb96-4f4b-90df-7b306999893d req-3f9df8e9-35c4-4c8d-9b41-a768ba639001 40ea412ca24c4b8e9c94f29746b181a6 5a4be4c0b1f043f98f208d1532cfa4a8 - - bfe4387a9ec9444c80b17b3c2d7420c5 bfe4387a9ec9444c80b17b3c2d7420c5] 199.204.45.57 "GET /allocations/5dd3eeef-a2f3-4b0e-b77b-8ccb5b4167b5" status: 200 len: 258 microversion: 1.28 [pid: 8|app: 0|req: 494/994] 199.204.45.57 () {34 vars in 860 bytes} [Tue Jun 30 23:28:34 2026] GET /allocations/5dd3eeef-a2f3-4b0e-b77b-8ccb5b4167b5 => generated 258 bytes in 15 msecs (HTTP/1.1 200) 8 headers in 296 bytes (1 switches on core 0)
2026-06-30 23:28:34.728 7 INFO placement.requestlog [req-24e316e4-bb96-4f4b-90df-7b306999893d req-b3616763-47f5-491c-a98a-cbeea7e7dfb1 40ea412ca24c4b8e9c94f29746b181a6 5a4be4c0b1f043f98f208d1532cfa4a8 - - bfe4387a9ec9444c80b17b3c2d7420c5 bfe4387a9ec9444c80b17b3c2d7420c5] 199.204.45.57 "GET /allocations/e6886ed1-86d6-4d1b-8236-54c53bacfe39" status: 200 len: 245 microversion: 1.28 [pid: 7|app: 0|req: 501/995] 199.204.45.57 () {34 vars in 860 bytes} [Tue Jun 30 23:28:34 2026] GET /allocations/e6886ed1-86d6-4d1b-8236-54c53bacfe39 => generated 245 bytes in 15 msecs (HTTP/1.1 200) 8 headers in 296 bytes (1 switches on core 0)
2026-06-30 23:28:34.747 8 INFO placement.requestlog [req-24e316e4-bb96-4f4b-90df-7b306999893d req-34754eef-cba2-4f75-9b3e-18a4c8f294c6 40ea412ca24c4b8e9c94f29746b181a6 5a4be4c0b1f043f98f208d1532cfa4a8 - - bfe4387a9ec9444c80b17b3c2d7420c5 bfe4387a9ec9444c80b17b3c2d7420c5] 199.204.45.57 "GET /allocations/bfb10fe1-a8c3-466a-9cde-1afc875411de" status: 200 len: 258 microversion: 1.28 [pid: 8|app: 0|req: 495/996] 199.204.45.57 () {34 vars in 860 bytes} [Tue Jun 30 23:28:34 2026] GET /allocations/bfb10fe1-a8c3-466a-9cde-1afc875411de => generated 258 bytes in 12 msecs (HTTP/1.1 200) 8 headers in 296 bytes (1 switches on core 0)
2026-06-30 23:28:35.001 7 INFO placement.requestlog [None req-3dc6347a-1453-4b1c-8501-4537c91f58e8 e442bb02bcf745df8fb30747f635bd0f 5a4be4c0b1f043f98f208d1532cfa4a8 - - bfe4387a9ec9444c80b17b3c2d7420c5 bfe4387a9ec9444c80b17b3c2d7420c5] 10.0.0.202 "GET /resource_providers/cbf6ad58-db92-4bf9-bec9-43d45bf7396f/aggregates" status: 404 len: 235 microversion: 1.1
2026-06-30 23:28:35.001 8 INFO placement.requestlog [None req-1b18eed8-02c1-4d6a-9fa6-83aca365b926 e442bb02bcf745df8fb30747f635bd0f 5a4be4c0b1f043f98f208d1532cfa4a8 - - bfe4387a9ec9444c80b17b3c2d7420c5 bfe4387a9ec9444c80b17b3c2d7420c5] 10.0.0.202 "GET /resource_providers/cbf6ad58-db92-4bf9-bec9-43d45bf7396f/aggregates" status: 404 len: 235 microversion: 1.1 [pid: 7|app: 0|req: 502/997] 10.0.0.202 () {32 vars in 823 bytes} [Tue Jun 30 23:28:34 2026] GET /resource_providers/cbf6ad58-db92-4bf9-bec9-43d45bf7396f/aggregates => generated 235 bytes in 11 msecs (HTTP/1.1 404) 5 headers in 202 bytes (1 switches on core 0) [pid: 8|app: 0|req: 496/998] 10.0.0.202 () {32 vars in 823 bytes} [Tue Jun 30 23:28:34 2026] GET /resource_providers/cbf6ad58-db92-4bf9-bec9-43d45bf7396f/aggregates => generated 235 bytes in 9 msecs (HTTP/1.1 404) 5 headers in 202 bytes (1 switches on core 0)
2026-06-30 23:28:35.035 7 INFO placement.requestlog [None req-14456b7b-5268-4aff-8c81-24912aaecb2f e442bb02bcf745df8fb30747f635bd0f 5a4be4c0b1f043f98f208d1532cfa4a8 - - bfe4387a9ec9444c80b17b3c2d7420c5 bfe4387a9ec9444c80b17b3c2d7420c5] 10.0.0.202 "DELETE /resource_providers/cbf6ad58-db92-4bf9-bec9-43d45bf7396f" status: 404 len: 246 microversion: 1.1 [pid: 7|app: 0|req: 503/999] 10.0.0.202 () {34 vars in 823 bytes} [Tue Jun 30 23:28:35 2026] DELETE /resource_providers/cbf6ad58-db92-4bf9-bec9-43d45bf7396f => generated 246 bytes in 12 msecs (HTTP/1.1 404) 6 headers in 231 bytes (1 switches on core 0)
2026-06-30 23:28:35.035 8 INFO placement.requestlog [None req-2ebb3d92-e084-4b0a-bdf8-2e831d2357b7 e442bb02bcf745df8fb30747f635bd0f 5a4be4c0b1f043f98f208d1532cfa4a8 - - bfe4387a9ec9444c80b17b3c2d7420c5 bfe4387a9ec9444c80b17b3c2d7420c5] 10.0.0.202 "DELETE /resource_providers/cbf6ad58-db92-4bf9-bec9-43d45bf7396f" status: 404 len: 246 microversion: 1.1 [pid: 8|app: 0|req: 497/1000] 10.0.0.202 () {34 vars in 823 bytes} [Tue Jun 30 23:28:35 2026] DELETE /resource_providers/cbf6ad58-db92-4bf9-bec9-43d45bf7396f => generated 246 bytes in 11 msecs (HTTP/1.1 404) 6 headers in 231 bytes (1 switches on core 0)
2026-06-30 23:28:36.771 7 INFO placement.requestlog [None req-230aea51-10c0-48b8-ab83-6e4bb6503ed7 - - - - - -] 10.0.0.96 "GET /" status: 200 len: 136 microversion: 1.0
2026-06-30 23:28:36.772 8 INFO placement.requestlog [None req-c47663f4-3211-474b-b32e-c1eb0b21a8dc - - - - - -] 10.0.0.96 "GET /" status: 200 len: 136 microversion: 1.0
2026-06-30 23:28:38.032 8 INFO placement.requestlog [None req-b1e82032-72bb-4bf2-8a3c-2ce28cceafe7 e442bb02bcf745df8fb30747f635bd0f 5a4be4c0b1f043f98f208d1532cfa4a8 - - bfe4387a9ec9444c80b17b3c2d7420c5 bfe4387a9ec9444c80b17b3c2d7420c5] 10.0.0.202 "GET /resource_providers/e7206e89-0350-4ca5-8cf5-d727c59af106/aggregates" status: 404 len: 235 microversion: 1.1 [pid: 8|app: 0|req: 499/1003] 10.0.0.202 () {32 vars in 823 bytes} [Tue Jun 30 23:28:38 2026] GET /resource_providers/e7206e89-0350-4ca5-8cf5-d727c59af106/aggregates => generated 235 bytes in 14 msecs (HTTP/1.1 404) 5 headers in 202 bytes (1 switches on core 0)
2026-06-30 23:28:38.036 7 INFO placement.requestlog [None req-18d7e0de-9357-4937-aeb1-b41191ac546e e442bb02bcf745df8fb30747f635bd0f 5a4be4c0b1f043f98f208d1532cfa4a8 - - bfe4387a9ec9444c80b17b3c2d7420c5 bfe4387a9ec9444c80b17b3c2d7420c5] 10.0.0.202 "GET /resource_providers/e7206e89-0350-4ca5-8cf5-d727c59af106/aggregates" status: 404 len: 235 microversion: 1.1 [pid: 7|app: 0|req: 505/1004] 10.0.0.202 () {32 vars in 823 bytes} [Tue Jun 30 23:28:38 2026] GET /resource_providers/e7206e89-0350-4ca5-8cf5-d727c59af106/aggregates => generated 235 bytes in 18 msecs (HTTP/1.1 404) 5 headers in 202 bytes (1 switches on core 0)
2026-06-30 23:28:38.049 8 INFO placement.requestlog [None req-884b45ec-0629-4f2f-89bc-6d62c8d6e56f e442bb02bcf745df8fb30747f635bd0f 5a4be4c0b1f043f98f208d1532cfa4a8 - - bfe4387a9ec9444c80b17b3c2d7420c5 bfe4387a9ec9444c80b17b3c2d7420c5] 10.0.0.202 "DELETE /resource_providers/e7206e89-0350-4ca5-8cf5-d727c59af106" status: 404 len: 246 microversion: 1.1 [pid: 8|app: 0|req: 500/1005] 10.0.0.202 () {34 vars in 823 bytes} [Tue Jun 30 23:28:38 2026] DELETE /resource_providers/e7206e89-0350-4ca5-8cf5-d727c59af106 => generated 246 bytes in 11 msecs (HTTP/1.1 404) 6 headers in 231 bytes (1 switches on core 0)
2026-06-30 23:28:38.059 7 INFO placement.requestlog [None req-c8f599e7-4189-464e-bffa-80c1e5b005ee e442bb02bcf745df8fb30747f635bd0f 5a4be4c0b1f043f98f208d1532cfa4a8 - - bfe4387a9ec9444c80b17b3c2d7420c5 bfe4387a9ec9444c80b17b3c2d7420c5] 10.0.0.202 "DELETE /resource_providers/e7206e89-0350-4ca5-8cf5-d727c59af106" status: 404 len: 246 microversion: 1.1 [pid: 7|app: 0|req: 506/1006] 10.0.0.202 () {34 vars in 823 bytes} [Tue Jun 30 23:28:38 2026] DELETE /resource_providers/e7206e89-0350-4ca5-8cf5-d727c59af106 => generated 246 bytes in 13 msecs (HTTP/1.1 404) 6 headers in 231 bytes (1 switches on core 0)
2026-06-30 23:28:41.998 8 INFO placement.requestlog [req-1ac88383-9463-4f31-96d0-08886b700d48 req-8374ba98-1592-4e8d-9a24-7c0480b4c630 40ea412ca24c4b8e9c94f29746b181a6 5a4be4c0b1f043f98f208d1532cfa4a8 - - bfe4387a9ec9444c80b17b3c2d7420c5 bfe4387a9ec9444c80b17b3c2d7420c5] 199.204.45.57 "GET /resource_providers/21c5491e-fbd3-4b32-97b4-b08640de1c71/allocations" status: 200 len: 440 microversion: 1.0 [pid: 8|app: 0|req: 501/1007] 199.204.45.57 () {32 vars in 854 bytes} [Tue Jun 30 23:28:41 2026] GET /resource_providers/21c5491e-fbd3-4b32-97b4-b08640de1c71/allocations => generated 440 bytes in 34 msecs (HTTP/1.1 200) 6 headers in 224 bytes (1 switches on core 0)
2026-06-30 23:28:42.025 7 INFO placement.requestlog [req-1ac88383-9463-4f31-96d0-08886b700d48 req-dd3da7bd-7d28-43be-a429-8a8bbb38bd14 40ea412ca24c4b8e9c94f29746b181a6 5a4be4c0b1f043f98f208d1532cfa4a8 - - bfe4387a9ec9444c80b17b3c2d7420c5 bfe4387a9ec9444c80b17b3c2d7420c5] 199.204.45.57 "GET /allocations/8d0d42a4-435f-4047-92f4-c9a63c6f2580" status: 200 len: 258 microversion: 1.28 [pid: 7|app: 0|req: 507/1008] 199.204.45.57 () {34 vars in 860 bytes} [Tue Jun 30 23:28:42 2026] GET /allocations/8d0d42a4-435f-4047-92f4-c9a63c6f2580 => generated 258 bytes in 20 msecs (HTTP/1.1 200) 8 headers in 296 bytes (1 switches on core 0)
