2026-06-30 23:26:36.538 10 INFO neutron.api.v2.resource [None req-a4f164d2-cb75-4be3-9a1b-c49b3ec02668 d5b0f3dd0c4a456ca048bb6c204e8373 679c45a15de54fc78f70158a3837a96c - - default default] delete failed (client error): The resource could not be found.
2026-06-30 23:26:36.539 10 INFO neutron.wsgi [None req-a4f164d2-cb75-4be3-9a1b-c49b3ec02668 d5b0f3dd0c4a456ca048bb6c204e8373 679c45a15de54fc78f70158a3837a96c - - default default] 10.0.0.232 "DELETE /v2.0/security-groups/44b1d07a-920a-473e-a8ae-ea22f7cf0487 HTTP/1.1" status: 404 len: 347 time: 0.0100975
2026-06-30 23:26:36.541 9 INFO neutron.db.segments_db [None req-7b8cbef1-cd57-4bb9-9e54-ef5d9fecd6bc c629fb27de264d4f81dbf6e29d5ce2d3 b30417e9367645c1967ab78ed8c59a2c - - default default] Added segment 6e5d1e09-3ad6-4b95-b471-567a83e10a1a of type geneve for network 612b2c60-dcbb-46de-b8b6-9341167cbf7c
2026-06-30 23:26:36.674 10 INFO neutron.db.ovn_revision_numbers_db [None req-d9b8a2d1-8169-4955-a38f-2292081c3b5c d5b0f3dd0c4a456ca048bb6c204e8373 679c45a15de54fc78f70158a3837a96c - - default default] Successfully bumped revision number for resource d81d1a24-1d80-4540-96c0-737c34f14bd7 (type: security_groups) to 1
2026-06-30 23:26:36.693 10 INFO neutron.db.ovn_revision_numbers_db [None req-d9b8a2d1-8169-4955-a38f-2292081c3b5c d5b0f3dd0c4a456ca048bb6c204e8373 679c45a15de54fc78f70158a3837a96c - - default default] Successfully bumped revision number for resource b4443806-18f7-4608-bb9b-955336e558c9 (type: security_group_rules) to 0
2026-06-30 23:26:36.714 10 INFO neutron.db.ovn_revision_numbers_db [None req-d9b8a2d1-8169-4955-a38f-2292081c3b5c d5b0f3dd0c4a456ca048bb6c204e8373 679c45a15de54fc78f70158a3837a96c - - default default] Successfully bumped revision number for resource df41b753-78eb-41ef-b056-68b276b6d88b (type: security_group_rules) to 0
2026-06-30 23:26:36.715 9 INFO neutron.db.ovn_revision_numbers_db [None req-7b8cbef1-cd57-4bb9-9e54-ef5d9fecd6bc c629fb27de264d4f81dbf6e29d5ce2d3 b30417e9367645c1967ab78ed8c59a2c - - default default] Successfully bumped revision number for resource 612b2c60-dcbb-46de-b8b6-9341167cbf7c (type: networks) to 1
2026-06-30 23:26:36.734 10 INFO neutron.wsgi [None req-d9b8a2d1-8169-4955-a38f-2292081c3b5c d5b0f3dd0c4a456ca048bb6c204e8373 679c45a15de54fc78f70158a3837a96c - - default default] 10.0.0.232 "POST /v2.0/security-groups HTTP/1.1" status: 201 len: 1761 time: 0.1887596
2026-06-30 23:26:36.889 9 WARNING neutron.scheduler.dhcp_agent_scheduler [None req-7b8cbef1-cd57-4bb9-9e54-ef5d9fecd6bc c629fb27de264d4f81dbf6e29d5ce2d3 b30417e9367645c1967ab78ed8c59a2c - - default default] No more DHCP agents
2026-06-30 23:26:36.892 9 WARNING neutron.api.rpc.agentnotifiers.dhcp_rpc_agent_api [None req-7b8cbef1-cd57-4bb9-9e54-ef5d9fecd6bc c629fb27de264d4f81dbf6e29d5ce2d3 b30417e9367645c1967ab78ed8c59a2c - - default default] Unable to schedule network 612b2c60-dcbb-46de-b8b6-9341167cbf7c: no agents available; will retry on subsequent port and subnet creation events.
2026-06-30 23:26:36.931 9 INFO neutron.db.ovn_revision_numbers_db [None req-a75ec4f0-8374-46c5-af40-dd4d463b4a68 d5b0f3dd0c4a456ca048bb6c204e8373 679c45a15de54fc78f70158a3837a96c - - default default] Successfully bumped revision number for resource a8f99221-8698-4a41-80e5-cabd5191fb08 (type: security_group_rules) to 0
2026-06-30 23:26:36.966 9 INFO neutron.wsgi [None req-a75ec4f0-8374-46c5-af40-dd4d463b4a68 d5b0f3dd0c4a456ca048bb6c204e8373 679c45a15de54fc78f70158a3837a96c - - default default] 10.0.0.232 "POST /v2.0/security-group-rules HTTP/1.1" status: 201 len: 768 time: 0.2267697
2026-06-30 23:26:36.982 9 INFO neutron.db.ovn_revision_numbers_db [None req-7b8cbef1-cd57-4bb9-9e54-ef5d9fecd6bc c629fb27de264d4f81dbf6e29d5ce2d3 b30417e9367645c1967ab78ed8c59a2c - - default default] Successfully bumped revision number for resource d0fdec66-c411-43c4-9517-1856ac0eae6f (type: ports) to 1
2026-06-30 23:26:36.985 9 INFO neutron.wsgi [None req-f8eb557b-b89a-4f16-9b3f-0fe722e601c5 d5b0f3dd0c4a456ca048bb6c204e8373 679c45a15de54fc78f70158a3837a96c - - default default] 10.0.0.232 "GET /v2.0/security-group-rules/a8f99221-8698-4a41-80e5-cabd5191fb08 HTTP/1.1" status: 200 len: 763 time: 0.0140004
2026-06-30 23:26:37.001 9 INFO neutron.wsgi [None req-7b8cbef1-cd57-4bb9-9e54-ef5d9fecd6bc c629fb27de264d4f81dbf6e29d5ce2d3 b30417e9367645c1967ab78ed8c59a2c - - default default] 10.0.0.232 "POST /v2.0/networks HTTP/1.1" status: 201 len: 849 time: 0.5457001
2026-06-30 23:26:37.030 10 INFO neutron.wsgi [None req-7917604f-2693-48c7-ab22-51e20955a824 d5b0f3dd0c4a456ca048bb6c204e8373 679c45a15de54fc78f70158a3837a96c - - default default] 10.0.0.232 "GET /v2.0/security-group-rules HTTP/1.1" status: 200 len: 4113 time: 0.0408347
2026-06-30 23:26:37.075 9 INFO neutron.db.segments_db [None req-4b7c5706-38be-4992-9f41-bd813039129e c629fb27de264d4f81dbf6e29d5ce2d3 b30417e9367645c1967ab78ed8c59a2c - - default default] Added segment 9a9b7189-76ee-42b7-b791-4f08ae7fe8e0 of type geneve for network b4078e9c-aebd-49c9-a44d-e0c1b4d701a9
2026-06-30 23:26:37.174 10 INFO neutron.wsgi [None req-e439b9b4-7901-4704-8e05-66e8853e79ef d5b0f3dd0c4a456ca048bb6c204e8373 679c45a15de54fc78f70158a3837a96c - - default default] 10.0.0.232 "DELETE /v2.0/security-group-rules/a8f99221-8698-4a41-80e5-cabd5191fb08 HTTP/1.1" status: 204 len: 168 time: 0.1380363
2026-06-30 23:26:37.239 9 INFO neutron.db.ovn_revision_numbers_db [None req-4b7c5706-38be-4992-9f41-bd813039129e c629fb27de264d4f81dbf6e29d5ce2d3 b30417e9367645c1967ab78ed8c59a2c - - default default] Successfully bumped revision number for resource b4078e9c-aebd-49c9-a44d-e0c1b4d701a9 (type: networks) to 1
2026-06-30 23:26:37.270 9 INFO neutron.wsgi [None req-7b360daa-d9ac-4dc5-b16b-153b78bc7472 d5b0f3dd0c4a456ca048bb6c204e8373 679c45a15de54fc78f70158a3837a96c - - default default] 10.0.0.232 "GET /v2.0/security-group-rules HTTP/1.1" status: 200 len: 3567 time: 0.0886757
2026-06-30 23:26:37.405 10 INFO neutron.db.ovn_revision_numbers_db [None req-db591bb0-d6b7-4831-8ed1-0d07a2b5ed5f d5b0f3dd0c4a456ca048bb6c204e8373 679c45a15de54fc78f70158a3837a96c - - default default] Successfully bumped revision number for resource 6b8067be-8a80-490c-8845-fe62f78e1001 (type: security_group_rules) to 0
2026-06-30 23:26:37.428 10 INFO neutron.wsgi [None req-db591bb0-d6b7-4831-8ed1-0d07a2b5ed5f d5b0f3dd0c4a456ca048bb6c204e8373 679c45a15de54fc78f70158a3837a96c - - default default] 10.0.0.232 "POST /v2.0/security-group-rules HTTP/1.1" status: 201 len: 768 time: 0.1537232
2026-06-30 23:26:37.446 10 INFO neutron.wsgi [None req-1d9f20ac-9d8d-4b40-a253-7f5b9b0e499a d5b0f3dd0c4a456ca048bb6c204e8373 679c45a15de54fc78f70158a3837a96c - - default default] 10.0.0.232 "GET /v2.0/security-group-rules/6b8067be-8a80-490c-8845-fe62f78e1001 HTTP/1.1" status: 200 len: 763 time: 0.0127461
2026-06-30 23:26:37.463 9 WARNING neutron.scheduler.dhcp_agent_scheduler [None req-4b7c5706-38be-4992-9f41-bd813039129e c629fb27de264d4f81dbf6e29d5ce2d3 b30417e9367645c1967ab78ed8c59a2c - - default default] No more DHCP agents
2026-06-30 23:26:37.464 9 WARNING neutron.api.rpc.agentnotifiers.dhcp_rpc_agent_api [None req-4b7c5706-38be-4992-9f41-bd813039129e c629fb27de264d4f81dbf6e29d5ce2d3 b30417e9367645c1967ab78ed8c59a2c - - default default] Unable to schedule network b4078e9c-aebd-49c9-a44d-e0c1b4d701a9: no agents available; will retry on subsequent port and subnet creation events.
2026-06-30 23:26:37.498 10 INFO neutron.wsgi [None req-2abbba38-c39d-4d02-a0ca-d264bf22c2d8 d5b0f3dd0c4a456ca048bb6c204e8373 679c45a15de54fc78f70158a3837a96c - - default default] 10.0.0.232 "GET /v2.0/security-group-rules HTTP/1.1" status: 200 len: 4113 time: 0.0485191
2026-06-30 23:26:37.544 9 INFO neutron.db.ovn_revision_numbers_db [None req-4b7c5706-38be-4992-9f41-bd813039129e c629fb27de264d4f81dbf6e29d5ce2d3 b30417e9367645c1967ab78ed8c59a2c - - default default] Successfully bumped revision number for resource 8ce83a1e-cfe6-4387-8a99-da30f4b9a0e8 (type: ports) to 1
2026-06-30 23:26:37.564 9 INFO neutron.wsgi [None req-4b7c5706-38be-4992-9f41-bd813039129e c629fb27de264d4f81dbf6e29d5ce2d3 b30417e9367645c1967ab78ed8c59a2c - - default default] 10.0.0.232 "POST /v2.0/networks HTTP/1.1" status: 201 len: 849 time: 0.5580204
2026-06-30 23:26:37.628 10 INFO neutron.wsgi [None req-2f5b3765-f19b-4805-8747-6b9c1094f527 d5b0f3dd0c4a456ca048bb6c204e8373 679c45a15de54fc78f70158a3837a96c - - default default] 10.0.0.232 "DELETE /v2.0/security-group-rules/6b8067be-8a80-490c-8845-fe62f78e1001 HTTP/1.1" status: 204 len: 168 time: 0.1255867
2026-06-30 23:26:37.669 10 INFO neutron.wsgi [None req-89f5947e-c666-40db-bbe3-ec036a5faf7d d5b0f3dd0c4a456ca048bb6c204e8373 679c45a15de54fc78f70158a3837a96c - - default default] 10.0.0.232 "GET /v2.0/security-group-rules HTTP/1.1" status: 200 len: 3567 time: 0.0361397
2026-06-30 23:26:37.696 10 INFO neutron.db.securitygroups_db [None req-18746d9c-4c28-4ba0-90b5-c05318ece060 d5b0f3dd0c4a456ca048bb6c204e8373 679c45a15de54fc78f70158a3837a96c - - default default] Project 679c45a15de54fc78f70158a3837a96c added a security group rule with legacy IPv6 ICMP protocol name icmp, ipv6-icmp should be used instead. It was automatically converted.
2026-06-30 23:26:37.798 10 INFO neutron.db.ovn_revision_numbers_db [None req-18746d9c-4c28-4ba0-90b5-c05318ece060 d5b0f3dd0c4a456ca048bb6c204e8373 679c45a15de54fc78f70158a3837a96c - - default default] Successfully bumped revision number for resource 0b2afdc8-4a1c-4083-a24e-f1aafb2f5304 (type: security_group_rules) to 0
2026-06-30 23:26:37.830 10 INFO neutron.wsgi [None req-18746d9c-4c28-4ba0-90b5-c05318ece060 d5b0f3dd0c4a456ca048bb6c204e8373 679c45a15de54fc78f70158a3837a96c - - default default] 10.0.0.232 "POST /v2.0/security-group-rules HTTP/1.1" status: 201 len: 774 time: 0.1554141
2026-06-30 23:26:37.852 9 INFO neutron.wsgi [None req-d2885941-178e-4721-8c34-1f52c32034bd d5b0f3dd0c4a456ca048bb6c204e8373 679c45a15de54fc78f70158a3837a96c - - default default] 10.0.0.232 "GET /v2.0/security-group-rules/0b2afdc8-4a1c-4083-a24e-f1aafb2f5304 HTTP/1.1" status: 200 len: 769 time: 0.0166376
2026-06-30 23:26:37.907 9 INFO neutron.wsgi [None req-f3005e9d-0a87-4f93-8ffa-03767fff758f d5b0f3dd0c4a456ca048bb6c204e8373 679c45a15de54fc78f70158a3837a96c - - default default] 10.0.0.232 "GET /v2.0/security-group-rules HTTP/1.1" status: 200 len: 4119 time: 0.0508084
2026-06-30 23:26:38.048 9 WARNING neutron.scheduler.dhcp_agent_scheduler [None req-d0debfa5-9d7d-4362-8919-3c4632c678c5 c629fb27de264d4f81dbf6e29d5ce2d3 b30417e9367645c1967ab78ed8c59a2c - - default default] No more DHCP agents
2026-06-30 23:26:38.052 9 INFO neutron.wsgi [None req-1d5090a0-c50d-456f-ba7c-e62dbeee9444 d5b0f3dd0c4a456ca048bb6c204e8373 679c45a15de54fc78f70158a3837a96c - - default default] 10.0.0.232 "DELETE /v2.0/security-group-rules/0b2afdc8-4a1c-4083-a24e-f1aafb2f5304 HTTP/1.1" status: 204 len: 168 time: 0.1402781
2026-06-30 23:26:38.054 9 WARNING neutron.api.rpc.agentnotifiers.dhcp_rpc_agent_api [None req-d0debfa5-9d7d-4362-8919-3c4632c678c5 c629fb27de264d4f81dbf6e29d5ce2d3 b30417e9367645c1967ab78ed8c59a2c - - default default] Unable to schedule network 612b2c60-dcbb-46de-b8b6-9341167cbf7c: no agents available; will retry on subsequent port and subnet creation events.
2026-06-30 23:26:38.098 10 INFO neutron.wsgi [None req-445d4e37-733e-4940-ac77-296607b47ab3 d5b0f3dd0c4a456ca048bb6c204e8373 679c45a15de54fc78f70158a3837a96c - - default default] 10.0.0.232 "GET /v2.0/security-group-rules HTTP/1.1" status: 200 len: 3567 time: 0.0382695
2026-06-30 23:26:38.259 9 INFO neutron.wsgi [None req-012c5e8e-4752-43ab-bd49-956c6ce756a1 d5b0f3dd0c4a456ca048bb6c204e8373 679c45a15de54fc78f70158a3837a96c - - default default] 10.0.0.232 "DELETE /v2.0/security-groups/d81d1a24-1d80-4540-96c0-737c34f14bd7 HTTP/1.1" status: 204 len: 168 time: 0.1540122
2026-06-30 23:26:38.299 10 INFO neutron.wsgi [None req-5474a8cd-26e8-4827-a58f-b2b9f6cf2094 d5b0f3dd0c4a456ca048bb6c204e8373 679c45a15de54fc78f70158a3837a96c - - default default] 10.0.0.232 "GET /v2.0/security-groups HTTP/1.1" status: 200 len: 2996 time: 0.0326812
2026-06-30 23:26:38.343 10 INFO neutron.wsgi [None req-ec9571d6-08e7-4c26-914b-0949059245d9 d5b0f3dd0c4a456ca048bb6c204e8373 679c45a15de54fc78f70158a3837a96c - - default default] 10.0.0.232 "GET /v2.0/security-groups HTTP/1.1" status: 200 len: 2996 time: 0.0375099
2026-06-30 23:26:38.525 9 INFO neutron.db.ovn_revision_numbers_db [None req-d0debfa5-9d7d-4362-8919-3c4632c678c5 c629fb27de264d4f81dbf6e29d5ce2d3 b30417e9367645c1967ab78ed8c59a2c - - default default] Successfully bumped revision number for resource d0fdec66-c411-43c4-9517-1856ac0eae6f (type: ports) to 2
2026-06-30 23:26:38.561 9 INFO neutron.db.ovn_revision_numbers_db [None req-d0debfa5-9d7d-4362-8919-3c4632c678c5 c629fb27de264d4f81dbf6e29d5ce2d3 b30417e9367645c1967ab78ed8c59a2c - - default default] Successfully bumped revision number for resource 50ff661a-2933-40c0-af66-476ddfe70921 (type: subnets) to 0
2026-06-30 23:26:38.592 9 WARNING neutron.scheduler.dhcp_agent_scheduler [None req-d0debfa5-9d7d-4362-8919-3c4632c678c5 c629fb27de264d4f81dbf6e29d5ce2d3 b30417e9367645c1967ab78ed8c59a2c - - default default] No more DHCP agents
2026-06-30 23:26:38.594 9 WARNING neutron.api.rpc.agentnotifiers.dhcp_rpc_agent_api [None req-d0debfa5-9d7d-4362-8919-3c4632c678c5 c629fb27de264d4f81dbf6e29d5ce2d3 b30417e9367645c1967ab78ed8c59a2c - - default default] Unable to schedule network b4078e9c-aebd-49c9-a44d-e0c1b4d701a9: no agents available; will retry on subsequent port and subnet creation events.
2026-06-30 23:26:39.112 9 INFO neutron.db.ovn_revision_numbers_db [None req-d0debfa5-9d7d-4362-8919-3c4632c678c5 c629fb27de264d4f81dbf6e29d5ce2d3 b30417e9367645c1967ab78ed8c59a2c - - default default] Successfully bumped revision number for resource 8ce83a1e-cfe6-4387-8a99-da30f4b9a0e8 (type: ports) to 2
2026-06-30 23:26:39.157 9 INFO neutron.db.ovn_revision_numbers_db [None req-d0debfa5-9d7d-4362-8919-3c4632c678c5 c629fb27de264d4f81dbf6e29d5ce2d3 b30417e9367645c1967ab78ed8c59a2c - - default default] Successfully bumped revision number for resource 29629b2e-7580-4957-8a03-69b929c5d635 (type: subnets) to 0
2026-06-30 23:26:39.178 9 INFO neutron.wsgi [None req-d0debfa5-9d7d-4362-8919-3c4632c678c5 c629fb27de264d4f81dbf6e29d5ce2d3 b30417e9367645c1967ab78ed8c59a2c - - default default] 10.0.0.232 "POST /v2.0/subnets HTTP/1.1" status: 201 len: 1426 time: 1.5806713
2026-06-30 23:26:39.247 9 INFO neutron.wsgi [None req-c0950dd4-59d0-4713-b9d3-f5f0e4302b47 c629fb27de264d4f81dbf6e29d5ce2d3 b30417e9367645c1967ab78ed8c59a2c - - default default] 10.0.0.232 "GET /v2.0/subnets HTTP/1.1" status: 200 len: 2034 time: 0.0589933
2026-06-30 23:26:39.281 10 INFO neutron.wsgi [None req-6c6fc89a-fc49-465a-9904-00cbf936a34c d3dc1c5db4e8424e92b7cac83dcba0a2 ac2f162e584e40a2b6f054806aff5e46 - - default default] 10.0.0.232 "GET /v2.0/security-groups?tenant_id=679c45a15de54fc78f70158a3837a96c&name=default HTTP/1.1" status: 200 len: 2996 time: 0.3630104
2026-06-30 23:26:39.511 9 INFO neutron.wsgi [None req-f06c8b70-d87c-4ded-853e-2adf8a0689ea c629fb27de264d4f81dbf6e29d5ce2d3 b30417e9367645c1967ab78ed8c59a2c - - default default] 10.0.0.232 "DELETE /v2.0/subnets/50ff661a-2933-40c0-af66-476ddfe70921 HTTP/1.1" status: 204 len: 168 time: 0.2586963
2026-06-30 23:26:39.522 15 INFO neutron.plugins.ml2.drivers.ovn.mech_driver.ovsdb.maintenance [None req-79107d03-33c5-4fa1-b8f7-beafcbce90e7 - - - - - -] Maintenance task: Synchronization finished (took 1.00 seconds)
2026-06-30 23:26:39.537 10 INFO neutron.wsgi [None req-a7f59d84-4d5f-4f1b-b4b3-14f9756e8ac2 d3dc1c5db4e8424e92b7cac83dcba0a2 ac2f162e584e40a2b6f054806aff5e46 - - default default] 10.0.0.232 "DELETE /v2.0/security-groups/b350efe2-003a-40b0-a87e-6cc6b34caf75 HTTP/1.1" status: 204 len: 168 time: 0.2499981
2026-06-30 23:26:39.773 9 INFO neutron.wsgi [None req-6c08a8a6-070d-4578-a6bb-5ccf61018926 c629fb27de264d4f81dbf6e29d5ce2d3 b30417e9367645c1967ab78ed8c59a2c - - default default] 10.0.0.232 "DELETE /v2.0/subnets/29629b2e-7580-4957-8a03-69b929c5d635 HTTP/1.1" status: 204 len: 168 time: 0.2560091
2026-06-30 23:26:39.828 9 INFO neutron.wsgi [None req-2f96cebb-fb44-4241-9a67-e1f111b55cbc c629fb27de264d4f81dbf6e29d5ce2d3 b30417e9367645c1967ab78ed8c59a2c - - default default] 10.0.0.232 "GET /v2.0/subnets HTTP/1.1" status: 200 len: 820 time: 0.0501573
2026-06-30 23:26:40.266 9 INFO neutron.services.segments.plugin [-] Segment 9a9b7189-76ee-42b7-b791-4f08ae7fe8e0 resource provider aggregate not found
2026-06-30 23:26:40.274 9 INFO neutron.services.segments.plugin [-] Segment 9a9b7189-76ee-42b7-b791-4f08ae7fe8e0 resource provider aggregate not found
2026-06-30 23:26:40.294 9 INFO neutron.services.segments.plugin [-] Segment 9a9b7189-76ee-42b7-b791-4f08ae7fe8e0 resource provider not found; error: Placement Client Error (4xx): {"errors": [{"status": 404, "title": "Not Found", "detail": "The resource could not be found.\n\n No resource provider with uuid 9a9b7189-76ee-42b7-b791-4f08ae7fe8e0 found for delete ", "request_id": "req-1c1c0972-4d65-4bc6-a57b-cdee0acdc4b0"}]}
2026-06-30 23:26:40.312 9 INFO neutron.services.segments.plugin [-] Segment 9a9b7189-76ee-42b7-b791-4f08ae7fe8e0 resource provider not found; error: Placement Client Error (4xx): {"errors": [{"status": 404, "title": "Not Found", "detail": "The resource could not be found.\n\n No resource provider with uuid 9a9b7189-76ee-42b7-b791-4f08ae7fe8e0 found for delete ", "request_id": "req-ae54d6aa-4c16-4ba4-a812-84b6c848d585"}]}
2026-06-30 23:26:40.338 9 INFO neutron.wsgi [None req-413a0272-9935-4577-9472-5b7880f68faf c629fb27de264d4f81dbf6e29d5ce2d3 b30417e9367645c1967ab78ed8c59a2c - - default default] 10.0.0.232 "DELETE /v2.0/networks/b4078e9c-aebd-49c9-a44d-e0c1b4d701a9 HTTP/1.1" status: 204 len: 168 time: 0.5044301
2026-06-30 23:26:40.675 10 INFO neutron.services.segments.plugin [-] Segment 6e5d1e09-3ad6-4b95-b471-567a83e10a1a resource provider aggregate not found
2026-06-30 23:26:40.689 10 INFO neutron.services.segments.plugin [-] Segment 6e5d1e09-3ad6-4b95-b471-567a83e10a1a resource provider aggregate not found
2026-06-30 23:26:40.697 10 INFO neutron.services.segments.plugin [-] Segment 6e5d1e09-3ad6-4b95-b471-567a83e10a1a resource provider not found; error: Placement Client Error (4xx): {"errors": [{"status": 404, "title": "Not Found", "detail": "The resource could not be found.\n\n No resource provider with uuid 6e5d1e09-3ad6-4b95-b471-567a83e10a1a found for delete ", "request_id": "req-9dea80ae-325d-45d8-8169-0f1cfc365cfb"}]}
2026-06-30 23:26:40.703 10 INFO neutron.services.segments.plugin [-] Segment 6e5d1e09-3ad6-4b95-b471-567a83e10a1a resource provider not found; error: Placement Client Error (4xx): {"errors": [{"status": 404, "title": "Not Found", "detail": "The resource could not be found.\n\n No resource provider with uuid 6e5d1e09-3ad6-4b95-b471-567a83e10a1a found for delete ", "request_id": "req-f1572b6a-9908-4968-a47d-aeae0a1edf67"}]}
2026-06-30 23:26:40.754 10 INFO neutron.wsgi [None req-17b30010-9c7c-4830-a67c-78778ba7d307 c629fb27de264d4f81dbf6e29d5ce2d3 b30417e9367645c1967ab78ed8c59a2c - - default default] 10.0.0.232 "DELETE /v2.0/networks/612b2c60-dcbb-46de-b8b6-9341167cbf7c HTTP/1.1" status: 204 len: 168 time: 0.4117048
2026-06-30 23:26:40.963 9 INFO neutron.wsgi [-] 10.0.0.96 "GET / HTTP/1.1" status: 200 len: 247 time: 0.0017850
2026-06-30 23:26:40.965 9 INFO neutron.wsgi [-] 10.0.0.96 "GET / HTTP/1.1" status: 200 len: 247 time: 0.0012522
2026-06-30 23:26:41.032 10 INFO neutron.db.ovn_revision_numbers_db [None req-00ed79fd-4929-4463-ab8c-71ca77c8e434 d3dc1c5db4e8424e92b7cac83dcba0a2 ac2f162e584e40a2b6f054806aff5e46 - - default default] Successfully bumped revision number for resource 76bc0c8a-d195-4f9a-802c-2a865af0afec (type: security_groups) to 1
2026-06-30 23:26:41.043 10 INFO neutron.db.ovn_revision_numbers_db [None req-00ed79fd-4929-4463-ab8c-71ca77c8e434 d3dc1c5db4e8424e92b7cac83dcba0a2 ac2f162e584e40a2b6f054806aff5e46 - - default default] Successfully bumped revision number for resource 5072963e-4c2e-4963-9db3-907d34cfba4f (type: security_group_rules) to 0
2026-06-30 23:26:41.056 10 INFO neutron.db.ovn_revision_numbers_db [None req-00ed79fd-4929-4463-ab8c-71ca77c8e434 d3dc1c5db4e8424e92b7cac83dcba0a2 ac2f162e584e40a2b6f054806aff5e46 - - default default] Successfully bumped revision number for resource 574f822d-183f-4f6b-b0e8-01d2e0c4caf4 (type: security_group_rules) to 0
2026-06-30 23:26:41.072 10 INFO neutron.db.ovn_revision_numbers_db [None req-00ed79fd-4929-4463-ab8c-71ca77c8e434 d3dc1c5db4e8424e92b7cac83dcba0a2 ac2f162e584e40a2b6f054806aff5e46 - - default default] Successfully bumped revision number for resource 9e46b5c3-527e-4378-a2ed-208efe52aca0 (type: security_group_rules) to 0
2026-06-30 23:26:41.087 10 INFO neutron.db.ovn_revision_numbers_db [None req-00ed79fd-4929-4463-ab8c-71ca77c8e434 d3dc1c5db4e8424e92b7cac83dcba0a2 ac2f162e584e40a2b6f054806aff5e46 - - default default] Successfully bumped revision number for resource caa2f021-7fd0-4a41-b549-0d1aeeda6dfe (type: security_group_rules) to 0
2026-06-30 23:26:41.116 10 INFO neutron.wsgi [None req-00ed79fd-4929-4463-ab8c-71ca77c8e434 d3dc1c5db4e8424e92b7cac83dcba0a2 ac2f162e584e40a2b6f054806aff5e46 - - default default] 10.0.0.232 "GET /v2.0/security-groups?tenant_id=1ea83da999354084bcf55841add4b572&name=default HTTP/1.1" status: 200 len: 2996 time: 0.2871656
2026-06-30 23:26:41.136 9 INFO neutron.wsgi [None req-777048aa-a390-45ea-851c-d35326073b97 c629fb27de264d4f81dbf6e29d5ce2d3 b30417e9367645c1967ab78ed8c59a2c - - default default] 10.0.0.232 "DELETE /v2.0/networks/f7e08912-0ce6-4fde-9147-50064e4d27b9 HTTP/1.1" status: 204 len: 168 time: 0.3766813
2026-06-30 23:26:41.181 9 INFO neutron.db.ovn_revision_numbers_db [None req-df2cbad6-53ab-4a30-b14c-3abb2589ab6d d3dc1c5db4e8424e92b7cac83dcba0a2 ac2f162e584e40a2b6f054806aff5e46 - - default default] Successfully bumped revision number for resource f473b8c2-80ca-413c-874b-373e8da41d2a (type: security_groups) to 1
2026-06-30 23:26:41.203 9 INFO neutron.db.ovn_revision_numbers_db [None req-df2cbad6-53ab-4a30-b14c-3abb2589ab6d d3dc1c5db4e8424e92b7cac83dcba0a2 ac2f162e584e40a2b6f054806aff5e46 - - default default] Successfully bumped revision number for resource 19cdc398-f1c2-4126-9e9d-71d52caa2859 (type: security_group_rules) to 0
2026-06-30 23:26:41.219 9 INFO neutron.db.ovn_revision_numbers_db [None req-df2cbad6-53ab-4a30-b14c-3abb2589ab6d d3dc1c5db4e8424e92b7cac83dcba0a2 ac2f162e584e40a2b6f054806aff5e46 - - default default] Successfully bumped revision number for resource 59372d63-59f1-45ed-9f35-635c691f1613 (type: security_group_rules) to 0
2026-06-30 23:26:41.238 9 INFO neutron.db.ovn_revision_numbers_db [None req-df2cbad6-53ab-4a30-b14c-3abb2589ab6d d3dc1c5db4e8424e92b7cac83dcba0a2 ac2f162e584e40a2b6f054806aff5e46 - - default default] Successfully bumped revision number for resource 7049e943-3649-485b-b359-a30f92597e4a (type: security_group_rules) to 0
2026-06-30 23:26:41.254 9 INFO neutron.db.ovn_revision_numbers_db [None req-df2cbad6-53ab-4a30-b14c-3abb2589ab6d d3dc1c5db4e8424e92b7cac83dcba0a2 ac2f162e584e40a2b6f054806aff5e46 - - default default] Successfully bumped revision number for resource b69a9ca3-a1f4-4a58-b513-9268d6b65b11 (type: security_group_rules) to 0
2026-06-30 23:26:41.279 9 INFO neutron.wsgi [None req-df2cbad6-53ab-4a30-b14c-3abb2589ab6d d3dc1c5db4e8424e92b7cac83dcba0a2 ac2f162e584e40a2b6f054806aff5e46 - - default default] 10.0.0.232 "GET /v2.0/security-groups?tenant_id=246f2664f6574555ba1b324f43d0c12f&name=default HTTP/1.1" status: 200 len: 2996 time: 0.3015342
2026-06-30 23:26:41.355 9 INFO neutron.wsgi [None req-03655f67-ec58-4b59-a034-9fb66a51dbc2 d3dc1c5db4e8424e92b7cac83dcba0a2 ac2f162e584e40a2b6f054806aff5e46 - - default default] 10.0.0.232 "DELETE /v2.0/security-groups/76bc0c8a-d195-4f9a-802c-2a865af0afec HTTP/1.1" status: 204 len: 168 time: 0.2349961
2026-06-30 23:26:41.474 9 INFO neutron.wsgi [None req-613feae5-f164-4da3-8915-e56f79ac30e0 d3dc1c5db4e8424e92b7cac83dcba0a2 ac2f162e584e40a2b6f054806aff5e46 - - default default] 10.0.0.232 "DELETE /v2.0/security-groups/f473b8c2-80ca-413c-874b-373e8da41d2a HTTP/1.1" status: 204 len: 168 time: 0.1892388
2026-06-30 23:26:41.630 10 INFO neutron.db.ovn_revision_numbers_db [None req-9fb87623-e5d2-4be8-a15b-bd288022832d d3dc1c5db4e8424e92b7cac83dcba0a2 ac2f162e584e40a2b6f054806aff5e46 - - default default] Successfully bumped revision number for resource 0528cea2-1efa-4ef9-bc2e-38bd30aca761 (type: security_groups) to 1
2026-06-30 23:26:41.649 10 INFO neutron.db.ovn_revision_numbers_db [None req-9fb87623-e5d2-4be8-a15b-bd288022832d d3dc1c5db4e8424e92b7cac83dcba0a2 ac2f162e584e40a2b6f054806aff5e46 - - default default] Successfully bumped revision number for resource 04e13ace-b1ac-4840-b2f4-4dd229c34ed6 (type: security_group_rules) to 0
2026-06-30 23:26:41.671 10 INFO neutron.db.ovn_revision_numbers_db [None req-9fb87623-e5d2-4be8-a15b-bd288022832d d3dc1c5db4e8424e92b7cac83dcba0a2 ac2f162e584e40a2b6f054806aff5e46 - - default default] Successfully bumped revision number for resource 0a364c83-1a42-40e9-a03a-5bed120cc76b (type: security_group_rules) to 0
2026-06-30 23:26:41.703 10 INFO neutron.db.ovn_revision_numbers_db [None req-9fb87623-e5d2-4be8-a15b-bd288022832d d3dc1c5db4e8424e92b7cac83dcba0a2 ac2f162e584e40a2b6f054806aff5e46 - - default default] Successfully bumped revision number for resource 23f795f2-d669-49c0-b1ff-d7f767dffad5 (type: security_group_rules) to 0
2026-06-30 23:26:41.717 10 INFO neutron.db.ovn_revision_numbers_db [None req-9fb87623-e5d2-4be8-a15b-bd288022832d d3dc1c5db4e8424e92b7cac83dcba0a2 ac2f162e584e40a2b6f054806aff5e46 - - default default] Successfully bumped revision number for resource 4e46004f-6a58-4d81-85f8-d05131531c47 (type: security_group_rules) to 0
2026-06-30 23:26:41.731 10 INFO neutron.wsgi [None req-36825f65-8fd3-42ea-967b-71f3a95fb546 c629fb27de264d4f81dbf6e29d5ce2d3 b30417e9367645c1967ab78ed8c59a2c - - default default] 10.0.0.232 "DELETE /v2.0/networks/d13c2e9f-c3f5-4ca5-98cc-c7a17d5ec224 HTTP/1.1" status: 204 len: 168 time: 0.5904901
2026-06-30 23:26:41.743 9 INFO neutron.wsgi [None req-6b048e16-ad5a-4051-b0e8-b4d9c23aa3fe 25ea8cf911e6473fb5168a762b6194f2 0464b9dd0c0b45da898f26966c1618cc - - default default] 10.0.0.232 "POST /v2.0/subnetpools HTTP/1.1" status: 201 len: 747 time: 0.2817266
2026-06-30 23:26:41.744 10 INFO neutron.wsgi [None req-9fb87623-e5d2-4be8-a15b-bd288022832d d3dc1c5db4e8424e92b7cac83dcba0a2 ac2f162e584e40a2b6f054806aff5e46 - - default default] 10.0.0.232 "GET /v2.0/security-groups?tenant_id=08c6b846e05d471f9739749ac9253a6c&name=default HTTP/1.1" status: 200 len: 2996 time: 0.2503088
2026-06-30 23:26:41.771 10 INFO neutron.wsgi [None req-f51a11ed-87b3-497f-8c66-15a10e290ccc 25ea8cf911e6473fb5168a762b6194f2 0464b9dd0c0b45da898f26966c1618cc - - default default] 10.0.0.232 "GET /v2.0/subnetpools/85457b56-eda8-43a1-b677-3522ecf823a6 HTTP/1.1" status: 200 len: 742 time: 0.0216925
2026-06-30 23:26:41.837 10 INFO neutron.wsgi [None req-f83e446a-d625-4d7f-86b8-b44b7170e694 25ea8cf911e6473fb5168a762b6194f2 0464b9dd0c0b45da898f26966c1618cc - - default default] 10.0.0.232 "PUT /v2.0/subnetpools/85457b56-eda8-43a1-b677-3522ecf823a6 HTTP/1.1" status: 200 len: 695 time: 0.0621951
2026-06-30 23:26:41.896 10 INFO neutron.wsgi [None req-23503f1e-19f0-43a1-8b51-2a9fa455e3dd 25ea8cf911e6473fb5168a762b6194f2 0464b9dd0c0b45da898f26966c1618cc - - default default] 10.0.0.232 "DELETE /v2.0/subnetpools/85457b56-eda8-43a1-b677-3522ecf823a6 HTTP/1.1" status: 204 len: 168 time: 0.0547273
2026-06-30 23:26:41.910 10 INFO neutron.api.v2.resource [None req-9bd6e237-4657-4243-bddb-70c33b6156a9 25ea8cf911e6473fb5168a762b6194f2 0464b9dd0c0b45da898f26966c1618cc - - default default] show failed (client error): The resource could not be found.
2026-06-30 23:26:41.911 10 INFO neutron.wsgi [None req-9bd6e237-4657-4243-bddb-70c33b6156a9 25ea8cf911e6473fb5168a762b6194f2 0464b9dd0c0b45da898f26966c1618cc - - default default] 10.0.0.232 "GET /v2.0/subnetpools/85457b56-eda8-43a1-b677-3522ecf823a6 HTTP/1.1" status: 404 len: 346 time: 0.0105691
2026-06-30 23:26:41.926 10 INFO neutron.api.v2.resource [None req-3986b5fa-8471-457b-aafd-613ae20b12fd 25ea8cf911e6473fb5168a762b6194f2 0464b9dd0c0b45da898f26966c1618cc - - default default] delete failed (client error): The resource could not be found.
2026-06-30 23:26:41.927 10 INFO neutron.wsgi [None req-3986b5fa-8471-457b-aafd-613ae20b12fd 25ea8cf911e6473fb5168a762b6194f2 0464b9dd0c0b45da898f26966c1618cc - - default default] 10.0.0.232 "DELETE /v2.0/subnetpools/85457b56-eda8-43a1-b677-3522ecf823a6 HTTP/1.1" status: 404 len: 346 time: 0.0120883
2026-06-30 23:26:41.964 9 INFO neutron.wsgi [None req-7ca30afd-6f00-4996-8720-8f81bcacfb92 d3dc1c5db4e8424e92b7cac83dcba0a2 ac2f162e584e40a2b6f054806aff5e46 - - default default] 10.0.0.232 "DELETE /v2.0/security-groups/0528cea2-1efa-4ef9-bc2e-38bd30aca761 HTTP/1.1" status: 204 len: 168 time: 0.2136924
2026-06-30 23:26:42.319 9 INFO neutron.services.segments.plugin [-] Segment 383473dd-7267-4e41-89bc-4107af06685b resource provider aggregate not found
2026-06-30 23:26:42.334 9 INFO neutron.services.segments.plugin [-] Segment 383473dd-7267-4e41-89bc-4107af06685b resource provider aggregate not found
2026-06-30 23:26:42.340 9 INFO neutron.services.segments.plugin [-] Segment 383473dd-7267-4e41-89bc-4107af06685b resource provider not found; error: Placement Client Error (4xx): {"errors": [{"status": 404, "title": "Not Found", "detail": "The resource could not be found.\n\n No resource provider with uuid 383473dd-7267-4e41-89bc-4107af06685b found for delete ", "request_id": "req-85f5dd0f-216e-43b8-9fa7-fc427d3aa7fd"}]}
2026-06-30 23:26:42.350 9 INFO neutron.services.segments.plugin [-] Segment 383473dd-7267-4e41-89bc-4107af06685b resource provider not found; error: Placement Client Error (4xx): {"errors": [{"status": 404, "title": "Not Found", "detail": "The resource could not be found.\n\n No resource provider with uuid 383473dd-7267-4e41-89bc-4107af06685b found for delete ", "request_id": "req-cf4f0d80-5343-466c-8046-ce0d5795450b"}]}
2026-06-30 23:26:42.383 10 INFO neutron.wsgi [None req-7c9a35b7-11c0-4d18-bc6b-1e869de400b8 d3dc1c5db4e8424e92b7cac83dcba0a2 ac2f162e584e40a2b6f054806aff5e46 - - default default] 10.0.0.232 "GET /v2.0/security-groups?tenant_id=b30417e9367645c1967ab78ed8c59a2c&name=default HTTP/1.1" status: 200 len: 2996 time: 0.1342223
2026-06-30 23:26:42.590 10 INFO neutron.wsgi [None req-c4d15974-ffa9-4212-97e7-8dd90ff883eb d3dc1c5db4e8424e92b7cac83dcba0a2 ac2f162e584e40a2b6f054806aff5e46 - - default default] 10.0.0.232 "DELETE /v2.0/security-groups/04ebae36-c4d8-4596-af88-28452ab46a7e HTTP/1.1" status: 204 len: 168 time: 0.2022288
2026-06-30 23:26:42.723 10 INFO neutron.services.segments.plugin [-] Segment 638d21fb-47db-4fea-9472-4d0e8d067450 resource provider aggregate not found
2026-06-30 23:26:42.735 10 INFO neutron.services.segments.plugin [-] Segment 638d21fb-47db-4fea-9472-4d0e8d067450 resource provider aggregate not found
2026-06-30 23:26:42.750 10 INFO neutron.services.segments.plugin [-] Segment 638d21fb-47db-4fea-9472-4d0e8d067450 resource provider not found; error: Placement Client Error (4xx): {"errors": [{"status": 404, "title": "Not Found", "detail": "The resource could not be found.\n\n No resource provider with uuid 638d21fb-47db-4fea-9472-4d0e8d067450 found for delete ", "request_id": "req-0f9aab6d-3db3-42f2-af3a-88f549bfa253"}]}
2026-06-30 23:26:42.753 10 INFO neutron.services.segments.plugin [-] Segment 638d21fb-47db-4fea-9472-4d0e8d067450 resource provider not found; error: Placement Client Error (4xx): {"errors": [{"status": 404, "title": "Not Found", "detail": "The resource could not be found.\n\n No resource provider with uuid 638d21fb-47db-4fea-9472-4d0e8d067450 found for delete ", "request_id": "req-824c97e5-aac7-4487-beae-949b76d6f76a"}]}
2026-06-30 23:26:42.754 9 INFO neutron.db.ovn_revision_numbers_db [None req-b55bb82a-174b-4681-a9a8-6759d156d8b1 d3dc1c5db4e8424e92b7cac83dcba0a2 ac2f162e584e40a2b6f054806aff5e46 - - default default] Successfully bumped revision number for resource 01351c92-c5f4-4037-a7e9-d76ca6e66d73 (type: security_groups) to 1
2026-06-30 23:26:42.768 9 INFO neutron.db.ovn_revision_numbers_db [None req-b55bb82a-174b-4681-a9a8-6759d156d8b1 d3dc1c5db4e8424e92b7cac83dcba0a2 ac2f162e584e40a2b6f054806aff5e46 - - default default] Successfully bumped revision number for resource a23198e6-a970-4ba2-85b4-2193940fa7f9 (type: security_group_rules) to 0
2026-06-30 23:26:42.783 9 INFO neutron.db.ovn_revision_numbers_db [None req-b55bb82a-174b-4681-a9a8-6759d156d8b1 d3dc1c5db4e8424e92b7cac83dcba0a2 ac2f162e584e40a2b6f054806aff5e46 - - default default] Successfully bumped revision number for resource d785d129-1ab3-40f3-b7d1-580b7cf6f550 (type: security_group_rules) to 0
2026-06-30 23:26:42.798 9 INFO neutron.db.ovn_revision_numbers_db [None req-b55bb82a-174b-4681-a9a8-6759d156d8b1 d3dc1c5db4e8424e92b7cac83dcba0a2 ac2f162e584e40a2b6f054806aff5e46 - - default default] Successfully bumped revision number for resource e3e72890-53d8-4817-85aa-eecc252273d1 (type: security_group_rules) to 0
2026-06-30 23:26:42.823 9 INFO neutron.db.ovn_revision_numbers_db [None req-b55bb82a-174b-4681-a9a8-6759d156d8b1 d3dc1c5db4e8424e92b7cac83dcba0a2 ac2f162e584e40a2b6f054806aff5e46 - - default default] Successfully bumped revision number for resource e4d39bcc-e196-4bf1-9d21-5e34f7ee7778 (type: security_group_rules) to 0
2026-06-30 23:26:42.844 9 INFO neutron.wsgi [None req-b55bb82a-174b-4681-a9a8-6759d156d8b1 d3dc1c5db4e8424e92b7cac83dcba0a2 ac2f162e584e40a2b6f054806aff5e46 - - default default] 10.0.0.232 "GET /v2.0/security-groups?tenant_id=0464b9dd0c0b45da898f26966c1618cc&name=default HTTP/1.1" status: 200 len: 2996 time: 0.4197352
2026-06-30 23:26:43.041 9 INFO neutron.wsgi [None req-a8613dc2-d5a0-43be-b7f2-02c0290646df d3dc1c5db4e8424e92b7cac83dcba0a2 ac2f162e584e40a2b6f054806aff5e46 - - default default] 10.0.0.232 "DELETE /v2.0/security-groups/01351c92-c5f4-4037-a7e9-d76ca6e66d73 HTTP/1.1" status: 204 len: 168 time: 0.1922500
2026-06-30 23:26:44.573 9 INFO neutron.db.ovn_revision_numbers_db [None req-88ec488b-b699-4f4d-9626-c4f84464096d d3dc1c5db4e8424e92b7cac83dcba0a2 ac2f162e584e40a2b6f054806aff5e46 - - default default] Successfully bumped revision number for resource d31462f3-1256-4627-9289-358a7fbd3f92 (type: security_groups) to 1
2026-06-30 23:26:44.585 9 INFO neutron.db.ovn_revision_numbers_db [None req-1f934e94-2dde-4c10-a89d-834b47bdfebe 0728a485e42347e4a2b8600ca8babe82 ae361a97d91344bd95f6d93dabc4b7d5 - - default default] Successfully bumped revision number for resource 7975336b-f07a-4445-9d24-d91476026f8a (type: security_groups) to 1
2026-06-30 23:26:44.587 9 INFO neutron.db.ovn_revision_numbers_db [None req-88ec488b-b699-4f4d-9626-c4f84464096d d3dc1c5db4e8424e92b7cac83dcba0a2 ac2f162e584e40a2b6f054806aff5e46 - - default default] Successfully bumped revision number for resource 65a1dcc1-e723-4e96-a5fc-0f8b15326b68 (type: security_group_rules) to 0
2026-06-30 23:26:44.601 9 INFO neutron.db.ovn_revision_numbers_db [None req-1f934e94-2dde-4c10-a89d-834b47bdfebe 0728a485e42347e4a2b8600ca8babe82 ae361a97d91344bd95f6d93dabc4b7d5 - - default default] Successfully bumped revision number for resource 0d30b255-f173-4fe9-bb93-9877dcb5f6d6 (type: security_group_rules) to 0
2026-06-30 23:26:44.603 9 INFO neutron.db.ovn_revision_numbers_db [None req-88ec488b-b699-4f4d-9626-c4f84464096d d3dc1c5db4e8424e92b7cac83dcba0a2 ac2f162e584e40a2b6f054806aff5e46 - - default default] Successfully bumped revision number for resource b5757be1-f0f8-42b6-87c0-d49bfe5a6df9 (type: security_group_rules) to 0
2026-06-30 23:26:44.617 9 INFO neutron.db.ovn_revision_numbers_db [None req-1f934e94-2dde-4c10-a89d-834b47bdfebe 0728a485e42347e4a2b8600ca8babe82 ae361a97d91344bd95f6d93dabc4b7d5 - - default default] Successfully bumped revision number for resource 1060d2ce-a751-402d-a2e8-73df976a169c (type: security_group_rules) to 0
2026-06-30 23:26:44.620 9 INFO neutron.db.ovn_revision_numbers_db [None req-88ec488b-b699-4f4d-9626-c4f84464096d d3dc1c5db4e8424e92b7cac83dcba0a2 ac2f162e584e40a2b6f054806aff5e46 - - default default] Successfully bumped revision number for resource d86de881-a2ce-4c12-9b42-32e5ad68b945 (type: security_group_rules) to 0
2026-06-30 23:26:44.631 9 INFO neutron.db.ovn_revision_numbers_db [None req-1f934e94-2dde-4c10-a89d-834b47bdfebe 0728a485e42347e4a2b8600ca8babe82 ae361a97d91344bd95f6d93dabc4b7d5 - - default default] Successfully bumped revision number for resource 406d8cdb-b888-494d-97c6-193813fbed47 (type: security_group_rules) to 0
2026-06-30 23:26:44.635 9 INFO neutron.db.ovn_revision_numbers_db [None req-88ec488b-b699-4f4d-9626-c4f84464096d d3dc1c5db4e8424e92b7cac83dcba0a2 ac2f162e584e40a2b6f054806aff5e46 - - default default] Successfully bumped revision number for resource f86515ab-07d0-430c-a4cf-fb167335a50e (type: security_group_rules) to 0
2026-06-30 23:26:44.649 9 INFO neutron.db.ovn_revision_numbers_db [None req-1f934e94-2dde-4c10-a89d-834b47bdfebe 0728a485e42347e4a2b8600ca8babe82 ae361a97d91344bd95f6d93dabc4b7d5 - - default default] Successfully bumped revision number for resource de45feef-f846-4b42-9088-7f5a6237f561 (type: security_group_rules) to 0
2026-06-30 23:26:44.663 9 INFO neutron.wsgi [None req-88ec488b-b699-4f4d-9626-c4f84464096d d3dc1c5db4e8424e92b7cac83dcba0a2 ac2f162e584e40a2b6f054806aff5e46 - - default default] 10.0.0.232 "GET /v2.0/security-groups?tenant_id=5d0b190b72da49218964fb1c4de25d1e&name=default HTTP/1.1" status: 200 len: 2996 time: 0.4228718
2026-06-30 23:26:44.722 9 INFO neutron.db.segments_db [None req-1f934e94-2dde-4c10-a89d-834b47bdfebe 0728a485e42347e4a2b8600ca8babe82 ae361a97d91344bd95f6d93dabc4b7d5 - - default default] Added segment a8a2a8da-2fb1-4b43-b2f6-e521e99c9076 of type geneve for network 3b48f1b4-eb3b-4c86-b7c4-996214319c88
2026-06-30 23:26:44.890 9 INFO neutron.db.ovn_revision_numbers_db [None req-1f934e94-2dde-4c10-a89d-834b47bdfebe 0728a485e42347e4a2b8600ca8babe82 ae361a97d91344bd95f6d93dabc4b7d5 - - default default] Successfully bumped revision number for resource 3b48f1b4-eb3b-4c86-b7c4-996214319c88 (type: networks) to 1
2026-06-30 23:26:44.994 9 INFO neutron.wsgi [None req-bf4dc8a0-52d2-48bb-869e-d5069f267ab3 d3dc1c5db4e8424e92b7cac83dcba0a2 ac2f162e584e40a2b6f054806aff5e46 - - default default] 10.0.0.232 "DELETE /v2.0/security-groups/d31462f3-1256-4627-9289-358a7fbd3f92 HTTP/1.1" status: 204 len: 168 time: 0.3258922
2026-06-30 23:26:45.058 10 INFO neutron.db.ovn_revision_numbers_db [None req-2c82c04f-63d4-4dac-b292-59d6addf27e3 d3dc1c5db4e8424e92b7cac83dcba0a2 ac2f162e584e40a2b6f054806aff5e46 - - default default] Successfully bumped revision number for resource d23ee093-0c4b-4c2a-b0b4-402212365feb (type: security_groups) to 1
2026-06-30 23:26:45.071 10 INFO neutron.db.ovn_revision_numbers_db [None req-2c82c04f-63d4-4dac-b292-59d6addf27e3 d3dc1c5db4e8424e92b7cac83dcba0a2 ac2f162e584e40a2b6f054806aff5e46 - - default default] Successfully bumped revision number for resource 41f431c8-c446-43d1-aa57-5791f490fc68 (type: security_group_rules) to 0
2026-06-30 23:26:45.082 9 WARNING neutron.scheduler.dhcp_agent_scheduler [None req-1f934e94-2dde-4c10-a89d-834b47bdfebe 0728a485e42347e4a2b8600ca8babe82 ae361a97d91344bd95f6d93dabc4b7d5 - - default default] No more DHCP agents
2026-06-30 23:26:45.084 9 WARNING neutron.api.rpc.agentnotifiers.dhcp_rpc_agent_api [None req-1f934e94-2dde-4c10-a89d-834b47bdfebe 0728a485e42347e4a2b8600ca8babe82 ae361a97d91344bd95f6d93dabc4b7d5 - - default default] Unable to schedule network 3b48f1b4-eb3b-4c86-b7c4-996214319c88: no agents available; will retry on subsequent port and subnet creation events.
2026-06-30 23:26:45.085 10 INFO neutron.db.ovn_revision_numbers_db [None req-2c82c04f-63d4-4dac-b292-59d6addf27e3 d3dc1c5db4e8424e92b7cac83dcba0a2 ac2f162e584e40a2b6f054806aff5e46 - - default default] Successfully bumped revision number for resource 7d4f6a05-e54e-47e4-88c5-0db5080d27d8 (type: security_group_rules) to 0
2026-06-30 23:26:45.100 10 INFO neutron.db.ovn_revision_numbers_db [None req-2c82c04f-63d4-4dac-b292-59d6addf27e3 d3dc1c5db4e8424e92b7cac83dcba0a2 ac2f162e584e40a2b6f054806aff5e46 - - default default] Successfully bumped revision number for resource a78636db-b47a-4926-b90c-94a934ff8364 (type: security_group_rules) to 0
2026-06-30 23:26:45.116 10 INFO neutron.db.ovn_revision_numbers_db [None req-2c82c04f-63d4-4dac-b292-59d6addf27e3 d3dc1c5db4e8424e92b7cac83dcba0a2 ac2f162e584e40a2b6f054806aff5e46 - - default default] Successfully bumped revision number for resource bcb2b1d5-4440-42ce-8009-f78551cad3c8 (type: security_group_rules) to 0
2026-06-30 23:26:45.154 10 INFO neutron.wsgi [None req-2c82c04f-63d4-4dac-b292-59d6addf27e3 d3dc1c5db4e8424e92b7cac83dcba0a2 ac2f162e584e40a2b6f054806aff5e46 - - default default] 10.0.0.232 "GET /v2.0/security-groups?tenant_id=e884715c096843dc91236dc847f29a50&name=default HTTP/1.1" status: 200 len: 2996 time: 0.4437797
2026-06-30 23:26:45.161 9 INFO neutron.db.ovn_revision_numbers_db [None req-1f934e94-2dde-4c10-a89d-834b47bdfebe 0728a485e42347e4a2b8600ca8babe82 ae361a97d91344bd95f6d93dabc4b7d5 - - default default] Successfully bumped revision number for resource c5f0d1e5-9115-4825-b8d8-15ca5f2396ec (type: ports) to 1
2026-06-30 23:26:45.182 9 INFO neutron.wsgi [None req-1f934e94-2dde-4c10-a89d-834b47bdfebe 0728a485e42347e4a2b8600ca8babe82 ae361a97d91344bd95f6d93dabc4b7d5 - - default default] 10.0.0.232 "POST /v2.0/networks HTTP/1.1" status: 201 len: 843 time: 0.8911562
2026-06-30 23:26:45.390 10 INFO neutron.wsgi [None req-66e47cbf-9090-46b6-91ac-bde5ce8f656f d3dc1c5db4e8424e92b7cac83dcba0a2 ac2f162e584e40a2b6f054806aff5e46 - - default default] 10.0.0.232 "DELETE /v2.0/security-groups/d23ee093-0c4b-4c2a-b0b4-402212365feb HTTP/1.1" status: 204 len: 168 time: 0.2309501
2026-06-30 23:26:45.464 9 WARNING neutron.scheduler.dhcp_agent_scheduler [None req-fd1459e2-f525-4795-a55e-f30a5e6cbb14 0728a485e42347e4a2b8600ca8babe82 ae361a97d91344bd95f6d93dabc4b7d5 - - default default] No more DHCP agents
2026-06-30 23:26:45.466 9 WARNING neutron.api.rpc.agentnotifiers.dhcp_rpc_agent_api [None req-fd1459e2-f525-4795-a55e-f30a5e6cbb14 0728a485e42347e4a2b8600ca8babe82 ae361a97d91344bd95f6d93dabc4b7d5 - - default default] Unable to schedule network 3b48f1b4-eb3b-4c86-b7c4-996214319c88: no agents available; will retry on subsequent port and subnet creation events.
2026-06-30 23:26:45.947 9 INFO neutron.db.ovn_revision_numbers_db [None req-fd1459e2-f525-4795-a55e-f30a5e6cbb14 0728a485e42347e4a2b8600ca8babe82 ae361a97d91344bd95f6d93dabc4b7d5 - - default default] Successfully bumped revision number for resource c5f0d1e5-9115-4825-b8d8-15ca5f2396ec (type: ports) to 2
2026-06-30 23:26:45.979 9 INFO neutron.db.ovn_revision_numbers_db [None req-fd1459e2-f525-4795-a55e-f30a5e6cbb14 0728a485e42347e4a2b8600ca8babe82 ae361a97d91344bd95f6d93dabc4b7d5 - - default default] Successfully bumped revision number for resource 8f17a2e2-75b6-49eb-96bf-0480f240f3c7 (type: subnets) to 0
2026-06-30 23:26:45.996 9 INFO neutron.wsgi [None req-fd1459e2-f525-4795-a55e-f30a5e6cbb14 0728a485e42347e4a2b8600ca8babe82 ae361a97d91344bd95f6d93dabc4b7d5 - - default default] 10.0.0.232 "POST /v2.0/subnets HTTP/1.1" status: 201 len: 816 time: 0.7737360
2026-06-30 23:26:46.080 9 INFO neutron.db.segments_db [None req-0698c1a7-00f1-453a-8e19-b841260dcb90 0728a485e42347e4a2b8600ca8babe82 ae361a97d91344bd95f6d93dabc4b7d5 - - default default] Added segment 358d7991-ef14-4fe5-81e9-efffd23330ef of type geneve for network 2836ed1d-a931-4b55-b1f8-d94ed1b8459d
2026-06-30 23:26:46.446 9 INFO neutron.db.ovn_revision_numbers_db [None req-0698c1a7-00f1-453a-8e19-b841260dcb90 0728a485e42347e4a2b8600ca8babe82 ae361a97d91344bd95f6d93dabc4b7d5 - - default default] Successfully bumped revision number for resource 2836ed1d-a931-4b55-b1f8-d94ed1b8459d (type: networks) to 1
2026-06-30 23:26:46.612 9 WARNING neutron.scheduler.dhcp_agent_scheduler [None req-0698c1a7-00f1-453a-8e19-b841260dcb90 0728a485e42347e4a2b8600ca8babe82 ae361a97d91344bd95f6d93dabc4b7d5 - - default default] No more DHCP agents
2026-06-30 23:26:46.614 9 WARNING neutron.api.rpc.agentnotifiers.dhcp_rpc_agent_api [None req-0698c1a7-00f1-453a-8e19-b841260dcb90 0728a485e42347e4a2b8600ca8babe82 ae361a97d91344bd95f6d93dabc4b7d5 - - default default] Unable to schedule network 2836ed1d-a931-4b55-b1f8-d94ed1b8459d: no agents available; will retry on subsequent port and subnet creation events.
2026-06-30 23:26:46.704 9 INFO neutron.db.ovn_revision_numbers_db [None req-0698c1a7-00f1-453a-8e19-b841260dcb90 0728a485e42347e4a2b8600ca8babe82 ae361a97d91344bd95f6d93dabc4b7d5 - - default default] Successfully bumped revision number for resource d5810462-c25f-4fee-b962-990c65e9c2bd (type: ports) to 1
2026-06-30 23:26:46.725 9 INFO neutron.wsgi [None req-0698c1a7-00f1-453a-8e19-b841260dcb90 0728a485e42347e4a2b8600ca8babe82 ae361a97d91344bd95f6d93dabc4b7d5 - - default default] 10.0.0.232 "POST /v2.0/networks HTTP/1.1" status: 201 len: 842 time: 0.7249551
2026-06-30 23:26:46.934 9 INFO neutron.db.ovn_revision_numbers_db [None req-aecf7534-c41f-4a4e-a1c5-e3602d948890 0728a485e42347e4a2b8600ca8babe82 ae361a97d91344bd95f6d93dabc4b7d5 - - default default] Successfully bumped revision number for resource 2836ed1d-a931-4b55-b1f8-d94ed1b8459d (type: networks) to 2
2026-06-30 23:26:46.939 9 INFO neutron.wsgi [None req-aecf7534-c41f-4a4e-a1c5-e3602d948890 0728a485e42347e4a2b8600ca8babe82 ae361a97d91344bd95f6d93dabc4b7d5 - - default default] 10.0.0.232 "PUT /v2.0/networks/2836ed1d-a931-4b55-b1f8-d94ed1b8459d HTTP/1.1" status: 200 len: 792 time: 0.2076547
2026-06-30 23:26:47.144 9 INFO neutron.db.ovn_revision_numbers_db [None req-d3997827-2cf1-44fc-9b18-83004c307e0e 60c24fbf883d40d6a29c5dba57641879 eb16b037a0604960ab80a30b9bdb4b68 - - default default] Successfully bumped revision number for resource 4b18de28-9be9-4612-90a1-57464a47c6bd (type: security_groups) to 1
2026-06-30 23:26:47.171 9 INFO neutron.db.ovn_revision_numbers_db [None req-d3997827-2cf1-44fc-9b18-83004c307e0e 60c24fbf883d40d6a29c5dba57641879 eb16b037a0604960ab80a30b9bdb4b68 - - default default] Successfully bumped revision number for resource 4e0d35d9-7a68-47a0-8626-4d72700502da (type: security_group_rules) to 0
2026-06-30 23:26:47.193 9 INFO neutron.db.ovn_revision_numbers_db [None req-d3997827-2cf1-44fc-9b18-83004c307e0e 60c24fbf883d40d6a29c5dba57641879 eb16b037a0604960ab80a30b9bdb4b68 - - default default] Successfully bumped revision number for resource 7ed85e27-1ed9-45fb-9933-f51700023a73 (type: security_group_rules) to 0
2026-06-30 23:26:47.218 9 WARNING neutron.scheduler.dhcp_agent_scheduler [None req-33099191-8a6e-4e4f-9cff-13f463170253 0728a485e42347e4a2b8600ca8babe82 ae361a97d91344bd95f6d93dabc4b7d5 - - default default] No more DHCP agents
2026-06-30 23:26:47.222 9 WARNING neutron.api.rpc.agentnotifiers.dhcp_rpc_agent_api [None req-33099191-8a6e-4e4f-9cff-13f463170253 0728a485e42347e4a2b8600ca8babe82 ae361a97d91344bd95f6d93dabc4b7d5 - - default default] Unable to schedule network 2836ed1d-a931-4b55-b1f8-d94ed1b8459d: no agents available; will retry on subsequent port and subnet creation events.
2026-06-30 23:26:47.224 9 INFO neutron.db.ovn_revision_numbers_db [None req-d3997827-2cf1-44fc-9b18-83004c307e0e 60c24fbf883d40d6a29c5dba57641879 eb16b037a0604960ab80a30b9bdb4b68 - - default default] Successfully bumped revision number for resource b810b4de-3eff-428d-bdd7-7119b01a6323 (type: security_group_rules) to 0
2026-06-30 23:26:47.248 9 INFO neutron.db.ovn_revision_numbers_db [None req-d3997827-2cf1-44fc-9b18-83004c307e0e 60c24fbf883d40d6a29c5dba57641879 eb16b037a0604960ab80a30b9bdb4b68 - - default default] Successfully bumped revision number for resource c7b58862-ce85-4d08-b190-b0b9598f0118 (type: security_group_rules) to 0
2026-06-30 23:26:47.323 9 INFO neutron.db.segments_db [None req-d3997827-2cf1-44fc-9b18-83004c307e0e 60c24fbf883d40d6a29c5dba57641879 eb16b037a0604960ab80a30b9bdb4b68 - - default default] Added segment c807a686-2ca4-4e14-82ff-333a14f645a3 of type geneve for network b7e642e9-5f4e-4d64-adc2-ecdfbae2694b
2026-06-30 23:26:47.566 9 INFO neutron.db.ovn_revision_numbers_db [None req-d3997827-2cf1-44fc-9b18-83004c307e0e 60c24fbf883d40d6a29c5dba57641879 eb16b037a0604960ab80a30b9bdb4b68 - - default default] Successfully bumped revision number for resource b7e642e9-5f4e-4d64-adc2-ecdfbae2694b (type: networks) to 1
2026-06-30 23:26:47.791 9 WARNING neutron.scheduler.dhcp_agent_scheduler [None req-d3997827-2cf1-44fc-9b18-83004c307e0e 60c24fbf883d40d6a29c5dba57641879 eb16b037a0604960ab80a30b9bdb4b68 - - default default] No more DHCP agents
2026-06-30 23:26:47.801 9 WARNING neutron.api.rpc.agentnotifiers.dhcp_rpc_agent_api [None req-d3997827-2cf1-44fc-9b18-83004c307e0e 60c24fbf883d40d6a29c5dba57641879 eb16b037a0604960ab80a30b9bdb4b68 - - default default] Unable to schedule network b7e642e9-5f4e-4d64-adc2-ecdfbae2694b: no agents available; will retry on subsequent port and subnet creation events.
2026-06-30 23:26:47.890 10 INFO neutron.db.ovn_revision_numbers_db [None req-495c9964-a6ef-4681-8c4e-ff32b76f062b d3dc1c5db4e8424e92b7cac83dcba0a2 ac2f162e584e40a2b6f054806aff5e46 - - default default] Successfully bumped revision number for resource ddac9011-346f-4c2d-ad37-f790118e8800 (type: security_groups) to 1
2026-06-30 23:26:47.896 9 INFO neutron.db.ovn_revision_numbers_db [None req-d3997827-2cf1-44fc-9b18-83004c307e0e 60c24fbf883d40d6a29c5dba57641879 eb16b037a0604960ab80a30b9bdb4b68 - - default default] Successfully bumped revision number for resource e13b0fec-342d-4ec5-b07f-c42d14085ce7 (type: ports) to 1
