2026-06-30 23:27:30.537 10 INFO neutron.wsgi [req-6d04413d-8165-4153-b680-0800addfca1b req-7775bd7a-6a83-4e41-8a8a-3fddc26b0ffb e442bb02bcf745df8fb30747f635bd0f 5a4be4c0b1f043f98f208d1532cfa4a8 - - bfe4387a9ec9444c80b17b3c2d7420c5 bfe4387a9ec9444c80b17b3c2d7420c5] 199.204.45.57 "GET /v2.0/networks?id=d8471ff3-68b4-4fc9-a691-16741f93a1ef HTTP/1.1" status: 200 len: 959 time: 0.1340349
2026-06-30 23:27:30.577 9 INFO neutron.db.ovn_revision_numbers_db [None req-5319912d-2485-468a-ba4b-4af651e89e89 d3dc1c5db4e8424e92b7cac83dcba0a2 ac2f162e584e40a2b6f054806aff5e46 - - default default] Successfully bumped revision number for resource afb41e67-d3c9-4624-afe4-debc02da7b1a (type: security_groups) to 1
2026-06-30 23:27:30.601 10 INFO neutron.wsgi [req-6d04413d-8165-4153-b680-0800addfca1b req-de259d22-3090-4202-8fe2-4a576ee7e715 e442bb02bcf745df8fb30747f635bd0f 5a4be4c0b1f043f98f208d1532cfa4a8 - - bfe4387a9ec9444c80b17b3c2d7420c5 bfe4387a9ec9444c80b17b3c2d7420c5] 199.204.45.57 "GET /v2.0/floatingips?fixed_ip_address=10.100.0.5&port_id=8dfcb46a-5cfe-4565-b3f3-aecadb21adb7 HTTP/1.1" status: 200 len: 217 time: 0.0552313
2026-06-30 23:27:30.609 9 INFO neutron.db.ovn_revision_numbers_db [None req-5319912d-2485-468a-ba4b-4af651e89e89 d3dc1c5db4e8424e92b7cac83dcba0a2 ac2f162e584e40a2b6f054806aff5e46 - - default default] Successfully bumped revision number for resource 14ec719f-9c63-4d41-a02b-87dad7c63008 (type: security_group_rules) to 0
2026-06-30 23:27:30.658 9 INFO neutron.db.ovn_revision_numbers_db [None req-5319912d-2485-468a-ba4b-4af651e89e89 d3dc1c5db4e8424e92b7cac83dcba0a2 ac2f162e584e40a2b6f054806aff5e46 - - default default] Successfully bumped revision number for resource 426240c0-b6ce-4d3a-8768-ac95a1fdd3d5 (type: security_group_rules) to 0
2026-06-30 23:27:30.689 9 INFO neutron.db.ovn_revision_numbers_db [None req-5319912d-2485-468a-ba4b-4af651e89e89 d3dc1c5db4e8424e92b7cac83dcba0a2 ac2f162e584e40a2b6f054806aff5e46 - - default default] Successfully bumped revision number for resource c1ce10f2-e6c9-4459-baed-4a4d00b90506 (type: security_group_rules) to 0
2026-06-30 23:27:30.707 10 INFO neutron.wsgi [req-6d04413d-8165-4153-b680-0800addfca1b req-146d3e29-4fe3-4fa0-9b22-521638167fbd e442bb02bcf745df8fb30747f635bd0f 5a4be4c0b1f043f98f208d1532cfa4a8 - - bfe4387a9ec9444c80b17b3c2d7420c5 bfe4387a9ec9444c80b17b3c2d7420c5] 199.204.45.57 "GET /v2.0/subnets?id=9f196e75-63c3-4de2-b6ea-2d9a477e698a HTTP/1.1" status: 200 len: 852 time: 0.0994992
2026-06-30 23:27:30.718 9 INFO neutron.db.ovn_revision_numbers_db [None req-5319912d-2485-468a-ba4b-4af651e89e89 d3dc1c5db4e8424e92b7cac83dcba0a2 ac2f162e584e40a2b6f054806aff5e46 - - default default] Successfully bumped revision number for resource e011be36-aa40-4b99-b725-3cd43d48350c (type: security_group_rules) to 0 /var/lib/openstack/lib/python3.10/site-packages/pycadf/identifier.py:71: UserWarning: Invalid uuid: neutron. To ensure interoperability, identifiers should be a valid uuid. warnings.warn(('Invalid uuid: %s. To ensure interoperability, '
2026-06-30 23:27:30.754 10 INFO neutron.wsgi [req-6d04413d-8165-4153-b680-0800addfca1b req-f5be0525-5f12-43c3-ae16-860e9325b9f7 e442bb02bcf745df8fb30747f635bd0f 5a4be4c0b1f043f98f208d1532cfa4a8 - - bfe4387a9ec9444c80b17b3c2d7420c5 bfe4387a9ec9444c80b17b3c2d7420c5] 199.204.45.57 "GET /v2.0/ports?network_id=d8471ff3-68b4-4fc9-a691-16741f93a1ef&device_owner=network%3Adhcp HTTP/1.1" status: 200 len: 210 time: 0.0405240
2026-06-30 23:27:30.764 9 INFO neutron.wsgi [None req-5319912d-2485-468a-ba4b-4af651e89e89 d3dc1c5db4e8424e92b7cac83dcba0a2 ac2f162e584e40a2b6f054806aff5e46 - - default default] 10.0.0.232 "GET /v2.0/security-groups?tenant_id=8e80fdbe50c441c19d53e2a8c960c541&name=default HTTP/1.1" status: 200 len: 2996 time: 0.6406660
2026-06-30 23:27:30.789 9 INFO neutron.db.ovn_revision_numbers_db [None req-2392d7d1-01b5-46cb-bd01-e4ccbc0b7c9e - - - - - -] Successfully bumped revision number for resource e5de4a51-1726-4a61-a1d3-b00deda98a91 (type: router_ports) to 3
2026-06-30 23:27:30.880 10 INFO neutron.wsgi [req-6d04413d-8165-4153-b680-0800addfca1b req-595c0047-cbb6-4e94-9838-58df632a63a9 e442bb02bcf745df8fb30747f635bd0f 5a4be4c0b1f043f98f208d1532cfa4a8 - - bfe4387a9ec9444c80b17b3c2d7420c5 bfe4387a9ec9444c80b17b3c2d7420c5] 199.204.45.57 "GET /v2.0/networks/d8471ff3-68b4-4fc9-a691-16741f93a1ef?fields=segments HTTP/1.1" status: 200 len: 212 time: 0.1038454
2026-06-30 23:27:30.903 9 INFO neutron.wsgi [req-38f2ba54-9405-4f40-9fab-642c51d89c73 req-3d8ef4cb-aaf5-4191-830f-e31bc49da532 fd59412933514f31926b29fae65a56ab 066e2617ba56463d8c4c3fbcbed2918b - - default default] 10.0.0.207 "GET /v2.0/ports?device_id=51a825fc-e575-44c0-aedc-c3ae3be0ca94 HTTP/1.1" status: 200 len: 1156 time: 0.1648841 /var/lib/openstack/lib/python3.10/site-packages/pycadf/identifier.py:71: UserWarning: Invalid uuid: neutron. To ensure interoperability, identifiers should be a valid uuid. warnings.warn(('Invalid uuid: %s. To ensure interoperability, '
2026-06-30 23:27:30.945 10 WARNING neutron.scheduler.dhcp_agent_scheduler [None req-b47ebb8e-9dc3-497a-b41c-3fcb5b04d8ce ac228f11405e474989961c2d67c3350d da7a4d41a3f0446ca10c2178228342fd - - default default] No more DHCP agents
2026-06-30 23:27:30.959 10 WARNING neutron.api.rpc.agentnotifiers.dhcp_rpc_agent_api [None req-b47ebb8e-9dc3-497a-b41c-3fcb5b04d8ce ac228f11405e474989961c2d67c3350d da7a4d41a3f0446ca10c2178228342fd - - default default] Unable to schedule network 5477c510-2044-47a4-958e-b3333fdf7d27: no agents available; will retry on subsequent port and subnet creation events.
2026-06-30 23:27:30.976 9 INFO neutron.wsgi [req-38f2ba54-9405-4f40-9fab-642c51d89c73 req-4e1aae30-b8ab-4a0c-8537-a68337af2822 fd59412933514f31926b29fae65a56ab 066e2617ba56463d8c4c3fbcbed2918b - - default default] 10.0.0.207 "GET /v2.0/security-groups?id=413a7429-7920-46e9-b840-8e5ec923cd49&fields=id&fields=name HTTP/1.1" status: 200 len: 310 time: 0.0631058
2026-06-30 23:27:31.011 10 INFO neutron.wsgi [req-6d04413d-8165-4153-b680-0800addfca1b req-1c7addc0-d720-40e5-8e3a-1d70ec922c9f e442bb02bcf745df8fb30747f635bd0f 5a4be4c0b1f043f98f208d1532cfa4a8 - - bfe4387a9ec9444c80b17b3c2d7420c5 bfe4387a9ec9444c80b17b3c2d7420c5] 199.204.45.57 "GET /v2.0/networks/d8471ff3-68b4-4fc9-a691-16741f93a1ef?fields=provider%3Aphysical_network&fields=provider%3Anetwork_type HTTP/1.1" status: 200 len: 277 time: 0.1247518
2026-06-30 23:27:31.071 9 INFO neutron.db.ovn_revision_numbers_db [req-75410751-7d98-461d-89fe-4ed7f1a2f4ac req-3d6e619b-1e1c-4ec3-81a6-6f9063befa30 e442bb02bcf745df8fb30747f635bd0f 5a4be4c0b1f043f98f208d1532cfa4a8 - - bfe4387a9ec9444c80b17b3c2d7420c5 bfe4387a9ec9444c80b17b3c2d7420c5] Successfully bumped revision number for resource d5180edc-f50d-4f5f-b096-0e5ea02f4590 (type: ports) to 2
2026-06-30 23:27:31.100 10 INFO neutron.services.segments.plugin [-] Segment b615346d-4027-4887-920a-b8e5962b67c1 resource provider aggregate not found
2026-06-30 23:27:31.111 10 INFO neutron.services.segments.plugin [-] Segment b615346d-4027-4887-920a-b8e5962b67c1 resource provider aggregate not found
2026-06-30 23:27:31.113 9 INFO neutron.wsgi [None req-fc6623ea-d4b2-4169-8a26-74d11a6044f2 d3dc1c5db4e8424e92b7cac83dcba0a2 ac2f162e584e40a2b6f054806aff5e46 - - default default] 10.0.0.232 "DELETE /v2.0/security-groups/afb41e67-d3c9-4624-afe4-debc02da7b1a HTTP/1.1" status: 204 len: 168 time: 0.3370111
2026-06-30 23:27:31.126 10 INFO neutron.services.segments.plugin [-] Segment b615346d-4027-4887-920a-b8e5962b67c1 resource provider not found; error: Placement Client Error (4xx): {"errors": [{"status": 404, "title": "Not Found", "detail": "The resource could not be found.\n\n No resource provider with uuid b615346d-4027-4887-920a-b8e5962b67c1 found for delete ", "request_id": "req-2bbf0668-9171-46f7-bd63-6bbb7ee9aa69"}]}
2026-06-30 23:27:31.144 10 INFO neutron.services.segments.plugin [-] Segment b615346d-4027-4887-920a-b8e5962b67c1 resource provider not found; error: Placement Client Error (4xx): {"errors": [{"status": 404, "title": "Not Found", "detail": "The resource could not be found.\n\n No resource provider with uuid b615346d-4027-4887-920a-b8e5962b67c1 found for delete ", "request_id": "req-2c480683-5122-4f7f-9bbd-1b45ab47ab10"}]} /var/lib/openstack/lib/python3.10/site-packages/pycadf/identifier.py:71: UserWarning: Invalid uuid: neutron. To ensure interoperability, identifiers should be a valid uuid. warnings.warn(('Invalid uuid: %s. To ensure interoperability, '
2026-06-30 23:27:31.268 10 INFO neutron.db.ovn_revision_numbers_db [None req-b47ebb8e-9dc3-497a-b41c-3fcb5b04d8ce ac228f11405e474989961c2d67c3350d da7a4d41a3f0446ca10c2178228342fd - - default default] Successfully bumped revision number for resource 2ad08f75-6046-4832-b2af-f36c03041fb7 (type: ports) to 1
2026-06-30 23:27:31.285 9 INFO neutron.db.ovn_revision_numbers_db [req-75410751-7d98-461d-89fe-4ed7f1a2f4ac req-3d6e619b-1e1c-4ec3-81a6-6f9063befa30 e442bb02bcf745df8fb30747f635bd0f 5a4be4c0b1f043f98f208d1532cfa4a8 - - bfe4387a9ec9444c80b17b3c2d7420c5 bfe4387a9ec9444c80b17b3c2d7420c5] Successfully bumped revision number for resource d5180edc-f50d-4f5f-b096-0e5ea02f4590 (type: ports) to 2
2026-06-30 23:27:31.299 9 INFO neutron.wsgi [req-75410751-7d98-461d-89fe-4ed7f1a2f4ac req-3d6e619b-1e1c-4ec3-81a6-6f9063befa30 e442bb02bcf745df8fb30747f635bd0f 5a4be4c0b1f043f98f208d1532cfa4a8 - - bfe4387a9ec9444c80b17b3c2d7420c5 bfe4387a9ec9444c80b17b3c2d7420c5] 199.204.45.57 "PUT /v2.0/ports/d5180edc-f50d-4f5f-b096-0e5ea02f4590 HTTP/1.1" status: 200 len: 1376 time: 0.9635286
2026-06-30 23:27:31.332 9 INFO neutron.notifiers.nova [-] Nova event matching ['req-0112a8dc-74e8-45cc-96dd-ee64ec9371c3'] response: {'name': 'network-changed', 'server_uuid': '51a825fc-e575-44c0-aedc-c3ae3be0ca94', 'tag': 'd5180edc-f50d-4f5f-b096-0e5ea02f4590', 'status': 'completed', 'code': 200} /var/lib/openstack/lib/python3.10/site-packages/pycadf/identifier.py:71: UserWarning: Invalid uuid: neutron. To ensure interoperability, identifiers should be a valid uuid. warnings.warn(('Invalid uuid: %s. To ensure interoperability, '
2026-06-30 23:27:31.377 9 INFO neutron.wsgi [req-75410751-7d98-461d-89fe-4ed7f1a2f4ac req-162f094a-93c6-4c91-8c43-532a66a580dc e442bb02bcf745df8fb30747f635bd0f 5a4be4c0b1f043f98f208d1532cfa4a8 - - bfe4387a9ec9444c80b17b3c2d7420c5 bfe4387a9ec9444c80b17b3c2d7420c5] 199.204.45.57 "GET /v2.0/ports?tenant_id=066e2617ba56463d8c4c3fbcbed2918b&device_id=51a825fc-e575-44c0-aedc-c3ae3be0ca94 HTTP/1.1" status: 200 len: 1407 time: 0.0353470
2026-06-30 23:27:31.404 9 INFO neutron.wsgi [req-75410751-7d98-461d-89fe-4ed7f1a2f4ac req-9108fd1a-9ee7-4d4b-8791-5299edcf9bd2 e442bb02bcf745df8fb30747f635bd0f 5a4be4c0b1f043f98f208d1532cfa4a8 - - bfe4387a9ec9444c80b17b3c2d7420c5 bfe4387a9ec9444c80b17b3c2d7420c5] 199.204.45.57 "GET /v2.0/floatingips?fixed_ip_address=10.100.0.8&port_id=d5180edc-f50d-4f5f-b096-0e5ea02f4590 HTTP/1.1" status: 200 len: 217 time: 0.0207953
2026-06-30 23:27:31.437 9 INFO neutron.wsgi [req-75410751-7d98-461d-89fe-4ed7f1a2f4ac req-c170c516-9541-4bed-aeea-ae9352310990 e442bb02bcf745df8fb30747f635bd0f 5a4be4c0b1f043f98f208d1532cfa4a8 - - bfe4387a9ec9444c80b17b3c2d7420c5 bfe4387a9ec9444c80b17b3c2d7420c5] 199.204.45.57 "GET /v2.0/subnets?id=9f196e75-63c3-4de2-b6ea-2d9a477e698a HTTP/1.1" status: 200 len: 852 time: 0.0269365
2026-06-30 23:27:31.461 9 INFO neutron.wsgi [req-75410751-7d98-461d-89fe-4ed7f1a2f4ac req-e44e95fe-0647-4f0b-b593-de1be434abdd e442bb02bcf745df8fb30747f635bd0f 5a4be4c0b1f043f98f208d1532cfa4a8 - - bfe4387a9ec9444c80b17b3c2d7420c5 bfe4387a9ec9444c80b17b3c2d7420c5] 199.204.45.57 "GET /v2.0/ports?network_id=d8471ff3-68b4-4fc9-a691-16741f93a1ef&device_owner=network%3Adhcp HTTP/1.1" status: 200 len: 210 time: 0.0183785
2026-06-30 23:27:31.520 9 INFO neutron.wsgi [req-75410751-7d98-461d-89fe-4ed7f1a2f4ac req-a68a611c-4932-4d3e-af27-27e914b4b3a7 e442bb02bcf745df8fb30747f635bd0f 5a4be4c0b1f043f98f208d1532cfa4a8 - - bfe4387a9ec9444c80b17b3c2d7420c5 bfe4387a9ec9444c80b17b3c2d7420c5] 199.204.45.57 "GET /v2.0/networks/d8471ff3-68b4-4fc9-a691-16741f93a1ef?fields=segments HTTP/1.1" status: 200 len: 212 time: 0.0529439
2026-06-30 23:27:31.579 9 INFO neutron.wsgi [req-75410751-7d98-461d-89fe-4ed7f1a2f4ac req-acaa29c2-0658-4528-b00e-c7344f6eacd6 e442bb02bcf745df8fb30747f635bd0f 5a4be4c0b1f043f98f208d1532cfa4a8 - - bfe4387a9ec9444c80b17b3c2d7420c5 bfe4387a9ec9444c80b17b3c2d7420c5] 199.204.45.57 "GET /v2.0/networks/d8471ff3-68b4-4fc9-a691-16741f93a1ef?fields=provider%3Aphysical_network&fields=provider%3Anetwork_type HTTP/1.1" status: 200 len: 277 time: 0.0533459
2026-06-30 23:27:31.628 10 INFO neutron.db.ovn_revision_numbers_db [None req-584eb948-f4c0-476b-a0f1-41bbdb934a59 d3dc1c5db4e8424e92b7cac83dcba0a2 ac2f162e584e40a2b6f054806aff5e46 - - default default] Successfully bumped revision number for resource 0d4609eb-40ed-4998-80aa-a25e3f31e7d2 (type: security_groups) to 1
2026-06-30 23:27:31.643 10 INFO neutron.db.ovn_revision_numbers_db [None req-67599de4-f1a3-407c-a225-c08f71398d3f 6380257eec6d42b0880f6eff482f2702 312c473a7f9840c7828875fd564f71f3 - - default default] Successfully bumped revision number for resource e5de4a51-1726-4a61-a1d3-b00deda98a91 (type: ports) to 3
2026-06-30 23:27:31.653 9 INFO neutron.wsgi [req-7ffc1d4e-bab2-4b4c-a27a-f10aab6d02ec req-2cd41afa-9c50-4a2c-b3c0-9dc987212b1f e442bb02bcf745df8fb30747f635bd0f 5a4be4c0b1f043f98f208d1532cfa4a8 - - bfe4387a9ec9444c80b17b3c2d7420c5 bfe4387a9ec9444c80b17b3c2d7420c5] 199.204.45.57 "GET /v2.0/ports?tenant_id=066e2617ba56463d8c4c3fbcbed2918b&device_id=51a825fc-e575-44c0-aedc-c3ae3be0ca94 HTTP/1.1" status: 200 len: 1407 time: 0.0334647
2026-06-30 23:27:31.661 10 INFO neutron.db.ovn_revision_numbers_db [None req-584eb948-f4c0-476b-a0f1-41bbdb934a59 d3dc1c5db4e8424e92b7cac83dcba0a2 ac2f162e584e40a2b6f054806aff5e46 - - default default] Successfully bumped revision number for resource 13580215-2118-4e6b-957a-a874484c6c28 (type: security_group_rules) to 0
2026-06-30 23:27:31.690 10 INFO neutron.db.ovn_revision_numbers_db [None req-584eb948-f4c0-476b-a0f1-41bbdb934a59 d3dc1c5db4e8424e92b7cac83dcba0a2 ac2f162e584e40a2b6f054806aff5e46 - - default default] Successfully bumped revision number for resource 904f9582-a950-4fc4-8d7e-ced1b32b4f42 (type: security_group_rules) to 0
2026-06-30 23:27:31.718 9 INFO neutron.wsgi [req-7ffc1d4e-bab2-4b4c-a27a-f10aab6d02ec req-354258b1-075c-48af-b9c8-e703dd890513 e442bb02bcf745df8fb30747f635bd0f 5a4be4c0b1f043f98f208d1532cfa4a8 - - bfe4387a9ec9444c80b17b3c2d7420c5 bfe4387a9ec9444c80b17b3c2d7420c5] 199.204.45.57 "GET /v2.0/networks?id=d8471ff3-68b4-4fc9-a691-16741f93a1ef HTTP/1.1" status: 200 len: 959 time: 0.0575821
2026-06-30 23:27:31.718 10 INFO neutron.db.ovn_revision_numbers_db [None req-584eb948-f4c0-476b-a0f1-41bbdb934a59 d3dc1c5db4e8424e92b7cac83dcba0a2 ac2f162e584e40a2b6f054806aff5e46 - - default default] Successfully bumped revision number for resource af68e79c-70d7-4494-91c3-a4267cb637c4 (type: security_group_rules) to 0
2026-06-30 23:27:31.746 9 INFO neutron.wsgi [req-7ffc1d4e-bab2-4b4c-a27a-f10aab6d02ec req-b90c9e6b-9b1d-4e7f-84ac-d9ecdbbddf3a e442bb02bcf745df8fb30747f635bd0f 5a4be4c0b1f043f98f208d1532cfa4a8 - - bfe4387a9ec9444c80b17b3c2d7420c5 bfe4387a9ec9444c80b17b3c2d7420c5] 199.204.45.57 "GET /v2.0/floatingips?fixed_ip_address=10.100.0.8&port_id=d5180edc-f50d-4f5f-b096-0e5ea02f4590 HTTP/1.1" status: 200 len: 217 time: 0.0232108
2026-06-30 23:27:31.759 10 INFO neutron.db.ovn_revision_numbers_db [None req-584eb948-f4c0-476b-a0f1-41bbdb934a59 d3dc1c5db4e8424e92b7cac83dcba0a2 ac2f162e584e40a2b6f054806aff5e46 - - default default] Successfully bumped revision number for resource de0ce5f4-5409-4dce-94bb-666b6f6d49ab (type: security_group_rules) to 0
2026-06-30 23:27:31.786 10 INFO neutron.plugins.ml2.drivers.ovn.mech_driver.mech_driver [None req-a68c653f-67ef-4a09-aa77-634719f5fe2c - - - - - -] OVN reports status up for port: d5180edc-f50d-4f5f-b096-0e5ea02f4590
2026-06-30 23:27:31.790 10 WARNING neutron.scheduler.dhcp_agent_scheduler [None req-67599de4-f1a3-407c-a225-c08f71398d3f 6380257eec6d42b0880f6eff482f2702 312c473a7f9840c7828875fd564f71f3 - - default default] No more DHCP agents
2026-06-30 23:27:31.793 10 INFO neutron.wsgi [None req-584eb948-f4c0-476b-a0f1-41bbdb934a59 d3dc1c5db4e8424e92b7cac83dcba0a2 ac2f162e584e40a2b6f054806aff5e46 - - default default] 10.0.0.232 "GET /v2.0/security-groups?tenant_id=e472169bc9fd46928c147aa72dce94ba&name=default HTTP/1.1" status: 200 len: 2996 time: 0.5729105
2026-06-30 23:27:31.796 9 INFO neutron.wsgi [req-7ffc1d4e-bab2-4b4c-a27a-f10aab6d02ec req-892bf7a2-ac17-4b0d-843b-dac506ad103a e442bb02bcf745df8fb30747f635bd0f 5a4be4c0b1f043f98f208d1532cfa4a8 - - bfe4387a9ec9444c80b17b3c2d7420c5 bfe4387a9ec9444c80b17b3c2d7420c5] 199.204.45.57 "GET /v2.0/subnets?id=9f196e75-63c3-4de2-b6ea-2d9a477e698a HTTP/1.1" status: 200 len: 852 time: 0.0428607
2026-06-30 23:27:31.799 10 WARNING neutron.api.rpc.agentnotifiers.dhcp_rpc_agent_api [None req-67599de4-f1a3-407c-a225-c08f71398d3f 6380257eec6d42b0880f6eff482f2702 312c473a7f9840c7828875fd564f71f3 - - default default] Unable to schedule network 94ce57ad-d33d-4d43-872a-2b99876f727d: no agents available; will retry on subsequent port and subnet creation events.
2026-06-30 23:27:31.805 10 INFO neutron.plugins.ml2.plugin [None req-a68c653f-67ef-4a09-aa77-634719f5fe2c - - - - - -] Attempt 1 to provision port d5180edc-f50d-4f5f-b096-0e5ea02f4590
2026-06-30 23:27:31.833 9 INFO neutron.wsgi [req-7ffc1d4e-bab2-4b4c-a27a-f10aab6d02ec req-596d41de-a447-4fcf-ab30-f48e71de5584 e442bb02bcf745df8fb30747f635bd0f 5a4be4c0b1f043f98f208d1532cfa4a8 - - bfe4387a9ec9444c80b17b3c2d7420c5 bfe4387a9ec9444c80b17b3c2d7420c5] 199.204.45.57 "GET /v2.0/ports?network_id=d8471ff3-68b4-4fc9-a691-16741f93a1ef&device_owner=network%3Adhcp HTTP/1.1" status: 200 len: 210 time: 0.0290754
2026-06-30 23:27:31.912 9 INFO neutron.wsgi [req-7ffc1d4e-bab2-4b4c-a27a-f10aab6d02ec req-58eb90df-23d3-475d-88ae-b388ec4e0200 e442bb02bcf745df8fb30747f635bd0f 5a4be4c0b1f043f98f208d1532cfa4a8 - - bfe4387a9ec9444c80b17b3c2d7420c5 bfe4387a9ec9444c80b17b3c2d7420c5] 199.204.45.57 "GET /v2.0/networks/d8471ff3-68b4-4fc9-a691-16741f93a1ef?fields=segments HTTP/1.1" status: 200 len: 212 time: 0.0735619
2026-06-30 23:27:31.989 9 INFO neutron.wsgi [req-7ffc1d4e-bab2-4b4c-a27a-f10aab6d02ec req-e6463235-06fc-427f-a626-35710b63182f e442bb02bcf745df8fb30747f635bd0f 5a4be4c0b1f043f98f208d1532cfa4a8 - - bfe4387a9ec9444c80b17b3c2d7420c5 bfe4387a9ec9444c80b17b3c2d7420c5] 199.204.45.57 "GET /v2.0/networks/d8471ff3-68b4-4fc9-a691-16741f93a1ef?fields=provider%3Aphysical_network&fields=provider%3Anetwork_type HTTP/1.1" status: 200 len: 277 time: 0.0717320
2026-06-30 23:27:32.000 10 INFO neutron.notifiers.nova [-] Nova event matching ['req-5cba6f74-3438-47f1-9401-ea2fab45aec1'] response: {'server_uuid': '51a825fc-e575-44c0-aedc-c3ae3be0ca94', 'name': 'network-vif-plugged', 'status': 'completed', 'tag': 'd5180edc-f50d-4f5f-b096-0e5ea02f4590', 'code': 200}
2026-06-30 23:27:32.094 10 INFO neutron.wsgi [req-7ffd01f6-661a-43d2-846c-980fd70b051d req-a21695cf-c8ea-40c0-b0d0-f59394977328 fd59412933514f31926b29fae65a56ab 066e2617ba56463d8c4c3fbcbed2918b - - default default] 10.0.0.207 "GET /v2.0/ports?device_id=51a825fc-e575-44c0-aedc-c3ae3be0ca94 HTTP/1.1" status: 200 len: 1170 time: 0.0593367
2026-06-30 23:27:32.113 9 INFO neutron.wsgi [None req-1d72c087-b797-445c-a27b-64b663893d52 d3dc1c5db4e8424e92b7cac83dcba0a2 ac2f162e584e40a2b6f054806aff5e46 - - default default] 10.0.0.232 "DELETE /v2.0/security-groups/0d4609eb-40ed-4998-80aa-a25e3f31e7d2 HTTP/1.1" status: 204 len: 168 time: 0.3155069
2026-06-30 23:27:32.172 10 INFO neutron.db.ovn_revision_numbers_db [None req-67599de4-f1a3-407c-a225-c08f71398d3f 6380257eec6d42b0880f6eff482f2702 312c473a7f9840c7828875fd564f71f3 - - default default] Successfully bumped revision number for resource e5de4a51-1726-4a61-a1d3-b00deda98a91 (type: router_ports) to 3
2026-06-30 23:27:32.175 10 INFO neutron.wsgi [None req-67599de4-f1a3-407c-a225-c08f71398d3f 6380257eec6d42b0880f6eff482f2702 312c473a7f9840c7828875fd564f71f3 - - default default] 10.0.0.232 "PUT /v2.0/routers/8225271c-10ca-4d52-bf59-d7421def54d5/add_router_interface HTTP/1.1" status: 200 len: 503 time: 2.7923961
2026-06-30 23:27:32.200 10 INFO neutron.wsgi [req-7ffd01f6-661a-43d2-846c-980fd70b051d req-f75a6e3e-1a3c-4640-a09f-ab0fa892356c fd59412933514f31926b29fae65a56ab 066e2617ba56463d8c4c3fbcbed2918b - - default default] 10.0.0.207 "GET /v2.0/security-groups?id=413a7429-7920-46e9-b840-8e5ec923cd49&fields=id&fields=name HTTP/1.1" status: 200 len: 310 time: 0.0897326
2026-06-30 23:27:32.221 9 INFO neutron.wsgi [None req-259a4968-4492-4dfb-b330-f0f5d8d7f49a 6380257eec6d42b0880f6eff482f2702 312c473a7f9840c7828875fd564f71f3 - - default default] 10.0.0.232 "GET /v2.0/ports/e5de4a51-1726-4a61-a1d3-b00deda98a91 HTTP/1.1" status: 200 len: 1219 time: 0.0420172
2026-06-30 23:27:32.349 10 INFO neutron.wsgi [None req-c63b54e8-17e0-4499-965c-1d077eeec940 d3dc1c5db4e8424e92b7cac83dcba0a2 ac2f162e584e40a2b6f054806aff5e46 - - default default] 10.0.0.232 "GET /v2.0/security-groups?tenant_id=0cf537096ffa4768a7addb81be8bb8a4&name=default HTTP/1.1" status: 200 len: 2996 time: 0.0632343
2026-06-30 23:27:32.361 10 INFO neutron.db.ovn_revision_numbers_db [None req-a68c653f-67ef-4a09-aa77-634719f5fe2c - - - - - -] Successfully bumped revision number for resource d5180edc-f50d-4f5f-b096-0e5ea02f4590 (type: ports) to 4 /var/lib/openstack/lib/python3.10/site-packages/pycadf/identifier.py:71: UserWarning: Invalid uuid: neutron. To ensure interoperability, identifiers should be a valid uuid. warnings.warn(('Invalid uuid: %s. To ensure interoperability, '
2026-06-30 23:27:32.400 9 INFO neutron.plugins.ml2.drivers.ovn.mech_driver.ovsdb.ovsdb_monitor [None req-c12eaaf7-7a2c-4499-9da7-a81c60d535bb - - - - - -] Router bfc91dbd-4bb9-4a1d-ba10-7060265715aa is bound to host instance
2026-06-30 23:27:32.438 10 INFO neutron.db.ovn_revision_numbers_db [None req-b47ebb8e-9dc3-497a-b41c-3fcb5b04d8ce ac228f11405e474989961c2d67c3350d da7a4d41a3f0446ca10c2178228342fd - - default default] Successfully bumped revision number for resource 2ad08f75-6046-4832-b2af-f36c03041fb7 (type: router_ports) to 1
2026-06-30 23:27:32.506 10 INFO neutron.db.ovn_revision_numbers_db [None req-b47ebb8e-9dc3-497a-b41c-3fcb5b04d8ce ac228f11405e474989961c2d67c3350d da7a4d41a3f0446ca10c2178228342fd - - default default] Successfully bumped revision number for resource bfc91dbd-4bb9-4a1d-ba10-7060265715aa (type: routers) to 2
2026-06-30 23:27:32.528 10 INFO neutron.wsgi [None req-b47ebb8e-9dc3-497a-b41c-3fcb5b04d8ce ac228f11405e474989961c2d67c3350d da7a4d41a3f0446ca10c2178228342fd - - default default] 10.0.0.232 "POST /v2.0/routers HTTP/1.1" status: 201 len: 863 time: 2.7271175 /var/lib/openstack/lib/python3.10/site-packages/pycadf/identifier.py:71: UserWarning: Invalid uuid: neutron. To ensure interoperability, identifiers should be a valid uuid. warnings.warn(('Invalid uuid: %s. To ensure interoperability, '
2026-06-30 23:27:33.109 9 INFO neutron.wsgi [None req-b464fdbc-5ae7-4180-a6f1-0bf89112d190 d3dc1c5db4e8424e92b7cac83dcba0a2 ac2f162e584e40a2b6f054806aff5e46 - - default default] 10.0.0.232 "DELETE /v2.0/security-groups/d821bdbf-0843-46b7-9026-fbb875332017 HTTP/1.1" status: 204 len: 168 time: 0.7544243
2026-06-30 23:27:33.385 10 INFO neutron.wsgi [None req-fcc1b041-0b34-4219-a13d-b308a0ec1156 d3dc1c5db4e8424e92b7cac83dcba0a2 ac2f162e584e40a2b6f054806aff5e46 - - default default] 10.0.0.180 "GET /v2.0/ports HTTP/1.1" status: 200 len: 16975 time: 0.4222431
2026-06-30 23:27:33.398 9 INFO neutron.wsgi [req-0806a6e9-b9d8-410f-9f6e-5edc436f0a3d req-f7dd650a-b908-4cd1-abb7-ab10dfde41a2 fd59412933514f31926b29fae65a56ab 066e2617ba56463d8c4c3fbcbed2918b - - default default] 10.0.0.207 "GET /v2.0/ports?device_id=51a825fc-e575-44c0-aedc-c3ae3be0ca94 HTTP/1.1" status: 200 len: 1170 time: 0.1046078
2026-06-30 23:27:33.403 9 INFO neutron.wsgi [None req-5a4c281c-59e7-4b88-9e01-c1476afab126 6380257eec6d42b0880f6eff482f2702 312c473a7f9840c7828875fd564f71f3 - - default default] 10.0.0.232 "PUT /v2.0/routers/8225271c-10ca-4d52-bf59-d7421def54d5/remove_router_interface HTTP/1.1" status: 200 len: 503 time: 1.1752453 /var/lib/openstack/lib/python3.10/site-packages/pycadf/identifier.py:71: UserWarning: Invalid uuid: neutron. To ensure interoperability, identifiers should be a valid uuid. warnings.warn(('Invalid uuid: %s. To ensure interoperability, '
2026-06-30 23:27:33.426 10 WARNING neutron.scheduler.dhcp_agent_scheduler [None req-40eb6966-1182-420e-80f8-38fdbb3d0c81 ac228f11405e474989961c2d67c3350d da7a4d41a3f0446ca10c2178228342fd - - default default] No more DHCP agents
2026-06-30 23:27:33.441 10 WARNING neutron.api.rpc.agentnotifiers.dhcp_rpc_agent_api [None req-40eb6966-1182-420e-80f8-38fdbb3d0c81 ac228f11405e474989961c2d67c3350d da7a4d41a3f0446ca10c2178228342fd - - default default] Unable to schedule network 6acf815d-11a2-438c-bfb9-5e78d68deab4: no agents available; will retry on subsequent port and subnet creation events.
2026-06-30 23:27:33.458 9 INFO neutron.wsgi [req-0806a6e9-b9d8-410f-9f6e-5edc436f0a3d req-ad67c524-2fb2-4cbf-9cfe-b5b9803eebd3 fd59412933514f31926b29fae65a56ab 066e2617ba56463d8c4c3fbcbed2918b - - default default] 10.0.0.207 "GET /v2.0/security-groups?id=413a7429-7920-46e9-b840-8e5ec923cd49&fields=id&fields=name HTTP/1.1" status: 200 len: 310 time: 0.0504451
2026-06-30 23:27:33.464 10 INFO neutron.wsgi [None req-e4dc6497-8be7-4802-bec3-6996e31f54c0 d3dc1c5db4e8424e92b7cac83dcba0a2 ac2f162e584e40a2b6f054806aff5e46 - - default default] 10.0.0.180 "GET /v2.0/subnets HTTP/1.1" status: 200 len: 6767 time: 0.0627179
2026-06-30 23:27:33.492 10 INFO neutron.wsgi [None req-61a4b1c4-9670-4a2d-a95a-5e7972c9139d d3dc1c5db4e8424e92b7cac83dcba0a2 ac2f162e584e40a2b6f054806aff5e46 - - default default] 10.0.0.180 "GET /v2.0/subnetpools HTTP/1.1" status: 200 len: 193 time: 0.0251813
2026-06-30 23:27:33.542 10 INFO neutron.api.v2.resource [None req-5bfcaffa-5668-41a8-a6b5-8b4ac1afb19e 6380257eec6d42b0880f6eff482f2702 312c473a7f9840c7828875fd564f71f3 - - default default] remove_router_interface failed (client error): The resource could not be found.
2026-06-30 23:27:33.543 10 INFO neutron.wsgi [None req-5bfcaffa-5668-41a8-a6b5-8b4ac1afb19e 6380257eec6d42b0880f6eff482f2702 312c473a7f9840c7828875fd564f71f3 - - default default] 10.0.0.232 "PUT /v2.0/routers/8225271c-10ca-4d52-bf59-d7421def54d5/remove_router_interface HTTP/1.1" status: 404 len: 398 time: 0.1339362
2026-06-30 23:27:33.571 9 INFO neutron.wsgi [None req-7d5cdf40-677e-466c-ac75-fc5bcbbcb706 6380257eec6d42b0880f6eff482f2702 312c473a7f9840c7828875fd564f71f3 - - default default] 10.0.0.232 "GET /v2.0/ports?device_id=8225271c-10ca-4d52-bf59-d7421def54d5 HTTP/1.1" status: 200 len: 205 time: 0.0202167
2026-06-30 23:27:33.623 9 INFO neutron.db.ovn_revision_numbers_db [None req-c12eaaf7-7a2c-4499-9da7-a81c60d535bb - - - - - -] Successfully bumped revision number for resource 2ad08f75-6046-4832-b2af-f36c03041fb7 (type: ports) to 1
2026-06-30 23:27:33.660 10 INFO neutron.wsgi [None req-63ad3b4a-290c-46a9-aa15-df25bc8b46cf d3dc1c5db4e8424e92b7cac83dcba0a2 ac2f162e584e40a2b6f054806aff5e46 - - default default] 10.0.0.180 "GET /v2.0/security-groups HTTP/1.1" status: 200 len: 35319 time: 0.1600544
2026-06-30 23:27:33.666 10 INFO neutron.wsgi [req-3d72b680-f84d-41f5-99e6-311f00d6ca8b req-a96d0371-474b-44f5-8cb3-0533b9ed0442 fd59412933514f31926b29fae65a56ab 066e2617ba56463d8c4c3fbcbed2918b - - default default] 10.0.0.207 "GET /v2.0/ports?device_id=51a825fc-e575-44c0-aedc-c3ae3be0ca94 HTTP/1.1" status: 200 len: 1170 time: 0.1432598
2026-06-30 23:27:33.741 10 INFO neutron.wsgi [None req-b9f161a8-80a7-403a-856e-ce4d1a581f3b d3dc1c5db4e8424e92b7cac83dcba0a2 ac2f162e584e40a2b6f054806aff5e46 - - default default] 10.0.0.180 "GET /v2.0/subnets HTTP/1.1" status: 200 len: 6767 time: 0.0624623
2026-06-30 23:27:33.755 10 INFO neutron.wsgi [req-3d72b680-f84d-41f5-99e6-311f00d6ca8b req-239cee50-5aef-403b-bb41-1e563890d039 fd59412933514f31926b29fae65a56ab 066e2617ba56463d8c4c3fbcbed2918b - - default default] 10.0.0.207 "GET /v2.0/security-groups?id=413a7429-7920-46e9-b840-8e5ec923cd49&fields=id&fields=name HTTP/1.1" status: 200 len: 310 time: 0.0793941
2026-06-30 23:27:33.763 10 INFO neutron.wsgi [None req-efa1c0f3-e9fc-4a83-9523-c94e9b9c0cef d3dc1c5db4e8424e92b7cac83dcba0a2 ac2f162e584e40a2b6f054806aff5e46 - - default default] 10.0.0.180 "GET /v2.0/agents HTTP/1.1" status: 200 len: 997 time: 0.0196853
2026-06-30 23:27:33.771 10 INFO neutron.db.ovn_revision_numbers_db [None req-40eb6966-1182-420e-80f8-38fdbb3d0c81 ac228f11405e474989961c2d67c3350d da7a4d41a3f0446ca10c2178228342fd - - default default] Successfully bumped revision number for resource 74591998-11c7-4fac-b449-800ac6d50261 (type: ports) to 1
2026-06-30 23:27:33.803 9 INFO neutron.wsgi [None req-628bfedb-5a99-4ed5-883b-90e6e7cc18ca 6380257eec6d42b0880f6eff482f2702 312c473a7f9840c7828875fd564f71f3 - - default default] 10.0.0.232 "DELETE /v2.0/routers/8225271c-10ca-4d52-bf59-d7421def54d5 HTTP/1.1" status: 204 len: 168 time: 0.2265971
2026-06-30 23:27:33.843 9 INFO neutron.wsgi [None req-59c2ef7a-b855-4b58-b200-cdc4579e7006 c20b1a598eb54af8a0b208d4191c1e06 273e4f855fcd46128e24e0a1219bbad9 - - default default] 10.0.0.232 "GET /v2.0/ports?device_id=51a825fc-e575-44c0-aedc-c3ae3be0ca94 HTTP/1.1" status: 200 len: 1404 time: 0.0585728
2026-06-30 23:27:33.874 10 INFO neutron.wsgi [None req-1b78c1ff-fb8a-4e09-83ca-97181f8bd6e6 d3dc1c5db4e8424e92b7cac83dcba0a2 ac2f162e584e40a2b6f054806aff5e46 - - default default] 10.0.0.180 "GET /v2.0/networks HTTP/1.1" status: 200 len: 6214 time: 0.1088698
2026-06-30 23:27:33.931 10 INFO neutron.wsgi [None req-214d5de7-bee2-4ae2-9235-9a20f1f3c8ba d3dc1c5db4e8424e92b7cac83dcba0a2 ac2f162e584e40a2b6f054806aff5e46 - - default default] 10.0.0.180 "GET /v2.0/floatingips HTTP/1.1" status: 200 len: 730 time: 0.0522134
2026-06-30 23:27:34.042 10 INFO neutron.notifiers.nova [-] Nova event matching ['req-d04610c9-4253-4124-a91a-83c503677473'] response: {'server_uuid': '51a825fc-e575-44c0-aedc-c3ae3be0ca94', 'name': 'network-vif-plugged', 'status': 'completed', 'tag': 'd5180edc-f50d-4f5f-b096-0e5ea02f4590', 'code': 200}
2026-06-30 23:27:34.054 10 INFO neutron.wsgi [None req-a9c20c89-d761-43a6-a578-77e0c32c645e d3dc1c5db4e8424e92b7cac83dcba0a2 ac2f162e584e40a2b6f054806aff5e46 - - default default] 10.0.0.180 "GET /v2.0/routers HTTP/1.1" status: 200 len: 1520 time: 0.1095684
2026-06-30 23:27:34.069 10 INFO neutron.wsgi [None req-3ff1fb4e-67cb-4e2c-bfd1-9b5933a48830 d3dc1c5db4e8424e92b7cac83dcba0a2 ac2f162e584e40a2b6f054806aff5e46 - - default default] 10.0.0.180 "GET /v2.0/agents?binary=ovn-controller HTTP/1.1" status: 200 len: 591 time: 0.0133533
2026-06-30 23:27:34.095 10 INFO neutron.wsgi [None req-f8f0fa87-46eb-410a-a65f-8aa9a8fc68f1 d3dc1c5db4e8424e92b7cac83dcba0a2 ac2f162e584e40a2b6f054806aff5e46 - - default default] 10.0.0.180 "GET /v2.0/network-ip-availabilities HTTP/1.1" status: 200 len: 4263 time: 0.0239503
2026-06-30 23:27:34.136 10 INFO neutron.wsgi [None req-53c9f163-4581-4e38-8b6b-693968a896c4 6380257eec6d42b0880f6eff482f2702 312c473a7f9840c7828875fd564f71f3 - - default default] 10.0.0.232 "DELETE /v2.0/subnets/5652187c-8992-49a3-b96f-a6fb5922cae3 HTTP/1.1" status: 204 len: 168 time: 0.3255029
2026-06-30 23:27:34.348 9 INFO neutron.db.l3_db [None req-b401781d-1c80-436f-a7e9-36ac6d66c285 fd59412933514f31926b29fae65a56ab 066e2617ba56463d8c4c3fbcbed2918b - - default default] Floating IP 0fab1727-1a5f-45fe-a98c-17e55d45820a associated. External IP: 10.96.250.212, port: d5180edc-f50d-4f5f-b096-0e5ea02f4590.
2026-06-30 23:27:34.406 9 INFO neutron.db.ovn_revision_numbers_db [None req-c12eaaf7-7a2c-4499-9da7-a81c60d535bb - - - - - -] Successfully bumped revision number for resource 2ad08f75-6046-4832-b2af-f36c03041fb7 (type: router_ports) to 3
2026-06-30 23:27:34.588 10 INFO neutron.plugins.ml2.drivers.ovn.mech_driver.mech_driver [None req-a68c653f-67ef-4a09-aa77-634719f5fe2c - - - - - -] OVN reports status up for port: 74591998-11c7-4fac-b449-800ac6d50261
2026-06-30 23:27:34.597 9 INFO neutron.db.ovn_revision_numbers_db [None req-b401781d-1c80-436f-a7e9-36ac6d66c285 fd59412933514f31926b29fae65a56ab 066e2617ba56463d8c4c3fbcbed2918b - - default default] Successfully bumped revision number for resource 0fab1727-1a5f-45fe-a98c-17e55d45820a (type: floatingips) to 4
2026-06-30 23:27:34.609 10 INFO neutron.plugins.ml2.plugin [None req-a68c653f-67ef-4a09-aa77-634719f5fe2c - - - - - -] Attempt 1 to provision port 74591998-11c7-4fac-b449-800ac6d50261
2026-06-30 23:27:34.619 9 INFO neutron.db.ovn_revision_numbers_db [None req-c12eaaf7-7a2c-4499-9da7-a81c60d535bb - - - - - -] Successfully bumped revision number for resource 2ad08f75-6046-4832-b2af-f36c03041fb7 (type: ports) to 2
2026-06-30 23:27:34.641 10 INFO neutron.db.ovn_revision_numbers_db [None req-40eb6966-1182-420e-80f8-38fdbb3d0c81 ac228f11405e474989961c2d67c3350d da7a4d41a3f0446ca10c2178228342fd - - default default] Successfully bumped revision number for resource 74591998-11c7-4fac-b449-800ac6d50261 (type: router_ports) to 1
2026-06-30 23:27:34.707 10 INFO neutron.services.segments.plugin [-] Segment 28c9412a-6a38-49dd-8fe9-8acf136bc1b2 resource provider aggregate not found
2026-06-30 23:27:34.711 9 INFO neutron.db.ovn_revision_numbers_db [None req-b401781d-1c80-436f-a7e9-36ac6d66c285 fd59412933514f31926b29fae65a56ab 066e2617ba56463d8c4c3fbcbed2918b - - default default] Successfully bumped revision number for resource 0fab1727-1a5f-45fe-a98c-17e55d45820a (type: floatingips) to 5
2026-06-30 23:27:34.712 10 INFO neutron.services.segments.plugin [-] Segment 28c9412a-6a38-49dd-8fe9-8acf136bc1b2 resource provider aggregate not found
2026-06-30 23:27:34.738 10 INFO neutron.services.segments.plugin [-] Segment 28c9412a-6a38-49dd-8fe9-8acf136bc1b2 resource provider not found; error: Placement Client Error (4xx): {"errors": [{"status": 404, "title": "Not Found", "detail": "The resource could not be found.\n\n No resource provider with uuid 28c9412a-6a38-49dd-8fe9-8acf136bc1b2 found for delete ", "request_id": "req-ae6fb400-a322-44bc-8f10-cc81a8171d2e"}]}
2026-06-30 23:27:34.741 9 INFO neutron.wsgi [None req-b401781d-1c80-436f-a7e9-36ac6d66c285 fd59412933514f31926b29fae65a56ab 066e2617ba56463d8c4c3fbcbed2918b - - default default] 10.0.0.232 "PUT /v2.0/floatingips/0fab1727-1a5f-45fe-a98c-17e55d45820a HTTP/1.1" status: 200 len: 1049 time: 0.8862824 /var/lib/openstack/lib/python3.10/site-packages/pycadf/identifier.py:71: UserWarning: Invalid uuid: neutron. To ensure interoperability, identifiers should be a valid uuid. warnings.warn(('Invalid uuid: %s. To ensure interoperability, '
2026-06-30 23:27:34.778 9 INFO neutron.notifiers.nova [-] Nova event matching ['req-25fa3b76-c23d-4031-954c-3f58c89c3f35'] response: {'name': 'network-changed', 'server_uuid': '51a825fc-e575-44c0-aedc-c3ae3be0ca94', 'tag': 'd5180edc-f50d-4f5f-b096-0e5ea02f4590', 'status': 'completed', 'code': 200}
2026-06-30 23:27:34.792 10 INFO neutron.services.segments.plugin [-] Segment 28c9412a-6a38-49dd-8fe9-8acf136bc1b2 resource provider not found; error: Placement Client Error (4xx): {"errors": [{"status": 404, "title": "Not Found", "detail": "The resource could not be found.\n\n No resource provider with uuid 28c9412a-6a38-49dd-8fe9-8acf136bc1b2 found for delete ", "request_id": "req-e35853e5-8818-4616-800c-b7c4fbc95664"}]}
2026-06-30 23:27:34.815 10 INFO neutron.wsgi [None req-bacb0719-89ab-46ab-a4d8-78ddaaebb7e8 6380257eec6d42b0880f6eff482f2702 312c473a7f9840c7828875fd564f71f3 - - default default] 10.0.0.232 "DELETE /v2.0/networks/94ce57ad-d33d-4d43-872a-2b99876f727d HTTP/1.1" status: 204 len: 168 time: 0.6701396
2026-06-30 23:27:34.818 10 INFO neutron.wsgi [None req-5f1cb711-b87d-419f-bab5-bc5d3e029410 fd59412933514f31926b29fae65a56ab 066e2617ba56463d8c4c3fbcbed2918b - - default default] 10.0.0.232 "GET /v2.0/floatingips/0fab1727-1a5f-45fe-a98c-17e55d45820a HTTP/1.1" status: 200 len: 1051 time: 0.0696256
2026-06-30 23:27:34.836 9 INFO neutron.wsgi [req-7e0a94b9-606e-412a-9f34-6560bac72d61 req-bf6716b3-4b3f-4a9e-8780-7fac2f681dc3 e442bb02bcf745df8fb30747f635bd0f 5a4be4c0b1f043f98f208d1532cfa4a8 - - bfe4387a9ec9444c80b17b3c2d7420c5 bfe4387a9ec9444c80b17b3c2d7420c5] 199.204.45.57 "GET /v2.0/ports?tenant_id=066e2617ba56463d8c4c3fbcbed2918b&device_id=51a825fc-e575-44c0-aedc-c3ae3be0ca94 HTTP/1.1" status: 200 len: 1409 time: 0.0403225
2026-06-30 23:27:34.914 9 INFO neutron.wsgi [req-7e0a94b9-606e-412a-9f34-6560bac72d61 req-3a0d5f4b-bba7-4ae9-bde2-9f45cf3e0602 e442bb02bcf745df8fb30747f635bd0f 5a4be4c0b1f043f98f208d1532cfa4a8 - - bfe4387a9ec9444c80b17b3c2d7420c5 bfe4387a9ec9444c80b17b3c2d7420c5] 199.204.45.57 "GET /v2.0/networks?id=d8471ff3-68b4-4fc9-a691-16741f93a1ef HTTP/1.1" status: 200 len: 959 time: 0.0699077
2026-06-30 23:27:34.956 10 INFO neutron.db.ovn_revision_numbers_db [None req-40eb6966-1182-420e-80f8-38fdbb3d0c81 ac228f11405e474989961c2d67c3350d da7a4d41a3f0446ca10c2178228342fd - - default default] Successfully bumped revision number for resource 74591998-11c7-4fac-b449-800ac6d50261 (type: ports) to 1
2026-06-30 23:27:34.959 9 INFO neutron.db.ovn_revision_numbers_db [None req-c12eaaf7-7a2c-4499-9da7-a81c60d535bb - - - - - -] Successfully bumped revision number for resource 2ad08f75-6046-4832-b2af-f36c03041fb7 (type: ports) to 4
2026-06-30 23:27:34.962 9 INFO neutron.wsgi [req-7e0a94b9-606e-412a-9f34-6560bac72d61 req-14aa0f28-db60-47f2-acd6-0ec5b3f569af e442bb02bcf745df8fb30747f635bd0f 5a4be4c0b1f043f98f208d1532cfa4a8 - - bfe4387a9ec9444c80b17b3c2d7420c5 bfe4387a9ec9444c80b17b3c2d7420c5] 199.204.45.57 "GET /v2.0/floatingips?fixed_ip_address=10.100.0.8&port_id=d5180edc-f50d-4f5f-b096-0e5ea02f4590 HTTP/1.1" status: 200 len: 1059 time: 0.0410235
2026-06-30 23:27:34.969 10 INFO neutron.db.segments_db [None req-71af01bf-13f4-48cd-8378-f5255ac645b8 6380257eec6d42b0880f6eff482f2702 312c473a7f9840c7828875fd564f71f3 - - default default] Added segment eef049c5-f3b6-4d6a-8767-a8bc6e96932c of type geneve for network 1ffec67e-5a6c-4fc5-ac92-7b7158ecf8e6
2026-06-30 23:27:35.036 9 INFO neutron.wsgi [req-7e0a94b9-606e-412a-9f34-6560bac72d61 req-48efc560-043f-41e9-95fd-9b14aec670f1 e442bb02bcf745df8fb30747f635bd0f 5a4be4c0b1f043f98f208d1532cfa4a8 - - bfe4387a9ec9444c80b17b3c2d7420c5 bfe4387a9ec9444c80b17b3c2d7420c5] 199.204.45.57 "GET /v2.0/subnets?id=9f196e75-63c3-4de2-b6ea-2d9a477e698a HTTP/1.1" status: 200 len: 852 time: 0.0646052
2026-06-30 23:27:35.070 9 INFO neutron.wsgi [req-7e0a94b9-606e-412a-9f34-6560bac72d61 req-5532702e-1b35-4cee-8914-788036e919c3 e442bb02bcf745df8fb30747f635bd0f 5a4be4c0b1f043f98f208d1532cfa4a8 - - bfe4387a9ec9444c80b17b3c2d7420c5 bfe4387a9ec9444c80b17b3c2d7420c5] 199.204.45.57 "GET /v2.0/ports?network_id=d8471ff3-68b4-4fc9-a691-16741f93a1ef&device_owner=network%3Adhcp HTTP/1.1" status: 200 len: 210 time: 0.0194011
2026-06-30 23:27:35.316 10 WARNING neutron.scheduler.dhcp_agent_scheduler [None req-40eb6966-1182-420e-80f8-38fdbb3d0c81 ac228f11405e474989961c2d67c3350d da7a4d41a3f0446ca10c2178228342fd - - default default] No more DHCP agents
2026-06-30 23:27:35.324 10 WARNING neutron.api.rpc.agentnotifiers.dhcp_rpc_agent_api [None req-40eb6966-1182-420e-80f8-38fdbb3d0c81 ac228f11405e474989961c2d67c3350d da7a4d41a3f0446ca10c2178228342fd - - default default] Unable to schedule network 6acf815d-11a2-438c-bfb9-5e78d68deab4: no agents available; will retry on subsequent port and subnet creation events.
2026-06-30 23:27:35.325 10 INFO neutron.db.ovn_revision_numbers_db [None req-a68c653f-67ef-4a09-aa77-634719f5fe2c - - - - - -] Successfully bumped revision number for resource 74591998-11c7-4fac-b449-800ac6d50261 (type: ports) to 2
2026-06-30 23:27:35.393 9 INFO neutron.wsgi [req-7e0a94b9-606e-412a-9f34-6560bac72d61 req-7a69e90b-d4a4-49cc-b1f7-8956be656987 e442bb02bcf745df8fb30747f635bd0f 5a4be4c0b1f043f98f208d1532cfa4a8 - - bfe4387a9ec9444c80b17b3c2d7420c5 bfe4387a9ec9444c80b17b3c2d7420c5] 199.204.45.57 "GET /v2.0/networks/d8471ff3-68b4-4fc9-a691-16741f93a1ef?fields=segments HTTP/1.1" status: 200 len: 212 time: 0.3163466
2026-06-30 23:27:35.443 10 INFO neutron.db.ovn_revision_numbers_db [None req-71af01bf-13f4-48cd-8378-f5255ac645b8 6380257eec6d42b0880f6eff482f2702 312c473a7f9840c7828875fd564f71f3 - - default default] Successfully bumped revision number for resource 1ffec67e-5a6c-4fc5-ac92-7b7158ecf8e6 (type: networks) to 1
2026-06-30 23:27:35.475 9 INFO neutron.wsgi [req-7e0a94b9-606e-412a-9f34-6560bac72d61 req-b6dee01a-405e-4a7c-9cd6-da44b50f773a e442bb02bcf745df8fb30747f635bd0f 5a4be4c0b1f043f98f208d1532cfa4a8 - - bfe4387a9ec9444c80b17b3c2d7420c5 bfe4387a9ec9444c80b17b3c2d7420c5] 199.204.45.57 "GET /v2.0/networks/d8471ff3-68b4-4fc9-a691-16741f93a1ef?fields=provider%3Aphysical_network&fields=provider%3Anetwork_type HTTP/1.1" status: 200 len: 277 time: 0.0744109
2026-06-30 23:27:35.522 9 INFO neutron.db.ovn_revision_numbers_db [None req-c12eaaf7-7a2c-4499-9da7-a81c60d535bb - - - - - -] Successfully bumped revision number for resource 2ad08f75-6046-4832-b2af-f36c03041fb7 (type: router_ports) to 4
2026-06-30 23:27:35.598 10 INFO neutron.db.ovn_revision_numbers_db [None req-a68c653f-67ef-4a09-aa77-634719f5fe2c - - - - - -] Successfully bumped revision number for resource 74591998-11c7-4fac-b449-800ac6d50261 (type: router_ports) to 2
2026-06-30 23:27:35.733 10 WARNING neutron.scheduler.dhcp_agent_scheduler [None req-71af01bf-13f4-48cd-8378-f5255ac645b8 6380257eec6d42b0880f6eff482f2702 312c473a7f9840c7828875fd564f71f3 - - default default] No more DHCP agents
2026-06-30 23:27:35.736 10 WARNING neutron.api.rpc.agentnotifiers.dhcp_rpc_agent_api [None req-71af01bf-13f4-48cd-8378-f5255ac645b8 6380257eec6d42b0880f6eff482f2702 312c473a7f9840c7828875fd564f71f3 - - default default] Unable to schedule network 1ffec67e-5a6c-4fc5-ac92-7b7158ecf8e6: no agents available; will retry on subsequent port and subnet creation events.
2026-06-30 23:27:35.739 9 WARNING neutron.plugins.ml2.drivers.ovn.mech_driver.ovsdb.ovn_client [None req-2392d7d1-01b5-46cb-bd01-e4ccbc0b7c9e - - - - - -] No port found with ID e5de4a51-1726-4a61-a1d3-b00deda98a91: RuntimeError: No port found with ID e5de4a51-1726-4a61-a1d3-b00deda98a91
2026-06-30 23:27:35.739 9 INFO neutron.plugins.ml2.drivers.ovn.mech_driver.mech_driver [None req-2392d7d1-01b5-46cb-bd01-e4ccbc0b7c9e - - - - - -] OVN reports status up for port: 2ad08f75-6046-4832-b2af-f36c03041fb7
2026-06-30 23:27:35.748 9 INFO neutron.plugins.ml2.plugin [None req-2392d7d1-01b5-46cb-bd01-e4ccbc0b7c9e - - - - - -] Attempt 1 to provision port 2ad08f75-6046-4832-b2af-f36c03041fb7
2026-06-30 23:27:35.842 10 INFO neutron.db.ovn_revision_numbers_db [None req-40eb6966-1182-420e-80f8-38fdbb3d0c81 ac228f11405e474989961c2d67c3350d da7a4d41a3f0446ca10c2178228342fd - - default default] Successfully bumped revision number for resource 74591998-11c7-4fac-b449-800ac6d50261 (type: router_ports) to 2
2026-06-30 23:27:35.844 10 INFO neutron.wsgi [None req-40eb6966-1182-420e-80f8-38fdbb3d0c81 ac228f11405e474989961c2d67c3350d da7a4d41a3f0446ca10c2178228342fd - - default default] 10.0.0.232 "PUT /v2.0/routers/bfc91dbd-4bb9-4a1d-ba10-7060265715aa/add_router_interface HTTP/1.1" status: 200 len: 503 time: 3.2990582
2026-06-30 23:27:35.845 10 INFO neutron.db.ovn_revision_numbers_db [None req-71af01bf-13f4-48cd-8378-f5255ac645b8 6380257eec6d42b0880f6eff482f2702 312c473a7f9840c7828875fd564f71f3 - - default default] Successfully bumped revision number for resource b6113bc1-f5b7-4a5c-b82b-9b836044d0db (type: ports) to 1
2026-06-30 23:27:35.882 10 INFO neutron.wsgi [None req-71af01bf-13f4-48cd-8378-f5255ac645b8 6380257eec6d42b0880f6eff482f2702 312c473a7f9840c7828875fd564f71f3 - - default default] 10.0.0.232 "POST /v2.0/networks HTTP/1.1" status: 201 len: 833 time: 1.0554292
2026-06-30 23:27:36.220 10 WARNING neutron.scheduler.dhcp_agent_scheduler [None req-62d4fb1d-d762-4772-bdf8-6f0452ba6c3a 6380257eec6d42b0880f6eff482f2702 312c473a7f9840c7828875fd564f71f3 - - default default] No more DHCP agents
2026-06-30 23:27:36.222 10 WARNING neutron.api.rpc.agentnotifiers.dhcp_rpc_agent_api [None req-62d4fb1d-d762-4772-bdf8-6f0452ba6c3a 6380257eec6d42b0880f6eff482f2702 312c473a7f9840c7828875fd564f71f3 - - default default] Unable to schedule network 1ffec67e-5a6c-4fc5-ac92-7b7158ecf8e6: no agents available; will retry on subsequent port and subnet creation events.
2026-06-30 23:27:36.269 10 INFO neutron.db.ovn_revision_numbers_db [None req-62d4fb1d-d762-4772-bdf8-6f0452ba6c3a 6380257eec6d42b0880f6eff482f2702 312c473a7f9840c7828875fd564f71f3 - - default default] Successfully bumped revision number for resource 6d7c76d9-cc7b-48ef-b4c5-817f756ffad5 (type: subnets) to 0
2026-06-30 23:27:36.288 10 INFO neutron.wsgi [None req-62d4fb1d-d762-4772-bdf8-6f0452ba6c3a 6380257eec6d42b0880f6eff482f2702 312c473a7f9840c7828875fd564f71f3 - - default default] 10.0.0.232 "POST /v2.0/subnets HTTP/1.1" status: 201 len: 821 time: 0.3996775
2026-06-30 23:27:36.451 9 INFO neutron.db.ovn_revision_numbers_db [None req-f08ca9b8-9169-4ac0-9cc5-39cbbd517eef 6380257eec6d42b0880f6eff482f2702 312c473a7f9840c7828875fd564f71f3 - - default default] Successfully bumped revision number for resource c000e4e3-b554-4cfc-8d8f-65d7b0ba13c8 (type: routers) to 1
2026-06-30 23:27:36.459 10 WARNING neutron.scheduler.dhcp_agent_scheduler [None req-1516c53b-0947-4d87-a272-c57079171e63 ac228f11405e474989961c2d67c3350d da7a4d41a3f0446ca10c2178228342fd - - default default] No more DHCP agents
2026-06-30 23:27:36.463 10 WARNING neutron.api.rpc.agentnotifiers.dhcp_rpc_agent_api [None req-1516c53b-0947-4d87-a272-c57079171e63 ac228f11405e474989961c2d67c3350d da7a4d41a3f0446ca10c2178228342fd - - default default] Unable to schedule network 100f9781-7c0a-4b79-bec3-36972bd673f9: no agents available; will retry on subsequent port and subnet creation events.
2026-06-30 23:27:36.465 9 INFO neutron.wsgi [None req-f08ca9b8-9169-4ac0-9cc5-39cbbd517eef 6380257eec6d42b0880f6eff482f2702 312c473a7f9840c7828875fd564f71f3 - - default default] 10.0.0.232 "POST /v2.0/routers HTTP/1.1" status: 201 len: 691 time: 0.1727126
2026-06-30 23:27:36.631 10 INFO neutron.db.ovn_revision_numbers_db [None req-1516c53b-0947-4d87-a272-c57079171e63 ac228f11405e474989961c2d67c3350d da7a4d41a3f0446ca10c2178228342fd - - default default] Successfully bumped revision number for resource 93a6307a-a0cb-4c2c-a7f8-6ed9b968a322 (type: ports) to 1
2026-06-30 23:27:36.827 9 WARNING neutron.scheduler.dhcp_agent_scheduler [None req-53f7b510-350e-43b0-9d9b-7df953227f40 6380257eec6d42b0880f6eff482f2702 312c473a7f9840c7828875fd564f71f3 - - default default] No more DHCP agents
2026-06-30 23:27:36.829 9 WARNING neutron.api.rpc.agentnotifiers.dhcp_rpc_agent_api [None req-53f7b510-350e-43b0-9d9b-7df953227f40 6380257eec6d42b0880f6eff482f2702 312c473a7f9840c7828875fd564f71f3 - - default default] Unable to schedule network 1ffec67e-5a6c-4fc5-ac92-7b7158ecf8e6: no agents available; will retry on subsequent port and subnet creation events.
2026-06-30 23:27:36.934 9 INFO neutron.db.ovn_revision_numbers_db [None req-53f7b510-350e-43b0-9d9b-7df953227f40 6380257eec6d42b0880f6eff482f2702 312c473a7f9840c7828875fd564f71f3 - - default default] Successfully bumped revision number for resource 950cd232-3609-4ae8-be72-716e48890b5c (type: ports) to 1
2026-06-30 23:27:37.198 9 INFO neutron.plugins.ml2.drivers.ovn.mech_driver.mech_driver [None req-2392d7d1-01b5-46cb-bd01-e4ccbc0b7c9e - - - - - -] OVN reports status up for port: 93a6307a-a0cb-4c2c-a7f8-6ed9b968a322
2026-06-30 23:27:37.209 9 INFO neutron.plugins.ml2.plugin [None req-2392d7d1-01b5-46cb-bd01-e4ccbc0b7c9e - - - - - -] Attempt 1 to provision port 93a6307a-a0cb-4c2c-a7f8-6ed9b968a322
2026-06-30 23:27:37.225 10 INFO neutron.db.ovn_revision_numbers_db [None req-1516c53b-0947-4d87-a272-c57079171e63 ac228f11405e474989961c2d67c3350d da7a4d41a3f0446ca10c2178228342fd - - default default] Successfully bumped revision number for resource 93a6307a-a0cb-4c2c-a7f8-6ed9b968a322 (type: router_ports) to 1
2026-06-30 23:27:37.348 9 INFO neutron.wsgi [None req-fccfd0a4-6f0f-4f32-9dab-6e7bd7991999 fee045684fbf46b4a98df784560fbc81 8c567bff73ca47c1aee5e79a92527542 - - default default] 10.0.0.232 "POST /v2.0/qos/policies HTTP/1.1" status: 201 len: 558 time: 0.2572887
2026-06-30 23:27:37.391 10 INFO neutron.db.ovn_revision_numbers_db [None req-1516c53b-0947-4d87-a272-c57079171e63 ac228f11405e474989961c2d67c3350d da7a4d41a3f0446ca10c2178228342fd - - default default] Successfully bumped revision number for resource 93a6307a-a0cb-4c2c-a7f8-6ed9b968a322 (type: ports) to 1
2026-06-30 23:27:37.425 9 INFO neutron.wsgi [None req-f9f1d15b-0ea3-43cf-b932-9189d6b39d3d fee045684fbf46b4a98df784560fbc81 8c567bff73ca47c1aee5e79a92527542 - - default default] 10.0.0.232 "POST /v2.0/qos/policies HTTP/1.1" status: 201 len: 558 time: 0.0694189
2026-06-30 23:27:37.426 9 INFO neutron.db.ovn_revision_numbers_db [None req-53f7b510-350e-43b0-9d9b-7df953227f40 6380257eec6d42b0880f6eff482f2702 312c473a7f9840c7828875fd564f71f3 - - default default] Successfully bumped revision number for resource 950cd232-3609-4ae8-be72-716e48890b5c (type: router_ports) to 1
2026-06-30 23:27:37.466 10 WARNING neutron.scheduler.dhcp_agent_scheduler [None req-1516c53b-0947-4d87-a272-c57079171e63 ac228f11405e474989961c2d67c3350d da7a4d41a3f0446ca10c2178228342fd - - default default] No more DHCP agents
2026-06-30 23:27:37.469 10 WARNING neutron.api.rpc.agentnotifiers.dhcp_rpc_agent_api [None req-1516c53b-0947-4d87-a272-c57079171e63 ac228f11405e474989961c2d67c3350d da7a4d41a3f0446ca10c2178228342fd - - default default] Unable to schedule network 100f9781-7c0a-4b79-bec3-36972bd673f9: no agents available; will retry on subsequent port and subnet creation events.
