2026-06-30 23:28:44.868 10 INFO neutron.db.ovn_revision_numbers_db [None req-96a87824-4c60-4bcb-8cac-9df45c98d144 1a85eb8476284003a401a2896789cf56 442a1db0885d401eba71c94f000040bb - - default default] Successfully bumped revision number for resource 16cd25a7-d2f8-4ad2-8581-440dcc797811 (type: security_group_rules) to 0
2026-06-30 23:28:44.883 10 INFO neutron.db.ovn_revision_numbers_db [None req-96a87824-4c60-4bcb-8cac-9df45c98d144 1a85eb8476284003a401a2896789cf56 442a1db0885d401eba71c94f000040bb - - default default] Successfully bumped revision number for resource de6d7453-ec1b-4fd2-8db0-082d3199cb5e (type: security_group_rules) to 0
2026-06-30 23:28:44.903 10 INFO neutron.wsgi [None req-96a87824-4c60-4bcb-8cac-9df45c98d144 1a85eb8476284003a401a2896789cf56 442a1db0885d401eba71c94f000040bb - - default default] 10.0.0.232 "POST /v2.0/security-groups HTTP/1.1" status: 201 len: 1737 time: 1.0025401
2026-06-30 23:28:44.944 10 INFO neutron.wsgi [None req-3c3d97b3-4ebb-45f1-8711-236d18de2303 1a85eb8476284003a401a2896789cf56 442a1db0885d401eba71c94f000040bb - - default default] 10.0.0.232 "PUT /v2.0/security-groups/2913e750-d9ce-481f-8b7c-2055be361aaf/tags HTTP/1.1" status: 200 len: 218 time: 0.0339847
2026-06-30 23:28:44.973 10 INFO neutron.wsgi [None req-b9455de0-9aa5-4196-b659-1a50312eab40 1a85eb8476284003a401a2896789cf56 442a1db0885d401eba71c94f000040bb - - default default] 10.0.0.232 "GET /v2.0/security-groups/2913e750-d9ce-481f-8b7c-2055be361aaf/tags HTTP/1.1" status: 200 len: 218 time: 0.0249624
2026-06-30 23:28:45.018 10 INFO neutron.wsgi [None req-65bb6abd-35f8-41a8-96f5-1b2bef84af48 1a85eb8476284003a401a2896789cf56 442a1db0885d401eba71c94f000040bb - - default default] 10.0.0.232 "PUT /v2.0/security-groups/2913e750-d9ce-481f-8b7c-2055be361aaf/tags/green HTTP/1.1" status: 201 len: 201 time: 0.0372534
2026-06-30 23:28:45.044 10 INFO neutron.wsgi [None req-2b0a3757-b64f-4924-b659-e98dd122e980 1a85eb8476284003a401a2896789cf56 442a1db0885d401eba71c94f000040bb - - default default] 10.0.0.232 "GET /v2.0/security-groups/2913e750-d9ce-481f-8b7c-2055be361aaf/tags HTTP/1.1" status: 200 len: 227 time: 0.0200047
2026-06-30 23:28:45.068 10 INFO neutron.wsgi [None req-e8d10d9c-ce5d-42f0-b7f1-ddb93d0b10e0 1a85eb8476284003a401a2896789cf56 442a1db0885d401eba71c94f000040bb - - default default] 10.0.0.232 "PUT /v2.0/security-groups/2913e750-d9ce-481f-8b7c-2055be361aaf/tags/red HTTP/1.1" status: 201 len: 201 time: 0.0199864
2026-06-30 23:28:45.105 10 INFO neutron.wsgi [None req-8edfa6e0-b03a-4a11-b0d0-ee633622faa6 1a85eb8476284003a401a2896789cf56 442a1db0885d401eba71c94f000040bb - - default default] 10.0.0.232 "GET /v2.0/security-groups/2913e750-d9ce-481f-8b7c-2055be361aaf/tags HTTP/1.1" status: 200 len: 227 time: 0.0322399
2026-06-30 23:28:45.145 10 INFO neutron.wsgi [None req-2dfe242d-4629-44d0-8f50-1fc2745b3e0e 1a85eb8476284003a401a2896789cf56 442a1db0885d401eba71c94f000040bb - - default default] 10.0.0.232 "PUT /v2.0/security-groups/2913e750-d9ce-481f-8b7c-2055be361aaf/tags/black.or.white HTTP/1.1" status: 201 len: 201 time: 0.0302985
2026-06-30 23:28:45.174 10 INFO neutron.wsgi [None req-b3212d18-dec4-40ab-867a-512cf2e661c2 1a85eb8476284003a401a2896789cf56 442a1db0885d401eba71c94f000040bb - - default default] 10.0.0.232 "GET /v2.0/security-groups/2913e750-d9ce-481f-8b7c-2055be361aaf/tags HTTP/1.1" status: 200 len: 245 time: 0.0224535
2026-06-30 23:28:45.213 10 INFO neutron.wsgi [None req-9e04cc30-823b-43cf-8772-72ee3352dbc3 1a85eb8476284003a401a2896789cf56 442a1db0885d401eba71c94f000040bb - - default default] 10.0.0.232 "PUT /v2.0/security-groups/2913e750-d9ce-481f-8b7c-2055be361aaf/tags HTTP/1.1" status: 200 len: 230 time: 0.0341508
2026-06-30 23:28:45.236 10 INFO neutron.wsgi [None req-a8dd6441-6841-4172-a159-3f207cfb9fce 1a85eb8476284003a401a2896789cf56 442a1db0885d401eba71c94f000040bb - - default default] 10.0.0.232 "GET /v2.0/security-groups/2913e750-d9ce-481f-8b7c-2055be361aaf/tags HTTP/1.1" status: 200 len: 230 time: 0.0195999
2026-06-30 23:28:45.258 10 INFO neutron.wsgi [None req-1284ce59-64c2-419e-991d-8ed2a8421c81 1a85eb8476284003a401a2896789cf56 442a1db0885d401eba71c94f000040bb - - default default] 10.0.0.232 "GET /v2.0/security-groups/2913e750-d9ce-481f-8b7c-2055be361aaf/tags/red HTTP/1.1" status: 204 len: 168 time: 0.0167665
2026-06-30 23:28:45.280 10 INFO neutron.api.v2.resource [None req-6a1aba7b-e2cc-4524-8092-fc1bb02694ec 1a85eb8476284003a401a2896789cf56 442a1db0885d401eba71c94f000040bb - - default default] show failed (client error): The resource could not be found.
2026-06-30 23:28:45.282 10 INFO neutron.wsgi [None req-6a1aba7b-e2cc-4524-8092-fc1bb02694ec 1a85eb8476284003a401a2896789cf56 442a1db0885d401eba71c94f000040bb - - default default] 10.0.0.232 "GET /v2.0/security-groups/2913e750-d9ce-481f-8b7c-2055be361aaf/tags/green HTTP/1.1" status: 404 len: 299 time: 0.0190229
2026-06-30 23:28:45.317 10 INFO neutron.wsgi [None req-8c84beeb-6df9-4a61-81fd-04535b874a4d 1a85eb8476284003a401a2896789cf56 442a1db0885d401eba71c94f000040bb - - default default] 10.0.0.232 "DELETE /v2.0/security-groups/2913e750-d9ce-481f-8b7c-2055be361aaf/tags/red HTTP/1.1" status: 204 len: 168 time: 0.0323958
2026-06-30 23:28:45.339 10 INFO neutron.wsgi [None req-d7e93e66-f6e0-474d-a128-df5b27a1f818 1a85eb8476284003a401a2896789cf56 442a1db0885d401eba71c94f000040bb - - default default] 10.0.0.232 "GET /v2.0/security-groups/2913e750-d9ce-481f-8b7c-2055be361aaf/tags HTTP/1.1" status: 200 len: 223 time: 0.0190170
2026-06-30 23:28:45.363 10 INFO neutron.api.v2.resource [None req-5fae9ddf-18cb-4325-9322-f8d945b162d9 1a85eb8476284003a401a2896789cf56 442a1db0885d401eba71c94f000040bb - - default default] delete failed (client error): The resource could not be found.
2026-06-30 23:28:45.364 10 INFO neutron.wsgi [None req-5fae9ddf-18cb-4325-9322-f8d945b162d9 1a85eb8476284003a401a2896789cf56 442a1db0885d401eba71c94f000040bb - - default default] 10.0.0.232 "DELETE /v2.0/security-groups/2913e750-d9ce-481f-8b7c-2055be361aaf/tags/green HTTP/1.1" status: 404 len: 299 time: 0.0198076
2026-06-30 23:28:45.399 10 INFO neutron.wsgi [None req-d5ffbcb0-c776-4623-9657-b3222e0aeb65 1a85eb8476284003a401a2896789cf56 442a1db0885d401eba71c94f000040bb - - default default] 10.0.0.232 "DELETE /v2.0/security-groups/2913e750-d9ce-481f-8b7c-2055be361aaf/tags HTTP/1.1" status: 204 len: 168 time: 0.0320184
2026-06-30 23:28:45.420 10 INFO neutron.wsgi [None req-b35f880d-300b-45cf-8af1-218def3516cb 1a85eb8476284003a401a2896789cf56 442a1db0885d401eba71c94f000040bb - - default default] 10.0.0.232 "GET /v2.0/security-groups/2913e750-d9ce-481f-8b7c-2055be361aaf/tags HTTP/1.1" status: 200 len: 205 time: 0.0180182
2026-06-30 23:28:45.549 10 INFO neutron.wsgi [None req-23b93490-9503-425f-88cc-786bef2cfc97 1a85eb8476284003a401a2896789cf56 442a1db0885d401eba71c94f000040bb - - default default] 10.0.0.232 "DELETE /v2.0/security-groups/2913e750-d9ce-481f-8b7c-2055be361aaf HTTP/1.1" status: 204 len: 168 time: 0.1254501
2026-06-30 23:28:45.693 9 INFO neutron.wsgi [None req-1879de5c-bc2f-4a56-bafe-1d1bf1fa876a d3dc1c5db4e8424e92b7cac83dcba0a2 ac2f162e584e40a2b6f054806aff5e46 - - default default] 10.0.0.232 "PUT /v2.0/routers/e3485465-c67c-4d23-b204-39371278e223/remove_router_interface HTTP/1.1" status: 200 len: 503 time: 1.2943261
2026-06-30 23:28:46.302 10 INFO neutron.wsgi [None req-a7e3ee11-47b7-4cca-b3e2-88865a478fa3 d3dc1c5db4e8424e92b7cac83dcba0a2 ac2f162e584e40a2b6f054806aff5e46 - - default default] 10.0.0.232 "DELETE /v2.0/routers/e3485465-c67c-4d23-b204-39371278e223 HTTP/1.1" status: 204 len: 168 time: 0.6041875 /var/lib/openstack/lib/python3.10/site-packages/pycadf/identifier.py:71: UserWarning: Invalid uuid: neutron. To ensure interoperability, identifiers should be a valid uuid. warnings.warn(('Invalid uuid: %s. To ensure interoperability, '
2026-06-30 23:28:46.430 9 INFO neutron.wsgi [None req-cd1e3695-7814-4aab-a081-a05dea32968c d3dc1c5db4e8424e92b7cac83dcba0a2 ac2f162e584e40a2b6f054806aff5e46 - - default default] 10.0.0.232 "GET /v2.0/security-groups?tenant_id=442a1db0885d401eba71c94f000040bb&name=default HTTP/1.1" status: 200 len: 2996 time: 0.1668615
2026-06-30 23:28:46.550 9 INFO neutron.wsgi [None req-c75cfbcd-b7d1-4402-a98c-2523f20edf57 d3dc1c5db4e8424e92b7cac83dcba0a2 ac2f162e584e40a2b6f054806aff5e46 - - default default] 10.0.0.232 "DELETE /v2.0/subnets/fd485bb2-3890-4391-8635-d0799fe3019b HTTP/1.1" status: 204 len: 168 time: 0.2436523
2026-06-30 23:28:46.595 10 INFO neutron.wsgi [None req-b3f9cd5b-fd5f-4cf8-9532-3851b5679da5 d3dc1c5db4e8424e92b7cac83dcba0a2 ac2f162e584e40a2b6f054806aff5e46 - - default default] 10.0.0.232 "DELETE /v2.0/security-groups/14774679-494d-4184-87e2-bdef70599c01 HTTP/1.1" status: 204 len: 168 time: 0.1590135
2026-06-30 23:28:46.801 10 INFO neutron.db.ovn_revision_numbers_db [None req-fd3093ae-44ae-4bce-8371-1768a9280be6 d3dc1c5db4e8424e92b7cac83dcba0a2 ac2f162e584e40a2b6f054806aff5e46 - - default default] Successfully bumped revision number for resource c8c376e4-24f6-43f2-9140-a410749fa1e4 (type: security_groups) to 1
2026-06-30 23:28:46.815 10 INFO neutron.db.ovn_revision_numbers_db [None req-fd3093ae-44ae-4bce-8371-1768a9280be6 d3dc1c5db4e8424e92b7cac83dcba0a2 ac2f162e584e40a2b6f054806aff5e46 - - default default] Successfully bumped revision number for resource 3f9705e1-9ca8-465e-baa3-c39f00d9cdff (type: security_group_rules) to 0
2026-06-30 23:28:46.830 10 INFO neutron.db.ovn_revision_numbers_db [None req-fd3093ae-44ae-4bce-8371-1768a9280be6 d3dc1c5db4e8424e92b7cac83dcba0a2 ac2f162e584e40a2b6f054806aff5e46 - - default default] Successfully bumped revision number for resource b9d6af20-b8ac-4d5a-a427-642a8e89d73a (type: security_group_rules) to 0
2026-06-30 23:28:46.842 10 INFO neutron.db.ovn_revision_numbers_db [None req-fd3093ae-44ae-4bce-8371-1768a9280be6 d3dc1c5db4e8424e92b7cac83dcba0a2 ac2f162e584e40a2b6f054806aff5e46 - - default default] Successfully bumped revision number for resource bfd1296d-5fc0-4479-bc87-70a287132cfd (type: security_group_rules) to 0
2026-06-30 23:28:46.858 10 INFO neutron.db.ovn_revision_numbers_db [None req-fd3093ae-44ae-4bce-8371-1768a9280be6 d3dc1c5db4e8424e92b7cac83dcba0a2 ac2f162e584e40a2b6f054806aff5e46 - - default default] Successfully bumped revision number for resource d142cd96-92d6-4c9d-8474-a0be3a40b28b (type: security_group_rules) to 0
2026-06-30 23:28:46.880 10 INFO neutron.wsgi [None req-fd3093ae-44ae-4bce-8371-1768a9280be6 d3dc1c5db4e8424e92b7cac83dcba0a2 ac2f162e584e40a2b6f054806aff5e46 - - default default] 10.0.0.232 "GET /v2.0/security-groups?tenant_id=3288a18440af4217b5d50759cc0d120c&name=default HTTP/1.1" status: 200 len: 2996 time: 0.1891134
2026-06-30 23:28:46.904 9 INFO neutron.services.segments.plugin [-] Segment 9c8627da-a789-48fd-8184-6384aca605cc resource provider aggregate not found
2026-06-30 23:28:46.911 9 INFO neutron.services.segments.plugin [-] Segment 9c8627da-a789-48fd-8184-6384aca605cc resource provider aggregate not found
2026-06-30 23:28:46.927 9 INFO neutron.services.segments.plugin [-] Segment 9c8627da-a789-48fd-8184-6384aca605cc resource provider not found; error: Placement Client Error (4xx): {"errors": [{"status": 404, "title": "Not Found", "detail": "The resource could not be found.\n\n No resource provider with uuid 9c8627da-a789-48fd-8184-6384aca605cc found for delete ", "request_id": "req-d4412adf-701b-4f13-87f6-6d75f87bcac0"}]}
2026-06-30 23:28:46.933 9 INFO neutron.services.segments.plugin [-] Segment 9c8627da-a789-48fd-8184-6384aca605cc resource provider not found; error: Placement Client Error (4xx): {"errors": [{"status": 404, "title": "Not Found", "detail": "The resource could not be found.\n\n No resource provider with uuid 9c8627da-a789-48fd-8184-6384aca605cc found for delete ", "request_id": "req-e40b6871-33aa-4d6e-bc05-55bc7d8161fe"}]}
2026-06-30 23:28:46.958 9 INFO neutron.wsgi [None req-edb67986-b31a-4134-a570-49a4d7dfaf9b d3dc1c5db4e8424e92b7cac83dcba0a2 ac2f162e584e40a2b6f054806aff5e46 - - default default] 10.0.0.232 "DELETE /v2.0/networks/2d11b103-ad80-43e1-a5d8-010c7f26758d HTTP/1.1" status: 204 len: 168 time: 0.4025202
2026-06-30 23:28:47.093 10 INFO neutron.wsgi [None req-2d19a1b1-0673-453f-87ee-ecd8ce23f4b6 d3dc1c5db4e8424e92b7cac83dcba0a2 ac2f162e584e40a2b6f054806aff5e46 - - default default] 10.0.0.232 "DELETE /v2.0/security-groups/c8c376e4-24f6-43f2-9140-a410749fa1e4 HTTP/1.1" status: 204 len: 168 time: 0.2065821
2026-06-30 23:28:48.035 9 INFO neutron.wsgi [None req-409ddb44-7a90-4ca1-9dae-55a71a7514cd d3dc1c5db4e8424e92b7cac83dcba0a2 ac2f162e584e40a2b6f054806aff5e46 - - default default] 10.0.0.232 "PUT /v2.0/routers/3e455c7b-86b3-4081-8a57-ad5180bbfb0e/remove_router_interface HTTP/1.1" status: 200 len: 503 time: 1.0712442 /var/lib/openstack/lib/python3.10/site-packages/pycadf/identifier.py:71: UserWarning: Invalid uuid: neutron. To ensure interoperability, identifiers should be a valid uuid. warnings.warn(('Invalid uuid: %s. To ensure interoperability, '
2026-06-30 23:28:48.738 9 INFO neutron.wsgi [None req-75dd2782-3eec-4042-acb9-644ae449304e d3dc1c5db4e8424e92b7cac83dcba0a2 ac2f162e584e40a2b6f054806aff5e46 - - default default] 10.0.0.232 "DELETE /v2.0/routers/3e455c7b-86b3-4081-8a57-ad5180bbfb0e HTTP/1.1" status: 204 len: 168 time: 0.6951888
2026-06-30 23:28:49.057 10 INFO neutron.wsgi [None req-5f7c5a45-823e-444f-8bbe-ff0941a019f5 d3dc1c5db4e8424e92b7cac83dcba0a2 ac2f162e584e40a2b6f054806aff5e46 - - default default] 10.0.0.232 "DELETE /v2.0/subnets/2528687a-8021-4d39-8953-3747df4ea62d HTTP/1.1" status: 204 len: 168 time: 0.3083897
2026-06-30 23:28:49.441 10 INFO neutron.services.segments.plugin [-] Segment 1217ee99-c0e2-4042-b4b0-6406bb43e7ea resource provider aggregate not found
2026-06-30 23:28:49.460 10 INFO neutron.services.segments.plugin [-] Segment 1217ee99-c0e2-4042-b4b0-6406bb43e7ea resource provider aggregate not found
2026-06-30 23:28:49.473 10 INFO neutron.services.segments.plugin [-] Segment 1217ee99-c0e2-4042-b4b0-6406bb43e7ea resource provider not found; error: Placement Client Error (4xx): {"errors": [{"status": 404, "title": "Not Found", "detail": "The resource could not be found.\n\n No resource provider with uuid 1217ee99-c0e2-4042-b4b0-6406bb43e7ea found for delete ", "request_id": "req-a9274b80-4043-4e63-92ae-190c5dd7c38b"}]}
2026-06-30 23:28:49.481 10 INFO neutron.services.segments.plugin [-] Segment 1217ee99-c0e2-4042-b4b0-6406bb43e7ea resource provider not found; error: Placement Client Error (4xx): {"errors": [{"status": 404, "title": "Not Found", "detail": "The resource could not be found.\n\n No resource provider with uuid 1217ee99-c0e2-4042-b4b0-6406bb43e7ea found for delete ", "request_id": "req-dadf7e4a-1cf8-4c42-a40b-3db9e2e550e7"}]}
2026-06-30 23:28:49.514 10 INFO neutron.wsgi [None req-a6013e88-f9f8-4404-b385-3d5482402fb5 d3dc1c5db4e8424e92b7cac83dcba0a2 ac2f162e584e40a2b6f054806aff5e46 - - default default] 10.0.0.232 "DELETE /v2.0/networks/0820af2a-676e-460d-a09b-54479c960de9 HTTP/1.1" status: 204 len: 168 time: 0.4518754
2026-06-30 23:28:49.854 10 INFO neutron.wsgi [None req-1f5bc47f-267e-43a5-99a0-e6e86f4ecd7a d3dc1c5db4e8424e92b7cac83dcba0a2 ac2f162e584e40a2b6f054806aff5e46 - - default default] 10.0.0.232 "GET /v2.0/security-groups?tenant_id=9a3a88d0b8a044c9a48b78c0f7bdc503&name=default HTTP/1.1" status: 200 len: 2996 time: 0.0592816
2026-06-30 23:28:50.146 10 INFO neutron.wsgi [None req-9ee3f195-c54b-4a6d-acc9-c260e1d11286 d3dc1c5db4e8424e92b7cac83dcba0a2 ac2f162e584e40a2b6f054806aff5e46 - - default default] 10.0.0.232 "DELETE /v2.0/security-groups/5372675e-7711-4136-9a89-f791a5abbaa4 HTTP/1.1" status: 204 len: 168 time: 0.2840171
2026-06-30 23:28:50.455 10 INFO neutron.wsgi [None req-043986aa-7966-43cd-b590-dcee35d9a414 d3dc1c5db4e8424e92b7cac83dcba0a2 ac2f162e584e40a2b6f054806aff5e46 - - default default] 10.0.0.232 "GET /v2.0/security-groups?tenant_id=b97386cd8d9b430b89ae6333f3a2f692&name=default HTTP/1.1" status: 200 len: 2996 time: 0.0446122
2026-06-30 23:28:50.701 10 INFO neutron.wsgi [None req-01c2b00e-7d21-4181-a46f-f075ebe39a3d d3dc1c5db4e8424e92b7cac83dcba0a2 ac2f162e584e40a2b6f054806aff5e46 - - default default] 10.0.0.232 "DELETE /v2.0/security-groups/e8ca4917-8a93-4157-9b93-721bb8fc55e1 HTTP/1.1" status: 204 len: 168 time: 0.2413399
2026-06-30 23:28:50.830 10 INFO neutron.wsgi [None req-633b6014-4623-40f6-bd1f-58fab6aa44d8 7c2663e2734d46e486a151b60cdf3fc6 dc645ae7ec444a62a0f2e175050872e1 - - default default] 10.0.0.232 "POST /v2.0/subnetpools HTTP/1.1" status: 201 len: 715 time: 0.2854419
2026-06-30 23:28:50.884 10 INFO neutron.wsgi [None req-723a983f-5f65-41c0-89cc-5b2b4d9abe40 7c2663e2734d46e486a151b60cdf3fc6 dc645ae7ec444a62a0f2e175050872e1 - - default default] 10.0.0.232 "PUT /v2.0/subnetpools/6f3a93db-c8a8-4896-a8ad-27d7e96a004b/tags HTTP/1.1" status: 200 len: 218 time: 0.0486610
2026-06-30 23:28:50.910 10 INFO neutron.wsgi [None req-0c73a9c8-3ce4-4c73-952d-3437cf3c9f1f 7c2663e2734d46e486a151b60cdf3fc6 dc645ae7ec444a62a0f2e175050872e1 - - default default] 10.0.0.232 "GET /v2.0/subnetpools/6f3a93db-c8a8-4896-a8ad-27d7e96a004b/tags HTTP/1.1" status: 200 len: 218 time: 0.0211964
2026-06-30 23:28:50.951 10 INFO neutron.wsgi [None req-31e9bd8f-4a9c-4e40-a411-b168d082ec1a 7c2663e2734d46e486a151b60cdf3fc6 dc645ae7ec444a62a0f2e175050872e1 - - default default] 10.0.0.232 "PUT /v2.0/subnetpools/6f3a93db-c8a8-4896-a8ad-27d7e96a004b/tags/green HTTP/1.1" status: 201 len: 201 time: 0.0373828
2026-06-30 23:28:51.000 10 INFO neutron.wsgi [None req-7d99f48a-ae82-4df4-9399-e4cad85b501a 7c2663e2734d46e486a151b60cdf3fc6 dc645ae7ec444a62a0f2e175050872e1 - - default default] 10.0.0.232 "GET /v2.0/subnetpools/6f3a93db-c8a8-4896-a8ad-27d7e96a004b/tags HTTP/1.1" status: 200 len: 227 time: 0.0449102
2026-06-30 23:28:51.025 10 INFO neutron.wsgi [None req-51345644-c695-4d2b-8c43-b5f09eb0668d 7c2663e2734d46e486a151b60cdf3fc6 dc645ae7ec444a62a0f2e175050872e1 - - default default] 10.0.0.232 "PUT /v2.0/subnetpools/6f3a93db-c8a8-4896-a8ad-27d7e96a004b/tags/red HTTP/1.1" status: 201 len: 201 time: 0.0199807
2026-06-30 23:28:51.058 9 INFO neutron.wsgi [None req-2d83e6ea-4fd6-4db0-864b-5bcf06a393b5 7c2663e2734d46e486a151b60cdf3fc6 dc645ae7ec444a62a0f2e175050872e1 - - default default] 10.0.0.232 "GET /v2.0/subnetpools/6f3a93db-c8a8-4896-a8ad-27d7e96a004b/tags HTTP/1.1" status: 200 len: 227 time: 0.0281515
2026-06-30 23:28:51.096 9 INFO neutron.wsgi [None req-a9a5bca1-5d0f-4345-a5b3-e609cb1c87c8 7c2663e2734d46e486a151b60cdf3fc6 dc645ae7ec444a62a0f2e175050872e1 - - default default] 10.0.0.232 "PUT /v2.0/subnetpools/6f3a93db-c8a8-4896-a8ad-27d7e96a004b/tags/black.or.white HTTP/1.1" status: 201 len: 201 time: 0.0333440
2026-06-30 23:28:51.123 9 INFO neutron.wsgi [None req-98df7a9b-99b7-483a-a967-f692d28a9d3c 7c2663e2734d46e486a151b60cdf3fc6 dc645ae7ec444a62a0f2e175050872e1 - - default default] 10.0.0.232 "GET /v2.0/subnetpools/6f3a93db-c8a8-4896-a8ad-27d7e96a004b/tags HTTP/1.1" status: 200 len: 245 time: 0.0228231
2026-06-30 23:28:51.172 10 INFO neutron.wsgi [None req-4e3ba561-c3f6-4f6c-9ee6-cdda5b27f007 7c2663e2734d46e486a151b60cdf3fc6 dc645ae7ec444a62a0f2e175050872e1 - - default default] 10.0.0.232 "PUT /v2.0/subnetpools/6f3a93db-c8a8-4896-a8ad-27d7e96a004b/tags HTTP/1.1" status: 200 len: 230 time: 0.0427277
2026-06-30 23:28:51.196 10 INFO neutron.wsgi [None req-fa285f46-255e-4df4-939b-32e8fbbd048e 7c2663e2734d46e486a151b60cdf3fc6 dc645ae7ec444a62a0f2e175050872e1 - - default default] 10.0.0.232 "GET /v2.0/subnetpools/6f3a93db-c8a8-4896-a8ad-27d7e96a004b/tags HTTP/1.1" status: 200 len: 230 time: 0.0196538
2026-06-30 23:28:51.219 10 INFO neutron.wsgi [None req-10505394-45fc-4e31-bd1f-b1f81bc836ad 7c2663e2734d46e486a151b60cdf3fc6 dc645ae7ec444a62a0f2e175050872e1 - - default default] 10.0.0.232 "GET /v2.0/subnetpools/6f3a93db-c8a8-4896-a8ad-27d7e96a004b/tags/red HTTP/1.1" status: 204 len: 168 time: 0.0179029
2026-06-30 23:28:51.257 9 INFO neutron.api.v2.resource [None req-bdde9c9f-dbad-41b7-8047-ea7e919d11fc 7c2663e2734d46e486a151b60cdf3fc6 dc645ae7ec444a62a0f2e175050872e1 - - default default] show failed (client error): The resource could not be found.
2026-06-30 23:28:51.258 9 INFO neutron.wsgi [None req-bdde9c9f-dbad-41b7-8047-ea7e919d11fc 7c2663e2734d46e486a151b60cdf3fc6 dc645ae7ec444a62a0f2e175050872e1 - - default default] 10.0.0.232 "GET /v2.0/subnetpools/6f3a93db-c8a8-4896-a8ad-27d7e96a004b/tags/green HTTP/1.1" status: 404 len: 299 time: 0.0313051
2026-06-30 23:28:51.301 9 INFO neutron.wsgi [None req-cdd57347-9a82-4aea-a3d8-43fce3f6a336 7c2663e2734d46e486a151b60cdf3fc6 dc645ae7ec444a62a0f2e175050872e1 - - default default] 10.0.0.232 "DELETE /v2.0/subnetpools/6f3a93db-c8a8-4896-a8ad-27d7e96a004b/tags/red HTTP/1.1" status: 204 len: 168 time: 0.0380514
2026-06-30 23:28:51.323 9 INFO neutron.wsgi [None req-416cd0b7-1dd5-448a-a62b-006e1009e1f0 7c2663e2734d46e486a151b60cdf3fc6 dc645ae7ec444a62a0f2e175050872e1 - - default default] 10.0.0.232 "GET /v2.0/subnetpools/6f3a93db-c8a8-4896-a8ad-27d7e96a004b/tags HTTP/1.1" status: 200 len: 223 time: 0.0178564
2026-06-30 23:28:51.353 9 INFO neutron.api.v2.resource [None req-f74b2d4f-5720-4af7-8183-adf701bc4a4b 7c2663e2734d46e486a151b60cdf3fc6 dc645ae7ec444a62a0f2e175050872e1 - - default default] delete failed (client error): The resource could not be found.
2026-06-30 23:28:51.354 9 INFO neutron.wsgi [None req-f74b2d4f-5720-4af7-8183-adf701bc4a4b 7c2663e2734d46e486a151b60cdf3fc6 dc645ae7ec444a62a0f2e175050872e1 - - default default] 10.0.0.232 "DELETE /v2.0/subnetpools/6f3a93db-c8a8-4896-a8ad-27d7e96a004b/tags/green HTTP/1.1" status: 404 len: 299 time: 0.0276692
2026-06-30 23:28:51.386 9 INFO neutron.wsgi [None req-640ec34a-5209-45a3-a666-7820fce96435 7c2663e2734d46e486a151b60cdf3fc6 dc645ae7ec444a62a0f2e175050872e1 - - default default] 10.0.0.232 "DELETE /v2.0/subnetpools/6f3a93db-c8a8-4896-a8ad-27d7e96a004b/tags HTTP/1.1" status: 204 len: 168 time: 0.0271931
2026-06-30 23:28:51.408 9 INFO neutron.wsgi [None req-5a874909-2fb9-429b-908c-56900d08d1fb 7c2663e2734d46e486a151b60cdf3fc6 dc645ae7ec444a62a0f2e175050872e1 - - default default] 10.0.0.232 "GET /v2.0/subnetpools/6f3a93db-c8a8-4896-a8ad-27d7e96a004b/tags HTTP/1.1" status: 200 len: 205 time: 0.0183003
2026-06-30 23:28:51.468 9 INFO neutron.wsgi [None req-7b5b7c18-a070-4c35-8609-e7a83051cd69 7c2663e2734d46e486a151b60cdf3fc6 dc645ae7ec444a62a0f2e175050872e1 - - default default] 10.0.0.232 "DELETE /v2.0/subnetpools/6f3a93db-c8a8-4896-a8ad-27d7e96a004b HTTP/1.1" status: 204 len: 168 time: 0.0517919
2026-06-30 23:28:52.320 9 INFO neutron.db.ovn_revision_numbers_db [None req-4d5a0ddd-7609-48bd-be30-7f90c6c85e79 d3dc1c5db4e8424e92b7cac83dcba0a2 ac2f162e584e40a2b6f054806aff5e46 - - default default] Successfully bumped revision number for resource 22a3d390-2fbd-472e-85b0-010eab7a8af2 (type: security_groups) to 1
2026-06-30 23:28:52.339 9 INFO neutron.db.ovn_revision_numbers_db [None req-4d5a0ddd-7609-48bd-be30-7f90c6c85e79 d3dc1c5db4e8424e92b7cac83dcba0a2 ac2f162e584e40a2b6f054806aff5e46 - - default default] Successfully bumped revision number for resource 11a0f1ec-e73c-4c10-a404-b7954809aa81 (type: security_group_rules) to 0
2026-06-30 23:28:52.358 9 INFO neutron.db.ovn_revision_numbers_db [None req-4d5a0ddd-7609-48bd-be30-7f90c6c85e79 d3dc1c5db4e8424e92b7cac83dcba0a2 ac2f162e584e40a2b6f054806aff5e46 - - default default] Successfully bumped revision number for resource 1d60995f-f7cc-44ef-bf31-96ef107550bc (type: security_group_rules) to 0
2026-06-30 23:28:52.372 9 INFO neutron.db.ovn_revision_numbers_db [None req-4d5a0ddd-7609-48bd-be30-7f90c6c85e79 d3dc1c5db4e8424e92b7cac83dcba0a2 ac2f162e584e40a2b6f054806aff5e46 - - default default] Successfully bumped revision number for resource 6617cb79-4f3b-4424-b109-51ede7aeb80d (type: security_group_rules) to 0
2026-06-30 23:28:52.388 9 INFO neutron.db.ovn_revision_numbers_db [None req-4d5a0ddd-7609-48bd-be30-7f90c6c85e79 d3dc1c5db4e8424e92b7cac83dcba0a2 ac2f162e584e40a2b6f054806aff5e46 - - default default] Successfully bumped revision number for resource e84148a3-2dff-4676-bc0c-3a89854a3bef (type: security_group_rules) to 0
2026-06-30 23:28:52.413 9 INFO neutron.wsgi [None req-4d5a0ddd-7609-48bd-be30-7f90c6c85e79 d3dc1c5db4e8424e92b7cac83dcba0a2 ac2f162e584e40a2b6f054806aff5e46 - - default default] 10.0.0.232 "GET /v2.0/security-groups?tenant_id=dc645ae7ec444a62a0f2e175050872e1&name=default HTTP/1.1" status: 200 len: 2996 time: 0.3977308
2026-06-30 23:28:52.601 9 INFO neutron.wsgi [None req-a90c7840-058d-4aab-9a83-131a0c8c1731 d3dc1c5db4e8424e92b7cac83dcba0a2 ac2f162e584e40a2b6f054806aff5e46 - - default default] 10.0.0.232 "DELETE /v2.0/security-groups/22a3d390-2fbd-472e-85b0-010eab7a8af2 HTTP/1.1" status: 204 len: 168 time: 0.1829920
2026-06-30 23:28:52.853 9 INFO neutron.db.ovn_revision_numbers_db [None req-b222b9e6-993d-40cb-9547-2cd9fe614aec d3dc1c5db4e8424e92b7cac83dcba0a2 ac2f162e584e40a2b6f054806aff5e46 - - default default] Successfully bumped revision number for resource 9e895f12-fca5-460e-807e-2c290f04fce0 (type: security_groups) to 1
2026-06-30 23:28:52.868 9 INFO neutron.db.ovn_revision_numbers_db [None req-b222b9e6-993d-40cb-9547-2cd9fe614aec d3dc1c5db4e8424e92b7cac83dcba0a2 ac2f162e584e40a2b6f054806aff5e46 - - default default] Successfully bumped revision number for resource 095c05db-040c-486e-b31c-68909051ac15 (type: security_group_rules) to 0
2026-06-30 23:28:52.882 9 INFO neutron.db.ovn_revision_numbers_db [None req-b222b9e6-993d-40cb-9547-2cd9fe614aec d3dc1c5db4e8424e92b7cac83dcba0a2 ac2f162e584e40a2b6f054806aff5e46 - - default default] Successfully bumped revision number for resource 54b4b864-72c9-4fcc-9f52-433fc20f2a31 (type: security_group_rules) to 0
2026-06-30 23:28:52.897 9 INFO neutron.db.ovn_revision_numbers_db [None req-b222b9e6-993d-40cb-9547-2cd9fe614aec d3dc1c5db4e8424e92b7cac83dcba0a2 ac2f162e584e40a2b6f054806aff5e46 - - default default] Successfully bumped revision number for resource e1485a0f-2f8a-4f77-b900-b2f2891940d1 (type: security_group_rules) to 0
2026-06-30 23:28:52.916 9 INFO neutron.db.ovn_revision_numbers_db [None req-b222b9e6-993d-40cb-9547-2cd9fe614aec d3dc1c5db4e8424e92b7cac83dcba0a2 ac2f162e584e40a2b6f054806aff5e46 - - default default] Successfully bumped revision number for resource e825e2a6-c475-4a1a-b73d-ecbc0b5cb2ff (type: security_group_rules) to 0
2026-06-30 23:28:52.950 9 INFO neutron.wsgi [None req-b222b9e6-993d-40cb-9547-2cd9fe614aec d3dc1c5db4e8424e92b7cac83dcba0a2 ac2f162e584e40a2b6f054806aff5e46 - - default default] 10.0.0.232 "GET /v2.0/security-groups?tenant_id=c947b53cdc9242268d67af144b36e85f&name=default HTTP/1.1" status: 200 len: 2996 time: 0.2091203
2026-06-30 23:28:53.184 9 INFO neutron.wsgi [None req-bc98a736-11c0-406e-b3b0-cbc95202eb0f d3dc1c5db4e8424e92b7cac83dcba0a2 ac2f162e584e40a2b6f054806aff5e46 - - default default] 10.0.0.232 "DELETE /v2.0/security-groups/9e895f12-fca5-460e-807e-2c290f04fce0 HTTP/1.1" status: 204 len: 168 time: 0.2307220
2026-06-30 23:28:55.574 9 INFO neutron.db.ovn_revision_numbers_db [None req-39160ecc-005c-4096-af11-babda1be3731 c84a88a308da4164a19542e72647a370 9a12a3dbf2ae494789ed0a017c344c40 - - default default] Successfully bumped revision number for resource e0c0ff13-124c-47ff-a29a-216b5a7a3479 (type: routers) to 1
2026-06-30 23:28:55.595 9 INFO neutron.wsgi [None req-39160ecc-005c-4096-af11-babda1be3731 c84a88a308da4164a19542e72647a370 9a12a3dbf2ae494789ed0a017c344c40 - - default default] 10.0.0.232 "POST /v2.0/routers HTTP/1.1" status: 201 len: 654 time: 0.5227575
2026-06-30 23:28:55.777 9 INFO neutron.db.ovn_revision_numbers_db [None req-f6b9a3f6-0b73-414d-ab5b-b3c36d8bb5cf c84a88a308da4164a19542e72647a370 9a12a3dbf2ae494789ed0a017c344c40 - - default default] Successfully bumped revision number for resource 2cbefe4b-afa8-4f8a-8822-d9ff470b6850 (type: routers) to 1
2026-06-30 23:28:55.812 9 INFO neutron.wsgi [None req-f6b9a3f6-0b73-414d-ab5b-b3c36d8bb5cf c84a88a308da4164a19542e72647a370 9a12a3dbf2ae494789ed0a017c344c40 - - default default] 10.0.0.232 "POST /v2.0/routers HTTP/1.1" status: 201 len: 654 time: 0.2106016
2026-06-30 23:28:55.968 9 INFO neutron.wsgi [-] 10.0.0.96 "GET / HTTP/1.1" status: 200 len: 247 time: 0.0050702
2026-06-30 23:28:55.970 9 INFO neutron.wsgi [-] 10.0.0.96 "GET / HTTP/1.1" status: 200 len: 247 time: 0.0011768
2026-06-30 23:28:56.043 10 INFO neutron.db.ovn_revision_numbers_db [None req-074ce9b6-4e66-4779-bf05-5166f988da3b c84a88a308da4164a19542e72647a370 9a12a3dbf2ae494789ed0a017c344c40 - - default default] Successfully bumped revision number for resource 0790bf06-3f2f-4460-89bb-0b2a08b8dc92 (type: routers) to 1
2026-06-30 23:28:56.063 10 INFO neutron.wsgi [None req-074ce9b6-4e66-4779-bf05-5166f988da3b c84a88a308da4164a19542e72647a370 9a12a3dbf2ae494789ed0a017c344c40 - - default default] 10.0.0.232 "POST /v2.0/routers HTTP/1.1" status: 201 len: 654 time: 0.2441902
2026-06-30 23:28:56.298 10 INFO neutron.db.ovn_revision_numbers_db [None req-66cedc4b-0291-442c-a6bc-754ff6ba1ad9 c84a88a308da4164a19542e72647a370 9a12a3dbf2ae494789ed0a017c344c40 - - default default] Successfully bumped revision number for resource c492cc87-6c05-455d-affa-1c485fdf2d5a (type: routers) to 1
2026-06-30 23:28:56.314 10 INFO neutron.wsgi [None req-66cedc4b-0291-442c-a6bc-754ff6ba1ad9 c84a88a308da4164a19542e72647a370 9a12a3dbf2ae494789ed0a017c344c40 - - default default] 10.0.0.232 "POST /v2.0/routers HTTP/1.1" status: 201 len: 654 time: 0.2447376
2026-06-30 23:28:56.486 10 INFO neutron.db.ovn_revision_numbers_db [None req-00336d1d-7330-4435-a875-b90cb70724d9 c84a88a308da4164a19542e72647a370 9a12a3dbf2ae494789ed0a017c344c40 - - default default] Successfully bumped revision number for resource 76c46e61-dcbc-42c5-a678-61ad9ee3083a (type: routers) to 1
2026-06-30 23:28:56.499 10 INFO neutron.wsgi [None req-00336d1d-7330-4435-a875-b90cb70724d9 c84a88a308da4164a19542e72647a370 9a12a3dbf2ae494789ed0a017c344c40 - - default default] 10.0.0.232 "POST /v2.0/routers HTTP/1.1" status: 201 len: 654 time: 0.1796012
2026-06-30 23:28:56.558 10 INFO neutron.wsgi [None req-21cbdc55-fa38-49e3-8101-8ad5ae773415 c84a88a308da4164a19542e72647a370 9a12a3dbf2ae494789ed0a017c344c40 - - default default] 10.0.0.232 "PUT /v2.0/routers/e0c0ff13-124c-47ff-a29a-216b5a7a3479/tags HTTP/1.1" status: 200 len: 210 time: 0.0534792
2026-06-30 23:28:56.617 10 INFO neutron.wsgi [None req-fe6aaa8e-286a-4534-b999-ec0fa5cc4356 c84a88a308da4164a19542e72647a370 9a12a3dbf2ae494789ed0a017c344c40 - - default default] 10.0.0.232 "PUT /v2.0/routers/2cbefe4b-afa8-4f8a-8822-d9ff470b6850/tags HTTP/1.1" status: 200 len: 218 time: 0.0545468
2026-06-30 23:28:56.679 10 INFO neutron.wsgi [None req-e224972e-0621-4b0b-ac29-1af98035e55b c84a88a308da4164a19542e72647a370 9a12a3dbf2ae494789ed0a017c344c40 - - default default] 10.0.0.232 "PUT /v2.0/routers/0790bf06-3f2f-4460-89bb-0b2a08b8dc92/tags HTTP/1.1" status: 200 len: 227 time: 0.0558658
2026-06-30 23:28:57.043 9 INFO neutron.wsgi [None req-85021aeb-d0e2-443d-8ed4-f310fcb6a8d4 c84a88a308da4164a19542e72647a370 9a12a3dbf2ae494789ed0a017c344c40 - - default default] 10.0.0.232 "PUT /v2.0/routers/c492cc87-6c05-455d-affa-1c485fdf2d5a/tags HTTP/1.1" status: 200 len: 212 time: 0.3587172
2026-06-30 23:28:57.124 9 INFO neutron.db.ovn_revision_numbers_db [None req-9ca10887-7aa5-4e2a-85bc-f6a46c1a79c1 8871c20cb61847acab0c75cd692cd38d 87e8a50792c744c08dd4551259715eea - - default default] Successfully bumped revision number for resource 1088dc43-3d24-4072-adca-a9b5aa80cb70 (type: security_groups) to 1
2026-06-30 23:28:57.132 10 INFO neutron.wsgi [None req-d0ca4672-8f29-4807-be33-701180449e66 c84a88a308da4164a19542e72647a370 9a12a3dbf2ae494789ed0a017c344c40 - - default default] 10.0.0.232 "GET /v2.0/routers?tags=red HTTP/1.1" status: 200 len: 1601 time: 0.0819306
2026-06-30 23:28:57.144 9 INFO neutron.db.ovn_revision_numbers_db [None req-9ca10887-7aa5-4e2a-85bc-f6a46c1a79c1 8871c20cb61847acab0c75cd692cd38d 87e8a50792c744c08dd4551259715eea - - default default] Successfully bumped revision number for resource 233c00bc-d595-4e4b-9bf9-6d1fada3f489 (type: security_group_rules) to 0
2026-06-30 23:28:57.194 9 INFO neutron.db.ovn_revision_numbers_db [None req-9ca10887-7aa5-4e2a-85bc-f6a46c1a79c1 8871c20cb61847acab0c75cd692cd38d 87e8a50792c744c08dd4551259715eea - - default default] Successfully bumped revision number for resource 31e565ae-0126-43b7-95fb-8c7bdca0218c (type: security_group_rules) to 0
2026-06-30 23:28:57.228 9 INFO neutron.wsgi [None req-8ec405d8-3415-432e-b2ef-fffe04a8d183 c84a88a308da4164a19542e72647a370 9a12a3dbf2ae494789ed0a017c344c40 - - default default] 10.0.0.232 "GET /v2.0/routers?tags=red%2Cblue HTTP/1.1" status: 200 len: 1144 time: 0.0898287
2026-06-30 23:28:57.244 9 INFO neutron.db.ovn_revision_numbers_db [None req-9ca10887-7aa5-4e2a-85bc-f6a46c1a79c1 8871c20cb61847acab0c75cd692cd38d 87e8a50792c744c08dd4551259715eea - - default default] Successfully bumped revision number for resource 339d15f7-0fe5-4eb7-9301-f630c4f29851 (type: security_group_rules) to 0
2026-06-30 23:28:57.301 9 INFO neutron.db.ovn_revision_numbers_db [None req-9ca10887-7aa5-4e2a-85bc-f6a46c1a79c1 8871c20cb61847acab0c75cd692cd38d 87e8a50792c744c08dd4551259715eea - - default default] Successfully bumped revision number for resource 40dcd7d0-e580-4e41-8d3e-a26204a55de3 (type: security_group_rules) to 0
2026-06-30 23:28:57.316 9 INFO neutron.wsgi [None req-c99b3fcc-f4d6-4efd-8393-22a33aa4917c c84a88a308da4164a19542e72647a370 9a12a3dbf2ae494789ed0a017c344c40 - - default default] 10.0.0.232 "GET /v2.0/routers?tags-any=blue HTTP/1.1" status: 200 len: 1144 time: 0.0835276
2026-06-30 23:28:57.360 9 INFO neutron.db.segments_db [None req-9ca10887-7aa5-4e2a-85bc-f6a46c1a79c1 8871c20cb61847acab0c75cd692cd38d 87e8a50792c744c08dd4551259715eea - - default default] Added segment 2549a825-a343-4e3a-a898-5e937b8a4ccc of type geneve for network 88ea92dd-7ea1-4ea2-8d53-cebde721bf9b
2026-06-30 23:28:57.529 9 INFO neutron.db.ovn_revision_numbers_db [None req-9ca10887-7aa5-4e2a-85bc-f6a46c1a79c1 8871c20cb61847acab0c75cd692cd38d 87e8a50792c744c08dd4551259715eea - - default default] Successfully bumped revision number for resource 88ea92dd-7ea1-4ea2-8d53-cebde721bf9b (type: networks) to 1
2026-06-30 23:28:57.628 10 INFO neutron.wsgi [None req-6ee31524-af56-4cda-b32b-17a08becad92 c84a88a308da4164a19542e72647a370 9a12a3dbf2ae494789ed0a017c344c40 - - default default] 10.0.0.232 "GET /v2.0/routers?tags-any=red%2Cblue HTTP/1.1" status: 200 len: 1601 time: 0.3066587
2026-06-30 23:28:57.706 10 INFO neutron.wsgi [None req-6fae2740-f527-4c78-a086-ac47b8cee410 c84a88a308da4164a19542e72647a370 9a12a3dbf2ae494789ed0a017c344c40 - - default default] 10.0.0.232 "GET /v2.0/routers?not-tags=red HTTP/1.1" status: 200 len: 1116 time: 0.0726547
2026-06-30 23:28:57.731 9 WARNING neutron.scheduler.dhcp_agent_scheduler [None req-9ca10887-7aa5-4e2a-85bc-f6a46c1a79c1 8871c20cb61847acab0c75cd692cd38d 87e8a50792c744c08dd4551259715eea - - default default] No more DHCP agents
2026-06-30 23:28:57.734 9 WARNING neutron.api.rpc.agentnotifiers.dhcp_rpc_agent_api [None req-9ca10887-7aa5-4e2a-85bc-f6a46c1a79c1 8871c20cb61847acab0c75cd692cd38d 87e8a50792c744c08dd4551259715eea - - default default] Unable to schedule network 88ea92dd-7ea1-4ea2-8d53-cebde721bf9b: no agents available; will retry on subsequent port and subnet creation events.
2026-06-30 23:28:57.795 10 INFO neutron.wsgi [None req-77a34883-6df8-40ed-82f3-5964508bb37b c84a88a308da4164a19542e72647a370 9a12a3dbf2ae494789ed0a017c344c40 - - default default] 10.0.0.232 "GET /v2.0/routers?not-tags=red%2Cblue HTTP/1.1" status: 200 len: 1573 time: 0.0774350
2026-06-30 23:28:57.806 9 INFO neutron.db.ovn_revision_numbers_db [None req-9ca10887-7aa5-4e2a-85bc-f6a46c1a79c1 8871c20cb61847acab0c75cd692cd38d 87e8a50792c744c08dd4551259715eea - - default default] Successfully bumped revision number for resource ac0de8c7-9c18-4ff8-b72a-3d1ac526b578 (type: ports) to 1
2026-06-30 23:28:57.832 9 INFO neutron.wsgi [None req-9ca10887-7aa5-4e2a-85bc-f6a46c1a79c1 8871c20cb61847acab0c75cd692cd38d 87e8a50792c744c08dd4551259715eea - - default default] 10.0.0.232 "POST /v2.0/networks HTTP/1.1" status: 201 len: 831 time: 1.3230560
2026-06-30 23:28:57.874 10 INFO neutron.wsgi [None req-2032b2c5-f812-4927-9bd0-ed7bd9fc68ed c84a88a308da4164a19542e72647a370 9a12a3dbf2ae494789ed0a017c344c40 - - default default] 10.0.0.232 "GET /v2.0/routers?not-tags-any=blue HTTP/1.1" status: 200 len: 1573 time: 0.0710707
2026-06-30 23:28:57.932 10 INFO neutron.wsgi [None req-8b22fce3-f026-4a4d-b1aa-76806dfb4140 c84a88a308da4164a19542e72647a370 9a12a3dbf2ae494789ed0a017c344c40 - - default default] 10.0.0.232 "GET /v2.0/routers?not-tags-any=red%2Cblue HTTP/1.1" status: 200 len: 1116 time: 0.0528100
2026-06-30 23:28:58.011 10 INFO neutron.wsgi [None req-d131d668-4863-4605-9b97-fee2e40b0b85 c84a88a308da4164a19542e72647a370 9a12a3dbf2ae494789ed0a017c344c40 - - default default] 10.0.0.232 "GET /v2.0/routers/e0c0ff13-124c-47ff-a29a-216b5a7a3479 HTTP/1.1" status: 200 len: 660 time: 0.0712953
2026-06-30 23:28:58.112 9 WARNING neutron.scheduler.dhcp_agent_scheduler [None req-17509b3e-c778-4b01-a1ab-37d94e591458 8871c20cb61847acab0c75cd692cd38d 87e8a50792c744c08dd4551259715eea - - default default] No more DHCP agents
2026-06-30 23:28:58.116 9 WARNING neutron.api.rpc.agentnotifiers.dhcp_rpc_agent_api [None req-17509b3e-c778-4b01-a1ab-37d94e591458 8871c20cb61847acab0c75cd692cd38d 87e8a50792c744c08dd4551259715eea - - default default] Unable to schedule network 88ea92dd-7ea1-4ea2-8d53-cebde721bf9b: no agents available; will retry on subsequent port and subnet creation events.
2026-06-30 23:28:58.241 9 INFO neutron.db.ovn_revision_numbers_db [None req-17509b3e-c778-4b01-a1ab-37d94e591458 8871c20cb61847acab0c75cd692cd38d 87e8a50792c744c08dd4551259715eea - - default default] Successfully bumped revision number for resource 5b997964-5199-4797-b0f6-2da8971e21d5 (type: ports) to 1
2026-06-30 23:28:58.269 9 INFO neutron.wsgi [None req-17509b3e-c778-4b01-a1ab-37d94e591458 8871c20cb61847acab0c75cd692cd38d 87e8a50792c744c08dd4551259715eea - - default default] 10.0.0.232 "POST /v2.0/ports HTTP/1.1" status: 201 len: 942 time: 0.4322450 /var/lib/openstack/lib/python3.10/site-packages/pycadf/identifier.py:71: UserWarning: Invalid uuid: neutron. To ensure interoperability, identifiers should be a valid uuid. warnings.warn(('Invalid uuid: %s. To ensure interoperability, '
2026-06-30 23:28:58.488 10 INFO neutron.db.ovn_revision_numbers_db [None req-fcf05bda-d519-4ceb-80fb-caf3c8277069 c84a88a308da4164a19542e72647a370 9a12a3dbf2ae494789ed0a017c344c40 - - default default] Successfully bumped revision number for resource e0c0ff13-124c-47ff-a29a-216b5a7a3479 (type: routers) to 2
2026-06-30 23:28:58.492 10 INFO neutron.wsgi [None req-fcf05bda-d519-4ceb-80fb-caf3c8277069 c84a88a308da4164a19542e72647a370 9a12a3dbf2ae494789ed0a017c344c40 - - default default] 10.0.0.232 "PUT /v2.0/routers/e0c0ff13-124c-47ff-a29a-216b5a7a3479 HTTP/1.1" status: 200 len: 660 time: 0.4739482
2026-06-30 23:28:58.503 9 INFO neutron.wsgi [None req-3ae0507b-541d-45bf-bb88-8940a86cc4ed 8871c20cb61847acab0c75cd692cd38d 87e8a50792c744c08dd4551259715eea - - default default] 10.0.0.232 "POST /v2.0/trunks HTTP/1.1" status: 201 len: 608 time: 0.2297575
2026-06-30 23:28:58.515 10 INFO neutron.wsgi [None req-1e1b7cb9-d7e8-4c01-ae08-42957330d69f c84a88a308da4164a19542e72647a370 9a12a3dbf2ae494789ed0a017c344c40 - - default default] 10.0.0.232 "GET /v2.0/ports?device_id=e0c0ff13-124c-47ff-a29a-216b5a7a3479 HTTP/1.1" status: 200 len: 205 time: 0.0190198
2026-06-30 23:28:58.554 9 INFO neutron.wsgi [None req-424f89c0-3636-497f-866e-e3a2ed219578 8871c20cb61847acab0c75cd692cd38d 87e8a50792c744c08dd4551259715eea - - default default] 10.0.0.232 "PUT /v2.0/trunks/7c74c34f-d623-4ce9-b7e7-69d3036199b2/tags HTTP/1.1" status: 200 len: 218 time: 0.0456016
2026-06-30 23:28:58.575 9 INFO neutron.wsgi [None req-03a3e301-2f22-40cd-a2f8-8bdce9650d9e 8871c20cb61847acab0c75cd692cd38d 87e8a50792c744c08dd4551259715eea - - default default] 10.0.0.232 "GET /v2.0/trunks/7c74c34f-d623-4ce9-b7e7-69d3036199b2/tags HTTP/1.1" status: 200 len: 218 time: 0.0151873
2026-06-30 23:28:58.602 9 INFO neutron.wsgi [None req-e34f15ef-9f32-4db6-ac65-6968a607a6ba 8871c20cb61847acab0c75cd692cd38d 87e8a50792c744c08dd4551259715eea - - default default] 10.0.0.232 "PUT /v2.0/trunks/7c74c34f-d623-4ce9-b7e7-69d3036199b2/tags/green HTTP/1.1" status: 201 len: 201 time: 0.0228429
2026-06-30 23:28:58.627 9 INFO neutron.wsgi [None req-3a2ad4de-bbe2-46ce-a0a6-57f987451a77 8871c20cb61847acab0c75cd692cd38d 87e8a50792c744c08dd4551259715eea - - default default] 10.0.0.232 "GET /v2.0/trunks/7c74c34f-d623-4ce9-b7e7-69d3036199b2/tags HTTP/1.1" status: 200 len: 227 time: 0.0210018
2026-06-30 23:28:58.646 9 INFO neutron.wsgi [None req-32cfbe01-8464-4e31-bd73-d2d0d48eb74e 8871c20cb61847acab0c75cd692cd38d 87e8a50792c744c08dd4551259715eea - - default default] 10.0.0.232 "PUT /v2.0/trunks/7c74c34f-d623-4ce9-b7e7-69d3036199b2/tags/red HTTP/1.1" status: 201 len: 201 time: 0.0150623
2026-06-30 23:28:58.682 9 INFO neutron.wsgi [None req-ae956fb2-f961-4ea3-adfa-97870e953a8e 8871c20cb61847acab0c75cd692cd38d 87e8a50792c744c08dd4551259715eea - - default default] 10.0.0.232 "GET /v2.0/trunks/7c74c34f-d623-4ce9-b7e7-69d3036199b2/tags HTTP/1.1" status: 200 len: 227 time: 0.0315855
2026-06-30 23:28:58.712 10 INFO neutron.wsgi [None req-abe5fc9f-b6a3-462d-a9d5-2c9cc9f4a878 c84a88a308da4164a19542e72647a370 9a12a3dbf2ae494789ed0a017c344c40 - - default default] 10.0.0.232 "DELETE /v2.0/routers/e0c0ff13-124c-47ff-a29a-216b5a7a3479 HTTP/1.1" status: 204 len: 168 time: 0.1950390
2026-06-30 23:28:58.717 9 INFO neutron.wsgi [None req-1d1d6afc-d617-498c-99ff-c87c261dfb85 8871c20cb61847acab0c75cd692cd38d 87e8a50792c744c08dd4551259715eea - - default default] 10.0.0.232 "PUT /v2.0/trunks/7c74c34f-d623-4ce9-b7e7-69d3036199b2/tags/black.or.white HTTP/1.1" status: 201 len: 201 time: 0.0312803
2026-06-30 23:28:58.736 9 INFO neutron.wsgi [None req-bac0b28f-fc2b-4a5d-95fc-2452ff70401d 8871c20cb61847acab0c75cd692cd38d 87e8a50792c744c08dd4551259715eea - - default default] 10.0.0.232 "GET /v2.0/trunks/7c74c34f-d623-4ce9-b7e7-69d3036199b2/tags HTTP/1.1" status: 200 len: 245 time: 0.0146742
2026-06-30 23:28:58.766 10 INFO neutron.wsgi [None req-d359008a-68fc-4309-862c-73a557a73294 c84a88a308da4164a19542e72647a370 9a12a3dbf2ae494789ed0a017c344c40 - - default default] 10.0.0.232 "GET /v2.0/routers/2cbefe4b-afa8-4f8a-8822-d9ff470b6850 HTTP/1.1" status: 200 len: 668 time: 0.0471785
2026-06-30 23:28:58.776 9 INFO neutron.wsgi [None req-8fd325d4-7a85-4085-8b3c-108ceee8eb25 8871c20cb61847acab0c75cd692cd38d 87e8a50792c744c08dd4551259715eea - - default default] 10.0.0.232 "PUT /v2.0/trunks/7c74c34f-d623-4ce9-b7e7-69d3036199b2/tags HTTP/1.1" status: 200 len: 230 time: 0.0355542
2026-06-30 23:28:58.793 9 INFO neutron.wsgi [None req-1adee284-7f2f-4465-814c-c8d41d0eb998 8871c20cb61847acab0c75cd692cd38d 87e8a50792c744c08dd4551259715eea - - default default] 10.0.0.232 "GET /v2.0/trunks/7c74c34f-d623-4ce9-b7e7-69d3036199b2/tags HTTP/1.1" status: 200 len: 230 time: 0.0143592
2026-06-30 23:28:58.809 9 INFO neutron.wsgi [None req-4392b392-d2af-4367-91f9-fe3c94d77be6 8871c20cb61847acab0c75cd692cd38d 87e8a50792c744c08dd4551259715eea - - default default] 10.0.0.232 "GET /v2.0/trunks/7c74c34f-d623-4ce9-b7e7-69d3036199b2/tags/red HTTP/1.1" status: 204 len: 168 time: 0.0124490
2026-06-30 23:28:58.824 9 INFO neutron.api.v2.resource [None req-1d25fa73-39f0-4bbe-a597-6201f03ea6d0 8871c20cb61847acab0c75cd692cd38d 87e8a50792c744c08dd4551259715eea - - default default] show failed (client error): The resource could not be found.
2026-06-30 23:28:58.826 9 INFO neutron.wsgi [None req-1d25fa73-39f0-4bbe-a597-6201f03ea6d0 8871c20cb61847acab0c75cd692cd38d 87e8a50792c744c08dd4551259715eea - - default default] 10.0.0.232 "GET /v2.0/trunks/7c74c34f-d623-4ce9-b7e7-69d3036199b2/tags/green HTTP/1.1" status: 404 len: 299 time: 0.0126431
2026-06-30 23:28:58.856 9 INFO neutron.wsgi [None req-351fd298-e52e-4bfa-a667-b956c13aaca0 8871c20cb61847acab0c75cd692cd38d 87e8a50792c744c08dd4551259715eea - - default default] 10.0.0.232 "DELETE /v2.0/trunks/7c74c34f-d623-4ce9-b7e7-69d3036199b2/tags/red HTTP/1.1" status: 204 len: 168 time: 0.0265577
2026-06-30 23:28:58.875 9 INFO neutron.wsgi [None req-a469069b-e5cd-4d17-9109-9ad38d1bbac9 8871c20cb61847acab0c75cd692cd38d 87e8a50792c744c08dd4551259715eea - - default default] 10.0.0.232 "GET /v2.0/trunks/7c74c34f-d623-4ce9-b7e7-69d3036199b2/tags HTTP/1.1" status: 200 len: 223 time: 0.0144372
2026-06-30 23:28:58.895 9 INFO neutron.api.v2.resource [None req-ad6a2c26-b736-42be-b794-6207e932b9e9 8871c20cb61847acab0c75cd692cd38d 87e8a50792c744c08dd4551259715eea - - default default] delete failed (client error): The resource could not be found.
2026-06-30 23:28:58.896 9 INFO neutron.wsgi [None req-ad6a2c26-b736-42be-b794-6207e932b9e9 8871c20cb61847acab0c75cd692cd38d 87e8a50792c744c08dd4551259715eea - - default default] 10.0.0.232 "DELETE /v2.0/trunks/7c74c34f-d623-4ce9-b7e7-69d3036199b2/tags/green HTTP/1.1" status: 404 len: 299 time: 0.0166910
2026-06-30 23:28:58.928 9 INFO neutron.wsgi [None req-9c872e54-9505-4d46-a0c1-94ba8f38c81f 8871c20cb61847acab0c75cd692cd38d 87e8a50792c744c08dd4551259715eea - - default default] 10.0.0.232 "DELETE /v2.0/trunks/7c74c34f-d623-4ce9-b7e7-69d3036199b2/tags HTTP/1.1" status: 204 len: 168 time: 0.0279534
2026-06-30 23:28:58.945 9 INFO neutron.wsgi [None req-f735d20d-e7ff-4d7f-bdab-05b1422f7e44 8871c20cb61847acab0c75cd692cd38d 87e8a50792c744c08dd4551259715eea - - default default] 10.0.0.232 "GET /v2.0/trunks/7c74c34f-d623-4ce9-b7e7-69d3036199b2/tags HTTP/1.1" status: 200 len: 205 time: 0.0121765
2026-06-30 23:28:58.979 9 INFO neutron.wsgi [None req-d25b757c-0fd2-489a-949a-561124d2fd1e 8871c20cb61847acab0c75cd692cd38d 87e8a50792c744c08dd4551259715eea - - default default] 10.0.0.232 "GET /v2.0/trunks/7c74c34f-d623-4ce9-b7e7-69d3036199b2 HTTP/1.1" status: 200 len: 603 time: 0.0212123
2026-06-30 23:28:59.081 9 INFO neutron.wsgi [None req-27733abc-ce4e-4ec5-b132-76a81e6a41d5 8871c20cb61847acab0c75cd692cd38d 87e8a50792c744c08dd4551259715eea - - default default] 10.0.0.232 "GET /v2.0/ports/5b997964-5199-4797-b0f6-2da8971e21d5 HTTP/1.1" status: 200 len: 1020 time: 0.0986388
2026-06-30 23:28:59.160 9 INFO neutron.wsgi [None req-fefe3f0e-f578-41ee-8df5-5fbca24ba50b 8871c20cb61847acab0c75cd692cd38d 87e8a50792c744c08dd4551259715eea - - default default] 10.0.0.232 "DELETE /v2.0/trunks/7c74c34f-d623-4ce9-b7e7-69d3036199b2 HTTP/1.1" status: 204 len: 168 time: 0.0740988
2026-06-30 23:28:59.439 9 INFO neutron.wsgi [None req-5e79d5a4-0016-47a9-8f8e-031ae6e48bca 8871c20cb61847acab0c75cd692cd38d 87e8a50792c744c08dd4551259715eea - - default default] 10.0.0.232 "DELETE /v2.0/ports/5b997964-5199-4797-b0f6-2da8971e21d5 HTTP/1.1" status: 204 len: 168 time: 0.2743959
2026-06-30 23:28:59.515 10 INFO neutron.db.ovn_revision_numbers_db [None req-401f9eac-a315-4480-9283-b19de1569421 c84a88a308da4164a19542e72647a370 9a12a3dbf2ae494789ed0a017c344c40 - - default default] Successfully bumped revision number for resource 2cbefe4b-afa8-4f8a-8822-d9ff470b6850 (type: routers) to 2
2026-06-30 23:28:59.519 10 INFO neutron.wsgi [None req-401f9eac-a315-4480-9283-b19de1569421 c84a88a308da4164a19542e72647a370 9a12a3dbf2ae494789ed0a017c344c40 - - default default] 10.0.0.232 "PUT /v2.0/routers/2cbefe4b-afa8-4f8a-8822-d9ff470b6850 HTTP/1.1" status: 200 len: 668 time: 0.7490454
2026-06-30 23:28:59.561 9 INFO neutron.wsgi [None req-fe4416b6-2e97-4598-a42a-785df58b6feb c84a88a308da4164a19542e72647a370 9a12a3dbf2ae494789ed0a017c344c40 - - default default] 10.0.0.232 "GET /v2.0/ports?device_id=2cbefe4b-afa8-4f8a-8822-d9ff470b6850 HTTP/1.1" status: 200 len: 205 time: 0.0367575
2026-06-30 23:28:59.797 9 INFO neutron.wsgi [None req-4d9ebd4c-12c6-45f7-b1a4-8fa1f6e3a30d c84a88a308da4164a19542e72647a370 9a12a3dbf2ae494789ed0a017c344c40 - - default default] 10.0.0.232 "DELETE /v2.0/routers/2cbefe4b-afa8-4f8a-8822-d9ff470b6850 HTTP/1.1" status: 204 len: 168 time: 0.2252822
2026-06-30 23:28:59.843 9 INFO neutron.wsgi [None req-0644e1c2-05e9-42e2-ac4f-91101f6472e5 c84a88a308da4164a19542e72647a370 9a12a3dbf2ae494789ed0a017c344c40 - - default default] 10.0.0.232 "GET /v2.0/routers/0790bf06-3f2f-4460-89bb-0b2a08b8dc92 HTTP/1.1" status: 200 len: 677 time: 0.0403600
2026-06-30 23:28:59.885 10 INFO neutron.services.segments.plugin [-] Segment 2549a825-a343-4e3a-a898-5e937b8a4ccc resource provider aggregate not found
2026-06-30 23:28:59.891 10 INFO neutron.services.segments.plugin [-] Segment 2549a825-a343-4e3a-a898-5e937b8a4ccc resource provider aggregate not found
2026-06-30 23:28:59.902 10 INFO neutron.services.segments.plugin [-] Segment 2549a825-a343-4e3a-a898-5e937b8a4ccc resource provider not found; error: Placement Client Error (4xx): {"errors": [{"status": 404, "title": "Not Found", "detail": "The resource could not be found.\n\n No resource provider with uuid 2549a825-a343-4e3a-a898-5e937b8a4ccc found for delete ", "request_id": "req-f87090e8-5805-40e3-bd64-fca91e13a971"}]}
2026-06-30 23:28:59.904 10 INFO neutron.services.segments.plugin [-] Segment 2549a825-a343-4e3a-a898-5e937b8a4ccc resource provider not found; error: Placement Client Error (4xx): {"errors": [{"status": 404, "title": "Not Found", "detail": "The resource could not be found.\n\n No resource provider with uuid 2549a825-a343-4e3a-a898-5e937b8a4ccc found for delete ", "request_id": "req-523c6999-b9c0-4507-b2b5-23e81ac53b19"}]}
2026-06-30 23:28:59.921 10 INFO neutron.wsgi [None req-0d912646-660d-4dea-a38f-dc9cdfc1ee3b 8871c20cb61847acab0c75cd692cd38d 87e8a50792c744c08dd4551259715eea - - default default] 10.0.0.232 "DELETE /v2.0/networks/88ea92dd-7ea1-4ea2-8d53-cebde721bf9b HTTP/1.1" status: 204 len: 168 time: 0.4728901
