2026-06-30 23:27:12.117 10 INFO neutron.db.ovn_revision_numbers_db [None req-039bf294-430f-48b7-90b8-74dd4b2ea48a 6380257eec6d42b0880f6eff482f2702 312c473a7f9840c7828875fd564f71f3 - - default default] Successfully bumped revision number for resource 68c3089e-ef34-4d32-9d26-869d03cb8298 (type: security_group_rules) to 0
2026-06-30 23:27:12.122 10 INFO neutron.wsgi [None req-3dc6b1de-b8eb-467c-888b-a87b23c61485 3da2217f4483450b8c7b34d504c5d759 1e8677040110415bbc6bbe09787c9dcc - - default default] 10.0.0.232 "GET /v2.0/floatingips?not-tags=red HTTP/1.1" status: 200 len: 1295 time: 0.0492630
2026-06-30 23:27:12.137 10 INFO neutron.db.ovn_revision_numbers_db [None req-039bf294-430f-48b7-90b8-74dd4b2ea48a 6380257eec6d42b0880f6eff482f2702 312c473a7f9840c7828875fd564f71f3 - - default default] Successfully bumped revision number for resource f2272549-119b-45dd-aaee-1c19bea61316 (type: security_group_rules) to 0
2026-06-30 23:27:12.149 9 INFO neutron.wsgi [None req-2b7ddd7a-393f-4595-9354-2b5f973a709f d3dc1c5db4e8424e92b7cac83dcba0a2 ac2f162e584e40a2b6f054806aff5e46 - - default default] 10.0.0.232 "GET /v2.0/security-groups?tenant_id=0732b839369047e5840875bded178cc4&name=default HTTP/1.1" status: 200 len: 2996 time: 0.0514741
2026-06-30 23:27:12.177 9 INFO neutron.wsgi [None req-b63d48e5-e368-4cde-ab41-aa26235ca43b 3da2217f4483450b8c7b34d504c5d759 1e8677040110415bbc6bbe09787c9dcc - - default default] 10.0.0.232 "GET /v2.0/floatingips?not-tags=red%2Cblue HTTP/1.1" status: 200 len: 1838 time: 0.0497167
2026-06-30 23:27:12.209 10 INFO neutron.db.segments_db [None req-039bf294-430f-48b7-90b8-74dd4b2ea48a 6380257eec6d42b0880f6eff482f2702 312c473a7f9840c7828875fd564f71f3 - - default default] Added segment 36124701-cacf-4ff2-ba88-11ce56cc23d6 of type geneve for network 383970d7-f245-4c98-ab5f-9a1e6a7d1b70
2026-06-30 23:27:12.231 9 INFO neutron.wsgi [None req-7fb77ebf-5f20-481b-9609-2358febc46b5 3da2217f4483450b8c7b34d504c5d759 1e8677040110415bbc6bbe09787c9dcc - - default default] 10.0.0.232 "GET /v2.0/floatingips?not-tags-any=blue HTTP/1.1" status: 200 len: 1838 time: 0.0494020
2026-06-30 23:27:12.271 9 INFO neutron.wsgi [None req-37cfdeeb-966f-4938-b3b9-c0ef9272ebe9 3da2217f4483450b8c7b34d504c5d759 1e8677040110415bbc6bbe09787c9dcc - - default default] 10.0.0.232 "GET /v2.0/floatingips?not-tags-any=red%2Cblue HTTP/1.1" status: 200 len: 1295 time: 0.0342150
2026-06-30 23:27:12.593 9 INFO neutron.wsgi [None req-0d390381-bf7d-4968-9278-118c38711abb 3da2217f4483450b8c7b34d504c5d759 1e8677040110415bbc6bbe09787c9dcc - - default default] 10.0.0.232 "DELETE /v2.0/floatingips/3ccfcead-cd64-4e71-8de4-1c43d74895ae HTTP/1.1" status: 204 len: 168 time: 0.3184705
2026-06-30 23:27:12.642 10 INFO neutron.db.ovn_revision_numbers_db [None req-039bf294-430f-48b7-90b8-74dd4b2ea48a 6380257eec6d42b0880f6eff482f2702 312c473a7f9840c7828875fd564f71f3 - - default default] Successfully bumped revision number for resource 383970d7-f245-4c98-ab5f-9a1e6a7d1b70 (type: networks) to 1
2026-06-30 23:27:12.705 10 INFO neutron.wsgi [req-d1b85714-9414-40ad-be5b-f3a83d4f2410 req-0ad45c76-7951-472b-8c0c-bfdbc38466fa fd59412933514f31926b29fae65a56ab 066e2617ba56463d8c4c3fbcbed2918b - - default default] 10.0.0.207 "GET /v2.0/ports?device_id=0fac9024-20e4-4ee6-b15e-960435b84ecc HTTP/1.1" status: 200 len: 1170 time: 0.1470520
2026-06-30 23:27:12.793 10 INFO neutron.wsgi [req-d1b85714-9414-40ad-be5b-f3a83d4f2410 req-a450d061-4b4e-4fcd-9951-2fb9add273a7 fd59412933514f31926b29fae65a56ab 066e2617ba56463d8c4c3fbcbed2918b - - default default] 10.0.0.207 "GET /v2.0/security-groups?id=b3ebaf12-f914-49ae-ab91-5451a9ba9b61&fields=id&fields=name HTTP/1.1" status: 200 len: 312 time: 0.0719998
2026-06-30 23:27:12.801 10 INFO neutron.wsgi [None req-956c3083-7f9d-4f17-a2f6-03c120e0b532 d3dc1c5db4e8424e92b7cac83dcba0a2 ac2f162e584e40a2b6f054806aff5e46 - - default default] 10.0.0.232 "DELETE /v2.0/security-groups/b1a0894e-0cbd-4c6c-9c4c-27037993f408 HTTP/1.1" status: 204 len: 168 time: 0.6421974
2026-06-30 23:27:12.918 10 WARNING neutron.scheduler.dhcp_agent_scheduler [None req-039bf294-430f-48b7-90b8-74dd4b2ea48a 6380257eec6d42b0880f6eff482f2702 312c473a7f9840c7828875fd564f71f3 - - default default] No more DHCP agents
2026-06-30 23:27:12.921 10 WARNING neutron.api.rpc.agentnotifiers.dhcp_rpc_agent_api [None req-039bf294-430f-48b7-90b8-74dd4b2ea48a 6380257eec6d42b0880f6eff482f2702 312c473a7f9840c7828875fd564f71f3 - - default default] Unable to schedule network 383970d7-f245-4c98-ab5f-9a1e6a7d1b70: no agents available; will retry on subsequent port and subnet creation events.
2026-06-30 23:27:12.972 10 INFO neutron.notifiers.nova [-] Nova event matching ['req-003b01c1-4623-4ccb-96aa-fca35d790758'] response: {'server_uuid': '0fac9024-20e4-4ee6-b15e-960435b84ecc', 'name': 'network-vif-plugged', 'status': 'completed', 'tag': '8dfcb46a-5cfe-4565-b3f3-aecadb21adb7', 'code': 200}
2026-06-30 23:27:12.980 9 INFO neutron.wsgi [req-f256b042-03e3-4ada-9244-37168e09d63f req-2723b343-8744-4a7f-bfba-7a304d3b6dcb fd59412933514f31926b29fae65a56ab 066e2617ba56463d8c4c3fbcbed2918b - - default default] 10.0.0.207 "GET /v2.0/ports?device_id=0fac9024-20e4-4ee6-b15e-960435b84ecc HTTP/1.1" status: 200 len: 1170 time: 0.1226418
2026-06-30 23:27:12.996 9 INFO neutron.wsgi [None req-c6c34aab-e283-4a56-82c9-976f29aef093 3da2217f4483450b8c7b34d504c5d759 1e8677040110415bbc6bbe09787c9dcc - - default default] 10.0.0.232 "DELETE /v2.0/floatingips/dfff3d79-b3e3-4c53-a55b-7648582cc172 HTTP/1.1" status: 204 len: 168 time: 0.3987143
2026-06-30 23:27:13.012 10 INFO neutron.db.ovn_revision_numbers_db [None req-039bf294-430f-48b7-90b8-74dd4b2ea48a 6380257eec6d42b0880f6eff482f2702 312c473a7f9840c7828875fd564f71f3 - - default default] Successfully bumped revision number for resource 2a10cab5-6405-4800-91ac-58b8f3e16e6b (type: ports) to 1
2026-06-30 23:27:13.033 10 INFO neutron.wsgi [None req-039bf294-430f-48b7-90b8-74dd4b2ea48a 6380257eec6d42b0880f6eff482f2702 312c473a7f9840c7828875fd564f71f3 - - default default] 10.0.0.232 "POST /v2.0/networks HTTP/1.1" status: 201 len: 831 time: 1.4069705
2026-06-30 23:27:13.056 9 INFO neutron.wsgi [req-f256b042-03e3-4ada-9244-37168e09d63f req-800bb644-9611-4732-a17f-7d33908d163c fd59412933514f31926b29fae65a56ab 066e2617ba56463d8c4c3fbcbed2918b - - default default] 10.0.0.207 "GET /v2.0/security-groups?id=b3ebaf12-f914-49ae-ab91-5451a9ba9b61&fields=id&fields=name HTTP/1.1" status: 200 len: 312 time: 0.0633006
2026-06-30 23:27:13.111 10 INFO neutron.wsgi [None req-f7067f9a-446d-42ec-8d8d-35b2016cb525 c20b1a598eb54af8a0b208d4191c1e06 273e4f855fcd46128e24e0a1219bbad9 - - default default] 10.0.0.232 "GET /v2.0/ports?device_id=0fac9024-20e4-4ee6-b15e-960435b84ecc HTTP/1.1" status: 200 len: 1404 time: 0.0297639
2026-06-30 23:27:13.152 10 INFO neutron.db.segments_db [None req-90d37d30-db3a-4851-99db-a188b9c304ed 6380257eec6d42b0880f6eff482f2702 312c473a7f9840c7828875fd564f71f3 - - default default] Added segment 1299a7d8-f3ee-4865-b7fd-4555b16f9cf2 of type geneve for network 9ccb1ac1-6420-4bf8-a44d-592c5cdb5c9b
2026-06-30 23:27:13.333 9 INFO neutron.wsgi [None req-194109df-db7e-4cca-b7dd-58fb6ee5353c 3da2217f4483450b8c7b34d504c5d759 1e8677040110415bbc6bbe09787c9dcc - - default default] 10.0.0.232 "DELETE /v2.0/floatingips/063035e2-4fcd-49ab-b79a-14ed2951756c HTTP/1.1" status: 204 len: 168 time: 0.3308129
2026-06-30 23:27:13.365 10 INFO neutron.db.ovn_revision_numbers_db [None req-90d37d30-db3a-4851-99db-a188b9c304ed 6380257eec6d42b0880f6eff482f2702 312c473a7f9840c7828875fd564f71f3 - - default default] Successfully bumped revision number for resource 9ccb1ac1-6420-4bf8-a44d-592c5cdb5c9b (type: networks) to 1
2026-06-30 23:27:13.517 10 WARNING neutron.scheduler.dhcp_agent_scheduler [None req-3645b6be-6e73-417c-9dfb-937272d0be3d fd59412933514f31926b29fae65a56ab 066e2617ba56463d8c4c3fbcbed2918b - - default default] No more DHCP agents
2026-06-30 23:27:13.521 10 WARNING neutron.api.rpc.agentnotifiers.dhcp_rpc_agent_api [None req-3645b6be-6e73-417c-9dfb-937272d0be3d fd59412933514f31926b29fae65a56ab 066e2617ba56463d8c4c3fbcbed2918b - - default default] Unable to schedule network 5477c510-2044-47a4-958e-b3333fdf7d27: no agents available; will retry on subsequent port and subnet creation events.
2026-06-30 23:27:13.573 10 WARNING neutron.scheduler.dhcp_agent_scheduler [None req-90d37d30-db3a-4851-99db-a188b9c304ed 6380257eec6d42b0880f6eff482f2702 312c473a7f9840c7828875fd564f71f3 - - default default] No more DHCP agents
2026-06-30 23:27:13.578 10 WARNING neutron.api.rpc.agentnotifiers.dhcp_rpc_agent_api [None req-90d37d30-db3a-4851-99db-a188b9c304ed 6380257eec6d42b0880f6eff482f2702 312c473a7f9840c7828875fd564f71f3 - - default default] Unable to schedule network 9ccb1ac1-6420-4bf8-a44d-592c5cdb5c9b: no agents available; will retry on subsequent port and subnet creation events.
2026-06-30 23:27:13.654 9 INFO neutron.wsgi [None req-8393efc6-4c18-4196-8033-53b7376ca1b8 3da2217f4483450b8c7b34d504c5d759 1e8677040110415bbc6bbe09787c9dcc - - default default] 10.0.0.232 "DELETE /v2.0/floatingips/2fde07aa-25f7-492a-b16c-fba5a412ffb0 HTTP/1.1" status: 204 len: 168 time: 0.3157101
2026-06-30 23:27:13.698 10 INFO neutron.db.ovn_revision_numbers_db [None req-90d37d30-db3a-4851-99db-a188b9c304ed 6380257eec6d42b0880f6eff482f2702 312c473a7f9840c7828875fd564f71f3 - - default default] Successfully bumped revision number for resource 03e9fa8a-1496-462b-bc69-288f117e0b17 (type: ports) to 1
2026-06-30 23:27:13.739 10 INFO neutron.wsgi [None req-90d37d30-db3a-4851-99db-a188b9c304ed 6380257eec6d42b0880f6eff482f2702 312c473a7f9840c7828875fd564f71f3 - - default default] 10.0.0.232 "POST /v2.0/networks HTTP/1.1" status: 201 len: 832 time: 0.7011247
2026-06-30 23:27:13.948 9 INFO neutron.wsgi [None req-7a5e8032-a2c1-4b90-8af1-5f78bea35d46 3da2217f4483450b8c7b34d504c5d759 1e8677040110415bbc6bbe09787c9dcc - - default default] 10.0.0.232 "DELETE /v2.0/floatingips/a732cc08-659c-42af-8e9c-76f47c45eef0 HTTP/1.1" status: 204 len: 168 time: 0.2887900
2026-06-30 23:27:13.998 10 INFO neutron.db.l3_db [None req-3645b6be-6e73-417c-9dfb-937272d0be3d fd59412933514f31926b29fae65a56ab 066e2617ba56463d8c4c3fbcbed2918b - - default default] Floating IP 0fab1727-1a5f-45fe-a98c-17e55d45820a associated. External IP: 10.96.250.212, port: 8dfcb46a-5cfe-4565-b3f3-aecadb21adb7.
2026-06-30 23:27:14.034 10 WARNING neutron.scheduler.dhcp_agent_scheduler [None req-e4b6a913-b711-445b-82a7-a65bedb4a929 6380257eec6d42b0880f6eff482f2702 312c473a7f9840c7828875fd564f71f3 - - default default] No more DHCP agents
2026-06-30 23:27:14.038 10 WARNING neutron.api.rpc.agentnotifiers.dhcp_rpc_agent_api [None req-e4b6a913-b711-445b-82a7-a65bedb4a929 6380257eec6d42b0880f6eff482f2702 312c473a7f9840c7828875fd564f71f3 - - default default] Unable to schedule network 383970d7-f245-4c98-ab5f-9a1e6a7d1b70: no agents available; will retry on subsequent port and subnet creation events.
2026-06-30 23:27:14.088 10 INFO neutron.db.ovn_revision_numbers_db [None req-e4b6a913-b711-445b-82a7-a65bedb4a929 6380257eec6d42b0880f6eff482f2702 312c473a7f9840c7828875fd564f71f3 - - default default] Successfully bumped revision number for resource 66be64a0-9cec-48ab-8d8e-0a9deb0ffca1 (type: subnets) to 0
2026-06-30 23:27:14.111 10 INFO neutron.wsgi [None req-e4b6a913-b711-445b-82a7-a65bedb4a929 6380257eec6d42b0880f6eff482f2702 312c473a7f9840c7828875fd564f71f3 - - default default] 10.0.0.232 "POST /v2.0/subnets HTTP/1.1" status: 201 len: 821 time: 0.3674793
2026-06-30 23:27:14.229 10 INFO neutron.db.ovn_revision_numbers_db [None req-3645b6be-6e73-417c-9dfb-937272d0be3d fd59412933514f31926b29fae65a56ab 066e2617ba56463d8c4c3fbcbed2918b - - default default] Successfully bumped revision number for resource 0fab1727-1a5f-45fe-a98c-17e55d45820a (type: floatingips) to 0
2026-06-30 23:27:14.363 10 INFO neutron.db.ovn_revision_numbers_db [None req-3645b6be-6e73-417c-9dfb-937272d0be3d fd59412933514f31926b29fae65a56ab 066e2617ba56463d8c4c3fbcbed2918b - - default default] Successfully bumped revision number for resource 0fab1727-1a5f-45fe-a98c-17e55d45820a (type: floatingips) to 1
2026-06-30 23:27:14.408 10 INFO neutron.wsgi [None req-3645b6be-6e73-417c-9dfb-937272d0be3d fd59412933514f31926b29fae65a56ab 066e2617ba56463d8c4c3fbcbed2918b - - default default] 10.0.0.232 "POST /v2.0/floatingips HTTP/1.1" status: 201 len: 1054 time: 1.2852035 /var/lib/openstack/lib/python3.10/site-packages/pycadf/identifier.py:71: UserWarning: Invalid uuid: neutron. To ensure interoperability, identifiers should be a valid uuid. warnings.warn(('Invalid uuid: %s. To ensure interoperability, '
2026-06-30 23:27:14.429 9 WARNING neutron.scheduler.dhcp_agent_scheduler [None req-9bbebf3e-aef3-4c17-8b03-4f90f4397227 6380257eec6d42b0880f6eff482f2702 312c473a7f9840c7828875fd564f71f3 - - default default] No more DHCP agents
2026-06-30 23:27:14.431 9 WARNING neutron.api.rpc.agentnotifiers.dhcp_rpc_agent_api [None req-9bbebf3e-aef3-4c17-8b03-4f90f4397227 6380257eec6d42b0880f6eff482f2702 312c473a7f9840c7828875fd564f71f3 - - default default] Unable to schedule network 9ccb1ac1-6420-4bf8-a44d-592c5cdb5c9b: no agents available; will retry on subsequent port and subnet creation events.
2026-06-30 23:27:14.457 10 INFO neutron.wsgi [None req-188b450d-ea68-4072-8a96-d93734afa2a2 fd59412933514f31926b29fae65a56ab 066e2617ba56463d8c4c3fbcbed2918b - - default default] 10.0.0.232 "GET /v2.0/floatingips/0fab1727-1a5f-45fe-a98c-17e55d45820a HTTP/1.1" status: 200 len: 1051 time: 0.0406294
2026-06-30 23:27:14.467 9 INFO neutron.db.ovn_revision_numbers_db [None req-9bbebf3e-aef3-4c17-8b03-4f90f4397227 6380257eec6d42b0880f6eff482f2702 312c473a7f9840c7828875fd564f71f3 - - default default] Successfully bumped revision number for resource d50bfa16-49ab-4be0-8ea4-a5b5489f3adc (type: subnets) to 0
2026-06-30 23:27:14.480 9 INFO neutron.wsgi [None req-9bbebf3e-aef3-4c17-8b03-4f90f4397227 6380257eec6d42b0880f6eff482f2702 312c473a7f9840c7828875fd564f71f3 - - default default] 10.0.0.232 "POST /v2.0/subnets HTTP/1.1" status: 201 len: 830 time: 0.3598285
2026-06-30 23:27:14.637 9 INFO neutron.db.ovn_revision_numbers_db [None req-ef602302-4b81-49eb-ae34-916455de911c 6380257eec6d42b0880f6eff482f2702 312c473a7f9840c7828875fd564f71f3 - - default default] Successfully bumped revision number for resource 1141f96d-aa29-430d-b80f-688a2d879b9a (type: routers) to 1
2026-06-30 23:27:14.667 9 INFO neutron.wsgi [None req-ef602302-4b81-49eb-ae34-916455de911c 6380257eec6d42b0880f6eff482f2702 312c473a7f9840c7828875fd564f71f3 - - default default] 10.0.0.232 "POST /v2.0/routers HTTP/1.1" status: 201 len: 690 time: 0.1817822
2026-06-30 23:27:15.013 10 INFO neutron.notifiers.nova [-] Nova event matching ['req-99a74fa1-d3f9-4974-b2c0-0b84e54aa84f'] response: {'name': 'network-changed', 'server_uuid': '0fac9024-20e4-4ee6-b15e-960435b84ecc', 'tag': '8dfcb46a-5cfe-4565-b3f3-aecadb21adb7', 'status': 'completed', 'code': 200}
2026-06-30 23:27:15.076 9 INFO neutron.wsgi [req-ef126f38-c93a-4154-978b-00e5741b9eb5 req-634851ec-860b-4810-8b0d-3d95e9007201 e442bb02bcf745df8fb30747f635bd0f 5a4be4c0b1f043f98f208d1532cfa4a8 - - bfe4387a9ec9444c80b17b3c2d7420c5 bfe4387a9ec9444c80b17b3c2d7420c5] 199.204.45.57 "GET /v2.0/ports?tenant_id=066e2617ba56463d8c4c3fbcbed2918b&device_id=0fac9024-20e4-4ee6-b15e-960435b84ecc HTTP/1.1" status: 200 len: 1409 time: 0.0385993
2026-06-30 23:27:15.129 9 WARNING neutron.scheduler.dhcp_agent_scheduler [None req-6c6fea52-ff6f-4b95-8d9d-32252773d026 6380257eec6d42b0880f6eff482f2702 312c473a7f9840c7828875fd564f71f3 - - default default] No more DHCP agents
2026-06-30 23:27:15.131 9 WARNING neutron.api.rpc.agentnotifiers.dhcp_rpc_agent_api [None req-6c6fea52-ff6f-4b95-8d9d-32252773d026 6380257eec6d42b0880f6eff482f2702 312c473a7f9840c7828875fd564f71f3 - - default default] Unable to schedule network 383970d7-f245-4c98-ab5f-9a1e6a7d1b70: no agents available; will retry on subsequent port and subnet creation events.
2026-06-30 23:27:15.176 9 INFO neutron.wsgi [req-ef126f38-c93a-4154-978b-00e5741b9eb5 req-e59600b4-eed4-429e-ab94-72b2a6c50fd1 e442bb02bcf745df8fb30747f635bd0f 5a4be4c0b1f043f98f208d1532cfa4a8 - - bfe4387a9ec9444c80b17b3c2d7420c5 bfe4387a9ec9444c80b17b3c2d7420c5] 199.204.45.57 "GET /v2.0/networks?id=d8471ff3-68b4-4fc9-a691-16741f93a1ef HTTP/1.1" status: 200 len: 959 time: 0.0948555
2026-06-30 23:27:15.233 10 INFO neutron.db.ovn_revision_numbers_db [None req-39d29e97-5be4-4a99-96f2-58e4253cef67 d3dc1c5db4e8424e92b7cac83dcba0a2 ac2f162e584e40a2b6f054806aff5e46 - - default default] Successfully bumped revision number for resource 81c0c7ab-bae8-4a9c-b27d-6875ca7cda91 (type: security_groups) to 1
2026-06-30 23:27:15.241 9 INFO neutron.wsgi [req-ef126f38-c93a-4154-978b-00e5741b9eb5 req-df27ada5-2062-47dc-a9bb-02105834ae8e e442bb02bcf745df8fb30747f635bd0f 5a4be4c0b1f043f98f208d1532cfa4a8 - - bfe4387a9ec9444c80b17b3c2d7420c5 bfe4387a9ec9444c80b17b3c2d7420c5] 199.204.45.57 "GET /v2.0/floatingips?fixed_ip_address=10.100.0.5&port_id=8dfcb46a-5cfe-4565-b3f3-aecadb21adb7 HTTP/1.1" status: 200 len: 1059 time: 0.0552673
2026-06-30 23:27:15.246 10 INFO neutron.db.ovn_revision_numbers_db [None req-39d29e97-5be4-4a99-96f2-58e4253cef67 d3dc1c5db4e8424e92b7cac83dcba0a2 ac2f162e584e40a2b6f054806aff5e46 - - default default] Successfully bumped revision number for resource 107361d3-893e-41bb-9338-60b61ff546fb (type: security_group_rules) to 0
2026-06-30 23:27:15.261 10 INFO neutron.db.ovn_revision_numbers_db [None req-39d29e97-5be4-4a99-96f2-58e4253cef67 d3dc1c5db4e8424e92b7cac83dcba0a2 ac2f162e584e40a2b6f054806aff5e46 - - default default] Successfully bumped revision number for resource 5b6d5bdc-ee4a-452c-b7cf-8151763f7292 (type: security_group_rules) to 0
2026-06-30 23:27:15.277 10 INFO neutron.db.ovn_revision_numbers_db [None req-39d29e97-5be4-4a99-96f2-58e4253cef67 d3dc1c5db4e8424e92b7cac83dcba0a2 ac2f162e584e40a2b6f054806aff5e46 - - default default] Successfully bumped revision number for resource dfe729a9-7e9e-44e9-ad76-9b3977568f7f (type: security_group_rules) to 0
2026-06-30 23:27:15.291 10 INFO neutron.db.ovn_revision_numbers_db [None req-39d29e97-5be4-4a99-96f2-58e4253cef67 d3dc1c5db4e8424e92b7cac83dcba0a2 ac2f162e584e40a2b6f054806aff5e46 - - default default] Successfully bumped revision number for resource e85c89e6-b392-4f0a-bcbd-6d5d17a092ce (type: security_group_rules) to 0
2026-06-30 23:27:15.316 10 INFO neutron.wsgi [None req-39d29e97-5be4-4a99-96f2-58e4253cef67 d3dc1c5db4e8424e92b7cac83dcba0a2 ac2f162e584e40a2b6f054806aff5e46 - - default default] 10.0.0.232 "GET /v2.0/security-groups?tenant_id=1e8677040110415bbc6bbe09787c9dcc&name=default HTTP/1.1" status: 200 len: 2996 time: 0.3912907
2026-06-30 23:27:15.504 10 INFO neutron.wsgi [None req-030e6595-2e51-4e55-9e5d-2c343adfc4be d3dc1c5db4e8424e92b7cac83dcba0a2 ac2f162e584e40a2b6f054806aff5e46 - - default default] 10.0.0.232 "DELETE /v2.0/security-groups/81c0c7ab-bae8-4a9c-b27d-6875ca7cda91 HTTP/1.1" status: 204 len: 168 time: 0.1837468
2026-06-30 23:27:15.515 9 INFO neutron.wsgi [req-ef126f38-c93a-4154-978b-00e5741b9eb5 req-9bf839cc-bfa5-4061-bf9f-2596649e98ae e442bb02bcf745df8fb30747f635bd0f 5a4be4c0b1f043f98f208d1532cfa4a8 - - bfe4387a9ec9444c80b17b3c2d7420c5 bfe4387a9ec9444c80b17b3c2d7420c5] 199.204.45.57 "GET /v2.0/subnets?id=9f196e75-63c3-4de2-b6ea-2d9a477e698a HTTP/1.1" status: 200 len: 852 time: 0.2665179
2026-06-30 23:27:15.539 9 INFO neutron.wsgi [req-ef126f38-c93a-4154-978b-00e5741b9eb5 req-7fc9530c-491b-4a90-bd96-996e842f5066 e442bb02bcf745df8fb30747f635bd0f 5a4be4c0b1f043f98f208d1532cfa4a8 - - bfe4387a9ec9444c80b17b3c2d7420c5 bfe4387a9ec9444c80b17b3c2d7420c5] 199.204.45.57 "GET /v2.0/ports?network_id=d8471ff3-68b4-4fc9-a691-16741f93a1ef&device_owner=network%3Adhcp HTTP/1.1" status: 200 len: 210 time: 0.0162828
2026-06-30 23:27:15.572 9 INFO neutron.db.ovn_revision_numbers_db [None req-6c6fea52-ff6f-4b95-8d9d-32252773d026 6380257eec6d42b0880f6eff482f2702 312c473a7f9840c7828875fd564f71f3 - - default default] Successfully bumped revision number for resource f7655791-1bca-4c35-a4f7-9c80f2a8dbc2 (type: ports) to 1
2026-06-30 23:27:15.610 9 INFO neutron.wsgi [req-ef126f38-c93a-4154-978b-00e5741b9eb5 req-3d883110-49b1-4a90-8e7b-e01a6d2f2ac2 e442bb02bcf745df8fb30747f635bd0f 5a4be4c0b1f043f98f208d1532cfa4a8 - - bfe4387a9ec9444c80b17b3c2d7420c5 bfe4387a9ec9444c80b17b3c2d7420c5] 199.204.45.57 "GET /v2.0/networks/d8471ff3-68b4-4fc9-a691-16741f93a1ef?fields=segments HTTP/1.1" status: 200 len: 212 time: 0.0642896
2026-06-30 23:27:15.688 9 INFO neutron.wsgi [req-ef126f38-c93a-4154-978b-00e5741b9eb5 req-7b2b836d-4c16-4062-807a-3106b2332eae e442bb02bcf745df8fb30747f635bd0f 5a4be4c0b1f043f98f208d1532cfa4a8 - - bfe4387a9ec9444c80b17b3c2d7420c5 bfe4387a9ec9444c80b17b3c2d7420c5] 199.204.45.57 "GET /v2.0/networks/d8471ff3-68b4-4fc9-a691-16741f93a1ef?fields=provider%3Aphysical_network&fields=provider%3Anetwork_type HTTP/1.1" status: 200 len: 277 time: 0.0701933
2026-06-30 23:27:15.775 10 INFO neutron.db.ovn_revision_numbers_db [None req-b3e59799-684e-4aed-bd4f-d384dee62bf3 d3dc1c5db4e8424e92b7cac83dcba0a2 ac2f162e584e40a2b6f054806aff5e46 - - default default] Successfully bumped revision number for resource 8efb9d42-19f2-4944-a556-da623a8de1fc (type: security_groups) to 1
2026-06-30 23:27:15.788 10 INFO neutron.db.ovn_revision_numbers_db [None req-b3e59799-684e-4aed-bd4f-d384dee62bf3 d3dc1c5db4e8424e92b7cac83dcba0a2 ac2f162e584e40a2b6f054806aff5e46 - - default default] Successfully bumped revision number for resource 6edf842e-6106-4b8a-8184-21c9c10a43df (type: security_group_rules) to 0
2026-06-30 23:27:15.802 10 INFO neutron.db.ovn_revision_numbers_db [None req-b3e59799-684e-4aed-bd4f-d384dee62bf3 d3dc1c5db4e8424e92b7cac83dcba0a2 ac2f162e584e40a2b6f054806aff5e46 - - default default] Successfully bumped revision number for resource 7b393775-6267-4be6-99de-c0fa755359ca (type: security_group_rules) to 0
2026-06-30 23:27:15.819 10 INFO neutron.db.ovn_revision_numbers_db [None req-b3e59799-684e-4aed-bd4f-d384dee62bf3 d3dc1c5db4e8424e92b7cac83dcba0a2 ac2f162e584e40a2b6f054806aff5e46 - - default default] Successfully bumped revision number for resource 89d124d1-f9f8-451c-95e6-90cf558431c6 (type: security_group_rules) to 0
2026-06-30 23:27:15.833 10 INFO neutron.db.ovn_revision_numbers_db [None req-b3e59799-684e-4aed-bd4f-d384dee62bf3 d3dc1c5db4e8424e92b7cac83dcba0a2 ac2f162e584e40a2b6f054806aff5e46 - - default default] Successfully bumped revision number for resource a8bddaa9-25d5-4121-becd-8409557eb7c4 (type: security_group_rules) to 0
2026-06-30 23:27:15.856 10 INFO neutron.wsgi [None req-b3e59799-684e-4aed-bd4f-d384dee62bf3 d3dc1c5db4e8424e92b7cac83dcba0a2 ac2f162e584e40a2b6f054806aff5e46 - - default default] 10.0.0.232 "GET /v2.0/security-groups?tenant_id=adce6fd56edd41b5bb8f1aaa28ccd676&name=default HTTP/1.1" status: 200 len: 2996 time: 0.1835511
2026-06-30 23:27:15.950 10 INFO neutron.plugins.ml2.drivers.ovn.mech_driver.mech_driver [None req-a68c653f-67ef-4a09-aa77-634719f5fe2c - - - - - -] OVN reports status up for port: f7655791-1bca-4c35-a4f7-9c80f2a8dbc2
2026-06-30 23:27:15.959 10 INFO neutron.plugins.ml2.plugin [None req-a68c653f-67ef-4a09-aa77-634719f5fe2c - - - - - -] Attempt 1 to provision port f7655791-1bca-4c35-a4f7-9c80f2a8dbc2
2026-06-30 23:27:15.967 9 INFO neutron.db.ovn_revision_numbers_db [None req-6c6fea52-ff6f-4b95-8d9d-32252773d026 6380257eec6d42b0880f6eff482f2702 312c473a7f9840c7828875fd564f71f3 - - default default] Successfully bumped revision number for resource f7655791-1bca-4c35-a4f7-9c80f2a8dbc2 (type: router_ports) to 1
2026-06-30 23:27:16.090 9 INFO neutron.db.ovn_revision_numbers_db [None req-6c6fea52-ff6f-4b95-8d9d-32252773d026 6380257eec6d42b0880f6eff482f2702 312c473a7f9840c7828875fd564f71f3 - - default default] Successfully bumped revision number for resource f7655791-1bca-4c35-a4f7-9c80f2a8dbc2 (type: ports) to 1
2026-06-30 23:27:16.133 10 INFO neutron.wsgi [None req-388b5624-f88a-42a6-a3c8-e1506b4ff30d d3dc1c5db4e8424e92b7cac83dcba0a2 ac2f162e584e40a2b6f054806aff5e46 - - default default] 10.0.0.232 "DELETE /v2.0/security-groups/8efb9d42-19f2-4944-a556-da623a8de1fc HTTP/1.1" status: 204 len: 168 time: 0.2723539
2026-06-30 23:27:16.160 9 WARNING neutron.scheduler.dhcp_agent_scheduler [None req-6c6fea52-ff6f-4b95-8d9d-32252773d026 6380257eec6d42b0880f6eff482f2702 312c473a7f9840c7828875fd564f71f3 - - default default] No more DHCP agents
2026-06-30 23:27:16.161 9 WARNING neutron.api.rpc.agentnotifiers.dhcp_rpc_agent_api [None req-6c6fea52-ff6f-4b95-8d9d-32252773d026 6380257eec6d42b0880f6eff482f2702 312c473a7f9840c7828875fd564f71f3 - - default default] Unable to schedule network 383970d7-f245-4c98-ab5f-9a1e6a7d1b70: no agents available; will retry on subsequent port and subnet creation events.
2026-06-30 23:27:16.295 10 INFO neutron.db.ovn_revision_numbers_db [None req-a68c653f-67ef-4a09-aa77-634719f5fe2c - - - - - -] Successfully bumped revision number for resource f7655791-1bca-4c35-a4f7-9c80f2a8dbc2 (type: ports) to 2
2026-06-30 23:27:16.350 9 INFO neutron.db.ovn_revision_numbers_db [None req-6c6fea52-ff6f-4b95-8d9d-32252773d026 6380257eec6d42b0880f6eff482f2702 312c473a7f9840c7828875fd564f71f3 - - default default] Successfully bumped revision number for resource f7655791-1bca-4c35-a4f7-9c80f2a8dbc2 (type: router_ports) to 2
2026-06-30 23:27:16.353 9 INFO neutron.wsgi [None req-6c6fea52-ff6f-4b95-8d9d-32252773d026 6380257eec6d42b0880f6eff482f2702 312c473a7f9840c7828875fd564f71f3 - - default default] 10.0.0.232 "PUT /v2.0/routers/1141f96d-aa29-430d-b80f-688a2d879b9a/add_router_interface HTTP/1.1" status: 200 len: 503 time: 1.6802957
2026-06-30 23:27:16.397 10 INFO neutron.db.ovn_revision_numbers_db [None req-f8214532-dcc4-4c69-bf3b-434a979d4452 d3dc1c5db4e8424e92b7cac83dcba0a2 ac2f162e584e40a2b6f054806aff5e46 - - default default] Successfully bumped revision number for resource f6fb9e8b-ac31-45a0-96d3-d50ba7aa02ac (type: security_groups) to 1
2026-06-30 23:27:16.415 10 INFO neutron.db.ovn_revision_numbers_db [None req-f8214532-dcc4-4c69-bf3b-434a979d4452 d3dc1c5db4e8424e92b7cac83dcba0a2 ac2f162e584e40a2b6f054806aff5e46 - - default default] Successfully bumped revision number for resource 41c52376-5dbb-463e-b14c-41d0d968541c (type: security_group_rules) to 0
2026-06-30 23:27:16.433 10 INFO neutron.db.ovn_revision_numbers_db [None req-f8214532-dcc4-4c69-bf3b-434a979d4452 d3dc1c5db4e8424e92b7cac83dcba0a2 ac2f162e584e40a2b6f054806aff5e46 - - default default] Successfully bumped revision number for resource 85731009-ed1c-4d85-88c7-3cda75a24a02 (type: security_group_rules) to 0
2026-06-30 23:27:16.445 10 INFO neutron.db.ovn_revision_numbers_db [None req-f8214532-dcc4-4c69-bf3b-434a979d4452 d3dc1c5db4e8424e92b7cac83dcba0a2 ac2f162e584e40a2b6f054806aff5e46 - - default default] Successfully bumped revision number for resource 9855c1b1-3d7b-445d-be00-013029698c5d (type: security_group_rules) to 0
2026-06-30 23:27:16.448 9 INFO neutron.wsgi [None req-082af54e-afef-46b7-a2ea-4ad9cde52ca2 6380257eec6d42b0880f6eff482f2702 312c473a7f9840c7828875fd564f71f3 - - default default] 10.0.0.232 "GET /v2.0/ports/f7655791-1bca-4c35-a4f7-9c80f2a8dbc2 HTTP/1.1" status: 200 len: 1141 time: 0.0852249
2026-06-30 23:27:16.460 10 INFO neutron.db.ovn_revision_numbers_db [None req-f8214532-dcc4-4c69-bf3b-434a979d4452 d3dc1c5db4e8424e92b7cac83dcba0a2 ac2f162e584e40a2b6f054806aff5e46 - - default default] Successfully bumped revision number for resource a3a6619a-6e05-4bf6-9554-7c6d23ab18c1 (type: security_group_rules) to 0
2026-06-30 23:27:16.482 10 INFO neutron.wsgi [None req-f8214532-dcc4-4c69-bf3b-434a979d4452 d3dc1c5db4e8424e92b7cac83dcba0a2 ac2f162e584e40a2b6f054806aff5e46 - - default default] 10.0.0.232 "GET /v2.0/security-groups?tenant_id=6494808ccb0241e996468b40ef395e52&name=default HTTP/1.1" status: 200 len: 2996 time: 0.2480454
2026-06-30 23:27:16.681 10 INFO neutron.wsgi [None req-0e94869d-53fb-4d2a-aaae-98b5e9f0f7e4 d3dc1c5db4e8424e92b7cac83dcba0a2 ac2f162e584e40a2b6f054806aff5e46 - - default default] 10.0.0.232 "DELETE /v2.0/security-groups/f6fb9e8b-ac31-45a0-96d3-d50ba7aa02ac HTTP/1.1" status: 204 len: 168 time: 0.1942277
2026-06-30 23:27:16.886 9 WARNING neutron.scheduler.dhcp_agent_scheduler [None req-9b78ff50-ac24-4e2f-9c43-ed74282d4cf8 6380257eec6d42b0880f6eff482f2702 312c473a7f9840c7828875fd564f71f3 - - default default] No more DHCP agents
2026-06-30 23:27:16.890 9 WARNING neutron.api.rpc.agentnotifiers.dhcp_rpc_agent_api [None req-9b78ff50-ac24-4e2f-9c43-ed74282d4cf8 6380257eec6d42b0880f6eff482f2702 312c473a7f9840c7828875fd564f71f3 - - default default] Unable to schedule network 9ccb1ac1-6420-4bf8-a44d-592c5cdb5c9b: no agents available; will retry on subsequent port and subnet creation events.
2026-06-30 23:27:17.003 9 INFO neutron.db.ovn_revision_numbers_db [None req-9b78ff50-ac24-4e2f-9c43-ed74282d4cf8 6380257eec6d42b0880f6eff482f2702 312c473a7f9840c7828875fd564f71f3 - - default default] Successfully bumped revision number for resource 3c7b2bb2-529e-4cae-893a-7d7b627d5c09 (type: ports) to 1
2026-06-30 23:27:17.465 9 INFO neutron.db.ovn_revision_numbers_db [None req-9b78ff50-ac24-4e2f-9c43-ed74282d4cf8 6380257eec6d42b0880f6eff482f2702 312c473a7f9840c7828875fd564f71f3 - - default default] Successfully bumped revision number for resource 3c7b2bb2-529e-4cae-893a-7d7b627d5c09 (type: router_ports) to 1
2026-06-30 23:27:17.559 9 INFO neutron.db.ovn_revision_numbers_db [None req-9b78ff50-ac24-4e2f-9c43-ed74282d4cf8 6380257eec6d42b0880f6eff482f2702 312c473a7f9840c7828875fd564f71f3 - - default default] Successfully bumped revision number for resource 3c7b2bb2-529e-4cae-893a-7d7b627d5c09 (type: ports) to 1
2026-06-30 23:27:17.618 9 WARNING neutron.scheduler.dhcp_agent_scheduler [None req-9b78ff50-ac24-4e2f-9c43-ed74282d4cf8 6380257eec6d42b0880f6eff482f2702 312c473a7f9840c7828875fd564f71f3 - - default default] No more DHCP agents
2026-06-30 23:27:17.619 9 WARNING neutron.api.rpc.agentnotifiers.dhcp_rpc_agent_api [None req-9b78ff50-ac24-4e2f-9c43-ed74282d4cf8 6380257eec6d42b0880f6eff482f2702 312c473a7f9840c7828875fd564f71f3 - - default default] Unable to schedule network 9ccb1ac1-6420-4bf8-a44d-592c5cdb5c9b: no agents available; will retry on subsequent port and subnet creation events.
2026-06-30 23:27:17.791 9 INFO neutron.db.ovn_revision_numbers_db [None req-9b78ff50-ac24-4e2f-9c43-ed74282d4cf8 6380257eec6d42b0880f6eff482f2702 312c473a7f9840c7828875fd564f71f3 - - default default] Successfully bumped revision number for resource 3c7b2bb2-529e-4cae-893a-7d7b627d5c09 (type: router_ports) to 1
2026-06-30 23:27:17.794 9 INFO neutron.wsgi [None req-9b78ff50-ac24-4e2f-9c43-ed74282d4cf8 6380257eec6d42b0880f6eff482f2702 312c473a7f9840c7828875fd564f71f3 - - default default] 10.0.0.232 "PUT /v2.0/routers/1141f96d-aa29-430d-b80f-688a2d879b9a/add_router_interface HTTP/1.1" status: 200 len: 503 time: 1.3409781
2026-06-30 23:27:17.829 9 INFO neutron.wsgi [None req-7f63d3be-9ce3-4f41-b780-1b900f41b74c 6380257eec6d42b0880f6eff482f2702 312c473a7f9840c7828875fd564f71f3 - - default default] 10.0.0.232 "GET /v2.0/ports/3c7b2bb2-529e-4cae-893a-7d7b627d5c09 HTTP/1.1" status: 200 len: 1147 time: 0.0304167
2026-06-30 23:27:17.858 9 INFO neutron.wsgi [None req-7b27f08a-1c08-4b55-9172-eab9ba598151 6380257eec6d42b0880f6eff482f2702 312c473a7f9840c7828875fd564f71f3 - - default default] 10.0.0.232 "GET /v2.0/ports/3c7b2bb2-529e-4cae-893a-7d7b627d5c09 HTTP/1.1" status: 200 len: 1147 time: 0.0244508
2026-06-30 23:27:18.900 9 INFO neutron.wsgi [None req-c4d71781-ee2e-410a-a9ad-a820fb45f967 6380257eec6d42b0880f6eff482f2702 312c473a7f9840c7828875fd564f71f3 - - default default] 10.0.0.232 "GET /v2.0/ports/3c7b2bb2-529e-4cae-893a-7d7b627d5c09 HTTP/1.1" status: 200 len: 1147 time: 0.0357199
2026-06-30 23:27:20.001 9 INFO neutron.wsgi [None req-740570ca-ca0a-4215-9bc1-532ce3cb8201 6380257eec6d42b0880f6eff482f2702 312c473a7f9840c7828875fd564f71f3 - - default default] 10.0.0.232 "GET /v2.0/ports/3c7b2bb2-529e-4cae-893a-7d7b627d5c09 HTTP/1.1" status: 200 len: 1147 time: 0.0960970
2026-06-30 23:27:21.065 9 INFO neutron.db.ovn_revision_numbers_db [None req-debe8ea6-a730-4e33-a24a-9700c978c16d 72520b2925f3453099fdc586d55edde1 0cf537096ffa4768a7addb81be8bb8a4 - - default default] Successfully bumped revision number for resource d821bdbf-0843-46b7-9026-fbb875332017 (type: security_groups) to 1
2026-06-30 23:27:21.079 9 INFO neutron.db.ovn_revision_numbers_db [None req-debe8ea6-a730-4e33-a24a-9700c978c16d 72520b2925f3453099fdc586d55edde1 0cf537096ffa4768a7addb81be8bb8a4 - - default default] Successfully bumped revision number for resource 046e8cf1-58e3-4218-b891-fd1c468eb41d (type: security_group_rules) to 0
2026-06-30 23:27:21.092 9 INFO neutron.db.ovn_revision_numbers_db [None req-debe8ea6-a730-4e33-a24a-9700c978c16d 72520b2925f3453099fdc586d55edde1 0cf537096ffa4768a7addb81be8bb8a4 - - default default] Successfully bumped revision number for resource 6e43322e-c6f5-453f-807f-bdf2b34832fa (type: security_group_rules) to 0
2026-06-30 23:27:21.101 10 INFO neutron.wsgi [None req-7ec859fa-5c54-4e76-9920-82383d68d574 6380257eec6d42b0880f6eff482f2702 312c473a7f9840c7828875fd564f71f3 - - default default] 10.0.0.232 "GET /v2.0/ports/3c7b2bb2-529e-4cae-893a-7d7b627d5c09 HTTP/1.1" status: 200 len: 1147 time: 0.0932109
2026-06-30 23:27:21.108 9 INFO neutron.db.ovn_revision_numbers_db [None req-debe8ea6-a730-4e33-a24a-9700c978c16d 72520b2925f3453099fdc586d55edde1 0cf537096ffa4768a7addb81be8bb8a4 - - default default] Successfully bumped revision number for resource 6ff6d6b3-d73c-47b0-a6d8-ea7ea8e15c89 (type: security_group_rules) to 0
2026-06-30 23:27:21.123 9 INFO neutron.db.ovn_revision_numbers_db [None req-debe8ea6-a730-4e33-a24a-9700c978c16d 72520b2925f3453099fdc586d55edde1 0cf537096ffa4768a7addb81be8bb8a4 - - default default] Successfully bumped revision number for resource eca2cbba-9785-4565-be9d-b6a5ebfc54b5 (type: security_group_rules) to 0
2026-06-30 23:27:21.195 9 INFO neutron.db.segments_db [None req-debe8ea6-a730-4e33-a24a-9700c978c16d 72520b2925f3453099fdc586d55edde1 0cf537096ffa4768a7addb81be8bb8a4 - - default default] Added segment 6fb7f29c-e55e-4bb2-af33-6fcaa273eb35 of type geneve for network 942eb995-8420-4249-8b51-35393d91aa02
2026-06-30 23:27:21.358 9 INFO neutron.db.ovn_revision_numbers_db [None req-debe8ea6-a730-4e33-a24a-9700c978c16d 72520b2925f3453099fdc586d55edde1 0cf537096ffa4768a7addb81be8bb8a4 - - default default] Successfully bumped revision number for resource 942eb995-8420-4249-8b51-35393d91aa02 (type: networks) to 1
2026-06-30 23:27:21.522 9 WARNING neutron.scheduler.dhcp_agent_scheduler [None req-debe8ea6-a730-4e33-a24a-9700c978c16d 72520b2925f3453099fdc586d55edde1 0cf537096ffa4768a7addb81be8bb8a4 - - default default] No more DHCP agents
2026-06-30 23:27:21.524 9 WARNING neutron.api.rpc.agentnotifiers.dhcp_rpc_agent_api [None req-debe8ea6-a730-4e33-a24a-9700c978c16d 72520b2925f3453099fdc586d55edde1 0cf537096ffa4768a7addb81be8bb8a4 - - default default] Unable to schedule network 942eb995-8420-4249-8b51-35393d91aa02: no agents available; will retry on subsequent port and subnet creation events.
2026-06-30 23:27:21.598 9 INFO neutron.db.ovn_revision_numbers_db [None req-debe8ea6-a730-4e33-a24a-9700c978c16d 72520b2925f3453099fdc586d55edde1 0cf537096ffa4768a7addb81be8bb8a4 - - default default] Successfully bumped revision number for resource fab5c373-1521-4a75-952f-cf03fb7c56a3 (type: ports) to 1
2026-06-30 23:27:21.618 9 INFO neutron.wsgi [None req-debe8ea6-a730-4e33-a24a-9700c978c16d 72520b2925f3453099fdc586d55edde1 0cf537096ffa4768a7addb81be8bb8a4 - - default default] 10.0.0.232 "POST /v2.0/networks HTTP/1.1" status: 201 len: 830 time: 0.9009144
2026-06-30 23:27:21.707 9 INFO neutron.db.segments_db [None req-47cdb244-9cf1-46b1-9d62-784183dec67d 72520b2925f3453099fdc586d55edde1 0cf537096ffa4768a7addb81be8bb8a4 - - default default] Added segment c50399df-d9ee-4c10-a382-09744b7f5b8f of type geneve for network c27b2442-a7f6-4ee4-a1d5-989ea8e7bd6e
2026-06-30 23:27:21.730 10 WARNING neutron.plugins.ml2.drivers.ovn.mech_driver.ovsdb.ovn_client [None req-a68c653f-67ef-4a09-aa77-634719f5fe2c - - - - - -] No hosting information found for port f7655791-1bca-4c35-a4f7-9c80f2a8dbc2: RuntimeError: No hosting information found for port f7655791-1bca-4c35-a4f7-9c80f2a8dbc2
2026-06-30 23:27:21.730 10 INFO neutron.plugins.ml2.drivers.ovn.mech_driver.mech_driver [None req-a68c653f-67ef-4a09-aa77-634719f5fe2c - - - - - -] OVN reports status up for port: 3c7b2bb2-529e-4cae-893a-7d7b627d5c09
2026-06-30 23:27:21.737 10 INFO neutron.plugins.ml2.plugin [None req-a68c653f-67ef-4a09-aa77-634719f5fe2c - - - - - -] Attempt 1 to provision port 3c7b2bb2-529e-4cae-893a-7d7b627d5c09
2026-06-30 23:27:21.865 9 INFO neutron.db.ovn_revision_numbers_db [None req-47cdb244-9cf1-46b1-9d62-784183dec67d 72520b2925f3453099fdc586d55edde1 0cf537096ffa4768a7addb81be8bb8a4 - - default default] Successfully bumped revision number for resource c27b2442-a7f6-4ee4-a1d5-989ea8e7bd6e (type: networks) to 1
2026-06-30 23:27:21.876 10 INFO neutron.wsgi [req-a1adef1d-3f1b-43c3-a8f9-f095318eedd1 req-9236d150-ef80-43f6-b008-ff6de0b47541 e442bb02bcf745df8fb30747f635bd0f 5a4be4c0b1f043f98f208d1532cfa4a8 - - bfe4387a9ec9444c80b17b3c2d7420c5 bfe4387a9ec9444c80b17b3c2d7420c5] 10.0.0.213 "GET /v2.0/ports?device_id=0fac9024-20e4-4ee6-b15e-960435b84ecc HTTP/1.1" status: 200 len: 1409 time: 0.0407171
2026-06-30 23:27:21.928 10 INFO neutron.wsgi [req-a1adef1d-3f1b-43c3-a8f9-f095318eedd1 req-93c78185-9198-40f7-a9a4-cb556f2d0b73 e442bb02bcf745df8fb30747f635bd0f 5a4be4c0b1f043f98f208d1532cfa4a8 - - bfe4387a9ec9444c80b17b3c2d7420c5 bfe4387a9ec9444c80b17b3c2d7420c5] 10.0.0.213 "GET /v2.0/security-groups?id=b3ebaf12-f914-49ae-ab91-5451a9ba9b61&fields=id&fields=name HTTP/1.1" status: 200 len: 312 time: 0.0457165
2026-06-30 23:27:22.056 10 INFO neutron.db.ovn_revision_numbers_db [None req-a68c653f-67ef-4a09-aa77-634719f5fe2c - - - - - -] Successfully bumped revision number for resource 3c7b2bb2-529e-4cae-893a-7d7b627d5c09 (type: ports) to 2
2026-06-30 23:27:22.067 9 WARNING neutron.scheduler.dhcp_agent_scheduler [None req-47cdb244-9cf1-46b1-9d62-784183dec67d 72520b2925f3453099fdc586d55edde1 0cf537096ffa4768a7addb81be8bb8a4 - - default default] No more DHCP agents
2026-06-30 23:27:22.069 9 WARNING neutron.api.rpc.agentnotifiers.dhcp_rpc_agent_api [None req-47cdb244-9cf1-46b1-9d62-784183dec67d 72520b2925f3453099fdc586d55edde1 0cf537096ffa4768a7addb81be8bb8a4 - - default default] Unable to schedule network c27b2442-a7f6-4ee4-a1d5-989ea8e7bd6e: no agents available; will retry on subsequent port and subnet creation events.
2026-06-30 23:27:22.172 9 INFO neutron.db.ovn_revision_numbers_db [None req-47cdb244-9cf1-46b1-9d62-784183dec67d 72520b2925f3453099fdc586d55edde1 0cf537096ffa4768a7addb81be8bb8a4 - - default default] Successfully bumped revision number for resource 3d76be64-2862-4e13-ae00-fc064408c929 (type: ports) to 1
2026-06-30 23:27:22.175 10 INFO neutron.wsgi [None req-5f5ce9dc-708f-4924-bc21-9abb5f9148c8 6380257eec6d42b0880f6eff482f2702 312c473a7f9840c7828875fd564f71f3 - - default default] 10.0.0.232 "GET /v2.0/ports/3c7b2bb2-529e-4cae-893a-7d7b627d5c09 HTTP/1.1" status: 200 len: 1149 time: 0.0653300
2026-06-30 23:27:22.197 9 INFO neutron.wsgi [None req-47cdb244-9cf1-46b1-9d62-784183dec67d 72520b2925f3453099fdc586d55edde1 0cf537096ffa4768a7addb81be8bb8a4 - - default default] 10.0.0.232 "POST /v2.0/networks HTTP/1.1" status: 201 len: 831 time: 0.5737290
2026-06-30 23:27:22.272 10 INFO neutron.db.ovn_revision_numbers_db [None req-a68c653f-67ef-4a09-aa77-634719f5fe2c - - - - - -] Successfully bumped revision number for resource 3c7b2bb2-529e-4cae-893a-7d7b627d5c09 (type: router_ports) to 2
2026-06-30 23:27:22.287 9 INFO neutron.db.segments_db [None req-7c8b3b07-25fc-440a-a867-7c91a0ac525b 72520b2925f3453099fdc586d55edde1 0cf537096ffa4768a7addb81be8bb8a4 - - default default] Added segment 028b1ec7-e225-4c1b-aaa5-1558c4419f64 of type geneve for network 7daf0abe-45ef-4fc5-9a25-50959c070f25
2026-06-30 23:27:22.401 10 INFO neutron.db.ovn_revision_numbers_db [None req-c6b7d45f-97e5-45c7-a3f9-b80f2b0a0533 ac228f11405e474989961c2d67c3350d da7a4d41a3f0446ca10c2178228342fd - - default default] Successfully bumped revision number for resource 94b9796d-b72a-4fd8-a77d-73731e66fe00 (type: security_groups) to 1
2026-06-30 23:27:22.425 9 INFO neutron.db.ovn_revision_numbers_db [None req-7c8b3b07-25fc-440a-a867-7c91a0ac525b 72520b2925f3453099fdc586d55edde1 0cf537096ffa4768a7addb81be8bb8a4 - - default default] Successfully bumped revision number for resource 7daf0abe-45ef-4fc5-9a25-50959c070f25 (type: networks) to 1
2026-06-30 23:27:22.426 10 INFO neutron.db.ovn_revision_numbers_db [None req-c6b7d45f-97e5-45c7-a3f9-b80f2b0a0533 ac228f11405e474989961c2d67c3350d da7a4d41a3f0446ca10c2178228342fd - - default default] Successfully bumped revision number for resource 090abacf-95fa-4886-ae9a-1e5c013cbbaf (type: security_group_rules) to 0
2026-06-30 23:27:22.448 10 INFO neutron.db.ovn_revision_numbers_db [None req-c6b7d45f-97e5-45c7-a3f9-b80f2b0a0533 ac228f11405e474989961c2d67c3350d da7a4d41a3f0446ca10c2178228342fd - - default default] Successfully bumped revision number for resource 39313bdb-2f14-4161-b311-873bf9848464 (type: security_group_rules) to 0
2026-06-30 23:27:22.462 10 INFO neutron.db.ovn_revision_numbers_db [None req-c6b7d45f-97e5-45c7-a3f9-b80f2b0a0533 ac228f11405e474989961c2d67c3350d da7a4d41a3f0446ca10c2178228342fd - - default default] Successfully bumped revision number for resource 406bb176-4422-4d28-bc91-1da22173502b (type: security_group_rules) to 0
2026-06-30 23:27:22.486 10 INFO neutron.db.ovn_revision_numbers_db [None req-c6b7d45f-97e5-45c7-a3f9-b80f2b0a0533 ac228f11405e474989961c2d67c3350d da7a4d41a3f0446ca10c2178228342fd - - default default] Successfully bumped revision number for resource 7d3fcaa7-2bf9-4429-84e2-38bbee811dad (type: security_group_rules) to 0
2026-06-30 23:27:22.540 10 INFO neutron.db.segments_db [None req-c6b7d45f-97e5-45c7-a3f9-b80f2b0a0533 ac228f11405e474989961c2d67c3350d da7a4d41a3f0446ca10c2178228342fd - - default default] Added segment 5e29819a-3665-4e91-945d-c5d3f8b0e0e2 of type geneve for network 6acf815d-11a2-438c-bfb9-5e78d68deab4
2026-06-30 23:27:22.597 9 WARNING neutron.scheduler.dhcp_agent_scheduler [None req-7c8b3b07-25fc-440a-a867-7c91a0ac525b 72520b2925f3453099fdc586d55edde1 0cf537096ffa4768a7addb81be8bb8a4 - - default default] No more DHCP agents
2026-06-30 23:27:22.601 9 WARNING neutron.api.rpc.agentnotifiers.dhcp_rpc_agent_api [None req-7c8b3b07-25fc-440a-a867-7c91a0ac525b 72520b2925f3453099fdc586d55edde1 0cf537096ffa4768a7addb81be8bb8a4 - - default default] Unable to schedule network 7daf0abe-45ef-4fc5-9a25-50959c070f25: no agents available; will retry on subsequent port and subnet creation events.
2026-06-30 23:27:22.678 9 INFO neutron.db.ovn_revision_numbers_db [None req-7c8b3b07-25fc-440a-a867-7c91a0ac525b 72520b2925f3453099fdc586d55edde1 0cf537096ffa4768a7addb81be8bb8a4 - - default default] Successfully bumped revision number for resource 74a76ba2-8e4f-477f-a550-bf7609aa288b (type: ports) to 1
2026-06-30 23:27:22.700 9 INFO neutron.wsgi [None req-7c8b3b07-25fc-440a-a867-7c91a0ac525b 72520b2925f3453099fdc586d55edde1 0cf537096ffa4768a7addb81be8bb8a4 - - default default] 10.0.0.232 "POST /v2.0/networks HTTP/1.1" status: 201 len: 831 time: 0.4932878
2026-06-30 23:27:22.785 9 INFO neutron.db.segments_db [None req-ec9fc3ed-6cf9-4bee-8e0f-0fea5f546606 72520b2925f3453099fdc586d55edde1 0cf537096ffa4768a7addb81be8bb8a4 - - default default] Added segment c8f43296-fadc-4e90-82f3-2594991402d9 of type geneve for network c6ed20ec-226c-4883-8478-0d08db57783d
2026-06-30 23:27:22.857 9 INFO neutron.wsgi [None req-8e836c4f-456b-470d-aea9-6ee864be7a1f c20b1a598eb54af8a0b208d4191c1e06 273e4f855fcd46128e24e0a1219bbad9 - - default default] 10.0.0.232 "GET /v2.0/ports?project_id=066e2617ba56463d8c4c3fbcbed2918b&network_id=d8471ff3-68b4-4fc9-a691-16741f93a1ef HTTP/1.1" status: 200 len: 3510 time: 0.0550363
2026-06-30 23:27:22.968 9 INFO neutron.db.ovn_revision_numbers_db [None req-ec9fc3ed-6cf9-4bee-8e0f-0fea5f546606 72520b2925f3453099fdc586d55edde1 0cf537096ffa4768a7addb81be8bb8a4 - - default default] Successfully bumped revision number for resource c6ed20ec-226c-4883-8478-0d08db57783d (type: networks) to 1
2026-06-30 23:27:23.055 10 INFO neutron.db.ovn_revision_numbers_db [None req-c6b7d45f-97e5-45c7-a3f9-b80f2b0a0533 ac228f11405e474989961c2d67c3350d da7a4d41a3f0446ca10c2178228342fd - - default default] Successfully bumped revision number for resource 6acf815d-11a2-438c-bfb9-5e78d68deab4 (type: networks) to 1
2026-06-30 23:27:23.142 9 WARNING neutron.scheduler.dhcp_agent_scheduler [None req-ec9fc3ed-6cf9-4bee-8e0f-0fea5f546606 72520b2925f3453099fdc586d55edde1 0cf537096ffa4768a7addb81be8bb8a4 - - default default] No more DHCP agents
2026-06-30 23:27:23.147 9 WARNING neutron.api.rpc.agentnotifiers.dhcp_rpc_agent_api [None req-ec9fc3ed-6cf9-4bee-8e0f-0fea5f546606 72520b2925f3453099fdc586d55edde1 0cf537096ffa4768a7addb81be8bb8a4 - - default default] Unable to schedule network c6ed20ec-226c-4883-8478-0d08db57783d: no agents available; will retry on subsequent port and subnet creation events.
2026-06-30 23:27:23.212 9 INFO neutron.wsgi [None req-128b6b26-1809-433f-9758-632f7140f246 c20b1a598eb54af8a0b208d4191c1e06 273e4f855fcd46128e24e0a1219bbad9 - - default default] 10.0.0.232 "GET /v2.0/subnets?network_id=5477c510-2044-47a4-958e-b3333fdf7d27 HTTP/1.1" status: 200 len: 838 time: 0.0666733
2026-06-30 23:27:23.246 10 INFO neutron.wsgi [None req-71a8a8df-4f6a-449c-a4ea-f356d6c0246c 6380257eec6d42b0880f6eff482f2702 312c473a7f9840c7828875fd564f71f3 - - default default] 10.0.0.232 "PUT /v2.0/routers/1141f96d-aa29-430d-b80f-688a2d879b9a/remove_router_interface HTTP/1.1" status: 200 len: 503 time: 1.0607905
2026-06-30 23:27:23.258 9 INFO neutron.db.ovn_revision_numbers_db [None req-ec9fc3ed-6cf9-4bee-8e0f-0fea5f546606 72520b2925f3453099fdc586d55edde1 0cf537096ffa4768a7addb81be8bb8a4 - - default default] Successfully bumped revision number for resource 947c0992-50ec-47ee-aede-9b8dbe7c6728 (type: ports) to 1
2026-06-30 23:27:23.294 9 INFO neutron.wsgi [None req-ec9fc3ed-6cf9-4bee-8e0f-0fea5f546606 72520b2925f3453099fdc586d55edde1 0cf537096ffa4768a7addb81be8bb8a4 - - default default] 10.0.0.232 "POST /v2.0/networks HTTP/1.1" status: 201 len: 831 time: 0.5894876
2026-06-30 23:27:23.329 10 WARNING neutron.scheduler.dhcp_agent_scheduler [None req-c6b7d45f-97e5-45c7-a3f9-b80f2b0a0533 ac228f11405e474989961c2d67c3350d da7a4d41a3f0446ca10c2178228342fd - - default default] No more DHCP agents
2026-06-30 23:27:23.334 10 WARNING neutron.api.rpc.agentnotifiers.dhcp_rpc_agent_api [None req-c6b7d45f-97e5-45c7-a3f9-b80f2b0a0533 ac228f11405e474989961c2d67c3350d da7a4d41a3f0446ca10c2178228342fd - - default default] Unable to schedule network 6acf815d-11a2-438c-bfb9-5e78d68deab4: no agents available; will retry on subsequent port and subnet creation events.
2026-06-30 23:27:23.349 9 INFO neutron.wsgi [None req-3cc81148-98e5-4fba-90cd-c8d19e046a4c 6380257eec6d42b0880f6eff482f2702 312c473a7f9840c7828875fd564f71f3 - - default default] 10.0.0.232 "GET /v2.0/ports/f7655791-1bca-4c35-a4f7-9c80f2a8dbc2 HTTP/1.1" status: 200 len: 1141 time: 0.0985110 /var/lib/openstack/lib/python3.10/site-packages/pycadf/identifier.py:71: UserWarning: Invalid uuid: neutron. To ensure interoperability, identifiers should be a valid uuid. warnings.warn(('Invalid uuid: %s. To ensure interoperability, '
2026-06-30 23:27:23.443 10 INFO neutron.db.ovn_revision_numbers_db [None req-c6b7d45f-97e5-45c7-a3f9-b80f2b0a0533 ac228f11405e474989961c2d67c3350d da7a4d41a3f0446ca10c2178228342fd - - default default] Successfully bumped revision number for resource 4f4112d6-a621-4d8c-abce-6df6cf6d2c8d (type: ports) to 1
2026-06-30 23:27:23.483 10 INFO neutron.wsgi [None req-c6b7d45f-97e5-45c7-a3f9-b80f2b0a0533 ac228f11405e474989961c2d67c3350d da7a4d41a3f0446ca10c2178228342fd - - default default] 10.0.0.232 "POST /v2.0/networks HTTP/1.1" status: 201 len: 839 time: 1.5377986
2026-06-30 23:27:23.530 10 INFO neutron.db.l3_db [None req-715937e1-fb9d-45ba-8788-1e40ae114b23 fd59412933514f31926b29fae65a56ab 066e2617ba56463d8c4c3fbcbed2918b - - default default] Floating IP 0fab1727-1a5f-45fe-a98c-17e55d45820a disassociated. External IP: 10.96.250.212, port: 8dfcb46a-5cfe-4565-b3f3-aecadb21adb7.
2026-06-30 23:27:23.578 10 INFO neutron.db.ovn_revision_numbers_db [None req-715937e1-fb9d-45ba-8788-1e40ae114b23 fd59412933514f31926b29fae65a56ab 066e2617ba56463d8c4c3fbcbed2918b - - default default] Successfully bumped revision number for resource 0fab1727-1a5f-45fe-a98c-17e55d45820a (type: floatingips) to 2
2026-06-30 23:27:23.639 9 INFO neutron.db.segments_db [None req-73bd1af7-907c-4d37-9452-284e39f8c0bf 72520b2925f3453099fdc586d55edde1 0cf537096ffa4768a7addb81be8bb8a4 - - default default] Added segment b615346d-4027-4887-920a-b8e5962b67c1 of type geneve for network 35c09369-03b4-4e92-9496-7b8930911067
2026-06-30 23:27:23.659 10 INFO neutron.wsgi [None req-715937e1-fb9d-45ba-8788-1e40ae114b23 fd59412933514f31926b29fae65a56ab 066e2617ba56463d8c4c3fbcbed2918b - - default default] 10.0.0.232 "PUT /v2.0/floatingips/0fab1727-1a5f-45fe-a98c-17e55d45820a HTTP/1.1" status: 200 len: 748 time: 0.3083017
2026-06-30 23:27:23.697 10 INFO neutron.notifiers.nova [-] Nova event matching ['req-f90f7f61-38ef-4154-9a9c-e21fea6a0577'] response: {'name': 'network-changed', 'server_uuid': '0fac9024-20e4-4ee6-b15e-960435b84ecc', 'tag': '8dfcb46a-5cfe-4565-b3f3-aecadb21adb7', 'status': 'completed', 'code': 200}
2026-06-30 23:27:23.709 9 INFO neutron.wsgi [None req-a8152229-0827-4ee3-8404-0c00f82582df fd59412933514f31926b29fae65a56ab 066e2617ba56463d8c4c3fbcbed2918b - - default default] 10.0.0.232 "GET /v2.0/floatingips/0fab1727-1a5f-45fe-a98c-17e55d45820a HTTP/1.1" status: 200 len: 746 time: 0.0439942
