2026-06-30 23:26:00.398 10 INFO neutron.wsgi [req-f6688058-6030-4122-be06-aa936204c77d req-25dcdeae-e985-49cc-83fe-97d67818dd5d 7f46a904381b4ea28a008a219ff0d893 ac1ddf8ea6e54008bbc45545f7dc0ba4 - - default default] 10.0.0.207 "GET /v2.0/security-groups?id=ab18b6ac-3ea9-4d6b-9510-6c91b3a645c1&fields=id&fields=name HTTP/1.1" status: 200 len: 312 time: 0.0413737
2026-06-30 23:26:00.588 9 WARNING neutron.scheduler.dhcp_agent_scheduler [None req-d2da332d-6c40-46ec-b207-203a4c661f87 1c385834411d46159a3f1dae09e0e5bf 3ea2e6792e4c44a2b51b755867d83e5a - - default default] No more DHCP agents
2026-06-30 23:26:00.592 9 WARNING neutron.api.rpc.agentnotifiers.dhcp_rpc_agent_api [None req-d2da332d-6c40-46ec-b207-203a4c661f87 1c385834411d46159a3f1dae09e0e5bf 3ea2e6792e4c44a2b51b755867d83e5a - - default default] Unable to schedule network 34794ca9-05e5-4dfd-91ea-b01a0770d1b0: no agents available; will retry on subsequent port and subnet creation events.
2026-06-30 23:26:00.627 9 INFO neutron.db.ovn_revision_numbers_db [None req-d2da332d-6c40-46ec-b207-203a4c661f87 1c385834411d46159a3f1dae09e0e5bf 3ea2e6792e4c44a2b51b755867d83e5a - - default default] Successfully bumped revision number for resource 14137ab3-687d-4596-91c2-791182103468 (type: subnets) to 0
2026-06-30 23:26:00.654 9 WARNING neutron.scheduler.dhcp_agent_scheduler [None req-d2da332d-6c40-46ec-b207-203a4c661f87 1c385834411d46159a3f1dae09e0e5bf 3ea2e6792e4c44a2b51b755867d83e5a - - default default] No more DHCP agents
2026-06-30 23:26:00.656 9 WARNING neutron.api.rpc.agentnotifiers.dhcp_rpc_agent_api [None req-d2da332d-6c40-46ec-b207-203a4c661f87 1c385834411d46159a3f1dae09e0e5bf 3ea2e6792e4c44a2b51b755867d83e5a - - default default] Unable to schedule network 4188257c-eb25-4fd3-a271-ae5caf8256e1: no agents available; will retry on subsequent port and subnet creation events.
2026-06-30 23:26:00.689 9 INFO neutron.db.ovn_revision_numbers_db [None req-d2da332d-6c40-46ec-b207-203a4c661f87 1c385834411d46159a3f1dae09e0e5bf 3ea2e6792e4c44a2b51b755867d83e5a - - default default] Successfully bumped revision number for resource 15c90016-fd5f-422a-a4db-c2006d188e21 (type: subnets) to 0
2026-06-30 23:26:00.705 9 INFO neutron.wsgi [None req-d2da332d-6c40-46ec-b207-203a4c661f87 1c385834411d46159a3f1dae09e0e5bf 3ea2e6792e4c44a2b51b755867d83e5a - - default default] 10.0.0.232 "POST /v2.0/subnets HTTP/1.1" status: 201 len: 1475 time: 0.6292825
2026-06-30 23:26:00.746 10 INFO neutron.notifiers.nova [-] Nova event matching ['req-faec8410-63af-4e04-9141-7980a521bc57'] response: {'server_uuid': '65c7a3c3-7d2f-46b6-8dc1-22565da84c1d', 'name': 'network-vif-plugged', 'status': 'completed', 'tag': '180ef3d0-2e78-4c67-8d0a-2d03229f5769', 'code': 200}
2026-06-30 23:26:00.746 10 INFO neutron.notifiers.nova [-] Nova event matching ['req-faec8410-63af-4e04-9141-7980a521bc57'] response: {'server_uuid': '65c7a3c3-7d2f-46b6-8dc1-22565da84c1d', 'name': 'network-vif-plugged', 'status': 'completed', 'tag': '180ef3d0-2e78-4c67-8d0a-2d03229f5769', 'code': 200}
2026-06-30 23:26:00.746 10 INFO neutron.notifiers.nova [-] Nova event matching ['req-faec8410-63af-4e04-9141-7980a521bc57'] response: {'server_uuid': '65c7a3c3-7d2f-46b6-8dc1-22565da84c1d', 'name': 'network-vif-plugged', 'status': 'completed', 'tag': '180ef3d0-2e78-4c67-8d0a-2d03229f5769', 'code': 200}
2026-06-30 23:26:00.783 9 INFO neutron.wsgi [None req-3607c94e-1205-4c8f-a103-9d6f13524a6a 1c385834411d46159a3f1dae09e0e5bf 3ea2e6792e4c44a2b51b755867d83e5a - - default default] 10.0.0.232 "GET /v2.0/subnets HTTP/1.1" status: 200 len: 2083 time: 0.0729549
2026-06-30 23:26:00.933 9 INFO neutron.wsgi [None req-c1ef278d-906d-48ba-b61b-dc59b8306f05 1c385834411d46159a3f1dae09e0e5bf 3ea2e6792e4c44a2b51b755867d83e5a - - default default] 10.0.0.232 "DELETE /v2.0/subnets/14137ab3-687d-4596-91c2-791182103468 HTTP/1.1" status: 204 len: 168 time: 0.1371155
2026-06-30 23:26:01.175 10 INFO neutron.wsgi [None req-5ad601f9-fb96-4bdf-a841-738eb1075548 1c385834411d46159a3f1dae09e0e5bf 3ea2e6792e4c44a2b51b755867d83e5a - - default default] 10.0.0.232 "DELETE /v2.0/subnets/15c90016-fd5f-422a-a4db-c2006d188e21 HTTP/1.1" status: 204 len: 168 time: 0.2369637
2026-06-30 23:26:01.179 10 INFO neutron.wsgi [None req-0a97031e-8203-455e-9451-662318292a64 d3dc1c5db4e8424e92b7cac83dcba0a2 ac2f162e584e40a2b6f054806aff5e46 - - default default] 10.0.0.232 "PUT /v2.0/routers/52a0e7e7-1d21-4e28-b938-94f0ebb5d825/remove_router_interface HTTP/1.1" status: 200 len: 503 time: 1.3254874 /var/lib/openstack/lib/python3.10/site-packages/pycadf/identifier.py:71: UserWarning: Invalid uuid: neutron. To ensure interoperability, identifiers should be a valid uuid. warnings.warn(('Invalid uuid: %s. To ensure interoperability, '
2026-06-30 23:26:01.237 10 INFO neutron.wsgi [None req-2b7c79ae-5fc2-406f-90cd-569e028fea3b 1c385834411d46159a3f1dae09e0e5bf 3ea2e6792e4c44a2b51b755867d83e5a - - default default] 10.0.0.232 "GET /v2.0/subnets HTTP/1.1" status: 200 len: 820 time: 0.0520325
2026-06-30 23:26:01.586 10 INFO neutron.services.segments.plugin [-] Segment 3a670f0c-b935-4700-9194-aa63032feadf resource provider aggregate not found
2026-06-30 23:26:01.592 10 INFO neutron.services.segments.plugin [-] Segment 3a670f0c-b935-4700-9194-aa63032feadf resource provider aggregate not found
2026-06-30 23:26:01.602 10 INFO neutron.services.segments.plugin [-] Segment 3a670f0c-b935-4700-9194-aa63032feadf resource provider not found; error: Placement Client Error (4xx): {"errors": [{"status": 404, "title": "Not Found", "detail": "The resource could not be found.\n\n No resource provider with uuid 3a670f0c-b935-4700-9194-aa63032feadf found for delete ", "request_id": "req-5771cfb8-bb6e-42eb-bae1-39a11d706a98"}]}
2026-06-30 23:26:01.605 10 INFO neutron.services.segments.plugin [-] Segment 3a670f0c-b935-4700-9194-aa63032feadf resource provider not found; error: Placement Client Error (4xx): {"errors": [{"status": 404, "title": "Not Found", "detail": "The resource could not be found.\n\n No resource provider with uuid 3a670f0c-b935-4700-9194-aa63032feadf found for delete ", "request_id": "req-1dab848c-1715-46b7-ad9e-e9ed8fec0bd6"}]}
2026-06-30 23:26:01.631 10 INFO neutron.wsgi [None req-65acbab3-0ace-4e5c-bd06-cee62f81b94f 1c385834411d46159a3f1dae09e0e5bf 3ea2e6792e4c44a2b51b755867d83e5a - - default default] 10.0.0.232 "DELETE /v2.0/networks/4188257c-eb25-4fd3-a271-ae5caf8256e1 HTTP/1.1" status: 204 len: 168 time: 0.3894923
2026-06-30 23:26:01.879 9 INFO neutron.wsgi [None req-d6a0b9d1-bffa-4954-8838-acf602c09f8a d3dc1c5db4e8424e92b7cac83dcba0a2 ac2f162e584e40a2b6f054806aff5e46 - - default default] 10.0.0.232 "DELETE /v2.0/routers/52a0e7e7-1d21-4e28-b938-94f0ebb5d825 HTTP/1.1" status: 204 len: 168 time: 0.6943917
2026-06-30 23:26:02.109 9 INFO neutron.services.segments.plugin [-] Segment 2605fd1c-6f1f-4a74-9f8b-2319c757eb95 resource provider aggregate not found
2026-06-30 23:26:02.115 9 INFO neutron.services.segments.plugin [-] Segment 2605fd1c-6f1f-4a74-9f8b-2319c757eb95 resource provider aggregate not found
2026-06-30 23:26:02.124 9 INFO neutron.services.segments.plugin [-] Segment 2605fd1c-6f1f-4a74-9f8b-2319c757eb95 resource provider not found; error: Placement Client Error (4xx): {"errors": [{"status": 404, "title": "Not Found", "detail": "The resource could not be found.\n\n No resource provider with uuid 2605fd1c-6f1f-4a74-9f8b-2319c757eb95 found for delete ", "request_id": "req-86f8c50f-0ec3-495c-9b0f-b248996ade7f"}]}
2026-06-30 23:26:02.132 9 INFO neutron.services.segments.plugin [-] Segment 2605fd1c-6f1f-4a74-9f8b-2319c757eb95 resource provider not found; error: Placement Client Error (4xx): {"errors": [{"status": 404, "title": "Not Found", "detail": "The resource could not be found.\n\n No resource provider with uuid 2605fd1c-6f1f-4a74-9f8b-2319c757eb95 found for delete ", "request_id": "req-ed38f482-7d67-4598-88a6-bd145d968fb5"}]}
2026-06-30 23:26:02.148 9 INFO neutron.wsgi [None req-ce3798d3-a0aa-4dad-a7a1-7810e5adb272 d3dc1c5db4e8424e92b7cac83dcba0a2 ac2f162e584e40a2b6f054806aff5e46 - - default default] 10.0.0.232 "DELETE /v2.0/subnets/05e6b792-83a6-4226-8f6c-88155924b3ac HTTP/1.1" status: 204 len: 168 time: 0.2634544
2026-06-30 23:26:02.170 9 INFO neutron.wsgi [None req-42cc9d5a-801f-44ce-96fb-da2b730170ab 1c385834411d46159a3f1dae09e0e5bf 3ea2e6792e4c44a2b51b755867d83e5a - - default default] 10.0.0.232 "DELETE /v2.0/networks/34794ca9-05e5-4dfd-91ea-b01a0770d1b0 HTTP/1.1" status: 204 len: 168 time: 0.5341642
2026-06-30 23:26:02.654 10 INFO neutron.db.ovn_revision_numbers_db [None req-f3aeffcf-2e3a-4380-8d8f-43c9f49a6a02 d3dc1c5db4e8424e92b7cac83dcba0a2 ac2f162e584e40a2b6f054806aff5e46 - - default default] Successfully bumped revision number for resource 9fad8f15-e93b-4519-aa27-cfe1eb5d43b1 (type: security_groups) to 1
2026-06-30 23:26:02.655 9 INFO neutron.wsgi [None req-47bed6ea-3e31-4454-9447-8fbac4ba4390 d3dc1c5db4e8424e92b7cac83dcba0a2 ac2f162e584e40a2b6f054806aff5e46 - - default default] 10.0.0.232 "DELETE /v2.0/networks/ea565eb6-eda2-439e-ab94-686ecb1c5a14 HTTP/1.1" status: 204 len: 168 time: 0.5008235
2026-06-30 23:26:02.663 9 INFO neutron.wsgi [None req-85436dcd-2ec6-4425-9ccf-33462e981673 1c385834411d46159a3f1dae09e0e5bf 3ea2e6792e4c44a2b51b755867d83e5a - - default default] 10.0.0.232 "DELETE /v2.0/networks/f1348ec2-9043-42ab-94b1-47c4f9b16fe3 HTTP/1.1" status: 204 len: 168 time: 0.4876990
2026-06-30 23:26:02.678 10 INFO neutron.db.ovn_revision_numbers_db [None req-f3aeffcf-2e3a-4380-8d8f-43c9f49a6a02 d3dc1c5db4e8424e92b7cac83dcba0a2 ac2f162e584e40a2b6f054806aff5e46 - - default default] Successfully bumped revision number for resource 4f98d559-352c-4b3e-8be0-e4cf1f0ab4ba (type: security_group_rules) to 0
2026-06-30 23:26:02.708 10 INFO neutron.db.ovn_revision_numbers_db [None req-f3aeffcf-2e3a-4380-8d8f-43c9f49a6a02 d3dc1c5db4e8424e92b7cac83dcba0a2 ac2f162e584e40a2b6f054806aff5e46 - - default default] Successfully bumped revision number for resource 7e762eb0-919f-4470-84c8-ceea6e90ddd9 (type: security_group_rules) to 0
2026-06-30 23:26:02.725 10 INFO neutron.db.ovn_revision_numbers_db [None req-f3aeffcf-2e3a-4380-8d8f-43c9f49a6a02 d3dc1c5db4e8424e92b7cac83dcba0a2 ac2f162e584e40a2b6f054806aff5e46 - - default default] Successfully bumped revision number for resource 98aa3b91-9daa-4073-b556-7b7e150a95ad (type: security_group_rules) to 0
2026-06-30 23:26:02.745 10 INFO neutron.db.ovn_revision_numbers_db [None req-f3aeffcf-2e3a-4380-8d8f-43c9f49a6a02 d3dc1c5db4e8424e92b7cac83dcba0a2 ac2f162e584e40a2b6f054806aff5e46 - - default default] Successfully bumped revision number for resource a6a99876-5d12-4025-9ec4-6c5548959c63 (type: security_group_rules) to 0
2026-06-30 23:26:02.771 10 INFO neutron.wsgi [None req-f3aeffcf-2e3a-4380-8d8f-43c9f49a6a02 d3dc1c5db4e8424e92b7cac83dcba0a2 ac2f162e584e40a2b6f054806aff5e46 - - default default] 10.0.0.232 "GET /v2.0/security-groups?tenant_id=891e603c83c24413b5f26554715c4246&name=default HTTP/1.1" status: 200 len: 2996 time: 0.3829477
2026-06-30 23:26:02.816 9 INFO neutron.wsgi [None req-96121561-2269-46ba-892f-76ccdd2f9ebf d3dc1c5db4e8424e92b7cac83dcba0a2 ac2f162e584e40a2b6f054806aff5e46 - - default default] 10.0.0.232 "GET /v2.0/security-groups?tenant_id=ea7a0ccd33eb42bda1a7abb652b4f2d7&name=default HTTP/1.1" status: 200 len: 2996 time: 0.0487132
2026-06-30 23:26:03.014 9 INFO neutron.wsgi [None req-a9c5ebbe-cccc-4429-9771-e086f99f4dd6 d3dc1c5db4e8424e92b7cac83dcba0a2 ac2f162e584e40a2b6f054806aff5e46 - - default default] 10.0.0.232 "DELETE /v2.0/security-groups/9fad8f15-e93b-4519-aa27-cfe1eb5d43b1 HTTP/1.1" status: 204 len: 168 time: 0.2383821
2026-06-30 23:26:03.028 9 INFO neutron.wsgi [None req-dd2cac35-a660-4b0e-87c6-93ea917033b8 d3dc1c5db4e8424e92b7cac83dcba0a2 ac2f162e584e40a2b6f054806aff5e46 - - default default] 10.0.0.232 "DELETE /v2.0/security-groups/be903c31-36ed-4f56-9f0f-44497bb1d54a HTTP/1.1" status: 204 len: 168 time: 0.2075510
2026-06-30 23:26:03.050 10 INFO neutron.wsgi [None req-42bf8f9e-b35a-4905-be90-7865af60e568 1c385834411d46159a3f1dae09e0e5bf 3ea2e6792e4c44a2b51b755867d83e5a - - default default] 10.0.0.232 "DELETE /v2.0/networks/224b3148-37c0-4e16-a94c-b104fd9d7823 HTTP/1.1" status: 204 len: 168 time: 0.3797944
2026-06-30 23:26:03.315 10 INFO neutron.db.ovn_revision_numbers_db [None req-0cd7a8ee-62b7-4f1a-8f28-97ad311e8fae d3dc1c5db4e8424e92b7cac83dcba0a2 ac2f162e584e40a2b6f054806aff5e46 - - default default] Successfully bumped revision number for resource 419a3362-0429-450b-a80c-21fd614b93ff (type: security_groups) to 1
2026-06-30 23:26:03.328 10 INFO neutron.db.ovn_revision_numbers_db [None req-0cd7a8ee-62b7-4f1a-8f28-97ad311e8fae d3dc1c5db4e8424e92b7cac83dcba0a2 ac2f162e584e40a2b6f054806aff5e46 - - default default] Successfully bumped revision number for resource 17ec3f38-ca1b-4ed4-8c5c-d768a3a7cf65 (type: security_group_rules) to 0
2026-06-30 23:26:03.341 10 INFO neutron.db.ovn_revision_numbers_db [None req-0cd7a8ee-62b7-4f1a-8f28-97ad311e8fae d3dc1c5db4e8424e92b7cac83dcba0a2 ac2f162e584e40a2b6f054806aff5e46 - - default default] Successfully bumped revision number for resource 3c472536-2193-4d95-8899-357bdf33b676 (type: security_group_rules) to 0
2026-06-30 23:26:03.354 10 INFO neutron.db.ovn_revision_numbers_db [None req-0cd7a8ee-62b7-4f1a-8f28-97ad311e8fae d3dc1c5db4e8424e92b7cac83dcba0a2 ac2f162e584e40a2b6f054806aff5e46 - - default default] Successfully bumped revision number for resource b6b9dce5-d7bd-4993-9944-0b46b33581ec (type: security_group_rules) to 0
2026-06-30 23:26:03.366 10 INFO neutron.db.ovn_revision_numbers_db [None req-0cd7a8ee-62b7-4f1a-8f28-97ad311e8fae d3dc1c5db4e8424e92b7cac83dcba0a2 ac2f162e584e40a2b6f054806aff5e46 - - default default] Successfully bumped revision number for resource eb70432c-bf2f-4fa5-8070-2fd7069dcffd (type: security_group_rules) to 0
2026-06-30 23:26:03.387 10 INFO neutron.wsgi [None req-0cd7a8ee-62b7-4f1a-8f28-97ad311e8fae d3dc1c5db4e8424e92b7cac83dcba0a2 ac2f162e584e40a2b6f054806aff5e46 - - default default] 10.0.0.232 "GET /v2.0/security-groups?tenant_id=c15f9c3297134cea9b60b2f28cb6d964&name=default HTTP/1.1" status: 200 len: 2996 time: 0.2032928
2026-06-30 23:26:03.576 10 INFO neutron.wsgi [None req-1ae105ce-e3ff-4700-b728-8c91db2e7d07 d3dc1c5db4e8424e92b7cac83dcba0a2 ac2f162e584e40a2b6f054806aff5e46 - - default default] 10.0.0.232 "DELETE /v2.0/security-groups/419a3362-0429-450b-a80c-21fd614b93ff HTTP/1.1" status: 204 len: 168 time: 0.1838529
2026-06-30 23:26:03.623 10 INFO neutron.services.segments.plugin [-] Segment 5804672f-89c7-4e0f-ac7c-95eb72c31663 resource provider aggregate not found
2026-06-30 23:26:03.629 10 INFO neutron.services.segments.plugin [-] Segment 5804672f-89c7-4e0f-ac7c-95eb72c31663 resource provider aggregate not found
2026-06-30 23:26:03.639 10 INFO neutron.services.segments.plugin [-] Segment 5804672f-89c7-4e0f-ac7c-95eb72c31663 resource provider not found; error: Placement Client Error (4xx): {"errors": [{"status": 404, "title": "Not Found", "detail": "The resource could not be found.\n\n No resource provider with uuid 5804672f-89c7-4e0f-ac7c-95eb72c31663 found for delete ", "request_id": "req-ab22b76d-e8f5-4c1e-9da9-5723dc30ad86"}]}
2026-06-30 23:26:03.645 10 INFO neutron.services.segments.plugin [-] Segment 5804672f-89c7-4e0f-ac7c-95eb72c31663 resource provider not found; error: Placement Client Error (4xx): {"errors": [{"status": 404, "title": "Not Found", "detail": "The resource could not be found.\n\n No resource provider with uuid 5804672f-89c7-4e0f-ac7c-95eb72c31663 found for delete ", "request_id": "req-b1b3ec84-5d78-4e42-8e08-32fe817c25e4"}]}
2026-06-30 23:26:03.722 10 INFO neutron.wsgi [None req-5fb62f42-6d5b-49f9-9630-67be06a26ce8 d3dc1c5db4e8424e92b7cac83dcba0a2 ac2f162e584e40a2b6f054806aff5e46 - - default default] 10.0.0.232 "GET /v2.0/security-groups?tenant_id=3ea2e6792e4c44a2b51b755867d83e5a&name=default HTTP/1.1" status: 200 len: 2996 time: 0.1376166
2026-06-30 23:26:03.917 10 INFO neutron.wsgi [None req-cb16606a-095b-4b4b-8dda-17a1828dc1ae d3dc1c5db4e8424e92b7cac83dcba0a2 ac2f162e584e40a2b6f054806aff5e46 - - default default] 10.0.0.232 "DELETE /v2.0/security-groups/0c9a83af-11df-4690-b4cd-cf499d2be6d7 HTTP/1.1" status: 204 len: 168 time: 0.1900566
2026-06-30 23:26:04.148 9 INFO neutron.services.segments.plugin [-] Segment 5b193093-e033-4eed-94a9-4bd72fd9d324 resource provider aggregate not found
2026-06-30 23:26:04.155 9 INFO neutron.services.segments.plugin [-] Segment 5b193093-e033-4eed-94a9-4bd72fd9d324 resource provider aggregate not found
2026-06-30 23:26:04.166 9 INFO neutron.services.segments.plugin [-] Segment 5b193093-e033-4eed-94a9-4bd72fd9d324 resource provider not found; error: Placement Client Error (4xx): {"errors": [{"status": 404, "title": "Not Found", "detail": "The resource could not be found.\n\n No resource provider with uuid 5b193093-e033-4eed-94a9-4bd72fd9d324 found for delete ", "request_id": "req-3f334766-d2c4-4652-bca5-edf19270ee7f"}]}
2026-06-30 23:26:04.174 9 INFO neutron.services.segments.plugin [-] Segment 5b193093-e033-4eed-94a9-4bd72fd9d324 resource provider not found; error: Placement Client Error (4xx): {"errors": [{"status": 404, "title": "Not Found", "detail": "The resource could not be found.\n\n No resource provider with uuid 5b193093-e033-4eed-94a9-4bd72fd9d324 found for delete ", "request_id": "req-605eac04-281f-4298-ae3c-e75f6e2a754a"}]}
2026-06-30 23:26:04.182 9 INFO neutron.services.segments.plugin [-] Segment 1dc8bff2-8a1f-40ed-a4f1-c860c3ac5cc7 resource provider aggregate not found
2026-06-30 23:26:04.197 9 INFO neutron.services.segments.plugin [-] Segment 1dc8bff2-8a1f-40ed-a4f1-c860c3ac5cc7 resource provider aggregate not found
2026-06-30 23:26:04.206 9 INFO neutron.services.segments.plugin [-] Segment 1dc8bff2-8a1f-40ed-a4f1-c860c3ac5cc7 resource provider not found; error: Placement Client Error (4xx): {"errors": [{"status": 404, "title": "Not Found", "detail": "The resource could not be found.\n\n No resource provider with uuid 1dc8bff2-8a1f-40ed-a4f1-c860c3ac5cc7 found for delete ", "request_id": "req-d5cb5220-d1ac-4478-87df-22f5dd10fbdf"}]}
2026-06-30 23:26:04.219 9 INFO neutron.services.segments.plugin [-] Segment 1dc8bff2-8a1f-40ed-a4f1-c860c3ac5cc7 resource provider not found; error: Placement Client Error (4xx): {"errors": [{"status": 404, "title": "Not Found", "detail": "The resource could not be found.\n\n No resource provider with uuid 1dc8bff2-8a1f-40ed-a4f1-c860c3ac5cc7 found for delete ", "request_id": "req-cf29dcd7-7d0c-4156-8233-d3bdaf8a2c7d"}]}
2026-06-30 23:26:06.001 10 INFO neutron.db.ovn_revision_numbers_db [None req-d41e26ff-428e-46fd-a455-173e6b87042e aac3ddf3958d4d7abf4ca992af16098b 53bd12413a6643a39f05283c3fe5a448 - - default default] Successfully bumped revision number for resource 0cf75349-bc7c-492d-9c77-5e1b1fc56924 (type: security_groups) to 1
2026-06-30 23:26:06.014 10 INFO neutron.db.ovn_revision_numbers_db [None req-d41e26ff-428e-46fd-a455-173e6b87042e aac3ddf3958d4d7abf4ca992af16098b 53bd12413a6643a39f05283c3fe5a448 - - default default] Successfully bumped revision number for resource 57b23e22-4b88-4603-9862-9d2b6dcc50b1 (type: security_group_rules) to 0
2026-06-30 23:26:06.027 10 INFO neutron.db.ovn_revision_numbers_db [None req-d41e26ff-428e-46fd-a455-173e6b87042e aac3ddf3958d4d7abf4ca992af16098b 53bd12413a6643a39f05283c3fe5a448 - - default default] Successfully bumped revision number for resource 94ff6f87-96dc-403d-9661-a4fc084c46c0 (type: security_group_rules) to 0
2026-06-30 23:26:06.041 10 INFO neutron.db.ovn_revision_numbers_db [None req-d41e26ff-428e-46fd-a455-173e6b87042e aac3ddf3958d4d7abf4ca992af16098b 53bd12413a6643a39f05283c3fe5a448 - - default default] Successfully bumped revision number for resource d7695c27-d2fb-4113-b03f-9489b38d2fed (type: security_group_rules) to 0
2026-06-30 23:26:06.055 10 INFO neutron.db.ovn_revision_numbers_db [None req-d41e26ff-428e-46fd-a455-173e6b87042e aac3ddf3958d4d7abf4ca992af16098b 53bd12413a6643a39f05283c3fe5a448 - - default default] Successfully bumped revision number for resource e69b208e-8779-4aca-975d-52d0f8542ff7 (type: security_group_rules) to 0
2026-06-30 23:26:06.107 10 INFO neutron.db.segments_db [None req-d41e26ff-428e-46fd-a455-173e6b87042e aac3ddf3958d4d7abf4ca992af16098b 53bd12413a6643a39f05283c3fe5a448 - - default default] Added segment ff0cd558-9ff8-438a-8e9d-b46fa2b83c41 of type geneve for network c3e66080-9d6f-4017-8177-ff95c6e5a182
2026-06-30 23:26:06.176 9 INFO neutron.db.ovn_revision_numbers_db [None req-a4130cd8-a1e3-454d-bfe9-d9e953ef6725 d3dc1c5db4e8424e92b7cac83dcba0a2 ac2f162e584e40a2b6f054806aff5e46 - - default default] Successfully bumped revision number for resource 83fe0233-ce79-4d70-86db-6143a3c0a89d (type: security_groups) to 1
2026-06-30 23:26:06.194 9 INFO neutron.db.ovn_revision_numbers_db [None req-a4130cd8-a1e3-454d-bfe9-d9e953ef6725 d3dc1c5db4e8424e92b7cac83dcba0a2 ac2f162e584e40a2b6f054806aff5e46 - - default default] Successfully bumped revision number for resource 23b610fb-64a9-47b7-b2d3-c4bbd592ae2b (type: security_group_rules) to 0
2026-06-30 23:26:06.209 9 INFO neutron.db.ovn_revision_numbers_db [None req-a4130cd8-a1e3-454d-bfe9-d9e953ef6725 d3dc1c5db4e8424e92b7cac83dcba0a2 ac2f162e584e40a2b6f054806aff5e46 - - default default] Successfully bumped revision number for resource 6058113c-de85-490c-8145-af4af9a2c0ff (type: security_group_rules) to 0
2026-06-30 23:26:06.226 9 INFO neutron.db.ovn_revision_numbers_db [None req-a4130cd8-a1e3-454d-bfe9-d9e953ef6725 d3dc1c5db4e8424e92b7cac83dcba0a2 ac2f162e584e40a2b6f054806aff5e46 - - default default] Successfully bumped revision number for resource c13db91a-a02a-4f6e-bc58-b860c7cb5ffa (type: security_group_rules) to 0
2026-06-30 23:26:06.244 9 INFO neutron.db.ovn_revision_numbers_db [None req-a4130cd8-a1e3-454d-bfe9-d9e953ef6725 d3dc1c5db4e8424e92b7cac83dcba0a2 ac2f162e584e40a2b6f054806aff5e46 - - default default] Successfully bumped revision number for resource d54bfd54-6077-4ce2-93a3-f558bd65cbca (type: security_group_rules) to 0
2026-06-30 23:26:06.266 9 INFO neutron.wsgi [None req-a4130cd8-a1e3-454d-bfe9-d9e953ef6725 d3dc1c5db4e8424e92b7cac83dcba0a2 ac2f162e584e40a2b6f054806aff5e46 - - default default] 10.0.0.232 "GET /v2.0/security-groups?tenant_id=74d3cc982c2e48cba0b1672889f8eb49&name=default HTTP/1.1" status: 200 len: 2996 time: 0.2585390
2026-06-30 23:26:06.271 10 INFO neutron.db.ovn_revision_numbers_db [None req-d41e26ff-428e-46fd-a455-173e6b87042e aac3ddf3958d4d7abf4ca992af16098b 53bd12413a6643a39f05283c3fe5a448 - - default default] Successfully bumped revision number for resource c3e66080-9d6f-4017-8177-ff95c6e5a182 (type: networks) to 1
2026-06-30 23:26:06.467 10 WARNING neutron.scheduler.dhcp_agent_scheduler [None req-d41e26ff-428e-46fd-a455-173e6b87042e aac3ddf3958d4d7abf4ca992af16098b 53bd12413a6643a39f05283c3fe5a448 - - default default] No more DHCP agents
2026-06-30 23:26:06.470 10 WARNING neutron.api.rpc.agentnotifiers.dhcp_rpc_agent_api [None req-d41e26ff-428e-46fd-a455-173e6b87042e aac3ddf3958d4d7abf4ca992af16098b 53bd12413a6643a39f05283c3fe5a448 - - default default] Unable to schedule network c3e66080-9d6f-4017-8177-ff95c6e5a182: no agents available; will retry on subsequent port and subnet creation events.
2026-06-30 23:26:06.562 10 INFO neutron.db.ovn_revision_numbers_db [None req-d41e26ff-428e-46fd-a455-173e6b87042e aac3ddf3958d4d7abf4ca992af16098b 53bd12413a6643a39f05283c3fe5a448 - - default default] Successfully bumped revision number for resource 549d23ac-d4f2-4cb6-8480-59285fd28818 (type: ports) to 1
2026-06-30 23:26:06.566 10 INFO neutron.wsgi [None req-da9f671e-4875-46fa-af7b-f59e094a11fc d3dc1c5db4e8424e92b7cac83dcba0a2 ac2f162e584e40a2b6f054806aff5e46 - - default default] 10.0.0.232 "DELETE /v2.0/security-groups/83fe0233-ce79-4d70-86db-6143a3c0a89d HTTP/1.1" status: 204 len: 168 time: 0.2951286
2026-06-30 23:26:06.584 10 INFO neutron.wsgi [None req-d41e26ff-428e-46fd-a455-173e6b87042e aac3ddf3958d4d7abf4ca992af16098b 53bd12413a6643a39f05283c3fe5a448 - - default default] 10.0.0.232 "POST /v2.0/networks HTTP/1.1" status: 201 len: 829 time: 0.9238153
2026-06-30 23:26:06.686 9 INFO neutron.db.segments_db [None req-8175c23f-fdd8-43f4-b792-db28594ddae2 aac3ddf3958d4d7abf4ca992af16098b 53bd12413a6643a39f05283c3fe5a448 - - default default] Added segment be93bbe9-a4b6-4c01-b21e-73c99443b7b5 of type geneve for network 3fbb8c00-3550-45ed-853b-68452ead546a
2026-06-30 23:26:06.823 9 INFO neutron.db.ovn_revision_numbers_db [None req-8175c23f-fdd8-43f4-b792-db28594ddae2 aac3ddf3958d4d7abf4ca992af16098b 53bd12413a6643a39f05283c3fe5a448 - - default default] Successfully bumped revision number for resource 3fbb8c00-3550-45ed-853b-68452ead546a (type: networks) to 1
2026-06-30 23:26:06.995 9 WARNING neutron.scheduler.dhcp_agent_scheduler [None req-8175c23f-fdd8-43f4-b792-db28594ddae2 aac3ddf3958d4d7abf4ca992af16098b 53bd12413a6643a39f05283c3fe5a448 - - default default] No more DHCP agents
2026-06-30 23:26:06.998 9 WARNING neutron.api.rpc.agentnotifiers.dhcp_rpc_agent_api [None req-8175c23f-fdd8-43f4-b792-db28594ddae2 aac3ddf3958d4d7abf4ca992af16098b 53bd12413a6643a39f05283c3fe5a448 - - default default] Unable to schedule network 3fbb8c00-3550-45ed-853b-68452ead546a: no agents available; will retry on subsequent port and subnet creation events.
2026-06-30 23:26:07.082 9 INFO neutron.db.ovn_revision_numbers_db [None req-8175c23f-fdd8-43f4-b792-db28594ddae2 aac3ddf3958d4d7abf4ca992af16098b 53bd12413a6643a39f05283c3fe5a448 - - default default] Successfully bumped revision number for resource 38c2f043-e9c6-4cb9-b26c-ce9cc3804076 (type: ports) to 1
2026-06-30 23:26:07.103 9 INFO neutron.wsgi [None req-8175c23f-fdd8-43f4-b792-db28594ddae2 aac3ddf3958d4d7abf4ca992af16098b 53bd12413a6643a39f05283c3fe5a448 - - default default] 10.0.0.232 "POST /v2.0/networks HTTP/1.1" status: 201 len: 829 time: 0.5048764
2026-06-30 23:26:07.363 9 WARNING neutron.scheduler.dhcp_agent_scheduler [None req-4799987f-9271-4411-9c23-050373c8b135 aac3ddf3958d4d7abf4ca992af16098b 53bd12413a6643a39f05283c3fe5a448 - - default default] No more DHCP agents
2026-06-30 23:26:07.365 9 WARNING neutron.api.rpc.agentnotifiers.dhcp_rpc_agent_api [None req-4799987f-9271-4411-9c23-050373c8b135 aac3ddf3958d4d7abf4ca992af16098b 53bd12413a6643a39f05283c3fe5a448 - - default default] Unable to schedule network c3e66080-9d6f-4017-8177-ff95c6e5a182: no agents available; will retry on subsequent port and subnet creation events.
2026-06-30 23:26:07.859 9 INFO neutron.db.ovn_revision_numbers_db [None req-4799987f-9271-4411-9c23-050373c8b135 aac3ddf3958d4d7abf4ca992af16098b 53bd12413a6643a39f05283c3fe5a448 - - default default] Successfully bumped revision number for resource 549d23ac-d4f2-4cb6-8480-59285fd28818 (type: ports) to 2
2026-06-30 23:26:07.887 9 INFO neutron.db.ovn_revision_numbers_db [None req-4799987f-9271-4411-9c23-050373c8b135 aac3ddf3958d4d7abf4ca992af16098b 53bd12413a6643a39f05283c3fe5a448 - - default default] Successfully bumped revision number for resource c5e4d6d8-4baf-4828-b2f7-61266e3dbba9 (type: subnets) to 0
2026-06-30 23:26:07.902 9 INFO neutron.wsgi [None req-4799987f-9271-4411-9c23-050373c8b135 aac3ddf3958d4d7abf4ca992af16098b 53bd12413a6643a39f05283c3fe5a448 - - default default] 10.0.0.232 "POST /v2.0/subnets HTTP/1.1" status: 201 len: 801 time: 0.7942910
2026-06-30 23:26:08.143 9 WARNING neutron.scheduler.dhcp_agent_scheduler [None req-d53936ad-fce5-4e68-99fc-db0ee9291e83 aac3ddf3958d4d7abf4ca992af16098b 53bd12413a6643a39f05283c3fe5a448 - - default default] No more DHCP agents
2026-06-30 23:26:08.145 9 WARNING neutron.api.rpc.agentnotifiers.dhcp_rpc_agent_api [None req-d53936ad-fce5-4e68-99fc-db0ee9291e83 aac3ddf3958d4d7abf4ca992af16098b 53bd12413a6643a39f05283c3fe5a448 - - default default] Unable to schedule network 3fbb8c00-3550-45ed-853b-68452ead546a: no agents available; will retry on subsequent port and subnet creation events.
2026-06-30 23:26:08.849 9 INFO neutron.db.ovn_revision_numbers_db [None req-d53936ad-fce5-4e68-99fc-db0ee9291e83 aac3ddf3958d4d7abf4ca992af16098b 53bd12413a6643a39f05283c3fe5a448 - - default default] Successfully bumped revision number for resource 38c2f043-e9c6-4cb9-b26c-ce9cc3804076 (type: ports) to 2
2026-06-30 23:26:08.895 9 INFO neutron.db.ovn_revision_numbers_db [None req-d53936ad-fce5-4e68-99fc-db0ee9291e83 aac3ddf3958d4d7abf4ca992af16098b 53bd12413a6643a39f05283c3fe5a448 - - default default] Successfully bumped revision number for resource 1d27e533-a5c0-4cb7-a373-17ba2ea8d15f (type: subnets) to 0
2026-06-30 23:26:08.910 9 INFO neutron.wsgi [None req-d53936ad-fce5-4e68-99fc-db0ee9291e83 aac3ddf3958d4d7abf4ca992af16098b 53bd12413a6643a39f05283c3fe5a448 - - default default] 10.0.0.232 "POST /v2.0/subnets HTTP/1.1" status: 201 len: 801 time: 1.0045795
2026-06-30 23:26:09.093 9 INFO neutron.db.ovn_revision_numbers_db [None req-20bd6b45-1af7-4911-a1db-b053e95dd4ca aac3ddf3958d4d7abf4ca992af16098b 53bd12413a6643a39f05283c3fe5a448 - - default default] Successfully bumped revision number for resource ab6ebfed-59ff-4bec-ae54-daeff190b7cb (type: routers) to 1
2026-06-30 23:26:09.119 9 INFO neutron.wsgi [None req-20bd6b45-1af7-4911-a1db-b053e95dd4ca aac3ddf3958d4d7abf4ca992af16098b 53bd12413a6643a39f05283c3fe5a448 - - default default] 10.0.0.232 "POST /v2.0/routers HTTP/1.1" status: 201 len: 687 time: 0.2044556
2026-06-30 23:26:09.136 9 INFO neutron.db.ovn_revision_numbers_db [None req-f97b830c-ea5d-456b-8b82-d64ec9616eaf d3dc1c5db4e8424e92b7cac83dcba0a2 ac2f162e584e40a2b6f054806aff5e46 - - default default] Successfully bumped revision number for resource 5d122b05-0b3f-4a6b-917e-b449efe53f82 (type: security_groups) to 1
2026-06-30 23:26:09.150 9 INFO neutron.db.ovn_revision_numbers_db [None req-f97b830c-ea5d-456b-8b82-d64ec9616eaf d3dc1c5db4e8424e92b7cac83dcba0a2 ac2f162e584e40a2b6f054806aff5e46 - - default default] Successfully bumped revision number for resource 1a173e61-d263-4e70-abb8-42d43780dceb (type: security_group_rules) to 0
2026-06-30 23:26:09.171 9 INFO neutron.db.ovn_revision_numbers_db [None req-f97b830c-ea5d-456b-8b82-d64ec9616eaf d3dc1c5db4e8424e92b7cac83dcba0a2 ac2f162e584e40a2b6f054806aff5e46 - - default default] Successfully bumped revision number for resource 35026bde-137e-464a-bd7f-626bdbb31d11 (type: security_group_rules) to 0
2026-06-30 23:26:09.190 9 INFO neutron.db.ovn_revision_numbers_db [None req-f97b830c-ea5d-456b-8b82-d64ec9616eaf d3dc1c5db4e8424e92b7cac83dcba0a2 ac2f162e584e40a2b6f054806aff5e46 - - default default] Successfully bumped revision number for resource 640cc321-a0e0-404a-803d-cf3a26f41349 (type: security_group_rules) to 0
2026-06-30 23:26:09.205 9 INFO neutron.db.ovn_revision_numbers_db [None req-f97b830c-ea5d-456b-8b82-d64ec9616eaf d3dc1c5db4e8424e92b7cac83dcba0a2 ac2f162e584e40a2b6f054806aff5e46 - - default default] Successfully bumped revision number for resource 9e407d43-8f15-4e9c-b05f-115f9aaca7ee (type: security_group_rules) to 0
2026-06-30 23:26:09.233 9 INFO neutron.wsgi [None req-f97b830c-ea5d-456b-8b82-d64ec9616eaf d3dc1c5db4e8424e92b7cac83dcba0a2 ac2f162e584e40a2b6f054806aff5e46 - - default default] 10.0.0.232 "GET /v2.0/security-groups?tenant_id=bb7d17d9bd214e179c0a5153b2ccf443&name=default HTTP/1.1" status: 200 len: 2996 time: 0.4316425
2026-06-30 23:26:09.456 9 INFO neutron.wsgi [None req-253e7a96-4542-4ade-8cbd-bc1e33fb8282 d3dc1c5db4e8424e92b7cac83dcba0a2 ac2f162e584e40a2b6f054806aff5e46 - - default default] 10.0.0.232 "DELETE /v2.0/security-groups/5d122b05-0b3f-4a6b-917e-b449efe53f82 HTTP/1.1" status: 204 len: 168 time: 0.2184789
2026-06-30 23:26:09.609 10 WARNING neutron.scheduler.dhcp_agent_scheduler [None req-6b9e6c99-15f1-4561-8e92-0e62606efb81 aac3ddf3958d4d7abf4ca992af16098b 53bd12413a6643a39f05283c3fe5a448 - - default default] No more DHCP agents
2026-06-30 23:26:09.611 10 WARNING neutron.api.rpc.agentnotifiers.dhcp_rpc_agent_api [None req-6b9e6c99-15f1-4561-8e92-0e62606efb81 aac3ddf3958d4d7abf4ca992af16098b 53bd12413a6643a39f05283c3fe5a448 - - default default] Unable to schedule network c3e66080-9d6f-4017-8177-ff95c6e5a182: no agents available; will retry on subsequent port and subnet creation events.
2026-06-30 23:26:09.772 10 INFO neutron.db.ovn_revision_numbers_db [None req-6b9e6c99-15f1-4561-8e92-0e62606efb81 aac3ddf3958d4d7abf4ca992af16098b 53bd12413a6643a39f05283c3fe5a448 - - default default] Successfully bumped revision number for resource 277064a9-3fa2-47fb-b836-8e010c9deb22 (type: ports) to 1
2026-06-30 23:26:10.073 10 INFO neutron.plugins.ml2.drivers.ovn.mech_driver.mech_driver [None req-a68c653f-67ef-4a09-aa77-634719f5fe2c - - - - - -] OVN reports status up for port: 277064a9-3fa2-47fb-b836-8e010c9deb22
2026-06-30 23:26:10.078 10 INFO neutron.plugins.ml2.plugin [None req-a68c653f-67ef-4a09-aa77-634719f5fe2c - - - - - -] Attempt 1 to provision port 277064a9-3fa2-47fb-b836-8e010c9deb22
2026-06-30 23:26:10.117 10 INFO neutron.db.ovn_revision_numbers_db [None req-6b9e6c99-15f1-4561-8e92-0e62606efb81 aac3ddf3958d4d7abf4ca992af16098b 53bd12413a6643a39f05283c3fe5a448 - - default default] Successfully bumped revision number for resource 277064a9-3fa2-47fb-b836-8e010c9deb22 (type: router_ports) to 1
2026-06-30 23:26:10.314 10 INFO neutron.db.ovn_revision_numbers_db [None req-6b9e6c99-15f1-4561-8e92-0e62606efb81 aac3ddf3958d4d7abf4ca992af16098b 53bd12413a6643a39f05283c3fe5a448 - - default default] Successfully bumped revision number for resource 277064a9-3fa2-47fb-b836-8e010c9deb22 (type: ports) to 1
2026-06-30 23:26:10.629 10 WARNING neutron.scheduler.dhcp_agent_scheduler [None req-6b9e6c99-15f1-4561-8e92-0e62606efb81 aac3ddf3958d4d7abf4ca992af16098b 53bd12413a6643a39f05283c3fe5a448 - - default default] No more DHCP agents
2026-06-30 23:26:10.631 10 WARNING neutron.api.rpc.agentnotifiers.dhcp_rpc_agent_api [None req-6b9e6c99-15f1-4561-8e92-0e62606efb81 aac3ddf3958d4d7abf4ca992af16098b 53bd12413a6643a39f05283c3fe5a448 - - default default] Unable to schedule network c3e66080-9d6f-4017-8177-ff95c6e5a182: no agents available; will retry on subsequent port and subnet creation events.
2026-06-30 23:26:10.635 10 INFO neutron.db.ovn_revision_numbers_db [None req-a68c653f-67ef-4a09-aa77-634719f5fe2c - - - - - -] Successfully bumped revision number for resource 277064a9-3fa2-47fb-b836-8e010c9deb22 (type: ports) to 2
2026-06-30 23:26:10.820 10 INFO neutron.db.ovn_revision_numbers_db [None req-a68c653f-67ef-4a09-aa77-634719f5fe2c - - - - - -] Successfully bumped revision number for resource 277064a9-3fa2-47fb-b836-8e010c9deb22 (type: router_ports) to 2
2026-06-30 23:26:10.861 10 INFO neutron.db.ovn_revision_numbers_db [None req-6b9e6c99-15f1-4561-8e92-0e62606efb81 aac3ddf3958d4d7abf4ca992af16098b 53bd12413a6643a39f05283c3fe5a448 - - default default] Successfully bumped revision number for resource 277064a9-3fa2-47fb-b836-8e010c9deb22 (type: router_ports) to 2
2026-06-30 23:26:10.864 10 INFO neutron.wsgi [None req-6b9e6c99-15f1-4561-8e92-0e62606efb81 aac3ddf3958d4d7abf4ca992af16098b 53bd12413a6643a39f05283c3fe5a448 - - default default] 10.0.0.232 "PUT /v2.0/routers/ab6ebfed-59ff-4bec-ae54-daeff190b7cb/add_router_interface HTTP/1.1" status: 200 len: 503 time: 1.7391846
2026-06-30 23:26:10.915 9 INFO neutron.wsgi [None req-4cbb04f0-5297-4fb8-9c31-e2cae5d4fa06 aac3ddf3958d4d7abf4ca992af16098b 53bd12413a6643a39f05283c3fe5a448 - - default default] 10.0.0.232 "GET /v2.0/ports/277064a9-3fa2-47fb-b836-8e010c9deb22 HTTP/1.1" status: 200 len: 1137 time: 0.0448301
2026-06-30 23:26:10.965 10 INFO neutron.wsgi [-] 10.0.0.96 "GET / HTTP/1.1" status: 200 len: 247 time: 0.0025227
2026-06-30 23:26:10.967 10 INFO neutron.wsgi [-] 10.0.0.96 "GET / HTTP/1.1" status: 200 len: 247 time: 0.0014575
2026-06-30 23:26:11.467 9 WARNING neutron.scheduler.dhcp_agent_scheduler [None req-e0245c4a-dada-4ff4-94ef-a42352d627b4 aac3ddf3958d4d7abf4ca992af16098b 53bd12413a6643a39f05283c3fe5a448 - - default default] No more DHCP agents
2026-06-30 23:26:11.469 9 WARNING neutron.api.rpc.agentnotifiers.dhcp_rpc_agent_api [None req-e0245c4a-dada-4ff4-94ef-a42352d627b4 aac3ddf3958d4d7abf4ca992af16098b 53bd12413a6643a39f05283c3fe5a448 - - default default] Unable to schedule network 3fbb8c00-3550-45ed-853b-68452ead546a: no agents available; will retry on subsequent port and subnet creation events.
2026-06-30 23:26:11.634 9 INFO neutron.db.ovn_revision_numbers_db [None req-e0245c4a-dada-4ff4-94ef-a42352d627b4 aac3ddf3958d4d7abf4ca992af16098b 53bd12413a6643a39f05283c3fe5a448 - - default default] Successfully bumped revision number for resource 845b8fc6-a3a0-4a7c-b32d-df4e19d34c15 (type: ports) to 1
2026-06-30 23:26:11.689 10 INFO neutron.db.ovn_revision_numbers_db [None req-2cf29929-40e0-4134-93a5-43512e086f34 2e9269f54bf84c50af8d2b5cb87674a0 b78f31c6145e4ce084a13235d4060839 - - default default] Successfully bumped revision number for resource 0c58fb89-2890-4c58-9f96-c0997fd63c5c (type: security_groups) to 1
2026-06-30 23:26:11.703 9 INFO neutron.db.ovn_revision_numbers_db [None req-71cc5c4a-661d-4d61-8cec-c9c99b7bdb00 d3dc1c5db4e8424e92b7cac83dcba0a2 ac2f162e584e40a2b6f054806aff5e46 - - default default] Successfully bumped revision number for resource a26a3982-3a08-46ad-ab65-91ff943cc514 (type: security_groups) to 1
2026-06-30 23:26:11.704 10 INFO neutron.db.ovn_revision_numbers_db [None req-2cf29929-40e0-4134-93a5-43512e086f34 2e9269f54bf84c50af8d2b5cb87674a0 b78f31c6145e4ce084a13235d4060839 - - default default] Successfully bumped revision number for resource 78101a64-2fef-4e62-93d3-09141b1c4bbb (type: security_group_rules) to 0
2026-06-30 23:26:11.719 10 INFO neutron.db.ovn_revision_numbers_db [None req-2cf29929-40e0-4134-93a5-43512e086f34 2e9269f54bf84c50af8d2b5cb87674a0 b78f31c6145e4ce084a13235d4060839 - - default default] Successfully bumped revision number for resource adc03e0a-c3b0-4954-86cd-b615a881a916 (type: security_group_rules) to 0
2026-06-30 23:26:11.728 9 INFO neutron.db.ovn_revision_numbers_db [None req-71cc5c4a-661d-4d61-8cec-c9c99b7bdb00 d3dc1c5db4e8424e92b7cac83dcba0a2 ac2f162e584e40a2b6f054806aff5e46 - - default default] Successfully bumped revision number for resource 862e30f2-e6d8-44f8-901a-ed21569bb0ac (type: security_group_rules) to 0
2026-06-30 23:26:11.733 10 INFO neutron.db.ovn_revision_numbers_db [None req-2cf29929-40e0-4134-93a5-43512e086f34 2e9269f54bf84c50af8d2b5cb87674a0 b78f31c6145e4ce084a13235d4060839 - - default default] Successfully bumped revision number for resource ba69efae-b685-4b11-a463-a69cee9488ae (type: security_group_rules) to 0
2026-06-30 23:26:11.747 9 INFO neutron.db.ovn_revision_numbers_db [None req-71cc5c4a-661d-4d61-8cec-c9c99b7bdb00 d3dc1c5db4e8424e92b7cac83dcba0a2 ac2f162e584e40a2b6f054806aff5e46 - - default default] Successfully bumped revision number for resource 9edc2357-94d8-4287-95ce-9bf3c0913c74 (type: security_group_rules) to 0
2026-06-30 23:26:11.748 10 INFO neutron.db.ovn_revision_numbers_db [None req-2cf29929-40e0-4134-93a5-43512e086f34 2e9269f54bf84c50af8d2b5cb87674a0 b78f31c6145e4ce084a13235d4060839 - - default default] Successfully bumped revision number for resource cfd0340c-51d9-423a-8e73-ce6df929bbe7 (type: security_group_rules) to 0
2026-06-30 23:26:11.765 9 INFO neutron.db.ovn_revision_numbers_db [None req-71cc5c4a-661d-4d61-8cec-c9c99b7bdb00 d3dc1c5db4e8424e92b7cac83dcba0a2 ac2f162e584e40a2b6f054806aff5e46 - - default default] Successfully bumped revision number for resource bc806aec-3b22-479c-b0b8-ca693134ddd9 (type: security_group_rules) to 0
2026-06-30 23:26:11.784 9 INFO neutron.db.ovn_revision_numbers_db [None req-71cc5c4a-661d-4d61-8cec-c9c99b7bdb00 d3dc1c5db4e8424e92b7cac83dcba0a2 ac2f162e584e40a2b6f054806aff5e46 - - default default] Successfully bumped revision number for resource d053da85-e44f-4749-98fd-c21df83539a0 (type: security_group_rules) to 0
2026-06-30 23:26:11.796 10 INFO neutron.db.segments_db [None req-2cf29929-40e0-4134-93a5-43512e086f34 2e9269f54bf84c50af8d2b5cb87674a0 b78f31c6145e4ce084a13235d4060839 - - default default] Added segment 68b53b8e-7156-44b3-a2ea-e58828650c64 of type geneve for network b84b15f8-ab98-4be5-b6e1-b0ee84c1e027
2026-06-30 23:26:11.807 9 INFO neutron.wsgi [None req-71cc5c4a-661d-4d61-8cec-c9c99b7bdb00 d3dc1c5db4e8424e92b7cac83dcba0a2 ac2f162e584e40a2b6f054806aff5e46 - - default default] 10.0.0.232 "GET /v2.0/security-groups?tenant_id=547ee59489c4446e866020911b59c06f&name=default HTTP/1.1" status: 200 len: 2996 time: 0.3545125
2026-06-30 23:26:11.933 10 INFO neutron.db.ovn_revision_numbers_db [None req-2cf29929-40e0-4134-93a5-43512e086f34 2e9269f54bf84c50af8d2b5cb87674a0 b78f31c6145e4ce084a13235d4060839 - - default default] Successfully bumped revision number for resource b84b15f8-ab98-4be5-b6e1-b0ee84c1e027 (type: networks) to 1
2026-06-30 23:26:12.088 9 INFO neutron.plugins.ml2.drivers.ovn.mech_driver.mech_driver [None req-2392d7d1-01b5-46cb-bd01-e4ccbc0b7c9e - - - - - -] OVN reports status up for port: 845b8fc6-a3a0-4a7c-b32d-df4e19d34c15
2026-06-30 23:26:12.099 9 INFO neutron.plugins.ml2.plugin [None req-2392d7d1-01b5-46cb-bd01-e4ccbc0b7c9e - - - - - -] Attempt 1 to provision port 845b8fc6-a3a0-4a7c-b32d-df4e19d34c15
2026-06-30 23:26:12.119 9 INFO neutron.wsgi [None req-b7e13b7d-ec16-4a68-9873-8ce793345730 d3dc1c5db4e8424e92b7cac83dcba0a2 ac2f162e584e40a2b6f054806aff5e46 - - default default] 10.0.0.232 "DELETE /v2.0/security-groups/a26a3982-3a08-46ad-ab65-91ff943cc514 HTTP/1.1" status: 204 len: 168 time: 0.3056200
2026-06-30 23:26:12.136 9 INFO neutron.db.ovn_revision_numbers_db [None req-e0245c4a-dada-4ff4-94ef-a42352d627b4 aac3ddf3958d4d7abf4ca992af16098b 53bd12413a6643a39f05283c3fe5a448 - - default default] Successfully bumped revision number for resource 845b8fc6-a3a0-4a7c-b32d-df4e19d34c15 (type: router_ports) to 1
2026-06-30 23:26:12.137 10 WARNING neutron.scheduler.dhcp_agent_scheduler [None req-2cf29929-40e0-4134-93a5-43512e086f34 2e9269f54bf84c50af8d2b5cb87674a0 b78f31c6145e4ce084a13235d4060839 - - default default] No more DHCP agents
2026-06-30 23:26:12.142 10 WARNING neutron.api.rpc.agentnotifiers.dhcp_rpc_agent_api [None req-2cf29929-40e0-4134-93a5-43512e086f34 2e9269f54bf84c50af8d2b5cb87674a0 b78f31c6145e4ce084a13235d4060839 - - default default] Unable to schedule network b84b15f8-ab98-4be5-b6e1-b0ee84c1e027: no agents available; will retry on subsequent port and subnet creation events.
2026-06-30 23:26:12.246 10 INFO neutron.db.ovn_revision_numbers_db [None req-2cf29929-40e0-4134-93a5-43512e086f34 2e9269f54bf84c50af8d2b5cb87674a0 b78f31c6145e4ce084a13235d4060839 - - default default] Successfully bumped revision number for resource e9f9cd90-a272-4803-af1d-e5cca7bca9ed (type: ports) to 1
2026-06-30 23:26:12.267 10 INFO neutron.wsgi [None req-2cf29929-40e0-4134-93a5-43512e086f34 2e9269f54bf84c50af8d2b5cb87674a0 b78f31c6145e4ce084a13235d4060839 - - default default] 10.0.0.232 "POST /v2.0/networks HTTP/1.1" status: 201 len: 848 time: 0.8050380
2026-06-30 23:26:12.334 9 INFO neutron.db.ovn_revision_numbers_db [None req-e0245c4a-dada-4ff4-94ef-a42352d627b4 aac3ddf3958d4d7abf4ca992af16098b 53bd12413a6643a39f05283c3fe5a448 - - default default] Successfully bumped revision number for resource 845b8fc6-a3a0-4a7c-b32d-df4e19d34c15 (type: ports) to 1
2026-06-30 23:26:12.393 10 INFO neutron.db.ovn_revision_numbers_db [None req-1068d4f7-19e1-4cba-af62-2a84a2f0bb35 d3dc1c5db4e8424e92b7cac83dcba0a2 ac2f162e584e40a2b6f054806aff5e46 - - default default] Successfully bumped revision number for resource 650d2567-ef17-4836-83b6-467ae4a11870 (type: security_groups) to 1
2026-06-30 23:26:12.417 9 WARNING neutron.scheduler.dhcp_agent_scheduler [None req-e0245c4a-dada-4ff4-94ef-a42352d627b4 aac3ddf3958d4d7abf4ca992af16098b 53bd12413a6643a39f05283c3fe5a448 - - default default] No more DHCP agents
2026-06-30 23:26:12.419 10 INFO neutron.db.ovn_revision_numbers_db [None req-1068d4f7-19e1-4cba-af62-2a84a2f0bb35 d3dc1c5db4e8424e92b7cac83dcba0a2 ac2f162e584e40a2b6f054806aff5e46 - - default default] Successfully bumped revision number for resource 0261e1ba-a013-46a2-b068-c4c879d2fc0c (type: security_group_rules) to 0
2026-06-30 23:26:12.419 9 WARNING neutron.api.rpc.agentnotifiers.dhcp_rpc_agent_api [None req-e0245c4a-dada-4ff4-94ef-a42352d627b4 aac3ddf3958d4d7abf4ca992af16098b 53bd12413a6643a39f05283c3fe5a448 - - default default] Unable to schedule network 3fbb8c00-3550-45ed-853b-68452ead546a: no agents available; will retry on subsequent port and subnet creation events.
2026-06-30 23:26:12.436 10 INFO neutron.db.ovn_revision_numbers_db [None req-1068d4f7-19e1-4cba-af62-2a84a2f0bb35 d3dc1c5db4e8424e92b7cac83dcba0a2 ac2f162e584e40a2b6f054806aff5e46 - - default default] Successfully bumped revision number for resource 9a83c18d-2058-4fad-bde3-e4e935976666 (type: security_group_rules) to 0
2026-06-30 23:26:12.447 10 INFO neutron.db.ovn_revision_numbers_db [None req-1068d4f7-19e1-4cba-af62-2a84a2f0bb35 d3dc1c5db4e8424e92b7cac83dcba0a2 ac2f162e584e40a2b6f054806aff5e46 - - default default] Successfully bumped revision number for resource ab1408a5-14be-4906-a947-23b2fdb89df9 (type: security_group_rules) to 0
2026-06-30 23:26:12.467 10 INFO neutron.db.ovn_revision_numbers_db [None req-1068d4f7-19e1-4cba-af62-2a84a2f0bb35 d3dc1c5db4e8424e92b7cac83dcba0a2 ac2f162e584e40a2b6f054806aff5e46 - - default default] Successfully bumped revision number for resource c2e3b8ef-84f2-47c3-831e-4e29ab735f00 (type: security_group_rules) to 0
2026-06-30 23:26:12.486 9 INFO neutron.db.ovn_revision_numbers_db [None req-2392d7d1-01b5-46cb-bd01-e4ccbc0b7c9e - - - - - -] Successfully bumped revision number for resource 845b8fc6-a3a0-4a7c-b32d-df4e19d34c15 (type: ports) to 2
2026-06-30 23:26:12.499 10 INFO neutron.wsgi [None req-1068d4f7-19e1-4cba-af62-2a84a2f0bb35 d3dc1c5db4e8424e92b7cac83dcba0a2 ac2f162e584e40a2b6f054806aff5e46 - - default default] 10.0.0.232 "GET /v2.0/security-groups?tenant_id=9a517e872d5e433a942848a1b99bb635&name=default HTTP/1.1" status: 200 len: 2996 time: 0.2673244
2026-06-30 23:26:12.523 10 WARNING neutron.scheduler.dhcp_agent_scheduler [None req-61fcf465-42f8-4ac1-9b0c-fe420fa95430 2e9269f54bf84c50af8d2b5cb87674a0 b78f31c6145e4ce084a13235d4060839 - - default default] No more DHCP agents
2026-06-30 23:26:12.525 10 WARNING neutron.api.rpc.agentnotifiers.dhcp_rpc_agent_api [None req-61fcf465-42f8-4ac1-9b0c-fe420fa95430 2e9269f54bf84c50af8d2b5cb87674a0 b78f31c6145e4ce084a13235d4060839 - - default default] Unable to schedule network b84b15f8-ab98-4be5-b6e1-b0ee84c1e027: no agents available; will retry on subsequent port and subnet creation events.
2026-06-30 23:26:12.549 10 INFO neutron.db.ovn_revision_numbers_db [None req-61fcf465-42f8-4ac1-9b0c-fe420fa95430 2e9269f54bf84c50af8d2b5cb87674a0 b78f31c6145e4ce084a13235d4060839 - - default default] Successfully bumped revision number for resource 4298063a-3083-4636-af86-13128bc83e41 (type: subnets) to 0
2026-06-30 23:26:12.564 10 INFO neutron.wsgi [None req-61fcf465-42f8-4ac1-9b0c-fe420fa95430 2e9269f54bf84c50af8d2b5cb87674a0 b78f31c6145e4ce084a13235d4060839 - - default default] 10.0.0.232 "POST /v2.0/subnets HTTP/1.1" status: 201 len: 802 time: 0.2925317
2026-06-30 23:26:12.852 10 INFO neutron.wsgi [req-65005e4f-f505-4e5a-afe7-932b75984f85 req-54563ec9-5ee6-406e-976a-245d396762e6 e442bb02bcf745df8fb30747f635bd0f 5a4be4c0b1f043f98f208d1532cfa4a8 - - bfe4387a9ec9444c80b17b3c2d7420c5 bfe4387a9ec9444c80b17b3c2d7420c5] 10.0.0.213 "GET /v2.0/ports?device_id=65c7a3c3-7d2f-46b6-8dc1-22565da84c1d HTTP/1.1" status: 200 len: 1409 time: 0.1682127
2026-06-30 23:26:12.887 9 INFO neutron.db.ovn_revision_numbers_db [None req-2392d7d1-01b5-46cb-bd01-e4ccbc0b7c9e - - - - - -] Successfully bumped revision number for resource 845b8fc6-a3a0-4a7c-b32d-df4e19d34c15 (type: router_ports) to 2
2026-06-30 23:26:12.889 9 INFO neutron.db.ovn_revision_numbers_db [None req-e0245c4a-dada-4ff4-94ef-a42352d627b4 aac3ddf3958d4d7abf4ca992af16098b 53bd12413a6643a39f05283c3fe5a448 - - default default] Successfully bumped revision number for resource 845b8fc6-a3a0-4a7c-b32d-df4e19d34c15 (type: router_ports) to 2
2026-06-30 23:26:12.891 9 INFO neutron.wsgi [None req-e0245c4a-dada-4ff4-94ef-a42352d627b4 aac3ddf3958d4d7abf4ca992af16098b 53bd12413a6643a39f05283c3fe5a448 - - default default] 10.0.0.232 "PUT /v2.0/routers/ab6ebfed-59ff-4bec-ae54-daeff190b7cb/add_router_interface HTTP/1.1" status: 200 len: 503 time: 1.9712145
2026-06-30 23:26:12.939 10 INFO neutron.wsgi [req-65005e4f-f505-4e5a-afe7-932b75984f85 req-cfd8c561-340f-4ea1-bf9e-768bdcb1a110 e442bb02bcf745df8fb30747f635bd0f 5a4be4c0b1f043f98f208d1532cfa4a8 - - bfe4387a9ec9444c80b17b3c2d7420c5 bfe4387a9ec9444c80b17b3c2d7420c5] 10.0.0.213 "GET /v2.0/security-groups?id=ab18b6ac-3ea9-4d6b-9510-6c91b3a645c1&fields=id&fields=name HTTP/1.1" status: 200 len: 312 time: 0.0762985
2026-06-30 23:26:13.022 9 INFO neutron.wsgi [None req-ee33bbfa-8209-452b-b80d-4cd098d3956c d3dc1c5db4e8424e92b7cac83dcba0a2 ac2f162e584e40a2b6f054806aff5e46 - - default default] 10.0.0.232 "DELETE /v2.0/security-groups/650d2567-ef17-4836-83b6-467ae4a11870 HTTP/1.1" status: 204 len: 168 time: 0.5078838
2026-06-30 23:26:13.049 10 INFO neutron.wsgi [None req-5c986f62-223c-4bbb-a52a-b45cee576037 aac3ddf3958d4d7abf4ca992af16098b 53bd12413a6643a39f05283c3fe5a448 - - default default] 10.0.0.232 "GET /v2.0/ports/845b8fc6-a3a0-4a7c-b32d-df4e19d34c15 HTTP/1.1" status: 200 len: 1137 time: 0.1528547
2026-06-30 23:26:13.100 10 INFO neutron.wsgi [None req-6255f534-e8e4-4cd5-8b44-19d8936dfd16 aac3ddf3958d4d7abf4ca992af16098b 53bd12413a6643a39f05283c3fe5a448 - - default default] 10.0.0.232 "GET /v2.0/ports/845b8fc6-a3a0-4a7c-b32d-df4e19d34c15 HTTP/1.1" status: 200 len: 1137 time: 0.0428526
2026-06-30 23:26:13.159 10 WARNING neutron.scheduler.dhcp_agent_scheduler [None req-1f7e737c-efef-4388-997e-ba43615543ef 2e9269f54bf84c50af8d2b5cb87674a0 b78f31c6145e4ce084a13235d4060839 - - default default] No more DHCP agents
