2026-06-30 23:21:33.250 10 INFO neutron.wsgi [None req-6890c6c1-9eaa-4537-8cf5-939b547f6b75 d3dc1c5db4e8424e92b7cac83dcba0a2 ac2f162e584e40a2b6f054806aff5e46 - - default default] 10.0.0.180 "GET /v2.0/ports HTTP/1.1" status: 200 len: 5347 time: 0.0379243
2026-06-30 23:21:33.276 10 INFO neutron.wsgi [None req-fa87ab3b-2ff0-4d89-86af-3f96ee0f4f79 d3dc1c5db4e8424e92b7cac83dcba0a2 ac2f162e584e40a2b6f054806aff5e46 - - default default] 10.0.0.180 "GET /v2.0/routers HTTP/1.1" status: 200 len: 189 time: 0.0223939
2026-06-30 23:21:33.286 10 INFO neutron.wsgi [None req-0318ceb2-a2f0-4c23-a0b0-0b02d8f63b26 d3dc1c5db4e8424e92b7cac83dcba0a2 ac2f162e584e40a2b6f054806aff5e46 - - default default] 10.0.0.180 "GET /v2.0/agents?binary=ovn-controller HTTP/1.1" status: 200 len: 591 time: 0.0090671
2026-06-30 23:21:33.335 10 INFO neutron.wsgi [None req-d65c0dc1-32c7-4a93-b0b2-732a41aaca6d d3dc1c5db4e8424e92b7cac83dcba0a2 ac2f162e584e40a2b6f054806aff5e46 - - default default] 10.0.0.180 "GET /v2.0/networks HTTP/1.1" status: 200 len: 2350 time: 0.0491452
2026-06-30 23:21:40.966 9 INFO neutron.wsgi [-] 10.0.0.96 "GET / HTTP/1.1" status: 200 len: 247 time: 0.0041420
2026-06-30 23:21:40.968 9 INFO neutron.wsgi [-] 10.0.0.96 "GET / HTTP/1.1" status: 200 len: 247 time: 0.0012131
2026-06-30 23:21:44.954 10 INFO neutron.wsgi [None req-5c6d555b-e2a4-4b5e-8dba-0adb8234de44 d3dc1c5db4e8424e92b7cac83dcba0a2 ac2f162e584e40a2b6f054806aff5e46 - - default default] 199.204.45.57,10.0.0.96 "GET /v2.0/networks HTTP/1.1" status: 200 len: 2350 time: 0.1059451
2026-06-30 23:21:45.873 9 INFO neutron.wsgi [None req-29ed3681-6b61-41e6-bcf3-182a24f45bff d3dc1c5db4e8424e92b7cac83dcba0a2 ac2f162e584e40a2b6f054806aff5e46 - - default default] 199.204.45.57,10.0.0.96 "GET /v2.0/subnets HTTP/1.1" status: 200 len: 1437 time: 0.1201816
2026-06-30 23:21:45.922 9 INFO neutron.wsgi [None req-6557b6e9-8718-4d97-a42f-f3c3d5d55b67 d3dc1c5db4e8424e92b7cac83dcba0a2 ac2f162e584e40a2b6f054806aff5e46 - - default default] 199.204.45.57,10.0.0.96 "GET /v2.0/networks HTTP/1.1" status: 200 len: 2350 time: 0.0449491
2026-06-30 23:21:46.893 9 INFO neutron.wsgi [None req-0c2a4b31-e318-415d-8a17-2179667889d8 d3dc1c5db4e8424e92b7cac83dcba0a2 ac2f162e584e40a2b6f054806aff5e46 - - default default] 199.204.45.57,10.0.0.96 "GET /v2.0/security-groups?tenant_id=ac2f162e584e40a2b6f054806aff5e46 HTTP/1.1" status: 200 len: 10157 time: 0.0866761
2026-06-30 23:21:47.852 9 INFO neutron.wsgi [None req-8248b73a-bf90-4df3-9552-0aff45466d8f d3dc1c5db4e8424e92b7cac83dcba0a2 ac2f162e584e40a2b6f054806aff5e46 - - default default] 199.204.45.57,10.0.0.96 "GET /v2.0/security-groups?tenant_id=ac2f162e584e40a2b6f054806aff5e46 HTTP/1.1" status: 200 len: 10157 time: 0.0735326
2026-06-30 23:21:48.667 10 INFO neutron.wsgi [None req-68b4c451-e130-4c2b-bd23-a0780b8103c6 d3dc1c5db4e8424e92b7cac83dcba0a2 ac2f162e584e40a2b6f054806aff5e46 - - default default] 199.204.45.57,10.0.0.96 "GET /v2.0/security-groups?tenant_id=ac2f162e584e40a2b6f054806aff5e46 HTTP/1.1" status: 200 len: 10157 time: 0.0806699
2026-06-30 23:21:49.483 9 INFO neutron.wsgi [None req-063b03e3-e887-43c8-90eb-5f411e859dc1 d3dc1c5db4e8424e92b7cac83dcba0a2 ac2f162e584e40a2b6f054806aff5e46 - - default default] 199.204.45.57,10.0.0.96 "GET /v2.0/security-groups?tenant_id=ac2f162e584e40a2b6f054806aff5e46 HTTP/1.1" status: 200 len: 10157 time: 0.0768111
2026-06-30 23:21:50.310 9 INFO neutron.wsgi [None req-6e7aa04d-caae-488f-bd6d-757de90b8d41 d3dc1c5db4e8424e92b7cac83dcba0a2 ac2f162e584e40a2b6f054806aff5e46 - - default default] 199.204.45.57,10.0.0.96 "GET /v2.0/security-groups?tenant_id=ac2f162e584e40a2b6f054806aff5e46 HTTP/1.1" status: 200 len: 10157 time: 0.0659311
2026-06-30 23:21:51.143 10 INFO neutron.wsgi [None req-3efab64c-2084-4a12-9fb8-14e483ac8c1c d3dc1c5db4e8424e92b7cac83dcba0a2 ac2f162e584e40a2b6f054806aff5e46 - - default default] 199.204.45.57,10.0.0.96 "GET /v2.0/security-groups?tenant_id=ac2f162e584e40a2b6f054806aff5e46 HTTP/1.1" status: 200 len: 10157 time: 0.0872514
2026-06-30 23:21:52.192 10 INFO neutron.wsgi [None req-9e084a0b-9f37-4804-9234-746bfa1fad64 d3dc1c5db4e8424e92b7cac83dcba0a2 ac2f162e584e40a2b6f054806aff5e46 - - default default] 199.204.45.57,10.0.0.96 "GET /v2.0/security-groups HTTP/1.1" status: 200 len: 16799 time: 0.0942075
2026-06-30 23:21:52.239 10 INFO neutron.wsgi [None req-1523d030-5ce1-49d7-a4a4-01631293b8cd d3dc1c5db4e8424e92b7cac83dcba0a2 ac2f162e584e40a2b6f054806aff5e46 - - default default] 199.204.45.57,10.0.0.96 "GET /v2.0/ports HTTP/1.1" status: 200 len: 5347 time: 0.0391505
2026-06-30 23:21:55.964 9 INFO neutron.wsgi [-] 10.0.0.96 "GET / HTTP/1.1" status: 200 len: 247 time: 0.0028024
2026-06-30 23:21:55.965 10 INFO neutron.wsgi [-] 10.0.0.96 "GET / HTTP/1.1" status: 200 len: 247 time: 0.0036964
2026-06-30 23:21:58.351 9 INFO neutron.pecan_wsgi.hooks.translation [None req-73b62a32-4f88-49ee-8173-f9545fb39bcb d3dc1c5db4e8424e92b7cac83dcba0a2 ac2f162e584e40a2b6f054806aff5e46 - - default default] GET failed (client error): The resource could not be found.
2026-06-30 23:21:58.352 9 INFO neutron.wsgi [None req-73b62a32-4f88-49ee-8173-f9545fb39bcb d3dc1c5db4e8424e92b7cac83dcba0a2 ac2f162e584e40a2b6f054806aff5e46 - - default default] 199.204.45.57,10.0.0.96 "GET /v2.0/ports/octavia-health-manager-port-instance HTTP/1.1" status: 404 len: 314 time: 0.0533581
2026-06-30 23:21:58.384 9 INFO neutron.wsgi [None req-73416ab3-bd41-4e84-98ad-278cc71c5a8d d3dc1c5db4e8424e92b7cac83dcba0a2 ac2f162e584e40a2b6f054806aff5e46 - - default default] 199.204.45.57,10.0.0.96 "GET /v2.0/ports?name=octavia-health-manager-port-instance HTTP/1.1" status: 200 len: 1395 time: 0.0266938
2026-06-30 23:21:59.825 9 INFO neutron.wsgi [None req-cc49dbdb-2bf4-46cb-aa06-48bb55febe3e d3dc1c5db4e8424e92b7cac83dcba0a2 ac2f162e584e40a2b6f054806aff5e46 - - default default] 199.204.45.57,10.0.0.96 "GET /v2.0/ports HTTP/1.1" status: 200 len: 5347 time: 0.0958650
2026-06-30 23:22:00.789 9 INFO neutron.wsgi [None req-912d7822-7785-44a4-aa5e-1bb164ff7d29 d3dc1c5db4e8424e92b7cac83dcba0a2 ac2f162e584e40a2b6f054806aff5e46 - - default default] 199.204.45.57,10.0.0.96 "GET /v2.0/security-groups?tenant_id=ac2f162e584e40a2b6f054806aff5e46 HTTP/1.1" status: 200 len: 10157 time: 0.0829613
2026-06-30 23:22:01.697 9 INFO neutron.wsgi [None req-91c63bb4-75be-4676-a48e-d9faf32c70d0 d3dc1c5db4e8424e92b7cac83dcba0a2 ac2f162e584e40a2b6f054806aff5e46 - - default default] 199.204.45.57,10.0.0.96 "GET /v2.0/security-groups?tenant_id=ac2f162e584e40a2b6f054806aff5e46 HTTP/1.1" status: 200 len: 10157 time: 0.0671880
2026-06-30 23:22:02.516 10 INFO neutron.wsgi [None req-67f961db-d3dd-4a38-8d0c-301c77b52464 d3dc1c5db4e8424e92b7cac83dcba0a2 ac2f162e584e40a2b6f054806aff5e46 - - default default] 199.204.45.57,10.0.0.96 "GET /v2.0/security-groups?tenant_id=ac2f162e584e40a2b6f054806aff5e46 HTTP/1.1" status: 200 len: 10157 time: 0.0834959
2026-06-30 23:22:10.965 9 INFO neutron.wsgi [-] 10.0.0.96 "GET / HTTP/1.1" status: 200 len: 247 time: 0.0033135
2026-06-30 23:22:10.968 9 INFO neutron.wsgi [-] 10.0.0.96 "GET / HTTP/1.1" status: 200 len: 247 time: 0.0019894
2026-06-30 23:22:13.236 10 INFO neutron.wsgi [None req-d9884e7e-f287-47b5-9265-8aba07b48397 d3dc1c5db4e8424e92b7cac83dcba0a2 ac2f162e584e40a2b6f054806aff5e46 - - default default] 199.204.45.57,10.0.0.96 "GET /v2.0/quotas/ac2f162e584e40a2b6f054806aff5e46 HTTP/1.1" status: 200 len: 361 time: 0.0201230
2026-06-30 23:22:25.964 10 INFO neutron.wsgi [-] 10.0.0.96 "GET / HTTP/1.1" status: 200 len: 247 time: 0.0015066
2026-06-30 23:22:25.965 9 INFO neutron.wsgi [-] 10.0.0.96 "GET / HTTP/1.1" status: 200 len: 247 time: 0.0035923
2026-06-30 23:22:32.958 10 INFO neutron.wsgi [None req-e784eba7-e986-418a-bc99-b2745b903386 d3dc1c5db4e8424e92b7cac83dcba0a2 ac2f162e584e40a2b6f054806aff5e46 - - default default] 10.0.0.180 "GET /v2.0/networks HTTP/1.1" status: 200 len: 2350 time: 0.1178658
2026-06-30 23:22:32.994 10 INFO neutron.wsgi [None req-7731b724-b4f3-47f0-8daf-505944608bfb d3dc1c5db4e8424e92b7cac83dcba0a2 ac2f162e584e40a2b6f054806aff5e46 - - default default] 10.0.0.180 "GET /v2.0/floatingips HTTP/1.1" status: 200 len: 193 time: 0.0339897
2026-06-30 23:22:33.044 10 INFO neutron.wsgi [None req-bd1b4ba6-0399-4123-be95-4e09f0795c0f d3dc1c5db4e8424e92b7cac83dcba0a2 ac2f162e584e40a2b6f054806aff5e46 - - default default] 10.0.0.180 "GET /v2.0/security-groups HTTP/1.1" status: 200 len: 16799 time: 0.0496619
2026-06-30 23:22:33.075 10 INFO neutron.wsgi [None req-6d8119b8-6bde-4571-845b-b51c53fd9dab d3dc1c5db4e8424e92b7cac83dcba0a2 ac2f162e584e40a2b6f054806aff5e46 - - default default] 10.0.0.180 "GET /v2.0/routers HTTP/1.1" status: 200 len: 189 time: 0.0238543
2026-06-30 23:22:33.114 10 INFO neutron.wsgi [None req-ede862d3-e213-4f33-bfff-9933368c4a32 d3dc1c5db4e8424e92b7cac83dcba0a2 ac2f162e584e40a2b6f054806aff5e46 - - default default] 10.0.0.180 "GET /v2.0/agents?binary=ovn-controller HTTP/1.1" status: 200 len: 591 time: 0.0381701
2026-06-30 23:22:33.132 10 INFO neutron.wsgi [None req-e8907480-f0a2-4d6f-bc0a-8c6fa80aa48d d3dc1c5db4e8424e92b7cac83dcba0a2 ac2f162e584e40a2b6f054806aff5e46 - - default default] 10.0.0.180 "GET /v2.0/agents HTTP/1.1" status: 200 len: 997 time: 0.0167391
2026-06-30 23:22:33.144 10 INFO neutron.wsgi [None req-e21ead76-261b-4120-a8af-e0838e58cfc8 d3dc1c5db4e8424e92b7cac83dcba0a2 ac2f162e584e40a2b6f054806aff5e46 - - default default] 10.0.0.180 "GET /v2.0/network-ip-availabilities HTTP/1.1" status: 200 len: 1280 time: 0.0114880
2026-06-30 23:22:33.184 10 INFO neutron.wsgi [None req-f1ce68a0-085f-4a57-ab02-f49c57955d37 d3dc1c5db4e8424e92b7cac83dcba0a2 ac2f162e584e40a2b6f054806aff5e46 - - default default] 10.0.0.180 "GET /v2.0/subnets HTTP/1.1" status: 200 len: 1437 time: 0.0386133
2026-06-30 23:22:33.225 10 INFO neutron.wsgi [None req-c6a885ba-02bb-47e5-9eeb-978ab1b5a748 d3dc1c5db4e8424e92b7cac83dcba0a2 ac2f162e584e40a2b6f054806aff5e46 - - default default] 10.0.0.180 "GET /v2.0/ports HTTP/1.1" status: 200 len: 5347 time: 0.0397649
2026-06-30 23:22:33.258 10 INFO neutron.wsgi [None req-fe454330-8faa-4491-a7fb-bca6d0dec7d2 d3dc1c5db4e8424e92b7cac83dcba0a2 ac2f162e584e40a2b6f054806aff5e46 - - default default] 10.0.0.180 "GET /v2.0/subnets HTTP/1.1" status: 200 len: 1437 time: 0.0293965
2026-06-30 23:22:33.267 10 INFO neutron.wsgi [None req-5a874fab-16ca-45b9-ad25-c345c7613111 d3dc1c5db4e8424e92b7cac83dcba0a2 ac2f162e584e40a2b6f054806aff5e46 - - default default] 10.0.0.180 "GET /v2.0/subnetpools HTTP/1.1" status: 200 len: 193 time: 0.0076723
2026-06-30 23:22:40.963 9 INFO neutron.wsgi [-] 10.0.0.96 "GET / HTTP/1.1" status: 200 len: 247 time: 0.0013371
2026-06-30 23:22:40.965 9 INFO neutron.wsgi [-] 10.0.0.96 "GET / HTTP/1.1" status: 200 len: 247 time: 0.0008991
2026-06-30 23:22:55.963 9 INFO neutron.wsgi [-] 10.0.0.96 "GET / HTTP/1.1" status: 200 len: 247 time: 0.0017140
2026-06-30 23:22:55.964 10 INFO neutron.wsgi [-] 10.0.0.96 "GET / HTTP/1.1" status: 200 len: 247 time: 0.0017586
2026-06-30 23:23:01.260 10 INFO neutron.wsgi [None req-52dc2e8f-6225-499f-85bd-a298feab1be0 d3dc1c5db4e8424e92b7cac83dcba0a2 ac2f162e584e40a2b6f054806aff5e46 - - default default] 199.204.45.57,10.0.0.96 "GET /v2.0/security-groups?tenant_id=5a4be4c0b1f043f98f208d1532cfa4a8 HTTP/1.1" status: 200 len: 6838 time: 0.1030223
2026-06-30 23:23:02.221 9 INFO neutron.wsgi [None req-f0445656-1037-4793-b498-40099206e08f d3dc1c5db4e8424e92b7cac83dcba0a2 ac2f162e584e40a2b6f054806aff5e46 - - default default] 199.204.45.57,10.0.0.96 "GET /v2.0/security-groups?tenant_id=5a4be4c0b1f043f98f208d1532cfa4a8 HTTP/1.1" status: 200 len: 6838 time: 0.1097138
2026-06-30 23:23:03.100 10 INFO neutron.wsgi [None req-c8541656-7d37-4426-a1e3-034c76de0ee3 d3dc1c5db4e8424e92b7cac83dcba0a2 ac2f162e584e40a2b6f054806aff5e46 - - default default] 199.204.45.57,10.0.0.96 "GET /v2.0/security-groups?tenant_id=5a4be4c0b1f043f98f208d1532cfa4a8 HTTP/1.1" status: 200 len: 6838 time: 0.0679338
2026-06-30 23:23:03.962 9 INFO neutron.wsgi [None req-33312073-48b5-4fcf-b7cc-7db7b171b8ed d3dc1c5db4e8424e92b7cac83dcba0a2 ac2f162e584e40a2b6f054806aff5e46 - - default default] 199.204.45.57,10.0.0.96 "GET /v2.0/security-groups?tenant_id=5a4be4c0b1f043f98f208d1532cfa4a8 HTTP/1.1" status: 200 len: 6838 time: 0.0773349
2026-06-30 23:23:04.856 9 INFO neutron.wsgi [None req-4c50071c-fd8a-476b-a42e-5c6cca01ff61 d3dc1c5db4e8424e92b7cac83dcba0a2 ac2f162e584e40a2b6f054806aff5e46 - - default default] 199.204.45.57,10.0.0.96 "GET /v2.0/security-groups?tenant_id=5a4be4c0b1f043f98f208d1532cfa4a8 HTTP/1.1" status: 200 len: 6838 time: 0.0687566
2026-06-30 23:23:10.964 9 INFO neutron.wsgi [-] 10.0.0.96 "GET / HTTP/1.1" status: 200 len: 247 time: 0.0017695
2026-06-30 23:23:10.966 10 INFO neutron.wsgi [-] 10.0.0.96 "GET / HTTP/1.1" status: 200 len: 247 time: 0.0033662
2026-06-30 23:23:11.635 9 INFO neutron.wsgi [None req-90f91eb7-edaa-4318-96dd-3d3aaf5314b8 d3dc1c5db4e8424e92b7cac83dcba0a2 ac2f162e584e40a2b6f054806aff5e46 - - default default] 199.204.45.57,10.0.0.96 "GET /v2.0/quotas/5a4be4c0b1f043f98f208d1532cfa4a8 HTTP/1.1" status: 200 len: 361 time: 0.0106997
2026-06-30 23:23:25.964 9 INFO neutron.wsgi [-] 10.0.0.96 "GET / HTTP/1.1" status: 200 len: 247 time: 0.0023367
2026-06-30 23:23:25.968 9 INFO neutron.wsgi [-] 10.0.0.96 "GET / HTTP/1.1" status: 200 len: 247 time: 0.0022061
2026-06-30 23:23:32.895 10 INFO neutron.wsgi [None req-36fecb95-812b-4952-ac2b-f31e74ceb270 d3dc1c5db4e8424e92b7cac83dcba0a2 ac2f162e584e40a2b6f054806aff5e46 - - default default] 10.0.0.180 "GET /v2.0/floatingips HTTP/1.1" status: 200 len: 193 time: 0.0666292
2026-06-30 23:23:32.962 10 INFO neutron.wsgi [None req-a2719a4f-3691-45d5-a5e8-5cc7edb6c130 d3dc1c5db4e8424e92b7cac83dcba0a2 ac2f162e584e40a2b6f054806aff5e46 - - default default] 10.0.0.180 "GET /v2.0/networks HTTP/1.1" status: 200 len: 2350 time: 0.0666463
2026-06-30 23:23:32.993 10 INFO neutron.wsgi [None req-2cb1054b-3287-44df-a4ca-804a392ae3ae d3dc1c5db4e8424e92b7cac83dcba0a2 ac2f162e584e40a2b6f054806aff5e46 - - default default] 10.0.0.180 "GET /v2.0/ports HTTP/1.1" status: 200 len: 5347 time: 0.0285792
2026-06-30 23:23:33.024 10 INFO neutron.wsgi [None req-0f8b2a4a-90c1-42c0-80d4-82eb18e210ee d3dc1c5db4e8424e92b7cac83dcba0a2 ac2f162e584e40a2b6f054806aff5e46 - - default default] 10.0.0.180 "GET /v2.0/routers HTTP/1.1" status: 200 len: 189 time: 0.0252631
2026-06-30 23:23:33.056 10 INFO neutron.wsgi [None req-5f2b4492-ca4f-48e8-97db-b6f0e2e7f35b d3dc1c5db4e8424e92b7cac83dcba0a2 ac2f162e584e40a2b6f054806aff5e46 - - default default] 10.0.0.180 "GET /v2.0/agents?binary=ovn-controller HTTP/1.1" status: 200 len: 591 time: 0.0309105
2026-06-30 23:23:33.085 10 INFO neutron.wsgi [None req-082bc337-2a1e-462e-b578-069195dbadc0 d3dc1c5db4e8424e92b7cac83dcba0a2 ac2f162e584e40a2b6f054806aff5e46 - - default default] 10.0.0.180 "GET /v2.0/subnets HTTP/1.1" status: 200 len: 1437 time: 0.0276482
2026-06-30 23:23:33.098 10 INFO neutron.wsgi [None req-50b0f71f-2770-4e85-b4b1-a5e0bac1a439 d3dc1c5db4e8424e92b7cac83dcba0a2 ac2f162e584e40a2b6f054806aff5e46 - - default default] 10.0.0.180 "GET /v2.0/agents HTTP/1.1" status: 200 len: 997 time: 0.0111313
2026-06-30 23:23:33.136 10 INFO neutron.wsgi [None req-475a5e90-1a56-484d-8e21-abf46b5515cd d3dc1c5db4e8424e92b7cac83dcba0a2 ac2f162e584e40a2b6f054806aff5e46 - - default default] 10.0.0.180 "GET /v2.0/subnets HTTP/1.1" status: 200 len: 1437 time: 0.0371854
2026-06-30 23:23:33.154 10 INFO neutron.wsgi [None req-8050bebc-2dd2-4441-a731-817a9256320f d3dc1c5db4e8424e92b7cac83dcba0a2 ac2f162e584e40a2b6f054806aff5e46 - - default default] 10.0.0.180 "GET /v2.0/subnetpools HTTP/1.1" status: 200 len: 193 time: 0.0162606
2026-06-30 23:23:33.208 10 INFO neutron.wsgi [None req-9f0102d2-509a-4d2f-bbfc-6e0f0d09d34f d3dc1c5db4e8424e92b7cac83dcba0a2 ac2f162e584e40a2b6f054806aff5e46 - - default default] 10.0.0.180 "GET /v2.0/security-groups HTTP/1.1" status: 200 len: 16799 time: 0.0526793
2026-06-30 23:23:33.229 10 INFO neutron.wsgi [None req-af4ce7f7-c910-47bd-b894-c4bc78b5598d d3dc1c5db4e8424e92b7cac83dcba0a2 ac2f162e584e40a2b6f054806aff5e46 - - default default] 10.0.0.180 "GET /v2.0/network-ip-availabilities HTTP/1.1" status: 200 len: 1280 time: 0.0132442
2026-06-30 23:23:40.964 9 INFO neutron.wsgi [-] 10.0.0.96 "GET / HTTP/1.1" status: 200 len: 247 time: 0.0024004
2026-06-30 23:23:40.964 10 INFO neutron.wsgi [-] 10.0.0.96 "GET / HTTP/1.1" status: 200 len: 247 time: 0.0024781
2026-06-30 23:23:55.965 9 INFO neutron.wsgi [-] 10.0.0.96 "GET / HTTP/1.1" status: 200 len: 247 time: 0.0023599
2026-06-30 23:23:55.966 10 INFO neutron.wsgi [-] 10.0.0.96 "GET / HTTP/1.1" status: 200 len: 247 time: 0.0031528
2026-06-30 23:24:02.444 10 INFO neutron.wsgi [None req-8c5f6b29-3403-47b4-9a05-e13471f97f83 d3dc1c5db4e8424e92b7cac83dcba0a2 ac2f162e584e40a2b6f054806aff5e46 - - default default] 199.204.45.57,10.0.0.96 "GET /v2.0/networks HTTP/1.1" status: 200 len: 2350 time: 0.0941820
2026-06-30 23:24:10.963 9 INFO neutron.wsgi [-] 10.0.0.96 "GET / HTTP/1.1" status: 200 len: 247 time: 0.0012987
2026-06-30 23:24:10.964 10 INFO neutron.wsgi [-] 10.0.0.96 "GET / HTTP/1.1" status: 200 len: 247 time: 0.0023403
2026-06-30 23:24:25.964 10 INFO neutron.wsgi [-] 10.0.0.96 "GET / HTTP/1.1" status: 200 len: 247 time: 0.0022717
2026-06-30 23:24:25.965 9 INFO neutron.wsgi [-] 10.0.0.96 "GET / HTTP/1.1" status: 200 len: 247 time: 0.0026698
2026-06-30 23:24:32.985 10 INFO neutron.wsgi [None req-65ea5c3b-8a76-4f46-841e-0041cf4c5c8a d3dc1c5db4e8424e92b7cac83dcba0a2 ac2f162e584e40a2b6f054806aff5e46 - - default default] 10.0.0.180 "GET /v2.0/floatingips HTTP/1.1" status: 200 len: 193 time: 0.1137292
2026-06-30 23:24:33.015 10 INFO neutron.wsgi [None req-c5893db0-6743-416d-a27f-278443bd01a9 d3dc1c5db4e8424e92b7cac83dcba0a2 ac2f162e584e40a2b6f054806aff5e46 - - default default] 10.0.0.180 "GET /v2.0/subnets HTTP/1.1" status: 200 len: 1437 time: 0.0289235
2026-06-30 23:24:33.042 10 INFO neutron.wsgi [None req-c84f8ab9-66b3-45fc-8208-924dc847f8bf d3dc1c5db4e8424e92b7cac83dcba0a2 ac2f162e584e40a2b6f054806aff5e46 - - default default] 10.0.0.180 "GET /v2.0/agents HTTP/1.1" status: 200 len: 997 time: 0.0259342
2026-06-30 23:24:33.069 10 INFO neutron.wsgi [None req-3006835a-f9fe-41e4-8c27-a1a0c8952f9f d3dc1c5db4e8424e92b7cac83dcba0a2 ac2f162e584e40a2b6f054806aff5e46 - - default default] 10.0.0.180 "GET /v2.0/subnets HTTP/1.1" status: 200 len: 1437 time: 0.0257511
2026-06-30 23:24:33.078 10 INFO neutron.wsgi [None req-beea2421-98e6-45d2-b40a-9e9b7aa228df d3dc1c5db4e8424e92b7cac83dcba0a2 ac2f162e584e40a2b6f054806aff5e46 - - default default] 10.0.0.180 "GET /v2.0/subnetpools HTTP/1.1" status: 200 len: 193 time: 0.0082176
2026-06-30 23:24:33.124 10 INFO neutron.wsgi [None req-e62e0ed9-a5eb-4056-a343-d6e96854f921 d3dc1c5db4e8424e92b7cac83dcba0a2 ac2f162e584e40a2b6f054806aff5e46 - - default default] 10.0.0.180 "GET /v2.0/security-groups HTTP/1.1" status: 200 len: 16799 time: 0.0451152
2026-06-30 23:24:33.152 10 INFO neutron.wsgi [None req-0c25c7b2-b076-4e30-9d8c-45159d417ea0 d3dc1c5db4e8424e92b7cac83dcba0a2 ac2f162e584e40a2b6f054806aff5e46 - - default default] 10.0.0.180 "GET /v2.0/routers HTTP/1.1" status: 200 len: 189 time: 0.0218318
2026-06-30 23:24:33.163 10 INFO neutron.wsgi [None req-abdb432f-55e6-4cb5-8ebb-4c012e8256b6 d3dc1c5db4e8424e92b7cac83dcba0a2 ac2f162e584e40a2b6f054806aff5e46 - - default default] 10.0.0.180 "GET /v2.0/agents?binary=ovn-controller HTTP/1.1" status: 200 len: 591 time: 0.0087912
2026-06-30 23:24:33.286 10 INFO neutron.wsgi [None req-14796500-8824-4fa7-8406-1bc721c7ac63 d3dc1c5db4e8424e92b7cac83dcba0a2 ac2f162e584e40a2b6f054806aff5e46 - - default default] 10.0.0.180 "GET /v2.0/networks HTTP/1.1" status: 200 len: 2350 time: 0.1208837
2026-06-30 23:24:33.323 10 INFO neutron.wsgi [None req-2ad71f04-ae7b-4638-8d2c-d00ee9543ab3 d3dc1c5db4e8424e92b7cac83dcba0a2 ac2f162e584e40a2b6f054806aff5e46 - - default default] 10.0.0.180 "GET /v2.0/ports HTTP/1.1" status: 200 len: 5347 time: 0.0323753
2026-06-30 23:24:33.340 10 INFO neutron.wsgi [None req-e6ffcae4-05a8-4568-bb3b-84f20f0ada60 d3dc1c5db4e8424e92b7cac83dcba0a2 ac2f162e584e40a2b6f054806aff5e46 - - default default] 10.0.0.180 "GET /v2.0/network-ip-availabilities HTTP/1.1" status: 200 len: 1280 time: 0.0123460
2026-06-30 23:24:40.928 10 INFO neutron.wsgi [None req-26c75ee0-533a-4707-918b-fb53383dea50 d3dc1c5db4e8424e92b7cac83dcba0a2 ac2f162e584e40a2b6f054806aff5e46 - - default default] 10.0.0.232 "GET /v2.0/networks HTTP/1.1" status: 200 len: 2369 time: 0.0930595
2026-06-30 23:24:40.965 9 INFO neutron.wsgi [-] 10.0.0.96 "GET / HTTP/1.1" status: 200 len: 247 time: 0.0024953
2026-06-30 23:24:40.965 10 INFO neutron.wsgi [-] 10.0.0.96 "GET / HTTP/1.1" status: 200 len: 247 time: 0.0025256
2026-06-30 23:24:42.079 9 INFO neutron.wsgi [None req-077bce15-1b56-4eb3-9b16-98ec662dfe99 d3dc1c5db4e8424e92b7cac83dcba0a2 ac2f162e584e40a2b6f054806aff5e46 - - default default] 10.0.0.232 "GET /v2.0/floatingips HTTP/1.1" status: 200 len: 212 time: 0.0329759
2026-06-30 23:24:42.130 9 INFO neutron.wsgi [None req-dfc30a8f-dbcd-4af5-a067-696b91d3e0ed d3dc1c5db4e8424e92b7cac83dcba0a2 ac2f162e584e40a2b6f054806aff5e46 - - default default] 10.0.0.232 "GET /v2.0/routers HTTP/1.1" status: 200 len: 208 time: 0.0463743
2026-06-30 23:24:42.176 9 INFO neutron.wsgi [None req-8279d077-3c1b-4b59-96dc-77b792faddd0 d3dc1c5db4e8424e92b7cac83dcba0a2 ac2f162e584e40a2b6f054806aff5e46 - - default default] 10.0.0.232 "GET /v2.0/ports HTTP/1.1" status: 200 len: 5366 time: 0.0407636
2026-06-30 23:24:42.208 9 INFO neutron.wsgi [None req-ae7f216f-3fc5-4961-a0d8-d0d76bfbeb5a d3dc1c5db4e8424e92b7cac83dcba0a2 ac2f162e584e40a2b6f054806aff5e46 - - default default] 10.0.0.232 "GET /v2.0/subnets HTTP/1.1" status: 200 len: 1456 time: 0.0276320
2026-06-30 23:24:42.269 9 INFO neutron.wsgi [None req-90f96b84-68d3-4db6-b558-f1e5c8387416 d3dc1c5db4e8424e92b7cac83dcba0a2 ac2f162e584e40a2b6f054806aff5e46 - - default default] 10.0.0.232 "GET /v2.0/networks HTTP/1.1" status: 200 len: 2369 time: 0.0575371
2026-06-30 23:24:42.325 9 INFO neutron.wsgi [None req-50de0812-c77c-4c15-81fd-7c8ffc805a02 d3dc1c5db4e8424e92b7cac83dcba0a2 ac2f162e584e40a2b6f054806aff5e46 - - default default] 10.0.0.232 "GET /v2.0/security-groups HTTP/1.1" status: 200 len: 16818 time: 0.0495934
2026-06-30 23:24:42.340 9 INFO neutron.wsgi [None req-21b6bf31-e7a2-4432-8d51-fc98eda5f57f d3dc1c5db4e8424e92b7cac83dcba0a2 ac2f162e584e40a2b6f054806aff5e46 - - default default] 10.0.0.232 "GET /v2.0/subnetpools HTTP/1.1" status: 200 len: 212 time: 0.0102170
2026-06-30 23:24:53.196 9 INFO neutron.db.ovn_revision_numbers_db [None req-eada0e5f-3400-4618-8a42-3c7c7801666a d3dc1c5db4e8424e92b7cac83dcba0a2 ac2f162e584e40a2b6f054806aff5e46 - - default default] Successfully bumped revision number for resource 9b0c40e2-a6f0-48f9-b9a8-3fb1ce6131e1 (type: security_groups) to 1
2026-06-30 23:24:53.214 9 INFO neutron.db.ovn_revision_numbers_db [None req-eada0e5f-3400-4618-8a42-3c7c7801666a d3dc1c5db4e8424e92b7cac83dcba0a2 ac2f162e584e40a2b6f054806aff5e46 - - default default] Successfully bumped revision number for resource 609afc09-8031-4d33-a5ac-47868112937d (type: security_group_rules) to 0
2026-06-30 23:24:53.217 10 INFO neutron.db.ovn_revision_numbers_db [None req-57e32e43-274c-41ca-8cbf-79225e196f4a d3dc1c5db4e8424e92b7cac83dcba0a2 ac2f162e584e40a2b6f054806aff5e46 - - default default] Successfully bumped revision number for resource f96ce266-3acf-4c34-8c03-500d9547316f (type: security_groups) to 1
2026-06-30 23:24:53.233 10 INFO neutron.db.ovn_revision_numbers_db [None req-57e32e43-274c-41ca-8cbf-79225e196f4a d3dc1c5db4e8424e92b7cac83dcba0a2 ac2f162e584e40a2b6f054806aff5e46 - - default default] Successfully bumped revision number for resource 4c952410-5b01-48c7-a57c-69995bde64c1 (type: security_group_rules) to 0
2026-06-30 23:24:53.237 9 INFO neutron.db.ovn_revision_numbers_db [None req-eada0e5f-3400-4618-8a42-3c7c7801666a d3dc1c5db4e8424e92b7cac83dcba0a2 ac2f162e584e40a2b6f054806aff5e46 - - default default] Successfully bumped revision number for resource 911b04ff-7703-4274-a1d6-ac7a7f7dfd5d (type: security_group_rules) to 0
2026-06-30 23:24:53.255 9 INFO neutron.db.ovn_revision_numbers_db [None req-eada0e5f-3400-4618-8a42-3c7c7801666a d3dc1c5db4e8424e92b7cac83dcba0a2 ac2f162e584e40a2b6f054806aff5e46 - - default default] Successfully bumped revision number for resource bcd3cf5c-92c2-4744-a95f-ab5fa9cf564d (type: security_group_rules) to 0
2026-06-30 23:24:53.263 10 INFO neutron.db.ovn_revision_numbers_db [None req-57e32e43-274c-41ca-8cbf-79225e196f4a d3dc1c5db4e8424e92b7cac83dcba0a2 ac2f162e584e40a2b6f054806aff5e46 - - default default] Successfully bumped revision number for resource 5fbd6ef7-31a9-439e-a73c-57a31613b1c1 (type: security_group_rules) to 0
2026-06-30 23:24:53.270 10 INFO neutron.db.ovn_revision_numbers_db [None req-a7d75ec9-56b2-4727-ac25-b0a19d686dc6 d3dc1c5db4e8424e92b7cac83dcba0a2 ac2f162e584e40a2b6f054806aff5e46 - - default default] Successfully bumped revision number for resource a693037f-29ca-499f-a09b-e0334eff4809 (type: security_groups) to 1
2026-06-30 23:24:53.273 9 INFO neutron.db.ovn_revision_numbers_db [None req-eada0e5f-3400-4618-8a42-3c7c7801666a d3dc1c5db4e8424e92b7cac83dcba0a2 ac2f162e584e40a2b6f054806aff5e46 - - default default] Successfully bumped revision number for resource eeb3aadc-c631-4147-b28c-32a812c7d86b (type: security_group_rules) to 0
2026-06-30 23:24:53.277 10 INFO neutron.db.ovn_revision_numbers_db [None req-57e32e43-274c-41ca-8cbf-79225e196f4a d3dc1c5db4e8424e92b7cac83dcba0a2 ac2f162e584e40a2b6f054806aff5e46 - - default default] Successfully bumped revision number for resource 7ad688e4-544c-4f3d-83de-167b7664db90 (type: security_group_rules) to 0
2026-06-30 23:24:53.283 10 INFO neutron.db.ovn_revision_numbers_db [None req-a7d75ec9-56b2-4727-ac25-b0a19d686dc6 d3dc1c5db4e8424e92b7cac83dcba0a2 ac2f162e584e40a2b6f054806aff5e46 - - default default] Successfully bumped revision number for resource 14b5c1d3-8cbc-4e94-aa2d-c0e04c9b9574 (type: security_group_rules) to 0
2026-06-30 23:24:53.292 10 INFO neutron.db.ovn_revision_numbers_db [None req-57e32e43-274c-41ca-8cbf-79225e196f4a d3dc1c5db4e8424e92b7cac83dcba0a2 ac2f162e584e40a2b6f054806aff5e46 - - default default] Successfully bumped revision number for resource c3ac6893-05cb-4734-b924-4024db9f8d11 (type: security_group_rules) to 0
2026-06-30 23:24:53.299 10 INFO neutron.db.ovn_revision_numbers_db [None req-a7d75ec9-56b2-4727-ac25-b0a19d686dc6 d3dc1c5db4e8424e92b7cac83dcba0a2 ac2f162e584e40a2b6f054806aff5e46 - - default default] Successfully bumped revision number for resource 60110082-d123-4b4a-a54a-050692cb9970 (type: security_group_rules) to 0
2026-06-30 23:24:53.317 10 INFO neutron.db.ovn_revision_numbers_db [None req-a7d75ec9-56b2-4727-ac25-b0a19d686dc6 d3dc1c5db4e8424e92b7cac83dcba0a2 ac2f162e584e40a2b6f054806aff5e46 - - default default] Successfully bumped revision number for resource 8b1a33a4-5789-49bc-8c94-aea0c0c4648b (type: security_group_rules) to 0
2026-06-30 23:24:53.331 10 INFO neutron.db.ovn_revision_numbers_db [None req-a7d75ec9-56b2-4727-ac25-b0a19d686dc6 d3dc1c5db4e8424e92b7cac83dcba0a2 ac2f162e584e40a2b6f054806aff5e46 - - default default] Successfully bumped revision number for resource cecd8975-9fda-40ba-9f4a-6c890e540533 (type: security_group_rules) to 0
2026-06-30 23:24:53.331 9 INFO neutron.db.segments_db [None req-eada0e5f-3400-4618-8a42-3c7c7801666a d3dc1c5db4e8424e92b7cac83dcba0a2 ac2f162e584e40a2b6f054806aff5e46 - - default default] Added segment 776db390-889d-476d-8ead-cfa57a169864 of type geneve for network e70daee4-cef5-4bce-9098-0112dc318aa6
2026-06-30 23:24:53.345 10 INFO neutron.db.segments_db [None req-57e32e43-274c-41ca-8cbf-79225e196f4a d3dc1c5db4e8424e92b7cac83dcba0a2 ac2f162e584e40a2b6f054806aff5e46 - - default default] Added segment bb892165-6b0c-4c81-9578-6f3b5fa219cc of type geneve for network 81327cbf-c06b-4e96-b3fe-bec6f43d9f9a
2026-06-30 23:24:53.411 10 INFO neutron.db.segments_db [None req-a7d75ec9-56b2-4727-ac25-b0a19d686dc6 d3dc1c5db4e8424e92b7cac83dcba0a2 ac2f162e584e40a2b6f054806aff5e46 - - default default] Added segment 0bccc296-3b38-43f5-846f-52d81ed4ee26 of type geneve for network b46e5a1a-f22b-4805-a982-21533c3746b3
2026-06-30 23:24:53.481 9 INFO neutron.db.ovn_revision_numbers_db [None req-eada0e5f-3400-4618-8a42-3c7c7801666a d3dc1c5db4e8424e92b7cac83dcba0a2 ac2f162e584e40a2b6f054806aff5e46 - - default default] Successfully bumped revision number for resource e70daee4-cef5-4bce-9098-0112dc318aa6 (type: networks) to 1
2026-06-30 23:24:53.522 10 INFO neutron.db.ovn_revision_numbers_db [None req-57e32e43-274c-41ca-8cbf-79225e196f4a d3dc1c5db4e8424e92b7cac83dcba0a2 ac2f162e584e40a2b6f054806aff5e46 - - default default] Successfully bumped revision number for resource 81327cbf-c06b-4e96-b3fe-bec6f43d9f9a (type: networks) to 1
2026-06-30 23:24:53.630 10 INFO neutron.db.ovn_revision_numbers_db [None req-a7d75ec9-56b2-4727-ac25-b0a19d686dc6 d3dc1c5db4e8424e92b7cac83dcba0a2 ac2f162e584e40a2b6f054806aff5e46 - - default default] Successfully bumped revision number for resource b46e5a1a-f22b-4805-a982-21533c3746b3 (type: networks) to 1
2026-06-30 23:24:53.663 9 WARNING neutron.scheduler.dhcp_agent_scheduler [None req-eada0e5f-3400-4618-8a42-3c7c7801666a d3dc1c5db4e8424e92b7cac83dcba0a2 ac2f162e584e40a2b6f054806aff5e46 - - default default] No more DHCP agents
2026-06-30 23:24:53.666 9 WARNING neutron.api.rpc.agentnotifiers.dhcp_rpc_agent_api [None req-eada0e5f-3400-4618-8a42-3c7c7801666a d3dc1c5db4e8424e92b7cac83dcba0a2 ac2f162e584e40a2b6f054806aff5e46 - - default default] Unable to schedule network e70daee4-cef5-4bce-9098-0112dc318aa6: no agents available; will retry on subsequent port and subnet creation events.
2026-06-30 23:24:53.743 9 INFO neutron.db.ovn_revision_numbers_db [None req-eada0e5f-3400-4618-8a42-3c7c7801666a d3dc1c5db4e8424e92b7cac83dcba0a2 ac2f162e584e40a2b6f054806aff5e46 - - default default] Successfully bumped revision number for resource 8a31f623-f4a0-4f5a-930e-46215ab8a120 (type: ports) to 1
2026-06-30 23:24:53.746 10 WARNING neutron.scheduler.dhcp_agent_scheduler [None req-57e32e43-274c-41ca-8cbf-79225e196f4a d3dc1c5db4e8424e92b7cac83dcba0a2 ac2f162e584e40a2b6f054806aff5e46 - - default default] No more DHCP agents
2026-06-30 23:24:53.759 10 WARNING neutron.api.rpc.agentnotifiers.dhcp_rpc_agent_api [None req-57e32e43-274c-41ca-8cbf-79225e196f4a d3dc1c5db4e8424e92b7cac83dcba0a2 ac2f162e584e40a2b6f054806aff5e46 - - default default] Unable to schedule network 81327cbf-c06b-4e96-b3fe-bec6f43d9f9a: no agents available; will retry on subsequent port and subnet creation events.
2026-06-30 23:24:53.769 9 INFO neutron.wsgi [None req-eada0e5f-3400-4618-8a42-3c7c7801666a d3dc1c5db4e8424e92b7cac83dcba0a2 ac2f162e584e40a2b6f054806aff5e46 - - default default] 10.0.0.232 "POST /v2.0/networks HTTP/1.1" status: 201 len: 944 time: 1.0155928
2026-06-30 23:24:53.876 10 INFO neutron.db.ovn_revision_numbers_db [None req-57e32e43-274c-41ca-8cbf-79225e196f4a d3dc1c5db4e8424e92b7cac83dcba0a2 ac2f162e584e40a2b6f054806aff5e46 - - default default] Successfully bumped revision number for resource e12e543e-6acb-4358-acc5-da0b73beba38 (type: ports) to 1
2026-06-30 23:24:53.885 10 WARNING neutron.scheduler.dhcp_agent_scheduler [None req-a7d75ec9-56b2-4727-ac25-b0a19d686dc6 d3dc1c5db4e8424e92b7cac83dcba0a2 ac2f162e584e40a2b6f054806aff5e46 - - default default] No more DHCP agents
2026-06-30 23:24:53.888 10 WARNING neutron.api.rpc.agentnotifiers.dhcp_rpc_agent_api [None req-a7d75ec9-56b2-4727-ac25-b0a19d686dc6 d3dc1c5db4e8424e92b7cac83dcba0a2 ac2f162e584e40a2b6f054806aff5e46 - - default default] Unable to schedule network b46e5a1a-f22b-4805-a982-21533c3746b3: no agents available; will retry on subsequent port and subnet creation events.
2026-06-30 23:24:53.916 10 INFO neutron.wsgi [None req-57e32e43-274c-41ca-8cbf-79225e196f4a d3dc1c5db4e8424e92b7cac83dcba0a2 ac2f162e584e40a2b6f054806aff5e46 - - default default] 10.0.0.232 "POST /v2.0/networks HTTP/1.1" status: 201 len: 949 time: 0.9168918
2026-06-30 23:24:53.991 10 INFO neutron.db.ovn_revision_numbers_db [None req-a7d75ec9-56b2-4727-ac25-b0a19d686dc6 d3dc1c5db4e8424e92b7cac83dcba0a2 ac2f162e584e40a2b6f054806aff5e46 - - default default] Successfully bumped revision number for resource 1eb056dc-b91e-48bb-be84-858825468629 (type: ports) to 1
2026-06-30 23:24:53.999 10 INFO neutron.db.ovn_revision_numbers_db [None req-6f80f791-d093-425e-9fc7-d140dc54967f d3dc1c5db4e8424e92b7cac83dcba0a2 ac2f162e584e40a2b6f054806aff5e46 - - default default] Successfully bumped revision number for resource fd38232a-d43b-4467-bf08-233534aea0c8 (type: security_groups) to 1
2026-06-30 23:24:54.011 10 INFO neutron.wsgi [None req-a7d75ec9-56b2-4727-ac25-b0a19d686dc6 d3dc1c5db4e8424e92b7cac83dcba0a2 ac2f162e584e40a2b6f054806aff5e46 - - default default] 10.0.0.232 "POST /v2.0/networks HTTP/1.1" status: 201 len: 945 time: 0.9817145
2026-06-30 23:24:54.012 10 INFO neutron.db.ovn_revision_numbers_db [None req-6f80f791-d093-425e-9fc7-d140dc54967f d3dc1c5db4e8424e92b7cac83dcba0a2 ac2f162e584e40a2b6f054806aff5e46 - - default default] Successfully bumped revision number for resource 712a07d1-a2ca-4675-b14d-2edfd01b4d90 (type: security_group_rules) to 0
2026-06-30 23:24:54.029 9 WARNING neutron.scheduler.dhcp_agent_scheduler [None req-f4220553-28fe-4371-8b66-0d39f39b9a4d d3dc1c5db4e8424e92b7cac83dcba0a2 ac2f162e584e40a2b6f054806aff5e46 - - default default] No more DHCP agents
2026-06-30 23:24:54.030 9 WARNING neutron.api.rpc.agentnotifiers.dhcp_rpc_agent_api [None req-f4220553-28fe-4371-8b66-0d39f39b9a4d d3dc1c5db4e8424e92b7cac83dcba0a2 ac2f162e584e40a2b6f054806aff5e46 - - default default] Unable to schedule network e70daee4-cef5-4bce-9098-0112dc318aa6: no agents available; will retry on subsequent port and subnet creation events.
2026-06-30 23:24:54.035 10 INFO neutron.db.ovn_revision_numbers_db [None req-6f80f791-d093-425e-9fc7-d140dc54967f d3dc1c5db4e8424e92b7cac83dcba0a2 ac2f162e584e40a2b6f054806aff5e46 - - default default] Successfully bumped revision number for resource 8d293c26-0fa7-4bd0-bd3d-1d77425fb070 (type: security_group_rules) to 0
2026-06-30 23:24:54.067 10 INFO neutron.db.ovn_revision_numbers_db [None req-6f80f791-d093-425e-9fc7-d140dc54967f d3dc1c5db4e8424e92b7cac83dcba0a2 ac2f162e584e40a2b6f054806aff5e46 - - default default] Successfully bumped revision number for resource a1424400-2e74-49d1-9f46-65b93d36fed9 (type: security_group_rules) to 0
2026-06-30 23:24:54.087 10 INFO neutron.db.ovn_revision_numbers_db [None req-6f80f791-d093-425e-9fc7-d140dc54967f d3dc1c5db4e8424e92b7cac83dcba0a2 ac2f162e584e40a2b6f054806aff5e46 - - default default] Successfully bumped revision number for resource bd9b642f-dfc4-4903-bf2a-cedb25a2c0c4 (type: security_group_rules) to 0
2026-06-30 23:24:54.113 10 INFO neutron.wsgi [None req-6f80f791-d093-425e-9fc7-d140dc54967f d3dc1c5db4e8424e92b7cac83dcba0a2 ac2f162e584e40a2b6f054806aff5e46 - - default default] 10.0.0.232 "GET /v2.0/security-groups?tenant_id=fa59e27b77544f4a81225f36d9a15f72&name=default HTTP/1.1" status: 200 len: 2992 time: 0.4022050
2026-06-30 23:24:54.141 9 WARNING neutron.scheduler.dhcp_agent_scheduler [None req-7419d1c2-3102-4729-8f9e-93d7ca3f4794 d3dc1c5db4e8424e92b7cac83dcba0a2 ac2f162e584e40a2b6f054806aff5e46 - - default default] No more DHCP agents
2026-06-30 23:24:54.148 9 WARNING neutron.api.rpc.agentnotifiers.dhcp_rpc_agent_api [None req-7419d1c2-3102-4729-8f9e-93d7ca3f4794 d3dc1c5db4e8424e92b7cac83dcba0a2 ac2f162e584e40a2b6f054806aff5e46 - - default default] Unable to schedule network 81327cbf-c06b-4e96-b3fe-bec6f43d9f9a: no agents available; will retry on subsequent port and subnet creation events.
2026-06-30 23:24:54.212 10 WARNING neutron.scheduler.dhcp_agent_scheduler [None req-6781e39a-a4f7-4c1e-b5b5-f633f9231a2a d3dc1c5db4e8424e92b7cac83dcba0a2 ac2f162e584e40a2b6f054806aff5e46 - - default default] No more DHCP agents
2026-06-30 23:24:54.217 10 WARNING neutron.api.rpc.agentnotifiers.dhcp_rpc_agent_api [None req-6781e39a-a4f7-4c1e-b5b5-f633f9231a2a d3dc1c5db4e8424e92b7cac83dcba0a2 ac2f162e584e40a2b6f054806aff5e46 - - default default] Unable to schedule network b46e5a1a-f22b-4805-a982-21533c3746b3: no agents available; will retry on subsequent port and subnet creation events.
2026-06-30 23:24:54.426 10 INFO neutron.wsgi [None req-2909cdb0-5199-4701-ae7f-6e75571dffa2 d3dc1c5db4e8424e92b7cac83dcba0a2 ac2f162e584e40a2b6f054806aff5e46 - - default default] 10.0.0.232 "DELETE /v2.0/security-groups/fd38232a-d43b-4467-bf08-233534aea0c8 HTTP/1.1" status: 204 len: 168 time: 0.3037593
2026-06-30 23:24:54.680 9 INFO neutron.db.ovn_revision_numbers_db [None req-f4220553-28fe-4371-8b66-0d39f39b9a4d d3dc1c5db4e8424e92b7cac83dcba0a2 ac2f162e584e40a2b6f054806aff5e46 - - default default] Successfully bumped revision number for resource 8a31f623-f4a0-4f5a-930e-46215ab8a120 (type: ports) to 2
2026-06-30 23:24:54.736 9 INFO neutron.db.ovn_revision_numbers_db [None req-f4220553-28fe-4371-8b66-0d39f39b9a4d d3dc1c5db4e8424e92b7cac83dcba0a2 ac2f162e584e40a2b6f054806aff5e46 - - default default] Successfully bumped revision number for resource 4e8e7439-e994-4242-a9b0-eb47a08b5a59 (type: subnets) to 0
2026-06-30 23:24:54.752 9 INFO neutron.wsgi [None req-f4220553-28fe-4371-8b66-0d39f39b9a4d d3dc1c5db4e8424e92b7cac83dcba0a2 ac2f162e584e40a2b6f054806aff5e46 - - default default] 10.0.0.232 "POST /v2.0/subnets HTTP/1.1" status: 201 len: 864 time: 0.9770231
2026-06-30 23:24:54.752 9 INFO neutron.db.ovn_revision_numbers_db [None req-7419d1c2-3102-4729-8f9e-93d7ca3f4794 d3dc1c5db4e8424e92b7cac83dcba0a2 ac2f162e584e40a2b6f054806aff5e46 - - default default] Successfully bumped revision number for resource e12e543e-6acb-4358-acc5-da0b73beba38 (type: ports) to 2
2026-06-30 23:24:54.773 10 INFO neutron.db.ovn_revision_numbers_db [None req-6781e39a-a4f7-4c1e-b5b5-f633f9231a2a d3dc1c5db4e8424e92b7cac83dcba0a2 ac2f162e584e40a2b6f054806aff5e46 - - default default] Successfully bumped revision number for resource 1eb056dc-b91e-48bb-be84-858825468629 (type: ports) to 2
2026-06-30 23:24:54.804 9 INFO neutron.db.ovn_revision_numbers_db [None req-7419d1c2-3102-4729-8f9e-93d7ca3f4794 d3dc1c5db4e8424e92b7cac83dcba0a2 ac2f162e584e40a2b6f054806aff5e46 - - default default] Successfully bumped revision number for resource bc314b31-6e5d-46c6-b25f-5bc934f517fd (type: subnets) to 0
2026-06-30 23:24:54.808 10 INFO neutron.db.ovn_revision_numbers_db [None req-6781e39a-a4f7-4c1e-b5b5-f633f9231a2a d3dc1c5db4e8424e92b7cac83dcba0a2 ac2f162e584e40a2b6f054806aff5e46 - - default default] Successfully bumped revision number for resource 7cd4eb82-2b8e-44cc-8995-0a8a6dce0651 (type: subnets) to 0
2026-06-30 23:24:54.825 10 INFO neutron.wsgi [None req-6781e39a-a4f7-4c1e-b5b5-f633f9231a2a d3dc1c5db4e8424e92b7cac83dcba0a2 ac2f162e584e40a2b6f054806aff5e46 - - default default] 10.0.0.232 "POST /v2.0/subnets HTTP/1.1" status: 201 len: 865 time: 0.8077066
2026-06-30 23:24:54.840 9 INFO neutron.wsgi [None req-7419d1c2-3102-4729-8f9e-93d7ca3f4794 d3dc1c5db4e8424e92b7cac83dcba0a2 ac2f162e584e40a2b6f054806aff5e46 - - default default] 10.0.0.232 "POST /v2.0/subnets HTTP/1.1" status: 201 len: 870 time: 0.9195364
2026-06-30 23:24:55.330 9 WARNING neutron.scheduler.dhcp_agent_scheduler [None req-0f0c0048-74ff-493d-a311-e847b10811dd d3dc1c5db4e8424e92b7cac83dcba0a2 ac2f162e584e40a2b6f054806aff5e46 - - default default] No more DHCP agents
2026-06-30 23:24:55.333 9 WARNING neutron.api.rpc.agentnotifiers.dhcp_rpc_agent_api [None req-0f0c0048-74ff-493d-a311-e847b10811dd d3dc1c5db4e8424e92b7cac83dcba0a2 ac2f162e584e40a2b6f054806aff5e46 - - default default] Unable to schedule network 5477c510-2044-47a4-958e-b3333fdf7d27: no agents available; will retry on subsequent port and subnet creation events.
2026-06-30 23:24:55.455 9 INFO neutron.db.ovn_revision_numbers_db [None req-0f0c0048-74ff-493d-a311-e847b10811dd d3dc1c5db4e8424e92b7cac83dcba0a2 ac2f162e584e40a2b6f054806aff5e46 - - default default] Successfully bumped revision number for resource 721f0256-7243-4b29-97d0-4e5260294eb8 (type: ports) to 1
2026-06-30 23:24:55.529 10 WARNING neutron.scheduler.dhcp_agent_scheduler [None req-0a10d12f-6006-4362-9586-9f023e26574b d3dc1c5db4e8424e92b7cac83dcba0a2 ac2f162e584e40a2b6f054806aff5e46 - - default default] No more DHCP agents
2026-06-30 23:24:55.530 10 WARNING neutron.scheduler.dhcp_agent_scheduler [None req-95b5f1e2-d45d-4b52-84ce-381c8857ae02 d3dc1c5db4e8424e92b7cac83dcba0a2 ac2f162e584e40a2b6f054806aff5e46 - - default default] No more DHCP agents
2026-06-30 23:24:55.531 10 WARNING neutron.api.rpc.agentnotifiers.dhcp_rpc_agent_api [None req-0a10d12f-6006-4362-9586-9f023e26574b d3dc1c5db4e8424e92b7cac83dcba0a2 ac2f162e584e40a2b6f054806aff5e46 - - default default] Unable to schedule network 5477c510-2044-47a4-958e-b3333fdf7d27: no agents available; will retry on subsequent port and subnet creation events.
2026-06-30 23:24:55.532 10 WARNING neutron.api.rpc.agentnotifiers.dhcp_rpc_agent_api [None req-95b5f1e2-d45d-4b52-84ce-381c8857ae02 d3dc1c5db4e8424e92b7cac83dcba0a2 ac2f162e584e40a2b6f054806aff5e46 - - default default] Unable to schedule network 5477c510-2044-47a4-958e-b3333fdf7d27: no agents available; will retry on subsequent port and subnet creation events.
2026-06-30 23:24:55.704 9 INFO neutron.plugins.ml2.drivers.ovn.mech_driver.ovsdb.extensions.qos [None req-0f0c0048-74ff-493d-a311-e847b10811dd d3dc1c5db4e8424e92b7cac83dcba0a2 ac2f162e584e40a2b6f054806aff5e46 - - default default] Starting OVNClientQosExtension
2026-06-30 23:24:55.708 10 INFO neutron.db.ovn_revision_numbers_db [None req-0a10d12f-6006-4362-9586-9f023e26574b d3dc1c5db4e8424e92b7cac83dcba0a2 ac2f162e584e40a2b6f054806aff5e46 - - default default] Successfully bumped revision number for resource 3bb496dd-b076-4327-8f1c-4c1a7f942a5b (type: ports) to 1
2026-06-30 23:24:55.709 10 INFO neutron.db.ovn_revision_numbers_db [None req-95b5f1e2-d45d-4b52-84ce-381c8857ae02 d3dc1c5db4e8424e92b7cac83dcba0a2 ac2f162e584e40a2b6f054806aff5e46 - - default default] Successfully bumped revision number for resource 68fcf776-9c3c-4c65-9114-9abb17c84f6f (type: ports) to 1
2026-06-30 23:24:55.963 9 INFO neutron.wsgi [-] 10.0.0.96 "GET / HTTP/1.1" status: 200 len: 247 time: 0.0014513
2026-06-30 23:24:55.966 9 INFO neutron.wsgi [-] 10.0.0.96 "GET / HTTP/1.1" status: 200 len: 247 time: 0.0012712
2026-06-30 23:24:56.007 10 INFO neutron.plugins.ml2.drivers.ovn.mech_driver.mech_driver [None req-a68c653f-67ef-4a09-aa77-634719f5fe2c - - - - - -] OVN reports status up for port: 721f0256-7243-4b29-97d0-4e5260294eb8
2026-06-30 23:24:56.034 10 INFO neutron.plugins.ml2.plugin [None req-a68c653f-67ef-4a09-aa77-634719f5fe2c - - - - - -] Attempt 1 to provision port 721f0256-7243-4b29-97d0-4e5260294eb8
2026-06-30 23:24:56.071 9 INFO neutron.plugins.ml2.drivers.ovn.mech_driver.ovsdb.ovsdb_monitor [-] Router 1531a2f6-4ada-4c6e-b17b-e539bbe53f63 is bound to host instance
2026-06-30 23:24:56.077 10 INFO neutron.plugins.ml2.drivers.ovn.mech_driver.ovsdb.extensions.qos [None req-0a10d12f-6006-4362-9586-9f023e26574b d3dc1c5db4e8424e92b7cac83dcba0a2 ac2f162e584e40a2b6f054806aff5e46 - - default default] Starting OVNClientQosExtension
2026-06-30 23:24:56.109 9 INFO neutron.db.ovn_revision_numbers_db [None req-0f0c0048-74ff-493d-a311-e847b10811dd d3dc1c5db4e8424e92b7cac83dcba0a2 ac2f162e584e40a2b6f054806aff5e46 - - default default] Successfully bumped revision number for resource 721f0256-7243-4b29-97d0-4e5260294eb8 (type: router_ports) to 1
2026-06-30 23:24:56.225 9 INFO neutron.db.ovn_revision_numbers_db [None req-0f0c0048-74ff-493d-a311-e847b10811dd d3dc1c5db4e8424e92b7cac83dcba0a2 ac2f162e584e40a2b6f054806aff5e46 - - default default] Successfully bumped revision number for resource 1531a2f6-4ada-4c6e-b17b-e539bbe53f63 (type: routers) to 2
2026-06-30 23:24:56.240 9 INFO neutron.wsgi [None req-0f0c0048-74ff-493d-a311-e847b10811dd d3dc1c5db4e8424e92b7cac83dcba0a2 ac2f162e584e40a2b6f054806aff5e46 - - default default] 10.0.0.232 "POST /v2.0/routers HTTP/1.1" status: 201 len: 875 time: 1.4833372
2026-06-30 23:24:56.471 10 INFO neutron.db.ovn_revision_numbers_db [None req-ab162fb3-89d1-4115-8cc4-92bc477b27d7 d3dc1c5db4e8424e92b7cac83dcba0a2 ac2f162e584e40a2b6f054806aff5e46 - - default default] Successfully bumped revision number for resource 27c0d753-e6dc-4447-b768-d2c1ecdf2323 (type: security_groups) to 1
2026-06-30 23:24:56.495 10 INFO neutron.db.ovn_revision_numbers_db [None req-ab162fb3-89d1-4115-8cc4-92bc477b27d7 d3dc1c5db4e8424e92b7cac83dcba0a2 ac2f162e584e40a2b6f054806aff5e46 - - default default] Successfully bumped revision number for resource 89b93231-17de-421a-8f5b-c1c7e63ff9aa (type: security_group_rules) to 0
2026-06-30 23:24:56.533 10 INFO neutron.db.ovn_revision_numbers_db [None req-ab162fb3-89d1-4115-8cc4-92bc477b27d7 d3dc1c5db4e8424e92b7cac83dcba0a2 ac2f162e584e40a2b6f054806aff5e46 - - default default] Successfully bumped revision number for resource b6065a34-e2e4-42cf-8b23-a1220f835b59 (type: security_group_rules) to 0
2026-06-30 23:24:56.569 10 INFO neutron.db.ovn_revision_numbers_db [None req-ab162fb3-89d1-4115-8cc4-92bc477b27d7 d3dc1c5db4e8424e92b7cac83dcba0a2 ac2f162e584e40a2b6f054806aff5e46 - - default default] Successfully bumped revision number for resource d59d92c2-2313-4c54-b874-90ee9385f6cc (type: security_group_rules) to 0
2026-06-30 23:24:56.590 10 INFO neutron.db.ovn_revision_numbers_db [None req-ab162fb3-89d1-4115-8cc4-92bc477b27d7 d3dc1c5db4e8424e92b7cac83dcba0a2 ac2f162e584e40a2b6f054806aff5e46 - - default default] Successfully bumped revision number for resource f4bcd7d5-d573-4eae-b3d7-d26cea574d83 (type: security_group_rules) to 0
2026-06-30 23:24:56.656 10 INFO neutron.db.segments_db [None req-ab162fb3-89d1-4115-8cc4-92bc477b27d7 d3dc1c5db4e8424e92b7cac83dcba0a2 ac2f162e584e40a2b6f054806aff5e46 - - default default] Added segment eceb5093-90e4-4ed5-b3ec-a976b46d696b of type geneve for network b407cac1-ac03-4de4-9a96-73aa27c67b51
2026-06-30 23:24:56.733 9 INFO neutron.plugins.ml2.drivers.ovn.mech_driver.mech_driver [-] OVN reports status up for port: 68fcf776-9c3c-4c65-9114-9abb17c84f6f
2026-06-30 23:24:56.758 10 INFO neutron.plugins.ml2.drivers.ovn.mech_driver.ovsdb.ovsdb_monitor [-] Router dbbf1e8f-3cf4-4e46-9da9-063fccf5ae87 is bound to host instance
2026-06-30 23:24:56.761 9 INFO neutron.plugins.ml2.plugin [None req-2392d7d1-01b5-46cb-bd01-e4ccbc0b7c9e - - - - - -] Attempt 1 to provision port 68fcf776-9c3c-4c65-9114-9abb17c84f6f
2026-06-30 23:24:56.801 10 INFO neutron.db.ovn_revision_numbers_db [None req-0a10d12f-6006-4362-9586-9f023e26574b d3dc1c5db4e8424e92b7cac83dcba0a2 ac2f162e584e40a2b6f054806aff5e46 - - default default] Successfully bumped revision number for resource 3bb496dd-b076-4327-8f1c-4c1a7f942a5b (type: router_ports) to 1
2026-06-30 23:24:56.810 9 INFO neutron.db.ovn_revision_numbers_db [None req-c12eaaf7-7a2c-4499-9da7-a81c60d535bb - - - - - -] Successfully bumped revision number for resource 721f0256-7243-4b29-97d0-4e5260294eb8 (type: ports) to 1
2026-06-30 23:24:56.831 9 WARNING neutron.scheduler.dhcp_agent_scheduler [None req-14ff8984-63e8-4133-8f3d-7500eccabf0e d3dc1c5db4e8424e92b7cac83dcba0a2 ac2f162e584e40a2b6f054806aff5e46 - - default default] No more DHCP agents
2026-06-30 23:24:56.836 9 WARNING neutron.api.rpc.agentnotifiers.dhcp_rpc_agent_api [None req-14ff8984-63e8-4133-8f3d-7500eccabf0e d3dc1c5db4e8424e92b7cac83dcba0a2 ac2f162e584e40a2b6f054806aff5e46 - - default default] Unable to schedule network e70daee4-cef5-4bce-9098-0112dc318aa6: no agents available; will retry on subsequent port and subnet creation events.
2026-06-30 23:24:56.859 10 INFO neutron.db.ovn_revision_numbers_db [None req-95b5f1e2-d45d-4b52-84ce-381c8857ae02 d3dc1c5db4e8424e92b7cac83dcba0a2 ac2f162e584e40a2b6f054806aff5e46 - - default default] Successfully bumped revision number for resource 68fcf776-9c3c-4c65-9114-9abb17c84f6f (type: router_ports) to 1
2026-06-30 23:24:56.964 10 INFO neutron.db.ovn_revision_numbers_db [None req-0a10d12f-6006-4362-9586-9f023e26574b d3dc1c5db4e8424e92b7cac83dcba0a2 ac2f162e584e40a2b6f054806aff5e46 - - default default] Successfully bumped revision number for resource 27d461e6-f7d3-4d29-baf2-eed252658371 (type: routers) to 2
2026-06-30 23:24:56.973 10 INFO neutron.db.ovn_revision_numbers_db [None req-ab162fb3-89d1-4115-8cc4-92bc477b27d7 d3dc1c5db4e8424e92b7cac83dcba0a2 ac2f162e584e40a2b6f054806aff5e46 - - default default] Successfully bumped revision number for resource b407cac1-ac03-4de4-9a96-73aa27c67b51 (type: networks) to 1
2026-06-30 23:24:56.993 10 INFO neutron.wsgi [None req-0a10d12f-6006-4362-9586-9f023e26574b d3dc1c5db4e8424e92b7cac83dcba0a2 ac2f162e584e40a2b6f054806aff5e46 - - default default] 10.0.0.232 "POST /v2.0/routers HTTP/1.1" status: 201 len: 876 time: 2.1631248
2026-06-30 23:24:57.003 10 INFO neutron.db.ovn_revision_numbers_db [None req-95b5f1e2-d45d-4b52-84ce-381c8857ae02 d3dc1c5db4e8424e92b7cac83dcba0a2 ac2f162e584e40a2b6f054806aff5e46 - - default default] Successfully bumped revision number for resource dbbf1e8f-3cf4-4e46-9da9-063fccf5ae87 (type: routers) to 2
2026-06-30 23:24:57.034 10 INFO neutron.wsgi [None req-95b5f1e2-d45d-4b52-84ce-381c8857ae02 d3dc1c5db4e8424e92b7cac83dcba0a2 ac2f162e584e40a2b6f054806aff5e46 - - default default] 10.0.0.232 "POST /v2.0/routers HTTP/1.1" status: 201 len: 881 time: 2.1861861
2026-06-30 23:24:57.198 9 INFO neutron.db.ovn_revision_numbers_db [None req-14ff8984-63e8-4133-8f3d-7500eccabf0e d3dc1c5db4e8424e92b7cac83dcba0a2 ac2f162e584e40a2b6f054806aff5e46 - - default default] Successfully bumped revision number for resource b8b1d3fc-52f2-4ea5-8387-3cf017c6e46d (type: ports) to 1
2026-06-30 23:24:57.345 10 WARNING neutron.scheduler.dhcp_agent_scheduler [None req-ab162fb3-89d1-4115-8cc4-92bc477b27d7 d3dc1c5db4e8424e92b7cac83dcba0a2 ac2f162e584e40a2b6f054806aff5e46 - - default default] No more DHCP agents
