2026-06-30 23:30:23.415 9 INFO neutron.wsgi [req-9acbb107-d6aa-4286-9bdf-33db66a884c9 req-9b3a2f13-7d44-45f7-9de1-3e4f8bc11af9 d3dc1c5db4e8424e92b7cac83dcba0a2 ac2f162e584e40a2b6f054806aff5e46 - - default default] 199.204.45.57 "DELETE /v2.0/ports/73a92402-42f4-4c6c-b7c5-2fa4897bfbea HTTP/1.1" status: 204 len: 173 time: 0.3122535 /var/lib/openstack/lib/python3.10/site-packages/pycadf/identifier.py:71: UserWarning: Invalid uuid: neutron. To ensure interoperability, identifiers should be a valid uuid. warnings.warn(('Invalid uuid: %s. To ensure interoperability, '
2026-06-30 23:30:24.790 9 INFO neutron.db.l3_db [None req-72741c95-b84c-4020-82c9-00fa0d935bae ac228f11405e474989961c2d67c3350d da7a4d41a3f0446ca10c2178228342fd - - default default] Floating IP 361fa8cf-311c-45af-904f-07222e6f8aac disassociated (deleted). External IP: 10.96.250.205, port: 2894a2ed-253b-4cc5-b576-86b8c98d5306.
2026-06-30 23:30:24.831 9 INFO neutron.wsgi [None req-72741c95-b84c-4020-82c9-00fa0d935bae ac228f11405e474989961c2d67c3350d da7a4d41a3f0446ca10c2178228342fd - - default default] 10.0.0.232 "DELETE /v2.0/floatingips/361fa8cf-311c-45af-904f-07222e6f8aac HTTP/1.1" status: 204 len: 168 time: 0.5981891
2026-06-30 23:30:24.855 9 INFO neutron.api.v2.resource [None req-d4a1b0b1-4f8f-49ad-894d-fd671e00b6cf ac228f11405e474989961c2d67c3350d da7a4d41a3f0446ca10c2178228342fd - - default default] show failed (client error): The resource could not be found.
2026-06-30 23:30:24.856 9 INFO neutron.wsgi [None req-d4a1b0b1-4f8f-49ad-894d-fd671e00b6cf ac228f11405e474989961c2d67c3350d da7a4d41a3f0446ca10c2178228342fd - - default default] 10.0.0.232 "GET /v2.0/floatingips/361fa8cf-311c-45af-904f-07222e6f8aac HTTP/1.1" status: 404 len: 345 time: 0.0206339
2026-06-30 23:30:25.076 9 INFO neutron.notifiers.nova [-] Nova event matching ['req-3f5917af-a20c-421c-a555-44be771b2ee0'] response: {'server_uuid': 'e6886ed1-86d6-4d1b-8236-54c53bacfe39', 'name': 'network-vif-plugged', 'status': 'completed', 'tag': '73a92402-42f4-4c6c-b7c5-2fa4897bfbea', 'code': 200}
2026-06-30 23:30:25.076 9 INFO neutron.notifiers.nova [-] Nova event matching ['req-3f5917af-a20c-421c-a555-44be771b2ee0'] response: {'server_uuid': 'e6886ed1-86d6-4d1b-8236-54c53bacfe39', 'name': 'network-vif-deleted', 'tag': '73a92402-42f4-4c6c-b7c5-2fa4897bfbea', 'status': 'completed', 'code': 200}
2026-06-30 23:30:25.076 9 INFO neutron.notifiers.nova [-] Nova event matching ['req-3f5917af-a20c-421c-a555-44be771b2ee0'] response: {'name': 'network-changed', 'server_uuid': '8d0d42a4-435f-4047-92f4-c9a63c6f2580', 'tag': '2894a2ed-253b-4cc5-b576-86b8c98d5306', 'status': 'completed', 'code': 200}
2026-06-30 23:30:25.084 10 INFO neutron.plugins.ml2.drivers.ovn.mech_driver.mech_driver [None req-a68c653f-67ef-4a09-aa77-634719f5fe2c - - - - - -] OVN reports status down for port: 2894a2ed-253b-4cc5-b576-86b8c98d5306
2026-06-30 23:30:25.157 9 INFO neutron.wsgi [req-84e5e0b0-7a89-4afa-bcfc-aa2e00ca4c2d req-d67efd71-4c8c-4e14-b7be-75e63a180222 e442bb02bcf745df8fb30747f635bd0f 5a4be4c0b1f043f98f208d1532cfa4a8 - - bfe4387a9ec9444c80b17b3c2d7420c5 bfe4387a9ec9444c80b17b3c2d7420c5] 199.204.45.57 "GET /v2.0/ports?tenant_id=da7a4d41a3f0446ca10c2178228342fd&device_id=8d0d42a4-435f-4047-92f4-c9a63c6f2580 HTTP/1.1" status: 200 len: 1642 time: 0.0553176
2026-06-30 23:30:25.218 9 INFO neutron.wsgi [req-0cc4d08e-0fb8-46e3-afb4-87ef3d2ed59c req-b3d0b292-fd9d-40f9-b869-0b0e610337e3 ac228f11405e474989961c2d67c3350d da7a4d41a3f0446ca10c2178228342fd - - default default] 10.0.0.207 "GET /v2.0/ports?device_id=8d0d42a4-435f-4047-92f4-c9a63c6f2580 HTTP/1.1" status: 200 len: 1404 time: 0.1856685
2026-06-30 23:30:25.271 9 INFO neutron.wsgi [req-84e5e0b0-7a89-4afa-bcfc-aa2e00ca4c2d req-6d0737a0-7f98-4b15-af6e-8a9d3d8aa055 e442bb02bcf745df8fb30747f635bd0f 5a4be4c0b1f043f98f208d1532cfa4a8 - - bfe4387a9ec9444c80b17b3c2d7420c5 bfe4387a9ec9444c80b17b3c2d7420c5] 199.204.45.57 "GET /v2.0/networks?id=098e7c5e-adbd-46e0-9834-c6da4d5776a9 HTTP/1.1" status: 200 len: 1003 time: 0.1049743
2026-06-30 23:30:25.272 10 INFO neutron.notifiers.nova [-] Nova event matching ['req-eb491d31-2924-49b7-b1e4-5bf470394ac6'] response: {'server_uuid': '8d0d42a4-435f-4047-92f4-c9a63c6f2580', 'name': 'network-vif-unplugged', 'status': 'completed', 'tag': '2894a2ed-253b-4cc5-b576-86b8c98d5306', 'code': 200}
2026-06-30 23:30:25.282 9 INFO neutron.wsgi [req-0cc4d08e-0fb8-46e3-afb4-87ef3d2ed59c req-f1495cee-d6d0-48d2-950a-4d554a7c30be ac228f11405e474989961c2d67c3350d da7a4d41a3f0446ca10c2178228342fd - - default default] 10.0.0.207 "GET /v2.0/security-groups?id=8af08f49-831a-4bed-81e6-98280280401f&fields=id&fields=name HTTP/1.1" status: 200 len: 310 time: 0.0521874
2026-06-30 23:30:25.304 9 INFO neutron.wsgi [req-84e5e0b0-7a89-4afa-bcfc-aa2e00ca4c2d req-5849e4ec-fc9d-4bf8-bc94-6a4f69ca939b e442bb02bcf745df8fb30747f635bd0f 5a4be4c0b1f043f98f208d1532cfa4a8 - - bfe4387a9ec9444c80b17b3c2d7420c5 bfe4387a9ec9444c80b17b3c2d7420c5] 199.204.45.57 "GET /v2.0/floatingips?fixed_ip_address=10.2.2.155&port_id=2894a2ed-253b-4cc5-b576-86b8c98d5306 HTTP/1.1" status: 200 len: 217 time: 0.0219460
2026-06-30 23:30:25.337 9 INFO neutron.wsgi [req-84e5e0b0-7a89-4afa-bcfc-aa2e00ca4c2d req-840eaa67-1c43-4806-838d-69de987a8a6d e442bb02bcf745df8fb30747f635bd0f 5a4be4c0b1f043f98f208d1532cfa4a8 - - bfe4387a9ec9444c80b17b3c2d7420c5 bfe4387a9ec9444c80b17b3c2d7420c5] 199.204.45.57 "GET /v2.0/floatingips?fixed_ip_address=fd77%3A1457%3A4cf0%3A26a8%3A%3A20b&port_id=2894a2ed-253b-4cc5-b576-86b8c98d5306 HTTP/1.1" status: 200 len: 217 time: 0.0234518 /var/lib/openstack/lib/python3.10/site-packages/pycadf/identifier.py:71: UserWarning: Invalid uuid: neutron. To ensure interoperability, identifiers should be a valid uuid. warnings.warn(('Invalid uuid: %s. To ensure interoperability, '
2026-06-30 23:30:25.375 9 INFO neutron.wsgi [req-84e5e0b0-7a89-4afa-bcfc-aa2e00ca4c2d req-4755271f-a838-4c15-b986-25c4f10a4a89 e442bb02bcf745df8fb30747f635bd0f 5a4be4c0b1f043f98f208d1532cfa4a8 - - bfe4387a9ec9444c80b17b3c2d7420c5 bfe4387a9ec9444c80b17b3c2d7420c5] 199.204.45.57 "GET /v2.0/subnets?id=bc8c65f0-25d8-4128-9f4e-57c9bcaf8785&id=e001ac1e-9451-44ab-a5e6-111f5f575d9d HTTP/1.1" status: 200 len: 1567 time: 0.0319059
2026-06-30 23:30:25.401 9 INFO neutron.wsgi [req-84e5e0b0-7a89-4afa-bcfc-aa2e00ca4c2d req-18bfaa4e-e2ce-4d02-83ca-f91e082c6351 e442bb02bcf745df8fb30747f635bd0f 5a4be4c0b1f043f98f208d1532cfa4a8 - - bfe4387a9ec9444c80b17b3c2d7420c5 bfe4387a9ec9444c80b17b3c2d7420c5] 199.204.45.57 "GET /v2.0/ports?network_id=098e7c5e-adbd-46e0-9834-c6da4d5776a9&device_owner=network%3Adhcp HTTP/1.1" status: 200 len: 210 time: 0.0189929
2026-06-30 23:30:25.430 9 INFO neutron.wsgi [req-84e5e0b0-7a89-4afa-bcfc-aa2e00ca4c2d req-fd3babd5-f300-4e19-9efe-f528015e24fb e442bb02bcf745df8fb30747f635bd0f 5a4be4c0b1f043f98f208d1532cfa4a8 - - bfe4387a9ec9444c80b17b3c2d7420c5 bfe4387a9ec9444c80b17b3c2d7420c5] 199.204.45.57 "GET /v2.0/ports?network_id=098e7c5e-adbd-46e0-9834-c6da4d5776a9&device_owner=network%3Adhcp HTTP/1.1" status: 200 len: 210 time: 0.0224385
2026-06-30 23:30:25.454 10 INFO neutron.db.ovn_revision_numbers_db [None req-a68c653f-67ef-4a09-aa77-634719f5fe2c - - - - - -] Successfully bumped revision number for resource 2894a2ed-253b-4cc5-b576-86b8c98d5306 (type: ports) to 5
2026-06-30 23:30:25.460 10 INFO neutron.wsgi [req-49a9699b-2f97-4d42-9c15-de2e172fae9b req-bf7851b0-76ff-4d20-818a-0e81f49f20bf ac228f11405e474989961c2d67c3350d da7a4d41a3f0446ca10c2178228342fd - - default default] 199.204.45.57 "GET /v2.0/ports?device_id=8d0d42a4-435f-4047-92f4-c9a63c6f2580 HTTP/1.1" status: 200 len: 1402 time: 0.0974298
2026-06-30 23:30:25.499 9 INFO neutron.wsgi [req-84e5e0b0-7a89-4afa-bcfc-aa2e00ca4c2d req-ea4bec45-5fae-4453-870b-73a9c8441f28 e442bb02bcf745df8fb30747f635bd0f 5a4be4c0b1f043f98f208d1532cfa4a8 - - bfe4387a9ec9444c80b17b3c2d7420c5 bfe4387a9ec9444c80b17b3c2d7420c5] 199.204.45.57 "GET /v2.0/networks/098e7c5e-adbd-46e0-9834-c6da4d5776a9?fields=segments HTTP/1.1" status: 200 len: 212 time: 0.0610874
2026-06-30 23:30:25.565 9 INFO neutron.wsgi [req-84e5e0b0-7a89-4afa-bcfc-aa2e00ca4c2d req-0cb1c18e-f65b-43b7-85ce-d38152d6cba1 e442bb02bcf745df8fb30747f635bd0f 5a4be4c0b1f043f98f208d1532cfa4a8 - - bfe4387a9ec9444c80b17b3c2d7420c5 bfe4387a9ec9444c80b17b3c2d7420c5] 199.204.45.57 "GET /v2.0/networks/098e7c5e-adbd-46e0-9834-c6da4d5776a9?fields=provider%3Aphysical_network&fields=provider%3Anetwork_type HTTP/1.1" status: 200 len: 277 time: 0.0596876
2026-06-30 23:30:25.758 10 INFO neutron.wsgi [req-49a9699b-2f97-4d42-9c15-de2e172fae9b req-c4fe8daf-ac24-4736-9799-1796471d606f ac228f11405e474989961c2d67c3350d da7a4d41a3f0446ca10c2178228342fd - - default default] 199.204.45.57 "DELETE /v2.0/ports/2894a2ed-253b-4cc5-b576-86b8c98d5306 HTTP/1.1" status: 204 len: 173 time: 0.2937176
2026-06-30 23:30:25.965 9 INFO neutron.wsgi [-] 10.0.0.96 "GET / HTTP/1.1" status: 200 len: 247 time: 0.0027170
2026-06-30 23:30:25.965 10 INFO neutron.wsgi [-] 10.0.0.96 "GET / HTTP/1.1" status: 200 len: 247 time: 0.0026269
2026-06-30 23:30:27.318 10 INFO neutron.notifiers.nova [-] Nova event matching ['req-15046668-e54b-48e6-997a-b57085bf58c7'] response: {'server_uuid': '8d0d42a4-435f-4047-92f4-c9a63c6f2580', 'name': 'network-vif-plugged', 'status': 'completed', 'tag': '2894a2ed-253b-4cc5-b576-86b8c98d5306', 'code': 200}
2026-06-30 23:30:27.318 10 INFO neutron.notifiers.nova [-] Nova event matching ['req-15046668-e54b-48e6-997a-b57085bf58c7'] response: {'server_uuid': '8d0d42a4-435f-4047-92f4-c9a63c6f2580', 'name': 'network-vif-deleted', 'tag': '2894a2ed-253b-4cc5-b576-86b8c98d5306', 'status': 'completed', 'code': 200}
2026-06-30 23:30:30.702 9 INFO neutron.db.l3_db [None req-b22c35b2-d246-424c-b501-f3126a572a40 ac228f11405e474989961c2d67c3350d da7a4d41a3f0446ca10c2178228342fd - - default default] Floating IP cda75046-5aac-4c51-ab79-f4bc501a5fb9 disassociated (deleted). External IP: 10.96.250.220, port: 8be1b646-c100-4be2-b9c9-b3a48207e71f.
2026-06-30 23:30:30.784 9 INFO neutron.wsgi [None req-b22c35b2-d246-424c-b501-f3126a572a40 ac228f11405e474989961c2d67c3350d da7a4d41a3f0446ca10c2178228342fd - - default default] 10.0.0.232 "DELETE /v2.0/floatingips/cda75046-5aac-4c51-ab79-f4bc501a5fb9 HTTP/1.1" status: 204 len: 168 time: 0.4359648 /var/lib/openstack/lib/python3.10/site-packages/pycadf/identifier.py:71: UserWarning: Invalid uuid: neutron. To ensure interoperability, identifiers should be a valid uuid. warnings.warn(('Invalid uuid: %s. To ensure interoperability, '
2026-06-30 23:30:30.812 10 INFO neutron.api.v2.resource [None req-a3f5dcbe-431f-449a-b7df-cede976055a4 ac228f11405e474989961c2d67c3350d da7a4d41a3f0446ca10c2178228342fd - - default default] show failed (client error): The resource could not be found.
2026-06-30 23:30:30.813 10 INFO neutron.wsgi [None req-a3f5dcbe-431f-449a-b7df-cede976055a4 ac228f11405e474989961c2d67c3350d da7a4d41a3f0446ca10c2178228342fd - - default default] 10.0.0.232 "GET /v2.0/floatingips/cda75046-5aac-4c51-ab79-f4bc501a5fb9 HTTP/1.1" status: 404 len: 345 time: 0.0238895
2026-06-30 23:30:30.830 9 INFO neutron.notifiers.nova [-] Nova event matching ['req-ec910355-6649-47f4-b8d5-51449353e7ba'] response: {'name': 'network-changed', 'server_uuid': 'bfb10fe1-a8c3-466a-9cde-1afc875411de', 'tag': '8be1b646-c100-4be2-b9c9-b3a48207e71f', 'status': 'completed', 'code': 200}
2026-06-30 23:30:30.908 10 INFO neutron.wsgi [req-e25857b6-3068-4dc1-abd9-6bfa8b90b138 req-1388333b-a104-4f1d-863e-ef3c4f7a88ee e442bb02bcf745df8fb30747f635bd0f 5a4be4c0b1f043f98f208d1532cfa4a8 - - bfe4387a9ec9444c80b17b3c2d7420c5 bfe4387a9ec9444c80b17b3c2d7420c5] 199.204.45.57 "GET /v2.0/ports?tenant_id=da7a4d41a3f0446ca10c2178228342fd&device_id=bfb10fe1-a8c3-466a-9cde-1afc875411de HTTP/1.1" status: 200 len: 1634 time: 0.0548220
2026-06-30 23:30:31.018 10 INFO neutron.plugins.ml2.drivers.ovn.mech_driver.mech_driver [None req-a68c653f-67ef-4a09-aa77-634719f5fe2c - - - - - -] OVN reports status down for port: 8be1b646-c100-4be2-b9c9-b3a48207e71f
2026-06-30 23:30:31.021 10 INFO neutron.wsgi [req-e25857b6-3068-4dc1-abd9-6bfa8b90b138 req-533f2149-89d2-4ea9-83f4-243b616b72cf e442bb02bcf745df8fb30747f635bd0f 5a4be4c0b1f043f98f208d1532cfa4a8 - - bfe4387a9ec9444c80b17b3c2d7420c5 bfe4387a9ec9444c80b17b3c2d7420c5] 199.204.45.57 "GET /v2.0/networks?id=100f9781-7c0a-4b79-bec3-36972bd673f9 HTTP/1.1" status: 200 len: 1003 time: 0.1079314
2026-06-30 23:30:31.067 10 INFO neutron.wsgi [req-e25857b6-3068-4dc1-abd9-6bfa8b90b138 req-6b289d2e-6cfa-46e2-ae96-1028ecf807d9 e442bb02bcf745df8fb30747f635bd0f 5a4be4c0b1f043f98f208d1532cfa4a8 - - bfe4387a9ec9444c80b17b3c2d7420c5 bfe4387a9ec9444c80b17b3c2d7420c5] 199.204.45.57 "GET /v2.0/floatingips?fixed_ip_address=10.2.1.34&port_id=8be1b646-c100-4be2-b9c9-b3a48207e71f HTTP/1.1" status: 200 len: 217 time: 0.0378592
2026-06-30 23:30:31.101 10 INFO neutron.wsgi [req-e25857b6-3068-4dc1-abd9-6bfa8b90b138 req-b535bb33-6842-41ae-a8d3-a09c053371c2 e442bb02bcf745df8fb30747f635bd0f 5a4be4c0b1f043f98f208d1532cfa4a8 - - bfe4387a9ec9444c80b17b3c2d7420c5 bfe4387a9ec9444c80b17b3c2d7420c5] 199.204.45.57 "GET /v2.0/floatingips?fixed_ip_address=fd7b%3Af9f7%3Afff%3A4eca%3A%3A3c6&port_id=8be1b646-c100-4be2-b9c9-b3a48207e71f HTTP/1.1" status: 200 len: 217 time: 0.0278575
2026-06-30 23:30:31.192 10 INFO neutron.wsgi [req-e25857b6-3068-4dc1-abd9-6bfa8b90b138 req-d6ed8dd3-6c09-4da2-a81e-4e06c6525827 e442bb02bcf745df8fb30747f635bd0f 5a4be4c0b1f043f98f208d1532cfa4a8 - - bfe4387a9ec9444c80b17b3c2d7420c5 bfe4387a9ec9444c80b17b3c2d7420c5] 199.204.45.57 "GET /v2.0/subnets?id=53d81939-9230-4fb7-8817-9dbacfbd7a7a&id=45df973c-5ea2-457a-82db-4501384b2dc4 HTTP/1.1" status: 200 len: 1562 time: 0.0840967
2026-06-30 23:30:31.220 10 INFO neutron.wsgi [req-1bbc96c5-bc86-4c44-bd83-7e914b2f933e req-6b6beb39-8f88-4ecf-a642-cc498ad95142 ac228f11405e474989961c2d67c3350d da7a4d41a3f0446ca10c2178228342fd - - default default] 10.0.0.207 "GET /v2.0/ports?device_id=bfb10fe1-a8c3-466a-9cde-1afc875411de HTTP/1.1" status: 200 len: 1396 time: 0.2308819
2026-06-30 23:30:31.239 10 INFO neutron.wsgi [req-e25857b6-3068-4dc1-abd9-6bfa8b90b138 req-c73fb25c-5587-453c-aec2-754e9d606cfa e442bb02bcf745df8fb30747f635bd0f 5a4be4c0b1f043f98f208d1532cfa4a8 - - bfe4387a9ec9444c80b17b3c2d7420c5 bfe4387a9ec9444c80b17b3c2d7420c5] 199.204.45.57 "GET /v2.0/ports?network_id=100f9781-7c0a-4b79-bec3-36972bd673f9&device_owner=network%3Adhcp HTTP/1.1" status: 200 len: 210 time: 0.0410097
2026-06-30 23:30:31.283 10 INFO neutron.wsgi [req-e25857b6-3068-4dc1-abd9-6bfa8b90b138 req-91ad8e7d-a305-413c-b0e9-4905b34d0316 e442bb02bcf745df8fb30747f635bd0f 5a4be4c0b1f043f98f208d1532cfa4a8 - - bfe4387a9ec9444c80b17b3c2d7420c5 bfe4387a9ec9444c80b17b3c2d7420c5] 199.204.45.57 "GET /v2.0/ports?network_id=100f9781-7c0a-4b79-bec3-36972bd673f9&device_owner=network%3Adhcp HTTP/1.1" status: 200 len: 210 time: 0.0346999
2026-06-30 23:30:31.285 10 INFO neutron.notifiers.nova [-] Nova event matching ['req-d58e3901-af0b-4080-8078-a4ea44bb1223'] response: {'server_uuid': 'bfb10fe1-a8c3-466a-9cde-1afc875411de', 'name': 'network-vif-unplugged', 'status': 'completed', 'tag': '8be1b646-c100-4be2-b9c9-b3a48207e71f', 'code': 200} /var/lib/openstack/lib/python3.10/site-packages/pycadf/identifier.py:71: UserWarning: Invalid uuid: neutron. To ensure interoperability, identifiers should be a valid uuid. warnings.warn(('Invalid uuid: %s. To ensure interoperability, '
2026-06-30 23:30:31.352 10 INFO neutron.wsgi [req-1bbc96c5-bc86-4c44-bd83-7e914b2f933e req-217d2d07-79ba-4801-bc9e-7b06bde094ad ac228f11405e474989961c2d67c3350d da7a4d41a3f0446ca10c2178228342fd - - default default] 10.0.0.207 "GET /v2.0/security-groups?id=8af08f49-831a-4bed-81e6-98280280401f&fields=id&fields=name HTTP/1.1" status: 200 len: 310 time: 0.1162570
2026-06-30 23:30:31.385 10 INFO neutron.wsgi [req-e25857b6-3068-4dc1-abd9-6bfa8b90b138 req-8e6d5117-4565-4109-8d06-5b53f9446c64 e442bb02bcf745df8fb30747f635bd0f 5a4be4c0b1f043f98f208d1532cfa4a8 - - bfe4387a9ec9444c80b17b3c2d7420c5 bfe4387a9ec9444c80b17b3c2d7420c5] 199.204.45.57 "GET /v2.0/networks/100f9781-7c0a-4b79-bec3-36972bd673f9?fields=segments HTTP/1.1" status: 200 len: 212 time: 0.0907717
2026-06-30 23:30:31.395 9 INFO neutron.wsgi [req-7f36118a-0d72-4ace-be92-2b6fd8657026 req-ee1095ce-2200-42ea-a82c-2ff6a6e51df0 ac228f11405e474989961c2d67c3350d da7a4d41a3f0446ca10c2178228342fd - - default default] 199.204.45.57 "GET /v2.0/ports?device_id=bfb10fe1-a8c3-466a-9cde-1afc875411de HTTP/1.1" status: 200 len: 1394 time: 0.0940511
2026-06-30 23:30:31.468 10 INFO neutron.wsgi [req-e25857b6-3068-4dc1-abd9-6bfa8b90b138 req-ac58708e-ba33-4b8b-8418-008fe2a539dd e442bb02bcf745df8fb30747f635bd0f 5a4be4c0b1f043f98f208d1532cfa4a8 - - bfe4387a9ec9444c80b17b3c2d7420c5 bfe4387a9ec9444c80b17b3c2d7420c5] 199.204.45.57 "GET /v2.0/networks/100f9781-7c0a-4b79-bec3-36972bd673f9?fields=provider%3Aphysical_network&fields=provider%3Anetwork_type HTTP/1.1" status: 200 len: 277 time: 0.0783906
2026-06-30 23:30:31.505 10 INFO neutron.db.ovn_revision_numbers_db [None req-a68c653f-67ef-4a09-aa77-634719f5fe2c - - - - - -] Successfully bumped revision number for resource 8be1b646-c100-4be2-b9c9-b3a48207e71f (type: ports) to 5
2026-06-30 23:30:31.714 9 INFO neutron.wsgi [req-7f36118a-0d72-4ace-be92-2b6fd8657026 req-70813a8a-3b1f-4b0b-adf3-3a255653815f ac228f11405e474989961c2d67c3350d da7a4d41a3f0446ca10c2178228342fd - - default default] 199.204.45.57 "DELETE /v2.0/ports/8be1b646-c100-4be2-b9c9-b3a48207e71f HTTP/1.1" status: 204 len: 173 time: 0.3133523
2026-06-30 23:30:32.867 9 INFO neutron.notifiers.nova [-] Nova event matching ['req-11e33027-e272-4e6c-b001-1df29489ec89'] response: {'server_uuid': 'bfb10fe1-a8c3-466a-9cde-1afc875411de', 'name': 'network-vif-deleted', 'tag': '8be1b646-c100-4be2-b9c9-b3a48207e71f', 'status': 'completed', 'code': 200} /var/lib/openstack/lib/python3.10/site-packages/pycadf/identifier.py:71: UserWarning: Invalid uuid: neutron. To ensure interoperability, identifiers should be a valid uuid. warnings.warn(('Invalid uuid: %s. To ensure interoperability, '
2026-06-30 23:30:32.913 10 INFO neutron.wsgi [None req-82e41530-cd8f-4930-afc7-28c701ddc3a5 d3dc1c5db4e8424e92b7cac83dcba0a2 ac2f162e584e40a2b6f054806aff5e46 - - default default] 10.0.0.180 "GET /v2.0/floatingips HTTP/1.1" status: 200 len: 193 time: 0.0901308
2026-06-30 23:30:32.953 10 INFO neutron.wsgi [None req-c18766d3-72b3-4d6a-9fda-4d03bb9ab239 d3dc1c5db4e8424e92b7cac83dcba0a2 ac2f162e584e40a2b6f054806aff5e46 - - default default] 10.0.0.180 "GET /v2.0/ports HTTP/1.1" status: 200 len: 12737 time: 0.0392287
2026-06-30 23:30:32.993 10 INFO neutron.wsgi [None req-b9acacd5-9fc4-4d1a-8a32-7e761a2c937c d3dc1c5db4e8424e92b7cac83dcba0a2 ac2f162e584e40a2b6f054806aff5e46 - - default default] 10.0.0.180 "GET /v2.0/agents HTTP/1.1" status: 200 len: 997 time: 0.0274014
2026-06-30 23:30:33.007 10 INFO neutron.wsgi [None req-3caffadb-514f-4da3-bc4c-6a23e72f5b58 d3dc1c5db4e8424e92b7cac83dcba0a2 ac2f162e584e40a2b6f054806aff5e46 - - default default] 10.0.0.180 "GET /v2.0/network-ip-availabilities HTTP/1.1" status: 200 len: 3365 time: 0.0114324
2026-06-30 23:30:33.043 10 INFO neutron.wsgi [None req-ee7c999a-45c3-4db6-9ce9-e0133e841864 d3dc1c5db4e8424e92b7cac83dcba0a2 ac2f162e584e40a2b6f054806aff5e46 - - default default] 10.0.0.180 "GET /v2.0/subnets HTTP/1.1" status: 200 len: 5497 time: 0.0345216
2026-06-30 23:30:33.112 10 INFO neutron.wsgi [None req-c2df9e20-67a5-48ae-a2ce-fe4896a8de6b d3dc1c5db4e8424e92b7cac83dcba0a2 ac2f162e584e40a2b6f054806aff5e46 - - default default] 10.0.0.180 "GET /v2.0/networks HTTP/1.1" status: 200 len: 4722 time: 0.0662141
2026-06-30 23:30:33.183 10 INFO neutron.wsgi [None req-448b03d6-fb8d-4c7d-877e-30320fb61257 d3dc1c5db4e8424e92b7cac83dcba0a2 ac2f162e584e40a2b6f054806aff5e46 - - default default] 10.0.0.180 "GET /v2.0/security-groups HTTP/1.1" status: 200 len: 27510 time: 0.0672793
2026-06-30 23:30:33.254 10 INFO neutron.wsgi [None req-cda6dbba-97b9-46ca-a23a-21b87b696ec6 d3dc1c5db4e8424e92b7cac83dcba0a2 ac2f162e584e40a2b6f054806aff5e46 - - default default] 10.0.0.180 "GET /v2.0/routers HTTP/1.1" status: 200 len: 848 time: 0.0628204
2026-06-30 23:30:33.272 10 INFO neutron.wsgi [None req-c23460c9-86a3-4855-bab2-7ea0befe44a0 d3dc1c5db4e8424e92b7cac83dcba0a2 ac2f162e584e40a2b6f054806aff5e46 - - default default] 10.0.0.180 "GET /v2.0/agents?binary=ovn-controller HTTP/1.1" status: 200 len: 591 time: 0.0172498
2026-06-30 23:30:33.309 10 INFO neutron.wsgi [None req-b6f20a21-8285-4305-abd4-8980972ecd86 d3dc1c5db4e8424e92b7cac83dcba0a2 ac2f162e584e40a2b6f054806aff5e46 - - default default] 10.0.0.180 "GET /v2.0/subnets HTTP/1.1" status: 200 len: 5497 time: 0.0361824
2026-06-30 23:30:33.318 10 INFO neutron.notifiers.nova [-] Nova event matching ['req-64a7eeff-73be-42c9-bd0a-77aedd3225e3'] response: {'server_uuid': 'bfb10fe1-a8c3-466a-9cde-1afc875411de', 'name': 'network-vif-plugged', 'status': 'completed', 'tag': '8be1b646-c100-4be2-b9c9-b3a48207e71f', 'code': 200}
2026-06-30 23:30:33.323 10 INFO neutron.wsgi [None req-f7bc0cc7-4f3f-4900-a53d-41adcc786fa6 d3dc1c5db4e8424e92b7cac83dcba0a2 ac2f162e584e40a2b6f054806aff5e46 - - default default] 10.0.0.180 "GET /v2.0/subnetpools HTTP/1.1" status: 200 len: 193 time: 0.0105009
2026-06-30 23:30:36.555 10 INFO neutron.wsgi [None req-70703be7-5646-4fdd-9c99-4814b8376c64 ac228f11405e474989961c2d67c3350d da7a4d41a3f0446ca10c2178228342fd - - default default] 10.0.0.232 "DELETE /v2.0/security-group-rules/84d917b9-3586-4729-a947-7686d68889eb HTTP/1.1" status: 204 len: 168 time: 0.1334972
2026-06-30 23:30:36.568 10 INFO neutron.api.v2.resource [None req-312e1d96-a2c8-4652-8572-f26c510ab5db ac228f11405e474989961c2d67c3350d da7a4d41a3f0446ca10c2178228342fd - - default default] show failed (client error): The resource could not be found.
2026-06-30 23:30:36.569 10 INFO neutron.wsgi [None req-312e1d96-a2c8-4652-8572-f26c510ab5db ac228f11405e474989961c2d67c3350d da7a4d41a3f0446ca10c2178228342fd - - default default] 10.0.0.232 "GET /v2.0/security-group-rules/84d917b9-3586-4729-a947-7686d68889eb HTTP/1.1" status: 404 len: 356 time: 0.0091903
2026-06-30 23:30:36.712 10 INFO neutron.wsgi [None req-7a752ad8-d946-4cc9-b75f-a3ef2cd912a3 ac228f11405e474989961c2d67c3350d da7a4d41a3f0446ca10c2178228342fd - - default default] 10.0.0.232 "DELETE /v2.0/security-group-rules/04b00073-cca6-476f-a8bb-61e01b6ffb60 HTTP/1.1" status: 204 len: 168 time: 0.1395500
2026-06-30 23:30:36.723 10 INFO neutron.api.v2.resource [None req-29524c25-ae07-4904-8933-ae6ea91db364 ac228f11405e474989961c2d67c3350d da7a4d41a3f0446ca10c2178228342fd - - default default] show failed (client error): The resource could not be found.
2026-06-30 23:30:36.724 10 INFO neutron.wsgi [None req-29524c25-ae07-4904-8933-ae6ea91db364 ac228f11405e474989961c2d67c3350d da7a4d41a3f0446ca10c2178228342fd - - default default] 10.0.0.232 "GET /v2.0/security-group-rules/04b00073-cca6-476f-a8bb-61e01b6ffb60 HTTP/1.1" status: 404 len: 356 time: 0.0078766
2026-06-30 23:30:36.837 10 INFO neutron.wsgi [None req-5c7f663f-c1d9-485e-ad8d-e6838ddf646f ac228f11405e474989961c2d67c3350d da7a4d41a3f0446ca10c2178228342fd - - default default] 10.0.0.232 "DELETE /v2.0/security-group-rules/2cd77794-9119-4250-93d5-acb3268c4e69 HTTP/1.1" status: 204 len: 168 time: 0.1098449
2026-06-30 23:30:36.850 10 INFO neutron.api.v2.resource [None req-fdfb591c-b48a-4df9-868c-bf530cc517f1 ac228f11405e474989961c2d67c3350d da7a4d41a3f0446ca10c2178228342fd - - default default] show failed (client error): The resource could not be found.
2026-06-30 23:30:36.851 10 INFO neutron.wsgi [None req-fdfb591c-b48a-4df9-868c-bf530cc517f1 ac228f11405e474989961c2d67c3350d da7a4d41a3f0446ca10c2178228342fd - - default default] 10.0.0.232 "GET /v2.0/security-group-rules/2cd77794-9119-4250-93d5-acb3268c4e69 HTTP/1.1" status: 404 len: 356 time: 0.0083623
2026-06-30 23:30:36.970 10 INFO neutron.wsgi [None req-06089c98-af70-472f-abb4-a04325efc75d ac228f11405e474989961c2d67c3350d da7a4d41a3f0446ca10c2178228342fd - - default default] 10.0.0.232 "DELETE /v2.0/security-group-rules/a71d6fd6-3de3-4197-a655-7e923649b29f HTTP/1.1" status: 204 len: 168 time: 0.1148288
2026-06-30 23:30:36.983 10 INFO neutron.api.v2.resource [None req-abc135fe-91b9-44f6-8c84-4d821c1cbe6e ac228f11405e474989961c2d67c3350d da7a4d41a3f0446ca10c2178228342fd - - default default] show failed (client error): The resource could not be found.
2026-06-30 23:30:36.985 10 INFO neutron.wsgi [None req-abc135fe-91b9-44f6-8c84-4d821c1cbe6e ac228f11405e474989961c2d67c3350d da7a4d41a3f0446ca10c2178228342fd - - default default] 10.0.0.232 "GET /v2.0/security-group-rules/a71d6fd6-3de3-4197-a655-7e923649b29f HTTP/1.1" status: 404 len: 356 time: 0.0094421
2026-06-30 23:30:37.091 10 INFO neutron.wsgi [None req-c5946008-9ac5-445b-a01d-7a95e4e68072 ac228f11405e474989961c2d67c3350d da7a4d41a3f0446ca10c2178228342fd - - default default] 10.0.0.232 "DELETE /v2.0/security-group-rules/04be3699-fecd-48ad-8cc5-75b7437bc89a HTTP/1.1" status: 204 len: 168 time: 0.1021395
2026-06-30 23:30:37.105 10 INFO neutron.api.v2.resource [None req-035ab64d-d14a-4b16-908b-9e2c6b42bd0d ac228f11405e474989961c2d67c3350d da7a4d41a3f0446ca10c2178228342fd - - default default] show failed (client error): The resource could not be found.
2026-06-30 23:30:37.106 10 INFO neutron.wsgi [None req-035ab64d-d14a-4b16-908b-9e2c6b42bd0d ac228f11405e474989961c2d67c3350d da7a4d41a3f0446ca10c2178228342fd - - default default] 10.0.0.232 "GET /v2.0/security-group-rules/04be3699-fecd-48ad-8cc5-75b7437bc89a HTTP/1.1" status: 404 len: 356 time: 0.0103071
2026-06-30 23:30:37.245 10 INFO neutron.wsgi [None req-85f5f49d-2b74-4c72-8dae-cd425b5a3793 ac228f11405e474989961c2d67c3350d da7a4d41a3f0446ca10c2178228342fd - - default default] 10.0.0.232 "DELETE /v2.0/security-group-rules/0e35f878-5e1f-4039-a351-490e04b08e47 HTTP/1.1" status: 204 len: 168 time: 0.1318285
2026-06-30 23:30:37.260 10 INFO neutron.api.v2.resource [None req-5f9b30eb-99a3-43d6-825d-a488aed1b353 ac228f11405e474989961c2d67c3350d da7a4d41a3f0446ca10c2178228342fd - - default default] show failed (client error): The resource could not be found.
2026-06-30 23:30:37.262 10 INFO neutron.wsgi [None req-5f9b30eb-99a3-43d6-825d-a488aed1b353 ac228f11405e474989961c2d67c3350d da7a4d41a3f0446ca10c2178228342fd - - default default] 10.0.0.232 "GET /v2.0/security-group-rules/0e35f878-5e1f-4039-a351-490e04b08e47 HTTP/1.1" status: 404 len: 356 time: 0.0093231
2026-06-30 23:30:37.376 10 INFO neutron.wsgi [None req-a4aa5e19-56d6-48d6-81ec-f17e2425f4da ac228f11405e474989961c2d67c3350d da7a4d41a3f0446ca10c2178228342fd - - default default] 10.0.0.232 "DELETE /v2.0/security-group-rules/fc243de7-a915-4825-ab07-785d75a7be7b HTTP/1.1" status: 204 len: 168 time: 0.1093683
2026-06-30 23:30:37.389 10 INFO neutron.api.v2.resource [None req-7ec76c14-3f7a-490e-8941-b955674199dc ac228f11405e474989961c2d67c3350d da7a4d41a3f0446ca10c2178228342fd - - default default] show failed (client error): The resource could not be found.
2026-06-30 23:30:37.390 10 INFO neutron.wsgi [None req-7ec76c14-3f7a-490e-8941-b955674199dc ac228f11405e474989961c2d67c3350d da7a4d41a3f0446ca10c2178228342fd - - default default] 10.0.0.232 "GET /v2.0/security-group-rules/fc243de7-a915-4825-ab07-785d75a7be7b HTTP/1.1" status: 404 len: 356 time: 0.0092924
2026-06-30 23:30:37.492 10 INFO neutron.wsgi [None req-6ebcda8a-f362-42a9-ba2d-ee32129a49be ac228f11405e474989961c2d67c3350d da7a4d41a3f0446ca10c2178228342fd - - default default] 10.0.0.232 "DELETE /v2.0/security-group-rules/293fccfc-8073-4dc3-80e0-cefa1e6e7009 HTTP/1.1" status: 204 len: 168 time: 0.0981166
2026-06-30 23:30:37.506 10 INFO neutron.api.v2.resource [None req-fb00c5d0-3b49-440c-9f2f-654e6fbd85b4 ac228f11405e474989961c2d67c3350d da7a4d41a3f0446ca10c2178228342fd - - default default] show failed (client error): The resource could not be found.
2026-06-30 23:30:37.509 10 INFO neutron.wsgi [None req-fb00c5d0-3b49-440c-9f2f-654e6fbd85b4 ac228f11405e474989961c2d67c3350d da7a4d41a3f0446ca10c2178228342fd - - default default] 10.0.0.232 "GET /v2.0/security-group-rules/293fccfc-8073-4dc3-80e0-cefa1e6e7009 HTTP/1.1" status: 404 len: 356 time: 0.0117440
2026-06-30 23:30:37.615 10 INFO neutron.wsgi [None req-f4d62791-0a6c-4af7-8fd5-49c5241dcee7 ac228f11405e474989961c2d67c3350d da7a4d41a3f0446ca10c2178228342fd - - default default] 10.0.0.232 "DELETE /v2.0/security-group-rules/b8e6f27c-f654-4f7d-8576-eafea350da30 HTTP/1.1" status: 204 len: 168 time: 0.1026659
2026-06-30 23:30:37.628 10 INFO neutron.api.v2.resource [None req-0c8de6a5-f775-430c-85d0-c7ac1125ec65 ac228f11405e474989961c2d67c3350d da7a4d41a3f0446ca10c2178228342fd - - default default] show failed (client error): The resource could not be found.
2026-06-30 23:30:37.630 10 INFO neutron.wsgi [None req-0c8de6a5-f775-430c-85d0-c7ac1125ec65 ac228f11405e474989961c2d67c3350d da7a4d41a3f0446ca10c2178228342fd - - default default] 10.0.0.232 "GET /v2.0/security-group-rules/b8e6f27c-f654-4f7d-8576-eafea350da30 HTTP/1.1" status: 404 len: 356 time: 0.0093205
2026-06-30 23:30:37.736 10 INFO neutron.wsgi [None req-a3ec5f74-0e8e-4beb-8534-6be3dfc5fd6e ac228f11405e474989961c2d67c3350d da7a4d41a3f0446ca10c2178228342fd - - default default] 10.0.0.232 "DELETE /v2.0/security-group-rules/a1fe23d6-f6c8-4cb0-800f-5341035e0fa3 HTTP/1.1" status: 204 len: 168 time: 0.1027982
2026-06-30 23:30:37.747 10 INFO neutron.api.v2.resource [None req-2d41592d-9549-42da-bba9-aad7d8cf66c5 ac228f11405e474989961c2d67c3350d da7a4d41a3f0446ca10c2178228342fd - - default default] show failed (client error): The resource could not be found.
2026-06-30 23:30:37.748 10 INFO neutron.wsgi [None req-2d41592d-9549-42da-bba9-aad7d8cf66c5 ac228f11405e474989961c2d67c3350d da7a4d41a3f0446ca10c2178228342fd - - default default] 10.0.0.232 "GET /v2.0/security-group-rules/a1fe23d6-f6c8-4cb0-800f-5341035e0fa3 HTTP/1.1" status: 404 len: 356 time: 0.0075421
2026-06-30 23:30:37.852 10 INFO neutron.wsgi [None req-f4bed164-a295-4225-b94d-4491ee90fa7f ac228f11405e474989961c2d67c3350d da7a4d41a3f0446ca10c2178228342fd - - default default] 10.0.0.232 "DELETE /v2.0/security-group-rules/56432d8c-977e-43e7-ab97-9444ebf7e2c5 HTTP/1.1" status: 204 len: 168 time: 0.1000619
2026-06-30 23:30:37.869 10 INFO neutron.api.v2.resource [None req-e19de601-eebb-47aa-8878-4e8d70082c3e ac228f11405e474989961c2d67c3350d da7a4d41a3f0446ca10c2178228342fd - - default default] show failed (client error): The resource could not be found.
2026-06-30 23:30:37.870 10 INFO neutron.wsgi [None req-e19de601-eebb-47aa-8878-4e8d70082c3e ac228f11405e474989961c2d67c3350d da7a4d41a3f0446ca10c2178228342fd - - default default] 10.0.0.232 "GET /v2.0/security-group-rules/56432d8c-977e-43e7-ab97-9444ebf7e2c5 HTTP/1.1" status: 404 len: 356 time: 0.0124233
2026-06-30 23:30:37.977 10 INFO neutron.wsgi [None req-2037f385-5bcf-4901-b0a1-e0cdc3fe73a3 ac228f11405e474989961c2d67c3350d da7a4d41a3f0446ca10c2178228342fd - - default default] 10.0.0.232 "DELETE /v2.0/security-groups/8af08f49-831a-4bed-81e6-98280280401f HTTP/1.1" status: 204 len: 168 time: 0.1024628
2026-06-30 23:30:37.991 10 INFO neutron.api.v2.resource [None req-aae25056-a092-4640-992b-cd1fdf14a712 ac228f11405e474989961c2d67c3350d da7a4d41a3f0446ca10c2178228342fd - - default default] show failed (client error): The resource could not be found.
2026-06-30 23:30:37.993 10 INFO neutron.wsgi [None req-aae25056-a092-4640-992b-cd1fdf14a712 ac228f11405e474989961c2d67c3350d da7a4d41a3f0446ca10c2178228342fd - - default default] 10.0.0.232 "GET /v2.0/security-groups/8af08f49-831a-4bed-81e6-98280280401f HTTP/1.1" status: 404 len: 347 time: 0.0099907
2026-06-30 23:30:39.181 10 INFO neutron.wsgi [None req-4dc097ec-2af9-4512-85d6-70e174225b12 ac228f11405e474989961c2d67c3350d da7a4d41a3f0446ca10c2178228342fd - - default default] 10.0.0.232 "PUT /v2.0/routers/bfc91dbd-4bb9-4a1d-ba10-7060265715aa/remove_router_interface HTTP/1.1" status: 200 len: 503 time: 1.1391027 /var/lib/openstack/lib/python3.10/site-packages/pycadf/identifier.py:71: UserWarning: Invalid uuid: neutron. To ensure interoperability, identifiers should be a valid uuid. warnings.warn(('Invalid uuid: %s. To ensure interoperability, '
2026-06-30 23:30:39.312 10 INFO neutron.api.v2.resource [None req-5adddf50-83b5-4c35-8d67-c08a7180cb27 ac228f11405e474989961c2d67c3350d da7a4d41a3f0446ca10c2178228342fd - - default default] remove_router_interface failed (client error): The resource could not be found.
2026-06-30 23:30:39.314 10 INFO neutron.wsgi [None req-5adddf50-83b5-4c35-8d67-c08a7180cb27 ac228f11405e474989961c2d67c3350d da7a4d41a3f0446ca10c2178228342fd - - default default] 10.0.0.232 "PUT /v2.0/routers/bfc91dbd-4bb9-4a1d-ba10-7060265715aa/remove_router_interface HTTP/1.1" status: 404 len: 399 time: 0.1276107
2026-06-30 23:30:40.207 9 INFO neutron.wsgi [None req-b4206f04-3d51-4a08-a96e-e733fa9a430d ac228f11405e474989961c2d67c3350d da7a4d41a3f0446ca10c2178228342fd - - default default] 10.0.0.232 "PUT /v2.0/routers/bfc91dbd-4bb9-4a1d-ba10-7060265715aa/remove_router_interface HTTP/1.1" status: 200 len: 503 time: 0.8827438
2026-06-30 23:30:40.327 10 INFO neutron.api.v2.resource [None req-80b71a52-ba74-4c37-9ca5-b17e2ff0c34e ac228f11405e474989961c2d67c3350d da7a4d41a3f0446ca10c2178228342fd - - default default] remove_router_interface failed (client error): The resource could not be found.
2026-06-30 23:30:40.330 10 INFO neutron.wsgi [None req-80b71a52-ba74-4c37-9ca5-b17e2ff0c34e ac228f11405e474989961c2d67c3350d da7a4d41a3f0446ca10c2178228342fd - - default default] 10.0.0.232 "PUT /v2.0/routers/bfc91dbd-4bb9-4a1d-ba10-7060265715aa/remove_router_interface HTTP/1.1" status: 404 len: 399 time: 0.1178925
2026-06-30 23:30:40.964 10 INFO neutron.wsgi [-] 10.0.0.96 "GET / HTTP/1.1" status: 200 len: 247 time: 0.0015550
2026-06-30 23:30:40.967 9 INFO neutron.wsgi [-] 10.0.0.96 "GET / HTTP/1.1" status: 200 len: 247 time: 0.0044911
2026-06-30 23:30:41.140 10 INFO neutron.wsgi [None req-c6bfe580-596c-4623-b408-fd9659ec7782 ac228f11405e474989961c2d67c3350d da7a4d41a3f0446ca10c2178228342fd - - default default] 10.0.0.232 "PUT /v2.0/routers/bfc91dbd-4bb9-4a1d-ba10-7060265715aa/remove_router_interface HTTP/1.1" status: 200 len: 503 time: 0.8056111 /var/lib/openstack/lib/python3.10/site-packages/pycadf/identifier.py:71: UserWarning: Invalid uuid: neutron. To ensure interoperability, identifiers should be a valid uuid. warnings.warn(('Invalid uuid: %s. To ensure interoperability, '
2026-06-30 23:30:41.287 10 INFO neutron.api.v2.resource [None req-2446ab54-fc21-45ab-ba89-7dc526ccd796 ac228f11405e474989961c2d67c3350d da7a4d41a3f0446ca10c2178228342fd - - default default] remove_router_interface failed (client error): The resource could not be found.
2026-06-30 23:30:41.288 10 INFO neutron.wsgi [None req-2446ab54-fc21-45ab-ba89-7dc526ccd796 ac228f11405e474989961c2d67c3350d da7a4d41a3f0446ca10c2178228342fd - - default default] 10.0.0.232 "PUT /v2.0/routers/bfc91dbd-4bb9-4a1d-ba10-7060265715aa/remove_router_interface HTTP/1.1" status: 404 len: 399 time: 0.1404276
2026-06-30 23:30:41.807 10 INFO neutron.wsgi [None req-24238b93-da2e-4ef8-9974-f81d0eda47a4 ac228f11405e474989961c2d67c3350d da7a4d41a3f0446ca10c2178228342fd - - default default] 10.0.0.232 "DELETE /v2.0/routers/bfc91dbd-4bb9-4a1d-ba10-7060265715aa HTTP/1.1" status: 204 len: 168 time: 0.5137470
2026-06-30 23:30:41.837 10 INFO neutron.api.v2.resource [None req-ff383aac-70db-4595-ab92-66fbc4a824ee ac228f11405e474989961c2d67c3350d da7a4d41a3f0446ca10c2178228342fd - - default default] show failed (client error): The resource could not be found.
2026-06-30 23:30:41.838 10 INFO neutron.wsgi [None req-ff383aac-70db-4595-ab92-66fbc4a824ee ac228f11405e474989961c2d67c3350d da7a4d41a3f0446ca10c2178228342fd - - default default] 10.0.0.232 "GET /v2.0/routers/bfc91dbd-4bb9-4a1d-ba10-7060265715aa HTTP/1.1" status: 404 len: 336 time: 0.0244811
2026-06-30 23:30:42.019 10 INFO neutron.wsgi [None req-09d08bc2-40ff-4763-9b9f-29e722d09b63 ac228f11405e474989961c2d67c3350d da7a4d41a3f0446ca10c2178228342fd - - default default] 10.0.0.232 "DELETE /v2.0/subnets/e001ac1e-9451-44ab-a5e6-111f5f575d9d HTTP/1.1" status: 204 len: 168 time: 0.1761301
2026-06-30 23:30:42.037 10 INFO neutron.pecan_wsgi.hooks.translation [None req-d2dad965-29bb-4711-8a52-696074845956 ac228f11405e474989961c2d67c3350d da7a4d41a3f0446ca10c2178228342fd - - default default] GET failed (client error): The resource could not be found.
2026-06-30 23:30:42.038 10 INFO neutron.wsgi [None req-d2dad965-29bb-4711-8a52-696074845956 ac228f11405e474989961c2d67c3350d da7a4d41a3f0446ca10c2178228342fd - - default default] 10.0.0.232 "GET /v2.0/subnets/e001ac1e-9451-44ab-a5e6-111f5f575d9d HTTP/1.1" status: 404 len: 337 time: 0.0149817
2026-06-30 23:30:42.274 10 INFO neutron.wsgi [None req-c4cfceaa-9dc2-4b59-a0b7-b1210c5c25fc ac228f11405e474989961c2d67c3350d da7a4d41a3f0446ca10c2178228342fd - - default default] 10.0.0.232 "DELETE /v2.0/subnets/bc8c65f0-25d8-4128-9f4e-57c9bcaf8785 HTTP/1.1" status: 204 len: 168 time: 0.2323439
2026-06-30 23:30:42.293 10 INFO neutron.pecan_wsgi.hooks.translation [None req-85be0092-cea0-4c1c-93f2-396c3f5b74f6 ac228f11405e474989961c2d67c3350d da7a4d41a3f0446ca10c2178228342fd - - default default] GET failed (client error): The resource could not be found.
2026-06-30 23:30:42.294 10 INFO neutron.wsgi [None req-85be0092-cea0-4c1c-93f2-396c3f5b74f6 ac228f11405e474989961c2d67c3350d da7a4d41a3f0446ca10c2178228342fd - - default default] 10.0.0.232 "GET /v2.0/subnets/bc8c65f0-25d8-4128-9f4e-57c9bcaf8785 HTTP/1.1" status: 404 len: 337 time: 0.0147972
2026-06-30 23:30:42.857 10 INFO neutron.wsgi [None req-840d7a5b-0b4b-4edf-91c0-813bbdd760b2 ac228f11405e474989961c2d67c3350d da7a4d41a3f0446ca10c2178228342fd - - default default] 10.0.0.232 "DELETE /v2.0/networks/098e7c5e-adbd-46e0-9834-c6da4d5776a9 HTTP/1.1" status: 204 len: 168 time: 0.5590043 /var/lib/openstack/lib/python3.10/site-packages/pycadf/identifier.py:71: UserWarning: Invalid uuid: neutron. To ensure interoperability, identifiers should be a valid uuid. warnings.warn(('Invalid uuid: %s. To ensure interoperability, '
2026-06-30 23:30:42.882 9 INFO neutron.pecan_wsgi.hooks.translation [None req-da8570b4-a80b-493c-960d-e0b16fa02b0f ac228f11405e474989961c2d67c3350d da7a4d41a3f0446ca10c2178228342fd - - default default] GET failed (client error): The resource could not be found.
2026-06-30 23:30:42.885 9 INFO neutron.wsgi [None req-da8570b4-a80b-493c-960d-e0b16fa02b0f ac228f11405e474989961c2d67c3350d da7a4d41a3f0446ca10c2178228342fd - - default default] 10.0.0.232 "GET /v2.0/networks/098e7c5e-adbd-46e0-9834-c6da4d5776a9 HTTP/1.1" status: 404 len: 339 time: 0.0226965
2026-06-30 23:30:42.902 10 INFO neutron.services.segments.plugin [-] Segment 5fe9fe8d-217d-4313-9f7f-2683591b7d88 resource provider aggregate not found
2026-06-30 23:30:42.910 10 INFO neutron.services.segments.plugin [-] Segment 5fe9fe8d-217d-4313-9f7f-2683591b7d88 resource provider aggregate not found
2026-06-30 23:30:42.919 10 INFO neutron.services.segments.plugin [-] Segment 5fe9fe8d-217d-4313-9f7f-2683591b7d88 resource provider not found; error: Placement Client Error (4xx): {"errors": [{"status": 404, "title": "Not Found", "detail": "The resource could not be found.\n\n No resource provider with uuid 5fe9fe8d-217d-4313-9f7f-2683591b7d88 found for delete ", "request_id": "req-fa0d97ef-8cd2-47f9-a7cf-ba07ab03dd9a"}]}
2026-06-30 23:30:42.920 10 INFO neutron.services.segments.plugin [-] Segment 5fe9fe8d-217d-4313-9f7f-2683591b7d88 resource provider not found; error: Placement Client Error (4xx): {"errors": [{"status": 404, "title": "Not Found", "detail": "The resource could not be found.\n\n No resource provider with uuid 5fe9fe8d-217d-4313-9f7f-2683591b7d88 found for delete ", "request_id": "req-c50cf632-27e6-4b97-9cf9-06009d709352"}]}
2026-06-30 23:30:43.079 9 INFO neutron.wsgi [None req-c3621c9a-1513-4d05-b47e-172e6cda474c ac228f11405e474989961c2d67c3350d da7a4d41a3f0446ca10c2178228342fd - - default default] 10.0.0.232 "DELETE /v2.0/subnets/53d81939-9230-4fb7-8817-9dbacfbd7a7a HTTP/1.1" status: 204 len: 168 time: 0.1888118
2026-06-30 23:30:43.114 9 INFO neutron.pecan_wsgi.hooks.translation [None req-aecffcdb-7348-4892-a420-be7a2a63e2e6 ac228f11405e474989961c2d67c3350d da7a4d41a3f0446ca10c2178228342fd - - default default] GET failed (client error): The resource could not be found.
2026-06-30 23:30:43.117 9 INFO neutron.wsgi [None req-aecffcdb-7348-4892-a420-be7a2a63e2e6 ac228f11405e474989961c2d67c3350d da7a4d41a3f0446ca10c2178228342fd - - default default] 10.0.0.232 "GET /v2.0/subnets/53d81939-9230-4fb7-8817-9dbacfbd7a7a HTTP/1.1" status: 404 len: 337 time: 0.0330646
2026-06-30 23:30:43.369 9 INFO neutron.wsgi [None req-1f0fe95f-c16b-4179-b0c2-0da21870923e ac228f11405e474989961c2d67c3350d da7a4d41a3f0446ca10c2178228342fd - - default default] 10.0.0.232 "DELETE /v2.0/subnets/45df973c-5ea2-457a-82db-4501384b2dc4 HTTP/1.1" status: 204 len: 168 time: 0.2483413
2026-06-30 23:30:43.391 9 INFO neutron.pecan_wsgi.hooks.translation [None req-c92a111c-adde-41dc-b9cc-87bad43b35dd ac228f11405e474989961c2d67c3350d da7a4d41a3f0446ca10c2178228342fd - - default default] GET failed (client error): The resource could not be found.
2026-06-30 23:30:43.392 9 INFO neutron.wsgi [None req-c92a111c-adde-41dc-b9cc-87bad43b35dd ac228f11405e474989961c2d67c3350d da7a4d41a3f0446ca10c2178228342fd - - default default] 10.0.0.232 "GET /v2.0/subnets/45df973c-5ea2-457a-82db-4501384b2dc4 HTTP/1.1" status: 404 len: 337 time: 0.0175853
2026-06-30 23:30:43.790 9 INFO neutron.wsgi [None req-623b8b6c-bc86-4267-986d-91cb2781a528 ac228f11405e474989961c2d67c3350d da7a4d41a3f0446ca10c2178228342fd - - default default] 10.0.0.232 "DELETE /v2.0/networks/100f9781-7c0a-4b79-bec3-36972bd673f9 HTTP/1.1" status: 204 len: 168 time: 0.3940961
2026-06-30 23:30:43.793 9 INFO neutron.services.segments.plugin [-] Segment 7c883158-2394-4bc6-aeda-129740026d0b resource provider aggregate not found
2026-06-30 23:30:43.801 9 INFO neutron.services.segments.plugin [-] Segment 7c883158-2394-4bc6-aeda-129740026d0b resource provider aggregate not found
2026-06-30 23:30:43.812 10 INFO neutron.pecan_wsgi.hooks.translation [None req-18b9f032-68c5-482c-9add-0f55d193b04f ac228f11405e474989961c2d67c3350d da7a4d41a3f0446ca10c2178228342fd - - default default] GET failed (client error): The resource could not be found.
2026-06-30 23:30:43.814 10 INFO neutron.wsgi [None req-18b9f032-68c5-482c-9add-0f55d193b04f ac228f11405e474989961c2d67c3350d da7a4d41a3f0446ca10c2178228342fd - - default default] 10.0.0.232 "GET /v2.0/networks/100f9781-7c0a-4b79-bec3-36972bd673f9 HTTP/1.1" status: 404 len: 339 time: 0.0166988
2026-06-30 23:30:43.814 9 INFO neutron.services.segments.plugin [-] Segment 7c883158-2394-4bc6-aeda-129740026d0b resource provider not found; error: Placement Client Error (4xx): {"errors": [{"status": 404, "title": "Not Found", "detail": "The resource could not be found.\n\n No resource provider with uuid 7c883158-2394-4bc6-aeda-129740026d0b found for delete ", "request_id": "req-d16253c8-b573-4a3a-bee4-da49096b499e"}]}
2026-06-30 23:30:43.815 9 INFO neutron.services.segments.plugin [-] Segment 7c883158-2394-4bc6-aeda-129740026d0b resource provider not found; error: Placement Client Error (4xx): {"errors": [{"status": 404, "title": "Not Found", "detail": "The resource could not be found.\n\n No resource provider with uuid 7c883158-2394-4bc6-aeda-129740026d0b found for delete ", "request_id": "req-b1aeec49-b896-4d42-8db7-a91b6ec9df84"}]}
2026-06-30 23:30:43.990 10 INFO neutron.wsgi [None req-96b2c719-bb95-4292-8ef9-d338f10f5ce5 ac228f11405e474989961c2d67c3350d da7a4d41a3f0446ca10c2178228342fd - - default default] 10.0.0.232 "DELETE /v2.0/subnets/67cba780-763f-4618-bc81-3ada001b9582 HTTP/1.1" status: 204 len: 168 time: 0.1723192
2026-06-30 23:30:44.012 10 INFO neutron.pecan_wsgi.hooks.translation [None req-f1711e51-a3bb-44c7-b338-8bc75cf1cd64 ac228f11405e474989961c2d67c3350d da7a4d41a3f0446ca10c2178228342fd - - default default] GET failed (client error): The resource could not be found.
2026-06-30 23:30:44.013 10 INFO neutron.wsgi [None req-f1711e51-a3bb-44c7-b338-8bc75cf1cd64 ac228f11405e474989961c2d67c3350d da7a4d41a3f0446ca10c2178228342fd - - default default] 10.0.0.232 "GET /v2.0/subnets/67cba780-763f-4618-bc81-3ada001b9582 HTTP/1.1" status: 404 len: 337 time: 0.0173371
2026-06-30 23:30:44.245 10 INFO neutron.wsgi [None req-61a7d0eb-d729-4204-931a-2372a5d7ec26 ac228f11405e474989961c2d67c3350d da7a4d41a3f0446ca10c2178228342fd - - default default] 10.0.0.232 "DELETE /v2.0/subnets/5e8f7525-5231-4e76-b182-667789774fd6 HTTP/1.1" status: 204 len: 168 time: 0.2258358
2026-06-30 23:30:44.265 10 INFO neutron.pecan_wsgi.hooks.translation [None req-a8f6d144-9f09-4f4f-9f78-94c0edae04db ac228f11405e474989961c2d67c3350d da7a4d41a3f0446ca10c2178228342fd - - default default] GET failed (client error): The resource could not be found.
2026-06-30 23:30:44.267 10 INFO neutron.wsgi [None req-a8f6d144-9f09-4f4f-9f78-94c0edae04db ac228f11405e474989961c2d67c3350d da7a4d41a3f0446ca10c2178228342fd - - default default] 10.0.0.232 "GET /v2.0/subnets/5e8f7525-5231-4e76-b182-667789774fd6 HTTP/1.1" status: 404 len: 337 time: 0.0171812
2026-06-30 23:30:44.611 10 INFO neutron.wsgi [None req-eac96abd-0a55-469c-ac24-64ea1cd82088 ac228f11405e474989961c2d67c3350d da7a4d41a3f0446ca10c2178228342fd - - default default] 10.0.0.232 "DELETE /v2.0/networks/6acf815d-11a2-438c-bfb9-5e78d68deab4 HTTP/1.1" status: 204 len: 168 time: 0.3400600
2026-06-30 23:30:44.638 9 INFO neutron.pecan_wsgi.hooks.translation [None req-a340914a-00b5-44cf-a436-55e6fee6f7ae ac228f11405e474989961c2d67c3350d da7a4d41a3f0446ca10c2178228342fd - - default default] GET failed (client error): The resource could not be found.
2026-06-30 23:30:44.640 9 INFO neutron.wsgi [None req-a340914a-00b5-44cf-a436-55e6fee6f7ae ac228f11405e474989961c2d67c3350d da7a4d41a3f0446ca10c2178228342fd - - default default] 10.0.0.232 "GET /v2.0/networks/6acf815d-11a2-438c-bfb9-5e78d68deab4 HTTP/1.1" status: 404 len: 339 time: 0.0234189
2026-06-30 23:30:44.940 10 INFO neutron.services.segments.plugin [-] Segment 5e29819a-3665-4e91-945d-c5d3f8b0e0e2 resource provider aggregate not found
2026-06-30 23:30:44.947 10 INFO neutron.services.segments.plugin [-] Segment 5e29819a-3665-4e91-945d-c5d3f8b0e0e2 resource provider aggregate not found
2026-06-30 23:30:44.964 10 INFO neutron.services.segments.plugin [-] Segment 5e29819a-3665-4e91-945d-c5d3f8b0e0e2 resource provider not found; error: Placement Client Error (4xx): {"errors": [{"status": 404, "title": "Not Found", "detail": "The resource could not be found.\n\n No resource provider with uuid 5e29819a-3665-4e91-945d-c5d3f8b0e0e2 found for delete ", "request_id": "req-f78b0cf8-798c-45ea-82cc-526c69eb835d"}]}
2026-06-30 23:30:44.965 10 INFO neutron.services.segments.plugin [-] Segment 5e29819a-3665-4e91-945d-c5d3f8b0e0e2 resource provider not found; error: Placement Client Error (4xx): {"errors": [{"status": 404, "title": "Not Found", "detail": "The resource could not be found.\n\n No resource provider with uuid 5e29819a-3665-4e91-945d-c5d3f8b0e0e2 found for delete ", "request_id": "req-32e94227-bab6-47c4-a905-89d59801bcdb"}]}
2026-06-30 23:30:46.818 10 INFO neutron.db.ovn_revision_numbers_db [None req-ad4adf10-c254-40fd-a967-db9a4eae581f d3dc1c5db4e8424e92b7cac83dcba0a2 ac2f162e584e40a2b6f054806aff5e46 - - default default] Successfully bumped revision number for resource a31ecfb8-c20a-4f6b-b30b-6598d71246bc (type: security_groups) to 1
2026-06-30 23:30:46.834 10 INFO neutron.db.ovn_revision_numbers_db [None req-ad4adf10-c254-40fd-a967-db9a4eae581f d3dc1c5db4e8424e92b7cac83dcba0a2 ac2f162e584e40a2b6f054806aff5e46 - - default default] Successfully bumped revision number for resource 4099e706-c9c9-4744-bbbe-0e08caf194e3 (type: security_group_rules) to 0
2026-06-30 23:30:46.846 10 INFO neutron.db.ovn_revision_numbers_db [None req-ad4adf10-c254-40fd-a967-db9a4eae581f d3dc1c5db4e8424e92b7cac83dcba0a2 ac2f162e584e40a2b6f054806aff5e46 - - default default] Successfully bumped revision number for resource 415edb41-8daa-42f0-9c55-7744ab0abd4b (type: security_group_rules) to 0
2026-06-30 23:30:46.858 10 INFO neutron.db.ovn_revision_numbers_db [None req-ad4adf10-c254-40fd-a967-db9a4eae581f d3dc1c5db4e8424e92b7cac83dcba0a2 ac2f162e584e40a2b6f054806aff5e46 - - default default] Successfully bumped revision number for resource 97be3421-467d-4434-b119-130d5663d198 (type: security_group_rules) to 0
2026-06-30 23:30:46.873 10 INFO neutron.db.ovn_revision_numbers_db [None req-ad4adf10-c254-40fd-a967-db9a4eae581f d3dc1c5db4e8424e92b7cac83dcba0a2 ac2f162e584e40a2b6f054806aff5e46 - - default default] Successfully bumped revision number for resource cdd4364b-0309-4003-88bc-aff3a231e17e (type: security_group_rules) to 0
2026-06-30 23:30:46.895 10 INFO neutron.wsgi [None req-ad4adf10-c254-40fd-a967-db9a4eae581f d3dc1c5db4e8424e92b7cac83dcba0a2 ac2f162e584e40a2b6f054806aff5e46 - - default default] 10.0.0.232 "GET /v2.0/security-groups?tenant_id=7687c7b2f6934f1d9b05492698f282b7&name=default HTTP/1.1" status: 200 len: 3000 time: 0.3347449
2026-06-30 23:30:47.078 10 INFO neutron.wsgi [None req-307de5b0-2dae-4a30-b5cd-ad113bcc555b d3dc1c5db4e8424e92b7cac83dcba0a2 ac2f162e584e40a2b6f054806aff5e46 - - default default] 10.0.0.232 "DELETE /v2.0/security-groups/a31ecfb8-c20a-4f6b-b30b-6598d71246bc HTTP/1.1" status: 204 len: 168 time: 0.1788659
2026-06-30 23:30:47.291 10 INFO neutron.db.ovn_revision_numbers_db [None req-36ffeda1-9814-475c-89a6-01f70b73b7dd d3dc1c5db4e8424e92b7cac83dcba0a2 ac2f162e584e40a2b6f054806aff5e46 - - default default] Successfully bumped revision number for resource fdf64cda-4994-4e04-811e-a73136e1a762 (type: security_groups) to 1
