2026-06-30 23:29:59.365 9 INFO neutron.wsgi [req-032fe7e7-375f-4fcf-9966-f70741e82da1 req-3985d1b7-6766-4f41-81dd-2e741b695d3a e442bb02bcf745df8fb30747f635bd0f 5a4be4c0b1f043f98f208d1532cfa4a8 - - bfe4387a9ec9444c80b17b3c2d7420c5 bfe4387a9ec9444c80b17b3c2d7420c5] 199.204.45.57 "GET /v2.0/networks/6acf815d-11a2-438c-bfb9-5e78d68deab4?fields=segments HTTP/1.1" status: 200 len: 212 time: 0.0600545
2026-06-30 23:29:59.367 10 INFO neutron.wsgi [None req-42e00603-acc9-4eea-989b-eae41a59d324 d3dc1c5db4e8424e92b7cac83dcba0a2 ac2f162e584e40a2b6f054806aff5e46 - - default default] 199.204.45.57 "DELETE /v2.0/ports/64045fa3-31fb-4892-b2ed-39f88d35ce23 HTTP/1.1" status: 404 len: 338 time: 0.0208709
2026-06-30 23:29:59.435 9 INFO neutron.wsgi [req-032fe7e7-375f-4fcf-9966-f70741e82da1 req-b822e9cf-9dac-44a8-9715-739ab6430f70 e442bb02bcf745df8fb30747f635bd0f 5a4be4c0b1f043f98f208d1532cfa4a8 - - bfe4387a9ec9444c80b17b3c2d7420c5 bfe4387a9ec9444c80b17b3c2d7420c5] 199.204.45.57 "GET /v2.0/networks/6acf815d-11a2-438c-bfb9-5e78d68deab4?fields=provider%3Aphysical_network&fields=provider%3Anetwork_type HTTP/1.1" status: 200 len: 277 time: 0.0636890
2026-06-30 23:29:59.457 10 INFO neutron.wsgi [None req-38932a78-bce0-464e-8405-4831e33f50aa d3dc1c5db4e8424e92b7cac83dcba0a2 ac2f162e584e40a2b6f054806aff5e46 - - default default] 199.204.45.57 "GET /v2.0/extensions/security-group HTTP/1.1" status: 200 len: 369 time: 0.0077014
2026-06-30 23:29:59.465 10 INFO neutron.wsgi [None req-c184516e-4222-46db-b3c6-ce379888d0da d3dc1c5db4e8424e92b7cac83dcba0a2 ac2f162e584e40a2b6f054806aff5e46 - - default default] 199.204.45.57 "GET /v2.0/extensions/dns-integration HTTP/1.1" status: 200 len: 371 time: 0.0032284
2026-06-30 23:29:59.474 10 INFO neutron.wsgi [None req-d6ca38b7-a935-41e6-bb7e-da9a0e405638 d3dc1c5db4e8424e92b7cac83dcba0a2 ac2f162e584e40a2b6f054806aff5e46 - - default default] 199.204.45.57 "GET /v2.0/extensions/qos HTTP/1.1" status: 200 len: 365 time: 0.0054245
2026-06-30 23:29:59.485 10 INFO neutron.wsgi [None req-27afb04c-d4ee-4e59-83f9-cadd1f48e213 d3dc1c5db4e8424e92b7cac83dcba0a2 ac2f162e584e40a2b6f054806aff5e46 - - default default] 199.204.45.57 "GET /v2.0/extensions/allowed-address-pairs HTTP/1.1" status: 200 len: 383 time: 0.0053620
2026-06-30 23:29:59.520 10 INFO neutron.wsgi [None req-3e9ab6c2-ae39-4c4b-98ec-9edf3cd783b2 d3dc1c5db4e8424e92b7cac83dcba0a2 ac2f162e584e40a2b6f054806aff5e46 - - default default] 199.204.45.57 "GET /v2.0/subnets/5e8f7525-5231-4e76-b182-667789774fd6 HTTP/1.1" status: 200 len: 850 time: 0.0292439
2026-06-30 23:29:59.554 10 INFO neutron.wsgi [None req-7128eab2-6d1f-4bfc-bd01-be32a1e32c75 d3dc1c5db4e8424e92b7cac83dcba0a2 ac2f162e584e40a2b6f054806aff5e46 - - default default] 199.204.45.57 "GET /v2.0/ports/57069a33-b7f3-4f3e-b224-0724f0442374 HTTP/1.1" status: 200 len: 1336 time: 0.0311825
2026-06-30 23:29:59.592 10 INFO neutron.wsgi [None req-3005c370-7139-4d03-8051-7b370cd1540c d3dc1c5db4e8424e92b7cac83dcba0a2 ac2f162e584e40a2b6f054806aff5e46 - - default default] 199.204.45.57 "GET /v2.0/ports/d742bb33-acd7-486b-a87d-9e884a200865 HTTP/1.1" status: 200 len: 1514 time: 0.0312147
2026-06-30 23:29:59.632 10 INFO neutron.wsgi [None req-43376716-913c-4497-938c-3638b67140a8 d3dc1c5db4e8424e92b7cac83dcba0a2 ac2f162e584e40a2b6f054806aff5e46 - - default default] 199.204.45.57 "GET /v2.0/subnets/5e8f7525-5231-4e76-b182-667789774fd6 HTTP/1.1" status: 200 len: 850 time: 0.0318863
2026-06-30 23:29:59.648 9 INFO neutron.wsgi [req-032fe7e7-375f-4fcf-9966-f70741e82da1 req-17b4e5d1-4eb4-4051-bc27-9e708abfb19c e442bb02bcf745df8fb30747f635bd0f 5a4be4c0b1f043f98f208d1532cfa4a8 - - bfe4387a9ec9444c80b17b3c2d7420c5 bfe4387a9ec9444c80b17b3c2d7420c5] 199.204.45.57 "GET /v2.0/floatingips?fixed_ip_address=10.2.1.158&port_id=7ebc7209-2b98-448d-b824-6315e76b05bc HTTP/1.1" status: 200 len: 217 time: 0.2072859
2026-06-30 23:29:59.680 9 INFO neutron.wsgi [req-032fe7e7-375f-4fcf-9966-f70741e82da1 req-b763d090-0369-411c-9fdb-f84d5bab7589 e442bb02bcf745df8fb30747f635bd0f 5a4be4c0b1f043f98f208d1532cfa4a8 - - bfe4387a9ec9444c80b17b3c2d7420c5 bfe4387a9ec9444c80b17b3c2d7420c5] 199.204.45.57 "GET /v2.0/subnets?id=45df973c-5ea2-457a-82db-4501384b2dc4 HTTP/1.1" status: 200 len: 852 time: 0.0262911
2026-06-30 23:29:59.689 10 INFO neutron.wsgi [None req-b972713d-d04a-4cb3-88de-f225e232e186 d3dc1c5db4e8424e92b7cac83dcba0a2 ac2f162e584e40a2b6f054806aff5e46 - - default default] 199.204.45.57 "GET /v2.0/networks/6acf815d-11a2-438c-bfb9-5e78d68deab4 HTTP/1.1" status: 200 len: 1002 time: 0.0527697
2026-06-30 23:29:59.706 9 INFO neutron.wsgi [req-032fe7e7-375f-4fcf-9966-f70741e82da1 req-b543a93b-ec2b-40da-91b2-f0cab09d4fa4 e442bb02bcf745df8fb30747f635bd0f 5a4be4c0b1f043f98f208d1532cfa4a8 - - bfe4387a9ec9444c80b17b3c2d7420c5 bfe4387a9ec9444c80b17b3c2d7420c5] 199.204.45.57 "GET /v2.0/ports?network_id=100f9781-7c0a-4b79-bec3-36972bd673f9&device_owner=network%3Adhcp HTTP/1.1" status: 200 len: 210 time: 0.0199549
2026-06-30 23:29:59.731 10 INFO neutron.wsgi [None req-0a67565f-ef81-435c-9e82-d59c26954510 d3dc1c5db4e8424e92b7cac83dcba0a2 ac2f162e584e40a2b6f054806aff5e46 - - default default] 199.204.45.57 "GET /v2.0/ports/57069a33-b7f3-4f3e-b224-0724f0442374 HTTP/1.1" status: 200 len: 1336 time: 0.0345204
2026-06-30 23:29:59.770 10 INFO neutron.wsgi [None req-2e32aa9b-6641-47ea-a670-4d52b0093b9a d3dc1c5db4e8424e92b7cac83dcba0a2 ac2f162e584e40a2b6f054806aff5e46 - - default default] 199.204.45.57 "GET /v2.0/subnets/5e8f7525-5231-4e76-b182-667789774fd6 HTTP/1.1" status: 200 len: 850 time: 0.0347991
2026-06-30 23:29:59.778 9 INFO neutron.wsgi [req-032fe7e7-375f-4fcf-9966-f70741e82da1 req-5dfad7a3-7873-4251-ac46-42655726ec1b e442bb02bcf745df8fb30747f635bd0f 5a4be4c0b1f043f98f208d1532cfa4a8 - - bfe4387a9ec9444c80b17b3c2d7420c5 bfe4387a9ec9444c80b17b3c2d7420c5] 199.204.45.57 "GET /v2.0/networks/100f9781-7c0a-4b79-bec3-36972bd673f9?fields=segments HTTP/1.1" status: 200 len: 212 time: 0.0640528
2026-06-30 23:29:59.846 9 INFO neutron.wsgi [req-032fe7e7-375f-4fcf-9966-f70741e82da1 req-165748d1-81a0-4c15-9af4-24fa9fe0c79a e442bb02bcf745df8fb30747f635bd0f 5a4be4c0b1f043f98f208d1532cfa4a8 - - bfe4387a9ec9444c80b17b3c2d7420c5 bfe4387a9ec9444c80b17b3c2d7420c5] 199.204.45.57 "GET /v2.0/networks/100f9781-7c0a-4b79-bec3-36972bd673f9?fields=provider%3Aphysical_network&fields=provider%3Anetwork_type HTTP/1.1" status: 200 len: 277 time: 0.0599957
2026-06-30 23:30:00.119 10 INFO neutron.notifiers.nova [-] Nova event matching ['req-cf0ea82b-af15-4d9e-81d5-1160a0d38977'] response: {'server_uuid': 'e6886ed1-86d6-4d1b-8236-54c53bacfe39', 'name': 'network-vif-unplugged', 'status': 'completed', 'tag': '64045fa3-31fb-4892-b2ed-39f88d35ce23', 'code': 200}
2026-06-30 23:30:00.121 10 INFO neutron.notifiers.nova [-] Nova event matching ['req-cf0ea82b-af15-4d9e-81d5-1160a0d38977'] response: {'server_uuid': 'e6886ed1-86d6-4d1b-8236-54c53bacfe39', 'name': 'network-vif-plugged', 'status': 'completed', 'tag': '64045fa3-31fb-4892-b2ed-39f88d35ce23', 'code': 200}
2026-06-30 23:30:02.760 9 INFO neutron.wsgi [None req-26849b89-813c-4c73-acad-8cb97416783c d3dc1c5db4e8424e92b7cac83dcba0a2 ac2f162e584e40a2b6f054806aff5e46 - - default default] 199.204.45.57 "GET /v2.0/extensions/security-group HTTP/1.1" status: 200 len: 369 time: 0.0058651
2026-06-30 23:30:02.770 9 INFO neutron.wsgi [None req-1411b8c5-e1fc-4c7c-b9d7-06fe24e465ca d3dc1c5db4e8424e92b7cac83dcba0a2 ac2f162e584e40a2b6f054806aff5e46 - - default default] 199.204.45.57 "GET /v2.0/extensions/dns-integration HTTP/1.1" status: 200 len: 371 time: 0.0050445
2026-06-30 23:30:02.779 9 INFO neutron.wsgi [None req-781e7bea-c5a2-4b3b-9154-1f8491c7f4ce d3dc1c5db4e8424e92b7cac83dcba0a2 ac2f162e584e40a2b6f054806aff5e46 - - default default] 199.204.45.57 "GET /v2.0/extensions/qos HTTP/1.1" status: 200 len: 365 time: 0.0046616
2026-06-30 23:30:02.793 9 INFO neutron.wsgi [None req-8850a5e0-4cea-422d-8b13-b6ee49625a47 d3dc1c5db4e8424e92b7cac83dcba0a2 ac2f162e584e40a2b6f054806aff5e46 - - default default] 199.204.45.57 "GET /v2.0/extensions/allowed-address-pairs HTTP/1.1" status: 200 len: 383 time: 0.0096977
2026-06-30 23:30:02.834 9 INFO neutron.wsgi [None req-deff5a7e-fe26-4d72-b7a8-5ad47c58a02f d3dc1c5db4e8424e92b7cac83dcba0a2 ac2f162e584e40a2b6f054806aff5e46 - - default default] 199.204.45.57 "GET /v2.0/ports?device_id=e6886ed1-86d6-4d1b-8236-54c53bacfe39 HTTP/1.1" status: 200 len: 3921 time: 0.0350909
2026-06-30 23:30:02.970 9 INFO neutron.wsgi [None req-a8acc0ba-9bea-4891-862a-636d7a71ec00 d3dc1c5db4e8424e92b7cac83dcba0a2 ac2f162e584e40a2b6f054806aff5e46 - - default default] 199.204.45.57 "GET /v2.0/extensions/security-group HTTP/1.1" status: 200 len: 369 time: 0.0066557
2026-06-30 23:30:02.981 9 INFO neutron.wsgi [None req-e1295193-4af0-4199-b29d-2f95d9ac1cb7 d3dc1c5db4e8424e92b7cac83dcba0a2 ac2f162e584e40a2b6f054806aff5e46 - - default default] 199.204.45.57 "GET /v2.0/extensions/dns-integration HTTP/1.1" status: 200 len: 371 time: 0.0048130
2026-06-30 23:30:02.989 9 INFO neutron.wsgi [None req-48c6c464-bdc4-4a77-86e3-d6206e1011e2 d3dc1c5db4e8424e92b7cac83dcba0a2 ac2f162e584e40a2b6f054806aff5e46 - - default default] 199.204.45.57 "GET /v2.0/extensions/qos HTTP/1.1" status: 200 len: 365 time: 0.0048196
2026-06-30 23:30:02.999 9 INFO neutron.wsgi [None req-93659444-0376-486c-86e8-c057e718f28e d3dc1c5db4e8424e92b7cac83dcba0a2 ac2f162e584e40a2b6f054806aff5e46 - - default default] 199.204.45.57 "GET /v2.0/extensions/allowed-address-pairs HTTP/1.1" status: 200 len: 383 time: 0.0050385
2026-06-30 23:30:03.032 9 INFO neutron.wsgi [None req-367dff55-b630-4530-98c3-1a21a30487d5 d3dc1c5db4e8424e92b7cac83dcba0a2 ac2f162e584e40a2b6f054806aff5e46 - - default default] 199.204.45.57 "GET /v2.0/ports/7ebc7209-2b98-448d-b824-6315e76b05bc HTTP/1.1" status: 200 len: 1406 time: 0.0269799
2026-06-30 23:30:03.472 9 INFO neutron.db.ovn_revision_numbers_db [None req-c3ab5cfe-68e5-48ef-87bc-7c40ee36fc50 d3dc1c5db4e8424e92b7cac83dcba0a2 ac2f162e584e40a2b6f054806aff5e46 - - default default] Successfully bumped revision number for resource 7ebc7209-2b98-448d-b824-6315e76b05bc (type: ports) to 6
2026-06-30 23:30:03.482 9 INFO neutron.wsgi [None req-c3ab5cfe-68e5-48ef-87bc-7c40ee36fc50 d3dc1c5db4e8424e92b7cac83dcba0a2 ac2f162e584e40a2b6f054806aff5e46 - - default default] 199.204.45.57 "PUT /v2.0/ports/7ebc7209-2b98-448d-b824-6315e76b05bc HTTP/1.1" status: 200 len: 1203 time: 0.4455423 /var/lib/openstack/lib/python3.10/site-packages/pycadf/identifier.py:71: UserWarning: Invalid uuid: neutron. To ensure interoperability, identifiers should be a valid uuid. warnings.warn(('Invalid uuid: %s. To ensure interoperability, '
2026-06-30 23:30:03.548 9 INFO neutron.notifiers.nova [-] Nova event matching ['req-ab9c4125-b665-48f8-bded-1a994ea9a336'] response: {'name': 'network-changed', 'server_uuid': 'e6886ed1-86d6-4d1b-8236-54c53bacfe39', 'tag': '7ebc7209-2b98-448d-b824-6315e76b05bc', 'status': 'completed', 'code': 200}
2026-06-30 23:30:03.588 9 INFO neutron.wsgi [None req-cf4b681d-cf0c-4bc2-86fa-1f91311753df d3dc1c5db4e8424e92b7cac83dcba0a2 ac2f162e584e40a2b6f054806aff5e46 - - default default] 199.204.45.57 "GET /v2.0/networks/100f9781-7c0a-4b79-bec3-36972bd673f9 HTTP/1.1" status: 200 len: 1000 time: 0.0885148
2026-06-30 23:30:03.621 9 INFO neutron.wsgi [req-75571ee2-f3df-4b9a-adf2-241271aa50d5 req-0016d1d7-6dc8-45b5-a57b-a582f67cbb9b e442bb02bcf745df8fb30747f635bd0f 5a4be4c0b1f043f98f208d1532cfa4a8 - - bfe4387a9ec9444c80b17b3c2d7420c5 bfe4387a9ec9444c80b17b3c2d7420c5] 199.204.45.57 "GET /v2.0/ports?tenant_id=ac2f162e584e40a2b6f054806aff5e46&device_id=e6886ed1-86d6-4d1b-8236-54c53bacfe39 HTTP/1.1" status: 200 len: 3746 time: 0.0494268
2026-06-30 23:30:03.630 9 INFO neutron.wsgi [None req-83f9a6bb-0fb8-43e6-9905-af21e1f861e3 d3dc1c5db4e8424e92b7cac83dcba0a2 ac2f162e584e40a2b6f054806aff5e46 - - default default] 199.204.45.57 "GET /v2.0/ports?device_id=e6886ed1-86d6-4d1b-8236-54c53bacfe39 HTTP/1.1" status: 200 len: 3746 time: 0.0338666
2026-06-30 23:30:03.699 9 INFO neutron.wsgi [req-75571ee2-f3df-4b9a-adf2-241271aa50d5 req-0f4a617f-ee12-45e5-99e7-2135d2cf48f1 e442bb02bcf745df8fb30747f635bd0f 5a4be4c0b1f043f98f208d1532cfa4a8 - - bfe4387a9ec9444c80b17b3c2d7420c5 bfe4387a9ec9444c80b17b3c2d7420c5] 199.204.45.57 "GET /v2.0/networks?id=100f9781-7c0a-4b79-bec3-36972bd673f9 HTTP/1.1" status: 200 len: 1003 time: 0.0718029
2026-06-30 23:30:03.766 9 INFO neutron.wsgi [None req-a539d7ec-9026-459f-b15c-242a24fad0f7 d3dc1c5db4e8424e92b7cac83dcba0a2 ac2f162e584e40a2b6f054806aff5e46 - - default default] 199.204.45.57 "GET /v2.0/ports?device_id=e6886ed1-86d6-4d1b-8236-54c53bacfe39 HTTP/1.1" status: 200 len: 3746 time: 0.0444353
2026-06-30 23:30:03.792 9 INFO neutron.wsgi [req-75571ee2-f3df-4b9a-adf2-241271aa50d5 req-afd20740-e842-4a5b-8109-77484a3af784 e442bb02bcf745df8fb30747f635bd0f 5a4be4c0b1f043f98f208d1532cfa4a8 - - bfe4387a9ec9444c80b17b3c2d7420c5 bfe4387a9ec9444c80b17b3c2d7420c5] 199.204.45.57 "GET /v2.0/networks/100f9781-7c0a-4b79-bec3-36972bd673f9?fields=segments HTTP/1.1" status: 200 len: 212 time: 0.0879893
2026-06-30 23:30:03.889 9 INFO neutron.wsgi [req-75571ee2-f3df-4b9a-adf2-241271aa50d5 req-153cf20d-a5e3-4756-b644-7d53cfe34bd9 e442bb02bcf745df8fb30747f635bd0f 5a4be4c0b1f043f98f208d1532cfa4a8 - - bfe4387a9ec9444c80b17b3c2d7420c5 bfe4387a9ec9444c80b17b3c2d7420c5] 199.204.45.57 "GET /v2.0/networks/100f9781-7c0a-4b79-bec3-36972bd673f9?fields=provider%3Aphysical_network&fields=provider%3Anetwork_type HTTP/1.1" status: 200 len: 277 time: 0.0892689
2026-06-30 23:30:03.987 10 INFO neutron.plugins.ml2.drivers.ovn.mech_driver.mech_driver [None req-a68c653f-67ef-4a09-aa77-634719f5fe2c - - - - - -] OVN reports status down for port: 7ebc7209-2b98-448d-b824-6315e76b05bc
2026-06-30 23:30:04.051 9 INFO neutron.wsgi [req-be019996-7bcc-4590-8f88-d5d856f18e0e req-83cc8791-8fad-4c7a-812b-c1dd68856393 e442bb02bcf745df8fb30747f635bd0f 5a4be4c0b1f043f98f208d1532cfa4a8 - - bfe4387a9ec9444c80b17b3c2d7420c5 bfe4387a9ec9444c80b17b3c2d7420c5] 199.204.45.57 "GET /v2.0/ports/7ebc7209-2b98-448d-b824-6315e76b05bc HTTP/1.1" status: 200 len: 1231 time: 0.0302279
2026-06-30 23:30:04.160 10 INFO neutron.notifiers.nova [-] Nova event matching ['req-1e4b434b-e9db-4c7f-8ab6-2160e5cdc76e'] response: {'server_uuid': 'e6886ed1-86d6-4d1b-8236-54c53bacfe39', 'name': 'network-vif-unplugged', 'status': 'completed', 'tag': '7ebc7209-2b98-448d-b824-6315e76b05bc', 'code': 200}
2026-06-30 23:30:04.310 10 ERROR ovsdbapp.backend.ovs_idl.command [None req-a68c653f-67ef-4a09-aa77-634719f5fe2c - - - - - -] Error executing command (LspGetUpCommand): ovsdbapp.backend.ovs_idl.idlutils.RowNotFound: Cannot find Logical_Switch_Port with name=7ebc7209-2b98-448d-b824-6315e76b05bc
2026-06-30 23:30:04.310 10 ERROR ovsdbapp.backend.ovs_idl.command
Traceback (most recent call last):
2026-06-30 23:30:04.310 10 ERROR ovsdbapp.backend.ovs_idl.command
File "/var/lib/openstack/lib/python3.10/site-packages/ovsdbapp/backend/ovs_idl/command.py", line 47, in execute
2026-06-30 23:30:04.310 10 ERROR ovsdbapp.backend.ovs_idl.command self.run_idl(None)
2026-06-30 23:30:04.310 10 ERROR ovsdbapp.backend.ovs_idl.command
File "/var/lib/openstack/lib/python3.10/site-packages/ovsdbapp/schema/ovn_northbound/commands.py", line 650, in run_idl
2026-06-30 23:30:04.310 10 ERROR ovsdbapp.backend.ovs_idl.command lsp = self.api.lookup('Logical_Switch_Port', self.port)
2026-06-30 23:30:04.310 10 ERROR ovsdbapp.backend.ovs_idl.command
File "/var/lib/openstack/lib/python3.10/site-packages/ovsdbapp/backend/ovs_idl/__init__.py", line 183, in lookup
2026-06-30 23:30:04.310 10 ERROR ovsdbapp.backend.ovs_idl.command return self._lookup(table, record)
2026-06-30 23:30:04.310 10 ERROR ovsdbapp.backend.ovs_idl.command
File "/var/lib/openstack/lib/python3.10/site-packages/ovsdbapp/backend/ovs_idl/__init__.py", line 234, in _lookup
2026-06-30 23:30:04.310 10 ERROR ovsdbapp.backend.ovs_idl.command row = idlutils.row_by_value(self, rl.table, rl.column, record)
2026-06-30 23:30:04.310 10 ERROR ovsdbapp.backend.ovs_idl.command
File "/var/lib/openstack/lib/python3.10/site-packages/ovsdbapp/backend/ovs_idl/idlutils.py", line 114, in row_by_value
2026-06-30 23:30:04.310 10 ERROR ovsdbapp.backend.ovs_idl.command raise RowNotFound(table=table, col=column, match=match)
2026-06-30 23:30:04.310 10 ERROR ovsdbapp.backend.ovs_idl.command ovsdbapp.backend.ovs_idl.idlutils.RowNotFound: Cannot find Logical_Switch_Port with name=7ebc7209-2b98-448d-b824-6315e76b05bc
2026-06-30 23:30:04.310 10 ERROR ovsdbapp.backend.ovs_idl.command 
2026-06-30 23:30:04.312 10 ERROR ovsdbapp.event [None req-a68c653f-67ef-4a09-aa77-634719f5fe2c - - - - - -] Unexpected exception in notify_loop: ovsdbapp.backend.ovs_idl.idlutils.RowNotFound: Cannot find Logical_Switch_Port with name=7ebc7209-2b98-448d-b824-6315e76b05bc
2026-06-30 23:30:04.312 10 ERROR ovsdbapp.event
Traceback (most recent call last):
2026-06-30 23:30:04.312 10 ERROR ovsdbapp.event
File "/var/lib/openstack/lib/python3.10/site-packages/ovsdbapp/event.py", line 177, in notify_loop
2026-06-30 23:30:04.312 10 ERROR ovsdbapp.event match.run(event, row, updates)
2026-06-30 23:30:04.312 10 ERROR ovsdbapp.event
File "/var/lib/openstack/lib/python3.10/site-packages/neutron/plugins/ml2/drivers/ovn/mech_driver/ovsdb/ovsdb_monitor.py", line 543, in run
2026-06-30 23:30:04.312 10 ERROR ovsdbapp.event self.driver.set_port_status_down(row.name)
2026-06-30 23:30:04.312 10 ERROR ovsdbapp.event
File "/var/lib/openstack/lib/python3.10/site-packages/neutron/plugins/ml2/drivers/ovn/mech_driver/mech_driver.py", line 1231, in set_port_status_down
2026-06-30 23:30:04.312 10 ERROR ovsdbapp.event self._ovn_client.update_lsp_host_info(
2026-06-30 23:30:04.312 10 ERROR ovsdbapp.event
File "/var/lib/openstack/lib/python3.10/site-packages/neutron/plugins/ml2/drivers/ovn/mech_driver/ovsdb/ovn_client.py", line 297, in update_lsp_host_info
2026-06-30 23:30:04.312 10 ERROR ovsdbapp.event port_up = self._nb_idl.lsp_get_up(db_port.id).execute(
2026-06-30 23:30:04.312 10 ERROR ovsdbapp.event
File "/var/lib/openstack/lib/python3.10/site-packages/ovsdbapp/backend/ovs_idl/command.py", line 47, in execute
2026-06-30 23:30:04.312 10 ERROR ovsdbapp.event self.run_idl(None)
2026-06-30 23:30:04.312 10 ERROR ovsdbapp.event
File "/var/lib/openstack/lib/python3.10/site-packages/ovsdbapp/schema/ovn_northbound/commands.py", line 650, in run_idl
2026-06-30 23:30:04.312 10 ERROR ovsdbapp.event lsp = self.api.lookup('Logical_Switch_Port', self.port)
2026-06-30 23:30:04.312 10 ERROR ovsdbapp.event
File "/var/lib/openstack/lib/python3.10/site-packages/ovsdbapp/backend/ovs_idl/__init__.py", line 183, in lookup
2026-06-30 23:30:04.312 10 ERROR ovsdbapp.event return self._lookup(table, record)
2026-06-30 23:30:04.312 10 ERROR ovsdbapp.event
File "/var/lib/openstack/lib/python3.10/site-packages/ovsdbapp/backend/ovs_idl/__init__.py", line 234, in _lookup
2026-06-30 23:30:04.312 10 ERROR ovsdbapp.event row = idlutils.row_by_value(self, rl.table, rl.column, record)
2026-06-30 23:30:04.312 10 ERROR ovsdbapp.event
File "/var/lib/openstack/lib/python3.10/site-packages/ovsdbapp/backend/ovs_idl/idlutils.py", line 114, in row_by_value
2026-06-30 23:30:04.312 10 ERROR ovsdbapp.event raise RowNotFound(table=table, col=column, match=match)
2026-06-30 23:30:04.312 10 ERROR ovsdbapp.event ovsdbapp.backend.ovs_idl.idlutils.RowNotFound: Cannot find Logical_Switch_Port with name=7ebc7209-2b98-448d-b824-6315e76b05bc
2026-06-30 23:30:04.312 10 ERROR ovsdbapp.event 
2026-06-30 23:30:04.319 9 INFO neutron.wsgi [req-be019996-7bcc-4590-8f88-d5d856f18e0e req-348c4b25-3089-495b-b2c6-62b612571fe2 d3dc1c5db4e8424e92b7cac83dcba0a2 ac2f162e584e40a2b6f054806aff5e46 - - default default] 199.204.45.57 "DELETE /v2.0/ports/7ebc7209-2b98-448d-b824-6315e76b05bc HTTP/1.1" status: 204 len: 173 time: 0.2644382
2026-06-30 23:30:04.406 9 INFO neutron.wsgi [req-be019996-7bcc-4590-8f88-d5d856f18e0e req-fab8cc37-5f4f-4053-8c74-9dcd7148cdcb e442bb02bcf745df8fb30747f635bd0f 5a4be4c0b1f043f98f208d1532cfa4a8 - - bfe4387a9ec9444c80b17b3c2d7420c5 bfe4387a9ec9444c80b17b3c2d7420c5] 199.204.45.57 "GET /v2.0/ports?tenant_id=ac2f162e584e40a2b6f054806aff5e46&device_id=e6886ed1-86d6-4d1b-8236-54c53bacfe39 HTTP/1.1" status: 200 len: 2723 time: 0.0324273
2026-06-30 23:30:04.492 9 INFO neutron.wsgi [req-be019996-7bcc-4590-8f88-d5d856f18e0e req-cfca9e2c-8547-4884-a4aa-d91dd50d092c e442bb02bcf745df8fb30747f635bd0f 5a4be4c0b1f043f98f208d1532cfa4a8 - - bfe4387a9ec9444c80b17b3c2d7420c5 bfe4387a9ec9444c80b17b3c2d7420c5] 199.204.45.57 "GET /v2.0/networks?id=501e38f8-fd8e-42f6-ae00-af017fbe37c8&id=6acf815d-11a2-438c-bfb9-5e78d68deab4&id=100f9781-7c0a-4b79-bec3-36972bd673f9 HTTP/1.1" status: 200 len: 2520 time: 0.0762112
2026-06-30 23:30:04.519 9 INFO neutron.wsgi [req-be019996-7bcc-4590-8f88-d5d856f18e0e req-4c15dbbf-685b-4a4d-a53a-f67174d625d6 e442bb02bcf745df8fb30747f635bd0f 5a4be4c0b1f043f98f208d1532cfa4a8 - - bfe4387a9ec9444c80b17b3c2d7420c5 bfe4387a9ec9444c80b17b3c2d7420c5] 199.204.45.57 "GET /v2.0/floatingips?fixed_ip_address=172.24.2.174&port_id=73a92402-42f4-4c6c-b7c5-2fa4897bfbea HTTP/1.1" status: 200 len: 217 time: 0.0215845
2026-06-30 23:30:04.553 9 INFO neutron.wsgi [req-be019996-7bcc-4590-8f88-d5d856f18e0e req-e4e17577-0148-4d86-9d5e-ac3bd1bc3683 e442bb02bcf745df8fb30747f635bd0f 5a4be4c0b1f043f98f208d1532cfa4a8 - - bfe4387a9ec9444c80b17b3c2d7420c5 bfe4387a9ec9444c80b17b3c2d7420c5] 199.204.45.57 "GET /v2.0/subnets?id=a2809159-6931-4e35-abf4-0526d7d56bef HTTP/1.1" status: 200 len: 829 time: 0.0292017
2026-06-30 23:30:04.578 9 INFO neutron.wsgi [req-be019996-7bcc-4590-8f88-d5d856f18e0e req-4d3feccc-dc7d-45e7-a993-ace049af814a e442bb02bcf745df8fb30747f635bd0f 5a4be4c0b1f043f98f208d1532cfa4a8 - - bfe4387a9ec9444c80b17b3c2d7420c5 bfe4387a9ec9444c80b17b3c2d7420c5] 199.204.45.57 "GET /v2.0/ports?network_id=501e38f8-fd8e-42f6-ae00-af017fbe37c8&device_owner=network%3Adhcp HTTP/1.1" status: 200 len: 210 time: 0.0195832
2026-06-30 23:30:04.639 9 INFO neutron.wsgi [req-be019996-7bcc-4590-8f88-d5d856f18e0e req-2a0b7415-183a-4f52-bc84-fc56f9e36299 e442bb02bcf745df8fb30747f635bd0f 5a4be4c0b1f043f98f208d1532cfa4a8 - - bfe4387a9ec9444c80b17b3c2d7420c5 bfe4387a9ec9444c80b17b3c2d7420c5] 199.204.45.57 "GET /v2.0/networks/501e38f8-fd8e-42f6-ae00-af017fbe37c8?fields=segments HTTP/1.1" status: 200 len: 212 time: 0.0558133
2026-06-30 23:30:04.695 9 INFO neutron.wsgi [req-be019996-7bcc-4590-8f88-d5d856f18e0e req-2fefa780-a6ee-4de3-ad21-21f05fe88f09 e442bb02bcf745df8fb30747f635bd0f 5a4be4c0b1f043f98f208d1532cfa4a8 - - bfe4387a9ec9444c80b17b3c2d7420c5 bfe4387a9ec9444c80b17b3c2d7420c5] 199.204.45.57 "GET /v2.0/networks/501e38f8-fd8e-42f6-ae00-af017fbe37c8?fields=provider%3Aphysical_network&fields=provider%3Anetwork_type HTTP/1.1" status: 200 len: 277 time: 0.0523839
2026-06-30 23:30:04.718 9 INFO neutron.wsgi [req-be019996-7bcc-4590-8f88-d5d856f18e0e req-2ef9df97-9cab-459a-94ae-a14f110f6a94 e442bb02bcf745df8fb30747f635bd0f 5a4be4c0b1f043f98f208d1532cfa4a8 - - bfe4387a9ec9444c80b17b3c2d7420c5 bfe4387a9ec9444c80b17b3c2d7420c5] 199.204.45.57 "GET /v2.0/floatingips?fixed_ip_address=10.1.1.26&port_id=d742bb33-acd7-486b-a87d-9e884a200865 HTTP/1.1" status: 200 len: 217 time: 0.0188489
2026-06-30 23:30:04.809 9 INFO neutron.wsgi [None req-5ddb1994-8bbf-4cc2-8eca-24293cd7998f d3dc1c5db4e8424e92b7cac83dcba0a2 ac2f162e584e40a2b6f054806aff5e46 - - default default] 199.204.45.57 "GET /v2.0/ports?device_id=e6886ed1-86d6-4d1b-8236-54c53bacfe39 HTTP/1.1" status: 200 len: 2723 time: 0.0347044
2026-06-30 23:30:04.831 9 INFO neutron.pecan_wsgi.hooks.translation [None req-f046cc14-292e-43f5-abb9-c710d28fdf6b d3dc1c5db4e8424e92b7cac83dcba0a2 ac2f162e584e40a2b6f054806aff5e46 - - default default] DELETE failed (client error): The resource could not be found.
2026-06-30 23:30:04.834 9 INFO neutron.wsgi [None req-f046cc14-292e-43f5-abb9-c710d28fdf6b d3dc1c5db4e8424e92b7cac83dcba0a2 ac2f162e584e40a2b6f054806aff5e46 - - default default] 199.204.45.57 "DELETE /v2.0/ports/7ebc7209-2b98-448d-b824-6315e76b05bc HTTP/1.1" status: 404 len: 338 time: 0.0177407
2026-06-30 23:30:04.905 9 INFO neutron.wsgi [req-be019996-7bcc-4590-8f88-d5d856f18e0e req-4c3ebdf8-05b1-4594-a8f9-0f63d750c816 e442bb02bcf745df8fb30747f635bd0f 5a4be4c0b1f043f98f208d1532cfa4a8 - - bfe4387a9ec9444c80b17b3c2d7420c5 bfe4387a9ec9444c80b17b3c2d7420c5] 199.204.45.57 "GET /v2.0/subnets?id=5e8f7525-5231-4e76-b182-667789774fd6 HTTP/1.1" status: 200 len: 853 time: 0.1843574
2026-06-30 23:30:04.926 9 INFO neutron.wsgi [None req-1e9f5848-69d1-4532-8454-a23e29b0d50d d3dc1c5db4e8424e92b7cac83dcba0a2 ac2f162e584e40a2b6f054806aff5e46 - - default default] 199.204.45.57 "GET /v2.0/extensions/security-group HTTP/1.1" status: 200 len: 369 time: 0.0049918
2026-06-30 23:30:04.936 9 INFO neutron.wsgi [None req-cdb19024-18d8-4dc2-935c-1a83182649ee d3dc1c5db4e8424e92b7cac83dcba0a2 ac2f162e584e40a2b6f054806aff5e46 - - default default] 199.204.45.57 "GET /v2.0/extensions/dns-integration HTTP/1.1" status: 200 len: 371 time: 0.0035219
2026-06-30 23:30:04.938 9 INFO neutron.wsgi [req-be019996-7bcc-4590-8f88-d5d856f18e0e req-e6b15315-250f-45cb-85f4-32a11b3db469 e442bb02bcf745df8fb30747f635bd0f 5a4be4c0b1f043f98f208d1532cfa4a8 - - bfe4387a9ec9444c80b17b3c2d7420c5 bfe4387a9ec9444c80b17b3c2d7420c5] 199.204.45.57 "GET /v2.0/ports?network_id=6acf815d-11a2-438c-bfb9-5e78d68deab4&device_owner=network%3Adhcp HTTP/1.1" status: 200 len: 210 time: 0.0241585
2026-06-30 23:30:04.943 9 INFO neutron.wsgi [None req-698e4e24-8154-461d-aeee-134dc834381c d3dc1c5db4e8424e92b7cac83dcba0a2 ac2f162e584e40a2b6f054806aff5e46 - - default default] 199.204.45.57 "GET /v2.0/extensions/qos HTTP/1.1" status: 200 len: 365 time: 0.0032156
2026-06-30 23:30:04.951 9 INFO neutron.wsgi [None req-349b8a0f-aab8-4ef7-aaea-703e80d1e7de d3dc1c5db4e8424e92b7cac83dcba0a2 ac2f162e584e40a2b6f054806aff5e46 - - default default] 199.204.45.57 "GET /v2.0/extensions/allowed-address-pairs HTTP/1.1" status: 200 len: 383 time: 0.0034685
2026-06-30 23:30:04.996 9 INFO neutron.wsgi [None req-f3ae396d-8e0e-4cf2-9352-1526aba45b57 d3dc1c5db4e8424e92b7cac83dcba0a2 ac2f162e584e40a2b6f054806aff5e46 - - default default] 199.204.45.57 "GET /v2.0/subnets/5e8f7525-5231-4e76-b182-667789774fd6 HTTP/1.1" status: 200 len: 850 time: 0.0388801
2026-06-30 23:30:05.025 9 INFO neutron.wsgi [req-be019996-7bcc-4590-8f88-d5d856f18e0e req-9711012a-3e33-43e2-a34f-307cb1fece4e e442bb02bcf745df8fb30747f635bd0f 5a4be4c0b1f043f98f208d1532cfa4a8 - - bfe4387a9ec9444c80b17b3c2d7420c5 bfe4387a9ec9444c80b17b3c2d7420c5] 199.204.45.57 "GET /v2.0/networks/6acf815d-11a2-438c-bfb9-5e78d68deab4?fields=segments HTTP/1.1" status: 200 len: 212 time: 0.0782018
2026-06-30 23:30:05.034 9 INFO neutron.wsgi [None req-5f399cbb-9e33-4993-b793-3ace67b33f58 d3dc1c5db4e8424e92b7cac83dcba0a2 ac2f162e584e40a2b6f054806aff5e46 - - default default] 199.204.45.57 "GET /v2.0/ports/57069a33-b7f3-4f3e-b224-0724f0442374 HTTP/1.1" status: 200 len: 1336 time: 0.0305746
2026-06-30 23:30:05.076 9 INFO neutron.wsgi [None req-eb17d771-3851-47d1-9cd2-6771329a3f2f d3dc1c5db4e8424e92b7cac83dcba0a2 ac2f162e584e40a2b6f054806aff5e46 - - default default] 199.204.45.57 "GET /v2.0/ports/d742bb33-acd7-486b-a87d-9e884a200865 HTTP/1.1" status: 200 len: 1514 time: 0.0350285
2026-06-30 23:30:05.109 9 INFO neutron.wsgi [req-be019996-7bcc-4590-8f88-d5d856f18e0e req-13d03337-9fb7-4ee2-b499-024d231bc090 e442bb02bcf745df8fb30747f635bd0f 5a4be4c0b1f043f98f208d1532cfa4a8 - - bfe4387a9ec9444c80b17b3c2d7420c5 bfe4387a9ec9444c80b17b3c2d7420c5] 199.204.45.57 "GET /v2.0/networks/6acf815d-11a2-438c-bfb9-5e78d68deab4?fields=provider%3Aphysical_network&fields=provider%3Anetwork_type HTTP/1.1" status: 200 len: 277 time: 0.0747571
2026-06-30 23:30:05.119 9 INFO neutron.wsgi [None req-c1297c09-e488-41c9-bbdc-c2b59018e1b8 d3dc1c5db4e8424e92b7cac83dcba0a2 ac2f162e584e40a2b6f054806aff5e46 - - default default] 199.204.45.57 "GET /v2.0/subnets/5e8f7525-5231-4e76-b182-667789774fd6 HTTP/1.1" status: 200 len: 850 time: 0.0368123
2026-06-30 23:30:05.183 9 INFO neutron.wsgi [None req-499178b1-e164-4733-85bc-fda0a44b8424 d3dc1c5db4e8424e92b7cac83dcba0a2 ac2f162e584e40a2b6f054806aff5e46 - - default default] 199.204.45.57 "GET /v2.0/networks/6acf815d-11a2-438c-bfb9-5e78d68deab4 HTTP/1.1" status: 200 len: 1002 time: 0.0568514
2026-06-30 23:30:05.229 9 INFO neutron.wsgi [None req-49a2da1d-740a-4b2f-8bac-71eccd94fc7d d3dc1c5db4e8424e92b7cac83dcba0a2 ac2f162e584e40a2b6f054806aff5e46 - - default default] 199.204.45.57 "GET /v2.0/ports/57069a33-b7f3-4f3e-b224-0724f0442374 HTTP/1.1" status: 200 len: 1336 time: 0.0386560
2026-06-30 23:30:05.269 9 INFO neutron.wsgi [None req-001aedfe-f6b7-435c-bd1f-14e23fa82ebe d3dc1c5db4e8424e92b7cac83dcba0a2 ac2f162e584e40a2b6f054806aff5e46 - - default default] 199.204.45.57 "GET /v2.0/subnets/5e8f7525-5231-4e76-b182-667789774fd6 HTTP/1.1" status: 200 len: 850 time: 0.0332670
2026-06-30 23:30:05.593 9 INFO neutron.notifiers.nova [-] Nova event matching ['req-40fb6749-d96a-49bd-b853-350e842e0607'] response: {'server_uuid': 'e6886ed1-86d6-4d1b-8236-54c53bacfe39', 'name': 'network-vif-deleted', 'tag': '7ebc7209-2b98-448d-b824-6315e76b05bc', 'status': 'completed', 'code': 200}
2026-06-30 23:30:06.216 10 INFO neutron.notifiers.nova [-] Nova event matching ['req-0eeb7af0-b581-4dca-ad34-054780c15b8c'] response: {'server_uuid': 'e6886ed1-86d6-4d1b-8236-54c53bacfe39', 'name': 'network-vif-plugged', 'status': 'completed', 'tag': '7ebc7209-2b98-448d-b824-6315e76b05bc', 'code': 200}
2026-06-30 23:30:10.965 9 INFO neutron.wsgi [-] 10.0.0.96 "GET / HTTP/1.1" status: 200 len: 247 time: 0.0024824
2026-06-30 23:30:10.965 10 INFO neutron.wsgi [-] 10.0.0.96 "GET / HTTP/1.1" status: 200 len: 247 time: 0.0025542
2026-06-30 23:30:14.024 9 INFO neutron.wsgi [None req-16df45df-e963-4ae8-bfc0-3f0877d9706c d3dc1c5db4e8424e92b7cac83dcba0a2 ac2f162e584e40a2b6f054806aff5e46 - - default default] 199.204.45.57 "GET /v2.0/extensions/security-group HTTP/1.1" status: 200 len: 369 time: 0.0060067
2026-06-30 23:30:14.033 9 INFO neutron.wsgi [None req-155b4fd3-ee60-4528-9931-4bbd16c14e21 d3dc1c5db4e8424e92b7cac83dcba0a2 ac2f162e584e40a2b6f054806aff5e46 - - default default] 199.204.45.57 "GET /v2.0/extensions/dns-integration HTTP/1.1" status: 200 len: 371 time: 0.0047240
2026-06-30 23:30:14.042 9 INFO neutron.wsgi [None req-fb367db8-0752-4c4a-b361-253317e5f833 d3dc1c5db4e8424e92b7cac83dcba0a2 ac2f162e584e40a2b6f054806aff5e46 - - default default] 199.204.45.57 "GET /v2.0/extensions/qos HTTP/1.1" status: 200 len: 365 time: 0.0051429
2026-06-30 23:30:14.051 9 INFO neutron.wsgi [None req-b87850f7-8a70-4e4e-bae8-0c044d442cef d3dc1c5db4e8424e92b7cac83dcba0a2 ac2f162e584e40a2b6f054806aff5e46 - - default default] 199.204.45.57 "GET /v2.0/extensions/allowed-address-pairs HTTP/1.1" status: 200 len: 383 time: 0.0045657
2026-06-30 23:30:14.091 9 INFO neutron.wsgi [None req-feb1e023-8d66-48c2-8c2f-c8dc86898a2a d3dc1c5db4e8424e92b7cac83dcba0a2 ac2f162e584e40a2b6f054806aff5e46 - - default default] 199.204.45.57 "GET /v2.0/security-groups?name=lb-64a081fe-314d-4fa8-8cff-bd936c10406b HTTP/1.1" status: 200 len: 2939 time: 0.0343406
2026-06-30 23:30:14.136 9 INFO neutron.wsgi [None req-9a3ed9ca-493c-421c-8f8b-b0f052cec8b1 d3dc1c5db4e8424e92b7cac83dcba0a2 ac2f162e584e40a2b6f054806aff5e46 - - default default] 199.204.45.57 "GET /v2.0/security-group-rules?security_group_id=a741763b-62e8-468e-ad32-e51b599111b8 HTTP/1.1" status: 200 len: 2406 time: 0.0391757
2026-06-30 23:30:14.289 9 INFO neutron.wsgi [None req-719015b4-1d56-4995-8a01-29bc727ea8b2 d3dc1c5db4e8424e92b7cac83dcba0a2 ac2f162e584e40a2b6f054806aff5e46 - - default default] 199.204.45.57 "DELETE /v2.0/security-group-rules/63324d75-b854-4c2e-a7a2-12d8e21056ae HTTP/1.1" status: 204 len: 173 time: 0.1465998
2026-06-30 23:30:14.402 9 INFO neutron.wsgi [None req-edb4feea-b438-449b-a519-6ff46a308649 d3dc1c5db4e8424e92b7cac83dcba0a2 ac2f162e584e40a2b6f054806aff5e46 - - default default] 199.204.45.57 "DELETE /v2.0/security-group-rules/99e87cb3-d21b-419a-a445-c016cc43c311 HTTP/1.1" status: 204 len: 173 time: 0.1082857
2026-06-30 23:30:18.802 9 INFO neutron.db.l3_db [None req-e2514c50-700c-4ae3-8d59-d93cc856b72f ac228f11405e474989961c2d67c3350d da7a4d41a3f0446ca10c2178228342fd - - default default] Floating IP 7484f6fe-f433-4ea9-ab59-68c2a2034980 disassociated (deleted). External IP: 10.96.250.206, port: 57069a33-b7f3-4f3e-b224-0724f0442374.
2026-06-30 23:30:18.871 9 INFO neutron.wsgi [None req-e2514c50-700c-4ae3-8d59-d93cc856b72f ac228f11405e474989961c2d67c3350d da7a4d41a3f0446ca10c2178228342fd - - default default] 10.0.0.232 "DELETE /v2.0/floatingips/7484f6fe-f433-4ea9-ab59-68c2a2034980 HTTP/1.1" status: 204 len: 168 time: 0.4492080 /var/lib/openstack/lib/python3.10/site-packages/pycadf/identifier.py:71: UserWarning: Invalid uuid: neutron. To ensure interoperability, identifiers should be a valid uuid. warnings.warn(('Invalid uuid: %s. To ensure interoperability, '
2026-06-30 23:30:18.900 9 INFO neutron.api.v2.resource [None req-36e78914-c416-47ca-b1ce-bc57c356449b ac228f11405e474989961c2d67c3350d da7a4d41a3f0446ca10c2178228342fd - - default default] show failed (client error): The resource could not be found.
2026-06-30 23:30:18.901 9 INFO neutron.wsgi [None req-36e78914-c416-47ca-b1ce-bc57c356449b ac228f11405e474989961c2d67c3350d da7a4d41a3f0446ca10c2178228342fd - - default default] 10.0.0.232 "GET /v2.0/floatingips/7484f6fe-f433-4ea9-ab59-68c2a2034980 HTTP/1.1" status: 404 len: 345 time: 0.0234883
2026-06-30 23:30:19.150 10 INFO neutron.wsgi [None req-073a24c6-e928-464d-9832-695f7d3dbee6 d3dc1c5db4e8424e92b7cac83dcba0a2 ac2f162e584e40a2b6f054806aff5e46 - - default default] 199.204.45.57 "GET /v2.0/extensions/security-group HTTP/1.1" status: 200 len: 369 time: 0.0114281
2026-06-30 23:30:19.163 10 INFO neutron.wsgi [None req-e97ac6ca-3b53-4de5-ae89-c46275392939 d3dc1c5db4e8424e92b7cac83dcba0a2 ac2f162e584e40a2b6f054806aff5e46 - - default default] 199.204.45.57 "GET /v2.0/extensions/dns-integration HTTP/1.1" status: 200 len: 371 time: 0.0073409
2026-06-30 23:30:19.171 10 INFO neutron.wsgi [None req-c4864351-89b9-4f3c-83d0-ba0d46309755 d3dc1c5db4e8424e92b7cac83dcba0a2 ac2f162e584e40a2b6f054806aff5e46 - - default default] 199.204.45.57 "GET /v2.0/extensions/qos HTTP/1.1" status: 200 len: 365 time: 0.0046890
2026-06-30 23:30:19.185 10 INFO neutron.wsgi [None req-a862fbcf-a41b-406e-b28b-1e825790f686 d3dc1c5db4e8424e92b7cac83dcba0a2 ac2f162e584e40a2b6f054806aff5e46 - - default default] 199.204.45.57 "GET /v2.0/extensions/allowed-address-pairs HTTP/1.1" status: 200 len: 383 time: 0.0070162
2026-06-30 23:30:19.239 10 INFO neutron.wsgi [None req-7e88f3df-3fbe-4769-ab13-e0d894295a55 d3dc1c5db4e8424e92b7cac83dcba0a2 ac2f162e584e40a2b6f054806aff5e46 - - default default] 199.204.45.57 "GET /v2.0/subnets/5e8f7525-5231-4e76-b182-667789774fd6 HTTP/1.1" status: 200 len: 850 time: 0.0425253
2026-06-30 23:30:19.274 10 INFO neutron.wsgi [None req-46e604d2-f50b-44fa-ac56-684b1533ceb7 d3dc1c5db4e8424e92b7cac83dcba0a2 ac2f162e584e40a2b6f054806aff5e46 - - default default] 199.204.45.57 "GET /v2.0/ports?device_id=e6886ed1-86d6-4d1b-8236-54c53bacfe39 HTTP/1.1" status: 200 len: 2723 time: 0.0293505
2026-06-30 23:30:19.311 10 INFO neutron.wsgi [None req-48ed39f3-8872-497f-8388-8306694dd4cf d3dc1c5db4e8424e92b7cac83dcba0a2 ac2f162e584e40a2b6f054806aff5e46 - - default default] 199.204.45.57 "GET /v2.0/ports?device_id=e6886ed1-86d6-4d1b-8236-54c53bacfe39 HTTP/1.1" status: 200 len: 2723 time: 0.0311019
2026-06-30 23:30:19.406 10 INFO neutron.wsgi [None req-2dc941f0-1065-437f-bc07-b0a9b0364110 d3dc1c5db4e8424e92b7cac83dcba0a2 ac2f162e584e40a2b6f054806aff5e46 - - default default] 199.204.45.57 "GET /v2.0/ports?device_id=e6886ed1-86d6-4d1b-8236-54c53bacfe39 HTTP/1.1" status: 200 len: 2723 time: 0.0346701
2026-06-30 23:30:19.680 10 INFO neutron.plugins.ml2.drivers.ovn.mech_driver.mech_driver [None req-a68c653f-67ef-4a09-aa77-634719f5fe2c - - - - - -] OVN reports status down for port: d742bb33-acd7-486b-a87d-9e884a200865
2026-06-30 23:30:19.789 9 INFO neutron.wsgi [req-da413baa-68a5-4668-b4c0-9340d8ec0da4 req-a267683d-58a7-47e7-904e-2e3ba7d85726 e442bb02bcf745df8fb30747f635bd0f 5a4be4c0b1f043f98f208d1532cfa4a8 - - bfe4387a9ec9444c80b17b3c2d7420c5 bfe4387a9ec9444c80b17b3c2d7420c5] 199.204.45.57 "GET /v2.0/ports/d742bb33-acd7-486b-a87d-9e884a200865 HTTP/1.1" status: 200 len: 1514 time: 0.0858507
2026-06-30 23:30:19.828 9 INFO neutron.wsgi [req-da413baa-68a5-4668-b4c0-9340d8ec0da4 req-58b52c1e-9f83-46ed-9b35-cf3ae6288cd4 d3dc1c5db4e8424e92b7cac83dcba0a2 ac2f162e584e40a2b6f054806aff5e46 - - default default] 199.204.45.57 "GET /v2.0/ports/d742bb33-acd7-486b-a87d-9e884a200865?fields=binding%3Aprofile&fields=network_id HTTP/1.1" status: 200 len: 281 time: 0.0311816
2026-06-30 23:30:19.847 10 INFO neutron.db.ovn_revision_numbers_db [None req-fc104b03-9851-4ac4-a165-a551547c6e6c - - - - - -] Successfully bumped revision number for resource 57069a33-b7f3-4f3e-b224-0724f0442374 (type: ports) to 6
2026-06-30 23:30:19.895 9 INFO neutron.wsgi [req-da413baa-68a5-4668-b4c0-9340d8ec0da4 req-43fec486-c9c6-432a-885f-27969cb484a3 d3dc1c5db4e8424e92b7cac83dcba0a2 ac2f162e584e40a2b6f054806aff5e46 - - default default] 199.204.45.57 "GET /v2.0/networks/6acf815d-11a2-438c-bfb9-5e78d68deab4?fields=dns_domain HTTP/1.1" status: 200 len: 227 time: 0.0573120
2026-06-30 23:30:19.921 10 INFO neutron.notifiers.nova [-] Nova event matching ['req-5e4f5909-3b47-4d66-9808-38d68ff15f30'] response: {'server_uuid': 'e6886ed1-86d6-4d1b-8236-54c53bacfe39', 'name': 'network-vif-unplugged', 'status': 'completed', 'tag': 'd742bb33-acd7-486b-a87d-9e884a200865', 'code': 200}
2026-06-30 23:30:20.008 10 INFO neutron.db.ovn_revision_numbers_db [None req-a68c653f-67ef-4a09-aa77-634719f5fe2c - - - - - -] Successfully bumped revision number for resource d742bb33-acd7-486b-a87d-9e884a200865 (type: ports) to 7
2026-06-30 23:30:20.025 10 INFO neutron.plugins.ml2.drivers.ovn.mech_driver.mech_driver [None req-a68c653f-67ef-4a09-aa77-634719f5fe2c - - - - - -] OVN reports status down for port: 57069a33-b7f3-4f3e-b224-0724f0442374
2026-06-30 23:30:20.330 9 INFO neutron.db.ovn_revision_numbers_db [req-da413baa-68a5-4668-b4c0-9340d8ec0da4 req-6d528b0e-a407-4429-8ff9-768a2c950f1a e442bb02bcf745df8fb30747f635bd0f 5a4be4c0b1f043f98f208d1532cfa4a8 - - bfe4387a9ec9444c80b17b3c2d7420c5 bfe4387a9ec9444c80b17b3c2d7420c5] Successfully bumped revision number for resource d742bb33-acd7-486b-a87d-9e884a200865 (type: ports) to 8
2026-06-30 23:30:20.345 9 INFO neutron.wsgi [req-da413baa-68a5-4668-b4c0-9340d8ec0da4 req-6d528b0e-a407-4429-8ff9-768a2c950f1a e442bb02bcf745df8fb30747f635bd0f 5a4be4c0b1f043f98f208d1532cfa4a8 - - bfe4387a9ec9444c80b17b3c2d7420c5 bfe4387a9ec9444c80b17b3c2d7420c5] 199.204.45.57 "PUT /v2.0/ports/d742bb33-acd7-486b-a87d-9e884a200865 HTTP/1.1" status: 200 len: 1346 time: 0.4441056 /var/lib/openstack/lib/python3.10/site-packages/pycadf/identifier.py:71: UserWarning: Invalid uuid: neutron. To ensure interoperability, identifiers should be a valid uuid. warnings.warn(('Invalid uuid: %s. To ensure interoperability, ' /var/lib/openstack/lib/python3.10/site-packages/pycadf/identifier.py:71: UserWarning: Invalid uuid: neutron. To ensure interoperability, identifiers should be a valid uuid. warnings.warn(('Invalid uuid: %s. To ensure interoperability, '
2026-06-30 23:30:20.435 9 INFO neutron.wsgi [req-da413baa-68a5-4668-b4c0-9340d8ec0da4 req-ce0400e7-87e9-48cd-a597-c3333e47f4af e442bb02bcf745df8fb30747f635bd0f 5a4be4c0b1f043f98f208d1532cfa4a8 - - bfe4387a9ec9444c80b17b3c2d7420c5 bfe4387a9ec9444c80b17b3c2d7420c5] 199.204.45.57 "GET /v2.0/ports?tenant_id=ac2f162e584e40a2b6f054806aff5e46&device_id=e6886ed1-86d6-4d1b-8236-54c53bacfe39 HTTP/1.1" status: 200 len: 1417 time: 0.0398064
2026-06-30 23:30:20.459 10 INFO neutron.wsgi [None req-8bd9ad44-f695-449b-866b-46f19cb6a501 d3dc1c5db4e8424e92b7cac83dcba0a2 ac2f162e584e40a2b6f054806aff5e46 - - default default] 199.204.45.57 "GET /v2.0/ports?device_id=e6886ed1-86d6-4d1b-8236-54c53bacfe39 HTTP/1.1" status: 200 len: 1417 time: 0.0417438
2026-06-30 23:30:20.516 9 INFO neutron.wsgi [req-da413baa-68a5-4668-b4c0-9340d8ec0da4 req-c12dba09-a2ab-4306-bc1d-60bc0e01fb20 e442bb02bcf745df8fb30747f635bd0f 5a4be4c0b1f043f98f208d1532cfa4a8 - - bfe4387a9ec9444c80b17b3c2d7420c5 bfe4387a9ec9444c80b17b3c2d7420c5] 199.204.45.57 "GET /v2.0/networks?id=501e38f8-fd8e-42f6-ae00-af017fbe37c8&id=6acf815d-11a2-438c-bfb9-5e78d68deab4 HTTP/1.1" status: 200 len: 1730 time: 0.0743880
2026-06-30 23:30:20.556 9 INFO neutron.wsgi [req-da413baa-68a5-4668-b4c0-9340d8ec0da4 req-99c351b9-3204-459f-a4c0-959028c40807 e442bb02bcf745df8fb30747f635bd0f 5a4be4c0b1f043f98f208d1532cfa4a8 - - bfe4387a9ec9444c80b17b3c2d7420c5 bfe4387a9ec9444c80b17b3c2d7420c5] 199.204.45.57 "GET /v2.0/floatingips?fixed_ip_address=172.24.2.174&port_id=73a92402-42f4-4c6c-b7c5-2fa4897bfbea HTTP/1.1" status: 200 len: 217 time: 0.0324008
2026-06-30 23:30:20.598 9 INFO neutron.wsgi [req-da413baa-68a5-4668-b4c0-9340d8ec0da4 req-df7563b0-4ce0-44c6-88d2-2426f30a70d1 e442bb02bcf745df8fb30747f635bd0f 5a4be4c0b1f043f98f208d1532cfa4a8 - - bfe4387a9ec9444c80b17b3c2d7420c5 bfe4387a9ec9444c80b17b3c2d7420c5] 199.204.45.57 "GET /v2.0/subnets?id=a2809159-6931-4e35-abf4-0526d7d56bef HTTP/1.1" status: 200 len: 829 time: 0.0368009
2026-06-30 23:30:20.634 9 INFO neutron.wsgi [req-da413baa-68a5-4668-b4c0-9340d8ec0da4 req-a97e1f4f-ec96-45af-a189-bd7ba0141c5e e442bb02bcf745df8fb30747f635bd0f 5a4be4c0b1f043f98f208d1532cfa4a8 - - bfe4387a9ec9444c80b17b3c2d7420c5 bfe4387a9ec9444c80b17b3c2d7420c5] 199.204.45.57 "GET /v2.0/ports?network_id=501e38f8-fd8e-42f6-ae00-af017fbe37c8&device_owner=network%3Adhcp HTTP/1.1" status: 200 len: 210 time: 0.0276401
2026-06-30 23:30:20.703 9 INFO neutron.wsgi [req-da413baa-68a5-4668-b4c0-9340d8ec0da4 req-953ce562-0e85-4f03-8ae6-c1c417d0cdc4 e442bb02bcf745df8fb30747f635bd0f 5a4be4c0b1f043f98f208d1532cfa4a8 - - bfe4387a9ec9444c80b17b3c2d7420c5 bfe4387a9ec9444c80b17b3c2d7420c5] 199.204.45.57 "GET /v2.0/networks/501e38f8-fd8e-42f6-ae00-af017fbe37c8?fields=segments HTTP/1.1" status: 200 len: 212 time: 0.0616376
2026-06-30 23:30:20.776 9 INFO neutron.wsgi [req-da413baa-68a5-4668-b4c0-9340d8ec0da4 req-4c4bb7de-fb3a-43da-a036-5b84bf15cc8c e442bb02bcf745df8fb30747f635bd0f 5a4be4c0b1f043f98f208d1532cfa4a8 - - bfe4387a9ec9444c80b17b3c2d7420c5 bfe4387a9ec9444c80b17b3c2d7420c5] 199.204.45.57 "GET /v2.0/networks/501e38f8-fd8e-42f6-ae00-af017fbe37c8?fields=provider%3Aphysical_network&fields=provider%3Anetwork_type HTTP/1.1" status: 200 len: 277 time: 0.0666969
2026-06-30 23:30:20.839 10 INFO neutron.db.ovn_revision_numbers_db [None req-26e8f9ff-b2ed-4167-825c-6ccac2f29f8f d3dc1c5db4e8424e92b7cac83dcba0a2 ac2f162e584e40a2b6f054806aff5e46 - - default default] Successfully bumped revision number for resource d742bb33-acd7-486b-a87d-9e884a200865 (type: ports) to 9
2026-06-30 23:30:20.859 10 INFO neutron.wsgi [None req-26e8f9ff-b2ed-4167-825c-6ccac2f29f8f d3dc1c5db4e8424e92b7cac83dcba0a2 ac2f162e584e40a2b6f054806aff5e46 - - default default] 199.204.45.57 "PUT /v2.0/ports/d742bb33-acd7-486b-a87d-9e884a200865 HTTP/1.1" status: 200 len: 1286 time: 0.3933678 /var/lib/openstack/lib/python3.10/site-packages/pycadf/identifier.py:71: UserWarning: Invalid uuid: neutron. To ensure interoperability, identifiers should be a valid uuid. warnings.warn(('Invalid uuid: %s. To ensure interoperability, '
2026-06-30 23:30:20.917 10 INFO neutron.wsgi [None req-395771e7-6b6e-434f-84a0-f74dcd8288f5 d3dc1c5db4e8424e92b7cac83dcba0a2 ac2f162e584e40a2b6f054806aff5e46 - - default default] 199.204.45.57 "GET /v2.0/ports/d742bb33-acd7-486b-a87d-9e884a200865 HTTP/1.1" status: 200 len: 1286 time: 0.0386875
2026-06-30 23:30:20.965 10 INFO neutron.db.ovn_revision_numbers_db [None req-fc104b03-9851-4ac4-a165-a551547c6e6c - - - - - -] Successfully bumped revision number for resource 57069a33-b7f3-4f3e-b224-0724f0442374 (type: ports) to 8
2026-06-30 23:30:21.232 10 INFO neutron.wsgi [None req-9acb1129-48b8-460d-bb88-c6bcbda16f3e d3dc1c5db4e8424e92b7cac83dcba0a2 ac2f162e584e40a2b6f054806aff5e46 - - default default] 199.204.45.57 "DELETE /v2.0/ports/d742bb33-acd7-486b-a87d-9e884a200865 HTTP/1.1" status: 204 len: 173 time: 0.3003950
2026-06-30 23:30:21.273 10 INFO neutron.wsgi [None req-9c23f8e1-93e6-4ff7-bd80-a3c5e5fe578d d3dc1c5db4e8424e92b7cac83dcba0a2 ac2f162e584e40a2b6f054806aff5e46 - - default default] 199.204.45.57 "GET /v2.0/extensions/security-group HTTP/1.1" status: 200 len: 369 time: 0.0078468
2026-06-30 23:30:21.279 10 INFO neutron.wsgi [None req-84eb86fe-cddc-4d4e-bfff-e5f085afee57 d3dc1c5db4e8424e92b7cac83dcba0a2 ac2f162e584e40a2b6f054806aff5e46 - - default default] 199.204.45.57 "GET /v2.0/extensions/dns-integration HTTP/1.1" status: 200 len: 371 time: 0.0029995
2026-06-30 23:30:21.286 10 INFO neutron.wsgi [None req-1404d8b2-cbe0-4380-8073-34552a25eb60 d3dc1c5db4e8424e92b7cac83dcba0a2 ac2f162e584e40a2b6f054806aff5e46 - - default default] 199.204.45.57 "GET /v2.0/extensions/qos HTTP/1.1" status: 200 len: 365 time: 0.0041032
2026-06-30 23:30:21.294 10 INFO neutron.wsgi [None req-8475ee13-a30d-47aa-849e-5ddb43cceac8 d3dc1c5db4e8424e92b7cac83dcba0a2 ac2f162e584e40a2b6f054806aff5e46 - - default default] 199.204.45.57 "GET /v2.0/extensions/allowed-address-pairs HTTP/1.1" status: 200 len: 383 time: 0.0045285
2026-06-30 23:30:21.312 10 INFO neutron.pecan_wsgi.hooks.translation [None req-84ed8992-95d0-4ff8-b37b-175c2a0d421e d3dc1c5db4e8424e92b7cac83dcba0a2 ac2f162e584e40a2b6f054806aff5e46 - - default default] DELETE failed (client error): The resource could not be found.
2026-06-30 23:30:21.314 10 INFO neutron.wsgi [None req-84ed8992-95d0-4ff8-b37b-175c2a0d421e d3dc1c5db4e8424e92b7cac83dcba0a2 ac2f162e584e40a2b6f054806aff5e46 - - default default] 199.204.45.57 "DELETE /v2.0/ports/d742bb33-acd7-486b-a87d-9e884a200865 HTTP/1.1" status: 404 len: 338 time: 0.0164247
2026-06-30 23:30:21.350 10 INFO neutron.wsgi [None req-7aefcbc0-d3c2-4b56-961c-9f6b1668cf23 d3dc1c5db4e8424e92b7cac83dcba0a2 ac2f162e584e40a2b6f054806aff5e46 - - default default] 199.204.45.57 "GET /v2.0/ports/57069a33-b7f3-4f3e-b224-0724f0442374 HTTP/1.1" status: 200 len: 1328 time: 0.0280137
2026-06-30 23:30:21.389 10 INFO neutron.wsgi [None req-83cb1dcb-d708-4c6f-92ee-09ef3e62b41c d3dc1c5db4e8424e92b7cac83dcba0a2 ac2f162e584e40a2b6f054806aff5e46 - - default default] 199.204.45.57 "GET /v2.0/security-groups?name=lb-64a081fe-314d-4fa8-8cff-bd936c10406b HTTP/1.1" status: 200 len: 1775 time: 0.0348701
2026-06-30 23:30:21.420 10 INFO neutron.wsgi [None req-034cc7a5-a065-4ef7-8b67-78ea5e14d765 d3dc1c5db4e8424e92b7cac83dcba0a2 ac2f162e584e40a2b6f054806aff5e46 - - default default] 199.204.45.57 "GET /v2.0/ports/57069a33-b7f3-4f3e-b224-0724f0442374 HTTP/1.1" status: 200 len: 1328 time: 0.0266104
2026-06-30 23:30:21.772 10 INFO neutron.db.ovn_revision_numbers_db [None req-98678572-09f6-4161-b02c-c3f986546b4a d3dc1c5db4e8424e92b7cac83dcba0a2 ac2f162e584e40a2b6f054806aff5e46 - - default default] Successfully bumped revision number for resource 57069a33-b7f3-4f3e-b224-0724f0442374 (type: ports) to 9
2026-06-30 23:30:21.787 10 INFO neutron.wsgi [None req-98678572-09f6-4161-b02c-c3f986546b4a d3dc1c5db4e8424e92b7cac83dcba0a2 ac2f162e584e40a2b6f054806aff5e46 - - default default] 199.204.45.57 "PUT /v2.0/ports/57069a33-b7f3-4f3e-b224-0724f0442374 HTTP/1.1" status: 200 len: 1290 time: 0.3616543
2026-06-30 23:30:21.902 10 INFO neutron.wsgi [None req-7f88af1d-b1a3-4640-8408-8b2449342294 d3dc1c5db4e8424e92b7cac83dcba0a2 ac2f162e584e40a2b6f054806aff5e46 - - default default] 199.204.45.57 "DELETE /v2.0/security-groups/a741763b-62e8-468e-ad32-e51b599111b8 HTTP/1.1" status: 204 len: 173 time: 0.1093454
2026-06-30 23:30:21.961 10 INFO neutron.notifiers.nova [-] Nova event matching ['req-26b0954a-510f-40a4-82d9-49f25be1763a'] response: {'server_uuid': 'e6886ed1-86d6-4d1b-8236-54c53bacfe39', 'name': 'network-vif-plugged', 'status': 'completed', 'tag': 'd742bb33-acd7-486b-a87d-9e884a200865', 'code': 200}
2026-06-30 23:30:22.535 10 INFO neutron.wsgi [None req-d63ef069-c2c2-4fd3-a751-cf64888898cc d3dc1c5db4e8424e92b7cac83dcba0a2 ac2f162e584e40a2b6f054806aff5e46 - - default default] 199.204.45.57 "DELETE /v2.0/ports/57069a33-b7f3-4f3e-b224-0724f0442374 HTTP/1.1" status: 204 len: 173 time: 0.6273220
2026-06-30 23:30:22.817 9 INFO neutron.plugins.ml2.drivers.ovn.mech_driver.mech_driver [None req-2392d7d1-01b5-46cb-bd01-e4ccbc0b7c9e - - - - - -] OVN reports status down for port: 73a92402-42f4-4c6c-b7c5-2fa4897bfbea
2026-06-30 23:30:23.013 9 INFO neutron.notifiers.nova [-] Nova event matching ['req-61d80012-3fa2-4882-bb9d-077958be70ee'] response: {'server_uuid': 'e6886ed1-86d6-4d1b-8236-54c53bacfe39', 'name': 'network-vif-unplugged', 'status': 'completed', 'tag': '73a92402-42f4-4c6c-b7c5-2fa4897bfbea', 'code': 200}
2026-06-30 23:30:23.095 9 INFO neutron.wsgi [req-9acbb107-d6aa-4286-9bdf-33db66a884c9 req-339b7063-ed35-4f02-a0ec-7455fa61950a d3dc1c5db4e8424e92b7cac83dcba0a2 ac2f162e584e40a2b6f054806aff5e46 - - default default] 199.204.45.57 "GET /v2.0/ports?device_id=e6886ed1-86d6-4d1b-8236-54c53bacfe39 HTTP/1.1" status: 200 len: 1415 time: 0.0337896
2026-06-30 23:30:23.096 9 INFO neutron.db.ovn_revision_numbers_db [None req-2392d7d1-01b5-46cb-bd01-e4ccbc0b7c9e - - - - - -] Successfully bumped revision number for resource 73a92402-42f4-4c6c-b7c5-2fa4897bfbea (type: ports) to 5
