2026-06-30 23:25:14.382 10 INFO neutron.wsgi [req-127c85d5-fb61-4165-9736-1ea8b4b56fb8 req-e12de546-4d9d-4fcc-9989-37ad7486b9cd 19aa1b4e1ef64b6fabb16ec681d87422 1db4452cd2b34facb423e1d8dbfcc79d - - default default] 10.0.0.207 "GET /v2.0/security-groups?id=71af3ccb-ea07-4d23-9060-4c97135b765e&fields=id&fields=name HTTP/1.1" status: 200 len: 313 time: 0.0460286
2026-06-30 23:25:14.597 9 INFO neutron.wsgi [req-78d5102c-450f-4ac2-bfdb-5a1daf1b9765 req-1cef7f8b-a2e9-44e8-86f5-632d40789b02 19aa1b4e1ef64b6fabb16ec681d87422 1db4452cd2b34facb423e1d8dbfcc79d - - default default] 10.0.0.207 "GET /v2.0/ports?device_id=73fe3c28-7ec1-460f-81dd-589c27b19c74 HTTP/1.1" status: 200 len: 1174 time: 0.1240690
2026-06-30 23:25:14.640 9 INFO neutron.notifiers.nova [-] Nova event matching ['req-2cef064a-3480-49b6-892f-495f592ad582'] response: {'server_uuid': '73fe3c28-7ec1-460f-81dd-589c27b19c74', 'name': 'network-vif-plugged', 'status': 'completed', 'tag': 'a8a56182-74c9-4784-805c-4461c28040f1', 'code': 200}
2026-06-30 23:25:14.886 10 INFO neutron.wsgi [req-9923d216-bf96-4e85-958c-18ba9754785d req-180a598a-a9e9-4d89-a3f9-4b14bf3382ba 3ec17acdaa4641ecbb204251216e98d1 9a25299a61d34ca187234bc6e8327dac - - default default] 10.0.0.207 "GET /v2.0/ports?device_id=b416a877-b0a8-471b-9d2a-5eb770b115db HTTP/1.1" status: 200 len: 1168 time: 0.0753839
2026-06-30 23:25:14.956 10 INFO neutron.wsgi [req-9923d216-bf96-4e85-958c-18ba9754785d req-e1514053-bed7-47ee-890d-aa1e61cb14ce 3ec17acdaa4641ecbb204251216e98d1 9a25299a61d34ca187234bc6e8327dac - - default default] 10.0.0.207 "GET /v2.0/security-groups?id=519359f6-d999-4ea2-8cf8-922d7104184a&fields=id&fields=name HTTP/1.1" status: 200 len: 312 time: 0.0618672
2026-06-30 23:25:15.087 10 WARNING neutron.scheduler.dhcp_agent_scheduler [None req-543a28e4-75f3-450b-a066-72c6ea18a612 d3dc1c5db4e8424e92b7cac83dcba0a2 ac2f162e584e40a2b6f054806aff5e46 - - default default] No more DHCP agents
2026-06-30 23:25:15.095 10 WARNING neutron.api.rpc.agentnotifiers.dhcp_rpc_agent_api [None req-543a28e4-75f3-450b-a066-72c6ea18a612 d3dc1c5db4e8424e92b7cac83dcba0a2 ac2f162e584e40a2b6f054806aff5e46 - - default default] Unable to schedule network 5477c510-2044-47a4-958e-b3333fdf7d27: no agents available; will retry on subsequent port and subnet creation events.
2026-06-30 23:25:15.184 9 INFO neutron.db.l3_db [None req-74af6477-cacc-47e8-ac58-300b213df71a 19aa1b4e1ef64b6fabb16ec681d87422 1db4452cd2b34facb423e1d8dbfcc79d - - default default] Floating IP b55e56d1-7701-4cf1-825f-2815dd8d12a5 associated. External IP: 10.96.250.202, port: a8a56182-74c9-4784-805c-4461c28040f1.
2026-06-30 23:25:15.265 10 INFO neutron.db.ovn_revision_numbers_db [None req-543a28e4-75f3-450b-a066-72c6ea18a612 d3dc1c5db4e8424e92b7cac83dcba0a2 ac2f162e584e40a2b6f054806aff5e46 - - default default] Successfully bumped revision number for resource b1019331-a73d-4f19-b065-ff434e3efda6 (type: ports) to 1
2026-06-30 23:25:15.288 9 WARNING neutron.scheduler.dhcp_agent_scheduler [None req-275e7820-36cc-4d3f-98c7-050053a9e036 d3dc1c5db4e8424e92b7cac83dcba0a2 ac2f162e584e40a2b6f054806aff5e46 - - default default] No more DHCP agents
2026-06-30 23:25:15.290 9 WARNING neutron.api.rpc.agentnotifiers.dhcp_rpc_agent_api [None req-275e7820-36cc-4d3f-98c7-050053a9e036 d3dc1c5db4e8424e92b7cac83dcba0a2 ac2f162e584e40a2b6f054806aff5e46 - - default default] Unable to schedule network 5477c510-2044-47a4-958e-b3333fdf7d27: no agents available; will retry on subsequent port and subnet creation events.
2026-06-30 23:25:15.488 9 INFO neutron.db.ovn_revision_numbers_db [None req-74af6477-cacc-47e8-ac58-300b213df71a 19aa1b4e1ef64b6fabb16ec681d87422 1db4452cd2b34facb423e1d8dbfcc79d - - default default] Successfully bumped revision number for resource b55e56d1-7701-4cf1-825f-2815dd8d12a5 (type: floatingips) to 1
2026-06-30 23:25:15.551 9 INFO neutron.db.ovn_revision_numbers_db [None req-275e7820-36cc-4d3f-98c7-050053a9e036 d3dc1c5db4e8424e92b7cac83dcba0a2 ac2f162e584e40a2b6f054806aff5e46 - - default default] Successfully bumped revision number for resource bfd9d19d-bdfc-4926-8a82-2c03b6e6742c (type: ports) to 1
2026-06-30 23:25:15.652 9 INFO neutron.db.ovn_revision_numbers_db [None req-74af6477-cacc-47e8-ac58-300b213df71a 19aa1b4e1ef64b6fabb16ec681d87422 1db4452cd2b34facb423e1d8dbfcc79d - - default default] Successfully bumped revision number for resource b55e56d1-7701-4cf1-825f-2815dd8d12a5 (type: floatingips) to 2
2026-06-30 23:25:15.682 9 INFO neutron.wsgi [None req-74af6477-cacc-47e8-ac58-300b213df71a 19aa1b4e1ef64b6fabb16ec681d87422 1db4452cd2b34facb423e1d8dbfcc79d - - default default] 10.0.0.232 "PUT /v2.0/floatingips/b55e56d1-7701-4cf1-825f-2815dd8d12a5 HTTP/1.1" status: 200 len: 1050 time: 1.0682745 /var/lib/openstack/lib/python3.10/site-packages/pycadf/identifier.py:71: UserWarning: Invalid uuid: neutron. To ensure interoperability, identifiers should be a valid uuid. warnings.warn(('Invalid uuid: %s. To ensure interoperability, '
2026-06-30 23:25:15.764 9 INFO neutron.wsgi [req-c22404c0-761e-4073-9433-871de15b7b2b req-1990424e-a929-4434-b413-2777d55458be 19aa1b4e1ef64b6fabb16ec681d87422 1db4452cd2b34facb423e1d8dbfcc79d - - default default] 10.0.0.207 "GET /v2.0/ports?device_id=73fe3c28-7ec1-460f-81dd-589c27b19c74 HTTP/1.1" status: 200 len: 1174 time: 0.0346110
2026-06-30 23:25:15.859 9 INFO neutron.wsgi [req-c22404c0-761e-4073-9433-871de15b7b2b req-c2353643-2db9-46d5-a9ea-525aded875b4 19aa1b4e1ef64b6fabb16ec681d87422 1db4452cd2b34facb423e1d8dbfcc79d - - default default] 10.0.0.207 "GET /v2.0/security-groups?id=71af3ccb-ea07-4d23-9060-4c97135b765e&fields=id&fields=name HTTP/1.1" status: 200 len: 313 time: 0.0836868
2026-06-30 23:25:15.912 9 INFO neutron.plugins.ml2.drivers.ovn.mech_driver.mech_driver [None req-2392d7d1-01b5-46cb-bd01-e4ccbc0b7c9e - - - - - -] OVN reports status up for port: b1019331-a73d-4f19-b065-ff434e3efda6
2026-06-30 23:25:15.913 10 INFO neutron.plugins.ml2.drivers.ovn.mech_driver.ovsdb.ovsdb_monitor [None req-fc104b03-9851-4ac4-a165-a551547c6e6c - - - - - -] Router f1f91f59-bf52-49e3-a604-4c4f534e14f6 is bound to host instance
2026-06-30 23:25:15.941 9 INFO neutron.plugins.ml2.plugin [None req-2392d7d1-01b5-46cb-bd01-e4ccbc0b7c9e - - - - - -] Attempt 1 to provision port b1019331-a73d-4f19-b065-ff434e3efda6
2026-06-30 23:25:15.962 10 INFO neutron.db.ovn_revision_numbers_db [None req-543a28e4-75f3-450b-a066-72c6ea18a612 d3dc1c5db4e8424e92b7cac83dcba0a2 ac2f162e584e40a2b6f054806aff5e46 - - default default] Successfully bumped revision number for resource b1019331-a73d-4f19-b065-ff434e3efda6 (type: router_ports) to 1
2026-06-30 23:25:16.059 10 INFO neutron.db.ovn_revision_numbers_db [None req-543a28e4-75f3-450b-a066-72c6ea18a612 d3dc1c5db4e8424e92b7cac83dcba0a2 ac2f162e584e40a2b6f054806aff5e46 - - default default] Successfully bumped revision number for resource f1f91f59-bf52-49e3-a604-4c4f534e14f6 (type: routers) to 2
2026-06-30 23:25:16.061 9 INFO neutron.wsgi [req-08740f4e-e80c-490c-b2e4-4153aead40cf req-96b4d583-1092-4574-a343-8d0dd8113809 3ec17acdaa4641ecbb204251216e98d1 9a25299a61d34ca187234bc6e8327dac - - default default] 10.0.0.207 "GET /v2.0/ports?device_id=b416a877-b0a8-471b-9d2a-5eb770b115db HTTP/1.1" status: 200 len: 1168 time: 0.0450273
2026-06-30 23:25:16.077 10 INFO neutron.wsgi [None req-543a28e4-75f3-450b-a066-72c6ea18a612 d3dc1c5db4e8424e92b7cac83dcba0a2 ac2f162e584e40a2b6f054806aff5e46 - - default default] 10.0.0.232 "POST /v2.0/routers HTTP/1.1" status: 201 len: 880 time: 1.7096496
2026-06-30 23:25:16.177 9 INFO neutron.wsgi [req-08740f4e-e80c-490c-b2e4-4153aead40cf req-646ccc75-69f1-4393-b8c2-f2f000f16854 3ec17acdaa4641ecbb204251216e98d1 9a25299a61d34ca187234bc6e8327dac - - default default] 10.0.0.207 "GET /v2.0/security-groups?id=519359f6-d999-4ea2-8cf8-922d7104184a&fields=id&fields=name HTTP/1.1" status: 200 len: 312 time: 0.1061342
2026-06-30 23:25:16.474 9 INFO neutron.wsgi [req-c733691c-6c91-4992-8eb3-dc1432d5c68c req-fcf9d288-4221-4c88-ac61-c16d31b3cfdf 19aa1b4e1ef64b6fabb16ec681d87422 1db4452cd2b34facb423e1d8dbfcc79d - - default default] 10.0.0.207 "GET /v2.0/ports?device_id=73fe3c28-7ec1-460f-81dd-589c27b19c74 HTTP/1.1" status: 200 len: 1174 time: 0.2233152
2026-06-30 23:25:16.529 10 INFO neutron.db.ovn_revision_numbers_db [None req-fc104b03-9851-4ac4-a165-a551547c6e6c - - - - - -] Successfully bumped revision number for resource b1019331-a73d-4f19-b065-ff434e3efda6 (type: ports) to 1
2026-06-30 23:25:16.570 9 INFO neutron.wsgi [req-c733691c-6c91-4992-8eb3-dc1432d5c68c req-7d2510a8-f4b8-4213-8f2d-29cb8f7f104f 19aa1b4e1ef64b6fabb16ec681d87422 1db4452cd2b34facb423e1d8dbfcc79d - - default default] 10.0.0.207 "GET /v2.0/security-groups?id=71af3ccb-ea07-4d23-9060-4c97135b765e&fields=id&fields=name HTTP/1.1" status: 200 len: 313 time: 0.0883281
2026-06-30 23:25:16.601 9 INFO neutron.plugins.ml2.drivers.ovn.mech_driver.ovsdb.ovsdb_monitor [None req-c12eaaf7-7a2c-4499-9da7-a81c60d535bb - - - - - -] Router 78e477b8-a97b-4c41-acd7-08bea5ea600f is bound to host instance
2026-06-30 23:25:16.654 9 INFO neutron.db.ovn_revision_numbers_db [None req-275e7820-36cc-4d3f-98c7-050053a9e036 d3dc1c5db4e8424e92b7cac83dcba0a2 ac2f162e584e40a2b6f054806aff5e46 - - default default] Successfully bumped revision number for resource bfd9d19d-bdfc-4926-8a82-2c03b6e6742c (type: router_ports) to 1
2026-06-30 23:25:16.666 10 INFO neutron.wsgi [req-f157972c-85ca-4b06-bb4c-1c708b224b38 req-85384499-e2e7-4535-9fa4-fd8b1bbcad7b 19aa1b4e1ef64b6fabb16ec681d87422 1db4452cd2b34facb423e1d8dbfcc79d - - default default] 199.204.45.57 "GET /v2.0/ports?device_id=73fe3c28-7ec1-460f-81dd-589c27b19c74 HTTP/1.1" status: 200 len: 1174 time: 0.0447621
2026-06-30 23:25:16.691 9 INFO neutron.notifiers.nova [-] Nova event matching ['req-a951b3cf-e0a7-4a88-8825-a8b82b4ed3e6'] response: {'name': 'network-changed', 'server_uuid': '73fe3c28-7ec1-460f-81dd-589c27b19c74', 'tag': 'a8a56182-74c9-4784-805c-4461c28040f1', 'status': 'completed', 'code': 200}
2026-06-30 23:25:16.759 9 INFO neutron.wsgi [req-6c52790e-ca32-4bbc-82a5-8ff462f6f8fe req-7ab734a4-437f-4740-a942-f362bf185ba0 e442bb02bcf745df8fb30747f635bd0f 5a4be4c0b1f043f98f208d1532cfa4a8 - - bfe4387a9ec9444c80b17b3c2d7420c5 bfe4387a9ec9444c80b17b3c2d7420c5] 199.204.45.57 "GET /v2.0/ports?tenant_id=1db4452cd2b34facb423e1d8dbfcc79d&device_id=73fe3c28-7ec1-460f-81dd-589c27b19c74 HTTP/1.1" status: 200 len: 1413 time: 0.0506103
2026-06-30 23:25:16.810 9 INFO neutron.db.ovn_revision_numbers_db [None req-275e7820-36cc-4d3f-98c7-050053a9e036 d3dc1c5db4e8424e92b7cac83dcba0a2 ac2f162e584e40a2b6f054806aff5e46 - - default default] Successfully bumped revision number for resource 78e477b8-a97b-4c41-acd7-08bea5ea600f (type: routers) to 2
2026-06-30 23:25:16.855 9 INFO neutron.wsgi [None req-275e7820-36cc-4d3f-98c7-050053a9e036 d3dc1c5db4e8424e92b7cac83dcba0a2 ac2f162e584e40a2b6f054806aff5e46 - - default default] 10.0.0.232 "POST /v2.0/routers HTTP/1.1" status: 201 len: 885 time: 2.5029957
2026-06-30 23:25:16.907 9 INFO neutron.wsgi [req-6c52790e-ca32-4bbc-82a5-8ff462f6f8fe req-a6670dd5-3b87-4aec-990d-0468130e669a e442bb02bcf745df8fb30747f635bd0f 5a4be4c0b1f043f98f208d1532cfa4a8 - - bfe4387a9ec9444c80b17b3c2d7420c5 bfe4387a9ec9444c80b17b3c2d7420c5] 199.204.45.57 "GET /v2.0/networks?id=b46e5a1a-f22b-4805-a982-21533c3746b3 HTTP/1.1" status: 200 len: 973 time: 0.1340179
2026-06-30 23:25:16.994 10 INFO neutron.db.ovn_revision_numbers_db [None req-fc104b03-9851-4ac4-a165-a551547c6e6c - - - - - -] Successfully bumped revision number for resource b1019331-a73d-4f19-b065-ff434e3efda6 (type: router_ports) to 3
2026-06-30 23:25:17.003 9 INFO neutron.wsgi [req-6c52790e-ca32-4bbc-82a5-8ff462f6f8fe req-d5c4b790-4f10-4616-ad3b-6f5c2208ff94 e442bb02bcf745df8fb30747f635bd0f 5a4be4c0b1f043f98f208d1532cfa4a8 - - bfe4387a9ec9444c80b17b3c2d7420c5 bfe4387a9ec9444c80b17b3c2d7420c5] 199.204.45.57 "GET /v2.0/floatingips?fixed_ip_address=10.100.0.12&port_id=a8a56182-74c9-4784-805c-4461c28040f1 HTTP/1.1" status: 200 len: 1060 time: 0.0825298
2026-06-30 23:25:17.098 9 INFO neutron.wsgi [req-6c52790e-ca32-4bbc-82a5-8ff462f6f8fe req-2e748fe8-99d1-4900-a1eb-4351fbb6d53a e442bb02bcf745df8fb30747f635bd0f 5a4be4c0b1f043f98f208d1532cfa4a8 - - bfe4387a9ec9444c80b17b3c2d7420c5 bfe4387a9ec9444c80b17b3c2d7420c5] 199.204.45.57 "GET /v2.0/subnets?id=7cd4eb82-2b8e-44cc-8995-0a8a6dce0651 HTTP/1.1" status: 200 len: 868 time: 0.0890448
2026-06-30 23:25:17.129 9 INFO neutron.wsgi [req-6c52790e-ca32-4bbc-82a5-8ff462f6f8fe req-78e27b95-4055-4537-9d49-ff8488ee0387 e442bb02bcf745df8fb30747f635bd0f 5a4be4c0b1f043f98f208d1532cfa4a8 - - bfe4387a9ec9444c80b17b3c2d7420c5 bfe4387a9ec9444c80b17b3c2d7420c5] 199.204.45.57 "GET /v2.0/ports?network_id=b46e5a1a-f22b-4805-a982-21533c3746b3&device_owner=network%3Adhcp HTTP/1.1" status: 200 len: 210 time: 0.0241899
2026-06-30 23:25:17.220 9 WARNING neutron.scheduler.dhcp_agent_scheduler [None req-2b7fe8af-ccd5-4016-b9b8-9f55a0e23750 d3dc1c5db4e8424e92b7cac83dcba0a2 ac2f162e584e40a2b6f054806aff5e46 - - default default] No more DHCP agents
2026-06-30 23:25:17.228 10 INFO neutron.db.ovn_revision_numbers_db [None req-fc104b03-9851-4ac4-a165-a551547c6e6c - - - - - -] Successfully bumped revision number for resource b1019331-a73d-4f19-b065-ff434e3efda6 (type: ports) to 2
2026-06-30 23:25:17.236 9 WARNING neutron.api.rpc.agentnotifiers.dhcp_rpc_agent_api [None req-2b7fe8af-ccd5-4016-b9b8-9f55a0e23750 d3dc1c5db4e8424e92b7cac83dcba0a2 ac2f162e584e40a2b6f054806aff5e46 - - default default] Unable to schedule network 71755528-f895-43b4-82bc-41a0be23e655: no agents available; will retry on subsequent port and subnet creation events.
2026-06-30 23:25:17.258 10 INFO neutron.db.l3_db [req-f157972c-85ca-4b06-bb4c-1c708b224b38 req-5998baab-cbca-458e-b907-2047b159a3ec 19aa1b4e1ef64b6fabb16ec681d87422 1db4452cd2b34facb423e1d8dbfcc79d - - default default] Floating IP b55e56d1-7701-4cf1-825f-2815dd8d12a5 disassociated. External IP: 10.96.250.202, port: a8a56182-74c9-4784-805c-4461c28040f1.
2026-06-30 23:25:17.321 9 INFO neutron.wsgi [req-6c52790e-ca32-4bbc-82a5-8ff462f6f8fe req-105a1ba9-9b6a-4bf0-ab6a-ae8c83678d37 e442bb02bcf745df8fb30747f635bd0f 5a4be4c0b1f043f98f208d1532cfa4a8 - - bfe4387a9ec9444c80b17b3c2d7420c5 bfe4387a9ec9444c80b17b3c2d7420c5] 199.204.45.57 "GET /v2.0/networks/b46e5a1a-f22b-4805-a982-21533c3746b3?fields=segments HTTP/1.1" status: 200 len: 212 time: 0.1847546
2026-06-30 23:25:17.391 9 INFO neutron.wsgi [req-1158ecbe-7cd1-4e6b-a736-c6e341708192 req-cd6530ad-5a94-41b7-926e-cc574e8f461e 3ec17acdaa4641ecbb204251216e98d1 9a25299a61d34ca187234bc6e8327dac - - default default] 10.0.0.207 "GET /v2.0/ports?device_id=b416a877-b0a8-471b-9d2a-5eb770b115db HTTP/1.1" status: 200 len: 1168 time: 0.1393840
2026-06-30 23:25:17.491 10 INFO neutron.wsgi [req-f157972c-85ca-4b06-bb4c-1c708b224b38 req-5998baab-cbca-458e-b907-2047b159a3ec 19aa1b4e1ef64b6fabb16ec681d87422 1db4452cd2b34facb423e1d8dbfcc79d - - default default] 199.204.45.57 "DELETE /v2.0/ports/a8a56182-74c9-4784-805c-4461c28040f1 HTTP/1.1" status: 204 len: 173 time: 0.8132803
2026-06-30 23:25:17.551 10 INFO neutron.notifiers.nova [-] Nova event matching ['req-8ed0bf01-4529-44f2-9e11-e82581664b8d'] response: {'server_uuid': '73fe3c28-7ec1-460f-81dd-589c27b19c74', 'name': 'network-vif-deleted', 'tag': 'a8a56182-74c9-4784-805c-4461c28040f1', 'status': 'completed', 'code': 200}
2026-06-30 23:25:17.583 10 INFO neutron.db.ovn_revision_numbers_db [None req-fc104b03-9851-4ac4-a165-a551547c6e6c - - - - - -] Successfully bumped revision number for resource b1019331-a73d-4f19-b065-ff434e3efda6 (type: ports) to 4
2026-06-30 23:25:17.659 9 INFO neutron.wsgi [req-6c52790e-ca32-4bbc-82a5-8ff462f6f8fe req-052e68ae-77e1-4bdf-b16d-dda7894a26bf e442bb02bcf745df8fb30747f635bd0f 5a4be4c0b1f043f98f208d1532cfa4a8 - - bfe4387a9ec9444c80b17b3c2d7420c5 bfe4387a9ec9444c80b17b3c2d7420c5] 199.204.45.57 "GET /v2.0/networks/b46e5a1a-f22b-4805-a982-21533c3746b3?fields=provider%3Aphysical_network&fields=provider%3Anetwork_type HTTP/1.1" status: 200 len: 277 time: 0.3273182
2026-06-30 23:25:17.693 9 INFO neutron.wsgi [req-1158ecbe-7cd1-4e6b-a736-c6e341708192 req-5932f80d-b10b-4517-aa3d-607d7fbbeeeb 3ec17acdaa4641ecbb204251216e98d1 9a25299a61d34ca187234bc6e8327dac - - default default] 10.0.0.207 "GET /v2.0/security-groups?id=519359f6-d999-4ea2-8cf8-922d7104184a&fields=id&fields=name HTTP/1.1" status: 200 len: 312 time: 0.2892616
2026-06-30 23:25:17.698 10 INFO neutron.wsgi [req-311fcada-0b64-462a-8a8c-df1291b4724a req-e821d7b4-0881-420e-ad9e-23996c640e7a 19aa1b4e1ef64b6fabb16ec681d87422 1db4452cd2b34facb423e1d8dbfcc79d - - default default] 10.0.0.207 "GET /v2.0/ports?device_id=73fe3c28-7ec1-460f-81dd-589c27b19c74 HTTP/1.1" status: 200 len: 210 time: 0.0353339
2026-06-30 23:25:17.758 10 WARNING neutron.plugins.ml2.drivers.ovn.mech_driver.ovsdb.ovn_client [None req-a68c653f-67ef-4a09-aa77-634719f5fe2c - - - - - -] No hosting information found for port 476e5347-3ab9-4753-85bb-040ced81c737: RuntimeError: No hosting information found for port 476e5347-3ab9-4753-85bb-040ced81c737
2026-06-30 23:25:17.758 10 INFO neutron.plugins.ml2.drivers.ovn.mech_driver.mech_driver [None req-a68c653f-67ef-4a09-aa77-634719f5fe2c - - - - - -] OVN reports status up for port: 754b6735-c41b-4f79-afdc-44c438129adb
2026-06-30 23:25:17.786 10 INFO neutron.plugins.ml2.plugin [None req-a68c653f-67ef-4a09-aa77-634719f5fe2c - - - - - -] Attempt 1 to provision port 754b6735-c41b-4f79-afdc-44c438129adb
2026-06-30 23:25:17.799 10 INFO neutron.db.ovn_revision_numbers_db [None req-fc104b03-9851-4ac4-a165-a551547c6e6c - - - - - -] Successfully bumped revision number for resource b1019331-a73d-4f19-b065-ff434e3efda6 (type: router_ports) to 4
2026-06-30 23:25:17.801 9 INFO neutron.db.ovn_revision_numbers_db [None req-2b7fe8af-ccd5-4016-b9b8-9f55a0e23750 d3dc1c5db4e8424e92b7cac83dcba0a2 ac2f162e584e40a2b6f054806aff5e46 - - default default] Successfully bumped revision number for resource 348824de-8986-436e-a437-a276b884ad79 (type: ports) to 1
2026-06-30 23:25:17.985 9 WARNING neutron.scheduler.dhcp_agent_scheduler [None req-6f55eae4-b254-49b3-ae15-67e5f948917b d3dc1c5db4e8424e92b7cac83dcba0a2 ac2f162e584e40a2b6f054806aff5e46 - - default default] No more DHCP agents
2026-06-30 23:25:17.993 9 WARNING neutron.api.rpc.agentnotifiers.dhcp_rpc_agent_api [None req-6f55eae4-b254-49b3-ae15-67e5f948917b d3dc1c5db4e8424e92b7cac83dcba0a2 ac2f162e584e40a2b6f054806aff5e46 - - default default] Unable to schedule network 2dff7ba5-f32f-4936-b499-4e35b9d779f1: no agents available; will retry on subsequent port and subnet creation events.
2026-06-30 23:25:18.011 9 INFO neutron.db.ovn_revision_numbers_db [None req-c12eaaf7-7a2c-4499-9da7-a81c60d535bb - - - - - -] Successfully bumped revision number for resource bfd9d19d-bdfc-4926-8a82-2c03b6e6742c (type: ports) to 1
2026-06-30 23:25:18.073 10 INFO neutron.db.ovn_revision_numbers_db [None req-a68c653f-67ef-4a09-aa77-634719f5fe2c - - - - - -] Successfully bumped revision number for resource 754b6735-c41b-4f79-afdc-44c438129adb (type: ports) to 4
2026-06-30 23:25:18.115 10 INFO neutron.plugins.ml2.drivers.ovn.mech_driver.mech_driver [None req-a68c653f-67ef-4a09-aa77-634719f5fe2c - - - - - -] OVN reports status up for port: bfd9d19d-bdfc-4926-8a82-2c03b6e6742c
2026-06-30 23:25:18.138 10 INFO neutron.plugins.ml2.plugin [None req-a68c653f-67ef-4a09-aa77-634719f5fe2c - - - - - -] Attempt 1 to provision port bfd9d19d-bdfc-4926-8a82-2c03b6e6742c
2026-06-30 23:25:18.313 9 INFO neutron.db.ovn_revision_numbers_db [None req-6f55eae4-b254-49b3-ae15-67e5f948917b d3dc1c5db4e8424e92b7cac83dcba0a2 ac2f162e584e40a2b6f054806aff5e46 - - default default] Successfully bumped revision number for resource 2e875a00-315a-4b03-a013-f3a0c049883c (type: ports) to 1
2026-06-30 23:25:18.391 10 INFO neutron.db.ovn_revision_numbers_db [None req-a68c653f-67ef-4a09-aa77-634719f5fe2c - - - - - -] Successfully bumped revision number for resource bfd9d19d-bdfc-4926-8a82-2c03b6e6742c (type: ports) to 4
2026-06-30 23:25:18.499 9 INFO neutron.db.ovn_revision_numbers_db [None req-c12eaaf7-7a2c-4499-9da7-a81c60d535bb - - - - - -] Successfully bumped revision number for resource bfd9d19d-bdfc-4926-8a82-2c03b6e6742c (type: router_ports) to 3
2026-06-30 23:25:18.592 10 INFO neutron.db.ovn_revision_numbers_db [None req-a68c653f-67ef-4a09-aa77-634719f5fe2c - - - - - -] Successfully bumped revision number for resource bfd9d19d-bdfc-4926-8a82-2c03b6e6742c (type: router_ports) to 4
2026-06-30 23:25:18.644 10 INFO neutron.plugins.ml2.drivers.ovn.mech_driver.mech_driver [None req-a68c653f-67ef-4a09-aa77-634719f5fe2c - - - - - -] OVN reports status up for port: 348824de-8986-436e-a437-a276b884ad79
2026-06-30 23:25:18.656 10 INFO neutron.plugins.ml2.plugin [None req-a68c653f-67ef-4a09-aa77-634719f5fe2c - - - - - -] Attempt 1 to provision port 348824de-8986-436e-a437-a276b884ad79
2026-06-30 23:25:18.690 9 INFO neutron.db.ovn_revision_numbers_db [None req-2b7fe8af-ccd5-4016-b9b8-9f55a0e23750 d3dc1c5db4e8424e92b7cac83dcba0a2 ac2f162e584e40a2b6f054806aff5e46 - - default default] Successfully bumped revision number for resource 348824de-8986-436e-a437-a276b884ad79 (type: router_ports) to 1
2026-06-30 23:25:18.758 9 ERROR ovsdbapp.backend.ovs_idl.transaction [None req-c12eaaf7-7a2c-4499-9da7-a81c60d535bb - - - - - -]
Traceback (most recent call last): File "/var/lib/openstack/lib/python3.10/site-packages/ovsdbapp/backend/ovs_idl/connection.py", line 118, in run txn.results.put(txn.do_commit())
File "/var/lib/openstack/lib/python3.10/site-packages/ovsdbapp/backend/ovs_idl/transaction.py", line 92, in do_commit command.run_idl(txn)
File "/var/lib/openstack/lib/python3.10/site-packages/neutron/plugins/ml2/drivers/ovn/mech_driver/ovsdb/commands.py", line 825, in run_idl raise ovn_exc.RevisionConflict( neutron.common.ovn.exceptions.RevisionConflict: OVN revision number for bfd9d19d-bdfc-4926-8a82-2c03b6e6742c (type: ports) is higher than the given resource. Skipping update 
2026-06-30 23:25:18.759 9 INFO neutron.plugins.ml2.drivers.ovn.mech_driver.ovsdb.impl_idl_ovn [None req-c12eaaf7-7a2c-4499-9da7-a81c60d535bb - - - - - -] Transaction aborted. Reason: OVN revision number for bfd9d19d-bdfc-4926-8a82-2c03b6e6742c (type: ports) is higher than the given resource. Skipping update
2026-06-30 23:25:18.850 9 INFO neutron.plugins.ml2.drivers.ovn.mech_driver.mech_driver [None req-2392d7d1-01b5-46cb-bd01-e4ccbc0b7c9e - - - - - -] OVN reports status down for port: a8a56182-74c9-4784-805c-4461c28040f1
2026-06-30 23:25:19.088 10 INFO neutron.db.ovn_revision_numbers_db [None req-a68c653f-67ef-4a09-aa77-634719f5fe2c - - - - - -] Successfully bumped revision number for resource 348824de-8986-436e-a437-a276b884ad79 (type: ports) to 2
2026-06-30 23:25:19.197 9 INFO neutron.wsgi [req-e96d540f-5d17-42d8-90a8-e102a759d6ff req-d36d609a-b956-450b-a269-28b98b3fc513 3ec17acdaa4641ecbb204251216e98d1 9a25299a61d34ca187234bc6e8327dac - - default default] 10.0.0.207 "GET /v2.0/ports?device_id=b416a877-b0a8-471b-9d2a-5eb770b115db HTTP/1.1" status: 200 len: 1170 time: 0.4353607 /var/lib/openstack/lib/python3.10/site-packages/pycadf/identifier.py:71: UserWarning: Invalid uuid: neutron. To ensure interoperability, identifiers should be a valid uuid. warnings.warn(('Invalid uuid: %s. To ensure interoperability, '
2026-06-30 23:25:19.224 10 INFO neutron.db.ovn_revision_numbers_db [None req-a68c653f-67ef-4a09-aa77-634719f5fe2c - - - - - -] Successfully bumped revision number for resource 348824de-8986-436e-a437-a276b884ad79 (type: router_ports) to 2
2026-06-30 23:25:19.252 9 ERROR ovsdbapp.backend.ovs_idl.transaction [None req-2b7fe8af-ccd5-4016-b9b8-9f55a0e23750 d3dc1c5db4e8424e92b7cac83dcba0a2 ac2f162e584e40a2b6f054806aff5e46 - - default default]
Traceback (most recent call last): File "/var/lib/openstack/lib/python3.10/site-packages/ovsdbapp/backend/ovs_idl/connection.py", line 118, in run txn.results.put(txn.do_commit())
File "/var/lib/openstack/lib/python3.10/site-packages/ovsdbapp/backend/ovs_idl/transaction.py", line 92, in do_commit command.run_idl(txn)
File "/var/lib/openstack/lib/python3.10/site-packages/neutron/plugins/ml2/drivers/ovn/mech_driver/ovsdb/commands.py", line 825, in run_idl raise ovn_exc.RevisionConflict( neutron.common.ovn.exceptions.RevisionConflict: OVN revision number for 348824de-8986-436e-a437-a276b884ad79 (type: ports) is higher than the given resource. Skipping update 
2026-06-30 23:25:19.253 9 INFO neutron.plugins.ml2.drivers.ovn.mech_driver.ovsdb.impl_idl_ovn [None req-2b7fe8af-ccd5-4016-b9b8-9f55a0e23750 d3dc1c5db4e8424e92b7cac83dcba0a2 ac2f162e584e40a2b6f054806aff5e46 - - default default] Transaction aborted. Reason: OVN revision number for 348824de-8986-436e-a437-a276b884ad79 (type: ports) is higher than the given resource. Skipping update
2026-06-30 23:25:19.306 9 INFO neutron.wsgi [req-e96d540f-5d17-42d8-90a8-e102a759d6ff req-4a36bf91-efdd-4cf5-b68e-cfffa7d812b2 3ec17acdaa4641ecbb204251216e98d1 9a25299a61d34ca187234bc6e8327dac - - default default] 10.0.0.207 "GET /v2.0/security-groups?id=519359f6-d999-4ea2-8cf8-922d7104184a&fields=id&fields=name HTTP/1.1" status: 200 len: 312 time: 0.0998008
2026-06-30 23:25:19.393 9 INFO neutron.wsgi [None req-5c6d740a-7b6c-40e4-b0f0-b6557d0d7688 19aa1b4e1ef64b6fabb16ec681d87422 1db4452cd2b34facb423e1d8dbfcc79d - - default default] 10.0.0.232 "DELETE /v2.0/security-groups/71af3ccb-ea07-4d23-9060-4c97135b765e HTTP/1.1" status: 204 len: 168 time: 0.5872879 /var/lib/openstack/lib/python3.10/site-packages/pycadf/identifier.py:71: UserWarning: Invalid uuid: neutron. To ensure interoperability, identifiers should be a valid uuid. warnings.warn(('Invalid uuid: %s. To ensure interoperability, '
2026-06-30 23:25:19.409 9 WARNING neutron.scheduler.dhcp_agent_scheduler [None req-2b7fe8af-ccd5-4016-b9b8-9f55a0e23750 d3dc1c5db4e8424e92b7cac83dcba0a2 ac2f162e584e40a2b6f054806aff5e46 - - default default] No more DHCP agents
2026-06-30 23:25:19.411 9 WARNING neutron.api.rpc.agentnotifiers.dhcp_rpc_agent_api [None req-2b7fe8af-ccd5-4016-b9b8-9f55a0e23750 d3dc1c5db4e8424e92b7cac83dcba0a2 ac2f162e584e40a2b6f054806aff5e46 - - default default] Unable to schedule network 71755528-f895-43b4-82bc-41a0be23e655: no agents available; will retry on subsequent port and subnet creation events.
2026-06-30 23:25:19.411 10 INFO neutron.api.v2.resource [None req-06d7e562-a67b-46b4-8eab-8a27c913edc9 19aa1b4e1ef64b6fabb16ec681d87422 1db4452cd2b34facb423e1d8dbfcc79d - - default default] show failed (client error): The resource could not be found.
2026-06-30 23:25:19.412 10 INFO neutron.wsgi [None req-06d7e562-a67b-46b4-8eab-8a27c913edc9 19aa1b4e1ef64b6fabb16ec681d87422 1db4452cd2b34facb423e1d8dbfcc79d - - default default] 10.0.0.232 "GET /v2.0/security-groups/71af3ccb-ea07-4d23-9060-4c97135b765e HTTP/1.1" status: 404 len: 347 time: 0.0129426
2026-06-30 23:25:19.429 9 INFO neutron.db.ovn_revision_numbers_db [None req-6f55eae4-b254-49b3-ae15-67e5f948917b d3dc1c5db4e8424e92b7cac83dcba0a2 ac2f162e584e40a2b6f054806aff5e46 - - default default] Successfully bumped revision number for resource 2e875a00-315a-4b03-a013-f3a0c049883c (type: router_ports) to 1
2026-06-30 23:25:19.586 10 INFO neutron.notifiers.nova [-] Nova event matching ['req-46567207-db57-43d1-9dc5-dd85fa58854e'] response: {'server_uuid': 'b416a877-b0a8-471b-9d2a-5eb770b115db', 'name': 'network-vif-plugged', 'status': 'completed', 'tag': '754b6735-c41b-4f79-afdc-44c438129adb', 'code': 200}
2026-06-30 23:25:19.586 10 INFO neutron.notifiers.nova [-] Nova event matching ['req-46567207-db57-43d1-9dc5-dd85fa58854e'] response: {'server_uuid': 'b416a877-b0a8-471b-9d2a-5eb770b115db', 'name': 'network-vif-plugged', 'status': 'completed', 'tag': '754b6735-c41b-4f79-afdc-44c438129adb', 'code': 200}
2026-06-30 23:25:19.629 9 INFO neutron.db.ovn_revision_numbers_db [None req-6f55eae4-b254-49b3-ae15-67e5f948917b d3dc1c5db4e8424e92b7cac83dcba0a2 ac2f162e584e40a2b6f054806aff5e46 - - default default] Successfully bumped revision number for resource 2e875a00-315a-4b03-a013-f3a0c049883c (type: ports) to 1
2026-06-30 23:25:19.718 10 INFO neutron.wsgi [None req-e2e68878-4738-4dcf-81ed-3bccb0b10332 19aa1b4e1ef64b6fabb16ec681d87422 1db4452cd2b34facb423e1d8dbfcc79d - - default default] 10.0.0.232 "DELETE /v2.0/floatingips/b55e56d1-7701-4cf1-825f-2815dd8d12a5 HTTP/1.1" status: 204 len: 168 time: 0.3002071
2026-06-30 23:25:19.764 9 WARNING neutron.scheduler.dhcp_agent_scheduler [None req-6f55eae4-b254-49b3-ae15-67e5f948917b d3dc1c5db4e8424e92b7cac83dcba0a2 ac2f162e584e40a2b6f054806aff5e46 - - default default] No more DHCP agents
2026-06-30 23:25:19.765 9 WARNING neutron.api.rpc.agentnotifiers.dhcp_rpc_agent_api [None req-6f55eae4-b254-49b3-ae15-67e5f948917b d3dc1c5db4e8424e92b7cac83dcba0a2 ac2f162e584e40a2b6f054806aff5e46 - - default default] Unable to schedule network 2dff7ba5-f32f-4936-b499-4e35b9d779f1: no agents available; will retry on subsequent port and subnet creation events.
2026-06-30 23:25:20.417 9 INFO neutron.db.ovn_revision_numbers_db [None req-2b7fe8af-ccd5-4016-b9b8-9f55a0e23750 d3dc1c5db4e8424e92b7cac83dcba0a2 ac2f162e584e40a2b6f054806aff5e46 - - default default] Successfully bumped revision number for resource 348824de-8986-436e-a437-a276b884ad79 (type: router_ports) to 2
2026-06-30 23:25:20.419 9 INFO neutron.wsgi [None req-2b7fe8af-ccd5-4016-b9b8-9f55a0e23750 d3dc1c5db4e8424e92b7cac83dcba0a2 ac2f162e584e40a2b6f054806aff5e46 - - default default] 10.0.0.232 "PUT /v2.0/routers/f1f91f59-bf52-49e3-a604-4c4f534e14f6/add_router_interface HTTP/1.1" status: 200 len: 503 time: 4.3330131
2026-06-30 23:25:20.433 9 INFO neutron.wsgi [req-c8d48b4f-e007-404b-9640-1effecace8c6 req-9cbfc356-21f9-4727-8e43-0b0589e928e7 3ec17acdaa4641ecbb204251216e98d1 9a25299a61d34ca187234bc6e8327dac - - default default] 10.0.0.207 "GET /v2.0/ports?device_id=b416a877-b0a8-471b-9d2a-5eb770b115db HTTP/1.1" status: 200 len: 1170 time: 0.0397134
2026-06-30 23:25:20.645 9 INFO neutron.wsgi [req-c8d48b4f-e007-404b-9640-1effecace8c6 req-c4f39cd7-4e7a-4f55-8afe-f05e0c62f149 3ec17acdaa4641ecbb204251216e98d1 9a25299a61d34ca187234bc6e8327dac - - default default] 10.0.0.207 "GET /v2.0/security-groups?id=519359f6-d999-4ea2-8cf8-922d7104184a&fields=id&fields=name HTTP/1.1" status: 200 len: 312 time: 0.2054868
2026-06-30 23:25:20.825 9 INFO neutron.db.ovn_revision_numbers_db [None req-6f55eae4-b254-49b3-ae15-67e5f948917b d3dc1c5db4e8424e92b7cac83dcba0a2 ac2f162e584e40a2b6f054806aff5e46 - - default default] Successfully bumped revision number for resource 2e875a00-315a-4b03-a013-f3a0c049883c (type: router_ports) to 1
2026-06-30 23:25:20.825 10 INFO neutron.wsgi [req-5781a526-ccb8-4125-bf83-20323b126268 req-a6a3730b-a9ca-42ab-b4d7-a59e725dd560 3ec17acdaa4641ecbb204251216e98d1 9a25299a61d34ca187234bc6e8327dac - - default default] 10.0.0.207 "GET /v2.0/ports?device_id=b416a877-b0a8-471b-9d2a-5eb770b115db HTTP/1.1" status: 200 len: 1170 time: 0.1170292
2026-06-30 23:25:20.830 9 INFO neutron.wsgi [None req-6f55eae4-b254-49b3-ae15-67e5f948917b d3dc1c5db4e8424e92b7cac83dcba0a2 ac2f162e584e40a2b6f054806aff5e46 - - default default] 10.0.0.232 "PUT /v2.0/routers/78e477b8-a97b-4c41-acd7-08bea5ea600f/add_router_interface HTTP/1.1" status: 200 len: 503 time: 3.9621119
2026-06-30 23:25:21.003 10 INFO neutron.wsgi [None req-988ac25c-d753-4e2e-b162-5502922f078d d3dc1c5db4e8424e92b7cac83dcba0a2 ac2f162e584e40a2b6f054806aff5e46 - - default default] 10.0.0.232 "PUT /v2.0/routers/27d461e6-f7d3-4d29-baf2-eed252658371/remove_router_interface HTTP/1.1" status: 200 len: 503 time: 1.2794631
2026-06-30 23:25:21.126 9 INFO neutron.db.l3_db [None req-24851929-65ec-4b31-9d82-56d69cb55b4e 3ec17acdaa4641ecbb204251216e98d1 9a25299a61d34ca187234bc6e8327dac - - default default] Floating IP 453a05c7-6f6d-4a3f-a4b8-5737adfd5906 associated. External IP: 10.96.250.211, port: 754b6735-c41b-4f79-afdc-44c438129adb.
2026-06-30 23:25:21.221 9 INFO neutron.db.ovn_revision_numbers_db [None req-24d079c7-5a47-486d-84bc-3d548a548dc1 88ecde4fd05a4981a1a9fc843aa71532 51765683dd97432e9bdc9d0d0a42ba60 - - default default] Successfully bumped revision number for resource afd43987-0c37-44b0-a098-2517dd75a100 (type: security_groups) to 1
2026-06-30 23:25:21.270 9 INFO neutron.db.ovn_revision_numbers_db [None req-24d079c7-5a47-486d-84bc-3d548a548dc1 88ecde4fd05a4981a1a9fc843aa71532 51765683dd97432e9bdc9d0d0a42ba60 - - default default] Successfully bumped revision number for resource 00453fca-4259-477d-b117-a3f8312537bb (type: security_group_rules) to 0
2026-06-30 23:25:21.297 9 INFO neutron.db.ovn_revision_numbers_db [None req-24d079c7-5a47-486d-84bc-3d548a548dc1 88ecde4fd05a4981a1a9fc843aa71532 51765683dd97432e9bdc9d0d0a42ba60 - - default default] Successfully bumped revision number for resource 123a737b-94de-4bab-9ce1-e9ffe29a8d2a (type: security_group_rules) to 0
2026-06-30 23:25:21.325 9 INFO neutron.wsgi [None req-24d079c7-5a47-486d-84bc-3d548a548dc1 88ecde4fd05a4981a1a9fc843aa71532 51765683dd97432e9bdc9d0d0a42ba60 - - default default] 10.0.0.232 "POST /v2.0/security-groups HTTP/1.1" status: 201 len: 1797 time: 0.3721859 /var/lib/openstack/lib/python3.10/site-packages/pycadf/identifier.py:71: UserWarning: Invalid uuid: neutron. To ensure interoperability, identifiers should be a valid uuid. warnings.warn(('Invalid uuid: %s. To ensure interoperability, '
2026-06-30 23:25:21.439 9 INFO neutron.db.ovn_revision_numbers_db [None req-24851929-65ec-4b31-9d82-56d69cb55b4e 3ec17acdaa4641ecbb204251216e98d1 9a25299a61d34ca187234bc6e8327dac - - default default] Successfully bumped revision number for resource 453a05c7-6f6d-4a3f-a4b8-5737adfd5906 (type: floatingips) to 1
2026-06-30 23:25:21.491 10 INFO neutron.db.ovn_revision_numbers_db [None req-6a5d1d27-8663-4c10-98fd-750685961824 88ecde4fd05a4981a1a9fc843aa71532 51765683dd97432e9bdc9d0d0a42ba60 - - default default] Successfully bumped revision number for resource 10c6e969-e69d-40be-8116-c7f71cfa1dc4 (type: security_group_rules) to 0
2026-06-30 23:25:21.520 10 INFO neutron.wsgi [None req-6a5d1d27-8663-4c10-98fd-750685961824 88ecde4fd05a4981a1a9fc843aa71532 51765683dd97432e9bdc9d0d0a42ba60 - - default default] 10.0.0.232 "POST /v2.0/security-group-rules HTTP/1.1" status: 201 len: 764 time: 0.1883368
2026-06-30 23:25:21.522 10 INFO neutron.db.ovn_revision_numbers_db [None req-b1c7b5a8-36c2-41fe-bc66-e68528ff015f 399b61d5117d49238681228a8ac6de42 d8663a9db7e64993a8a5134f40f77e80 - - default default] Successfully bumped revision number for resource 6b112c26-68f0-488f-8cf1-dcee89b38eee (type: security_groups) to 1 /var/lib/openstack/lib/python3.10/site-packages/pycadf/identifier.py:71: UserWarning: Invalid uuid: neutron. To ensure interoperability, identifiers should be a valid uuid. warnings.warn(('Invalid uuid: %s. To ensure interoperability, '
2026-06-30 23:25:21.538 10 INFO neutron.db.ovn_revision_numbers_db [None req-b1c7b5a8-36c2-41fe-bc66-e68528ff015f 399b61d5117d49238681228a8ac6de42 d8663a9db7e64993a8a5134f40f77e80 - - default default] Successfully bumped revision number for resource a290c0bd-0592-45c9-98ce-d5e505c2c5e2 (type: security_group_rules) to 0
2026-06-30 23:25:21.558 10 INFO neutron.db.ovn_revision_numbers_db [None req-b1c7b5a8-36c2-41fe-bc66-e68528ff015f 399b61d5117d49238681228a8ac6de42 d8663a9db7e64993a8a5134f40f77e80 - - default default] Successfully bumped revision number for resource b453880f-5008-409b-b054-9a107fad8efb (type: security_group_rules) to 0
2026-06-30 23:25:21.579 10 INFO neutron.wsgi [None req-b1c7b5a8-36c2-41fe-bc66-e68528ff015f 399b61d5117d49238681228a8ac6de42 d8663a9db7e64993a8a5134f40f77e80 - - default default] 10.0.0.232 "POST /v2.0/security-groups HTTP/1.1" status: 201 len: 1796 time: 0.1902676
2026-06-30 23:25:21.617 9 INFO neutron.db.ovn_revision_numbers_db [None req-24851929-65ec-4b31-9d82-56d69cb55b4e 3ec17acdaa4641ecbb204251216e98d1 9a25299a61d34ca187234bc6e8327dac - - default default] Successfully bumped revision number for resource 453a05c7-6f6d-4a3f-a4b8-5737adfd5906 (type: floatingips) to 2
2026-06-30 23:25:21.655 9 INFO neutron.wsgi [None req-24851929-65ec-4b31-9d82-56d69cb55b4e 3ec17acdaa4641ecbb204251216e98d1 9a25299a61d34ca187234bc6e8327dac - - default default] 10.0.0.232 "PUT /v2.0/floatingips/453a05c7-6f6d-4a3f-a4b8-5737adfd5906 HTTP/1.1" status: 200 len: 1049 time: 0.7986360
2026-06-30 23:25:21.696 9 INFO neutron.notifiers.nova [-] Nova event matching ['req-6509032e-f999-49a3-b99d-4f71b3de3654'] response: {'name': 'network-changed', 'server_uuid': 'b416a877-b0a8-471b-9d2a-5eb770b115db', 'tag': '754b6735-c41b-4f79-afdc-44c438129adb', 'status': 'completed', 'code': 200}
2026-06-30 23:25:21.762 10 INFO neutron.wsgi [req-4e17faf6-6aee-43ac-8540-e8eee10c0067 req-fd949b32-0680-49e6-9912-e591d684f969 3ec17acdaa4641ecbb204251216e98d1 9a25299a61d34ca187234bc6e8327dac - - default default] 10.0.0.207 "GET /v2.0/ports?device_id=b416a877-b0a8-471b-9d2a-5eb770b115db HTTP/1.1" status: 200 len: 1170 time: 0.0408194
2026-06-30 23:25:21.767 10 INFO neutron.db.ovn_revision_numbers_db [None req-d6f671b1-6265-4fd4-a313-75c16a5db588 399b61d5117d49238681228a8ac6de42 d8663a9db7e64993a8a5134f40f77e80 - - default default] Successfully bumped revision number for resource e9c3abd5-ead2-4e35-8bd5-db9ad0ca4f2a (type: security_group_rules) to 0
2026-06-30 23:25:21.772 9 INFO neutron.wsgi [req-7ec5074a-c374-4a74-b10d-16eb0a69db7e req-41ad7c7a-fc5f-4c61-b163-cc2ad3cb2c41 e442bb02bcf745df8fb30747f635bd0f 5a4be4c0b1f043f98f208d1532cfa4a8 - - bfe4387a9ec9444c80b17b3c2d7420c5 bfe4387a9ec9444c80b17b3c2d7420c5] 199.204.45.57 "GET /v2.0/ports?tenant_id=9a25299a61d34ca187234bc6e8327dac&device_id=b416a877-b0a8-471b-9d2a-5eb770b115db HTTP/1.1" status: 200 len: 1409 time: 0.0436497
2026-06-30 23:25:21.773 9 INFO neutron.db.ovn_revision_numbers_db [None req-ef648394-29d2-416d-951f-b6da8978bb22 88ecde4fd05a4981a1a9fc843aa71532 51765683dd97432e9bdc9d0d0a42ba60 - - default default] Successfully bumped revision number for resource 37714a07-2ee1-494c-929f-955dcbede407 (type: security_group_rules) to 0
2026-06-30 23:25:21.802 10 INFO neutron.wsgi [None req-d6f671b1-6265-4fd4-a313-75c16a5db588 399b61d5117d49238681228a8ac6de42 d8663a9db7e64993a8a5134f40f77e80 - - default default] 10.0.0.232 "POST /v2.0/security-group-rules HTTP/1.1" status: 201 len: 764 time: 0.2170846
2026-06-30 23:25:21.823 10 INFO neutron.wsgi [req-4e17faf6-6aee-43ac-8540-e8eee10c0067 req-c6af5044-b0ad-4a10-ad35-8aa5844ffeae 3ec17acdaa4641ecbb204251216e98d1 9a25299a61d34ca187234bc6e8327dac - - default default] 10.0.0.207 "GET /v2.0/security-groups?id=519359f6-d999-4ea2-8cf8-922d7104184a&fields=id&fields=name HTTP/1.1" status: 200 len: 312 time: 0.0505531
2026-06-30 23:25:21.835 9 INFO neutron.wsgi [None req-ef648394-29d2-416d-951f-b6da8978bb22 88ecde4fd05a4981a1a9fc843aa71532 51765683dd97432e9bdc9d0d0a42ba60 - - default default] 10.0.0.232 "POST /v2.0/security-group-rules HTTP/1.1" status: 201 len: 769 time: 0.3101835
2026-06-30 23:25:21.897 9 INFO neutron.wsgi [req-7ec5074a-c374-4a74-b10d-16eb0a69db7e req-5e35d2d7-898d-4906-b195-391a45f63087 e442bb02bcf745df8fb30747f635bd0f 5a4be4c0b1f043f98f208d1532cfa4a8 - - bfe4387a9ec9444c80b17b3c2d7420c5 bfe4387a9ec9444c80b17b3c2d7420c5] 199.204.45.57 "GET /v2.0/networks?id=b407cac1-ac03-4de4-9a96-73aa27c67b51 HTTP/1.1" status: 200 len: 967 time: 0.1146207
2026-06-30 23:25:21.935 9 INFO neutron.wsgi [None req-47af3fa2-d715-4e8f-a758-f6f9559b18be d3dc1c5db4e8424e92b7cac83dcba0a2 ac2f162e584e40a2b6f054806aff5e46 - - default default] 10.0.0.232 "DELETE /v2.0/routers/27d461e6-f7d3-4d29-baf2-eed252658371 HTTP/1.1" status: 204 len: 168 time: 0.9197948
2026-06-30 23:25:21.961 9 INFO neutron.wsgi [req-7ec5074a-c374-4a74-b10d-16eb0a69db7e req-5150c7cc-0e47-473c-9e12-576db8f87e72 e442bb02bcf745df8fb30747f635bd0f 5a4be4c0b1f043f98f208d1532cfa4a8 - - bfe4387a9ec9444c80b17b3c2d7420c5 bfe4387a9ec9444c80b17b3c2d7420c5] 199.204.45.57 "GET /v2.0/floatingips?fixed_ip_address=10.100.0.9&port_id=754b6735-c41b-4f79-afdc-44c438129adb HTTP/1.1" status: 200 len: 1059 time: 0.0566735
2026-06-30 23:25:22.021 9 INFO neutron.wsgi [req-7ec5074a-c374-4a74-b10d-16eb0a69db7e req-50b53fc6-a15c-40db-8819-1ee3298f7808 e442bb02bcf745df8fb30747f635bd0f 5a4be4c0b1f043f98f208d1532cfa4a8 - - bfe4387a9ec9444c80b17b3c2d7420c5 bfe4387a9ec9444c80b17b3c2d7420c5] 199.204.45.57 "GET /v2.0/subnets?id=dc8162b6-e48d-4688-85a1-82ea0db4e045 HTTP/1.1" status: 200 len: 862 time: 0.0492201
2026-06-30 23:25:22.059 9 INFO neutron.wsgi [req-7ec5074a-c374-4a74-b10d-16eb0a69db7e req-864cfdde-7032-46a4-a8b7-9cd25d6958c6 e442bb02bcf745df8fb30747f635bd0f 5a4be4c0b1f043f98f208d1532cfa4a8 - - bfe4387a9ec9444c80b17b3c2d7420c5 bfe4387a9ec9444c80b17b3c2d7420c5] 199.204.45.57 "GET /v2.0/ports?network_id=b407cac1-ac03-4de4-9a96-73aa27c67b51&device_owner=network%3Adhcp HTTP/1.1" status: 200 len: 210 time: 0.0311096
2026-06-30 23:25:22.084 9 INFO neutron.db.ovn_revision_numbers_db [None req-87879c86-1c34-4399-adea-df55f61a4f0e 399b61d5117d49238681228a8ac6de42 d8663a9db7e64993a8a5134f40f77e80 - - default default] Successfully bumped revision number for resource 09c09e2d-2636-4dda-a4c9-dd7b629738b9 (type: security_group_rules) to 0
2026-06-30 23:25:22.137 9 INFO neutron.wsgi [None req-87879c86-1c34-4399-adea-df55f61a4f0e 399b61d5117d49238681228a8ac6de42 d8663a9db7e64993a8a5134f40f77e80 - - default default] 10.0.0.232 "POST /v2.0/security-group-rules HTTP/1.1" status: 201 len: 769 time: 0.3290830
2026-06-30 23:25:22.162 9 INFO neutron.wsgi [req-7ec5074a-c374-4a74-b10d-16eb0a69db7e req-4f46b3b4-08bf-44d5-85ec-353037904888 e442bb02bcf745df8fb30747f635bd0f 5a4be4c0b1f043f98f208d1532cfa4a8 - - bfe4387a9ec9444c80b17b3c2d7420c5 bfe4387a9ec9444c80b17b3c2d7420c5] 199.204.45.57 "GET /v2.0/networks/b407cac1-ac03-4de4-9a96-73aa27c67b51?fields=segments HTTP/1.1" status: 200 len: 212 time: 0.0967207
2026-06-30 23:25:22.336 10 WARNING neutron.scheduler.dhcp_agent_scheduler [None req-c8d800d4-9c83-499a-be88-28f9dc92315a 88ecde4fd05a4981a1a9fc843aa71532 51765683dd97432e9bdc9d0d0a42ba60 - - default default] No more DHCP agents
2026-06-30 23:25:22.340 10 WARNING neutron.api.rpc.agentnotifiers.dhcp_rpc_agent_api [None req-c8d800d4-9c83-499a-be88-28f9dc92315a 88ecde4fd05a4981a1a9fc843aa71532 51765683dd97432e9bdc9d0d0a42ba60 - - default default] Unable to schedule network 5477c510-2044-47a4-958e-b3333fdf7d27: no agents available; will retry on subsequent port and subnet creation events.
2026-06-30 23:25:22.374 9 INFO neutron.wsgi [req-ac49efa9-925b-458d-a607-daac01e0d17e req-fafbd7eb-b060-4941-8b0a-7360e22888f1 3ec17acdaa4641ecbb204251216e98d1 9a25299a61d34ca187234bc6e8327dac - - default default] 10.0.0.207 "GET /v2.0/ports?device_id=b416a877-b0a8-471b-9d2a-5eb770b115db HTTP/1.1" status: 200 len: 1170 time: 0.0451150
2026-06-30 23:25:22.447 9 INFO neutron.wsgi [None req-7cc5e36d-4a02-477c-9697-a8cba65d9c82 d3dc1c5db4e8424e92b7cac83dcba0a2 ac2f162e584e40a2b6f054806aff5e46 - - default default] 10.0.0.232 "DELETE /v2.0/subnets/7cd4eb82-2b8e-44cc-8995-0a8a6dce0651 HTTP/1.1" status: 204 len: 168 time: 0.5056520
2026-06-30 23:25:22.456 9 INFO neutron.wsgi [req-ac49efa9-925b-458d-a607-daac01e0d17e req-31eb4845-40a7-4b95-b840-6f9480bb7a3e 3ec17acdaa4641ecbb204251216e98d1 9a25299a61d34ca187234bc6e8327dac - - default default] 10.0.0.207 "GET /v2.0/security-groups?id=519359f6-d999-4ea2-8cf8-922d7104184a&fields=id&fields=name HTTP/1.1" status: 200 len: 312 time: 0.0619748
2026-06-30 23:25:22.461 9 INFO neutron.wsgi [req-7ec5074a-c374-4a74-b10d-16eb0a69db7e req-89095101-aa4c-4062-b74b-04a21da89e91 e442bb02bcf745df8fb30747f635bd0f 5a4be4c0b1f043f98f208d1532cfa4a8 - - bfe4387a9ec9444c80b17b3c2d7420c5 bfe4387a9ec9444c80b17b3c2d7420c5] 199.204.45.57 "GET /v2.0/networks/b407cac1-ac03-4de4-9a96-73aa27c67b51?fields=provider%3Aphysical_network&fields=provider%3Anetwork_type HTTP/1.1" status: 200 len: 277 time: 0.2947118
2026-06-30 23:25:22.583 9 INFO neutron.wsgi [req-7e180b84-4022-4b79-b45a-98d668ab69f8 req-3bf0bd9e-a1b9-41b8-9d8a-a2ebde5960c1 3ec17acdaa4641ecbb204251216e98d1 9a25299a61d34ca187234bc6e8327dac - - default default] 199.204.45.57 "GET /v2.0/ports?device_id=b416a877-b0a8-471b-9d2a-5eb770b115db HTTP/1.1" status: 200 len: 1170 time: 0.0440121
2026-06-30 23:25:22.662 10 INFO neutron.db.ovn_revision_numbers_db [None req-c8d800d4-9c83-499a-be88-28f9dc92315a 88ecde4fd05a4981a1a9fc843aa71532 51765683dd97432e9bdc9d0d0a42ba60 - - default default] Successfully bumped revision number for resource 5f9f1fc8-a1fe-4327-857c-cb30522758ec (type: floatingips) to 0
2026-06-30 23:25:22.684 10 INFO neutron.wsgi [None req-c8d800d4-9c83-499a-be88-28f9dc92315a 88ecde4fd05a4981a1a9fc843aa71532 51765683dd97432e9bdc9d0d0a42ba60 - - default default] 10.0.0.232 "POST /v2.0/floatingips HTTP/1.1" status: 201 len: 751 time: 0.8431032
2026-06-30 23:25:22.711 9 WARNING neutron.scheduler.dhcp_agent_scheduler [None req-3c813337-9b10-411b-9a95-7cad134dd697 399b61d5117d49238681228a8ac6de42 d8663a9db7e64993a8a5134f40f77e80 - - default default] No more DHCP agents
2026-06-30 23:25:22.715 9 WARNING neutron.api.rpc.agentnotifiers.dhcp_rpc_agent_api [None req-3c813337-9b10-411b-9a95-7cad134dd697 399b61d5117d49238681228a8ac6de42 d8663a9db7e64993a8a5134f40f77e80 - - default default] Unable to schedule network 5477c510-2044-47a4-958e-b3333fdf7d27: no agents available; will retry on subsequent port and subnet creation events.
2026-06-30 23:25:22.971 10 INFO neutron.wsgi [None req-d8f408e4-f6ac-42c5-bcb2-a4776495d238 d3dc1c5db4e8424e92b7cac83dcba0a2 ac2f162e584e40a2b6f054806aff5e46 - - default default] 10.0.0.232 "DELETE /v2.0/networks/b46e5a1a-f22b-4805-a982-21533c3746b3 HTTP/1.1" status: 204 len: 168 time: 0.5177712
2026-06-30 23:25:23.041 9 INFO neutron.db.l3_db [req-7e180b84-4022-4b79-b45a-98d668ab69f8 req-ca2f2229-f4a5-451e-a058-c62b8a79376b 3ec17acdaa4641ecbb204251216e98d1 9a25299a61d34ca187234bc6e8327dac - - default default] Floating IP 453a05c7-6f6d-4a3f-a4b8-5737adfd5906 disassociated. External IP: 10.96.250.211, port: 754b6735-c41b-4f79-afdc-44c438129adb.
2026-06-30 23:25:23.178 10 INFO neutron.wsgi [None req-2f0ef3ba-2c03-40fb-b29f-730adee0f31f d3dc1c5db4e8424e92b7cac83dcba0a2 ac2f162e584e40a2b6f054806aff5e46 - - default default] 10.0.0.232 "GET /v2.0/security-groups?tenant_id=1db4452cd2b34facb423e1d8dbfcc79d&name=default HTTP/1.1" status: 200 len: 2992 time: 0.0390215
2026-06-30 23:25:23.223 9 INFO neutron.db.ovn_revision_numbers_db [None req-3c813337-9b10-411b-9a95-7cad134dd697 399b61d5117d49238681228a8ac6de42 d8663a9db7e64993a8a5134f40f77e80 - - default default] Successfully bumped revision number for resource 4ff4c03e-12a5-41d7-8d98-a6c42191c380 (type: floatingips) to 0
2026-06-30 23:25:23.242 9 INFO neutron.wsgi [None req-3c813337-9b10-411b-9a95-7cad134dd697 399b61d5117d49238681228a8ac6de42 d8663a9db7e64993a8a5134f40f77e80 - - default default] 10.0.0.232 "POST /v2.0/floatingips HTTP/1.1" status: 201 len: 751 time: 1.0944128
2026-06-30 23:25:23.311 9 INFO neutron.wsgi [req-7e180b84-4022-4b79-b45a-98d668ab69f8 req-ca2f2229-f4a5-451e-a058-c62b8a79376b 3ec17acdaa4641ecbb204251216e98d1 9a25299a61d34ca187234bc6e8327dac - - default default] 199.204.45.57 "DELETE /v2.0/ports/754b6735-c41b-4f79-afdc-44c438129adb HTTP/1.1" status: 204 len: 173 time: 0.7244523
2026-06-30 23:25:23.454 10 INFO neutron.services.segments.plugin [-] Segment 0bccc296-3b38-43f5-846f-52d81ed4ee26 resource provider aggregate not found
2026-06-30 23:25:23.472 10 INFO neutron.services.segments.plugin [-] Segment 0bccc296-3b38-43f5-846f-52d81ed4ee26 resource provider aggregate not found
2026-06-30 23:25:23.481 10 INFO neutron.services.segments.plugin [-] Segment 0bccc296-3b38-43f5-846f-52d81ed4ee26 resource provider not found; error: Placement Client Error (4xx): {"errors": [{"status": 404, "title": "Not Found", "detail": "The resource could not be found.\n\n No resource provider with uuid 0bccc296-3b38-43f5-846f-52d81ed4ee26 found for delete ", "request_id": "req-597f9a2f-939d-402e-b53c-c0dd9695bfd5"}]}
2026-06-30 23:25:23.492 10 INFO neutron.services.segments.plugin [-] Segment 0bccc296-3b38-43f5-846f-52d81ed4ee26 resource provider not found; error: Placement Client Error (4xx): {"errors": [{"status": 404, "title": "Not Found", "detail": "The resource could not be found.\n\n No resource provider with uuid 0bccc296-3b38-43f5-846f-52d81ed4ee26 found for delete ", "request_id": "req-9deb867a-7df5-4879-b36f-745d2512ea8e"}]}
2026-06-30 23:25:23.507 10 INFO neutron.wsgi [None req-65479286-9081-47f2-93d7-a74e6457f63f d3dc1c5db4e8424e92b7cac83dcba0a2 ac2f162e584e40a2b6f054806aff5e46 - - default default] 10.0.0.232 "DELETE /v2.0/security-groups/a693037f-29ca-499f-a09b-e0334eff4809 HTTP/1.1" status: 204 len: 168 time: 0.3236911
2026-06-30 23:25:23.580 10 INFO neutron.wsgi [req-530f8853-347a-42c4-ad95-73d3bc4648a9 req-9d387418-8d6b-4141-a788-63202d0110e4 3ec17acdaa4641ecbb204251216e98d1 9a25299a61d34ca187234bc6e8327dac - - default default] 10.0.0.207 "GET /v2.0/ports?device_id=b416a877-b0a8-471b-9d2a-5eb770b115db HTTP/1.1" status: 200 len: 210 time: 0.0235848 /var/lib/openstack/lib/python3.10/site-packages/pycadf/identifier.py:71: UserWarning: Invalid uuid: neutron. To ensure interoperability, identifiers should be a valid uuid. warnings.warn(('Invalid uuid: %s. To ensure interoperability, '
2026-06-30 23:25:23.736 9 INFO neutron.notifiers.nova [-] Nova event matching ['req-a0423d21-8167-4cb4-9dda-4400f52d42e2'] response: {'server_uuid': 'b416a877-b0a8-471b-9d2a-5eb770b115db', 'name': 'network-vif-deleted', 'tag': '754b6735-c41b-4f79-afdc-44c438129adb', 'status': 'completed', 'code': 200}
2026-06-30 23:25:23.767 9 INFO neutron.wsgi [req-498c565b-629c-4073-8e56-9bc59a565afc req-846e1e69-3ecf-4321-89a8-48f1c277991c 399b61d5117d49238681228a8ac6de42 d8663a9db7e64993a8a5134f40f77e80 - - default default] 10.0.0.207 "GET /v2.0/security-groups?name=tempest-securitygroup--590831921&fields=id&tenant_id=d8663a9db7e64993a8a5134f40f77e80 HTTP/1.1" status: 200 len: 267 time: 0.0521724
