2026-06-30 22:51:55.965 9 INFO neutron.wsgi [-] 10.0.0.96 "GET / HTTP/1.1" status: 200 len: 247 time: 0.0028491
2026-06-30 22:52:10.964 10 INFO neutron.wsgi [-] 10.0.0.96 "GET / HTTP/1.1" status: 200 len: 247 time: 0.0026393
2026-06-30 22:52:25.963 10 INFO neutron.wsgi [-] 10.0.0.96 "GET / HTTP/1.1" status: 200 len: 247 time: 0.0017674
2026-06-30 22:52:40.964 9 INFO neutron.wsgi [-] 10.0.0.96 "GET / HTTP/1.1" status: 200 len: 247 time: 0.0025866
2026-06-30 22:52:40.966 10 INFO neutron.wsgi [-] 10.0.0.96 "GET / HTTP/1.1" status: 200 len: 247 time: 0.0039577
2026-06-30 22:52:55.966 9 INFO neutron.wsgi [-] 10.0.0.96 "GET / HTTP/1.1" status: 200 len: 247 time: 0.0029519
2026-06-30 22:52:55.970 9 INFO neutron.wsgi [-] 10.0.0.96 "GET / HTTP/1.1" status: 200 len: 247 time: 0.0028048
2026-06-30 22:53:10.964 10 INFO neutron.wsgi [-] 10.0.0.96 "GET / HTTP/1.1" status: 200 len: 247 time: 0.0026696
2026-06-30 22:53:10.967 10 INFO neutron.wsgi [-] 10.0.0.96 "GET / HTTP/1.1" status: 200 len: 247 time: 0.0017262
2026-06-30 22:53:25.965 9 INFO neutron.wsgi [-] 10.0.0.96 "GET / HTTP/1.1" status: 200 len: 247 time: 0.0015361
2026-06-30 22:53:25.967 9 INFO neutron.wsgi [-] 10.0.0.96 "GET / HTTP/1.1" status: 200 len: 247 time: 0.0011168
2026-06-30 22:53:40.964 10 INFO neutron.wsgi [-] 10.0.0.96 "GET / HTTP/1.1" status: 200 len: 247 time: 0.0024877
2026-06-30 22:53:40.964 9 INFO neutron.wsgi [-] 10.0.0.96 "GET / HTTP/1.1" status: 200 len: 247 time: 0.0024774
2026-06-30 22:53:55.964 9 INFO neutron.wsgi [-] 10.0.0.96 "GET / HTTP/1.1" status: 200 len: 247 time: 0.0023375
2026-06-30 22:53:55.964 10 INFO neutron.wsgi [-] 10.0.0.96 "GET / HTTP/1.1" status: 200 len: 247 time: 0.0025225
2026-06-30 22:54:10.965 10 INFO neutron.wsgi [-] 10.0.0.96 "GET / HTTP/1.1" status: 200 len: 247 time: 0.0029204
2026-06-30 22:54:10.965 9 INFO neutron.wsgi [-] 10.0.0.96 "GET / HTTP/1.1" status: 200 len: 247 time: 0.0028622
2026-06-30 22:54:25.968 9 INFO neutron.wsgi [-] 10.0.0.96 "GET / HTTP/1.1" status: 200 len: 247 time: 0.0022252
2026-06-30 22:54:25.970 9 INFO neutron.wsgi [-] 10.0.0.96 "GET / HTTP/1.1" status: 200 len: 247 time: 0.0013030
2026-06-30 22:54:40.963 10 INFO neutron.wsgi [-] 10.0.0.96 "GET / HTTP/1.1" status: 200 len: 247 time: 0.0017459
2026-06-30 22:54:40.964 9 INFO neutron.wsgi [-] 10.0.0.96 "GET / HTTP/1.1" status: 200 len: 247 time: 0.0026772
2026-06-30 22:54:55.965 10 INFO neutron.wsgi [-] 10.0.0.96 "GET / HTTP/1.1" status: 200 len: 247 time: 0.0024953
2026-06-30 22:54:55.966 9 INFO neutron.wsgi [-] 10.0.0.96 "GET / HTTP/1.1" status: 200 len: 247 time: 0.0035396
2026-06-30 22:55:10.965 9 INFO neutron.wsgi [-] 10.0.0.96 "GET / HTTP/1.1" status: 200 len: 247 time: 0.0026400
2026-06-30 22:55:10.967 9 INFO neutron.wsgi [-] 10.0.0.96 "GET / HTTP/1.1" status: 200 len: 247 time: 0.0012932
2026-06-30 22:55:25.966 10 INFO neutron.wsgi [-] 10.0.0.96 "GET / HTTP/1.1" status: 200 len: 247 time: 0.0032222
2026-06-30 22:55:25.969 10 INFO neutron.wsgi [-] 10.0.0.96 "GET / HTTP/1.1" status: 200 len: 247 time: 0.0016825
2026-06-30 22:55:40.965 9 INFO neutron.wsgi [-] 10.0.0.96 "GET / HTTP/1.1" status: 200 len: 247 time: 0.0024903
2026-06-30 22:55:40.966 10 INFO neutron.wsgi [-] 10.0.0.96 "GET / HTTP/1.1" status: 200 len: 247 time: 0.0030422
2026-06-30 22:55:55.964 9 INFO neutron.wsgi [-] 10.0.0.96 "GET / HTTP/1.1" status: 200 len: 247 time: 0.0022619
2026-06-30 22:55:55.966 10 INFO neutron.wsgi [-] 10.0.0.96 "GET / HTTP/1.1" status: 200 len: 247 time: 0.0034685
2026-06-30 22:56:10.965 9 INFO neutron.wsgi [-] 10.0.0.96 "GET / HTTP/1.1" status: 200 len: 247 time: 0.0024498
2026-06-30 22:56:10.980 10 INFO neutron.wsgi [-] 10.0.0.96 "GET / HTTP/1.1" status: 200 len: 247 time: 0.0037630
2026-06-30 22:56:25.965 9 INFO neutron.wsgi [-] 10.0.0.96 "GET / HTTP/1.1" status: 200 len: 247 time: 0.0029843
2026-06-30 22:56:25.967 10 INFO neutron.wsgi [-] 10.0.0.96 "GET / HTTP/1.1" status: 200 len: 247 time: 0.0041714
2026-06-30 22:56:38.641 15 INFO neutron.db.ovn_revision_numbers_db [None req-79107d03-33c5-4fa1-b8f7-beafcbce90e7 - - - - - -] Successfully bumped revision number for resource 5477c510-2044-47a4-958e-b3333fdf7d27 (type: networks) to 2
2026-06-30 22:56:38.641 15 INFO neutron.plugins.ml2.drivers.ovn.mech_driver.ovsdb.maintenance [None req-79107d03-33c5-4fa1-b8f7-beafcbce90e7 - - - - - -] Maintenance task: Synchronization finished (took 0.17 seconds)
2026-06-30 22:56:40.965 9 INFO neutron.wsgi [-] 10.0.0.96 "GET / HTTP/1.1" status: 200 len: 247 time: 0.0023916
2026-06-30 22:56:40.969 9 INFO neutron.wsgi [-] 10.0.0.96 "GET / HTTP/1.1" status: 200 len: 247 time: 0.0023012
2026-06-30 22:56:55.965 10 INFO neutron.wsgi [-] 10.0.0.96 "GET / HTTP/1.1" status: 200 len: 247 time: 0.0026205
2026-06-30 22:56:55.968 10 INFO neutron.wsgi [-] 10.0.0.96 "GET / HTTP/1.1" status: 200 len: 247 time: 0.0018182
2026-06-30 22:57:10.964 9 INFO neutron.wsgi [-] 10.0.0.96 "GET / HTTP/1.1" status: 200 len: 247 time: 0.0020034
2026-06-30 22:57:10.964 10 INFO neutron.wsgi [-] 10.0.0.96 "GET / HTTP/1.1" status: 200 len: 247 time: 0.0025282
2026-06-30 22:57:25.964 9 INFO neutron.wsgi [-] 10.0.0.96 "GET / HTTP/1.1" status: 200 len: 247 time: 0.0024714
2026-06-30 22:57:25.964 10 INFO neutron.wsgi [-] 10.0.0.96 "GET / HTTP/1.1" status: 200 len: 247 time: 0.0023816
2026-06-30 22:57:40.964 10 INFO neutron.wsgi [-] 10.0.0.96 "GET / HTTP/1.1" status: 200 len: 247 time: 0.0023093
2026-06-30 22:57:40.964 9 INFO neutron.wsgi [-] 10.0.0.96 "GET / HTTP/1.1" status: 200 len: 247 time: 0.0021267
2026-06-30 22:57:55.966 10 INFO neutron.wsgi [-] 10.0.0.96 "GET / HTTP/1.1" status: 200 len: 247 time: 0.0027461
2026-06-30 22:57:55.966 9 INFO neutron.wsgi [-] 10.0.0.96 "GET / HTTP/1.1" status: 200 len: 247 time: 0.0035088
2026-06-30 22:58:10.964 10 INFO neutron.wsgi [-] 10.0.0.96 "GET / HTTP/1.1" status: 200 len: 247 time: 0.0024023
2026-06-30 22:58:10.964 9 INFO neutron.wsgi [-] 10.0.0.96 "GET / HTTP/1.1" status: 200 len: 247 time: 0.0024107
2026-06-30 22:58:18.763 10 INFO neutron.wsgi [None req-6d03ff93-622c-46b9-a252-668a0445b1f7 d3dc1c5db4e8424e92b7cac83dcba0a2 ac2f162e584e40a2b6f054806aff5e46 - - default default] 199.204.45.57,10.0.0.96 "GET /v2.0/networks HTTP/1.1" status: 200 len: 928 time: 0.1757019
2026-06-30 22:58:18.847 10 INFO neutron.db.segments_db [None req-916da471-07dc-4679-af1b-fd9ff4a39313 d3dc1c5db4e8424e92b7cac83dcba0a2 ac2f162e584e40a2b6f054806aff5e46 - - default default] Added segment c788a721-d5c5-420b-b292-eb3d614a96b0 of type geneve for network 501e38f8-fd8e-42f6-ae00-af017fbe37c8
2026-06-30 22:58:18.988 10 INFO neutron.db.ovn_revision_numbers_db [None req-916da471-07dc-4679-af1b-fd9ff4a39313 d3dc1c5db4e8424e92b7cac83dcba0a2 ac2f162e584e40a2b6f054806aff5e46 - - default default] Successfully bumped revision number for resource 501e38f8-fd8e-42f6-ae00-af017fbe37c8 (type: networks) to 1
2026-06-30 22:58:19.153 10 WARNING neutron.scheduler.dhcp_agent_scheduler [None req-916da471-07dc-4679-af1b-fd9ff4a39313 d3dc1c5db4e8424e92b7cac83dcba0a2 ac2f162e584e40a2b6f054806aff5e46 - - default default] No more DHCP agents
2026-06-30 22:58:19.155 10 WARNING neutron.api.rpc.agentnotifiers.dhcp_rpc_agent_api [None req-916da471-07dc-4679-af1b-fd9ff4a39313 d3dc1c5db4e8424e92b7cac83dcba0a2 ac2f162e584e40a2b6f054806aff5e46 - - default default] Unable to schedule network 501e38f8-fd8e-42f6-ae00-af017fbe37c8: no agents available; will retry on subsequent port and subnet creation events.
2026-06-30 22:58:19.243 10 INFO neutron.db.ovn_revision_numbers_db [None req-916da471-07dc-4679-af1b-fd9ff4a39313 d3dc1c5db4e8424e92b7cac83dcba0a2 ac2f162e584e40a2b6f054806aff5e46 - - default default] Successfully bumped revision number for resource 0d3133a5-af54-4777-bc69-c87cf1c9d724 (type: ports) to 1
2026-06-30 22:58:19.259 10 INFO neutron.wsgi [None req-916da471-07dc-4679-af1b-fd9ff4a39313 d3dc1c5db4e8424e92b7cac83dcba0a2 ac2f162e584e40a2b6f054806aff5e46 - - default default] 199.204.45.57,10.0.0.96 "POST /v2.0/networks HTTP/1.1" status: 201 len: 890 time: 0.4910102
2026-06-30 22:58:20.153 10 INFO neutron.wsgi [None req-31425595-3ccf-4861-bc99-09ed46aa9f2d d3dc1c5db4e8424e92b7cac83dcba0a2 ac2f162e584e40a2b6f054806aff5e46 - - default default] 199.204.45.57,10.0.0.96 "GET /v2.0/subnets HTTP/1.1" status: 200 len: 819 time: 0.0767026
2026-06-30 22:58:20.218 10 INFO neutron.wsgi [None req-ae99b8c5-8577-44ea-8f82-032837734c24 d3dc1c5db4e8424e92b7cac83dcba0a2 ac2f162e584e40a2b6f054806aff5e46 - - default default] 199.204.45.57,10.0.0.96 "GET /v2.0/networks HTTP/1.1" status: 200 len: 1615 time: 0.0597453
2026-06-30 22:58:20.404 10 WARNING neutron.scheduler.dhcp_agent_scheduler [None req-dbc36309-4a2b-468d-aa50-a24ac66ec73c d3dc1c5db4e8424e92b7cac83dcba0a2 ac2f162e584e40a2b6f054806aff5e46 - - default default] No more DHCP agents
2026-06-30 22:58:20.406 10 WARNING neutron.api.rpc.agentnotifiers.dhcp_rpc_agent_api [None req-dbc36309-4a2b-468d-aa50-a24ac66ec73c d3dc1c5db4e8424e92b7cac83dcba0a2 ac2f162e584e40a2b6f054806aff5e46 - - default default] Unable to schedule network 501e38f8-fd8e-42f6-ae00-af017fbe37c8: no agents available; will retry on subsequent port and subnet creation events.
2026-06-30 22:58:20.927 10 INFO neutron.db.ovn_revision_numbers_db [None req-dbc36309-4a2b-468d-aa50-a24ac66ec73c d3dc1c5db4e8424e92b7cac83dcba0a2 ac2f162e584e40a2b6f054806aff5e46 - - default default] Successfully bumped revision number for resource 0d3133a5-af54-4777-bc69-c87cf1c9d724 (type: ports) to 2
2026-06-30 22:58:20.978 10 INFO neutron.db.ovn_revision_numbers_db [None req-dbc36309-4a2b-468d-aa50-a24ac66ec73c d3dc1c5db4e8424e92b7cac83dcba0a2 ac2f162e584e40a2b6f054806aff5e46 - - default default] Successfully bumped revision number for resource a2809159-6931-4e35-abf4-0526d7d56bef (type: subnets) to 0
2026-06-30 22:58:20.992 10 INFO neutron.wsgi [None req-dbc36309-4a2b-468d-aa50-a24ac66ec73c d3dc1c5db4e8424e92b7cac83dcba0a2 ac2f162e584e40a2b6f054806aff5e46 - - default default] 199.204.45.57,10.0.0.96 "POST /v2.0/subnets HTTP/1.1" status: 201 len: 807 time: 0.7703984
2026-06-30 22:58:22.028 9 INFO neutron.wsgi [None req-bb8e27da-f39c-4462-92e2-10338d939f89 d3dc1c5db4e8424e92b7cac83dcba0a2 ac2f162e584e40a2b6f054806aff5e46 - - default default] 199.204.45.57,10.0.0.96 "GET /v2.0/security-groups?tenant_id=ac2f162e584e40a2b6f054806aff5e46 HTTP/1.1" status: 200 len: 2969 time: 0.0865107
2026-06-30 22:58:22.162 9 INFO neutron.db.ovn_revision_numbers_db [None req-55562fb7-bd87-4eb0-90bf-17b268618a3e d3dc1c5db4e8424e92b7cac83dcba0a2 ac2f162e584e40a2b6f054806aff5e46 - - default default] Successfully bumped revision number for resource 2c1a4e48-4586-4369-9c0f-bf4af51df14f (type: security_groups) to 1
2026-06-30 22:58:22.177 9 INFO neutron.db.ovn_revision_numbers_db [None req-55562fb7-bd87-4eb0-90bf-17b268618a3e d3dc1c5db4e8424e92b7cac83dcba0a2 ac2f162e584e40a2b6f054806aff5e46 - - default default] Successfully bumped revision number for resource 2154ac00-ce09-4f12-a2bc-cd9f44aeb200 (type: security_group_rules) to 0
2026-06-30 22:58:22.194 9 INFO neutron.db.ovn_revision_numbers_db [None req-55562fb7-bd87-4eb0-90bf-17b268618a3e d3dc1c5db4e8424e92b7cac83dcba0a2 ac2f162e584e40a2b6f054806aff5e46 - - default default] Successfully bumped revision number for resource b7febf69-8550-4fca-a3e1-73aca3d9394d (type: security_group_rules) to 0
2026-06-30 22:58:22.216 9 INFO neutron.wsgi [None req-55562fb7-bd87-4eb0-90bf-17b268618a3e d3dc1c5db4e8424e92b7cac83dcba0a2 ac2f162e584e40a2b6f054806aff5e46 - - default default] 199.204.45.57,10.0.0.96 "POST /v2.0/security-groups HTTP/1.1" status: 201 len: 1733 time: 0.1805301
2026-06-30 22:58:23.226 10 INFO neutron.wsgi [None req-758ef590-36a8-4445-b09a-d7cd12af1194 d3dc1c5db4e8424e92b7cac83dcba0a2 ac2f162e584e40a2b6f054806aff5e46 - - default default] 199.204.45.57,10.0.0.96 "GET /v2.0/security-groups?tenant_id=ac2f162e584e40a2b6f054806aff5e46 HTTP/1.1" status: 200 len: 4503 time: 0.0739801
2026-06-30 22:58:23.264 10 INFO neutron.wsgi [None req-4a2cfb6d-d48e-4f6a-bd3b-ae7ca5bf23a3 d3dc1c5db4e8424e92b7cac83dcba0a2 ac2f162e584e40a2b6f054806aff5e46 - - default default] 199.204.45.57,10.0.0.96 "GET /v2.0/security-groups HTTP/1.1" status: 200 len: 4503 time: 0.0332408
2026-06-30 22:58:23.381 10 INFO neutron.db.ovn_revision_numbers_db [None req-5ca45f4e-ed15-4802-8c20-90833e990fa7 d3dc1c5db4e8424e92b7cac83dcba0a2 ac2f162e584e40a2b6f054806aff5e46 - - default default] Successfully bumped revision number for resource 3ad2761e-4e1d-41ce-85ec-2d0714823251 (type: security_group_rules) to 0
2026-06-30 22:58:23.405 10 INFO neutron.wsgi [None req-5ca45f4e-ed15-4802-8c20-90833e990fa7 d3dc1c5db4e8424e92b7cac83dcba0a2 ac2f162e584e40a2b6f054806aff5e46 - - default default] 199.204.45.57,10.0.0.96 "POST /v2.0/security-group-rules HTTP/1.1" status: 201 len: 749 time: 0.1368785
2026-06-30 22:58:24.237 10 INFO neutron.wsgi [None req-ea32e706-b821-4a63-aca2-73a4c0881c2e d3dc1c5db4e8424e92b7cac83dcba0a2 ac2f162e584e40a2b6f054806aff5e46 - - default default] 199.204.45.57,10.0.0.96 "GET /v2.0/security-groups?tenant_id=ac2f162e584e40a2b6f054806aff5e46 HTTP/1.1" status: 200 len: 5085 time: 0.0900795
2026-06-30 22:58:24.287 10 INFO neutron.wsgi [None req-0bc97df2-e078-4f44-b5ce-89f257470303 d3dc1c5db4e8424e92b7cac83dcba0a2 ac2f162e584e40a2b6f054806aff5e46 - - default default] 199.204.45.57,10.0.0.96 "GET /v2.0/security-groups HTTP/1.1" status: 200 len: 5085 time: 0.0400929
2026-06-30 22:58:24.414 10 INFO neutron.db.ovn_revision_numbers_db [None req-5327e971-7c2e-4929-9eab-6656ec70d3a4 d3dc1c5db4e8424e92b7cac83dcba0a2 ac2f162e584e40a2b6f054806aff5e46 - - default default] Successfully bumped revision number for resource d65625ab-7974-434e-a10c-b1c3820b428f (type: security_group_rules) to 0
2026-06-30 22:58:24.437 10 INFO neutron.wsgi [None req-5327e971-7c2e-4929-9eab-6656ec70d3a4 d3dc1c5db4e8424e92b7cac83dcba0a2 ac2f162e584e40a2b6f054806aff5e46 - - default default] 199.204.45.57,10.0.0.96 "POST /v2.0/security-group-rules HTTP/1.1" status: 201 len: 751 time: 0.1399474
2026-06-30 22:58:25.243 9 INFO neutron.wsgi [None req-1b866507-d222-477b-8278-c42659f3c968 d3dc1c5db4e8424e92b7cac83dcba0a2 ac2f162e584e40a2b6f054806aff5e46 - - default default] 199.204.45.57,10.0.0.96 "GET /v2.0/security-groups?tenant_id=ac2f162e584e40a2b6f054806aff5e46 HTTP/1.1" status: 200 len: 5669 time: 0.0836439
2026-06-30 22:58:25.286 9 INFO neutron.wsgi [None req-e28a753e-8c4d-4d25-95a4-9c6cc2be89ca d3dc1c5db4e8424e92b7cac83dcba0a2 ac2f162e584e40a2b6f054806aff5e46 - - default default] 199.204.45.57,10.0.0.96 "GET /v2.0/security-groups HTTP/1.1" status: 200 len: 5669 time: 0.0345461
2026-06-30 22:58:25.435 9 INFO neutron.db.ovn_revision_numbers_db [None req-ac39e888-32e1-4414-b5db-3e3afdef6813 d3dc1c5db4e8424e92b7cac83dcba0a2 ac2f162e584e40a2b6f054806aff5e46 - - default default] Successfully bumped revision number for resource 0974ab22-e4a5-408a-9dc4-a76be105cc41 (type: security_group_rules) to 0
2026-06-30 22:58:25.458 9 INFO neutron.wsgi [None req-ac39e888-32e1-4414-b5db-3e3afdef6813 d3dc1c5db4e8424e92b7cac83dcba0a2 ac2f162e584e40a2b6f054806aff5e46 - - default default] 199.204.45.57,10.0.0.96 "POST /v2.0/security-group-rules HTTP/1.1" status: 201 len: 751 time: 0.1647382
2026-06-30 22:58:25.963 9 INFO neutron.wsgi [-] 10.0.0.96 "GET / HTTP/1.1" status: 200 len: 247 time: 0.0012846
2026-06-30 22:58:25.965 10 INFO neutron.wsgi [-] 10.0.0.96 "GET / HTTP/1.1" status: 200 len: 247 time: 0.0024440
2026-06-30 22:58:26.260 10 INFO neutron.wsgi [None req-6aa437f2-8654-432a-8ef4-142e377bce72 d3dc1c5db4e8424e92b7cac83dcba0a2 ac2f162e584e40a2b6f054806aff5e46 - - default default] 199.204.45.57,10.0.0.96 "GET /v2.0/security-groups?tenant_id=ac2f162e584e40a2b6f054806aff5e46 HTTP/1.1" status: 200 len: 6253 time: 0.0687854
2026-06-30 22:58:26.306 10 INFO neutron.wsgi [None req-cc5c8d75-ccd8-48e9-a093-2e6b57d54bcf d3dc1c5db4e8424e92b7cac83dcba0a2 ac2f162e584e40a2b6f054806aff5e46 - - default default] 199.204.45.57,10.0.0.96 "GET /v2.0/security-groups HTTP/1.1" status: 200 len: 6253 time: 0.0368280
2026-06-30 22:58:26.432 10 INFO neutron.db.ovn_revision_numbers_db [None req-7422fd2f-6cbb-4a08-be22-38f6dde8e732 d3dc1c5db4e8424e92b7cac83dcba0a2 ac2f162e584e40a2b6f054806aff5e46 - - default default] Successfully bumped revision number for resource 97b8eeb3-e377-4ace-adac-fb496f845b52 (type: security_group_rules) to 0
2026-06-30 22:58:26.454 10 INFO neutron.wsgi [None req-7422fd2f-6cbb-4a08-be22-38f6dde8e732 d3dc1c5db4e8424e92b7cac83dcba0a2 ac2f162e584e40a2b6f054806aff5e46 - - default default] 199.204.45.57,10.0.0.96 "POST /v2.0/security-group-rules HTTP/1.1" status: 201 len: 751 time: 0.1386139
2026-06-30 22:58:27.289 10 INFO neutron.wsgi [None req-a2580a25-6676-49d2-98c6-bdf9776bd8e1 d3dc1c5db4e8424e92b7cac83dcba0a2 ac2f162e584e40a2b6f054806aff5e46 - - default default] 199.204.45.57,10.0.0.96 "GET /v2.0/security-groups?tenant_id=ac2f162e584e40a2b6f054806aff5e46 HTTP/1.1" status: 200 len: 6837 time: 0.0681639
2026-06-30 22:58:27.329 10 INFO neutron.wsgi [None req-9993ab06-e901-48f3-b521-4a0047bc54a2 d3dc1c5db4e8424e92b7cac83dcba0a2 ac2f162e584e40a2b6f054806aff5e46 - - default default] 199.204.45.57,10.0.0.96 "GET /v2.0/security-groups HTTP/1.1" status: 200 len: 6837 time: 0.0311525
2026-06-30 22:58:27.451 10 INFO neutron.db.ovn_revision_numbers_db [None req-23c31282-72a2-47e1-85d1-8303baef9c27 d3dc1c5db4e8424e92b7cac83dcba0a2 ac2f162e584e40a2b6f054806aff5e46 - - default default] Successfully bumped revision number for resource cd312924-a403-482a-b7ef-2e00af78e5ea (type: security_group_rules) to 0
2026-06-30 22:58:27.471 10 INFO neutron.wsgi [None req-23c31282-72a2-47e1-85d1-8303baef9c27 d3dc1c5db4e8424e92b7cac83dcba0a2 ac2f162e584e40a2b6f054806aff5e46 - - default default] 199.204.45.57,10.0.0.96 "POST /v2.0/security-group-rules HTTP/1.1" status: 201 len: 751 time: 0.1333132
2026-06-30 22:58:28.638 10 INFO neutron.wsgi [None req-260cce66-da3d-40a2-9d1d-91996d81a654 d3dc1c5db4e8424e92b7cac83dcba0a2 ac2f162e584e40a2b6f054806aff5e46 - - default default] 199.204.45.57,10.0.0.96 "GET /v2.0/security-groups HTTP/1.1" status: 200 len: 7421 time: 0.1083150
2026-06-30 22:58:28.691 10 INFO neutron.wsgi [None req-35065045-417d-44a3-a3f0-1a84517d2b51 d3dc1c5db4e8424e92b7cac83dcba0a2 ac2f162e584e40a2b6f054806aff5e46 - - default default] 199.204.45.57,10.0.0.96 "GET /v2.0/ports HTTP/1.1" status: 200 len: 2301 time: 0.0442855
2026-06-30 22:58:28.752 10 INFO neutron.wsgi [None req-34b26d75-2f6d-4166-a9cb-cc054c1fa593 d3dc1c5db4e8424e92b7cac83dcba0a2 ac2f162e584e40a2b6f054806aff5e46 - - default default] 199.204.45.57,10.0.0.96 "GET /v2.0/networks HTTP/1.1" status: 200 len: 1653 time: 0.0538685
2026-06-30 22:58:29.022 10 WARNING neutron.scheduler.dhcp_agent_scheduler [None req-0575f378-a345-4e29-977e-89d1f61ce713 d3dc1c5db4e8424e92b7cac83dcba0a2 ac2f162e584e40a2b6f054806aff5e46 - - default default] No more DHCP agents
2026-06-30 22:58:29.024 10 WARNING neutron.api.rpc.agentnotifiers.dhcp_rpc_agent_api [None req-0575f378-a345-4e29-977e-89d1f61ce713 d3dc1c5db4e8424e92b7cac83dcba0a2 ac2f162e584e40a2b6f054806aff5e46 - - default default] Unable to schedule network 501e38f8-fd8e-42f6-ae00-af017fbe37c8: no agents available; will retry on subsequent port and subnet creation events.
2026-06-30 22:58:29.170 10 INFO neutron.db.ovn_revision_numbers_db [None req-0575f378-a345-4e29-977e-89d1f61ce713 d3dc1c5db4e8424e92b7cac83dcba0a2 ac2f162e584e40a2b6f054806aff5e46 - - default default] Successfully bumped revision number for resource b327935b-1863-490a-b6be-d9c04f882d74 (type: ports) to 1
2026-06-30 22:58:29.192 10 INFO neutron.wsgi [None req-0575f378-a345-4e29-977e-89d1f61ce713 d3dc1c5db4e8424e92b7cac83dcba0a2 ac2f162e584e40a2b6f054806aff5e46 - - default default] 199.204.45.57,10.0.0.96 "POST /v2.0/ports HTTP/1.1" status: 201 len: 1277 time: 0.4338779 /var/lib/openstack/lib/python3.10/site-packages/pycadf/identifier.py:71: UserWarning: Invalid uuid: unknown. To ensure interoperability, identifiers should be a valid uuid. warnings.warn(('Invalid uuid: %s. To ensure interoperability, '
2026-06-30 22:58:34.806 10 INFO neutron.pecan_wsgi.hooks.translation [None req-47d30862-9253-4e45-ac29-3772a7f21551 d3dc1c5db4e8424e92b7cac83dcba0a2 ac2f162e584e40a2b6f054806aff5e46 - - default default] GET failed (client error): The resource could not be found.
2026-06-30 22:58:34.808 10 INFO neutron.wsgi [None req-47d30862-9253-4e45-ac29-3772a7f21551 d3dc1c5db4e8424e92b7cac83dcba0a2 ac2f162e584e40a2b6f054806aff5e46 - - default default] 199.204.45.57,10.0.0.96 "GET /v2.0/ports/octavia-health-manager-port-instance HTTP/1.1" status: 404 len: 314 time: 0.0548913
2026-06-30 22:58:34.851 10 INFO neutron.wsgi [None req-6df46962-7d6f-475b-8dac-28ef18e7798e d3dc1c5db4e8424e92b7cac83dcba0a2 ac2f162e584e40a2b6f054806aff5e46 - - default default] 199.204.45.57,10.0.0.96 "GET /v2.0/ports?name=octavia-health-manager-port-instance HTTP/1.1" status: 200 len: 1275 time: 0.0391085
2026-06-30 22:58:35.226 10 INFO neutron.db.ovn_revision_numbers_db [None req-07848cf2-74f8-44be-aeee-fae65a049484 d3dc1c5db4e8424e92b7cac83dcba0a2 ac2f162e584e40a2b6f054806aff5e46 - - default default] Successfully bumped revision number for resource b327935b-1863-490a-b6be-d9c04f882d74 (type: ports) to 1
2026-06-30 22:58:35.435 10 INFO neutron.db.ovn_revision_numbers_db [None req-07848cf2-74f8-44be-aeee-fae65a049484 d3dc1c5db4e8424e92b7cac83dcba0a2 ac2f162e584e40a2b6f054806aff5e46 - - default default] Successfully bumped revision number for resource b327935b-1863-490a-b6be-d9c04f882d74 (type: ports) to 2
2026-06-30 22:58:35.451 10 INFO neutron.wsgi [None req-07848cf2-74f8-44be-aeee-fae65a049484 d3dc1c5db4e8424e92b7cac83dcba0a2 ac2f162e584e40a2b6f054806aff5e46 - - default default] 199.204.45.57,10.0.0.96 "PUT /v2.0/ports/b327935b-1863-490a-b6be-d9c04f882d74 HTTP/1.1" status: 200 len: 1362 time: 0.5947669 /var/lib/openstack/lib/python3.10/site-packages/pycadf/identifier.py:71: UserWarning: Invalid uuid: unknown. To ensure interoperability, identifiers should be a valid uuid. warnings.warn(('Invalid uuid: %s. To ensure interoperability, '
2026-06-30 22:58:36.712 10 INFO neutron.wsgi [None req-1f9e7cad-49f2-43f2-8242-19b66ab4d84b d3dc1c5db4e8424e92b7cac83dcba0a2 ac2f162e584e40a2b6f054806aff5e46 - - default default] 199.204.45.57,10.0.0.96 "GET /v2.0/ports HTTP/1.1" status: 200 len: 3507 time: 0.0636709
2026-06-30 22:58:37.668 9 INFO neutron.wsgi [None req-afa7cb57-3e21-4be0-b548-b494f1e53837 d3dc1c5db4e8424e92b7cac83dcba0a2 ac2f162e584e40a2b6f054806aff5e46 - - default default] 199.204.45.57,10.0.0.96 "GET /v2.0/security-groups?tenant_id=ac2f162e584e40a2b6f054806aff5e46 HTTP/1.1" status: 200 len: 7421 time: 0.0776706
2026-06-30 22:58:37.811 9 INFO neutron.db.ovn_revision_numbers_db [None req-4622e903-bb05-4307-995c-39a4ea2c46c1 d3dc1c5db4e8424e92b7cac83dcba0a2 ac2f162e584e40a2b6f054806aff5e46 - - default default] Successfully bumped revision number for resource c6748507-f833-4b88-841a-43119c2f3666 (type: security_groups) to 1
2026-06-30 22:58:37.824 9 INFO neutron.db.ovn_revision_numbers_db [None req-4622e903-bb05-4307-995c-39a4ea2c46c1 d3dc1c5db4e8424e92b7cac83dcba0a2 ac2f162e584e40a2b6f054806aff5e46 - - default default] Successfully bumped revision number for resource 01315e3f-b1f7-4f28-b7be-5c441b63985a (type: security_group_rules) to 0
2026-06-30 22:58:37.836 9 INFO neutron.db.ovn_revision_numbers_db [None req-4622e903-bb05-4307-995c-39a4ea2c46c1 d3dc1c5db4e8424e92b7cac83dcba0a2 ac2f162e584e40a2b6f054806aff5e46 - - default default] Successfully bumped revision number for resource 69b835d7-e5f3-4665-99f7-ccac27b3516e (type: security_group_rules) to 0
2026-06-30 22:58:37.855 9 INFO neutron.wsgi [None req-4622e903-bb05-4307-995c-39a4ea2c46c1 d3dc1c5db4e8424e92b7cac83dcba0a2 ac2f162e584e40a2b6f054806aff5e46 - - default default] 199.204.45.57,10.0.0.96 "POST /v2.0/security-groups HTTP/1.1" status: 201 len: 1727 time: 0.1775289
2026-06-30 22:58:38.715 9 INFO neutron.wsgi [None req-c58e4861-6358-467c-8e34-3d33b37fe8f9 d3dc1c5db4e8424e92b7cac83dcba0a2 ac2f162e584e40a2b6f054806aff5e46 - - default default] 199.204.45.57,10.0.0.96 "GET /v2.0/security-groups?tenant_id=ac2f162e584e40a2b6f054806aff5e46 HTTP/1.1" status: 200 len: 8949 time: 0.0723672
2026-06-30 22:58:38.760 9 INFO neutron.wsgi [None req-5091a780-ed52-44c8-b073-9557e0eaa5e5 d3dc1c5db4e8424e92b7cac83dcba0a2 ac2f162e584e40a2b6f054806aff5e46 - - default default] 199.204.45.57,10.0.0.96 "GET /v2.0/security-groups HTTP/1.1" status: 200 len: 8949 time: 0.0386710
2026-06-30 22:58:38.877 9 INFO neutron.db.ovn_revision_numbers_db [None req-0b1b0a7d-8964-4929-9a7d-960439ed8445 d3dc1c5db4e8424e92b7cac83dcba0a2 ac2f162e584e40a2b6f054806aff5e46 - - default default] Successfully bumped revision number for resource d0815341-e7fe-4981-ba4d-a42a7c2fc43b (type: security_group_rules) to 0
2026-06-30 22:58:38.899 9 INFO neutron.wsgi [None req-0b1b0a7d-8964-4929-9a7d-960439ed8445 d3dc1c5db4e8424e92b7cac83dcba0a2 ac2f162e584e40a2b6f054806aff5e46 - - default default] 199.204.45.57,10.0.0.96 "POST /v2.0/security-group-rules HTTP/1.1" status: 201 len: 769 time: 0.1276367
2026-06-30 22:58:39.724 9 INFO neutron.wsgi [None req-6126c8f2-9c1d-4157-87cf-b29bf0adf141 d3dc1c5db4e8424e92b7cac83dcba0a2 ac2f162e584e40a2b6f054806aff5e46 - - default default] 199.204.45.57,10.0.0.96 "GET /v2.0/security-groups?tenant_id=ac2f162e584e40a2b6f054806aff5e46 HTTP/1.1" status: 200 len: 9551 time: 0.0769377
2026-06-30 22:58:39.777 9 INFO neutron.wsgi [None req-1e686063-41e3-4cf9-8a5b-404e857b27a5 d3dc1c5db4e8424e92b7cac83dcba0a2 ac2f162e584e40a2b6f054806aff5e46 - - default default] 199.204.45.57,10.0.0.96 "GET /v2.0/security-groups HTTP/1.1" status: 200 len: 9551 time: 0.0426307
2026-06-30 22:58:39.904 9 INFO neutron.db.ovn_revision_numbers_db [None req-af456d32-c3a0-4eab-8b1f-b34ef5672d52 d3dc1c5db4e8424e92b7cac83dcba0a2 ac2f162e584e40a2b6f054806aff5e46 - - default default] Successfully bumped revision number for resource d8b752f3-9caa-4196-8696-abd573afb336 (type: security_group_rules) to 0
2026-06-30 22:58:39.927 9 INFO neutron.wsgi [None req-af456d32-c3a0-4eab-8b1f-b34ef5672d52 d3dc1c5db4e8424e92b7cac83dcba0a2 ac2f162e584e40a2b6f054806aff5e46 - - default default] 199.204.45.57,10.0.0.96 "POST /v2.0/security-group-rules HTTP/1.1" status: 201 len: 773 time: 0.1383314
2026-06-30 22:58:40.963 9 INFO neutron.wsgi [-] 10.0.0.96 "GET / HTTP/1.1" status: 200 len: 247 time: 0.0013661
2026-06-30 22:58:40.965 10 INFO neutron.wsgi [-] 10.0.0.96 "GET / HTTP/1.1" status: 200 len: 247 time: 0.0026367
2026-06-30 22:58:55.965 9 INFO neutron.wsgi [-] 10.0.0.96 "GET / HTTP/1.1" status: 200 len: 247 time: 0.0024292
2026-06-30 22:58:55.966 10 INFO neutron.wsgi [-] 10.0.0.96 "GET / HTTP/1.1" status: 200 len: 247 time: 0.0034711
2026-06-30 22:59:10.964 9 INFO neutron.wsgi [-] 10.0.0.96 "GET / HTTP/1.1" status: 200 len: 247 time: 0.0016880
2026-06-30 22:59:10.967 10 INFO neutron.wsgi [-] 10.0.0.96 "GET / HTTP/1.1" status: 200 len: 247 time: 0.0045259
2026-06-30 22:59:25.965 10 INFO neutron.wsgi [-] 10.0.0.96 "GET / HTTP/1.1" status: 200 len: 247 time: 0.0022662
2026-06-30 22:59:25.966 9 INFO neutron.wsgi [-] 10.0.0.96 "GET / HTTP/1.1" status: 200 len: 247 time: 0.0034506
2026-06-30 22:59:37.677 9 INFO neutron.wsgi [None req-a7e72c77-98b9-4872-a065-457ad103de7f d3dc1c5db4e8424e92b7cac83dcba0a2 ac2f162e584e40a2b6f054806aff5e46 - - default default] 199.204.45.57,10.0.0.96 "GET /v2.0/quotas/ac2f162e584e40a2b6f054806aff5e46 HTTP/1.1" status: 200 len: 362 time: 0.0107162 /var/lib/openstack/lib/python3.10/site-packages/neutron/extensions/quotasv2.py:140: UserWarning: Neutron quota engine will require "--force" parameter to set a quota limit without checking the resource usage. warnings.warn('Neutron quota engine will require "--force" '
2026-06-30 22:59:38.003 9 INFO neutron.wsgi [None req-919f692f-0f1b-4f72-a361-bd65a54f0751 d3dc1c5db4e8424e92b7cac83dcba0a2 ac2f162e584e40a2b6f054806aff5e46 - - default default] 199.204.45.57,10.0.0.96 "PUT /v2.0/quotas/ac2f162e584e40a2b6f054806aff5e46 HTTP/1.1" status: 200 len: 361 time: 0.0318358
2026-06-30 22:59:38.665 9 INFO neutron.wsgi [None req-60b1b2c9-c07c-4fa4-b386-a4179fbee738 d3dc1c5db4e8424e92b7cac83dcba0a2 ac2f162e584e40a2b6f054806aff5e46 - - default default] 199.204.45.57,10.0.0.96 "GET /v2.0/quotas/ac2f162e584e40a2b6f054806aff5e46 HTTP/1.1" status: 200 len: 361 time: 0.0074985
2026-06-30 22:59:40.974 10 INFO neutron.wsgi [-] 10.0.0.96 "GET / HTTP/1.1" status: 200 len: 247 time: 0.0026071
2026-06-30 22:59:40.979 9 INFO neutron.wsgi [-] 10.0.0.96 "GET / HTTP/1.1" status: 200 len: 247 time: 0.0017993
2026-06-30 22:59:55.964 10 INFO neutron.wsgi [-] 10.0.0.96 "GET / HTTP/1.1" status: 200 len: 247 time: 0.0024612
2026-06-30 22:59:55.968 10 INFO neutron.wsgi [-] 10.0.0.96 "GET / HTTP/1.1" status: 200 len: 247 time: 0.0029042
2026-06-30 23:00:10.965 9 INFO neutron.wsgi [-] 10.0.0.96 "GET / HTTP/1.1" status: 200 len: 247 time: 0.0027893
2026-06-30 23:00:10.965 10 INFO neutron.wsgi [-] 10.0.0.96 "GET / HTTP/1.1" status: 200 len: 247 time: 0.0031567
2026-06-30 23:00:25.965 10 INFO neutron.wsgi [-] 10.0.0.96 "GET / HTTP/1.1" status: 200 len: 247 time: 0.0033834
2026-06-30 23:00:25.965 9 INFO neutron.wsgi [-] 10.0.0.96 "GET / HTTP/1.1" status: 200 len: 247 time: 0.0036669
2026-06-30 23:00:40.964 9 INFO neutron.wsgi [-] 10.0.0.96 "GET / HTTP/1.1" status: 200 len: 247 time: 0.0023766
2026-06-30 23:00:40.964 10 INFO neutron.wsgi [-] 10.0.0.96 "GET / HTTP/1.1" status: 200 len: 247 time: 0.0028303
2026-06-30 23:00:55.963 10 INFO neutron.wsgi [-] 10.0.0.96 "GET / HTTP/1.1" status: 200 len: 247 time: 0.0014477
2026-06-30 23:00:55.963 9 INFO neutron.wsgi [-] 10.0.0.96 "GET / HTTP/1.1" status: 200 len: 247 time: 0.0017970
2026-06-30 23:01:10.964 10 INFO neutron.wsgi [-] 10.0.0.96 "GET / HTTP/1.1" status: 200 len: 247 time: 0.0023365
2026-06-30 23:01:10.964 9 INFO neutron.wsgi [-] 10.0.0.96 "GET / HTTP/1.1" status: 200 len: 247 time: 0.0025158
2026-06-30 23:01:25.965 9 INFO neutron.wsgi [-] 10.0.0.96 "GET / HTTP/1.1" status: 200 len: 247 time: 0.0028496
2026-06-30 23:01:25.966 10 INFO neutron.wsgi [-] 10.0.0.96 "GET / HTTP/1.1" status: 200 len: 247 time: 0.0033433
2026-06-30 23:01:38.592 15 INFO neutron.db.ovn_revision_numbers_db [None req-79107d03-33c5-4fa1-b8f7-beafcbce90e7 - - - - - -] Successfully bumped revision number for resource 501e38f8-fd8e-42f6-ae00-af017fbe37c8 (type: networks) to 2
2026-06-30 23:01:38.642 15 INFO neutron.db.ovn_revision_numbers_db [None req-79107d03-33c5-4fa1-b8f7-beafcbce90e7 - - - - - -] Successfully bumped revision number for resource 2c1a4e48-4586-4369-9c0f-bf4af51df14f (type: security_groups) to 6
2026-06-30 23:01:38.694 15 INFO neutron.db.ovn_revision_numbers_db [None req-79107d03-33c5-4fa1-b8f7-beafcbce90e7 - - - - - -] Successfully bumped revision number for resource c6748507-f833-4b88-841a-43119c2f3666 (type: security_groups) to 3
2026-06-30 23:01:38.908 15 INFO neutron.db.ovn_revision_numbers_db [None req-79107d03-33c5-4fa1-b8f7-beafcbce90e7 - - - - - -] Successfully bumped revision number for resource b327935b-1863-490a-b6be-d9c04f882d74 (type: ports) to 3
2026-06-30 23:01:38.909 15 INFO neutron.plugins.ml2.drivers.ovn.mech_driver.ovsdb.maintenance [None req-79107d03-33c5-4fa1-b8f7-beafcbce90e7 - - - - - -] Maintenance task: Synchronization finished (took 0.43 seconds)
2026-06-30 23:01:40.965 10 INFO neutron.wsgi [-] 10.0.0.96 "GET / HTTP/1.1" status: 200 len: 247 time: 0.0022938
2026-06-30 23:01:40.968 10 INFO neutron.wsgi [-] 10.0.0.96 "GET / HTTP/1.1" status: 200 len: 247 time: 0.0020299 /var/lib/openstack/lib/python3.10/site-packages/pycadf/identifier.py:71: UserWarning: Invalid uuid: neutron. To ensure interoperability, identifiers should be a valid uuid. warnings.warn(('Invalid uuid: %s. To ensure interoperability, '
2026-06-30 23:01:48.283 9 INFO neutron.pecan_wsgi.hooks.translation [None req-a4353e79-a92b-4346-b7f6-a1da4a4521a5 d3dc1c5db4e8424e92b7cac83dcba0a2 ac2f162e584e40a2b6f054806aff5e46 - - default default] GET failed (client error): The resource could not be found.
2026-06-30 23:01:48.285 9 INFO neutron.wsgi [None req-a4353e79-a92b-4346-b7f6-a1da4a4521a5 d3dc1c5db4e8424e92b7cac83dcba0a2 ac2f162e584e40a2b6f054806aff5e46 - - default default] 199.204.45.57 "GET /v2.0/ports/octavia-health-manager-port-instance HTTP/1.1" status: 404 len: 338 time: 0.2242873
2026-06-30 23:01:48.338 9 INFO neutron.wsgi [None req-2d510344-a40f-41ef-b148-0a1faccb8698 d3dc1c5db4e8424e92b7cac83dcba0a2 ac2f162e584e40a2b6f054806aff5e46 - - default default] 199.204.45.57 "GET /v2.0/ports?name=octavia-health-manager-port-instance HTTP/1.1" status: 200 len: 1417 time: 0.0467823
2026-06-30 23:01:49.995 9 INFO neutron.pecan_wsgi.hooks.translation [None req-6c393558-f2f9-4462-9602-ff11c5f6dc59 d3dc1c5db4e8424e92b7cac83dcba0a2 ac2f162e584e40a2b6f054806aff5e46 - - default default] GET failed (client error): The resource could not be found.
2026-06-30 23:01:49.998 9 INFO neutron.wsgi [None req-6c393558-f2f9-4462-9602-ff11c5f6dc59 d3dc1c5db4e8424e92b7cac83dcba0a2 ac2f162e584e40a2b6f054806aff5e46 - - default default] 199.204.45.57 "GET /v2.0/ports/octavia-health-manager-port-instance HTTP/1.1" status: 404 len: 338 time: 0.0738010
2026-06-30 23:01:50.046 9 INFO neutron.wsgi [None req-e49f88b7-94cf-42c1-9721-98d29a60535c d3dc1c5db4e8424e92b7cac83dcba0a2 ac2f162e584e40a2b6f054806aff5e46 - - default default] 199.204.45.57 "GET /v2.0/ports?name=octavia-health-manager-port-instance HTTP/1.1" status: 200 len: 1417 time: 0.0393281
2026-06-30 23:01:51.008 10 INFO neutron.plugins.ml2.drivers.ovn.mech_driver.mech_driver [-] OVN reports status up for port: b327935b-1863-490a-b6be-d9c04f882d74
2026-06-30 23:01:51.025 10 INFO neutron.plugins.ml2.plugin [None req-a68c653f-67ef-4a09-aa77-634719f5fe2c - - - - - -] Attempt 1 to provision port b327935b-1863-490a-b6be-d9c04f882d74
2026-06-30 23:01:51.470 10 INFO neutron.db.ovn_revision_numbers_db [None req-a68c653f-67ef-4a09-aa77-634719f5fe2c - - - - - -] Successfully bumped revision number for resource b327935b-1863-490a-b6be-d9c04f882d74 (type: ports) to 4
2026-06-30 23:01:55.964 9 INFO neutron.wsgi [-] 10.0.0.96 "GET / HTTP/1.1" status: 200 len: 247 time: 0.0017066
2026-06-30 23:01:55.972 9 INFO neutron.wsgi [-] 10.0.0.96 "GET / HTTP/1.1" status: 200 len: 247 time: 0.0024884
2026-06-30 23:02:10.966 10 INFO neutron.wsgi [-] 10.0.0.96 "GET / HTTP/1.1" status: 200 len: 247 time: 0.0029392
2026-06-30 23:02:10.966 9 INFO neutron.wsgi [-] 10.0.0.96 "GET / HTTP/1.1" status: 200 len: 247 time: 0.0034494
2026-06-30 23:02:25.967 10 INFO neutron.wsgi [-] 10.0.0.96 "GET / HTTP/1.1" status: 200 len: 247 time: 0.0023580
2026-06-30 23:02:25.971 10 INFO neutron.wsgi [-] 10.0.0.96 "GET / HTTP/1.1" status: 200 len: 247 time: 0.0019457
2026-06-30 23:02:40.965 10 INFO neutron.wsgi [-] 10.0.0.96 "GET / HTTP/1.1" status: 200 len: 247 time: 0.0023525
2026-06-30 23:02:40.965 9 INFO neutron.wsgi [-] 10.0.0.96 "GET / HTTP/1.1" status: 200 len: 247 time: 0.0024447
2026-06-30 23:02:55.964 10 INFO neutron.wsgi [-] 10.0.0.96 "GET / HTTP/1.1" status: 200 len: 247 time: 0.0015621
2026-06-30 23:02:55.965 9 INFO neutron.wsgi [-] 10.0.0.96 "GET / HTTP/1.1" status: 200 len: 247 time: 0.0030046
2026-06-30 23:03:10.963 9 INFO neutron.wsgi [-] 10.0.0.96 "GET / HTTP/1.1" status: 200 len: 247 time: 0.0016274
2026-06-30 23:03:10.965 10 INFO neutron.wsgi [-] 10.0.0.96 "GET / HTTP/1.1" status: 200 len: 247 time: 0.0036101
2026-06-30 23:03:25.965 9 INFO neutron.wsgi [-] 10.0.0.96 "GET / HTTP/1.1" status: 200 len: 247 time: 0.0025513
2026-06-30 23:03:25.965 10 INFO neutron.wsgi [-] 10.0.0.96 "GET / HTTP/1.1" status: 200 len: 247 time: 0.0026250
2026-06-30 23:03:40.964 9 INFO neutron.wsgi [-] 10.0.0.96 "GET / HTTP/1.1" status: 200 len: 247 time: 0.0024781
2026-06-30 23:03:40.964 10 INFO neutron.wsgi [-] 10.0.0.96 "GET / HTTP/1.1" status: 200 len: 247 time: 0.0024350
2026-06-30 23:03:55.963 9 INFO neutron.wsgi [-] 10.0.0.96 "GET / HTTP/1.1" status: 200 len: 247 time: 0.0017600
2026-06-30 23:03:55.965 10 INFO neutron.wsgi [-] 10.0.0.96 "GET / HTTP/1.1" status: 200 len: 247 time: 0.0031052
2026-06-30 23:04:10.965 9 INFO neutron.wsgi [-] 10.0.0.96 "GET / HTTP/1.1" status: 200 len: 247 time: 0.0023823
2026-06-30 23:04:10.965 10 INFO neutron.wsgi [-] 10.0.0.96 "GET / HTTP/1.1" status: 200 len: 247 time: 0.0024135
2026-06-30 23:04:25.965 10 INFO neutron.wsgi [-] 10.0.0.96 "GET / HTTP/1.1" status: 200 len: 247 time: 0.0023496
2026-06-30 23:04:25.965 9 INFO neutron.wsgi [-] 10.0.0.96 "GET / HTTP/1.1" status: 200 len: 247 time: 0.0024021
2026-06-30 23:04:40.966 9 INFO neutron.wsgi [-] 10.0.0.96 "GET / HTTP/1.1" status: 200 len: 247 time: 0.0037200
2026-06-30 23:04:40.967 10 INFO neutron.wsgi [-] 10.0.0.96 "GET / HTTP/1.1" status: 200 len: 247 time: 0.0048628
2026-06-30 23:04:55.965 9 INFO neutron.wsgi [-] 10.0.0.96 "GET / HTTP/1.1" status: 200 len: 247 time: 0.0023520
2026-06-30 23:04:55.969 9 INFO neutron.wsgi [-] 10.0.0.96 "GET / HTTP/1.1" status: 200 len: 247 time: 0.0027080
2026-06-30 23:05:10.964 10 INFO neutron.wsgi [-] 10.0.0.96 "GET / HTTP/1.1" status: 200 len: 247 time: 0.0024717
2026-06-30 23:05:10.964 9 INFO neutron.wsgi [-] 10.0.0.96 "GET / HTTP/1.1" status: 200 len: 247 time: 0.0023706
2026-06-30 23:05:25.965 9 INFO neutron.wsgi [-] 10.0.0.96 "GET / HTTP/1.1" status: 200 len: 247 time: 0.0025113
2026-06-30 23:05:25.966 10 INFO neutron.wsgi [-] 10.0.0.96 "GET / HTTP/1.1" status: 200 len: 247 time: 0.0028863
2026-06-30 23:05:40.965 10 INFO neutron.wsgi [-] 10.0.0.96 "GET / HTTP/1.1" status: 200 len: 247 time: 0.0031378
2026-06-30 23:05:40.966 9 INFO neutron.wsgi [-] 10.0.0.96 "GET / HTTP/1.1" status: 200 len: 247 time: 0.0030744
2026-06-30 23:05:55.965 9 INFO neutron.wsgi [-] 10.0.0.96 "GET / HTTP/1.1" status: 200 len: 247 time: 0.0024824
2026-06-30 23:05:55.966 10 INFO neutron.wsgi [-] 10.0.0.96 "GET / HTTP/1.1" status: 200 len: 247 time: 0.0037146
2026-06-30 23:06:10.964 9 INFO neutron.wsgi [-] 10.0.0.96 "GET / HTTP/1.1" status: 200 len: 247 time: 0.0021701
2026-06-30 23:06:10.965 10 INFO neutron.wsgi [-] 10.0.0.96 "GET / HTTP/1.1" status: 200 len: 247 time: 0.0027409
2026-06-30 23:06:25.965 9 INFO neutron.wsgi [-] 10.0.0.96 "GET / HTTP/1.1" status: 200 len: 247 time: 0.0038061
2026-06-30 23:06:25.968 10 INFO neutron.wsgi [-] 10.0.0.96 "GET / HTTP/1.1" status: 200 len: 247 time: 0.0028636
2026-06-30 23:06:40.964 10 INFO neutron.wsgi [-] 10.0.0.96 "GET / HTTP/1.1" status: 200 len: 247 time: 0.0026834
2026-06-30 23:06:40.966 10 INFO neutron.wsgi [-] 10.0.0.96 "GET / HTTP/1.1" status: 200 len: 247 time: 0.0013499
2026-06-30 23:06:55.965 10 INFO neutron.wsgi [-] 10.0.0.96 "GET / HTTP/1.1" status: 200 len: 247 time: 0.0030048
2026-06-30 23:06:55.967 10 INFO neutron.wsgi [-] 10.0.0.96 "GET / HTTP/1.1" status: 200 len: 247 time: 0.0013328
2026-06-30 23:07:10.964 10 INFO neutron.wsgi [-] 10.0.0.96 "GET / HTTP/1.1" status: 200 len: 247 time: 0.0017517
2026-06-30 23:07:10.965 9 INFO neutron.wsgi [-] 10.0.0.96 "GET / HTTP/1.1" status: 200 len: 247 time: 0.0028236
2026-06-30 23:07:25.965 9 INFO neutron.wsgi [-] 10.0.0.96 "GET / HTTP/1.1" status: 200 len: 247 time: 0.0025768
2026-06-30 23:07:25.966 10 INFO neutron.wsgi [-] 10.0.0.96 "GET / HTTP/1.1" status: 200 len: 247 time: 0.0031309
2026-06-30 23:07:37.921 9 INFO neutron.db.ovn_revision_numbers_db [None req-05045137-d116-4a1a-a7df-2121cc3c1b9a d3dc1c5db4e8424e92b7cac83dcba0a2 ac2f162e584e40a2b6f054806aff5e46 - - default default] Successfully bumped revision number for resource 7d2addf7-9816-4e75-a4e4-bce776f13bf5 (type: security_groups) to 1
2026-06-30 23:07:37.934 9 INFO neutron.db.ovn_revision_numbers_db [None req-05045137-d116-4a1a-a7df-2121cc3c1b9a d3dc1c5db4e8424e92b7cac83dcba0a2 ac2f162e584e40a2b6f054806aff5e46 - - default default] Successfully bumped revision number for resource 52407a00-ca36-4a6e-a5f3-24a971592709 (type: security_group_rules) to 0
2026-06-30 23:07:37.950 9 INFO neutron.db.ovn_revision_numbers_db [None req-05045137-d116-4a1a-a7df-2121cc3c1b9a d3dc1c5db4e8424e92b7cac83dcba0a2 ac2f162e584e40a2b6f054806aff5e46 - - default default] Successfully bumped revision number for resource 5aeaa5b9-8c88-4015-ab3c-3c368b8aeb38 (type: security_group_rules) to 0
2026-06-30 23:07:37.964 9 INFO neutron.db.ovn_revision_numbers_db [None req-05045137-d116-4a1a-a7df-2121cc3c1b9a d3dc1c5db4e8424e92b7cac83dcba0a2 ac2f162e584e40a2b6f054806aff5e46 - - default default] Successfully bumped revision number for resource 69b1a39c-49e1-4896-b73e-05e88cfce54e (type: security_group_rules) to 0
2026-06-30 23:07:37.977 9 INFO neutron.db.ovn_revision_numbers_db [None req-05045137-d116-4a1a-a7df-2121cc3c1b9a d3dc1c5db4e8424e92b7cac83dcba0a2 ac2f162e584e40a2b6f054806aff5e46 - - default default] Successfully bumped revision number for resource f11fed6b-a951-4999-99d5-23caaf11512d (type: security_group_rules) to 0
2026-06-30 23:07:38.004 9 INFO neutron.wsgi [None req-05045137-d116-4a1a-a7df-2121cc3c1b9a d3dc1c5db4e8424e92b7cac83dcba0a2 ac2f162e584e40a2b6f054806aff5e46 - - default default] 199.204.45.57,10.0.0.96 "GET /v2.0/security-groups?tenant_id=5a4be4c0b1f043f98f208d1532cfa4a8 HTTP/1.1" status: 200 len: 2973 time: 0.2926719
2026-06-30 23:07:38.118 9 INFO neutron.db.ovn_revision_numbers_db [None req-b30368b9-4862-494d-90f4-f088c8a0f7dc d3dc1c5db4e8424e92b7cac83dcba0a2 ac2f162e584e40a2b6f054806aff5e46 - - default default] Successfully bumped revision number for resource d9862d96-907d-4e4f-886c-ebfa4fdc2ca6 (type: security_groups) to 1
2026-06-30 23:07:38.135 9 INFO neutron.db.ovn_revision_numbers_db [None req-b30368b9-4862-494d-90f4-f088c8a0f7dc d3dc1c5db4e8424e92b7cac83dcba0a2 ac2f162e584e40a2b6f054806aff5e46 - - default default] Successfully bumped revision number for resource 10bff5fc-9092-4707-a635-fd6ee3f83c9d (type: security_group_rules) to 0
2026-06-30 23:07:38.152 9 INFO neutron.db.ovn_revision_numbers_db [None req-b30368b9-4862-494d-90f4-f088c8a0f7dc d3dc1c5db4e8424e92b7cac83dcba0a2 ac2f162e584e40a2b6f054806aff5e46 - - default default] Successfully bumped revision number for resource 6cb59da8-6e7e-4c26-857a-21ffca5ea86c (type: security_group_rules) to 0
2026-06-30 23:07:38.177 9 INFO neutron.wsgi [None req-b30368b9-4862-494d-90f4-f088c8a0f7dc d3dc1c5db4e8424e92b7cac83dcba0a2 ac2f162e584e40a2b6f054806aff5e46 - - default default] 199.204.45.57,10.0.0.96 "POST /v2.0/security-groups HTTP/1.1" status: 201 len: 1741 time: 0.1641226
2026-06-30 23:07:39.107 9 INFO neutron.wsgi [None req-f40008e6-208f-4a6d-b6cb-ea4940c0a3b1 d3dc1c5db4e8424e92b7cac83dcba0a2 ac2f162e584e40a2b6f054806aff5e46 - - default default] 199.204.45.57,10.0.0.96 "GET /v2.0/security-groups?tenant_id=5a4be4c0b1f043f98f208d1532cfa4a8 HTTP/1.1" status: 200 len: 4515 time: 0.0776925
2026-06-30 23:07:39.178 9 INFO neutron.wsgi [None req-e014c938-4aaa-48b9-9c26-3b4174c7d3e2 d3dc1c5db4e8424e92b7cac83dcba0a2 ac2f162e584e40a2b6f054806aff5e46 - - default default] 199.204.45.57,10.0.0.96 "GET /v2.0/security-groups HTTP/1.1" status: 200 len: 14476 time: 0.0616348
2026-06-30 23:07:39.311 9 INFO neutron.db.ovn_revision_numbers_db [None req-75207947-37f4-4286-ada2-9a57a7ec9c42 d3dc1c5db4e8424e92b7cac83dcba0a2 ac2f162e584e40a2b6f054806aff5e46 - - default default] Successfully bumped revision number for resource 0253be92-7f9f-407b-9664-45ef863216e6 (type: security_group_rules) to 0
2026-06-30 23:07:39.333 9 INFO neutron.wsgi [None req-75207947-37f4-4286-ada2-9a57a7ec9c42 d3dc1c5db4e8424e92b7cac83dcba0a2 ac2f162e584e40a2b6f054806aff5e46 - - default default] 199.204.45.57,10.0.0.96 "POST /v2.0/security-group-rules HTTP/1.1" status: 201 len: 745 time: 0.1430378
2026-06-30 23:07:40.164 9 INFO neutron.wsgi [None req-c305ce60-548a-4f9e-aeeb-6d243297eb95 d3dc1c5db4e8424e92b7cac83dcba0a2 ac2f162e584e40a2b6f054806aff5e46 - - default default] 199.204.45.57,10.0.0.96 "GET /v2.0/security-groups?tenant_id=5a4be4c0b1f043f98f208d1532cfa4a8 HTTP/1.1" status: 200 len: 5093 time: 0.0874250
2026-06-30 23:07:40.236 9 INFO neutron.wsgi [None req-f061341b-70e4-49d5-a14f-1089d826f1de d3dc1c5db4e8424e92b7cac83dcba0a2 ac2f162e584e40a2b6f054806aff5e46 - - default default] 199.204.45.57,10.0.0.96 "GET /v2.0/security-groups HTTP/1.1" status: 200 len: 15054 time: 0.0659041
2026-06-30 23:07:40.356 9 INFO neutron.db.ovn_revision_numbers_db [None req-b81fa3aa-5c6a-4619-8a2d-a6171d0a9539 d3dc1c5db4e8424e92b7cac83dcba0a2 ac2f162e584e40a2b6f054806aff5e46 - - default default] Successfully bumped revision number for resource b814f59e-e6b6-4813-a1c8-7c9ef701270d (type: security_group_rules) to 0
2026-06-30 23:07:40.377 9 INFO neutron.wsgi [None req-b81fa3aa-5c6a-4619-8a2d-a6171d0a9539 d3dc1c5db4e8424e92b7cac83dcba0a2 ac2f162e584e40a2b6f054806aff5e46 - - default default] 199.204.45.57,10.0.0.96 "POST /v2.0/security-group-rules HTTP/1.1" status: 201 len: 747 time: 0.1337912
2026-06-30 23:07:40.964 10 INFO neutron.wsgi [-] 10.0.0.96 "GET / HTTP/1.1" status: 200 len: 247 time: 0.0017614
2026-06-30 23:07:40.964 9 INFO neutron.wsgi [-] 10.0.0.96 "GET / HTTP/1.1" status: 200 len: 247 time: 0.0023427
2026-06-30 23:07:41.245 9 INFO neutron.wsgi [None req-2e7ffd84-d893-45e5-abbd-27cb8f7bc2fc d3dc1c5db4e8424e92b7cac83dcba0a2 ac2f162e584e40a2b6f054806aff5e46 - - default default] 199.204.45.57,10.0.0.96 "GET /v2.0/security-groups?tenant_id=5a4be4c0b1f043f98f208d1532cfa4a8 HTTP/1.1" status: 200 len: 5673 time: 0.0950403
2026-06-30 23:07:41.306 9 INFO neutron.wsgi [None req-c651d915-fc72-4181-af2e-38ea14dc6073 d3dc1c5db4e8424e92b7cac83dcba0a2 ac2f162e584e40a2b6f054806aff5e46 - - default default] 199.204.45.57,10.0.0.96 "GET /v2.0/security-groups HTTP/1.1" status: 200 len: 15634 time: 0.0546393
2026-06-30 23:07:41.430 9 INFO neutron.db.ovn_revision_numbers_db [None req-eea485d8-9697-4483-bcea-520b64afa5f8 d3dc1c5db4e8424e92b7cac83dcba0a2 ac2f162e584e40a2b6f054806aff5e46 - - default default] Successfully bumped revision number for resource 602ed6e1-931e-4110-a1e7-7d7b2bad3e8b (type: security_group_rules) to 0
2026-06-30 23:07:41.453 9 INFO neutron.wsgi [None req-eea485d8-9697-4483-bcea-520b64afa5f8 d3dc1c5db4e8424e92b7cac83dcba0a2 ac2f162e584e40a2b6f054806aff5e46 - - default default] 199.204.45.57,10.0.0.96 "POST /v2.0/security-group-rules HTTP/1.1" status: 201 len: 749 time: 0.1388993 /var/lib/openstack/lib/python3.10/site-packages/pycadf/identifier.py:71: UserWarning: Invalid uuid: unknown. To ensure interoperability, identifiers should be a valid uuid. warnings.warn(('Invalid uuid: %s. To ensure interoperability, '
2026-06-30 23:07:42.393 10 INFO neutron.wsgi [None req-dc30c218-cc6d-4ee2-9055-0ea7b721f640 d3dc1c5db4e8424e92b7cac83dcba0a2 ac2f162e584e40a2b6f054806aff5e46 - - default default] 199.204.45.57,10.0.0.96 "GET /v2.0/security-groups?tenant_id=5a4be4c0b1f043f98f208d1532cfa4a8 HTTP/1.1" status: 200 len: 6255 time: 0.0833814
2026-06-30 23:07:42.456 10 INFO neutron.wsgi [None req-adb80a25-d78f-4591-be6b-b1d6113c933c d3dc1c5db4e8424e92b7cac83dcba0a2 ac2f162e584e40a2b6f054806aff5e46 - - default default] 199.204.45.57,10.0.0.96 "GET /v2.0/security-groups HTTP/1.1" status: 200 len: 16216 time: 0.0546715
2026-06-30 23:07:42.580 10 INFO neutron.db.ovn_revision_numbers_db [None req-884b4790-a3bc-4e77-a7ee-fc269223aa7c d3dc1c5db4e8424e92b7cac83dcba0a2 ac2f162e584e40a2b6f054806aff5e46 - - default default] Successfully bumped revision number for resource 627d8034-e598-468a-a1d3-2f6992d8adb9 (type: security_group_rules) to 0
2026-06-30 23:07:42.605 10 INFO neutron.wsgi [None req-884b4790-a3bc-4e77-a7ee-fc269223aa7c d3dc1c5db4e8424e92b7cac83dcba0a2 ac2f162e584e40a2b6f054806aff5e46 - - default default] 199.204.45.57,10.0.0.96 "POST /v2.0/security-group-rules HTTP/1.1" status: 201 len: 750 time: 0.1375077
2026-06-30 23:07:55.964 9 INFO neutron.wsgi [-] 10.0.0.96 "GET / HTTP/1.1" status: 200 len: 247 time: 0.0016468
2026-06-30 23:07:55.965 10 INFO neutron.wsgi [-] 10.0.0.96 "GET / HTTP/1.1" status: 200 len: 247 time: 0.0026772
2026-06-30 23:08:10.964 9 INFO neutron.wsgi [-] 10.0.0.96 "GET / HTTP/1.1" status: 200 len: 247 time: 0.0023892
2026-06-30 23:08:10.964 10 INFO neutron.wsgi [-] 10.0.0.96 "GET / HTTP/1.1" status: 200 len: 247 time: 0.0025938
2026-06-30 23:08:25.965 9 INFO neutron.wsgi [-] 10.0.0.96 "GET / HTTP/1.1" status: 200 len: 247 time: 0.0023966
2026-06-30 23:08:25.967 10 INFO neutron.wsgi [-] 10.0.0.96 "GET / HTTP/1.1" status: 200 len: 247 time: 0.0052462
2026-06-30 23:08:40.964 10 INFO neutron.wsgi [-] 10.0.0.96 "GET / HTTP/1.1" status: 200 len: 247 time: 0.0023320
2026-06-30 23:08:40.964 9 INFO neutron.wsgi [-] 10.0.0.96 "GET / HTTP/1.1" status: 200 len: 247 time: 0.0025637
2026-06-30 23:08:55.964 9 INFO neutron.wsgi [-] 10.0.0.96 "GET / HTTP/1.1" status: 200 len: 247 time: 0.0023036
2026-06-30 23:08:55.967 9 INFO neutron.wsgi [-] 10.0.0.96 "GET / HTTP/1.1" status: 200 len: 247 time: 0.0019643
2026-06-30 23:09:10.963 10 INFO neutron.wsgi [-] 10.0.0.96 "GET / HTTP/1.1" status: 200 len: 247 time: 0.0014861
2026-06-30 23:09:10.965 10 INFO neutron.wsgi [-] 10.0.0.96 "GET / HTTP/1.1" status: 200 len: 247 time: 0.0010855
2026-06-30 23:09:25.966 9 INFO neutron.wsgi [-] 10.0.0.96 "GET / HTTP/1.1" status: 200 len: 247 time: 0.0034041
2026-06-30 23:09:25.967 10 INFO neutron.wsgi [-] 10.0.0.96 "GET / HTTP/1.1" status: 200 len: 247 time: 0.0045092
2026-06-30 23:09:40.964 9 INFO neutron.wsgi [-] 10.0.0.96 "GET / HTTP/1.1" status: 200 len: 247 time: 0.0017717
2026-06-30 23:09:40.965 10 INFO neutron.wsgi [-] 10.0.0.96 "GET / HTTP/1.1" status: 200 len: 247 time: 0.0027213 /var/lib/openstack/lib/python3.10/site-packages/pycadf/identifier.py:71: UserWarning: Invalid uuid: neutron. To ensure interoperability, identifiers should be a valid uuid. warnings.warn(('Invalid uuid: %s. To ensure interoperability, '
