+ COMMAND=start + start + for KEYSTONE_WSGI_SCRIPT in keystone-wsgi-public ++ type -p keystone-wsgi-public + cp -a /var/lib/openstack/bin/keystone-wsgi-public /var/www/cgi-bin/keystone/ + '[' -f /etc/apache2/envvars ']' + source /etc/apache2/envvars ++ unset HOME ++ '[' '' '!=' '' ']' ++ SUFFIX= ++ export APACHE_RUN_USER=www-data ++ APACHE_RUN_USER=www-data ++ export APACHE_RUN_GROUP=www-data ++ APACHE_RUN_GROUP=www-data ++ export APACHE_PID_FILE=/var/run/apache2/apache2.pid ++ APACHE_PID_FILE=/var/run/apache2/apache2.pid ++ export APACHE_RUN_DIR=/var/run/apache2 ++ APACHE_RUN_DIR=/var/run/apache2 ++ export APACHE_LOCK_DIR=/var/lock/apache2 ++ APACHE_LOCK_DIR=/var/lock/apache2 ++ export APACHE_LOG_DIR=/var/log/apache2 ++ APACHE_LOG_DIR=/var/log/apache2 ++ export LANG=C ++ LANG=C ++ export LANG + '[' -f /var/run/apache2/apache2.pid ']' + exec apache2 -DFOREGROUND AH00558: apache2: Could not reliably determine the server's fully qualified domain name, using 10.0.0.36. Set the 'ServerName' directive globally to suppress this message AH00558: apache2: Could not reliably determine the server's fully qualified domain name, using 10.0.0.36. Set the 'ServerName' directive globally to suppress this message
[Mon May 25 10:23:29.411967 2026] [mpm_event:notice] [pid 1:tid 140303268923264] AH00489: Apache/2.4.58 (Ubuntu) mod_wsgi/5.0.0 Python/3.12 configured -- resuming normal operations
[Mon May 25 10:23:29.412119 2026] [core:notice] [pid 1:tid 140303268923264] AH00094: Command line: 'apache2 -D FOREGROUND'
[Mon May 25 10:24:24.101119 2026] [wsgi:error] [pid 12:tid 140302632150720] /var/lib/openstack/lib/python3.12/site-packages/oslo_utils/importutils.py:77: EventletDeprecationWarning:
[Mon May 25 10:24:24.101167 2026] [wsgi:error] [pid 12:tid 140302632150720] Eventlet is deprecated. It is currently being maintained in bugfix mode, and
[Mon May 25 10:24:24.101169 2026] [wsgi:error] [pid 12:tid 140302632150720] we strongly recommend against using it for new projects.
[Mon May 25 10:24:24.101171 2026] [wsgi:error] [pid 12:tid 140302632150720]
[Mon May 25 10:24:24.101172 2026] [wsgi:error] [pid 12:tid 140302632150720] If you are already using Eventlet, we recommend migrating to a different
[Mon May 25 10:24:24.101173 2026] [wsgi:error] [pid 12:tid 140302632150720] framework. For more detail see
[Mon May 25 10:24:24.101174 2026] [wsgi:error] [pid 12:tid 140302632150720] https://eventlet.readthedocs.io/en/latest/asyncio/migration.html
[Mon May 25 10:24:24.101175 2026] [wsgi:error] [pid 12:tid 140302632150720]
[Mon May 25 10:24:24.101176 2026] [wsgi:error] [pid 12:tid 140302632150720] __import__(import_str)
[Mon May 25 10:24:24.177863 2026] [wsgi:error] [pid 9:tid 140302632150720] /var/lib/openstack/lib/python3.12/site-packages/oslo_utils/importutils.py:77: EventletDeprecationWarning:
[Mon May 25 10:24:24.177910 2026] [wsgi:error] [pid 9:tid 140302632150720] Eventlet is deprecated. It is currently being maintained in bugfix mode, and
[Mon May 25 10:24:24.177912 2026] [wsgi:error] [pid 9:tid 140302632150720] we strongly recommend against using it for new projects.
[Mon May 25 10:24:24.177913 2026] [wsgi:error] [pid 9:tid 140302632150720]
[Mon May 25 10:24:24.177914 2026] [wsgi:error] [pid 9:tid 140302632150720] If you are already using Eventlet, we recommend migrating to a different
[Mon May 25 10:24:24.177916 2026] [wsgi:error] [pid 9:tid 140302632150720] framework. For more detail see
[Mon May 25 10:24:24.177917 2026] [wsgi:error] [pid 9:tid 140302632150720] https://eventlet.readthedocs.io/en/latest/asyncio/migration.html
[Mon May 25 10:24:24.177918 2026] [wsgi:error] [pid 9:tid 140302632150720]
[Mon May 25 10:24:24.177919 2026] [wsgi:error] [pid 9:tid 140302632150720] __import__(import_str) 10.0.0.138 - - [25/May/2026:10:24:23 +0000] "GET /v3/ HTTP/1.1" 200 249 10.0.0.138 - - [25/May/2026:10:24:23 +0000] "GET /v3/ HTTP/1.1" 200 249
[Mon May 25 10:24:36.606101 2026] [wsgi:error] [pid 10:tid 140302632150720] /var/lib/openstack/lib/python3.12/site-packages/oslo_utils/importutils.py:77: EventletDeprecationWarning:
[Mon May 25 10:24:36.606170 2026] [wsgi:error] [pid 10:tid 140302632150720] Eventlet is deprecated. It is currently being maintained in bugfix mode, and
[Mon May 25 10:24:36.606173 2026] [wsgi:error] [pid 10:tid 140302632150720] we strongly recommend against using it for new projects.
[Mon May 25 10:24:36.606174 2026] [wsgi:error] [pid 10:tid 140302632150720]
[Mon May 25 10:24:36.606176 2026] [wsgi:error] [pid 10:tid 140302632150720] If you are already using Eventlet, we recommend migrating to a different
[Mon May 25 10:24:36.606177 2026] [wsgi:error] [pid 10:tid 140302632150720] framework. For more detail see
[Mon May 25 10:24:36.606178 2026] [wsgi:error] [pid 10:tid 140302632150720] https://eventlet.readthedocs.io/en/latest/asyncio/migration.html
[Mon May 25 10:24:36.606179 2026] [wsgi:error] [pid 10:tid 140302632150720]
[Mon May 25 10:24:36.606180 2026] [wsgi:error] [pid 10:tid 140302632150720] __import__(import_str) 10.0.0.69 - - [25/May/2026:10:24:35 +0000] "GET / HTTP/1.1" 300 295
[Mon May 25 10:24:42.302647 2026] [wsgi:error] [pid 11:tid 140302632150720] /var/lib/openstack/lib/python3.12/site-packages/oslo_utils/importutils.py:77: EventletDeprecationWarning:
[Mon May 25 10:24:42.302700 2026] [wsgi:error] [pid 11:tid 140302632150720] Eventlet is deprecated. It is currently being maintained in bugfix mode, and
[Mon May 25 10:24:42.302703 2026] [wsgi:error] [pid 11:tid 140302632150720] we strongly recommend against using it for new projects.
[Mon May 25 10:24:42.302705 2026] [wsgi:error] [pid 11:tid 140302632150720]
[Mon May 25 10:24:42.302707 2026] [wsgi:error] [pid 11:tid 140302632150720] If you are already using Eventlet, we recommend migrating to a different
[Mon May 25 10:24:42.302708 2026] [wsgi:error] [pid 11:tid 140302632150720] framework. For more detail see
[Mon May 25 10:24:42.302709 2026] [wsgi:error] [pid 11:tid 140302632150720] https://eventlet.readthedocs.io/en/latest/asyncio/migration.html
[Mon May 25 10:24:42.302710 2026] [wsgi:error] [pid 11:tid 140302632150720]
[Mon May 25 10:24:42.302711 2026] [wsgi:error] [pid 11:tid 140302632150720] __import__(import_str)
[Mon May 25 10:24:47.328297 2026] [wsgi:error] [pid 11:tid 140302632150720] [remote 10.0.0.69:41858] 2026-05-25 10:24:47.324 11 WARNING keystone.identity.core [None req-b8e27e5d-68c7-44a5-a10f-09fb58a55302 - - - - - -] Invalid domain name (atmosphere) found in config file name: keystone.exception.DomainNotFound: Could not find domain: atmosphere.
[Mon May 25 10:24:47.392585 2026] [wsgi:error] [pid 11:tid 140302632150720] [remote 10.0.0.69:41858] 2026-05-25 10:24:47.392 11 WARNING keystone.common.password_hashing [None req-b8e27e5d-68c7-44a5-a10f-09fb58a55302 - - - - - -] Truncating password to algorithm specific maximum length 72 characters.
[Mon May 25 10:24:47.725391 2026] [wsgi:error] [pid 11:tid 140302632150720] [remote 10.0.0.69:41858] 2026-05-25 10:24:47.725 11 WARNING keystone.common.fernet_utils [None req-b8e27e5d-68c7-44a5-a10f-09fb58a55302 - - - - - -] key_repository is world readable: /etc/keystone/fernet-keys/ 10.0.0.69 - - [25/May/2026:10:24:41 +0000] "POST /v3/auth/tokens HTTP/1.1" 201 1359
[Mon May 25 10:24:48.087665 2026] [wsgi:error] [pid 12:tid 140302632150720] [remote 10.0.0.69:41858] 2026-05-25 10:24:48.084 12 WARNING keystone.identity.core [None req-e8c06e25-fe4c-489f-a650-239b798502a9 - - - - - -] Invalid domain name (atmosphere) found in config file name: keystone.exception.DomainNotFound: Could not find domain: atmosphere. 10.0.0.69 - - [25/May/2026:10:24:47 +0000] "POST /v3/domains HTTP/1.1" 201 261 10.0.0.179 - - [25/May/2026:10:25:00 +0000] "GET / HTTP/1.1" 300 295
[Mon May 25 10:25:01.166879 2026] [wsgi:error] [pid 10:tid 140302632150720] [remote 10.0.0.179:34454] 2026-05-25 10:25:01.166 10 WARNING keystone.common.password_hashing [None req-f247185a-30ff-48cf-aa35-968b70d2772d - - - - - -] Truncating password to algorithm specific maximum length 72 characters.
[Mon May 25 10:25:01.442457 2026] [wsgi:error] [pid 10:tid 140302632150720] [remote 10.0.0.179:34454] 2026-05-25 10:25:01.441 10 WARNING keystone.common.fernet_utils [None req-f247185a-30ff-48cf-aa35-968b70d2772d - - - - - -] key_repository is world readable: /etc/keystone/fernet-keys/ 10.0.0.179 - - [25/May/2026:10:25:00 +0000] "POST /v3/auth/tokens HTTP/1.1" 201 1359 10.0.0.179 - - [25/May/2026:10:25:01 +0000] "GET /v3/roles/admin HTTP/1.1" 404 83
[Mon May 25 10:25:01.698826 2026] [wsgi:error] [pid 12:tid 140302632150720] [remote 10.0.0.179:34454] 2026-05-25 10:25:01.698 12 WARNING keystone.common.rbac_enforcer.enforcer [None req-c4e82b51-3db0-4d3c-a174-e4417e3ddb4d 3f21d94b9f3742dfa5b97c08267f29a7 aafcb8293ccc460897abde8aa24ab76e - - default default] Deprecated policy rules found. Use oslopolicy-policy-generator and oslopolicy-policy-upgrade to detect and resolve deprecated policies in your configuration. 10.0.0.179 - - [25/May/2026:10:25:01 +0000] "GET /v3/roles?name=admin HTTP/1.1" 200 389
[Mon May 25 10:25:02.101423 2026] [wsgi:error] [pid 9:tid 140302632150720] [remote 10.0.0.179:34454] 2026-05-25 10:25:02.101 9 WARNING keystone.common.rbac_enforcer.enforcer [None req-9ff15548-e2bf-4ad1-98d7-0031ae333623 3f21d94b9f3742dfa5b97c08267f29a7 aafcb8293ccc460897abde8aa24ab76e - - default default] Deprecated policy rules found. Use oslopolicy-policy-generator and oslopolicy-policy-upgrade to detect and resolve deprecated policies in your configuration. 10.0.0.179 - - [25/May/2026:10:25:01 +0000] "GET /v3/users/admin-RegionOne HTTP/1.1" 404 93
[Mon May 25 10:25:02.327600 2026] [wsgi:error] [pid 10:tid 140302632150720] [remote 10.0.0.179:34454] 2026-05-25 10:25:02.327 10 WARNING keystone.common.rbac_enforcer.enforcer [None req-03a2cbb0-ea90-42dd-b322-020cbd0e4baf 3f21d94b9f3742dfa5b97c08267f29a7 aafcb8293ccc460897abde8aa24ab76e - - default default] Deprecated policy rules found. Use oslopolicy-policy-generator and oslopolicy-policy-upgrade to detect and resolve deprecated policies in your configuration. 10.0.0.179 - - [25/May/2026:10:25:02 +0000] "GET /v3/users?name=admin-RegionOne HTTP/1.1" 200 422
[Mon May 25 10:25:02.625058 2026] [wsgi:error] [pid 11:tid 140302632150720] [remote 10.0.0.179:34454] 2026-05-25 10:25:02.624 11 WARNING keystone.common.rbac_enforcer.enforcer [None req-3439f166-64f7-4f04-aa71-99332718e4aa 3f21d94b9f3742dfa5b97c08267f29a7 aafcb8293ccc460897abde8aa24ab76e - - default default] Deprecated policy rules found. Use oslopolicy-policy-generator and oslopolicy-policy-upgrade to detect and resolve deprecated policies in your configuration. 10.0.0.179 - - [25/May/2026:10:25:02 +0000] "GET /v3/domains/default HTTP/1.1" 200 224 10.0.0.179 - - [25/May/2026:10:25:02 +0000] "PUT /v3/domains/default/users/3f21d94b9f3742dfa5b97c08267f29a7/roles/38ea4ea8cc164e9fade2ee88c8f04dd5 HTTP/1.1" 204 - 10.0.0.138 - - [25/May/2026:10:25:11 +0000] "GET / HTTP/1.1" 300 280 10.0.0.138 - - [25/May/2026:10:25:12 +0000] "GET /v3 HTTP/1.1" 200 265
[Mon May 25 10:25:12.575795 2026] [wsgi:error] [pid 11:tid 140302632150720] [remote 10.0.0.138:40356] 2026-05-25 10:25:12.575 11 WARNING keystone.common.password_hashing [None req-66afa03b-2f8f-4af0-b026-5b61c1ac6168 - - - - - -] Truncating password to algorithm specific maximum length 72 characters.
[Mon May 25 10:25:12.858409 2026] [wsgi:error] [pid 11:tid 140302632150720] [remote 10.0.0.138:40356] 2026-05-25 10:25:12.858 11 WARNING keystone.common.fernet_utils [None req-66afa03b-2f8f-4af0-b026-5b61c1ac6168 - - - - - -] key_repository is world readable: /etc/keystone/fernet-keys/ 10.0.0.138 - - [25/May/2026:10:25:12 +0000] "POST /v3/auth/tokens HTTP/1.1" 201 1359 10.0.0.138 - - [25/May/2026:10:25:12 +0000] "GET / HTTP/1.1" 300 280 10.0.0.138 - - [25/May/2026:10:25:12 +0000] "GET /v3/domains/atmosphere HTTP/1.1" 404 90 10.0.0.138 - - [25/May/2026:10:25:12 +0000] "GET /v3/domains?name=atmosphere HTTP/1.1" 200 368 10.0.0.138 - - [25/May/2026:10:25:13 +0000] "GET /v3/domains/91930954847a4516924f790d270887d7 HTTP/1.1" 200 246 10.0.0.138 - - [25/May/2026:10:25:13 +0000] "GET /v3 HTTP/1.1" 200 265
[Mon May 25 10:25:14.045169 2026] [wsgi:error] [pid 9:tid 140302632150720] [remote 10.0.0.138:40370] 2026-05-25 10:25:14.044 9 WARNING keystone.common.password_hashing [None req-3b07856f-2008-409b-9fe7-befce24ba7b6 - - - - - -] Truncating password to algorithm specific maximum length 72 characters.
[Mon May 25 10:25:14.359049 2026] [wsgi:error] [pid 9:tid 140302632150720] [remote 10.0.0.138:40370] 2026-05-25 10:25:14.358 9 WARNING keystone.common.fernet_utils [None req-3b07856f-2008-409b-9fe7-befce24ba7b6 - - - - - -] key_repository is world readable: /etc/keystone/fernet-keys/ 10.0.0.138 - - [25/May/2026:10:25:13 +0000] "POST /v3/auth/tokens HTTP/1.1" 201 1359 10.0.0.138 - - [25/May/2026:10:25:14 +0000] "GET / HTTP/1.1" 300 280 10.0.0.138 - - [25/May/2026:10:25:14 +0000] "GET /v3/OS-FEDERATION/identity_providers/atmosphere HTTP/1.1" 404 101 10.0.0.138 - - [25/May/2026:10:25:14 +0000] "GET /v3/OS-FEDERATION/identity_providers HTTP/1.1" 200 155 10.0.0.138 - - [25/May/2026:10:25:14 +0000] "PUT /v3/OS-FEDERATION/identity_providers/atmosphere HTTP/1.1" 201 340 10.0.0.138 - - [25/May/2026:10:25:15 +0000] "GET /v3 HTTP/1.1" 200 265
[Mon May 25 10:25:15.418325 2026] [wsgi:error] [pid 11:tid 140302632150720] [remote 10.0.0.138:40370] 2026-05-25 10:25:15.418 11 WARNING keystone.common.password_hashing [None req-ec44992b-aebb-40f9-ad04-a43a342a7354 - - - - - -] Truncating password to algorithm specific maximum length 72 characters.
[Mon May 25 10:25:15.698598 2026] [wsgi:error] [pid 11:tid 140302632150720] [remote 10.0.0.138:40370] 2026-05-25 10:25:15.698 11 WARNING keystone.common.fernet_utils [None req-ec44992b-aebb-40f9-ad04-a43a342a7354 - - - - - -] key_repository is world readable: /etc/keystone/fernet-keys/ 10.0.0.138 - - [25/May/2026:10:25:15 +0000] "POST /v3/auth/tokens HTTP/1.1" 201 1359 10.0.0.138 - - [25/May/2026:10:25:15 +0000] "GET / HTTP/1.1" 300 280 10.0.0.138 - - [25/May/2026:10:25:15 +0000] "GET /v3/OS-FEDERATION/mappings/atmosphere-openid HTTP/1.1" 404 98 10.0.0.138 - - [25/May/2026:10:25:15 +0000] "GET /v3/OS-FEDERATION/mappings HTTP/1.1" 200 135 10.0.0.138 - - [25/May/2026:10:25:15 +0000] "PUT /v3/OS-FEDERATION/mappings/atmosphere-openid HTTP/1.1" 201 356 10.0.0.138 - - [25/May/2026:10:25:16 +0000] "GET /v3 HTTP/1.1" 200 265
[Mon May 25 10:25:16.610882 2026] [wsgi:error] [pid 9:tid 140302632150720] [remote 10.0.0.138:40370] 2026-05-25 10:25:16.610 9 WARNING keystone.common.password_hashing [None req-eddd979a-2a4e-49fd-9747-10d62bfc685c - - - - - -] Truncating password to algorithm specific maximum length 72 characters.
[Mon May 25 10:25:16.892431 2026] [wsgi:error] [pid 9:tid 140302632150720] [remote 10.0.0.138:40370] 2026-05-25 10:25:16.892 9 WARNING keystone.common.fernet_utils [None req-eddd979a-2a4e-49fd-9747-10d62bfc685c - - - - - -] key_repository is world readable: /etc/keystone/fernet-keys/ 10.0.0.138 - - [25/May/2026:10:25:16 +0000] "POST /v3/auth/tokens HTTP/1.1" 201 1359 10.0.0.138 - - [25/May/2026:10:25:16 +0000] "GET / HTTP/1.1" 300 280 10.0.0.138 - - [25/May/2026:10:25:16 +0000] "GET /v3/OS-FEDERATION/identity_providers/atmosphere/protocols/openid?idp_id=atmosphere HTTP/1.1" 404 131 10.0.0.138 - - [25/May/2026:10:25:16 +0000] "GET /v3/OS-FEDERATION/identity_providers/atmosphere/protocols HTTP/1.1" 200 167 10.0.0.138 - - [25/May/2026:10:25:16 +0000] "PUT /v3/OS-FEDERATION/identity_providers/atmosphere/protocols/openid HTTP/1.1" 201 222 10.0.0.138 - - [25/May/2026:10:25:23 +0000] "GET /v3/ HTTP/1.1" 200 249 10.0.0.138 - - [25/May/2026:10:25:23 +0000] "GET /v3/ HTTP/1.1" 200 249 10.0.0.138 - - [25/May/2026:10:26:23 +0000] "GET /v3/ HTTP/1.1" 200 249 10.0.0.138 - - [25/May/2026:10:26:23 +0000] "GET /v3/ HTTP/1.1" 200 249 10.0.0.217 - - [25/May/2026:10:26:47 +0000] "GET / HTTP/1.1" 300 295
[Mon May 25 10:26:47.209641 2026] [wsgi:error] [pid 10:tid 140302632150720] [remote 10.0.0.217:44254] 2026-05-25 10:26:47.209 10 WARNING keystone.common.password_hashing [None req-79363cab-23c6-4a57-b3c9-1098f40c0331 - - - - - -] Truncating password to algorithm specific maximum length 72 characters.
[Mon May 25 10:26:47.491544 2026] [wsgi:error] [pid 10:tid 140302632150720] [remote 10.0.0.217:44254] 2026-05-25 10:26:47.491 10 WARNING keystone.common.fernet_utils [None req-79363cab-23c6-4a57-b3c9-1098f40c0331 - - - - - -] key_repository is world readable: /etc/keystone/fernet-keys/ 10.0.0.217 - - [25/May/2026:10:26:47 +0000] "POST /v3/auth/tokens HTTP/1.1" 201 1359 10.0.0.217 - - [25/May/2026:10:26:47 +0000] "GET /v3/services HTTP/1.1" 200 355 10.0.0.217 - - [25/May/2026:10:26:51 +0000] "GET / HTTP/1.1" 300 295
[Mon May 25 10:26:51.319104 2026] [wsgi:error] [pid 11:tid 140302632150720] [remote 10.0.0.217:44258] 2026-05-25 10:26:51.318 11 WARNING keystone.common.password_hashing [None req-9665cbf0-9f1c-4486-b148-0a9936997aca - - - - - -] Truncating password to algorithm specific maximum length 72 characters.
[Mon May 25 10:26:51.602554 2026] [wsgi:error] [pid 11:tid 140302632150720] [remote 10.0.0.217:44258] 2026-05-25 10:26:51.602 11 WARNING keystone.common.fernet_utils [None req-9665cbf0-9f1c-4486-b148-0a9936997aca - - - - - -] key_repository is world readable: /etc/keystone/fernet-keys/ 10.0.0.217 - - [25/May/2026:10:26:51 +0000] "POST /v3/auth/tokens HTTP/1.1" 201 1359 10.0.0.217 - - [25/May/2026:10:26:51 +0000] "GET /v3/services HTTP/1.1" 200 355 10.0.0.217 - - [25/May/2026:10:26:55 +0000] "GET / HTTP/1.1" 300 295
[Mon May 25 10:26:55.295976 2026] [wsgi:error] [pid 9:tid 140302632150720] [remote 10.0.0.217:44270] 2026-05-25 10:26:55.295 9 WARNING keystone.common.password_hashing [None req-92752f4f-31f0-4e2d-a1b2-1160fc5a0b92 - - - - - -] Truncating password to algorithm specific maximum length 72 characters.
[Mon May 25 10:26:55.578991 2026] [wsgi:error] [pid 9:tid 140302632150720] [remote 10.0.0.217:44270] 2026-05-25 10:26:55.578 9 WARNING keystone.common.fernet_utils [None req-92752f4f-31f0-4e2d-a1b2-1160fc5a0b92 - - - - - -] key_repository is world readable: /etc/keystone/fernet-keys/ 10.0.0.217 - - [25/May/2026:10:26:55 +0000] "POST /v3/auth/tokens HTTP/1.1" 201 1359 10.0.0.217 - - [25/May/2026:10:26:55 +0000] "GET /v3/services HTTP/1.1" 200 355 10.0.0.217 - - [25/May/2026:10:26:59 +0000] "GET / HTTP/1.1" 300 295
[Mon May 25 10:26:59.193419 2026] [wsgi:error] [pid 12:tid 140302632150720] [remote 10.0.0.217:60010] 2026-05-25 10:26:59.193 12 WARNING keystone.common.password_hashing [None req-c3290947-fc97-4be2-a727-c3e50cb9cc66 - - - - - -] Truncating password to algorithm specific maximum length 72 characters.
[Mon May 25 10:26:59.473273 2026] [wsgi:error] [pid 12:tid 140302632150720] [remote 10.0.0.217:60010] 2026-05-25 10:26:59.473 12 WARNING keystone.common.fernet_utils [None req-c3290947-fc97-4be2-a727-c3e50cb9cc66 - - - - - -] key_repository is world readable: /etc/keystone/fernet-keys/ 10.0.0.217 - - [25/May/2026:10:26:59 +0000] "POST /v3/auth/tokens HTTP/1.1" 201 1359 10.0.0.217 - - [25/May/2026:10:26:59 +0000] "POST /v3/services HTTP/1.1" 201 296 10.0.0.115 - - [25/May/2026:10:27:12 +0000] "GET / HTTP/1.1" 300 295
[Mon May 25 10:27:12.068844 2026] [wsgi:error] [pid 10:tid 140302632150720] [remote 10.0.0.115:36454] 2026-05-25 10:27:12.067 10 WARNING keystone.common.password_hashing [None req-1c72a80b-7bca-4197-95a6-26a39bbe8a7e - - - - - -] Truncating password to algorithm specific maximum length 72 characters. 10.0.0.115 - - [25/May/2026:10:27:12 +0000] "GET / HTTP/1.1" 300 295
[Mon May 25 10:27:12.362950 2026] [wsgi:error] [pid 9:tid 140302632150720] [remote 10.0.0.115:36458] 2026-05-25 10:27:12.362 9 WARNING keystone.common.password_hashing [None req-6ecee643-49e1-43f2-899b-b2cff9eef648 - - - - - -] Truncating password to algorithm specific maximum length 72 characters.
[Mon May 25 10:27:12.364303 2026] [wsgi:error] [pid 10:tid 140302632150720] [remote 10.0.0.115:36454] 2026-05-25 10:27:12.364 10 WARNING keystone.common.fernet_utils [None req-1c72a80b-7bca-4197-95a6-26a39bbe8a7e - - - - - -] key_repository is world readable: /etc/keystone/fernet-keys/ 10.0.0.115 - - [25/May/2026:10:27:12 +0000] "POST /v3/auth/tokens HTTP/1.1" 201 1463 10.0.0.115 - - [25/May/2026:10:27:12 +0000] "GET / HTTP/1.1" 300 295
[Mon May 25 10:27:12.467317 2026] [wsgi:error] [pid 12:tid 140302632150720] [remote 10.0.0.115:36472] 2026-05-25 10:27:12.467 12 WARNING keystone.common.password_hashing [None req-561f523d-044a-427f-88fc-60e4067bffe0 - - - - - -] Truncating password to algorithm specific maximum length 72 characters. 10.0.0.115 - - [25/May/2026:10:27:12 +0000] "GET /v3/services HTTP/1.1" 200 639
[Mon May 25 10:27:12.653309 2026] [wsgi:error] [pid 9:tid 140302632150720] [remote 10.0.0.115:36458] 2026-05-25 10:27:12.653 9 WARNING keystone.common.fernet_utils [None req-6ecee643-49e1-43f2-899b-b2cff9eef648 - - - - - -] key_repository is world readable: /etc/keystone/fernet-keys/ 10.0.0.115 - - [25/May/2026:10:27:12 +0000] "POST /v3/auth/tokens HTTP/1.1" 201 1463
[Mon May 25 10:27:12.749199 2026] [wsgi:error] [pid 12:tid 140302632150720] [remote 10.0.0.115:36472] 2026-05-25 10:27:12.748 12 WARNING keystone.common.fernet_utils [None req-561f523d-044a-427f-88fc-60e4067bffe0 - - - - - -] key_repository is world readable: /etc/keystone/fernet-keys/ 10.0.0.115 - - [25/May/2026:10:27:12 +0000] "POST /v3/auth/tokens HTTP/1.1" 201 1463 10.0.0.115 - - [25/May/2026:10:27:12 +0000] "GET /v3/services HTTP/1.1" 200 639 10.0.0.115 - - [25/May/2026:10:27:12 +0000] "GET /v3/services HTTP/1.1" 200 639 10.0.0.115 - - [25/May/2026:10:27:14 +0000] "GET / HTTP/1.1" 300 295
[Mon May 25 10:27:14.174044 2026] [wsgi:error] [pid 12:tid 140302632150720] [remote 10.0.0.115:36478] 2026-05-25 10:27:14.173 12 WARNING keystone.common.password_hashing [None req-72f1be65-fbb5-4013-8093-13882f69c0c2 - - - - - -] Truncating password to algorithm specific maximum length 72 characters. 10.0.0.115 - - [25/May/2026:10:27:14 +0000] "GET / HTTP/1.1" 300 295
[Mon May 25 10:27:14.399978 2026] [wsgi:error] [pid 10:tid 140302632150720] [remote 10.0.0.115:36492] 2026-05-25 10:27:14.399 10 WARNING keystone.common.password_hashing [None req-4db59476-8978-4cc7-954a-460a7050e2b5 - - - - - -] Truncating password to algorithm specific maximum length 72 characters.
[Mon May 25 10:27:14.460389 2026] [wsgi:error] [pid 12:tid 140302632150720] [remote 10.0.0.115:36478] 2026-05-25 10:27:14.460 12 WARNING keystone.common.fernet_utils [None req-72f1be65-fbb5-4013-8093-13882f69c0c2 - - - - - -] key_repository is world readable: /etc/keystone/fernet-keys/ 10.0.0.115 - - [25/May/2026:10:27:14 +0000] "POST /v3/auth/tokens HTTP/1.1" 201 1463 10.0.0.115 - - [25/May/2026:10:27:14 +0000] "GET / HTTP/1.1" 300 295
[Mon May 25 10:27:14.496595 2026] [wsgi:error] [pid 11:tid 140302632150720] [remote 10.0.0.115:36502] 2026-05-25 10:27:14.496 11 WARNING keystone.common.password_hashing [None req-4590a536-6095-4beb-b80f-7e0fdfb3d82b - - - - - -] Truncating password to algorithm specific maximum length 72 characters. 10.0.0.115 - - [25/May/2026:10:27:14 +0000] "GET /v3/endpoints HTTP/1.1" 200 1226 10.0.0.115 - - [25/May/2026:10:27:14 +0000] "GET /v3/services/d5ba0fd0c29945088439473c5fd843bc HTTP/1.1" 200 233 10.0.0.115 - - [25/May/2026:10:27:14 +0000] "GET /v3/services/d5ba0fd0c29945088439473c5fd843bc HTTP/1.1" 200 233 10.0.0.115 - - [25/May/2026:10:27:14 +0000] "GET /v3/services/d5ba0fd0c29945088439473c5fd843bc HTTP/1.1" 200 233
[Mon May 25 10:27:14.693307 2026] [wsgi:error] [pid 10:tid 140302632150720] [remote 10.0.0.115:36492] 2026-05-25 10:27:14.693 10 WARNING keystone.common.fernet_utils [None req-4db59476-8978-4cc7-954a-460a7050e2b5 - - - - - -] key_repository is world readable: /etc/keystone/fernet-keys/ 10.0.0.115 - - [25/May/2026:10:27:14 +0000] "POST /v3/auth/tokens HTTP/1.1" 201 1463
[Mon May 25 10:27:14.787629 2026] [wsgi:error] [pid 11:tid 140302632150720] [remote 10.0.0.115:36502] 2026-05-25 10:27:14.787 11 WARNING keystone.common.fernet_utils [None req-4590a536-6095-4beb-b80f-7e0fdfb3d82b - - - - - -] key_repository is world readable: /etc/keystone/fernet-keys/ 10.0.0.115 - - [25/May/2026:10:27:14 +0000] "POST /v3/auth/tokens HTTP/1.1" 201 1463 10.0.0.115 - - [25/May/2026:10:27:14 +0000] "GET /v3/endpoints HTTP/1.1" 200 1226 10.0.0.115 - - [25/May/2026:10:27:14 +0000] "GET /v3/services/d5ba0fd0c29945088439473c5fd843bc HTTP/1.1" 200 233 10.0.0.115 - - [25/May/2026:10:27:14 +0000] "GET /v3/services/d5ba0fd0c29945088439473c5fd843bc HTTP/1.1" 200 233 10.0.0.115 - - [25/May/2026:10:27:14 +0000] "GET /v3/services/d5ba0fd0c29945088439473c5fd843bc HTTP/1.1" 200 233 10.0.0.115 - - [25/May/2026:10:27:14 +0000] "GET /v3/endpoints HTTP/1.1" 200 1226 10.0.0.115 - - [25/May/2026:10:27:14 +0000] "GET /v3/services/d5ba0fd0c29945088439473c5fd843bc HTTP/1.1" 200 233 10.0.0.115 - - [25/May/2026:10:27:14 +0000] "GET /v3/services/d5ba0fd0c29945088439473c5fd843bc HTTP/1.1" 200 233 10.0.0.115 - - [25/May/2026:10:27:14 +0000] "GET /v3/services/d5ba0fd0c29945088439473c5fd843bc HTTP/1.1" 200 233 10.0.0.115 - - [25/May/2026:10:27:16 +0000] "GET / HTTP/1.1" 300 295
[Mon May 25 10:27:16.294342 2026] [wsgi:error] [pid 9:tid 140302632150720] [remote 10.0.0.115:42674] 2026-05-25 10:27:16.294 9 WARNING keystone.common.password_hashing [None req-4c26a46b-26b5-4241-ab9b-6b8e398a8ea2 - - - - - -] Truncating password to algorithm specific maximum length 72 characters. 10.0.0.115 - - [25/May/2026:10:27:16 +0000] "GET / HTTP/1.1" 300 295 10.0.0.115 - - [25/May/2026:10:27:16 +0000] "GET / HTTP/1.1" 300 295
[Mon May 25 10:27:16.566623 2026] [wsgi:error] [pid 11:tid 140302632150720] [remote 10.0.0.115:42684] 2026-05-25 10:27:16.566 11 WARNING keystone.common.password_hashing [None req-200a036a-0aa1-4f03-be58-b2d8ee0e0a2d - - - - - -] Truncating password to algorithm specific maximum length 72 characters.
[Mon May 25 10:27:16.572755 2026] [wsgi:error] [pid 10:tid 140302632150720] [remote 10.0.0.115:42696] 2026-05-25 10:27:16.572 10 WARNING keystone.common.password_hashing [None req-0ee0e693-a593-4465-8c54-25e41dcbb0a7 - - - - - -] Truncating password to algorithm specific maximum length 72 characters.
[Mon May 25 10:27:16.595202 2026] [wsgi:error] [pid 9:tid 140302632150720] [remote 10.0.0.115:42674] 2026-05-25 10:27:16.594 9 WARNING keystone.common.fernet_utils [None req-4c26a46b-26b5-4241-ab9b-6b8e398a8ea2 - - - - - -] key_repository is world readable: /etc/keystone/fernet-keys/ 10.0.0.115 - - [25/May/2026:10:27:16 +0000] "POST /v3/auth/tokens HTTP/1.1" 201 1463 10.0.0.115 - - [25/May/2026:10:27:16 +0000] "GET /v3/services/c918ec68a255413fab44e0e2f3910100 HTTP/1.1" 200 296 10.0.0.115 - - [25/May/2026:10:27:16 +0000] "GET /v3/regions/RegionOne HTTP/1.1" 200 173 10.0.0.115 - - [25/May/2026:10:27:16 +0000] "POST /v3/endpoints HTTP/1.1" 201 380
[Mon May 25 10:27:16.843403 2026] [wsgi:error] [pid 10:tid 140302632150720] [remote 10.0.0.115:42696] 2026-05-25 10:27:16.843 10 WARNING keystone.common.fernet_utils [None req-0ee0e693-a593-4465-8c54-25e41dcbb0a7 - - - - - -] key_repository is world readable: /etc/keystone/fernet-keys/
[Mon May 25 10:27:16.845157 2026] [wsgi:error] [pid 11:tid 140302632150720] [remote 10.0.0.115:42684] 2026-05-25 10:27:16.844 11 WARNING keystone.common.fernet_utils [None req-200a036a-0aa1-4f03-be58-b2d8ee0e0a2d - - - - - -] key_repository is world readable: /etc/keystone/fernet-keys/ 10.0.0.115 - - [25/May/2026:10:27:16 +0000] "POST /v3/auth/tokens HTTP/1.1" 201 1640 10.0.0.115 - - [25/May/2026:10:27:16 +0000] "POST /v3/auth/tokens HTTP/1.1" 201 1640 10.0.0.115 - - [25/May/2026:10:27:16 +0000] "GET /v3/services/c918ec68a255413fab44e0e2f3910100 HTTP/1.1" 200 296 10.0.0.115 - - [25/May/2026:10:27:16 +0000] "GET /v3/services/c918ec68a255413fab44e0e2f3910100 HTTP/1.1" 200 296 10.0.0.115 - - [25/May/2026:10:27:16 +0000] "GET /v3/regions/RegionOne HTTP/1.1" 200 173 10.0.0.115 - - [25/May/2026:10:27:17 +0000] "GET /v3/regions/RegionOne HTTP/1.1" 200 173 10.0.0.115 - - [25/May/2026:10:27:17 +0000] "POST /v3/endpoints HTTP/1.1" 201 383 10.0.0.115 - - [25/May/2026:10:27:17 +0000] "POST /v3/endpoints HTTP/1.1" 201 369 10.0.0.115 - - [25/May/2026:10:27:18 +0000] "GET / HTTP/1.1" 300 295
[Mon May 25 10:27:18.413291 2026] [wsgi:error] [pid 10:tid 140302632150720] [remote 10.0.0.115:42708] 2026-05-25 10:27:18.413 10 WARNING keystone.common.password_hashing [None req-f3e603e6-c204-4edb-8bdb-5008f82123b4 - - - - - -] Truncating password to algorithm specific maximum length 72 characters. 10.0.0.115 - - [25/May/2026:10:27:18 +0000] "GET / HTTP/1.1" 300 295
[Mon May 25 10:27:18.678541 2026] [wsgi:error] [pid 11:tid 140302632150720] [remote 10.0.0.115:42724] 2026-05-25 10:27:18.678 11 WARNING keystone.common.password_hashing [None req-de245bd6-06cc-4788-a56a-1918e86576e2 - - - - - -] Truncating password to algorithm specific maximum length 72 characters.
[Mon May 25 10:27:18.688132 2026] [wsgi:error] [pid 10:tid 140302632150720] [remote 10.0.0.115:42708] 2026-05-25 10:27:18.687 10 WARNING keystone.common.fernet_utils [None req-f3e603e6-c204-4edb-8bdb-5008f82123b4 - - - - - -] key_repository is world readable: /etc/keystone/fernet-keys/ 10.0.0.115 - - [25/May/2026:10:27:18 +0000] "POST /v3/auth/tokens HTTP/1.1" 201 1990 10.0.0.115 - - [25/May/2026:10:27:18 +0000] "GET / HTTP/1.1" 300 295 10.0.0.115 - - [25/May/2026:10:27:18 +0000] "GET /v3/endpoints/ccf064e34bf040febe83a9a7e2c8cbad HTTP/1.1" 200 380
[Mon May 25 10:27:18.843493 2026] [wsgi:error] [pid 10:tid 140302632150720] [remote 10.0.0.115:42728] 2026-05-25 10:27:18.843 10 WARNING keystone.common.password_hashing [None req-56d20380-8998-4a91-bf8a-0a84a7f0ba06 - - - - - -] Truncating password to algorithm specific maximum length 72 characters. 10.0.0.115 - - [25/May/2026:10:27:18 +0000] "GET /v3/services/c918ec68a255413fab44e0e2f3910100 HTTP/1.1" 200 296
[Mon May 25 10:27:18.955893 2026] [wsgi:error] [pid 11:tid 140302632150720] [remote 10.0.0.115:42724] 2026-05-25 10:27:18.955 11 WARNING keystone.common.fernet_utils [None req-de245bd6-06cc-4788-a56a-1918e86576e2 - - - - - -] key_repository is world readable: /etc/keystone/fernet-keys/ 10.0.0.115 - - [25/May/2026:10:27:18 +0000] "POST /v3/auth/tokens HTTP/1.1" 201 1990 10.0.0.115 - - [25/May/2026:10:27:19 +0000] "GET /v3/endpoints/24eab2f81135457d8bcc4890cdaa0a5a HTTP/1.1" 200 383 10.0.0.115 - - [25/May/2026:10:27:19 +0000] "GET /v3/services/c918ec68a255413fab44e0e2f3910100 HTTP/1.1" 200 296
[Mon May 25 10:27:19.134462 2026] [wsgi:error] [pid 10:tid 140302632150720] [remote 10.0.0.115:42728] 2026-05-25 10:27:19.134 10 WARNING keystone.common.fernet_utils [None req-56d20380-8998-4a91-bf8a-0a84a7f0ba06 - - - - - -] key_repository is world readable: /etc/keystone/fernet-keys/ 10.0.0.115 - - [25/May/2026:10:27:18 +0000] "POST /v3/auth/tokens HTTP/1.1" 201 1990 10.0.0.115 - - [25/May/2026:10:27:19 +0000] "GET /v3/endpoints/b60a3fa36dce42c480ca14b4ff32f0ce HTTP/1.1" 200 369 10.0.0.115 - - [25/May/2026:10:27:19 +0000] "GET /v3/services/c918ec68a255413fab44e0e2f3910100 HTTP/1.1" 200 296 10.0.0.138 - - [25/May/2026:10:27:23 +0000] "GET /v3/ HTTP/1.1" 200 249 10.0.0.138 - - [25/May/2026:10:27:23 +0000] "GET /v3/ HTTP/1.1" 200 249 10.0.0.151 - - [25/May/2026:10:27:30 +0000] "GET / HTTP/1.1" 300 295
[Mon May 25 10:27:30.197790 2026] [wsgi:error] [pid 12:tid 140302632150720] [remote 10.0.0.151:53578] 2026-05-25 10:27:30.197 12 WARNING keystone.common.password_hashing [None req-f211dd6f-48e5-40e1-bfde-d9392ea435b9 - - - - - -] Truncating password to algorithm specific maximum length 72 characters.
[Mon May 25 10:27:30.492933 2026] [wsgi:error] [pid 12:tid 140302632150720] [remote 10.0.0.151:53578] 2026-05-25 10:27:30.492 12 WARNING keystone.common.fernet_utils [None req-f211dd6f-48e5-40e1-bfde-d9392ea435b9 - - - - - -] key_repository is world readable: /etc/keystone/fernet-keys/ 10.0.0.151 - - [25/May/2026:10:27:30 +0000] "POST /v3/auth/tokens HTTP/1.1" 201 1990 10.0.0.151 - - [25/May/2026:10:27:30 +0000] "POST /v3/domains HTTP/1.1" 201 284 10.0.0.151 - - [25/May/2026:10:27:32 +0000] "GET / HTTP/1.1" 300 295
[Mon May 25 10:27:32.123518 2026] [wsgi:error] [pid 11:tid 140302632150720] [remote 10.0.0.151:53582] 2026-05-25 10:27:32.123 11 WARNING keystone.common.password_hashing [None req-98dbe2f7-b227-4853-bf48-dde9b8b54b49 - - - - - -] Truncating password to algorithm specific maximum length 72 characters.
[Mon May 25 10:27:32.393729 2026] [wsgi:error] [pid 11:tid 140302632150720] [remote 10.0.0.151:53582] 2026-05-25 10:27:32.393 11 WARNING keystone.common.fernet_utils [None req-98dbe2f7-b227-4853-bf48-dde9b8b54b49 - - - - - -] key_repository is world readable: /etc/keystone/fernet-keys/ 10.0.0.151 - - [25/May/2026:10:27:32 +0000] "POST /v3/auth/tokens HTTP/1.1" 201 1990
[Mon May 25 10:27:32.597363 2026] [wsgi:error] [pid 12:tid 140302632150720] [remote 10.0.0.151:53582] 2026-05-25 10:27:32.581 12 ERROR keystone.server.flask.application [None req-84efad3f-1fa7-46bc-a70a-2cd87cd21da9 3f21d94b9f3742dfa5b97c08267f29a7 aafcb8293ccc460897abde8aa24ab76e - - default default] Conflict occurred attempting to store project - it is not permitted to have two projects acting as domains with the same name: service.: keystone.exception.Conflict: Conflict occurred attempting to store project - it is not permitted to have two projects acting as domains with the same name: service.
[Mon May 25 10:27:32.597428 2026] [wsgi:error] [pid 12:tid 140302632150720] [remote 10.0.0.151:53582] 2026-05-25 10:27:32.581 12 ERROR keystone.server.flask.application
Traceback (most recent call last):
[Mon May 25 10:27:32.597435 2026] [wsgi:error] [pid 12:tid 140302632150720] [remote 10.0.0.151:53582] 2026-05-25 10:27:32.581 12 ERROR keystone.server.flask.application
File "/var/lib/openstack/lib/python3.12/site-packages/sqlalchemy/engine/base.py", line 1967, in _exec_single_context
[Mon May 25 10:27:32.597439 2026] [wsgi:error] [pid 12:tid 140302632150720] [remote 10.0.0.151:53582] 2026-05-25 10:27:32.581 12 ERROR keystone.server.flask.application self.dialect.do_execute(
[Mon May 25 10:27:32.597442 2026] [wsgi:error] [pid 12:tid 140302632150720] [remote 10.0.0.151:53582] 2026-05-25 10:27:32.581 12 ERROR keystone.server.flask.application
File "/var/lib/openstack/lib/python3.12/site-packages/sqlalchemy/engine/default.py", line 952, in do_execute
[Mon May 25 10:27:32.597446 2026] [wsgi:error] [pid 12:tid 140302632150720] [remote 10.0.0.151:53582] 2026-05-25 10:27:32.581 12 ERROR keystone.server.flask.application cursor.execute(statement, parameters)
[Mon May 25 10:27:32.597450 2026] [wsgi:error] [pid 12:tid 140302632150720] [remote 10.0.0.151:53582] 2026-05-25 10:27:32.581 12 ERROR keystone.server.flask.application
File "/var/lib/openstack/lib/python3.12/site-packages/pymysql/cursors.py", line 157, in execute
[Mon May 25 10:27:32.597453 2026] [wsgi:error] [pid 12:tid 140302632150720] [remote 10.0.0.151:53582] 2026-05-25 10:27:32.581 12 ERROR keystone.server.flask.application result = self._query(query)
[Mon May 25 10:27:32.597456 2026] [wsgi:error] [pid 12:tid 140302632150720] [remote 10.0.0.151:53582] 2026-05-25 10:27:32.581 12 ERROR keystone.server.flask.application ^^^^^^^^^^^^^^^^^^
[Mon May 25 10:27:32.597459 2026] [wsgi:error] [pid 12:tid 140302632150720] [remote 10.0.0.151:53582] 2026-05-25 10:27:32.581 12 ERROR keystone.server.flask.application
File "/var/lib/openstack/lib/python3.12/site-packages/pymysql/cursors.py", line 328, in _query
[Mon May 25 10:27:32.597463 2026] [wsgi:error] [pid 12:tid 140302632150720] [remote 10.0.0.151:53582] 2026-05-25 10:27:32.581 12 ERROR keystone.server.flask.application conn.query(q)
[Mon May 25 10:27:32.597466 2026] [wsgi:error] [pid 12:tid 140302632150720] [remote 10.0.0.151:53582] 2026-05-25 10:27:32.581 12 ERROR keystone.server.flask.application
File "/var/lib/openstack/lib/python3.12/site-packages/pymysql/connections.py", line 575, in query
[Mon May 25 10:27:32.597470 2026] [wsgi:error] [pid 12:tid 140302632150720] [remote 10.0.0.151:53582] 2026-05-25 10:27:32.581 12 ERROR keystone.server.flask.application self._affected_rows = self._read_query_result(unbuffered=unbuffered)
[Mon May 25 10:27:32.597473 2026] [wsgi:error] [pid 12:tid 140302632150720] [remote 10.0.0.151:53582] 2026-05-25 10:27:32.581 12 ERROR keystone.server.flask.application ^^^^^^^^^^^^^^^^^^^^^^^^^^^^^^^^^^^^^^^^^^^^^^
[Mon May 25 10:27:32.597476 2026] [wsgi:error] [pid 12:tid 140302632150720] [remote 10.0.0.151:53582] 2026-05-25 10:27:32.581 12 ERROR keystone.server.flask.application
File "/var/lib/openstack/lib/python3.12/site-packages/pymysql/connections.py", line 826, in _read_query_result
[Mon May 25 10:27:32.597479 2026] [wsgi:error] [pid 12:tid 140302632150720] [remote 10.0.0.151:53582] 2026-05-25 10:27:32.581 12 ERROR keystone.server.flask.application result.read()
[Mon May 25 10:27:32.597492 2026] [wsgi:error] [pid 12:tid 140302632150720] [remote 10.0.0.151:53582] 2026-05-25 10:27:32.581 12 ERROR keystone.server.flask.application
File "/var/lib/openstack/lib/python3.12/site-packages/pymysql/connections.py", line 1203, in read
[Mon May 25 10:27:32.597495 2026] [wsgi:error] [pid 12:tid 140302632150720] [remote 10.0.0.151:53582] 2026-05-25 10:27:32.581 12 ERROR keystone.server.flask.application first_packet = self.connection._read_packet()
[Mon May 25 10:27:32.597498 2026] [wsgi:error] [pid 12:tid 140302632150720] [remote 10.0.0.151:53582] 2026-05-25 10:27:32.581 12 ERROR keystone.server.flask.application ^^^^^^^^^^^^^^^^^^^^^^^^^^^^^^
[Mon May 25 10:27:32.597501 2026] [wsgi:error] [pid 12:tid 140302632150720] [remote 10.0.0.151:53582] 2026-05-25 10:27:32.581 12 ERROR keystone.server.flask.application
File "/var/lib/openstack/lib/python3.12/site-packages/pymysql/connections.py", line 782, in _read_packet
[Mon May 25 10:27:32.597504 2026] [wsgi:error] [pid 12:tid 140302632150720] [remote 10.0.0.151:53582] 2026-05-25 10:27:32.581 12 ERROR keystone.server.flask.application packet.raise_for_error()
[Mon May 25 10:27:32.597507 2026] [wsgi:error] [pid 12:tid 140302632150720] [remote 10.0.0.151:53582] 2026-05-25 10:27:32.581 12 ERROR keystone.server.flask.application
File "/var/lib/openstack/lib/python3.12/site-packages/pymysql/protocol.py", line 219, in raise_for_error
[Mon May 25 10:27:32.597511 2026] [wsgi:error] [pid 12:tid 140302632150720] [remote 10.0.0.151:53582] 2026-05-25 10:27:32.581 12 ERROR keystone.server.flask.application err.raise_mysql_exception(self._data)
[Mon May 25 10:27:32.597514 2026] [wsgi:error] [pid 12:tid 140302632150720] [remote 10.0.0.151:53582] 2026-05-25 10:27:32.581 12 ERROR keystone.server.flask.application
File "/var/lib/openstack/lib/python3.12/site-packages/pymysql/err.py", line 150, in raise_mysql_exception
[Mon May 25 10:27:32.597517 2026] [wsgi:error] [pid 12:tid 140302632150720] [remote 10.0.0.151:53582] 2026-05-25 10:27:32.581 12 ERROR keystone.server.flask.application raise errorclass(errno, errval)
[Mon May 25 10:27:32.597521 2026] [wsgi:error] [pid 12:tid 140302632150720] [remote 10.0.0.151:53582] 2026-05-25 10:27:32.581 12 ERROR keystone.server.flask.application pymysql.err.IntegrityError: (1062, "Duplicate entry '<>-service' for key 'project.ixu_project_name_domain_id'")
[Mon May 25 10:27:32.597525 2026] [wsgi:error] [pid 12:tid 140302632150720] [remote 10.0.0.151:53582] 2026-05-25 10:27:32.581 12 ERROR keystone.server.flask.application
[Mon May 25 10:27:32.597529 2026] [wsgi:error] [pid 12:tid 140302632150720] [remote 10.0.0.151:53582] 2026-05-25 10:27:32.581 12 ERROR keystone.server.flask.application The above exception was the direct cause of the following exception:
[Mon May 25 10:27:32.597532 2026] [wsgi:error] [pid 12:tid 140302632150720] [remote 10.0.0.151:53582] 2026-05-25 10:27:32.581 12 ERROR keystone.server.flask.application
[Mon May 25 10:27:32.597535 2026] [wsgi:error] [pid 12:tid 140302632150720] [remote 10.0.0.151:53582] 2026-05-25 10:27:32.581 12 ERROR keystone.server.flask.application
Traceback (most recent call last):
[Mon May 25 10:27:32.597553 2026] [wsgi:error] [pid 12:tid 140302632150720] [remote 10.0.0.151:53582] 2026-05-25 10:27:32.581 12 ERROR keystone.server.flask.application
File "/var/lib/openstack/lib/python3.12/site-packages/keystone/common/sql/core.py", line 575, in wrapper
[Mon May 25 10:27:32.597556 2026] [wsgi:error] [pid 12:tid 140302632150720] [remote 10.0.0.151:53582] 2026-05-25 10:27:32.581 12 ERROR keystone.server.flask.application return method(*args, **kwargs)
[Mon May 25 10:27:32.597559 2026] [wsgi:error] [pid 12:tid 140302632150720] [remote 10.0.0.151:53582] 2026-05-25 10:27:32.581 12 ERROR keystone.server.flask.application ^^^^^^^^^^^^^^^^^^^^^^^
[Mon May 25 10:27:32.597563 2026] [wsgi:error] [pid 12:tid 140302632150720] [remote 10.0.0.151:53582] 2026-05-25 10:27:32.581 12 ERROR keystone.server.flask.application
File "/var/lib/openstack/lib/python3.12/site-packages/keystone/resource/backends/sql.py", line 278, in create_project
[Mon May 25 10:27:32.597566 2026] [wsgi:error] [pid 12:tid 140302632150720] [remote 10.0.0.151:53582] 2026-05-25 10:27:32.581 12 ERROR keystone.server.flask.application with sql.session_for_write() as session:
[Mon May 25 10:27:32.597570 2026] [wsgi:error] [pid 12:tid 140302632150720] [remote 10.0.0.151:53582] 2026-05-25 10:27:32.581 12 ERROR keystone.server.flask.application
File "/usr/lib/python3.12/contextlib.py", line 144, in __exit__
[Mon May 25 10:27:32.597573 2026] [wsgi:error] [pid 12:tid 140302632150720] [remote 10.0.0.151:53582] 2026-05-25 10:27:32.581 12 ERROR keystone.server.flask.application next(self.gen)
[Mon May 25 10:27:32.597576 2026] [wsgi:error] [pid 12:tid 140302632150720] [remote 10.0.0.151:53582] 2026-05-25 10:27:32.581 12 ERROR keystone.server.flask.application
File "/var/lib/openstack/lib/python3.12/site-packages/oslo_db/sqlalchemy/enginefacade.py", line 1175, in _transaction_scope
[Mon May 25 10:27:32.597580 2026] [wsgi:error] [pid 12:tid 140302632150720] [remote 10.0.0.151:53582] 2026-05-25 10:27:32.581 12 ERROR keystone.server.flask.application with current._produce_block(
[Mon May 25 10:27:32.597583 2026] [wsgi:error] [pid 12:tid 140302632150720] [remote 10.0.0.151:53582] 2026-05-25 10:27:32.581 12 ERROR keystone.server.flask.application
File "/usr/lib/python3.12/contextlib.py", line 144, in __exit__
[Mon May 25 10:27:32.597587 2026] [wsgi:error] [pid 12:tid 140302632150720] [remote 10.0.0.151:53582] 2026-05-25 10:27:32.581 12 ERROR keystone.server.flask.application next(self.gen)
[Mon May 25 10:27:32.597590 2026] [wsgi:error] [pid 12:tid 140302632150720] [remote 10.0.0.151:53582] 2026-05-25 10:27:32.581 12 ERROR keystone.server.flask.application
File "/var/lib/openstack/lib/python3.12/site-packages/oslo_db/sqlalchemy/enginefacade.py", line 837, in _session
[Mon May 25 10:27:32.597593 2026] [wsgi:error] [pid 12:tid 140302632150720] [remote 10.0.0.151:53582] 2026-05-25 10:27:32.581 12 ERROR keystone.server.flask.application with excutils.save_and_reraise_exception():
[Mon May 25 10:27:32.597597 2026] [wsgi:error] [pid 12:tid 140302632150720] [remote 10.0.0.151:53582] 2026-05-25 10:27:32.581 12 ERROR keystone.server.flask.application
File "/var/lib/openstack/lib/python3.12/site-packages/oslo_utils/excutils.py", line 271, in __exit__
[Mon May 25 10:27:32.597600 2026] [wsgi:error] [pid 12:tid 140302632150720] [remote 10.0.0.151:53582] 2026-05-25 10:27:32.581 12 ERROR keystone.server.flask.application self.force_reraise()
[Mon May 25 10:27:32.597605 2026] [wsgi:error] [pid 12:tid 140302632150720] [remote 10.0.0.151:53582] 2026-05-25 10:27:32.581 12 ERROR keystone.server.flask.application
File "/var/lib/openstack/lib/python3.12/site-packages/oslo_utils/excutils.py", line 233, in force_reraise
[Mon May 25 10:27:32.597609 2026] [wsgi:error] [pid 12:tid 140302632150720] [remote 10.0.0.151:53582] 2026-05-25 10:27:32.581 12 ERROR keystone.server.flask.application raise self.value
[Mon May 25 10:27:32.597613 2026] [wsgi:error] [pid 12:tid 140302632150720] [remote 10.0.0.151:53582] 2026-05-25 10:27:32.581 12 ERROR keystone.server.flask.application
File "/var/lib/openstack/lib/python3.12/site-packages/oslo_db/sqlalchemy/enginefacade.py", line 835, in _session
[Mon May 25 10:27:32.597617 2026] [wsgi:error] [pid 12:tid 140302632150720] [remote 10.0.0.151:53582] 2026-05-25 10:27:32.581 12 ERROR keystone.server.flask.application self._end_session_transaction(self.session)
[Mon May 25 10:27:32.597623 2026] [wsgi:error] [pid 12:tid 140302632150720] [remote 10.0.0.151:53582] 2026-05-25 10:27:32.581 12 ERROR keystone.server.flask.application
File "/var/lib/openstack/lib/python3.12/site-packages/oslo_db/sqlalchemy/enginefacade.py", line 748, in _end_session_transaction
[Mon May 25 10:27:32.597627 2026] [wsgi:error] [pid 12:tid 140302632150720] [remote 10.0.0.151:53582] 2026-05-25 10:27:32.581 12 ERROR keystone.server.flask.application session.commit()
[Mon May 25 10:27:32.597631 2026] [wsgi:error] [pid 12:tid 140302632150720] [remote 10.0.0.151:53582] 2026-05-25 10:27:32.581 12 ERROR keystone.server.flask.application
File "/var/lib/openstack/lib/python3.12/site-packages/sqlalchemy/orm/session.py", line 2030, in commit
[Mon May 25 10:27:32.597636 2026] [wsgi:error] [pid 12:tid 140302632150720] [remote 10.0.0.151:53582] 2026-05-25 10:27:32.581 12 ERROR keystone.server.flask.application trans.commit(_to_root=True)
[Mon May 25 10:27:32.597640 2026] [wsgi:error] [pid 12:tid 140302632150720] [remote 10.0.0.151:53582] 2026-05-25 10:27:32.581 12 ERROR keystone.server.flask.application File "", line 2, in commit
[Mon May 25 10:27:32.597645 2026] [wsgi:error] [pid 12:tid 140302632150720] [remote 10.0.0.151:53582] 2026-05-25 10:27:32.581 12 ERROR keystone.server.flask.application
File "/var/lib/openstack/lib/python3.12/site-packages/sqlalchemy/orm/state_changes.py", line 137, in _go
[Mon May 25 10:27:32.597648 2026] [wsgi:error] [pid 12:tid 140302632150720] [remote 10.0.0.151:53582] 2026-05-25 10:27:32.581 12 ERROR keystone.server.flask.application ret_value = fn(self, *arg, **kw)
[Mon May 25 10:27:32.597652 2026] [wsgi:error] [pid 12:tid 140302632150720] [remote 10.0.0.151:53582] 2026-05-25 10:27:32.581 12 ERROR keystone.server.flask.application ^^^^^^^^^^^^^^^^^^^^
[Mon May 25 10:27:32.597656 2026] [wsgi:error] [pid 12:tid 140302632150720] [remote 10.0.0.151:53582] 2026-05-25 10:27:32.581 12 ERROR keystone.server.flask.application
File "/var/lib/openstack/lib/python3.12/site-packages/sqlalchemy/orm/session.py", line 1311, in commit
[Mon May 25 10:27:32.597660 2026] [wsgi:error] [pid 12:tid 140302632150720] [remote 10.0.0.151:53582] 2026-05-25 10:27:32.581 12 ERROR keystone.server.flask.application self._prepare_impl()
[Mon May 25 10:27:32.597664 2026] [wsgi:error] [pid 12:tid 140302632150720] [remote 10.0.0.151:53582] 2026-05-25 10:27:32.581 12 ERROR keystone.server.flask.application File "", line 2, in _prepare_impl
[Mon May 25 10:27:32.597668 2026] [wsgi:error] [pid 12:tid 140302632150720] [remote 10.0.0.151:53582] 2026-05-25 10:27:32.581 12 ERROR keystone.server.flask.application
File "/var/lib/openstack/lib/python3.12/site-packages/sqlalchemy/orm/state_changes.py", line 137, in _go
[Mon May 25 10:27:32.597674 2026] [wsgi:error] [pid 12:tid 140302632150720] [remote 10.0.0.151:53582] 2026-05-25 10:27:32.581 12 ERROR keystone.server.flask.application ret_value = fn(self, *arg, **kw)
[Mon May 25 10:27:32.597678 2026] [wsgi:error] [pid 12:tid 140302632150720] [remote 10.0.0.151:53582] 2026-05-25 10:27:32.581 12 ERROR keystone.server.flask.application ^^^^^^^^^^^^^^^^^^^^
[Mon May 25 10:27:32.597684 2026] [wsgi:error] [pid 12:tid 140302632150720] [remote 10.0.0.151:53582] 2026-05-25 10:27:32.581 12 ERROR keystone.server.flask.application
File "/var/lib/openstack/lib/python3.12/site-packages/sqlalchemy/orm/session.py", line 1286, in _prepare_impl
[Mon May 25 10:27:32.597688 2026] [wsgi:error] [pid 12:tid 140302632150720] [remote 10.0.0.151:53582] 2026-05-25 10:27:32.581 12 ERROR keystone.server.flask.application self.session.flush()
[Mon May 25 10:27:32.597692 2026] [wsgi:error] [pid 12:tid 140302632150720] [remote 10.0.0.151:53582] 2026-05-25 10:27:32.581 12 ERROR keystone.server.flask.application
File "/var/lib/openstack/lib/python3.12/site-packages/sqlalchemy/orm/session.py", line 4331, in flush
[Mon May 25 10:27:32.597696 2026] [wsgi:error] [pid 12:tid 140302632150720] [remote 10.0.0.151:53582] 2026-05-25 10:27:32.581 12 ERROR keystone.server.flask.application self._flush(objects)
[Mon May 25 10:27:32.597700 2026] [wsgi:error] [pid 12:tid 140302632150720] [remote 10.0.0.151:53582] 2026-05-25 10:27:32.581 12 ERROR keystone.server.flask.application
File "/var/lib/openstack/lib/python3.12/site-packages/sqlalchemy/orm/session.py", line 4466, in _flush
[Mon May 25 10:27:32.597705 2026] [wsgi:error] [pid 12:tid 140302632150720] [remote 10.0.0.151:53582] 2026-05-25 10:27:32.581 12 ERROR keystone.server.flask.application with util.safe_reraise():
[Mon May 25 10:27:32.597710 2026] [wsgi:error] [pid 12:tid 140302632150720] [remote 10.0.0.151:53582] 2026-05-25 10:27:32.581 12 ERROR keystone.server.flask.application
File "/var/lib/openstack/lib/python3.12/site-packages/sqlalchemy/util/langhelpers.py", line 121, in __exit__
[Mon May 25 10:27:32.597715 2026] [wsgi:error] [pid 12:tid 140302632150720] [remote 10.0.0.151:53582] 2026-05-25 10:27:32.581 12 ERROR keystone.server.flask.application raise exc_value.with_traceback(exc_tb)
[Mon May 25 10:27:32.597719 2026] [wsgi:error] [pid 12:tid 140302632150720] [remote 10.0.0.151:53582] 2026-05-25 10:27:32.581 12 ERROR keystone.server.flask.application
File "/var/lib/openstack/lib/python3.12/site-packages/sqlalchemy/orm/session.py", line 4427, in _flush
[Mon May 25 10:27:32.597723 2026] [wsgi:error] [pid 12:tid 140302632150720] [remote 10.0.0.151:53582] 2026-05-25 10:27:32.581 12 ERROR keystone.server.flask.application flush_context.execute()
