2026-04-23 17:39:58.475 7 INFO neutron_taas.services.taas.tap_mirror_plugin [None req-b548014b-d49d-40e6-8c26-ea60d0f92306 901f014de4bd4dbfb15b09f030bfc81b b702354768bb4df99cea40a072aeafe2 - - default default] Tap Mirror: Handle Delete Port: 5ea21f29-b892-43e9-80af-bea652ad6a8c
2026-04-23 17:39:58.495 8 INFO neutron_taas.services.taas.taas_plugin [None req-deb1baf7-c792-49d3-9b84-e8e45cd24e95 f5fade0b81284290be11be7615d41746 fd4aef983e9f45929110cbbef43a087f - - default default] TaaS: Handle Delete Port: e94a6ba8-9d39-4eaa-be45-432702241a05
2026-04-23 17:39:58.498 8 INFO neutron_taas.services.taas.tap_mirror_plugin [None req-deb1baf7-c792-49d3-9b84-e8e45cd24e95 f5fade0b81284290be11be7615d41746 fd4aef983e9f45929110cbbef43a087f - - default default] Tap Mirror: Handle Delete Port: e94a6ba8-9d39-4eaa-be45-432702241a05
2026-04-23 17:39:58.501 7 INFO neutron.db.ovn_revision_numbers_db [None req-4200e5b1-d3e7-417b-b420-1f72d9b27547 - - - - - -] Successfully bumped revision number for resource e94a6ba8-9d39-4eaa-be45-432702241a05 (type: ports) to 2 [pid: 8|app: 0|req: 915/1650] 10.0.0.44 () {34 vars in 788 bytes} [Thu Apr 23 17:39:58 2026] PUT /v2.0/routers/86ea7bd2-0c88-4faf-b3d7-e75800531647/remove_router_interface => generated 309 bytes in 720 msecs (HTTP/1.1 200) 4 headers in 157 bytes (1 switches on core 0) [pid: 7|app: 0|req: 736/1651] 10.0.0.44 () {32 vars in 723 bytes} [Thu Apr 23 17:39:57 2026] DELETE /v2.0/routers/11e95be0-3509-4307-847a-fce1c767c18e => generated 0 bytes in 1663 msecs (HTTP/1.1 204) 2 headers in 112 bytes (1 switches on core 0) /var/lib/openstack/lib/python3.12/site-packages/pycadf/identifier.py:70: UserWarning: Invalid uuid: neutron. To ensure interoperability, identifiers should be a valid uuid. warnings.warn(('Invalid uuid: %s. To ensure interoperability, ' [pid: 7|app: 0|req: 737/1652] 10.0.0.44 () {32 vars in 716 bytes} [Thu Apr 23 17:39:59 2026] GET /v2.0/ports/30f39faf-0802-49a3-91f4-65e854b0c6a1 => generated 943 bytes in 84 msecs (HTTP/1.1 200) 4 headers in 157 bytes (1 switches on core 0)
2026-04-23 17:39:59.281 8 INFO neutron.db.ovn_revision_numbers_db [None req-808f791b-24d8-446e-b689-b616398d1832 f1d4daf209f64ac6a03fdf6d1bf6c8d5 56e5f93d207d455ebd3f209b29c9b609 - - default default] Successfully bumped revision number for resource 1be9b273-3950-46c7-b2f0-f3e05c7c6fb5 (type: security_groups) to 1
2026-04-23 17:39:59.290 8 INFO neutron.db.ovn_revision_numbers_db [None req-808f791b-24d8-446e-b689-b616398d1832 f1d4daf209f64ac6a03fdf6d1bf6c8d5 56e5f93d207d455ebd3f209b29c9b609 - - default default] Successfully bumped revision number for resource 17701e89-7c5f-448b-8e3a-31d070343c1a (type: security_group_rules) to 0
2026-04-23 17:39:59.303 8 INFO neutron.db.ovn_revision_numbers_db [None req-808f791b-24d8-446e-b689-b616398d1832 f1d4daf209f64ac6a03fdf6d1bf6c8d5 56e5f93d207d455ebd3f209b29c9b609 - - default default] Successfully bumped revision number for resource 7c336325-1b46-4c60-b048-c9fa5000cac0 (type: security_group_rules) to 0
2026-04-23 17:39:59.314 8 INFO neutron.db.ovn_revision_numbers_db [None req-808f791b-24d8-446e-b689-b616398d1832 f1d4daf209f64ac6a03fdf6d1bf6c8d5 56e5f93d207d455ebd3f209b29c9b609 - - default default] Successfully bumped revision number for resource a06acef7-c0ce-4134-8d71-977cf2f6e8f9 (type: security_group_rules) to 0
2026-04-23 17:39:59.323 8 INFO neutron.db.ovn_revision_numbers_db [None req-808f791b-24d8-446e-b689-b616398d1832 f1d4daf209f64ac6a03fdf6d1bf6c8d5 56e5f93d207d455ebd3f209b29c9b609 - - default default] Successfully bumped revision number for resource d7a2bb10-4ec3-40f3-82f1-228dc63d9456 (type: security_group_rules) to 0 [pid: 7|app: 0|req: 738/1653] 10.0.0.44 () {32 vars in 723 bytes} [Thu Apr 23 17:39:59 2026] DELETE /v2.0/subnets/2b1b5582-6604-4ace-a29a-be428093ee73 => generated 0 bytes in 201 msecs (HTTP/1.1 204) 3 headers in 131 bytes (1 switches on core 0)
2026-04-23 17:39:59.385 8 INFO neutron.db.segments_db [None req-808f791b-24d8-446e-b689-b616398d1832 f1d4daf209f64ac6a03fdf6d1bf6c8d5 56e5f93d207d455ebd3f209b29c9b609 - - default default] Added segment ce670a8d-001b-41eb-bb24-c6a3edb1a6b9 of type geneve for network af46c901-72d9-4471-b948-bc438a1c3854
2026-04-23 17:39:59.498 8 INFO neutron.db.ovn_revision_numbers_db [None req-808f791b-24d8-446e-b689-b616398d1832 f1d4daf209f64ac6a03fdf6d1bf6c8d5 56e5f93d207d455ebd3f209b29c9b609 - - default default] Successfully bumped revision number for resource af46c901-72d9-4471-b948-bc438a1c3854 (type: networks) to 1
2026-04-23 17:39:59.602 7 INFO neutron_taas.services.taas.taas_plugin [None req-e8dba713-82c9-4eb3-849b-ade46fd4ab57 f5fade0b81284290be11be7615d41746 fd4aef983e9f45929110cbbef43a087f - - default default] TaaS: Handle Delete Port: 30f39faf-0802-49a3-91f4-65e854b0c6a1
2026-04-23 17:39:59.605 7 INFO neutron_taas.services.taas.tap_mirror_plugin [None req-e8dba713-82c9-4eb3-849b-ade46fd4ab57 f5fade0b81284290be11be7615d41746 fd4aef983e9f45929110cbbef43a087f - - default default] Tap Mirror: Handle Delete Port: 30f39faf-0802-49a3-91f4-65e854b0c6a1
2026-04-23 17:39:59.670 8 WARNING neutron.scheduler.dhcp_agent_scheduler [None req-808f791b-24d8-446e-b689-b616398d1832 f1d4daf209f64ac6a03fdf6d1bf6c8d5 56e5f93d207d455ebd3f209b29c9b609 - - default default] No more DHCP agents
2026-04-23 17:39:59.671 8 WARNING neutron.api.rpc.agentnotifiers.dhcp_rpc_agent_api [None req-808f791b-24d8-446e-b689-b616398d1832 f1d4daf209f64ac6a03fdf6d1bf6c8d5 56e5f93d207d455ebd3f209b29c9b609 - - default default] Unable to schedule network af46c901-72d9-4471-b948-bc438a1c3854: no agents available; will retry on subsequent port and subnet creation events.
2026-04-23 17:39:59.778 8 INFO neutron.db.ovn_revision_numbers_db [None req-808f791b-24d8-446e-b689-b616398d1832 f1d4daf209f64ac6a03fdf6d1bf6c8d5 56e5f93d207d455ebd3f209b29c9b609 - - default default] Successfully bumped revision number for resource 1b35747b-c89b-4fd5-a724-a819471cad40 (type: ports) to 1 [pid: 8|app: 0|req: 916/1654] 10.0.0.44 () {34 vars in 669 bytes} [Thu Apr 23 17:39:58 2026] POST /v2.0/networks => generated 667 bytes in 883 msecs (HTTP/1.1 201) 4 headers in 162 bytes (1 switches on core 0)
2026-04-23 17:39:59.951 8 INFO neutron_taas.services.taas.taas_plugin [None req-a3fc396b-ad97-4752-802f-c067d9f32076 901f014de4bd4dbfb15b09f030bfc81b b702354768bb4df99cea40a072aeafe2 - - default default] TaaS: Handle Delete Port: 9500c9b2-d6dd-41e7-be58-3e881edc8622
2026-04-23 17:39:59.954 8 INFO neutron_taas.services.taas.tap_mirror_plugin [None req-a3fc396b-ad97-4752-802f-c067d9f32076 901f014de4bd4dbfb15b09f030bfc81b b702354768bb4df99cea40a072aeafe2 - - default default] Tap Mirror: Handle Delete Port: 9500c9b2-d6dd-41e7-be58-3e881edc8622 [pid: 7|app: 0|req: 739/1655] 10.0.0.44 () {34 vars in 788 bytes} [Thu Apr 23 17:39:59 2026] PUT /v2.0/routers/86ea7bd2-0c88-4faf-b3d7-e75800531647/remove_router_interface => generated 309 bytes in 683 msecs (HTTP/1.1 200) 4 headers in 157 bytes (1 switches on core 0) /var/lib/openstack/lib/python3.12/site-packages/pycadf/identifier.py:70: UserWarning: Invalid uuid: neutron. To ensure interoperability, identifiers should be a valid uuid. warnings.warn(('Invalid uuid: %s. To ensure interoperability, '
2026-04-23 17:40:00.169 8 INFO neutron.services.segments.plugin [-] Segment 1c3ab8dc-f709-465d-b9de-0cd3835ee098 resource provider aggregate not found
2026-04-23 17:40:00.174 8 INFO neutron.services.segments.plugin [-] Segment 1c3ab8dc-f709-465d-b9de-0cd3835ee098 resource provider aggregate not found
2026-04-23 17:40:00.197 8 INFO neutron.services.segments.plugin [-] Segment 1c3ab8dc-f709-465d-b9de-0cd3835ee098 resource provider not found; error: Placement Client Error (4xx): {"errors": [{"status": 404, "title": "Not Found", "detail": "The resource could not be found.\n\n No resource provider with uuid 1c3ab8dc-f709-465d-b9de-0cd3835ee098 found for delete ", "request_id": "req-ea2f02a6-e05f-4fa4-93ca-8399fe66b8c6"}]}
2026-04-23 17:40:00.198 8 INFO neutron.services.segments.plugin [-] Segment 1c3ab8dc-f709-465d-b9de-0cd3835ee098 resource provider not found; error: Placement Client Error (4xx): {"errors": [{"status": 404, "title": "Not Found", "detail": "The resource could not be found.\n\n No resource provider with uuid 1c3ab8dc-f709-465d-b9de-0cd3835ee098 found for delete ", "request_id": "req-adf45773-ee73-48e2-9f7a-1c4aa172de78"}]} [pid: 8|app: 0|req: 917/1656] 10.0.0.44 () {32 vars in 725 bytes} [Thu Apr 23 17:39:59 2026] DELETE /v2.0/networks/9753ea7d-2ee7-45d3-a978-7b6c47e7b688 => generated 0 bytes in 420 msecs (HTTP/1.1 204) 3 headers in 131 bytes (1 switches on core 0) [pid: 8|app: 0|req: 918/1657] 10.0.0.44 () {32 vars in 735 bytes} [Thu Apr 23 17:40:00 2026] GET /v2.0/ports?device_id=86ea7bd2-0c88-4faf-b3d7-e75800531647 => generated 12 bytes in 18 msecs (HTTP/1.1 200) 4 headers in 156 bytes (1 switches on core 0)
2026-04-23 17:40:00.292 7 WARNING neutron.scheduler.dhcp_agent_scheduler [None req-bf474a82-0f9f-43c9-96aa-f0928efb0201 f1d4daf209f64ac6a03fdf6d1bf6c8d5 56e5f93d207d455ebd3f209b29c9b609 - - default default] No more DHCP agents
2026-04-23 17:40:00.293 7 WARNING neutron.api.rpc.agentnotifiers.dhcp_rpc_agent_api [None req-bf474a82-0f9f-43c9-96aa-f0928efb0201 f1d4daf209f64ac6a03fdf6d1bf6c8d5 56e5f93d207d455ebd3f209b29c9b609 - - default default] Unable to schedule network af46c901-72d9-4471-b948-bc438a1c3854: no agents available; will retry on subsequent port and subnet creation events.
2026-04-23 17:40:00.435 7 INFO neutron.db.ovn_revision_numbers_db [None req-bf474a82-0f9f-43c9-96aa-f0928efb0201 f1d4daf209f64ac6a03fdf6d1bf6c8d5 56e5f93d207d455ebd3f209b29c9b609 - - default default] Successfully bumped revision number for resource a3b816d7-b1a6-435e-a2c9-76b0db61b5f3 (type: ports) to 1 [pid: 7|app: 0|req: 740/1660] 10.0.0.44 () {34 vars in 664 bytes} [Thu Apr 23 17:40:00 2026] POST /v2.0/ports => generated 779 bytes in 489 msecs (HTTP/1.1 201) 4 headers in 162 bytes (1 switches on core 0) /var/lib/openstack/lib/python3.12/site-packages/pycadf/identifier.py:70: UserWarning: Invalid uuid: neutron. To ensure interoperability, identifiers should be a valid uuid. warnings.warn(('Invalid uuid: %s. To ensure interoperability, ' [pid: 8|app: 0|req: 921/1661] 10.0.0.44 () {32 vars in 723 bytes} [Thu Apr 23 17:40:00 2026] DELETE /v2.0/routers/86ea7bd2-0c88-4faf-b3d7-e75800531647 => generated 0 bytes in 267 msecs (HTTP/1.1 204) 2 headers in 112 bytes (1 switches on core 0) [pid: 7|app: 0|req: 741/1662] 10.0.0.44 () {32 vars in 773 bytes} [Thu Apr 23 17:40:00 2026] GET /v2.0/security-groups?tenant_id=a5d968f95dd249439ca96e6dafcde8b3&name=default => generated 2925 bytes in 34 msecs (HTTP/1.1 200) 4 headers in 158 bytes (1 switches on core 0)
2026-04-23 17:40:00.601 8 INFO neutron.db.segments_db [None req-e63eb9c8-5409-43d0-9ff9-1e867b8602e4 f1d4daf209f64ac6a03fdf6d1bf6c8d5 56e5f93d207d455ebd3f209b29c9b609 - - default default] Added segment b8ef840e-ff26-49e6-9196-f001217ec5bd of type geneve for network 2442b704-a603-452c-8716-467f0eb82d21 [pid: 7|app: 0|req: 742/1663] 10.0.0.44 () {32 vars in 723 bytes} [Thu Apr 23 17:40:00 2026] DELETE /v2.0/subnets/328d573e-5dcd-4a40-9275-c62891f363c8 => generated 0 bytes in 186 msecs (HTTP/1.1 204) 3 headers in 131 bytes (1 switches on core 0)
2026-04-23 17:40:00.720 8 INFO neutron.db.ovn_revision_numbers_db [None req-e63eb9c8-5409-43d0-9ff9-1e867b8602e4 f1d4daf209f64ac6a03fdf6d1bf6c8d5 56e5f93d207d455ebd3f209b29c9b609 - - default default] Successfully bumped revision number for resource 2442b704-a603-452c-8716-467f0eb82d21 (type: networks) to 1
2026-04-23 17:40:00.884 8 WARNING neutron.scheduler.dhcp_agent_scheduler [None req-e63eb9c8-5409-43d0-9ff9-1e867b8602e4 f1d4daf209f64ac6a03fdf6d1bf6c8d5 56e5f93d207d455ebd3f209b29c9b609 - - default default] No more DHCP agents
2026-04-23 17:40:00.886 8 WARNING neutron.api.rpc.agentnotifiers.dhcp_rpc_agent_api [None req-e63eb9c8-5409-43d0-9ff9-1e867b8602e4 f1d4daf209f64ac6a03fdf6d1bf6c8d5 56e5f93d207d455ebd3f209b29c9b609 - - default default] Unable to schedule network 2442b704-a603-452c-8716-467f0eb82d21: no agents available; will retry on subsequent port and subnet creation events.
2026-04-23 17:40:01.005 8 INFO neutron.db.ovn_revision_numbers_db [None req-e63eb9c8-5409-43d0-9ff9-1e867b8602e4 f1d4daf209f64ac6a03fdf6d1bf6c8d5 56e5f93d207d455ebd3f209b29c9b609 - - default default] Successfully bumped revision number for resource 1171b1c9-7ee8-4c9d-9125-83c50ebc7ab9 (type: ports) to 1 [pid: 8|app: 0|req: 922/1664] 10.0.0.44 () {34 vars in 669 bytes} [Thu Apr 23 17:40:00 2026] POST /v2.0/networks => generated 655 bytes in 520 msecs (HTTP/1.1 201) 4 headers in 162 bytes (1 switches on core 0) [pid: 7|app: 0|req: 743/1665] 10.0.0.44 () {32 vars in 739 bytes} [Thu Apr 23 17:40:00 2026] DELETE /v2.0/security-groups/e0c69e61-5949-4e6e-ab46-72de77c50702 => generated 0 bytes in 325 msecs (HTTP/1.1 204) 2 headers in 112 bytes (1 switches on core 0) [pid: 8|app: 0|req: 923/1666] 10.0.0.44 () {32 vars in 723 bytes} [Thu Apr 23 17:40:01 2026] DELETE /v2.0/subnets/1444a538-253d-4b05-aad8-7dc9c76dba59 => generated 0 bytes in 180 msecs (HTTP/1.1 204) 3 headers in 131 bytes (1 switches on core 0)
2026-04-23 17:40:01.234 7 WARNING neutron.scheduler.dhcp_agent_scheduler [None req-b3ab64cd-8fc7-486f-b536-9671ea77d8d6 f1d4daf209f64ac6a03fdf6d1bf6c8d5 56e5f93d207d455ebd3f209b29c9b609 - - default default] No more DHCP agents
2026-04-23 17:40:01.235 7 WARNING neutron.api.rpc.agentnotifiers.dhcp_rpc_agent_api [None req-b3ab64cd-8fc7-486f-b536-9671ea77d8d6 f1d4daf209f64ac6a03fdf6d1bf6c8d5 56e5f93d207d455ebd3f209b29c9b609 - - default default] Unable to schedule network 2442b704-a603-452c-8716-467f0eb82d21: no agents available; will retry on subsequent port and subnet creation events.
2026-04-23 17:40:01.274 7 INFO neutron.db.ovn_revision_numbers_db [None req-b3ab64cd-8fc7-486f-b536-9671ea77d8d6 f1d4daf209f64ac6a03fdf6d1bf6c8d5 56e5f93d207d455ebd3f209b29c9b609 - - default default] Successfully bumped revision number for resource caf8e8de-6815-46c5-99e1-e54bb98550d9 (type: subnets) to 0 [pid: 7|app: 0|req: 744/1667] 10.0.0.44 () {34 vars in 668 bytes} [Thu Apr 23 17:40:01 2026] POST /v2.0/subnets => generated 646 bytes in 243 msecs (HTTP/1.1 201) 4 headers in 162 bytes (1 switches on core 0)
2026-04-23 17:40:01.375 8 INFO neutron_taas.services.taas.taas_plugin [None req-5dcb2450-3022-4521-a3ae-0f141352a685 f5fade0b81284290be11be7615d41746 fd4aef983e9f45929110cbbef43a087f - - default default] TaaS: Handle Delete Port: de65e7d5-8c9a-4a12-bfa9-71a65c8e6369
2026-04-23 17:40:01.378 8 INFO neutron_taas.services.taas.tap_mirror_plugin [None req-5dcb2450-3022-4521-a3ae-0f141352a685 f5fade0b81284290be11be7615d41746 fd4aef983e9f45929110cbbef43a087f - - default default] Tap Mirror: Handle Delete Port: de65e7d5-8c9a-4a12-bfa9-71a65c8e6369
2026-04-23 17:40:01.634 7 WARNING neutron.scheduler.dhcp_agent_scheduler [None req-9c6a14a4-e536-4a4c-996f-23a50baf7c36 f1d4daf209f64ac6a03fdf6d1bf6c8d5 56e5f93d207d455ebd3f209b29c9b609 - - default default] No more DHCP agents
2026-04-23 17:40:01.635 7 WARNING neutron.api.rpc.agentnotifiers.dhcp_rpc_agent_api [None req-9c6a14a4-e536-4a4c-996f-23a50baf7c36 f1d4daf209f64ac6a03fdf6d1bf6c8d5 56e5f93d207d455ebd3f209b29c9b609 - - default default] Unable to schedule network 2442b704-a603-452c-8716-467f0eb82d21: no agents available; will retry on subsequent port and subnet creation events. [pid: 8|app: 0|req: 924/1668] 10.0.0.44 () {32 vars in 725 bytes} [Thu Apr 23 17:40:01 2026] DELETE /v2.0/networks/ba60bb3e-d4af-4c31-855d-aa2659ae98d0 => generated 0 bytes in 423 msecs (HTTP/1.1 204) 3 headers in 131 bytes (1 switches on core 0)
2026-04-23 17:40:01.800 7 INFO neutron.db.ovn_revision_numbers_db [None req-9c6a14a4-e536-4a4c-996f-23a50baf7c36 f1d4daf209f64ac6a03fdf6d1bf6c8d5 56e5f93d207d455ebd3f209b29c9b609 - - default default] Successfully bumped revision number for resource abb9b0bb-cded-4d45-a222-5fe3fdff1778 (type: ports) to 1
2026-04-23 17:40:01.808 8 INFO neutron_taas.services.taas.taas_plugin [None req-286e6e79-708d-4b3b-af42-b35b48f70d85 f5fade0b81284290be11be7615d41746 fd4aef983e9f45929110cbbef43a087f - - default default] TaaS: Handle Delete Port: 6ab70bd8-d8f6-4344-89c6-474843c5950f
2026-04-23 17:40:01.810 8 INFO neutron_taas.services.taas.tap_mirror_plugin [None req-286e6e79-708d-4b3b-af42-b35b48f70d85 f5fade0b81284290be11be7615d41746 fd4aef983e9f45929110cbbef43a087f - - default default] Tap Mirror: Handle Delete Port: 6ab70bd8-d8f6-4344-89c6-474843c5950f [pid: 7|app: 0|req: 745/1669] 10.0.0.44 () {34 vars in 664 bytes} [Thu Apr 23 17:40:01 2026] POST /v2.0/ports => generated 966 bytes in 533 msecs (HTTP/1.1 201) 4 headers in 162 bytes (1 switches on core 0) /var/lib/openstack/lib/python3.12/site-packages/pycadf/identifier.py:70: UserWarning: Invalid uuid: neutron. To ensure interoperability, identifiers should be a valid uuid. warnings.warn(('Invalid uuid: %s. To ensure interoperability, '
2026-04-23 17:40:01.993 7 INFO neutron_taas.services.taas.taas_plugin [None req-638bf0f8-a120-4fda-9006-8899fa4c112c f1d4daf209f64ac6a03fdf6d1bf6c8d5 56e5f93d207d455ebd3f209b29c9b609 - - default default] TaaS: Handle Delete Port: abb9b0bb-cded-4d45-a222-5fe3fdff1778
2026-04-23 17:40:01.996 7 INFO neutron_taas.services.taas.tap_mirror_plugin [None req-638bf0f8-a120-4fda-9006-8899fa4c112c f1d4daf209f64ac6a03fdf6d1bf6c8d5 56e5f93d207d455ebd3f209b29c9b609 - - default default] Tap Mirror: Handle Delete Port: abb9b0bb-cded-4d45-a222-5fe3fdff1778 [pid: 8|app: 0|req: 925/1670] 10.0.0.44 () {32 vars in 725 bytes} [Thu Apr 23 17:40:01 2026] DELETE /v2.0/networks/db92ed04-3812-475b-ac3b-74bca3d85951 => generated 0 bytes in 404 msecs (HTTP/1.1 204) 3 headers in 131 bytes (1 switches on core 0)
2026-04-23 17:40:02.156 8 INFO neutron.db.segments_db [None req-fba55ba0-d0a9-48ef-a07a-830e2048cfad f5fade0b81284290be11be7615d41746 fd4aef983e9f45929110cbbef43a087f - - default default] Added segment 4f9c08b2-ac08-416b-aa2f-e8da521a1ae5 of type geneve for network 56c29f14-cfb4-4d63-9618-f17739afa271 [pid: 7|app: 0|req: 746/1671] 10.0.0.44 () {32 vars in 719 bytes} [Thu Apr 23 17:40:01 2026] DELETE /v2.0/ports/abb9b0bb-cded-4d45-a222-5fe3fdff1778 => generated 0 bytes in 358 msecs (HTTP/1.1 204) 3 headers in 131 bytes (1 switches on core 0)
2026-04-23 17:40:02.216 7 INFO neutron.pecan_wsgi.hooks.translation [None req-d138b914-6b89-4773-8a7f-eedb025b43d0 f1d4daf209f64ac6a03fdf6d1bf6c8d5 56e5f93d207d455ebd3f209b29c9b609 - - default default] DELETE failed (client error): The resource could not be found. [pid: 7|app: 0|req: 747/1672] 10.0.0.44 () {32 vars in 719 bytes} [Thu Apr 23 17:40:02 2026] DELETE /v2.0/ports/abb9b0bb-cded-4d45-a222-5fe3fdff1778 => generated 132 bytes in 23 msecs (HTTP/1.1 404) 4 headers in 164 bytes (1 switches on core 0)
2026-04-23 17:40:02.224 8 INFO neutron.services.segments.plugin [-] Segment 7a037323-42b1-4275-90a6-dac4359bb74a resource provider aggregate not found
2026-04-23 17:40:02.228 8 INFO neutron.services.segments.plugin [-] Segment 7a037323-42b1-4275-90a6-dac4359bb74a resource provider aggregate not found
2026-04-23 17:40:02.241 8 INFO neutron.services.segments.plugin [-] Segment 7a037323-42b1-4275-90a6-dac4359bb74a resource provider not found; error: Placement Client Error (4xx): {"errors": [{"status": 404, "title": "Not Found", "detail": "The resource could not be found.\n\n No resource provider with uuid 7a037323-42b1-4275-90a6-dac4359bb74a found for delete ", "request_id": "req-2951a650-ab44-42d3-9b9a-1e86da6f6cd0"}]}
2026-04-23 17:40:02.244 8 INFO neutron.services.segments.plugin [-] Segment 7a037323-42b1-4275-90a6-dac4359bb74a resource provider not found; error: Placement Client Error (4xx): {"errors": [{"status": 404, "title": "Not Found", "detail": "The resource could not be found.\n\n No resource provider with uuid 7a037323-42b1-4275-90a6-dac4359bb74a found for delete ", "request_id": "req-fb2d209e-e95b-4970-9fc9-ec176b1a5d23"}]}
2026-04-23 17:40:02.245 7 INFO neutron.pecan_wsgi.hooks.translation [None req-a0f916cd-8d2b-45b5-8769-993b97ed330e f1d4daf209f64ac6a03fdf6d1bf6c8d5 56e5f93d207d455ebd3f209b29c9b609 - - default default] GET failed (client error): The resource could not be found. [pid: 7|app: 0|req: 748/1673] 10.0.0.44 () {32 vars in 716 bytes} [Thu Apr 23 17:40:02 2026] GET /v2.0/ports/abb9b0bb-cded-4d45-a222-5fe3fdff1778 => generated 132 bytes in 25 msecs (HTTP/1.1 404) 4 headers in 164 bytes (1 switches on core 0)
2026-04-23 17:40:02.261 8 INFO neutron.services.segments.plugin [-] Segment b26e4261-e503-4394-9515-272d67502d83 resource provider aggregate not found
2026-04-23 17:40:02.266 8 INFO neutron.services.segments.plugin [-] Segment b26e4261-e503-4394-9515-272d67502d83 resource provider aggregate not found
2026-04-23 17:40:02.285 8 INFO neutron.services.segments.plugin [-] Segment b26e4261-e503-4394-9515-272d67502d83 resource provider not found; error: Placement Client Error (4xx): {"errors": [{"status": 404, "title": "Not Found", "detail": "The resource could not be found.\n\n No resource provider with uuid b26e4261-e503-4394-9515-272d67502d83 found for delete ", "request_id": "req-ade52c96-5b94-47a2-96e2-5b0c7f50c12e"}]}
2026-04-23 17:40:02.287 8 INFO neutron.services.segments.plugin [-] Segment b26e4261-e503-4394-9515-272d67502d83 resource provider not found; error: Placement Client Error (4xx): {"errors": [{"status": 404, "title": "Not Found", "detail": "The resource could not be found.\n\n No resource provider with uuid b26e4261-e503-4394-9515-272d67502d83 found for delete ", "request_id": "req-4bf71aa0-fd1f-4f94-9929-11910742aa2b"}]}
2026-04-23 17:40:02.353 8 INFO neutron.db.ovn_revision_numbers_db [None req-fba55ba0-d0a9-48ef-a07a-830e2048cfad f5fade0b81284290be11be7615d41746 fd4aef983e9f45929110cbbef43a087f - - default default] Successfully bumped revision number for resource 56c29f14-cfb4-4d63-9618-f17739afa271 (type: networks) to 1 [pid: 7|app: 0|req: 749/1674] 10.0.0.44 () {32 vars in 723 bytes} [Thu Apr 23 17:40:02 2026] DELETE /v2.0/subnets/caf8e8de-6815-46c5-99e1-e54bb98550d9 => generated 0 bytes in 168 msecs (HTTP/1.1 204) 3 headers in 131 bytes (1 switches on core 0)
2026-04-23 17:40:02.556 8 WARNING neutron.scheduler.dhcp_agent_scheduler [None req-fba55ba0-d0a9-48ef-a07a-830e2048cfad f5fade0b81284290be11be7615d41746 fd4aef983e9f45929110cbbef43a087f - - default default] No more DHCP agents
2026-04-23 17:40:02.557 8 WARNING neutron.api.rpc.agentnotifiers.dhcp_rpc_agent_api [None req-fba55ba0-d0a9-48ef-a07a-830e2048cfad f5fade0b81284290be11be7615d41746 fd4aef983e9f45929110cbbef43a087f - - default default] Unable to schedule network 56c29f14-cfb4-4d63-9618-f17739afa271: no agents available; will retry on subsequent port and subnet creation events.
2026-04-23 17:40:02.573 7 INFO neutron_taas.services.taas.taas_plugin [None req-b7033581-49fe-4db8-873a-5bb0ef614815 f1d4daf209f64ac6a03fdf6d1bf6c8d5 56e5f93d207d455ebd3f209b29c9b609 - - default default] TaaS: Handle Delete Port: 1171b1c9-7ee8-4c9d-9125-83c50ebc7ab9
2026-04-23 17:40:02.576 7 INFO neutron_taas.services.taas.tap_mirror_plugin [None req-b7033581-49fe-4db8-873a-5bb0ef614815 f1d4daf209f64ac6a03fdf6d1bf6c8d5 56e5f93d207d455ebd3f209b29c9b609 - - default default] Tap Mirror: Handle Delete Port: 1171b1c9-7ee8-4c9d-9125-83c50ebc7ab9
2026-04-23 17:40:02.689 8 INFO neutron.db.ovn_revision_numbers_db [None req-fba55ba0-d0a9-48ef-a07a-830e2048cfad f5fade0b81284290be11be7615d41746 fd4aef983e9f45929110cbbef43a087f - - default default] Successfully bumped revision number for resource 8669fb53-73e8-4ae7-8ac4-dc3984be5dab (type: ports) to 1 [pid: 8|app: 0|req: 926/1675] 10.0.0.44 () {34 vars in 669 bytes} [Thu Apr 23 17:40:02 2026] POST /v2.0/networks => generated 648 bytes in 663 msecs (HTTP/1.1 201) 4 headers in 162 bytes (1 switches on core 0)
2026-04-23 17:40:02.817 7 INFO neutron.services.segments.plugin [-] Segment b8ef840e-ff26-49e6-9196-f001217ec5bd resource provider aggregate not found
2026-04-23 17:40:02.826 7 INFO neutron.services.segments.plugin [-] Segment b8ef840e-ff26-49e6-9196-f001217ec5bd resource provider aggregate not found
2026-04-23 17:40:02.843 7 INFO neutron.services.segments.plugin [-] Segment b8ef840e-ff26-49e6-9196-f001217ec5bd resource provider not found; error: Placement Client Error (4xx): {"errors": [{"status": 404, "title": "Not Found", "detail": "The resource could not be found.\n\n No resource provider with uuid b8ef840e-ff26-49e6-9196-f001217ec5bd found for delete ", "request_id": "req-9c5838ed-1170-4a9f-9b24-e4ad2708d525"}]}
2026-04-23 17:40:02.848 7 INFO neutron.services.segments.plugin [-] Segment b8ef840e-ff26-49e6-9196-f001217ec5bd resource provider not found; error: Placement Client Error (4xx): {"errors": [{"status": 404, "title": "Not Found", "detail": "The resource could not be found.\n\n No resource provider with uuid b8ef840e-ff26-49e6-9196-f001217ec5bd found for delete ", "request_id": "req-91ed2c7e-eae7-498c-85b0-f9092e6fb495"}]} [pid: 7|app: 0|req: 750/1676] 10.0.0.44 () {32 vars in 725 bytes} [Thu Apr 23 17:40:02 2026] DELETE /v2.0/networks/2442b704-a603-452c-8716-467f0eb82d21 => generated 0 bytes in 454 msecs (HTTP/1.1 204) 3 headers in 131 bytes (1 switches on core 0)
2026-04-23 17:40:02.943 8 WARNING neutron.scheduler.dhcp_agent_scheduler [None req-7a1790a5-9fde-4b23-b9f3-e035e36d0e8d f5fade0b81284290be11be7615d41746 fd4aef983e9f45929110cbbef43a087f - - default default] No more DHCP agents
2026-04-23 17:40:02.943 8 WARNING neutron.api.rpc.agentnotifiers.dhcp_rpc_agent_api [None req-7a1790a5-9fde-4b23-b9f3-e035e36d0e8d f5fade0b81284290be11be7615d41746 fd4aef983e9f45929110cbbef43a087f - - default default] Unable to schedule network 56c29f14-cfb4-4d63-9618-f17739afa271: no agents available; will retry on subsequent port and subnet creation events.
2026-04-23 17:40:02.968 7 INFO neutron.db.segments_db [None req-46fc93a7-98d1-41ec-93a3-0b802f789e1b f1d4daf209f64ac6a03fdf6d1bf6c8d5 56e5f93d207d455ebd3f209b29c9b609 - - default default] Added segment 87f5c5d1-7974-448d-86e4-1b39cf036a42 of type geneve for network 6a22ab22-cce4-4133-b227-f63b1ca880ab
2026-04-23 17:40:03.120 7 WARNING neutron.plugins.ml2.drivers.ovn.mech_driver.ovsdb.ovn_client [None req-bafde54d-369f-442d-93b1-2cbabc42b4e8 - - - - - -] No port found with ID e94a6ba8-9d39-4eaa-be45-432702241a05: RuntimeError: No port found with ID e94a6ba8-9d39-4eaa-be45-432702241a05
2026-04-23 17:40:03.132 7 INFO neutron.db.ovn_revision_numbers_db [None req-46fc93a7-98d1-41ec-93a3-0b802f789e1b f1d4daf209f64ac6a03fdf6d1bf6c8d5 56e5f93d207d455ebd3f209b29c9b609 - - default default] Successfully bumped revision number for resource 6a22ab22-cce4-4133-b227-f63b1ca880ab (type: networks) to 1
2026-04-23 17:40:03.145 7 INFO neutron.plugins.ml2.drivers.ovn.mech_driver.mech_driver [None req-bafde54d-369f-442d-93b1-2cbabc42b4e8 - - - - - -] OVN reports status down for port: 1b35747b-c89b-4fd5-a724-a819471cad40
2026-04-23 17:40:03.288 7 INFO neutron.plugins.ml2.drivers.ovn.mech_driver.mech_driver [None req-bafde54d-369f-442d-93b1-2cbabc42b4e8 - - - - - -] OVN reports status down for port: a3b816d7-b1a6-435e-a2c9-76b0db61b5f3
2026-04-23 17:40:03.413 8 INFO neutron.db.ovn_revision_numbers_db [None req-16f4bbbb-1687-48b7-863f-846bfba4bc4e - - - - - -] Successfully bumped revision number for resource 8669fb53-73e8-4ae7-8ac4-dc3984be5dab (type: ports) to 2
2026-04-23 17:40:03.443 8 INFO neutron.db.ovn_revision_numbers_db [None req-16f4bbbb-1687-48b7-863f-846bfba4bc4e - - - - - -] Successfully bumped revision number for resource ee759366-cabb-4df2-b96c-99c236d41dbf (type: subnets) to 0 [pid: 8|app: 0|req: 927/1677] 10.0.0.44 () {34 vars in 668 bytes} [Thu Apr 23 17:40:02 2026] POST /v2.0/subnets => generated 626 bytes in 734 msecs (HTTP/1.1 201) 4 headers in 162 bytes (1 switches on core 0)
2026-04-23 17:40:03.463 7 INFO neutron.plugins.ml2.drivers.ovn.mech_driver.mech_driver [None req-bafde54d-369f-442d-93b1-2cbabc42b4e8 - - - - - -] OVN reports status down for port: 1171b1c9-7ee8-4c9d-9125-83c50ebc7ab9
2026-04-23 17:40:03.474 7 INFO neutron.plugins.ml2.drivers.ovn.mech_driver.mech_driver [None req-bafde54d-369f-442d-93b1-2cbabc42b4e8 - - - - - -] OVN reports status down for port: abb9b0bb-cded-4d45-a222-5fe3fdff1778
2026-04-23 17:40:03.475 7 WARNING neutron.scheduler.dhcp_agent_scheduler [None req-46fc93a7-98d1-41ec-93a3-0b802f789e1b f1d4daf209f64ac6a03fdf6d1bf6c8d5 56e5f93d207d455ebd3f209b29c9b609 - - default default] No more DHCP agents
2026-04-23 17:40:03.478 7 WARNING neutron.api.rpc.agentnotifiers.dhcp_rpc_agent_api [None req-46fc93a7-98d1-41ec-93a3-0b802f789e1b f1d4daf209f64ac6a03fdf6d1bf6c8d5 56e5f93d207d455ebd3f209b29c9b609 - - default default] Unable to schedule network 6a22ab22-cce4-4133-b227-f63b1ca880ab: no agents available; will retry on subsequent port and subnet creation events.
2026-04-23 17:40:03.486 7 INFO neutron.plugins.ml2.drivers.ovn.mech_driver.mech_driver [None req-bafde54d-369f-442d-93b1-2cbabc42b4e8 - - - - - -] OVN reports status down for port: 8669fb53-73e8-4ae7-8ac4-dc3984be5dab
2026-04-23 17:40:03.649 7 INFO neutron.plugins.ml2.drivers.ovn.mech_driver.mech_driver [None req-bafde54d-369f-442d-93b1-2cbabc42b4e8 - - - - - -] OVN reports status down for port: a12a1dac-bf3a-45b5-8e78-d18e801c6dcd
2026-04-23 17:40:03.661 8 INFO neutron.db.ovn_revision_numbers_db [None req-4d917ae2-4100-40b0-92a8-8958a803e6b9 f5fade0b81284290be11be7615d41746 fd4aef983e9f45929110cbbef43a087f - - default default] Successfully bumped revision number for resource 34af7c3f-6d99-40c5-baa5-852ed380007e (type: routers) to 1 [pid: 8|app: 0|req: 928/1678] 10.0.0.44 () {34 vars in 668 bytes} [Thu Apr 23 17:40:03 2026] POST /v2.0/routers => generated 603 bytes in 214 msecs (HTTP/1.1 201) 4 headers in 162 bytes (1 switches on core 0)
2026-04-23 17:40:03.698 7 INFO neutron.db.ovn_revision_numbers_db [None req-46fc93a7-98d1-41ec-93a3-0b802f789e1b f1d4daf209f64ac6a03fdf6d1bf6c8d5 56e5f93d207d455ebd3f209b29c9b609 - - default default] Successfully bumped revision number for resource a12a1dac-bf3a-45b5-8e78-d18e801c6dcd (type: ports) to 1 [pid: 7|app: 0|req: 751/1679] 10.0.0.44 () {34 vars in 669 bytes} [Thu Apr 23 17:40:02 2026] POST /v2.0/networks => generated 655 bytes in 862 msecs (HTTP/1.1 201) 4 headers in 162 bytes (1 switches on core 0)
2026-04-23 17:40:03.942 7 WARNING neutron.scheduler.dhcp_agent_scheduler [None req-7a0e5d3e-34b0-4788-b480-0cf6e2d4471e f1d4daf209f64ac6a03fdf6d1bf6c8d5 56e5f93d207d455ebd3f209b29c9b609 - - default default] No more DHCP agents
2026-04-23 17:40:03.943 7 WARNING neutron.api.rpc.agentnotifiers.dhcp_rpc_agent_api [None req-7a0e5d3e-34b0-4788-b480-0cf6e2d4471e f1d4daf209f64ac6a03fdf6d1bf6c8d5 56e5f93d207d455ebd3f209b29c9b609 - - default default] Unable to schedule network 6a22ab22-cce4-4133-b227-f63b1ca880ab: no agents available; will retry on subsequent port and subnet creation events.
2026-04-23 17:40:03.982 7 INFO neutron.db.ovn_revision_numbers_db [None req-7a0e5d3e-34b0-4788-b480-0cf6e2d4471e f1d4daf209f64ac6a03fdf6d1bf6c8d5 56e5f93d207d455ebd3f209b29c9b609 - - default default] Successfully bumped revision number for resource bd2ebf57-71b8-4bc3-b0b7-5eb8de416343 (type: subnets) to 0
2026-04-23 17:40:03.999 8 WARNING neutron.scheduler.dhcp_agent_scheduler [None req-3ee5f3c6-f608-4853-ad71-4abcd3bb81e5 f5fade0b81284290be11be7615d41746 fd4aef983e9f45929110cbbef43a087f - - default default] No more DHCP agents
2026-04-23 17:40:04.001 8 WARNING neutron.api.rpc.agentnotifiers.dhcp_rpc_agent_api [None req-3ee5f3c6-f608-4853-ad71-4abcd3bb81e5 f5fade0b81284290be11be7615d41746 fd4aef983e9f45929110cbbef43a087f - - default default] Unable to schedule network 56c29f14-cfb4-4d63-9618-f17739afa271: no agents available; will retry on subsequent port and subnet creation events. [pid: 7|app: 0|req: 752/1680] 10.0.0.44 () {34 vars in 668 bytes} [Thu Apr 23 17:40:03 2026] POST /v2.0/subnets => generated 646 bytes in 250 msecs (HTTP/1.1 201) 4 headers in 162 bytes (1 switches on core 0)
2026-04-23 17:40:04.207 7 INFO neutron.plugins.ml2.drivers.ovn.mech_driver.mech_driver [None req-bafde54d-369f-442d-93b1-2cbabc42b4e8 - - - - - -] OVN reports status down for port: 74b38cea-cea4-461a-8653-6446dd474a41
2026-04-23 17:40:04.230 8 INFO neutron.db.ovn_revision_numbers_db [None req-3ee5f3c6-f608-4853-ad71-4abcd3bb81e5 f5fade0b81284290be11be7615d41746 fd4aef983e9f45929110cbbef43a087f - - default default] Successfully bumped revision number for resource 74b38cea-cea4-461a-8653-6446dd474a41 (type: ports) to 1 [pid: 8|app: 0|req: 929/1681] 10.0.0.44 () {34 vars in 664 bytes} [Thu Apr 23 17:40:03 2026] POST /v2.0/ports => generated 948 bytes in 569 msecs (HTTP/1.1 201) 4 headers in 162 bytes (1 switches on core 0) /var/lib/openstack/lib/python3.12/site-packages/pycadf/identifier.py:70: UserWarning: Invalid uuid: neutron. To ensure interoperability, identifiers should be a valid uuid. warnings.warn(('Invalid uuid: %s. To ensure interoperability, '
2026-04-23 17:40:04.465 7 WARNING neutron.scheduler.dhcp_agent_scheduler [None req-ecfefcb6-dad0-48a6-982f-e308c9133ca3 f1d4daf209f64ac6a03fdf6d1bf6c8d5 56e5f93d207d455ebd3f209b29c9b609 - - default default] No more DHCP agents
2026-04-23 17:40:04.467 7 WARNING neutron.api.rpc.agentnotifiers.dhcp_rpc_agent_api [None req-ecfefcb6-dad0-48a6-982f-e308c9133ca3 f1d4daf209f64ac6a03fdf6d1bf6c8d5 56e5f93d207d455ebd3f209b29c9b609 - - default default] Unable to schedule network 6a22ab22-cce4-4133-b227-f63b1ca880ab: no agents available; will retry on subsequent port and subnet creation events.
2026-04-23 17:40:04.609 7 INFO neutron.plugins.ml2.drivers.ovn.mech_driver.mech_driver [None req-bafde54d-369f-442d-93b1-2cbabc42b4e8 - - - - - -] OVN reports status down for port: eab1e83d-742c-460f-b99f-cbbddd9b6b11
2026-04-23 17:40:04.674 7 INFO neutron.db.ovn_revision_numbers_db [None req-ecfefcb6-dad0-48a6-982f-e308c9133ca3 f1d4daf209f64ac6a03fdf6d1bf6c8d5 56e5f93d207d455ebd3f209b29c9b609 - - default default] Successfully bumped revision number for resource eab1e83d-742c-460f-b99f-cbbddd9b6b11 (type: ports) to 1 [pid: 7|app: 0|req: 753/1682] 10.0.0.44 () {34 vars in 664 bytes} [Thu Apr 23 17:40:04 2026] POST /v2.0/ports => generated 928 bytes in 707 msecs (HTTP/1.1 201) 4 headers in 162 bytes (1 switches on core 0)
2026-04-23 17:40:04.908 7 INFO neutron.plugins.ml2.drivers.ovn.mech_driver.mech_driver [None req-bafde54d-369f-442d-93b1-2cbabc42b4e8 - - - - - -] OVN reports status up for port: 74b38cea-cea4-461a-8653-6446dd474a41
2026-04-23 17:40:04.919 7 INFO neutron_taas.services.taas.taas_plugin [None req-bd53482d-310e-42a8-956a-c36f4d224bec f1d4daf209f64ac6a03fdf6d1bf6c8d5 56e5f93d207d455ebd3f209b29c9b609 - - default default] TaaS: Handle Delete Port: eab1e83d-742c-460f-b99f-cbbddd9b6b11
2026-04-23 17:40:04.923 7 INFO neutron_taas.services.taas.tap_mirror_plugin [None req-bd53482d-310e-42a8-956a-c36f4d224bec f1d4daf209f64ac6a03fdf6d1bf6c8d5 56e5f93d207d455ebd3f209b29c9b609 - - default default] Tap Mirror: Handle Delete Port: eab1e83d-742c-460f-b99f-cbbddd9b6b11
2026-04-23 17:40:04.935 7 INFO neutron.plugins.ml2.plugin [None req-bafde54d-369f-442d-93b1-2cbabc42b4e8 - - - - - -] Attempt 1 to provision port 74b38cea-cea4-461a-8653-6446dd474a41
2026-04-23 17:40:04.943 8 INFO neutron.db.ovn_revision_numbers_db [None req-28e47de3-a803-45e8-9994-e0ca97b2ab8b f5fade0b81284290be11be7615d41746 fd4aef983e9f45929110cbbef43a087f - - default default] Successfully bumped revision number for resource 74b38cea-cea4-461a-8653-6446dd474a41 (type: ports) to 2 [pid: 7|app: 0|req: 754/1683] 10.0.0.44 () {32 vars in 719 bytes} [Thu Apr 23 17:40:04 2026] DELETE /v2.0/ports/eab1e83d-742c-460f-b99f-cbbddd9b6b11 => generated 0 bytes in 530 msecs (HTTP/1.1 204) 3 headers in 131 bytes (1 switches on core 0)
2026-04-23 17:40:05.284 7 INFO neutron.pecan_wsgi.hooks.translation [None req-a5d12246-8ac9-4bd0-9299-adcdac4158dd f1d4daf209f64ac6a03fdf6d1bf6c8d5 56e5f93d207d455ebd3f209b29c9b609 - - default default] GET failed (client error): The resource could not be found. [pid: 7|app: 0|req: 755/1684] 10.0.0.44 () {32 vars in 716 bytes} [Thu Apr 23 17:40:05 2026] GET /v2.0/ports/eab1e83d-742c-460f-b99f-cbbddd9b6b11 => generated 132 bytes in 33 msecs (HTTP/1.1 404) 4 headers in 164 bytes (1 switches on core 0)
2026-04-23 17:40:05.539 7 INFO neutron.db.ovn_revision_numbers_db [None req-bafde54d-369f-442d-93b1-2cbabc42b4e8 - - - - - -] Successfully bumped revision number for resource 74b38cea-cea4-461a-8653-6446dd474a41 (type: ports) to 3 [pid: 7|app: 0|req: 756/1685] 10.0.0.44 () {32 vars in 723 bytes} [Thu Apr 23 17:40:05 2026] DELETE /v2.0/subnets/bd2ebf57-71b8-4bc3-b0b7-5eb8de416343 => generated 0 bytes in 309 msecs (HTTP/1.1 204) 3 headers in 131 bytes (1 switches on core 0)
2026-04-23 17:40:05.809 7 INFO neutron_taas.services.taas.taas_plugin [None req-0e9976db-6869-491c-b794-9d6a5e79a01a f1d4daf209f64ac6a03fdf6d1bf6c8d5 56e5f93d207d455ebd3f209b29c9b609 - - default default] TaaS: Handle Delete Port: a12a1dac-bf3a-45b5-8e78-d18e801c6dcd
2026-04-23 17:40:05.811 7 INFO neutron_taas.services.taas.tap_mirror_plugin [None req-0e9976db-6869-491c-b794-9d6a5e79a01a f1d4daf209f64ac6a03fdf6d1bf6c8d5 56e5f93d207d455ebd3f209b29c9b609 - - default default] Tap Mirror: Handle Delete Port: a12a1dac-bf3a-45b5-8e78-d18e801c6dcd
2026-04-23 17:40:06.021 7 INFO neutron.services.segments.plugin [-] Segment 87f5c5d1-7974-448d-86e4-1b39cf036a42 resource provider aggregate not found
2026-04-23 17:40:06.028 7 INFO neutron.services.segments.plugin [-] Segment 87f5c5d1-7974-448d-86e4-1b39cf036a42 resource provider aggregate not found
2026-04-23 17:40:06.048 7 INFO neutron.services.segments.plugin [-] Segment 87f5c5d1-7974-448d-86e4-1b39cf036a42 resource provider not found; error: Placement Client Error (4xx): {"errors": [{"status": 404, "title": "Not Found", "detail": "The resource could not be found.\n\n No resource provider with uuid 87f5c5d1-7974-448d-86e4-1b39cf036a42 found for delete ", "request_id": "req-eceea8dd-70bb-4949-8f2b-1d330516b48b"}]}
2026-04-23 17:40:06.059 7 INFO neutron.services.segments.plugin [-] Segment 87f5c5d1-7974-448d-86e4-1b39cf036a42 resource provider not found; error: Placement Client Error (4xx): {"errors": [{"status": 404, "title": "Not Found", "detail": "The resource could not be found.\n\n No resource provider with uuid 87f5c5d1-7974-448d-86e4-1b39cf036a42 found for delete ", "request_id": "req-ae851a09-e3a7-4f30-aa94-4b0419a970e1"}]} [pid: 7|app: 0|req: 757/1686] 10.0.0.44 () {32 vars in 725 bytes} [Thu Apr 23 17:40:05 2026] DELETE /v2.0/networks/6a22ab22-cce4-4133-b227-f63b1ca880ab => generated 0 bytes in 496 msecs (HTTP/1.1 204) 3 headers in 131 bytes (1 switches on core 0) /var/lib/openstack/lib/python3.12/site-packages/pycadf/identifier.py:70: UserWarning: Invalid uuid: neutron. To ensure interoperability, identifiers should be a valid uuid. warnings.warn(('Invalid uuid: %s. To ensure interoperability, '
2026-04-23 17:40:06.304 8 WARNING neutron.scheduler.dhcp_agent_scheduler [None req-28e47de3-a803-45e8-9994-e0ca97b2ab8b f5fade0b81284290be11be7615d41746 fd4aef983e9f45929110cbbef43a087f - - default default] No more DHCP agents
2026-04-23 17:40:06.305 8 WARNING neutron.api.rpc.agentnotifiers.dhcp_rpc_agent_api [None req-28e47de3-a803-45e8-9994-e0ca97b2ab8b f5fade0b81284290be11be7615d41746 fd4aef983e9f45929110cbbef43a087f - - default default] Unable to schedule network 56c29f14-cfb4-4d63-9618-f17739afa271: no agents available; will retry on subsequent port and subnet creation events.
2026-04-23 17:40:06.352 7 WARNING neutron.scheduler.dhcp_agent_scheduler [None req-5f0e899b-bf10-4b0b-979d-6d61faf173ad f1d4daf209f64ac6a03fdf6d1bf6c8d5 56e5f93d207d455ebd3f209b29c9b609 - - default default] No more DHCP agents
2026-04-23 17:40:06.353 7 WARNING neutron.api.rpc.agentnotifiers.dhcp_rpc_agent_api [None req-5f0e899b-bf10-4b0b-979d-6d61faf173ad f1d4daf209f64ac6a03fdf6d1bf6c8d5 56e5f93d207d455ebd3f209b29c9b609 - - default default] Unable to schedule network af46c901-72d9-4471-b948-bc438a1c3854: no agents available; will retry on subsequent port and subnet creation events.
2026-04-23 17:40:06.540 7 INFO neutron.db.ovn_revision_numbers_db [None req-5f0e899b-bf10-4b0b-979d-6d61faf173ad f1d4daf209f64ac6a03fdf6d1bf6c8d5 56e5f93d207d455ebd3f209b29c9b609 - - default default] Successfully bumped revision number for resource f190ee04-29b5-4145-95b9-bf4a5c6ed9a8 (type: ports) to 1
2026-04-23 17:40:06.601 8 INFO neutron.db.ovn_revision_numbers_db [None req-28e47de3-a803-45e8-9994-e0ca97b2ab8b f5fade0b81284290be11be7615d41746 fd4aef983e9f45929110cbbef43a087f - - default default] Successfully bumped revision number for resource 74b38cea-cea4-461a-8653-6446dd474a41 (type: router_ports) to 3 [pid: 8|app: 0|req: 930/1687] 10.0.0.44 () {34 vars in 782 bytes} [Thu Apr 23 17:40:04 2026] PUT /v2.0/routers/34af7c3f-6d99-40c5-baa5-852ed380007e/add_router_interface => generated 309 bytes in 2349 msecs (HTTP/1.1 200) 4 headers in 157 bytes (1 switches on core 0) /var/lib/openstack/lib/python3.12/site-packages/pycadf/identifier.py:70: UserWarning: Invalid uuid: neutron. To ensure interoperability, identifiers should be a valid uuid. warnings.warn(('Invalid uuid: %s. To ensure interoperability, ' [pid: 8|app: 0|req: 931/1688] 10.0.0.44 () {32 vars in 716 bytes} [Thu Apr 23 17:40:06 2026] GET /v2.0/ports/74b38cea-cea4-461a-8653-6446dd474a41 => generated 1010 bytes in 32 msecs (HTTP/1.1 200) 4 headers in 158 bytes (1 switches on core 0) [pid: 7|app: 0|req: 758/1689] 10.0.0.44 () {34 vars in 664 bytes} [Thu Apr 23 17:40:06 2026] POST /v2.0/ports => generated 779 bytes in 560 msecs (HTTP/1.1 201) 4 headers in 162 bytes (1 switches on core 0) /var/lib/openstack/lib/python3.12/site-packages/pycadf/identifier.py:70: UserWarning: Invalid uuid: neutron. To ensure interoperability, identifiers should be a valid uuid. warnings.warn(('Invalid uuid: %s. To ensure interoperability, '
2026-04-23 17:40:06.930 7 INFO neutron.db.ovn_revision_numbers_db [None req-d2f45d95-7a65-4263-a110-8765ebf132b9 f1d4daf209f64ac6a03fdf6d1bf6c8d5 56e5f93d207d455ebd3f209b29c9b609 - - default default] Successfully bumped revision number for resource f190ee04-29b5-4145-95b9-bf4a5c6ed9a8 (type: ports) to 2 [pid: 7|app: 0|req: 759/1690] 10.0.0.44 () {34 vars in 736 bytes} [Thu Apr 23 17:40:06 2026] PUT /v2.0/ports/f190ee04-29b5-4145-95b9-bf4a5c6ed9a8 => generated 752 bytes in 276 msecs (HTTP/1.1 200) 4 headers in 157 bytes (1 switches on core 0)
2026-04-23 17:40:06.960 8 INFO neutron_taas.services.taas.taas_plugin [None req-4b1cf115-9270-4ec1-8de0-c63851374cde f5fade0b81284290be11be7615d41746 fd4aef983e9f45929110cbbef43a087f - - default default] TaaS: Handle Delete Port: 74b38cea-cea4-461a-8653-6446dd474a41
2026-04-23 17:40:06.963 8 INFO neutron_taas.services.taas.tap_mirror_plugin [None req-4b1cf115-9270-4ec1-8de0-c63851374cde f5fade0b81284290be11be7615d41746 fd4aef983e9f45929110cbbef43a087f - - default default] Tap Mirror: Handle Delete Port: 74b38cea-cea4-461a-8653-6446dd474a41 /var/lib/openstack/lib/python3.12/site-packages/pycadf/identifier.py:70: UserWarning: Invalid uuid: neutron. To ensure interoperability, identifiers should be a valid uuid. warnings.warn(('Invalid uuid: %s. To ensure interoperability, '
2026-04-23 17:40:07.099 7 INFO neutron_taas.services.taas.taas_plugin [None req-aaec3849-895b-4278-a7c9-6b15a72096a3 f1d4daf209f64ac6a03fdf6d1bf6c8d5 56e5f93d207d455ebd3f209b29c9b609 - - default default] TaaS: Handle Delete Port: f190ee04-29b5-4145-95b9-bf4a5c6ed9a8
2026-04-23 17:40:07.103 7 INFO neutron_taas.services.taas.tap_mirror_plugin [None req-aaec3849-895b-4278-a7c9-6b15a72096a3 f1d4daf209f64ac6a03fdf6d1bf6c8d5 56e5f93d207d455ebd3f209b29c9b609 - - default default] Tap Mirror: Handle Delete Port: f190ee04-29b5-4145-95b9-bf4a5c6ed9a8 [pid: 7|app: 0|req: 760/1691] 10.0.0.44 () {32 vars in 719 bytes} [Thu Apr 23 17:40:06 2026] DELETE /v2.0/ports/f190ee04-29b5-4145-95b9-bf4a5c6ed9a8 => generated 0 bytes in 369 msecs (HTTP/1.1 204) 3 headers in 131 bytes (1 switches on core 0) [pid: 8|app: 0|req: 932/1692] 10.0.0.44 () {34 vars in 788 bytes} [Thu Apr 23 17:40:06 2026] PUT /v2.0/routers/34af7c3f-6d99-40c5-baa5-852ed380007e/remove_router_interface => generated 309 bytes in 718 msecs (HTTP/1.1 200) 4 headers in 157 bytes (1 switches on core 0) /var/lib/openstack/lib/python3.12/site-packages/pycadf/identifier.py:70: UserWarning: Invalid uuid: neutron. To ensure interoperability, identifiers should be a valid uuid. warnings.warn(('Invalid uuid: %s. To ensure interoperability, ' [pid: 7|app: 0|req: 761/1693] 10.0.0.44 () {32 vars in 642 bytes} [Thu Apr 23 17:40:07 2026] GET /v2.0/ports => generated 1538 bytes in 60 msecs (HTTP/1.1 200) 4 headers in 158 bytes (1 switches on core 0)
2026-04-23 17:40:07.420 7 INFO neutron.pecan_wsgi.hooks.translation [None req-f9747de1-ecdc-491b-9f94-08947922f5be f1d4daf209f64ac6a03fdf6d1bf6c8d5 56e5f93d207d455ebd3f209b29c9b609 - - default default] GET failed (client error): The resource could not be found. [pid: 7|app: 0|req: 762/1694] 10.0.0.44 () {32 vars in 716 bytes} [Thu Apr 23 17:40:07 2026] GET /v2.0/ports/f190ee04-29b5-4145-95b9-bf4a5c6ed9a8 => generated 132 bytes in 21 msecs (HTTP/1.1 404) 4 headers in 164 bytes (1 switches on core 0)
2026-04-23 17:40:07.446 8 INFO neutron.api.v2.resource [None req-d9946f05-0376-4c61-b9c9-4241b3682058 f5fade0b81284290be11be7615d41746 fd4aef983e9f45929110cbbef43a087f - - default default] remove_router_interface failed (client error): The resource could not be found. [pid: 8|app: 0|req: 933/1695] 10.0.0.44 () {34 vars in 788 bytes} [Thu Apr 23 17:40:07 2026] PUT /v2.0/routers/34af7c3f-6d99-40c5-baa5-852ed380007e/remove_router_interface => generated 197 bytes in 74 msecs (HTTP/1.1 404) 4 headers in 164 bytes (1 switches on core 0) [pid: 7|app: 0|req: 763/1696] 10.0.0.44 () {32 vars in 642 bytes} [Thu Apr 23 17:40:07 2026] GET /v2.0/ports => generated 1538 bytes in 42 msecs (HTTP/1.1 200) 4 headers in 158 bytes (1 switches on core 0) [pid: 8|app: 0|req: 934/1697] 10.0.0.44 () {32 vars in 735 bytes} [Thu Apr 23 17:40:07 2026] GET /v2.0/ports?device_id=34af7c3f-6d99-40c5-baa5-852ed380007e => generated 12 bytes in 22 msecs (HTTP/1.1 200) 4 headers in 156 bytes (1 switches on core 0) [pid: 8|app: 0|req: 935/1698] 10.0.0.44 () {32 vars in 716 bytes} [Thu Apr 23 17:40:07 2026] GET /v2.0/ports/a3b816d7-b1a6-435e-a2c9-76b0db61b5f3 => generated 779 bytes in 131 msecs (HTTP/1.1 200) 4 headers in 157 bytes (1 switches on core 0)
2026-04-23 17:40:07.624 8 INFO neutron.pecan_wsgi.hooks.translation [None req-f94976ca-11dc-4a3f-b408-4c95325afa93 f1d4daf209f64ac6a03fdf6d1bf6c8d5 56e5f93d207d455ebd3f209b29c9b609 - - default default] DELETE failed (client error): The resource could not be found. [pid: 8|app: 0|req: 936/1699] 10.0.0.44 () {32 vars in 719 bytes} [Thu Apr 23 17:40:07 2026] DELETE /v2.0/ports/eab1e83d-742c-460f-b99f-cbbddd9b6b11 => generated 132 bytes in 16 msecs (HTTP/1.1 404) 4 headers in 164 bytes (1 switches on core 0)
2026-04-23 17:40:07.660 8 INFO neutron.pecan_wsgi.hooks.translation [None req-18da26a2-66a2-4a22-a8ae-69b1b62b21a2 f1d4daf209f64ac6a03fdf6d1bf6c8d5 56e5f93d207d455ebd3f209b29c9b609 - - default default] DELETE failed (client error): The resource could not be found. [pid: 8|app: 0|req: 937/1700] 10.0.0.44 () {32 vars in 723 bytes} [Thu Apr 23 17:40:07 2026] DELETE /v2.0/subnets/bd2ebf57-71b8-4bc3-b0b7-5eb8de416343 => generated 136 bytes in 31 msecs (HTTP/1.1 404) 4 headers in 164 bytes (1 switches on core 0)
2026-04-23 17:40:07.704 8 INFO neutron.pecan_wsgi.hooks.translation [None req-8e4da010-98a2-4020-aadd-03352c818231 f1d4daf209f64ac6a03fdf6d1bf6c8d5 56e5f93d207d455ebd3f209b29c9b609 - - default default] DELETE failed (client error): The resource could not be found. [pid: 8|app: 0|req: 938/1701] 10.0.0.44 () {32 vars in 723 bytes} [Thu Apr 23 17:40:07 2026] DELETE /v2.0/subnets/caf8e8de-6815-46c5-99e1-e54bb98550d9 => generated 136 bytes in 42 msecs (HTTP/1.1 404) 4 headers in 164 bytes (1 switches on core 0) [pid: 7|app: 0|req: 764/1702] 10.0.0.44 () {32 vars in 723 bytes} [Thu Apr 23 17:40:07 2026] DELETE /v2.0/routers/34af7c3f-6d99-40c5-baa5-852ed380007e => generated 0 bytes in 242 msecs (HTTP/1.1 204) 2 headers in 112 bytes (1 switches on core 0)
2026-04-23 17:40:07.832 8 INFO neutron_taas.services.taas.taas_plugin [None req-7fea1523-06a9-444d-b5b2-e1fce60d1cf9 f1d4daf209f64ac6a03fdf6d1bf6c8d5 56e5f93d207d455ebd3f209b29c9b609 - - default default] TaaS: Handle Delete Port: a3b816d7-b1a6-435e-a2c9-76b0db61b5f3
2026-04-23 17:40:07.834 8 INFO neutron_taas.services.taas.tap_mirror_plugin [None req-7fea1523-06a9-444d-b5b2-e1fce60d1cf9 f1d4daf209f64ac6a03fdf6d1bf6c8d5 56e5f93d207d455ebd3f209b29c9b609 - - default default] Tap Mirror: Handle Delete Port: a3b816d7-b1a6-435e-a2c9-76b0db61b5f3 [pid: 7|app: 0|req: 765/1703] 10.0.0.44 () {32 vars in 723 bytes} [Thu Apr 23 17:40:07 2026] DELETE /v2.0/subnets/ee759366-cabb-4df2-b96c-99c236d41dbf => generated 0 bytes in 182 msecs (HTTP/1.1 204) 3 headers in 131 bytes (1 switches on core 0) [pid: 8|app: 0|req: 939/1704] 10.0.0.44 () {32 vars in 719 bytes} [Thu Apr 23 17:40:07 2026] DELETE /v2.0/ports/a3b816d7-b1a6-435e-a2c9-76b0db61b5f3 => generated 0 bytes in 275 msecs (HTTP/1.1 204) 3 headers in 131 bytes (1 switches on core 0)
2026-04-23 17:40:08.081 7 INFO neutron_taas.services.taas.taas_plugin [None req-193b7048-33ea-45cd-a215-7f6a34fb222c f5fade0b81284290be11be7615d41746 fd4aef983e9f45929110cbbef43a087f - - default default] TaaS: Handle Delete Port: 8669fb53-73e8-4ae7-8ac4-dc3984be5dab
2026-04-23 17:40:08.084 7 INFO neutron_taas.services.taas.tap_mirror_plugin [None req-193b7048-33ea-45cd-a215-7f6a34fb222c f5fade0b81284290be11be7615d41746 fd4aef983e9f45929110cbbef43a087f - - default default] Tap Mirror: Handle Delete Port: 8669fb53-73e8-4ae7-8ac4-dc3984be5dab
