2026-04-23 17:41:43.143 7 INFO neutron.db.ovn_revision_numbers_db [None req-1cc98598-b78f-4cea-a2f2-4c4b8aa8aac8 - - - - - -] Successfully bumped revision number for resource d002207b-3fc6-4a96-84fc-3a4d8a16458b (type: subnets) to 0 [pid: 7|app: 0|req: 1042/2299] 10.0.0.44 () {34 vars in 668 bytes} [Thu Apr 23 17:41:41 2026] POST /v2.0/subnets => generated 657 bytes in 1319 msecs (HTTP/1.1 201) 4 headers in 162 bytes (1 switches on core 0) [pid: 8|app: 0|req: 1258/2300] 10.0.0.44 () {32 vars in 721 bytes} [Thu Apr 23 17:41:43 2026] GET /v2.0/subnetpools?name=shared-default-subnetpool-v6 => generated 19 bytes in 45 msecs (HTTP/1.1 200) 4 headers in 156 bytes (1 switches on core 0) [pid: 8|app: 0|req: 1259/2301] 10.0.0.44 () {32 vars in 722 bytes} [Thu Apr 23 17:41:43 2026] GET /v2.0/networks/c53fa9b0-47d6-4fdd-bbdf-08d615f80f84 => generated 692 bytes in 66 msecs (HTTP/1.1 200) 4 headers in 157 bytes (1 switches on core 0)
2026-04-23 17:41:43.425 7 WARNING neutron.scheduler.dhcp_agent_scheduler [None req-4ea73f28-7d2b-4186-ba72-1ea89b470d7e 2b2f8d9e91c74d6697cb21401b5d301b c88ff587800c45a59aff3867ac6cbf1a - - default default] No more DHCP agents
2026-04-23 17:41:43.426 7 WARNING neutron.api.rpc.agentnotifiers.dhcp_rpc_agent_api [None req-4ea73f28-7d2b-4186-ba72-1ea89b470d7e 2b2f8d9e91c74d6697cb21401b5d301b c88ff587800c45a59aff3867ac6cbf1a - - default default] Unable to schedule network b03dc7a4-5ea5-4b48-ac7e-c5443ec93f68: no agents available; will retry on subsequent port and subnet creation events.
2026-04-23 17:41:43.465 7 INFO neutron.db.ovn_revision_numbers_db [None req-4ea73f28-7d2b-4186-ba72-1ea89b470d7e 2b2f8d9e91c74d6697cb21401b5d301b c88ff587800c45a59aff3867ac6cbf1a - - default default] Successfully bumped revision number for resource 85d48c89-45b9-4597-9c0a-e3b85b4bbd17 (type: subnets) to 0 [pid: 7|app: 0|req: 1043/2302] 10.0.0.44 () {34 vars in 668 bytes} [Thu Apr 23 17:41:43 2026] POST /v2.0/subnets => generated 732 bytes in 264 msecs (HTTP/1.1 201) 4 headers in 162 bytes (1 switches on core 0)
2026-04-23 17:41:43.579 8 INFO neutron.db.segments_db [None req-94d68aff-f367-426c-9188-ee44ec7af5b3 2b2f8d9e91c74d6697cb21401b5d301b c88ff587800c45a59aff3867ac6cbf1a - - default default] Added segment a8fe8c4f-908c-4f4e-9027-96ed708c3280 of type geneve for network 08f31eff-ae10-43f3-9903-4dc21b9bedf1
2026-04-23 17:41:43.701 8 INFO neutron.db.ovn_revision_numbers_db [None req-94d68aff-f367-426c-9188-ee44ec7af5b3 2b2f8d9e91c74d6697cb21401b5d301b c88ff587800c45a59aff3867ac6cbf1a - - default default] Successfully bumped revision number for resource 08f31eff-ae10-43f3-9903-4dc21b9bedf1 (type: networks) to 1
2026-04-23 17:41:43.727 7 INFO neutron.pecan_wsgi.hooks.translation [None req-4fb41e47-36e3-4891-ac19-aefa13712b13 9bcbd11b5b3e4c80adb8a3ddae3183f8 3286e23d19d14c3a9ce45917e4ffcdcc - - default default] GET failed (client error): The resource could not be found. [pid: 7|app: 0|req: 1044/2303] 10.0.0.44 () {32 vars in 722 bytes} [Thu Apr 23 17:41:43 2026] GET /v2.0/networks/c53fa9b0-47d6-4fdd-bbdf-08d615f80f84 => generated 138 bytes in 42 msecs (HTTP/1.1 404) 4 headers in 164 bytes (1 switches on core 0)
2026-04-23 17:41:43.862 7 INFO neutron_taas.services.taas.taas_plugin [None req-098a6cea-b4ce-416f-be14-c3f2815862b0 9b9797f597c84a40b953a59fe7734574 b2fdc206e2164d8f9024e85e951c32e2 - - default default] TaaS: Handle Delete Port: 2846444d-136b-4f4a-aedb-cc736d7140c9
2026-04-23 17:41:43.865 7 INFO neutron_taas.services.taas.tap_mirror_plugin [None req-098a6cea-b4ce-416f-be14-c3f2815862b0 9b9797f597c84a40b953a59fe7734574 b2fdc206e2164d8f9024e85e951c32e2 - - default default] Tap Mirror: Handle Delete Port: 2846444d-136b-4f4a-aedb-cc736d7140c9
2026-04-23 17:41:43.865 8 WARNING neutron.scheduler.dhcp_agent_scheduler [None req-94d68aff-f367-426c-9188-ee44ec7af5b3 2b2f8d9e91c74d6697cb21401b5d301b c88ff587800c45a59aff3867ac6cbf1a - - default default] No more DHCP agents
2026-04-23 17:41:43.867 8 WARNING neutron.api.rpc.agentnotifiers.dhcp_rpc_agent_api [None req-94d68aff-f367-426c-9188-ee44ec7af5b3 2b2f8d9e91c74d6697cb21401b5d301b c88ff587800c45a59aff3867ac6cbf1a - - default default] Unable to schedule network 08f31eff-ae10-43f3-9903-4dc21b9bedf1: no agents available; will retry on subsequent port and subnet creation events.
2026-04-23 17:41:43.986 7 INFO neutron.plugins.ml2.drivers.ovn.mech_driver.mech_driver [None req-6072cffc-71ec-48c5-a5af-6de24a4269f2 - - - - - -] OVN reports status down for port: 9b73b668-970a-40d5-95ae-0347a9a4d3d3
2026-04-23 17:41:44.005 8 INFO neutron.db.ovn_revision_numbers_db [None req-94d68aff-f367-426c-9188-ee44ec7af5b3 2b2f8d9e91c74d6697cb21401b5d301b c88ff587800c45a59aff3867ac6cbf1a - - default default] Successfully bumped revision number for resource 9b73b668-970a-40d5-95ae-0347a9a4d3d3 (type: ports) to 1 [pid: 8|app: 0|req: 1260/2304] 10.0.0.44 () {34 vars in 669 bytes} [Thu Apr 23 17:41:43 2026] POST /v2.0/networks => generated 657 bytes in 542 msecs (HTTP/1.1 201) 4 headers in 162 bytes (1 switches on core 0)
2026-04-23 17:41:44.265 8 WARNING neutron.scheduler.dhcp_agent_scheduler [None req-f097edba-06b5-457f-acdd-9b8be244d099 2b2f8d9e91c74d6697cb21401b5d301b c88ff587800c45a59aff3867ac6cbf1a - - default default] No more DHCP agents
2026-04-23 17:41:44.266 8 WARNING neutron.api.rpc.agentnotifiers.dhcp_rpc_agent_api [None req-f097edba-06b5-457f-acdd-9b8be244d099 2b2f8d9e91c74d6697cb21401b5d301b c88ff587800c45a59aff3867ac6cbf1a - - default default] Unable to schedule network 08f31eff-ae10-43f3-9903-4dc21b9bedf1: no agents available; will retry on subsequent port and subnet creation events.
2026-04-23 17:41:44.288 7 INFO neutron.services.segments.plugin [-] Segment 7ba43027-dbf8-4a00-b22a-35697feac4ba resource provider aggregate not found
2026-04-23 17:41:44.292 7 INFO neutron.services.segments.plugin [-] Segment 7ba43027-dbf8-4a00-b22a-35697feac4ba resource provider aggregate not found
2026-04-23 17:41:44.310 7 INFO neutron.services.segments.plugin [-] Segment 7ba43027-dbf8-4a00-b22a-35697feac4ba resource provider not found; error: Placement Client Error (4xx): {"errors": [{"status": 404, "title": "Not Found", "detail": "The resource could not be found.\n\n No resource provider with uuid 7ba43027-dbf8-4a00-b22a-35697feac4ba found for delete ", "request_id": "req-798d2d20-0e2c-4f49-85ca-2d3848bef06e"}]}
2026-04-23 17:41:44.315 7 INFO neutron.services.segments.plugin [-] Segment 7ba43027-dbf8-4a00-b22a-35697feac4ba resource provider not found; error: Placement Client Error (4xx): {"errors": [{"status": 404, "title": "Not Found", "detail": "The resource could not be found.\n\n No resource provider with uuid 7ba43027-dbf8-4a00-b22a-35697feac4ba found for delete ", "request_id": "req-ed045128-aa66-4a5e-8a95-310030a7b063"}]} [pid: 7|app: 0|req: 1045/2305] 10.0.0.44 () {32 vars in 725 bytes} [Thu Apr 23 17:41:43 2026] DELETE /v2.0/networks/c53fa9b0-47d6-4fdd-bbdf-08d615f80f84 => generated 0 bytes in 606 msecs (HTTP/1.1 204) 3 headers in 131 bytes (1 switches on core 0)
2026-04-23 17:41:44.360 7 INFO neutron.pecan_wsgi.hooks.translation [None req-dcb5e617-b063-4314-a287-305660f5a732 9b9797f597c84a40b953a59fe7734574 b2fdc206e2164d8f9024e85e951c32e2 - - default default] DELETE failed (client error): The resource could not be found. [pid: 7|app: 0|req: 1046/2306] 10.0.0.44 () {32 vars in 723 bytes} [Thu Apr 23 17:41:44 2026] DELETE /v2.0/subnets/3c1cef75-7cbd-48b0-aad9-f412488a51b5 => generated 136 bytes in 15 msecs (HTTP/1.1 404) 4 headers in 164 bytes (1 switches on core 0)
2026-04-23 17:41:44.377 7 INFO neutron.pecan_wsgi.hooks.translation [None req-82cb71d4-4104-4f15-91a7-29e7292a2968 9b9797f597c84a40b953a59fe7734574 b2fdc206e2164d8f9024e85e951c32e2 - - default default] DELETE failed (client error): The resource could not be found. [pid: 7|app: 0|req: 1047/2307] 10.0.0.44 () {32 vars in 723 bytes} [Thu Apr 23 17:41:44 2026] DELETE /v2.0/subnets/a57ba862-f527-47fd-aad4-962dbb3a118c => generated 136 bytes in 14 msecs (HTTP/1.1 404) 4 headers in 164 bytes (1 switches on core 0)
2026-04-23 17:41:44.395 7 INFO neutron.pecan_wsgi.hooks.translation [None req-80fa858a-a4fc-4ba8-9953-9d35b4de7b85 9b9797f597c84a40b953a59fe7734574 b2fdc206e2164d8f9024e85e951c32e2 - - default default] DELETE failed (client error): The resource could not be found. [pid: 7|app: 0|req: 1048/2308] 10.0.0.44 () {32 vars in 723 bytes} [Thu Apr 23 17:41:44 2026] DELETE /v2.0/subnets/b8ea0546-6a3f-451c-a5bf-9b44f3ac596e => generated 136 bytes in 9 msecs (HTTP/1.1 404) 4 headers in 164 bytes (1 switches on core 0)
2026-04-23 17:41:44.758 8 INFO neutron.db.ovn_revision_numbers_db [None req-6ed31a1e-d7e7-4c24-9336-5fe1ce88ca6d - - - - - -] Successfully bumped revision number for resource 9b73b668-970a-40d5-95ae-0347a9a4d3d3 (type: ports) to 2
2026-04-23 17:41:44.793 8 INFO neutron.db.ovn_revision_numbers_db [None req-6ed31a1e-d7e7-4c24-9336-5fe1ce88ca6d - - - - - -] Successfully bumped revision number for resource 49cbfaf4-d4dc-4a45-9124-2d47216eff03 (type: subnets) to 0 [pid: 8|app: 0|req: 1261/2309] 10.0.0.44 () {34 vars in 668 bytes} [Thu Apr 23 17:41:44 2026] POST /v2.0/subnets => generated 655 bytes in 774 msecs (HTTP/1.1 201) 4 headers in 162 bytes (1 switches on core 0)
2026-04-23 17:41:45.032 7 WARNING neutron.scheduler.dhcp_agent_scheduler [None req-fe8d8048-b1a9-4c85-80cb-ead96bf3efa8 2b2f8d9e91c74d6697cb21401b5d301b c88ff587800c45a59aff3867ac6cbf1a - - default default] No more DHCP agents
2026-04-23 17:41:45.033 7 WARNING neutron.api.rpc.agentnotifiers.dhcp_rpc_agent_api [None req-fe8d8048-b1a9-4c85-80cb-ead96bf3efa8 2b2f8d9e91c74d6697cb21401b5d301b c88ff587800c45a59aff3867ac6cbf1a - - default default] Unable to schedule network 08f31eff-ae10-43f3-9903-4dc21b9bedf1: no agents available; will retry on subsequent port and subnet creation events.
2026-04-23 17:41:45.070 7 INFO neutron.db.ovn_revision_numbers_db [None req-fe8d8048-b1a9-4c85-80cb-ead96bf3efa8 2b2f8d9e91c74d6697cb21401b5d301b c88ff587800c45a59aff3867ac6cbf1a - - default default] Successfully bumped revision number for resource c261ea44-9eeb-467e-bf57-8b08bbc403e3 (type: subnets) to 0 [pid: 7|app: 0|req: 1049/2310] 10.0.0.44 () {34 vars in 668 bytes} [Thu Apr 23 17:41:44 2026] POST /v2.0/subnets => generated 725 bytes in 271 msecs (HTTP/1.1 201) 4 headers in 162 bytes (1 switches on core 0)
2026-04-23 17:41:45.180 8 INFO neutron.db.segments_db [None req-2088fb37-ef2c-41c7-a2cb-f7a6304bc998 2b2f8d9e91c74d6697cb21401b5d301b c88ff587800c45a59aff3867ac6cbf1a - - default default] Added segment 630fc93e-9224-48dc-aae3-5d62f6234161 of type geneve for network 5f7f1663-da84-4094-be84-9436bb8968ee
2026-04-23 17:41:45.329 8 INFO neutron.db.ovn_revision_numbers_db [None req-2088fb37-ef2c-41c7-a2cb-f7a6304bc998 2b2f8d9e91c74d6697cb21401b5d301b c88ff587800c45a59aff3867ac6cbf1a - - default default] Successfully bumped revision number for resource 5f7f1663-da84-4094-be84-9436bb8968ee (type: networks) to 1
2026-04-23 17:41:45.525 7 INFO neutron.db.ovn_revision_numbers_db [None req-b63ae304-ce63-4e1a-bf12-c17fbbe0f979 901f014de4bd4dbfb15b09f030bfc81b b702354768bb4df99cea40a072aeafe2 - - default default] Successfully bumped revision number for resource 60d546e0-597b-40dc-a96d-467f0b0c0a51 (type: security_groups) to 1
2026-04-23 17:41:45.536 7 INFO neutron.db.ovn_revision_numbers_db [None req-b63ae304-ce63-4e1a-bf12-c17fbbe0f979 901f014de4bd4dbfb15b09f030bfc81b b702354768bb4df99cea40a072aeafe2 - - default default] Successfully bumped revision number for resource 6efa67c5-bb42-419a-b7d4-46c5a90d7fbe (type: security_group_rules) to 0
2026-04-23 17:41:45.548 7 INFO neutron.db.ovn_revision_numbers_db [None req-b63ae304-ce63-4e1a-bf12-c17fbbe0f979 901f014de4bd4dbfb15b09f030bfc81b b702354768bb4df99cea40a072aeafe2 - - default default] Successfully bumped revision number for resource 70f6e340-470b-4ad3-90dc-d6e216684802 (type: security_group_rules) to 0
2026-04-23 17:41:45.551 8 WARNING neutron.scheduler.dhcp_agent_scheduler [None req-2088fb37-ef2c-41c7-a2cb-f7a6304bc998 2b2f8d9e91c74d6697cb21401b5d301b c88ff587800c45a59aff3867ac6cbf1a - - default default] No more DHCP agents
2026-04-23 17:41:45.553 8 WARNING neutron.api.rpc.agentnotifiers.dhcp_rpc_agent_api [None req-2088fb37-ef2c-41c7-a2cb-f7a6304bc998 2b2f8d9e91c74d6697cb21401b5d301b c88ff587800c45a59aff3867ac6cbf1a - - default default] Unable to schedule network 5f7f1663-da84-4094-be84-9436bb8968ee: no agents available; will retry on subsequent port and subnet creation events.
2026-04-23 17:41:45.559 7 INFO neutron.db.ovn_revision_numbers_db [None req-b63ae304-ce63-4e1a-bf12-c17fbbe0f979 901f014de4bd4dbfb15b09f030bfc81b b702354768bb4df99cea40a072aeafe2 - - default default] Successfully bumped revision number for resource 8a231b00-0b49-4454-8194-32ec386b42fb (type: security_group_rules) to 0
2026-04-23 17:41:45.571 7 INFO neutron.db.ovn_revision_numbers_db [None req-b63ae304-ce63-4e1a-bf12-c17fbbe0f979 901f014de4bd4dbfb15b09f030bfc81b b702354768bb4df99cea40a072aeafe2 - - default default] Successfully bumped revision number for resource df85a424-76a2-472f-8a4f-be0553d524f8 (type: security_group_rules) to 0 [pid: 7|app: 0|req: 1052/2313] 10.0.0.44 () {32 vars in 773 bytes} [Thu Apr 23 17:41:45 2026] GET /v2.0/security-groups?tenant_id=3286e23d19d14c3a9ce45917e4ffcdcc&name=default => generated 2927 bytes in 476 msecs (HTTP/1.1 200) 4 headers in 158 bytes (1 switches on core 0)
2026-04-23 17:41:45.670 7 INFO neutron.plugins.ml2.drivers.ovn.mech_driver.mech_driver [None req-6072cffc-71ec-48c5-a5af-6de24a4269f2 - - - - - -] OVN reports status down for port: 6c1ad9a5-fe21-4737-a97f-ab201741422f
2026-04-23 17:41:45.678 8 INFO neutron.db.ovn_revision_numbers_db [None req-2088fb37-ef2c-41c7-a2cb-f7a6304bc998 2b2f8d9e91c74d6697cb21401b5d301b c88ff587800c45a59aff3867ac6cbf1a - - default default] Successfully bumped revision number for resource 6c1ad9a5-fe21-4737-a97f-ab201741422f (type: ports) to 1 [pid: 8|app: 0|req: 1262/2314] 10.0.0.44 () {34 vars in 669 bytes} [Thu Apr 23 17:41:45 2026] POST /v2.0/networks => generated 655 bytes in 611 msecs (HTTP/1.1 201) 4 headers in 162 bytes (1 switches on core 0)
2026-04-23 17:41:45.968 8 WARNING neutron.scheduler.dhcp_agent_scheduler [None req-af6644e1-1b57-49a4-ac67-35dcf9545dd5 2b2f8d9e91c74d6697cb21401b5d301b c88ff587800c45a59aff3867ac6cbf1a - - default default] No more DHCP agents
2026-04-23 17:41:45.970 8 WARNING neutron.api.rpc.agentnotifiers.dhcp_rpc_agent_api [None req-af6644e1-1b57-49a4-ac67-35dcf9545dd5 2b2f8d9e91c74d6697cb21401b5d301b c88ff587800c45a59aff3867ac6cbf1a - - default default] Unable to schedule network 5f7f1663-da84-4094-be84-9436bb8968ee: no agents available; will retry on subsequent port and subnet creation events. [pid: 7|app: 0|req: 1053/2315] 10.0.0.44 () {32 vars in 739 bytes} [Thu Apr 23 17:41:45 2026] DELETE /v2.0/security-groups/60d546e0-597b-40dc-a96d-467f0b0c0a51 => generated 0 bytes in 359 msecs (HTTP/1.1 204) 2 headers in 112 bytes (1 switches on core 0)
2026-04-23 17:41:46.234 7 INFO neutron.db.ovn_revision_numbers_db [None req-5ab8cb6a-68ca-40b1-b942-e9dd1c14057c 901f014de4bd4dbfb15b09f030bfc81b b702354768bb4df99cea40a072aeafe2 - - default default] Successfully bumped revision number for resource c67a9c33-e1fb-4761-b91f-42498fd6e537 (type: security_groups) to 1
2026-04-23 17:41:46.248 7 INFO neutron.db.ovn_revision_numbers_db [None req-5ab8cb6a-68ca-40b1-b942-e9dd1c14057c 901f014de4bd4dbfb15b09f030bfc81b b702354768bb4df99cea40a072aeafe2 - - default default] Successfully bumped revision number for resource 03879508-fbb2-4536-9897-e10c2548e4b6 (type: security_group_rules) to 0
2026-04-23 17:41:46.261 7 INFO neutron.db.ovn_revision_numbers_db [None req-5ab8cb6a-68ca-40b1-b942-e9dd1c14057c 901f014de4bd4dbfb15b09f030bfc81b b702354768bb4df99cea40a072aeafe2 - - default default] Successfully bumped revision number for resource 152cb8cc-9c91-44ed-9c37-783cd2a5bd73 (type: security_group_rules) to 0
2026-04-23 17:41:46.273 7 INFO neutron.db.ovn_revision_numbers_db [None req-5ab8cb6a-68ca-40b1-b942-e9dd1c14057c 901f014de4bd4dbfb15b09f030bfc81b b702354768bb4df99cea40a072aeafe2 - - default default] Successfully bumped revision number for resource b6eee65c-6b09-445c-a5cc-0f08fa2efd71 (type: security_group_rules) to 0
2026-04-23 17:41:46.284 7 INFO neutron.db.ovn_revision_numbers_db [None req-5ab8cb6a-68ca-40b1-b942-e9dd1c14057c 901f014de4bd4dbfb15b09f030bfc81b b702354768bb4df99cea40a072aeafe2 - - default default] Successfully bumped revision number for resource d860af63-60a0-42d2-8950-5c996e4822ac (type: security_group_rules) to 0 [pid: 7|app: 0|req: 1054/2316] 10.0.0.44 () {32 vars in 773 bytes} [Thu Apr 23 17:41:46 2026] GET /v2.0/security-groups?tenant_id=2f5ad4a965a649228e7e567142d4e537&name=default => generated 2929 bytes in 245 msecs (HTTP/1.1 200) 4 headers in 158 bytes (1 switches on core 0)
2026-04-23 17:41:46.459 8 INFO neutron.db.ovn_revision_numbers_db [None req-aa75e662-1fb2-4eca-b32a-dac842d1d0f1 - - - - - -] Successfully bumped revision number for resource 6c1ad9a5-fe21-4737-a97f-ab201741422f (type: ports) to 2
2026-04-23 17:41:46.512 8 INFO neutron.db.ovn_revision_numbers_db [None req-aa75e662-1fb2-4eca-b32a-dac842d1d0f1 - - - - - -] Successfully bumped revision number for resource 2af8a710-867a-4609-b1b0-76e4e0f548e4 (type: subnets) to 0 [pid: 8|app: 0|req: 1263/2317] 10.0.0.44 () {34 vars in 668 bytes} [Thu Apr 23 17:41:45 2026] POST /v2.0/subnets => generated 656 bytes in 816 msecs (HTTP/1.1 201) 4 headers in 162 bytes (1 switches on core 0) [pid: 7|app: 0|req: 1055/2318] 10.0.0.44 () {32 vars in 739 bytes} [Thu Apr 23 17:41:46 2026] DELETE /v2.0/security-groups/c67a9c33-e1fb-4761-b91f-42498fd6e537 => generated 0 bytes in 338 msecs (HTTP/1.1 204) 2 headers in 112 bytes (1 switches on core 0)
2026-04-23 17:41:46.767 8 WARNING neutron.scheduler.dhcp_agent_scheduler [None req-8d654505-c247-46ba-99a1-831e8dd83c0f 2b2f8d9e91c74d6697cb21401b5d301b c88ff587800c45a59aff3867ac6cbf1a - - default default] No more DHCP agents
2026-04-23 17:41:46.768 8 WARNING neutron.api.rpc.agentnotifiers.dhcp_rpc_agent_api [None req-8d654505-c247-46ba-99a1-831e8dd83c0f 2b2f8d9e91c74d6697cb21401b5d301b c88ff587800c45a59aff3867ac6cbf1a - - default default] Unable to schedule network 5f7f1663-da84-4094-be84-9436bb8968ee: no agents available; will retry on subsequent port and subnet creation events.
2026-04-23 17:41:46.818 8 INFO neutron.db.ovn_revision_numbers_db [None req-8d654505-c247-46ba-99a1-831e8dd83c0f 2b2f8d9e91c74d6697cb21401b5d301b c88ff587800c45a59aff3867ac6cbf1a - - default default] Successfully bumped revision number for resource 6f14bfc4-4ff3-47d0-bd68-ce65916e5aaf (type: subnets) to 0 [pid: 8|app: 0|req: 1264/2319] 10.0.0.44 () {34 vars in 668 bytes} [Thu Apr 23 17:41:46 2026] POST /v2.0/subnets => generated 729 bytes in 302 msecs (HTTP/1.1 201) 4 headers in 162 bytes (1 switches on core 0) [pid: 7|app: 0|req: 1056/2320] 10.0.0.44 () {32 vars in 773 bytes} [Thu Apr 23 17:41:46 2026] GET /v2.0/security-groups?tenant_id=b2fdc206e2164d8f9024e85e951c32e2&name=default => generated 2925 bytes in 31 msecs (HTTP/1.1 200) 4 headers in 158 bytes (1 switches on core 0) [pid: 7|app: 0|req: 1057/2321] 10.0.0.44 () {32 vars in 739 bytes} [Thu Apr 23 17:41:46 2026] DELETE /v2.0/security-groups/fafa4f48-a5ba-452c-ac34-5d4a7fa992ce => generated 0 bytes in 333 msecs (HTTP/1.1 204) 2 headers in 112 bytes (1 switches on core 0)
2026-04-23 17:41:47.311 8 WARNING neutron.scheduler.dhcp_agent_scheduler [None req-5db0084b-5b4c-4282-a2aa-307a4e699d4b 2b2f8d9e91c74d6697cb21401b5d301b c88ff587800c45a59aff3867ac6cbf1a - - default default] No more DHCP agents
2026-04-23 17:41:47.313 8 WARNING neutron.api.rpc.agentnotifiers.dhcp_rpc_agent_api [None req-5db0084b-5b4c-4282-a2aa-307a4e699d4b 2b2f8d9e91c74d6697cb21401b5d301b c88ff587800c45a59aff3867ac6cbf1a - - default default] Unable to schedule network dce147b0-d7f9-4945-9e4f-960be2aa7456: no agents available; will retry on subsequent port and subnet creation events. [pid: 7|app: 0|req: 1058/2322] 10.0.0.3 () {34 vars in 988 bytes} [Thu Apr 23 17:41:47 2026] GET /v2.0/ports?device_id=79d9987f-8d79-4e89-b873-0367f17b0009 => generated 1209 bytes in 32 msecs (HTTP/1.1 200) 4 headers in 158 bytes (1 switches on core 0) [pid: 7|app: 0|req: 1059/2323] 10.0.0.3 () {34 vars in 1038 bytes} [Thu Apr 23 17:41:47 2026] GET /v2.0/security-groups?id=1037b4ff-8cfd-4a28-b8e8-6c7ea21605d0&fields=id&fields=name => generated 113 bytes in 65 msecs (HTTP/1.1 200) 4 headers in 157 bytes (1 switches on core 0)
2026-04-23 17:41:47.493 7 INFO neutron.plugins.ml2.drivers.ovn.mech_driver.mech_driver [None req-6072cffc-71ec-48c5-a5af-6de24a4269f2 - - - - - -] OVN reports status down for port: 02c1f541-8c50-4734-9411-2049c55c8e4b
2026-04-23 17:41:47.547 8 INFO neutron.db.ovn_revision_numbers_db [None req-5db0084b-5b4c-4282-a2aa-307a4e699d4b 2b2f8d9e91c74d6697cb21401b5d301b c88ff587800c45a59aff3867ac6cbf1a - - default default] Successfully bumped revision number for resource 02c1f541-8c50-4734-9411-2049c55c8e4b (type: ports) to 1 [pid: 7|app: 0|req: 1060/2324] 10.0.0.112 () {34 vars in 990 bytes} [Thu Apr 23 17:41:48 2026] GET /v2.0/ports?device_id=79d9987f-8d79-4e89-b873-0367f17b0009 => generated 971 bytes in 84 msecs (HTTP/1.1 200) 4 headers in 157 bytes (1 switches on core 0) [pid: 7|app: 0|req: 1061/2325] 10.0.0.112 () {34 vars in 1040 bytes} [Thu Apr 23 17:41:48 2026] GET /v2.0/security-groups?id=1037b4ff-8cfd-4a28-b8e8-6c7ea21605d0&fields=id&fields=name => generated 113 bytes in 29 msecs (HTTP/1.1 200) 4 headers in 157 bytes (1 switches on core 0)
2026-04-23 17:41:48.621 8 INFO neutron.plugins.ml2.drivers.ovn.mech_driver.ovsdb.commands [-] Schedule LRP lrp-02c1f541-8c50-4734-9411-2049c55c8e4b on gateway b4ba03b9-b7d1-4abd-9a63-df69428a4bc7 with priority 1
2026-04-23 17:41:48.748 7 INFO neutron.plugins.ml2.drivers.ovn.mech_driver.mech_driver [None req-6072cffc-71ec-48c5-a5af-6de24a4269f2 - - - - - -] OVN reports status up for port: 02c1f541-8c50-4734-9411-2049c55c8e4b
2026-04-23 17:41:48.754 7 INFO neutron.plugins.ml2.drivers.ovn.mech_driver.ovsdb.ovsdb_monitor [None req-d4cbe95a-34a2-4cf9-b5bf-31bda22c58ac - - - - - -] Router 5dd33b7e-095e-40e7-9730-e1cb69bfd20e is bound to host instance
2026-04-23 17:41:48.769 8 INFO neutron.db.ovn_revision_numbers_db [None req-5db0084b-5b4c-4282-a2aa-307a4e699d4b 2b2f8d9e91c74d6697cb21401b5d301b c88ff587800c45a59aff3867ac6cbf1a - - default default] Successfully bumped revision number for resource 02c1f541-8c50-4734-9411-2049c55c8e4b (type: router_ports) to 1
2026-04-23 17:41:48.794 7 INFO neutron.plugins.ml2.plugin [None req-6072cffc-71ec-48c5-a5af-6de24a4269f2 - - - - - -] Attempt 1 to provision port 02c1f541-8c50-4734-9411-2049c55c8e4b
2026-04-23 17:41:48.843 8 INFO neutron.db.ovn_revision_numbers_db [None req-5db0084b-5b4c-4282-a2aa-307a4e699d4b 2b2f8d9e91c74d6697cb21401b5d301b c88ff587800c45a59aff3867ac6cbf1a - - default default] Successfully bumped revision number for resource 5dd33b7e-095e-40e7-9730-e1cb69bfd20e (type: routers) to 2 [pid: 8|app: 0|req: 1265/2326] 10.0.0.44 () {34 vars in 668 bytes} [Thu Apr 23 17:41:46 2026] POST /v2.0/routers => generated 944 bytes in 2020 msecs (HTTP/1.1 201) 4 headers in 162 bytes (1 switches on core 0) [pid: 8|app: 0|req: 1266/2327] 10.0.0.112 () {34 vars in 990 bytes} [Thu Apr 23 17:41:49 2026] GET /v2.0/ports?device_id=79d9987f-8d79-4e89-b873-0367f17b0009 => generated 971 bytes in 92 msecs (HTTP/1.1 200) 4 headers in 157 bytes (1 switches on core 0) [pid: 8|app: 0|req: 1267/2328] 10.0.0.112 () {34 vars in 1040 bytes} [Thu Apr 23 17:41:49 2026] GET /v2.0/security-groups?id=1037b4ff-8cfd-4a28-b8e8-6c7ea21605d0&fields=id&fields=name => generated 113 bytes in 33 msecs (HTTP/1.1 200) 4 headers in 157 bytes (1 switches on core 0)
2026-04-23 17:41:49.880 7 WARNING neutron.scheduler.dhcp_agent_scheduler [None req-83721603-77d5-4800-968a-d948c01ef976 2b2f8d9e91c74d6697cb21401b5d301b c88ff587800c45a59aff3867ac6cbf1a - - default default] No more DHCP agents
2026-04-23 17:41:49.883 7 WARNING neutron.api.rpc.agentnotifiers.dhcp_rpc_agent_api [None req-83721603-77d5-4800-968a-d948c01ef976 2b2f8d9e91c74d6697cb21401b5d301b c88ff587800c45a59aff3867ac6cbf1a - - default default] Unable to schedule network b03dc7a4-5ea5-4b48-ac7e-c5443ec93f68: no agents available; will retry on subsequent port and subnet creation events.
2026-04-23 17:41:50.176 7 INFO neutron.db.ovn_revision_numbers_db [None req-83721603-77d5-4800-968a-d948c01ef976 2b2f8d9e91c74d6697cb21401b5d301b c88ff587800c45a59aff3867ac6cbf1a - - default default] Successfully bumped revision number for resource 44ec9133-8bf2-419f-aca7-4d65c20a6c1c (type: ports) to 1
2026-04-23 17:41:50.435 7 INFO neutron.db.ovn_revision_numbers_db [None req-9fca36a9-a8a3-424d-ad46-811d8dc36a33 - - - - - -] Successfully bumped revision number for resource 02c1f541-8c50-4734-9411-2049c55c8e4b (type: ports) to 4 [pid: 8|app: 0|req: 1268/2329] 199.19.213.196 () {34 vars in 994 bytes} [Thu Apr 23 17:41:50 2026] GET /v2.0/ports?device_id=79d9987f-8d79-4e89-b873-0367f17b0009 => generated 971 bytes in 38 msecs (HTTP/1.1 200) 4 headers in 157 bytes (1 switches on core 0)
2026-04-23 17:41:50.860 8 INFO neutron_taas.services.taas.taas_plugin [req-de7f3f3e-438b-4ecb-a228-8d37562f7e9f req-16ea00bd-ebc1-4f91-9e05-23709320d8ba 46cadf2c2ed14c4e91e0eedc7b6f9ce5 013c9ba893f544b6a786000cdc451053 - - default default] TaaS: Handle Delete Port: b2b6387d-d61a-4756-97be-e7742720d5e1
2026-04-23 17:41:50.863 8 INFO neutron_taas.services.taas.tap_mirror_plugin [req-de7f3f3e-438b-4ecb-a228-8d37562f7e9f req-16ea00bd-ebc1-4f91-9e05-23709320d8ba 46cadf2c2ed14c4e91e0eedc7b6f9ce5 013c9ba893f544b6a786000cdc451053 - - default default] Tap Mirror: Handle Delete Port: b2b6387d-d61a-4756-97be-e7742720d5e1
2026-04-23 17:41:51.047 8 INFO neutron.db.l3_db [req-de7f3f3e-438b-4ecb-a228-8d37562f7e9f req-16ea00bd-ebc1-4f91-9e05-23709320d8ba 46cadf2c2ed14c4e91e0eedc7b6f9ce5 013c9ba893f544b6a786000cdc451053 - - default default] Floating IP e67b6eda-c527-4b99-863c-0c9c6c5f7fb6 disassociated. External IP: 10.96.250.204, port: b2b6387d-d61a-4756-97be-e7742720d5e1. [pid: 8|app: 0|req: 1269/2330] 199.19.213.196 () {36 vars in 997 bytes} [Thu Apr 23 17:41:50 2026] DELETE /v2.0/ports/b2b6387d-d61a-4756-97be-e7742720d5e1 => generated 0 bytes in 471 msecs (HTTP/1.1 204) 3 headers in 131 bytes (1 switches on core 0) [pid: 8|app: 0|req: 1270/2331] 10.0.0.112 () {34 vars in 990 bytes} [Thu Apr 23 17:41:51 2026] GET /v2.0/ports?device_id=79d9987f-8d79-4e89-b873-0367f17b0009 => generated 12 bytes in 20 msecs (HTTP/1.1 200) 4 headers in 156 bytes (1 switches on core 0)
2026-04-23 17:41:51.241 7 INFO neutron.db.ovn_revision_numbers_db [None req-9fca36a9-a8a3-424d-ad46-811d8dc36a33 - - - - - -] Successfully bumped revision number for resource 02c1f541-8c50-4734-9411-2049c55c8e4b (type: ports) to 5
2026-04-23 17:41:51.243 8 INFO neutron.notifiers.nova [-] Nova event matching ['req-6d964034-f723-4ba3-9461-cab13a888f50'] response: {'server_uuid': '79d9987f-8d79-4e89-b873-0367f17b0009', 'name': 'network-vif-deleted', 'tag': 'b2b6387d-d61a-4756-97be-e7742720d5e1', 'status': 'completed', 'code': 200}
2026-04-23 17:41:51.297 7 INFO neutron.plugins.ml2.drivers.ovn.mech_driver.mech_driver [None req-6072cffc-71ec-48c5-a5af-6de24a4269f2 - - - - - -] OVN reports status down for port: b2b6387d-d61a-4756-97be-e7742720d5e1
2026-04-23 17:41:51.345 7 INFO neutron.plugins.ml2.drivers.ovn.mech_driver.mech_driver [None req-6072cffc-71ec-48c5-a5af-6de24a4269f2 - - - - - -] OVN reports status down for port: 44ec9133-8bf2-419f-aca7-4d65c20a6c1c
2026-04-23 17:41:51.592 7 WARNING neutron.plugins.ml2.drivers.ovn.mech_driver.ovsdb.ovn_client [None req-6072cffc-71ec-48c5-a5af-6de24a4269f2 - - - - - -] Logical_Switch_Port %s host information not removed, the port state is up
2026-04-23 17:41:51.601 8 INFO neutron.db.ovn_revision_numbers_db [None req-9bf404f4-0d65-405e-b06c-caa170db20de 344e3188846d4edd8479832cf3bc0c83 6c55c95aaaab4403a8be15cf48ecb287 - - default default] Successfully bumped revision number for resource 7e7349b1-8b73-464a-85ee-42318b8e96e2 (type: security_groups) to 1
2026-04-23 17:41:51.614 8 INFO neutron.db.ovn_revision_numbers_db [None req-9bf404f4-0d65-405e-b06c-caa170db20de 344e3188846d4edd8479832cf3bc0c83 6c55c95aaaab4403a8be15cf48ecb287 - - default default] Successfully bumped revision number for resource 316c854a-7e90-407b-8fe4-935bf4b72b45 (type: security_group_rules) to 0
2026-04-23 17:41:51.627 8 INFO neutron.db.ovn_revision_numbers_db [None req-9bf404f4-0d65-405e-b06c-caa170db20de 344e3188846d4edd8479832cf3bc0c83 6c55c95aaaab4403a8be15cf48ecb287 - - default default] Successfully bumped revision number for resource 74f96366-300b-4432-91ad-e60c9c729224 (type: security_group_rules) to 0
2026-04-23 17:41:51.629 7 INFO neutron.plugins.ml2.drivers.ovn.mech_driver.mech_driver [None req-6072cffc-71ec-48c5-a5af-6de24a4269f2 - - - - - -] OVN reports status up for port: 44ec9133-8bf2-419f-aca7-4d65c20a6c1c
2026-04-23 17:41:51.643 8 INFO neutron.db.ovn_revision_numbers_db [None req-9bf404f4-0d65-405e-b06c-caa170db20de 344e3188846d4edd8479832cf3bc0c83 6c55c95aaaab4403a8be15cf48ecb287 - - default default] Successfully bumped revision number for resource 907c799c-350e-4911-b585-72ddc1cf1155 (type: security_group_rules) to 0
2026-04-23 17:41:51.651 7 INFO neutron.plugins.ml2.plugin [None req-6072cffc-71ec-48c5-a5af-6de24a4269f2 - - - - - -] Attempt 1 to provision port 44ec9133-8bf2-419f-aca7-4d65c20a6c1c
2026-04-23 17:41:51.654 8 INFO neutron.db.ovn_revision_numbers_db [None req-9bf404f4-0d65-405e-b06c-caa170db20de 344e3188846d4edd8479832cf3bc0c83 6c55c95aaaab4403a8be15cf48ecb287 - - default default] Successfully bumped revision number for resource 9209ebf8-6b9a-4287-8d73-7239705d4bcb (type: security_group_rules) to 0
2026-04-23 17:41:51.733 7 WARNING neutron.scheduler.dhcp_agent_scheduler [None req-83721603-77d5-4800-968a-d948c01ef976 2b2f8d9e91c74d6697cb21401b5d301b c88ff587800c45a59aff3867ac6cbf1a - - default default] No more DHCP agents
2026-04-23 17:41:51.734 8 INFO neutron.db.segments_db [None req-9bf404f4-0d65-405e-b06c-caa170db20de 344e3188846d4edd8479832cf3bc0c83 6c55c95aaaab4403a8be15cf48ecb287 - - default default] Added segment b3b47cc8-5574-4c1d-a128-f85869e58838 of type geneve for network 9fa97825-5c3a-4e74-997c-69a87f71b3f0
2026-04-23 17:41:51.743 7 WARNING neutron.api.rpc.agentnotifiers.dhcp_rpc_agent_api [None req-83721603-77d5-4800-968a-d948c01ef976 2b2f8d9e91c74d6697cb21401b5d301b c88ff587800c45a59aff3867ac6cbf1a - - default default] Unable to schedule network b03dc7a4-5ea5-4b48-ac7e-c5443ec93f68: no agents available; will retry on subsequent port and subnet creation events.
2026-04-23 17:41:51.864 8 INFO neutron.db.ovn_revision_numbers_db [None req-9bf404f4-0d65-405e-b06c-caa170db20de 344e3188846d4edd8479832cf3bc0c83 6c55c95aaaab4403a8be15cf48ecb287 - - default default] Successfully bumped revision number for resource 9fa97825-5c3a-4e74-997c-69a87f71b3f0 (type: networks) to 1
2026-04-23 17:41:52.015 8 WARNING neutron.scheduler.dhcp_agent_scheduler [None req-9bf404f4-0d65-405e-b06c-caa170db20de 344e3188846d4edd8479832cf3bc0c83 6c55c95aaaab4403a8be15cf48ecb287 - - default default] No more DHCP agents
2026-04-23 17:41:52.017 8 WARNING neutron.api.rpc.agentnotifiers.dhcp_rpc_agent_api [None req-9bf404f4-0d65-405e-b06c-caa170db20de 344e3188846d4edd8479832cf3bc0c83 6c55c95aaaab4403a8be15cf48ecb287 - - default default] Unable to schedule network 9fa97825-5c3a-4e74-997c-69a87f71b3f0: no agents available; will retry on subsequent port and subnet creation events.
2026-04-23 17:41:52.135 8 INFO neutron.db.ovn_revision_numbers_db [None req-9bf404f4-0d65-405e-b06c-caa170db20de 344e3188846d4edd8479832cf3bc0c83 6c55c95aaaab4403a8be15cf48ecb287 - - default default] Successfully bumped revision number for resource b3e93d3e-f9dd-47e8-96c4-931db95e381b (type: ports) to 1 [pid: 8|app: 0|req: 1271/2332] 10.0.0.44 () {34 vars in 669 bytes} [Thu Apr 23 17:41:51 2026] POST /v2.0/networks => generated 651 bytes in 935 msecs (HTTP/1.1 201) 4 headers in 162 bytes (1 switches on core 0)
2026-04-23 17:41:52.396 8 WARNING neutron.scheduler.dhcp_agent_scheduler [None req-8d2ca670-81b2-4168-9ed2-423cb13cbd6b 344e3188846d4edd8479832cf3bc0c83 6c55c95aaaab4403a8be15cf48ecb287 - - default default] No more DHCP agents
2026-04-23 17:41:52.397 8 WARNING neutron.api.rpc.agentnotifiers.dhcp_rpc_agent_api [None req-8d2ca670-81b2-4168-9ed2-423cb13cbd6b 344e3188846d4edd8479832cf3bc0c83 6c55c95aaaab4403a8be15cf48ecb287 - - default default] Unable to schedule network 9fa97825-5c3a-4e74-997c-69a87f71b3f0: no agents available; will retry on subsequent port and subnet creation events.
2026-04-23 17:41:52.496 7 INFO neutron.db.ovn_revision_numbers_db [None req-6072cffc-71ec-48c5-a5af-6de24a4269f2 - - - - - -] Successfully bumped revision number for resource 44ec9133-8bf2-419f-aca7-4d65c20a6c1c (type: ports) to 2
2026-04-23 17:41:52.652 8 INFO neutron.db.ovn_revision_numbers_db [None req-8d2ca670-81b2-4168-9ed2-423cb13cbd6b 344e3188846d4edd8479832cf3bc0c83 6c55c95aaaab4403a8be15cf48ecb287 - - default default] Successfully bumped revision number for resource 74babb4a-3801-4750-b50b-963ab015340b (type: ports) to 1 [pid: 8|app: 0|req: 1272/2333] 10.0.0.44 () {34 vars in 663 bytes} [Thu Apr 23 17:41:52 2026] POST /v2.0/ports => generated 743 bytes in 547 msecs (HTTP/1.1 201) 4 headers in 162 bytes (1 switches on core 0) /var/lib/openstack/lib/python3.12/site-packages/pycadf/identifier.py:70: UserWarning: Invalid uuid: neutron. To ensure interoperability, identifiers should be a valid uuid. warnings.warn(('Invalid uuid: %s. To ensure interoperability, ' [pid: 8|app: 0|req: 1273/2334] 10.0.0.112 () {34 vars in 990 bytes} [Thu Apr 23 17:41:52 2026] GET /v2.0/ports?device_id=79d9987f-8d79-4e89-b873-0367f17b0009 => generated 12 bytes in 19 msecs (HTTP/1.1 200) 4 headers in 156 bytes (1 switches on core 0)
2026-04-23 17:41:52.764 7 INFO neutron.db.ovn_revision_numbers_db [None req-83721603-77d5-4800-968a-d948c01ef976 2b2f8d9e91c74d6697cb21401b5d301b c88ff587800c45a59aff3867ac6cbf1a - - default default] Successfully bumped revision number for resource 44ec9133-8bf2-419f-aca7-4d65c20a6c1c (type: router_ports) to 1 [pid: 7|app: 0|req: 1062/2335] 10.0.0.44 () {34 vars in 782 bytes} [Thu Apr 23 17:41:48 2026] PUT /v2.0/routers/5dd33b7e-095e-40e7-9730-e1cb69bfd20e/add_router_interface => generated 309 bytes in 3905 msecs (HTTP/1.1 200) 4 headers in 157 bytes (1 switches on core 0) /var/lib/openstack/lib/python3.12/site-packages/pycadf/identifier.py:70: UserWarning: Invalid uuid: neutron. To ensure interoperability, identifiers should be a valid uuid. warnings.warn(('Invalid uuid: %s. To ensure interoperability, '
2026-04-23 17:41:52.814 8 INFO neutron.db.segments_db [None req-141a276e-8f04-4929-915a-94143ba41ce4 344e3188846d4edd8479832cf3bc0c83 6c55c95aaaab4403a8be15cf48ecb287 - - default default] Added segment 6fea2604-661b-4791-a8b4-3432166aa12b of type geneve for network ffb4f29a-8e25-46ef-b3a2-218295716c80
2026-04-23 17:41:52.936 8 INFO neutron.db.ovn_revision_numbers_db [None req-141a276e-8f04-4929-915a-94143ba41ce4 344e3188846d4edd8479832cf3bc0c83 6c55c95aaaab4403a8be15cf48ecb287 - - default default] Successfully bumped revision number for resource ffb4f29a-8e25-46ef-b3a2-218295716c80 (type: networks) to 1
2026-04-23 17:41:53.109 8 WARNING neutron.scheduler.dhcp_agent_scheduler [None req-141a276e-8f04-4929-915a-94143ba41ce4 344e3188846d4edd8479832cf3bc0c83 6c55c95aaaab4403a8be15cf48ecb287 - - default default] No more DHCP agents
2026-04-23 17:41:53.111 8 WARNING neutron.api.rpc.agentnotifiers.dhcp_rpc_agent_api [None req-141a276e-8f04-4929-915a-94143ba41ce4 344e3188846d4edd8479832cf3bc0c83 6c55c95aaaab4403a8be15cf48ecb287 - - default default] Unable to schedule network ffb4f29a-8e25-46ef-b3a2-218295716c80: no agents available; will retry on subsequent port and subnet creation events.
2026-04-23 17:41:53.218 8 INFO neutron.db.ovn_revision_numbers_db [None req-141a276e-8f04-4929-915a-94143ba41ce4 344e3188846d4edd8479832cf3bc0c83 6c55c95aaaab4403a8be15cf48ecb287 - - default default] Successfully bumped revision number for resource d9d6d2fb-82da-4ef1-bbe2-01b2894df104 (type: ports) to 1 [pid: 8|app: 0|req: 1274/2336] 10.0.0.44 () {34 vars in 669 bytes} [Thu Apr 23 17:41:52 2026] POST /v2.0/networks => generated 650 bytes in 513 msecs (HTTP/1.1 201) 4 headers in 162 bytes (1 switches on core 0)
2026-04-23 17:41:53.314 7 WARNING neutron.scheduler.dhcp_agent_scheduler [None req-3f6221b8-5df6-4181-90ca-a67c7cbe54ea 2b2f8d9e91c74d6697cb21401b5d301b c88ff587800c45a59aff3867ac6cbf1a - - default default] No more DHCP agents
2026-04-23 17:41:53.316 7 WARNING neutron.api.rpc.agentnotifiers.dhcp_rpc_agent_api [None req-3f6221b8-5df6-4181-90ca-a67c7cbe54ea 2b2f8d9e91c74d6697cb21401b5d301b c88ff587800c45a59aff3867ac6cbf1a - - default default] Unable to schedule network 08f31eff-ae10-43f3-9903-4dc21b9bedf1: no agents available; will retry on subsequent port and subnet creation events.
2026-04-23 17:41:53.483 7 INFO neutron.db.ovn_revision_numbers_db [None req-3f6221b8-5df6-4181-90ca-a67c7cbe54ea 2b2f8d9e91c74d6697cb21401b5d301b c88ff587800c45a59aff3867ac6cbf1a - - default default] Successfully bumped revision number for resource fd96851f-c608-41ce-8fd4-7523d4d7723c (type: ports) to 1
2026-04-23 17:41:53.502 8 WARNING neutron.scheduler.dhcp_agent_scheduler [None req-cfe4cdcb-d25d-40c3-b414-784f44445e5f 344e3188846d4edd8479832cf3bc0c83 6c55c95aaaab4403a8be15cf48ecb287 - - default default] No more DHCP agents
2026-04-23 17:41:53.504 8 WARNING neutron.api.rpc.agentnotifiers.dhcp_rpc_agent_api [None req-cfe4cdcb-d25d-40c3-b414-784f44445e5f 344e3188846d4edd8479832cf3bc0c83 6c55c95aaaab4403a8be15cf48ecb287 - - default default] Unable to schedule network ffb4f29a-8e25-46ef-b3a2-218295716c80: no agents available; will retry on subsequent port and subnet creation events.
2026-04-23 17:41:53.641 8 INFO neutron.db.ovn_revision_numbers_db [None req-cfe4cdcb-d25d-40c3-b414-784f44445e5f 344e3188846d4edd8479832cf3bc0c83 6c55c95aaaab4403a8be15cf48ecb287 - - default default] Successfully bumped revision number for resource 004d03a2-f418-4cbf-895b-e5663fd251f6 (type: ports) to 1 [pid: 8|app: 0|req: 1275/2337] 10.0.0.44 () {34 vars in 663 bytes} [Thu Apr 23 17:41:53 2026] POST /v2.0/ports => generated 743 bytes in 441 msecs (HTTP/1.1 201) 4 headers in 162 bytes (1 switches on core 0) /var/lib/openstack/lib/python3.12/site-packages/pycadf/identifier.py:70: UserWarning: Invalid uuid: neutron. To ensure interoperability, identifiers should be a valid uuid. warnings.warn(('Invalid uuid: %s. To ensure interoperability, '
2026-04-23 17:41:53.782 8 INFO neutron.db.segments_db [None req-1207ab64-282b-46ba-9a25-2f75fe56d463 344e3188846d4edd8479832cf3bc0c83 6c55c95aaaab4403a8be15cf48ecb287 - - default default] Added segment 1c89461d-4b04-409e-9e6a-1839c6520e10 of type geneve for network 62e0533e-b6f0-4c59-980e-6d65bc39d82f
2026-04-23 17:41:53.917 8 INFO neutron.db.ovn_revision_numbers_db [None req-1207ab64-282b-46ba-9a25-2f75fe56d463 344e3188846d4edd8479832cf3bc0c83 6c55c95aaaab4403a8be15cf48ecb287 - - default default] Successfully bumped revision number for resource 62e0533e-b6f0-4c59-980e-6d65bc39d82f (type: networks) to 1
2026-04-23 17:41:54.088 8 WARNING neutron.scheduler.dhcp_agent_scheduler [None req-1207ab64-282b-46ba-9a25-2f75fe56d463 344e3188846d4edd8479832cf3bc0c83 6c55c95aaaab4403a8be15cf48ecb287 - - default default] No more DHCP agents
2026-04-23 17:41:54.090 8 WARNING neutron.api.rpc.agentnotifiers.dhcp_rpc_agent_api [None req-1207ab64-282b-46ba-9a25-2f75fe56d463 344e3188846d4edd8479832cf3bc0c83 6c55c95aaaab4403a8be15cf48ecb287 - - default default] Unable to schedule network 62e0533e-b6f0-4c59-980e-6d65bc39d82f: no agents available; will retry on subsequent port and subnet creation events.
2026-04-23 17:41:54.196 8 INFO neutron.db.ovn_revision_numbers_db [None req-1207ab64-282b-46ba-9a25-2f75fe56d463 344e3188846d4edd8479832cf3bc0c83 6c55c95aaaab4403a8be15cf48ecb287 - - default default] Successfully bumped revision number for resource 901150ab-5451-4cf5-ae1f-269d210d48aa (type: ports) to 1 [pid: 8|app: 0|req: 1276/2338] 10.0.0.44 () {34 vars in 669 bytes} [Thu Apr 23 17:41:53 2026] POST /v2.0/networks => generated 650 bytes in 527 msecs (HTTP/1.1 201) 4 headers in 162 bytes (1 switches on core 0) [pid: 8|app: 0|req: 1277/2339] 10.0.0.112 () {34 vars in 990 bytes} [Thu Apr 23 17:41:54 2026] GET /v2.0/ports?device_id=79d9987f-8d79-4e89-b873-0367f17b0009 => generated 12 bytes in 122 msecs (HTTP/1.1 200) 4 headers in 156 bytes (1 switches on core 0)
2026-04-23 17:41:54.384 7 WARNING neutron.scheduler.dhcp_agent_scheduler [None req-3f6221b8-5df6-4181-90ca-a67c7cbe54ea 2b2f8d9e91c74d6697cb21401b5d301b c88ff587800c45a59aff3867ac6cbf1a - - default default] No more DHCP agents
2026-04-23 17:41:54.385 7 WARNING neutron.api.rpc.agentnotifiers.dhcp_rpc_agent_api [None req-3f6221b8-5df6-4181-90ca-a67c7cbe54ea 2b2f8d9e91c74d6697cb21401b5d301b c88ff587800c45a59aff3867ac6cbf1a - - default default] Unable to schedule network 08f31eff-ae10-43f3-9903-4dc21b9bedf1: no agents available; will retry on subsequent port and subnet creation events.
2026-04-23 17:41:54.580 8 WARNING neutron.scheduler.dhcp_agent_scheduler [None req-6857975a-627d-410a-91ef-1959734a032e 344e3188846d4edd8479832cf3bc0c83 6c55c95aaaab4403a8be15cf48ecb287 - - default default] No more DHCP agents
2026-04-23 17:41:54.581 8 WARNING neutron.api.rpc.agentnotifiers.dhcp_rpc_agent_api [None req-6857975a-627d-410a-91ef-1959734a032e 344e3188846d4edd8479832cf3bc0c83 6c55c95aaaab4403a8be15cf48ecb287 - - default default] Unable to schedule network 62e0533e-b6f0-4c59-980e-6d65bc39d82f: no agents available; will retry on subsequent port and subnet creation events.
2026-04-23 17:41:54.718 8 INFO neutron.db.ovn_revision_numbers_db [None req-6857975a-627d-410a-91ef-1959734a032e 344e3188846d4edd8479832cf3bc0c83 6c55c95aaaab4403a8be15cf48ecb287 - - default default] Successfully bumped revision number for resource 13db790b-60d3-4a37-8fc0-8dbf28c1ca17 (type: ports) to 1 [pid: 8|app: 0|req: 1278/2340] 10.0.0.44 () {34 vars in 663 bytes} [Thu Apr 23 17:41:54 2026] POST /v2.0/ports => generated 743 bytes in 488 msecs (HTTP/1.1 201) 4 headers in 162 bytes (1 switches on core 0) /var/lib/openstack/lib/python3.12/site-packages/pycadf/identifier.py:70: UserWarning: Invalid uuid: neutron. To ensure interoperability, identifiers should be a valid uuid. warnings.warn(('Invalid uuid: %s. To ensure interoperability, '
2026-04-23 17:41:54.855 7 INFO neutron.db.ovn_revision_numbers_db [None req-3f6221b8-5df6-4181-90ca-a67c7cbe54ea 2b2f8d9e91c74d6697cb21401b5d301b c88ff587800c45a59aff3867ac6cbf1a - - default default] Successfully bumped revision number for resource fd96851f-c608-41ce-8fd4-7523d4d7723c (type: router_ports) to 1 [pid: 7|app: 0|req: 1063/2341] 10.0.0.44 () {34 vars in 782 bytes} [Thu Apr 23 17:41:52 2026] PUT /v2.0/routers/5dd33b7e-095e-40e7-9730-e1cb69bfd20e/add_router_interface => generated 309 bytes in 2087 msecs (HTTP/1.1 200) 4 headers in 157 bytes (1 switches on core 0)
2026-04-23 17:41:54.925 8 INFO neutron.db.segments_db [None req-3101a57a-539d-42ce-ace6-6cf2822cdd0c 344e3188846d4edd8479832cf3bc0c83 6c55c95aaaab4403a8be15cf48ecb287 - - default default] Added segment 6714d56d-cf7c-40c3-9d45-974fa534a2bb of type geneve for network df8742b3-e2b1-4335-98f9-4cc7cd28dbe2
2026-04-23 17:41:55.036 8 INFO neutron.db.ovn_revision_numbers_db [None req-3101a57a-539d-42ce-ace6-6cf2822cdd0c 344e3188846d4edd8479832cf3bc0c83 6c55c95aaaab4403a8be15cf48ecb287 - - default default] Successfully bumped revision number for resource df8742b3-e2b1-4335-98f9-4cc7cd28dbe2 (type: networks) to 1
2026-04-23 17:41:55.199 8 WARNING neutron.scheduler.dhcp_agent_scheduler [None req-3101a57a-539d-42ce-ace6-6cf2822cdd0c 344e3188846d4edd8479832cf3bc0c83 6c55c95aaaab4403a8be15cf48ecb287 - - default default] No more DHCP agents
2026-04-23 17:41:55.200 8 WARNING neutron.api.rpc.agentnotifiers.dhcp_rpc_agent_api [None req-3101a57a-539d-42ce-ace6-6cf2822cdd0c 344e3188846d4edd8479832cf3bc0c83 6c55c95aaaab4403a8be15cf48ecb287 - - default default] Unable to schedule network df8742b3-e2b1-4335-98f9-4cc7cd28dbe2: no agents available; will retry on subsequent port and subnet creation events.
2026-04-23 17:41:55.320 8 INFO neutron.db.ovn_revision_numbers_db [None req-3101a57a-539d-42ce-ace6-6cf2822cdd0c 344e3188846d4edd8479832cf3bc0c83 6c55c95aaaab4403a8be15cf48ecb287 - - default default] Successfully bumped revision number for resource 99cd9108-9b06-46f6-a119-3f07f8563696 (type: ports) to 1 [pid: 8|app: 0|req: 1279/2342] 10.0.0.44 () {34 vars in 669 bytes} [Thu Apr 23 17:41:54 2026] POST /v2.0/networks => generated 651 bytes in 503 msecs (HTTP/1.1 201) 4 headers in 162 bytes (1 switches on core 0)
2026-04-23 17:41:55.453 7 WARNING neutron.scheduler.dhcp_agent_scheduler [None req-464b613e-2a17-41eb-befe-13162eaac320 2b2f8d9e91c74d6697cb21401b5d301b c88ff587800c45a59aff3867ac6cbf1a - - default default] No more DHCP agents
2026-04-23 17:41:55.455 7 WARNING neutron.api.rpc.agentnotifiers.dhcp_rpc_agent_api [None req-464b613e-2a17-41eb-befe-13162eaac320 2b2f8d9e91c74d6697cb21401b5d301b c88ff587800c45a59aff3867ac6cbf1a - - default default] Unable to schedule network 5f7f1663-da84-4094-be84-9436bb8968ee: no agents available; will retry on subsequent port and subnet creation events.
2026-04-23 17:41:55.569 8 WARNING neutron.scheduler.dhcp_agent_scheduler [None req-4008969c-4a85-4d8b-9b9f-021574f2569b 344e3188846d4edd8479832cf3bc0c83 6c55c95aaaab4403a8be15cf48ecb287 - - default default] No more DHCP agents
2026-04-23 17:41:55.576 8 WARNING neutron.api.rpc.agentnotifiers.dhcp_rpc_agent_api [None req-4008969c-4a85-4d8b-9b9f-021574f2569b 344e3188846d4edd8479832cf3bc0c83 6c55c95aaaab4403a8be15cf48ecb287 - - default default] Unable to schedule network df8742b3-e2b1-4335-98f9-4cc7cd28dbe2: no agents available; will retry on subsequent port and subnet creation events.
2026-04-23 17:41:55.678 7 INFO neutron.db.ovn_revision_numbers_db [None req-464b613e-2a17-41eb-befe-13162eaac320 2b2f8d9e91c74d6697cb21401b5d301b c88ff587800c45a59aff3867ac6cbf1a - - default default] Successfully bumped revision number for resource 5272ff08-513e-4b99-a271-3c69c05d8915 (type: ports) to 1
2026-04-23 17:41:55.726 8 INFO neutron.db.ovn_revision_numbers_db [None req-4008969c-4a85-4d8b-9b9f-021574f2569b 344e3188846d4edd8479832cf3bc0c83 6c55c95aaaab4403a8be15cf48ecb287 - - default default] Successfully bumped revision number for resource 2127de8e-8b5f-4c84-8ce4-3028797e2777 (type: ports) to 1 [pid: 8|app: 0|req: 1280/2343] 10.0.0.44 () {34 vars in 663 bytes} [Thu Apr 23 17:41:55 2026] POST /v2.0/ports => generated 743 bytes in 429 msecs (HTTP/1.1 201) 4 headers in 162 bytes (1 switches on core 0) /var/lib/openstack/lib/python3.12/site-packages/pycadf/identifier.py:70: UserWarning: Invalid uuid: neutron. To ensure interoperability, identifiers should be a valid uuid. warnings.warn(('Invalid uuid: %s. To ensure interoperability, ' [pid: 8|app: 0|req: 1281/2344] 10.0.0.44 () {32 vars in 739 bytes} [Thu Apr 23 17:41:55 2026] DELETE /v2.0/security-groups/1037b4ff-8cfd-4a28-b8e8-6c7ea21605d0 => generated 0 bytes in 240 msecs (HTTP/1.1 204) 2 headers in 112 bytes (1 switches on core 0)
2026-04-23 17:41:56.102 8 INFO neutron.db.segments_db [None req-599d9eb6-723b-4ba4-8c58-d802532c75de 344e3188846d4edd8479832cf3bc0c83 6c55c95aaaab4403a8be15cf48ecb287 - - default default] Added segment b9422584-9c9d-482e-9ccc-ed4a118cf0e3 of type geneve for network 27cdc336-f71c-4aff-a77c-41034d358942
2026-04-23 17:41:56.227 8 INFO neutron.db.ovn_revision_numbers_db [None req-599d9eb6-723b-4ba4-8c58-d802532c75de 344e3188846d4edd8479832cf3bc0c83 6c55c95aaaab4403a8be15cf48ecb287 - - default default] Successfully bumped revision number for resource 27cdc336-f71c-4aff-a77c-41034d358942 (type: networks) to 1
2026-04-23 17:41:56.408 8 WARNING neutron.scheduler.dhcp_agent_scheduler [None req-599d9eb6-723b-4ba4-8c58-d802532c75de 344e3188846d4edd8479832cf3bc0c83 6c55c95aaaab4403a8be15cf48ecb287 - - default default] No more DHCP agents
2026-04-23 17:41:56.409 8 WARNING neutron.api.rpc.agentnotifiers.dhcp_rpc_agent_api [None req-599d9eb6-723b-4ba4-8c58-d802532c75de 344e3188846d4edd8479832cf3bc0c83 6c55c95aaaab4403a8be15cf48ecb287 - - default default] Unable to schedule network 27cdc336-f71c-4aff-a77c-41034d358942: no agents available; will retry on subsequent port and subnet creation events.
2026-04-23 17:41:56.521 8 INFO neutron.db.ovn_revision_numbers_db [None req-599d9eb6-723b-4ba4-8c58-d802532c75de 344e3188846d4edd8479832cf3bc0c83 6c55c95aaaab4403a8be15cf48ecb287 - - default default] Successfully bumped revision number for resource 680472c0-908f-40d5-83de-20b2eb863af1 (type: ports) to 1 [pid: 8|app: 0|req: 1282/2345] 10.0.0.44 () {34 vars in 669 bytes} [Thu Apr 23 17:41:56 2026] POST /v2.0/networks => generated 650 bytes in 542 msecs (HTTP/1.1 201) 4 headers in 162 bytes (1 switches on core 0)
2026-04-23 17:41:56.708 7 WARNING neutron.scheduler.dhcp_agent_scheduler [None req-464b613e-2a17-41eb-befe-13162eaac320 2b2f8d9e91c74d6697cb21401b5d301b c88ff587800c45a59aff3867ac6cbf1a - - default default] No more DHCP agents
2026-04-23 17:41:56.710 7 WARNING neutron.api.rpc.agentnotifiers.dhcp_rpc_agent_api [None req-464b613e-2a17-41eb-befe-13162eaac320 2b2f8d9e91c74d6697cb21401b5d301b c88ff587800c45a59aff3867ac6cbf1a - - default default] Unable to schedule network 5f7f1663-da84-4094-be84-9436bb8968ee: no agents available; will retry on subsequent port and subnet creation events.
2026-04-23 17:41:56.739 8 INFO neutron_taas.services.taas.taas_plugin [None req-02ce65fe-8913-4b16-ac98-1135580d0f9f 46cadf2c2ed14c4e91e0eedc7b6f9ce5 013c9ba893f544b6a786000cdc451053 - - default default] TaaS: Handle Delete Port: c37a3670-a43d-484d-9369-788a960a336b
